2024-12-11 22:49:27.363 66063 INFO tempest.lib.common.rest_client [req-36f82a9b-9009-43de-8e43-9464a8291d2d req-36f82a9b-9009-43de-8e43-9464a8291d2d ] Request (ImagesTestJSON:test_create_image_from_suspended_server): 200 GET http://10.180.1.21/compute/v2.1/servers/2a41be15-efaf-4e78-a278-2711cb11e98f 1.784s
2024-12-11 22:49:27.381 66057 INFO tempest.lib.common.rest_client [req-24e26c77-d555-43ee-aaaf-92a2519d0931 req-24e26c77-d555-43ee-aaaf-92a2519d0931 ] Request (VolumesTestJSON:setUpClass): 200 GET http://10.180.1.21/volume/v3/volumes/64a138dc-7ba7-495c-b19f-f2bc4ef5ad1c 0.037s
2024-12-11 22:49:27.389 66057 INFO tempest.common.waiters [-] volume 64a138dc-7ba7-495c-b19f-f2bc4ef5ad1c reached available after waiting for 1.389354 seconds
2024-12-11 22:49:27.420 66077 INFO tempest.lib.common.rest_client [req-8343a6ad-f232-4c4c-bd9a-ec474f4279f0 req-8343a6ad-f232-4c4c-bd9a-ec474f4279f0 ] Request (ServersTestJSON:setUpClass): 200 GET http://10.180.1.21/compute/v2.1/servers/d4230edc-cfda-4b9f-ab42-2f39c699ff03 1.719s
2024-12-11 22:49:27.479 66081 INFO tempest.lib.common.rest_client [req-b698a861-bc8e-4458-9926-daab122741d1 req-b698a861-bc8e-4458-9926-daab122741d1 ] Request (MigrationsAdminTest:test_list_migrations_in_flavor_resize_situation): 200 GET http://10.180.1.21/compute/v2.1/servers/aa4906f1-e801-4df0-819e-8c5fb5930fb5 1.748s
2024-12-11 22:49:27.530 66095 INFO tempest.lib.common.rest_client [req-e679f549-92fe-42cf-8b9b-e44cbff7518b req-e679f549-92fe-42cf-8b9b-e44cbff7518b ] Request (InstanceActionsTestJSON:tearDownClass): 200 GET http://10.180.1.21/compute/v2.1/servers/b334cb41-5ddf-4545-8e2a-97c4d1de7cbf 1.699s
2024-12-11 22:49:27.561 66083 INFO tempest.lib.common.rest_client [req-be0ad298-c8c6-4d52-93ca-75345fde9429 req-be0ad298-c8c6-4d52-93ca-75345fde9429 ] Request (ServersNegativeTestMultiTenantJSON:setUpClass): 200 GET http://10.180.1.21/compute/v2.1/servers/3e7d0ba8-1c7c-4e23-a30a-506e9e26cb41 1.525s
2024-12-11 22:49:27.626 66101 INFO tempest.lib.common.rest_client [req-0fdffca6-2a73-46a0-b1e3-7d050ef4c4d6 req-0fdffca6-2a73-46a0-b1e3-7d050ef4c4d6 ] Request (TenantUsagesTestJSON:tearDownClass): 200 GET http://10.180.1.21/compute/v2.1/servers/e98120b4-7916-4ce4-88ef-0c904852bb1f 1.524s
2024-12-11 22:49:27.669 66106 INFO tempest.lib.common.rest_client [req-0bc2b475-eef3-44a2-99c9-64a2fb98ff0b req-0bc2b475-eef3-44a2-99c9-64a2fb98ff0b ] Request (InstanceActionsV221TestJSON:test_get_list_deleted_instance_actions): 200 GET http://10.180.1.21/compute/v2.1/servers/e0e25ddd-3692-480f-bfa0-212741c0d882 1.502s
2024-12-11 22:49:27.696 66049 INFO tempest.lib.common.rest_client [req-9489ff0a-44b5-4c65-ab36-ee433e4b0583 req-9489ff0a-44b5-4c65-ab36-ee433e4b0583 ] Request (DeleteServersAdminTestJSON:test_delete_server_while_in_error_state): 200 GET http://10.180.1.21/compute/v2.1/servers/ef41dd29-1270-4071-9e89-20132131de2d 1.118s
2024-12-11 22:49:27.696 66073 INFO tempest.lib.common.rest_client [req-fa604d1a-ed6c-4734-b71c-479880209d61 req-fa604d1a-ed6c-4734-b71c-479880209d61 ] Request (AggregatesAdminNegativeTestJSON:_run_cleanups): 200 DELETE http://10.180.1.21/compute/v2.1/os-aggregates/8 1.080s
2024-12-11 22:49:27.774 66099 INFO tempest.lib.common.rest_client [req-28a9e90a-c33c-489a-9164-5dc0136fe806 req-28a9e90a-c33c-489a-9164-5dc0136fe806 ] Request (ServersAdmin275Test:test_rebuild_update_server_275): 200 GET http://10.180.1.21/compute/v2.1/servers/e81c03f7-9c0e-46bd-9641-aced82038eca 1.094s
2024-12-11 22:49:27.776 66075 INFO tempest.lib.common.rest_client [req-e4012d76-1c55-48b9-9d63-699b6d0344af req-e4012d76-1c55-48b9-9d63-699b6d0344af ] Request (ServerActionsTestOtherA:setUpClass): 200 GET http://10.180.1.21/compute/v2.1/servers/006c9f0b-4b53-4740-9f67-ec9b19b8bcb2 1.014s
2024-12-11 22:49:27.828 66073 INFO tempest.lib.common.rest_client [req-b6a63db0-a8ad-43dd-a530-9f180cbd0582 req-b6a63db0-a8ad-43dd-a530-9f180cbd0582 ] Request (AggregatesAdminNegativeTestJSON:tearDownClass): 204 DELETE http://10.180.1.21/identity/v3/users/b7706320e396474c9f2c7527c8b8173d 0.130s
2024-12-11 22:49:27.865 66059 INFO tempest.lib.common.rest_client [req-5320b54f-e8ec-46b0-8232-5f2502ff473c req-5320b54f-e8ec-46b0-8232-5f2502ff473c ] Request (ServerMetadataTestJSON:setUpClass): 200 GET http://10.180.1.21/compute/v2.1/servers/91ce0ab3-4fa4-4992-995a-0baeec91d9d0 1.029s
2024-12-11 22:49:27.865 66069 INFO tempest.lib.common.rest_client [req-640e34a7-5af9-48d8-aea3-d631eb699fb8 req-640e34a7-5af9-48d8-aea3-d631eb699fb8 ] Request (FloatingIPsAssociationNegativeTestJSON:setUpClass): 200 GET http://10.180.1.21/compute/v2.1/servers/7c058337-1684-4553-8e96-dd2cd1814a15 1.065s
2024-12-11 22:49:27.902 66045 INFO tempest.lib.common.rest_client [req-366ddf49-7ef0-4910-ba0d-12221c857a4e req-366ddf49-7ef0-4910-ba0d-12221c857a4e ] Request (SecurityGroupsNegativeTestJSON:test_security_group_get_nonexistent_group): 404 GET http://10.180.1.21/compute/v2.1/os-security-groups/890b5e5b-a03c-414e-a17e-2677fc14bb2c 0.973s
2024-12-11 22:49:27.912 66067 INFO tempest.lib.common.rest_client [req-f352ab99-5de6-4496-8eed-3a67477fc336 req-f352ab99-5de6-4496-8eed-3a67477fc336 ] Request (FloatingIPDetailsNegativeTestJSON:setUpClass): 200 PUT http://10.180.1.21:9696/networking/v2.0/routers/d9edfcb8-2534-4b54-bac0-5a29e042ed4d/add_router_interface 0.906s
2024-12-11 22:49:27.912 66067 INFO tempest.lib.common.dynamic_creds [-] Created isolated network resources for: credentials: Credentials: {'domain_id': 'default', 'domain_name': 'Default', 'username': 'tempest-FloatingIPDetailsNegativeTestJSON-839842433-project-member', 'project_domain_id': 'default', 'project_domain_name': 'Default', 'project_id': '5ac1e84561774433a446a3fc48c84ef0', 'project_name': 'tempest-FloatingIPDetailsNegativeTestJSON-839842433', 'tenant_id': '5ac1e84561774433a446a3fc48c84ef0', 'tenant_name': 'tempest-FloatingIPDetailsNegativeTestJSON-839842433', 'user_domain_id': 'default', 'user_domain_name': 'Default', 'user_id': 'cfa775578e884c4db302608846fc7f67', 'system': None}, Network: {'id': '1bac6db6-3b1f-4d6e-aa01-31ce81878474', 'name': 'tempest-FloatingIPDetailsNegativeTestJSON-1610866501-network', 'tenant_id': '5ac1e84561774433a446a3fc48c84ef0', 'admin_state_up': True, 'mtu': 8950, 'status': 'ACTIVE', 'subnets': [], 'shared': False, 'project_id': '5ac1e84561774433a446a3fc48c84ef0', 'port_security_enabled': True, 'router:external': False, 'provider:network_type': 'vlan', 'provider:physical_network': 'default', 'provider:segmentation_id': 987, 'availability_zone_hints': [], 'availability_zones': [], 'ipv4_address_scope': None, 'ipv6_address_scope': None, 'description': '', 'tags': [], 'created_at': '2024-12-11T22:49:25Z', 'updated_at': '2024-12-11T22:49:25Z', 'revision_number': 1}, Subnet: {'id': 'd31fc816-957d-4ba1-bf1e-b9236e4f6ca3', 'name': 'tempest-FloatingIPDetailsNegativeTestJSON-1610866501-subnet', 'tenant_id': '5ac1e84561774433a446a3fc48c84ef0', 'network_id': '1bac6db6-3b1f-4d6e-aa01-31ce81878474', 'ip_version': 4, 'subnetpool_id': None, 'enable_dhcp': True, 'ipv6_ra_mode': None, 'ipv6_address_mode': None, 'gateway_ip': '192.168.128.1', 'cidr': '192.168.128.0/28', 'allocation_pools': [{'start': '192.168.128.2', 'end': '192.168.128.14'}], 'host_routes': [], 'dns_nameservers': [], 'description': '', 'router:external': False, 'service_types': [], 'tags': [], 'created_at': '2024-12-11T22:49:25Z', 'updated_at': '2024-12-11T22:49:25Z', 'revision_number': 0, 'project_id': '5ac1e84561774433a446a3fc48c84ef0'}, Router: {'id': 'd9edfcb8-2534-4b54-bac0-5a29e042ed4d', 'name': 'tempest-FloatingIPDetailsNegativeTestJSON-1610866501-router', 'tenant_id': '5ac1e84561774433a446a3fc48c84ef0', 'admin_state_up': True, 'status': 'ACTIVE', 'external_gateway_info': {'network_id': '499ec31e-1a0b-4661-b792-e4d37da37cf4', 'external_fixed_ips': [{'subnet_id': 'e35129c9-4c2b-4253-b287-2a2896c2a093', 'ip_address': '10.180.180.174'}], 'enable_snat': True}, 'description': '', 'availability_zones': [], 'distributed': False, 'ha': False, 'availability_zone_hints': [], 'routes': [], 'flavor_id': None, 'tags': [], 'created_at': '2024-12-11T22:49:26Z', 'updated_at': '2024-12-11T22:49:26Z', 'revision_number': 2, 'project_id': '5ac1e84561774433a446a3fc48c84ef0'}
2024-12-11 22:49:27.933 66093 INFO tempest.lib.common.rest_client [req-92d36e08-b277-4868-9314-c7db9b40d884 req-92d36e08-b277-4868-9314-c7db9b40d884 ] Request (FlavorsAdminTestJSON:test_is_public_string_variations): 200 GET http://10.180.1.21/compute/v2.1/flavors/detail?is_public=1 0.985s
2024-12-11 22:49:27.936 66071 INFO tempest.lib.common.rest_client [req-bd6a7e75-7407-43bd-ba55-fc9a97391a13 req-bd6a7e75-7407-43bd-ba55-fc9a97391a13 ] Request (ServerTagsTestJSON:setUpClass): 200 GET http://10.180.1.21/compute/v2.1/servers/4374c102-a6fe-45ef-ad49-a1295f96899a 1.017s
2024-12-11 22:49:27.951 66071 INFO tempest.common.waiters [-] State transition "BUILD/scheduling" ==> "BUILD/None" after 16 second wait
2024-12-11 22:49:27.951 66073 INFO tempest.lib.common.rest_client [req-2b6ae4b2-51a0-4644-8b59-9b3912086a88 req-2b6ae4b2-51a0-4644-8b59-9b3912086a88 ] Request (AggregatesAdminNegativeTestJSON:tearDownClass): 204 DELETE http://10.180.1.21/identity/v3/users/c132634669ff4a3db3bb672c50c131f2 0.122s
2024-12-11 22:49:27.951 66073 INFO tempest.lib.common.dynamic_creds [-] Deleting project and security group for project: 2a06238bcb454f529a9c3a9ea9d741da
2024-12-11 22:49:28.014 66067 INFO tempest.lib.common.rest_client [req-643693cf-256e-45f5-bdd2-e42aeddec6fa req-643693cf-256e-45f5-bdd2-e42aeddec6fa ] Request (FloatingIPDetailsNegativeTestJSON:setUpClass): 201 POST http://10.180.1.21/identity/v3/auth/tokens 0.098s
2024-12-11 22:49:28.018 66073 INFO tempest.lib.common.rest_client [req-d6ff501e-3fd0-4360-81d9-d9204413adf6 req-d6ff501e-3fd0-4360-81d9-d9204413adf6 ] Request (AggregatesAdminNegativeTestJSON:tearDownClass): 201 POST http://10.180.1.21/identity/v3/auth/tokens 0.066s
2024-12-11 22:49:28.021 66055 INFO tempest.lib.common.rest_client [req-699a80d9-1554-4f76-91f5-f14f9a9f8729 req-699a80d9-1554-4f76-91f5-f14f9a9f8729 ] Request (ServerRescueTestJSONUnderV235:setUpClass): 200 GET http://10.180.1.21/compute/v2.1/servers/d16bebd1-a144-4d73-8eb6-8ab12a08fe69 0.888s
2024-12-11 22:49:28.215 66079 INFO tempest.lib.common.rest_client [req-1b04063d-9339-42cc-a5cf-57eb5cb1df51 req-1b04063d-9339-42cc-a5cf-57eb5cb1df51 ] Request (ServersWithSpecificFlavorTestJSON:test_verify_created_server_ephemeral_disk): 200 GET http://10.180.1.21/compute/v2.1/servers/fb231b38-950e-4c86-bfe5-4c10a304910f 1.193s
2024-12-11 22:49:28.224 66079 INFO tempest.common.waiters [-] State transition "BUILD/spawning" ==> "ACTIVE/None" after 34 second wait
2024-12-11 22:49:28.265 66103 INFO tempest.lib.common.rest_client [req-8827e480-c2a4-4a4c-a003-2f77e0175d9c req-8827e480-c2a4-4a4c-a003-2f77e0175d9c ] Request (ServersAdminNegativeTestJSON:setUpClass): 200 GET http://10.180.1.21/compute/v2.1/servers/4ee81568-ad9a-4ded-b6fe-15503d85968e 1.105s
2024-12-11 22:49:28.319 66053 INFO tempest.lib.common.rest_client [req-5f540d1f-344b-4d29-8a1c-b77901e4e978 req-5f540d1f-344b-4d29-8a1c-b77901e4e978 ] Request (ServersTestMultiNic:test_verify_duplicate_network_nics): 200 GET http://10.180.1.21/compute/v2.1/servers/6be4f813-7171-4515-a728-5cf34665205a 1.114s
2024-12-11 22:49:28.527 66085 INFO tempest.lib.common.rest_client [req-3ce8b27e-e077-400c-8eaf-e9f021c506e3 req-3ce8b27e-e077-400c-8eaf-e9f021c506e3 ] Request (QuotasAdminTestJSON:test_get_updated_quotas): 200 PUT http://10.180.1.21/compute/v2.1/os-quota-sets/7f7b537c70594683af94dd3a6b89fe7b 1.285s
2024-12-11 22:49:28.585 66057 INFO tempest.lib.common.rest_client [req-40a94024-0706-40c3-8cca-8c9d307b0fae req-40a94024-0706-40c3-8cca-8c9d307b0fae ] Request (VolumesTestJSON:setUpClass): 200 GET http://10.180.1.21/compute/v2.1/os-volumes/64a138dc-7ba7-495c-b19f-f2bc4ef5ad1c 1.195s
2024-12-11 22:49:28.737 66057 INFO tempest.lib.common.rest_client [req-460a928f-8e39-4b4f-bf3d-e72d34e1ab17 req-460a928f-8e39-4b4f-bf3d-e72d34e1ab17 ] Request (VolumesTestJSON:setUpClass): 202 POST http://10.180.1.21/volume/v3/volumes 0.150s
2024-12-11 22:49:28.739 66073 INFO tempest.lib.common.rest_client [req-7cdb2407-fbd9-4641-84d0-288600618110 req-7cdb2407-fbd9-4641-84d0-288600618110 ] Request (AggregatesAdminNegativeTestJSON:tearDownClass): 200 GET http://10.180.1.21:9696/networking/v2.0/security-groups?tenant_id=2a06238bcb454f529a9c3a9ea9d741da&name=default 0.721s
2024-12-11 22:49:28.769 66057 INFO tempest.lib.common.rest_client [req-f4800070-7675-4cb7-82c0-3408185deea8 req-f4800070-7675-4cb7-82c0-3408185deea8 ] Request (VolumesTestJSON:setUpClass): 200 GET http://10.180.1.21/volume/v3/volumes/3c215f38-fe23-4ae9-9350-01521cdf423d 0.027s
2024-12-11 22:49:28.837 66043 INFO tempest.lib.common.rest_client [req-fb43649a-126c-40cc-ad9c-04281af35924 req-fb43649a-126c-40cc-ad9c-04281af35924 ] Request (ServerAddressesTestJSON:setUpClass): 200 GET http://10.180.1.21/compute/v2.1/servers/f46de981-1f04-4baf-874c-de1b95d16f9d 1.407s
2024-12-11 22:49:28.838 66073 INFO tempest.lib.common.rest_client [req-1a048005-f3f2-4efc-8c9b-c95092a5ab83 req-1a048005-f3f2-4efc-8c9b-c95092a5ab83 ] Request (AggregatesAdminNegativeTestJSON:tearDownClass): 204 DELETE http://10.180.1.21:9696/networking/v2.0/security-groups/1a84b6d6-2702-456c-a9d8-fb94e77681b8 0.098s
2024-12-11 22:49:28.932 66091 INFO tempest.lib.common.rest_client [req-7b5fd3ea-8c01-47b9-b9ac-ceada0d19c8b req-7b5fd3ea-8c01-47b9-b9ac-ceada0d19c8b ] Request (ImagesNegativeTestJSON:test_create_image_from_deleted_server): 200 GET http://10.180.1.21/compute/v2.1/servers/28a8485c-fc0d-4fd0-8be9-37c49caf89b8 1.116s
2024-12-11 22:49:28.933 66073 INFO tempest.lib.common.rest_client [req-705df10b-5999-4959-b96f-c365f66c7224 req-705df10b-5999-4959-b96f-c365f66c7224 ] Request (AggregatesAdminNegativeTestJSON:tearDownClass): 204 DELETE http://10.180.1.21/identity/v3/projects/2a06238bcb454f529a9c3a9ea9d741da 0.095s
2024-12-11 22:49:28.933 66073 INFO tempest.lib.common.dynamic_creds [-] Deleting project and security group for project: c71b073f10944d76967579804b2f3761
2024-12-11 22:49:28.964 66045 INFO tempest.lib.common.rest_client [req-aa2fb93e-1ef8-4d42-9982-81591139fe85 req-aa2fb93e-1ef8-4d42-9982-81591139fe85 ] Request (SecurityGroupsNegativeTestJSON:test_update_non_existent_security_group): 404 PUT http://10.180.1.21/compute/v2.1/os-security-groups/22976f43-aa56-47ac-b24c-ae50097ff6e5 1.057s
2024-12-11 22:49:28.997 66093 INFO tempest.lib.common.rest_client [req-83756e49-43f7-466c-ae8d-9b20225560aa req-83756e49-43f7-466c-ae8d-9b20225560aa ] Request (FlavorsAdminTestJSON:_run_cleanups): 202 DELETE http://10.180.1.21/compute/v2.1/flavors/425945598 1.057s
2024-12-11 22:49:29.088 66073 INFO tempest.lib.common.rest_client [req-2916d2d2-1a7e-493f-842d-b195bbb7b972 req-2916d2d2-1a7e-493f-842d-b195bbb7b972 ] Request (AggregatesAdminNegativeTestJSON:tearDownClass): 200 GET http://10.180.1.21:9696/networking/v2.0/security-groups?tenant_id=c71b073f10944d76967579804b2f3761&name=default 0.155s
2024-12-11 22:49:29.179 66067 INFO tempest.lib.common.rest_client [req-dd58888b-989d-4f79-b9ef-140ad74440e3 req-dd58888b-989d-4f79-b9ef-140ad74440e3 ] Request (FloatingIPDetailsNegativeTestJSON:test_get_nonexistent_floating_ip_details): 404 GET http://10.180.1.21/compute/v2.1/os-floating-ips/0ac8d097-41c2-48a5-807f-31b7c0fb31fd 1.164s
2024-12-11 22:49:29.256 66087 INFO tempest.lib.common.rest_client [req-3e80d7f8-b859-418e-ad99-bf41c8cd8de7 req-3e80d7f8-b859-418e-ad99-bf41c8cd8de7 ] Request (ListImageFiltersTestJSON:setUpClass): 200 GET http://10.180.1.21/compute/v2.1/servers/80363e16-5dd2-42ad-9ead-25b121d62211 1.097s
2024-12-11 22:49:29.364 66073 INFO tempest.lib.common.rest_client [req-ded1a643-7a6e-4281-b14b-e1e0a7ad8428 req-ded1a643-7a6e-4281-b14b-e1e0a7ad8428 ] Request (AggregatesAdminNegativeTestJSON:tearDownClass): 204 DELETE http://10.180.1.21:9696/networking/v2.0/security-groups/d8637ef1-35ec-488a-9bfb-53b0844a1df9 0.275s
2024-12-11 22:49:29.436 66079 INFO tempest.lib.common.rest_client [req-9de1b2a6-50e3-42d2-9fa3-1217c9769526 req-9de1b2a6-50e3-42d2-9fa3-1217c9769526 ] Request (ServersWithSpecificFlavorTestJSON:test_verify_created_server_ephemeral_disk): 200 GET http://10.180.1.21/compute/v2.1/servers/fb231b38-950e-4c86-bfe5-4c10a304910f/os-interface 1.211s
2024-12-11 22:49:29.481 66073 INFO tempest.lib.common.rest_client [req-c1d3ba2a-a16e-4913-92cf-1c91bc41973d req-c1d3ba2a-a16e-4913-92cf-1c91bc41973d ] Request (AggregatesAdminNegativeTestJSON:tearDownClass): 204 DELETE http://10.180.1.21/identity/v3/projects/c71b073f10944d76967579804b2f3761 0.117s
2024-12-11 22:49:29.524 66089 INFO tempest.lib.common.rest_client [req-1345d03f-258a-4786-8999-eb277a39a0b5 req-1345d03f-258a-4786-8999-eb277a39a0b5 ] Request (ServersAdminTestJSON:test_create_server_with_scheduling_hint): 200 GET http://10.180.1.21/compute/v2.1/servers/b6aae13f-0711-4421-9d55-de7ece3e4b89 1.295s
2024-12-11 22:49:29.561 66098 INFO tempest.lib.common.rest_client [req-59eb254b-116b-4ddc-b829-8298505df27c req-59eb254b-116b-4ddc-b829-8298505df27c ] Request (ServerDiagnosticsTest:tearDownClass): 404 GET http://10.180.1.21/compute/v2.1/servers/4f08d36b-f26e-499e-a4be-d8cbb481a44d 1.248s
2024-12-11 22:49:29.575 66073 INFO tempest.lib.common.rest_client [req-ddad4350-f92d-4972-830c-05ab6b1ce7ac req-ddad4350-f92d-4972-830c-05ab6b1ce7ac ] Request (NetworksTest:setUpClass): 201 POST http://10.180.1.21/identity/v3/auth/tokens 0.092s
2024-12-11 22:49:29.614 66073 INFO tempest.lib.common.rest_client [req-4553692c-4030-4c18-aa6a-9621ba09e262 req-4553692c-4030-4c18-aa6a-9621ba09e262 ] Request (NetworksTest:setUpClass): 201 POST http://10.180.1.21/identity/v3/auth/tokens 0.035s
2024-12-11 22:49:29.640 66073 INFO tempest.lib.common.rest_client [req-8ea4b11a-d412-4c74-afc6-31c83afc012a req-8ea4b11a-d412-4c74-afc6-31c83afc012a ] Request (NetworksTest:setUpClass): 200 GET http://10.180.1.21/identity/v3/domains?name=Default 0.026s
2024-12-11 22:49:29.674 66073 INFO tempest.lib.common.rest_client [req-522fa4fe-cb77-4910-8556-589b2bd89ace req-522fa4fe-cb77-4910-8556-589b2bd89ace ] Request (NetworksTest:setUpClass): 201 POST http://10.180.1.21/identity/v3/projects 0.033s
2024-12-11 22:49:29.687 66098 INFO tempest.lib.common.rest_client [req-39a248bd-a667-439d-afbd-d858d0936f86 req-39a248bd-a667-439d-afbd-d858d0936f86 ] Request (ServerDiagnosticsTest:tearDownClass): 204 DELETE http://10.180.1.21/identity/v3/users/df31406089874239be6496bc324a77a2 0.126s
2024-12-11 22:49:29.806 66073 INFO tempest.lib.common.rest_client [req-dc63b45e-bb57-4b02-90b8-3d06d9be90f9 req-dc63b45e-bb57-4b02-90b8-3d06d9be90f9 ] Request (NetworksTest:setUpClass): 201 POST http://10.180.1.21/identity/v3/users 0.131s
2024-12-11 22:49:29.811 66098 INFO tempest.lib.common.rest_client [req-7bc885ca-f83f-4a5e-bcfc-1d7d816e13fd req-7bc885ca-f83f-4a5e-bcfc-1d7d816e13fd ] Request (ServerDiagnosticsTest:tearDownClass): 204 DELETE http://10.180.1.21/identity/v3/users/044e11abc9ac4e86a1b53ebc7b8effc4 0.123s
2024-12-11 22:49:29.811 66098 INFO tempest.lib.common.dynamic_creds [-] Deleting project and security group for project: 4797964dae0547608a979967b802c24f
2024-12-11 22:49:29.813 66057 INFO tempest.lib.common.rest_client [req-a7a0f735-70cf-46ab-818b-268740569e9d req-a7a0f735-70cf-46ab-818b-268740569e9d ] Request (VolumesTestJSON:setUpClass): 200 GET http://10.180.1.21/volume/v3/volumes/3c215f38-fe23-4ae9-9350-01521cdf423d 0.037s
2024-12-11 22:49:29.819 66057 INFO tempest.common.waiters [-] volume 3c215f38-fe23-4ae9-9350-01521cdf423d reached available after waiting for 1.819128 seconds
2024-12-11 22:49:29.878 66098 INFO tempest.lib.common.rest_client [req-f71145a0-e38e-4e23-9390-43c4043563fc req-f71145a0-e38e-4e23-9390-43c4043563fc ] Request (ServerDiagnosticsTest:tearDownClass): 201 POST http://10.180.1.21/identity/v3/auth/tokens 0.067s
2024-12-11 22:49:29.889 66073 INFO tempest.lib.common.rest_client [req-7f244493-d0b3-4026-90c8-2e20a6907a05 req-7f244493-d0b3-4026-90c8-2e20a6907a05 ] Request (NetworksTest:setUpClass): 200 GET http://10.180.1.21/identity/v3/roles 0.082s
2024-12-11 22:49:29.935 66051 INFO tempest.lib.common.rest_client [req-f5d55511-57bc-4cad-8b36-db726fc1750f req-f5d55511-57bc-4cad-8b36-db726fc1750f ] Request (ListServersNegativeTestJSON:setUpClass): 200 GET http://10.180.1.21/compute/v2.1/servers/312aed5b-a66e-4428-ac1b-483dc2b38291 1.572s
2024-12-11 22:49:29.935 66073 INFO tempest.lib.common.rest_client [req-427a52ec-5204-49af-9ab0-f07835df6770 req-427a52ec-5204-49af-9ab0-f07835df6770 ] Request (NetworksTest:setUpClass): 204 PUT http://10.180.1.21/identity/v3/projects/da7ba2fe21214de1b28a1ed2f22bfb7c/users/03437eb0533d4c22adf95ca2125e8b72/roles/f1bf89fa845b48ffb07ec916e33e24b1 0.046s
2024-12-11 22:49:29.936 66073 INFO tempest.lib.common.dynamic_creds [-] Dynamic test user 03437eb0533d4c22adf95ca2125e8b72 is created with scope project and roles: ['member']
2024-12-11 22:49:29.936 66073 INFO tempest.lib.common.dynamic_creds [-] Acquired dynamic creds: credentials: Credentials: {'domain_id': 'default', 'domain_name': 'Default', 'username': 'tempest-NetworksTest-1120815130-project-member', 'project_domain_id': 'default', 'project_domain_name': 'Default', 'project_id': 'da7ba2fe21214de1b28a1ed2f22bfb7c', 'project_name': 'tempest-NetworksTest-1120815130', 'tenant_id': 'da7ba2fe21214de1b28a1ed2f22bfb7c', 'tenant_name': 'tempest-NetworksTest-1120815130', 'user_domain_id': 'default', 'user_domain_name': 'Default', 'user_id': '03437eb0533d4c22adf95ca2125e8b72', 'system': None}, Network: None, Subnet: None, Router: None
2024-12-11 22:49:29.936 66073 INFO tempest.lib.common.dynamic_creds [-] Created isolated network resources for: credentials: Credentials: {'domain_id': 'default', 'domain_name': 'Default', 'username': 'tempest-NetworksTest-1120815130-project-member', 'project_domain_id': 'default', 'project_domain_name': 'Default', 'project_id': 'da7ba2fe21214de1b28a1ed2f22bfb7c', 'project_name': 'tempest-NetworksTest-1120815130', 'tenant_id': 'da7ba2fe21214de1b28a1ed2f22bfb7c', 'tenant_name': 'tempest-NetworksTest-1120815130', 'user_domain_id': 'default', 'user_domain_name': 'Default', 'user_id': '03437eb0533d4c22adf95ca2125e8b72', 'system': None}, Network: None, Subnet: None, Router: None
2024-12-11 22:49:30.025 66073 INFO tempest.lib.common.rest_client [req-6ba851db-0e67-4042-8cac-d504d0a2eec8 req-6ba851db-0e67-4042-8cac-d504d0a2eec8 ] Request (NetworksTest:setUpClass): 201 POST http://10.180.1.21/identity/v3/auth/tokens 0.085s
2024-12-11 22:49:30.030 66063 INFO tempest.lib.common.rest_client [req-707e21f9-9776-49f1-b831-e6ee6f196eac req-707e21f9-9776-49f1-b831-e6ee6f196eac ] Request (ImagesTestJSON:test_create_image_from_suspended_server): 200 GET http://10.180.1.21/compute/v2.1/servers/2a41be15-efaf-4e78-a278-2711cb11e98f 1.656s
2024-12-11 22:49:30.057 66073 INFO tempest.lib.common.rest_client [req-44923d4d-e352-4cda-ac25-c8b878894ff6 req-44923d4d-e352-4cda-ac25-c8b878894ff6 ] Request (NetworksTest:setUpClass): 201 POST http://10.180.1.21/identity/v3/projects 0.031s
2024-12-11 22:49:30.118 66061 INFO tempest.lib.common.rest_client [req-7a3d5be6-6749-4768-83fb-7aab63e686a4 req-7a3d5be6-6749-4768-83fb-7aab63e686a4 ] Request (FloatingIPDetailsTestJSON:setUpClass): 200 POST http://10.180.1.21/compute/v2.1/os-floating-ips 2.880s
2024-12-11 22:49:30.124 66077 INFO tempest.lib.common.rest_client [req-6f7bb47a-5313-4ee9-b986-862ae5ba710d req-6f7bb47a-5313-4ee9-b986-862ae5ba710d ] Request (ServersTestJSON:setUpClass): 200 GET http://10.180.1.21/compute/v2.1/servers/d4230edc-cfda-4b9f-ab42-2f39c699ff03 1.695s
2024-12-11 22:49:30.129 66098 INFO tempest.lib.common.rest_client [req-a2e0a831-a85b-43c0-a68c-46d2017ae8dd req-a2e0a831-a85b-43c0-a68c-46d2017ae8dd ] Request (ServerDiagnosticsTest:tearDownClass): 200 GET http://10.180.1.21:9696/networking/v2.0/security-groups?tenant_id=4797964dae0547608a979967b802c24f&name=default 0.250s
2024-12-11 22:49:30.132 66073 INFO tempest.lib.common.rest_client [req-2c4c1a58-e8a6-4619-8d51-f63370e7c655 req-2c4c1a58-e8a6-4619-8d51-f63370e7c655 ] Request (NetworksTest:setUpClass): 201 POST http://10.180.1.21/identity/v3/users 0.075s
2024-12-11 22:49:30.152 66073 INFO tempest.lib.common.rest_client [req-4cd21495-d146-4b87-bee7-b73112ab8f03 req-4cd21495-d146-4b87-bee7-b73112ab8f03 ] Request (NetworksTest:setUpClass): 200 GET http://10.180.1.21/identity/v3/roles 0.018s
2024-12-11 22:49:30.184 66073 INFO tempest.lib.common.rest_client [req-bfc44586-a52e-489e-9504-99e33b92aa40 req-bfc44586-a52e-489e-9504-99e33b92aa40 ] Request (NetworksTest:setUpClass): 204 PUT http://10.180.1.21/identity/v3/projects/4e670d6c66fa431e8cd789157debe179/users/1dea933ec4d943a1a6da0b53d58b0a8c/roles/8d14e827499b4beb9138229b02537fff 0.031s
2024-12-11 22:49:30.205 66065 WARNING tempest.lib.common.ssh [-] Failed to establish authenticated ssh connection to cirros@10.180.180.243 ([Errno None] Unable to connect to port 22 on 10.180.180.243). Number attempts: 2. Retry after 3 seconds.: paramiko.ssh_exception.NoValidConnectionsError: [Errno None] Unable to connect to port 22 on 10.180.180.243
2024-12-11 22:49:30.258 66073 INFO tempest.lib.common.rest_client [req-fba04fcf-4f2c-4038-8ac0-6af5508f211a req-fba04fcf-4f2c-4038-8ac0-6af5508f211a ] Request (NetworksTest:setUpClass): 200 GET http://10.180.1.21/identity/v3/roles 0.072s
2024-12-11 22:49:30.292 66073 INFO tempest.lib.common.rest_client [req-a915a6d2-ec9a-45ce-8e04-f5a74b4f5ea9 req-a915a6d2-ec9a-45ce-8e04-f5a74b4f5ea9 ] Request (NetworksTest:setUpClass): 204 PUT http://10.180.1.21/identity/v3/projects/4e670d6c66fa431e8cd789157debe179/users/1dea933ec4d943a1a6da0b53d58b0a8c/roles/8d14e827499b4beb9138229b02537fff 0.033s
2024-12-11 22:49:30.293 66073 INFO tempest.lib.common.dynamic_creds [-] Dynamic test user 1dea933ec4d943a1a6da0b53d58b0a8c is created with scope project and roles: ['admin']
2024-12-11 22:49:30.293 66073 INFO tempest.lib.common.dynamic_creds [-] Acquired dynamic creds: credentials: Credentials: {'domain_id': 'default', 'domain_name': 'Default', 'username': 'tempest-NetworksTest-1878481799-project-admin', 'project_domain_id': 'default', 'project_domain_name': 'Default', 'project_id': '4e670d6c66fa431e8cd789157debe179', 'project_name': 'tempest-NetworksTest-1878481799', 'tenant_id': '4e670d6c66fa431e8cd789157debe179', 'tenant_name': 'tempest-NetworksTest-1878481799', 'user_domain_id': 'default', 'user_domain_name': 'Default', 'user_id': '1dea933ec4d943a1a6da0b53d58b0a8c', 'system': None}, Network: None, Subnet: None, Router: None
2024-12-11 22:49:30.293 66073 INFO tempest.lib.common.dynamic_creds [-] Created isolated network resources for: credentials: Credentials: {'domain_id': 'default', 'domain_name': 'Default', 'username': 'tempest-NetworksTest-1878481799-project-admin', 'project_domain_id': 'default', 'project_domain_name': 'Default', 'project_id': '4e670d6c66fa431e8cd789157debe179', 'project_name': 'tempest-NetworksTest-1878481799', 'tenant_id': '4e670d6c66fa431e8cd789157debe179', 'tenant_name': 'tempest-NetworksTest-1878481799', 'user_domain_id': 'default', 'user_domain_name': 'Default', 'user_id': '1dea933ec4d943a1a6da0b53d58b0a8c', 'system': None}, Network: None, Subnet: None, Router: None
2024-12-11 22:49:30.328 66098 INFO tempest.lib.common.rest_client [req-95829ad8-61d5-4770-a425-d1c041920ded req-95829ad8-61d5-4770-a425-d1c041920ded ] Request (ServerDiagnosticsTest:tearDownClass): 204 DELETE http://10.180.1.21:9696/networking/v2.0/security-groups/fe8c49cd-0cfc-4086-a197-396345baf4b4 0.197s
2024-12-11 22:49:30.369 66085 INFO tempest.lib.common.rest_client [req-01517d31-3a45-4da7-9878-35faed16addc req-01517d31-3a45-4da7-9878-35faed16addc ] Request (QuotasAdminTestJSON:test_get_updated_quotas): 200 GET http://10.180.1.21/compute/v2.1/os-quota-sets/7f7b537c70594683af94dd3a6b89fe7b/detail 1.839s
2024-12-11 22:49:30.378 66081 INFO tempest.lib.common.rest_client [req-128f9974-0181-4520-a1d6-d3b23d5fd82b req-128f9974-0181-4520-a1d6-d3b23d5fd82b ] Request (MigrationsAdminTest:test_list_migrations_in_flavor_resize_situation): 200 GET http://10.180.1.21/compute/v2.1/servers/aa4906f1-e801-4df0-819e-8c5fb5930fb5 1.890s
2024-12-11 22:49:30.403 66073 INFO tempest.lib.common.rest_client [req-cbdad97c-ea51-4ceb-9ee5-a39fcf32b173 req-cbdad97c-ea51-4ceb-9ee5-a39fcf32b173 ] Request (NetworksTest:setUpClass): 201 POST http://10.180.1.21/identity/v3/auth/tokens 0.104s
2024-12-11 22:49:30.458 66083 INFO tempest.lib.common.rest_client [req-437edde3-cc66-4b3c-a381-20297bfa0895 req-437edde3-cc66-4b3c-a381-20297bfa0895 ] Request (ServersNegativeTestMultiTenantJSON:setUpClass): 200 GET http://10.180.1.21/compute/v2.1/servers/3e7d0ba8-1c7c-4e23-a30a-506e9e26cb41 1.887s
2024-12-11 22:49:30.466 66095 INFO tempest.lib.common.rest_client [req-322b2051-ae74-4d15-943b-63f53a3798ff req-322b2051-ae74-4d15-943b-63f53a3798ff ] Request (InstanceActionsTestJSON:tearDownClass): 200 GET http://10.180.1.21/compute/v2.1/servers/b334cb41-5ddf-4545-8e2a-97c4d1de7cbf 1.928s
2024-12-11 22:49:30.475 66098 INFO tempest.lib.common.rest_client [req-872ae83f-6d66-48e6-8e1e-8d8e62c93703 req-872ae83f-6d66-48e6-8e1e-8d8e62c93703 ] Request (ServerDiagnosticsTest:tearDownClass): 204 DELETE http://10.180.1.21/identity/v3/projects/4797964dae0547608a979967b802c24f 0.146s
2024-12-11 22:49:30.475 66098 INFO tempest.lib.common.dynamic_creds [-] Deleting project and security group for project: 33e4776d825946a481769f2ecd6ceaef
2024-12-11 22:49:30.494 66085 INFO tempest.lib.common.rest_client [req-ff82e756-c989-483a-8af5-fdf0512f7eff req-ff82e756-c989-483a-8af5-fdf0512f7eff ] Request (QuotasAdminTestJSON:test_get_updated_quotas): 200 GET http://10.180.1.21/identity/v3/domains?name=Default 0.115s
2024-12-11 22:49:30.573 66101 INFO tempest.lib.common.rest_client [req-3bb937a7-5a69-468c-8666-6f0de11b8d93 req-3bb937a7-5a69-468c-8666-6f0de11b8d93 ] Request (TenantUsagesTestJSON:tearDownClass): 200 GET http://10.180.1.21/compute/v2.1/servers/e98120b4-7916-4ce4-88ef-0c904852bb1f 1.938s
2024-12-11 22:49:30.581 66106 INFO tempest.lib.common.rest_client [req-037dc641-7520-4425-9e7d-4b753d707b82 req-037dc641-7520-4425-9e7d-4b753d707b82 ] Request (InstanceActionsV221TestJSON:test_get_list_deleted_instance_actions): 200 GET http://10.180.1.21/compute/v2.1/servers/e0e25ddd-3692-480f-bfa0-212741c0d882 1.901s
2024-12-11 22:49:30.586 66085 INFO tempest.lib.common.rest_client [req-c5180a8c-9f19-4f23-82d3-4d0aed715ee0 req-c5180a8c-9f19-4f23-82d3-4d0aed715ee0 ] Request (QuotasAdminTestJSON:test_get_updated_quotas): 201 POST http://10.180.1.21/identity/v3/users 0.091s
2024-12-11 22:49:30.617 66085 INFO tempest.lib.common.rest_client [req-1bf40b6e-1299-43af-84fc-526c6badb7a7 req-1bf40b6e-1299-43af-84fc-526c6badb7a7 ] Request (QuotasAdminTestJSON:test_get_updated_quotas): 200 GET http://10.180.1.21/identity/v3/domains?name=Default 0.031s
2024-12-11 22:49:30.672 66049 INFO tempest.lib.common.rest_client [req-ce3ed722-4726-4ab8-b19c-0b8b74be234e req-ce3ed722-4726-4ab8-b19c-0b8b74be234e ] Request (DeleteServersAdminTestJSON:test_delete_server_while_in_error_state): 200 GET http://10.180.1.21/compute/v2.1/servers/ef41dd29-1270-4071-9e89-20132131de2d 1.967s
2024-12-11 22:49:30.676 66075 INFO tempest.lib.common.rest_client [req-6032fd34-c3d0-4901-8d70-38ea3a39a1db req-6032fd34-c3d0-4901-8d70-38ea3a39a1db ] Request (ServerActionsTestOtherA:setUpClass): 200 GET http://10.180.1.21/compute/v2.1/servers/006c9f0b-4b53-4740-9f67-ec9b19b8bcb2 1.892s
2024-12-11 22:49:30.691 66045 INFO tempest.lib.common.rest_client [req-e522d4dc-54b0-4f07-a72d-8924747fc059 req-e522d4dc-54b0-4f07-a72d-8924747fc059 ] Request (SecurityGroupsNegativeTestJSON:tearDownClass): 200 PUT http://10.180.1.21:9696/networking/v2.0/routers/d59df669-76c5-400c-9c41-1005da19236c/remove_router_interface 1.712s
2024-12-11 22:49:30.721 66098 INFO tempest.lib.common.rest_client [req-970e2c46-1519-4888-b9d3-e3449a65dd36 req-970e2c46-1519-4888-b9d3-e3449a65dd36 ] Request (ServerDiagnosticsTest:tearDownClass): 200 GET http://10.180.1.21:9696/networking/v2.0/security-groups?tenant_id=33e4776d825946a481769f2ecd6ceaef&name=default 0.246s
2024-12-11 22:49:30.776 66069 INFO tempest.lib.common.rest_client [req-be91f4ab-553d-46ec-9de6-62c6c325da1d req-be91f4ab-553d-46ec-9de6-62c6c325da1d ] Request (FloatingIPsAssociationNegativeTestJSON:setUpClass): 200 GET http://10.180.1.21/compute/v2.1/servers/7c058337-1684-4553-8e96-dd2cd1814a15 1.902s
2024-12-11 22:49:30.782 66099 INFO tempest.lib.common.rest_client [req-a3c1cdda-f157-452e-a0bc-552f1980861b req-a3c1cdda-f157-452e-a0bc-552f1980861b ] Request (ServersAdmin275Test:test_rebuild_update_server_275): 200 GET http://10.180.1.21/compute/v2.1/servers/e81c03f7-9c0e-46bd-9641-aced82038eca 1.992s
2024-12-11 22:49:30.837 66079 INFO tempest.lib.common.rest_client [req-4a90e3d4-d053-47ea-a79c-31f671d940c3 req-4a90e3d4-d053-47ea-a79c-31f671d940c3 ] Request (ServersWithSpecificFlavorTestJSON:test_verify_created_server_ephemeral_disk): 200 PUT http://10.180.1.21:9696/networking/v2.0/floatingips/2827a474-249e-4787-a5c1-a6eb2c026607 1.399s
2024-12-11 22:49:30.878 66059 INFO tempest.lib.common.rest_client [req-2e5f258e-cf30-4226-acbb-a1bbd48de795 req-2e5f258e-cf30-4226-acbb-a1bbd48de795 ] Request (ServerMetadataTestJSON:setUpClass): 200 GET http://10.180.1.21/compute/v2.1/servers/91ce0ab3-4fa4-4992-995a-0baeec91d9d0 2.001s
2024-12-11 22:49:30.886 66071 INFO tempest.lib.common.rest_client [req-16abaadb-46ff-4f4c-b630-137f83e9d53c req-16abaadb-46ff-4f4c-b630-137f83e9d53c ] Request (ServerTagsTestJSON:setUpClass): 200 GET http://10.180.1.21/compute/v2.1/servers/4374c102-a6fe-45ef-ad49-a1295f96899a 1.935s
2024-12-11 22:49:30.906 66093 INFO tempest.lib.common.rest_client [req-6562b34f-54aa-42e1-a7f8-41a65c783c51 req-6562b34f-54aa-42e1-a7f8-41a65c783c51 ] Request (FlavorsAdminTestJSON:_run_cleanups): 200 GET http://10.180.1.21/compute/v2.1/flavors/detail 1.909s
2024-12-11 22:49:30.928 66098 INFO tempest.lib.common.rest_client [req-0ef810e1-2ec8-4567-ab15-b86a59c0a756 req-0ef810e1-2ec8-4567-ab15-b86a59c0a756 ] Request (ServerDiagnosticsTest:tearDownClass): 204 DELETE http://10.180.1.21:9696/networking/v2.0/security-groups/75788841-8d03-4d45-9f93-2c520763f5da 0.206s
2024-12-11 22:49:30.950 66067 INFO tempest.lib.common.rest_client [req-f9988601-d126-45bb-96d4-67422c36ba08 req-f9988601-d126-45bb-96d4-67422c36ba08 ] Request (FloatingIPDetailsNegativeTestJSON:tearDownClass): 200 PUT http://10.180.1.21:9696/networking/v2.0/routers/d9edfcb8-2534-4b54-bac0-5a29e042ed4d/remove_router_interface 1.757s
2024-12-11 22:49:30.973 66055 INFO tempest.lib.common.rest_client [req-72ea1e3a-4d11-4145-96a6-cdb03c320222 req-72ea1e3a-4d11-4145-96a6-cdb03c320222 ] Request (ServerRescueTestJSONUnderV235:setUpClass): 200 GET http://10.180.1.21/compute/v2.1/servers/d16bebd1-a144-4d73-8eb6-8ab12a08fe69 1.943s
2024-12-11 22:49:31.054 66053 INFO tempest.lib.common.rest_client [req-bc98056d-7c42-4013-aac5-43c184e5400b req-bc98056d-7c42-4013-aac5-43c184e5400b ] Request (ServersTestMultiNic:test_verify_duplicate_network_nics): 200 GET http://10.180.1.21/compute/v2.1/servers/6be4f813-7171-4515-a728-5cf34665205a 1.727s
2024-12-11 22:49:31.097 66098 INFO tempest.lib.common.rest_client [req-026bd984-fd2b-4594-a5af-84ad6e0669b1 req-026bd984-fd2b-4594-a5af-84ad6e0669b1 ] Request (ServerDiagnosticsTest:tearDownClass): 204 DELETE http://10.180.1.21/identity/v3/projects/33e4776d825946a481769f2ecd6ceaef 0.169s
2024-12-11 22:49:31.150 66103 INFO tempest.lib.common.rest_client [req-0e39a7a8-f55a-434f-b616-49c21d58f890 req-0e39a7a8-f55a-434f-b616-49c21d58f890 ] Request (ServersAdminNegativeTestJSON:setUpClass): 200 GET http://10.180.1.21/compute/v2.1/servers/4ee81568-ad9a-4ded-b6fe-15503d85968e 1.875s
2024-12-11 22:49:31.161 66103 INFO tempest.common.waiters [-] State transition "BUILD/spawning" ==> "ACTIVE/None" after 37 second wait
2024-12-11 22:49:31.186 66098 INFO tempest.lib.common.rest_client [req-d879ab68-5cca-43af-ac3c-4c58f3670678 req-d879ab68-5cca-43af-ac3c-4c58f3670678 ] Request (SecurityGroupsTestJSON:setUpClass): 201 POST http://10.180.1.21/identity/v3/auth/tokens 0.087s
2024-12-11 22:49:31.228 66098 INFO tempest.lib.common.rest_client [req-978d4693-fd2b-46b9-96c1-802a7297c9a3 req-978d4693-fd2b-46b9-96c1-802a7297c9a3 ] Request (SecurityGroupsTestJSON:setUpClass): 201 POST http://10.180.1.21/identity/v3/auth/tokens 0.039s
2024-12-11 22:49:31.235 66057 INFO tempest.lib.common.rest_client [req-f9f3723c-7ada-4db6-9293-902211ce39de req-f9f3723c-7ada-4db6-9293-902211ce39de ] Request (VolumesTestJSON:setUpClass): 200 GET http://10.180.1.21/compute/v2.1/os-volumes/3c215f38-fe23-4ae9-9350-01521cdf423d 1.416s
2024-12-11 22:49:31.259 66098 INFO tempest.lib.common.rest_client [req-a2faf4d0-90c7-4c96-a3aa-87416b383529 req-a2faf4d0-90c7-4c96-a3aa-87416b383529 ] Request (SecurityGroupsTestJSON:setUpClass): 200 GET http://10.180.1.21/identity/v3/domains?name=Default 0.031s
2024-12-11 22:49:31.313 66098 INFO tempest.lib.common.rest_client [req-c77a76ae-72d3-41f2-b494-39263ffea814 req-c77a76ae-72d3-41f2-b494-39263ffea814 ] Request (SecurityGroupsTestJSON:setUpClass): 201 POST http://10.180.1.21/identity/v3/projects 0.053s
2024-12-11 22:49:31.378 66067 INFO tempest.lib.common.rest_client [req-b52b9d17-72bd-4324-8f24-83692a2f30d9 req-b52b9d17-72bd-4324-8f24-83692a2f30d9 ] Request (FloatingIPDetailsNegativeTestJSON:tearDownClass): 204 DELETE http://10.180.1.21:9696/networking/v2.0/routers/d9edfcb8-2534-4b54-bac0-5a29e042ed4d 0.427s
2024-12-11 22:49:31.383 66098 INFO tempest.lib.common.rest_client [req-acfe0d22-d88d-41ea-b8da-a5b551a5e363 req-acfe0d22-d88d-41ea-b8da-a5b551a5e363 ] Request (SecurityGroupsTestJSON:setUpClass): 201 POST http://10.180.1.21/identity/v3/users 0.069s
2024-12-11 22:49:31.405 66057 INFO tempest.lib.common.rest_client [req-f495b3b8-abf5-4313-aaa6-ae7f74ad35de req-f495b3b8-abf5-4313-aaa6-ae7f74ad35de ] Request (VolumesTestJSON:setUpClass): 202 POST http://10.180.1.21/volume/v3/volumes 0.167s
2024-12-11 22:49:31.423 66098 INFO tempest.lib.common.rest_client [req-3fd5edd7-5c11-4b50-b4d4-a717143497cf req-3fd5edd7-5c11-4b50-b4d4-a717143497cf ] Request (SecurityGroupsTestJSON:setUpClass): 200 GET http://10.180.1.21/identity/v3/roles 0.040s
2024-12-11 22:49:31.445 66057 INFO tempest.lib.common.rest_client [req-f9bf7d0a-c7bb-4be0-adca-baf858cd563a req-f9bf7d0a-c7bb-4be0-adca-baf858cd563a ] Request (VolumesTestJSON:setUpClass): 200 GET http://10.180.1.21/volume/v3/volumes/d96bb339-e564-4cbd-8b60-4244f30b3967 0.035s
2024-12-11 22:49:31.482 66098 INFO tempest.lib.common.rest_client [req-bad714f0-6c16-45d6-a93f-47beac0daa6c req-bad714f0-6c16-45d6-a93f-47beac0daa6c ] Request (SecurityGroupsTestJSON:setUpClass): 204 PUT http://10.180.1.21/identity/v3/projects/333f40a8350d4a4586cd2236bc63bef9/users/7de19beaddcd46718c91b9367b64981e/roles/f1bf89fa845b48ffb07ec916e33e24b1 0.057s
2024-12-11 22:49:31.482 66098 INFO tempest.lib.common.dynamic_creds [-] Dynamic test user 7de19beaddcd46718c91b9367b64981e is created with scope project and roles: ['member']
2024-12-11 22:49:31.483 66098 INFO tempest.lib.common.dynamic_creds [-] Acquired dynamic creds: credentials: Credentials: {'domain_id': 'default', 'domain_name': 'Default', 'username': 'tempest-SecurityGroupsTestJSON-1783304287-project-member', 'project_domain_id': 'default', 'project_domain_name': 'Default', 'project_id': '333f40a8350d4a4586cd2236bc63bef9', 'project_name': 'tempest-SecurityGroupsTestJSON-1783304287', 'tenant_id': '333f40a8350d4a4586cd2236bc63bef9', 'tenant_name': 'tempest-SecurityGroupsTestJSON-1783304287', 'user_domain_id': 'default', 'user_domain_name': 'Default', 'user_id': '7de19beaddcd46718c91b9367b64981e', 'system': None}, Network: None, Subnet: None, Router: None
2024-12-11 22:49:31.552 66067 INFO tempest.lib.common.rest_client [req-c5a7b123-5460-459b-8f1c-0636381cd3dc req-c5a7b123-5460-459b-8f1c-0636381cd3dc ] Request (FloatingIPDetailsNegativeTestJSON:tearDownClass): 204 DELETE http://10.180.1.21:9696/networking/v2.0/subnets/d31fc816-957d-4ba1-bf1e-b9236e4f6ca3 0.174s
2024-12-11 22:49:31.578 66098 INFO tempest.lib.common.rest_client [req-b3d4a393-433d-4061-9232-25fc51be2e2c req-b3d4a393-433d-4061-9232-25fc51be2e2c ] Request (SecurityGroupsTestJSON:setUpClass): 201 POST http://10.180.1.21/identity/v3/auth/tokens 0.095s
2024-12-11 22:49:31.634 66043 INFO tempest.lib.common.rest_client [req-36621007-b1a2-4c3f-b295-790deea3fcd6 req-36621007-b1a2-4c3f-b295-790deea3fcd6 ] Request (ServerAddressesTestJSON:setUpClass): 200 GET http://10.180.1.21/compute/v2.1/servers/f46de981-1f04-4baf-874c-de1b95d16f9d 1.787s
2024-12-11 22:49:31.658 66047 INFO tempest.lib.common.rest_client [req-3715e4d0-2aee-4345-96bc-4b823a35ac9a req-3715e4d0-2aee-4345-96bc-4b823a35ac9a ] Request (ServerDiagnosticsV248Test:test_get_server_diagnostics): 200 GET http://10.180.1.21/compute/v2.1/servers/1847c5d8-16eb-4feb-8a09-24ad6728e59c/diagnostics 2.167s
2024-12-11 22:49:31.717 66067 INFO tempest.lib.common.rest_client [req-d241e679-6b66-4f06-8017-da7e2adecea6 req-d241e679-6b66-4f06-8017-da7e2adecea6 ] Request (FloatingIPDetailsNegativeTestJSON:tearDownClass): 204 DELETE http://10.180.1.21:9696/networking/v2.0/networks/1bac6db6-3b1f-4d6e-aa01-31ce81878474 0.164s
2024-12-11 22:49:31.718 66045 INFO tempest.lib.common.rest_client [req-ce394585-8a53-48b3-87c7-43c5649776be req-ce394585-8a53-48b3-87c7-43c5649776be ] Request (SecurityGroupsNegativeTestJSON:tearDownClass): 204 DELETE http://10.180.1.21:9696/networking/v2.0/routers/d59df669-76c5-400c-9c41-1005da19236c 1.026s
2024-12-11 22:49:31.753 66091 INFO tempest.lib.common.rest_client [req-7dcc726f-4f4c-4ea9-a84b-54f5d713eea2 req-7dcc726f-4f4c-4ea9-a84b-54f5d713eea2 ] Request (ImagesNegativeTestJSON:test_create_image_from_deleted_server): 200 GET http://10.180.1.21/compute/v2.1/servers/28a8485c-fc0d-4fd0-8be9-37c49caf89b8 1.812s
2024-12-11 22:49:31.813 66067 INFO tempest.lib.common.rest_client [req-9806b201-d4ca-4ba4-a694-36fcbe471dc2 req-9806b201-d4ca-4ba4-a694-36fcbe471dc2 ] Request (FloatingIPDetailsNegativeTestJSON:tearDownClass): 204 DELETE http://10.180.1.21/identity/v3/users/cfa775578e884c4db302608846fc7f67 0.095s
2024-12-11 22:49:31.813 66067 INFO tempest.lib.common.dynamic_creds [-] Deleting project and security group for project: 5ac1e84561774433a446a3fc48c84ef0
2024-12-11 22:49:31.832 66087 INFO tempest.lib.common.rest_client [req-1bbd3d9b-59d0-44d0-8c64-02e57a6278e3 req-1bbd3d9b-59d0-44d0-8c64-02e57a6278e3 ] Request (ListImageFiltersTestJSON:setUpClass): 200 GET http://10.180.1.21/compute/v2.1/servers/80363e16-5dd2-42ad-9ead-25b121d62211 1.569s
2024-12-11 22:49:31.879 66067 INFO tempest.lib.common.rest_client [req-6bc058fa-670f-4e08-bacf-cb14af529ab0 req-6bc058fa-670f-4e08-bacf-cb14af529ab0 ] Request (FloatingIPDetailsNegativeTestJSON:tearDownClass): 200 GET http://10.180.1.21:9696/networking/v2.0/security-groups?tenant_id=5ac1e84561774433a446a3fc48c84ef0&name=default 0.065s
2024-12-11 22:49:31.928 66045 INFO tempest.lib.common.rest_client [req-6f4df903-2b50-4dd1-bc82-8b041e573eac req-6f4df903-2b50-4dd1-bc82-8b041e573eac ] Request (SecurityGroupsNegativeTestJSON:tearDownClass): 204 DELETE http://10.180.1.21:9696/networking/v2.0/subnets/8a544b70-733d-42bc-9025-a91f81ec02ca 0.210s
2024-12-11 22:49:32.014 66098 INFO tempest.lib.common.rest_client [req-5bca88e3-8d97-4568-b830-89b68e9ed596 req-5bca88e3-8d97-4568-b830-89b68e9ed596 ] Request (SecurityGroupsTestJSON:setUpClass): 201 POST http://10.180.1.21:9696/networking/v2.0/networks 0.436s
2024-12-11 22:49:32.264 66067 INFO tempest.lib.common.rest_client [req-e66116b7-0a0a-4866-bceb-024bdba6034a req-e66116b7-0a0a-4866-bceb-024bdba6034a ] Request (FloatingIPDetailsNegativeTestJSON:tearDownClass): 204 DELETE http://10.180.1.21:9696/networking/v2.0/security-groups/71236a3e-eb2b-4742-8f8e-8d86803c89af 0.385s
2024-12-11 22:49:32.332 66073 INFO tempest.lib.common.rest_client [req-89fca20d-9cba-4d0f-9368-1aae6e8f7147 req-89fca20d-9cba-4d0f-9368-1aae6e8f7147 ] Request (NetworksTest:test_get_network): 200 GET http://10.180.1.21/compute/v2.1/os-networks 1.927s
2024-12-11 22:49:32.356 66045 INFO tempest.lib.common.rest_client [req-efb00f58-4696-46ab-aa26-988cfcc1e254 req-efb00f58-4696-46ab-aa26-988cfcc1e254 ] Request (SecurityGroupsNegativeTestJSON:tearDownClass): 204 DELETE http://10.180.1.21:9696/networking/v2.0/networks/a3302d56-0c83-4d17-9ac7-b2873c96f90e 0.428s
2024-12-11 22:49:32.388 66067 INFO tempest.lib.common.rest_client [req-90de0657-7a0d-4404-8983-e33bd6f466d4 req-90de0657-7a0d-4404-8983-e33bd6f466d4 ] Request (FloatingIPDetailsNegativeTestJSON:tearDownClass): 204 DELETE http://10.180.1.21/identity/v3/projects/5ac1e84561774433a446a3fc48c84ef0 0.123s
2024-12-11 22:49:32.404 66089 INFO tempest.lib.common.rest_client [req-5f6ab421-39bd-405d-b972-15d8ded07254 req-5f6ab421-39bd-405d-b972-15d8ded07254 ] Request (ServersAdminTestJSON:test_create_server_with_scheduling_hint): 200 GET http://10.180.1.21/compute/v2.1/servers/b6aae13f-0711-4421-9d55-de7ece3e4b89 1.866s
2024-12-11 22:49:32.439 66098 INFO tempest.lib.common.rest_client [req-2353852b-d914-4534-bc53-fbd5d56a77d6 req-2353852b-d914-4534-bc53-fbd5d56a77d6 ] Request (SecurityGroupsTestJSON:setUpClass): 201 POST http://10.180.1.21:9696/networking/v2.0/subnets 0.424s
2024-12-11 22:49:32.497 66045 INFO tempest.lib.common.rest_client [req-f7719810-eb3b-4afb-8400-a96f78d49954 req-f7719810-eb3b-4afb-8400-a96f78d49954 ] Request (SecurityGroupsNegativeTestJSON:tearDownClass): 204 DELETE http://10.180.1.21/identity/v3/users/3090e851e4104580ac59c406c1308d3c 0.140s
2024-12-11 22:49:32.498 66045 INFO tempest.lib.common.dynamic_creds [-] Deleting project and security group for project: fa3c032677ad4b68b9bed8c9524010b6
2024-12-11 22:49:32.521 66057 INFO tempest.lib.common.rest_client [req-44400deb-6eb8-41c7-b7ca-b7d364a8cc72 req-44400deb-6eb8-41c7-b7ca-b7d364a8cc72 ] Request (VolumesTestJSON:setUpClass): 200 GET http://10.180.1.21/volume/v3/volumes/d96bb339-e564-4cbd-8b60-4244f30b3967 0.061s
2024-12-11 22:49:32.530 66057 INFO tempest.common.waiters [-] volume d96bb339-e564-4cbd-8b60-4244f30b3967 reached available after waiting for 1.529977 seconds
2024-12-11 22:49:32.569 66045 INFO tempest.lib.common.rest_client [req-cef7242c-6f07-494c-b21e-cfe29b9530dd req-cef7242c-6f07-494c-b21e-cfe29b9530dd ] Request (SecurityGroupsNegativeTestJSON:tearDownClass): 200 GET http://10.180.1.21:9696/networking/v2.0/security-groups?tenant_id=fa3c032677ad4b68b9bed8c9524010b6&name=default 0.071s
2024-12-11 22:49:32.729 66085 INFO tempest.lib.common.rest_client [req-e2c5c7fe-ae3b-49db-a8d7-2913bbe2ddb7 req-e2c5c7fe-ae3b-49db-a8d7-2913bbe2ddb7 ] Request (QuotasAdminTestJSON:test_get_updated_quotas): 200 PUT http://10.180.1.21/compute/v2.1/os-quota-sets/7f7b537c70594683af94dd3a6b89fe7b?user_id=d9d9ae6fa18748779e3289cdecf7cec2 2.112s
2024-12-11 22:49:32.734 66045 INFO tempest.lib.common.rest_client [req-0c1def61-9b4b-4116-bd42-ce6a54e792b3 req-0c1def61-9b4b-4116-bd42-ce6a54e792b3 ] Request (SecurityGroupsNegativeTestJSON:tearDownClass): 204 DELETE http://10.180.1.21:9696/networking/v2.0/security-groups/195abc5c-4756-45b0-8506-8d26e513beb0 0.164s
2024-12-11 22:49:32.780 66061 INFO tempest.lib.common.rest_client [req-e21bded9-21e3-4708-bfd2-0a2ca0032d51 req-e21bded9-21e3-4708-bfd2-0a2ca0032d51 ] Request (FloatingIPDetailsTestJSON:test_get_floating_ip_details): 200 POST http://10.180.1.21/compute/v2.1/os-floating-ips 2.658s
2024-12-11 22:49:32.803 66093 INFO tempest.lib.common.rest_client [req-4426ae04-1e27-4022-9a23-e1f49b982ce1 req-4426ae04-1e27-4022-9a23-e1f49b982ce1 ] Request (FlavorsAdminTestJSON:_run_cleanups): 202 DELETE http://10.180.1.21/compute/v2.1/flavors/874209456 1.889s
2024-12-11 22:49:32.864 66045 INFO tempest.lib.common.rest_client [req-bcc914e1-8f48-4ab8-a737-a8177aeb2d87 req-bcc914e1-8f48-4ab8-a737-a8177aeb2d87 ] Request (SecurityGroupsNegativeTestJSON:tearDownClass): 204 DELETE http://10.180.1.21/identity/v3/projects/fa3c032677ad4b68b9bed8c9524010b6 0.129s
2024-12-11 22:49:32.927 66045 INFO tempest.lib.common.rest_client [req-e92322b6-5185-4253-8b5f-c69338df5269 req-e92322b6-5185-4253-8b5f-c69338df5269 ] Request (ServersTestManualDisk:setUpClass): 201 POST http://10.180.1.21/identity/v3/auth/tokens 0.062s
2024-12-11 22:49:32.957 66045 INFO tempest.lib.common.rest_client [req-bbd9c0dd-e4c0-42b5-a6e3-25a4eacd2cfc req-bbd9c0dd-e4c0-42b5-a6e3-25a4eacd2cfc ] Request (ServersTestManualDisk:setUpClass): 201 POST http://10.180.1.21/identity/v3/auth/tokens 0.027s
2024-12-11 22:49:32.982 66079 INFO tempest.lib.common.rest_client [req-e86da6fb-a4e4-4d87-bcfa-267d33c473a5 req-e86da6fb-a4e4-4d87-bcfa-267d33c473a5 ] Request (ServersWithSpecificFlavorTestJSON:test_verify_created_server_ephemeral_disk): 200 GET http://10.180.1.21/compute/v2.1/servers/fb231b38-950e-4c86-bfe5-4c10a304910f 2.144s
2024-12-11 22:49:32.990 66045 INFO tempest.lib.common.rest_client [req-ec963e00-262c-4424-82aa-5fe8d591c1fa req-ec963e00-262c-4424-82aa-5fe8d591c1fa ] Request (ServersTestManualDisk:setUpClass): 200 GET http://10.180.1.21/identity/v3/domains?name=Default 0.033s
2024-12-11 22:49:32.999 66079 INFO tempest.lib.common.ssh [-] Creating ssh connection to '10.180.180.241:22' as 'cirros' with public key authentication
2024-12-11 22:49:33.015 66051 INFO tempest.lib.common.rest_client [req-e77f782f-5845-4611-863d-491cfdf4c03f req-e77f782f-5845-4611-863d-491cfdf4c03f ] Request (ListServersNegativeTestJSON:setUpClass): 200 GET http://10.180.1.21/compute/v2.1/servers/312aed5b-a66e-4428-ac1b-483dc2b38291 2.070s
2024-12-11 22:49:33.025 66045 INFO tempest.lib.common.rest_client [req-2b10a847-3d58-4e5b-805d-407bf896cd18 req-2b10a847-3d58-4e5b-805d-407bf896cd18 ] Request (ServersTestManualDisk:setUpClass): 201 POST http://10.180.1.21/identity/v3/projects 0.034s
