2024-12-11 22:50:48.687 66043 INFO tempest.lib.common.rest_client [req-a4edc833-e032-4c49-af04-5d0577d95b68 req-a4edc833-e032-4c49-af04-5d0577d95b68 ] Request (ServerGroupTestJSON:test_create_server_with_scheduler_hint_group): 200 GET http://10.180.1.21/compute/v2.1/servers/39adf15c-f77e-4737-aeeb-258887007b9a 0.070s
2024-12-11 22:50:48.747 66089 INFO tempest.lib.common.rest_client [req-af92025a-43e3-43b5-8bd2-d53685558745 req-af92025a-43e3-43b5-8bd2-d53685558745 ] Request (ServersAdminTestJSON:test_inject_network_info): 200 GET http://10.180.1.21/compute/v2.1/servers/cd8b8828-79cf-4a7c-b018-b8bd745aaa45 0.079s
2024-12-11 22:50:48.777 66103 INFO tempest.lib.common.rest_client [req-badc79be-3683-4dc0-bafd-3c3c87e51dc8 req-badc79be-3683-4dc0-bafd-3c3c87e51dc8 ] Request (ServersAdminNegativeTestJSON:test_migrate_server_invalid_state): 200 GET http://10.180.1.21/compute/v2.1/servers/94c9a119-5c04-4550-b55d-a4a2985385d3 0.176s
2024-12-11 22:50:48.785 66087 INFO tempest.lib.common.rest_client [req-c5dc6718-73ae-4b44-bde8-2962569289d2 req-c5dc6718-73ae-4b44-bde8-2962569289d2 ] Request (ListImageFiltersTestJSON:setUpClass): 200 GET http://10.180.1.21/compute/v2.1/images/6426eba5-d6e6-4449-b7b9-2ef0e724dd63 0.110s
2024-12-11 22:50:48.838 66045 INFO tempest.lib.common.rest_client [req-614d1132-2a9a-4377-9363-a3661d1e2e8a req-614d1132-2a9a-4377-9363-a3661d1e2e8a ] Request (ServersTestManualDisk:setUpClass): 200 GET http://10.180.1.21/compute/v2.1/servers/40eeb844-7423-4818-8095-81062c7e6392 0.085s
2024-12-11 22:50:48.930 66059 INFO tempest.lib.common.rest_client [req-184140e5-203a-459c-9218-ebd84ffa3a87 req-184140e5-203a-459c-9218-ebd84ffa3a87 ] Request (ServerMetadataTestJSON:tearDownClass): 200 GET http://10.180.1.21/compute/v2.1/servers/91ce0ab3-4fa4-4992-995a-0baeec91d9d0 0.126s
2024-12-11 22:50:48.965 66081 INFO tempest.lib.common.rest_client [req-3bf22d1d-9934-45af-9d7c-95cf7149a363 req-3bf22d1d-9934-45af-9d7c-95cf7149a363 ] Request (MigrationsAdminTest:test_list_migrations_in_flavor_resize_situation): 200 GET http://10.180.1.21/compute/v2.1/servers/aa4906f1-e801-4df0-819e-8c5fb5930fb5 0.171s
2024-12-11 22:50:48.989 66047 INFO tempest.lib.common.rest_client [req-3c48808f-a3b4-43df-840e-2ea841b11662 req-3c48808f-a3b4-43df-840e-2ea841b11662 ] Request (MultipleCreateTestJSON:test_multiple_create): 200 GET http://10.180.1.21/compute/v2.1/servers/78c7a111-d497-4114-b4f4-07319e6e7df2 0.149s
2024-12-11 22:50:49.022 66063 INFO tempest.lib.common.rest_client [req-3002c437-99b1-443b-b335-271216d7663e req-3002c437-99b1-443b-b335-271216d7663e ] Request (ImagesTestJSON:test_create_image_from_suspended_server): 200 GET http://10.180.1.21/compute/v2.1/images/54bf1189-d033-4bcf-8e21-ca87dc7cdba3 0.157s
2024-12-11 22:50:49.027 66095 INFO tempest.lib.common.rest_client [req-10e09ff3-1b20-4882-a0e7-0e225d589f90 req-10e09ff3-1b20-4882-a0e7-0e225d589f90 ] Request (ServersAaction247Test:test_create_backup): 200 GET http://10.180.1.21/compute/v2.1/servers/597c0f95-5798-4022-8e2e-89a700698d7a 0.175s
2024-12-11 22:50:49.093 66071 INFO tempest.lib.common.rest_client [req-acd8595b-54ee-4160-8860-ff26ef56a37f req-acd8595b-54ee-4160-8860-ff26ef56a37f ] Request (ServerTagsTestJSON:tearDownClass): 200 GET http://10.180.1.21/compute/v2.1/servers/4374c102-a6fe-45ef-ad49-a1295f96899a 0.151s
2024-12-11 22:50:49.103 66049 INFO tempest.lib.common.rest_client [req-243b7592-ffe6-41b7-9d61-a38697dcfb1b req-243b7592-ffe6-41b7-9d61-a38697dcfb1b ] Request (DeleteServersAdminTestJSON:test_delete_server_while_in_error_state): 200 GET http://10.180.1.21/compute/v2.1/servers/ef41dd29-1270-4071-9e89-20132131de2d 0.158s
2024-12-11 22:50:49.123 66055 INFO tempest.lib.common.rest_client [req-d945278c-a634-4243-bf6f-a755c4b58e75 req-d945278c-a634-4243-bf6f-a755c4b58e75 ] Request (ServerRescueTestJSONUnderV235:tearDownClass): 404 GET http://10.180.1.21/compute/v2.1/servers/d16bebd1-a144-4d73-8eb6-8ab12a08fe69 0.110s
2024-12-11 22:50:49.174 66099 INFO tempest.lib.common.rest_client [req-9abe3220-dee6-444b-9c29-7e50ab4917e8 req-9abe3220-dee6-444b-9c29-7e50ab4917e8 ] Request (ServersAdmin275Test:tearDownClass): 200 GET http://10.180.1.21/compute/v2.1/servers/e81c03f7-9c0e-46bd-9641-aced82038eca 0.162s
2024-12-11 22:50:49.192 66091 INFO tempest.lib.common.rest_client [req-0b1e55b5-2e2a-4730-b11b-0f6e33c7bf2f req-0b1e55b5-2e2a-4730-b11b-0f6e33c7bf2f ] Request (ImagesOneServerNegativeTestJSON:setUpClass): 200 GET http://10.180.1.21/compute/v2.1/servers/060427a2-e724-4c51-879e-675154ae5df2 0.126s
2024-12-11 22:50:49.269 66053 INFO tempest.lib.common.rest_client [req-2638e368-964c-45ae-9cbb-8afd4ccc77d2 req-2638e368-964c-45ae-9cbb-8afd4ccc77d2 ] Request (ServersTestMultiNic:_run_cleanups): 200 GET http://10.180.1.21/compute/v2.1/servers/6be4f813-7171-4515-a728-5cf34665205a 0.192s
2024-12-11 22:50:49.279 66101 INFO tempest.lib.common.rest_client [req-ec4e8138-acfd-45c2-8355-0993b92e656b req-ec4e8138-acfd-45c2-8355-0993b92e656b ] Request (VolumesAdminNegativeTest:test_update_attached_volume_with_nonexistent_volume_in_body): 200 GET http://10.180.1.21/compute/v2.1/servers/cef20063-96f0-46cc-9f7d-4436b60216c6 0.161s
2024-12-11 22:50:49.391 66085 INFO tempest.lib.common.rest_client [req-a6678b2b-784a-4b7d-af2b-9edea1b0708c req-a6678b2b-784a-4b7d-af2b-9edea1b0708c ] Request (ServerShowV247Test:test_update_rebuild_list_server): 200 GET http://10.180.1.21/compute/v2.1/servers/a802534f-1766-4ea9-9188-803ef197d775 0.088s
2024-12-11 22:50:49.394 66061 INFO tempest.lib.common.rest_client [req-fa82c422-5d24-4ec1-a489-b47ab31c17d5 req-fa82c422-5d24-4ec1-a489-b47ab31c17d5 ] Request (ServerDiskConfigTestJSON:test_rebuild_server_with_auto_disk_config): 200 GET http://10.180.1.21/compute/v2.1/servers/1f8c1f26-d4c9-4e06-b7a2-1b211ccc0b7c 0.081s
2024-12-11 22:50:49.484 66069 INFO tempest.lib.common.rest_client [req-05da2609-154f-4ce4-b04c-84487b81a623 req-05da2609-154f-4ce4-b04c-84487b81a623 ] Request (FloatingIPsAssociationNegativeTestJSON:tearDownClass): 200 GET http://10.180.1.21/compute/v2.1/servers/7c058337-1684-4553-8e96-dd2cd1814a15 0.131s
2024-12-11 22:50:49.561 66093 INFO tempest.lib.common.rest_client [req-7c6de4a3-18e3-4599-835b-84a87323b661 req-7c6de4a3-18e3-4599-835b-84a87323b661 ] Request (ServersTestJSON:test_create_server_specify_multibyte_character_name): 200 GET http://10.180.1.21/compute/v2.1/servers/e32cb991-a018-4b55-8cdf-378e212c8434 0.125s
2024-12-11 22:50:49.637 66106 INFO tempest.lib.common.rest_client [req-85e64f9d-d9cb-47fe-84c2-76cbe2dc2163 req-85e64f9d-d9cb-47fe-84c2-76cbe2dc2163 ] Request (ServerActionsTestOtherB:setUpClass): 200 GET http://10.180.1.21/compute/v2.1/servers/da806d3f-79f0-4188-a2d8-0beeb9dfec1a 0.146s
2024-12-11 22:50:49.723 66051 INFO tempest.lib.common.rest_client [req-0bb2d7f3-9a4f-4ed3-85c4-94f38519d991 req-0bb2d7f3-9a4f-4ed3-85c4-94f38519d991 ] Request (ListServersNegativeTestJSON:tearDownClass): 200 GET http://10.180.1.21/compute/v2.1/servers/e9ca5148-f188-4a15-83ae-8f3d730b0dab 0.085s
2024-12-11 22:50:49.726 66098 INFO tempest.lib.common.rest_client [req-02cb8616-f861-42ca-8dbb-832d9f474e8b req-02cb8616-f861-42ca-8dbb-832d9f474e8b ] Request (SecurityGroupsTestJSON:test_list_security_groups_by_server): 200 GET http://10.180.1.21/compute/v2.1/servers/9014ef05-64d1-4bd6-9f2e-db58003b6520 0.339s
2024-12-11 22:50:49.734 66098 INFO tempest.common.waiters [-] State transition "BUILD/networking" ==> "BUILD/block_device_mapping" after 70 second wait
2024-12-11 22:50:49.784 66043 INFO tempest.lib.common.rest_client [req-e4c7a023-eda1-4b61-903a-6ecb36ce168e req-e4c7a023-eda1-4b61-903a-6ecb36ce168e ] Request (ServerGroupTestJSON:test_create_server_with_scheduler_hint_group): 200 GET http://10.180.1.21/compute/v2.1/servers/39adf15c-f77e-4737-aeeb-258887007b9a 0.089s
2024-12-11 22:50:49.818 66089 INFO tempest.lib.common.rest_client [req-e64daf26-68bc-4168-a80f-a458206f06b8 req-e64daf26-68bc-4168-a80f-a458206f06b8 ] Request (ServersAdminTestJSON:test_inject_network_info): 200 GET http://10.180.1.21/compute/v2.1/servers/cd8b8828-79cf-4a7c-b018-b8bd745aaa45 0.064s
2024-12-11 22:50:49.857 66087 INFO tempest.lib.common.rest_client [req-f1ad2391-df53-4f0c-9663-0cc3267fe6a6 req-f1ad2391-df53-4f0c-9663-0cc3267fe6a6 ] Request (ListImageFiltersTestJSON:setUpClass): 200 GET http://10.180.1.21/compute/v2.1/images/6426eba5-d6e6-4449-b7b9-2ef0e724dd63 0.069s
2024-12-11 22:50:49.922 66045 INFO tempest.lib.common.rest_client [req-942f2627-4256-4171-a153-209066ca25f5 req-942f2627-4256-4171-a153-209066ca25f5 ] Request (ServersTestManualDisk:setUpClass): 200 GET http://10.180.1.21/compute/v2.1/servers/40eeb844-7423-4818-8095-81062c7e6392 0.077s
2024-12-11 22:50:49.957 66103 INFO tempest.lib.common.rest_client [req-e4896f36-0271-4454-b242-4ddf9039660b req-e4896f36-0271-4454-b242-4ddf9039660b ] Request (ServersAdminNegativeTestJSON:test_migrate_server_invalid_state): 200 GET http://10.180.1.21/compute/v2.1/servers/94c9a119-5c04-4550-b55d-a4a2985385d3 0.172s
2024-12-11 22:50:49.966 66103 INFO tempest.common.waiters [-] State transition "ACTIVE/suspending" ==> "SUSPENDED/None" after 2 second wait
2024-12-11 22:50:50.010 66059 INFO tempest.lib.common.rest_client [req-cfa9f0b0-657a-4970-88d5-8063078786a0 req-cfa9f0b0-657a-4970-88d5-8063078786a0 ] Request (ServerMetadataTestJSON:tearDownClass): 200 GET http://10.180.1.21/compute/v2.1/servers/91ce0ab3-4fa4-4992-995a-0baeec91d9d0 0.072s
2024-12-11 22:50:50.040 66103 INFO tempest.lib.common.rest_client [req-0b0e3b9d-ad74-4085-a310-80b0a1e2e734 req-0b0e3b9d-ad74-4085-a310-80b0a1e2e734 ] Request (ServersAdminNegativeTestJSON:test_migrate_server_invalid_state): 409 POST http://10.180.1.21/compute/v2.1/servers/94c9a119-5c04-4550-b55d-a4a2985385d3/action 0.072s
2024-12-11 22:50:50.099 66047 INFO tempest.lib.common.rest_client [req-d8c851f2-6793-4520-ba82-56b78944f85e req-d8c851f2-6793-4520-ba82-56b78944f85e ] Request (MultipleCreateTestJSON:test_multiple_create): 200 GET http://10.180.1.21/compute/v2.1/servers/78c7a111-d497-4114-b4f4-07319e6e7df2 0.100s
2024-12-11 22:50:50.160 66081 INFO tempest.lib.common.rest_client [req-9fa35583-86b1-4335-8c7a-245fe0dd88bd req-9fa35583-86b1-4335-8c7a-245fe0dd88bd ] Request (MigrationsAdminTest:test_list_migrations_in_flavor_resize_situation): 200 GET http://10.180.1.21/compute/v2.1/servers/aa4906f1-e801-4df0-819e-8c5fb5930fb5 0.187s
2024-12-11 22:50:50.183 66063 INFO tempest.lib.common.rest_client [req-3ea76bd3-b587-4205-b12a-4fb8a32af282 req-3ea76bd3-b587-4205-b12a-4fb8a32af282 ] Request (ImagesTestJSON:test_create_image_from_suspended_server): 200 GET http://10.180.1.21/compute/v2.1/images/54bf1189-d033-4bcf-8e21-ca87dc7cdba3 0.156s
2024-12-11 22:50:50.188 66103 INFO tempest.lib.common.rest_client [req-a6442c3d-59de-4daf-8e39-3b2e58c08f43 req-a6442c3d-59de-4daf-8e39-3b2e58c08f43 ] Request (ServersAdminNegativeTestJSON:test_reset_state_server_invalid_state): 400 POST http://10.180.1.21/compute/v2.1/servers/4ee81568-ad9a-4ded-b6fe-15503d85968e/action 0.142s
2024-12-11 22:50:50.217 66095 INFO tempest.lib.common.rest_client [req-a1a89432-5c4c-4f5d-8579-d57487053674 req-a1a89432-5c4c-4f5d-8579-d57487053674 ] Request (ServersAaction247Test:test_create_backup): 200 GET http://10.180.1.21/compute/v2.1/servers/597c0f95-5798-4022-8e2e-89a700698d7a 0.179s
2024-12-11 22:50:50.255 66071 INFO tempest.lib.common.rest_client [req-73dcfebe-3375-4959-9399-60bcba42ecf5 req-73dcfebe-3375-4959-9399-60bcba42ecf5 ] Request (ServerTagsTestJSON:tearDownClass): 200 GET http://10.180.1.21/compute/v2.1/servers/4374c102-a6fe-45ef-ad49-a1295f96899a 0.152s
2024-12-11 22:50:50.264 66103 INFO tempest.lib.common.rest_client [req-15d5165b-3447-4299-bb23-0120dabe0f17 req-15d5165b-3447-4299-bb23-0120dabe0f17 ] Request (ServersAdminNegativeTestJSON:test_reset_state_server_invalid_type): 400 POST http://10.180.1.21/compute/v2.1/servers/4ee81568-ad9a-4ded-b6fe-15503d85968e/action 0.074s
2024-12-11 22:50:50.299 66049 INFO tempest.lib.common.rest_client [req-268b6779-9f35-44c5-b7ef-f74f517404a6 req-268b6779-9f35-44c5-b7ef-f74f517404a6 ] Request (DeleteServersAdminTestJSON:test_delete_server_while_in_error_state): 200 GET http://10.180.1.21/compute/v2.1/servers/ef41dd29-1270-4071-9e89-20132131de2d 0.188s
2024-12-11 22:50:50.328 66099 INFO tempest.lib.common.rest_client [req-07953240-332f-4a2c-8670-67a74a6c2512 req-07953240-332f-4a2c-8670-67a74a6c2512 ] Request (ServersAdmin275Test:tearDownClass): 200 GET http://10.180.1.21/compute/v2.1/servers/e81c03f7-9c0e-46bd-9641-aced82038eca 0.137s
2024-12-11 22:50:50.333 66103 INFO tempest.lib.common.rest_client [req-5076b77c-a518-42ee-96e9-3ce75ba33b09 req-5076b77c-a518-42ee-96e9-3ce75ba33b09 ] Request (ServersAdminNegativeTestJSON:test_reset_state_server_nonexistent_server): 404 POST http://10.180.1.21/compute/v2.1/servers/999/action 0.068s
2024-12-11 22:50:50.352 66091 INFO tempest.lib.common.rest_client [req-30975714-e85a-489d-bcb0-746c49533878 req-30975714-e85a-489d-bcb0-746c49533878 ] Request (ImagesOneServerNegativeTestJSON:setUpClass): 200 GET http://10.180.1.21/compute/v2.1/servers/060427a2-e724-4c51-879e-675154ae5df2 0.149s
2024-12-11 22:50:50.400 66053 INFO tempest.lib.common.rest_client [req-8daf61d1-a211-4879-88d2-593cdc9198a3 req-8daf61d1-a211-4879-88d2-593cdc9198a3 ] Request (ServersTestMultiNic:_run_cleanups): 200 GET http://10.180.1.21/compute/v2.1/servers/6be4f813-7171-4515-a728-5cf34665205a 0.120s
2024-12-11 22:50:50.418 66101 INFO tempest.lib.common.rest_client [req-cf75eba9-a332-48b5-a75f-27407e54c19a req-cf75eba9-a332-48b5-a75f-27407e54c19a ] Request (VolumesAdminNegativeTest:test_update_attached_volume_with_nonexistent_volume_in_body): 200 GET http://10.180.1.21/compute/v2.1/servers/cef20063-96f0-46cc-9f7d-4436b60216c6 0.130s
2024-12-11 22:50:50.488 66085 INFO tempest.lib.common.rest_client [req-49829858-69d7-4418-8e4c-35fb4fb08aed req-49829858-69d7-4418-8e4c-35fb4fb08aed ] Request (ServerShowV247Test:test_update_rebuild_list_server): 200 GET http://10.180.1.21/compute/v2.1/servers/a802534f-1766-4ea9-9188-803ef197d775 0.088s
2024-12-11 22:50:50.497 66055 INFO tempest.lib.common.rest_client [req-fac09ce2-3983-4f39-9ecc-a56153746f9c req-fac09ce2-3983-4f39-9ecc-a56153746f9c ] Request (ServerRescueTestJSONUnderV235:tearDownClass): 200 PUT http://10.180.1.21:9696/networking/v2.0/routers/9b61b7e3-4709-4cb3-bc25-11d26b3b1b9a/remove_router_interface 1.373s
2024-12-11 22:50:50.532 66103 INFO tempest.lib.common.rest_client [req-485300ee-564b-4cf5-aedf-9435fad03a1a req-485300ee-564b-4cf5-aedf-9435fad03a1a ] Request (ServersAdminNegativeTestJSON:test_resize_server_using_overlimit_ram): 200 GET http://10.180.1.21/compute/v2.1/os-quota-sets/1c27c65552b74e56a7a85a22ad4a577b 0.197s
2024-12-11 22:50:50.555 66061 INFO tempest.lib.common.rest_client [req-af7dda72-1d32-40cb-b403-af6da056dd90 req-af7dda72-1d32-40cb-b403-af6da056dd90 ] Request (ServerDiskConfigTestJSON:test_rebuild_server_with_auto_disk_config): 200 GET http://10.180.1.21/compute/v2.1/servers/1f8c1f26-d4c9-4e06-b7a2-1b211ccc0b7c 0.153s
2024-12-11 22:50:50.580 66103 INFO tempest.lib.common.rest_client [req-5f933b61-4e11-46bf-96d6-708bfc87fd6c req-5f933b61-4e11-46bf-96d6-708bfc87fd6c ] Request (ServersAdminNegativeTestJSON:test_resize_server_using_overlimit_ram): 200 POST http://10.180.1.21/compute/v2.1/flavors 0.045s
2024-12-11 22:50:50.610 66069 INFO tempest.lib.common.rest_client [req-702bf7a8-fed7-4ef5-a84e-88eb051b7c8f req-702bf7a8-fed7-4ef5-a84e-88eb051b7c8f ] Request (FloatingIPsAssociationNegativeTestJSON:tearDownClass): 200 GET http://10.180.1.21/compute/v2.1/servers/7c058337-1684-4553-8e96-dd2cd1814a15 0.118s
2024-12-11 22:50:50.650 66093 INFO tempest.lib.common.rest_client [req-47e2355e-e9b3-403e-8e2e-149c5bc33c19 req-47e2355e-e9b3-403e-8e2e-149c5bc33c19 ] Request (ServersTestJSON:test_create_server_specify_multibyte_character_name): 200 GET http://10.180.1.21/compute/v2.1/servers/e32cb991-a018-4b55-8cdf-378e212c8434 0.080s
2024-12-11 22:50:50.714 66106 INFO tempest.lib.common.rest_client [req-cbab32d1-a1ee-47e7-b0e5-bf16957ea1dd req-cbab32d1-a1ee-47e7-b0e5-bf16957ea1dd ] Request (ServerActionsTestOtherB:setUpClass): 200 GET http://10.180.1.21/compute/v2.1/servers/da806d3f-79f0-4188-a2d8-0beeb9dfec1a 0.063s
2024-12-11 22:50:50.748 66103 INFO tempest.lib.common.rest_client [req-5cd9e9f2-f6cd-44fd-95b3-5b0866a07557 req-5cd9e9f2-f6cd-44fd-95b3-5b0866a07557 ] Request (ServersAdminNegativeTestJSON:test_resize_server_using_overlimit_ram): 403 POST http://10.180.1.21/compute/v2.1/servers/4ee81568-ad9a-4ded-b6fe-15503d85968e/action 0.163s
2024-12-11 22:50:50.814 66051 INFO tempest.lib.common.rest_client [req-93430f28-7a0e-4302-ab81-e11917345b9a req-93430f28-7a0e-4302-ab81-e11917345b9a ] Request (ListServersNegativeTestJSON:tearDownClass): 200 GET http://10.180.1.21/compute/v2.1/servers/e9ca5148-f188-4a15-83ae-8f3d730b0dab 0.081s
2024-12-11 22:50:50.830 66103 INFO tempest.lib.common.rest_client [req-7d93f309-73c3-4be9-820a-52071cdee72d req-7d93f309-73c3-4be9-820a-52071cdee72d ] Request (ServersAdminNegativeTestJSON:_run_cleanups): 202 DELETE http://10.180.1.21/compute/v2.1/flavors/1576852432 0.082s
2024-12-11 22:50:50.900 66043 INFO tempest.lib.common.rest_client [req-a5263a4c-a4e2-45f5-9495-04fd2fbca2cd req-a5263a4c-a4e2-45f5-9495-04fd2fbca2cd ] Request (ServerGroupTestJSON:test_create_server_with_scheduler_hint_group): 200 GET http://10.180.1.21/compute/v2.1/servers/39adf15c-f77e-4737-aeeb-258887007b9a 0.107s
2024-12-11 22:50:50.910 66065 WARNING tempest.lib.common.ssh [-] Failed to establish authenticated ssh connection to cirros@10.180.180.243 ([Errno None] Unable to connect to port 22 on 10.180.180.243). Number attempts: 10. Retry after 11 seconds.: paramiko.ssh_exception.NoValidConnectionsError: [Errno None] Unable to connect to port 22 on 10.180.180.243
2024-12-11 22:50:50.917 66103 INFO tempest.lib.common.rest_client [req-62cbb2a7-1d2e-4404-ad82-6c418557ff08 req-62cbb2a7-1d2e-4404-ad82-6c418557ff08 ] Request (ServersAdminNegativeTestJSON:_run_cleanups): 200 GET http://10.180.1.21/compute/v2.1/flavors/detail 0.086s
2024-12-11 22:50:50.927 66098 INFO tempest.lib.common.rest_client [req-7d6d3763-1d08-4d0f-850a-af4c8e923cf5 req-7d6d3763-1d08-4d0f-850a-af4c8e923cf5 ] Request (SecurityGroupsTestJSON:test_list_security_groups_by_server): 200 GET http://10.180.1.21/compute/v2.1/servers/9014ef05-64d1-4bd6-9f2e-db58003b6520 0.192s
2024-12-11 22:50:50.934 66098 INFO tempest.common.waiters [-] State transition "BUILD/block_device_mapping" ==> "BUILD/spawning" after 71 second wait
2024-12-11 22:50:50.990 66089 INFO tempest.lib.common.rest_client [req-d069d73a-e2da-424d-acb1-252e9563e2e6 req-d069d73a-e2da-424d-acb1-252e9563e2e6 ] Request (ServersAdminTestJSON:test_inject_network_info): 200 GET http://10.180.1.21/compute/v2.1/servers/cd8b8828-79cf-4a7c-b018-b8bd745aaa45 0.158s
2024-12-11 22:50:51.057 66103 INFO tempest.lib.common.rest_client [req-05ce5def-28a0-4439-8af8-111e38490346 req-05ce5def-28a0-4439-8af8-111e38490346 ] Request (ServersAdminNegativeTestJSON:test_resize_server_using_overlimit_vcpus): 200 GET http://10.180.1.21/compute/v2.1/os-quota-sets/1c27c65552b74e56a7a85a22ad4a577b 0.132s
2024-12-11 22:50:51.133 66045 INFO tempest.lib.common.rest_client [req-863f0b42-c97b-4480-ade3-ac3315a31c7a req-863f0b42-c97b-4480-ade3-ac3315a31c7a ] Request (ServersTestManualDisk:setUpClass): 200 GET http://10.180.1.21/compute/v2.1/servers/40eeb844-7423-4818-8095-81062c7e6392 0.203s
2024-12-11 22:50:51.134 66055 INFO tempest.lib.common.rest_client [req-591be50a-9fdb-452d-be33-a58453646db5 req-591be50a-9fdb-452d-be33-a58453646db5 ] Request (ServerRescueTestJSONUnderV235:tearDownClass): 204 DELETE http://10.180.1.21:9696/networking/v2.0/routers/9b61b7e3-4709-4cb3-bc25-11d26b3b1b9a 0.636s
2024-12-11 22:50:51.220 66059 INFO tempest.lib.common.rest_client [req-49749ca8-fbd1-466b-8c9f-aa1a0fa2086f req-49749ca8-fbd1-466b-8c9f-aa1a0fa2086f ] Request (ServerMetadataTestJSON:tearDownClass): 200 GET http://10.180.1.21/compute/v2.1/servers/91ce0ab3-4fa4-4992-995a-0baeec91d9d0 0.202s
2024-12-11 22:50:51.237 66103 INFO tempest.lib.common.rest_client [req-4ed690fc-ebe4-499c-9736-fa16431303be req-4ed690fc-ebe4-499c-9736-fa16431303be ] Request (ServersAdminNegativeTestJSON:test_resize_server_using_overlimit_vcpus): 200 POST http://10.180.1.21/compute/v2.1/flavors 0.178s
2024-12-11 22:50:51.310 66047 INFO tempest.lib.common.rest_client [req-79fc8fa7-b019-4b09-9984-6b876ccc6872 req-79fc8fa7-b019-4b09-9984-6b876ccc6872 ] Request (MultipleCreateTestJSON:test_multiple_create): 200 GET http://10.180.1.21/compute/v2.1/servers/78c7a111-d497-4114-b4f4-07319e6e7df2 0.203s
2024-12-11 22:50:51.340 66055 INFO tempest.lib.common.rest_client [req-843c09cc-48fb-4d59-95d7-61714b3f09b5 req-843c09cc-48fb-4d59-95d7-61714b3f09b5 ] Request (ServerRescueTestJSONUnderV235:tearDownClass): 204 DELETE http://10.180.1.21:9696/networking/v2.0/subnets/bc2dce57-4906-4059-9044-d09fe87c4ab6 0.205s
2024-12-11 22:50:51.485 66077 WARNING tempest.lib.common.ssh [-] Failed to establish authenticated ssh connection to cirros@10.180.180.192 ([Errno None] Unable to connect to port 22 on 10.180.180.192). Number attempts: 2. Retry after 3 seconds.: paramiko.ssh_exception.NoValidConnectionsError: [Errno None] Unable to connect to port 22 on 10.180.180.192
2024-12-11 22:50:51.487 66055 INFO tempest.lib.common.rest_client [req-7007bf49-82fb-4a7a-b77f-046e0df8a152 req-7007bf49-82fb-4a7a-b77f-046e0df8a152 ] Request (ServerRescueTestJSONUnderV235:tearDownClass): 204 DELETE http://10.180.1.21:9696/networking/v2.0/networks/458b9515-f6cd-49e3-b6f2-594543a98f0d 0.147s
2024-12-11 22:50:51.498 66081 INFO tempest.lib.common.rest_client [req-994d5962-effb-4870-9671-47a3ab03e1b8 req-994d5962-effb-4870-9671-47a3ab03e1b8 ] Request (MigrationsAdminTest:test_list_migrations_in_flavor_resize_situation): 200 GET http://10.180.1.21/compute/v2.1/servers/aa4906f1-e801-4df0-819e-8c5fb5930fb5 0.331s
2024-12-11 22:50:51.505 66081 INFO tempest.common.waiters [-] State transition "VERIFY_RESIZE/None" ==> "ACTIVE/None" after 39 second wait
2024-12-11 22:50:51.627 66055 INFO tempest.lib.common.rest_client [req-8d22fd87-c790-4880-8090-775a796801b6 req-8d22fd87-c790-4880-8090-775a796801b6 ] Request (ServerRescueTestJSONUnderV235:tearDownClass): 204 DELETE http://10.180.1.21/identity/v3/users/a369e10f86e14ee3b4201cf175ed03b5 0.139s
2024-12-11 22:50:51.627 66055 INFO tempest.lib.common.dynamic_creds [-] Deleting project and security group for project: 22106ed527594810885b6891b382c3ce
2024-12-11 22:50:51.662 66055 INFO tempest.lib.common.rest_client [req-e8b3e869-032b-4178-a591-619d3f4f8ed7 req-e8b3e869-032b-4178-a591-619d3f4f8ed7 ] Request (ServerRescueTestJSONUnderV235:tearDownClass): 200 GET http://10.180.1.21:9696/networking/v2.0/security-groups?tenant_id=22106ed527594810885b6891b382c3ce&name=default 0.035s
2024-12-11 22:50:51.741 66055 INFO tempest.lib.common.rest_client [req-f3ecad78-50f8-419d-b908-2a249cb42bea req-f3ecad78-50f8-419d-b908-2a249cb42bea ] Request (ServerRescueTestJSONUnderV235:tearDownClass): 204 DELETE http://10.180.1.21:9696/networking/v2.0/security-groups/78178b87-78bf-4fe2-a2ce-93c977808989 0.078s
2024-12-11 22:50:51.849 66055 INFO tempest.lib.common.rest_client [req-ba694bb2-947c-497c-bc39-95f73c1710bc req-ba694bb2-947c-497c-bc39-95f73c1710bc ] Request (ServerRescueTestJSONUnderV235:tearDownClass): 204 DELETE http://10.180.1.21/identity/v3/projects/22106ed527594810885b6891b382c3ce 0.108s
2024-12-11 22:50:51.911 66055 INFO tempest.lib.common.rest_client [req-bc8a979f-1fc3-48ac-a0fc-799bcdcb4b88 req-bc8a979f-1fc3-48ac-a0fc-799bcdcb4b88 ] Request (ServersListShow296Test:setUpClass): 201 POST http://10.180.1.21/identity/v3/auth/tokens 0.059s
2024-12-11 22:50:51.940 66055 INFO tempest.lib.common.rest_client [req-acca6c20-a627-4f14-89a5-e1199bb61428 req-acca6c20-a627-4f14-89a5-e1199bb61428 ] Request (ServersListShow296Test:setUpClass): 201 POST http://10.180.1.21/identity/v3/auth/tokens 0.026s
2024-12-11 22:50:51.966 66055 INFO tempest.lib.common.rest_client [req-bbd16a59-4519-46a7-a227-1fbf16a221ad req-bbd16a59-4519-46a7-a227-1fbf16a221ad ] Request (ServersListShow296Test:setUpClass): 200 GET http://10.180.1.21/identity/v3/domains?name=Default 0.025s
2024-12-11 22:50:51.996 66055 INFO tempest.lib.common.rest_client [req-46f059dd-47c2-42a1-ad4d-9f7ff55ecfc9 req-46f059dd-47c2-42a1-ad4d-9f7ff55ecfc9 ] Request (ServersListShow296Test:setUpClass): 201 POST http://10.180.1.21/identity/v3/projects 0.030s
2024-12-11 22:50:52.059 66055 INFO tempest.lib.common.rest_client [req-2ae9bef8-d146-48f7-9484-2fd901524f3f req-2ae9bef8-d146-48f7-9484-2fd901524f3f ] Request (ServersListShow296Test:setUpClass): 201 POST http://10.180.1.21/identity/v3/users 0.062s
2024-12-11 22:50:52.081 66055 INFO tempest.lib.common.rest_client [req-3b4bf61f-e72f-4f1e-95e3-29004fe5f6aa req-3b4bf61f-e72f-4f1e-95e3-29004fe5f6aa ] Request (ServersListShow296Test:setUpClass): 200 GET http://10.180.1.21/identity/v3/roles 0.021s
2024-12-11 22:50:52.112 66055 INFO tempest.lib.common.rest_client [req-535a884e-fafe-4651-a15a-5f9e55826127 req-535a884e-fafe-4651-a15a-5f9e55826127 ] Request (ServersListShow296Test:setUpClass): 204 PUT http://10.180.1.21/identity/v3/projects/3619a36b2d724c8a8dfd438e489670b7/users/c3585cd7516e42f29e28404f5ad9d6de/roles/f1bf89fa845b48ffb07ec916e33e24b1 0.031s
2024-12-11 22:50:52.112 66055 INFO tempest.lib.common.dynamic_creds [-] Dynamic test user c3585cd7516e42f29e28404f5ad9d6de is created with scope project and roles: ['member']
2024-12-11 22:50:52.112 66055 INFO tempest.lib.common.dynamic_creds [-] Acquired dynamic creds: credentials: Credentials: {'domain_id': 'default', 'domain_name': 'Default', 'username': 'tempest-ServersListShow296Test-20887118-project-member', 'project_domain_id': 'default', 'project_domain_name': 'Default', 'project_id': '3619a36b2d724c8a8dfd438e489670b7', 'project_name': 'tempest-ServersListShow296Test-20887118', 'tenant_id': '3619a36b2d724c8a8dfd438e489670b7', 'tenant_name': 'tempest-ServersListShow296Test-20887118', 'user_domain_id': 'default', 'user_domain_name': 'Default', 'user_id': 'c3585cd7516e42f29e28404f5ad9d6de', 'system': None}, Network: None, Subnet: None, Router: None
2024-12-11 22:50:52.112 66055 INFO tempest.lib.common.dynamic_creds [-] Created isolated network resources for: credentials: Credentials: {'domain_id': 'default', 'domain_name': 'Default', 'username': 'tempest-ServersListShow296Test-20887118-project-member', 'project_domain_id': 'default', 'project_domain_name': 'Default', 'project_id': '3619a36b2d724c8a8dfd438e489670b7', 'project_name': 'tempest-ServersListShow296Test-20887118', 'tenant_id': '3619a36b2d724c8a8dfd438e489670b7', 'tenant_name': 'tempest-ServersListShow296Test-20887118', 'user_domain_id': 'default', 'user_domain_name': 'Default', 'user_id': 'c3585cd7516e42f29e28404f5ad9d6de', 'system': None}, Network: None, Subnet: None, Router: None
2024-12-11 22:50:52.179 66055 INFO tempest.lib.common.rest_client [req-c85c1e45-4632-4d36-a91c-c439d9b8f0b9 req-c85c1e45-4632-4d36-a91c-c439d9b8f0b9 ] Request (ServersListShow296Test:setUpClass): 201 POST http://10.180.1.21/identity/v3/auth/tokens 0.063s
2024-12-11 22:50:52.210 66055 INFO tempest.lib.common.rest_client [req-c285b22f-3e2e-4fe4-906b-47667fa2c97e req-c285b22f-3e2e-4fe4-906b-47667fa2c97e ] Request (ServersListShow296Test:test_list_show_server_296): 201 POST http://10.180.1.21/identity/v3/auth/tokens 0.027s
2024-12-11 22:50:52.211 66055 INFO tempest.lib.common.fixed_network [-] (ServersListShow296Test:test_list_show_server_296) Found network None available for tenant
2024-12-11 22:50:56.291 66087 INFO tempest.lib.common.rest_client [req-9881c7c1-3d0a-4a20-8c23-982151b40518 req-9881c7c1-3d0a-4a20-8c23-982151b40518 ] Request (ListImageFiltersTestJSON:setUpClass): 200 GET http://10.180.1.21/compute/v2.1/images/6426eba5-d6e6-4449-b7b9-2ef0e724dd63 5.430s
2024-12-11 22:50:56.293 66063 INFO tempest.lib.common.rest_client [req-36a4dbb7-39f4-41f3-91c7-da90767f30b7 req-36a4dbb7-39f4-41f3-91c7-da90767f30b7 ] Request (ImagesTestJSON:test_create_image_from_suspended_server): 200 GET http://10.180.1.21/compute/v2.1/images/54bf1189-d033-4bcf-8e21-ca87dc7cdba3 5.103s
2024-12-11 22:50:56.359 66095 INFO tempest.lib.common.rest_client [req-9e28921c-f01d-4ead-975f-d5aee3b6143e req-9e28921c-f01d-4ead-975f-d5aee3b6143e ] Request (ServersAaction247Test:test_create_backup): 200 GET http://10.180.1.21/compute/v2.1/servers/597c0f95-5798-4022-8e2e-89a700698d7a 5.129s
2024-12-11 22:50:56.378 66071 INFO tempest.lib.common.rest_client [req-74b9fe98-7d4c-4d70-910e-26da813c35a5 req-74b9fe98-7d4c-4d70-910e-26da813c35a5 ] Request (ServerTagsTestJSON:tearDownClass): 404 GET http://10.180.1.21/compute/v2.1/servers/4374c102-a6fe-45ef-ad49-a1295f96899a 5.114s
2024-12-11 22:50:56.410 66103 INFO tempest.lib.common.rest_client [req-20703bde-3f89-4240-9f8f-615418d80c8f req-20703bde-3f89-4240-9f8f-615418d80c8f ] Request (ServersAdminNegativeTestJSON:test_resize_server_using_overlimit_vcpus): 403 POST http://10.180.1.21/compute/v2.1/servers/4ee81568-ad9a-4ded-b6fe-15503d85968e/action 5.171s
2024-12-11 22:50:56.447 66049 INFO tempest.lib.common.rest_client [req-9d315469-6c19-4fd5-ae8b-6e9d5b8ff983 req-9d315469-6c19-4fd5-ae8b-6e9d5b8ff983 ] Request (DeleteServersAdminTestJSON:test_delete_server_while_in_error_state): 200 GET http://10.180.1.21/compute/v2.1/servers/ef41dd29-1270-4071-9e89-20132131de2d 5.140s
2024-12-11 22:50:56.509 66091 INFO tempest.lib.common.rest_client [req-74e128aa-da17-43f0-ab21-e1f44b9e342f req-74e128aa-da17-43f0-ab21-e1f44b9e342f ] Request (ImagesOneServerNegativeTestJSON:setUpClass): 200 GET http://10.180.1.21/compute/v2.1/servers/060427a2-e724-4c51-879e-675154ae5df2 5.146s
2024-12-11 22:50:56.514 66099 INFO tempest.lib.common.rest_client [req-a7c64fbd-3950-43a7-ad97-36e8f1f31ec2 req-a7c64fbd-3950-43a7-ad97-36e8f1f31ec2 ] Request (ServersAdmin275Test:tearDownClass): 200 GET http://10.180.1.21/compute/v2.1/servers/e81c03f7-9c0e-46bd-9641-aced82038eca 5.171s
2024-12-11 22:50:56.576 66101 INFO tempest.lib.common.rest_client [req-07cabf51-5847-4082-b13b-11b6ceac8005 req-07cabf51-5847-4082-b13b-11b6ceac8005 ] Request (VolumesAdminNegativeTest:test_update_attached_volume_with_nonexistent_volume_in_body): 200 GET http://10.180.1.21/compute/v2.1/servers/cef20063-96f0-46cc-9f7d-4436b60216c6 5.151s
2024-12-11 22:50:56.591 66053 INFO tempest.lib.common.rest_client [req-166b7d79-f666-4933-91e7-d1e67e2fc632 req-166b7d79-f666-4933-91e7-d1e67e2fc632 ] Request (ServersTestMultiNic:_run_cleanups): 200 GET http://10.180.1.21/compute/v2.1/servers/6be4f813-7171-4515-a728-5cf34665205a 5.181s
2024-12-11 22:50:56.636 66085 INFO tempest.lib.common.rest_client [req-dd51b2d5-805f-4d56-a925-d2b302c63f93 req-dd51b2d5-805f-4d56-a925-d2b302c63f93 ] Request (ServerShowV247Test:test_update_rebuild_list_server): 200 GET http://10.180.1.21/compute/v2.1/servers/a802534f-1766-4ea9-9188-803ef197d775 5.135s
2024-12-11 22:50:56.713 66061 INFO tempest.lib.common.rest_client [req-e75daebb-51dd-4697-a4d3-af79dc6375c4 req-e75daebb-51dd-4697-a4d3-af79dc6375c4 ] Request (ServerDiskConfigTestJSON:test_rebuild_server_with_auto_disk_config): 200 GET http://10.180.1.21/compute/v2.1/servers/1f8c1f26-d4c9-4e06-b7a2-1b211ccc0b7c 5.146s
2024-12-11 22:50:56.800 66069 INFO tempest.lib.common.rest_client [req-aec84bdd-0060-4f83-8f2f-c7f0ee2e9711 req-aec84bdd-0060-4f83-8f2f-c7f0ee2e9711 ] Request (FloatingIPsAssociationNegativeTestJSON:tearDownClass): 200 GET http://10.180.1.21/compute/v2.1/servers/7c058337-1684-4553-8e96-dd2cd1814a15 5.183s
2024-12-11 22:50:56.835 66081 INFO tempest.lib.common.rest_client [req-6d986ad9-38d7-4ce8-a085-8e47dcfb3ee0 req-6d986ad9-38d7-4ce8-a085-8e47dcfb3ee0 ] Request (MigrationsAdminTest:test_list_migrations_in_flavor_resize_situation): 200 GET http://10.180.1.21/compute/v2.1/servers/aa4906f1-e801-4df0-819e-8c5fb5930fb5 5.324s
2024-12-11 22:50:56.851 66093 INFO tempest.lib.common.rest_client [req-368223e3-28a1-41d4-9762-a3a2162b8c17 req-368223e3-28a1-41d4-9762-a3a2162b8c17 ] Request (ServersTestJSON:test_create_server_specify_multibyte_character_name): 200 GET http://10.180.1.21/compute/v2.1/servers/e32cb991-a018-4b55-8cdf-378e212c8434 5.194s
2024-12-11 22:50:56.887 66106 INFO tempest.lib.common.rest_client [req-233d4e1d-16b5-412f-b75a-a9acfc40b27a req-233d4e1d-16b5-412f-b75a-a9acfc40b27a ] Request (ServerActionsTestOtherB:setUpClass): 200 GET http://10.180.1.21/compute/v2.1/servers/da806d3f-79f0-4188-a2d8-0beeb9dfec1a 5.164s
2024-12-11 22:50:56.910 66051 INFO tempest.lib.common.rest_client [req-ecbd335f-f730-4bd9-a940-590b87ff4e52 req-ecbd335f-f730-4bd9-a940-590b87ff4e52 ] Request (ListServersNegativeTestJSON:tearDownClass): 200 GET http://10.180.1.21/compute/v2.1/servers/e9ca5148-f188-4a15-83ae-8f3d730b0dab 5.088s
2024-12-11 22:50:56.941 66043 INFO tempest.lib.common.rest_client [req-de0f2642-9c6f-42bc-a843-924a0c9e9ebc req-de0f2642-9c6f-42bc-a843-924a0c9e9ebc ] Request (ServerGroupTestJSON:test_create_server_with_scheduler_hint_group): 200 GET http://10.180.1.21/compute/v2.1/servers/39adf15c-f77e-4737-aeeb-258887007b9a 5.033s
2024-12-11 22:50:57.002 66089 INFO tempest.lib.common.rest_client [req-5ec12138-0887-4468-a7c8-ff481c4eda40 req-5ec12138-0887-4468-a7c8-ff481c4eda40 ] Request (ServersAdminTestJSON:test_inject_network_info): 200 GET http://10.180.1.21/compute/v2.1/servers/cd8b8828-79cf-4a7c-b018-b8bd745aaa45 5.000s
2024-12-11 22:50:57.224 66098 INFO tempest.lib.common.rest_client [req-32775765-873c-439f-930d-4f104ef94cd5 req-32775765-873c-439f-930d-4f104ef94cd5 ] Request (SecurityGroupsTestJSON:test_list_security_groups_by_server): 200 GET http://10.180.1.21/compute/v2.1/servers/9014ef05-64d1-4bd6-9f2e-db58003b6520 5.290s
2024-12-11 22:50:57.312 66045 INFO tempest.lib.common.rest_client [req-00c87226-395e-4dcc-8d71-3c33cf5afefb req-00c87226-395e-4dcc-8d71-3c33cf5afefb ] Request (ServersTestManualDisk:setUpClass): 200 GET http://10.180.1.21/compute/v2.1/servers/40eeb844-7423-4818-8095-81062c7e6392 5.170s
2024-12-11 22:50:57.319 66045 INFO tempest.common.waiters [-] State transition "BUILD/None" ==> "BUILD/spawning" after 76 second wait
2024-12-11 22:50:57.370 66055 INFO tempest.lib.common.rest_client [req-667f8000-b1be-4d20-84a6-8d0f926215cc req-667f8000-b1be-4d20-84a6-8d0f926215cc ] Request (ServersListShow296Test:test_list_show_server_296): 202 POST http://10.180.1.21/compute/v2.1/servers 5.159s
2024-12-11 22:50:57.385 66059 INFO tempest.lib.common.rest_client [req-42a39b5b-0095-4feb-9110-36f3f94aeeff req-42a39b5b-0095-4feb-9110-36f3f94aeeff ] Request (ServerMetadataTestJSON:tearDownClass): 200 GET http://10.180.1.21/compute/v2.1/servers/91ce0ab3-4fa4-4992-995a-0baeec91d9d0 5.154s
2024-12-11 22:50:57.414 66063 INFO tempest.lib.common.rest_client [req-4673f1cb-6143-4b5c-9b94-ed1be0a64a7e req-4673f1cb-6143-4b5c-9b94-ed1be0a64a7e ] Request (ImagesTestJSON:test_create_image_from_suspended_server): 200 GET http://10.180.1.21/compute/v2.1/images/54bf1189-d033-4bcf-8e21-ca87dc7cdba3 1.119s
2024-12-11 22:50:57.428 66047 INFO tempest.lib.common.rest_client [req-423c98a2-78d8-4eb0-bb50-49c10db5195f req-423c98a2-78d8-4eb0-bb50-49c10db5195f ] Request (MultipleCreateTestJSON:test_multiple_create): 200 GET http://10.180.1.21/compute/v2.1/servers/78c7a111-d497-4114-b4f4-07319e6e7df2 5.110s
2024-12-11 22:50:57.431 66103 INFO tempest.lib.common.rest_client [req-a61218ac-351f-444c-a8c1-b8afa336db62 req-a61218ac-351f-444c-a8c1-b8afa336db62 ] Request (ServersAdminNegativeTestJSON:_run_cleanups): 202 DELETE http://10.180.1.21/compute/v2.1/flavors/445355016 1.020s
2024-12-11 22:50:57.439 66063 INFO tempest.lib.common.rest_client [req-b785de6b-a6e6-4712-ae7a-5307adf73ea2 req-b785de6b-a6e6-4712-ae7a-5307adf73ea2 ] Request (ImagesTestJSON:test_create_image_from_suspended_server): 200 GET http://10.180.1.21/image/v2/images/54bf1189-d033-4bcf-8e21-ca87dc7cdba3/tasks 0.020s
2024-12-11 22:50:57.462 66081 INFO tempest.lib.common.rest_client [req-80cd4fbb-e541-485c-9dc6-25e0b54f61e8 req-80cd4fbb-e541-485c-9dc6-25e0b54f61e8 ] Request (MigrationsAdminTest:test_list_migrations_in_flavor_resize_situation): 200 POST http://10.180.1.21/compute/v2.1/os-keypairs 0.620s
2024-12-11 22:50:57.462 66087 INFO tempest.lib.common.rest_client [req-dec8aa0e-4dc9-4a92-9089-ccfea3093d8b req-dec8aa0e-4dc9-4a92-9089-ccfea3093d8b ] Request (ListImageFiltersTestJSON:setUpClass): 200 GET http://10.180.1.21/compute/v2.1/images/6426eba5-d6e6-4449-b7b9-2ef0e724dd63 0.167s
2024-12-11 22:50:57.529 66095 INFO tempest.lib.common.rest_client [req-36614f4f-b8ae-46a3-9149-595bc2ab1de7 req-36614f4f-b8ae-46a3-9149-595bc2ab1de7 ] Request (ServersAaction247Test:test_create_backup): 200 GET http://10.180.1.21/compute/v2.1/servers/597c0f95-5798-4022-8e2e-89a700698d7a 0.161s
2024-12-11 22:50:57.541 66103 INFO tempest.lib.common.rest_client [req-76f29597-4539-4eb1-b5b9-263106059f4f req-76f29597-4539-4eb1-b5b9-263106059f4f ] Request (ServersAdminNegativeTestJSON:_run_cleanups): 200 GET http://10.180.1.21/compute/v2.1/flavors/detail 0.109s
2024-12-11 22:50:57.543 66095 INFO tempest.common.waiters [-] State transition "BUILD/None" ==> "BUILD/networking" after 70 second wait
2024-12-11 22:50:57.575 66055 INFO tempest.lib.common.rest_client [req-01bc011e-54f2-4863-be23-cfff4b76eb2d req-01bc011e-54f2-4863-be23-cfff4b76eb2d ] Request (ServersListShow296Test:test_list_show_server_296): 200 GET http://10.180.1.21/compute/v2.1/servers/detail 0.203s
2024-12-11 22:50:57.575 66081 INFO tempest.lib.common.rest_client [req-dc4a6617-4c97-4bbd-be25-9446601b9a14 req-dc4a6617-4c97-4bbd-be25-9446601b9a14 ] Request (MigrationsAdminTest:test_list_migrations_in_flavor_resize_situation): 201 POST http://10.180.1.21:9696/networking/v2.0/security-groups 0.112s
2024-12-11 22:50:57.630 66075 WARNING tempest.lib.common.ssh [-] Failed to establish authenticated ssh connection to cirros@10.180.180.170 ([Errno None] Unable to connect to port 22 on 10.180.180.170). Number attempts: 7. Retry after 8 seconds.: paramiko.ssh_exception.NoValidConnectionsError: [Errno None] Unable to connect to port 22 on 10.180.180.170
2024-12-11 22:50:57.649 66071 INFO tempest.lib.common.rest_client [req-5286ef49-97c2-4e8a-afd8-9fdc21cc6511 req-5286ef49-97c2-4e8a-afd8-9fdc21cc6511 ] Request (ServerTagsTestJSON:tearDownClass): 200 PUT http://10.180.1.21:9696/networking/v2.0/routers/d73053db-ba22-4efc-9d87-3a0fcc947d63/remove_router_interface 1.270s
2024-12-11 22:50:57.650 66049 INFO tempest.lib.common.rest_client [req-f02e25f6-bec5-47d3-a9f7-ae58738888f4 req-f02e25f6-bec5-47d3-a9f7-ae58738888f4 ] Request (DeleteServersAdminTestJSON:test_delete_server_while_in_error_state): 200 GET http://10.180.1.21/compute/v2.1/servers/ef41dd29-1270-4071-9e89-20132131de2d 0.195s
2024-12-11 22:50:57.655 66063 INFO tempest.lib.common.rest_client [req-b7c981b4-cc48-43b6-aa21-05fc5b13e270 req-b7c981b4-cc48-43b6-aa21-05fc5b13e270 ] Request (ImagesTestJSON:_run_cleanups): 204 DELETE http://10.180.1.21/compute/v2.1/images/54bf1189-d033-4bcf-8e21-ca87dc7cdba3 0.215s
2024-12-11 22:50:57.681 66081 INFO tempest.lib.common.rest_client [req-7af0ee68-c1db-46c2-af60-d2af52f5f802 req-7af0ee68-c1db-46c2-af60-d2af52f5f802 ] Request (MigrationsAdminTest:test_list_migrations_in_flavor_resize_situation): 201 POST http://10.180.1.21:9696/networking/v2.0/security-group-rules 0.105s
2024-12-11 22:50:57.717 66091 INFO tempest.lib.common.rest_client [req-aef18f15-b871-443a-995a-eabd902a31a0 req-aef18f15-b871-443a-995a-eabd902a31a0 ] Request (ImagesOneServerNegativeTestJSON:setUpClass): 200 GET http://10.180.1.21/compute/v2.1/servers/060427a2-e724-4c51-879e-675154ae5df2 0.201s
2024-12-11 22:50:57.730 66099 INFO tempest.lib.common.rest_client [req-09cfedd3-0180-48fd-87ed-647f57fb4770 req-09cfedd3-0180-48fd-87ed-647f57fb4770 ] Request (ServersAdmin275Test:tearDownClass): 200 GET http://10.180.1.21/compute/v2.1/servers/e81c03f7-9c0e-46bd-9641-aced82038eca 0.203s
2024-12-11 22:50:57.769 66081 INFO tempest.lib.common.rest_client [req-76ec8265-2d2a-41b0-ae94-73217f5fa32f req-76ec8265-2d2a-41b0-ae94-73217f5fa32f ] Request (MigrationsAdminTest:test_list_migrations_in_flavor_resize_situation): 201 POST http://10.180.1.21:9696/networking/v2.0/security-group-rules 0.087s
2024-12-11 22:50:57.786 66101 INFO tempest.lib.common.rest_client [req-dc5b57ca-0956-4c40-b9df-b6556c75762e req-dc5b57ca-0956-4c40-b9df-b6556c75762e ] Request (VolumesAdminNegativeTest:test_update_attached_volume_with_nonexistent_volume_in_body): 200 GET http://10.180.1.21/compute/v2.1/servers/cef20063-96f0-46cc-9f7d-4436b60216c6 0.202s
2024-12-11 22:50:57.802 66103 INFO tempest.lib.common.rest_client [req-fa32f7b7-3766-48d3-9bdc-d310f32398ed req-fa32f7b7-3766-48d3-9bdc-d310f32398ed ] Request (ServersAdminNegativeTestJSON:tearDownClass): 204 DELETE http://10.180.1.21/compute/v2.1/servers/94c9a119-5c04-4550-b55d-a4a2985385d3 0.255s
2024-12-11 22:50:57.864 66055 INFO tempest.lib.common.rest_client [req-0e622287-5723-4a1a-a3fe-96e414c3de3f req-0e622287-5723-4a1a-a3fe-96e414c3de3f ] Request (ServersListShow296Test:test_list_show_server_296): 200 GET http://10.180.1.21/compute/v2.1/servers/5232c3cc-29eb-43e0-91e3-763b778c3183 0.276s
2024-12-11 22:50:57.866 66053 INFO tempest.lib.common.rest_client [req-d8afe309-bbe9-4c33-8f70-7cf244c36d89 req-d8afe309-bbe9-4c33-8f70-7cf244c36d89 ] Request (ServersTestMultiNic:_run_cleanups): 200 GET http://10.180.1.21/compute/v2.1/servers/6be4f813-7171-4515-a728-5cf34665205a 0.268s
2024-12-11 22:50:57.929 66085 INFO tempest.lib.common.rest_client [req-b196a20b-9a56-4dda-8e1e-52b2ca9a76cc req-b196a20b-9a56-4dda-8e1e-52b2ca9a76cc ] Request (ServerShowV247Test:test_update_rebuild_list_server): 200 GET http://10.180.1.21/compute/v2.1/servers/a802534f-1766-4ea9-9188-803ef197d775 0.283s
2024-12-11 22:50:57.955 66063 INFO tempest.lib.common.rest_client [req-099cf636-3c5d-4862-87ca-c21add83c222 req-099cf636-3c5d-4862-87ca-c21add83c222 ] Request (ImagesTestJSON:_run_cleanups): 204 DELETE http://10.180.1.21/compute/v2.1/servers/2a41be15-efaf-4e78-a278-2711cb11e98f 0.300s
2024-12-11 22:50:57.992 66061 INFO tempest.lib.common.rest_client [req-669bb92f-68e7-4191-ac2f-58cb1e257440 req-669bb92f-68e7-4191-ac2f-58cb1e257440 ] Request (ServerDiskConfigTestJSON:test_rebuild_server_with_auto_disk_config): 200 GET http://10.180.1.21/compute/v2.1/servers/1f8c1f26-d4c9-4e06-b7a2-1b211ccc0b7c 0.271s
2024-12-11 22:50:58.048 66063 INFO tempest.lib.common.rest_client [req-af01507d-5f25-4ae0-87a4-38e0a1123306 req-af01507d-5f25-4ae0-87a4-38e0a1123306 ] Request (ImagesTestJSON:test_create_server_from_snapshot): 201 POST http://10.180.1.21/identity/v3/auth/tokens 0.083s
2024-12-11 22:50:58.048 66063 INFO tempest.lib.common.fixed_network [-] (ImagesTestJSON:test_create_server_from_snapshot) Found network {'id': '7bc2fa7e-84fd-4916-9af1-aa767e1e38b8', 'name': 'tempest-ImagesTestJSON-1746046422-network', 'tenant_id': '0948c27a2b08413ba82d553452965c9b', 'admin_state_up': True, 'mtu': 8950, 'status': 'ACTIVE', 'subnets': [], 'shared': False, 'project_id': '0948c27a2b08413ba82d553452965c9b', 'port_security_enabled': True, 'router:external': False, 'provider:network_type': 'vlan', 'provider:physical_network': 'default', 'provider:segmentation_id': 197, 'availability_zone_hints': [], 'availability_zones': [], 'ipv4_address_scope': None, 'ipv6_address_scope': None, 'description': '', 'tags': [], 'created_at': '2024-12-11T22:48:20Z', 'updated_at': '2024-12-11T22:48:20Z', 'revision_number': 1} available for tenant
2024-12-11 22:50:58.065 66069 INFO tempest.lib.common.rest_client [req-cc0eefd7-560b-4fa0-9c66-8dc2a2da0470 req-cc0eefd7-560b-4fa0-9c66-8dc2a2da0470 ] Request (FloatingIPsAssociationNegativeTestJSON:tearDownClass): 200 GET http://10.180.1.21/compute/v2.1/servers/7c058337-1684-4553-8e96-dd2cd1814a15 0.257s
2024-12-11 22:50:58.078 66077 WARNING tempest.lib.common.ssh [-] Failed to establish authenticated ssh connection to cirros@10.180.180.192 ([Errno None] Unable to connect to port 22 on 10.180.180.192). Number attempts: 3. Retry after 4 seconds.: paramiko.ssh_exception.NoValidConnectionsError: [Errno None] Unable to connect to port 22 on 10.180.180.192
2024-12-11 22:50:58.108 66103 INFO tempest.lib.common.rest_client [req-fb4a22ba-dad7-4b14-91b9-5d8359c0ca2a req-fb4a22ba-dad7-4b14-91b9-5d8359c0ca2a ] Request (ServersAdminNegativeTestJSON:tearDownClass): 200 GET http://10.180.1.21/compute/v2.1/servers/94c9a119-5c04-4550-b55d-a4a2985385d3 0.305s
2024-12-11 22:50:58.131 66093 INFO tempest.lib.common.rest_client [req-7618092e-ae6f-4444-ae77-53d639c3168f req-7618092e-ae6f-4444-ae77-53d639c3168f ] Request (ServersTestJSON:test_create_server_specify_multibyte_character_name): 200 GET http://10.180.1.21/compute/v2.1/servers/e32cb991-a018-4b55-8cdf-378e212c8434 0.273s
2024-12-11 22:50:58.211 66106 INFO tempest.lib.common.rest_client [req-567c9eef-74da-4816-a205-8cffea6c465e req-567c9eef-74da-4816-a205-8cffea6c465e ] Request (ServerActionsTestOtherB:setUpClass): 200 GET http://10.180.1.21/compute/v2.1/servers/da806d3f-79f0-4188-a2d8-0beeb9dfec1a 0.316s
2024-12-11 22:50:58.222 66081 INFO tempest.lib.common.rest_client [req-719e2611-9932-4202-80ad-ff2e912b6741 req-719e2611-9932-4202-80ad-ff2e912b6741 ] Request (MigrationsAdminTest:test_list_migrations_in_flavor_resize_situation): 201 POST http://10.180.1.21:9696/networking/v2.0/floatingips 0.452s
2024-12-11 22:50:58.257 66071 INFO tempest.lib.common.rest_client [req-99ab0cb3-5fc2-4179-87e1-f19d44345363 req-99ab0cb3-5fc2-4179-87e1-f19d44345363 ] Request (ServerTagsTestJSON:tearDownClass): 204 DELETE http://10.180.1.21:9696/networking/v2.0/routers/d73053db-ba22-4efc-9d87-3a0fcc947d63 0.608s
2024-12-11 22:50:58.281 66051 INFO tempest.lib.common.rest_client [req-cdf6a2e5-5676-41ec-8b1c-6a7681c71a83 req-cdf6a2e5-5676-41ec-8b1c-6a7681c71a83 ] Request (ListServersNegativeTestJSON:tearDownClass): 200 GET http://10.180.1.21/compute/v2.1/servers/e9ca5148-f188-4a15-83ae-8f3d730b0dab 0.363s
2024-12-11 22:50:58.328 66055 INFO tempest.lib.common.rest_client [req-651e9a4e-73e8-4816-8d9f-135cbec78ecb req-651e9a4e-73e8-4816-8d9f-135cbec78ecb ] Request (ServersListShow296Test:tearDownClass): 204 DELETE http://10.180.1.21/compute/v2.1/servers/5232c3cc-29eb-43e0-91e3-763b778c3183 0.449s
2024-12-11 22:50:58.331 66043 INFO tempest.lib.common.rest_client [req-b0e613bf-042e-41c6-83f3-22295b604244 req-b0e613bf-042e-41c6-83f3-22295b604244 ] Request (ServerGroupTestJSON:test_create_server_with_scheduler_hint_group): 200 GET http://10.180.1.21/compute/v2.1/servers/39adf15c-f77e-4737-aeeb-258887007b9a 0.382s
2024-12-11 22:50:58.396 66071 INFO tempest.lib.common.rest_client [req-be45e4dc-eab4-4169-8df4-03a145f25b2f req-be45e4dc-eab4-4169-8df4-03a145f25b2f ] Request (ServerTagsTestJSON:tearDownClass): 204 DELETE http://10.180.1.21:9696/networking/v2.0/subnets/f6a66cc2-dd6e-4fd2-9d0f-3ff9cbfe4ea6 0.137s
2024-12-11 22:50:58.413 66089 INFO tempest.lib.common.rest_client [req-d8e8fca3-43a5-4199-b57c-43f8a4f86ece req-d8e8fca3-43a5-4199-b57c-43f8a4f86ece ] Request (ServersAdminTestJSON:test_inject_network_info): 200 GET http://10.180.1.21/compute/v2.1/servers/cd8b8828-79cf-4a7c-b018-b8bd745aaa45 0.404s
2024-12-11 22:50:58.427 66081 INFO tempest.lib.common.rest_client [req-17e65e91-3d4f-4bed-8c61-1cde0b0c407c req-17e65e91-3d4f-4bed-8c61-1cde0b0c407c ] Request (MigrationsAdminTest:test_list_migrations_in_flavor_resize_situation): 200 GET http://10.180.1.21/compute/v2.1/os-migrations 0.205s
2024-12-11 22:50:58.639 66098 INFO tempest.lib.common.rest_client [req-0473a956-ee6d-43c2-a342-ecd4ba6f1e2e req-0473a956-ee6d-43c2-a342-ecd4ba6f1e2e ] Request (SecurityGroupsTestJSON:test_list_security_groups_by_server): 200 GET http://10.180.1.21/compute/v2.1/servers/9014ef05-64d1-4bd6-9f2e-db58003b6520 0.407s
2024-12-11 22:50:58.680 66071 INFO tempest.lib.common.rest_client [req-63f3e334-0914-4bea-b354-1a8b3affd13b req-63f3e334-0914-4bea-b354-1a8b3affd13b ] Request (ServerTagsTestJSON:tearDownClass): 204 DELETE http://10.180.1.21:9696/networking/v2.0/networks/3d039fbc-9217-49ca-9b7a-60e61ebc5fc7 0.283s
2024-12-11 22:50:58.804 66071 INFO tempest.lib.common.rest_client [req-e4f8f65b-a41a-4c30-9e74-c6a16ec0e610 req-e4f8f65b-a41a-4c30-9e74-c6a16ec0e610 ] Request (ServerTagsTestJSON:tearDownClass): 204 DELETE http://10.180.1.21/identity/v3/users/4d22fdab903748ea951f8a5527b05517 0.123s
2024-12-11 22:50:58.804 66071 INFO tempest.lib.common.dynamic_creds [-] Deleting project and security group for project: 9095d12e90a24ba9ad1f6d6d16283a3e
2024-12-11 22:50:58.806 66045 INFO tempest.lib.common.rest_client [req-f7460bc9-392e-46d6-8a2a-d823a2d00d68 req-f7460bc9-392e-46d6-8a2a-d823a2d00d68 ] Request (ServersTestManualDisk:setUpClass): 200 GET http://10.180.1.21/compute/v2.1/servers/40eeb844-7423-4818-8095-81062c7e6392 0.486s
2024-12-11 22:50:58.833 66055 INFO tempest.lib.common.rest_client [req-87e07541-aa60-4782-8883-70c6e1e3550a req-87e07541-aa60-4782-8883-70c6e1e3550a ] Request (ServersListShow296Test:tearDownClass): 404 GET http://10.180.1.21/compute/v2.1/servers/5232c3cc-29eb-43e0-91e3-763b778c3183 0.504s
2024-12-11 22:50:58.836 66071 INFO tempest.lib.common.rest_client [req-70b6bd82-4108-46dc-be3a-48e468987997 req-70b6bd82-4108-46dc-be3a-48e468987997 ] Request (ServerTagsTestJSON:tearDownClass): 200 GET http://10.180.1.21:9696/networking/v2.0/security-groups?tenant_id=9095d12e90a24ba9ad1f6d6d16283a3e&name=default 0.031s
2024-12-11 22:50:58.862 66063 INFO tempest.lib.common.rest_client [req-a05d2844-830f-42e5-95b9-97f667fe193d req-a05d2844-830f-42e5-95b9-97f667fe193d ] Request (ImagesTestJSON:test_create_server_from_snapshot): 202 POST http://10.180.1.21/compute/v2.1/servers 0.813s
2024-12-11 22:50:58.878 66081 INFO tempest.lib.common.rest_client [req-48a68964-1a59-4e82-a977-a688aee9a896 req-48a68964-1a59-4e82-a977-a688aee9a896 ] Request (MigrationsAdminTest:test_resize_server_revert_deleted_flavor): 200 GET http://10.180.1.21/compute/v2.1/flavors/42 0.446s
