2024-12-11 22:51:40.396 66043 INFO tempest.lib.common.rest_client [req-4ef53653-1021-4ff5-a3cf-062a630a9d27 req-4ef53653-1021-4ff5-a3cf-062a630a9d27 ] Request (ServerGroupTestJSON:test_create_server_with_scheduler_hint_group): 200 GET http://10.180.1.21/compute/v2.1/servers/39adf15c-f77e-4737-aeeb-258887007b9a 0.212s
2024-12-11 22:51:40.430 66081 INFO tempest.lib.common.rest_client [req-50547618-dc19-434c-8f88-7066533c4f50 req-50547618-dc19-434c-8f88-7066533c4f50 ] Request (MigrationsAdminTest:test_resize_server_revert_deleted_flavor): 200 GET http://10.180.1.21/compute/v2.1/servers/dd8c5b0d-a7da-43e3-bab4-a369eaadcfe5 0.233s
2024-12-11 22:51:40.485 66091 INFO tempest.lib.common.rest_client [req-4ea865fd-9bd1-4155-9ab6-6630171d79ab req-4ea865fd-9bd1-4155-9ab6-6630171d79ab ] Request (ImagesOneServerNegativeTestJSON:_run_cleanups): 200 GET http://10.180.1.21/compute/v2.1/servers/060427a2-e724-4c51-879e-675154ae5df2 0.243s
2024-12-11 22:51:40.502 66085 INFO tempest.lib.common.rest_client [req-78020be2-d04a-41ed-916e-fd26c1a872ee req-78020be2-d04a-41ed-916e-fd26c1a872ee ] Request (ServerShowV247Test:test_update_rebuild_list_server): 200 GET http://10.180.1.21/compute/v2.1/servers/a802534f-1766-4ea9-9188-803ef197d775 0.242s
2024-12-11 22:51:40.554 66095 INFO tempest.lib.common.rest_client [req-5d3988c1-deb6-41ac-9ff5-c64618d55100 req-5d3988c1-deb6-41ac-9ff5-c64618d55100 ] Request (ServersNegativeTestJSON:setUpClass): 201 POST http://10.180.1.21:9696/networking/v2.0/networks 0.556s
2024-12-11 22:51:40.566 66061 INFO tempest.lib.common.rest_client [req-85b6006a-6ea6-4283-ad09-03c25896aa33 req-85b6006a-6ea6-4283-ad09-03c25896aa33 ] Request (ServerDiskConfigTestJSON:test_rebuild_server_with_manual_disk_config): 200 GET http://10.180.1.21/compute/v2.1/servers/ae37cae9-c82e-4775-8a8f-6bbf9108b0bd 0.051s
2024-12-11 22:51:40.670 66087 INFO tempest.lib.common.rest_client [req-ab15c499-7c59-47eb-b80f-90ff055a7187 req-ab15c499-7c59-47eb-b80f-90ff055a7187 ] Request (ListImageFiltersTestJSON:tearDownClass): 200 GET http://10.180.1.21/compute/v2.1/servers/80363e16-5dd2-42ad-9ead-25b121d62211 0.080s
2024-12-11 22:51:40.735 66053 INFO tempest.lib.common.rest_client [req-916d017d-7af1-46bb-ae7d-b33bb7465445 req-916d017d-7af1-46bb-ae7d-b33bb7465445 ] Request (ServersTestMultiNic:test_verify_multiple_nics_order): 200 GET http://10.180.1.21/compute/v2.1/servers/1f86b805-0fde-4bda-9a94-d440a670e23c 0.081s
2024-12-11 22:51:40.757 66075 WARNING tempest.lib.common.ssh [-] Failed to establish authenticated ssh connection to cirros@10.180.180.170 ([Errno None] Unable to connect to port 22 on 10.180.180.170). Number attempts: 11. Retry after 12 seconds.: paramiko.ssh_exception.NoValidConnectionsError: [Errno None] Unable to connect to port 22 on 10.180.180.170
2024-12-11 22:51:40.765 66095 INFO tempest.lib.common.rest_client [req-b76ef23f-bf61-4e4a-abc0-0d0660e47ac5 req-b76ef23f-bf61-4e4a-abc0-0d0660e47ac5 ] Request (ServersNegativeTestJSON:setUpClass): 201 POST http://10.180.1.21:9696/networking/v2.0/subnets 0.210s
2024-12-11 22:51:41.144 66069 INFO tempest.lib.common.rest_client [req-947daade-1dee-4b7e-82d5-326507293a2c req-947daade-1dee-4b7e-82d5-326507293a2c ] Request (ServersTestBootFromVolume:setUpClass): 200 GET http://10.180.1.21/compute/v2.1/servers/b1c3c213-599d-4cab-8224-d87467d774c9 0.146s
2024-12-11 22:51:41.227 66077 INFO tempest.lib.common.rest_client [req-9202ab64-f13b-46e9-8227-dce607db0569 req-9202ab64-f13b-46e9-8227-dce607db0569 ] Request (ServersTestJSON:tearDownClass): 200 GET http://10.180.1.21/compute/v2.1/servers/d4230edc-cfda-4b9f-ab42-2f39c699ff03 0.221s
2024-12-11 22:51:41.266 66089 INFO tempest.lib.common.rest_client [req-4038abc5-f8eb-4dd2-8af8-bfd0102c3521 req-4038abc5-f8eb-4dd2-8af8-bfd0102c3521 ] Request (ServersAdminTestJSON:test_inject_network_info): 200 GET http://10.180.1.21/compute/v2.1/servers/cd8b8828-79cf-4a7c-b018-b8bd745aaa45 0.314s
2024-12-11 22:51:41.288 66051 INFO tempest.lib.common.rest_client [req-c4c654d3-d0fd-4bc6-9803-4648e4d43918 req-c4c654d3-d0fd-4bc6-9803-4648e4d43918 ] Request (ServerPasswordTestJSON:setUpClass): 200 GET http://10.180.1.21/compute/v2.1/servers/79dfeb2b-06d0-45f1-b97e-10fa4f00d282 0.209s
2024-12-11 22:51:41.341 66098 INFO tempest.lib.common.rest_client [req-1b0b62c6-2379-481c-8bbb-5bc61486a14f req-1b0b62c6-2379-481c-8bbb-5bc61486a14f ] Request (SecurityGroupsTestJSON:test_server_security_groups): 200 GET http://10.180.1.21/compute/v2.1/servers/0272ca2a-e9ff-4af5-8120-278a82d74627 0.258s
2024-12-11 22:51:41.359 66103 INFO tempest.lib.common.rest_client [req-e641caf8-3f02-46be-ad5b-2ff2dadb0d50 req-e641caf8-3f02-46be-ad5b-2ff2dadb0d50 ] Request (ServersAdminNegativeTestJSON:tearDownClass): 200 GET http://10.180.1.21/compute/v2.1/servers/4ee81568-ad9a-4ded-b6fe-15503d85968e 0.188s
2024-12-11 22:51:41.416 66063 INFO tempest.lib.common.rest_client [req-a44883ce-304b-40c3-8d64-7cad567d2fb2 req-a44883ce-304b-40c3-8d64-7cad567d2fb2 ] Request (ImagesTestJSON:test_create_server_from_snapshot): 200 GET http://10.180.1.21/compute/v2.1/servers/eca829be-d425-4668-9ebd-1247c5ff19d0 0.138s
2024-12-11 22:51:41.492 66049 INFO tempest.lib.common.rest_client [req-ccc9638d-9f84-4fc9-a871-ec2ed567d128 req-ccc9638d-9f84-4fc9-a871-ec2ed567d128 ] Request (ServerExternalEventsTest:test_create_server_external_events): 200 GET http://10.180.1.21/compute/v2.1/servers/fab3d689-9e30-4afd-b0cc-49c6d2870c50 0.144s
2024-12-11 22:51:41.563 66093 INFO tempest.lib.common.rest_client [req-8edafaaf-9c92-442a-8eea-f7c889aa4bea req-8edafaaf-9c92-442a-8eea-f7c889aa4bea ] Request (ServersTestJSON:test_create_server_with_ipv6_addr_only): 200 GET http://10.180.1.21/compute/v2.1/servers/0a80942c-eb86-480b-ab7b-33112dd90d28 0.197s
2024-12-11 22:51:41.650 66043 INFO tempest.lib.common.rest_client [req-8a43af1b-26af-4e0b-91f2-08b5b741609b req-8a43af1b-26af-4e0b-91f2-08b5b741609b ] Request (ServerGroupTestJSON:test_create_server_with_scheduler_hint_group): 200 GET http://10.180.1.21/compute/v2.1/servers/39adf15c-f77e-4737-aeeb-258887007b9a 0.243s
2024-12-11 22:51:41.668 66047 INFO tempest.lib.common.rest_client [req-670b9aee-8442-428d-8a5e-cb8a424a5eeb req-670b9aee-8442-428d-8a5e-cb8a424a5eeb ] Request (MultipleCreateTestJSON:test_multiple_create): 200 GET http://10.180.1.21/compute/v2.1/servers/78c7a111-d497-4114-b4f4-07319e6e7df2 0.370s
2024-12-11 22:51:41.712 66081 INFO tempest.lib.common.rest_client [req-d7af1cbd-4ea4-4cf8-a629-7279ec8df042 req-d7af1cbd-4ea4-4cf8-a629-7279ec8df042 ] Request (MigrationsAdminTest:test_resize_server_revert_deleted_flavor): 200 GET http://10.180.1.21/compute/v2.1/servers/dd8c5b0d-a7da-43e3-bab4-a369eaadcfe5 0.274s
2024-12-11 22:51:41.737 66091 INFO tempest.lib.common.rest_client [req-75cf1fee-8995-4c90-a562-e5655ddc4f4c req-75cf1fee-8995-4c90-a562-e5655ddc4f4c ] Request (ImagesOneServerNegativeTestJSON:_run_cleanups): 200 GET http://10.180.1.21/compute/v2.1/servers/060427a2-e724-4c51-879e-675154ae5df2 0.244s
2024-12-11 22:51:41.777 66085 INFO tempest.lib.common.rest_client [req-c861ec0b-d83f-411d-b52d-0ecfb472e717 req-c861ec0b-d83f-411d-b52d-0ecfb472e717 ] Request (ServerShowV247Test:test_update_rebuild_list_server): 200 GET http://10.180.1.21/compute/v2.1/servers/a802534f-1766-4ea9-9188-803ef197d775 0.263s
2024-12-11 22:51:41.805 66061 INFO tempest.lib.common.rest_client [req-40e8c3de-dbf4-4e52-b40e-ecb6104df43b req-40e8c3de-dbf4-4e52-b40e-ecb6104df43b ] Request (ServerDiskConfigTestJSON:test_rebuild_server_with_manual_disk_config): 200 GET http://10.180.1.21/compute/v2.1/servers/ae37cae9-c82e-4775-8a8f-6bbf9108b0bd 0.231s
2024-12-11 22:51:41.840 66087 INFO tempest.lib.common.rest_client [req-cac1647f-29ce-4f6a-84d1-cb959e81e7c4 req-cac1647f-29ce-4f6a-84d1-cb959e81e7c4 ] Request (ListImageFiltersTestJSON:tearDownClass): 200 GET http://10.180.1.21/compute/v2.1/servers/80363e16-5dd2-42ad-9ead-25b121d62211 0.162s
2024-12-11 22:51:41.859 66053 INFO tempest.lib.common.rest_client [req-889f0f53-ca8f-4629-9c90-4542a1142e3f req-889f0f53-ca8f-4629-9c90-4542a1142e3f ] Request (ServersTestMultiNic:test_verify_multiple_nics_order): 200 GET http://10.180.1.21/compute/v2.1/servers/1f86b805-0fde-4bda-9a94-d440a670e23c 0.116s
2024-12-11 22:51:42.071 66095 INFO tempest.lib.common.rest_client [req-0088bd14-a05e-436e-aa43-7c4f46bc9874 req-0088bd14-a05e-436e-aa43-7c4f46bc9874 ] Request (ServersNegativeTestJSON:setUpClass): 201 POST http://10.180.1.21:9696/networking/v2.0/routers 1.306s
2024-12-11 22:51:42.207 66069 INFO tempest.lib.common.rest_client [req-1f6d6437-cd4d-435d-9ea2-00f36762f291 req-1f6d6437-cd4d-435d-9ea2-00f36762f291 ] Request (ServersTestBootFromVolume:setUpClass): 200 GET http://10.180.1.21/compute/v2.1/servers/b1c3c213-599d-4cab-8224-d87467d774c9 0.053s
2024-12-11 22:51:42.298 66077 INFO tempest.lib.common.rest_client [req-9220c3a8-e05d-44cf-9eb9-23f6d28f839f req-9220c3a8-e05d-44cf-9eb9-23f6d28f839f ] Request (ServersTestJSON:tearDownClass): 200 GET http://10.180.1.21/compute/v2.1/servers/d4230edc-cfda-4b9f-ab42-2f39c699ff03 0.064s
2024-12-11 22:51:42.357 66051 INFO tempest.lib.common.rest_client [req-af7de6f4-7f7d-48ea-9ae6-8b7f0bf07a4d req-af7de6f4-7f7d-48ea-9ae6-8b7f0bf07a4d ] Request (ServerPasswordTestJSON:setUpClass): 200 GET http://10.180.1.21/compute/v2.1/servers/79dfeb2b-06d0-45f1-b97e-10fa4f00d282 0.056s
2024-12-11 22:51:42.406 66098 INFO tempest.lib.common.rest_client [req-2809ab1b-0e62-4eaf-ab86-de2258e02dc9 req-2809ab1b-0e62-4eaf-ab86-de2258e02dc9 ] Request (SecurityGroupsTestJSON:test_server_security_groups): 200 GET http://10.180.1.21/compute/v2.1/servers/0272ca2a-e9ff-4af5-8120-278a82d74627 0.059s
2024-12-11 22:51:42.427 66089 INFO tempest.lib.common.rest_client [req-be1c4385-c346-4f55-8aa8-7f50258c8f51 req-be1c4385-c346-4f55-8aa8-7f50258c8f51 ] Request (ServersAdminTestJSON:test_inject_network_info): 200 GET http://10.180.1.21/compute/v2.1/servers/cd8b8828-79cf-4a7c-b018-b8bd745aaa45 0.153s
2024-12-11 22:51:42.470 66103 INFO tempest.lib.common.rest_client [req-fa183a40-63e9-4751-b97c-6c5218d9dbe6 req-fa183a40-63e9-4751-b97c-6c5218d9dbe6 ] Request (ServersAdminNegativeTestJSON:tearDownClass): 200 GET http://10.180.1.21/compute/v2.1/servers/4ee81568-ad9a-4ded-b6fe-15503d85968e 0.103s
2024-12-11 22:51:42.493 66063 INFO tempest.lib.common.rest_client [req-5a655954-e31a-4698-99f7-a161d95146b6 req-5a655954-e31a-4698-99f7-a161d95146b6 ] Request (ImagesTestJSON:test_create_server_from_snapshot): 200 GET http://10.180.1.21/compute/v2.1/servers/eca829be-d425-4668-9ebd-1247c5ff19d0 0.067s
2024-12-11 22:51:42.558 66049 INFO tempest.lib.common.rest_client [req-25c5553a-e37b-41dd-905d-ac040ecef97f req-25c5553a-e37b-41dd-905d-ac040ecef97f ] Request (ServerExternalEventsTest:test_create_server_external_events): 200 GET http://10.180.1.21/compute/v2.1/servers/fab3d689-9e30-4afd-b0cc-49c6d2870c50 0.055s
2024-12-11 22:51:42.608 66045 INFO paramiko.transport [-] Connected (version 2.0, client dropbear_2020.81)
2024-12-11 22:51:42.637 66093 INFO tempest.lib.common.rest_client [req-a689991e-203c-4937-a6a1-70c9d29a2a9d req-a689991e-203c-4937-a6a1-70c9d29a2a9d ] Request (ServersTestJSON:test_create_server_with_ipv6_addr_only): 200 GET http://10.180.1.21/compute/v2.1/servers/0a80942c-eb86-480b-ab7b-33112dd90d28 0.065s
2024-12-11 22:51:42.669 66045 INFO paramiko.transport [-] Authentication (publickey) successful!
2024-12-11 22:51:42.670 66045 INFO tempest.lib.common.ssh [-] ssh connection to cirros@10.180.180.207 successfully created
2024-12-11 22:51:42.719 66043 INFO tempest.lib.common.rest_client [req-45c17bb9-4e2d-44fd-a574-7c363f5d7698 req-45c17bb9-4e2d-44fd-a574-7c363f5d7698 ] Request (ServerGroupTestJSON:test_create_server_with_scheduler_hint_group): 200 GET http://10.180.1.21/compute/v2.1/servers/39adf15c-f77e-4737-aeeb-258887007b9a 0.059s
2024-12-11 22:51:42.772 66045 INFO tempest.lib.common.rest_client [req-4e9e81f5-090c-496b-bbc8-16f493c75f0a req-4e9e81f5-090c-496b-bbc8-16f493c75f0a ] Request (ServersTestManualDisk:test_list_servers): 200 GET http://10.180.1.21/compute/v2.1/servers 0.094s
2024-12-11 22:51:42.816 66047 INFO tempest.lib.common.rest_client [req-2da01a46-20d2-4cd2-8792-23d50aadbf9e req-2da01a46-20d2-4cd2-8792-23d50aadbf9e ] Request (MultipleCreateTestJSON:test_multiple_create): 200 GET http://10.180.1.21/compute/v2.1/servers/78c7a111-d497-4114-b4f4-07319e6e7df2 0.140s
2024-12-11 22:51:42.827 66081 INFO tempest.lib.common.rest_client [req-2aacdbb1-4344-4109-8c04-359da770d744 req-2aacdbb1-4344-4109-8c04-359da770d744 ] Request (MigrationsAdminTest:test_resize_server_revert_deleted_flavor): 200 GET http://10.180.1.21/compute/v2.1/servers/dd8c5b0d-a7da-43e3-bab4-a369eaadcfe5 0.107s
2024-12-11 22:51:42.876 66091 INFO tempest.lib.common.rest_client [req-991eefea-b949-455d-9916-69484de0fb02 req-991eefea-b949-455d-9916-69484de0fb02 ] Request (ImagesOneServerNegativeTestJSON:_run_cleanups): 200 GET http://10.180.1.21/compute/v2.1/servers/060427a2-e724-4c51-879e-675154ae5df2 0.132s
2024-12-11 22:51:42.927 66085 INFO tempest.lib.common.rest_client [req-ea9bcdd9-983b-48d9-91eb-68603ba650bd req-ea9bcdd9-983b-48d9-91eb-68603ba650bd ] Request (ServerShowV247Test:test_update_rebuild_list_server): 200 GET http://10.180.1.21/compute/v2.1/servers/a802534f-1766-4ea9-9188-803ef197d775 0.137s
2024-12-11 22:51:42.986 66061 INFO tempest.lib.common.rest_client [req-bd955e34-3ab0-45a2-933e-1718bf526c9b req-bd955e34-3ab0-45a2-933e-1718bf526c9b ] Request (ServerDiskConfigTestJSON:test_rebuild_server_with_manual_disk_config): 200 GET http://10.180.1.21/compute/v2.1/servers/ae37cae9-c82e-4775-8a8f-6bbf9108b0bd 0.173s
2024-12-11 22:51:43.058 66087 INFO tempest.lib.common.rest_client [req-4e99cd1e-1301-4341-b0a8-50ccceea9ea3 req-4e99cd1e-1301-4341-b0a8-50ccceea9ea3 ] Request (ListImageFiltersTestJSON:tearDownClass): 200 GET http://10.180.1.21/compute/v2.1/servers/80363e16-5dd2-42ad-9ead-25b121d62211 0.210s
2024-12-11 22:51:43.072 66045 INFO tempest.lib.common.rest_client [req-1fb88999-539a-49a1-9fc0-111950d6b579 req-1fb88999-539a-49a1-9fc0-111950d6b579 ] Request (ServersTestManualDisk:test_list_servers_with_detail): 200 GET http://10.180.1.21/compute/v2.1/servers/detail 0.296s
2024-12-11 22:51:43.111 66045 INFO tempest.lib.common.rest_client [req-0196b259-c31f-47c7-a379-fd5bf3a504db req-0196b259-c31f-47c7-a379-fd5bf3a504db ] Request (ServersTestManualDisk:test_verify_created_server_vcpus): 200 GET http://10.180.1.21/compute/v2.1/flavors/42 0.022s
2024-12-11 22:51:43.115 66045 INFO tempest.lib.common.ssh [-] Creating ssh connection to '10.180.180.207:22' as 'cirros' with public key authentication
2024-12-11 22:51:43.118 66053 INFO tempest.lib.common.rest_client [req-bf8ce254-2fed-41ca-9b4b-7ff83e4e18a0 req-bf8ce254-2fed-41ca-9b4b-7ff83e4e18a0 ] Request (ServersTestMultiNic:test_verify_multiple_nics_order): 200 GET http://10.180.1.21/compute/v2.1/servers/1f86b805-0fde-4bda-9a94-d440a670e23c 0.252s
2024-12-11 22:51:43.119 66045 INFO paramiko.transport [-] Connected (version 2.0, client dropbear_2020.81)
2024-12-11 22:51:43.180 66045 INFO paramiko.transport [-] Authentication (publickey) successful!
2024-12-11 22:51:43.181 66045 INFO tempest.lib.common.ssh [-] ssh connection to cirros@10.180.180.207 successfully created
2024-12-11 22:51:43.203 66095 INFO tempest.lib.common.rest_client [req-28f67e42-aa15-486b-b114-c3043dee6201 req-28f67e42-aa15-486b-b114-c3043dee6201 ] Request (ServersNegativeTestJSON:setUpClass): 200 PUT http://10.180.1.21:9696/networking/v2.0/routers/f97d3d5e-4f36-4858-b1c4-85989e6260c4/add_router_interface 1.131s
2024-12-11 22:51:43.204 66095 INFO tempest.lib.common.dynamic_creds [-] Created isolated network resources for: credentials: Credentials: {'domain_id': 'default', 'domain_name': 'Default', 'username': 'tempest-ServersNegativeTestJSON-1288164526-project-member', 'project_domain_id': 'default', 'project_domain_name': 'Default', 'project_id': 'bf557954d79d4bb1939f6e65d4ed00b5', 'project_name': 'tempest-ServersNegativeTestJSON-1288164526', 'tenant_id': 'bf557954d79d4bb1939f6e65d4ed00b5', 'tenant_name': 'tempest-ServersNegativeTestJSON-1288164526', 'user_domain_id': 'default', 'user_domain_name': 'Default', 'user_id': 'c6beb0577d52454a82262ea46ab3e796', 'system': None}, Network: {'id': '7e652693-afc0-4c29-9a04-cad63acf109b', 'name': 'tempest-ServersNegativeTestJSON-107922130-network', 'tenant_id': 'bf557954d79d4bb1939f6e65d4ed00b5', 'admin_state_up': True, 'mtu': 8950, 'status': 'ACTIVE', 'subnets': [], 'shared': False, 'project_id': 'bf557954d79d4bb1939f6e65d4ed00b5', 'port_security_enabled': True, 'router:external': False, 'provider:network_type': 'vlan', 'provider:physical_network': 'default', 'provider:segmentation_id': 766, 'availability_zone_hints': [], 'availability_zones': [], 'ipv4_address_scope': None, 'ipv6_address_scope': None, 'description': '', 'tags': [], 'created_at': '2024-12-11T22:51:40Z', 'updated_at': '2024-12-11T22:51:40Z', 'revision_number': 1}, Subnet: {'id': '17b27e83-df8f-4f3a-a85c-f5bdc6316279', 'name': 'tempest-ServersNegativeTestJSON-107922130-subnet', 'tenant_id': 'bf557954d79d4bb1939f6e65d4ed00b5', 'network_id': '7e652693-afc0-4c29-9a04-cad63acf109b', 'ip_version': 4, 'subnetpool_id': None, 'enable_dhcp': True, 'ipv6_ra_mode': None, 'ipv6_address_mode': None, 'gateway_ip': '192.168.128.1', 'cidr': '192.168.128.0/28', 'allocation_pools': [{'start': '192.168.128.2', 'end': '192.168.128.14'}], 'host_routes': [], 'dns_nameservers': [], 'description': '', 'router:external': False, 'service_types': [], 'tags': [], 'created_at': '2024-12-11T22:51:40Z', 'updated_at': '2024-12-11T22:51:40Z', 'revision_number': 0, 'project_id': 'bf557954d79d4bb1939f6e65d4ed00b5'}, Router: {'id': 'f97d3d5e-4f36-4858-b1c4-85989e6260c4', 'name': 'tempest-ServersNegativeTestJSON-107922130-router', 'tenant_id': 'bf557954d79d4bb1939f6e65d4ed00b5', 'admin_state_up': True, 'status': 'ACTIVE', 'external_gateway_info': {'network_id': '499ec31e-1a0b-4661-b792-e4d37da37cf4', 'external_fixed_ips': [{'subnet_id': 'e35129c9-4c2b-4253-b287-2a2896c2a093', 'ip_address': '10.180.180.233'}], 'enable_snat': True}, 'description': '', 'availability_zones': [], 'distributed': False, 'ha': False, 'availability_zone_hints': [], 'routes': [], 'flavor_id': None, 'tags': [], 'created_at': '2024-12-11T22:51:40Z', 'updated_at': '2024-12-11T22:51:41Z', 'revision_number': 2, 'project_id': 'bf557954d79d4bb1939f6e65d4ed00b5'}
2024-12-11 22:51:43.267 66069 INFO tempest.lib.common.rest_client [req-d38228df-50ab-4f8a-a465-18bb78d29df9 req-d38228df-50ab-4f8a-a465-18bb78d29df9 ] Request (ServersTestBootFromVolume:setUpClass): 200 GET http://10.180.1.21/compute/v2.1/servers/b1c3c213-599d-4cab-8224-d87467d774c9 0.053s
2024-12-11 22:51:43.273 66045 INFO tempest.lib.common.rest_client [req-a944e78d-cd66-4ad0-811d-3d95afe2a183 req-a944e78d-cd66-4ad0-811d-3d95afe2a183 ] Request (ServersTestManualDisk:tearDownClass): 204 DELETE http://10.180.1.21/compute/v2.1/servers/40eeb844-7423-4818-8095-81062c7e6392 0.085s
2024-12-11 22:51:43.291 66095 INFO tempest.lib.common.rest_client [req-7ed30298-9649-41a7-aeeb-15efb80eb247 req-7ed30298-9649-41a7-aeeb-15efb80eb247 ] Request (ServersNegativeTestJSON:setUpClass): 201 POST http://10.180.1.21/identity/v3/auth/tokens 0.084s
2024-12-11 22:51:43.326 66095 INFO tempest.lib.common.rest_client [req-f66955f9-73b4-4e68-a839-66c23c475971 req-f66955f9-73b4-4e68-a839-66c23c475971 ] Request (ServersNegativeTestJSON:setUpClass): 201 POST http://10.180.1.21/identity/v3/auth/tokens 0.032s
2024-12-11 22:51:43.327 66095 INFO tempest.lib.common.fixed_network [-] (ServersNegativeTestJSON:setUpClass) Found network {'id': '7e652693-afc0-4c29-9a04-cad63acf109b', 'name': 'tempest-ServersNegativeTestJSON-107922130-network', 'tenant_id': 'bf557954d79d4bb1939f6e65d4ed00b5', 'admin_state_up': True, 'mtu': 8950, 'status': 'ACTIVE', 'subnets': [], 'shared': False, 'project_id': 'bf557954d79d4bb1939f6e65d4ed00b5', 'port_security_enabled': True, 'router:external': False, 'provider:network_type': 'vlan', 'provider:physical_network': 'default', 'provider:segmentation_id': 766, 'availability_zone_hints': [], 'availability_zones': [], 'ipv4_address_scope': None, 'ipv6_address_scope': None, 'description': '', 'tags': [], 'created_at': '2024-12-11T22:51:40Z', 'updated_at': '2024-12-11T22:51:40Z', 'revision_number': 1} available for tenant
2024-12-11 22:51:43.348 66101 WARNING tempest.lib.common.ssh [-] Failed to establish authenticated ssh connection to cirros@10.180.180.175 ([Errno None] Unable to connect to port 22 on 10.180.180.175). Number attempts: 6. Retry after 7 seconds.: paramiko.ssh_exception.NoValidConnectionsError: [Errno None] Unable to connect to port 22 on 10.180.180.175
2024-12-11 22:51:43.380 66077 INFO tempest.lib.common.rest_client [req-a9c0562b-b411-4577-b882-0a04921aade6 req-a9c0562b-b411-4577-b882-0a04921aade6 ] Request (ServersTestJSON:tearDownClass): 200 GET http://10.180.1.21/compute/v2.1/servers/d4230edc-cfda-4b9f-ab42-2f39c699ff03 0.070s
2024-12-11 22:51:43.384 66045 INFO tempest.lib.common.rest_client [req-283d0873-8f34-40dd-bfdd-c1904ae34ecd req-283d0873-8f34-40dd-bfdd-c1904ae34ecd ] Request (ServersTestManualDisk:tearDownClass): 200 GET http://10.180.1.21/compute/v2.1/servers/40eeb844-7423-4818-8095-81062c7e6392 0.110s
2024-12-11 22:51:43.433 66051 INFO tempest.lib.common.rest_client [req-15e6de00-b473-4a11-9b05-c79e113ff623 req-15e6de00-b473-4a11-9b05-c79e113ff623 ] Request (ServerPasswordTestJSON:setUpClass): 200 GET http://10.180.1.21/compute/v2.1/servers/79dfeb2b-06d0-45f1-b97e-10fa4f00d282 0.065s
2024-12-11 22:51:43.481 66098 INFO tempest.lib.common.rest_client [req-53eaa7ce-0d67-4ad6-a32b-2a5faacd7537 req-53eaa7ce-0d67-4ad6-a32b-2a5faacd7537 ] Request (SecurityGroupsTestJSON:test_server_security_groups): 200 GET http://10.180.1.21/compute/v2.1/servers/0272ca2a-e9ff-4af5-8120-278a82d74627 0.066s
2024-12-11 22:51:43.593 66079 WARNING tempest.lib.common.ssh [-] Failed to establish authenticated ssh connection to cirros@10.180.180.241 ([Errno None] Unable to connect to port 22 on 10.180.180.241). Number attempts: 13. Retry after 14 seconds.: paramiko.ssh_exception.NoValidConnectionsError: [Errno None] Unable to connect to port 22 on 10.180.180.241
2024-12-11 22:51:43.668 66089 INFO tempest.lib.common.rest_client [req-1db957bd-8c68-4fe7-9fd9-afe76c89e4a8 req-1db957bd-8c68-4fe7-9fd9-afe76c89e4a8 ] Request (ServersAdminTestJSON:test_inject_network_info): 200 GET http://10.180.1.21/compute/v2.1/servers/cd8b8828-79cf-4a7c-b018-b8bd745aaa45 0.234s
2024-12-11 22:51:43.741 66103 INFO tempest.lib.common.rest_client [req-d0391c97-4d95-472f-93e2-cb77cc4d67aa req-d0391c97-4d95-472f-93e2-cb77cc4d67aa ] Request (ServersAdminNegativeTestJSON:tearDownClass): 200 GET http://10.180.1.21/compute/v2.1/servers/4ee81568-ad9a-4ded-b6fe-15503d85968e 0.264s
2024-12-11 22:51:43.795 66063 INFO tempest.lib.common.rest_client [req-4e69bcee-85df-40b0-ab10-c4dfe3de348b req-4e69bcee-85df-40b0-ab10-c4dfe3de348b ] Request (ImagesTestJSON:test_create_server_from_snapshot): 200 GET http://10.180.1.21/compute/v2.1/servers/eca829be-d425-4668-9ebd-1247c5ff19d0 0.295s
2024-12-11 22:51:43.845 66049 INFO tempest.lib.common.rest_client [req-4d0bc1cd-a940-467a-aa8a-1801ba176935 req-4d0bc1cd-a940-467a-aa8a-1801ba176935 ] Request (ServerExternalEventsTest:test_create_server_external_events): 200 GET http://10.180.1.21/compute/v2.1/servers/fab3d689-9e30-4afd-b0cc-49c6d2870c50 0.276s
2024-12-11 22:51:43.863 66095 INFO tempest.lib.common.rest_client [req-cc614837-0f78-4b35-bb77-cc1091485538 req-cc614837-0f78-4b35-bb77-cc1091485538 ] Request (ServersNegativeTestJSON:setUpClass): 202 POST http://10.180.1.21/compute/v2.1/servers 0.536s
2024-12-11 22:51:43.896 66093 INFO tempest.lib.common.rest_client [req-3697ab7c-1620-42d2-8662-f2f883943028 req-3697ab7c-1620-42d2-8662-f2f883943028 ] Request (ServersTestJSON:test_create_server_with_ipv6_addr_only): 200 GET http://10.180.1.21/compute/v2.1/servers/0a80942c-eb86-480b-ab7b-33112dd90d28 0.247s
2024-12-11 22:51:43.920 66043 INFO tempest.lib.common.rest_client [req-28b6ce15-7f2b-4ee9-b63f-9968d28fa2c6 req-28b6ce15-7f2b-4ee9-b63f-9968d28fa2c6 ] Request (ServerGroupTestJSON:test_create_server_with_scheduler_hint_group): 200 GET http://10.180.1.21/compute/v2.1/servers/39adf15c-f77e-4737-aeeb-258887007b9a 0.195s
2024-12-11 22:51:43.927 66043 INFO tempest.common.waiters [-] State transition "BUILD/None" ==> "BUILD/networking" after 75 second wait
2024-12-11 22:51:43.986 66081 INFO tempest.lib.common.rest_client [req-611e1baf-b2f5-49a9-a312-7dbef7152179 req-611e1baf-b2f5-49a9-a312-7dbef7152179 ] Request (MigrationsAdminTest:test_resize_server_revert_deleted_flavor): 200 GET http://10.180.1.21/compute/v2.1/servers/dd8c5b0d-a7da-43e3-bab4-a369eaadcfe5 0.148s
2024-12-11 22:51:44.041 66095 INFO tempest.lib.common.rest_client [req-b79d5f84-3750-4da7-bb03-a97d8d3f91b7 req-b79d5f84-3750-4da7-bb03-a97d8d3f91b7 ] Request (ServersNegativeTestJSON:setUpClass): 200 GET http://10.180.1.21/compute/v2.1/servers/4cd6dafd-4f19-4d0f-8e07-8171a6a71e85 0.176s
2024-12-11 22:51:44.049 66047 INFO tempest.lib.common.rest_client [req-4b63b8de-64e6-457f-9fe2-93f10246e033 req-4b63b8de-64e6-457f-9fe2-93f10246e033 ] Request (MultipleCreateTestJSON:test_multiple_create): 200 GET http://10.180.1.21/compute/v2.1/servers/78c7a111-d497-4114-b4f4-07319e6e7df2 0.224s
2024-12-11 22:51:44.115 66091 INFO tempest.lib.common.rest_client [req-01c96978-72e4-4185-acf5-9056affb1c78 req-01c96978-72e4-4185-acf5-9056affb1c78 ] Request (ImagesOneServerNegativeTestJSON:_run_cleanups): 200 GET http://10.180.1.21/compute/v2.1/servers/060427a2-e724-4c51-879e-675154ae5df2 0.228s
2024-12-11 22:51:44.120 66085 INFO tempest.lib.common.rest_client [req-7a4995e2-187a-40f7-ac36-02d4b6980af4 req-7a4995e2-187a-40f7-ac36-02d4b6980af4 ] Request (ServerShowV247Test:test_update_rebuild_list_server): 200 GET http://10.180.1.21/compute/v2.1/servers/a802534f-1766-4ea9-9188-803ef197d775 0.179s
2024-12-11 22:51:44.191 66061 INFO tempest.lib.common.rest_client [req-9b5a7e69-a82a-4659-b08e-f5b08df3129b req-9b5a7e69-a82a-4659-b08e-f5b08df3129b ] Request (ServerDiskConfigTestJSON:test_rebuild_server_with_manual_disk_config): 200 GET http://10.180.1.21/compute/v2.1/servers/ae37cae9-c82e-4775-8a8f-6bbf9108b0bd 0.197s
2024-12-11 22:51:44.204 66087 INFO tempest.lib.common.rest_client [req-f3165803-f758-4f35-8486-bd4d6e9ea5c1 req-f3165803-f758-4f35-8486-bd4d6e9ea5c1 ] Request (ListImageFiltersTestJSON:tearDownClass): 200 GET http://10.180.1.21/compute/v2.1/servers/80363e16-5dd2-42ad-9ead-25b121d62211 0.138s
2024-12-11 22:51:44.254 66053 INFO tempest.lib.common.rest_client [req-dcbb4a56-a6e9-425e-b31b-1b14a8ad0972 req-dcbb4a56-a6e9-425e-b31b-1b14a8ad0972 ] Request (ServersTestMultiNic:test_verify_multiple_nics_order): 200 GET http://10.180.1.21/compute/v2.1/servers/1f86b805-0fde-4bda-9a94-d440a670e23c 0.128s
2024-12-11 22:51:44.344 66069 INFO tempest.lib.common.rest_client [req-218a86ba-a2e9-4482-ba7e-87354d193101 req-218a86ba-a2e9-4482-ba7e-87354d193101 ] Request (ServersTestBootFromVolume:setUpClass): 200 GET http://10.180.1.21/compute/v2.1/servers/b1c3c213-599d-4cab-8224-d87467d774c9 0.069s
2024-12-11 22:51:44.489 66077 INFO tempest.lib.common.rest_client [req-96287072-6ece-4812-993f-2ed4f4574d89 req-96287072-6ece-4812-993f-2ed4f4574d89 ] Request (ServersTestJSON:tearDownClass): 200 GET http://10.180.1.21/compute/v2.1/servers/d4230edc-cfda-4b9f-ab42-2f39c699ff03 0.100s
2024-12-11 22:51:44.552 66051 INFO tempest.lib.common.rest_client [req-20f734e9-ea24-4a2e-9f6c-8f0ea88d3564 req-20f734e9-ea24-4a2e-9f6c-8f0ea88d3564 ] Request (ServerPasswordTestJSON:setUpClass): 200 GET http://10.180.1.21/compute/v2.1/servers/79dfeb2b-06d0-45f1-b97e-10fa4f00d282 0.111s
2024-12-11 22:51:44.573 66045 INFO tempest.lib.common.rest_client [req-299414f5-efa0-4012-a324-55769278f7f1 req-299414f5-efa0-4012-a324-55769278f7f1 ] Request (ServersTestManualDisk:tearDownClass): 200 GET http://10.180.1.21/compute/v2.1/servers/40eeb844-7423-4818-8095-81062c7e6392 0.180s
2024-12-11 22:51:44.609 66098 INFO tempest.lib.common.rest_client [req-30e6b686-bd50-4fd4-8ba1-883f556a96c2 req-30e6b686-bd50-4fd4-8ba1-883f556a96c2 ] Request (SecurityGroupsTestJSON:test_server_security_groups): 200 GET http://10.180.1.21/compute/v2.1/servers/0272ca2a-e9ff-4af5-8120-278a82d74627 0.116s
2024-12-11 22:51:44.829 66103 INFO tempest.lib.common.rest_client [req-2a7aa531-78c9-43cd-8e00-919554cb6ec6 req-2a7aa531-78c9-43cd-8e00-919554cb6ec6 ] Request (ServersAdminNegativeTestJSON:tearDownClass): 200 GET http://10.180.1.21/compute/v2.1/servers/4ee81568-ad9a-4ded-b6fe-15503d85968e 0.080s
2024-12-11 22:51:44.839 66089 INFO tempest.lib.common.rest_client [req-3b38e2fb-90c4-4662-acd8-073e91d5a85f req-3b38e2fb-90c4-4662-acd8-073e91d5a85f ] Request (ServersAdminTestJSON:test_inject_network_info): 200 GET http://10.180.1.21/compute/v2.1/servers/cd8b8828-79cf-4a7c-b018-b8bd745aaa45 0.160s
2024-12-11 22:51:44.887 66063 INFO tempest.lib.common.rest_client [req-db35be62-1b09-4f90-b45f-63376c5df66f req-db35be62-1b09-4f90-b45f-63376c5df66f ] Request (ImagesTestJSON:test_create_server_from_snapshot): 200 GET http://10.180.1.21/compute/v2.1/servers/eca829be-d425-4668-9ebd-1247c5ff19d0 0.084s
2024-12-11 22:51:44.938 66049 INFO tempest.lib.common.rest_client [req-ae17a89d-c502-42cb-b5fb-b997c71115e9 req-ae17a89d-c502-42cb-b5fb-b997c71115e9 ] Request (ServerExternalEventsTest:test_create_server_external_events): 200 GET http://10.180.1.21/compute/v2.1/servers/fab3d689-9e30-4afd-b0cc-49c6d2870c50 0.084s
2024-12-11 22:51:44.963 66093 INFO tempest.lib.common.rest_client [req-3b794362-775f-43aa-84e7-1d055fb7b229 req-3b794362-775f-43aa-84e7-1d055fb7b229 ] Request (ServersTestJSON:test_create_server_with_ipv6_addr_only): 200 GET http://10.180.1.21/compute/v2.1/servers/0a80942c-eb86-480b-ab7b-33112dd90d28 0.060s
2024-12-11 22:51:45.017 66106 WARNING tempest.lib.common.ssh [-] Failed to establish authenticated ssh connection to cirros@10.180.180.227 ([Errno None] Unable to connect to port 22 on 10.180.180.227). Number attempts: 5. Retry after 6 seconds.: paramiko.ssh_exception.NoValidConnectionsError: [Errno None] Unable to connect to port 22 on 10.180.180.227
2024-12-11 22:51:45.068 66081 INFO tempest.lib.common.rest_client [req-b185f94f-8e47-434b-ae33-a28ee9816ba0 req-b185f94f-8e47-434b-ae33-a28ee9816ba0 ] Request (MigrationsAdminTest:test_resize_server_revert_deleted_flavor): 200 GET http://10.180.1.21/compute/v2.1/servers/dd8c5b0d-a7da-43e3-bab4-a369eaadcfe5 0.064s
2024-12-11 22:51:45.109 66043 INFO tempest.lib.common.rest_client [req-55665b21-47ed-402c-a7bb-abc39bfaacaa req-55665b21-47ed-402c-a7bb-abc39bfaacaa ] Request (ServerGroupTestJSON:test_create_server_with_scheduler_hint_group): 200 GET http://10.180.1.21/compute/v2.1/servers/39adf15c-f77e-4737-aeeb-258887007b9a 0.181s
2024-12-11 22:51:45.115 66043 INFO tempest.common.waiters [-] State transition "BUILD/networking" ==> "BUILD/block_device_mapping" after 77 second wait
2024-12-11 22:51:45.122 66095 INFO tempest.lib.common.rest_client [req-0dda4f68-0839-4530-b7aa-07f2a9d9b863 req-0dda4f68-0839-4530-b7aa-07f2a9d9b863 ] Request (ServersNegativeTestJSON:setUpClass): 200 GET http://10.180.1.21/compute/v2.1/servers/4cd6dafd-4f19-4d0f-8e07-8171a6a71e85 0.072s
2024-12-11 22:51:45.192 66091 INFO tempest.lib.common.rest_client [req-ee30a816-62a6-4d9e-9fe4-4eedc1123f84 req-ee30a816-62a6-4d9e-9fe4-4eedc1123f84 ] Request (ImagesOneServerNegativeTestJSON:_run_cleanups): 200 GET http://10.180.1.21/compute/v2.1/servers/060427a2-e724-4c51-879e-675154ae5df2 0.068s
2024-12-11 22:51:45.223 66047 INFO tempest.lib.common.rest_client [req-ee912454-0dcb-4814-9cd2-5447b6126d33 req-ee912454-0dcb-4814-9cd2-5447b6126d33 ] Request (MultipleCreateTestJSON:test_multiple_create): 200 GET http://10.180.1.21/compute/v2.1/servers/78c7a111-d497-4114-b4f4-07319e6e7df2 0.165s
2024-12-11 22:51:45.248 66085 INFO tempest.lib.common.rest_client [req-9f010cd6-372a-4cf9-ad1c-03fae3194f44 req-9f010cd6-372a-4cf9-ad1c-03fae3194f44 ] Request (ServerShowV247Test:test_update_rebuild_list_server): 200 GET http://10.180.1.21/compute/v2.1/servers/a802534f-1766-4ea9-9188-803ef197d775 0.114s
2024-12-11 22:51:45.257 66085 INFO tempest.common.waiters [-] State transition "REBUILD/rebuild_spawning" ==> "ACTIVE/None" after 13 second wait
2024-12-11 22:51:45.270 66061 INFO tempest.lib.common.rest_client [req-0af6bc00-a0be-45af-a4cb-b32e026697ef req-0af6bc00-a0be-45af-a4cb-b32e026697ef ] Request (ServerDiskConfigTestJSON:test_rebuild_server_with_manual_disk_config): 200 GET http://10.180.1.21/compute/v2.1/servers/ae37cae9-c82e-4775-8a8f-6bbf9108b0bd 0.071s
2024-12-11 22:51:45.300 66087 INFO tempest.lib.common.rest_client [req-12ad81d1-ffc8-4572-a7b7-f49ad5ecf51d req-12ad81d1-ffc8-4572-a7b7-f49ad5ecf51d ] Request (ListImageFiltersTestJSON:tearDownClass): 200 GET http://10.180.1.21/compute/v2.1/servers/80363e16-5dd2-42ad-9ead-25b121d62211 0.083s
2024-12-11 22:51:45.353 66053 INFO tempest.lib.common.rest_client [req-8a9e17e6-f3fa-418e-a9f7-058ca2c2fb6e req-8a9e17e6-f3fa-418e-a9f7-058ca2c2fb6e ] Request (ServersTestMultiNic:test_verify_multiple_nics_order): 200 GET http://10.180.1.21/compute/v2.1/servers/1f86b805-0fde-4bda-9a94-d440a670e23c 0.088s
2024-12-11 22:51:45.413 66069 INFO tempest.lib.common.rest_client [req-aced55d1-e392-420d-a067-dfaaed67e760 req-aced55d1-e392-420d-a067-dfaaed67e760 ] Request (ServersTestBootFromVolume:setUpClass): 200 GET http://10.180.1.21/compute/v2.1/servers/b1c3c213-599d-4cab-8224-d87467d774c9 0.060s
2024-12-11 22:51:45.418 66085 INFO tempest.lib.common.rest_client [req-203c6ffc-e6a0-4377-88ce-048bb93420b1 req-203c6ffc-e6a0-4377-88ce-048bb93420b1 ] Request (ServerShowV247Test:test_update_rebuild_list_server): 200 GET http://10.180.1.21/compute/v2.1/servers/detail 0.160s
2024-12-11 22:51:45.508 66085 INFO tempest.lib.common.rest_client [req-3604c40e-f2d4-4425-a044-ed84c6998f54 req-3604c40e-f2d4-4425-a044-ed84c6998f54 ] Request (ServerShowV247Test:tearDownClass): 204 DELETE http://10.180.1.21/compute/v2.1/servers/a802534f-1766-4ea9-9188-803ef197d775 0.076s
2024-12-11 22:51:45.587 66077 INFO tempest.lib.common.rest_client [req-ff5d544d-0f2a-4629-b565-dd51e63c7d62 req-ff5d544d-0f2a-4629-b565-dd51e63c7d62 ] Request (ServersTestJSON:tearDownClass): 200 GET http://10.180.1.21/compute/v2.1/servers/d4230edc-cfda-4b9f-ab42-2f39c699ff03 0.089s
2024-12-11 22:51:45.589 66085 INFO tempest.lib.common.rest_client [req-50f2c2e8-9201-4e14-a1bc-87ad103af03a req-50f2c2e8-9201-4e14-a1bc-87ad103af03a ] Request (ServerShowV247Test:tearDownClass): 200 GET http://10.180.1.21/compute/v2.1/servers/a802534f-1766-4ea9-9188-803ef197d775 0.081s
2024-12-11 22:51:45.641 66051 INFO tempest.lib.common.rest_client [req-72abcfcf-437a-405d-946b-6625fcfa7b92 req-72abcfcf-437a-405d-946b-6625fcfa7b92 ] Request (ServerPasswordTestJSON:setUpClass): 200 GET http://10.180.1.21/compute/v2.1/servers/79dfeb2b-06d0-45f1-b97e-10fa4f00d282 0.081s
2024-12-11 22:51:45.692 66098 INFO tempest.lib.common.rest_client [req-5ad3fd41-1979-46f6-ad8b-f97965246299 req-5ad3fd41-1979-46f6-ad8b-f97965246299 ] Request (SecurityGroupsTestJSON:test_server_security_groups): 200 GET http://10.180.1.21/compute/v2.1/servers/0272ca2a-e9ff-4af5-8120-278a82d74627 0.073s
2024-12-11 22:51:45.711 66045 INFO tempest.lib.common.rest_client [req-d8a0fba7-5778-4406-8021-af55250092a1 req-d8a0fba7-5778-4406-8021-af55250092a1 ] Request (ServersTestManualDisk:tearDownClass): 200 GET http://10.180.1.21/compute/v2.1/servers/40eeb844-7423-4818-8095-81062c7e6392 0.130s
2024-12-11 22:51:45.899 66103 INFO tempest.lib.common.rest_client [req-acb2ae8a-6e87-47ba-821d-60c6b13673b2 req-acb2ae8a-6e87-47ba-821d-60c6b13673b2 ] Request (ServersAdminNegativeTestJSON:tearDownClass): 200 GET http://10.180.1.21/compute/v2.1/servers/4ee81568-ad9a-4ded-b6fe-15503d85968e 0.061s
2024-12-11 22:51:45.944 66063 INFO tempest.lib.common.rest_client [req-3851ed5a-e887-4b8e-98d9-0c0d383e739c req-3851ed5a-e887-4b8e-98d9-0c0d383e739c ] Request (ImagesTestJSON:test_create_server_from_snapshot): 200 GET http://10.180.1.21/compute/v2.1/servers/eca829be-d425-4668-9ebd-1247c5ff19d0 0.050s
2024-12-11 22:51:45.956 66089 INFO tempest.lib.common.rest_client [req-c59e81a8-b123-49d0-aa77-c7094f23fe5d req-c59e81a8-b123-49d0-aa77-c7094f23fe5d ] Request (ServersAdminTestJSON:test_inject_network_info): 200 GET http://10.180.1.21/compute/v2.1/servers/cd8b8828-79cf-4a7c-b018-b8bd745aaa45 0.109s
2024-12-11 22:51:45.992 66049 INFO tempest.lib.common.rest_client [req-3f68d29c-cd3a-49dd-b1b6-0f789c8fcdbf req-3f68d29c-cd3a-49dd-b1b6-0f789c8fcdbf ] Request (ServerExternalEventsTest:test_create_server_external_events): 200 GET http://10.180.1.21/compute/v2.1/servers/fab3d689-9e30-4afd-b0cc-49c6d2870c50 0.045s
2024-12-11 22:51:46.020 66093 INFO tempest.lib.common.rest_client [req-e15f2e01-c2f6-4110-9d15-a99fe109b6d6 req-e15f2e01-c2f6-4110-9d15-a99fe109b6d6 ] Request (ServersTestJSON:test_create_server_with_ipv6_addr_only): 200 GET http://10.180.1.21/compute/v2.1/servers/0a80942c-eb86-480b-ab7b-33112dd90d28 0.047s
2024-12-11 22:51:46.131 66081 INFO tempest.lib.common.rest_client [req-038b9ef2-c4b0-4833-858a-18bc5383a431 req-038b9ef2-c4b0-4833-858a-18bc5383a431 ] Request (MigrationsAdminTest:test_resize_server_revert_deleted_flavor): 200 GET http://10.180.1.21/compute/v2.1/servers/dd8c5b0d-a7da-43e3-bab4-a369eaadcfe5 0.055s
2024-12-11 22:51:46.193 66095 INFO tempest.lib.common.rest_client [req-6ba3f467-5560-4280-b350-3ca187f238da req-6ba3f467-5560-4280-b350-3ca187f238da ] Request (ServersNegativeTestJSON:setUpClass): 200 GET http://10.180.1.21/compute/v2.1/servers/4cd6dafd-4f19-4d0f-8e07-8171a6a71e85 0.062s
2024-12-11 22:51:46.256 66043 INFO tempest.lib.common.rest_client [req-11ad3928-e0c0-4356-a7a3-fa813714516a req-11ad3928-e0c0-4356-a7a3-fa813714516a ] Request (ServerGroupTestJSON:test_create_server_with_scheduler_hint_group): 200 GET http://10.180.1.21/compute/v2.1/servers/39adf15c-f77e-4737-aeeb-258887007b9a 0.140s
2024-12-11 22:51:46.262 66043 INFO tempest.common.waiters [-] State transition "BUILD/block_device_mapping" ==> "BUILD/spawning" after 78 second wait
2024-12-11 22:51:46.283 66091 INFO tempest.lib.common.rest_client [req-5a1882c6-167b-4354-bfc8-5da0f5c7ba67 req-5a1882c6-167b-4354-bfc8-5da0f5c7ba67 ] Request (ImagesOneServerNegativeTestJSON:_run_cleanups): 200 GET http://10.180.1.21/compute/v2.1/servers/060427a2-e724-4c51-879e-675154ae5df2 0.079s
2024-12-11 22:51:46.358 66061 INFO tempest.lib.common.rest_client [req-3fa32232-f774-408e-9aca-6215c346dace req-3fa32232-f774-408e-9aca-6215c346dace ] Request (ServerDiskConfigTestJSON:test_rebuild_server_with_manual_disk_config): 200 GET http://10.180.1.21/compute/v2.1/servers/ae37cae9-c82e-4775-8a8f-6bbf9108b0bd 0.079s
2024-12-11 22:51:46.429 66087 INFO tempest.lib.common.rest_client [req-edfb4cbc-ce54-41e8-a847-0581e33c3967 req-edfb4cbc-ce54-41e8-a847-0581e33c3967 ] Request (ListImageFiltersTestJSON:tearDownClass): 200 GET http://10.180.1.21/compute/v2.1/servers/80363e16-5dd2-42ad-9ead-25b121d62211 0.121s
2024-12-11 22:51:46.443 66047 INFO tempest.lib.common.rest_client [req-dcbcc08d-f689-4b02-b078-b644dce8dfa0 req-dcbcc08d-f689-4b02-b078-b644dce8dfa0 ] Request (MultipleCreateTestJSON:test_multiple_create): 200 GET http://10.180.1.21/compute/v2.1/servers/78c7a111-d497-4114-b4f4-07319e6e7df2 0.211s
2024-12-11 22:51:46.452 66047 INFO tempest.common.waiters [-] State transition "BUILD/spawning" ==> "ACTIVE/None" after 87 second wait
2024-12-11 22:51:46.526 66053 INFO tempest.lib.common.rest_client [req-6d8bfd56-d6ee-47be-b5da-9ad8b21d68fe req-6d8bfd56-d6ee-47be-b5da-9ad8b21d68fe ] Request (ServersTestMultiNic:test_verify_multiple_nics_order): 200 GET http://10.180.1.21/compute/v2.1/servers/1f86b805-0fde-4bda-9a94-d440a670e23c 0.164s
2024-12-11 22:51:46.526 66069 INFO tempest.lib.common.rest_client [req-04cb87be-de9c-4e7c-92eb-fedad315fe5e req-04cb87be-de9c-4e7c-92eb-fedad315fe5e ] Request (ServersTestBootFromVolume:setUpClass): 200 GET http://10.180.1.21/compute/v2.1/servers/b1c3c213-599d-4cab-8224-d87467d774c9 0.106s
2024-12-11 22:51:46.678 66077 INFO tempest.lib.common.rest_client [req-d010dcc7-b923-4912-b1d8-4cae55e9a3fe req-d010dcc7-b923-4912-b1d8-4cae55e9a3fe ] Request (ServersTestJSON:tearDownClass): 200 GET http://10.180.1.21/compute/v2.1/servers/d4230edc-cfda-4b9f-ab42-2f39c699ff03 0.083s
2024-12-11 22:51:46.683 66047 INFO tempest.lib.common.rest_client [req-c861f646-808f-4f47-9fad-9e6b7ea089f1 req-c861f646-808f-4f47-9fad-9e6b7ea089f1 ] Request (MultipleCreateTestJSON:test_multiple_create): 200 GET http://10.180.1.21/compute/v2.1/servers/ca5f5f6b-5303-4af4-adaa-e4aac72a90f8 0.230s
2024-12-11 22:51:46.741 66051 INFO tempest.lib.common.rest_client [req-b80ae558-59d9-4651-b26c-2645bc882a84 req-b80ae558-59d9-4651-b26c-2645bc882a84 ] Request (ServerPasswordTestJSON:setUpClass): 200 GET http://10.180.1.21/compute/v2.1/servers/79dfeb2b-06d0-45f1-b97e-10fa4f00d282 0.092s
2024-12-11 22:51:46.745 66085 INFO tempest.lib.common.rest_client [req-0397d02b-9223-4ded-9b4b-2e592e4f7c36 req-0397d02b-9223-4ded-9b4b-2e592e4f7c36 ] Request (ServerShowV247Test:tearDownClass): 200 GET http://10.180.1.21/compute/v2.1/servers/a802534f-1766-4ea9-9188-803ef197d775 0.148s
2024-12-11 22:51:46.787 66098 INFO tempest.lib.common.rest_client [req-4f464856-2eb5-4bf6-96fd-403a7c124674 req-4f464856-2eb5-4bf6-96fd-403a7c124674 ] Request (SecurityGroupsTestJSON:test_server_security_groups): 200 GET http://10.180.1.21/compute/v2.1/servers/0272ca2a-e9ff-4af5-8120-278a82d74627 0.087s
2024-12-11 22:51:46.804 66047 INFO tempest.lib.common.rest_client [req-e5e47f15-c19a-4476-941e-377d5b8808dc req-e5e47f15-c19a-4476-941e-377d5b8808dc ] Request (MultipleCreateTestJSON:_run_cleanups): 204 DELETE http://10.180.1.21/compute/v2.1/servers/ca5f5f6b-5303-4af4-adaa-e4aac72a90f8 0.113s
2024-12-11 22:51:46.840 66045 INFO tempest.lib.common.rest_client [req-2380a294-70d3-4203-b67f-bcbfd1337719 req-2380a294-70d3-4203-b67f-bcbfd1337719 ] Request (ServersTestManualDisk:tearDownClass): 200 GET http://10.180.1.21/compute/v2.1/servers/40eeb844-7423-4818-8095-81062c7e6392 0.123s
2024-12-11 22:51:46.871 66047 INFO tempest.lib.common.rest_client [req-18a690ec-980f-4e1e-a2ea-1006eaa98e01 req-18a690ec-980f-4e1e-a2ea-1006eaa98e01 ] Request (MultipleCreateTestJSON:_run_cleanups): 204 DELETE http://10.180.1.21/compute/v2.1/servers/78c7a111-d497-4114-b4f4-07319e6e7df2 0.067s
2024-12-11 22:51:46.965 66103 INFO tempest.lib.common.rest_client [req-a4c9ea9f-9756-4ac4-8095-439eb2d8c8bb req-a4c9ea9f-9756-4ac4-8095-439eb2d8c8bb ] Request (ServersAdminNegativeTestJSON:tearDownClass): 200 GET http://10.180.1.21/compute/v2.1/servers/4ee81568-ad9a-4ded-b6fe-15503d85968e 0.059s
2024-12-11 22:51:46.972 66047 INFO tempest.lib.common.rest_client [req-adf93972-3606-402d-92d0-002b17f03778 req-adf93972-3606-402d-92d0-002b17f03778 ] Request (MultipleCreateTestJSON:_run_cleanups): 200 GET http://10.180.1.21/compute/v2.1/servers/ca5f5f6b-5303-4af4-adaa-e4aac72a90f8 0.100s
2024-12-11 22:51:47.016 66063 INFO tempest.lib.common.rest_client [req-269048fb-3162-473c-a0c1-8469b3da12cb req-269048fb-3162-473c-a0c1-8469b3da12cb ] Request (ImagesTestJSON:test_create_server_from_snapshot): 200 GET http://10.180.1.21/compute/v2.1/servers/eca829be-d425-4668-9ebd-1247c5ff19d0 0.065s
2024-12-11 22:51:47.023 66063 INFO tempest.common.waiters [-] State transition "BUILD/None" ==> "BUILD/networking" after 48 second wait
2024-12-11 22:51:47.069 66049 INFO tempest.lib.common.rest_client [req-0447e470-96bf-4d72-8806-5f970577269f req-0447e470-96bf-4d72-8806-5f970577269f ] Request (ServerExternalEventsTest:test_create_server_external_events): 200 GET http://10.180.1.21/compute/v2.1/servers/fab3d689-9e30-4afd-b0cc-49c6d2870c50 0.069s
2024-12-11 22:51:47.078 66089 INFO tempest.lib.common.rest_client [req-e6046ac8-c161-4779-ab98-6b806333b85e req-e6046ac8-c161-4779-ab98-6b806333b85e ] Request (ServersAdminTestJSON:test_inject_network_info): 200 GET http://10.180.1.21/compute/v2.1/servers/cd8b8828-79cf-4a7c-b018-b8bd745aaa45 0.114s
2024-12-11 22:51:47.122 66093 INFO tempest.lib.common.rest_client [req-d92282d2-7f7e-4bd8-97df-69ea1ff863f4 req-d92282d2-7f7e-4bd8-97df-69ea1ff863f4 ] Request (ServersTestJSON:test_create_server_with_ipv6_addr_only): 200 GET http://10.180.1.21/compute/v2.1/servers/0a80942c-eb86-480b-ab7b-33112dd90d28 0.095s
2024-12-11 22:51:47.373 66081 INFO tempest.lib.common.rest_client [req-fd244d96-b66f-4f32-8805-1f087614ffab req-fd244d96-b66f-4f32-8805-1f087614ffab ] Request (MigrationsAdminTest:test_resize_server_revert_deleted_flavor): 200 GET http://10.180.1.21/compute/v2.1/servers/dd8c5b0d-a7da-43e3-bab4-a369eaadcfe5 0.235s
2024-12-11 22:51:47.380 66095 INFO tempest.lib.common.rest_client [req-ae8d9806-4046-4761-b412-b6d133aa3756 req-ae8d9806-4046-4761-b412-b6d133aa3756 ] Request (ServersNegativeTestJSON:setUpClass): 200 GET http://10.180.1.21/compute/v2.1/servers/4cd6dafd-4f19-4d0f-8e07-8171a6a71e85 0.178s
2024-12-11 22:51:47.446 66091 INFO tempest.lib.common.rest_client [req-d21f027c-8fe9-42e8-8d7d-3f206a3a29ca req-d21f027c-8fe9-42e8-8d7d-3f206a3a29ca ] Request (ImagesOneServerNegativeTestJSON:_run_cleanups): 200 GET http://10.180.1.21/compute/v2.1/servers/060427a2-e724-4c51-879e-675154ae5df2 0.153s
2024-12-11 22:51:47.485 66043 INFO tempest.lib.common.rest_client [req-4d99ccb3-403f-4be7-ae63-ac5ac171194b req-4d99ccb3-403f-4be7-ae63-ac5ac171194b ] Request (ServerGroupTestJSON:test_create_server_with_scheduler_hint_group): 200 GET http://10.180.1.21/compute/v2.1/servers/39adf15c-f77e-4737-aeeb-258887007b9a 0.222s
2024-12-11 22:51:47.500 66061 INFO tempest.lib.common.rest_client [req-9c062fe5-64ae-4863-a1fe-d7759c139a40 req-9c062fe5-64ae-4863-a1fe-d7759c139a40 ] Request (ServerDiskConfigTestJSON:test_rebuild_server_with_manual_disk_config): 200 GET http://10.180.1.21/compute/v2.1/servers/ae37cae9-c82e-4775-8a8f-6bbf9108b0bd 0.133s
2024-12-11 22:51:47.506 66061 INFO tempest.common.waiters [-] State transition "BUILD/scheduling" ==> "BUILD/None" after 12 second wait
2024-12-11 22:51:47.545 66087 INFO tempest.lib.common.rest_client [req-7fedd164-3184-4ee7-acf6-dc5ed96b7dd7 req-7fedd164-3184-4ee7-acf6-dc5ed96b7dd7 ] Request (ListImageFiltersTestJSON:tearDownClass): 200 GET http://10.180.1.21/compute/v2.1/servers/80363e16-5dd2-42ad-9ead-25b121d62211 0.107s
2024-12-11 22:51:47.579 66069 INFO tempest.lib.common.rest_client [req-26d8dfc3-5c11-44e2-bd6d-ee534cd4a823 req-26d8dfc3-5c11-44e2-bd6d-ee534cd4a823 ] Request (ServersTestBootFromVolume:setUpClass): 200 GET http://10.180.1.21/compute/v2.1/servers/b1c3c213-599d-4cab-8224-d87467d774c9 0.047s
2024-12-11 22:51:47.597 66053 INFO tempest.lib.common.rest_client [req-9cc19449-caa3-4d55-b6c5-ccd98b760de5 req-9cc19449-caa3-4d55-b6c5-ccd98b760de5 ] Request (ServersTestMultiNic:test_verify_multiple_nics_order): 200 GET http://10.180.1.21/compute/v2.1/servers/1f86b805-0fde-4bda-9a94-d440a670e23c 0.062s
2024-12-11 22:51:47.762 66077 INFO tempest.lib.common.rest_client [req-bfbe4594-f8c2-4fd9-bb5b-ae6ae2cb53d7 req-bfbe4594-f8c2-4fd9-bb5b-ae6ae2cb53d7 ] Request (ServersTestJSON:tearDownClass): 200 GET http://10.180.1.21/compute/v2.1/servers/d4230edc-cfda-4b9f-ab42-2f39c699ff03 0.075s
2024-12-11 22:51:47.803 66051 INFO tempest.lib.common.rest_client [req-e71ecf38-2abd-4091-af56-99c30f127a1d req-e71ecf38-2abd-4091-af56-99c30f127a1d ] Request (ServerPasswordTestJSON:setUpClass): 200 GET http://10.180.1.21/compute/v2.1/servers/79dfeb2b-06d0-45f1-b97e-10fa4f00d282 0.054s
2024-12-11 22:51:47.819 66085 INFO tempest.lib.common.rest_client [req-17c1f9cf-f2fc-4ac2-9726-61aa44a49662 req-17c1f9cf-f2fc-4ac2-9726-61aa44a49662 ] Request (ServerShowV247Test:tearDownClass): 200 GET http://10.180.1.21/compute/v2.1/servers/a802534f-1766-4ea9-9188-803ef197d775 0.065s
2024-12-11 22:51:47.853 66098 INFO tempest.lib.common.rest_client [req-15f5f188-4d8f-4902-a79d-20074d55b434 req-15f5f188-4d8f-4902-a79d-20074d55b434 ] Request (SecurityGroupsTestJSON:test_server_security_groups): 200 GET http://10.180.1.21/compute/v2.1/servers/0272ca2a-e9ff-4af5-8120-278a82d74627 0.059s
2024-12-11 22:51:47.903 66045 INFO tempest.lib.common.rest_client [req-ac374fed-f0c9-4a9b-b090-ea4a127ef7bb req-ac374fed-f0c9-4a9b-b090-ea4a127ef7bb ] Request (ServersTestManualDisk:tearDownClass): 200 GET http://10.180.1.21/compute/v2.1/servers/40eeb844-7423-4818-8095-81062c7e6392 0.055s
2024-12-11 22:51:47.909 66045 INFO tempest.common.waiters [-] State transition "ACTIVE/deleting" ==> "DELETED/None" after 4 second wait
2024-12-11 22:51:48.056 66103 INFO tempest.lib.common.rest_client [req-c6f457cd-151b-4590-ac86-0bcb55cad6fd req-c6f457cd-151b-4590-ac86-0bcb55cad6fd ] Request (ServersAdminNegativeTestJSON:tearDownClass): 200 GET http://10.180.1.21/compute/v2.1/servers/4ee81568-ad9a-4ded-b6fe-15503d85968e 0.084s
2024-12-11 22:51:48.117 66047 INFO tempest.lib.common.rest_client [req-84bdb928-0dd5-474a-b91e-7127a0210356 req-84bdb928-0dd5-474a-b91e-7127a0210356 ] Request (MultipleCreateTestJSON:_run_cleanups): 200 GET http://10.180.1.21/compute/v2.1/servers/ca5f5f6b-5303-4af4-adaa-e4aac72a90f8 0.137s
2024-12-11 22:51:48.178 66049 INFO tempest.lib.common.rest_client [req-9748f771-8a6c-4122-9629-e30fe08bbba2 req-9748f771-8a6c-4122-9629-e30fe08bbba2 ] Request (ServerExternalEventsTest:test_create_server_external_events): 200 GET http://10.180.1.21/compute/v2.1/servers/fab3d689-9e30-4afd-b0cc-49c6d2870c50 0.100s
2024-12-11 22:51:48.204 66063 INFO tempest.lib.common.rest_client [req-c1773b36-15f0-48b2-acc6-6da3e268e818 req-c1773b36-15f0-48b2-acc6-6da3e268e818 ] Request (ImagesTestJSON:test_create_server_from_snapshot): 200 GET http://10.180.1.21/compute/v2.1/servers/eca829be-d425-4668-9ebd-1247c5ff19d0 0.179s
2024-12-11 22:51:48.210 66063 INFO tempest.common.waiters [-] State transition "BUILD/networking" ==> "BUILD/block_device_mapping" after 49 second wait
