2024-12-11 22:49:10.359 66106 INFO tempest.common.waiters [-] State transition "BUILD/spawning" ==> "ACTIVE/None" after 28 second wait
2024-12-11 22:49:10.410 66047 INFO tempest.lib.common.rest_client [req-1d87ef4f-2b7e-416c-85bf-cbee95d227ca req-1d87ef4f-2b7e-416c-85bf-cbee95d227ca ] Request (ServerDiagnosticsV248Test:test_get_server_diagnostics): 200 GET http://10.180.1.21/compute/v2.1/servers/1847c5d8-16eb-4feb-8a09-24ad6728e59c 1.841s
2024-12-11 22:49:10.420 66047 INFO tempest.common.waiters [-] State transition "BUILD/None" ==> "BUILD/block_device_mapping" after 17 second wait
2024-12-11 22:49:10.476 66083 INFO tempest.lib.common.rest_client [req-8b42abb8-a5ff-47a7-bb49-db3236afee74 req-8b42abb8-a5ff-47a7-bb49-db3236afee74 ] Request (ServersNegativeTestMultiTenantJSON:setUpClass): 200 GET http://10.180.1.21/compute/v2.1/servers/3e7d0ba8-1c7c-4e23-a30a-506e9e26cb41 1.775s
2024-12-11 22:49:10.624 66101 INFO tempest.lib.common.rest_client [req-ae4c9040-1130-4c79-bcf1-96c0c27c1f74 req-ae4c9040-1130-4c79-bcf1-96c0c27c1f74 ] Request (TenantUsagesTestJSON:tearDownClass): 200 GET http://10.180.1.21/compute/v2.1/servers/e98120b4-7916-4ce4-88ef-0c904852bb1f 2.420s
2024-12-11 22:49:10.673 66057 INFO tempest.lib.common.rest_client [req-40e926a2-a2db-4c3d-849e-00e2bd90f3b0 req-40e926a2-a2db-4c3d-849e-00e2bd90f3b0 ] Request (SecurityGroupsTestAdminJSON:test_list_security_groups_list_all_tenants_filter): 200 GET http://10.180.1.21/compute/v2.1/os-security-groups?all_tenants=true 1.949s
2024-12-11 22:49:10.711 66069 INFO tempest.lib.common.rest_client [req-8827383b-b91d-4497-a6a0-03bb39a2c15e req-8827383b-b91d-4497-a6a0-03bb39a2c15e ] Request (FloatingIPsAssociationNegativeTestJSON:setUpClass): 201 POST http://10.180.1.21:9696/networking/v2.0/subnets 0.743s
2024-12-11 22:49:10.718 66099 INFO tempest.lib.common.rest_client [req-41da1969-739a-4b85-929e-4a3cba15f61e req-41da1969-739a-4b85-929e-4a3cba15f61e ] Request (ServersAdmin275Test:test_rebuild_update_server_275): 200 GET http://10.180.1.21/compute/v2.1/servers/e81c03f7-9c0e-46bd-9641-aced82038eca 1.890s
2024-12-11 22:49:10.725 66053 INFO tempest.lib.common.rest_client [req-65876d0d-88ec-4ce4-89c8-1fc07ce2169a req-65876d0d-88ec-4ce4-89c8-1fc07ce2169a ] Request (ServersTestMultiNic:setUpClass): 201 POST http://10.180.1.21:9696/networking/v2.0/networks 0.807s
2024-12-11 22:49:10.774 66079 INFO tempest.lib.common.rest_client [req-eecf40e3-5476-4768-bb84-b81c409f8d92 req-eecf40e3-5476-4768-bb84-b81c409f8d92 ] Request (ServersWithSpecificFlavorTestJSON:test_verify_created_server_ephemeral_disk): 200 GET http://10.180.1.21/compute/v2.1/servers/fb231b38-950e-4c86-bfe5-4c10a304910f 1.871s
2024-12-11 22:49:10.870 66075 INFO tempest.lib.common.rest_client [req-c9d8a453-d085-4120-8311-f184b75d3cde req-c9d8a453-d085-4120-8311-f184b75d3cde ] Request (ServerActionsTestOtherA:setUpClass): 200 GET http://10.180.1.21/compute/v2.1/servers/006c9f0b-4b53-4740-9f67-ec9b19b8bcb2 1.557s
2024-12-11 22:49:10.957 66103 INFO tempest.lib.common.rest_client [req-3e9bbc93-9762-498a-bc92-12af1324c858 req-3e9bbc93-9762-498a-bc92-12af1324c858 ] Request (ServersAdminNegativeTestJSON:setUpClass): 200 GET http://10.180.1.21/compute/v2.1/servers/4ee81568-ad9a-4ded-b6fe-15503d85968e 1.555s
2024-12-11 22:49:10.982 66081 INFO tempest.lib.common.rest_client [req-0b9f06d3-2bbb-4013-92b2-dd8d28d08258 req-0b9f06d3-2bbb-4013-92b2-dd8d28d08258 ] Request (MigrationsAdminTest:test_list_migrations_in_flavor_resize_situation): 200 GET http://10.180.1.21/compute/v2.1/servers/aa4906f1-e801-4df0-819e-8c5fb5930fb5 1.880s
2024-12-11 22:49:11.049 66059 INFO tempest.lib.common.rest_client [req-3163cd93-72a2-4e60-bedc-f6686d4c3e24 req-3163cd93-72a2-4e60-bedc-f6686d4c3e24 ] Request (ServerMetadataTestJSON:setUpClass): 200 GET http://10.180.1.21/compute/v2.1/servers/91ce0ab3-4fa4-4992-995a-0baeec91d9d0 1.430s
2024-12-11 22:49:11.064 66071 INFO tempest.lib.common.rest_client [req-a23a2e80-9c75-4942-a02e-c55852166851 req-a23a2e80-9c75-4942-a02e-c55852166851 ] Request (ServerTagsTestJSON:setUpClass): 200 GET http://10.180.1.21/compute/v2.1/servers/4374c102-a6fe-45ef-ad49-a1295f96899a 1.463s
2024-12-11 22:49:11.140 66055 INFO tempest.lib.common.rest_client [req-333e2a8e-fd80-44a8-9f41-7e0d8331efc9 req-333e2a8e-fd80-44a8-9f41-7e0d8331efc9 ] Request (ServerRescueTestJSONUnderV235:setUpClass): 200 GET http://10.180.1.21/compute/v2.1/servers/d16bebd1-a144-4d73-8eb6-8ab12a08fe69 1.398s
2024-12-11 22:49:11.148 66055 INFO tempest.common.waiters [-] State transition "BUILD/scheduling" ==> "BUILD/None" after 10 second wait
2024-12-11 22:49:11.159 66053 INFO tempest.lib.common.rest_client [req-d4337079-22a3-463a-8c9c-ac4f72f65857 req-d4337079-22a3-463a-8c9c-ac4f72f65857 ] Request (ServersTestMultiNic:setUpClass): 201 POST http://10.180.1.21:9696/networking/v2.0/subnets 0.432s
2024-12-11 22:49:11.201 66043 INFO tempest.lib.common.rest_client [req-1bfb42b3-4ca8-4dd6-bea8-0be77c7a57b4 req-1bfb42b3-4ca8-4dd6-bea8-0be77c7a57b4 ] Request (ServerAddressesTestJSON:setUpClass): 200 GET http://10.180.1.21/compute/v2.1/servers/f46de981-1f04-4baf-874c-de1b95d16f9d 1.416s
2024-12-11 22:49:11.208 66065 INFO tempest.lib.common.rest_client [req-50475c6a-4e00-46fb-84f5-9b559ca7812f req-50475c6a-4e00-46fb-84f5-9b559ca7812f ] Request (VolumesAssistedSnapshotsTest:test_volume_assisted_snapshot_create_delete): 200 GET http://10.180.1.21/compute/v2.1/servers/ed34ae20-a891-45aa-8124-f36f264937f8 1.548s
2024-12-11 22:49:11.302 66095 INFO tempest.lib.common.rest_client [req-1fa96bdd-caef-4cb5-a3f8-dcce4358d0c2 req-1fa96bdd-caef-4cb5-a3f8-dcce4358d0c2 ] Request (InstanceActionsTestJSON:tearDownClass): 204 DELETE http://10.180.1.21/compute/v2.1/servers/b334cb41-5ddf-4545-8e2a-97c4d1de7cbf 1.245s
2024-12-11 22:49:11.343 66077 INFO tempest.lib.common.rest_client [req-7cf81530-b913-458b-aa1e-5476379dee5d req-7cf81530-b913-458b-aa1e-5476379dee5d ] Request (KeyPairsNegativeTestJSON:test_create_keypair_with_empty_public_key): 400 POST http://10.180.1.21/compute/v2.1/os-keypairs 1.185s
2024-12-11 22:49:11.347 66091 INFO tempest.lib.common.rest_client [req-e243931f-107f-4a02-8aed-eef52288f98a req-e243931f-107f-4a02-8aed-eef52288f98a ] Request (ImagesNegativeTestJSON:test_create_image_from_deleted_server): 200 GET http://10.180.1.21/compute/v2.1/servers/28a8485c-fc0d-4fd0-8be9-37c49caf89b8 1.198s
2024-12-11 22:49:11.373 66045 INFO tempest.lib.common.rest_client [req-6e6bc2fa-6263-4709-a891-ea0cf7179f67 req-6e6bc2fa-6263-4709-a891-ea0cf7179f67 ] Request (ServicesAdminNegativeV253TestJSON:test_get_service_with_valid_service_and_invalid_host): 200 GET http://10.180.1.21/compute/v2.1/os-services?host=xxx&binary=nova-scheduler 1.190s
2024-12-11 22:49:11.404 66089 INFO tempest.lib.common.rest_client [req-18d8b9a2-ffbc-4dcf-9206-e59e82595f6b req-18d8b9a2-ffbc-4dcf-9206-e59e82595f6b ] Request (ServersAdminTestJSON:test_create_server_with_scheduling_hint): 200 GET http://10.180.1.21/compute/v2.1/servers/b6aae13f-0711-4421-9d55-de7ece3e4b89 1.219s
2024-12-11 22:49:11.411 66073 INFO tempest.lib.common.rest_client [req-d9d868cd-ab92-4163-9261-4bbb425cabed req-d9d868cd-ab92-4163-9261-4bbb425cabed ] Request (AggregatesAdminNegativeTestJSON:test_aggregate_get_details_as_user): 200 POST http://10.180.1.21/compute/v2.1/os-aggregates 1.211s
2024-12-11 22:49:11.423 66061 INFO tempest.lib.common.rest_client [req-51678cb7-1602-49c4-bfca-a784d2cefc0d req-51678cb7-1602-49c4-bfca-a784d2cefc0d ] Request (FlavorsV2TestJSON:test_list_flavors_with_detail): 200 GET http://10.180.1.21/compute/v2.1/flavors/detail 1.195s
2024-12-11 22:49:11.441 66093 INFO tempest.lib.common.rest_client [req-ea1faff8-300b-4fe2-93d8-d3189bcbf121 req-ea1faff8-300b-4fe2-93d8-d3189bcbf121 ] Request (FlavorsAdminTestJSON:test_create_server_with_non_public_flavor): 400 POST http://10.180.1.21/compute/v2.1/servers 1.177s
2024-12-11 22:49:11.480 66087 INFO tempest.lib.common.rest_client [req-324cd58e-6616-48a0-88ae-fbae7cc474c9 req-324cd58e-6616-48a0-88ae-fbae7cc474c9 ] Request (ListImageFiltersTestJSON:setUpClass): 200 GET http://10.180.1.21/compute/v2.1/images/5c62f9ba-790a-41b0-93a5-f00ffeb50a7f 1.138s
2024-12-11 22:49:11.555 66067 INFO tempest.lib.common.rest_client [req-c01822ac-333b-46c5-b591-7a2c3904f405 req-c01822ac-333b-46c5-b591-7a2c3904f405 ] Request (FloatingIPsNegativeTestJSON:setUpClass): 201 POST http://10.180.1.21:9696/networking/v2.0/routers 1.748s
2024-12-11 22:49:11.579 66106 INFO tempest.lib.common.rest_client [req-2dc1217c-9fbc-480e-b9e4-055c60e5de93 req-2dc1217c-9fbc-480e-b9e4-055c60e5de93 ] Request (InstanceActionsV221TestJSON:test_get_list_deleted_instance_actions): 204 DELETE http://10.180.1.21/compute/v2.1/servers/e0e25ddd-3692-480f-bfa0-212741c0d882 1.218s
2024-12-11 22:49:11.631 66085 INFO tempest.lib.common.rest_client [req-7726fc19-079a-4df1-a15c-750b40dfca33 req-7726fc19-079a-4df1-a15c-750b40dfca33 ] Request (FlavorsAccessNegativeTestJSON:test_remove_flavor_access_not_found): 404 POST http://10.180.1.21/compute/v2.1/flavors/1061131074/action 1.382s
2024-12-11 22:49:11.638 66087 INFO tempest.lib.common.rest_client [req-102f556a-5e96-4559-9791-83aa089829d2 req-102f556a-5e96-4559-9791-83aa089829d2 ] Request (ListImageFiltersTestJSON:setUpClass): 201 POST http://10.180.1.21/identity/v3/auth/tokens 0.145s
2024-12-11 22:49:11.638 66087 INFO tempest.lib.common.fixed_network [-] (ListImageFiltersTestJSON:setUpClass) Found network None available for tenant
2024-12-11 22:49:11.725 66098 INFO tempest.lib.common.rest_client [req-946b60b0-a0a2-4fc2-9c48-8858104630e6 req-946b60b0-a0a2-4fc2-9c48-8858104630e6 ] Request (ServerDiagnosticsTest:tearDownClass): 200 GET http://10.180.1.21/compute/v2.1/servers/4f08d36b-f26e-499e-a4be-d8cbb481a44d 0.846s
2024-12-11 22:49:11.787 66051 INFO tempest.lib.common.rest_client [req-cddb7714-6f21-489b-9f31-a4cc5b45a0aa req-cddb7714-6f21-489b-9f31-a4cc5b45a0aa ] Request (ListServersNegativeTestJSON:setUpClass): 200 GET http://10.180.1.21/compute/v2.1/servers/312aed5b-a66e-4428-ac1b-483dc2b38291 0.831s
2024-12-11 22:49:11.807 66057 INFO tempest.lib.common.rest_client [req-82e94275-c47b-4123-889f-8eee4e254326 req-82e94275-c47b-4123-889f-8eee4e254326 ] Request (SecurityGroupsTestAdminJSON:_run_cleanups): 202 DELETE http://10.180.1.21/compute/v2.1/os-security-groups/930ac0eb-cbd0-48fe-9e1e-cd0bc23bd47f 1.130s
2024-12-11 22:49:11.875 66049 INFO tempest.lib.common.rest_client [req-315b2d19-cd86-4806-bda9-2929d374bd75 req-315b2d19-cd86-4806-bda9-2929d374bd75 ] Request (DeleteServersAdminTestJSON:test_admin_delete_servers_of_others): 200 GET http://10.180.1.21/compute/v2.1/servers/aa576459-65bf-4b16-ad1d-0930497522eb 0.843s
2024-12-11 22:49:11.917 66063 INFO tempest.lib.common.rest_client [req-1bbac819-72b0-4034-8a4d-8ce816cb8e3f req-1bbac819-72b0-4034-8a4d-8ce816cb8e3f ] Request (ImagesTestJSON:test_create_image_from_stopped_server): 200 GET http://10.180.1.21/compute/v2.1/images/6e31803f-a937-40b2-93d4-307e624edb77 0.601s
2024-12-11 22:49:11.926 66077 INFO tempest.lib.common.rest_client [req-63d3c2b1-6302-421f-a03a-ec6206037656 req-63d3c2b1-6302-421f-a03a-ec6206037656 ] Request (KeyPairsNegativeTestJSON:test_create_keypair_with_long_keynames): 400 POST http://10.180.1.21/compute/v2.1/os-keypairs 0.580s
2024-12-11 22:49:12.016 66095 INFO tempest.lib.common.rest_client [req-9603fd4f-c798-445b-8f8a-c87f5dca2443 req-9603fd4f-c798-445b-8f8a-c87f5dca2443 ] Request (InstanceActionsTestJSON:tearDownClass): 200 GET http://10.180.1.21/compute/v2.1/servers/b334cb41-5ddf-4545-8e2a-97c4d1de7cbf 0.713s
2024-12-11 22:49:12.025 66045 INFO tempest.lib.common.rest_client [req-84407317-50f6-4b75-8c0d-87304e7933d8 req-84407317-50f6-4b75-8c0d-87304e7933d8 ] Request (ServicesAdminNegativeV253TestJSON:test_list_services_with_non_admin_user): 403 GET http://10.180.1.21/compute/v2.1/os-services 0.648s
2024-12-11 22:49:12.029 66073 INFO tempest.lib.common.rest_client [req-239c9cc5-b54c-4383-8159-37ae44b769a4 req-239c9cc5-b54c-4383-8159-37ae44b769a4 ] Request (AggregatesAdminNegativeTestJSON:test_aggregate_get_details_as_user): 403 GET http://10.180.1.21/compute/v2.1/os-aggregates/6 0.614s
2024-12-11 22:49:12.046 66061 INFO tempest.lib.common.rest_client [req-408652a2-b3f2-4f8d-a3ff-4bf17d46f77f req-408652a2-b3f2-4f8d-a3ff-4bf17d46f77f ] Request (FlavorsV2TestJSON:test_list_flavors_with_detail): 200 GET http://10.180.1.21/compute/v2.1/flavors/42 0.615s
2024-12-11 22:49:12.080 66093 INFO tempest.lib.common.rest_client [req-1d700620-3354-43e0-9991-b5b5047b0a8b req-1d700620-3354-43e0-9991-b5b5047b0a8b ] Request (FlavorsAdminTestJSON:_run_cleanups): 202 DELETE http://10.180.1.21/compute/v2.1/flavors/1300190381 0.638s
2024-12-11 22:49:12.113 66047 INFO tempest.lib.common.rest_client [req-dd73f2ef-b54d-4b6f-bfa7-2a87c9e5f6e3 req-dd73f2ef-b54d-4b6f-bfa7-2a87c9e5f6e3 ] Request (ServerDiagnosticsV248Test:test_get_server_diagnostics): 200 GET http://10.180.1.21/compute/v2.1/servers/1847c5d8-16eb-4feb-8a09-24ad6728e59c 0.692s
2024-12-11 22:49:12.123 66047 INFO tempest.common.waiters [-] State transition "BUILD/block_device_mapping" ==> "BUILD/spawning" after 19 second wait
2024-12-11 22:49:12.142 66061 INFO tempest.lib.common.rest_client [req-4f20fdf8-4f2b-44bd-a8ae-9740b2e1cd46 req-4f20fdf8-4f2b-44bd-a8ae-9740b2e1cd46 ] Request (FlavorsV2TestJSON:tearDownClass): 204 DELETE http://10.180.1.21/identity/v3/users/8462602d49694620be0dc5a721fa16e8 0.090s
2024-12-11 22:49:12.142 66061 INFO tempest.lib.common.dynamic_creds [-] Deleting project and security group for project: 6b9a0944fdaa456da6417e4d0b4931f1
2024-12-11 22:49:12.148 66045 INFO tempest.lib.common.rest_client [req-102c52d2-f74f-4a58-8cc2-378cc20365de req-102c52d2-f74f-4a58-8cc2-378cc20365de ] Request (ServicesAdminNegativeV253TestJSON:tearDownClass): 204 DELETE http://10.180.1.21/identity/v3/users/559d718acc604b2d9de875f0a651262d 0.121s
2024-12-11 22:49:12.170 66083 INFO tempest.lib.common.rest_client [req-2bb69d88-b87e-4267-9c84-bda4a0063c8d req-2bb69d88-b87e-4267-9c84-bda4a0063c8d ] Request (ServersNegativeTestMultiTenantJSON:setUpClass): 200 GET http://10.180.1.21/compute/v2.1/servers/3e7d0ba8-1c7c-4e23-a30a-506e9e26cb41 0.686s
2024-12-11 22:49:12.196 66085 INFO tempest.lib.common.rest_client [req-7495f230-0649-4ec6-9f29-f5872669d295 req-7495f230-0649-4ec6-9f29-f5872669d295 ] Request (FlavorsAccessNegativeTestJSON:_run_cleanups): 202 DELETE http://10.180.1.21/compute/v2.1/flavors/1061131074 0.565s
2024-12-11 22:49:12.230 66061 INFO tempest.lib.common.rest_client [req-e8e349ea-39f4-4359-a26f-e0d97c22160e req-e8e349ea-39f4-4359-a26f-e0d97c22160e ] Request (FlavorsV2TestJSON:tearDownClass): 201 POST http://10.180.1.21/identity/v3/auth/tokens 0.087s
2024-12-11 22:49:12.287 66101 INFO tempest.lib.common.rest_client [req-190d39fc-2363-4995-bbe9-787f90732bff req-190d39fc-2363-4995-bbe9-787f90732bff ] Request (TenantUsagesTestJSON:tearDownClass): 200 GET http://10.180.1.21/compute/v2.1/servers/e98120b4-7916-4ce4-88ef-0c904852bb1f 0.653s
2024-12-11 22:49:12.300 66101 INFO tempest.common.waiters [-] State transition "ACTIVE/deleting" ==> "DELETED/None" after 2 second wait
2024-12-11 22:49:12.313 66045 INFO tempest.lib.common.rest_client [req-c22da559-2535-4129-b49d-3428bb27d9eb req-c22da559-2535-4129-b49d-3428bb27d9eb ] Request (ServicesAdminNegativeV253TestJSON:tearDownClass): 204 DELETE http://10.180.1.21/identity/v3/users/36576fe8c332426789c16dc61e19a28d 0.164s
2024-12-11 22:49:12.313 66045 INFO tempest.lib.common.dynamic_creds [-] Deleting project and security group for project: 618554c4bdb04bdca6fd04091a0fb3d6
2024-12-11 22:49:12.386 66045 INFO tempest.lib.common.rest_client [req-19331b3d-91ff-4e41-89c5-c651f0b408b5 req-19331b3d-91ff-4e41-89c5-c651f0b408b5 ] Request (ServicesAdminNegativeV253TestJSON:tearDownClass): 201 POST http://10.180.1.21/identity/v3/auth/tokens 0.073s
2024-12-11 22:49:12.457 66106 INFO tempest.lib.common.rest_client [req-316421ff-c0cf-475b-ac1f-931e283321ad req-316421ff-c0cf-475b-ac1f-931e283321ad ] Request (InstanceActionsV221TestJSON:test_get_list_deleted_instance_actions): 200 GET http://10.180.1.21/compute/v2.1/servers/e0e25ddd-3692-480f-bfa0-212741c0d882 0.878s
2024-12-11 22:49:12.517 66069 INFO tempest.lib.common.rest_client [req-9362a17d-b6dd-4c0e-8ff3-36b7c1ac6d9a req-9362a17d-b6dd-4c0e-8ff3-36b7c1ac6d9a ] Request (FloatingIPsAssociationNegativeTestJSON:setUpClass): 201 POST http://10.180.1.21:9696/networking/v2.0/routers 1.805s
2024-12-11 22:49:12.633 66099 INFO tempest.lib.common.rest_client [req-c9f32718-006a-4607-bb7a-5a9187197ea7 req-c9f32718-006a-4607-bb7a-5a9187197ea7 ] Request (ServersAdmin275Test:test_rebuild_update_server_275): 200 GET http://10.180.1.21/compute/v2.1/servers/e81c03f7-9c0e-46bd-9641-aced82038eca 0.899s
2024-12-11 22:49:12.740 66079 INFO tempest.lib.common.rest_client [req-d939f136-a98a-4787-916e-00008085fc75 req-d939f136-a98a-4787-916e-00008085fc75 ] Request (ServersWithSpecificFlavorTestJSON:test_verify_created_server_ephemeral_disk): 200 GET http://10.180.1.21/compute/v2.1/servers/fb231b38-950e-4c86-bfe5-4c10a304910f 0.957s
2024-12-11 22:49:12.749 66079 INFO tempest.common.waiters [-] State transition "BUILD/None" ==> "BUILD/block_device_mapping" after 18 second wait
2024-12-11 22:49:12.813 66087 INFO tempest.lib.common.rest_client [req-2516e5eb-8151-4607-98d2-37a72068030c req-2516e5eb-8151-4607-98d2-37a72068030c ] Request (ListImageFiltersTestJSON:setUpClass): 202 POST http://10.180.1.21/compute/v2.1/servers 1.174s
2024-12-11 22:49:12.915 66075 INFO tempest.lib.common.rest_client [req-f0ae61e7-36bf-487b-997f-6f7d34a76f2d req-f0ae61e7-36bf-487b-997f-6f7d34a76f2d ] Request (ServerActionsTestOtherA:setUpClass): 200 GET http://10.180.1.21/compute/v2.1/servers/006c9f0b-4b53-4740-9f67-ec9b19b8bcb2 1.036s
2024-12-11 22:49:12.923 66061 INFO tempest.lib.common.rest_client [req-afe99d13-78e6-4eb5-ad63-bc672db4e460 req-afe99d13-78e6-4eb5-ad63-bc672db4e460 ] Request (FlavorsV2TestJSON:tearDownClass): 200 GET http://10.180.1.21:9696/networking/v2.0/security-groups?tenant_id=6b9a0944fdaa456da6417e4d0b4931f1&name=default 0.692s
2024-12-11 22:49:12.947 66045 INFO tempest.lib.common.rest_client [req-74d6a31c-bb4f-45d6-a215-c038a7879b3b req-74d6a31c-bb4f-45d6-a215-c038a7879b3b ] Request (ServicesAdminNegativeV253TestJSON:tearDownClass): 200 GET http://10.180.1.21:9696/networking/v2.0/security-groups?tenant_id=618554c4bdb04bdca6fd04091a0fb3d6&name=default 0.560s
2024-12-11 22:49:12.953 66077 INFO tempest.lib.common.rest_client [req-8aa4f2d4-7593-4209-abfd-b4682ce6e2fa req-8aa4f2d4-7593-4209-abfd-b4682ce6e2fa ] Request (KeyPairsNegativeTestJSON:test_keypair_create_with_invalid_pub_key): 400 POST http://10.180.1.21/compute/v2.1/os-keypairs 1.025s
2024-12-11 22:49:13.043 66087 INFO tempest.lib.common.rest_client [req-6d577f88-a60e-481f-98ce-5a49eb5514c4 req-6d577f88-a60e-481f-98ce-5a49eb5514c4 ] Request (ListImageFiltersTestJSON:setUpClass): 201 POST http://10.180.1.21/identity/v3/auth/tokens 0.226s
2024-12-11 22:49:13.044 66087 INFO tempest.lib.common.fixed_network [-] (ListImageFiltersTestJSON:setUpClass) Found network None available for tenant
2024-12-11 22:49:13.056 66103 INFO tempest.lib.common.rest_client [req-1d2b6a8d-013a-45ea-b188-df80bd901786 req-1d2b6a8d-013a-45ea-b188-df80bd901786 ] Request (ServersAdminNegativeTestJSON:setUpClass): 200 GET http://10.180.1.21/compute/v2.1/servers/4ee81568-ad9a-4ded-b6fe-15503d85968e 1.086s
2024-12-11 22:49:13.162 66057 INFO tempest.lib.common.rest_client [req-78e0e15f-3c27-4495-b1bd-e96bfb9fa89f req-78e0e15f-3c27-4495-b1bd-e96bfb9fa89f ] Request (SecurityGroupsTestAdminJSON:_run_cleanups): 202 DELETE http://10.180.1.21/compute/v2.1/os-security-groups/b0c79704-337d-4cc4-a809-69c1873404e7 1.354s
2024-12-11 22:49:13.192 66073 INFO tempest.lib.common.rest_client [req-0834aa66-1665-43e1-8e05-b29e2217798a req-0834aa66-1665-43e1-8e05-b29e2217798a ] Request (AggregatesAdminNegativeTestJSON:_run_cleanups): 200 DELETE http://10.180.1.21/compute/v2.1/os-aggregates/6 1.161s
2024-12-11 22:49:13.249 66081 INFO tempest.lib.common.rest_client [req-876baa09-ab72-4b6d-87a9-cdd8ec20f966 req-876baa09-ab72-4b6d-87a9-cdd8ec20f966 ] Request (MigrationsAdminTest:test_list_migrations_in_flavor_resize_situation): 200 GET http://10.180.1.21/compute/v2.1/servers/aa4906f1-e801-4df0-819e-8c5fb5930fb5 1.254s
2024-12-11 22:49:13.273 66061 INFO tempest.lib.common.rest_client [req-26ebdde2-415b-4ea1-b214-84bd709929bd req-26ebdde2-415b-4ea1-b214-84bd709929bd ] Request (FlavorsV2TestJSON:tearDownClass): 204 DELETE http://10.180.1.21:9696/networking/v2.0/security-groups/6b8966e2-f1cf-4e67-a5cd-cdb1fc4ceeac 0.349s
2024-12-11 22:49:13.280 66053 INFO tempest.lib.common.rest_client [req-5d243d1a-674f-41e6-8a49-ef5fdef619e1 req-5d243d1a-674f-41e6-8a49-ef5fdef619e1 ] Request (ServersTestMultiNic:setUpClass): 201 POST http://10.180.1.21:9696/networking/v2.0/routers 2.120s
2024-12-11 22:49:13.288 66045 INFO tempest.lib.common.rest_client [req-f0f81e67-b561-47c0-bab4-cfaed9214011 req-f0f81e67-b561-47c0-bab4-cfaed9214011 ] Request (ServicesAdminNegativeV253TestJSON:tearDownClass): 204 DELETE http://10.180.1.21:9696/networking/v2.0/security-groups/2b3ef55a-f1d3-4aa5-8de2-a816561f1424 0.340s
2024-12-11 22:49:13.303 66059 INFO tempest.lib.common.rest_client [req-c3e68f57-a7fe-4f1a-bbdc-8d3df8e0e62a req-c3e68f57-a7fe-4f1a-bbdc-8d3df8e0e62a ] Request (ServerMetadataTestJSON:setUpClass): 200 GET http://10.180.1.21/compute/v2.1/servers/91ce0ab3-4fa4-4992-995a-0baeec91d9d0 1.239s
2024-12-11 22:49:13.335 66093 INFO tempest.lib.common.rest_client [req-1b4f7594-4392-4b7b-9643-7881373e4c77 req-1b4f7594-4392-4b7b-9643-7881373e4c77 ] Request (FlavorsAdminTestJSON:_run_cleanups): 200 GET http://10.180.1.21/compute/v2.1/flavors/detail 1.253s
2024-12-11 22:49:13.343 66071 INFO tempest.lib.common.rest_client [req-0ea34175-74c8-44b5-9fa8-0c624ba26a8f req-0ea34175-74c8-44b5-9fa8-0c624ba26a8f ] Request (ServerTagsTestJSON:setUpClass): 200 GET http://10.180.1.21/compute/v2.1/servers/4374c102-a6fe-45ef-ad49-a1295f96899a 1.264s
2024-12-11 22:49:13.360 66085 INFO tempest.lib.common.rest_client [req-719cb5a4-755a-4c12-b4da-8b4d2e998479 req-719cb5a4-755a-4c12-b4da-8b4d2e998479 ] Request (FlavorsAccessNegativeTestJSON:_run_cleanups): 200 GET http://10.180.1.21/compute/v2.1/flavors/detail 1.163s
2024-12-11 22:49:13.393 66045 INFO tempest.lib.common.rest_client [req-856828ce-5fd8-4658-84ce-cae210bfe156 req-856828ce-5fd8-4658-84ce-cae210bfe156 ] Request (ServicesAdminNegativeV253TestJSON:tearDownClass): 204 DELETE http://10.180.1.21/identity/v3/projects/618554c4bdb04bdca6fd04091a0fb3d6 0.105s
2024-12-11 22:49:13.392 66061 INFO tempest.lib.common.rest_client [req-5a5348db-ab58-4e11-a883-e71dcd7e4714 req-5a5348db-ab58-4e11-a883-e71dcd7e4714 ] Request (FlavorsV2TestJSON:tearDownClass): 204 DELETE http://10.180.1.21/identity/v3/projects/6b9a0944fdaa456da6417e4d0b4931f1 0.119s
2024-12-11 22:49:13.394 66045 INFO tempest.lib.common.dynamic_creds [-] Deleting project and security group for project: 6cf255fdf36e4adb837d7ff775090f61
2024-12-11 22:49:13.421 66055 INFO tempest.lib.common.rest_client [req-299e1391-8456-452c-8ff8-54b61f5da6e0 req-299e1391-8456-452c-8ff8-54b61f5da6e0 ] Request (ServerRescueTestJSONUnderV235:setUpClass): 200 GET http://10.180.1.21/compute/v2.1/servers/d16bebd1-a144-4d73-8eb6-8ab12a08fe69 1.272s
2024-12-11 22:49:13.451 66043 INFO tempest.lib.common.rest_client [req-e66213ad-0725-4c10-b3cf-0594dd5181ae req-e66213ad-0725-4c10-b3cf-0594dd5181ae ] Request (ServerAddressesTestJSON:setUpClass): 200 GET http://10.180.1.21/compute/v2.1/servers/f46de981-1f04-4baf-874c-de1b95d16f9d 1.242s
2024-12-11 22:49:13.488 66061 INFO tempest.lib.common.rest_client [req-7b2daff4-1353-466a-8cae-137d766aceda req-7b2daff4-1353-466a-8cae-137d766aceda ] Request (FloatingIPDetailsTestJSON:setUpClass): 201 POST http://10.180.1.21/identity/v3/auth/tokens 0.092s
2024-12-11 22:49:13.534 66061 INFO tempest.lib.common.rest_client [req-2b5809e0-9aac-4326-9a7a-50cb86f99f06 req-2b5809e0-9aac-4326-9a7a-50cb86f99f06 ] Request (FloatingIPDetailsTestJSON:setUpClass): 201 POST http://10.180.1.21/identity/v3/auth/tokens 0.042s
2024-12-11 22:49:13.537 66091 INFO tempest.lib.common.rest_client [req-e01c0854-295f-4be4-8c22-97cc08ff4c9b req-e01c0854-295f-4be4-8c22-97cc08ff4c9b ] Request (ImagesNegativeTestJSON:test_create_image_from_deleted_server): 200 GET http://10.180.1.21/compute/v2.1/servers/28a8485c-fc0d-4fd0-8be9-37c49caf89b8 1.183s
2024-12-11 22:49:13.574 66061 INFO tempest.lib.common.rest_client [req-705a186a-3b37-4a57-bd2d-0f9ee0cd9c14 req-705a186a-3b37-4a57-bd2d-0f9ee0cd9c14 ] Request (FloatingIPDetailsTestJSON:setUpClass): 200 GET http://10.180.1.21/identity/v3/domains?name=Default 0.039s
2024-12-11 22:49:13.608 66085 INFO tempest.lib.common.rest_client [req-485aa1b3-26b0-4ee8-8e94-7d48b9ea47fe req-485aa1b3-26b0-4ee8-8e94-7d48b9ea47fe ] Request (FlavorsAccessNegativeTestJSON:tearDownClass): 204 DELETE http://10.180.1.21/identity/v3/users/a340b5fd18ff4676bdf251b37b35c5b8 0.238s
2024-12-11 22:49:13.609 66089 INFO tempest.lib.common.rest_client [req-49d76d50-b5dc-4f9a-8170-c2b3513125d7 req-49d76d50-b5dc-4f9a-8170-c2b3513125d7 ] Request (ServersAdminTestJSON:test_create_server_with_scheduling_hint): 200 GET http://10.180.1.21/compute/v2.1/servers/b6aae13f-0711-4421-9d55-de7ece3e4b89 1.193s
2024-12-11 22:49:13.658 66065 INFO tempest.lib.common.rest_client [req-4c8d8d86-b428-46b3-9940-b5be82ef7dbb req-4c8d8d86-b428-46b3-9940-b5be82ef7dbb ] Request (VolumesAssistedSnapshotsTest:test_volume_assisted_snapshot_create_delete): 200 GET http://10.180.1.21/compute/v2.1/servers/ed34ae20-a891-45aa-8124-f36f264937f8 1.435s
2024-12-11 22:49:13.671 66061 INFO tempest.lib.common.rest_client [req-ab36012a-51cd-45a6-a3b4-96d02258e2b9 req-ab36012a-51cd-45a6-a3b4-96d02258e2b9 ] Request (FloatingIPDetailsTestJSON:setUpClass): 201 POST http://10.180.1.21/identity/v3/projects 0.096s
2024-12-11 22:49:13.738 66098 INFO tempest.lib.common.rest_client [req-0272e48c-6185-40a6-a228-eacd22b4c152 req-0272e48c-6185-40a6-a228-eacd22b4c152 ] Request (ServerDiagnosticsTest:tearDownClass): 200 GET http://10.180.1.21/compute/v2.1/servers/4f08d36b-f26e-499e-a4be-d8cbb481a44d 1.002s
2024-12-11 22:49:13.747 66051 INFO tempest.lib.common.rest_client [req-a2a59c12-3170-4ef6-b104-2ca56bf045bd req-a2a59c12-3170-4ef6-b104-2ca56bf045bd ] Request (ListServersNegativeTestJSON:setUpClass): 200 GET http://10.180.1.21/compute/v2.1/servers/312aed5b-a66e-4428-ac1b-483dc2b38291 0.951s
2024-12-11 22:49:13.749 66061 INFO tempest.lib.common.rest_client [req-892d4085-d26c-4a4b-9ba8-7c0f7f728790 req-892d4085-d26c-4a4b-9ba8-7c0f7f728790 ] Request (FloatingIPDetailsTestJSON:setUpClass): 201 POST http://10.180.1.21/identity/v3/users 0.078s
2024-12-11 22:49:13.777 66061 INFO tempest.lib.common.rest_client [req-b63202ac-c643-4164-8e20-be4dee3e7b30 req-b63202ac-c643-4164-8e20-be4dee3e7b30 ] Request (FloatingIPDetailsTestJSON:setUpClass): 200 GET http://10.180.1.21/identity/v3/roles 0.027s
2024-12-11 22:49:13.794 66063 INFO tempest.lib.common.rest_client [req-ae4ec180-bb85-452b-91de-58700072d085 req-ae4ec180-bb85-452b-91de-58700072d085 ] Request (ImagesTestJSON:test_create_image_from_stopped_server): 200 GET http://10.180.1.21/compute/v2.1/images/6e31803f-a937-40b2-93d4-307e624edb77 0.871s
2024-12-11 22:49:13.801 66045 INFO tempest.lib.common.rest_client [req-0f11a9ca-8948-46ca-bd03-bf9c696715b9 req-0f11a9ca-8948-46ca-bd03-bf9c696715b9 ] Request (ServicesAdminNegativeV253TestJSON:tearDownClass): 200 GET http://10.180.1.21:9696/networking/v2.0/security-groups?tenant_id=6cf255fdf36e4adb837d7ff775090f61&name=default 0.407s
2024-12-11 22:49:13.811 66077 INFO tempest.lib.common.rest_client [req-3edd8779-2761-468a-aae1-34e9e69e599b req-3edd8779-2761-468a-aae1-34e9e69e599b ] Request (KeyPairsNegativeTestJSON:test_keypair_delete_nonexistent_key): 404 DELETE http://10.180.1.21/compute/v2.1/os-keypairs/tempest-keypair-non-existent-2014851400 0.854s
2024-12-11 22:49:13.815 66085 INFO tempest.lib.common.rest_client [req-1cd7d2ee-2202-45a9-b420-9cfae655c79f req-1cd7d2ee-2202-45a9-b420-9cfae655c79f ] Request (FlavorsAccessNegativeTestJSON:tearDownClass): 204 DELETE http://10.180.1.21/identity/v3/users/3eed564d4dde45848ddbe6a3d285398c 0.207s
2024-12-11 22:49:13.840 66061 INFO tempest.lib.common.rest_client [req-fa00ab00-84f0-4d19-b5b2-d25a3db4e013 req-fa00ab00-84f0-4d19-b5b2-d25a3db4e013 ] Request (FloatingIPDetailsTestJSON:setUpClass): 204 PUT http://10.180.1.21/identity/v3/projects/53a44eb89f7945328a16c972ea336ea7/users/28461ac4247f468690ff0d463190b3d8/roles/f1bf89fa845b48ffb07ec916e33e24b1 0.062s
2024-12-11 22:49:13.840 66061 INFO tempest.lib.common.dynamic_creds [-] Dynamic test user 28461ac4247f468690ff0d463190b3d8 is created with scope project and roles: ['member']
2024-12-11 22:49:13.841 66061 INFO tempest.lib.common.dynamic_creds [-] Acquired dynamic creds: credentials: Credentials: {'domain_id': 'default', 'domain_name': 'Default', 'username': 'tempest-FloatingIPDetailsTestJSON-163388884-project-member', 'project_domain_id': 'default', 'project_domain_name': 'Default', 'project_id': '53a44eb89f7945328a16c972ea336ea7', 'project_name': 'tempest-FloatingIPDetailsTestJSON-163388884', 'tenant_id': '53a44eb89f7945328a16c972ea336ea7', 'tenant_name': 'tempest-FloatingIPDetailsTestJSON-163388884', 'user_domain_id': 'default', 'user_domain_name': 'Default', 'user_id': '28461ac4247f468690ff0d463190b3d8', 'system': None}, Network: None, Subnet: None, Router: None
2024-12-11 22:49:13.882 66049 INFO tempest.lib.common.rest_client [req-baa2b047-a1af-4aaf-8df5-cd987fdeac55 req-baa2b047-a1af-4aaf-8df5-cd987fdeac55 ] Request (DeleteServersAdminTestJSON:test_admin_delete_servers_of_others): 200 GET http://10.180.1.21/compute/v2.1/servers/aa576459-65bf-4b16-ad1d-0930497522eb 0.997s
2024-12-11 22:49:13.926 66085 INFO tempest.lib.common.rest_client [req-114ad8af-44dd-41ac-8f28-33c408b27166 req-114ad8af-44dd-41ac-8f28-33c408b27166 ] Request (FlavorsAccessNegativeTestJSON:tearDownClass): 204 DELETE http://10.180.1.21/identity/v3/users/4dfcaa10b1a54ac2ac2244da3f02bacb 0.110s
2024-12-11 22:49:13.926 66085 INFO tempest.lib.common.dynamic_creds [-] Deleting project and security group for project: 87e2c9e451c74ace89464d1f51ae4e84
2024-12-11 22:49:13.950 66077 INFO tempest.lib.common.rest_client [req-2ee4151a-ad1f-490c-b6bd-5e3612372541 req-2ee4151a-ad1f-490c-b6bd-5e3612372541 ] Request (KeyPairsNegativeTestJSON:tearDownClass): 204 DELETE http://10.180.1.21/identity/v3/users/ab71e338f4884051b8a49c11a1a857b4 0.136s
2024-12-11 22:49:13.950 66077 INFO tempest.lib.common.dynamic_creds [-] Deleting project and security group for project: 372e4a274eac4ee4a7e0f4bd57920682
2024-12-11 22:49:13.979 66061 INFO tempest.lib.common.rest_client [req-44d457cd-e89b-439f-8c31-6ae62c8bab20 req-44d457cd-e89b-439f-8c31-6ae62c8bab20 ] Request (FloatingIPDetailsTestJSON:setUpClass): 201 POST http://10.180.1.21/identity/v3/auth/tokens 0.138s
2024-12-11 22:49:14.007 66085 INFO tempest.lib.common.rest_client [req-ef9f740c-c93e-4d23-b98b-85116b6480e7 req-ef9f740c-c93e-4d23-b98b-85116b6480e7 ] Request (FlavorsAccessNegativeTestJSON:tearDownClass): 201 POST http://10.180.1.21/identity/v3/auth/tokens 0.080s
2024-12-11 22:49:14.038 66077 INFO tempest.lib.common.rest_client [req-20c05e31-451f-4ef4-b44c-4ff5c5218964 req-20c05e31-451f-4ef4-b44c-4ff5c5218964 ] Request (KeyPairsNegativeTestJSON:tearDownClass): 201 POST http://10.180.1.21/identity/v3/auth/tokens 0.088s
2024-12-11 22:49:14.375 66095 INFO tempest.lib.common.rest_client [req-51c88bbc-3e40-4a1c-a164-0c5cea2e409b req-51c88bbc-3e40-4a1c-a164-0c5cea2e409b ] Request (InstanceActionsTestJSON:tearDownClass): 200 GET http://10.180.1.21/compute/v2.1/servers/b334cb41-5ddf-4545-8e2a-97c4d1de7cbf 1.349s
2024-12-11 22:49:14.445 66045 INFO tempest.lib.common.rest_client [req-1ee56727-1a0e-478c-b2e0-0926154ab40d req-1ee56727-1a0e-478c-b2e0-0926154ab40d ] Request (ServicesAdminNegativeV253TestJSON:tearDownClass): 204 DELETE http://10.180.1.21:9696/networking/v2.0/security-groups/59489740-dd9c-4237-86a6-3da92a137c8f 0.642s
2024-12-11 22:49:14.481 66047 INFO tempest.lib.common.rest_client [req-fc57105a-52f2-46de-834a-99e268c3aacd req-fc57105a-52f2-46de-834a-99e268c3aacd ] Request (ServerDiagnosticsV248Test:test_get_server_diagnostics): 200 GET http://10.180.1.21/compute/v2.1/servers/1847c5d8-16eb-4feb-8a09-24ad6728e59c 1.355s
2024-12-11 22:49:14.534 66045 INFO tempest.lib.common.rest_client [req-64fd6f1c-76c6-4513-a8ff-571f09042046 req-64fd6f1c-76c6-4513-a8ff-571f09042046 ] Request (ServicesAdminNegativeV253TestJSON:tearDownClass): 204 DELETE http://10.180.1.21/identity/v3/projects/6cf255fdf36e4adb837d7ff775090f61 0.089s
2024-12-11 22:49:14.589 66087 INFO tempest.lib.common.rest_client [req-6c3e6fb2-36a8-4b17-8889-18c38bae304b req-6c3e6fb2-36a8-4b17-8889-18c38bae304b ] Request (ListImageFiltersTestJSON:setUpClass): 202 POST http://10.180.1.21/compute/v2.1/servers 1.544s
2024-12-11 22:49:14.616 66045 INFO tempest.lib.common.rest_client [req-103f3ea3-e3d1-4648-9237-ea70ec2d9219 req-103f3ea3-e3d1-4648-9237-ea70ec2d9219 ] Request (SecurityGroupsNegativeTestJSON:setUpClass): 201 POST http://10.180.1.21/identity/v3/auth/tokens 0.080s
2024-12-11 22:49:14.664 66045 INFO tempest.lib.common.rest_client [req-344303ba-60a7-4da8-8ad2-8c85b5858b35 req-344303ba-60a7-4da8-8ad2-8c85b5858b35 ] Request (SecurityGroupsNegativeTestJSON:setUpClass): 201 POST http://10.180.1.21/identity/v3/auth/tokens 0.042s
2024-12-11 22:49:14.698 66083 INFO tempest.lib.common.rest_client [req-e75c446b-e93b-42e2-a0b2-537a0ad83642 req-e75c446b-e93b-42e2-a0b2-537a0ad83642 ] Request (ServersNegativeTestMultiTenantJSON:setUpClass): 200 GET http://10.180.1.21/compute/v2.1/servers/3e7d0ba8-1c7c-4e23-a30a-506e9e26cb41 1.520s
2024-12-11 22:49:14.703 66045 INFO tempest.lib.common.rest_client [req-a2b64174-754e-4e60-af20-adcd1180db6a req-a2b64174-754e-4e60-af20-adcd1180db6a ] Request (SecurityGroupsNegativeTestJSON:setUpClass): 200 GET http://10.180.1.21/identity/v3/domains?name=Default 0.038s
2024-12-11 22:49:14.713 66073 INFO tempest.lib.common.rest_client [req-8eca4948-6d3b-43e2-b983-01b291f0ebc6 req-8eca4948-6d3b-43e2-b983-01b291f0ebc6 ] Request (AggregatesAdminNegativeTestJSON:test_aggregate_get_details_with_invalid_id): 404 GET http://10.180.1.21/compute/v2.1/os-aggregates/-1 1.520s
2024-12-11 22:49:14.747 66045 INFO tempest.lib.common.rest_client [req-30f55198-7e66-4150-8af2-08928dde65d5 req-30f55198-7e66-4150-8af2-08928dde65d5 ] Request (SecurityGroupsNegativeTestJSON:setUpClass): 201 POST http://10.180.1.21/identity/v3/projects 0.043s
2024-12-11 22:49:14.793 66077 INFO tempest.lib.common.rest_client [req-8372b607-e586-4674-bab0-1f0fb3f4bc89 req-8372b607-e586-4674-bab0-1f0fb3f4bc89 ] Request (KeyPairsNegativeTestJSON:tearDownClass): 200 GET http://10.180.1.21:9696/networking/v2.0/security-groups?tenant_id=372e4a274eac4ee4a7e0f4bd57920682&name=default 0.753s
2024-12-11 22:49:14.812 66101 INFO tempest.lib.common.rest_client [req-bdfffbae-1f88-40e6-8c0a-72714c7f2992 req-bdfffbae-1f88-40e6-8c0a-72714c7f2992 ] Request (TenantUsagesTestJSON:tearDownClass): 200 GET http://10.180.1.21/compute/v2.1/servers/e98120b4-7916-4ce4-88ef-0c904852bb1f 1.510s
2024-12-11 22:49:14.816 66057 INFO tempest.lib.common.rest_client [req-e22c460d-a54a-4ffe-adf0-dfb9fe975c3e req-e22c460d-a54a-4ffe-adf0-dfb9fe975c3e ] Request (SecurityGroupsTestAdminJSON:_run_cleanups): 202 DELETE http://10.180.1.21/compute/v2.1/os-security-groups/72c7426e-ae45-4e48-aece-48f928095d4b 1.653s
2024-12-11 22:49:14.839 66045 INFO tempest.lib.common.rest_client [req-ac8ffa62-7aa5-484a-b5a4-b3b9a826e21f req-ac8ffa62-7aa5-484a-b5a4-b3b9a826e21f ] Request (SecurityGroupsNegativeTestJSON:setUpClass): 201 POST http://10.180.1.21/identity/v3/users 0.090s
2024-12-11 22:49:14.839 66093 INFO tempest.lib.common.rest_client [req-24564427-7e69-440f-982a-445171ab00f4 req-24564427-7e69-440f-982a-445171ab00f4 ] Request (FlavorsAdminTestJSON:test_is_public_string_variations): 200 POST http://10.180.1.21/compute/v2.1/flavors 1.496s
2024-12-11 22:49:14.866 66045 INFO tempest.lib.common.rest_client [req-e9e58982-3577-4b4e-b862-6caabbfff0ec req-e9e58982-3577-4b4e-b862-6caabbfff0ec ] Request (SecurityGroupsNegativeTestJSON:setUpClass): 200 GET http://10.180.1.21/identity/v3/roles 0.026s
2024-12-11 22:49:14.873 66085 INFO tempest.lib.common.rest_client [req-25f889f2-4d41-47ad-aefc-8cb0ae65ba97 req-25f889f2-4d41-47ad-aefc-8cb0ae65ba97 ] Request (FlavorsAccessNegativeTestJSON:tearDownClass): 200 GET http://10.180.1.21:9696/networking/v2.0/security-groups?tenant_id=87e2c9e451c74ace89464d1f51ae4e84&name=default 0.865s
2024-12-11 22:49:14.903 66067 INFO tempest.lib.common.rest_client [req-26dd8eb4-8c4e-4013-b43d-0b5abd83ac7e req-26dd8eb4-8c4e-4013-b43d-0b5abd83ac7e ] Request (FloatingIPsNegativeTestJSON:setUpClass): 200 PUT http://10.180.1.21:9696/networking/v2.0/routers/505c01c4-370b-4afd-9033-0417c413919a/add_router_interface 3.347s
2024-12-11 22:49:14.903 66067 INFO tempest.lib.common.dynamic_creds [-] Created isolated network resources for: credentials: Credentials: {'domain_id': 'default', 'domain_name': 'Default', 'username': 'tempest-FloatingIPsNegativeTestJSON-1389404079-project-member', 'project_domain_id': 'default', 'project_domain_name': 'Default', 'project_id': '9c4b886935f540c988a6d0746ef06649', 'project_name': 'tempest-FloatingIPsNegativeTestJSON-1389404079', 'tenant_id': '9c4b886935f540c988a6d0746ef06649', 'tenant_name': 'tempest-FloatingIPsNegativeTestJSON-1389404079', 'user_domain_id': 'default', 'user_domain_name': 'Default', 'user_id': '4d63d6cc982b46dab930bba157244059', 'system': None}, Network: {'id': 'fbfdec96-ec86-4917-9a0b-9231fa9b21e9', 'name': 'tempest-FloatingIPsNegativeTestJSON-26942385-network', 'tenant_id': '9c4b886935f540c988a6d0746ef06649', 'admin_state_up': True, 'mtu': 8950, 'status': 'ACTIVE', 'subnets': [], 'shared': False, 'project_id': '9c4b886935f540c988a6d0746ef06649', 'port_security_enabled': True, 'router:external': False, 'provider:network_type': 'vlan', 'provider:physical_network': 'default', 'provider:segmentation_id': 740, 'availability_zone_hints': [], 'availability_zones': [], 'ipv4_address_scope': None, 'ipv6_address_scope': None, 'description': '', 'tags': [], 'created_at': '2024-12-11T22:49:09Z', 'updated_at': '2024-12-11T22:49:09Z', 'revision_number': 1}, Subnet: {'id': '94728bfb-5d4a-4025-9c42-1b6256e45bbc', 'name': 'tempest-FloatingIPsNegativeTestJSON-26942385-subnet', 'tenant_id': '9c4b886935f540c988a6d0746ef06649', 'network_id': 'fbfdec96-ec86-4917-9a0b-9231fa9b21e9', 'ip_version': 4, 'subnetpool_id': None, 'enable_dhcp': True, 'ipv6_ra_mode': None, 'ipv6_address_mode': None, 'gateway_ip': '192.168.128.1', 'cidr': '192.168.128.0/28', 'allocation_pools': [{'start': '192.168.128.2', 'end': '192.168.128.14'}], 'host_routes': [], 'dns_nameservers': [], 'description': '', 'router:external': False, 'service_types': [], 'tags': [], 'created_at': '2024-12-11T22:49:09Z', 'updated_at': '2024-12-11T22:49:09Z', 'revision_number': 0, 'project_id': '9c4b886935f540c988a6d0746ef06649'}, Router: {'id': '505c01c4-370b-4afd-9033-0417c413919a', 'name': 'tempest-FloatingIPsNegativeTestJSON-26942385-router', 'tenant_id': '9c4b886935f540c988a6d0746ef06649', 'admin_state_up': True, 'status': 'ACTIVE', 'external_gateway_info': {'network_id': '499ec31e-1a0b-4661-b792-e4d37da37cf4', 'external_fixed_ips': [{'subnet_id': 'e35129c9-4c2b-4253-b287-2a2896c2a093', 'ip_address': '10.180.180.217'}], 'enable_snat': True}, 'description': '', 'availability_zones': [], 'distributed': False, 'ha': False, 'availability_zone_hints': [], 'routes': [], 'flavor_id': None, 'tags': [], 'created_at': '2024-12-11T22:49:09Z', 'updated_at': '2024-12-11T22:49:10Z', 'revision_number': 2, 'project_id': '9c4b886935f540c988a6d0746ef06649'}
2024-12-11 22:49:14.921 66045 INFO tempest.lib.common.rest_client [req-21ea1472-1fbf-47f1-ab75-9b7217bc98ae req-21ea1472-1fbf-47f1-ab75-9b7217bc98ae ] Request (SecurityGroupsNegativeTestJSON:setUpClass): 204 PUT http://10.180.1.21/identity/v3/projects/fa3c032677ad4b68b9bed8c9524010b6/users/3090e851e4104580ac59c406c1308d3c/roles/f1bf89fa845b48ffb07ec916e33e24b1 0.054s
2024-12-11 22:49:14.922 66045 INFO tempest.lib.common.dynamic_creds [-] Dynamic test user 3090e851e4104580ac59c406c1308d3c is created with scope project and roles: ['member']
2024-12-11 22:49:14.922 66045 INFO tempest.lib.common.dynamic_creds [-] Acquired dynamic creds: credentials: Credentials: {'domain_id': 'default', 'domain_name': 'Default', 'username': 'tempest-SecurityGroupsNegativeTestJSON-67289194-project-member', 'project_domain_id': 'default', 'project_domain_name': 'Default', 'project_id': 'fa3c032677ad4b68b9bed8c9524010b6', 'project_name': 'tempest-SecurityGroupsNegativeTestJSON-67289194', 'tenant_id': 'fa3c032677ad4b68b9bed8c9524010b6', 'tenant_name': 'tempest-SecurityGroupsNegativeTestJSON-67289194', 'user_domain_id': 'default', 'user_domain_name': 'Default', 'user_id': '3090e851e4104580ac59c406c1308d3c', 'system': None}, Network: None, Subnet: None, Router: None
2024-12-11 22:49:14.930 66106 INFO tempest.lib.common.rest_client [req-12bf60e4-091e-4154-bc05-8a1a5601a009 req-12bf60e4-091e-4154-bc05-8a1a5601a009 ] Request (InstanceActionsV221TestJSON:test_get_list_deleted_instance_actions): 200 GET http://10.180.1.21/compute/v2.1/servers/e0e25ddd-3692-480f-bfa0-212741c0d882 1.461s
2024-12-11 22:49:14.965 66099 INFO tempest.lib.common.rest_client [req-43cae2ae-282a-4b61-a01e-36764d6c0ba5 req-43cae2ae-282a-4b61-a01e-36764d6c0ba5 ] Request (ServersAdmin275Test:test_rebuild_update_server_275): 200 GET http://10.180.1.21/compute/v2.1/servers/e81c03f7-9c0e-46bd-9641-aced82038eca 1.320s
2024-12-11 22:49:15.014 66045 INFO tempest.lib.common.rest_client [req-e6e322fe-a491-4bc0-9475-b9689ed63f1a req-e6e322fe-a491-4bc0-9475-b9689ed63f1a ] Request (SecurityGroupsNegativeTestJSON:setUpClass): 201 POST http://10.180.1.21/identity/v3/auth/tokens 0.091s
2024-12-11 22:49:15.015 66067 INFO tempest.lib.common.rest_client [req-03088030-9616-4c92-8c17-fce362528b3b req-03088030-9616-4c92-8c17-fce362528b3b ] Request (FloatingIPsNegativeTestJSON:setUpClass): 201 POST http://10.180.1.21/identity/v3/auth/tokens 0.107s
2024-12-11 22:49:15.078 66075 INFO tempest.lib.common.rest_client [req-e1be5db5-a3eb-4e7c-8085-82006e63e24c req-e1be5db5-a3eb-4e7c-8085-82006e63e24c ] Request (ServerActionsTestOtherA:setUpClass): 200 GET http://10.180.1.21/compute/v2.1/servers/006c9f0b-4b53-4740-9f67-ec9b19b8bcb2 1.153s
2024-12-11 22:49:15.117 66061 INFO tempest.lib.common.rest_client [req-72099466-cb40-4e1c-9f6b-350158d26345 req-72099466-cb40-4e1c-9f6b-350158d26345 ] Request (FloatingIPDetailsTestJSON:setUpClass): 201 POST http://10.180.1.21:9696/networking/v2.0/networks 1.137s
2024-12-11 22:49:15.238 66103 INFO tempest.lib.common.rest_client [req-c21315ce-04a8-4918-b3a4-808502bd53d5 req-c21315ce-04a8-4918-b3a4-808502bd53d5 ] Request (ServersAdminNegativeTestJSON:setUpClass): 200 GET http://10.180.1.21/compute/v2.1/servers/4ee81568-ad9a-4ded-b6fe-15503d85968e 1.169s
2024-12-11 22:49:15.245 66103 INFO tempest.common.waiters [-] State transition "BUILD/None" ==> "BUILD/networking" after 21 second wait
2024-12-11 22:49:15.328 66077 INFO tempest.lib.common.rest_client [req-a944a0da-5832-4d36-92bc-c52a822077a0 req-a944a0da-5832-4d36-92bc-c52a822077a0 ] Request (KeyPairsNegativeTestJSON:tearDownClass): 204 DELETE http://10.180.1.21:9696/networking/v2.0/security-groups/6629b5d7-ae52-48f7-b8d5-544d13fab1d8 0.535s
2024-12-11 22:49:15.376 66079 INFO tempest.lib.common.rest_client [req-454ac321-27cf-4eb3-b9b3-eb3b6a480403 req-454ac321-27cf-4eb3-b9b3-eb3b6a480403 ] Request (ServersWithSpecificFlavorTestJSON:test_verify_created_server_ephemeral_disk): 200 GET http://10.180.1.21/compute/v2.1/servers/fb231b38-950e-4c86-bfe5-4c10a304910f 1.625s
2024-12-11 22:49:15.387 66079 INFO tempest.common.waiters [-] State transition "BUILD/block_device_mapping" ==> "BUILD/spawning" after 21 second wait
2024-12-11 22:49:15.402 66085 INFO tempest.lib.common.rest_client [req-abc3f9c3-93a2-49cc-9b6a-0fa19c645ec4 req-abc3f9c3-93a2-49cc-9b6a-0fa19c645ec4 ] Request (FlavorsAccessNegativeTestJSON:tearDownClass): 204 DELETE http://10.180.1.21:9696/networking/v2.0/security-groups/9f569fcc-c6f9-4cb3-95c6-72b548b970f4 0.529s
2024-12-11 22:49:15.464 66077 INFO tempest.lib.common.rest_client [req-d89ed9cd-b6b6-4852-b319-dec497414f63 req-d89ed9cd-b6b6-4852-b319-dec497414f63 ] Request (KeyPairsNegativeTestJSON:tearDownClass): 204 DELETE http://10.180.1.21/identity/v3/projects/372e4a274eac4ee4a7e0f4bd57920682 0.135s
2024-12-11 22:49:15.471 66059 INFO tempest.lib.common.rest_client [req-244e66bf-bc12-4ea6-a0f3-e06f0ac7626f req-244e66bf-bc12-4ea6-a0f3-e06f0ac7626f ] Request (ServerMetadataTestJSON:setUpClass): 200 GET http://10.180.1.21/compute/v2.1/servers/91ce0ab3-4fa4-4992-995a-0baeec91d9d0 1.160s
2024-12-11 22:49:15.540 66085 INFO tempest.lib.common.rest_client [req-60bde6d9-76e7-42fe-8b8f-b171454ceb05 req-60bde6d9-76e7-42fe-8b8f-b171454ceb05 ] Request (FlavorsAccessNegativeTestJSON:tearDownClass): 204 DELETE http://10.180.1.21/identity/v3/projects/87e2c9e451c74ace89464d1f51ae4e84 0.137s
2024-12-11 22:49:15.540 66085 INFO tempest.lib.common.dynamic_creds [-] Deleting project and security group for project: e93ef73116194d25803da0d18bc6be08
2024-12-11 22:49:15.566 66071 INFO tempest.lib.common.rest_client [req-365b4e16-d0d5-4d7c-bd64-f201fa7d601e req-365b4e16-d0d5-4d7c-bd64-f201fa7d601e ] Request (ServerTagsTestJSON:setUpClass): 200 GET http://10.180.1.21/compute/v2.1/servers/4374c102-a6fe-45ef-ad49-a1295f96899a 1.213s
2024-12-11 22:49:15.574 66077 INFO tempest.lib.common.rest_client [req-f705c170-316b-40cc-b0d3-42e1129efe07 req-f705c170-316b-40cc-b0d3-42e1129efe07 ] Request (ServersTestJSON:setUpClass): 201 POST http://10.180.1.21/identity/v3/auth/tokens 0.109s
2024-12-11 22:49:15.611 66081 INFO tempest.lib.common.rest_client [req-750a8acc-f0e8-4d8c-b8e1-43b3a9fe96d6 req-750a8acc-f0e8-4d8c-b8e1-43b3a9fe96d6 ] Request (MigrationsAdminTest:test_list_migrations_in_flavor_resize_situation): 200 GET http://10.180.1.21/compute/v2.1/servers/aa4906f1-e801-4df0-819e-8c5fb5930fb5 1.353s
2024-12-11 22:49:15.626 66077 INFO tempest.lib.common.rest_client [req-8a778fbf-595d-4c53-9527-9d0b6341ee42 req-8a778fbf-595d-4c53-9527-9d0b6341ee42 ] Request (ServersTestJSON:setUpClass): 201 POST http://10.180.1.21/identity/v3/auth/tokens 0.047s
2024-12-11 22:49:15.643 66045 INFO tempest.lib.common.rest_client [req-2725a938-dd04-4c25-8347-9f051c1a952a req-2725a938-dd04-4c25-8347-9f051c1a952a ] Request (SecurityGroupsNegativeTestJSON:setUpClass): 201 POST http://10.180.1.21:9696/networking/v2.0/networks 0.629s
2024-12-11 22:49:15.667 66077 INFO tempest.lib.common.rest_client [req-85f442b9-0df5-4e90-98e2-6cfc3f6cd2f3 req-85f442b9-0df5-4e90-98e2-6cfc3f6cd2f3 ] Request (ServersTestJSON:setUpClass): 200 GET http://10.180.1.21/identity/v3/domains?name=Default 0.040s
2024-12-11 22:49:15.691 66055 INFO tempest.lib.common.rest_client [req-6fe40ab6-05d7-4f80-b7d7-95345d7f5643 req-6fe40ab6-05d7-4f80-b7d7-95345d7f5643 ] Request (ServerRescueTestJSONUnderV235:setUpClass): 200 GET http://10.180.1.21/compute/v2.1/servers/d16bebd1-a144-4d73-8eb6-8ab12a08fe69 1.262s
2024-12-11 22:49:15.712 66077 INFO tempest.lib.common.rest_client [req-6a68e9c4-48bf-4b8e-b70c-90cdcbe6d3ea req-6a68e9c4-48bf-4b8e-b70c-90cdcbe6d3ea ] Request (ServersTestJSON:setUpClass): 201 POST http://10.180.1.21/identity/v3/projects 0.045s
2024-12-11 22:49:15.755 66043 INFO tempest.lib.common.rest_client [req-60217e85-42bf-4617-b2a5-ce6229133a00 req-60217e85-42bf-4617-b2a5-ce6229133a00 ] Request (ServerAddressesTestJSON:setUpClass): 200 GET http://10.180.1.21/compute/v2.1/servers/f46de981-1f04-4baf-874c-de1b95d16f9d 1.291s
2024-12-11 22:49:15.773 66061 INFO tempest.lib.common.rest_client [req-608bb302-df84-4e0f-b13f-8dfa71852903 req-608bb302-df84-4e0f-b13f-8dfa71852903 ] Request (FloatingIPDetailsTestJSON:setUpClass): 201 POST http://10.180.1.21:9696/networking/v2.0/subnets 0.655s
2024-12-11 22:49:15.815 66091 INFO tempest.lib.common.rest_client [req-c7188795-7d55-4ae2-97bb-0aa0792a5fde req-c7188795-7d55-4ae2-97bb-0aa0792a5fde ] Request (ImagesNegativeTestJSON:test_create_image_from_deleted_server): 200 GET http://10.180.1.21/compute/v2.1/servers/28a8485c-fc0d-4fd0-8be9-37c49caf89b8 1.270s
2024-12-11 22:49:15.817 66077 INFO tempest.lib.common.rest_client [req-3064a33b-6087-48f0-85dc-8ca1c4f22bb1 req-3064a33b-6087-48f0-85dc-8ca1c4f22bb1 ] Request (ServersTestJSON:setUpClass): 201 POST http://10.180.1.21/identity/v3/users 0.101s
2024-12-11 22:49:15.823 66091 INFO tempest.common.waiters [-] State transition "ACTIVE/deleting" ==> "DELETED/None" after 4 second wait
2024-12-11 22:49:15.838 66077 INFO tempest.lib.common.rest_client [req-e6aaf7e3-2622-4471-9eee-9d29783db907 req-e6aaf7e3-2622-4471-9eee-9d29783db907 ] Request (ServersTestJSON:setUpClass): 200 GET http://10.180.1.21/identity/v3/roles 0.020s
2024-12-11 22:49:15.863 66077 INFO tempest.lib.common.rest_client [req-7f3e7e26-c0cb-482b-867c-573fa073319f req-7f3e7e26-c0cb-482b-867c-573fa073319f ] Request (ServersTestJSON:setUpClass): 204 PUT http://10.180.1.21/identity/v3/projects/c9b2c21c3d424352a680c5f9660a8d7f/users/97c6890028244af29f5c7979524dc958/roles/f1bf89fa845b48ffb07ec916e33e24b1 0.025s
2024-12-11 22:49:15.864 66077 INFO tempest.lib.common.dynamic_creds [-] Dynamic test user 97c6890028244af29f5c7979524dc958 is created with scope project and roles: ['member']
