2025-04-15 19:11:01.498 69642 INFO tempest.lib.common.rest_client [req-2f5abb49-161d-4a74-ac59-2d98efce297e req-2f5abb49-161d-4a74-ac59-2d98efce297e ] Request (ServersTestFqdnHostnames:setUpClass): 204 PUT http://10.180.1.21/identity/v3/projects/de621b90f0924d1485c37db1f7529dad/users/35a6bdb19d574188ae5e8b9076a328e7/roles/6751ed7cd5394ed999f3574211baa109 0.038s
2025-04-15 19:11:01.498 69642 INFO tempest.lib.common.dynamic_creds [-] Dynamic test user 35a6bdb19d574188ae5e8b9076a328e7 is created with scope project and roles: ['member']
2025-04-15 19:11:01.498 69642 INFO tempest.lib.common.dynamic_creds [-] Acquired dynamic creds: credentials: Credentials: {'domain_id': 'default', 'domain_name': 'Default', 'username': 'tempest-ServersTestFqdnHostnames-1199068657-project-member', 'project_domain_id': 'default', 'project_domain_name': 'Default', 'project_id': 'de621b90f0924d1485c37db1f7529dad', 'project_name': 'tempest-ServersTestFqdnHostnames-1199068657', 'tenant_id': 'de621b90f0924d1485c37db1f7529dad', 'tenant_name': 'tempest-ServersTestFqdnHostnames-1199068657', 'user_domain_id': 'default', 'user_domain_name': 'Default', 'user_id': '35a6bdb19d574188ae5e8b9076a328e7', 'system': None}, Network: None, Subnet: None, Router: None
2025-04-15 19:11:01.567 69642 INFO tempest.lib.common.rest_client [req-96ba45ce-cbd6-4405-80bb-178f32474642 req-96ba45ce-cbd6-4405-80bb-178f32474642 ] Request (ServersTestFqdnHostnames:setUpClass): 201 POST http://10.180.1.21/identity/v3/auth/tokens 0.069s
2025-04-15 19:11:01.637 69656 INFO tempest.lib.common.rest_client [req-25b627e7-fb9a-40e0-9075-036e62d8c041 req-25b627e7-fb9a-40e0-9075-036e62d8c041 ] Request (ListServerFiltersTestJSON:tearDownClass): 200 GET http://10.180.1.21/compute/v2.1/servers/029595d0-bfcd-4785-8ce6-771cd77f8a7c 1.053s
2025-04-15 19:11:01.746 69608 INFO tempest.lib.common.rest_client [req-5c5e82b4-f1c0-4217-a5b7-bc42dd822393 req-5c5e82b4-f1c0-4217-a5b7-bc42dd822393 ] Request (ImagesTestJSON:test_create_image_from_suspended_server): 200 GET http://10.180.1.21/compute/v2.1/servers/86664fc5-9d66-4a97-a70e-f979ea7989af 1.145s
2025-04-15 19:11:01.814 69622 INFO tempest.lib.common.rest_client [req-572dbe5a-3b3d-401b-9ffe-887e84914aff req-572dbe5a-3b3d-401b-9ffe-887e84914aff ] Request (ServersTestBootFromVolume:setUpClass): 200 GET http://10.180.1.21/compute/v2.1/servers/0cd1c9c8-22f5-4fef-ad5e-ebf448b075ff 1.171s
2025-04-15 19:11:01.882 69648 INFO tempest.lib.common.rest_client [req-c0e31ceb-ec3e-447b-bfe9-df7a56e9171b req-c0e31ceb-ec3e-447b-bfe9-df7a56e9171b ] Request (SecurityGroupsTestJSON:test_server_security_groups): 200 GET http://10.180.1.21/compute/v2.1/servers/4f9bd637-5c78-4c0a-bd7d-c572595d16a5 1.134s
2025-04-15 19:11:01.986 69610 WARNING tempest.lib.common.ssh [-] Failed to establish authenticated ssh connection to cirros@10.180.180.129 ([Errno None] Unable to connect to port 22 on 10.180.180.129). Number attempts: 8. Retry after 9 seconds.: paramiko.ssh_exception.NoValidConnectionsError: [Errno None] Unable to connect to port 22 on 10.180.180.129
2025-04-15 19:11:02.021 69636 INFO tempest.lib.common.rest_client [req-6f1f0328-5f61-45ef-a416-c755d0054e8f req-6f1f0328-5f61-45ef-a416-c755d0054e8f ] Request (ImagesOneServerNegativeTestJSON:test_create_second_image_when_first_image_is_being_saved): 204 DELETE http://10.180.1.21/compute/v2.1/images/e21a4081-86b8-45c3-9bba-e1b817c0588c 0.932s
2025-04-15 19:11:02.100 69642 INFO tempest.lib.common.rest_client [req-b49224ab-d9c4-4672-a091-97d070a306c0 req-b49224ab-d9c4-4672-a091-97d070a306c0 ] Request (ServersTestFqdnHostnames:setUpClass): 201 POST http://10.180.1.21:9696/networking/v2.0/networks 0.532s
2025-04-15 19:11:02.101 69664 INFO tempest.lib.common.rest_client [req-1547a5dc-f521-4ae7-be40-83f62965ae5a req-1547a5dc-f521-4ae7-be40-83f62965ae5a ] Request (ServerDiagnosticsTest:tearDownClass): 200 GET http://10.180.1.21/compute/v2.1/servers/663032db-816b-4c17-bc0b-15ea967f4a8e 0.660s
2025-04-15 19:11:02.159 69658 INFO tempest.lib.common.rest_client [req-70f0ad1a-ed31-4d98-ba75-e0b10953bbc3 req-70f0ad1a-ed31-4d98-ba75-e0b10953bbc3 ] Request (FloatingIPsAssociationNegativeTestJSON:setUpClass): 200 GET http://10.180.1.21/compute/v2.1/servers/a1e62b27-e8ff-4058-bb39-f3619a3335b0 0.662s
2025-04-15 19:11:02.241 69616 WARNING tempest.lib.common.ssh [-] Failed to establish authenticated ssh connection to cirros@10.180.180.159 ([Errno None] Unable to connect to port 22 on 10.180.180.159). Number attempts: 5. Retry after 6 seconds.: paramiko.ssh_exception.NoValidConnectionsError: [Errno None] Unable to connect to port 22 on 10.180.180.159
2025-04-15 19:11:02.325 69668 INFO tempest.lib.common.rest_client [req-5ba5c4ab-bef7-41e9-b162-518d0f1c7827 req-5ba5c4ab-bef7-41e9-b162-518d0f1c7827 ] Request (ServerExternalEventsTest:test_create_server_external_events): 200 GET http://10.180.1.21/compute/v2.1/servers/bf355bcc-9f08-47d9-add7-d5c794770eaa 0.818s
2025-04-15 19:11:02.378 69642 INFO tempest.lib.common.rest_client [req-e26170bb-7b8d-4a68-a50f-8eaff461eb62 req-e26170bb-7b8d-4a68-a50f-8eaff461eb62 ] Request (ServersTestFqdnHostnames:setUpClass): 201 POST http://10.180.1.21:9696/networking/v2.0/subnets 0.278s
2025-04-15 19:11:02.406 69646 INFO tempest.lib.common.rest_client [req-442d511d-032d-4c8d-9412-35fd6151e437 req-442d511d-032d-4c8d-9412-35fd6151e437 ] Request (ServersListShow296Test:test_list_show_update_rebuild_server_296): 200 GET http://10.180.1.21/compute/v2.1/servers/6afbbc09-9ffa-425b-babc-bc287042937f 0.829s
2025-04-15 19:11:02.465 69654 INFO tempest.lib.common.rest_client [req-eb6a41a9-3e0c-4acc-be5d-995d7c2fd6a7 req-eb6a41a9-3e0c-4acc-be5d-995d7c2fd6a7 ] Request (DeleteServersAdminTestJSON:test_delete_server_while_in_error_state): 200 GET http://10.180.1.21/compute/v2.1/servers/8ba20081-cf84-4cf8-8928-e0dc6719d518 0.826s
2025-04-15 19:11:02.531 69612 INFO tempest.lib.common.rest_client [req-1cdc3448-c6e8-4e95-bb05-ae02fd383125 req-1cdc3448-c6e8-4e95-bb05-ae02fd383125 ] Request (ServerTagsTestJSON:setUpClass): 200 GET http://10.180.1.21/compute/v2.1/servers/3c6d72c1-e6c8-416e-9d15-0fc141b7c047 0.828s
2025-04-15 19:11:02.624 69666 INFO tempest.lib.common.rest_client [req-ea2a7aae-a4ca-4434-bc78-01682d7da908 req-ea2a7aae-a4ca-4434-bc78-01682d7da908 ] Request (ServerMetadataNegativeTestJSON:setUpClass): 200 GET http://10.180.1.21/compute/v2.1/servers/702c536d-1471-4b42-b9af-a23fae9347fd 0.895s
2025-04-15 19:11:02.687 69632 INFO tempest.lib.common.rest_client [req-0b9c7975-f1d5-4836-8585-daa67bd5d008 req-0b9c7975-f1d5-4836-8585-daa67bd5d008 ] Request (ServerRescueTestJSON:setUpClass): 200 GET http://10.180.1.21/compute/v2.1/servers/601ed800-158d-4bec-a746-1825d79da206 0.900s
2025-04-15 19:11:02.749 69614 INFO tempest.lib.common.rest_client [req-abc8d07e-2641-44d1-8c37-1e80282c29fa req-abc8d07e-2641-44d1-8c37-1e80282c29fa ] Request (ServersTestJSON:test_create_server_specify_multibyte_character_name): 200 GET http://10.180.1.21/compute/v2.1/servers/20dc03e1-62af-45fa-bc82-3f81c8a1fba5 0.895s
2025-04-15 19:11:02.905 69638 INFO tempest.lib.common.rest_client [req-ccf05b4c-e0f3-4c0b-bce9-7ed00dd1b04e req-ccf05b4c-e0f3-4c0b-bce9-7ed00dd1b04e ] Request (MigrationsAdminTest:test_list_migrations_in_flavor_resize_situation): 200 GET http://10.180.1.21/compute/v2.1/servers/19b297d9-f3a5-4ebb-8964-815cd27c5fe9 1.039s
2025-04-15 19:11:02.971 69624 INFO tempest.lib.common.rest_client [req-3ec2a3b1-8994-42cb-947b-c6a89ad533d2 req-3ec2a3b1-8994-42cb-947b-c6a89ad533d2 ] Request (MultipleCreateTestJSON:test_multiple_create_with_reservation_return): 200 GET http://10.180.1.21/compute/v2.1/servers/beaa19aa-3578-4a12-ac8b-cdcbddb56ba5 1.054s
2025-04-15 19:11:03.033 69630 INFO tempest.lib.common.rest_client [req-947a8643-33f5-4369-a9db-38aebde8f1c1 req-947a8643-33f5-4369-a9db-38aebde8f1c1 ] Request (ServerAddressesNegativeTestJSON:setUpClass): 200 GET http://10.180.1.21/compute/v2.1/servers/8bc071fa-1afb-466e-8d6e-d259d9b7be1c 1.102s
2025-04-15 19:11:03.161 69650 INFO tempest.lib.common.rest_client [req-0365293c-0faa-4820-ae0b-93e06bbd30fe req-0365293c-0faa-4820-ae0b-93e06bbd30fe ] Request (ServerActionsV293TestJSON:setUpClass): 200 GET http://10.180.1.21/compute/v2.1/servers/fa6b327b-5fd6-4a60-8358-37a612b17ed5 1.171s
2025-04-15 19:11:03.170 69650 INFO tempest.common.waiters [-] State transition "BUILD/networking" ==> "BUILD/block_device_mapping" after 60 second wait
2025-04-15 19:11:03.221 69634 INFO tempest.lib.common.rest_client [req-d1cfe27a-692a-4027-b992-7b0c69608c88 req-d1cfe27a-692a-4027-b992-7b0c69608c88 ] Request (ServerActionsTestOtherB:setUpClass): 200 GET http://10.180.1.21/compute/v2.1/servers/33fff088-d4ce-46e6-9680-c4f4d9dd7f7b 1.224s
2025-04-15 19:11:03.327 69636 INFO tempest.lib.common.rest_client [req-f8fea71c-efd8-47c5-8c9b-e857e4a2ad77 req-f8fea71c-efd8-47c5-8c9b-e857e4a2ad77 ] Request (ImagesOneServerNegativeTestJSON:tearDown): 200 GET http://10.180.1.21/compute/v2.1/servers/6ab24fb4-7b96-47ad-a951-40a856f07f72 1.305s
2025-04-15 19:11:03.385 69660 INFO tempest.lib.common.rest_client [req-548ddf2a-6d5f-4e02-90ff-994654ce4d00 req-548ddf2a-6d5f-4e02-90ff-994654ce4d00 ] Request (ServerAddressesTestJSON:setUpClass): 200 GET http://10.180.1.21/compute/v2.1/servers/6df206b8-a448-4fe6-b0d2-d2b1e913e997 1.326s
2025-04-15 19:11:03.443 69644 INFO tempest.lib.common.rest_client [req-0491698c-90ef-429d-bdf9-4b08b6c1f8a4 req-0491698c-90ef-429d-bdf9-4b08b6c1f8a4 ] Request (ImagesOneServerTestJSON:tearDownClass): 200 GET http://10.180.1.21/compute/v2.1/servers/22d254b3-b8fd-437f-9799-c77d6d912875 1.371s
2025-04-15 19:11:03.506 69662 INFO tempest.lib.common.rest_client [req-ca89c308-a619-47eb-ba40-a7dddffea001 req-ca89c308-a619-47eb-ba40-a7dddffea001 ] Request (ServerDiagnosticsV248Test:tearDownClass): 200 GET http://10.180.1.21/compute/v2.1/servers/0b300c8b-226e-4cfc-8a57-78234de65ef0 1.369s
2025-04-15 19:11:03.515 69662 INFO tempest.common.waiters [-] State transition "ACTIVE/deleting" ==> "DELETED/None" after 4 second wait
2025-04-15 19:11:03.541 69618 INFO tempest.lib.common.rest_client [req-5ed8e0b1-f958-4332-9702-5ede2d5351b7 req-5ed8e0b1-f958-4332-9702-5ede2d5351b7 ] Request (FloatingIPsAssociationTestJSON:test_associate_already_associated_floating_ip): 202 POST http://10.180.1.21/compute/v2.1/servers/a86939ca-f0b8-4d90-a421-6324ef9a89f8/action 3.180s
2025-04-15 19:11:03.550 69642 INFO tempest.lib.common.rest_client [req-36c011a8-6def-4700-a7f6-875062b3eb03 req-36c011a8-6def-4700-a7f6-875062b3eb03 ] Request (ServersTestFqdnHostnames:setUpClass): 201 POST http://10.180.1.21:9696/networking/v2.0/routers 1.171s
2025-04-15 19:11:03.567 69652 INFO tempest.lib.common.rest_client [req-48dc9fc7-f551-42af-92b5-f348e6a8f38c req-48dc9fc7-f551-42af-92b5-f348e6a8f38c ] Request (ServersAdminNegativeTestJSON:setUpClass): 200 GET http://10.180.1.21/compute/v2.1/servers/8ab143f5-d2c6-4ced-805a-89fb0ce860b1 1.401s
2025-04-15 19:11:03.619 69656 INFO tempest.lib.common.rest_client [req-e494ddc0-0474-4947-aa07-42b36c28cb24 req-e494ddc0-0474-4947-aa07-42b36c28cb24 ] Request (ListServerFiltersTestJSON:tearDownClass): 200 GET http://10.180.1.21/compute/v2.1/servers/029595d0-bfcd-4785-8ce6-771cd77f8a7c 0.962s
2025-04-15 19:11:03.626 69606 INFO tempest.lib.common.rest_client [req-648689a5-cb23-4c2c-8247-908434778b2e req-648689a5-cb23-4c2c-8247-908434778b2e ] Request (DeleteServersTestJSON:test_delete_server_while_in_attached_volume): 200 GET http://10.180.1.21/compute/v2.1/servers/4ff609df-07c8-420f-8eec-e89c33a51a33 1.404s
2025-04-15 19:11:03.724 69608 INFO tempest.lib.common.rest_client [req-2e33082a-3546-4164-8a57-e31338e19cb9 req-2e33082a-3546-4164-8a57-e31338e19cb9 ] Request (ImagesTestJSON:test_create_image_from_suspended_server): 200 GET http://10.180.1.21/compute/v2.1/servers/86664fc5-9d66-4a97-a70e-f979ea7989af 0.965s
2025-04-15 19:11:03.726 69622 INFO tempest.lib.common.rest_client [req-79d84d9e-0f31-4705-b5af-7bdf5759c9d7 req-79d84d9e-0f31-4705-b5af-7bdf5759c9d7 ] Request (ServersTestBootFromVolume:setUpClass): 200 GET http://10.180.1.21/compute/v2.1/servers/0cd1c9c8-22f5-4fef-ad5e-ebf448b075ff 0.899s
2025-04-15 19:11:03.789 69648 INFO tempest.lib.common.rest_client [req-6ac58e4b-5c77-4e8a-b381-8616f0f26033 req-6ac58e4b-5c77-4e8a-b381-8616f0f26033 ] Request (SecurityGroupsTestJSON:test_server_security_groups): 200 GET http://10.180.1.21/compute/v2.1/servers/4f9bd637-5c78-4c0a-bd7d-c572595d16a5 0.894s
2025-04-15 19:11:03.795 69664 INFO tempest.lib.common.rest_client [req-091edbe5-cad2-4a95-96bf-494d9b1f7ffc req-091edbe5-cad2-4a95-96bf-494d9b1f7ffc ] Request (ServerDiagnosticsTest:tearDownClass): 200 GET http://10.180.1.21/compute/v2.1/servers/663032db-816b-4c17-bc0b-15ea967f4a8e 0.685s
2025-04-15 19:11:03.851 69658 INFO tempest.lib.common.rest_client [req-f97171b8-0f92-4320-926b-b84b3f4ebaef req-f97171b8-0f92-4320-926b-b84b3f4ebaef ] Request (FloatingIPsAssociationNegativeTestJSON:setUpClass): 200 GET http://10.180.1.21/compute/v2.1/servers/a1e62b27-e8ff-4058-bb39-f3619a3335b0 0.684s
2025-04-15 19:11:03.916 69668 INFO tempest.lib.common.rest_client [req-10b3a4b9-4a1d-4c2d-8596-d412f47e183c req-10b3a4b9-4a1d-4c2d-8596-d412f47e183c ] Request (ServerExternalEventsTest:test_create_server_external_events): 200 GET http://10.180.1.21/compute/v2.1/servers/bf355bcc-9f08-47d9-add7-d5c794770eaa 0.580s
2025-04-15 19:11:03.924 69646 INFO tempest.lib.common.rest_client [req-01cb3c35-a4d2-47ca-9bb0-989078c3c22d req-01cb3c35-a4d2-47ca-9bb0-989078c3c22d ] Request (ServersListShow296Test:test_list_show_update_rebuild_server_296): 200 GET http://10.180.1.21/compute/v2.1/servers/6afbbc09-9ffa-425b-babc-bc287042937f 0.504s
2025-04-15 19:11:03.940 69646 INFO tempest.common.waiters [-] State transition "BUILD/None" ==> "BUILD/networking" after 57 second wait
2025-04-15 19:11:03.985 69654 INFO tempest.lib.common.rest_client [req-5774c861-690c-4604-8e40-e1b5d438c92a req-5774c861-690c-4604-8e40-e1b5d438c92a ] Request (DeleteServersAdminTestJSON:test_delete_server_while_in_error_state): 200 GET http://10.180.1.21/compute/v2.1/servers/8ba20081-cf84-4cf8-8928-e0dc6719d518 0.512s
2025-04-15 19:11:04.059 69612 INFO tempest.lib.common.rest_client [req-2c13c728-dc7c-41e9-bdfe-548029bb0b34 req-2c13c728-dc7c-41e9-bdfe-548029bb0b34 ] Request (ServerTagsTestJSON:setUpClass): 200 GET http://10.180.1.21/compute/v2.1/servers/3c6d72c1-e6c8-416e-9d15-0fc141b7c047 0.517s
2025-04-15 19:11:04.207 69618 INFO tempest.lib.common.rest_client [req-d96828d2-9c9a-4129-9689-36a572cba913 req-d96828d2-9c9a-4129-9689-36a572cba913 ] Request (FloatingIPsAssociationTestJSON:test_associate_already_associated_floating_ip): 409 POST http://10.180.1.21/compute/v2.1/servers/1201c389-67f9-4a49-8d04-0fffbe8cf528/action 0.665s
2025-04-15 19:11:04.207 69666 INFO tempest.lib.common.rest_client [req-5e27a6bd-2501-494a-9631-399ead8c5880 req-5e27a6bd-2501-494a-9631-399ead8c5880 ] Request (ServerMetadataNegativeTestJSON:setUpClass): 200 GET http://10.180.1.21/compute/v2.1/servers/702c536d-1471-4b42-b9af-a23fae9347fd 0.575s
2025-04-15 19:11:04.280 69614 INFO tempest.lib.common.rest_client [req-5e315013-bfcd-4cfe-941e-89d46247fde4 req-5e315013-bfcd-4cfe-941e-89d46247fde4 ] Request (ServersTestJSON:test_create_server_specify_multibyte_character_name): 200 GET http://10.180.1.21/compute/v2.1/servers/20dc03e1-62af-45fa-bc82-3f81c8a1fba5 0.514s
2025-04-15 19:11:04.283 69632 INFO tempest.lib.common.rest_client [req-24c52284-ad10-431f-b459-9dcdebbd8f69 req-24c52284-ad10-431f-b459-9dcdebbd8f69 ] Request (ServerRescueTestJSON:setUpClass): 200 GET http://10.180.1.21/compute/v2.1/servers/601ed800-158d-4bec-a746-1825d79da206 0.581s
2025-04-15 19:11:04.375 69638 INFO tempest.lib.common.rest_client [req-836df215-72d1-49bc-a3eb-03217309a463 req-836df215-72d1-49bc-a3eb-03217309a463 ] Request (MigrationsAdminTest:test_list_migrations_in_flavor_resize_situation): 200 GET http://10.180.1.21/compute/v2.1/servers/19b297d9-f3a5-4ebb-8964-815cd27c5fe9 0.454s
2025-04-15 19:11:04.425 69630 INFO tempest.lib.common.rest_client [req-ae447c0b-2c00-4ed8-8ff9-0346138750ee req-ae447c0b-2c00-4ed8-8ff9-0346138750ee ] Request (ServerAddressesNegativeTestJSON:setUpClass): 200 GET http://10.180.1.21/compute/v2.1/servers/8bc071fa-1afb-466e-8d6e-d259d9b7be1c 0.383s
2025-04-15 19:11:04.516 69650 INFO tempest.lib.common.rest_client [req-942daef0-9044-42d8-86cb-fe5e5ec0d163 req-942daef0-9044-42d8-86cb-fe5e5ec0d163 ] Request (ServerActionsV293TestJSON:setUpClass): 200 GET http://10.180.1.21/compute/v2.1/servers/fa6b327b-5fd6-4a60-8358-37a612b17ed5 0.342s
2025-04-15 19:11:04.528 69650 INFO tempest.common.waiters [-] State transition "BUILD/block_device_mapping" ==> "BUILD/spawning" after 61 second wait
2025-04-15 19:11:04.548 69624 INFO tempest.lib.common.rest_client [req-9239327f-86df-4d5e-9ac7-1de225de98d7 req-9239327f-86df-4d5e-9ac7-1de225de98d7 ] Request (MultipleCreateTestJSON:test_multiple_create_with_reservation_return): 200 GET http://10.180.1.21/compute/v2.1/servers/beaa19aa-3578-4a12-ac8b-cdcbddb56ba5 0.568s
2025-04-15 19:11:04.612 69634 INFO tempest.lib.common.rest_client [req-aba23a55-767f-4e83-b127-b5b2a6e5b518 req-aba23a55-767f-4e83-b127-b5b2a6e5b518 ] Request (ServerActionsTestOtherB:setUpClass): 200 GET http://10.180.1.21/compute/v2.1/servers/33fff088-d4ce-46e6-9680-c4f4d9dd7f7b 0.381s
2025-04-15 19:11:04.882 69636 INFO tempest.lib.common.rest_client [req-b90678df-b236-4c06-862c-bb5263bc03dc req-b90678df-b236-4c06-862c-bb5263bc03dc ] Request (ImagesOneServerNegativeTestJSON:tearDown): 200 GET http://10.180.1.21/compute/v2.1/servers/6ab24fb4-7b96-47ad-a951-40a856f07f72 0.547s
2025-04-15 19:11:04.894 69636 INFO tempest.common.waiters [-] State transition "ACTIVE/image_pending_upload" ==> "ACTIVE/image_uploading" after 1 second wait
2025-04-15 19:11:04.973 69660 INFO tempest.lib.common.rest_client [req-855cb8fc-87b1-454b-9c23-dc9555ef163a req-855cb8fc-87b1-454b-9c23-dc9555ef163a ] Request (ServerAddressesTestJSON:setUpClass): 200 GET http://10.180.1.21/compute/v2.1/servers/6df206b8-a448-4fe6-b0d2-d2b1e913e997 0.580s
2025-04-15 19:11:05.062 69644 INFO tempest.lib.common.rest_client [req-d62ec9e2-f7e4-4989-93f6-5d0a37a19d3c req-d62ec9e2-f7e4-4989-93f6-5d0a37a19d3c ] Request (ImagesOneServerTestJSON:tearDownClass): 200 GET http://10.180.1.21/compute/v2.1/servers/22d254b3-b8fd-437f-9799-c77d6d912875 0.611s
2025-04-15 19:11:05.149 69662 INFO tempest.lib.common.rest_client [req-660b3bc9-3a41-4423-8269-7be41c5fc59b req-660b3bc9-3a41-4423-8269-7be41c5fc59b ] Request (ServerDiagnosticsV248Test:tearDownClass): 200 GET http://10.180.1.21/compute/v2.1/servers/0b300c8b-226e-4cfc-8a57-78234de65ef0 0.632s
2025-04-15 19:11:05.205 69652 INFO tempest.lib.common.rest_client [req-5ff84336-d078-4195-9cd9-95e333cd179d req-5ff84336-d078-4195-9cd9-95e333cd179d ] Request (ServersAdminNegativeTestJSON:setUpClass): 200 GET http://10.180.1.21/compute/v2.1/servers/8ab143f5-d2c6-4ced-805a-89fb0ce860b1 0.622s
2025-04-15 19:11:05.269 69656 INFO tempest.lib.common.rest_client [req-80b1f5c7-b245-40b0-8dc5-a353a6eb9ffd req-80b1f5c7-b245-40b0-8dc5-a353a6eb9ffd ] Request (ListServerFiltersTestJSON:tearDownClass): 200 GET http://10.180.1.21/compute/v2.1/servers/029595d0-bfcd-4785-8ce6-771cd77f8a7c 0.642s
2025-04-15 19:11:05.277 69656 INFO tempest.common.waiters [-] State transition "ACTIVE/deleting" ==> "DELETED/None" after 4 second wait
2025-04-15 19:11:05.278 69642 INFO tempest.lib.common.rest_client [req-431a3685-f671-4d04-9eb5-b50b8cf0c1ee req-431a3685-f671-4d04-9eb5-b50b8cf0c1ee ] Request (ServersTestFqdnHostnames:setUpClass): 200 PUT http://10.180.1.21:9696/networking/v2.0/routers/88bb0813-ab5a-4502-9ff8-eafabcfc1c57/add_router_interface 1.727s
2025-04-15 19:11:05.278 69642 INFO tempest.lib.common.dynamic_creds [-] Created isolated network resources for: credentials: Credentials: {'domain_id': 'default', 'domain_name': 'Default', 'username': 'tempest-ServersTestFqdnHostnames-1199068657-project-member', 'project_domain_id': 'default', 'project_domain_name': 'Default', 'project_id': 'de621b90f0924d1485c37db1f7529dad', 'project_name': 'tempest-ServersTestFqdnHostnames-1199068657', 'tenant_id': 'de621b90f0924d1485c37db1f7529dad', 'tenant_name': 'tempest-ServersTestFqdnHostnames-1199068657', 'user_domain_id': 'default', 'user_domain_name': 'Default', 'user_id': '35a6bdb19d574188ae5e8b9076a328e7', 'system': None}, Network: {'id': 'd9519add-99eb-4435-9ca2-70c62544ac9f', 'name': 'tempest-ServersTestFqdnHostnames-712432969-network', 'tenant_id': 'de621b90f0924d1485c37db1f7529dad', 'admin_state_up': True, 'mtu': 8950, 'status': 'ACTIVE', 'subnets': [], 'shared': False, 'project_id': 'de621b90f0924d1485c37db1f7529dad', 'port_security_enabled': True, 'router:external': False, 'provider:network_type': 'vlan', 'provider:physical_network': 'default', 'provider:segmentation_id': 897, 'availability_zone_hints': [], 'availability_zones': [], 'ipv4_address_scope': None, 'ipv6_address_scope': None, 'description': '', 'tags': [], 'created_at': '2025-04-15T19:11:01Z', 'updated_at': '2025-04-15T19:11:01Z', 'revision_number': 1}, Subnet: {'id': '7d9477b6-b1e0-4eea-9cdf-63b59ebdbf59', 'name': 'tempest-ServersTestFqdnHostnames-712432969-subnet', 'tenant_id': 'de621b90f0924d1485c37db1f7529dad', 'network_id': 'd9519add-99eb-4435-9ca2-70c62544ac9f', 'ip_version': 4, 'subnetpool_id': None, 'enable_dhcp': True, 'ipv6_ra_mode': None, 'ipv6_address_mode': None, 'gateway_ip': '192.168.128.1', 'cidr': '192.168.128.0/28', 'allocation_pools': [{'start': '192.168.128.2', 'end': '192.168.128.14'}], 'host_routes': [], 'dns_nameservers': [], 'description': '', 'router:external': False, 'service_types': [], 'tags': [], 'created_at': '2025-04-15T19:11:02Z', 'updated_at': '2025-04-15T19:11:02Z', 'revision_number': 0, 'project_id': 'de621b90f0924d1485c37db1f7529dad'}, Router: {'id': '88bb0813-ab5a-4502-9ff8-eafabcfc1c57', 'name': 'tempest-ServersTestFqdnHostnames-712432969-router', 'tenant_id': 'de621b90f0924d1485c37db1f7529dad', 'admin_state_up': True, 'status': 'ACTIVE', 'external_gateway_info': {'network_id': '37a85180-03c5-4b2f-a1fe-c83140b89599', 'external_fixed_ips': [{'subnet_id': 'f0e84043-752a-43c6-992e-d5e952a788ee', 'ip_address': '10.180.180.128'}], 'enable_snat': True}, 'description': '', 'availability_zones': [], 'distributed': False, 'ha': False, 'availability_zone_hints': [], 'routes': [], 'flavor_id': None, 'tags': [], 'created_at': '2025-04-15T19:11:02Z', 'updated_at': '2025-04-15T19:11:02Z', 'revision_number': 2, 'project_id': 'de621b90f0924d1485c37db1f7529dad'}
2025-04-15 19:11:05.316 69606 INFO tempest.lib.common.rest_client [req-8a64fbc2-4438-4519-9df9-9288298084fe req-8a64fbc2-4438-4519-9df9-9288298084fe ] Request (DeleteServersTestJSON:test_delete_server_while_in_attached_volume): 200 GET http://10.180.1.21/compute/v2.1/servers/4ff609df-07c8-420f-8eec-e89c33a51a33 0.680s
2025-04-15 19:11:05.370 69608 INFO tempest.lib.common.rest_client [req-095d36fa-0cf3-4fd4-a407-2ec4a49f52fb req-095d36fa-0cf3-4fd4-a407-2ec4a49f52fb ] Request (ImagesTestJSON:test_create_image_from_suspended_server): 200 GET http://10.180.1.21/compute/v2.1/servers/86664fc5-9d66-4a97-a70e-f979ea7989af 0.637s
2025-04-15 19:11:05.378 69642 INFO tempest.lib.common.rest_client [req-2461c935-32cf-4542-9c33-7b6635e384cd req-2461c935-32cf-4542-9c33-7b6635e384cd ] Request (ServersTestFqdnHostnames:setUpClass): 201 POST http://10.180.1.21/identity/v3/auth/tokens 0.097s
2025-04-15 19:11:05.425 69622 INFO tempest.lib.common.rest_client [req-277b90fc-22a0-475a-93eb-361adb70f27a req-277b90fc-22a0-475a-93eb-361adb70f27a ] Request (ServersTestBootFromVolume:setUpClass): 200 GET http://10.180.1.21/compute/v2.1/servers/0cd1c9c8-22f5-4fef-ad5e-ebf448b075ff 0.689s
2025-04-15 19:11:05.476 69648 INFO tempest.lib.common.rest_client [req-4c2422fe-75cc-49c4-b2a0-11410faa5a92 req-4c2422fe-75cc-49c4-b2a0-11410faa5a92 ] Request (SecurityGroupsTestJSON:test_server_security_groups): 200 GET http://10.180.1.21/compute/v2.1/servers/4f9bd637-5c78-4c0a-bd7d-c572595d16a5 0.670s
2025-04-15 19:11:05.512 69618 INFO tempest.lib.common.rest_client [req-aa6f0b98-de3e-4904-8462-41c8f64897ed req-aa6f0b98-de3e-4904-8462-41c8f64897ed ] Request (FloatingIPsAssociationTestJSON:_run_cleanups): 202 POST http://10.180.1.21/compute/v2.1/servers/a86939ca-f0b8-4d90-a421-6324ef9a89f8/action 1.304s
2025-04-15 19:11:05.538 69664 INFO tempest.lib.common.rest_client [req-90923491-9eae-4907-a9fa-e32bff26b83c req-90923491-9eae-4907-a9fa-e32bff26b83c ] Request (ServerDiagnosticsTest:tearDownClass): 200 GET http://10.180.1.21/compute/v2.1/servers/663032db-816b-4c17-bc0b-15ea967f4a8e 0.731s
2025-04-15 19:11:05.570 69658 INFO tempest.lib.common.rest_client [req-a666c372-c1bd-462b-a0be-7187a70c3d5e req-a666c372-c1bd-462b-a0be-7187a70c3d5e ] Request (FloatingIPsAssociationNegativeTestJSON:setUpClass): 200 GET http://10.180.1.21/compute/v2.1/servers/a1e62b27-e8ff-4058-bb39-f3619a3335b0 0.707s
2025-04-15 19:11:05.640 69646 INFO tempest.lib.common.rest_client [req-32e9b36b-518c-45b1-9a44-ff1d822e14dd req-32e9b36b-518c-45b1-9a44-ff1d822e14dd ] Request (ServersListShow296Test:test_list_show_update_rebuild_server_296): 200 GET http://10.180.1.21/compute/v2.1/servers/6afbbc09-9ffa-425b-babc-bc287042937f 0.699s
2025-04-15 19:11:05.657 69646 INFO tempest.common.waiters [-] State transition "BUILD/networking" ==> "BUILD/spawning" after 59 second wait
2025-04-15 19:11:05.688 69668 INFO tempest.lib.common.rest_client [req-0c5ce6ef-391c-4fa0-b6bd-e2757330e448 req-0c5ce6ef-391c-4fa0-b6bd-e2757330e448 ] Request (ServerExternalEventsTest:test_create_server_external_events): 200 GET http://10.180.1.21/compute/v2.1/servers/bf355bcc-9f08-47d9-add7-d5c794770eaa 0.758s
2025-04-15 19:11:05.697 69668 INFO tempest.common.waiters [-] State transition "BUILD/spawning" ==> "ACTIVE/None" after 72 second wait
2025-04-15 19:11:05.700 69654 INFO tempest.lib.common.rest_client [req-07747b6d-0d9e-4687-b61b-3f2df5cc110b req-07747b6d-0d9e-4687-b61b-3f2df5cc110b ] Request (DeleteServersAdminTestJSON:test_delete_server_while_in_error_state): 200 GET http://10.180.1.21/compute/v2.1/servers/8ba20081-cf84-4cf8-8928-e0dc6719d518 0.706s
2025-04-15 19:11:05.745 69612 INFO tempest.lib.common.rest_client [req-a5a0ea51-5c19-4322-8669-eacdb6d062fa req-a5a0ea51-5c19-4322-8669-eacdb6d062fa ] Request (ServerTagsTestJSON:setUpClass): 200 GET http://10.180.1.21/compute/v2.1/servers/3c6d72c1-e6c8-416e-9d15-0fc141b7c047 0.673s
2025-04-15 19:11:05.794 69632 INFO tempest.lib.common.rest_client [req-4fd8adda-7874-4991-b5e3-9c77d5a5d0b2 req-4fd8adda-7874-4991-b5e3-9c77d5a5d0b2 ] Request (ServerRescueTestJSON:setUpClass): 200 GET http://10.180.1.21/compute/v2.1/servers/601ed800-158d-4bec-a746-1825d79da206 0.492s
2025-04-15 19:11:05.802 69632 INFO tempest.common.waiters [-] State transition "BUILD/scheduling" ==> "BUILD/None" after 39 second wait
2025-04-15 19:11:05.814 69666 INFO tempest.lib.common.rest_client [req-3813e418-ba86-414b-9139-d4393f52c46b req-3813e418-ba86-414b-9139-d4393f52c46b ] Request (ServerMetadataNegativeTestJSON:setUpClass): 200 GET http://10.180.1.21/compute/v2.1/servers/702c536d-1471-4b42-b9af-a23fae9347fd 0.594s
2025-04-15 19:11:05.853 69614 INFO tempest.lib.common.rest_client [req-32d672ce-c776-43f4-8f8c-9628dbbeae3e req-32d672ce-c776-43f4-8f8c-9628dbbeae3e ] Request (ServersTestJSON:test_create_server_specify_multibyte_character_name): 200 GET http://10.180.1.21/compute/v2.1/servers/20dc03e1-62af-45fa-bc82-3f81c8a1fba5 0.552s
2025-04-15 19:11:05.942 69642 INFO tempest.lib.common.rest_client [req-db8c9354-454b-4625-939e-492bd0c68de8 req-db8c9354-454b-4625-939e-492bd0c68de8 ] Request (ServersTestFqdnHostnames:test_create_server_with_fqdn_name): 200 POST http://10.180.1.21/compute/v2.1/os-keypairs 0.561s
2025-04-15 19:11:05.962 69638 INFO tempest.lib.common.rest_client [req-0dbd3c0a-6782-4439-9738-a301147909c5 req-0dbd3c0a-6782-4439-9738-a301147909c5 ] Request (MigrationsAdminTest:test_list_migrations_in_flavor_resize_situation): 200 GET http://10.180.1.21/compute/v2.1/servers/19b297d9-f3a5-4ebb-8964-815cd27c5fe9 0.579s
2025-04-15 19:11:06.022 69630 INFO tempest.lib.common.rest_client [req-7f646771-20b7-430e-b0b3-2ff4040f278c req-7f646771-20b7-430e-b0b3-2ff4040f278c ] Request (ServerAddressesNegativeTestJSON:setUpClass): 200 GET http://10.180.1.21/compute/v2.1/servers/8bc071fa-1afb-466e-8d6e-d259d9b7be1c 0.577s
2025-04-15 19:11:06.047 69618 INFO tempest.lib.common.rest_client [req-03c5f608-c702-4de1-b52f-27ba41586598 req-03c5f608-c702-4de1-b52f-27ba41586598 ] Request (FloatingIPsAssociationTestJSON:_run_cleanups): 204 DELETE http://10.180.1.21/compute/v2.1/servers/a86939ca-f0b8-4d90-a421-6324ef9a89f8 0.535s
2025-04-15 19:11:06.107 69624 INFO tempest.lib.common.rest_client [req-3c484890-caf0-4336-983c-d872d63ca03a req-3c484890-caf0-4336-983c-d872d63ca03a ] Request (MultipleCreateTestJSON:test_multiple_create_with_reservation_return): 200 GET http://10.180.1.21/compute/v2.1/servers/beaa19aa-3578-4a12-ac8b-cdcbddb56ba5 0.548s
2025-04-15 19:11:06.160 69634 INFO tempest.lib.common.rest_client [req-a4cd4ba4-5976-4126-a3ca-313898e36b15 req-a4cd4ba4-5976-4126-a3ca-313898e36b15 ] Request (ServerActionsTestOtherB:setUpClass): 200 GET http://10.180.1.21/compute/v2.1/servers/33fff088-d4ce-46e6-9680-c4f4d9dd7f7b 0.529s
2025-04-15 19:11:06.186 69642 INFO tempest.lib.common.rest_client [req-61d56b3d-1ba0-40c4-af3a-7701cae78e44 req-61d56b3d-1ba0-40c4-af3a-7701cae78e44 ] Request (ServersTestFqdnHostnames:test_create_server_with_fqdn_name): 201 POST http://10.180.1.21:9696/networking/v2.0/security-groups 0.241s
2025-04-15 19:11:06.206 69650 INFO tempest.lib.common.rest_client [req-b38fe950-9958-4794-9011-6d8d47d6731a req-b38fe950-9958-4794-9011-6d8d47d6731a ] Request (ServerActionsV293TestJSON:setUpClass): 200 GET http://10.180.1.21/compute/v2.1/servers/fa6b327b-5fd6-4a60-8358-37a612b17ed5 0.677s
2025-04-15 19:11:06.330 69668 INFO tempest.lib.common.rest_client [req-75424029-1a27-4df9-b3dc-513d8c1605f9 req-75424029-1a27-4df9-b3dc-513d8c1605f9 ] Request (ServerExternalEventsTest:test_create_server_external_events): 200 POST http://10.180.1.21/compute/v2.1/os-server-external-events 0.633s
2025-04-15 19:11:06.364 69636 INFO tempest.lib.common.rest_client [req-6d355b50-02d2-4868-a995-3155b44b8dd5 req-6d355b50-02d2-4868-a995-3155b44b8dd5 ] Request (ImagesOneServerNegativeTestJSON:tearDown): 200 GET http://10.180.1.21/compute/v2.1/servers/6ab24fb4-7b96-47ad-a951-40a856f07f72 0.467s
2025-04-15 19:11:06.385 69642 INFO tempest.lib.common.rest_client [req-7f990204-3c15-48cf-abe2-6593dc38b617 req-7f990204-3c15-48cf-abe2-6593dc38b617 ] Request (ServersTestFqdnHostnames:test_create_server_with_fqdn_name): 201 POST http://10.180.1.21:9696/networking/v2.0/security-group-rules 0.199s
2025-04-15 19:11:06.387 69660 INFO tempest.lib.common.rest_client [req-13f295d9-2988-424b-b4fa-c8fdb1a73d74 req-13f295d9-2988-424b-b4fa-c8fdb1a73d74 ] Request (ServerAddressesTestJSON:setUpClass): 200 GET http://10.180.1.21/compute/v2.1/servers/6df206b8-a448-4fe6-b0d2-d2b1e913e997 0.402s
2025-04-15 19:11:06.476 69642 INFO tempest.lib.common.rest_client [req-c5aec4a4-f11c-407f-944f-53b1350ffcab req-c5aec4a4-f11c-407f-944f-53b1350ffcab ] Request (ServersTestFqdnHostnames:test_create_server_with_fqdn_name): 201 POST http://10.180.1.21:9696/networking/v2.0/security-group-rules 0.090s
2025-04-15 19:11:06.477 69644 INFO tempest.lib.common.rest_client [req-97395ffa-7b77-4e31-9012-c980af2f58dd req-97395ffa-7b77-4e31-9012-c980af2f58dd ] Request (ImagesOneServerTestJSON:tearDownClass): 200 GET http://10.180.1.21/compute/v2.1/servers/22d254b3-b8fd-437f-9799-c77d6d912875 0.403s
2025-04-15 19:11:06.556 69662 INFO tempest.lib.common.rest_client [req-fe5283d8-a158-4d1f-a5bf-b48bfc84ae06 req-fe5283d8-a158-4d1f-a5bf-b48bfc84ae06 ] Request (ServerDiagnosticsV248Test:tearDownClass): 200 GET http://10.180.1.21/compute/v2.1/servers/0b300c8b-226e-4cfc-8a57-78234de65ef0 0.395s
2025-04-15 19:11:06.624 69652 INFO tempest.lib.common.rest_client [req-bff027ac-d01e-42e9-8016-b74999537b43 req-bff027ac-d01e-42e9-8016-b74999537b43 ] Request (ServersAdminNegativeTestJSON:setUpClass): 200 GET http://10.180.1.21/compute/v2.1/servers/8ab143f5-d2c6-4ced-805a-89fb0ce860b1 0.407s
2025-04-15 19:11:06.748 69656 INFO tempest.lib.common.rest_client [req-247fab5a-8b9f-430f-a274-ef833f755686 req-247fab5a-8b9f-430f-a274-ef833f755686 ] Request (ListServerFiltersTestJSON:tearDownClass): 200 GET http://10.180.1.21/compute/v2.1/servers/029595d0-bfcd-4785-8ce6-771cd77f8a7c 0.470s
2025-04-15 19:11:06.822 69606 INFO tempest.lib.common.rest_client [req-235ddf79-df11-48bb-bc79-2c7e1637651c req-235ddf79-df11-48bb-bc79-2c7e1637651c ] Request (DeleteServersTestJSON:test_delete_server_while_in_attached_volume): 200 GET http://10.180.1.21/compute/v2.1/servers/4ff609df-07c8-420f-8eec-e89c33a51a33 0.498s
2025-04-15 19:11:06.915 69668 INFO tempest.lib.common.rest_client [req-718853bf-3bc3-4a48-a276-1b4bd3b00979 req-718853bf-3bc3-4a48-a276-1b4bd3b00979 ] Request (ServerExternalEventsTest:tearDownClass): 204 DELETE http://10.180.1.21/compute/v2.1/servers/bf355bcc-9f08-47d9-add7-d5c794770eaa 0.582s
2025-04-15 19:11:06.999 69608 INFO tempest.lib.common.rest_client [req-c544f449-21e1-41aa-b231-d9c560b64c8d req-c544f449-21e1-41aa-b231-d9c560b64c8d ] Request (ImagesTestJSON:test_create_image_from_suspended_server): 200 GET http://10.180.1.21/compute/v2.1/servers/86664fc5-9d66-4a97-a70e-f979ea7989af 0.618s
2025-04-15 19:11:07.072 69622 INFO tempest.lib.common.rest_client [req-535e9a23-039b-4827-8c2a-06629ced0105 req-535e9a23-039b-4827-8c2a-06629ced0105 ] Request (ServersTestBootFromVolume:setUpClass): 200 GET http://10.180.1.21/compute/v2.1/servers/0cd1c9c8-22f5-4fef-ad5e-ebf448b075ff 0.635s
2025-04-15 19:11:07.157 69648 INFO tempest.lib.common.rest_client [req-0ca2ab06-e122-45f2-8516-53955a7ce4e3 req-0ca2ab06-e122-45f2-8516-53955a7ce4e3 ] Request (SecurityGroupsTestJSON:test_server_security_groups): 200 GET http://10.180.1.21/compute/v2.1/servers/4f9bd637-5c78-4c0a-bd7d-c572595d16a5 0.665s
2025-04-15 19:11:07.251 69664 INFO tempest.lib.common.rest_client [req-19f5d954-20cf-4e66-84af-91e93e5aa267 req-19f5d954-20cf-4e66-84af-91e93e5aa267 ] Request (ServerDiagnosticsTest:tearDownClass): 200 GET http://10.180.1.21/compute/v2.1/servers/663032db-816b-4c17-bc0b-15ea967f4a8e 0.696s
2025-04-15 19:11:07.500 69658 INFO tempest.lib.common.rest_client [req-19a4e5b4-e08b-4544-a51c-cd7eabb516a2 req-19a4e5b4-e08b-4544-a51c-cd7eabb516a2 ] Request (FloatingIPsAssociationNegativeTestJSON:setUpClass): 200 GET http://10.180.1.21/compute/v2.1/servers/a1e62b27-e8ff-4058-bb39-f3619a3335b0 0.918s
2025-04-15 19:11:07.509 69658 INFO tempest.common.waiters [-] State transition "BUILD/None" ==> "BUILD/spawning" after 58 second wait
2025-04-15 19:11:07.601 69646 INFO tempest.lib.common.rest_client [req-01facc92-45c1-4e7c-9aa4-9763f811e23a req-01facc92-45c1-4e7c-9aa4-9763f811e23a ] Request (ServersListShow296Test:test_list_show_update_rebuild_server_296): 200 GET http://10.180.1.21/compute/v2.1/servers/6afbbc09-9ffa-425b-babc-bc287042937f 0.941s
2025-04-15 19:11:07.621 69642 INFO tempest.lib.common.rest_client [req-2dbf7d4c-f860-4332-ba0b-1978017eaad2 req-2dbf7d4c-f860-4332-ba0b-1978017eaad2 ] Request (ServersTestFqdnHostnames:test_create_server_with_fqdn_name): 201 POST http://10.180.1.21:9696/networking/v2.0/floatingips 1.144s
2025-04-15 19:11:07.669 69642 INFO tempest.lib.common.rest_client [req-5ab24641-7032-475e-ae2c-e5a6fa5488dd req-5ab24641-7032-475e-ae2c-e5a6fa5488dd ] Request (ServersTestFqdnHostnames:test_create_server_with_fqdn_name): 201 POST http://10.180.1.21/identity/v3/auth/tokens 0.045s
2025-04-15 19:11:07.670 69642 INFO tempest.lib.common.fixed_network [-] (ServersTestFqdnHostnames:test_create_server_with_fqdn_name) Found network {'id': 'd9519add-99eb-4435-9ca2-70c62544ac9f', 'name': 'tempest-ServersTestFqdnHostnames-712432969-network', 'tenant_id': 'de621b90f0924d1485c37db1f7529dad', 'admin_state_up': True, 'mtu': 8950, 'status': 'ACTIVE', 'subnets': [], 'shared': False, 'project_id': 'de621b90f0924d1485c37db1f7529dad', 'port_security_enabled': True, 'router:external': False, 'provider:network_type': 'vlan', 'provider:physical_network': 'default', 'provider:segmentation_id': 897, 'availability_zone_hints': [], 'availability_zones': [], 'ipv4_address_scope': None, 'ipv6_address_scope': None, 'description': '', 'tags': [], 'created_at': '2025-04-15T19:11:01Z', 'updated_at': '2025-04-15T19:11:01Z', 'revision_number': 1} available for tenant
2025-04-15 19:11:07.689 69654 INFO tempest.lib.common.rest_client [req-e2350fa8-e727-4371-bd1d-f01218fc5709 req-e2350fa8-e727-4371-bd1d-f01218fc5709 ] Request (DeleteServersAdminTestJSON:test_delete_server_while_in_error_state): 200 GET http://10.180.1.21/compute/v2.1/servers/8ba20081-cf84-4cf8-8928-e0dc6719d518 0.981s
2025-04-15 19:11:07.759 69612 INFO tempest.lib.common.rest_client [req-790ef8ee-5d02-4333-adcb-820d4a1728ed req-790ef8ee-5d02-4333-adcb-820d4a1728ed ] Request (ServerTagsTestJSON:setUpClass): 200 GET http://10.180.1.21/compute/v2.1/servers/3c6d72c1-e6c8-416e-9d15-0fc141b7c047 1.006s
2025-04-15 19:11:07.825 69632 INFO tempest.lib.common.rest_client [req-5d251b70-3c77-4ff5-8a25-ac258a102586 req-5d251b70-3c77-4ff5-8a25-ac258a102586 ] Request (ServerRescueTestJSON:setUpClass): 200 GET http://10.180.1.21/compute/v2.1/servers/601ed800-158d-4bec-a746-1825d79da206 1.023s
2025-04-15 19:11:07.958 69666 INFO tempest.lib.common.rest_client [req-05ea32e1-08e7-4a97-93c9-e2e4b5e90d2e req-05ea32e1-08e7-4a97-93c9-e2e4b5e90d2e ] Request (ServerMetadataNegativeTestJSON:setUpClass): 200 GET http://10.180.1.21/compute/v2.1/servers/702c536d-1471-4b42-b9af-a23fae9347fd 1.136s
2025-04-15 19:11:08.034 69614 INFO tempest.lib.common.rest_client [req-fd9015f1-18f7-4a74-9543-011161fc3dd5 req-fd9015f1-18f7-4a74-9543-011161fc3dd5 ] Request (ServersTestJSON:test_create_server_specify_multibyte_character_name): 200 GET http://10.180.1.21/compute/v2.1/servers/20dc03e1-62af-45fa-bc82-3f81c8a1fba5 1.166s
2025-04-15 19:11:08.136 69618 INFO tempest.lib.common.rest_client [req-9f4b0935-2edf-47c1-be34-39f45ce65d53 req-9f4b0935-2edf-47c1-be34-39f45ce65d53 ] Request (FloatingIPsAssociationTestJSON:test_associate_disassociate_floating_ip): 202 POST http://10.180.1.21/compute/v2.1/servers/1201c389-67f9-4a49-8d04-0fffbe8cf528/action 2.083s
2025-04-15 19:11:08.149 69668 INFO tempest.lib.common.rest_client [req-ae99fd80-fd6b-4539-b717-bb4e44eafd26 req-ae99fd80-fd6b-4539-b717-bb4e44eafd26 ] Request (ServerExternalEventsTest:tearDownClass): 200 GET http://10.180.1.21/compute/v2.1/servers/bf355bcc-9f08-47d9-add7-d5c794770eaa 1.233s
2025-04-15 19:11:08.211 69630 INFO tempest.lib.common.rest_client [req-a4a12b8e-5dd5-4557-b35e-50974b9b00fd req-a4a12b8e-5dd5-4557-b35e-50974b9b00fd ] Request (ServerAddressesNegativeTestJSON:setUpClass): 200 GET http://10.180.1.21/compute/v2.1/servers/8bc071fa-1afb-466e-8d6e-d259d9b7be1c 1.178s
2025-04-15 19:11:08.275 69624 INFO tempest.lib.common.rest_client [req-fac8e031-97f2-44ea-a9d4-953f0c4ab549 req-fac8e031-97f2-44ea-a9d4-953f0c4ab549 ] Request (MultipleCreateTestJSON:test_multiple_create_with_reservation_return): 200 GET http://10.180.1.21/compute/v2.1/servers/beaa19aa-3578-4a12-ac8b-cdcbddb56ba5 1.156s
2025-04-15 19:11:08.275 69638 INFO tempest.lib.common.rest_client [req-a10ab333-cb5f-47d1-9210-97c28b031432 req-a10ab333-cb5f-47d1-9210-97c28b031432 ] Request (MigrationsAdminTest:test_list_migrations_in_flavor_resize_situation): 200 GET http://10.180.1.21/compute/v2.1/servers/19b297d9-f3a5-4ebb-8964-815cd27c5fe9 1.300s
2025-04-15 19:11:08.328 69634 INFO tempest.lib.common.rest_client [req-9f1dcf11-9b3a-452c-8ede-d38839d94c4d req-9f1dcf11-9b3a-452c-8ede-d38839d94c4d ] Request (ServerActionsTestOtherB:setUpClass): 200 GET http://10.180.1.21/compute/v2.1/servers/33fff088-d4ce-46e6-9680-c4f4d9dd7f7b 1.152s
2025-04-15 19:11:08.400 69650 INFO tempest.lib.common.rest_client [req-a4ffe9b0-4c43-4fec-813d-d1fc294e88f1 req-a4ffe9b0-4c43-4fec-813d-d1fc294e88f1 ] Request (ServerActionsV293TestJSON:setUpClass): 200 GET http://10.180.1.21/compute/v2.1/servers/fa6b327b-5fd6-4a60-8358-37a612b17ed5 1.176s
2025-04-15 19:11:08.420 69636 INFO tempest.lib.common.rest_client [req-fde61162-1963-4727-9d78-0bdce56fe6de req-fde61162-1963-4727-9d78-0bdce56fe6de ] Request (ImagesOneServerNegativeTestJSON:tearDown): 200 GET http://10.180.1.21/compute/v2.1/servers/6ab24fb4-7b96-47ad-a951-40a856f07f72 1.046s
2025-04-15 19:11:08.429 69636 INFO tempest.common.waiters [-] State transition "ACTIVE/image_uploading" ==> "ACTIVE/None" after 5 second wait
2025-04-15 19:11:08.443 69644 INFO tempest.lib.common.rest_client [req-268a893c-a10b-4dd8-9865-ecbb1b7576c5 req-268a893c-a10b-4dd8-9865-ecbb1b7576c5 ] Request (ImagesOneServerTestJSON:tearDownClass): 404 GET http://10.180.1.21/compute/v2.1/servers/22d254b3-b8fd-437f-9799-c77d6d912875 0.957s
2025-04-15 19:11:08.448 69660 INFO tempest.lib.common.rest_client [req-65f1f5d9-cf6f-4f57-94c9-23463d18325e req-65f1f5d9-cf6f-4f57-94c9-23463d18325e ] Request (ServerAddressesTestJSON:setUpClass): 200 GET http://10.180.1.21/compute/v2.1/servers/6df206b8-a448-4fe6-b0d2-d2b1e913e997 1.048s
2025-04-15 19:11:08.501 69652 INFO tempest.lib.common.rest_client [req-a842929e-1f08-4bed-baf0-ae9b6408569b req-a842929e-1f08-4bed-baf0-ae9b6408569b ] Request (ServersAdminNegativeTestJSON:setUpClass): 200 GET http://10.180.1.21/compute/v2.1/servers/8ab143f5-d2c6-4ced-805a-89fb0ce860b1 0.869s
2025-04-15 19:11:08.512 69662 INFO tempest.lib.common.rest_client [req-7f158190-4ffa-4533-bdd6-18416631085a req-7f158190-4ffa-4533-bdd6-18416631085a ] Request (ServerDiagnosticsV248Test:tearDownClass): 200 GET http://10.180.1.21/compute/v2.1/servers/0b300c8b-226e-4cfc-8a57-78234de65ef0 0.941s
2025-04-15 19:11:08.591 69656 INFO tempest.lib.common.rest_client [req-86dea099-67dc-4258-9a98-9bf7be8c5821 req-86dea099-67dc-4258-9a98-9bf7be8c5821 ] Request (ListServerFiltersTestJSON:tearDownClass): 200 GET http://10.180.1.21/compute/v2.1/servers/029595d0-bfcd-4785-8ce6-771cd77f8a7c 0.831s
2025-04-15 19:11:08.663 69606 INFO tempest.lib.common.rest_client [req-6c1ce26f-f181-4c66-bfd1-8ca47f92a4b4 req-6c1ce26f-f181-4c66-bfd1-8ca47f92a4b4 ] Request (DeleteServersTestJSON:test_delete_server_while_in_attached_volume): 200 GET http://10.180.1.21/compute/v2.1/servers/4ff609df-07c8-420f-8eec-e89c33a51a33 0.833s
2025-04-15 19:11:08.731 69608 INFO tempest.lib.common.rest_client [req-5ef51380-49a4-4742-b959-a5f66c34ac8f req-5ef51380-49a4-4742-b959-a5f66c34ac8f ] Request (ImagesTestJSON:test_create_image_from_suspended_server): 200 GET http://10.180.1.21/compute/v2.1/servers/86664fc5-9d66-4a97-a70e-f979ea7989af 0.718s
2025-04-15 19:11:08.796 69622 INFO tempest.lib.common.rest_client [req-2d6eb125-4259-4d4b-8975-dbf00728da6d req-2d6eb125-4259-4d4b-8975-dbf00728da6d ] Request (ServersTestBootFromVolume:setUpClass): 200 GET http://10.180.1.21/compute/v2.1/servers/0cd1c9c8-22f5-4fef-ad5e-ebf448b075ff 0.715s
2025-04-15 19:11:08.914 69618 INFO tempest.lib.common.rest_client [req-7819c9c7-d1a1-4dd3-8c39-e4b91cc75e31 req-7819c9c7-d1a1-4dd3-8c39-e4b91cc75e31 ] Request (FloatingIPsAssociationTestJSON:test_associate_disassociate_floating_ip): 200 GET http://10.180.1.21/compute/v2.1/os-floating-ips/e7bf3801-96ce-494d-ba8b-0e0e10d1fa62 0.777s
2025-04-15 19:11:08.984 69648 INFO tempest.lib.common.rest_client [req-88de1017-a5c4-46ed-87a5-35eb213fece5 req-88de1017-a5c4-46ed-87a5-35eb213fece5 ] Request (SecurityGroupsTestJSON:test_server_security_groups): 200 GET http://10.180.1.21/compute/v2.1/servers/4f9bd637-5c78-4c0a-bd7d-c572595d16a5 0.816s
2025-04-15 19:11:09.058 69664 INFO tempest.lib.common.rest_client [req-67aed66c-b2d9-447e-be94-dcda3b246a4e req-67aed66c-b2d9-447e-be94-dcda3b246a4e ] Request (ServerDiagnosticsTest:tearDownClass): 200 GET http://10.180.1.21/compute/v2.1/servers/663032db-816b-4c17-bc0b-15ea967f4a8e 0.798s
2025-04-15 19:11:09.093 69642 INFO tempest.lib.common.rest_client [req-4d971168-ecfb-45cb-a009-4666b1518970 req-4d971168-ecfb-45cb-a009-4666b1518970 ] Request (ServersTestFqdnHostnames:test_create_server_with_fqdn_name): 202 POST http://10.180.1.21/compute/v2.1/servers 1.422s
2025-04-15 19:11:09.150 69636 INFO tempest.lib.common.rest_client [req-20627b77-8538-4034-bfda-b2fdad222d53 req-20627b77-8538-4034-bfda-b2fdad222d53 ] Request (ImagesOneServerNegativeTestJSON:_run_cleanups): 204 DELETE http://10.180.1.21/compute/v2.1/servers/6ab24fb4-7b96-47ad-a951-40a856f07f72 0.720s
2025-04-15 19:11:09.154 69626 WARNING tempest.lib.common.ssh [-] Failed to establish authenticated ssh connection to cirros@10.180.180.166 ([Errno None] Unable to connect to port 22 on 10.180.180.166). Number attempts: 7. Retry after 8 seconds.: paramiko.ssh_exception.NoValidConnectionsError: [Errno None] Unable to connect to port 22 on 10.180.180.166
2025-04-15 19:11:09.224 69646 INFO tempest.lib.common.rest_client [req-570366cb-7c66-4d06-9670-09790a31c37c req-570366cb-7c66-4d06-9670-09790a31c37c ] Request (ServersListShow296Test:test_list_show_update_rebuild_server_296): 200 GET http://10.180.1.21/compute/v2.1/servers/6afbbc09-9ffa-425b-babc-bc287042937f 0.607s
2025-04-15 19:11:09.323 69654 INFO tempest.lib.common.rest_client [req-7834f9a9-5f39-4c3c-9fe1-525db0d994e7 req-7834f9a9-5f39-4c3c-9fe1-525db0d994e7 ] Request (DeleteServersAdminTestJSON:test_delete_server_while_in_error_state): 200 GET http://10.180.1.21/compute/v2.1/servers/8ba20081-cf84-4cf8-8928-e0dc6719d518 0.619s
2025-04-15 19:11:09.352 69658 INFO tempest.lib.common.rest_client [req-3e2c0d2a-4891-4e6c-a6e4-e669aebbb4e4 req-3e2c0d2a-4891-4e6c-a6e4-e669aebbb4e4 ] Request (FloatingIPsAssociationNegativeTestJSON:setUpClass): 200 GET http://10.180.1.21/compute/v2.1/servers/a1e62b27-e8ff-4058-bb39-f3619a3335b0 0.841s
2025-04-15 19:11:09.403 69612 INFO tempest.lib.common.rest_client [req-b1a94910-ee48-4343-aa5e-6d91f6518827 req-b1a94910-ee48-4343-aa5e-6d91f6518827 ] Request (ServerTagsTestJSON:setUpClass): 200 GET http://10.180.1.21/compute/v2.1/servers/3c6d72c1-e6c8-416e-9d15-0fc141b7c047 0.631s
2025-04-15 19:11:09.438 69632 INFO tempest.lib.common.rest_client [req-23974e8e-432e-4a73-ace1-0d6578416fdd req-23974e8e-432e-4a73-ace1-0d6578416fdd ] Request (ServerRescueTestJSON:setUpClass): 200 GET http://10.180.1.21/compute/v2.1/servers/601ed800-158d-4bec-a746-1825d79da206 0.604s
2025-04-15 19:11:09.610 69644 INFO tempest.lib.common.rest_client [req-0b561969-187b-496b-9d88-68f2a954051c req-0b561969-187b-496b-9d88-68f2a954051c ] Request (ImagesOneServerTestJSON:tearDownClass): 200 PUT http://10.180.1.21:9696/networking/v2.0/routers/f6963caf-b269-480b-9f8d-2e6aa3b0b005/remove_router_interface 1.166s
2025-04-15 19:11:09.667 69666 INFO tempest.lib.common.rest_client [req-c843996e-9748-46f2-8f8a-04ee0d453590 req-c843996e-9748-46f2-8f8a-04ee0d453590 ] Request (ServerMetadataNegativeTestJSON:setUpClass): 200 GET http://10.180.1.21/compute/v2.1/servers/702c536d-1471-4b42-b9af-a23fae9347fd 0.696s
2025-04-15 19:11:09.680 69666 INFO tempest.common.waiters [-] State transition "BUILD/spawning" ==> "ACTIVE/None" after 76 second wait
2025-04-15 19:11:09.739 69614 INFO tempest.lib.common.rest_client [req-830943e9-44d4-4de1-86f3-7cbb207930f7 req-830943e9-44d4-4de1-86f3-7cbb207930f7 ] Request (ServersTestJSON:test_create_server_specify_multibyte_character_name): 200 GET http://10.180.1.21/compute/v2.1/servers/20dc03e1-62af-45fa-bc82-3f81c8a1fba5 0.693s
2025-04-15 19:11:09.798 69666 INFO tempest.lib.common.rest_client [req-7416b8cb-3f2d-469f-89e1-f27a7fa2702e req-7416b8cb-3f2d-469f-89e1-f27a7fa2702e ] Request (ServerMetadataNegativeTestJSON:test_create_server_metadata_blank_key): 201 POST http://10.180.1.21/identity/v3/auth/tokens 0.110s
2025-04-15 19:11:09.798 69666 INFO tempest.lib.common.fixed_network [-] (ServerMetadataNegativeTestJSON:test_create_server_metadata_blank_key) Found network {'id': '39b77a9a-11cc-45b1-a5e0-732b4c5a4ca9', 'name': 'tempest-ServerMetadataNegativeTestJSON-1808473725-network', 'tenant_id': '4f85930eab2c4db39f32d2b8bb50abcd', 'admin_state_up': True, 'mtu': 8950, 'status': 'ACTIVE', 'subnets': [], 'shared': False, 'project_id': '4f85930eab2c4db39f32d2b8bb50abcd', 'port_security_enabled': True, 'router:external': False, 'provider:network_type': 'vlan', 'provider:physical_network': 'default', 'provider:segmentation_id': 991, 'availability_zone_hints': [], 'availability_zones': [], 'ipv4_address_scope': None, 'ipv6_address_scope': None, 'description': '', 'tags': [], 'created_at': '2025-04-15T19:09:45Z', 'updated_at': '2025-04-15T19:09:45Z', 'revision_number': 1} available for tenant
2025-04-15 19:11:09.836 69642 INFO tempest.lib.common.rest_client [req-3daa6849-6d3a-46fd-ab77-e87f74691a45 req-3daa6849-6d3a-46fd-ab77-e87f74691a45 ] Request (ServersTestFqdnHostnames:test_create_server_with_fqdn_name): 200 GET http://10.180.1.21/compute/v2.1/servers/47493890-3a5e-4f5e-a1fd-f6be17648fc9 0.741s
2025-04-15 19:11:10.003 69636 INFO tempest.lib.common.rest_client [req-5462c27e-3cd5-42c8-977b-cafa99671e3a req-5462c27e-3cd5-42c8-977b-cafa99671e3a ] Request (ImagesOneServerNegativeTestJSON:_run_cleanups): 200 GET http://10.180.1.21/compute/v2.1/servers/6ab24fb4-7b96-47ad-a951-40a856f07f72 0.852s
2025-04-15 19:11:10.090 69668 INFO tempest.lib.common.rest_client [req-4e49d798-90c9-4a6d-a72a-ac632fff1564 req-4e49d798-90c9-4a6d-a72a-ac632fff1564 ] Request (ServerExternalEventsTest:tearDownClass): 200 GET http://10.180.1.21/compute/v2.1/servers/bf355bcc-9f08-47d9-add7-d5c794770eaa 0.926s
2025-04-15 19:11:10.159 69630 INFO tempest.lib.common.rest_client [req-92d2d87a-d041-469a-b3be-3d9f0f89790d req-92d2d87a-d041-469a-b3be-3d9f0f89790d ] Request (ServerAddressesNegativeTestJSON:setUpClass): 200 GET http://10.180.1.21/compute/v2.1/servers/8bc071fa-1afb-466e-8d6e-d259d9b7be1c 0.934s
