2025-04-15 19:11:39.776 69654 INFO tempest.lib.common.rest_client [req-ae03c4eb-632d-4fec-b0d8-52928f23f771 req-ae03c4eb-632d-4fec-b0d8-52928f23f771 ] Request (DeleteServersAdminTestJSON:test_delete_server_while_in_error_state): 200 GET http://10.180.1.21/compute/v2.1/servers/8ba20081-cf84-4cf8-8928-e0dc6719d518 0.057s
2025-04-15 19:11:39.843 69658 INFO tempest.lib.common.rest_client [req-05d727bd-592d-454c-a4a4-75d84a215a7a req-05d727bd-592d-454c-a4a4-75d84a215a7a ] Request (FloatingIPsAssociationNegativeTestJSON:tearDownClass): 200 GET http://10.180.1.21/compute/v2.1/servers/a1e62b27-e8ff-4058-bb39-f3619a3335b0 0.059s
2025-04-15 19:11:39.962 69646 INFO tempest.lib.common.rest_client [req-720ecfa0-f2d9-4720-a7b8-427dbc6ffb48 req-720ecfa0-f2d9-4720-a7b8-427dbc6ffb48 ] Request (ServersListShow296Test:tearDownClass): 200 GET http://10.180.1.21/compute/v2.1/servers/6afbbc09-9ffa-425b-babc-bc287042937f 0.069s
2025-04-15 19:11:39.985 69652 INFO tempest.lib.common.rest_client [req-47288c37-b584-491c-a4f6-7a31a8742368 req-47288c37-b584-491c-a4f6-7a31a8742368 ] Request (ServersAdminNegativeTestJSON:setUpClass): 200 GET http://10.180.1.21/compute/v2.1/servers/8ab143f5-d2c6-4ced-805a-89fb0ce860b1 0.061s
2025-04-15 19:11:40.050 69662 INFO tempest.lib.common.rest_client [req-c2a00d41-bee7-4afa-963b-cbc6de57b228 req-c2a00d41-bee7-4afa-963b-cbc6de57b228 ] Request (AttachInterfacesTestJSON:test_create_list_show_delete_interfaces_by_fixed_ip): 200 GET http://10.180.1.21/compute/v2.1/servers/ceec6f62-e914-4659-8fab-25647605cc63 0.050s
2025-04-15 19:11:40.070 69606 INFO tempest.lib.common.rest_client [req-5431d370-c4bd-4d31-a87f-aa05ea22b7db req-5431d370-c4bd-4d31-a87f-aa05ea22b7db ] Request (DeleteServersTestJSON:test_delete_server_while_in_attached_volume): 200 GET http://10.180.1.21/compute/v2.1/servers/4ff609df-07c8-420f-8eec-e89c33a51a33 0.052s
2025-04-15 19:11:40.189 69666 INFO tempest.lib.common.rest_client [req-2e735316-b820-48f9-840d-eb47f54f86c2 req-2e735316-b820-48f9-840d-eb47f54f86c2 ] Request (ServerMetadataNegativeTestJSON:tearDownClass): 200 GET http://10.180.1.21/compute/v2.1/servers/702c536d-1471-4b42-b9af-a23fae9347fd 0.059s
2025-04-15 19:11:40.239 69648 INFO tempest.lib.common.rest_client [req-5e498292-5a6e-468a-ab59-ec865004f890 req-5e498292-5a6e-468a-ab59-ec865004f890 ] Request (SecurityGroupsTestJSON:test_server_security_groups): 200 GET http://10.180.1.21/compute/v2.1/servers/4f9bd637-5c78-4c0a-bd7d-c572595d16a5 0.052s
2025-04-15 19:11:40.272 69608 INFO tempest.lib.common.rest_client [req-3256aa38-19f1-47e2-b908-0eb01aeb265d req-3256aa38-19f1-47e2-b908-0eb01aeb265d ] Request (ImagesTestJSON:test_create_image_from_suspended_server): 200 GET http://10.180.1.21/compute/v2.1/servers/86664fc5-9d66-4a97-a70e-f979ea7989af 0.087s
2025-04-15 19:11:40.279 69608 INFO tempest.common.waiters [-] State transition "BUILD/networking" ==> "BUILD/spawning" after 67 second wait
2025-04-15 19:11:40.297 69614 INFO tempest.lib.common.rest_client [req-3988c13f-9d59-48dc-824c-a52b7ba99ded req-3988c13f-9d59-48dc-824c-a52b7ba99ded ] Request (ServersTestJSON:test_create_server_specify_multibyte_character_name): 200 GET http://10.180.1.21/compute/v2.1/servers/20dc03e1-62af-45fa-bc82-3f81c8a1fba5 0.067s
2025-04-15 19:11:40.316 69642 INFO tempest.lib.common.rest_client [req-259792cc-6662-4a4a-a12c-10b4ae25ce99 req-259792cc-6662-4a4a-a12c-10b4ae25ce99 ] Request (ServersTestFqdnHostnames:test_create_server_with_fqdn_name): 200 GET http://10.180.1.21/compute/v2.1/servers/47493890-3a5e-4f5e-a1fd-f6be17648fc9 0.056s
2025-04-15 19:11:40.382 69636 INFO tempest.lib.common.rest_client [req-ec0f3de3-2c0d-4ec0-97cb-ac138d7e20d9 req-ec0f3de3-2c0d-4ec0-97cb-ac138d7e20d9 ] Request (ImagesOneServerNegativeTestJSON:_run_cleanups): 200 GET http://10.180.1.21/compute/v2.1/servers/6ab24fb4-7b96-47ad-a951-40a856f07f72 0.051s
2025-04-15 19:11:40.434 69656 INFO tempest.lib.common.rest_client [req-f8f82fbf-3716-4cde-bb79-d02a73424578 req-f8f82fbf-3716-4cde-bb79-d02a73424578 ] Request (ListServerFiltersTestJSON:tearDownClass): 200 GET http://10.180.1.21/compute/v2.1/servers/137d5236-472a-494b-91a6-5a76844f2d17 0.067s
2025-04-15 19:11:40.458 69632 INFO tempest.lib.common.rest_client [req-90343ba2-7353-4e42-8a1d-274e22826602 req-90343ba2-7353-4e42-8a1d-274e22826602 ] Request (ServerRescueTestJSON:setUpClass): 200 GET http://10.180.1.21/compute/v2.1/servers/601ed800-158d-4bec-a746-1825d79da206 0.142s
2025-04-15 19:11:40.493 69630 INFO tempest.lib.common.rest_client [req-e0481901-1d43-4678-93cd-f948b71e2827 req-e0481901-1d43-4678-93cd-f948b71e2827 ] Request (ServerAddressesNegativeTestJSON:tearDownClass): 200 GET http://10.180.1.21/compute/v2.1/servers/8bc071fa-1afb-466e-8d6e-d259d9b7be1c 0.094s
2025-04-15 19:11:40.520 69612 INFO tempest.lib.common.rest_client [req-64fdb838-c8b1-4213-bc7a-0325ec99d7b0 req-64fdb838-c8b1-4213-bc7a-0325ec99d7b0 ] Request (ServerTagsTestJSON:tearDownClass): 200 GET http://10.180.1.21/compute/v2.1/servers/3c6d72c1-e6c8-416e-9d15-0fc141b7c047 0.100s
2025-04-15 19:11:40.539 69668 INFO tempest.lib.common.rest_client [req-2f5499ff-e44f-47f8-bd87-7019b55d376b req-2f5499ff-e44f-47f8-bd87-7019b55d376b ] Request (ServerExternalEventsTest:tearDownClass): 404 GET http://10.180.1.21/compute/v2.1/servers/bf355bcc-9f08-47d9-add7-d5c794770eaa 0.064s
2025-04-15 19:11:40.550 69638 INFO tempest.lib.common.rest_client [req-89f38cb1-4a06-46e8-9dd1-d30a426243d1 req-89f38cb1-4a06-46e8-9dd1-d30a426243d1 ] Request (MigrationsAdminTest:test_resize_server_revert_deleted_flavor): 200 GET http://10.180.1.21/compute/v2.1/servers/42273db3-0272-46ac-9be6-edcbe7898d7d 0.106s
2025-04-15 19:11:40.589 69644 INFO tempest.lib.common.rest_client [req-41e70aee-8325-46de-9fcd-6bbb8eb6bb24 req-41e70aee-8325-46de-9fcd-6bbb8eb6bb24 ] Request (InstanceActionsTestJSON:setUpClass): 200 GET http://10.180.1.21/compute/v2.1/servers/a5b586bb-eb9b-4ed5-8c26-8a59f63eead4 0.083s
2025-04-15 19:11:40.628 69668 INFO tempest.lib.common.rest_client [req-23ccc531-0045-4e2a-b54a-1af14eba008c req-23ccc531-0045-4e2a-b54a-1af14eba008c ] Request (ServerExternalEventsTest:tearDownClass): 204 DELETE http://10.180.1.21/identity/v3/users/64ea33f319864ecb8ac1febecff1a6c0 0.088s
2025-04-15 19:11:40.630 69624 INFO tempest.lib.common.rest_client [req-a8c95188-e92d-4fb4-bb97-203279a41b7e req-a8c95188-e92d-4fb4-bb97-203279a41b7e ] Request (MultipleCreateTestJSON:test_multiple_create_with_reservation_return): 200 GET http://10.180.1.21/compute/v2.1/servers/beaa19aa-3578-4a12-ac8b-cdcbddb56ba5 0.060s
2025-04-15 19:11:40.715 69668 INFO tempest.lib.common.rest_client [req-3bc434f4-62ac-4667-8b19-aff45bd1dfec req-3bc434f4-62ac-4667-8b19-aff45bd1dfec ] Request (ServerExternalEventsTest:tearDownClass): 204 DELETE http://10.180.1.21/identity/v3/users/bd3e91dc9d54483bb1179175d420c142 0.087s
2025-04-15 19:11:40.718 69618 INFO tempest.lib.common.rest_client [req-e7fb3f7c-4dfd-499a-978d-09cdfdd89331 req-e7fb3f7c-4dfd-499a-978d-09cdfdd89331 ] Request (FloatingIPsAssociationTestJSON:tearDownClass): 200 GET http://10.180.1.21/compute/v2.1/servers/a86939ca-f0b8-4d90-a421-6324ef9a89f8 0.066s
2025-04-15 19:11:40.749 69660 INFO tempest.lib.common.rest_client [req-38b10546-4351-4b80-8724-86f12d64675d req-38b10546-4351-4b80-8724-86f12d64675d ] Request (ServerAddressesTestJSON:setUpClass): 200 GET http://10.180.1.21/compute/v2.1/servers/6df206b8-a448-4fe6-b0d2-d2b1e913e997 0.055s
2025-04-15 19:11:40.801 69668 INFO tempest.lib.common.rest_client [req-9e465f4c-d663-41e5-b6fb-acc6671c1b80 req-9e465f4c-d663-41e5-b6fb-acc6671c1b80 ] Request (ServerExternalEventsTest:tearDownClass): 204 DELETE http://10.180.1.21/identity/v3/users/263b91a7360940d2baaff73505598f9f 0.086s
2025-04-15 19:11:40.802 69668 INFO tempest.lib.common.dynamic_creds [-] Deleting project and security group for project: 94306df131cb49329ee710ba29569563
2025-04-15 19:11:40.845 69654 INFO tempest.lib.common.rest_client [req-ecd399ed-6ee0-46b8-b871-e96266f61099 req-ecd399ed-6ee0-46b8-b871-e96266f61099 ] Request (DeleteServersAdminTestJSON:test_delete_server_while_in_error_state): 200 GET http://10.180.1.21/compute/v2.1/servers/8ba20081-cf84-4cf8-8928-e0dc6719d518 0.060s
2025-04-15 19:11:40.857 69668 INFO tempest.lib.common.rest_client [req-c2ffa77e-aaee-4935-89b7-f535dbe279e1 req-c2ffa77e-aaee-4935-89b7-f535dbe279e1 ] Request (ServerExternalEventsTest:tearDownClass): 201 POST http://10.180.1.21/identity/v3/auth/tokens 0.055s
2025-04-15 19:11:40.907 69658 INFO tempest.lib.common.rest_client [req-9b63da69-fb3e-45d7-a717-db8428a361ed req-9b63da69-fb3e-45d7-a717-db8428a361ed ] Request (FloatingIPsAssociationNegativeTestJSON:tearDownClass): 200 GET http://10.180.1.21/compute/v2.1/servers/a1e62b27-e8ff-4058-bb39-f3619a3335b0 0.055s
2025-04-15 19:11:41.001 69668 INFO tempest.lib.common.rest_client [req-778f81b2-4b7f-401a-8ad1-972f8f1ea4bb req-778f81b2-4b7f-401a-8ad1-972f8f1ea4bb ] Request (ServerExternalEventsTest:tearDownClass): 200 GET http://10.180.1.21:9696/networking/v2.0/security-groups?tenant_id=94306df131cb49329ee710ba29569563&name=default 0.143s
2025-04-15 19:11:41.049 69652 INFO tempest.lib.common.rest_client [req-7c08c743-b6d1-4630-98d6-9a410558ec3b req-7c08c743-b6d1-4630-98d6-9a410558ec3b ] Request (ServersAdminNegativeTestJSON:setUpClass): 200 GET http://10.180.1.21/compute/v2.1/servers/8ab143f5-d2c6-4ced-805a-89fb0ce860b1 0.056s
2025-04-15 19:11:41.069 69646 INFO tempest.lib.common.rest_client [req-8c8f7fc0-3b5f-4e8d-ade4-4111158fc848 req-8c8f7fc0-3b5f-4e8d-ade4-4111158fc848 ] Request (ServersListShow296Test:tearDownClass): 200 GET http://10.180.1.21/compute/v2.1/servers/6afbbc09-9ffa-425b-babc-bc287042937f 0.091s
2025-04-15 19:11:41.096 69668 INFO tempest.lib.common.rest_client [req-290f4dc4-8b6a-459d-878b-9488d3d22007 req-290f4dc4-8b6a-459d-878b-9488d3d22007 ] Request (ServerExternalEventsTest:tearDownClass): 204 DELETE http://10.180.1.21:9696/networking/v2.0/security-groups/5b973126-e922-48a0-b2f2-e0371e1969fa 0.095s
2025-04-15 19:11:41.126 69662 INFO tempest.lib.common.rest_client [req-637f46e9-af57-4fd7-a72e-eddcea9885dd req-637f46e9-af57-4fd7-a72e-eddcea9885dd ] Request (AttachInterfacesTestJSON:test_create_list_show_delete_interfaces_by_fixed_ip): 200 GET http://10.180.1.21/compute/v2.1/servers/ceec6f62-e914-4659-8fab-25647605cc63 0.068s
2025-04-15 19:11:41.155 69606 INFO tempest.lib.common.rest_client [req-c8fd386f-4b15-4cee-a56f-ee2fc639a0e7 req-c8fd386f-4b15-4cee-a56f-ee2fc639a0e7 ] Request (DeleteServersTestJSON:test_delete_server_while_in_attached_volume): 200 GET http://10.180.1.21/compute/v2.1/servers/4ff609df-07c8-420f-8eec-e89c33a51a33 0.076s
2025-04-15 19:11:41.216 69668 INFO tempest.lib.common.rest_client [req-6a1b98dc-e7b7-43ff-8398-232fe3146411 req-6a1b98dc-e7b7-43ff-8398-232fe3146411 ] Request (ServerExternalEventsTest:tearDownClass): 204 DELETE http://10.180.1.21/identity/v3/projects/94306df131cb49329ee710ba29569563 0.119s
2025-04-15 19:11:41.216 69668 INFO tempest.lib.common.dynamic_creds [-] Deleting project and security group for project: 8815dafa1e5b46e9a43a3841ce78e167
2025-04-15 19:11:41.252 69668 INFO tempest.lib.common.rest_client [req-ef9cb4ce-cdf3-417e-a9b0-af10276674a0 req-ef9cb4ce-cdf3-417e-a9b0-af10276674a0 ] Request (ServerExternalEventsTest:tearDownClass): 200 GET http://10.180.1.21:9696/networking/v2.0/security-groups?tenant_id=8815dafa1e5b46e9a43a3841ce78e167&name=default 0.035s
2025-04-15 19:11:41.255 69666 INFO tempest.lib.common.rest_client [req-d0b50b1c-be0d-4be2-b94d-129eec979fae req-d0b50b1c-be0d-4be2-b94d-129eec979fae ] Request (ServerMetadataNegativeTestJSON:tearDownClass): 200 GET http://10.180.1.21/compute/v2.1/servers/702c536d-1471-4b42-b9af-a23fae9347fd 0.058s
2025-04-15 19:11:41.298 69648 INFO tempest.lib.common.rest_client [req-56945b7a-002d-4d5b-8ec0-904b301d8088 req-56945b7a-002d-4d5b-8ec0-904b301d8088 ] Request (SecurityGroupsTestJSON:test_server_security_groups): 200 GET http://10.180.1.21/compute/v2.1/servers/4f9bd637-5c78-4c0a-bd7d-c572595d16a5 0.049s
2025-04-15 19:11:41.335 69668 INFO tempest.lib.common.rest_client [req-c160d61a-5465-41c1-9910-2bf6c5c7879a req-c160d61a-5465-41c1-9910-2bf6c5c7879a ] Request (ServerExternalEventsTest:tearDownClass): 204 DELETE http://10.180.1.21:9696/networking/v2.0/security-groups/7dfe36b4-e512-4e53-aa75-43b26a39cb24 0.082s
2025-04-15 19:11:41.359 69614 INFO tempest.lib.common.rest_client [req-561efa9f-de23-4eec-9453-44507346ff12 req-561efa9f-de23-4eec-9453-44507346ff12 ] Request (ServersTestJSON:test_create_server_specify_multibyte_character_name): 200 GET http://10.180.1.21/compute/v2.1/servers/20dc03e1-62af-45fa-bc82-3f81c8a1fba5 0.053s
2025-04-15 19:11:41.379 69608 INFO tempest.lib.common.rest_client [req-d886499c-d77f-4067-8f2e-9971c84d1f86 req-d886499c-d77f-4067-8f2e-9971c84d1f86 ] Request (ImagesTestJSON:test_create_image_from_suspended_server): 200 GET http://10.180.1.21/compute/v2.1/servers/86664fc5-9d66-4a97-a70e-f979ea7989af 0.099s
2025-04-15 19:11:41.408 69642 INFO tempest.lib.common.rest_client [req-011f8ecb-0b36-4338-afbd-c950e78e45e4 req-011f8ecb-0b36-4338-afbd-c950e78e45e4 ] Request (ServersTestFqdnHostnames:test_create_server_with_fqdn_name): 200 GET http://10.180.1.21/compute/v2.1/servers/47493890-3a5e-4f5e-a1fd-f6be17648fc9 0.083s
2025-04-15 19:11:41.427 69668 INFO tempest.lib.common.rest_client [req-a10b13c4-9941-44a3-939b-ccec47ec9dcb req-a10b13c4-9941-44a3-939b-ccec47ec9dcb ] Request (ServerExternalEventsTest:tearDownClass): 204 DELETE http://10.180.1.21/identity/v3/projects/8815dafa1e5b46e9a43a3841ce78e167 0.092s
2025-04-15 19:11:41.427 69668 INFO tempest.lib.common.dynamic_creds [-] Deleting project and security group for project: cfacf62ffb804c02933d14ab6fa555d7
2025-04-15 19:11:41.458 69636 INFO tempest.lib.common.rest_client [req-c7a18010-52f3-4e25-9edb-3bd53c56d466 req-c7a18010-52f3-4e25-9edb-3bd53c56d466 ] Request (ImagesOneServerNegativeTestJSON:_run_cleanups): 200 GET http://10.180.1.21/compute/v2.1/servers/6ab24fb4-7b96-47ad-a951-40a856f07f72 0.062s
2025-04-15 19:11:41.512 69656 INFO tempest.lib.common.rest_client [req-2311f71b-e68d-4125-abe9-ebd293ca7361 req-2311f71b-e68d-4125-abe9-ebd293ca7361 ] Request (ListServerFiltersTestJSON:tearDownClass): 200 GET http://10.180.1.21/compute/v2.1/servers/137d5236-472a-494b-91a6-5a76844f2d17 0.060s
2025-04-15 19:11:41.560 69668 INFO tempest.lib.common.rest_client [req-fa79ab80-923b-4ee7-a70d-61dcc0b9a3d0 req-fa79ab80-923b-4ee7-a70d-61dcc0b9a3d0 ] Request (ServerExternalEventsTest:tearDownClass): 200 GET http://10.180.1.21:9696/networking/v2.0/security-groups?tenant_id=cfacf62ffb804c02933d14ab6fa555d7&name=default 0.133s
2025-04-15 19:11:41.569 69630 INFO tempest.lib.common.rest_client [req-ded31f9c-3e55-4fe4-b567-5905ecfd23d8 req-ded31f9c-3e55-4fe4-b567-5905ecfd23d8 ] Request (ServerAddressesNegativeTestJSON:tearDownClass): 200 GET http://10.180.1.21/compute/v2.1/servers/8bc071fa-1afb-466e-8d6e-d259d9b7be1c 0.064s
2025-04-15 19:11:41.600 69632 INFO tempest.lib.common.rest_client [req-d57ca07c-0aca-452d-b9c3-81d280281636 req-d57ca07c-0aca-452d-b9c3-81d280281636 ] Request (ServerRescueTestJSON:setUpClass): 200 GET http://10.180.1.21/compute/v2.1/servers/601ed800-158d-4bec-a746-1825d79da206 0.134s
2025-04-15 19:11:41.632 69612 INFO tempest.lib.common.rest_client [req-d3efd611-f271-45c5-8dc1-08f3281b90ef req-d3efd611-f271-45c5-8dc1-08f3281b90ef ] Request (ServerTagsTestJSON:tearDownClass): 200 GET http://10.180.1.21/compute/v2.1/servers/3c6d72c1-e6c8-416e-9d15-0fc141b7c047 0.103s
2025-04-15 19:11:41.653 69638 INFO tempest.lib.common.rest_client [req-d35d6859-4cee-4d36-951c-77780ba10d52 req-d35d6859-4cee-4d36-951c-77780ba10d52 ] Request (MigrationsAdminTest:test_resize_server_revert_deleted_flavor): 200 GET http://10.180.1.21/compute/v2.1/servers/42273db3-0272-46ac-9be6-edcbe7898d7d 0.093s
2025-04-15 19:11:41.655 69668 INFO tempest.lib.common.rest_client [req-9ad89f67-9763-4835-97bf-816a3f02bc2d req-9ad89f67-9763-4835-97bf-816a3f02bc2d ] Request (ServerExternalEventsTest:tearDownClass): 204 DELETE http://10.180.1.21:9696/networking/v2.0/security-groups/59cb2697-5db9-4c49-9e8f-ab7950e17751 0.094s
2025-04-15 19:11:41.690 69644 INFO tempest.lib.common.rest_client [req-6ae08d67-65ea-43b2-b80c-cf2326f8ec51 req-6ae08d67-65ea-43b2-b80c-cf2326f8ec51 ] Request (InstanceActionsTestJSON:setUpClass): 200 GET http://10.180.1.21/compute/v2.1/servers/a5b586bb-eb9b-4ed5-8c26-8a59f63eead4 0.090s
2025-04-15 19:11:41.699 69624 INFO tempest.lib.common.rest_client [req-e2364bdf-db08-4352-aae0-d3e7ecaf0f3b req-e2364bdf-db08-4352-aae0-d3e7ecaf0f3b ] Request (MultipleCreateTestJSON:test_multiple_create_with_reservation_return): 200 GET http://10.180.1.21/compute/v2.1/servers/beaa19aa-3578-4a12-ac8b-cdcbddb56ba5 0.058s
2025-04-15 19:11:41.755 69668 INFO tempest.lib.common.rest_client [req-6b1a42a7-92b1-4a18-82cf-559616ad8a4e req-6b1a42a7-92b1-4a18-82cf-559616ad8a4e ] Request (ServerExternalEventsTest:tearDownClass): 204 DELETE http://10.180.1.21/identity/v3/projects/cfacf62ffb804c02933d14ab6fa555d7 0.099s
2025-04-15 19:11:41.783 69618 INFO tempest.lib.common.rest_client [req-b78ca216-d261-40df-9e44-91e848d20741 req-b78ca216-d261-40df-9e44-91e848d20741 ] Request (FloatingIPsAssociationTestJSON:tearDownClass): 200 GET http://10.180.1.21/compute/v2.1/servers/a86939ca-f0b8-4d90-a421-6324ef9a89f8 0.058s
2025-04-15 19:11:41.810 69660 INFO tempest.lib.common.rest_client [req-326f2bf5-a404-4205-ab8e-800f43d81dc9 req-326f2bf5-a404-4205-ab8e-800f43d81dc9 ] Request (ServerAddressesTestJSON:setUpClass): 200 GET http://10.180.1.21/compute/v2.1/servers/6df206b8-a448-4fe6-b0d2-d2b1e913e997 0.051s
2025-04-15 19:11:41.821 69668 INFO tempest.lib.common.rest_client [req-3a037bd1-372b-45a2-a1a2-1a6356ac7051 req-3a037bd1-372b-45a2-a1a2-1a6356ac7051 ] Request (ListImageFiltersTestJSON:setUpClass): 201 POST http://10.180.1.21/identity/v3/auth/tokens 0.064s
2025-04-15 19:11:41.848 69668 INFO tempest.lib.common.rest_client [req-24b52be3-511d-46c2-a776-cbd751ba6097 req-24b52be3-511d-46c2-a776-cbd751ba6097 ] Request (ListImageFiltersTestJSON:setUpClass): 201 POST http://10.180.1.21/identity/v3/auth/tokens 0.025s
2025-04-15 19:11:41.871 69668 INFO tempest.lib.common.rest_client [req-5b6c87ce-65b0-42ed-a36e-8abf76937997 req-5b6c87ce-65b0-42ed-a36e-8abf76937997 ] Request (ListImageFiltersTestJSON:setUpClass): 200 GET http://10.180.1.21/identity/v3/domains?name=Default 0.023s
2025-04-15 19:11:41.897 69668 INFO tempest.lib.common.rest_client [req-578d9cf7-ca86-4715-ada5-c673c5c86fd2 req-578d9cf7-ca86-4715-ada5-c673c5c86fd2 ] Request (ListImageFiltersTestJSON:setUpClass): 201 POST http://10.180.1.21/identity/v3/projects 0.025s
2025-04-15 19:11:41.914 69654 INFO tempest.lib.common.rest_client [req-a2c22936-49ff-4ebe-b76f-e839f452c2fd req-a2c22936-49ff-4ebe-b76f-e839f452c2fd ] Request (DeleteServersAdminTestJSON:test_delete_server_while_in_error_state): 200 GET http://10.180.1.21/compute/v2.1/servers/8ba20081-cf84-4cf8-8928-e0dc6719d518 0.062s
2025-04-15 19:11:41.956 69668 INFO tempest.lib.common.rest_client [req-df622850-3366-487c-98f3-43c224affbab req-df622850-3366-487c-98f3-43c224affbab ] Request (ListImageFiltersTestJSON:setUpClass): 201 POST http://10.180.1.21/identity/v3/users 0.059s
2025-04-15 19:11:41.978 69668 INFO tempest.lib.common.rest_client [req-d9f0d538-e09f-455e-ab41-4d369b24b060 req-d9f0d538-e09f-455e-ab41-4d369b24b060 ] Request (ListImageFiltersTestJSON:setUpClass): 200 GET http://10.180.1.21/identity/v3/roles 0.021s
2025-04-15 19:11:41.999 69658 INFO tempest.lib.common.rest_client [req-64d33da3-6f0a-4141-995a-aede01c64f8d req-64d33da3-6f0a-4141-995a-aede01c64f8d ] Request (FloatingIPsAssociationNegativeTestJSON:tearDownClass): 200 GET http://10.180.1.21/compute/v2.1/servers/a1e62b27-e8ff-4058-bb39-f3619a3335b0 0.084s
2025-04-15 19:11:42.006 69668 INFO tempest.lib.common.rest_client [req-abfd2740-9e9b-437b-9a69-e58d2b7a2112 req-abfd2740-9e9b-437b-9a69-e58d2b7a2112 ] Request (ListImageFiltersTestJSON:setUpClass): 204 PUT http://10.180.1.21/identity/v3/projects/0355c0a31ac146599b4ca5859ae47cef/users/d4c91bf5aaeb456d97f52f3085f43efa/roles/6751ed7cd5394ed999f3574211baa109 0.027s
2025-04-15 19:11:42.006 69668 INFO tempest.lib.common.dynamic_creds [-] Dynamic test user d4c91bf5aaeb456d97f52f3085f43efa is created with scope project and roles: ['member']
2025-04-15 19:11:42.006 69668 INFO tempest.lib.common.dynamic_creds [-] Acquired dynamic creds: credentials: Credentials: {'domain_id': 'default', 'domain_name': 'Default', 'username': 'tempest-ListImageFiltersTestJSON-1451554462-project-member', 'project_domain_id': 'default', 'project_domain_name': 'Default', 'project_id': '0355c0a31ac146599b4ca5859ae47cef', 'project_name': 'tempest-ListImageFiltersTestJSON-1451554462', 'tenant_id': '0355c0a31ac146599b4ca5859ae47cef', 'tenant_name': 'tempest-ListImageFiltersTestJSON-1451554462', 'user_domain_id': 'default', 'user_domain_name': 'Default', 'user_id': 'd4c91bf5aaeb456d97f52f3085f43efa', 'system': None}, Network: None, Subnet: None, Router: None
2025-04-15 19:11:42.006 69668 INFO tempest.lib.common.dynamic_creds [-] Created isolated network resources for: credentials: Credentials: {'domain_id': 'default', 'domain_name': 'Default', 'username': 'tempest-ListImageFiltersTestJSON-1451554462-project-member', 'project_domain_id': 'default', 'project_domain_name': 'Default', 'project_id': '0355c0a31ac146599b4ca5859ae47cef', 'project_name': 'tempest-ListImageFiltersTestJSON-1451554462', 'tenant_id': '0355c0a31ac146599b4ca5859ae47cef', 'tenant_name': 'tempest-ListImageFiltersTestJSON-1451554462', 'user_domain_id': 'default', 'user_domain_name': 'Default', 'user_id': 'd4c91bf5aaeb456d97f52f3085f43efa', 'system': None}, Network: None, Subnet: None, Router: None
2025-04-15 19:11:42.078 69668 INFO tempest.lib.common.rest_client [req-d1644885-e4a6-42ae-8be7-e9dba2aabbaf req-d1644885-e4a6-42ae-8be7-e9dba2aabbaf ] Request (ListImageFiltersTestJSON:setUpClass): 201 POST http://10.180.1.21/identity/v3/auth/tokens 0.068s
2025-04-15 19:11:42.113 69622 WARNING tempest.lib.common.ssh [-] Failed to establish authenticated ssh connection to cirros@10.180.180.145 ([Errno None] Unable to connect to port 22 on 10.180.180.145). Number attempts: 2. Retry after 3 seconds.: paramiko.ssh_exception.NoValidConnectionsError: [Errno None] Unable to connect to port 22 on 10.180.180.145
2025-04-15 19:11:42.120 69652 INFO tempest.lib.common.rest_client [req-7210cd81-ca31-4b2c-9900-c92478a04f75 req-7210cd81-ca31-4b2c-9900-c92478a04f75 ] Request (ServersAdminNegativeTestJSON:setUpClass): 200 GET http://10.180.1.21/compute/v2.1/servers/8ab143f5-d2c6-4ced-805a-89fb0ce860b1 0.063s
2025-04-15 19:11:42.168 69646 INFO tempest.lib.common.rest_client [req-27d7608e-cbe6-4d1a-b436-1252a467f6b0 req-27d7608e-cbe6-4d1a-b436-1252a467f6b0 ] Request (ServersListShow296Test:tearDownClass): 200 GET http://10.180.1.21/compute/v2.1/servers/6afbbc09-9ffa-425b-babc-bc287042937f 0.086s
2025-04-15 19:11:42.189 69662 INFO tempest.lib.common.rest_client [req-54c51776-d89b-49f4-8eb2-9c52040ada14 req-54c51776-d89b-49f4-8eb2-9c52040ada14 ] Request (AttachInterfacesTestJSON:test_create_list_show_delete_interfaces_by_fixed_ip): 200 GET http://10.180.1.21/compute/v2.1/servers/ceec6f62-e914-4659-8fab-25647605cc63 0.055s
2025-04-15 19:11:42.221 69606 INFO tempest.lib.common.rest_client [req-5b586412-8662-49c8-8aae-4c5b0c33c850 req-5b586412-8662-49c8-8aae-4c5b0c33c850 ] Request (DeleteServersTestJSON:test_delete_server_while_in_attached_volume): 200 GET http://10.180.1.21/compute/v2.1/servers/4ff609df-07c8-420f-8eec-e89c33a51a33 0.056s
2025-04-15 19:11:42.319 69666 INFO tempest.lib.common.rest_client [req-d0b5436c-ff40-491f-b35d-479c075b2dbc req-d0b5436c-ff40-491f-b35d-479c075b2dbc ] Request (ServerMetadataNegativeTestJSON:tearDownClass): 200 GET http://10.180.1.21/compute/v2.1/servers/702c536d-1471-4b42-b9af-a23fae9347fd 0.057s
2025-04-15 19:11:42.357 69648 INFO tempest.lib.common.rest_client [req-db93f27f-2db7-4dbf-931e-2a62414828d2 req-db93f27f-2db7-4dbf-931e-2a62414828d2 ] Request (SecurityGroupsTestJSON:test_server_security_groups): 200 GET http://10.180.1.21/compute/v2.1/servers/4f9bd637-5c78-4c0a-bd7d-c572595d16a5 0.051s
2025-04-15 19:11:42.417 69614 INFO tempest.lib.common.rest_client [req-aeb29f27-4f9a-4956-854c-01e59c04d5c8 req-aeb29f27-4f9a-4956-854c-01e59c04d5c8 ] Request (ServersTestJSON:test_create_server_specify_multibyte_character_name): 200 GET http://10.180.1.21/compute/v2.1/servers/20dc03e1-62af-45fa-bc82-3f81c8a1fba5 0.049s
2025-04-15 19:11:42.446 69668 INFO tempest.lib.common.rest_client [req-40338704-12b1-4213-bf17-9d6b5cb48e1b req-40338704-12b1-4213-bf17-9d6b5cb48e1b ] Request (ListImageFiltersTestJSON:setUpClass): 201 POST http://10.180.1.21/image/v2/images 0.365s
2025-04-15 19:11:42.464 69642 INFO tempest.lib.common.rest_client [req-3d0cd6fb-ae35-490e-be7b-d5bc3aa6607c req-3d0cd6fb-ae35-490e-be7b-d5bc3aa6607c ] Request (ServersTestFqdnHostnames:test_create_server_with_fqdn_name): 200 GET http://10.180.1.21/compute/v2.1/servers/47493890-3a5e-4f5e-a1fd-f6be17648fc9 0.048s
2025-04-15 19:11:42.485 69608 INFO tempest.lib.common.rest_client [req-ddf0ac79-baa0-4fa4-9a24-fac1c5e02279 req-ddf0ac79-baa0-4fa4-9a24-fac1c5e02279 ] Request (ImagesTestJSON:test_create_image_from_suspended_server): 200 GET http://10.180.1.21/compute/v2.1/servers/86664fc5-9d66-4a97-a70e-f979ea7989af 0.097s
2025-04-15 19:11:42.517 69636 INFO tempest.lib.common.rest_client [req-11328f72-e149-455c-973f-35b9e99c7db0 req-11328f72-e149-455c-973f-35b9e99c7db0 ] Request (ImagesOneServerNegativeTestJSON:_run_cleanups): 200 GET http://10.180.1.21/compute/v2.1/servers/6ab24fb4-7b96-47ad-a951-40a856f07f72 0.050s
2025-04-15 19:11:42.565 69634 WARNING tempest.lib.common.ssh [-] Failed to establish authenticated ssh connection to cirros@10.180.180.217 ([Errno None] Unable to connect to port 22 on 10.180.180.217). Number attempts: 1. Retry after 2 seconds.: paramiko.ssh_exception.NoValidConnectionsError: [Errno None] Unable to connect to port 22 on 10.180.180.217
2025-04-15 19:11:42.574 69656 INFO tempest.lib.common.rest_client [req-3abfc801-3195-4d6d-9f45-a40ae99a019c req-3abfc801-3195-4d6d-9f45-a40ae99a019c ] Request (ListServerFiltersTestJSON:tearDownClass): 200 GET http://10.180.1.21/compute/v2.1/servers/137d5236-472a-494b-91a6-5a76844f2d17 0.054s
2025-04-15 19:11:42.634 69630 INFO tempest.lib.common.rest_client [req-c0a3c5df-28f0-47f6-a91b-3a01875c1d85 req-c0a3c5df-28f0-47f6-a91b-3a01875c1d85 ] Request (ServerAddressesNegativeTestJSON:tearDownClass): 200 GET http://10.180.1.21/compute/v2.1/servers/8bc071fa-1afb-466e-8d6e-d259d9b7be1c 0.055s
2025-04-15 19:11:42.692 69612 INFO tempest.lib.common.rest_client [req-11116d74-87a9-4a3d-8bad-834b82623522 req-11116d74-87a9-4a3d-8bad-834b82623522 ] Request (ServerTagsTestJSON:tearDownClass): 200 GET http://10.180.1.21/compute/v2.1/servers/3c6d72c1-e6c8-416e-9d15-0fc141b7c047 0.050s
2025-04-15 19:11:42.723 69632 INFO tempest.lib.common.rest_client [req-92948b2d-e4b8-42ab-a972-8cc9cd7023cc req-92948b2d-e4b8-42ab-a972-8cc9cd7023cc ] Request (ServerRescueTestJSON:setUpClass): 200 GET http://10.180.1.21/compute/v2.1/servers/601ed800-158d-4bec-a746-1825d79da206 0.114s
2025-04-15 19:11:42.742 69638 INFO tempest.lib.common.rest_client [req-d83619cc-0277-4030-aad9-06f265608b4c req-d83619cc-0277-4030-aad9-06f265608b4c ] Request (MigrationsAdminTest:test_resize_server_revert_deleted_flavor): 200 GET http://10.180.1.21/compute/v2.1/servers/42273db3-0272-46ac-9be6-edcbe7898d7d 0.080s
2025-04-15 19:11:42.754 69610 WARNING tempest.lib.common.ssh [-] Failed to establish authenticated ssh connection to cirros@10.180.180.129 ([Errno None] Unable to connect to port 22 on 10.180.180.129). Number attempts: 11. Retry after 12 seconds.: paramiko.ssh_exception.NoValidConnectionsError: [Errno None] Unable to connect to port 22 on 10.180.180.129
2025-04-15 19:11:42.766 69644 INFO tempest.lib.common.rest_client [req-d01a90b8-4c64-433e-8e2b-415f27d80b4a req-d01a90b8-4c64-433e-8e2b-415f27d80b4a ] Request (InstanceActionsTestJSON:setUpClass): 200 GET http://10.180.1.21/compute/v2.1/servers/a5b586bb-eb9b-4ed5-8c26-8a59f63eead4 0.065s
2025-04-15 19:11:42.794 69624 INFO tempest.lib.common.rest_client [req-e6c278f4-2476-4153-91fd-4ab5df52db03 req-e6c278f4-2476-4153-91fd-4ab5df52db03 ] Request (MultipleCreateTestJSON:test_multiple_create_with_reservation_return): 200 GET http://10.180.1.21/compute/v2.1/servers/beaa19aa-3578-4a12-ac8b-cdcbddb56ba5 0.086s
2025-04-15 19:11:42.815 69618 INFO tempest.lib.common.rest_client [req-cbff0579-c905-4e46-bdf0-96cc860c1ed1 req-cbff0579-c905-4e46-bdf0-96cc860c1ed1 ] Request (FloatingIPsAssociationTestJSON:tearDownClass): 404 GET http://10.180.1.21/compute/v2.1/servers/a86939ca-f0b8-4d90-a421-6324ef9a89f8 0.022s
2025-04-15 19:11:42.863 69660 INFO tempest.lib.common.rest_client [req-9739afea-a5fc-4721-9c81-f2d92e22722b req-9739afea-a5fc-4721-9c81-f2d92e22722b ] Request (ServerAddressesTestJSON:setUpClass): 200 GET http://10.180.1.21/compute/v2.1/servers/6df206b8-a448-4fe6-b0d2-d2b1e913e997 0.046s
2025-04-15 19:11:42.985 69654 INFO tempest.lib.common.rest_client [req-5a26be94-9e69-4da8-bf27-ebb6617d7bf9 req-5a26be94-9e69-4da8-bf27-ebb6617d7bf9 ] Request (DeleteServersAdminTestJSON:test_delete_server_while_in_error_state): 200 GET http://10.180.1.21/compute/v2.1/servers/8ba20081-cf84-4cf8-8928-e0dc6719d518 0.062s
2025-04-15 19:11:43.081 69658 INFO tempest.lib.common.rest_client [req-c10daa2e-1949-41c7-bc8d-03e8499904c2 req-c10daa2e-1949-41c7-bc8d-03e8499904c2 ] Request (FloatingIPsAssociationNegativeTestJSON:tearDownClass): 200 GET http://10.180.1.21/compute/v2.1/servers/a1e62b27-e8ff-4058-bb39-f3619a3335b0 0.072s
2025-04-15 19:11:43.167 69618 INFO tempest.lib.common.rest_client [req-92f5847c-13f3-43cc-8d82-5a6d4b6e143a req-92f5847c-13f3-43cc-8d82-5a6d4b6e143a ] Request (FloatingIPsAssociationTestJSON:tearDownClass): 202 DELETE http://10.180.1.21/compute/v2.1/os-floating-ips/e7bf3801-96ce-494d-ba8b-0e0e10d1fa62 0.352s
2025-04-15 19:11:43.195 69652 INFO tempest.lib.common.rest_client [req-7936ddad-3fc6-4392-ad55-d5d0f4f9d11d req-7936ddad-3fc6-4392-ad55-d5d0f4f9d11d ] Request (ServersAdminNegativeTestJSON:setUpClass): 200 GET http://10.180.1.21/compute/v2.1/servers/8ab143f5-d2c6-4ced-805a-89fb0ce860b1 0.067s
2025-04-15 19:11:43.250 69618 INFO tempest.lib.common.rest_client [req-4fbfb5f8-4524-4442-9303-8287a65ee56b req-4fbfb5f8-4524-4442-9303-8287a65ee56b ] Request (FloatingIPsAssociationTestJSON:tearDownClass): 204 DELETE http://10.180.1.21/compute/v2.1/servers/1201c389-67f9-4a49-8d04-0fffbe8cf528 0.082s
2025-04-15 19:11:43.278 69646 INFO tempest.lib.common.rest_client [req-56eac736-47ae-49c2-81fd-09783d7d09e3 req-56eac736-47ae-49c2-81fd-09783d7d09e3 ] Request (ServersListShow296Test:tearDownClass): 200 GET http://10.180.1.21/compute/v2.1/servers/6afbbc09-9ffa-425b-babc-bc287042937f 0.100s
2025-04-15 19:11:43.298 69662 INFO tempest.lib.common.rest_client [req-a1343fbd-1210-4ac2-9803-2a00edeed43c req-a1343fbd-1210-4ac2-9803-2a00edeed43c ] Request (AttachInterfacesTestJSON:test_create_list_show_delete_interfaces_by_fixed_ip): 200 GET http://10.180.1.21/compute/v2.1/servers/ceec6f62-e914-4659-8fab-25647605cc63 0.101s
2025-04-15 19:11:43.324 69606 INFO tempest.lib.common.rest_client [req-2c8e0f26-dc3f-4b1f-b697-e3a9f6ae7a33 req-2c8e0f26-dc3f-4b1f-b697-e3a9f6ae7a33 ] Request (DeleteServersTestJSON:test_delete_server_while_in_attached_volume): 200 GET http://10.180.1.21/compute/v2.1/servers/4ff609df-07c8-420f-8eec-e89c33a51a33 0.094s
2025-04-15 19:11:43.383 69666 INFO tempest.lib.common.rest_client [req-aaa2da64-f95a-4bd8-8215-4edda6fdc1e8 req-aaa2da64-f95a-4bd8-8215-4edda6fdc1e8 ] Request (ServerMetadataNegativeTestJSON:tearDownClass): 200 GET http://10.180.1.21/compute/v2.1/servers/702c536d-1471-4b42-b9af-a23fae9347fd 0.056s
2025-04-15 19:11:43.407 69618 INFO tempest.lib.common.rest_client [req-a375c6bb-5368-449c-8b65-774f88f34b8b req-a375c6bb-5368-449c-8b65-774f88f34b8b ] Request (FloatingIPsAssociationTestJSON:tearDownClass): 200 GET http://10.180.1.21/compute/v2.1/servers/1201c389-67f9-4a49-8d04-0fffbe8cf528 0.157s
2025-04-15 19:11:43.430 69648 INFO tempest.lib.common.rest_client [req-7affcb5d-390b-4983-8e08-4cd1e1101aec req-7affcb5d-390b-4983-8e08-4cd1e1101aec ] Request (SecurityGroupsTestJSON:test_server_security_groups): 200 GET http://10.180.1.21/compute/v2.1/servers/4f9bd637-5c78-4c0a-bd7d-c572595d16a5 0.065s
2025-04-15 19:11:43.473 69614 INFO tempest.lib.common.rest_client [req-39329e20-a852-4421-9c09-2d1112803991 req-39329e20-a852-4421-9c09-2d1112803991 ] Request (ServersTestJSON:test_create_server_specify_multibyte_character_name): 200 GET http://10.180.1.21/compute/v2.1/servers/20dc03e1-62af-45fa-bc82-3f81c8a1fba5 0.047s
2025-04-15 19:11:43.522 69642 INFO tempest.lib.common.rest_client [req-704e2b0c-1314-4c5d-84af-e73b0d6dcd0d req-704e2b0c-1314-4c5d-84af-e73b0d6dcd0d ] Request (ServersTestFqdnHostnames:test_create_server_with_fqdn_name): 200 GET http://10.180.1.21/compute/v2.1/servers/47493890-3a5e-4f5e-a1fd-f6be17648fc9 0.051s
2025-04-15 19:11:43.582 69636 INFO tempest.lib.common.rest_client [req-4f09faa0-faaa-4e6e-b6d5-d08257840a73 req-4f09faa0-faaa-4e6e-b6d5-d08257840a73 ] Request (ImagesOneServerNegativeTestJSON:_run_cleanups): 200 GET http://10.180.1.21/compute/v2.1/servers/6ab24fb4-7b96-47ad-a951-40a856f07f72 0.057s
2025-04-15 19:11:43.586 69608 INFO tempest.lib.common.rest_client [req-5959493c-0dbb-433f-afd9-6c16a303ae7d req-5959493c-0dbb-433f-afd9-6c16a303ae7d ] Request (ImagesTestJSON:test_create_image_from_suspended_server): 200 GET http://10.180.1.21/compute/v2.1/servers/86664fc5-9d66-4a97-a70e-f979ea7989af 0.093s
2025-04-15 19:11:43.637 69656 INFO tempest.lib.common.rest_client [req-02fb67f8-9026-40c6-8b88-c2eeb6747473 req-02fb67f8-9026-40c6-8b88-c2eeb6747473 ] Request (ListServerFiltersTestJSON:tearDownClass): 200 GET http://10.180.1.21/compute/v2.1/servers/137d5236-472a-494b-91a6-5a76844f2d17 0.055s
2025-04-15 19:11:43.713 69630 INFO tempest.lib.common.rest_client [req-46ae7700-ad94-4a89-b087-38fd2ea77d52 req-46ae7700-ad94-4a89-b087-38fd2ea77d52 ] Request (ServerAddressesNegativeTestJSON:tearDownClass): 200 GET http://10.180.1.21/compute/v2.1/servers/8bc071fa-1afb-466e-8d6e-d259d9b7be1c 0.071s
2025-04-15 19:11:43.771 69612 INFO tempest.lib.common.rest_client [req-16439f95-ee20-4ec2-a75a-0ba0182144e4 req-16439f95-ee20-4ec2-a75a-0ba0182144e4 ] Request (ServerTagsTestJSON:tearDownClass): 200 GET http://10.180.1.21/compute/v2.1/servers/3c6d72c1-e6c8-416e-9d15-0fc141b7c047 0.069s
2025-04-15 19:11:43.821 69638 INFO tempest.lib.common.rest_client [req-534e9639-7780-4941-a700-26d37ba77562 req-534e9639-7780-4941-a700-26d37ba77562 ] Request (MigrationsAdminTest:test_resize_server_revert_deleted_flavor): 200 GET http://10.180.1.21/compute/v2.1/servers/42273db3-0272-46ac-9be6-edcbe7898d7d 0.069s
2025-04-15 19:11:43.860 69632 INFO tempest.lib.common.rest_client [req-e773ea8b-a105-4569-bf6c-d4eb1566da64 req-e773ea8b-a105-4569-bf6c-d4eb1566da64 ] Request (ServerRescueTestJSON:setUpClass): 200 GET http://10.180.1.21/compute/v2.1/servers/601ed800-158d-4bec-a746-1825d79da206 0.129s
2025-04-15 19:11:43.870 69644 INFO tempest.lib.common.rest_client [req-0d99d8a0-405c-488e-b3e7-7f1c335ba43b req-0d99d8a0-405c-488e-b3e7-7f1c335ba43b ] Request (InstanceActionsTestJSON:setUpClass): 200 GET http://10.180.1.21/compute/v2.1/servers/a5b586bb-eb9b-4ed5-8c26-8a59f63eead4 0.095s
2025-04-15 19:11:43.907 69624 INFO tempest.lib.common.rest_client [req-2aaeb317-9f7c-4da5-9e8a-bf7627138fd7 req-2aaeb317-9f7c-4da5-9e8a-bf7627138fd7 ] Request (MultipleCreateTestJSON:test_multiple_create_with_reservation_return): 200 GET http://10.180.1.21/compute/v2.1/servers/beaa19aa-3578-4a12-ac8b-cdcbddb56ba5 0.106s
2025-04-15 19:11:43.921 69660 INFO tempest.lib.common.rest_client [req-9ee0059b-3a22-4811-8316-cd25429cfe95 req-9ee0059b-3a22-4811-8316-cd25429cfe95 ] Request (ServerAddressesTestJSON:setUpClass): 200 GET http://10.180.1.21/compute/v2.1/servers/6df206b8-a448-4fe6-b0d2-d2b1e913e997 0.051s
2025-04-15 19:11:44.031 69668 INFO tempest.lib.common.rest_client [req-a981786c-cc6c-4522-8932-a6adac599d33 req-a981786c-cc6c-4522-8932-a6adac599d33 ] Request (ListImageFiltersTestJSON:setUpClass): 204 PUT http://10.180.1.21/image/v2/images/7190c14c-cbf1-4bce-87e1-1f001ab8c9c1/file 0.584s
2025-04-15 19:11:44.056 69654 INFO tempest.lib.common.rest_client [req-79e98b91-dedf-4fd4-b888-d5ce644cf8ed req-79e98b91-dedf-4fd4-b888-d5ce644cf8ed ] Request (DeleteServersAdminTestJSON:test_delete_server_while_in_error_state): 200 GET http://10.180.1.21/compute/v2.1/servers/8ba20081-cf84-4cf8-8928-e0dc6719d518 0.064s
2025-04-15 19:11:44.061 69668 INFO tempest.lib.common.rest_client [req-9bd08797-0fe5-47c1-80cc-2415715993a4 req-9bd08797-0fe5-47c1-80cc-2415715993a4 ] Request (ListImageFiltersTestJSON:setUpClass): 200 GET http://10.180.1.21/compute/v2.1/images/7190c14c-cbf1-4bce-87e1-1f001ab8c9c1 0.029s
2025-04-15 19:11:44.092 69668 INFO tempest.lib.common.rest_client [req-4062828c-251b-458e-905e-9bae59155440 req-4062828c-251b-458e-905e-9bae59155440 ] Request (ListImageFiltersTestJSON:setUpClass): 200 GET http://10.180.1.21/compute/v2.1/images/7190c14c-cbf1-4bce-87e1-1f001ab8c9c1 0.029s
2025-04-15 19:11:44.140 69658 INFO tempest.lib.common.rest_client [req-468b19b0-3bce-4178-9f1e-82b85e96d6ef req-468b19b0-3bce-4178-9f1e-82b85e96d6ef ] Request (FloatingIPsAssociationNegativeTestJSON:tearDownClass): 200 GET http://10.180.1.21/compute/v2.1/servers/a1e62b27-e8ff-4058-bb39-f3619a3335b0 0.051s
2025-04-15 19:11:44.254 69652 INFO tempest.lib.common.rest_client [req-3b76eaa2-2c3e-4124-9005-35cc78781ba8 req-3b76eaa2-2c3e-4124-9005-35cc78781ba8 ] Request (ServersAdminNegativeTestJSON:setUpClass): 200 GET http://10.180.1.21/compute/v2.1/servers/8ab143f5-d2c6-4ced-805a-89fb0ce860b1 0.051s
2025-04-15 19:11:44.349 69668 INFO tempest.lib.common.rest_client [req-5d0abebc-0e3e-401c-b616-8e49513db62e req-5d0abebc-0e3e-401c-b616-8e49513db62e ] Request (ListImageFiltersTestJSON:setUpClass): 201 POST http://10.180.1.21/image/v2/images 0.254s
2025-04-15 19:11:44.373 69646 INFO tempest.lib.common.rest_client [req-786e242b-ce44-4554-aed6-1aa5b329f012 req-786e242b-ce44-4554-aed6-1aa5b329f012 ] Request (ServersListShow296Test:tearDownClass): 200 GET http://10.180.1.21/compute/v2.1/servers/6afbbc09-9ffa-425b-babc-bc287042937f 0.085s
2025-04-15 19:11:44.429 69606 INFO tempest.lib.common.rest_client [req-e313e0da-c8f6-4545-8ef8-6b8dcc016668 req-e313e0da-c8f6-4545-8ef8-6b8dcc016668 ] Request (DeleteServersTestJSON:test_delete_server_while_in_attached_volume): 200 GET http://10.180.1.21/compute/v2.1/servers/4ff609df-07c8-420f-8eec-e89c33a51a33 0.097s
2025-04-15 19:11:44.489 69666 INFO tempest.lib.common.rest_client [req-e7c308e8-5569-47e5-ac66-ac887d453898 req-e7c308e8-5569-47e5-ac66-ac887d453898 ] Request (ServerMetadataNegativeTestJSON:tearDownClass): 200 GET http://10.180.1.21/compute/v2.1/servers/702c536d-1471-4b42-b9af-a23fae9347fd 0.098s
2025-04-15 19:11:44.518 69662 INFO tempest.lib.common.rest_client [req-b9235d1e-963f-4b06-8966-40857d03a41e req-b9235d1e-963f-4b06-8966-40857d03a41e ] Request (AttachInterfacesTestJSON:test_create_list_show_delete_interfaces_by_fixed_ip): 200 GET http://10.180.1.21/compute/v2.1/servers/ceec6f62-e914-4659-8fab-25647605cc63 0.212s
2025-04-15 19:11:44.568 69648 INFO tempest.lib.common.rest_client [req-d746608e-1a86-4706-ad05-aa0ed28d93ae req-d746608e-1a86-4706-ad05-aa0ed28d93ae ] Request (SecurityGroupsTestJSON:test_server_security_groups): 200 GET http://10.180.1.21/compute/v2.1/servers/4f9bd637-5c78-4c0a-bd7d-c572595d16a5 0.130s
2025-04-15 19:11:44.616 69614 INFO tempest.lib.common.rest_client [req-7b66baf0-2f91-41f5-b71b-c5022afe6f17 req-7b66baf0-2f91-41f5-b71b-c5022afe6f17 ] Request (ServersTestJSON:test_create_server_specify_multibyte_character_name): 200 GET http://10.180.1.21/compute/v2.1/servers/20dc03e1-62af-45fa-bc82-3f81c8a1fba5 0.136s
2025-04-15 19:11:44.632 69618 INFO tempest.lib.common.rest_client [req-284c3212-1e52-42d2-86f2-f3ae9cdb794d req-284c3212-1e52-42d2-86f2-f3ae9cdb794d ] Request (FloatingIPsAssociationTestJSON:tearDownClass): 200 GET http://10.180.1.21/compute/v2.1/servers/1201c389-67f9-4a49-8d04-0fffbe8cf528 0.217s
2025-04-15 19:11:44.660 69642 INFO tempest.lib.common.rest_client [req-a389014b-1600-49d7-9d97-8baefd982895 req-a389014b-1600-49d7-9d97-8baefd982895 ] Request (ServersTestFqdnHostnames:test_create_server_with_fqdn_name): 200 GET http://10.180.1.21/compute/v2.1/servers/47493890-3a5e-4f5e-a1fd-f6be17648fc9 0.124s
2025-04-15 19:11:44.681 69636 INFO tempest.lib.common.rest_client [req-03886798-9146-4d48-8a27-53b00e48e178 req-03886798-9146-4d48-8a27-53b00e48e178 ] Request (ImagesOneServerNegativeTestJSON:_run_cleanups): 200 GET http://10.180.1.21/compute/v2.1/servers/6ab24fb4-7b96-47ad-a951-40a856f07f72 0.091s
2025-04-15 19:11:44.732 69656 INFO tempest.lib.common.rest_client [req-dd14c718-b37c-4e92-b05e-1bff75f01ab4 req-dd14c718-b37c-4e92-b05e-1bff75f01ab4 ] Request (ListServerFiltersTestJSON:tearDownClass): 200 GET http://10.180.1.21/compute/v2.1/servers/137d5236-472a-494b-91a6-5a76844f2d17 0.088s
2025-04-15 19:11:44.765 69608 INFO tempest.lib.common.rest_client [req-f587ca10-83d2-452f-9786-f631e141be19 req-f587ca10-83d2-452f-9786-f631e141be19 ] Request (ImagesTestJSON:test_create_image_from_suspended_server): 200 GET http://10.180.1.21/compute/v2.1/servers/86664fc5-9d66-4a97-a70e-f979ea7989af 0.171s
2025-04-15 19:11:44.787 69630 INFO tempest.lib.common.rest_client [req-61e158a6-24c8-44cf-9829-464ef479abb2 req-61e158a6-24c8-44cf-9829-464ef479abb2 ] Request (ServerAddressesNegativeTestJSON:tearDownClass): 200 GET http://10.180.1.21/compute/v2.1/servers/8bc071fa-1afb-466e-8d6e-d259d9b7be1c 0.064s
2025-04-15 19:11:44.842 69612 INFO tempest.lib.common.rest_client [req-6db7db16-df95-4859-ba9b-09e7eecc135a req-6db7db16-df95-4859-ba9b-09e7eecc135a ] Request (ServerTagsTestJSON:tearDownClass): 200 GET http://10.180.1.21/compute/v2.1/servers/3c6d72c1-e6c8-416e-9d15-0fc141b7c047 0.062s
2025-04-15 19:11:44.882 69638 INFO tempest.lib.common.rest_client [req-ef85d51d-c569-42a9-9dac-666c984def55 req-ef85d51d-c569-42a9-9dac-666c984def55 ] Request (MigrationsAdminTest:test_resize_server_revert_deleted_flavor): 200 GET http://10.180.1.21/compute/v2.1/servers/42273db3-0272-46ac-9be6-edcbe7898d7d 0.053s
2025-04-15 19:11:44.934 69644 INFO tempest.lib.common.rest_client [req-c9133ee6-26db-4d39-9a8b-893dceef9d38 req-c9133ee6-26db-4d39-9a8b-893dceef9d38 ] Request (InstanceActionsTestJSON:setUpClass): 200 GET http://10.180.1.21/compute/v2.1/servers/a5b586bb-eb9b-4ed5-8c26-8a59f63eead4 0.056s
2025-04-15 19:11:44.966 69632 INFO tempest.lib.common.rest_client [req-62076960-f267-44c4-8f24-f98fdf2910b1 req-62076960-f267-44c4-8f24-f98fdf2910b1 ] Request (ServerRescueTestJSON:setUpClass): 200 GET http://10.180.1.21/compute/v2.1/servers/601ed800-158d-4bec-a746-1825d79da206 0.098s
2025-04-15 19:11:44.987 69624 INFO tempest.lib.common.rest_client [req-2cd0081d-5797-498b-a95b-53c89faf038d req-2cd0081d-5797-498b-a95b-53c89faf038d ] Request (MultipleCreateTestJSON:test_multiple_create_with_reservation_return): 200 GET http://10.180.1.21/compute/v2.1/servers/beaa19aa-3578-4a12-ac8b-cdcbddb56ba5 0.073s
2025-04-15 19:11:45.012 69660 INFO tempest.lib.common.rest_client [req-326ac2ab-b157-4116-9f92-efc6274db416 req-326ac2ab-b157-4116-9f92-efc6274db416 ] Request (ServerAddressesTestJSON:setUpClass): 200 GET http://10.180.1.21/compute/v2.1/servers/6df206b8-a448-4fe6-b0d2-d2b1e913e997 0.081s
2025-04-15 19:11:45.122 69654 INFO tempest.lib.common.rest_client [req-2e779147-bb92-43b5-96a7-bb50f3de12e4 req-2e779147-bb92-43b5-96a7-bb50f3de12e4 ] Request (DeleteServersAdminTestJSON:test_delete_server_while_in_error_state): 200 GET http://10.180.1.21/compute/v2.1/servers/8ba20081-cf84-4cf8-8928-e0dc6719d518 0.058s
2025-04-15 19:11:45.207 69658 INFO tempest.lib.common.rest_client [req-aa4bf543-92e4-4284-8991-57261a7f068e req-aa4bf543-92e4-4284-8991-57261a7f068e ] Request (FloatingIPsAssociationNegativeTestJSON:tearDownClass): 200 GET http://10.180.1.21/compute/v2.1/servers/a1e62b27-e8ff-4058-bb39-f3619a3335b0 0.059s
2025-04-15 19:11:45.313 69652 INFO tempest.lib.common.rest_client [req-961af3ba-43b6-4835-bcbb-74a9e31b8fc7 req-961af3ba-43b6-4835-bcbb-74a9e31b8fc7 ] Request (ServersAdminNegativeTestJSON:setUpClass): 200 GET http://10.180.1.21/compute/v2.1/servers/8ab143f5-d2c6-4ced-805a-89fb0ce860b1 0.051s
2025-04-15 19:11:45.320 69652 INFO tempest.common.waiters [-] State transition "BUILD/None" ==> "BUILD/networking" after 68 second wait
2025-04-15 19:11:45.485 69646 INFO tempest.lib.common.rest_client [req-cb38bfaf-ec9d-400f-bc4c-495065084d43 req-cb38bfaf-ec9d-400f-bc4c-495065084d43 ] Request (ServersListShow296Test:tearDownClass): 200 GET http://10.180.1.21/compute/v2.1/servers/6afbbc09-9ffa-425b-babc-bc287042937f 0.099s
2025-04-15 19:11:45.509 69606 INFO tempest.lib.common.rest_client [req-ebe1b60a-211f-4451-bc7b-6181480f9d63 req-ebe1b60a-211f-4451-bc7b-6181480f9d63 ] Request (DeleteServersTestJSON:test_delete_server_while_in_attached_volume): 200 GET http://10.180.1.21/compute/v2.1/servers/4ff609df-07c8-420f-8eec-e89c33a51a33 0.067s
2025-04-15 19:11:45.585 69662 INFO tempest.lib.common.rest_client [req-ce277165-b427-42c5-9be9-ec5e58b519af req-ce277165-b427-42c5-9be9-ec5e58b519af ] Request (AttachInterfacesTestJSON:test_create_list_show_delete_interfaces_by_fixed_ip): 200 GET http://10.180.1.21/compute/v2.1/servers/ceec6f62-e914-4659-8fab-25647605cc63 0.059s
2025-04-15 19:11:45.587 69666 INFO tempest.lib.common.rest_client [req-f1a08852-8475-4f85-a682-f6babed4da29 req-f1a08852-8475-4f85-a682-f6babed4da29 ] Request (ServerMetadataNegativeTestJSON:tearDownClass): 200 GET http://10.180.1.21/compute/v2.1/servers/702c536d-1471-4b42-b9af-a23fae9347fd 0.091s
2025-04-15 19:11:45.633 69634 WARNING tempest.lib.common.ssh [-] Failed to establish authenticated ssh connection to cirros@10.180.180.217 ([Errno None] Unable to connect to port 22 on 10.180.180.217). Number attempts: 2. Retry after 3 seconds.: paramiko.ssh_exception.NoValidConnectionsError: [Errno None] Unable to connect to port 22 on 10.180.180.217
2025-04-15 19:11:45.650 69648 INFO tempest.lib.common.rest_client [req-f8b4eb11-4ffa-4394-a837-db8424e303fd req-f8b4eb11-4ffa-4394-a837-db8424e303fd ] Request (SecurityGroupsTestJSON:test_server_security_groups): 200 GET http://10.180.1.21/compute/v2.1/servers/4f9bd637-5c78-4c0a-bd7d-c572595d16a5 0.074s
2025-04-15 19:11:45.699 69614 INFO tempest.lib.common.rest_client [req-f4f24593-3157-4b3a-9142-617ae1256d92 req-f4f24593-3157-4b3a-9142-617ae1256d92 ] Request (ServersTestJSON:test_create_server_specify_multibyte_character_name): 200 GET http://10.180.1.21/compute/v2.1/servers/20dc03e1-62af-45fa-bc82-3f81c8a1fba5 0.075s
2025-04-15 19:11:45.709 69618 INFO tempest.lib.common.rest_client [req-64cb8632-c101-482e-98fb-f5befe951214 req-64cb8632-c101-482e-98fb-f5befe951214 ] Request (FloatingIPsAssociationTestJSON:tearDownClass): 200 GET http://10.180.1.21/compute/v2.1/servers/1201c389-67f9-4a49-8d04-0fffbe8cf528 0.069s
2025-04-15 19:11:45.759 69642 INFO tempest.lib.common.rest_client [req-aa2ea30a-0605-4088-9bac-1234f049e693 req-aa2ea30a-0605-4088-9bac-1234f049e693 ] Request (ServersTestFqdnHostnames:test_create_server_with_fqdn_name): 200 GET http://10.180.1.21/compute/v2.1/servers/47493890-3a5e-4f5e-a1fd-f6be17648fc9 0.089s
2025-04-15 19:11:45.771 69636 INFO tempest.lib.common.rest_client [req-e444ef59-a1ef-4665-bf70-dce2d8f957fa req-e444ef59-a1ef-4665-bf70-dce2d8f957fa ] Request (ImagesOneServerNegativeTestJSON:_run_cleanups): 200 GET http://10.180.1.21/compute/v2.1/servers/6ab24fb4-7b96-47ad-a951-40a856f07f72 0.082s
2025-04-15 19:11:45.826 69656 INFO tempest.lib.common.rest_client [req-dbfe4e01-845b-43d8-a03c-a44529420f29 req-dbfe4e01-845b-43d8-a03c-a44529420f29 ] Request (ListServerFiltersTestJSON:tearDownClass): 200 GET http://10.180.1.21/compute/v2.1/servers/137d5236-472a-494b-91a6-5a76844f2d17 0.086s
2025-04-15 19:11:45.881 69630 INFO tempest.lib.common.rest_client [req-2d8c6146-cc41-4d08-840d-d8f845d63de8 req-2d8c6146-cc41-4d08-840d-d8f845d63de8 ] Request (ServerAddressesNegativeTestJSON:tearDownClass): 200 GET http://10.180.1.21/compute/v2.1/servers/8bc071fa-1afb-466e-8d6e-d259d9b7be1c 0.085s
2025-04-15 19:11:45.897 69608 INFO tempest.lib.common.rest_client [req-a30bc13e-2b3f-4953-8ccf-42184e95a05f req-a30bc13e-2b3f-4953-8ccf-42184e95a05f ] Request (ImagesTestJSON:test_create_image_from_suspended_server): 200 GET http://10.180.1.21/compute/v2.1/servers/86664fc5-9d66-4a97-a70e-f979ea7989af 0.124s
2025-04-15 19:11:45.937 69612 INFO tempest.lib.common.rest_client [req-ed2e6e94-7176-4d03-b049-1350cb00252b req-ed2e6e94-7176-4d03-b049-1350cb00252b ] Request (ServerTagsTestJSON:tearDownClass): 200 GET http://10.180.1.21/compute/v2.1/servers/3c6d72c1-e6c8-416e-9d15-0fc141b7c047 0.082s
2025-04-15 19:11:45.963 69638 INFO tempest.lib.common.rest_client [req-01b32ce2-42a8-4ad1-abf0-46a2a9859b53 req-01b32ce2-42a8-4ad1-abf0-46a2a9859b53 ] Request (MigrationsAdminTest:test_resize_server_revert_deleted_flavor): 200 GET http://10.180.1.21/compute/v2.1/servers/42273db3-0272-46ac-9be6-edcbe7898d7d 0.071s
2025-04-15 19:11:46.013 69644 INFO tempest.lib.common.rest_client [req-1778aced-5cae-450c-b09c-1fee3de8f45c req-1778aced-5cae-450c-b09c-1fee3de8f45c ] Request (InstanceActionsTestJSON:setUpClass): 200 GET http://10.180.1.21/compute/v2.1/servers/a5b586bb-eb9b-4ed5-8c26-8a59f63eead4 0.072s
2025-04-15 19:11:46.018 69668 INFO tempest.lib.common.rest_client [req-1d5bc10e-30ad-4674-ac20-bccadc350dad req-1d5bc10e-30ad-4674-ac20-bccadc350dad ] Request (ListImageFiltersTestJSON:setUpClass): 204 PUT http://10.180.1.21/image/v2/images/8f9003ed-7a29-4ba6-9a8a-ec4e7b4d2526/file 0.667s
