2025-04-15 19:09:57.369 69636 INFO tempest.lib.common.rest_client [req-3abeac45-3ee4-4b45-8784-f03fbcc955c0 req-3abeac45-3ee4-4b45-8784-f03fbcc955c0 ] Request (ImagesOneServerNegativeTestJSON:setUpClass): 200 GET http://10.180.1.21/compute/v2.1/servers/6ab24fb4-7b96-47ad-a951-40a856f07f72 1.869s
2025-04-15 19:09:57.381 69646 INFO tempest.lib.common.rest_client [req-837d8c2b-0858-4dba-ac3c-1e5d81dae7e0 req-837d8c2b-0858-4dba-ac3c-1e5d81dae7e0 ] Request (HypervisorAdminNegativeUnderV252Test:test_search_hypervisor_with_non_admin_user): 200 GET http://10.180.1.21/compute/v2.1/os-hypervisors 1.897s
2025-04-15 19:09:57.385 69622 INFO tempest.lib.common.rest_client [req-9b94cd23-3193-4199-abee-1323dc49acc6 req-9b94cd23-3193-4199-abee-1323dc49acc6 ] Request (ServersTestBootFromVolume:setUpClass): 201 POST http://10.180.1.21/identity/v3/auth/tokens 0.075s
2025-04-15 19:09:57.385 69622 INFO tempest.lib.common.fixed_network [-] (ServersTestBootFromVolume:setUpClass) Found network {'id': '9825b91a-6c7f-4f93-9c24-e3b46e067848', 'name': 'tempest-ServersTestBootFromVolume-1180430447-network', 'tenant_id': '96c9261d88854b2e876f7c7b40a236a2', 'admin_state_up': True, 'mtu': 8950, 'status': 'ACTIVE', 'subnets': [], 'shared': False, 'project_id': '96c9261d88854b2e876f7c7b40a236a2', 'port_security_enabled': True, 'router:external': False, 'provider:network_type': 'vlan', 'provider:physical_network': 'default', 'provider:segmentation_id': 116, 'availability_zone_hints': [], 'availability_zones': [], 'ipv4_address_scope': None, 'ipv6_address_scope': None, 'description': '', 'tags': [], 'created_at': '2025-04-15T19:09:50Z', 'updated_at': '2025-04-15T19:09:50Z', 'revision_number': 1} available for tenant
2025-04-15 19:09:57.389 69652 INFO tempest.lib.common.rest_client [req-3cc19ae1-2aef-4dcb-b3e4-d63c4f21a26d req-3cc19ae1-2aef-4dcb-b3e4-d63c4f21a26d ] Request (FlavorsAdminTestJSON:test_is_public_string_variations): 200 GET http://10.180.1.21/compute/v2.1/flavors/detail?is_public=false 1.839s
2025-04-15 19:09:57.406 69658 INFO tempest.lib.common.rest_client [req-f318c3ff-987d-4924-9ed4-6ece52a397ee req-f318c3ff-987d-4924-9ed4-6ece52a397ee ] Request (QuotasAdminTestV257:tearDownClass): 204 DELETE http://10.180.1.21:9696/networking/v2.0/security-groups/bde67fe3-e6ab-48c2-81c5-49400dd6b1d7 0.128s
2025-04-15 19:09:57.412 69640 INFO tempest.lib.common.rest_client [req-2116e8aa-bf47-44e3-9235-ead93aae3bdc req-2116e8aa-bf47-44e3-9235-ead93aae3bdc ] Request (ServerGroup264TestJSON:test_create_get_server_group): 200 GET http://10.180.1.21/compute/v2.1/os-server-groups 1.669s
2025-04-15 19:09:57.435 69662 INFO tempest.lib.common.rest_client [req-62249ea8-be2b-4473-9d22-85c83bccd98f req-62249ea8-be2b-4473-9d22-85c83bccd98f ] Request (ServerDiagnosticsV248Test:test_get_server_diagnostics): 200 GET http://10.180.1.21/compute/v2.1/servers/0b300c8b-226e-4cfc-8a57-78234de65ef0 1.858s
2025-04-15 19:09:57.442 69650 INFO tempest.lib.common.rest_client [req-1e013ab1-f8b2-460c-b4cd-b85d773b4b2e req-1e013ab1-f8b2-460c-b4cd-b85d773b4b2e ] Request (ServerActionsV293TestJSON:setUpClass): 200 GET http://10.180.1.21/volume/v3/volumes/e5ab885b-90ce-413f-8f2f-ee642b97f024 0.035s
2025-04-15 19:09:57.500 69624 INFO tempest.lib.common.rest_client [req-6571195c-5a4f-4e7d-a32b-780c94fb0aea req-6571195c-5a4f-4e7d-a32b-780c94fb0aea ] Request (MultipleCreateTestJSON:_run_cleanups): 200 GET http://10.180.1.21/compute/v2.1/servers/a7ef9b84-2ee0-4fe8-9109-a6fce72e7e87 1.301s
2025-04-15 19:09:57.512 69624 INFO tempest.common.waiters [-] State transition "ACTIVE/deleting" ==> "DELETED/None" after 2 second wait
2025-04-15 19:09:57.514 69632 INFO tempest.lib.common.rest_client [req-c6a7dbef-8abe-4918-a7df-3c79190dec90 req-c6a7dbef-8abe-4918-a7df-3c79190dec90 ] Request (ServicesAdminNegativeV253TestJSON:test_disable_service_with_invalid_service_id): 404 PUT http://10.180.1.21/compute/v2.1/os-services/f619c19c-cb6d-4614-b54b-502e6a0dba25 1.285s
2025-04-15 19:09:57.522 69658 INFO tempest.lib.common.rest_client [req-b5b89405-e191-420f-9b94-db7b469fa254 req-b5b89405-e191-420f-9b94-db7b469fa254 ] Request (QuotasAdminTestV257:tearDownClass): 204 DELETE http://10.180.1.21/identity/v3/projects/98908dc48ce740d7a6b2df036ca88e23 0.115s
2025-04-15 19:09:57.584 69612 INFO tempest.lib.common.rest_client [req-ea20598a-dacf-4a0b-b9dd-2076cc938095 req-ea20598a-dacf-4a0b-b9dd-2076cc938095 ] Request (SecurityGroupRulesTestJSON:tearDownClass): 202 DELETE http://10.180.1.21/compute/v2.1/os-security-groups/53db7b88-43d8-4853-8e98-a704c964debf 1.690s
2025-04-15 19:09:57.591 69658 INFO tempest.lib.common.rest_client [req-e6181b55-e136-43b4-bea7-5d0ea4e0496d req-e6181b55-e136-43b4-bea7-5d0ea4e0496d ] Request (QuotasSecurityGroupAdminNegativeTest:setUpClass): 201 POST http://10.180.1.21/identity/v3/auth/tokens 0.067s
2025-04-15 19:09:57.652 69658 INFO tempest.lib.common.rest_client [req-95b19074-f721-496f-b7b1-f2231452ec20 req-95b19074-f721-496f-b7b1-f2231452ec20 ] Request (QuotasSecurityGroupAdminNegativeTest:setUpClass): 201 POST http://10.180.1.21/identity/v3/auth/tokens 0.058s
2025-04-15 19:09:57.669 69610 INFO tempest.lib.common.rest_client [req-9a99b76b-0702-4492-b2da-70515b750d6e req-9a99b76b-0702-4492-b2da-70515b750d6e ] Request (VolumesAdminNegativeTest:test_update_attached_volume_with_nonexistent_volume_in_body): 200 GET http://10.180.1.21/compute/v2.1/servers/8ee10ea1-17b9-4cc2-8d32-92c0c4d0a09d/os-interface 1.354s
2025-04-15 19:09:57.673 69622 INFO tempest.lib.common.rest_client [req-5c01a19c-bad5-44a6-9788-ff8203b64170 req-5c01a19c-bad5-44a6-9788-ff8203b64170 ] Request (ServersTestBootFromVolume:setUpClass): 202 POST http://10.180.1.21/volume/v3/volumes 0.287s
2025-04-15 19:09:57.696 69658 INFO tempest.lib.common.rest_client [req-76122101-0298-4b34-9725-9c3e58aac4f1 req-76122101-0298-4b34-9725-9c3e58aac4f1 ] Request (QuotasSecurityGroupAdminNegativeTest:setUpClass): 200 GET http://10.180.1.21/identity/v3/domains?name=Default 0.043s
2025-04-15 19:09:57.728 69622 INFO tempest.lib.common.rest_client [req-29b91f10-93fd-444d-995a-dbb687c310c9 req-29b91f10-93fd-444d-995a-dbb687c310c9 ] Request (ServersTestBootFromVolume:setUpClass): 200 GET http://10.180.1.21/volume/v3/volumes/82bba397-473a-4f37-bd8f-ed273a6e7dc8 0.044s
2025-04-15 19:09:57.752 69658 INFO tempest.lib.common.rest_client [req-c9c326a2-113d-42bd-9a00-49c610d1f2c1 req-c9c326a2-113d-42bd-9a00-49c610d1f2c1 ] Request (QuotasSecurityGroupAdminNegativeTest:setUpClass): 201 POST http://10.180.1.21/identity/v3/projects 0.056s
2025-04-15 19:09:57.765 69616 INFO tempest.lib.common.rest_client [req-ce6b75d3-acab-4b13-b2ef-387ef7cbd485 req-ce6b75d3-acab-4b13-b2ef-387ef7cbd485 ] Request (ServersWithSpecificFlavorTestJSON:test_verify_created_server_ephemeral_disk): 200 GET http://10.180.1.21/compute/v2.1/servers/7adab229-dc33-44c0-bfe5-8ae48d438f41 1.371s
2025-04-15 19:09:57.768 69638 INFO tempest.lib.common.rest_client [req-11a34430-5b14-4aa5-80c2-5d9d344ffc0e req-11a34430-5b14-4aa5-80c2-5d9d344ffc0e ] Request (MigrationsAdminTest:test_list_migrations_in_flavor_resize_situation): 200 GET http://10.180.1.21/compute/v2.1/servers/19b297d9-f3a5-4ebb-8964-815cd27c5fe9 1.438s
2025-04-15 19:09:57.875 69658 INFO tempest.lib.common.rest_client [req-3078593c-b389-4fa3-9ea6-ae06224558b4 req-3078593c-b389-4fa3-9ea6-ae06224558b4 ] Request (QuotasSecurityGroupAdminNegativeTest:setUpClass): 201 POST http://10.180.1.21/identity/v3/users 0.122s
2025-04-15 19:09:57.917 69656 INFO tempest.lib.common.rest_client [req-75cf7c83-178c-4d89-926e-ef4f861529a0 req-75cf7c83-178c-4d89-926e-ef4f861529a0 ] Request (ListServerFiltersTestJSON:setUpClass): 200 GET http://10.180.1.21/compute/v2.1/servers/029595d0-bfcd-4785-8ce6-771cd77f8a7c 1.443s
2025-04-15 19:09:57.921 69658 INFO tempest.lib.common.rest_client [req-285f33a7-921b-4880-8754-2b72b6a28a2b req-285f33a7-921b-4880-8754-2b72b6a28a2b ] Request (QuotasSecurityGroupAdminNegativeTest:setUpClass): 200 GET http://10.180.1.21/identity/v3/roles 0.045s
2025-04-15 19:09:57.973 69658 INFO tempest.lib.common.rest_client [req-ced5fa1b-e412-44be-8910-3b8f0e7e7f4e req-ced5fa1b-e412-44be-8910-3b8f0e7e7f4e ] Request (QuotasSecurityGroupAdminNegativeTest:setUpClass): 204 PUT http://10.180.1.21/identity/v3/projects/03d7006c7d4f4e4d95e96b54a7763bac/users/b144d4c80ffc4d99bc1c7aa33ccb929f/roles/6751ed7cd5394ed999f3574211baa109 0.051s
2025-04-15 19:09:57.973 69658 INFO tempest.lib.common.dynamic_creds [-] Dynamic test user b144d4c80ffc4d99bc1c7aa33ccb929f is created with scope project and roles: ['member']
2025-04-15 19:09:57.973 69658 INFO tempest.lib.common.dynamic_creds [-] Acquired dynamic creds: credentials: Credentials: {'domain_id': 'default', 'domain_name': 'Default', 'username': 'tempest-QuotasSecurityGroupAdminNegativeTest-412148972-project-member', 'project_domain_id': 'default', 'project_domain_name': 'Default', 'project_id': '03d7006c7d4f4e4d95e96b54a7763bac', 'project_name': 'tempest-QuotasSecurityGroupAdminNegativeTest-412148972', 'tenant_id': '03d7006c7d4f4e4d95e96b54a7763bac', 'tenant_name': 'tempest-QuotasSecurityGroupAdminNegativeTest-412148972', 'user_domain_id': 'default', 'user_domain_name': 'Default', 'user_id': 'b144d4c80ffc4d99bc1c7aa33ccb929f', 'system': None}, Network: None, Subnet: None, Router: None
2025-04-15 19:09:57.973 69658 INFO tempest.lib.common.dynamic_creds [-] Created isolated network resources for: credentials: Credentials: {'domain_id': 'default', 'domain_name': 'Default', 'username': 'tempest-QuotasSecurityGroupAdminNegativeTest-412148972-project-member', 'project_domain_id': 'default', 'project_domain_name': 'Default', 'project_id': '03d7006c7d4f4e4d95e96b54a7763bac', 'project_name': 'tempest-QuotasSecurityGroupAdminNegativeTest-412148972', 'tenant_id': '03d7006c7d4f4e4d95e96b54a7763bac', 'tenant_name': 'tempest-QuotasSecurityGroupAdminNegativeTest-412148972', 'user_domain_id': 'default', 'user_domain_name': 'Default', 'user_id': 'b144d4c80ffc4d99bc1c7aa33ccb929f', 'system': None}, Network: None, Subnet: None, Router: None
2025-04-15 19:09:58.000 69606 INFO tempest.lib.common.rest_client [req-f2893dce-b0a3-4bab-be77-f79658b51d50 req-f2893dce-b0a3-4bab-be77-f79658b51d50 ] Request (DeleteServersTestJSON:test_delete_active_server): 200 GET http://10.180.1.21/compute/v2.1/servers/ceb486ef-93f1-4706-a14e-6b72bf807ba6 1.506s
2025-04-15 19:09:58.008 69606 INFO tempest.common.waiters [-] State transition "BUILD/None" ==> "BUILD/block_device_mapping" after 27 second wait
2025-04-15 19:09:58.010 69628 INFO tempest.lib.common.rest_client [req-d2d98075-162f-41c1-a4cd-a02432f50756 req-d2d98075-162f-41c1-a4cd-a02432f50756 ] Request (AggregatesAdminNegativeTestJSON:test_aggregate_remove_host_as_user): 403 POST http://10.180.1.21/compute/v2.1/os-aggregates/7/action 1.471s
2025-04-15 19:09:58.032 69668 INFO tempest.lib.common.rest_client [req-d40cec18-7faa-4731-87c5-9db14279ca45 req-d40cec18-7faa-4731-87c5-9db14279ca45 ] Request (ServerExternalEventsTest:test_create_server_external_events): 200 GET http://10.180.1.21/compute/v2.1/servers/bf355bcc-9f08-47d9-add7-d5c794770eaa 1.498s
2025-04-15 19:09:58.077 69658 INFO tempest.lib.common.rest_client [req-bc3297ab-d000-4334-b493-85a3baaf9577 req-bc3297ab-d000-4334-b493-85a3baaf9577 ] Request (QuotasSecurityGroupAdminNegativeTest:setUpClass): 201 POST http://10.180.1.21/identity/v3/auth/tokens 0.100s
2025-04-15 19:09:58.112 69618 INFO tempest.lib.common.rest_client [req-09a17abe-cb4c-4993-94bc-415fd2b8bfbc req-09a17abe-cb4c-4993-94bc-415fd2b8bfbc ] Request (FloatingIPsAssociationTestJSON:test_associate_already_associated_floating_ip): 200 GET http://10.180.1.21/compute/v2.1/servers/a86939ca-f0b8-4d90-a421-6324ef9a89f8 1.304s
2025-04-15 19:09:58.150 69654 INFO tempest.lib.common.rest_client [req-fb05b964-cdc9-479b-ad32-3cb226ab680a req-fb05b964-cdc9-479b-ad32-3cb226ab680a ] Request (DeleteServersAdminTestJSON:test_admin_delete_servers_of_others): 200 GET http://10.180.1.21/compute/v2.1/servers/0bf98b57-c7c6-4918-947a-085e96137eee 1.398s
2025-04-15 19:09:58.165 69658 INFO tempest.lib.common.rest_client [req-4c983dbc-0b34-4704-8676-4962ff9c07ce req-4c983dbc-0b34-4704-8676-4962ff9c07ce ] Request (QuotasSecurityGroupAdminNegativeTest:setUpClass): 201 POST http://10.180.1.21/identity/v3/projects 0.088s
2025-04-15 19:09:58.227 69660 INFO tempest.lib.common.rest_client [req-6f5bc206-55dc-4fa9-b24e-3ab318859e54 req-6f5bc206-55dc-4fa9-b24e-3ab318859e54 ] Request (InstanceActionsNegativeTestJSON:tearDownClass): 204 DELETE http://10.180.1.21/compute/v2.1/servers/6543732a-a08b-4822-beb4-d9a2283dcd66 1.375s
2025-04-15 19:09:58.246 69658 INFO tempest.lib.common.rest_client [req-8c83951b-6673-4708-995b-8fd6f4adc735 req-8c83951b-6673-4708-995b-8fd6f4adc735 ] Request (QuotasSecurityGroupAdminNegativeTest:setUpClass): 201 POST http://10.180.1.21/identity/v3/users 0.080s
2025-04-15 19:09:58.274 69658 INFO tempest.lib.common.rest_client [req-aba549ee-8588-4b10-b382-8f09020f6e37 req-aba549ee-8588-4b10-b382-8f09020f6e37 ] Request (QuotasSecurityGroupAdminNegativeTest:setUpClass): 200 GET http://10.180.1.21/identity/v3/roles 0.027s
2025-04-15 19:09:58.291 69614 INFO tempest.lib.common.rest_client [req-31a6eb9f-a23a-4f25-8b76-4bf20f08c28d req-31a6eb9f-a23a-4f25-8b76-4bf20f08c28d ] Request (ServerDiagnosticsNegativeTest:tearDownClass): 200 GET http://10.180.1.21/compute/v2.1/servers/e2ab5657-bcb4-47eb-a487-6a57cf2925c5 1.246s
2025-04-15 19:09:58.301 69664 INFO tempest.lib.common.rest_client [req-f268ffa4-aea6-435d-9427-333ddabb6dee req-f268ffa4-aea6-435d-9427-333ddabb6dee ] Request (ServerDiagnosticsTest:test_get_server_diagnostics): 200 GET http://10.180.1.21/compute/v2.1/servers/663032db-816b-4c17-bc0b-15ea967f4a8e 1.341s
2025-04-15 19:09:58.315 69658 INFO tempest.lib.common.rest_client [req-f51e1bb6-6fd8-4c2b-bc48-3a64a66a9832 req-f51e1bb6-6fd8-4c2b-bc48-3a64a66a9832 ] Request (QuotasSecurityGroupAdminNegativeTest:setUpClass): 204 PUT http://10.180.1.21/identity/v3/projects/72ced092fef04267abab8ae88a901bf0/users/3d16e5b64b3b4e03b14b182375839451/roles/82ab5fb94cce4ea0a1c082f2fcb2e138 0.041s
2025-04-15 19:09:58.351 69666 INFO tempest.lib.common.rest_client [req-ff7bee6d-8735-4b8e-9ddf-1a97aea514bd req-ff7bee6d-8735-4b8e-9ddf-1a97aea514bd ] Request (ServerMetadataNegativeTestJSON:setUpClass): 200 GET http://10.180.1.21/compute/v2.1/servers/702c536d-1471-4b42-b9af-a23fae9347fd 1.248s
2025-04-15 19:09:58.384 69658 INFO tempest.lib.common.rest_client [req-e5b1079a-54fe-4821-af70-026bd7534a29 req-e5b1079a-54fe-4821-af70-026bd7534a29 ] Request (QuotasSecurityGroupAdminNegativeTest:setUpClass): 200 GET http://10.180.1.21/identity/v3/roles 0.068s
2025-04-15 19:09:58.384 69644 INFO tempest.lib.common.rest_client [req-e72f94d6-62a5-4fec-8cf9-ba98138e2a95 req-e72f94d6-62a5-4fec-8cf9-ba98138e2a95 ] Request (ImagesOneServerTestJSON:test_create_delete_image): 200 GET http://10.180.1.21/compute/v2.1/images/ab3b0f94-3d1f-45cf-913f-d177d68005b9 1.249s
2025-04-15 19:09:58.404 69658 INFO tempest.lib.common.rest_client [req-37735b1e-83f7-4ce6-9ae4-103896849f66 req-37735b1e-83f7-4ce6-9ae4-103896849f66 ] Request (QuotasSecurityGroupAdminNegativeTest:setUpClass): 204 PUT http://10.180.1.21/identity/v3/projects/72ced092fef04267abab8ae88a901bf0/users/3d16e5b64b3b4e03b14b182375839451/roles/82ab5fb94cce4ea0a1c082f2fcb2e138 0.019s
2025-04-15 19:09:58.404 69658 INFO tempest.lib.common.dynamic_creds [-] Dynamic test user 3d16e5b64b3b4e03b14b182375839451 is created with scope project and roles: ['admin']
2025-04-15 19:09:58.404 69658 INFO tempest.lib.common.dynamic_creds [-] Acquired dynamic creds: credentials: Credentials: {'domain_id': 'default', 'domain_name': 'Default', 'username': 'tempest-QuotasSecurityGroupAdminNegativeTest-24818992-project-admin', 'project_domain_id': 'default', 'project_domain_name': 'Default', 'project_id': '72ced092fef04267abab8ae88a901bf0', 'project_name': 'tempest-QuotasSecurityGroupAdminNegativeTest-24818992', 'tenant_id': '72ced092fef04267abab8ae88a901bf0', 'tenant_name': 'tempest-QuotasSecurityGroupAdminNegativeTest-24818992', 'user_domain_id': 'default', 'user_domain_name': 'Default', 'user_id': '3d16e5b64b3b4e03b14b182375839451', 'system': None}, Network: None, Subnet: None, Router: None
2025-04-15 19:09:58.404 69658 INFO tempest.lib.common.dynamic_creds [-] Created isolated network resources for: credentials: Credentials: {'domain_id': 'default', 'domain_name': 'Default', 'username': 'tempest-QuotasSecurityGroupAdminNegativeTest-24818992-project-admin', 'project_domain_id': 'default', 'project_domain_name': 'Default', 'project_id': '72ced092fef04267abab8ae88a901bf0', 'project_name': 'tempest-QuotasSecurityGroupAdminNegativeTest-24818992', 'tenant_id': '72ced092fef04267abab8ae88a901bf0', 'tenant_name': 'tempest-QuotasSecurityGroupAdminNegativeTest-24818992', 'user_domain_id': 'default', 'user_domain_name': 'Default', 'user_id': '3d16e5b64b3b4e03b14b182375839451', 'system': None}, Network: None, Subnet: None, Router: None
2025-04-15 19:09:58.478 69650 INFO tempest.lib.common.rest_client [req-de935e1c-93e2-4415-84d0-c42a7b3ce15a req-de935e1c-93e2-4415-84d0-c42a7b3ce15a ] Request (ServerActionsV293TestJSON:setUpClass): 200 GET http://10.180.1.21/volume/v3/volumes/e5ab885b-90ce-413f-8f2f-ee642b97f024 0.027s
2025-04-15 19:09:58.483 69658 INFO tempest.lib.common.rest_client [req-db31568f-68b7-4ed0-a5c0-5584ca0e3d92 req-db31568f-68b7-4ed0-a5c0-5584ca0e3d92 ] Request (QuotasSecurityGroupAdminNegativeTest:setUpClass): 201 POST http://10.180.1.21/identity/v3/auth/tokens 0.076s
2025-04-15 19:09:58.519 69630 INFO tempest.lib.common.rest_client [req-e9fa4e26-f8d3-42c1-b531-22e64afd097b req-e9fa4e26-f8d3-42c1-b531-22e64afd097b ] Request (FloatingIPDetailsTestJSON:test_get_floating_ip_details): 200 GET http://10.180.1.21/compute/v2.1/os-floating-ips/7be2dfb2-3021-4fb6-adaf-18e2a60e4d9d 1.380s
2025-04-15 19:09:58.569 69648 INFO tempest.lib.common.rest_client [req-9caa27e8-4adc-42c9-a33e-c93c30a31b80 req-9caa27e8-4adc-42c9-a33e-c93c30a31b80 ] Request (SecurityGroupsTestJSON:test_list_security_groups_by_server): 200 GET http://10.180.1.21/compute/v2.1/servers/9df3a8ed-6ee2-422e-9242-70ba607aba5c 1.271s
2025-04-15 19:09:58.580 69658 INFO tempest.lib.common.rest_client [req-c4d7dd4d-2c25-49a6-abb1-20d237de869b req-c4d7dd4d-2c25-49a6-abb1-20d237de869b ] Request (QuotasSecurityGroupAdminNegativeTest:tearDownClass): 204 DELETE http://10.180.1.21/identity/v3/users/b144d4c80ffc4d99bc1c7aa33ccb929f 0.094s
2025-04-15 19:09:58.608 69634 INFO tempest.lib.common.rest_client [req-83c99263-8ac6-404e-a4a2-994f2e24970c req-83c99263-8ac6-404e-a4a2-994f2e24970c ] Request (SecurityGroupRulesNegativeTestJSON:test_create_security_group_rule_with_invalid_port_range): 400 POST http://10.180.1.21/compute/v2.1/os-security-group-rules 1.303s
2025-04-15 19:09:58.698 69658 INFO tempest.lib.common.rest_client [req-b6f5ad7f-f2f6-413d-9a92-8646b6d826fa req-b6f5ad7f-f2f6-413d-9a92-8646b6d826fa ] Request (QuotasSecurityGroupAdminNegativeTest:tearDownClass): 204 DELETE http://10.180.1.21/identity/v3/users/3d16e5b64b3b4e03b14b182375839451 0.117s
2025-04-15 19:09:58.698 69658 INFO tempest.lib.common.dynamic_creds [-] Deleting project and security group for project: 03d7006c7d4f4e4d95e96b54a7763bac
2025-04-15 19:09:58.716 69646 INFO tempest.lib.common.rest_client [req-2fbe55de-3875-4508-a643-9c93e1ace72d req-2fbe55de-3875-4508-a643-9c93e1ace72d ] Request (HypervisorAdminNegativeUnderV252Test:test_search_hypervisor_with_non_admin_user): 403 GET http://10.180.1.21/compute/v2.1/os-hypervisors/domain-c8.fc996f14-c53b-4953-92e3-bdfa48f5cc28/search 1.334s
2025-04-15 19:09:58.732 69652 INFO tempest.lib.common.rest_client [req-8ca930d4-297b-47d5-a81d-4f94cda68cbc req-8ca930d4-297b-47d5-a81d-4f94cda68cbc ] Request (FlavorsAdminTestJSON:test_is_public_string_variations): 200 GET http://10.180.1.21/compute/v2.1/flavors/detail?is_public=no 1.337s
2025-04-15 19:09:58.759 69640 INFO tempest.lib.common.rest_client [req-8a8c0962-4d2a-4f93-babb-491b65603244 req-8a8c0962-4d2a-4f93-babb-491b65603244 ] Request (ServerGroup264TestJSON:test_create_get_server_group): 200 GET http://10.180.1.21/compute/v2.1/os-server-groups/e3f1486e-dba0-4122-8bdf-b950d4128bfc 1.344s
2025-04-15 19:09:58.775 69658 INFO tempest.lib.common.rest_client [req-e2689369-91d3-45ac-9395-339087419d57 req-e2689369-91d3-45ac-9395-339087419d57 ] Request (QuotasSecurityGroupAdminNegativeTest:tearDownClass): 201 POST http://10.180.1.21/identity/v3/auth/tokens 0.076s
2025-04-15 19:09:58.783 69608 INFO tempest.lib.common.rest_client [req-be9278cf-15e0-469a-8ded-1380def6cf9a req-be9278cf-15e0-469a-8ded-1380def6cf9a ] Request (ImagesTestJSON:test_create_image_from_stopped_server): 200 GET http://10.180.1.21/compute/v2.1/servers/c2472012-1360-4b78-9672-2f15df185949 1.670s
2025-04-15 19:09:58.784 69622 INFO tempest.lib.common.rest_client [req-5f2f569c-7f28-47dc-9031-cdd19c54b631 req-5f2f569c-7f28-47dc-9031-cdd19c54b631 ] Request (ServersTestBootFromVolume:setUpClass): 200 GET http://10.180.1.21/volume/v3/volumes/82bba397-473a-4f37-bd8f-ed273a6e7dc8 0.043s
2025-04-15 19:09:58.810 69632 INFO tempest.lib.common.rest_client [req-e76ba4e8-ee4a-449e-b6ae-a5a008f8a26d req-e76ba4e8-ee4a-449e-b6ae-a5a008f8a26d ] Request (ServicesAdminNegativeV253TestJSON:test_enable_service_with_invalid_service_id): 404 PUT http://10.180.1.21/compute/v2.1/os-services/f619c19c-cb6d-4614-b54b-502e6a0dba25 1.294s
2025-04-15 19:09:58.848 69642 INFO tempest.lib.common.rest_client [req-15bf7511-46d9-468b-9c97-f28cab9224f2 req-15bf7511-46d9-468b-9c97-f28cab9224f2 ] Request (ServersAdmin275Test:_run_cleanups): 200 GET http://10.180.1.21/compute/v2.1/servers/a742fa58-5053-4845-83eb-96334a38797a 1.428s
2025-04-15 19:09:58.859 69642 INFO tempest.common.waiters [-] State transition "REBUILD/rebuilding" ==> "REBUILD/rebuild_spawning" after 2 second wait
2025-04-15 19:09:58.881 69620 INFO tempest.lib.common.rest_client [req-a461afbd-6ea8-4219-a39c-3c75be2abb75 req-a461afbd-6ea8-4219-a39c-3c75be2abb75 ] Request (TenantUsagesTestJSON:tearDownClass): 200 GET http://10.180.1.21/compute/v2.1/servers/1580682d-7e24-4d7a-aada-5016def6023e 1.121s
2025-04-15 19:09:58.926 69626 INFO tempest.lib.common.rest_client [req-525980ca-7049-4b5d-85fc-d3cea6d6138e req-525980ca-7049-4b5d-85fc-d3cea6d6138e ] Request (VolumesAssistedSnapshotsTest:test_volume_assisted_snapshot_create_delete): 200 GET http://10.180.1.21/compute/v2.1/servers/e0644f3d-ca8f-4411-b54b-e24c33070882 1.072s
2025-04-15 19:09:59.038 69628 INFO tempest.lib.common.rest_client [req-0ce49322-cfdf-4065-b366-cda4ef23f967 req-0ce49322-cfdf-4065-b366-cda4ef23f967 ] Request (AggregatesAdminNegativeTestJSON:_run_cleanups): 200 POST http://10.180.1.21/compute/v2.1/os-aggregates/7/action 1.027s
2025-04-15 19:09:59.079 69658 INFO tempest.lib.common.rest_client [req-3b0aad55-ee0f-4b17-a039-76891d6fa6eb req-3b0aad55-ee0f-4b17-a039-76891d6fa6eb ] Request (QuotasSecurityGroupAdminNegativeTest:tearDownClass): 200 GET http://10.180.1.21:9696/networking/v2.0/security-groups?tenant_id=03d7006c7d4f4e4d95e96b54a7763bac&name=default 0.303s
2025-04-15 19:09:59.106 69636 INFO tempest.lib.common.rest_client [req-ae9b0f32-ad68-412d-9063-aa44783244c3 req-ae9b0f32-ad68-412d-9063-aa44783244c3 ] Request (ImagesOneServerNegativeTestJSON:setUpClass): 200 GET http://10.180.1.21/compute/v2.1/servers/6ab24fb4-7b96-47ad-a951-40a856f07f72 0.725s
2025-04-15 19:09:59.115 69660 INFO tempest.lib.common.rest_client [req-0511d21c-c715-4b56-b9d5-8a763d761727 req-0511d21c-c715-4b56-b9d5-8a763d761727 ] Request (InstanceActionsNegativeTestJSON:tearDownClass): 200 GET http://10.180.1.21/compute/v2.1/servers/6543732a-a08b-4822-beb4-d9a2283dcd66 0.887s
2025-04-15 19:09:59.183 69662 INFO tempest.lib.common.rest_client [req-e9a78c04-70ce-4e04-b271-816b91a0ae6c req-e9a78c04-70ce-4e04-b271-816b91a0ae6c ] Request (ServerDiagnosticsV248Test:test_get_server_diagnostics): 200 GET http://10.180.1.21/compute/v2.1/servers/0b300c8b-226e-4cfc-8a57-78234de65ef0 0.737s
2025-04-15 19:09:59.195 69624 INFO tempest.lib.common.rest_client [req-771737d7-1a5d-4276-9d44-b407c3fef8b6 req-771737d7-1a5d-4276-9d44-b407c3fef8b6 ] Request (MultipleCreateTestJSON:_run_cleanups): 200 GET http://10.180.1.21/compute/v2.1/servers/a7ef9b84-2ee0-4fe8-9109-a6fce72e7e87 0.681s
2025-04-15 19:09:59.197 69662 INFO tempest.common.waiters [-] State transition "BUILD/scheduling" ==> "BUILD/None" after 19 second wait
2025-04-15 19:09:59.207 69658 INFO tempest.lib.common.rest_client [req-560642fd-3edf-4ec7-b5f2-28fb08116daf req-560642fd-3edf-4ec7-b5f2-28fb08116daf ] Request (QuotasSecurityGroupAdminNegativeTest:tearDownClass): 204 DELETE http://10.180.1.21:9696/networking/v2.0/security-groups/4e977089-8e40-410c-a04b-1f6b0c1350d0 0.127s
2025-04-15 19:09:59.269 69610 INFO tempest.lib.common.rest_client [req-6b2e9266-59f7-4258-b4f1-e43754719e1d req-6b2e9266-59f7-4258-b4f1-e43754719e1d ] Request (VolumesAdminNegativeTest:test_update_attached_volume_with_nonexistent_volume_in_body): 200 PUT http://10.180.1.21:9696/networking/v2.0/floatingips/1f7d052f-8816-42e4-aa2a-4aef52c76e6d 1.595s
2025-04-15 19:09:59.270 69610 INFO tempest.lib.common.ssh [-] Creating ssh connection to '10.180.180.129:22' as 'cirros' with public key authentication
2025-04-15 19:09:59.287 69658 INFO tempest.lib.common.rest_client [req-1ccd1200-0fc8-4de0-9494-a66ef11330c4 req-1ccd1200-0fc8-4de0-9494-a66ef11330c4 ] Request (QuotasSecurityGroupAdminNegativeTest:tearDownClass): 204 DELETE http://10.180.1.21/identity/v3/projects/03d7006c7d4f4e4d95e96b54a7763bac 0.080s
2025-04-15 19:09:59.287 69658 INFO tempest.lib.common.dynamic_creds [-] Deleting project and security group for project: 72ced092fef04267abab8ae88a901bf0
2025-04-15 19:09:59.323 69634 INFO tempest.lib.common.rest_client [req-6a2d6b02-7de6-4cb3-b399-5099c2c9b556 req-6a2d6b02-7de6-4cb3-b399-5099c2c9b556 ] Request (SecurityGroupRulesNegativeTestJSON:test_create_security_group_rule_with_invalid_to_port): 200 POST http://10.180.1.21/compute/v2.1/os-security-groups 0.713s
2025-04-15 19:09:59.340 69646 INFO tempest.lib.common.rest_client [req-8a95440a-184c-48f4-89df-989ba3cf3cf5 req-8a95440a-184c-48f4-89df-989ba3cf3cf5 ] Request (HypervisorAdminNegativeUnderV252Test:test_search_nonexistent_hypervisor): 404 GET http://10.180.1.21/compute/v2.1/os-hypervisors/nonexistent_hypervisor_name/search 0.623s
2025-04-15 19:09:59.356 69652 INFO tempest.lib.common.rest_client [req-2ed9f4fb-1599-46f7-af8f-8edfe6f2f095 req-2ed9f4fb-1599-46f7-af8f-8edfe6f2f095 ] Request (FlavorsAdminTestJSON:test_is_public_string_variations): 200 GET http://10.180.1.21/compute/v2.1/flavors/detail?is_public=0 0.621s
2025-04-15 19:09:59.383 69640 INFO tempest.lib.common.rest_client [req-954f39a0-9279-4c5c-a58f-f0378f22f8bd req-954f39a0-9279-4c5c-a58f-f0378f22f8bd ] Request (ServerGroup264TestJSON:_run_cleanups): 204 DELETE http://10.180.1.21/compute/v2.1/os-server-groups/e3f1486e-dba0-4122-8bdf-b950d4128bfc 0.620s
2025-04-15 19:09:59.495 69638 INFO tempest.lib.common.rest_client [req-c5314d4b-1a30-449d-b14f-718604a7a27b req-c5314d4b-1a30-449d-b14f-718604a7a27b ] Request (MigrationsAdminTest:test_list_migrations_in_flavor_resize_situation): 200 GET http://10.180.1.21/compute/v2.1/servers/19b297d9-f3a5-4ebb-8964-815cd27c5fe9 0.711s
2025-04-15 19:09:59.516 69650 INFO tempest.lib.common.rest_client [req-a89fa3d0-75a3-4bda-ad8a-d760fa7844c2 req-a89fa3d0-75a3-4bda-ad8a-d760fa7844c2 ] Request (ServerActionsV293TestJSON:setUpClass): 200 GET http://10.180.1.21/volume/v3/volumes/e5ab885b-90ce-413f-8f2f-ee642b97f024 0.030s
2025-04-15 19:09:59.548 69616 INFO tempest.lib.common.rest_client [req-43304a3e-e3c0-4bfd-8f0b-fc82a748ce47 req-43304a3e-e3c0-4bfd-8f0b-fc82a748ce47 ] Request (ServersWithSpecificFlavorTestJSON:test_verify_created_server_ephemeral_disk): 200 GET http://10.180.1.21/compute/v2.1/servers/7adab229-dc33-44c0-bfe5-8ae48d438f41 0.760s
2025-04-15 19:09:59.573 69632 INFO tempest.lib.common.rest_client [req-bdbf16af-44d0-4aa8-823f-103e0c713778 req-bdbf16af-44d0-4aa8-823f-103e0c713778 ] Request (ServicesAdminNegativeV253TestJSON:test_get_service_by_invalid_params): 200 GET http://10.180.1.21/compute/v2.1/os-services 0.762s
2025-04-15 19:09:59.577 69658 INFO tempest.lib.common.rest_client [req-8322433a-1733-48c0-9837-fc61ad64bfff req-8322433a-1733-48c0-9837-fc61ad64bfff ] Request (QuotasSecurityGroupAdminNegativeTest:tearDownClass): 200 GET http://10.180.1.21:9696/networking/v2.0/security-groups?tenant_id=72ced092fef04267abab8ae88a901bf0&name=default 0.289s
2025-04-15 19:09:59.674 69656 INFO tempest.lib.common.rest_client [req-4059e34f-e2fe-4da9-80d6-b1e70da78647 req-4059e34f-e2fe-4da9-80d6-b1e70da78647 ] Request (ListServerFiltersTestJSON:setUpClass): 200 GET http://10.180.1.21/compute/v2.1/servers/029595d0-bfcd-4785-8ce6-771cd77f8a7c 0.746s
2025-04-15 19:09:59.685 69658 INFO tempest.lib.common.rest_client [req-3f90cee6-194b-4645-bfd0-24917297d8ad req-3f90cee6-194b-4645-bfd0-24917297d8ad ] Request (QuotasSecurityGroupAdminNegativeTest:tearDownClass): 204 DELETE http://10.180.1.21:9696/networking/v2.0/security-groups/6900ee2b-3773-4694-a858-077c2950686c 0.107s
2025-04-15 19:09:59.760 69612 INFO tempest.lib.common.rest_client [req-3565a243-c896-4fd3-bf45-2465c968249a req-3565a243-c896-4fd3-bf45-2465c968249a ] Request (SecurityGroupRulesTestJSON:tearDownClass): 200 PUT http://10.180.1.21:9696/networking/v2.0/routers/826e8c57-d8c2-4072-8e96-f3646af8a9b4/remove_router_interface 2.175s
2025-04-15 19:09:59.792 69606 INFO tempest.lib.common.rest_client [req-01d52728-f0e2-4729-b603-920cad093a28 req-01d52728-f0e2-4729-b603-920cad093a28 ] Request (DeleteServersTestJSON:test_delete_active_server): 200 GET http://10.180.1.21/compute/v2.1/servers/ceb486ef-93f1-4706-a14e-6b72bf807ba6 0.782s
2025-04-15 19:09:59.799 69606 INFO tempest.common.waiters [-] State transition "BUILD/block_device_mapping" ==> "BUILD/spawning" after 28 second wait
2025-04-15 19:09:59.819 69658 INFO tempest.lib.common.rest_client [req-f89116bc-6945-4bba-991d-ab825dd5991c req-f89116bc-6945-4bba-991d-ab825dd5991c ] Request (QuotasSecurityGroupAdminNegativeTest:tearDownClass): 204 DELETE http://10.180.1.21/identity/v3/projects/72ced092fef04267abab8ae88a901bf0 0.133s
2025-04-15 19:09:59.820 69628 INFO tempest.lib.common.rest_client [req-385c42f1-81fc-4281-a42f-d2309aa3c746 req-385c42f1-81fc-4281-a42f-d2309aa3c746 ] Request (AggregatesAdminNegativeTestJSON:_run_cleanups): 200 DELETE http://10.180.1.21/compute/v2.1/os-aggregates/7 0.780s
2025-04-15 19:09:59.833 69630 INFO tempest.lib.common.rest_client [req-43396030-8552-47ce-9825-56ac9f4c5b7a req-43396030-8552-47ce-9825-56ac9f4c5b7a ] Request (FloatingIPDetailsTestJSON:_run_cleanups): 202 DELETE http://10.180.1.21/compute/v2.1/os-floating-ips/7be2dfb2-3021-4fb6-adaf-18e2a60e4d9d 1.311s
2025-04-15 19:09:59.839 69622 INFO tempest.lib.common.rest_client [req-23c99700-cd2e-4d06-a58b-43f829f7c7b0 req-23c99700-cd2e-4d06-a58b-43f829f7c7b0 ] Request (ServersTestBootFromVolume:setUpClass): 200 GET http://10.180.1.21/volume/v3/volumes/82bba397-473a-4f37-bd8f-ed273a6e7dc8 0.043s
2025-04-15 19:09:59.902 69668 INFO tempest.lib.common.rest_client [req-f401ebf7-2237-40bb-af31-2798b9ca3e5a req-f401ebf7-2237-40bb-af31-2798b9ca3e5a ] Request (ServerExternalEventsTest:test_create_server_external_events): 200 GET http://10.180.1.21/compute/v2.1/servers/bf355bcc-9f08-47d9-add7-d5c794770eaa 0.862s
2025-04-15 19:09:59.903 69618 INFO tempest.lib.common.rest_client [req-85262c67-41fa-408f-80eb-371a6ec787fd req-85262c67-41fa-408f-80eb-371a6ec787fd ] Request (FloatingIPsAssociationTestJSON:test_associate_already_associated_floating_ip): 200 GET http://10.180.1.21/compute/v2.1/servers/a86939ca-f0b8-4d90-a421-6324ef9a89f8 0.775s
2025-04-15 19:09:59.935 69658 INFO tempest.lib.common.rest_client [req-ea5facde-035d-45a3-aaa9-c034d6f6f511 req-ea5facde-035d-45a3-aaa9-c034d6f6f511 ] Request (FloatingIPsAssociationNegativeTestJSON:setUpClass): 201 POST http://10.180.1.21/identity/v3/auth/tokens 0.112s
2025-04-15 19:09:59.973 69658 INFO tempest.lib.common.rest_client [req-1012baa8-5ed6-454b-a7e1-371cf234b1c6 req-1012baa8-5ed6-454b-a7e1-371cf234b1c6 ] Request (FloatingIPsAssociationNegativeTestJSON:setUpClass): 201 POST http://10.180.1.21/identity/v3/auth/tokens 0.035s
2025-04-15 19:09:59.982 69654 INFO tempest.lib.common.rest_client [req-cd2ffcfd-01c0-4e9f-874f-c95483afc831 req-cd2ffcfd-01c0-4e9f-874f-c95483afc831 ] Request (DeleteServersAdminTestJSON:test_admin_delete_servers_of_others): 200 GET http://10.180.1.21/compute/v2.1/servers/0bf98b57-c7c6-4918-947a-085e96137eee 0.817s
2025-04-15 19:09:59.990 69614 INFO tempest.lib.common.rest_client [req-224a3d35-84d5-4114-aec7-227a8f2a7418 req-224a3d35-84d5-4114-aec7-227a8f2a7418 ] Request (ServerDiagnosticsNegativeTest:tearDownClass): 200 GET http://10.180.1.21/compute/v2.1/servers/e2ab5657-bcb4-47eb-a487-6a57cf2925c5 0.691s
2025-04-15 19:10:00.003 69658 INFO tempest.lib.common.rest_client [req-527799ba-4bdf-46f4-9327-c9ef241bfc82 req-527799ba-4bdf-46f4-9327-c9ef241bfc82 ] Request (FloatingIPsAssociationNegativeTestJSON:setUpClass): 200 GET http://10.180.1.21/identity/v3/domains?name=Default 0.029s
2025-04-15 19:10:00.033 69658 INFO tempest.lib.common.rest_client [req-08985a78-518f-476a-a44a-918fa193b385 req-08985a78-518f-476a-a44a-918fa193b385 ] Request (FloatingIPsAssociationNegativeTestJSON:setUpClass): 201 POST http://10.180.1.21/identity/v3/projects 0.029s
2025-04-15 19:10:00.055 69634 INFO tempest.lib.common.rest_client [req-3d1cff8e-8344-4cf5-9220-91268683536c req-3d1cff8e-8344-4cf5-9220-91268683536c ] Request (SecurityGroupRulesNegativeTestJSON:test_create_security_group_rule_with_invalid_to_port): 400 POST http://10.180.1.21/compute/v2.1/os-security-group-rules 0.729s
2025-04-15 19:10:00.062 69664 INFO tempest.lib.common.rest_client [req-496d5de1-da48-4e3e-8e07-bb8b6a73f525 req-496d5de1-da48-4e3e-8e07-bb8b6a73f525 ] Request (ServerDiagnosticsTest:test_get_server_diagnostics): 200 GET http://10.180.1.21/compute/v2.1/servers/663032db-816b-4c17-bc0b-15ea967f4a8e 0.749s
2025-04-15 19:10:00.086 69646 INFO tempest.lib.common.rest_client [req-cf5a618e-4e89-4400-be1d-bfc8ce6b0eb7 req-cf5a618e-4e89-4400-be1d-bfc8ce6b0eb7 ] Request (HypervisorAdminNegativeUnderV252Test:test_show_servers_with_non_admin_user): 200 GET http://10.180.1.21/compute/v2.1/os-hypervisors 0.745s
2025-04-15 19:10:00.098 69658 INFO tempest.lib.common.rest_client [req-7b2997af-9a3e-4741-a004-ff8ca3a8d4be req-7b2997af-9a3e-4741-a004-ff8ca3a8d4be ] Request (FloatingIPsAssociationNegativeTestJSON:setUpClass): 201 POST http://10.180.1.21/identity/v3/users 0.065s
2025-04-15 19:10:00.119 69652 INFO tempest.lib.common.rest_client [req-ee4f8f16-f5d9-4b95-bdda-39857bfe2abf req-ee4f8f16-f5d9-4b95-bdda-39857bfe2abf ] Request (FlavorsAdminTestJSON:test_is_public_string_variations): 200 GET http://10.180.1.21/compute/v2.1/flavors/detail?is_public=t 0.760s
2025-04-15 19:10:00.134 69666 INFO tempest.lib.common.rest_client [req-e2d4f353-bb21-4767-a955-c550a706e193 req-e2d4f353-bb21-4767-a955-c550a706e193 ] Request (ServerMetadataNegativeTestJSON:setUpClass): 200 GET http://10.180.1.21/compute/v2.1/servers/702c536d-1471-4b42-b9af-a23fae9347fd 0.774s
2025-04-15 19:10:00.142 69658 INFO tempest.lib.common.rest_client [req-1d10715a-69d8-4f97-94b6-d944ff4ce90d req-1d10715a-69d8-4f97-94b6-d944ff4ce90d ] Request (FloatingIPsAssociationNegativeTestJSON:setUpClass): 200 GET http://10.180.1.21/identity/v3/roles 0.040s
2025-04-15 19:10:00.149 69640 INFO tempest.lib.common.rest_client [req-171e26e3-b322-4ba2-bf41-3db12cb5991f req-171e26e3-b322-4ba2-bf41-3db12cb5991f ] Request (ServerGroup264TestJSON:tearDownClass): 404 DELETE http://10.180.1.21/compute/v2.1/os-server-groups/e3f1486e-dba0-4122-8bdf-b950d4128bfc 0.760s
2025-04-15 19:10:00.171 69632 INFO tempest.lib.common.rest_client [req-26df8497-267f-4bd9-8845-35fe9d2ac56e req-26df8497-267f-4bd9-8845-35fe9d2ac56e ] Request (ServicesAdminNegativeV253TestJSON:test_get_service_by_invalid_params): 200 GET http://10.180.1.21/compute/v2.1/os-services?xxx=nova-compute 0.595s
2025-04-15 19:10:00.188 69658 INFO tempest.lib.common.rest_client [req-7ba29228-6d5c-455c-9661-c621868a58b5 req-7ba29228-6d5c-455c-9661-c621868a58b5 ] Request (FloatingIPsAssociationNegativeTestJSON:setUpClass): 204 PUT http://10.180.1.21/identity/v3/projects/148a71b65b4d423a9777eec9440eda86/users/943b478f67a74b08bdf6976dbc1d1c2a/roles/6751ed7cd5394ed999f3574211baa109 0.045s
2025-04-15 19:10:00.188 69644 INFO tempest.lib.common.rest_client [req-d90aff16-424e-44b9-88de-cb3f3080628a req-d90aff16-424e-44b9-88de-cb3f3080628a ] Request (ImagesOneServerTestJSON:test_create_delete_image): 200 GET http://10.180.1.21/compute/v2.1/images/ab3b0f94-3d1f-45cf-913f-d177d68005b9 0.793s
2025-04-15 19:10:00.188 69658 INFO tempest.lib.common.dynamic_creds [-] Dynamic test user 943b478f67a74b08bdf6976dbc1d1c2a is created with scope project and roles: ['member']
2025-04-15 19:10:00.189 69658 INFO tempest.lib.common.dynamic_creds [-] Acquired dynamic creds: credentials: Credentials: {'domain_id': 'default', 'domain_name': 'Default', 'username': 'tempest-FloatingIPsAssociationNegativeTestJSON-1190417830-project-member', 'project_domain_id': 'default', 'project_domain_name': 'Default', 'project_id': '148a71b65b4d423a9777eec9440eda86', 'project_name': 'tempest-FloatingIPsAssociationNegativeTestJSON-1190417830', 'tenant_id': '148a71b65b4d423a9777eec9440eda86', 'tenant_name': 'tempest-FloatingIPsAssociationNegativeTestJSON-1190417830', 'user_domain_id': 'default', 'user_domain_name': 'Default', 'user_id': '943b478f67a74b08bdf6976dbc1d1c2a', 'system': None}, Network: None, Subnet: None, Router: None
2025-04-15 19:10:00.256 69648 INFO tempest.lib.common.rest_client [req-b02f2eb1-31b6-4211-be53-0d50ea55d01b req-b02f2eb1-31b6-4211-be53-0d50ea55d01b ] Request (SecurityGroupsTestJSON:test_list_security_groups_by_server): 200 GET http://10.180.1.21/compute/v2.1/servers/9df3a8ed-6ee2-422e-9242-70ba607aba5c 0.675s
2025-04-15 19:10:00.270 69612 INFO tempest.lib.common.rest_client [req-8d038388-5d00-420c-b0c6-3fa458f57bf1 req-8d038388-5d00-420c-b0c6-3fa458f57bf1 ] Request (SecurityGroupRulesTestJSON:tearDownClass): 204 DELETE http://10.180.1.21:9696/networking/v2.0/routers/826e8c57-d8c2-4072-8e96-f3646af8a9b4 0.508s
2025-04-15 19:10:00.280 69658 INFO tempest.lib.common.rest_client [req-3c8f96c0-dfcd-43d7-b695-4d2cfef9df72 req-3c8f96c0-dfcd-43d7-b695-4d2cfef9df72 ] Request (FloatingIPsAssociationNegativeTestJSON:setUpClass): 201 POST http://10.180.1.21/identity/v3/auth/tokens 0.091s
2025-04-15 19:10:00.307 69628 INFO tempest.lib.common.rest_client [req-83be1290-ff76-48f4-ba55-05eb3bad6782 req-83be1290-ff76-48f4-ba55-05eb3bad6782 ] Request (AggregatesAdminNegativeTestJSON:test_aggregate_remove_nonexistent_host): 200 POST http://10.180.1.21/compute/v2.1/os-aggregates 0.485s
2025-04-15 19:10:00.458 69608 INFO tempest.lib.common.rest_client [req-37969a0d-dd19-4390-86fe-f719b132f2fa req-37969a0d-dd19-4390-86fe-f719b132f2fa ] Request (ImagesTestJSON:test_create_image_from_stopped_server): 200 GET http://10.180.1.21/compute/v2.1/servers/c2472012-1360-4b78-9672-2f15df185949 0.664s
2025-04-15 19:10:00.471 69612 INFO tempest.lib.common.rest_client [req-eb81fcd5-c428-49f7-ada1-1ab8fcc40e8f req-eb81fcd5-c428-49f7-ada1-1ab8fcc40e8f ] Request (SecurityGroupRulesTestJSON:tearDownClass): 204 DELETE http://10.180.1.21:9696/networking/v2.0/subnets/9aaf79fd-c272-47e5-aca4-414663748795 0.201s
2025-04-15 19:10:00.539 69642 INFO tempest.lib.common.rest_client [req-76911b57-db25-4066-b322-487182e078a4 req-76911b57-db25-4066-b322-487182e078a4 ] Request (ServersAdmin275Test:_run_cleanups): 200 GET http://10.180.1.21/compute/v2.1/servers/a742fa58-5053-4845-83eb-96334a38797a 0.679s
2025-04-15 19:10:00.557 69650 INFO tempest.lib.common.rest_client [req-752a0977-ae37-4785-804e-6b080e78e0f4 req-752a0977-ae37-4785-804e-6b080e78e0f4 ] Request (ServerActionsV293TestJSON:setUpClass): 200 GET http://10.180.1.21/volume/v3/volumes/e5ab885b-90ce-413f-8f2f-ee642b97f024 0.032s
2025-04-15 19:10:00.564 69650 INFO tempest.common.waiters [-] volume e5ab885b-90ce-413f-8f2f-ee642b97f024 reached available after waiting for 21.564898 seconds
2025-04-15 19:10:00.597 69620 INFO tempest.lib.common.rest_client [req-55208d15-31a5-4817-9a3f-a3f7e9b6f85c req-55208d15-31a5-4817-9a3f-a3f7e9b6f85c ] Request (TenantUsagesTestJSON:tearDownClass): 200 GET http://10.180.1.21/compute/v2.1/servers/1580682d-7e24-4d7a-aada-5016def6023e 0.706s
2025-04-15 19:10:00.603 69620 INFO tempest.common.waiters [-] State transition "ACTIVE/deleting" ==> "DELETED/None" after 4 second wait
2025-04-15 19:10:00.649 69626 INFO tempest.lib.common.rest_client [req-849ee07d-23a0-4134-91f8-2cec3aa23e0d req-849ee07d-23a0-4134-91f8-2cec3aa23e0d ] Request (VolumesAssistedSnapshotsTest:test_volume_assisted_snapshot_create_delete): 200 GET http://10.180.1.21/compute/v2.1/servers/e0644f3d-ca8f-4411-b54b-e24c33070882 0.716s
2025-04-15 19:10:00.712 69634 INFO tempest.lib.common.rest_client [req-e1a76dc0-4550-4346-ab87-f3c3b2eb300c req-e1a76dc0-4550-4346-ab87-f3c3b2eb300c ] Request (SecurityGroupRulesNegativeTestJSON:test_create_security_group_rule_with_non_existent_id): 404 POST http://10.180.1.21/compute/v2.1/os-security-group-rules 0.654s
2025-04-15 19:10:00.718 69646 INFO tempest.lib.common.rest_client [req-976948fe-6e5f-42dc-a2ef-c8a101f13125 req-976948fe-6e5f-42dc-a2ef-c8a101f13125 ] Request (HypervisorAdminNegativeUnderV252Test:test_show_servers_with_non_admin_user): 403 GET http://10.180.1.21/compute/v2.1/os-hypervisors/1/servers 0.630s
2025-04-15 19:10:00.750 69630 INFO tempest.lib.common.rest_client [req-68123520-a21c-4156-b26d-7c94a33830d9 req-68123520-a21c-4156-b26d-7c94a33830d9 ] Request (FloatingIPDetailsTestJSON:test_list_floating_ips): 200 GET http://10.180.1.21/compute/v2.1/os-floating-ips 0.915s
2025-04-15 19:10:00.787 69636 INFO tempest.lib.common.rest_client [req-69f5804c-0558-44d6-8713-6ff3b3333e24 req-69f5804c-0558-44d6-8713-6ff3b3333e24 ] Request (ImagesOneServerNegativeTestJSON:setUpClass): 200 GET http://10.180.1.21/compute/v2.1/servers/6ab24fb4-7b96-47ad-a951-40a856f07f72 0.671s
2025-04-15 19:10:00.825 69652 INFO tempest.lib.common.rest_client [req-81d7d60f-2fa6-4dca-9ac4-60dab6088242 req-81d7d60f-2fa6-4dca-9ac4-60dab6088242 ] Request (FlavorsAdminTestJSON:test_is_public_string_variations): 200 GET http://10.180.1.21/compute/v2.1/flavors/detail?is_public=true 0.697s
2025-04-15 19:10:00.849 69632 INFO tempest.lib.common.rest_client [req-27d62d65-7c94-4094-96ff-1f3033338309 req-27d62d65-7c94-4094-96ff-1f3033338309 ] Request (ServicesAdminNegativeV253TestJSON:test_get_service_by_invalid_service_and_valid_host): 200 GET http://10.180.1.21/compute/v2.1/os-services 0.670s
2025-04-15 19:10:00.891 69622 INFO tempest.lib.common.rest_client [req-9280adb0-bbee-4958-b865-cdeb967a3d2e req-9280adb0-bbee-4958-b865-cdeb967a3d2e ] Request (ServersTestBootFromVolume:setUpClass): 200 GET http://10.180.1.21/volume/v3/volumes/82bba397-473a-4f37-bd8f-ed273a6e7dc8 0.037s
2025-04-15 19:10:00.899 69644 INFO tempest.lib.common.rest_client [req-9d2a9bc9-8380-47b6-a86f-0a3ff7309538 req-9d2a9bc9-8380-47b6-a86f-0a3ff7309538 ] Request (ImagesOneServerTestJSON:test_create_delete_image): 200 GET http://10.180.1.21/compute/v2.1/images/ab3b0f94-3d1f-45cf-913f-d177d68005b9 0.706s
2025-04-15 19:10:00.973 69662 INFO tempest.lib.common.rest_client [req-dae5552a-cef6-4df1-98cc-82bff8cdb9b1 req-dae5552a-cef6-4df1-98cc-82bff8cdb9b1 ] Request (ServerDiagnosticsV248Test:test_get_server_diagnostics): 200 GET http://10.180.1.21/compute/v2.1/servers/0b300c8b-226e-4cfc-8a57-78234de65ef0 0.774s
2025-04-15 19:10:01.038 69624 INFO tempest.lib.common.rest_client [req-35f6a755-4897-4dbe-b0b1-f5870cbcd09e req-35f6a755-4897-4dbe-b0b1-f5870cbcd09e ] Request (MultipleCreateTestJSON:_run_cleanups): 200 GET http://10.180.1.21/compute/v2.1/servers/a7ef9b84-2ee0-4fe8-9109-a6fce72e7e87 0.835s
2025-04-15 19:10:01.066 69628 INFO tempest.lib.common.rest_client [req-9c2df038-43d1-4afd-8002-067245f25ca2 req-9c2df038-43d1-4afd-8002-067245f25ca2 ] Request (AggregatesAdminNegativeTestJSON:test_aggregate_remove_nonexistent_host): 404 POST http://10.180.1.21/compute/v2.1/os-aggregates/8/action 0.754s
2025-04-15 19:10:01.125 69660 INFO tempest.lib.common.rest_client [req-1ec71163-9c85-4ef0-8ea3-747b58204398 req-1ec71163-9c85-4ef0-8ea3-747b58204398 ] Request (InstanceActionsNegativeTestJSON:tearDownClass): 200 GET http://10.180.1.21/compute/v2.1/servers/6543732a-a08b-4822-beb4-d9a2283dcd66 0.999s
2025-04-15 19:10:01.206 69638 INFO tempest.lib.common.rest_client [req-ab792cc5-c9e3-486c-bceb-5f2dcf6640ef req-ab792cc5-c9e3-486c-bceb-5f2dcf6640ef ] Request (MigrationsAdminTest:test_list_migrations_in_flavor_resize_situation): 200 GET http://10.180.1.21/compute/v2.1/servers/19b297d9-f3a5-4ebb-8964-815cd27c5fe9 0.703s
2025-04-15 19:10:01.228 69616 INFO tempest.lib.common.rest_client [req-d5b5fb2e-9fe5-40e5-a028-10366a453222 req-d5b5fb2e-9fe5-40e5-a028-10366a453222 ] Request (ServersWithSpecificFlavorTestJSON:test_verify_created_server_ephemeral_disk): 200 GET http://10.180.1.21/compute/v2.1/servers/7adab229-dc33-44c0-bfe5-8ae48d438f41 0.664s
2025-04-15 19:10:01.256 69658 INFO tempest.lib.common.rest_client [req-170afe40-02cc-444d-b8c9-791ce66ef5e7 req-170afe40-02cc-444d-b8c9-791ce66ef5e7 ] Request (FloatingIPsAssociationNegativeTestJSON:setUpClass): 201 POST http://10.180.1.21:9696/networking/v2.0/networks 0.976s
2025-04-15 19:10:01.307 69656 INFO tempest.lib.common.rest_client [req-acc29f4c-3a04-4ad5-aecd-086174b29402 req-acc29f4c-3a04-4ad5-aecd-086174b29402 ] Request (ListServerFiltersTestJSON:setUpClass): 200 GET http://10.180.1.21/compute/v2.1/servers/029595d0-bfcd-4785-8ce6-771cd77f8a7c 0.625s
2025-04-15 19:10:01.348 69634 INFO tempest.lib.common.rest_client [req-b1f612f6-f6c9-4d6a-8cfa-e7e98331b413 req-b1f612f6-f6c9-4d6a-8cfa-e7e98331b413 ] Request (SecurityGroupRulesNegativeTestJSON:test_delete_security_group_rule_with_non_existent_id): 404 DELETE http://10.180.1.21/compute/v2.1/os-security-group-rules/47d64fa8-8843-4926-950d-688067f0eba2 0.634s
2025-04-15 19:10:01.358 69646 INFO tempest.lib.common.rest_client [req-05f07b9e-5e03-46b1-ad7f-b99fdaae8a65 req-05f07b9e-5e03-46b1-ad7f-b99fdaae8a65 ] Request (HypervisorAdminNegativeUnderV252Test:test_show_servers_with_nonexistent_hypervisor): 404 GET http://10.180.1.21/compute/v2.1/os-hypervisors/1cb5dd2e-2808-46fe-9cc4-f0c03d0a6dd2/servers 0.639s
2025-04-15 19:10:01.461 69646 INFO tempest.lib.common.rest_client [req-6fa7a85b-568a-4f9c-999c-925313c183a2 req-6fa7a85b-568a-4f9c-999c-925313c183a2 ] Request (HypervisorAdminNegativeUnderV252Test:tearDownClass): 204 DELETE http://10.180.1.21/identity/v3/users/e0441ca53d0b46cea33e1ff80e5bd441 0.099s
2025-04-15 19:10:01.492 69612 INFO tempest.lib.common.rest_client [req-760881f5-290c-4b36-9c75-cdd9fe2edc45 req-760881f5-290c-4b36-9c75-cdd9fe2edc45 ] Request (SecurityGroupRulesTestJSON:tearDownClass): 204 DELETE http://10.180.1.21:9696/networking/v2.0/networks/54c58294-8b3d-4db9-b444-ec3eb49cb8f7 1.019s
2025-04-15 19:10:01.578 69646 INFO tempest.lib.common.rest_client [req-2f71b750-e2a0-4d85-b9e6-d56d6a33f0b5 req-2f71b750-e2a0-4d85-b9e6-d56d6a33f0b5 ] Request (HypervisorAdminNegativeUnderV252Test:tearDownClass): 204 DELETE http://10.180.1.21/identity/v3/users/fc31ee701574417db712f610bbf05565 0.117s
2025-04-15 19:10:01.581 69646 INFO tempest.lib.common.dynamic_creds [-] Deleting project and security group for project: 37a251ceaa754113be424ad3090a4bf2
2025-04-15 19:10:01.618 69612 INFO tempest.lib.common.rest_client [req-06151bf4-9e0c-471c-8b83-4c24e9d93f69 req-06151bf4-9e0c-471c-8b83-4c24e9d93f69 ] Request (SecurityGroupRulesTestJSON:tearDownClass): 204 DELETE http://10.180.1.21/identity/v3/users/3057f267088044979aec3b69bdd63797 0.126s
2025-04-15 19:10:01.618 69612 INFO tempest.lib.common.dynamic_creds [-] Deleting project and security group for project: e0c0791f07084bd88bc37af8197d0311
2025-04-15 19:10:01.648 69646 INFO tempest.lib.common.rest_client [req-2c4cb49a-b83b-4ea1-b951-7ecbd0670810 req-2c4cb49a-b83b-4ea1-b951-7ecbd0670810 ] Request (HypervisorAdminNegativeUnderV252Test:tearDownClass): 201 POST http://10.180.1.21/identity/v3/auth/tokens 0.066s
2025-04-15 19:10:01.705 69612 INFO tempest.lib.common.rest_client [req-68eebf87-328b-43c8-b7f2-fc3877fd79e0 req-68eebf87-328b-43c8-b7f2-fc3877fd79e0 ] Request (SecurityGroupRulesTestJSON:tearDownClass): 200 GET http://10.180.1.21:9696/networking/v2.0/security-groups?tenant_id=e0c0791f07084bd88bc37af8197d0311&name=default 0.086s
2025-04-15 19:10:01.822 69658 INFO tempest.lib.common.rest_client [req-2dd6e671-8472-45ad-8881-4dfe87393d8d req-2dd6e671-8472-45ad-8881-4dfe87393d8d ] Request (FloatingIPsAssociationNegativeTestJSON:setUpClass): 201 POST http://10.180.1.21:9696/networking/v2.0/subnets 0.565s
2025-04-15 19:10:01.947 69622 INFO tempest.lib.common.rest_client [req-9906e042-c5e7-420e-acf0-3f0c0c7bde82 req-9906e042-c5e7-420e-acf0-3f0c0c7bde82 ] Request (ServersTestBootFromVolume:setUpClass): 200 GET http://10.180.1.21/volume/v3/volumes/82bba397-473a-4f37-bd8f-ed273a6e7dc8 0.037s
2025-04-15 19:10:01.971 69612 INFO tempest.lib.common.rest_client [req-6d46b061-42ea-4898-9cf0-38e2b237c11b req-6d46b061-42ea-4898-9cf0-38e2b237c11b ] Request (SecurityGroupRulesTestJSON:tearDownClass): 204 DELETE http://10.180.1.21:9696/networking/v2.0/security-groups/fadaca6f-5f3f-4aa5-be01-fbd1b8ebe278 0.266s
2025-04-15 19:10:02.073 69612 INFO tempest.lib.common.rest_client [req-d2dedb59-5d70-44f0-9502-dbc0158c5210 req-d2dedb59-5d70-44f0-9502-dbc0158c5210 ] Request (SecurityGroupRulesTestJSON:tearDownClass): 204 DELETE http://10.180.1.21/identity/v3/projects/e0c0791f07084bd88bc37af8197d0311 0.101s
