2025-04-15 19:09:27.804 69622 INFO tempest.lib.common.rest_client [req-49839a99-7e34-491a-968a-676cef3ef293 req-49839a99-7e34-491a-968a-676cef3ef293 ] Request (ServicesAdminNegativeTestJSON:tearDownClass): 200 GET http://10.180.1.21:9696/networking/v2.0/security-groups?tenant_id=35abecdf75e448869e15c5facffa8b71&name=default 0.174s
2025-04-15 19:09:27.873 69640 INFO tempest.lib.common.rest_client [req-d66116fd-797e-4a4e-abbe-43beeb6709a9 req-d66116fd-797e-4a4e-abbe-43beeb6709a9 ] Request (QuotasAdminNegativeTest:test_create_server_when_instances_quota_is_full): 403 POST http://10.180.1.21/compute/v2.1/servers 3.376s
2025-04-15 19:09:27.888 69650 INFO tempest.lib.common.rest_client [req-cd1c47dd-6c68-4a38-a0c9-b32d2d7e78ea req-cd1c47dd-6c68-4a38-a0c9-b32d2d7e78ea ] Request (ListImagesTestJSON:test_get_image): 200 GET http://10.180.1.21/compute/v2.1/images/40cd7472-910a-447e-9f08-79d870d364ea 3.287s
2025-04-15 19:09:27.899 69664 INFO tempest.lib.common.rest_client [req-f8610741-63fb-4448-b2e7-a9a852dfef5e req-f8610741-63fb-4448-b2e7-a9a852dfef5e ] Request (HypervisorAdminV253TestBase:setUpClass): 201 POST http://10.180.1.21/identity/v3/auth/tokens 0.089s
2025-04-15 19:09:27.901 69666 INFO tempest.lib.common.rest_client [req-d102776c-b57c-460a-a9b9-363316690e47 req-d102776c-b57c-460a-a9b9-363316690e47 ] Request (KeyPairsV2TestJSON:test_get_keypair_detail): 200 GET http://10.180.1.21/compute/v2.1/os-keypairs/tempest-keypair-110148301 3.245s
2025-04-15 19:09:27.931 69664 INFO tempest.lib.common.rest_client [req-5d101348-2de4-4b76-9bfd-10111d526678 req-5d101348-2de4-4b76-9bfd-10111d526678 ] Request (HypervisorAdminV253TestBase:setUpClass): 201 POST http://10.180.1.21/identity/v3/projects 0.031s
2025-04-15 19:09:27.940 69656 INFO tempest.lib.common.rest_client [req-6b708b53-7dce-4746-9064-ffbb7e0fa689 req-6b708b53-7dce-4746-9064-ffbb7e0fa689 ] Request (QuotasAdminTestV236:tearDownClass): 204 DELETE http://10.180.1.21/identity/v3/projects/ff522c5af9584c86886b4fd7e241a585 0.160s
2025-04-15 19:09:27.968 69620 INFO tempest.lib.common.rest_client [req-9e64f0a0-d0fb-47ba-8321-b4177bdc0db2 req-9e64f0a0-d0fb-47ba-8321-b4177bdc0db2 ] Request (TenantUsagesTestJSON:setUpClass): 200 GET http://10.180.1.21/compute/v2.1/servers/1580682d-7e24-4d7a-aada-5016def6023e 3.233s
2025-04-15 19:09:27.975 69638 INFO tempest.lib.common.rest_client [req-42202415-efe7-4f0a-9739-b795faf2940e req-42202415-efe7-4f0a-9739-b795faf2940e ] Request (MigrationsAdminTest:test_list_migrations_in_flavor_resize_situation): 200 GET http://10.180.1.21/compute/v2.1/servers/19b297d9-f3a5-4ebb-8964-815cd27c5fe9 3.324s
2025-04-15 19:09:28.004 69622 INFO tempest.lib.common.rest_client [req-a94d4f73-9545-4444-a94e-6fc8604da924 req-a94d4f73-9545-4444-a94e-6fc8604da924 ] Request (ServicesAdminNegativeTestJSON:tearDownClass): 204 DELETE http://10.180.1.21:9696/networking/v2.0/security-groups/718e89ea-dfc3-4e45-961b-3326aeee0d6d 0.200s
2025-04-15 19:09:28.019 69656 INFO tempest.lib.common.rest_client [req-b5257431-827a-4364-a02e-cc79a65ceb91 req-b5257431-827a-4364-a02e-cc79a65ceb91 ] Request (ListServerFiltersTestJSON:setUpClass): 201 POST http://10.180.1.21/identity/v3/auth/tokens 0.076s
2025-04-15 19:09:28.050 69608 INFO tempest.lib.common.rest_client [req-b7c8508a-c7fa-4ca3-9693-817609a2005f req-b7c8508a-c7fa-4ca3-9693-817609a2005f ] Request (ImagesTestJSON:test_create_image_from_stopped_server): 200 GET http://10.180.1.21/compute/v2.1/servers/c2472012-1360-4b78-9672-2f15df185949 3.245s
2025-04-15 19:09:28.055 69664 INFO tempest.lib.common.rest_client [req-748e99ca-3a1b-4dd8-88d0-f18cfb310382 req-748e99ca-3a1b-4dd8-88d0-f18cfb310382 ] Request (HypervisorAdminV253TestBase:setUpClass): 201 POST http://10.180.1.21/identity/v3/users 0.123s
2025-04-15 19:09:28.059 69610 INFO tempest.lib.common.rest_client [req-25c8c16c-07a8-4454-8682-26ee8e8f053d req-25c8c16c-07a8-4454-8682-26ee8e8f053d ] Request (VolumesAdminNegativeTest:test_update_attached_volume_with_nonexistent_volume_in_body): 200 GET http://10.180.1.21/compute/v2.1/servers/8ee10ea1-17b9-4cc2-8d32-92c0c4d0a09d 3.225s
2025-04-15 19:09:28.077 69632 INFO tempest.lib.common.rest_client [req-4ca8389e-14fe-400b-ba21-80c30cf44454 req-4ca8389e-14fe-400b-ba21-80c30cf44454 ] Request (FlavorsAccessNegativeTestJSON:test_flavor_access_list_with_public_flavor): 200 POST http://10.180.1.21/compute/v2.1/flavors 3.228s
2025-04-15 19:09:28.088 69622 INFO tempest.lib.common.rest_client [req-1c52c6e5-68b2-4139-a5cc-ea0616c258d3 req-1c52c6e5-68b2-4139-a5cc-ea0616c258d3 ] Request (ServicesAdminNegativeTestJSON:tearDownClass): 204 DELETE http://10.180.1.21/identity/v3/projects/35abecdf75e448869e15c5facffa8b71 0.083s
2025-04-15 19:09:28.135 69656 INFO tempest.lib.common.rest_client [req-f7003392-fd21-4e85-beee-0feef2bf9fcd req-f7003392-fd21-4e85-beee-0feef2bf9fcd ] Request (ListServerFiltersTestJSON:setUpClass): 201 POST http://10.180.1.21/identity/v3/auth/tokens 0.113s
2025-04-15 19:09:28.148 69664 INFO tempest.lib.common.rest_client [req-e287cd4e-430f-4f42-9799-0f5d116c7f87 req-e287cd4e-430f-4f42-9799-0f5d116c7f87 ] Request (HypervisorAdminV253TestBase:setUpClass): 200 GET http://10.180.1.21/identity/v3/roles 0.093s
2025-04-15 19:09:28.175 69622 INFO tempest.lib.common.rest_client [req-ef03a919-1b75-48b1-8ff0-6ecf63f512ff req-ef03a919-1b75-48b1-8ff0-6ecf63f512ff ] Request (AbsoluteLimitsNegativeTestJSON:setUpClass): 201 POST http://10.180.1.21/identity/v3/auth/tokens 0.086s
2025-04-15 19:09:28.189 69654 INFO tempest.lib.common.rest_client [req-f36bf224-65db-4cbc-a086-578887ad6d6b req-f36bf224-65db-4cbc-a086-578887ad6d6b ] Request (DeleteServersAdminTestJSON:test_admin_delete_servers_of_others): 200 GET http://10.180.1.21/compute/v2.1/servers/0bf98b57-c7c6-4918-947a-085e96137eee 3.018s
2025-04-15 19:09:28.196 69656 INFO tempest.lib.common.rest_client [req-f90001bc-b85d-48ee-9be3-9bc403858776 req-f90001bc-b85d-48ee-9be3-9bc403858776 ] Request (ListServerFiltersTestJSON:setUpClass): 200 GET http://10.180.1.21/identity/v3/domains?name=Default 0.061s
2025-04-15 19:09:28.221 69664 INFO tempest.lib.common.rest_client [req-140be546-136b-4b16-b03e-074b49899eab req-140be546-136b-4b16-b03e-074b49899eab ] Request (HypervisorAdminV253TestBase:setUpClass): 204 PUT http://10.180.1.21/identity/v3/projects/028ba8abe49d4df0aa78c7103cb35e37/users/d6f625da3b634ad080c4b0e563c8c3d0/roles/82ab5fb94cce4ea0a1c082f2fcb2e138 0.072s
2025-04-15 19:09:28.264 69606 INFO tempest.lib.common.rest_client [req-d76b634a-643d-43e8-85ef-cffc3339f01b req-d76b634a-643d-43e8-85ef-cffc3339f01b ] Request (DeleteServersTestJSON:setUpClass): 200 PUT http://10.180.1.21:9696/networking/v2.0/routers/e06b0d52-7ab2-494a-98dd-17e2e091e223/add_router_interface 2.195s
2025-04-15 19:09:28.264 69606 INFO tempest.lib.common.dynamic_creds [-] Created isolated network resources for: credentials: Credentials: {'domain_id': 'default', 'domain_name': 'Default', 'username': 'tempest-DeleteServersTestJSON-665535561-project-member', 'project_domain_id': 'default', 'project_domain_name': 'Default', 'project_id': '009f1f361a294ee5b59f3e7e5c6ec4b0', 'project_name': 'tempest-DeleteServersTestJSON-665535561', 'tenant_id': '009f1f361a294ee5b59f3e7e5c6ec4b0', 'tenant_name': 'tempest-DeleteServersTestJSON-665535561', 'user_domain_id': 'default', 'user_domain_name': 'Default', 'user_id': 'deb9dfc3278a4d92a1574ad7157bf287', 'system': None}, Network: {'id': '3aec6227-70fd-4c37-abac-c961e3c9a313', 'name': 'tempest-DeleteServersTestJSON-1915814826-network', 'tenant_id': '009f1f361a294ee5b59f3e7e5c6ec4b0', 'admin_state_up': True, 'mtu': 8950, 'status': 'ACTIVE', 'subnets': [], 'shared': False, 'project_id': '009f1f361a294ee5b59f3e7e5c6ec4b0', 'port_security_enabled': True, 'router:external': False, 'provider:network_type': 'vlan', 'provider:physical_network': 'default', 'provider:segmentation_id': 809, 'availability_zone_hints': [], 'availability_zones': [], 'ipv4_address_scope': None, 'ipv6_address_scope': None, 'description': '', 'tags': [], 'created_at': '2025-04-15T19:09:23Z', 'updated_at': '2025-04-15T19:09:23Z', 'revision_number': 1}, Subnet: {'id': '178f55f3-49a0-4d1b-8f93-86e96b7bd7ee', 'name': 'tempest-DeleteServersTestJSON-1915814826-subnet', 'tenant_id': '009f1f361a294ee5b59f3e7e5c6ec4b0', 'network_id': '3aec6227-70fd-4c37-abac-c961e3c9a313', 'ip_version': 4, 'subnetpool_id': None, 'enable_dhcp': True, 'ipv6_ra_mode': None, 'ipv6_address_mode': None, 'gateway_ip': '192.168.128.1', 'cidr': '192.168.128.0/28', 'allocation_pools': [{'start': '192.168.128.2', 'end': '192.168.128.14'}], 'host_routes': [], 'dns_nameservers': [], 'description': '', 'router:external': False, 'service_types': [], 'tags': [], 'created_at': '2025-04-15T19:09:23Z', 'updated_at': '2025-04-15T19:09:23Z', 'revision_number': 0, 'project_id': '009f1f361a294ee5b59f3e7e5c6ec4b0'}, Router: {'id': 'e06b0d52-7ab2-494a-98dd-17e2e091e223', 'name': 'tempest-DeleteServersTestJSON-1915814826-router', 'tenant_id': '009f1f361a294ee5b59f3e7e5c6ec4b0', 'admin_state_up': True, 'status': 'ACTIVE', 'external_gateway_info': {'network_id': '37a85180-03c5-4b2f-a1fe-c83140b89599', 'external_fixed_ips': [{'subnet_id': 'f0e84043-752a-43c6-992e-d5e952a788ee', 'ip_address': '10.180.180.154'}], 'enable_snat': True}, 'description': '', 'availability_zones': [], 'distributed': False, 'ha': False, 'availability_zone_hints': [], 'routes': [], 'flavor_id': None, 'tags': [], 'created_at': '2025-04-15T19:09:24Z', 'updated_at': '2025-04-15T19:09:24Z', 'revision_number': 2, 'project_id': '009f1f361a294ee5b59f3e7e5c6ec4b0'}
2025-04-15 19:09:28.277 69622 INFO tempest.lib.common.rest_client [req-e94b3fae-f448-41c1-a6bc-9aa3463940c3 req-e94b3fae-f448-41c1-a6bc-9aa3463940c3 ] Request (AbsoluteLimitsNegativeTestJSON:setUpClass): 201 POST http://10.180.1.21/identity/v3/auth/tokens 0.100s
2025-04-15 19:09:28.294 69664 INFO tempest.lib.common.rest_client [req-dce4827c-14c6-4d8d-82ee-1a0b422f291b req-dce4827c-14c6-4d8d-82ee-1a0b422f291b ] Request (HypervisorAdminV253TestBase:setUpClass): 200 GET http://10.180.1.21/identity/v3/roles 0.072s
2025-04-15 19:09:28.335 69656 INFO tempest.lib.common.rest_client [req-2942ec5a-fe09-486a-ba17-43efa518fe8d req-2942ec5a-fe09-486a-ba17-43efa518fe8d ] Request (ListServerFiltersTestJSON:setUpClass): 201 POST http://10.180.1.21/identity/v3/projects 0.138s
2025-04-15 19:09:28.345 69612 INFO tempest.lib.common.rest_client [req-1c7137e0-911d-4612-94ff-eef7d5e98545 req-1c7137e0-911d-4612-94ff-eef7d5e98545 ] Request (SecurityGroupRulesTestJSON:test_security_group_rules_create_with_optional_cidr): 200 POST http://10.180.1.21/compute/v2.1/os-security-group-rules 2.162s
2025-04-15 19:09:28.365 69606 INFO tempest.lib.common.rest_client [req-c648ebcf-c06a-419d-833c-bcb2e3dc8385 req-c648ebcf-c06a-419d-833c-bcb2e3dc8385 ] Request (DeleteServersTestJSON:setUpClass): 201 POST http://10.180.1.21/identity/v3/auth/tokens 0.097s
2025-04-15 19:09:28.397 69622 INFO tempest.lib.common.rest_client [req-84fbf93f-997e-4989-a794-3126ac4f4a54 req-84fbf93f-997e-4989-a794-3126ac4f4a54 ] Request (AbsoluteLimitsNegativeTestJSON:setUpClass): 200 GET http://10.180.1.21/identity/v3/domains?name=Default 0.118s
2025-04-15 19:09:28.414 69664 INFO tempest.lib.common.rest_client [req-9e342f21-b1e5-44f5-86e6-56c0fdb1e5c2 req-9e342f21-b1e5-44f5-86e6-56c0fdb1e5c2 ] Request (HypervisorAdminV253TestBase:setUpClass): 204 PUT http://10.180.1.21/identity/v3/projects/028ba8abe49d4df0aa78c7103cb35e37/users/d6f625da3b634ad080c4b0e563c8c3d0/roles/82ab5fb94cce4ea0a1c082f2fcb2e138 0.120s
2025-04-15 19:09:28.414 69664 INFO tempest.lib.common.dynamic_creds [-] Dynamic test user d6f625da3b634ad080c4b0e563c8c3d0 is created with scope project and roles: ['admin']
2025-04-15 19:09:28.415 69664 INFO tempest.lib.common.dynamic_creds [-] Acquired dynamic creds: credentials: Credentials: {'domain_id': 'default', 'domain_name': 'Default', 'username': 'tempest-HypervisorAdminV253TestBase-1382642329-project-admin', 'project_domain_id': 'default', 'project_domain_name': 'Default', 'project_id': '028ba8abe49d4df0aa78c7103cb35e37', 'project_name': 'tempest-HypervisorAdminV253TestBase-1382642329', 'tenant_id': '028ba8abe49d4df0aa78c7103cb35e37', 'tenant_name': 'tempest-HypervisorAdminV253TestBase-1382642329', 'user_domain_id': 'default', 'user_domain_name': 'Default', 'user_id': 'd6f625da3b634ad080c4b0e563c8c3d0', 'system': None}, Network: None, Subnet: None, Router: None
2025-04-15 19:09:28.416 69664 INFO tempest.lib.common.dynamic_creds [-] Created isolated network resources for: credentials: Credentials: {'domain_id': 'default', 'domain_name': 'Default', 'username': 'tempest-HypervisorAdminV253TestBase-1382642329-project-admin', 'project_domain_id': 'default', 'project_domain_name': 'Default', 'project_id': '028ba8abe49d4df0aa78c7103cb35e37', 'project_name': 'tempest-HypervisorAdminV253TestBase-1382642329', 'tenant_id': '028ba8abe49d4df0aa78c7103cb35e37', 'tenant_name': 'tempest-HypervisorAdminV253TestBase-1382642329', 'user_domain_id': 'default', 'user_domain_name': 'Default', 'user_id': 'd6f625da3b634ad080c4b0e563c8c3d0', 'system': None}, Network: None, Subnet: None, Router: None
2025-04-15 19:09:28.442 69648 INFO tempest.lib.common.rest_client [req-07eaf72c-c6d3-4bbd-a1af-19707fe21050 req-07eaf72c-c6d3-4bbd-a1af-19707fe21050 ] Request (SecurityGroupsTestJSON:setUpClass): 200 PUT http://10.180.1.21:9696/networking/v2.0/routers/5d819105-c5f5-4152-a38f-7c6a09e37228/add_router_interface 1.663s
2025-04-15 19:09:28.442 69648 INFO tempest.lib.common.dynamic_creds [-] Created isolated network resources for: credentials: Credentials: {'domain_id': 'default', 'domain_name': 'Default', 'username': 'tempest-SecurityGroupsTestJSON-979613040-project-member', 'project_domain_id': 'default', 'project_domain_name': 'Default', 'project_id': '17a98c113e174556b81e3f250c388a8b', 'project_name': 'tempest-SecurityGroupsTestJSON-979613040', 'tenant_id': '17a98c113e174556b81e3f250c388a8b', 'tenant_name': 'tempest-SecurityGroupsTestJSON-979613040', 'user_domain_id': 'default', 'user_domain_name': 'Default', 'user_id': '1ae59e4e1a6949d2b2bdc8d5b7e0d8dd', 'system': None}, Network: {'id': 'ba0bed1e-9553-4c05-9c19-1d42009d58c2', 'name': 'tempest-SecurityGroupsTestJSON-1376333092-network', 'tenant_id': '17a98c113e174556b81e3f250c388a8b', 'admin_state_up': True, 'mtu': 8950, 'status': 'ACTIVE', 'subnets': [], 'shared': False, 'project_id': '17a98c113e174556b81e3f250c388a8b', 'port_security_enabled': True, 'router:external': False, 'provider:network_type': 'vlan', 'provider:physical_network': 'default', 'provider:segmentation_id': 577, 'availability_zone_hints': [], 'availability_zones': [], 'ipv4_address_scope': None, 'ipv6_address_scope': None, 'description': '', 'tags': [], 'created_at': '2025-04-15T19:09:23Z', 'updated_at': '2025-04-15T19:09:23Z', 'revision_number': 1}, Subnet: {'id': 'ecc8460d-a9d9-45b4-8c5e-2609bae9b2a7', 'name': 'tempest-SecurityGroupsTestJSON-1376333092-subnet', 'tenant_id': '17a98c113e174556b81e3f250c388a8b', 'network_id': 'ba0bed1e-9553-4c05-9c19-1d42009d58c2', 'ip_version': 4, 'subnetpool_id': None, 'enable_dhcp': True, 'ipv6_ra_mode': None, 'ipv6_address_mode': None, 'gateway_ip': '192.168.128.1', 'cidr': '192.168.128.0/28', 'allocation_pools': [{'start': '192.168.128.2', 'end': '192.168.128.14'}], 'host_routes': [], 'dns_nameservers': [], 'description': '', 'router:external': False, 'service_types': [], 'tags': [], 'created_at': '2025-04-15T19:09:23Z', 'updated_at': '2025-04-15T19:09:23Z', 'revision_number': 0, 'project_id': '17a98c113e174556b81e3f250c388a8b'}, Router: {'id': '5d819105-c5f5-4152-a38f-7c6a09e37228', 'name': 'tempest-SecurityGroupsTestJSON-1376333092-router', 'tenant_id': '17a98c113e174556b81e3f250c388a8b', 'admin_state_up': True, 'status': 'ACTIVE', 'external_gateway_info': {'network_id': '37a85180-03c5-4b2f-a1fe-c83140b89599', 'external_fixed_ips': [{'subnet_id': 'f0e84043-752a-43c6-992e-d5e952a788ee', 'ip_address': '10.180.180.174'}], 'enable_snat': True}, 'description': '', 'availability_zones': [], 'distributed': False, 'ha': False, 'availability_zone_hints': [], 'routes': [], 'flavor_id': None, 'tags': [], 'created_at': '2025-04-15T19:09:24Z', 'updated_at': '2025-04-15T19:09:25Z', 'revision_number': 2, 'project_id': '17a98c113e174556b81e3f250c388a8b'}
2025-04-15 19:09:28.468 69656 INFO tempest.lib.common.rest_client [req-aef96592-089f-4644-99ed-f99741223e05 req-aef96592-089f-4644-99ed-f99741223e05 ] Request (ListServerFiltersTestJSON:setUpClass): 201 POST http://10.180.1.21/identity/v3/users 0.131s
2025-04-15 19:09:28.545 69668 INFO tempest.lib.common.rest_client [req-e6ae2581-7036-499d-b3f4-3f5838ae9fcb req-e6ae2581-7036-499d-b3f4-3f5838ae9fcb ] Request (QuotasAdminTestJSON:test_delete_quota): 200 GET http://10.180.1.21/compute/v2.1/os-quota-sets/788c6a94e1324e3c888a844619bc9e4d 2.554s
2025-04-15 19:09:28.561 69616 INFO tempest.lib.common.rest_client [req-b773367c-d025-4c50-a7de-a21a33ec357c req-b773367c-d025-4c50-a7de-a21a33ec357c ] Request (ServersWithSpecificFlavorTestJSON:test_verify_created_server_ephemeral_disk): 200 GET http://10.180.1.21/compute/v2.1/flavors/42/os-extra_specs 2.336s
2025-04-15 19:09:28.575 69628 INFO tempest.lib.common.rest_client [req-f4b19dfb-bdf6-4033-b621-53aaf33020c8 req-f4b19dfb-bdf6-4033-b621-53aaf33020c8 ] Request (AggregatesAdminNegativeTestJSON:test_aggregate_add_host_as_user): 403 POST http://10.180.1.21/compute/v2.1/os-aggregates/2/action 2.372s
2025-04-15 19:09:28.579 69606 INFO tempest.lib.common.rest_client [req-e9ab7b81-451b-41f0-81b0-99cd14f61edf req-e9ab7b81-451b-41f0-81b0-99cd14f61edf ] Request (DeleteServersTestJSON:test_delete_active_server): 201 POST http://10.180.1.21/identity/v3/auth/tokens 0.210s
2025-04-15 19:09:28.580 69606 INFO tempest.lib.common.fixed_network [-] (DeleteServersTestJSON:test_delete_active_server) Found network {'id': '3aec6227-70fd-4c37-abac-c961e3c9a313', 'name': 'tempest-DeleteServersTestJSON-1915814826-network', 'tenant_id': '009f1f361a294ee5b59f3e7e5c6ec4b0', 'admin_state_up': True, 'mtu': 8950, 'status': 'ACTIVE', 'subnets': [], 'shared': False, 'project_id': '009f1f361a294ee5b59f3e7e5c6ec4b0', 'port_security_enabled': True, 'router:external': False, 'provider:network_type': 'vlan', 'provider:physical_network': 'default', 'provider:segmentation_id': 809, 'availability_zone_hints': [], 'availability_zones': [], 'ipv4_address_scope': None, 'ipv6_address_scope': None, 'description': '', 'tags': [], 'created_at': '2025-04-15T19:09:23Z', 'updated_at': '2025-04-15T19:09:23Z', 'revision_number': 1} available for tenant
2025-04-15 19:09:28.596 69622 INFO tempest.lib.common.rest_client [req-23d54923-5807-4acf-a1c3-1072b5765d58 req-23d54923-5807-4acf-a1c3-1072b5765d58 ] Request (AbsoluteLimitsNegativeTestJSON:setUpClass): 201 POST http://10.180.1.21/identity/v3/projects 0.199s
2025-04-15 19:09:28.606 69646 INFO tempest.lib.common.rest_client [req-6bdbecfd-f060-4519-9add-dc1865fce60c req-6bdbecfd-f060-4519-9add-dc1865fce60c ] Request (FlavorsExtraSpecsTestJSON:test_flavor_set_get_update_show_unset_keys): 200 PUT http://10.180.1.21/compute/v2.1/flavors/1231146436/os-extra_specs/hw:numa_nodes 2.134s
2025-04-15 19:09:28.623 69652 INFO tempest.lib.common.rest_client [req-57c74413-b75f-4d1e-983e-4cb55dde8b47 req-57c74413-b75f-4d1e-983e-4cb55dde8b47 ] Request (FlavorsAdminTestJSON:test_create_flavor_with_int_id): 200 POST http://10.180.1.21/compute/v2.1/flavors 2.116s
2025-04-15 19:09:28.636 69662 INFO tempest.lib.common.rest_client [req-f66472f1-71a3-4238-a3a2-bf81debdf0b0 req-f66472f1-71a3-4238-a3a2-bf81debdf0b0 ] Request (FlavorsExtraSpecsNegativeTestJSON:test_flavor_unset_nonexistent_key): 404 DELETE http://10.180.1.21/compute/v2.1/flavors/39216478/os-extra_specs/hw:cpu_thread_policy 2.124s
2025-04-15 19:09:28.657 69664 INFO tempest.lib.common.rest_client [req-d8424b04-df14-47c9-8d92-0101c1967f09 req-d8424b04-df14-47c9-8d92-0101c1967f09 ] Request (HypervisorAdminV253TestBase:setUpClass): 201 POST http://10.180.1.21/identity/v3/auth/tokens 0.237s
2025-04-15 19:09:28.660 69648 INFO tempest.lib.common.rest_client [req-42d25e33-1eae-4b08-9c7e-6d0dfc5c3c5b req-42d25e33-1eae-4b08-9c7e-6d0dfc5c3c5b ] Request (SecurityGroupsTestJSON:setUpClass): 201 POST http://10.180.1.21/identity/v3/auth/tokens 0.211s
2025-04-15 19:09:28.720 69656 INFO tempest.lib.common.rest_client [req-06154627-4c84-4e9e-8e81-4cb60c4c0a00 req-06154627-4c84-4e9e-8e81-4cb60c4c0a00 ] Request (ListServerFiltersTestJSON:setUpClass): 200 GET http://10.180.1.21/identity/v3/roles 0.252s
2025-04-15 19:09:28.740 69622 INFO tempest.lib.common.rest_client [req-5a584336-54f0-4762-ad11-eba8263ccdf8 req-5a584336-54f0-4762-ad11-eba8263ccdf8 ] Request (AbsoluteLimitsNegativeTestJSON:setUpClass): 201 POST http://10.180.1.21/identity/v3/users 0.142s
2025-04-15 19:09:28.774 69656 INFO tempest.lib.common.rest_client [req-0de906e2-8c80-4de5-801b-e6693e0c774e req-0de906e2-8c80-4de5-801b-e6693e0c774e ] Request (ListServerFiltersTestJSON:setUpClass): 204 PUT http://10.180.1.21/identity/v3/projects/91cff76956224685a97dc757dc9cb18e/users/10cc912e25ae4010a5f2fbcf048cf62d/roles/6751ed7cd5394ed999f3574211baa109 0.053s
2025-04-15 19:09:28.774 69656 INFO tempest.lib.common.dynamic_creds [-] Dynamic test user 10cc912e25ae4010a5f2fbcf048cf62d is created with scope project and roles: ['member']
2025-04-15 19:09:28.775 69656 INFO tempest.lib.common.dynamic_creds [-] Acquired dynamic creds: credentials: Credentials: {'domain_id': 'default', 'domain_name': 'Default', 'username': 'tempest-ListServerFiltersTestJSON-761007564-project-member', 'project_domain_id': 'default', 'project_domain_name': 'Default', 'project_id': '91cff76956224685a97dc757dc9cb18e', 'project_name': 'tempest-ListServerFiltersTestJSON-761007564', 'tenant_id': '91cff76956224685a97dc757dc9cb18e', 'tenant_name': 'tempest-ListServerFiltersTestJSON-761007564', 'user_domain_id': 'default', 'user_domain_name': 'Default', 'user_id': '10cc912e25ae4010a5f2fbcf048cf62d', 'system': None}, Network: None, Subnet: None, Router: None
2025-04-15 19:09:28.836 69622 INFO tempest.lib.common.rest_client [req-bff3c363-0e6b-43e2-b7ba-258d33379ceb req-bff3c363-0e6b-43e2-b7ba-258d33379ceb ] Request (AbsoluteLimitsNegativeTestJSON:setUpClass): 200 GET http://10.180.1.21/identity/v3/roles 0.094s
2025-04-15 19:09:28.860 69622 INFO tempest.lib.common.rest_client [req-ee0a0cf3-3a24-4d96-802b-cc371def5f67 req-ee0a0cf3-3a24-4d96-802b-cc371def5f67 ] Request (AbsoluteLimitsNegativeTestJSON:setUpClass): 204 PUT http://10.180.1.21/identity/v3/projects/05dd487306224bbb823a7a2ae04ea17d/users/a564b346ab3c49aeb8aa05f707d0681a/roles/6751ed7cd5394ed999f3574211baa109 0.024s
2025-04-15 19:09:28.860 69622 INFO tempest.lib.common.dynamic_creds [-] Dynamic test user a564b346ab3c49aeb8aa05f707d0681a is created with scope project and roles: ['member']
2025-04-15 19:09:28.861 69622 INFO tempest.lib.common.dynamic_creds [-] Acquired dynamic creds: credentials: Credentials: {'domain_id': 'default', 'domain_name': 'Default', 'username': 'tempest-AbsoluteLimitsNegativeTestJSON-489809422-project-member', 'project_domain_id': 'default', 'project_domain_name': 'Default', 'project_id': '05dd487306224bbb823a7a2ae04ea17d', 'project_name': 'tempest-AbsoluteLimitsNegativeTestJSON-489809422', 'tenant_id': '05dd487306224bbb823a7a2ae04ea17d', 'tenant_name': 'tempest-AbsoluteLimitsNegativeTestJSON-489809422', 'user_domain_id': 'default', 'user_domain_name': 'Default', 'user_id': 'a564b346ab3c49aeb8aa05f707d0681a', 'system': None}, Network: None, Subnet: None, Router: None
2025-04-15 19:09:28.861 69622 INFO tempest.lib.common.dynamic_creds [-] Created isolated network resources for: credentials: Credentials: {'domain_id': 'default', 'domain_name': 'Default', 'username': 'tempest-AbsoluteLimitsNegativeTestJSON-489809422-project-member', 'project_domain_id': 'default', 'project_domain_name': 'Default', 'project_id': '05dd487306224bbb823a7a2ae04ea17d', 'project_name': 'tempest-AbsoluteLimitsNegativeTestJSON-489809422', 'tenant_id': '05dd487306224bbb823a7a2ae04ea17d', 'tenant_name': 'tempest-AbsoluteLimitsNegativeTestJSON-489809422', 'user_domain_id': 'default', 'user_domain_name': 'Default', 'user_id': 'a564b346ab3c49aeb8aa05f707d0681a', 'system': None}, Network: None, Subnet: None, Router: None
2025-04-15 19:09:28.895 69626 INFO tempest.lib.common.rest_client [req-38e2e867-111b-481a-a517-4a16c76b4696 req-38e2e867-111b-481a-a517-4a16c76b4696 ] Request (VolumesAssistedSnapshotsTest:test_volume_assisted_snapshot_create_delete): 200 POST http://10.180.1.21/compute/v2.1/os-keypairs 2.225s
2025-04-15 19:09:28.905 69656 INFO tempest.lib.common.rest_client [req-9f9332e5-a60e-43f4-a8b2-1fdfdd2cf41a req-9f9332e5-a60e-43f4-a8b2-1fdfdd2cf41a ] Request (ListServerFiltersTestJSON:setUpClass): 201 POST http://10.180.1.21/identity/v3/auth/tokens 0.130s
2025-04-15 19:09:28.932 69622 INFO tempest.lib.common.rest_client [req-1f86b07d-7f7d-411c-9cd5-d422b7256777 req-1f86b07d-7f7d-411c-9cd5-d422b7256777 ] Request (AbsoluteLimitsNegativeTestJSON:setUpClass): 201 POST http://10.180.1.21/identity/v3/auth/tokens 0.067s
2025-04-15 19:09:28.968 69642 INFO tempest.lib.common.rest_client [req-7bee79e1-f166-448f-a02b-8ad08f13dca0 req-7bee79e1-f166-448f-a02b-8ad08f13dca0 ] Request (ServersAdmin275Test:test_rebuild_update_server_275): 200 GET http://10.180.1.21/compute/v2.1/servers/a742fa58-5053-4845-83eb-96334a38797a 1.497s
2025-04-15 19:09:28.979 69642 INFO tempest.common.waiters [-] State transition "BUILD/None" ==> "BUILD/spawning" after 9 second wait
2025-04-15 19:09:29.027 69618 INFO tempest.lib.common.rest_client [req-b2069b27-73d4-4f0d-9a79-99cf45ca6c68 req-b2069b27-73d4-4f0d-9a79-99cf45ca6c68 ] Request (FloatingIPsAssociationTestJSON:setUpClass): 200 GET http://10.180.1.21/compute/v2.1/servers/1201c389-67f9-4a49-8d04-0fffbe8cf528 2.132s
2025-04-15 19:09:29.051 69630 INFO tempest.lib.common.rest_client [req-c30736a5-f5bc-43f4-bf6b-7c0ee58813e3 req-c30736a5-f5bc-43f4-bf6b-7c0ee58813e3 ] Request (HostsAdminTestJSON:test_list_hosts_with_zone): 200 GET http://10.180.1.21/compute/v2.1/os-hosts 1.489s
2025-04-15 19:09:29.123 69624 INFO tempest.lib.common.rest_client [req-ab0ac1b8-31dc-4115-97ef-66c96578194c req-ab0ac1b8-31dc-4115-97ef-66c96578194c ] Request (MultipleCreateTestJSON:test_multiple_create): 200 GET http://10.180.1.21/compute/v2.1/servers/2478b60d-347e-4a31-8e4b-041a07764556 1.467s
2025-04-15 19:09:29.145 69636 INFO tempest.lib.common.rest_client [req-722698c5-966b-4344-96f7-cc1e1e7543ca req-722698c5-966b-4344-96f7-cc1e1e7543ca ] Request (ImagesMetadataNegativeTestJSON:test_get_nonexistent_image_metadata_item): 404 GET http://10.180.1.21/compute/v2.1/images/eb3d1d10-37b6-45d5-978e-e79734c99c71/metadata/os_version 1.382s
2025-04-15 19:09:29.161 69626 INFO tempest.lib.common.rest_client [req-600cda32-bf40-46dc-a2d9-d0abd42b7394 req-600cda32-bf40-46dc-a2d9-d0abd42b7394 ] Request (VolumesAssistedSnapshotsTest:test_volume_assisted_snapshot_create_delete): 201 POST http://10.180.1.21:9696/networking/v2.0/security-groups 0.264s
2025-04-15 19:09:29.221 69656 INFO tempest.lib.common.rest_client [req-cb8c29a3-94fe-4734-b405-f6e9f55ff95a req-cb8c29a3-94fe-4734-b405-f6e9f55ff95a ] Request (ListServerFiltersTestJSON:setUpClass): 201 POST http://10.180.1.21:9696/networking/v2.0/networks 0.315s
2025-04-15 19:09:29.266 69634 INFO tempest.lib.common.rest_client [req-8bbdf27f-747b-4fdf-bd35-3c83fce8b07a req-8bbdf27f-747b-4fdf-bd35-3c83fce8b07a ] Request (SecurityGroupsTestAdminJSON:test_list_security_groups_list_all_tenants_filter): 200 GET http://10.180.1.21/compute/v2.1/os-security-groups?all_tenants=true 1.749s
2025-04-15 19:09:29.342 69640 INFO tempest.lib.common.rest_client [req-f626ceca-734e-43dc-bd6d-916c19a88db8 req-f626ceca-734e-43dc-bd6d-916c19a88db8 ] Request (QuotasAdminNegativeTest:_run_cleanups): 200 PUT http://10.180.1.21/compute/v2.1/os-quota-sets/3aa539c452634589895ee194147c707f 1.464s
2025-04-15 19:09:29.346 69650 INFO tempest.lib.common.rest_client [req-cdc86245-931e-4882-be5f-74351fcfcbf6 req-cdc86245-931e-4882-be5f-74351fcfcbf6 ] Request (ListImagesTestJSON:test_list_images): 200 GET http://10.180.1.21/compute/v2.1/images 1.449s
2025-04-15 19:09:29.351 69626 INFO tempest.lib.common.rest_client [req-a0f6df33-0fb7-49b5-81a7-96ebf3d9b48e req-a0f6df33-0fb7-49b5-81a7-96ebf3d9b48e ] Request (VolumesAssistedSnapshotsTest:test_volume_assisted_snapshot_create_delete): 201 POST http://10.180.1.21:9696/networking/v2.0/security-group-rules 0.189s
2025-04-15 19:09:29.358 69666 INFO tempest.lib.common.rest_client [req-f6af0766-243d-47d7-8945-ec929c5049cd req-f6af0766-243d-47d7-8945-ec929c5049cd ] Request (KeyPairsV2TestJSON:_run_cleanups): 202 DELETE http://10.180.1.21/compute/v2.1/os-keypairs/tempest-keypair-110148301 1.452s
2025-04-15 19:09:29.363 69632 INFO tempest.lib.common.rest_client [req-b51e2eef-99a1-4263-8975-404bf2613eb6 req-b51e2eef-99a1-4263-8975-404bf2613eb6 ] Request (FlavorsAccessNegativeTestJSON:test_flavor_access_list_with_public_flavor): 404 GET http://10.180.1.21/compute/v2.1/flavors/1048486806/os-flavor-access 1.284s
2025-04-15 19:09:29.447 69656 INFO tempest.lib.common.rest_client [req-1c9f1dda-e759-4c11-b3e8-2bb9c24f4652 req-1c9f1dda-e759-4c11-b3e8-2bb9c24f4652 ] Request (ListServerFiltersTestJSON:setUpClass): 201 POST http://10.180.1.21:9696/networking/v2.0/subnets 0.226s
2025-04-15 19:09:29.447 69656 INFO tempest.lib.common.dynamic_creds [-] Created isolated network resources for: credentials: Credentials: {'domain_id': 'default', 'domain_name': 'Default', 'username': 'tempest-ListServerFiltersTestJSON-761007564-project-member', 'project_domain_id': 'default', 'project_domain_name': 'Default', 'project_id': '91cff76956224685a97dc757dc9cb18e', 'project_name': 'tempest-ListServerFiltersTestJSON-761007564', 'tenant_id': '91cff76956224685a97dc757dc9cb18e', 'tenant_name': 'tempest-ListServerFiltersTestJSON-761007564', 'user_domain_id': 'default', 'user_domain_name': 'Default', 'user_id': '10cc912e25ae4010a5f2fbcf048cf62d', 'system': None}, Network: {'id': 'a457a054-9453-485d-9581-7926d0535a85', 'name': 'tempest-ListServerFiltersTestJSON-1180940560-network', 'tenant_id': '91cff76956224685a97dc757dc9cb18e', 'admin_state_up': True, 'mtu': 8950, 'status': 'ACTIVE', 'subnets': [], 'shared': False, 'project_id': '91cff76956224685a97dc757dc9cb18e', 'port_security_enabled': True, 'router:external': False, 'provider:network_type': 'vlan', 'provider:physical_network': 'default', 'provider:segmentation_id': 304, 'availability_zone_hints': [], 'availability_zones': [], 'ipv4_address_scope': None, 'ipv6_address_scope': None, 'description': '', 'tags': [], 'created_at': '2025-04-15T19:09:29Z', 'updated_at': '2025-04-15T19:09:29Z', 'revision_number': 1}, Subnet: {'id': '5e1fe2d1-ed7d-429d-8558-46ed8b07e7bb', 'name': 'tempest-ListServerFiltersTestJSON-1180940560-subnet', 'tenant_id': '91cff76956224685a97dc757dc9cb18e', 'network_id': 'a457a054-9453-485d-9581-7926d0535a85', 'ip_version': 4, 'subnetpool_id': None, 'enable_dhcp': True, 'ipv6_ra_mode': None, 'ipv6_address_mode': None, 'gateway_ip': '192.168.128.1', 'cidr': '192.168.128.0/28', 'allocation_pools': [{'start': '192.168.128.2', 'end': '192.168.128.14'}], 'host_routes': [], 'dns_nameservers': [], 'description': '', 'router:external': False, 'service_types': [], 'tags': [], 'created_at': '2025-04-15T19:09:29Z', 'updated_at': '2025-04-15T19:09:29Z', 'revision_number': 0, 'project_id': '91cff76956224685a97dc757dc9cb18e'}, Router: None
2025-04-15 19:09:29.492 69626 INFO tempest.lib.common.rest_client [req-108d58a7-cedc-4b2b-9d2c-2867fde04f01 req-108d58a7-cedc-4b2b-9d2c-2867fde04f01 ] Request (VolumesAssistedSnapshotsTest:test_volume_assisted_snapshot_create_delete): 201 POST http://10.180.1.21:9696/networking/v2.0/security-group-rules 0.140s
2025-04-15 19:09:29.520 69612 INFO tempest.lib.common.rest_client [req-9fc36ea1-beb1-4932-bc77-d59ec5d9d8ab req-9fc36ea1-beb1-4932-bc77-d59ec5d9d8ab ] Request (SecurityGroupRulesTestJSON:test_security_group_rules_create_with_optional_group_id): 200 POST http://10.180.1.21/compute/v2.1/os-security-groups 1.170s
2025-04-15 19:09:29.526 69614 INFO tempest.lib.common.rest_client [req-62e4c841-9788-49b1-93c8-22eaa4abb2d1 req-62e4c841-9788-49b1-93c8-22eaa4abb2d1 ] Request (ServerDiagnosticsNegativeTest:test_get_server_diagnostics_by_non_admin): 200 GET http://10.180.1.21/compute/v2.1/servers/e2ab5657-bcb4-47eb-a487-6a57cf2925c5 1.293s
2025-04-15 19:09:29.537 69656 INFO tempest.lib.common.rest_client [req-68f6f4be-dcca-42d4-b992-9880a792a7b8 req-68f6f4be-dcca-42d4-b992-9880a792a7b8 ] Request (ListServerFiltersTestJSON:setUpClass): 201 POST http://10.180.1.21/identity/v3/auth/tokens 0.086s
2025-04-15 19:09:29.581 69656 INFO tempest.lib.common.rest_client [req-c95c8636-f26e-479a-bae4-9a876aa9485b req-c95c8636-f26e-479a-bae4-9a876aa9485b ] Request (ListServerFiltersTestJSON:setUpClass): 201 POST http://10.180.1.21/identity/v3/auth/tokens 0.040s
2025-04-15 19:09:29.581 69656 INFO tempest.lib.common.fixed_network [-] (ListServerFiltersTestJSON:setUpClass) Found network {'id': 'a457a054-9453-485d-9581-7926d0535a85', 'name': 'tempest-ListServerFiltersTestJSON-1180940560-network', 'tenant_id': '91cff76956224685a97dc757dc9cb18e', 'admin_state_up': True, 'mtu': 8950, 'status': 'ACTIVE', 'subnets': [], 'shared': False, 'project_id': '91cff76956224685a97dc757dc9cb18e', 'port_security_enabled': True, 'router:external': False, 'provider:network_type': 'vlan', 'provider:physical_network': 'default', 'provider:segmentation_id': 304, 'availability_zone_hints': [], 'availability_zones': [], 'ipv4_address_scope': None, 'ipv6_address_scope': None, 'description': '', 'tags': [], 'created_at': '2025-04-15T19:09:29Z', 'updated_at': '2025-04-15T19:09:29Z', 'revision_number': 1} available for tenant
2025-04-15 19:09:29.598 69660 INFO tempest.lib.common.rest_client [req-d0a8a242-354e-4ad8-bffc-6c01fccced03 req-d0a8a242-354e-4ad8-bffc-6c01fccced03 ] Request (InstanceActionsNegativeTestJSON:setUpClass): 200 GET http://10.180.1.21/compute/v2.1/servers/6543732a-a08b-4822-beb4-d9a2283dcd66 1.062s
2025-04-15 19:09:29.631 69656 INFO tempest.lib.common.rest_client [req-9676383b-b6de-4bc2-a146-c785f47b0063 req-9676383b-b6de-4bc2-a146-c785f47b0063 ] Request (ListServerFiltersTestJSON:setUpClass): 201 POST http://10.180.1.21/identity/v3/auth/tokens 0.047s
2025-04-15 19:09:29.632 69656 INFO tempest.lib.common.fixed_network [-] (ListServerFiltersTestJSON:setUpClass) Found network {'id': 'a457a054-9453-485d-9581-7926d0535a85', 'name': 'tempest-ListServerFiltersTestJSON-1180940560-network', 'tenant_id': '91cff76956224685a97dc757dc9cb18e', 'admin_state_up': True, 'mtu': 8950, 'status': 'ACTIVE', 'subnets': [], 'shared': False, 'project_id': '91cff76956224685a97dc757dc9cb18e', 'port_security_enabled': True, 'router:external': False, 'provider:network_type': 'vlan', 'provider:physical_network': 'default', 'provider:segmentation_id': 304, 'availability_zone_hints': [], 'availability_zones': [], 'ipv4_address_scope': None, 'ipv6_address_scope': None, 'description': '', 'tags': [], 'created_at': '2025-04-15T19:09:29Z', 'updated_at': '2025-04-15T19:09:29Z', 'revision_number': 1} available for tenant
2025-04-15 19:09:29.681 69644 INFO tempest.lib.common.rest_client [req-374f252a-845c-4bf3-a991-6be5ce1221c7 req-374f252a-845c-4bf3-a991-6be5ce1221c7 ] Request (ImagesOneServerTestJSON:setUpClass): 200 GET http://10.180.1.21/compute/v2.1/servers/22d254b3-b8fd-437f-9799-c77d6d912875 1.229s
2025-04-15 19:09:29.703 69616 INFO tempest.lib.common.rest_client [req-6fd09c5b-0118-4300-83e4-1e3bda041502 req-6fd09c5b-0118-4300-83e4-1e3bda041502 ] Request (ServersWithSpecificFlavorTestJSON:test_verify_created_server_ephemeral_disk): 200 POST http://10.180.1.21/compute/v2.1/flavors/2068098447/os-extra_specs 1.141s
2025-04-15 19:09:29.737 69628 INFO tempest.lib.common.rest_client [req-7124668c-733f-4524-ae78-25ac8ad44f43 req-7124668c-733f-4524-ae78-25ac8ad44f43 ] Request (AggregatesAdminNegativeTestJSON:_run_cleanups): 200 DELETE http://10.180.1.21/compute/v2.1/os-aggregates/2 1.161s
2025-04-15 19:09:29.748 69668 INFO tempest.lib.common.rest_client [req-a8713109-14e7-4786-8e9f-a56edf118c84 req-a8713109-14e7-4786-8e9f-a56edf118c84 ] Request (QuotasAdminTestJSON:test_delete_quota): 200 PUT http://10.180.1.21/compute/v2.1/os-quota-sets/788c6a94e1324e3c888a844619bc9e4d 1.198s
2025-04-15 19:09:29.763 69646 INFO tempest.lib.common.rest_client [req-6d34efd0-b750-4191-ae63-2b6663b10e9a req-6d34efd0-b750-4191-ae63-2b6663b10e9a ] Request (FlavorsExtraSpecsTestJSON:test_flavor_set_get_update_show_unset_keys): 200 GET http://10.180.1.21/compute/v2.1/flavors/1231146436/os-extra_specs 1.156s
2025-04-15 19:09:29.776 69652 INFO tempest.lib.common.rest_client [req-590086f9-6305-452a-b512-1bbf939d3a4f req-590086f9-6305-452a-b512-1bbf939d3a4f ] Request (FlavorsAdminTestJSON:_run_cleanups): 202 DELETE http://10.180.1.21/compute/v2.1/flavors/2006287241 1.150s
2025-04-15 19:09:29.783 69662 INFO tempest.lib.common.rest_client [req-8475c24e-9e10-4100-8715-836768593ecb req-8475c24e-9e10-4100-8715-836768593ecb ] Request (FlavorsExtraSpecsNegativeTestJSON:test_flavor_update_mismatch_key): 400 PUT http://10.180.1.21/compute/v2.1/flavors/39216478/os-extra_specs/hw:numa_nodes 1.144s
2025-04-15 19:09:29.931 69664 INFO tempest.lib.common.rest_client [req-900833c0-9d8b-4d4a-a819-1f7250d5b3a3 req-900833c0-9d8b-4d4a-a819-1f7250d5b3a3 ] Request (HypervisorAdminV253TestBase:test_list_show_detail_hypervisors): 200 GET http://10.180.1.21/compute/v2.1/os-hypervisors/detail?with_servers=True 1.273s
2025-04-15 19:09:29.948 69626 INFO tempest.lib.common.rest_client [req-a58dfdf4-eedf-4334-95d1-78ece5733411 req-a58dfdf4-eedf-4334-95d1-78ece5733411 ] Request (VolumesAssistedSnapshotsTest:test_volume_assisted_snapshot_create_delete): 201 POST http://10.180.1.21:9696/networking/v2.0/floatingips 0.456s
2025-04-15 19:09:30.013 69626 INFO tempest.lib.common.rest_client [req-bc002c17-4fbe-4587-83f5-4b49b67013a9 req-bc002c17-4fbe-4587-83f5-4b49b67013a9 ] Request (VolumesAssistedSnapshotsTest:test_volume_assisted_snapshot_create_delete): 201 POST http://10.180.1.21/identity/v3/auth/tokens 0.061s
2025-04-15 19:09:30.014 69626 INFO tempest.lib.common.fixed_network [-] (VolumesAssistedSnapshotsTest:test_volume_assisted_snapshot_create_delete) Found network {'id': '0e7b6075-dcad-4a0b-b62b-c2242dbcb892', 'name': 'tempest-VolumesAssistedSnapshotsTest-14872677-network', 'tenant_id': '9af821b678cd44cda403ffa54b267e3c', 'admin_state_up': True, 'mtu': 8950, 'status': 'ACTIVE', 'subnets': [], 'shared': False, 'project_id': '9af821b678cd44cda403ffa54b267e3c', 'port_security_enabled': True, 'router:external': False, 'provider:network_type': 'vlan', 'provider:physical_network': 'default', 'provider:segmentation_id': 596, 'availability_zone_hints': [], 'availability_zones': [], 'ipv4_address_scope': None, 'ipv6_address_scope': None, 'description': '', 'tags': [], 'created_at': '2025-04-15T19:09:04Z', 'updated_at': '2025-04-15T19:09:04Z', 'revision_number': 1} available for tenant
2025-04-15 19:09:30.115 69648 INFO tempest.lib.common.rest_client [req-237eb425-0412-4870-8b69-ee29b695e948 req-237eb425-0412-4870-8b69-ee29b695e948 ] Request (SecurityGroupsTestJSON:test_list_security_groups_by_server): 200 POST http://10.180.1.21/compute/v2.1/os-security-groups 1.454s
2025-04-15 19:09:30.174 69620 INFO tempest.lib.common.rest_client [req-0820158e-92dc-422b-bc6a-08d25c368eb7 req-0820158e-92dc-422b-bc6a-08d25c368eb7 ] Request (TenantUsagesTestJSON:setUpClass): 200 GET http://10.180.1.21/compute/v2.1/servers/1580682d-7e24-4d7a-aada-5016def6023e 1.196s
2025-04-15 19:09:30.220 69638 INFO tempest.lib.common.rest_client [req-2e5be5f2-8599-46c8-b9c8-9b3eaa0a8985 req-2e5be5f2-8599-46c8-b9c8-9b3eaa0a8985 ] Request (MigrationsAdminTest:test_list_migrations_in_flavor_resize_situation): 200 GET http://10.180.1.21/compute/v2.1/servers/19b297d9-f3a5-4ebb-8964-815cd27c5fe9 1.231s
2025-04-15 19:09:30.239 69630 INFO tempest.lib.common.rest_client [req-3e23a423-5d30-43a6-9168-a177988f5fd9 req-3e23a423-5d30-43a6-9168-a177988f5fd9 ] Request (HostsAdminTestJSON:test_list_hosts_with_zone): 200 GET http://10.180.1.21/compute/v2.1/os-hosts?zone=internal 1.186s
2025-04-15 19:09:30.283 69608 INFO tempest.lib.common.rest_client [req-78bd0e73-06f9-4091-ac58-bd312edfe8ee req-78bd0e73-06f9-4091-ac58-bd312edfe8ee ] Request (ImagesTestJSON:test_create_image_from_stopped_server): 200 GET http://10.180.1.21/compute/v2.1/servers/c2472012-1360-4b78-9672-2f15df185949 1.212s
2025-04-15 19:09:30.292 69606 INFO tempest.lib.common.rest_client [req-0d01f06e-96fe-4c26-9ffa-0f2d72e71710 req-0d01f06e-96fe-4c26-9ffa-0f2d72e71710 ] Request (DeleteServersTestJSON:test_delete_active_server): 202 POST http://10.180.1.21/compute/v2.1/servers 1.711s
2025-04-15 19:09:30.316 69636 INFO tempest.lib.common.rest_client [req-53bea047-b1ae-486c-ab92-dced4a4bdb85 req-53bea047-b1ae-486c-ab92-dced4a4bdb85 ] Request (ImagesMetadataNegativeTestJSON:test_list_nonexistent_image_metadata): 404 GET http://10.180.1.21/compute/v2.1/images/7b7db6ac-aa55-49a1-a9f9-da2ddfa91e9e/metadata 1.169s
2025-04-15 19:09:30.335 69610 INFO tempest.lib.common.rest_client [req-96c2cd98-d345-49bd-9e2c-1dd82be6c298 req-96c2cd98-d345-49bd-9e2c-1dd82be6c298 ] Request (VolumesAdminNegativeTest:test_update_attached_volume_with_nonexistent_volume_in_body): 200 GET http://10.180.1.21/compute/v2.1/servers/8ee10ea1-17b9-4cc2-8d32-92c0c4d0a09d 1.263s
2025-04-15 19:09:30.437 69634 INFO tempest.lib.common.rest_client [req-0b32af43-140c-4ac7-bd6f-969d2fdeab3a req-0b32af43-140c-4ac7-bd6f-969d2fdeab3a ] Request (SecurityGroupsTestAdminJSON:_run_cleanups): 202 DELETE http://10.180.1.21/compute/v2.1/os-security-groups/7a3ca7ac-cbe9-49d6-afc3-6ab758acf315 1.167s
2025-04-15 19:09:30.480 69640 INFO tempest.lib.common.rest_client [req-af6236eb-e1ce-4a0a-b0e4-2264ed378883 req-af6236eb-e1ce-4a0a-b0e4-2264ed378883 ] Request (QuotasAdminNegativeTest:test_create_server_when_memory_quota_is_full): 200 GET http://10.180.1.21/compute/v2.1/os-quota-sets/3aa539c452634589895ee194147c707f 1.133s
2025-04-15 19:09:30.492 69654 INFO tempest.lib.common.rest_client [req-c7388be0-a17d-4373-a376-83ee2fd7ea52 req-c7388be0-a17d-4373-a376-83ee2fd7ea52 ] Request (DeleteServersAdminTestJSON:test_admin_delete_servers_of_others): 200 GET http://10.180.1.21/compute/v2.1/servers/0bf98b57-c7c6-4918-947a-085e96137eee 1.290s
2025-04-15 19:09:30.522 69666 INFO tempest.lib.common.rest_client [req-6754a9ed-ed07-48f4-9167-c6942f903843 req-6754a9ed-ed07-48f4-9167-c6942f903843 ] Request (KeyPairsV2TestJSON:test_keypair_create_delete): 200 POST http://10.180.1.21/compute/v2.1/os-keypairs 1.163s
2025-04-15 19:09:30.542 69650 INFO tempest.lib.common.rest_client [req-8bf72edd-2670-4867-8803-a9eb3cca53e0 req-8bf72edd-2670-4867-8803-a9eb3cca53e0 ] Request (ListImagesTestJSON:test_list_images_with_detail): 200 GET http://10.180.1.21/compute/v2.1/images/detail 1.188s
2025-04-15 19:09:30.569 69632 INFO tempest.lib.common.rest_client [req-26462ae4-1dac-423c-875c-95573f308d32 req-26462ae4-1dac-423c-875c-95573f308d32 ] Request (FlavorsAccessNegativeTestJSON:_run_cleanups): 202 DELETE http://10.180.1.21/compute/v2.1/flavors/1048486806 1.205s
2025-04-15 19:09:30.659 69612 INFO tempest.lib.common.rest_client [req-18b65c3b-c55b-48d7-9555-102608371e07 req-18b65c3b-c55b-48d7-9555-102608371e07 ] Request (SecurityGroupRulesTestJSON:test_security_group_rules_create_with_optional_group_id): 200 POST http://10.180.1.21/compute/v2.1/os-security-groups 1.133s
2025-04-15 19:09:30.724 69616 INFO tempest.lib.common.rest_client [req-0d38b56b-38c1-4d02-882e-66d03503225b req-0d38b56b-38c1-4d02-882e-66d03503225b ] Request (ValidationResourcesFixture:setUp): 200 POST http://10.180.1.21/compute/v2.1/os-keypairs 1.018s
2025-04-15 19:09:30.758 69628 INFO tempest.lib.common.rest_client [req-12a6a347-477a-4c8a-a5cb-d0f9fb71168c req-12a6a347-477a-4c8a-a5cb-d0f9fb71168c ] Request (AggregatesAdminNegativeTestJSON:test_aggregate_add_non_exist_host): 200 POST http://10.180.1.21/compute/v2.1/os-aggregates 1.019s
2025-04-15 19:09:30.762 69650 INFO tempest.lib.common.rest_client [req-81ac2517-115e-4043-9532-81c0ab8c06a0 req-81ac2517-115e-4043-9532-81c0ab8c06a0 ] Request (ListImagesTestJSON:tearDownClass): 204 DELETE http://10.180.1.21/identity/v3/users/b9cfb34a701d43d1ae4542171bba9c52 0.212s
2025-04-15 19:09:30.762 69650 INFO tempest.lib.common.dynamic_creds [-] Deleting project and security group for project: 0d5f9d668f2e41e49949a9c512beff91
2025-04-15 19:09:30.787 69668 INFO tempest.lib.common.rest_client [req-16845f4a-b066-4a72-9408-bde493772af0 req-16845f4a-b066-4a72-9408-bde493772af0 ] Request (QuotasAdminTestJSON:test_delete_quota): 202 DELETE http://10.180.1.21/compute/v2.1/os-quota-sets/788c6a94e1324e3c888a844619bc9e4d 1.037s
2025-04-15 19:09:30.818 69646 INFO tempest.lib.common.rest_client [req-21c1fd84-f368-4615-ba93-6d99433f140a req-21c1fd84-f368-4615-ba93-6d99433f140a ] Request (FlavorsExtraSpecsTestJSON:test_flavor_set_get_update_show_unset_keys): 200 DELETE http://10.180.1.21/compute/v2.1/flavors/1231146436/os-extra_specs/hw:numa_nodes 1.053s
2025-04-15 19:09:30.835 69616 INFO tempest.lib.common.rest_client [req-564556bb-22f9-4e87-9868-1c0d9e11e444 req-564556bb-22f9-4e87-9868-1c0d9e11e444 ] Request (ValidationResourcesFixture:setUp): 201 POST http://10.180.1.21:9696/networking/v2.0/security-groups 0.109s
2025-04-15 19:09:30.837 69650 INFO tempest.lib.common.rest_client [req-98ad7d21-cd8e-4624-8b82-482d88850033 req-98ad7d21-cd8e-4624-8b82-482d88850033 ] Request (ListImagesTestJSON:tearDownClass): 201 POST http://10.180.1.21/identity/v3/auth/tokens 0.075s
2025-04-15 19:09:30.839 69652 INFO tempest.lib.common.rest_client [req-6de578cc-e01d-47b9-b8e1-909a6e36b9b0 req-6de578cc-e01d-47b9-b8e1-909a6e36b9b0 ] Request (FlavorsAdminTestJSON:_run_cleanups): 200 GET http://10.180.1.21/compute/v2.1/flavors/detail 1.063s
2025-04-15 19:09:30.844 69662 INFO tempest.lib.common.rest_client [req-e0da34cc-116e-4dcb-9947-677bf0e3dbd7 req-e0da34cc-116e-4dcb-9947-677bf0e3dbd7 ] Request (FlavorsExtraSpecsNegativeTestJSON:test_flavor_update_more_key): 400 PUT http://10.180.1.21/compute/v2.1/flavors/39216478/os-extra_specs/hw:numa_nodes 1.060s
2025-04-15 19:09:30.885 69664 INFO tempest.lib.common.rest_client [req-2959867b-ec5d-48c5-b206-857a060057f5 req-2959867b-ec5d-48c5-b206-857a060057f5 ] Request (HypervisorAdminV253TestBase:test_list_show_detail_hypervisors): 200 GET http://10.180.1.21/compute/v2.1/os-hypervisors?with_servers=True 0.949s
2025-04-15 19:09:30.951 69616 INFO tempest.lib.common.rest_client [req-36b45342-0701-4b69-bd93-58e8b151159c req-36b45342-0701-4b69-bd93-58e8b151159c ] Request (ValidationResourcesFixture:setUp): 201 POST http://10.180.1.21:9696/networking/v2.0/security-group-rules 0.116s
2025-04-15 19:09:30.958 69642 INFO tempest.lib.common.rest_client [req-fe18eaa8-e5e1-4ca9-a547-2360aa1b7d60 req-fe18eaa8-e5e1-4ca9-a547-2360aa1b7d60 ] Request (ServersAdmin275Test:test_rebuild_update_server_275): 200 GET http://10.180.1.21/compute/v2.1/servers/a742fa58-5053-4845-83eb-96334a38797a 0.977s
2025-04-15 19:09:30.987 69656 INFO tempest.lib.common.rest_client [req-ca03cf4a-0fe5-4b8d-ad47-f39d388fe408 req-ca03cf4a-0fe5-4b8d-ad47-f39d388fe408 ] Request (ListServerFiltersTestJSON:setUpClass): 202 POST http://10.180.1.21/compute/v2.1/servers 1.354s
2025-04-15 19:09:31.027 69650 INFO tempest.lib.common.rest_client [req-48d3337e-ae6b-4d97-8cc9-56727fa48d1c req-48d3337e-ae6b-4d97-8cc9-56727fa48d1c ] Request (ListImagesTestJSON:tearDownClass): 200 GET http://10.180.1.21:9696/networking/v2.0/security-groups?tenant_id=0d5f9d668f2e41e49949a9c512beff91&name=default 0.189s
2025-04-15 19:09:31.054 69656 INFO tempest.lib.common.rest_client [req-f233221b-ff30-44da-b85b-bc0262afbe9b req-f233221b-ff30-44da-b85b-bc0262afbe9b ] Request (ListServerFiltersTestJSON:setUpClass): 201 POST http://10.180.1.21/identity/v3/auth/tokens 0.059s
2025-04-15 19:09:31.054 69656 INFO tempest.lib.common.fixed_network [-] (ListServerFiltersTestJSON:setUpClass) Found network {'id': 'a457a054-9453-485d-9581-7926d0535a85', 'name': 'tempest-ListServerFiltersTestJSON-1180940560-network', 'tenant_id': '91cff76956224685a97dc757dc9cb18e', 'admin_state_up': True, 'mtu': 8950, 'status': 'ACTIVE', 'subnets': [], 'shared': False, 'project_id': '91cff76956224685a97dc757dc9cb18e', 'port_security_enabled': True, 'router:external': False, 'provider:network_type': 'vlan', 'provider:physical_network': 'default', 'provider:segmentation_id': 304, 'availability_zone_hints': [], 'availability_zones': [], 'ipv4_address_scope': None, 'ipv6_address_scope': None, 'description': '', 'tags': [], 'created_at': '2025-04-15T19:09:29Z', 'updated_at': '2025-04-15T19:09:29Z', 'revision_number': 1} available for tenant
2025-04-15 19:09:31.104 69650 INFO tempest.lib.common.rest_client [req-554a842d-3a65-4a49-9189-33498a37f165 req-554a842d-3a65-4a49-9189-33498a37f165 ] Request (ListImagesTestJSON:tearDownClass): 204 DELETE http://10.180.1.21:9696/networking/v2.0/security-groups/932867a0-4b3b-42db-ba8c-627eeb3ade3b 0.076s
2025-04-15 19:09:31.176 69650 INFO tempest.lib.common.rest_client [req-d89ab484-6eb3-4113-9728-3784c0230eec req-d89ab484-6eb3-4113-9728-3784c0230eec ] Request (ListImagesTestJSON:tearDownClass): 204 DELETE http://10.180.1.21/identity/v3/projects/0d5f9d668f2e41e49949a9c512beff91 0.071s
2025-04-15 19:09:31.249 69650 INFO tempest.lib.common.rest_client [req-d963d6cd-68b5-4c82-9ceb-5ee3e5d80e81 req-d963d6cd-68b5-4c82-9ceb-5ee3e5d80e81 ] Request (ServerActionsV293TestJSON:setUpClass): 201 POST http://10.180.1.21/identity/v3/auth/tokens 0.071s
2025-04-15 19:09:31.279 69650 INFO tempest.lib.common.rest_client [req-7e12e495-d2ad-4677-be14-59bab5d7e17c req-7e12e495-d2ad-4677-be14-59bab5d7e17c ] Request (ServerActionsV293TestJSON:setUpClass): 201 POST http://10.180.1.21/identity/v3/auth/tokens 0.028s
