2025-04-15 19:11:46.094 69632 INFO tempest.lib.common.rest_client [req-160e782b-18f4-4074-ab4c-57db001ea493 req-160e782b-18f4-4074-ab4c-57db001ea493 ] Request (ServerRescueTestJSON:setUpClass): 200 GET http://10.180.1.21/compute/v2.1/servers/601ed800-158d-4bec-a746-1825d79da206 0.120s
2025-04-15 19:11:46.102 69632 INFO tempest.common.waiters [-] State transition "BUILD/spawning" ==> "ACTIVE/None" after 80 second wait
2025-04-15 19:11:46.127 69668 INFO tempest.lib.common.rest_client [req-0b759555-5307-45e6-be3f-02a1041cc7a4 req-0b759555-5307-45e6-be3f-02a1041cc7a4 ] Request (ListImageFiltersTestJSON:setUpClass): 200 GET http://10.180.1.21/compute/v2.1/images/8f9003ed-7a29-4ba6-9a8a-ec4e7b4d2526 0.108s
2025-04-15 19:11:46.192 69660 INFO tempest.lib.common.rest_client [req-7deb2fe6-6203-4fc9-b95e-1bece55c31df req-7deb2fe6-6203-4fc9-b95e-1bece55c31df ] Request (ServerAddressesTestJSON:setUpClass): 200 GET http://10.180.1.21/compute/v2.1/servers/6df206b8-a448-4fe6-b0d2-d2b1e913e997 0.172s
2025-04-15 19:11:46.277 69632 INFO tempest.lib.common.rest_client [req-828663c5-4de3-427b-a050-50f0e3269e86 req-828663c5-4de3-427b-a050-50f0e3269e86 ] Request (ServerRescueTestJSON:setUpClass): 200 POST http://10.180.1.21/compute/v2.1/servers/601ed800-158d-4bec-a746-1825d79da206/action 0.174s
2025-04-15 19:11:46.339 69654 INFO tempest.lib.common.rest_client [req-50282b5a-51de-4b08-b0f6-ce0d3afb3120 req-50282b5a-51de-4b08-b0f6-ce0d3afb3120 ] Request (DeleteServersAdminTestJSON:test_delete_server_while_in_error_state): 200 GET http://10.180.1.21/compute/v2.1/servers/8ba20081-cf84-4cf8-8928-e0dc6719d518 0.209s
2025-04-15 19:11:46.370 69668 INFO tempest.lib.common.rest_client [req-e6750df7-03cf-4b9b-a018-3aeb1ba255c9 req-e6750df7-03cf-4b9b-a018-3aeb1ba255c9 ] Request (ListImageFiltersTestJSON:setUpClass): 200 GET http://10.180.1.21/compute/v2.1/images/8f9003ed-7a29-4ba6-9a8a-ec4e7b4d2526 0.236s
2025-04-15 19:11:46.417 69624 INFO tempest.lib.common.rest_client [req-63a9f6c2-7027-48a1-ac1b-eab0882d2a59 req-63a9f6c2-7027-48a1-ac1b-eab0882d2a59 ] Request (MultipleCreateTestJSON:test_multiple_create_with_reservation_return): 200 GET http://10.180.1.21/compute/v2.1/servers/beaa19aa-3578-4a12-ac8b-cdcbddb56ba5 0.420s
2025-04-15 19:11:46.426 69658 INFO tempest.lib.common.rest_client [req-fd69b182-b8c1-4a59-a797-047dcbb76af5 req-fd69b182-b8c1-4a59-a797-047dcbb76af5 ] Request (FloatingIPsAssociationNegativeTestJSON:tearDownClass): 200 GET http://10.180.1.21/compute/v2.1/servers/a1e62b27-e8ff-4058-bb39-f3619a3335b0 0.210s
2025-04-15 19:11:46.509 69652 INFO tempest.lib.common.rest_client [req-cb616c36-f39b-40fc-bd7e-1751e5ef2600 req-cb616c36-f39b-40fc-bd7e-1751e5ef2600 ] Request (ServersAdminNegativeTestJSON:setUpClass): 200 GET http://10.180.1.21/compute/v2.1/servers/8ab143f5-d2c6-4ced-805a-89fb0ce860b1 0.189s
2025-04-15 19:11:46.516 69652 INFO tempest.common.waiters [-] State transition "BUILD/networking" ==> "BUILD/spawning" after 69 second wait
2025-04-15 19:11:46.518 69632 INFO tempest.lib.common.rest_client [req-21fa7b75-be5c-4d67-bc67-8596f5d6629e req-21fa7b75-be5c-4d67-bc67-8596f5d6629e ] Request (ServerRescueTestJSON:setUpClass): 200 GET http://10.180.1.21/compute/v2.1/servers/601ed800-158d-4bec-a746-1825d79da206 0.240s
2025-04-15 19:11:46.565 69606 INFO tempest.lib.common.rest_client [req-ac3bc1ab-32ae-4d1c-805e-facf2d14fd37 req-ac3bc1ab-32ae-4d1c-805e-facf2d14fd37 ] Request (DeleteServersTestJSON:test_delete_server_while_in_attached_volume): 200 GET http://10.180.1.21/compute/v2.1/servers/4ff609df-07c8-420f-8eec-e89c33a51a33 0.047s
2025-04-15 19:11:46.570 69646 INFO tempest.lib.common.rest_client [req-0cf3c183-9fce-46a1-8883-5a704dd6ee52 req-0cf3c183-9fce-46a1-8883-5a704dd6ee52 ] Request (ServersListShow296Test:tearDownClass): 200 GET http://10.180.1.21/compute/v2.1/servers/6afbbc09-9ffa-425b-babc-bc287042937f 0.072s
2025-04-15 19:11:46.594 69616 WARNING tempest.lib.common.ssh [-] Failed to establish authenticated ssh connection to cirros@10.180.180.159 ([Errno None] Unable to connect to port 22 on 10.180.180.159). Number attempts: 9. Retry after 10 seconds.: paramiko.ssh_exception.NoValidConnectionsError: [Errno None] Unable to connect to port 22 on 10.180.180.159
2025-04-15 19:11:46.645 69662 INFO tempest.lib.common.rest_client [req-3f7ea506-fe10-4c2b-b4a9-5c8ca6c8a67c req-3f7ea506-fe10-4c2b-b4a9-5c8ca6c8a67c ] Request (AttachInterfacesTestJSON:test_create_list_show_delete_interfaces_by_fixed_ip): 200 GET http://10.180.1.21/compute/v2.1/servers/ceec6f62-e914-4659-8fab-25647605cc63 0.052s
2025-04-15 19:11:46.649 69668 INFO tempest.lib.common.rest_client [req-6a34d35c-2b2c-4c71-b2d8-906ca15b640b req-6a34d35c-2b2c-4c71-b2d8-906ca15b640b ] Request (ListImageFiltersTestJSON:setUpClass): 201 POST http://10.180.1.21/image/v2/images 0.276s
2025-04-15 19:11:46.658 69666 INFO tempest.lib.common.rest_client [req-2fa7c367-9135-4cb2-9e5b-6990b51704e3 req-2fa7c367-9135-4cb2-9e5b-6990b51704e3 ] Request (ServerMetadataNegativeTestJSON:tearDownClass): 200 GET http://10.180.1.21/compute/v2.1/servers/702c536d-1471-4b42-b9af-a23fae9347fd 0.056s
2025-04-15 19:11:46.713 69648 INFO tempest.lib.common.rest_client [req-d6f068ec-128f-445f-86bb-577ae161b0a7 req-d6f068ec-128f-445f-86bb-577ae161b0a7 ] Request (SecurityGroupsTestJSON:test_server_security_groups): 200 GET http://10.180.1.21/compute/v2.1/servers/4f9bd637-5c78-4c0a-bd7d-c572595d16a5 0.053s
2025-04-15 19:11:46.781 69614 INFO tempest.lib.common.rest_client [req-2aa11b3b-2ff4-445e-9e6d-fc624d1d7f33 req-2aa11b3b-2ff4-445e-9e6d-fc624d1d7f33 ] Request (ServersTestJSON:test_create_server_specify_multibyte_character_name): 200 GET http://10.180.1.21/compute/v2.1/servers/20dc03e1-62af-45fa-bc82-3f81c8a1fba5 0.071s
2025-04-15 19:11:46.794 69618 INFO tempest.lib.common.rest_client [req-f2219133-3263-43e9-9b8a-54dc423b9d98 req-f2219133-3263-43e9-9b8a-54dc423b9d98 ] Request (FloatingIPsAssociationTestJSON:tearDownClass): 200 GET http://10.180.1.21/compute/v2.1/servers/1201c389-67f9-4a49-8d04-0fffbe8cf528 0.076s
2025-04-15 19:11:46.814 69636 INFO tempest.lib.common.rest_client [req-478e0d76-5bd9-4d19-9c40-72e98aaa1349 req-478e0d76-5bd9-4d19-9c40-72e98aaa1349 ] Request (ImagesOneServerNegativeTestJSON:_run_cleanups): 404 GET http://10.180.1.21/compute/v2.1/servers/6ab24fb4-7b96-47ad-a951-40a856f07f72 0.029s
2025-04-15 19:11:46.830 69642 INFO tempest.lib.common.rest_client [req-d4d7ce46-76c0-46ea-b70b-fa25efb459e8 req-d4d7ce46-76c0-46ea-b70b-fa25efb459e8 ] Request (ServersTestFqdnHostnames:test_create_server_with_fqdn_name): 200 GET http://10.180.1.21/compute/v2.1/servers/47493890-3a5e-4f5e-a1fd-f6be17648fc9 0.062s
2025-04-15 19:11:46.854 69636 INFO tempest.lib.common.rest_client [req-365dfa5c-7f1c-438d-9b70-f27b3d13cbe7 req-365dfa5c-7f1c-438d-9b70-f27b3d13cbe7 ] Request (ImagesOneServerNegativeTestJSON:_run_cleanups): 200 POST http://10.180.1.21/compute/v2.1/os-keypairs 0.039s
2025-04-15 19:11:46.907 69656 INFO tempest.lib.common.rest_client [req-4c6658e5-73b6-4fbd-9585-0172dc780e50 req-4c6658e5-73b6-4fbd-9585-0172dc780e50 ] Request (ListServerFiltersTestJSON:tearDownClass): 200 GET http://10.180.1.21/compute/v2.1/servers/137d5236-472a-494b-91a6-5a76844f2d17 0.071s
2025-04-15 19:11:46.914 69626 WARNING tempest.lib.common.ssh [-] Failed to establish authenticated ssh connection to cirros@10.180.180.166 ([Errno None] Unable to connect to port 22 on 10.180.180.166). Number attempts: 10. Retry after 11 seconds.: paramiko.ssh_exception.NoValidConnectionsError: [Errno None] Unable to connect to port 22 on 10.180.180.166
2025-04-15 19:11:46.950 69630 INFO tempest.lib.common.rest_client [req-4909a603-e12c-4764-83b6-a42bede6d15d req-4909a603-e12c-4764-83b6-a42bede6d15d ] Request (ServerAddressesNegativeTestJSON:tearDownClass): 200 GET http://10.180.1.21/compute/v2.1/servers/8bc071fa-1afb-466e-8d6e-d259d9b7be1c 0.059s
2025-04-15 19:11:46.996 69636 INFO tempest.lib.common.rest_client [req-d79f4f0b-6015-4def-8a29-6e0129a98569 req-d79f4f0b-6015-4def-8a29-6e0129a98569 ] Request (ImagesOneServerNegativeTestJSON:_run_cleanups): 201 POST http://10.180.1.21:9696/networking/v2.0/security-groups 0.141s
2025-04-15 19:11:47.017 69612 INFO tempest.lib.common.rest_client [req-2d70d090-9c8a-4237-bc59-49767d5bd298 req-2d70d090-9c8a-4237-bc59-49767d5bd298 ] Request (ServerTagsTestJSON:tearDownClass): 200 GET http://10.180.1.21/compute/v2.1/servers/3c6d72c1-e6c8-416e-9d15-0fc141b7c047 0.069s
2025-04-15 19:11:47.023 69608 INFO tempest.lib.common.rest_client [req-7c21d03f-84bb-49a7-8758-6727425abed8 req-7c21d03f-84bb-49a7-8758-6727425abed8 ] Request (ImagesTestJSON:test_create_image_from_suspended_server): 200 GET http://10.180.1.21/compute/v2.1/servers/86664fc5-9d66-4a97-a70e-f979ea7989af 0.117s
2025-04-15 19:11:47.077 69644 INFO tempest.lib.common.rest_client [req-344df34c-6afe-4ea3-8505-2e8486441a8d req-344df34c-6afe-4ea3-8505-2e8486441a8d ] Request (InstanceActionsTestJSON:setUpClass): 200 GET http://10.180.1.21/compute/v2.1/servers/a5b586bb-eb9b-4ed5-8c26-8a59f63eead4 0.053s
2025-04-15 19:11:47.081 69638 INFO tempest.lib.common.rest_client [req-2519d074-c973-4d0b-a05c-0b4f85258248 req-2519d074-c973-4d0b-a05c-0b4f85258248 ] Request (MigrationsAdminTest:test_resize_server_revert_deleted_flavor): 200 GET http://10.180.1.21/compute/v2.1/servers/42273db3-0272-46ac-9be6-edcbe7898d7d 0.107s
2025-04-15 19:11:47.084 69644 INFO tempest.common.waiters [-] State transition "BUILD/scheduling" ==> "BUILD/None" after 32 second wait
2025-04-15 19:11:47.100 69636 INFO tempest.lib.common.rest_client [req-fd064db4-e8df-4132-a7fb-301d2e711e3b req-fd064db4-e8df-4132-a7fb-301d2e711e3b ] Request (ImagesOneServerNegativeTestJSON:_run_cleanups): 201 POST http://10.180.1.21:9696/networking/v2.0/security-group-rules 0.103s
2025-04-15 19:11:47.179 69636 INFO tempest.lib.common.rest_client [req-3b521e3e-ee96-4dd9-8966-9f689dfa3c96 req-3b521e3e-ee96-4dd9-8966-9f689dfa3c96 ] Request (ImagesOneServerNegativeTestJSON:_run_cleanups): 201 POST http://10.180.1.21:9696/networking/v2.0/security-group-rules 0.078s
2025-04-15 19:11:47.278 69660 INFO tempest.lib.common.rest_client [req-02c6cf2e-5498-4c04-9f48-399aee2f650c req-02c6cf2e-5498-4c04-9f48-399aee2f650c ] Request (ServerAddressesTestJSON:setUpClass): 200 GET http://10.180.1.21/compute/v2.1/servers/6df206b8-a448-4fe6-b0d2-d2b1e913e997 0.072s
2025-04-15 19:11:47.430 69654 INFO tempest.lib.common.rest_client [req-a02e5705-6b57-4750-9ab6-bdda06517bfe req-a02e5705-6b57-4750-9ab6-bdda06517bfe ] Request (DeleteServersAdminTestJSON:test_delete_server_while_in_error_state): 200 GET http://10.180.1.21/compute/v2.1/servers/8ba20081-cf84-4cf8-8928-e0dc6719d518 0.082s
2025-04-15 19:11:47.489 69624 INFO tempest.lib.common.rest_client [req-40dd12ab-d6ad-405c-86e1-d5a8ae7c579a req-40dd12ab-d6ad-405c-86e1-d5a8ae7c579a ] Request (MultipleCreateTestJSON:test_multiple_create_with_reservation_return): 200 GET http://10.180.1.21/compute/v2.1/servers/beaa19aa-3578-4a12-ac8b-cdcbddb56ba5 0.063s
2025-04-15 19:11:47.506 69658 INFO tempest.lib.common.rest_client [req-2d825915-51d2-4e2c-831c-c503678e1354 req-2d825915-51d2-4e2c-831c-c503678e1354 ] Request (FloatingIPsAssociationNegativeTestJSON:tearDownClass): 200 GET http://10.180.1.21/compute/v2.1/servers/a1e62b27-e8ff-4058-bb39-f3619a3335b0 0.073s
2025-04-15 19:11:47.608 69636 INFO tempest.lib.common.rest_client [req-a9fa3679-6b03-474e-9745-2ddc31d4a366 req-a9fa3679-6b03-474e-9745-2ddc31d4a366 ] Request (ImagesOneServerNegativeTestJSON:_run_cleanups): 201 POST http://10.180.1.21:9696/networking/v2.0/floatingips 0.428s
2025-04-15 19:11:47.613 69652 INFO tempest.lib.common.rest_client [req-ebfb18aa-2715-46f7-bd05-d454057e3ef0 req-ebfb18aa-2715-46f7-bd05-d454057e3ef0 ] Request (ServersAdminNegativeTestJSON:setUpClass): 200 GET http://10.180.1.21/compute/v2.1/servers/8ab143f5-d2c6-4ced-805a-89fb0ce860b1 0.096s
2025-04-15 19:11:47.640 69632 INFO tempest.lib.common.rest_client [req-836d016a-4eec-4ad4-a5d6-1fdf19d90a06 req-836d016a-4eec-4ad4-a5d6-1fdf19d90a06 ] Request (ServerRescueTestJSON:setUpClass): 200 GET http://10.180.1.21/compute/v2.1/servers/601ed800-158d-4bec-a746-1825d79da206 0.115s
2025-04-15 19:11:47.670 69606 INFO tempest.lib.common.rest_client [req-de5cb7e3-3603-4441-a87a-531f1af22b60 req-de5cb7e3-3603-4441-a87a-531f1af22b60 ] Request (DeleteServersTestJSON:test_delete_server_while_in_attached_volume): 200 GET http://10.180.1.21/compute/v2.1/servers/4ff609df-07c8-420f-8eec-e89c33a51a33 0.096s
2025-04-15 19:11:47.697 69636 INFO tempest.lib.common.rest_client [req-f4e62136-d75b-4283-bda0-d73e365e55d6 req-f4e62136-d75b-4283-bda0-d73e365e55d6 ] Request (ImagesOneServerNegativeTestJSON:_run_cleanups): 201 POST http://10.180.1.21/identity/v3/auth/tokens 0.086s
2025-04-15 19:11:47.698 69636 INFO tempest.lib.common.fixed_network [-] (ImagesOneServerNegativeTestJSON:_run_cleanups) Found network {'id': '95e7738b-babc-4bd0-8ade-3ffeeb481e5d', 'name': 'tempest-ImagesOneServerNegativeTestJSON-246541332-network', 'tenant_id': '0b4a573f3b4c426fa5f070cc6c1193df', 'admin_state_up': True, 'mtu': 8950, 'status': 'ACTIVE', 'subnets': [], 'shared': False, 'project_id': '0b4a573f3b4c426fa5f070cc6c1193df', 'port_security_enabled': True, 'router:external': False, 'provider:network_type': 'vlan', 'provider:physical_network': 'default', 'provider:segmentation_id': 225, 'availability_zone_hints': [], 'availability_zones': [], 'ipv4_address_scope': None, 'ipv6_address_scope': None, 'description': '', 'tags': [], 'created_at': '2025-04-15T19:09:37Z', 'updated_at': '2025-04-15T19:09:37Z', 'revision_number': 1} available for tenant
2025-04-15 19:11:47.721 69646 INFO tempest.lib.common.rest_client [req-566ff5b8-74d8-4385-9065-d69f57bb3db0 req-566ff5b8-74d8-4385-9065-d69f57bb3db0 ] Request (ServersListShow296Test:tearDownClass): 200 GET http://10.180.1.21/compute/v2.1/servers/6afbbc09-9ffa-425b-babc-bc287042937f 0.141s
2025-04-15 19:11:47.739 69662 INFO tempest.lib.common.rest_client [req-af3db726-a62f-4796-ba1b-182597991b69 req-af3db726-a62f-4796-ba1b-182597991b69 ] Request (AttachInterfacesTestJSON:test_create_list_show_delete_interfaces_by_fixed_ip): 200 GET http://10.180.1.21/compute/v2.1/servers/ceec6f62-e914-4659-8fab-25647605cc63 0.085s
2025-04-15 19:11:47.784 69666 INFO tempest.lib.common.rest_client [req-ab9c66b8-6de7-456c-a2ea-4acdf4226279 req-ab9c66b8-6de7-456c-a2ea-4acdf4226279 ] Request (ServerMetadataNegativeTestJSON:tearDownClass): 200 GET http://10.180.1.21/compute/v2.1/servers/702c536d-1471-4b42-b9af-a23fae9347fd 0.117s
2025-04-15 19:11:47.835 69648 INFO tempest.lib.common.rest_client [req-27ed04df-be2f-4390-9d19-607c56e0d424 req-27ed04df-be2f-4390-9d19-607c56e0d424 ] Request (SecurityGroupsTestJSON:test_server_security_groups): 200 GET http://10.180.1.21/compute/v2.1/servers/4f9bd637-5c78-4c0a-bd7d-c572595d16a5 0.114s
2025-04-15 19:11:47.912 69614 INFO tempest.lib.common.rest_client [req-e07c91a9-26fd-424b-adc0-4b7737ff62d7 req-e07c91a9-26fd-424b-adc0-4b7737ff62d7 ] Request (ServersTestJSON:test_create_server_specify_multibyte_character_name): 200 GET http://10.180.1.21/compute/v2.1/servers/20dc03e1-62af-45fa-bc82-3f81c8a1fba5 0.120s
2025-04-15 19:11:48.009 69618 INFO tempest.lib.common.rest_client [req-8932764a-cd78-4ab8-88c7-95521cedc66b req-8932764a-cd78-4ab8-88c7-95521cedc66b ] Request (FloatingIPsAssociationTestJSON:tearDownClass): 200 GET http://10.180.1.21/compute/v2.1/servers/1201c389-67f9-4a49-8d04-0fffbe8cf528 0.207s
2025-04-15 19:11:48.018 69618 INFO tempest.common.waiters [-] State transition "ACTIVE/deleting" ==> "DELETED/None" after 5 second wait
2025-04-15 19:11:48.070 69642 INFO tempest.lib.common.rest_client [req-b194d55c-7b5f-4710-85ec-d26d80e8f661 req-b194d55c-7b5f-4710-85ec-d26d80e8f661 ] Request (ServersTestFqdnHostnames:test_create_server_with_fqdn_name): 200 GET http://10.180.1.21/compute/v2.1/servers/47493890-3a5e-4f5e-a1fd-f6be17648fc9 0.228s
2025-04-15 19:11:48.075 69636 INFO tempest.lib.common.rest_client [req-99c73561-2edb-4bb2-a388-babbd8381a1a req-99c73561-2edb-4bb2-a388-babbd8381a1a ] Request (ImagesOneServerNegativeTestJSON:_run_cleanups): 202 POST http://10.180.1.21/compute/v2.1/servers 0.376s
2025-04-15 19:11:48.134 69656 INFO tempest.lib.common.rest_client [req-da741feb-d4d1-4c95-b3f5-5cbbb4c2b6a4 req-da741feb-d4d1-4c95-b3f5-5cbbb4c2b6a4 ] Request (ListServerFiltersTestJSON:tearDownClass): 200 GET http://10.180.1.21/compute/v2.1/servers/137d5236-472a-494b-91a6-5a76844f2d17 0.219s
2025-04-15 19:11:48.140 69630 INFO tempest.lib.common.rest_client [req-4a40f866-6fa2-4241-a6f6-da4d6b067af3 req-4a40f866-6fa2-4241-a6f6-da4d6b067af3 ] Request (ServerAddressesNegativeTestJSON:tearDownClass): 200 GET http://10.180.1.21/compute/v2.1/servers/8bc071fa-1afb-466e-8d6e-d259d9b7be1c 0.181s
2025-04-15 19:11:48.193 69650 WARNING tempest.lib.common.ssh [-] Failed to establish authenticated ssh connection to cirros@10.180.180.180 ([Errno None] Unable to connect to port 22 on 10.180.180.180). Number attempts: 5. Retry after 6 seconds.: paramiko.ssh_exception.NoValidConnectionsError: [Errno None] Unable to connect to port 22 on 10.180.180.180
2025-04-15 19:11:48.203 69612 INFO tempest.lib.common.rest_client [req-7f0563b8-98b5-420b-b6aa-433b21671729 req-7f0563b8-98b5-420b-b6aa-433b21671729 ] Request (ServerTagsTestJSON:tearDownClass): 200 GET http://10.180.1.21/compute/v2.1/servers/3c6d72c1-e6c8-416e-9d15-0fc141b7c047 0.176s
2025-04-15 19:11:48.239 69636 INFO tempest.lib.common.rest_client [req-060bd0fa-5a43-442a-be64-69e3b61e60d0 req-060bd0fa-5a43-442a-be64-69e3b61e60d0 ] Request (ImagesOneServerNegativeTestJSON:_run_cleanups): 200 GET http://10.180.1.21/compute/v2.1/servers/9a9112e4-5798-4ff4-87b8-e91ff59cffcc 0.160s
2025-04-15 19:11:48.261 69608 INFO tempest.lib.common.rest_client [req-12ec0720-d50b-4b7b-b5d1-a96ad87b874d req-12ec0720-d50b-4b7b-b5d1-a96ad87b874d ] Request (ImagesTestJSON:test_create_image_from_suspended_server): 200 GET http://10.180.1.21/compute/v2.1/servers/86664fc5-9d66-4a97-a70e-f979ea7989af 0.230s
2025-04-15 19:11:48.299 69644 INFO tempest.lib.common.rest_client [req-407d501b-dd60-4004-8211-b46c231b5400 req-407d501b-dd60-4004-8211-b46c231b5400 ] Request (InstanceActionsTestJSON:setUpClass): 200 GET http://10.180.1.21/compute/v2.1/servers/a5b586bb-eb9b-4ed5-8c26-8a59f63eead4 0.213s
2025-04-15 19:11:48.308 69638 INFO tempest.lib.common.rest_client [req-b556f259-5be7-43c8-b281-829cf067c02c req-b556f259-5be7-43c8-b281-829cf067c02c ] Request (MigrationsAdminTest:test_resize_server_revert_deleted_flavor): 200 GET http://10.180.1.21/compute/v2.1/servers/42273db3-0272-46ac-9be6-edcbe7898d7d 0.219s
2025-04-15 19:11:48.316 69668 INFO tempest.lib.common.rest_client [req-9372046e-f955-49ef-8333-72b4c0e0dc78 req-9372046e-f955-49ef-8333-72b4c0e0dc78 ] Request (ListImageFiltersTestJSON:setUpClass): 204 PUT http://10.180.1.21/image/v2/images/1aece23d-25fa-4727-bd58-ae50cee09c27/file 0.665s
2025-04-15 19:11:48.346 69668 INFO tempest.lib.common.rest_client [req-1752d4b0-4a23-496b-a6e5-b594d3d32091 req-1752d4b0-4a23-496b-a6e5-b594d3d32091 ] Request (ListImageFiltersTestJSON:setUpClass): 200 GET http://10.180.1.21/compute/v2.1/images/1aece23d-25fa-4727-bd58-ae50cee09c27 0.029s
2025-04-15 19:11:48.350 69660 INFO tempest.lib.common.rest_client [req-779a21d0-7816-44b1-bceb-a81dfef7b34b req-779a21d0-7816-44b1-bceb-a81dfef7b34b ] Request (ServerAddressesTestJSON:setUpClass): 200 GET http://10.180.1.21/compute/v2.1/servers/6df206b8-a448-4fe6-b0d2-d2b1e913e997 0.064s
2025-04-15 19:11:48.378 69668 INFO tempest.lib.common.rest_client [req-5bca38e7-311a-4644-bdad-f62322b9303c req-5bca38e7-311a-4644-bdad-f62322b9303c ] Request (ListImageFiltersTestJSON:setUpClass): 200 GET http://10.180.1.21/compute/v2.1/images/1aece23d-25fa-4727-bd58-ae50cee09c27 0.029s
2025-04-15 19:11:48.411 69668 INFO tempest.lib.common.rest_client [req-a8083336-c89e-4e23-9d90-9f3185fc334d req-a8083336-c89e-4e23-9d90-9f3185fc334d ] Request (ListImageFiltersTestJSON:setUpClass): 201 POST http://10.180.1.21/identity/v3/auth/tokens 0.028s
2025-04-15 19:11:48.412 69668 INFO tempest.lib.common.fixed_network [-] (ListImageFiltersTestJSON:setUpClass) Found network None available for tenant
2025-04-15 19:11:48.509 69654 INFO tempest.lib.common.rest_client [req-486f5490-aa87-47f8-9ccc-8a1b46cdedcf req-486f5490-aa87-47f8-9ccc-8a1b46cdedcf ] Request (DeleteServersAdminTestJSON:test_delete_server_while_in_error_state): 200 GET http://10.180.1.21/compute/v2.1/servers/8ba20081-cf84-4cf8-8928-e0dc6719d518 0.067s
2025-04-15 19:11:48.556 69624 INFO tempest.lib.common.rest_client [req-ec71fc69-7500-4857-8612-2ee7cf86bcf7 req-ec71fc69-7500-4857-8612-2ee7cf86bcf7 ] Request (MultipleCreateTestJSON:test_multiple_create_with_reservation_return): 200 GET http://10.180.1.21/compute/v2.1/servers/beaa19aa-3578-4a12-ac8b-cdcbddb56ba5 0.056s
2025-04-15 19:11:48.591 69668 INFO tempest.lib.common.rest_client [req-adbed843-885d-4a52-9b7e-9817824878cc req-adbed843-885d-4a52-9b7e-9817824878cc ] Request (ListImageFiltersTestJSON:setUpClass): 202 POST http://10.180.1.21/compute/v2.1/servers 0.178s
2025-04-15 19:11:48.620 69658 INFO tempest.lib.common.rest_client [req-9e7b148e-6bf9-40e7-99aa-743fa50a3bfa req-9e7b148e-6bf9-40e7-99aa-743fa50a3bfa ] Request (FloatingIPsAssociationNegativeTestJSON:tearDownClass): 200 GET http://10.180.1.21/compute/v2.1/servers/a1e62b27-e8ff-4058-bb39-f3619a3335b0 0.107s
2025-04-15 19:11:48.624 69668 INFO tempest.lib.common.rest_client [req-e23a7c0f-0ea4-4737-82ec-47dfcd586e5a req-e23a7c0f-0ea4-4737-82ec-47dfcd586e5a ] Request (ListImageFiltersTestJSON:setUpClass): 201 POST http://10.180.1.21/identity/v3/auth/tokens 0.028s
2025-04-15 19:11:48.624 69668 INFO tempest.lib.common.fixed_network [-] (ListImageFiltersTestJSON:setUpClass) Found network None available for tenant
2025-04-15 19:11:48.705 69622 WARNING tempest.lib.common.ssh [-] Failed to establish authenticated ssh connection to cirros@10.180.180.145 ([Errno None] Unable to connect to port 22 on 10.180.180.145). Number attempts: 3. Retry after 4 seconds.: paramiko.ssh_exception.NoValidConnectionsError: [Errno None] Unable to connect to port 22 on 10.180.180.145
2025-04-15 19:11:48.816 69668 INFO tempest.lib.common.rest_client [req-2aa000e2-9a47-482c-9de5-2617b889d135 req-2aa000e2-9a47-482c-9de5-2617b889d135 ] Request (ListImageFiltersTestJSON:setUpClass): 202 POST http://10.180.1.21/compute/v2.1/servers 0.191s
2025-04-15 19:11:48.947 69632 INFO tempest.lib.common.rest_client [req-c50d1c1e-abae-466a-bf66-495040159aba req-c50d1c1e-abae-466a-bf66-495040159aba ] Request (ServerRescueTestJSON:setUpClass): 200 GET http://10.180.1.21/compute/v2.1/servers/601ed800-158d-4bec-a746-1825d79da206 0.298s
2025-04-15 19:11:48.995 69652 INFO tempest.lib.common.rest_client [req-4a0ad372-4e6c-49ac-a460-1ca224e42ada req-4a0ad372-4e6c-49ac-a460-1ca224e42ada ] Request (ServersAdminNegativeTestJSON:setUpClass): 200 GET http://10.180.1.21/compute/v2.1/servers/8ab143f5-d2c6-4ced-805a-89fb0ce860b1 0.374s
2025-04-15 19:11:49.012 69606 INFO tempest.lib.common.rest_client [req-93e50f88-b158-4271-9bb1-6a952271c8dc req-93e50f88-b158-4271-9bb1-6a952271c8dc ] Request (DeleteServersTestJSON:test_delete_server_while_in_attached_volume): 200 GET http://10.180.1.21/compute/v2.1/servers/4ff609df-07c8-420f-8eec-e89c33a51a33 0.327s
2025-04-15 19:11:49.057 69662 INFO tempest.lib.common.rest_client [req-51177ff8-35e7-4c98-911b-a7469ae79f6e req-51177ff8-35e7-4c98-911b-a7469ae79f6e ] Request (AttachInterfacesTestJSON:test_create_list_show_delete_interfaces_by_fixed_ip): 200 GET http://10.180.1.21/compute/v2.1/servers/ceec6f62-e914-4659-8fab-25647605cc63 0.305s
2025-04-15 19:11:49.061 69646 INFO tempest.lib.common.rest_client [req-4902d4e5-d9e1-4ffd-9651-5be93be8830f req-4902d4e5-d9e1-4ffd-9651-5be93be8830f ] Request (ServersListShow296Test:tearDownClass): 200 GET http://10.180.1.21/compute/v2.1/servers/6afbbc09-9ffa-425b-babc-bc287042937f 0.327s
2025-04-15 19:11:49.096 69668 INFO tempest.lib.common.rest_client [req-c976fac0-f0d8-46de-8465-3c7cd5c36530 req-c976fac0-f0d8-46de-8465-3c7cd5c36530 ] Request (ListImageFiltersTestJSON:setUpClass): 200 GET http://10.180.1.21/compute/v2.1/servers/9be6d6f1-0bb5-44b3-bbf6-2269026efdcf 0.278s
2025-04-15 19:11:49.110 69666 INFO tempest.lib.common.rest_client [req-bc5d82fc-803e-4f7b-a259-7f666bda5557 req-bc5d82fc-803e-4f7b-a259-7f666bda5557 ] Request (ServerMetadataNegativeTestJSON:tearDownClass): 200 GET http://10.180.1.21/compute/v2.1/servers/702c536d-1471-4b42-b9af-a23fae9347fd 0.316s
2025-04-15 19:11:49.143 69648 INFO tempest.lib.common.rest_client [req-78be69aa-e13b-436d-848d-313f10d79bf8 req-78be69aa-e13b-436d-848d-313f10d79bf8 ] Request (SecurityGroupsTestJSON:test_server_security_groups): 200 GET http://10.180.1.21/compute/v2.1/servers/4f9bd637-5c78-4c0a-bd7d-c572595d16a5 0.298s
2025-04-15 19:11:49.158 69614 INFO tempest.lib.common.rest_client [req-e842c09c-fb9a-45ab-927b-4489b8090640 req-e842c09c-fb9a-45ab-927b-4489b8090640 ] Request (ServersTestJSON:test_create_server_specify_multibyte_character_name): 200 GET http://10.180.1.21/compute/v2.1/servers/20dc03e1-62af-45fa-bc82-3f81c8a1fba5 0.239s
2025-04-15 19:11:49.200 69618 INFO tempest.lib.common.rest_client [req-7d779dfe-d080-44a1-bc3b-c521287383ad req-7d779dfe-d080-44a1-bc3b-c521287383ad ] Request (FloatingIPsAssociationTestJSON:tearDownClass): 200 GET http://10.180.1.21/compute/v2.1/servers/1201c389-67f9-4a49-8d04-0fffbe8cf528 0.181s
2025-04-15 19:11:49.208 69642 INFO tempest.lib.common.rest_client [req-981504f1-b424-4ae0-84b7-19208846f4ee req-981504f1-b424-4ae0-84b7-19208846f4ee ] Request (ServersTestFqdnHostnames:test_create_server_with_fqdn_name): 200 GET http://10.180.1.21/compute/v2.1/servers/47493890-3a5e-4f5e-a1fd-f6be17648fc9 0.123s
2025-04-15 19:11:49.253 69656 INFO tempest.lib.common.rest_client [req-36e02ffc-6afa-4fbe-a456-d90a52d64105 req-36e02ffc-6afa-4fbe-a456-d90a52d64105 ] Request (ListServerFiltersTestJSON:tearDownClass): 200 GET http://10.180.1.21/compute/v2.1/servers/137d5236-472a-494b-91a6-5a76844f2d17 0.107s
2025-04-15 19:11:49.262 69630 INFO tempest.lib.common.rest_client [req-18ac1fe8-2ab1-46e5-bd7b-8a5cfa61381a req-18ac1fe8-2ab1-46e5-bd7b-8a5cfa61381a ] Request (ServerAddressesNegativeTestJSON:tearDownClass): 200 GET http://10.180.1.21/compute/v2.1/servers/8bc071fa-1afb-466e-8d6e-d259d9b7be1c 0.109s
2025-04-15 19:11:49.311 69636 INFO tempest.lib.common.rest_client [req-d468fe88-bd8d-42bb-a7fa-cdc2b0fc97dd req-d468fe88-bd8d-42bb-a7fa-cdc2b0fc97dd ] Request (ImagesOneServerNegativeTestJSON:_run_cleanups): 200 GET http://10.180.1.21/compute/v2.1/servers/9a9112e4-5798-4ff4-87b8-e91ff59cffcc 0.065s
2025-04-15 19:11:49.311 69612 INFO tempest.lib.common.rest_client [req-20ad0526-8a9d-4c49-bd3b-804627754a21 req-20ad0526-8a9d-4c49-bd3b-804627754a21 ] Request (ServerTagsTestJSON:tearDownClass): 200 GET http://10.180.1.21/compute/v2.1/servers/3c6d72c1-e6c8-416e-9d15-0fc141b7c047 0.098s
2025-04-15 19:11:49.368 69644 INFO tempest.lib.common.rest_client [req-4cae9bb8-64e1-4f53-9525-47cca9892272 req-4cae9bb8-64e1-4f53-9525-47cca9892272 ] Request (InstanceActionsTestJSON:setUpClass): 200 GET http://10.180.1.21/compute/v2.1/servers/a5b586bb-eb9b-4ed5-8c26-8a59f63eead4 0.058s
2025-04-15 19:11:49.419 69638 INFO tempest.lib.common.rest_client [req-db811715-a738-47ff-9500-5f4454fbced0 req-db811715-a738-47ff-9500-5f4454fbced0 ] Request (MigrationsAdminTest:test_resize_server_revert_deleted_flavor): 200 GET http://10.180.1.21/compute/v2.1/servers/42273db3-0272-46ac-9be6-edcbe7898d7d 0.102s
2025-04-15 19:11:49.423 69608 INFO tempest.lib.common.rest_client [req-0a65d57b-9d25-4687-8d49-49eb50966608 req-0a65d57b-9d25-4687-8d49-49eb50966608 ] Request (ImagesTestJSON:test_create_image_from_suspended_server): 200 GET http://10.180.1.21/compute/v2.1/servers/86664fc5-9d66-4a97-a70e-f979ea7989af 0.153s
2025-04-15 19:11:49.468 69660 INFO tempest.lib.common.rest_client [req-fca3b69e-b60a-4414-982c-b1b05723e39c req-fca3b69e-b60a-4414-982c-b1b05723e39c ] Request (ServerAddressesTestJSON:setUpClass): 200 GET http://10.180.1.21/compute/v2.1/servers/6df206b8-a448-4fe6-b0d2-d2b1e913e997 0.110s
2025-04-15 19:11:49.570 69654 INFO tempest.lib.common.rest_client [req-775f0ad6-ad9f-4da2-ba02-ab1240c7c7fc req-775f0ad6-ad9f-4da2-ba02-ab1240c7c7fc ] Request (DeleteServersAdminTestJSON:test_delete_server_while_in_error_state): 200 GET http://10.180.1.21/compute/v2.1/servers/8ba20081-cf84-4cf8-8928-e0dc6719d518 0.053s
2025-04-15 19:11:49.615 69624 INFO tempest.lib.common.rest_client [req-dbd01b97-a9de-46d2-bff9-f40d02651aa8 req-dbd01b97-a9de-46d2-bff9-f40d02651aa8 ] Request (MultipleCreateTestJSON:test_multiple_create_with_reservation_return): 200 GET http://10.180.1.21/compute/v2.1/servers/beaa19aa-3578-4a12-ac8b-cdcbddb56ba5 0.050s
2025-04-15 19:11:49.690 69658 INFO tempest.lib.common.rest_client [req-778dea3e-7ffe-47b0-997a-71f774b6a5ae req-778dea3e-7ffe-47b0-997a-71f774b6a5ae ] Request (FloatingIPsAssociationNegativeTestJSON:tearDownClass): 200 GET http://10.180.1.21/compute/v2.1/servers/a1e62b27-e8ff-4058-bb39-f3619a3335b0 0.061s
2025-04-15 19:11:50.094 69632 INFO tempest.lib.common.rest_client [req-c4f3fc42-b457-4e6d-b8b4-c5d715d3a0ec req-c4f3fc42-b457-4e6d-b8b4-c5d715d3a0ec ] Request (ServerRescueTestJSON:setUpClass): 200 GET http://10.180.1.21/compute/v2.1/servers/601ed800-158d-4bec-a746-1825d79da206 0.133s
2025-04-15 19:11:50.129 69652 INFO tempest.lib.common.rest_client [req-74c725fa-0637-4cb6-be17-27c050caff34 req-74c725fa-0637-4cb6-be17-27c050caff34 ] Request (ServersAdminNegativeTestJSON:setUpClass): 200 GET http://10.180.1.21/compute/v2.1/servers/8ab143f5-d2c6-4ced-805a-89fb0ce860b1 0.126s
2025-04-15 19:11:50.144 69606 INFO tempest.lib.common.rest_client [req-8b32d513-29de-458f-8ed8-dfb55f5b4da3 req-8b32d513-29de-458f-8ed8-dfb55f5b4da3 ] Request (DeleteServersTestJSON:test_delete_server_while_in_attached_volume): 200 GET http://10.180.1.21/compute/v2.1/servers/4ff609df-07c8-420f-8eec-e89c33a51a33 0.124s
2025-04-15 19:11:50.187 69662 INFO tempest.lib.common.rest_client [req-27d9fb56-29dc-40bc-82eb-6184409b5d2f req-27d9fb56-29dc-40bc-82eb-6184409b5d2f ] Request (AttachInterfacesTestJSON:test_create_list_show_delete_interfaces_by_fixed_ip): 200 GET http://10.180.1.21/compute/v2.1/servers/ceec6f62-e914-4659-8fab-25647605cc63 0.122s
2025-04-15 19:11:50.222 69646 INFO tempest.lib.common.rest_client [req-81dc68bc-63d4-4827-84c8-6b3cf7948899 req-81dc68bc-63d4-4827-84c8-6b3cf7948899 ] Request (ServersListShow296Test:tearDownClass): 200 GET http://10.180.1.21/compute/v2.1/servers/6afbbc09-9ffa-425b-babc-bc287042937f 0.150s
2025-04-15 19:11:50.243 69668 INFO tempest.lib.common.rest_client [req-ff3da3b6-1181-42c6-895b-5c3fac3c1873 req-ff3da3b6-1181-42c6-895b-5c3fac3c1873 ] Request (ListImageFiltersTestJSON:setUpClass): 200 GET http://10.180.1.21/compute/v2.1/servers/9be6d6f1-0bb5-44b3-bbf6-2269026efdcf 0.138s
2025-04-15 19:11:50.274 69666 INFO tempest.lib.common.rest_client [req-1c342e80-0234-4696-9cb3-fbbc134b9c1c req-1c342e80-0234-4696-9cb3-fbbc134b9c1c ] Request (ServerMetadataNegativeTestJSON:tearDownClass): 200 GET http://10.180.1.21/compute/v2.1/servers/702c536d-1471-4b42-b9af-a23fae9347fd 0.155s
2025-04-15 19:11:50.294 69648 INFO tempest.lib.common.rest_client [req-cf5c90d2-f663-426c-8de5-e8cdd9a835ce req-cf5c90d2-f663-426c-8de5-e8cdd9a835ce ] Request (SecurityGroupsTestJSON:test_server_security_groups): 200 GET http://10.180.1.21/compute/v2.1/servers/4f9bd637-5c78-4c0a-bd7d-c572595d16a5 0.140s
2025-04-15 19:11:50.328 69614 INFO tempest.lib.common.rest_client [req-4ba282b8-ee4e-49c6-9890-1111b781e9c8 req-4ba282b8-ee4e-49c6-9890-1111b781e9c8 ] Request (ServersTestJSON:test_create_server_specify_multibyte_character_name): 200 GET http://10.180.1.21/compute/v2.1/servers/20dc03e1-62af-45fa-bc82-3f81c8a1fba5 0.162s
2025-04-15 19:11:50.371 69618 INFO tempest.lib.common.rest_client [req-bc84f9c4-c75f-4bbe-8976-bcbac64abd98 req-bc84f9c4-c75f-4bbe-8976-bcbac64abd98 ] Request (FloatingIPsAssociationTestJSON:tearDownClass): 200 GET http://10.180.1.21/compute/v2.1/servers/1201c389-67f9-4a49-8d04-0fffbe8cf528 0.162s
2025-04-15 19:11:50.382 69642 INFO tempest.lib.common.rest_client [req-4e60417d-13c3-467b-bc85-78860aaecd47 req-4e60417d-13c3-467b-bc85-78860aaecd47 ] Request (ServersTestFqdnHostnames:test_create_server_with_fqdn_name): 200 GET http://10.180.1.21/compute/v2.1/servers/47493890-3a5e-4f5e-a1fd-f6be17648fc9 0.165s
2025-04-15 19:11:50.426 69656 INFO tempest.lib.common.rest_client [req-573cc7ee-c0bd-4194-9628-16c2825b699b req-573cc7ee-c0bd-4194-9628-16c2825b699b ] Request (ListServerFiltersTestJSON:tearDownClass): 200 GET http://10.180.1.21/compute/v2.1/servers/137d5236-472a-494b-91a6-5a76844f2d17 0.165s
2025-04-15 19:11:50.444 69630 INFO tempest.lib.common.rest_client [req-1b4c4dfa-8f20-4b7e-b6b3-c2b6155330ae req-1b4c4dfa-8f20-4b7e-b6b3-c2b6155330ae ] Request (ServerAddressesNegativeTestJSON:tearDownClass): 200 GET http://10.180.1.21/compute/v2.1/servers/8bc071fa-1afb-466e-8d6e-d259d9b7be1c 0.174s
2025-04-15 19:11:50.472 69636 INFO tempest.lib.common.rest_client [req-be94bdb5-2d71-468e-8f21-d72e2180e3c7 req-be94bdb5-2d71-468e-8f21-d72e2180e3c7 ] Request (ImagesOneServerNegativeTestJSON:_run_cleanups): 200 GET http://10.180.1.21/compute/v2.1/servers/9a9112e4-5798-4ff4-87b8-e91ff59cffcc 0.153s
2025-04-15 19:11:50.497 69612 INFO tempest.lib.common.rest_client [req-2ea2d4cd-a82f-4d9c-a5b5-486b52ba4786 req-2ea2d4cd-a82f-4d9c-a5b5-486b52ba4786 ] Request (ServerTagsTestJSON:tearDownClass): 200 GET http://10.180.1.21/compute/v2.1/servers/3c6d72c1-e6c8-416e-9d15-0fc141b7c047 0.176s
2025-04-15 19:11:50.516 69644 INFO tempest.lib.common.rest_client [req-a95efc71-9faf-4ec2-b933-c2f8208652b3 req-a95efc71-9faf-4ec2-b933-c2f8208652b3 ] Request (InstanceActionsTestJSON:setUpClass): 200 GET http://10.180.1.21/compute/v2.1/servers/a5b586bb-eb9b-4ed5-8c26-8a59f63eead4 0.139s
2025-04-15 19:11:50.541 69638 INFO tempest.lib.common.rest_client [req-162e76e6-b4e9-443b-b869-6ea2b3e758e1 req-162e76e6-b4e9-443b-b869-6ea2b3e758e1 ] Request (MigrationsAdminTest:test_resize_server_revert_deleted_flavor): 200 GET http://10.180.1.21/compute/v2.1/servers/42273db3-0272-46ac-9be6-edcbe7898d7d 0.114s
2025-04-15 19:11:50.586 69660 INFO tempest.lib.common.rest_client [req-a4c989ec-8f29-4ced-b3eb-0f3894b8a957 req-a4c989ec-8f29-4ced-b3eb-0f3894b8a957 ] Request (ServerAddressesTestJSON:setUpClass): 200 GET http://10.180.1.21/compute/v2.1/servers/6df206b8-a448-4fe6-b0d2-d2b1e913e997 0.112s
2025-04-15 19:11:50.622 69608 INFO tempest.lib.common.rest_client [req-3e4d4866-9f19-44e2-ba45-6996e154be3f req-3e4d4866-9f19-44e2-ba45-6996e154be3f ] Request (ImagesTestJSON:test_create_image_from_suspended_server): 200 GET http://10.180.1.21/compute/v2.1/servers/86664fc5-9d66-4a97-a70e-f979ea7989af 0.191s
2025-04-15 19:11:50.629 69608 INFO tempest.common.waiters [-] State transition "BUILD/spawning" ==> "ACTIVE/None" after 77 second wait
2025-04-15 19:11:50.641 69654 INFO tempest.lib.common.rest_client [req-06cb78bb-c79d-4450-87f5-b51520304d8f req-06cb78bb-c79d-4450-87f5-b51520304d8f ] Request (DeleteServersAdminTestJSON:test_delete_server_while_in_error_state): 200 GET http://10.180.1.21/compute/v2.1/servers/8ba20081-cf84-4cf8-8928-e0dc6719d518 0.064s
2025-04-15 19:11:50.670 69624 INFO tempest.lib.common.rest_client [req-1082eb0f-beda-4bef-b0b3-9404951f76d2 req-1082eb0f-beda-4bef-b0b3-9404951f76d2 ] Request (MultipleCreateTestJSON:test_multiple_create_with_reservation_return): 200 GET http://10.180.1.21/compute/v2.1/servers/beaa19aa-3578-4a12-ac8b-cdcbddb56ba5 0.048s
2025-04-15 19:11:50.706 69608 INFO tempest.lib.common.rest_client [req-60836604-efec-4c51-8cdd-f7a701bc9866 req-60836604-efec-4c51-8cdd-f7a701bc9866 ] Request (ImagesTestJSON:test_create_image_from_suspended_server): 202 POST http://10.180.1.21/compute/v2.1/servers/86664fc5-9d66-4a97-a70e-f979ea7989af/action 0.076s
2025-04-15 19:11:50.753 69658 INFO tempest.lib.common.rest_client [req-f8794113-6964-4ddb-b3c7-47c8e3771d36 req-f8794113-6964-4ddb-b3c7-47c8e3771d36 ] Request (FloatingIPsAssociationNegativeTestJSON:tearDownClass): 200 GET http://10.180.1.21/compute/v2.1/servers/a1e62b27-e8ff-4058-bb39-f3619a3335b0 0.056s
2025-04-15 19:11:50.815 69608 INFO tempest.lib.common.rest_client [req-5d27241b-567d-432b-8a71-1cf78726148b req-5d27241b-567d-432b-8a71-1cf78726148b ] Request (ImagesTestJSON:test_create_image_from_suspended_server): 200 GET http://10.180.1.21/compute/v2.1/servers/86664fc5-9d66-4a97-a70e-f979ea7989af 0.109s
2025-04-15 19:11:51.219 69632 INFO tempest.lib.common.rest_client [req-c6f6ac1d-3d0d-47bd-9427-8e2fb5b3ef65 req-c6f6ac1d-3d0d-47bd-9427-8e2fb5b3ef65 ] Request (ServerRescueTestJSON:setUpClass): 200 GET http://10.180.1.21/compute/v2.1/servers/601ed800-158d-4bec-a746-1825d79da206 0.116s
2025-04-15 19:11:51.228 69652 INFO tempest.lib.common.rest_client [req-74320f6e-9cde-44e4-bc33-d9f20b57d394 req-74320f6e-9cde-44e4-bc33-d9f20b57d394 ] Request (ServersAdminNegativeTestJSON:setUpClass): 200 GET http://10.180.1.21/compute/v2.1/servers/8ab143f5-d2c6-4ced-805a-89fb0ce860b1 0.091s
2025-04-15 19:11:51.267 69606 INFO tempest.lib.common.rest_client [req-631db136-749c-428f-88c3-6df7ba74789d req-631db136-749c-428f-88c3-6df7ba74789d ] Request (DeleteServersTestJSON:test_delete_server_while_in_attached_volume): 200 GET http://10.180.1.21/compute/v2.1/servers/4ff609df-07c8-420f-8eec-e89c33a51a33 0.114s
2025-04-15 19:11:51.281 69662 INFO tempest.lib.common.rest_client [req-fbe998b7-334b-41cd-91e7-3926a2d4a1b0 req-fbe998b7-334b-41cd-91e7-3926a2d4a1b0 ] Request (AttachInterfacesTestJSON:test_create_list_show_delete_interfaces_by_fixed_ip): 200 GET http://10.180.1.21/compute/v2.1/servers/ceec6f62-e914-4659-8fab-25647605cc63 0.086s
2025-04-15 19:11:51.333 69668 INFO tempest.lib.common.rest_client [req-7d271337-568f-4ca1-9b3c-fac462beaa74 req-7d271337-568f-4ca1-9b3c-fac462beaa74 ] Request (ListImageFiltersTestJSON:setUpClass): 200 GET http://10.180.1.21/compute/v2.1/servers/9be6d6f1-0bb5-44b3-bbf6-2269026efdcf 0.082s
2025-04-15 19:11:51.342 69646 INFO tempest.lib.common.rest_client [req-8d3dec5a-e206-4cf2-8231-19c7772a18f1 req-8d3dec5a-e206-4cf2-8231-19c7772a18f1 ] Request (ServersListShow296Test:tearDownClass): 200 GET http://10.180.1.21/compute/v2.1/servers/6afbbc09-9ffa-425b-babc-bc287042937f 0.108s
2025-04-15 19:11:51.405 69648 INFO tempest.lib.common.rest_client [req-c66f72e2-c410-4ed6-b569-fb1af7786035 req-c66f72e2-c410-4ed6-b569-fb1af7786035 ] Request (SecurityGroupsTestJSON:test_server_security_groups): 200 GET http://10.180.1.21/compute/v2.1/servers/4f9bd637-5c78-4c0a-bd7d-c572595d16a5 0.099s
2025-04-15 19:11:51.413 69666 INFO tempest.lib.common.rest_client [req-e9f49e17-7b98-4ca0-ac14-4272fff95ad7 req-e9f49e17-7b98-4ca0-ac14-4272fff95ad7 ] Request (ServerMetadataNegativeTestJSON:tearDownClass): 200 GET http://10.180.1.21/compute/v2.1/servers/702c536d-1471-4b42-b9af-a23fae9347fd 0.131s
2025-04-15 19:11:51.469 69614 INFO tempest.lib.common.rest_client [req-7e84c91e-950f-44eb-9ded-498b5bc16072 req-7e84c91e-950f-44eb-9ded-498b5bc16072 ] Request (ServersTestJSON:test_create_server_specify_multibyte_character_name): 200 GET http://10.180.1.21/compute/v2.1/servers/20dc03e1-62af-45fa-bc82-3f81c8a1fba5 0.133s
2025-04-15 19:11:51.484 69618 INFO tempest.lib.common.rest_client [req-b2812ded-a47a-4b11-8fa6-208818e3e11d req-b2812ded-a47a-4b11-8fa6-208818e3e11d ] Request (FloatingIPsAssociationTestJSON:tearDownClass): 200 GET http://10.180.1.21/compute/v2.1/servers/1201c389-67f9-4a49-8d04-0fffbe8cf528 0.102s
2025-04-15 19:11:51.534 69642 INFO tempest.lib.common.rest_client [req-9f79ecfe-5f1a-495f-bd90-5ac0c3ba4a16 req-9f79ecfe-5f1a-495f-bd90-5ac0c3ba4a16 ] Request (ServersTestFqdnHostnames:test_create_server_with_fqdn_name): 200 GET http://10.180.1.21/compute/v2.1/servers/47493890-3a5e-4f5e-a1fd-f6be17648fc9 0.144s
2025-04-15 19:11:51.552 69656 INFO tempest.lib.common.rest_client [req-c8336190-4ae8-4cd6-af4f-84352594b6df req-c8336190-4ae8-4cd6-af4f-84352594b6df ] Request (ListServerFiltersTestJSON:tearDownClass): 200 GET http://10.180.1.21/compute/v2.1/servers/137d5236-472a-494b-91a6-5a76844f2d17 0.119s
2025-04-15 19:11:51.600 69630 INFO tempest.lib.common.rest_client [req-f19795b4-4fb4-40e5-b029-fcb418e38725 req-f19795b4-4fb4-40e5-b029-fcb418e38725 ] Request (ServerAddressesNegativeTestJSON:tearDownClass): 200 GET http://10.180.1.21/compute/v2.1/servers/8bc071fa-1afb-466e-8d6e-d259d9b7be1c 0.148s
2025-04-15 19:11:51.608 69636 INFO tempest.lib.common.rest_client [req-85e6f7d4-fe0d-4c02-9a67-46981025fd66 req-85e6f7d4-fe0d-4c02-9a67-46981025fd66 ] Request (ImagesOneServerNegativeTestJSON:_run_cleanups): 200 GET http://10.180.1.21/compute/v2.1/servers/9a9112e4-5798-4ff4-87b8-e91ff59cffcc 0.128s
2025-04-15 19:11:51.661 69612 INFO tempest.lib.common.rest_client [req-a6767d64-257e-4199-a7a1-40669f5cc26e req-a6767d64-257e-4199-a7a1-40669f5cc26e ] Request (ServerTagsTestJSON:tearDownClass): 200 GET http://10.180.1.21/compute/v2.1/servers/3c6d72c1-e6c8-416e-9d15-0fc141b7c047 0.150s
2025-04-15 19:11:51.661 69644 INFO tempest.lib.common.rest_client [req-a8af4d35-8b7f-4e79-ba19-e623b7ce295e req-a8af4d35-8b7f-4e79-ba19-e623b7ce295e ] Request (InstanceActionsTestJSON:setUpClass): 200 GET http://10.180.1.21/compute/v2.1/servers/a5b586bb-eb9b-4ed5-8c26-8a59f63eead4 0.137s
2025-04-15 19:11:51.712 69660 INFO tempest.lib.common.rest_client [req-3a328914-021a-40d8-939d-141dfcdc18f9 req-3a328914-021a-40d8-939d-141dfcdc18f9 ] Request (ServerAddressesTestJSON:setUpClass): 200 GET http://10.180.1.21/compute/v2.1/servers/6df206b8-a448-4fe6-b0d2-d2b1e913e997 0.118s
2025-04-15 19:11:51.716 69638 INFO tempest.lib.common.rest_client [req-26fb4dcf-d63d-4331-8489-3ae0b0f60770 req-26fb4dcf-d63d-4331-8489-3ae0b0f60770 ] Request (MigrationsAdminTest:test_resize_server_revert_deleted_flavor): 200 GET http://10.180.1.21/compute/v2.1/servers/42273db3-0272-46ac-9be6-edcbe7898d7d 0.167s
2025-04-15 19:11:51.780 69654 INFO tempest.lib.common.rest_client [req-8180b8b7-6cfd-4780-bea6-53a87c11bf62 req-8180b8b7-6cfd-4780-bea6-53a87c11bf62 ] Request (DeleteServersAdminTestJSON:test_delete_server_while_in_error_state): 200 GET http://10.180.1.21/compute/v2.1/servers/8ba20081-cf84-4cf8-8928-e0dc6719d518 0.131s
2025-04-15 19:11:51.791 69624 INFO tempest.lib.common.rest_client [req-6bdb6127-05cc-4b27-a01e-8f63ebb6d711 req-6bdb6127-05cc-4b27-a01e-8f63ebb6d711 ] Request (MultipleCreateTestJSON:test_multiple_create_with_reservation_return): 200 GET http://10.180.1.21/compute/v2.1/servers/beaa19aa-3578-4a12-ac8b-cdcbddb56ba5 0.113s
2025-04-15 19:11:51.836 69658 INFO tempest.lib.common.rest_client [req-743107a4-6919-422f-ab17-5416a0551e32 req-743107a4-6919-422f-ab17-5416a0551e32 ] Request (FloatingIPsAssociationNegativeTestJSON:tearDownClass): 200 GET http://10.180.1.21/compute/v2.1/servers/a1e62b27-e8ff-4058-bb39-f3619a3335b0 0.075s
2025-04-15 19:11:51.922 69608 INFO tempest.lib.common.rest_client [req-3098cf38-352a-42df-9fd3-89a9c1e36a18 req-3098cf38-352a-42df-9fd3-89a9c1e36a18 ] Request (ImagesTestJSON:test_create_image_from_suspended_server): 200 GET http://10.180.1.21/compute/v2.1/servers/86664fc5-9d66-4a97-a70e-f979ea7989af 0.098s
2025-04-15 19:11:52.225 69634 WARNING tempest.lib.common.ssh [-] Failed to establish authenticated ssh connection to cirros@10.180.180.217 ([Errno None] Unable to connect to port 22 on 10.180.180.217). Number attempts: 3. Retry after 4 seconds.: paramiko.ssh_exception.NoValidConnectionsError: [Errno None] Unable to connect to port 22 on 10.180.180.217
2025-04-15 19:11:52.350 69632 INFO tempest.lib.common.rest_client [req-4cc23e90-ee4c-4f41-9e58-090f2d865cfd req-4cc23e90-ee4c-4f41-9e58-090f2d865cfd ] Request (ServerRescueTestJSON:setUpClass): 200 GET http://10.180.1.21/compute/v2.1/servers/601ed800-158d-4bec-a746-1825d79da206 0.123s
2025-04-15 19:11:52.356 69652 INFO tempest.lib.common.rest_client [req-39006fe9-ce47-4a8e-896a-6b402da261a8 req-39006fe9-ce47-4a8e-896a-6b402da261a8 ] Request (ServersAdminNegativeTestJSON:setUpClass): 200 GET http://10.180.1.21/compute/v2.1/servers/8ab143f5-d2c6-4ced-805a-89fb0ce860b1 0.120s
2025-04-15 19:11:52.402 69662 INFO tempest.lib.common.rest_client [req-0b86a1e0-e92e-4d2e-8e44-90d78eda4fd8 req-0b86a1e0-e92e-4d2e-8e44-90d78eda4fd8 ] Request (AttachInterfacesTestJSON:test_create_list_show_delete_interfaces_by_fixed_ip): 200 GET http://10.180.1.21/compute/v2.1/servers/ceec6f62-e914-4659-8fab-25647605cc63 0.112s
2025-04-15 19:11:52.415 69606 INFO tempest.lib.common.rest_client [req-46109b63-add9-4307-a0c1-717fffbd9ff9 req-46109b63-add9-4307-a0c1-717fffbd9ff9 ] Request (DeleteServersTestJSON:test_delete_server_while_in_attached_volume): 200 GET http://10.180.1.21/compute/v2.1/servers/4ff609df-07c8-420f-8eec-e89c33a51a33 0.140s
2025-04-15 19:11:52.455 69668 INFO tempest.lib.common.rest_client [req-db352435-a340-4fce-8ace-8660fa1ba50e req-db352435-a340-4fce-8ace-8660fa1ba50e ] Request (ListImageFiltersTestJSON:setUpClass): 200 GET http://10.180.1.21/compute/v2.1/servers/9be6d6f1-0bb5-44b3-bbf6-2269026efdcf 0.113s
2025-04-15 19:11:52.487 69646 INFO tempest.lib.common.rest_client [req-dfb76b9f-85c9-4717-a1ea-ac64da32eb2e req-dfb76b9f-85c9-4717-a1ea-ac64da32eb2e ] Request (ServersListShow296Test:tearDownClass): 200 GET http://10.180.1.21/compute/v2.1/servers/6afbbc09-9ffa-425b-babc-bc287042937f 0.128s
2025-04-15 19:11:52.499 69648 INFO tempest.lib.common.rest_client [req-0ffd59ea-2079-4a8c-98d1-b51c7555a575 req-0ffd59ea-2079-4a8c-98d1-b51c7555a575 ] Request (SecurityGroupsTestJSON:test_server_security_groups): 200 GET http://10.180.1.21/compute/v2.1/servers/4f9bd637-5c78-4c0a-bd7d-c572595d16a5 0.086s
2025-04-15 19:11:52.505 69666 INFO tempest.lib.common.rest_client [req-9f752fb4-7291-415b-a7d3-0b4bf46a6ed5 req-9f752fb4-7291-415b-a7d3-0b4bf46a6ed5 ] Request (ServerMetadataNegativeTestJSON:tearDownClass): 404 GET http://10.180.1.21/compute/v2.1/servers/702c536d-1471-4b42-b9af-a23fae9347fd 0.082s
2025-04-15 19:11:52.563 69618 INFO tempest.lib.common.rest_client [req-195d63c1-3741-42ea-8052-82350aee03b7 req-195d63c1-3741-42ea-8052-82350aee03b7 ] Request (FloatingIPsAssociationTestJSON:tearDownClass): 200 GET http://10.180.1.21/compute/v2.1/servers/1201c389-67f9-4a49-8d04-0fffbe8cf528 0.070s
2025-04-15 19:11:52.566 69614 INFO tempest.lib.common.rest_client [req-f029614c-0488-44ec-a8a9-e68f9483ee21 req-f029614c-0488-44ec-a8a9-e68f9483ee21 ] Request (ServersTestJSON:test_create_server_specify_multibyte_character_name): 200 GET http://10.180.1.21/compute/v2.1/servers/20dc03e1-62af-45fa-bc82-3f81c8a1fba5 0.089s
2025-04-15 19:11:52.617 69642 INFO tempest.lib.common.rest_client [req-baa00fd5-4a83-41e6-9c23-649d198410b7 req-baa00fd5-4a83-41e6-9c23-649d198410b7 ] Request (ServersTestFqdnHostnames:test_create_server_with_fqdn_name): 200 GET http://10.180.1.21/compute/v2.1/servers/47493890-3a5e-4f5e-a1fd-f6be17648fc9 0.075s
2025-04-15 19:11:52.621 69656 INFO tempest.lib.common.rest_client [req-b588ffc7-2d1f-4082-a549-4532469d74dd req-b588ffc7-2d1f-4082-a549-4532469d74dd ] Request (ListServerFiltersTestJSON:tearDownClass): 200 GET http://10.180.1.21/compute/v2.1/servers/137d5236-472a-494b-91a6-5a76844f2d17 0.061s
2025-04-15 19:11:52.667 69630 INFO tempest.lib.common.rest_client [req-0964c4c2-7fe7-4fea-be07-0b68b4657025 req-0964c4c2-7fe7-4fea-be07-0b68b4657025 ] Request (ServerAddressesNegativeTestJSON:tearDownClass): 200 GET http://10.180.1.21/compute/v2.1/servers/8bc071fa-1afb-466e-8d6e-d259d9b7be1c 0.059s
2025-04-15 19:11:52.690 69636 INFO tempest.lib.common.rest_client [req-aa04a718-46f2-4801-866a-8c1fcaf799e9 req-aa04a718-46f2-4801-866a-8c1fcaf799e9 ] Request (ImagesOneServerNegativeTestJSON:_run_cleanups): 200 GET http://10.180.1.21/compute/v2.1/servers/9a9112e4-5798-4ff4-87b8-e91ff59cffcc 0.073s
2025-04-15 19:11:52.716 69644 INFO tempest.lib.common.rest_client [req-266239e2-9ef6-404b-b674-fd118cd5abc9 req-266239e2-9ef6-404b-b674-fd118cd5abc9 ] Request (InstanceActionsTestJSON:setUpClass): 200 GET http://10.180.1.21/compute/v2.1/servers/a5b586bb-eb9b-4ed5-8c26-8a59f63eead4 0.047s
2025-04-15 19:11:52.755 69612 INFO tempest.lib.common.rest_client [req-23fad537-3120-4995-882b-664c6bf4a110 req-23fad537-3120-4995-882b-664c6bf4a110 ] Request (ServerTagsTestJSON:tearDownClass): 200 GET http://10.180.1.21/compute/v2.1/servers/3c6d72c1-e6c8-416e-9d15-0fc141b7c047 0.081s
2025-04-15 19:11:52.769 69660 INFO tempest.lib.common.rest_client [req-64420f68-b84a-4a02-95fe-b5dcb2363d2d req-64420f68-b84a-4a02-95fe-b5dcb2363d2d ] Request (ServerAddressesTestJSON:setUpClass): 200 GET http://10.180.1.21/compute/v2.1/servers/6df206b8-a448-4fe6-b0d2-d2b1e913e997 0.047s
2025-04-15 19:11:52.801 69638 INFO tempest.lib.common.rest_client [req-2df3b987-a059-4689-b352-39d262df6e64 req-2df3b987-a059-4689-b352-39d262df6e64 ] Request (MigrationsAdminTest:test_resize_server_revert_deleted_flavor): 200 GET http://10.180.1.21/compute/v2.1/servers/42273db3-0272-46ac-9be6-edcbe7898d7d 0.077s
2025-04-15 19:11:52.815 69638 INFO tempest.common.waiters [-] State transition "BUILD/scheduling" ==> "BUILD/None" after 26 second wait
2025-04-15 19:11:52.849 69654 INFO tempest.lib.common.rest_client [req-fc7903e1-3418-45a8-8b00-5db70b4d5009 req-fc7903e1-3418-45a8-8b00-5db70b4d5009 ] Request (DeleteServersAdminTestJSON:test_delete_server_while_in_error_state): 200 GET http://10.180.1.21/compute/v2.1/servers/8ba20081-cf84-4cf8-8928-e0dc6719d518 0.060s
2025-04-15 19:11:52.853 69624 INFO tempest.lib.common.rest_client [req-04cdfda6-5494-4d92-8919-d57957b99022 req-04cdfda6-5494-4d92-8919-d57957b99022 ] Request (MultipleCreateTestJSON:test_multiple_create_with_reservation_return): 200 GET http://10.180.1.21/compute/v2.1/servers/beaa19aa-3578-4a12-ac8b-cdcbddb56ba5 0.054s
