2025-04-15 19:10:50.347 69618 INFO tempest.common.waiters [-] State transition "BUILD/block_device_mapping" ==> "BUILD/spawning" after 64 second wait
2025-04-15 19:10:50.362 69614 INFO tempest.lib.common.rest_client [req-38280a8e-a7ac-4873-b801-0303c45636d1 req-38280a8e-a7ac-4873-b801-0303c45636d1 ] Request (KeyPairsV22TestJSON:test_keypairsv22_create_list_show_with_type): 200 GET http://10.180.1.21/compute/v2.1/os-keypairs/tempest-keypair-1199319049 0.213s
2025-04-15 19:10:50.401 69610 WARNING tempest.lib.common.ssh [-] Failed to establish authenticated ssh connection to cirros@10.180.180.129 ([Errno None] Unable to connect to port 22 on 10.180.180.129). Number attempts: 7. Retry after 8 seconds.: paramiko.ssh_exception.NoValidConnectionsError: [Errno None] Unable to connect to port 22 on 10.180.180.129
2025-04-15 19:10:50.446 69632 INFO tempest.lib.common.rest_client [req-ac16a01e-e4bf-408f-8c25-9926fa12c420 req-ac16a01e-e4bf-408f-8c25-9926fa12c420 ] Request (ServerRescueTestJSON:setUpClass): 200 GET http://10.180.1.21/compute/v2.1/servers/601ed800-158d-4bec-a746-1825d79da206 0.268s
2025-04-15 19:10:50.464 69620 INFO tempest.lib.common.rest_client [req-b18d634a-a351-4153-ab22-4649f66b6992 req-b18d634a-a351-4153-ab22-4649f66b6992 ] Request (MultipleCreateNegativeTestJSON:tearDownClass): 204 DELETE http://10.180.1.21:9696/networking/v2.0/security-groups/03dfc2e4-4541-4590-840d-924098de7ef0 0.297s
2025-04-15 19:10:50.499 69660 INFO tempest.lib.common.rest_client [req-39ede027-5382-4b6b-b843-c9d8e0d40f11 req-39ede027-5382-4b6b-b843-c9d8e0d40f11 ] Request (ServerAddressesTestJSON:setUpClass): 200 PUT http://10.180.1.21:9696/networking/v2.0/routers/df14200d-ed8a-4a54-8413-33a8538cb2c1/add_router_interface 1.214s
2025-04-15 19:10:50.500 69660 INFO tempest.lib.common.dynamic_creds [-] Created isolated network resources for: credentials: Credentials: {'domain_id': 'default', 'domain_name': 'Default', 'username': 'tempest-ServerAddressesTestJSON-1617953898-project-member', 'project_domain_id': 'default', 'project_domain_name': 'Default', 'project_id': 'abb1e0f2e1c64cb3a47daf1e56db0170', 'project_name': 'tempest-ServerAddressesTestJSON-1617953898', 'tenant_id': 'abb1e0f2e1c64cb3a47daf1e56db0170', 'tenant_name': 'tempest-ServerAddressesTestJSON-1617953898', 'user_domain_id': 'default', 'user_domain_name': 'Default', 'user_id': 'efbe401777d5400dbf6cf7b84c666f4c', 'system': None}, Network: {'id': 'c0f25b07-cf89-4b45-920d-0ab6a1f08624', 'name': 'tempest-ServerAddressesTestJSON-1723478306-network', 'tenant_id': 'abb1e0f2e1c64cb3a47daf1e56db0170', 'admin_state_up': True, 'mtu': 8950, 'status': 'ACTIVE', 'subnets': [], 'shared': False, 'project_id': 'abb1e0f2e1c64cb3a47daf1e56db0170', 'port_security_enabled': True, 'router:external': False, 'provider:network_type': 'vlan', 'provider:physical_network': 'default', 'provider:segmentation_id': 639, 'availability_zone_hints': [], 'availability_zones': [], 'ipv4_address_scope': None, 'ipv6_address_scope': None, 'description': '', 'tags': [], 'created_at': '2025-04-15T19:10:47Z', 'updated_at': '2025-04-15T19:10:47Z', 'revision_number': 1}, Subnet: {'id': '3201e03b-f7e3-4d1f-b664-92eb31bacaf8', 'name': 'tempest-ServerAddressesTestJSON-1723478306-subnet', 'tenant_id': 'abb1e0f2e1c64cb3a47daf1e56db0170', 'network_id': 'c0f25b07-cf89-4b45-920d-0ab6a1f08624', 'ip_version': 4, 'subnetpool_id': None, 'enable_dhcp': True, 'ipv6_ra_mode': None, 'ipv6_address_mode': None, 'gateway_ip': '192.168.128.1', 'cidr': '192.168.128.0/28', 'allocation_pools': [{'start': '192.168.128.2', 'end': '192.168.128.14'}], 'host_routes': [], 'dns_nameservers': [], 'description': '', 'router:external': False, 'service_types': [], 'tags': [], 'created_at': '2025-04-15T19:10:47Z', 'updated_at': '2025-04-15T19:10:47Z', 'revision_number': 0, 'project_id': 'abb1e0f2e1c64cb3a47daf1e56db0170'}, Router: {'id': 'df14200d-ed8a-4a54-8413-33a8538cb2c1', 'name': 'tempest-ServerAddressesTestJSON-1723478306-router', 'tenant_id': 'abb1e0f2e1c64cb3a47daf1e56db0170', 'admin_state_up': True, 'status': 'ACTIVE', 'external_gateway_info': {'network_id': '37a85180-03c5-4b2f-a1fe-c83140b89599', 'external_fixed_ips': [{'subnet_id': 'f0e84043-752a-43c6-992e-d5e952a788ee', 'ip_address': '10.180.180.199'}], 'enable_snat': True}, 'description': '', 'availability_zones': [], 'distributed': False, 'ha': False, 'availability_zone_hints': [], 'routes': [], 'flavor_id': None, 'tags': [], 'created_at': '2025-04-15T19:10:47Z', 'updated_at': '2025-04-15T19:10:48Z', 'revision_number': 2, 'project_id': 'abb1e0f2e1c64cb3a47daf1e56db0170'}
2025-04-15 19:10:50.504 69630 INFO tempest.lib.common.rest_client [req-b9b8c5b4-95bf-4f9a-a10b-b101c6f10a1c req-b9b8c5b4-95bf-4f9a-a10b-b101c6f10a1c ] Request (ServerAddressesNegativeTestJSON:setUpClass): 200 GET http://10.180.1.21/compute/v2.1/servers/8bc071fa-1afb-466e-8d6e-d259d9b7be1c 0.314s
2025-04-15 19:10:50.526 69636 INFO tempest.lib.common.rest_client [req-29df8c78-07f3-4225-9592-a5386bacc0e1 req-29df8c78-07f3-4225-9592-a5386bacc0e1 ] Request (ImagesOneServerNegativeTestJSON:setUpClass): 200 GET http://10.180.1.21/compute/v2.1/servers/6ab24fb4-7b96-47ad-a951-40a856f07f72 0.392s
2025-04-15 19:10:50.570 69620 INFO tempest.lib.common.rest_client [req-5ba0c2aa-c767-4131-bbb4-80c4f891cda6 req-5ba0c2aa-c767-4131-bbb4-80c4f891cda6 ] Request (MultipleCreateNegativeTestJSON:tearDownClass): 204 DELETE http://10.180.1.21/identity/v3/projects/3e021a3fb3a24e3c95630bae941595d6 0.106s
2025-04-15 19:10:50.575 69650 INFO tempest.lib.common.rest_client [req-056aaaf7-6ea4-4130-930c-c8deef173cc7 req-056aaaf7-6ea4-4130-930c-c8deef173cc7 ] Request (ServerActionsV293TestJSON:setUpClass): 200 GET http://10.180.1.21/compute/v2.1/servers/fa6b327b-5fd6-4a60-8358-37a612b17ed5 0.339s
2025-04-15 19:10:50.603 69634 INFO tempest.lib.common.rest_client [req-42caebd7-6ba5-400c-84b5-4db5be5e8e77 req-42caebd7-6ba5-400c-84b5-4db5be5e8e77 ] Request (ServerActionsTestOtherB:setUpClass): 200 GET http://10.180.1.21/compute/v2.1/servers/33fff088-d4ce-46e6-9680-c4f4d9dd7f7b 0.361s
2025-04-15 19:10:50.608 69642 INFO tempest.lib.common.rest_client [req-119185ab-182c-42f9-9b03-cc17d9547d70 req-119185ab-182c-42f9-9b03-cc17d9547d70 ] Request (ServersAdmin275Test:tearDownClass): 404 GET http://10.180.1.21/compute/v2.1/servers/a742fa58-5053-4845-83eb-96334a38797a 0.293s
2025-04-15 19:10:50.614 69614 INFO tempest.lib.common.rest_client [req-b3a1df85-b100-4780-a69a-69463a190730 req-b3a1df85-b100-4780-a69a-69463a190730 ] Request (KeyPairsV22TestJSON:test_keypairsv22_create_list_show_with_type): 200 GET http://10.180.1.21/compute/v2.1/os-keypairs 0.250s
2025-04-15 19:10:50.669 69660 INFO tempest.lib.common.rest_client [req-40031c97-0049-45c8-9987-51786bc6a785 req-40031c97-0049-45c8-9987-51786bc6a785 ] Request (ServerAddressesTestJSON:setUpClass): 201 POST http://10.180.1.21/identity/v3/auth/tokens 0.166s
2025-04-15 19:10:50.691 69644 INFO tempest.lib.common.rest_client [req-a7d39371-b4e4-4f90-9016-4a2c92f7cd7b req-a7d39371-b4e4-4f90-9016-4a2c92f7cd7b ] Request (ImagesOneServerTestJSON:tearDownClass): 200 GET http://10.180.1.21/compute/v2.1/servers/22d254b3-b8fd-437f-9799-c77d6d912875 0.322s
2025-04-15 19:10:50.709 69660 INFO tempest.lib.common.rest_client [req-63ae3091-1705-4159-96c9-be3c2a3de847 req-63ae3091-1705-4159-96c9-be3c2a3de847 ] Request (ServerAddressesTestJSON:setUpClass): 201 POST http://10.180.1.21/identity/v3/auth/tokens 0.037s
2025-04-15 19:10:50.709 69660 INFO tempest.lib.common.fixed_network [-] (ServerAddressesTestJSON:setUpClass) Found network {'id': 'c0f25b07-cf89-4b45-920d-0ab6a1f08624', 'name': 'tempest-ServerAddressesTestJSON-1723478306-network', 'tenant_id': 'abb1e0f2e1c64cb3a47daf1e56db0170', 'admin_state_up': True, 'mtu': 8950, 'status': 'ACTIVE', 'subnets': [], 'shared': False, 'project_id': 'abb1e0f2e1c64cb3a47daf1e56db0170', 'port_security_enabled': True, 'router:external': False, 'provider:network_type': 'vlan', 'provider:physical_network': 'default', 'provider:segmentation_id': 639, 'availability_zone_hints': [], 'availability_zones': [], 'ipv4_address_scope': None, 'ipv6_address_scope': None, 'description': '', 'tags': [], 'created_at': '2025-04-15T19:10:47Z', 'updated_at': '2025-04-15T19:10:47Z', 'revision_number': 1} available for tenant
2025-04-15 19:10:50.749 69652 INFO tempest.lib.common.rest_client [req-bda14298-7063-494c-9e32-36d750c86e30 req-bda14298-7063-494c-9e32-36d750c86e30 ] Request (ServersAdminNegativeTestJSON:setUpClass): 200 GET http://10.180.1.21/compute/v2.1/servers/8ab143f5-d2c6-4ced-805a-89fb0ce860b1 0.325s
2025-04-15 19:10:50.754 69642 INFO tempest.lib.common.rest_client [req-dfb3b7fb-cac9-4219-870e-bb04957e21ab req-dfb3b7fb-cac9-4219-870e-bb04957e21ab ] Request (ServersAdmin275Test:tearDownClass): 204 DELETE http://10.180.1.21/identity/v3/users/6bbd40b127f54239b1ed68ca04a128c2 0.145s
2025-04-15 19:10:50.767 69656 INFO tempest.lib.common.rest_client [req-0466a651-befe-40db-a5ca-764f25a40122 req-0466a651-befe-40db-a5ca-764f25a40122 ] Request (ListServerFiltersTestJSON:test_list_servers_filter_by_shutoff_status): 200 GET http://10.180.1.21/compute/v2.1/servers/61c6da84-4ca4-45d2-b573-3280a7b7cdba 0.385s
2025-04-15 19:10:50.796 69608 INFO tempest.lib.common.rest_client [req-7f390c9a-b7cb-4bec-9919-b29a60bbb43e req-7f390c9a-b7cb-4bec-9919-b29a60bbb43e ] Request (ImagesTestJSON:test_create_image_from_suspended_server): 200 GET http://10.180.1.21/compute/v2.1/servers/86664fc5-9d66-4a97-a70e-f979ea7989af 0.330s
2025-04-15 19:10:50.839 69622 INFO tempest.lib.common.rest_client [req-e17dc8c8-8f28-46f1-8add-5120ed3e8b9a req-e17dc8c8-8f28-46f1-8add-5120ed3e8b9a ] Request (ServersTestBootFromVolume:setUpClass): 200 GET http://10.180.1.21/compute/v2.1/servers/0cd1c9c8-22f5-4fef-ad5e-ebf448b075ff 0.354s
2025-04-15 19:10:50.891 69664 INFO tempest.lib.common.rest_client [req-f6c30d86-1e1e-4339-8ee3-2e3bf03ef1e8 req-f6c30d86-1e1e-4339-8ee3-2e3bf03ef1e8 ] Request (ServerDiagnosticsTest:tearDownClass): 200 GET http://10.180.1.21/compute/v2.1/servers/663032db-816b-4c17-bc0b-15ea967f4a8e 0.348s
2025-04-15 19:10:50.892 69642 INFO tempest.lib.common.rest_client [req-cb829852-58fd-4999-9cd6-e4f006562f59 req-cb829852-58fd-4999-9cd6-e4f006562f59 ] Request (ServersAdmin275Test:tearDownClass): 204 DELETE http://10.180.1.21/identity/v3/users/d483abb75beb40af830351860af21f10 0.137s
2025-04-15 19:10:50.892 69642 INFO tempest.lib.common.dynamic_creds [-] Deleting project and security group for project: 2f03f06f693448188548762387a52ded
2025-04-15 19:10:50.925 69606 INFO tempest.lib.common.rest_client [req-4e4a6ea0-bc44-46ac-8171-eee50c0b425c req-4e4a6ea0-bc44-46ac-8171-eee50c0b425c ] Request (DeleteServersTestJSON:test_delete_active_server): 200 GET http://10.180.1.21/compute/v2.1/servers/ceb486ef-93f1-4706-a14e-6b72bf807ba6 0.380s
2025-04-15 19:10:50.945 69614 INFO tempest.lib.common.rest_client [req-ea15bec2-066d-4eec-a971-a7c48fc9b04f req-ea15bec2-066d-4eec-a971-a7c48fc9b04f ] Request (KeyPairsV22TestJSON:_run_cleanups): 204 DELETE http://10.180.1.21/compute/v2.1/os-keypairs/tempest-keypair-1199319049 0.328s
2025-04-15 19:10:50.955 69668 INFO tempest.lib.common.rest_client [req-b8c39d1a-e442-4c22-bbd1-4385088df2a7 req-b8c39d1a-e442-4c22-bbd1-4385088df2a7 ] Request (ServerExternalEventsTest:test_create_server_external_events): 200 GET http://10.180.1.21/compute/v2.1/servers/bf355bcc-9f08-47d9-add7-d5c794770eaa 0.346s
2025-04-15 19:10:50.964 69642 INFO tempest.lib.common.rest_client [req-a3a0961d-639e-4c55-b9af-13a9d6e2998f req-a3a0961d-639e-4c55-b9af-13a9d6e2998f ] Request (ServersAdmin275Test:tearDownClass): 201 POST http://10.180.1.21/identity/v3/auth/tokens 0.072s
2025-04-15 19:10:51.016 69648 INFO tempest.lib.common.rest_client [req-8c511777-425e-4aa3-9370-d18b13040007 req-8c511777-425e-4aa3-9370-d18b13040007 ] Request (SecurityGroupsTestJSON:test_server_security_groups): 200 GET http://10.180.1.21/compute/v2.1/servers/4f9bd637-5c78-4c0a-bd7d-c572595d16a5 0.392s
2025-04-15 19:10:51.060 69614 INFO tempest.lib.common.rest_client [req-c8bb3ba9-6624-45d7-833f-3cf2fe554b97 req-c8bb3ba9-6624-45d7-833f-3cf2fe554b97 ] Request (KeyPairsV22TestJSON:tearDownClass): 204 DELETE http://10.180.1.21/identity/v3/users/b4fd38f9c631421396e041f5d24e1f74 0.111s
2025-04-15 19:10:51.060 69614 INFO tempest.lib.common.dynamic_creds [-] Deleting project and security group for project: 57008962e41e4f148cf68eb1456afe55
2025-04-15 19:10:51.131 69646 INFO tempest.lib.common.rest_client [req-a4ce9c52-9aba-4517-8641-5086b3e6b120 req-a4ce9c52-9aba-4517-8641-5086b3e6b120 ] Request (ServersListShow296Test:test_list_show_update_rebuild_server_296): 200 GET http://10.180.1.21/compute/v2.1/servers/6afbbc09-9ffa-425b-babc-bc287042937f 0.409s
2025-04-15 19:10:51.220 69658 INFO tempest.lib.common.rest_client [req-90815182-07a1-419c-8d3c-85e6a47bbad1 req-90815182-07a1-419c-8d3c-85e6a47bbad1 ] Request (FloatingIPsAssociationNegativeTestJSON:setUpClass): 200 GET http://10.180.1.21/compute/v2.1/servers/a1e62b27-e8ff-4058-bb39-f3619a3335b0 0.413s
2025-04-15 19:10:51.224 69614 INFO tempest.lib.common.rest_client [req-857292d4-9dbb-4f7e-9ab1-41babac9756b req-857292d4-9dbb-4f7e-9ab1-41babac9756b ] Request (KeyPairsV22TestJSON:tearDownClass): 201 POST http://10.180.1.21/identity/v3/auth/tokens 0.164s
2025-04-15 19:10:51.436 69614 INFO tempest.lib.common.rest_client [req-1c7e55d1-9556-4c73-b1bd-b477f9363318 req-1c7e55d1-9556-4c73-b1bd-b477f9363318 ] Request (KeyPairsV22TestJSON:tearDownClass): 200 GET http://10.180.1.21:9696/networking/v2.0/security-groups?tenant_id=57008962e41e4f148cf68eb1456afe55&name=default 0.211s
2025-04-15 19:10:51.474 69642 INFO tempest.lib.common.rest_client [req-9b80097e-d19d-4279-9aaa-39c13033f609 req-9b80097e-d19d-4279-9aaa-39c13033f609 ] Request (ServersAdmin275Test:tearDownClass): 200 GET http://10.180.1.21:9696/networking/v2.0/security-groups?tenant_id=2f03f06f693448188548762387a52ded&name=default 0.509s
2025-04-15 19:10:51.477 69638 INFO tempest.lib.common.rest_client [req-598b7a4e-d0cd-4b77-83c7-bd6709a3e19f req-598b7a4e-d0cd-4b77-83c7-bd6709a3e19f ] Request (MigrationsAdminTest:test_list_migrations_in_flavor_resize_situation): 200 GET http://10.180.1.21/compute/v2.1/servers/19b297d9-f3a5-4ebb-8964-815cd27c5fe9 0.505s
2025-04-15 19:10:51.528 69654 INFO tempest.lib.common.rest_client [req-965b3415-e3cf-475e-b756-a332e9a338ff req-965b3415-e3cf-475e-b756-a332e9a338ff ] Request (DeleteServersAdminTestJSON:test_delete_server_while_in_error_state): 200 GET http://10.180.1.21/compute/v2.1/servers/8ba20081-cf84-4cf8-8928-e0dc6719d518 0.464s
2025-04-15 19:10:51.577 69666 INFO tempest.lib.common.rest_client [req-63d325a2-2b0f-46cb-afdb-69f14045abd6 req-63d325a2-2b0f-46cb-afdb-69f14045abd6 ] Request (ServerMetadataNegativeTestJSON:setUpClass): 200 GET http://10.180.1.21/compute/v2.1/servers/702c536d-1471-4b42-b9af-a23fae9347fd 0.404s
2025-04-15 19:10:51.651 69612 INFO tempest.lib.common.rest_client [req-1a22cc4d-a7a1-4f33-bd6f-5f1ba2383ad0 req-1a22cc4d-a7a1-4f33-bd6f-5f1ba2383ad0 ] Request (ServerTagsTestJSON:setUpClass): 200 GET http://10.180.1.21/compute/v2.1/servers/3c6d72c1-e6c8-416e-9d15-0fc141b7c047 0.390s
2025-04-15 19:10:51.708 69614 INFO tempest.lib.common.rest_client [req-e33014b6-6482-4983-b80e-eb413fc1b9c0 req-e33014b6-6482-4983-b80e-eb413fc1b9c0 ] Request (KeyPairsV22TestJSON:tearDownClass): 204 DELETE http://10.180.1.21:9696/networking/v2.0/security-groups/268c0386-2ca4-4e5e-824f-c9d2f2bbc382 0.271s
2025-04-15 19:10:51.713 69642 INFO tempest.lib.common.rest_client [req-c72ef92b-3ea8-485b-aaa8-1ca3df0d55ac req-c72ef92b-3ea8-485b-aaa8-1ca3df0d55ac ] Request (ServersAdmin275Test:tearDownClass): 204 DELETE http://10.180.1.21:9696/networking/v2.0/security-groups/08d824f2-c77d-4d82-8e37-912153e4c3a2 0.238s
2025-04-15 19:10:51.720 69660 INFO tempest.lib.common.rest_client [req-be081e87-209d-4077-8c64-4eb387d86f72 req-be081e87-209d-4077-8c64-4eb387d86f72 ] Request (ServerAddressesTestJSON:setUpClass): 202 POST http://10.180.1.21/compute/v2.1/servers 1.010s
2025-04-15 19:10:51.723 69624 INFO tempest.lib.common.rest_client [req-0dff064d-5e14-4934-806d-b6c1938fbeed req-0dff064d-5e14-4934-806d-b6c1938fbeed ] Request (MultipleCreateTestJSON:test_multiple_create_with_reservation_return): 200 GET http://10.180.1.21/compute/v2.1/servers/beaa19aa-3578-4a12-ac8b-cdcbddb56ba5 0.383s
2025-04-15 19:10:51.783 69632 INFO tempest.lib.common.rest_client [req-c325b3bc-535a-4175-a9a4-d4d44803921b req-c325b3bc-535a-4175-a9a4-d4d44803921b ] Request (ServerRescueTestJSON:setUpClass): 200 GET http://10.180.1.21/compute/v2.1/servers/601ed800-158d-4bec-a746-1825d79da206 0.329s
2025-04-15 19:10:51.843 69618 INFO tempest.lib.common.rest_client [req-f8a9e42d-b6fc-4b1f-8cc9-f8f1bea94dc2 req-f8a9e42d-b6fc-4b1f-8cc9-f8f1bea94dc2 ] Request (FloatingIPsAssociationTestJSON:test_associate_already_associated_floating_ip): 200 GET http://10.180.1.21/compute/v2.1/servers/a86939ca-f0b8-4d90-a421-6324ef9a89f8 0.494s
2025-04-15 19:10:51.860 69630 INFO tempest.lib.common.rest_client [req-ec5dbbf2-2486-4d1a-983f-40c790be425b req-ec5dbbf2-2486-4d1a-983f-40c790be425b ] Request (ServerAddressesNegativeTestJSON:setUpClass): 200 GET http://10.180.1.21/compute/v2.1/servers/8bc071fa-1afb-466e-8d6e-d259d9b7be1c 0.348s
2025-04-15 19:10:51.862 69642 INFO tempest.lib.common.rest_client [req-fd21e73a-ab61-4d05-a9ea-f208594a3429 req-fd21e73a-ab61-4d05-a9ea-f208594a3429 ] Request (ServersAdmin275Test:tearDownClass): 204 DELETE http://10.180.1.21/identity/v3/projects/2f03f06f693448188548762387a52ded 0.148s
2025-04-15 19:10:51.862 69642 INFO tempest.lib.common.dynamic_creds [-] Deleting project and security group for project: cf829d21092c465fad1e104ee0d601b4
2025-04-15 19:10:51.863 69614 INFO tempest.lib.common.rest_client [req-f4feb421-0a83-4230-8926-aceca482a29e req-f4feb421-0a83-4230-8926-aceca482a29e ] Request (KeyPairsV22TestJSON:tearDownClass): 204 DELETE http://10.180.1.21/identity/v3/projects/57008962e41e4f148cf68eb1456afe55 0.155s
2025-04-15 19:10:51.971 69650 INFO tempest.lib.common.rest_client [req-b4353048-ea0f-49b2-ac04-a45a8149feab req-b4353048-ea0f-49b2-ac04-a45a8149feab ] Request (ServerActionsV293TestJSON:setUpClass): 200 GET http://10.180.1.21/compute/v2.1/servers/fa6b327b-5fd6-4a60-8358-37a612b17ed5 0.379s
2025-04-15 19:10:51.998 69614 INFO tempest.lib.common.rest_client [req-4dad7cc3-bbb7-4bca-8da6-c4d49eb4ad9a req-4dad7cc3-bbb7-4bca-8da6-c4d49eb4ad9a ] Request (ServersTestJSON:setUpClass): 201 POST http://10.180.1.21/identity/v3/auth/tokens 0.132s
2025-04-15 19:10:52.050 69614 INFO tempest.lib.common.rest_client [req-52b7f580-4111-4826-8085-1a9e87a992af req-52b7f580-4111-4826-8085-1a9e87a992af ] Request (ServersTestJSON:setUpClass): 201 POST http://10.180.1.21/identity/v3/auth/tokens 0.050s
2025-04-15 19:10:52.081 69634 INFO tempest.lib.common.rest_client [req-ed7b6d0c-1500-4dbb-8007-4b07d01cd5df req-ed7b6d0c-1500-4dbb-8007-4b07d01cd5df ] Request (ServerActionsTestOtherB:setUpClass): 200 GET http://10.180.1.21/compute/v2.1/servers/33fff088-d4ce-46e6-9680-c4f4d9dd7f7b 0.464s
2025-04-15 19:10:52.092 69614 INFO tempest.lib.common.rest_client [req-f0b9d2e0-d862-42c9-adbb-199d55acf92d req-f0b9d2e0-d862-42c9-adbb-199d55acf92d ] Request (ServersTestJSON:setUpClass): 200 GET http://10.180.1.21/identity/v3/domains?name=Default 0.041s
2025-04-15 19:10:52.100 69642 INFO tempest.lib.common.rest_client [req-ba0125d4-1f2c-40ce-980a-49372c53597a req-ba0125d4-1f2c-40ce-980a-49372c53597a ] Request (ServersAdmin275Test:tearDownClass): 200 GET http://10.180.1.21:9696/networking/v2.0/security-groups?tenant_id=cf829d21092c465fad1e104ee0d601b4&name=default 0.237s
2025-04-15 19:10:52.146 69636 INFO tempest.lib.common.rest_client [req-3ea36379-af73-4290-a465-1831451d7846 req-3ea36379-af73-4290-a465-1831451d7846 ] Request (ImagesOneServerNegativeTestJSON:setUpClass): 200 GET http://10.180.1.21/compute/v2.1/servers/6ab24fb4-7b96-47ad-a951-40a856f07f72 0.612s
2025-04-15 19:10:52.149 69614 INFO tempest.lib.common.rest_client [req-3a616c1c-2ff0-4042-afe3-1dcedfaa6c8f req-3a616c1c-2ff0-4042-afe3-1dcedfaa6c8f ] Request (ServersTestJSON:setUpClass): 201 POST http://10.180.1.21/identity/v3/projects 0.056s
2025-04-15 19:10:52.180 69644 INFO tempest.lib.common.rest_client [req-e57f5107-f916-4911-9167-4ae256485125 req-e57f5107-f916-4911-9167-4ae256485125 ] Request (ImagesOneServerTestJSON:tearDownClass): 200 GET http://10.180.1.21/compute/v2.1/servers/22d254b3-b8fd-437f-9799-c77d6d912875 0.480s
2025-04-15 19:10:52.200 69660 INFO tempest.lib.common.rest_client [req-b47b3b50-ceda-4c9b-8955-01415da540d8 req-b47b3b50-ceda-4c9b-8955-01415da540d8 ] Request (ServerAddressesTestJSON:setUpClass): 200 GET http://10.180.1.21/compute/v2.1/servers/6df206b8-a448-4fe6-b0d2-d2b1e913e997 0.478s
2025-04-15 19:10:52.248 69652 INFO tempest.lib.common.rest_client [req-2b52eba6-94e8-42ac-be03-05b871eb3838 req-2b52eba6-94e8-42ac-be03-05b871eb3838 ] Request (ServersAdminNegativeTestJSON:setUpClass): 200 GET http://10.180.1.21/compute/v2.1/servers/8ab143f5-d2c6-4ced-805a-89fb0ce860b1 0.490s
2025-04-15 19:10:52.280 69642 INFO tempest.lib.common.rest_client [req-f4ee9a54-43be-4b9b-9a2b-c690b39e32bb req-f4ee9a54-43be-4b9b-9a2b-c690b39e32bb ] Request (ServersAdmin275Test:tearDownClass): 204 DELETE http://10.180.1.21:9696/networking/v2.0/security-groups/08d8c55d-834c-48f8-b0a5-6ab33394ab22 0.177s
2025-04-15 19:10:52.305 69614 INFO tempest.lib.common.rest_client [req-a4215634-f958-4619-9cb6-f99ceaa7e4db req-a4215634-f958-4619-9cb6-f99ceaa7e4db ] Request (ServersTestJSON:setUpClass): 201 POST http://10.180.1.21/identity/v3/users 0.156s
2025-04-15 19:10:52.310 69608 INFO tempest.lib.common.rest_client [req-69faf155-6d0c-4c94-96c0-88406ca89b85 req-69faf155-6d0c-4c94-96c0-88406ca89b85 ] Request (ImagesTestJSON:test_create_image_from_suspended_server): 200 GET http://10.180.1.21/compute/v2.1/servers/86664fc5-9d66-4a97-a70e-f979ea7989af 0.503s
2025-04-15 19:10:52.348 69614 INFO tempest.lib.common.rest_client [req-d5bc5990-cb6d-4848-a6f4-1a1958ed3629 req-d5bc5990-cb6d-4848-a6f4-1a1958ed3629 ] Request (ServersTestJSON:setUpClass): 200 GET http://10.180.1.21/identity/v3/roles 0.042s
2025-04-15 19:10:52.359 69656 INFO tempest.lib.common.rest_client [req-322c6d30-755b-447c-adbf-d796d6a05b60 req-322c6d30-755b-447c-adbf-d796d6a05b60 ] Request (ListServerFiltersTestJSON:test_list_servers_filter_by_shutoff_status): 200 GET http://10.180.1.21/compute/v2.1/servers/61c6da84-4ca4-45d2-b573-3280a7b7cdba 0.577s
2025-04-15 19:10:52.410 69622 INFO tempest.lib.common.rest_client [req-444e7634-05ca-43e9-8367-854beaea7f30 req-444e7634-05ca-43e9-8367-854beaea7f30 ] Request (ServersTestBootFromVolume:setUpClass): 200 GET http://10.180.1.21/compute/v2.1/servers/0cd1c9c8-22f5-4fef-ad5e-ebf448b075ff 0.559s
2025-04-15 19:10:52.421 69614 INFO tempest.lib.common.rest_client [req-1015c57a-90e4-4dd7-98a2-3a1820df3857 req-1015c57a-90e4-4dd7-98a2-3a1820df3857 ] Request (ServersTestJSON:setUpClass): 204 PUT http://10.180.1.21/identity/v3/projects/62d8edfd9bf54f18ab23906626c65502/users/4b8f7480985f44f989bab12523bceef4/roles/6751ed7cd5394ed999f3574211baa109 0.072s
2025-04-15 19:10:52.421 69614 INFO tempest.lib.common.dynamic_creds [-] Dynamic test user 4b8f7480985f44f989bab12523bceef4 is created with scope project and roles: ['member']
2025-04-15 19:10:52.422 69614 INFO tempest.lib.common.dynamic_creds [-] Acquired dynamic creds: credentials: Credentials: {'domain_id': 'default', 'domain_name': 'Default', 'username': 'tempest-ServersTestJSON-1469381086-project-member', 'project_domain_id': 'default', 'project_domain_name': 'Default', 'project_id': '62d8edfd9bf54f18ab23906626c65502', 'project_name': 'tempest-ServersTestJSON-1469381086', 'tenant_id': '62d8edfd9bf54f18ab23906626c65502', 'tenant_name': 'tempest-ServersTestJSON-1469381086', 'user_domain_id': 'default', 'user_domain_name': 'Default', 'user_id': '4b8f7480985f44f989bab12523bceef4', 'system': None}, Network: None, Subnet: None, Router: None
2025-04-15 19:10:52.442 69606 INFO tempest.lib.common.rest_client [req-6354594e-3cc0-467b-9bd0-c77f0d921c36 req-6354594e-3cc0-467b-9bd0-c77f0d921c36 ] Request (DeleteServersTestJSON:test_delete_active_server): 404 GET http://10.180.1.21/compute/v2.1/servers/ceb486ef-93f1-4706-a14e-6b72bf807ba6 0.507s
2025-04-15 19:10:52.472 69642 INFO tempest.lib.common.rest_client [req-16d9f5af-3167-4ba8-84ab-b9cc28b903f9 req-16d9f5af-3167-4ba8-84ab-b9cc28b903f9 ] Request (ServersAdmin275Test:tearDownClass): 204 DELETE http://10.180.1.21/identity/v3/projects/cf829d21092c465fad1e104ee0d601b4 0.192s
2025-04-15 19:10:52.503 69614 INFO tempest.lib.common.rest_client [req-cf63cefb-200a-411e-b4d0-8e07231c003e req-cf63cefb-200a-411e-b4d0-8e07231c003e ] Request (ServersTestJSON:setUpClass): 201 POST http://10.180.1.21/identity/v3/auth/tokens 0.081s
2025-04-15 19:10:52.530 69642 INFO tempest.lib.common.rest_client [req-2bd51aeb-9b1a-4ccf-863c-b864b4bf0235 req-2bd51aeb-9b1a-4ccf-863c-b864b4bf0235 ] Request (SecurityGroupsNegativeTestJSON:setUpClass): 201 POST http://10.180.1.21/identity/v3/auth/tokens 0.056s
2025-04-15 19:10:52.539 69668 INFO tempest.lib.common.rest_client [req-9d026bda-bad8-4a2b-ab2e-6af4af492092 req-9d026bda-bad8-4a2b-ab2e-6af4af492092 ] Request (ServerExternalEventsTest:test_create_server_external_events): 200 GET http://10.180.1.21/compute/v2.1/servers/bf355bcc-9f08-47d9-add7-d5c794770eaa 0.573s
2025-04-15 19:10:52.545 69664 INFO tempest.lib.common.rest_client [req-cdad2dc0-6454-4839-ae33-7ff36dfddce2 req-cdad2dc0-6454-4839-ae33-7ff36dfddce2 ] Request (ServerDiagnosticsTest:tearDownClass): 200 GET http://10.180.1.21/compute/v2.1/servers/663032db-816b-4c17-bc0b-15ea967f4a8e 0.643s
2025-04-15 19:10:52.552 69606 INFO tempest.lib.common.rest_client [req-7879de79-c5bf-4cdc-b24b-3d059ae53bc4 req-7879de79-c5bf-4cdc-b24b-3d059ae53bc4 ] Request (DeleteServersTestJSON:test_delete_server_while_in_attached_volume): 201 POST http://10.180.1.21/identity/v3/auth/tokens 0.095s
2025-04-15 19:10:52.553 69606 INFO tempest.lib.common.fixed_network [-] (DeleteServersTestJSON:test_delete_server_while_in_attached_volume) Found network {'id': '3aec6227-70fd-4c37-abac-c961e3c9a313', 'name': 'tempest-DeleteServersTestJSON-1915814826-network', 'tenant_id': '009f1f361a294ee5b59f3e7e5c6ec4b0', 'admin_state_up': True, 'mtu': 8950, 'status': 'ACTIVE', 'subnets': [], 'shared': False, 'project_id': '009f1f361a294ee5b59f3e7e5c6ec4b0', 'port_security_enabled': True, 'router:external': False, 'provider:network_type': 'vlan', 'provider:physical_network': 'default', 'provider:segmentation_id': 809, 'availability_zone_hints': [], 'availability_zones': [], 'ipv4_address_scope': None, 'ipv6_address_scope': None, 'description': '', 'tags': [], 'created_at': '2025-04-15T19:09:23Z', 'updated_at': '2025-04-15T19:09:23Z', 'revision_number': 1} available for tenant
2025-04-15 19:10:52.580 69642 INFO tempest.lib.common.rest_client [req-362b213d-a3e4-43b1-bd15-cd213b6bd98c req-362b213d-a3e4-43b1-bd15-cd213b6bd98c ] Request (SecurityGroupsNegativeTestJSON:setUpClass): 201 POST http://10.180.1.21/identity/v3/auth/tokens 0.046s
2025-04-15 19:10:52.609 69642 INFO tempest.lib.common.rest_client [req-d7496ee7-1186-4dd3-93ae-f484a06e9024 req-d7496ee7-1186-4dd3-93ae-f484a06e9024 ] Request (SecurityGroupsNegativeTestJSON:setUpClass): 200 GET http://10.180.1.21/identity/v3/domains?name=Default 0.029s
2025-04-15 19:10:52.624 69648 INFO tempest.lib.common.rest_client [req-d748ec55-67a0-44bb-9ed6-5bc38bb14f5b req-d748ec55-67a0-44bb-9ed6-5bc38bb14f5b ] Request (SecurityGroupsTestJSON:test_server_security_groups): 200 GET http://10.180.1.21/compute/v2.1/servers/4f9bd637-5c78-4c0a-bd7d-c572595d16a5 0.599s
2025-04-15 19:10:52.638 69646 INFO tempest.lib.common.rest_client [req-578236f5-5b3c-44b4-9935-9e6ed7c358e2 req-578236f5-5b3c-44b4-9935-9e6ed7c358e2 ] Request (ServersListShow296Test:test_list_show_update_rebuild_server_296): 200 GET http://10.180.1.21/compute/v2.1/servers/6afbbc09-9ffa-425b-babc-bc287042937f 0.492s
2025-04-15 19:10:52.666 69642 INFO tempest.lib.common.rest_client [req-bb081dc7-6cb7-4a3d-95f3-26242d7f1d75 req-bb081dc7-6cb7-4a3d-95f3-26242d7f1d75 ] Request (SecurityGroupsNegativeTestJSON:setUpClass): 201 POST http://10.180.1.21/identity/v3/projects 0.056s
2025-04-15 19:10:52.680 69658 INFO tempest.lib.common.rest_client [req-7614d667-7fb3-443d-bd0b-39439fbf94a3 req-7614d667-7fb3-443d-bd0b-39439fbf94a3 ] Request (FloatingIPsAssociationNegativeTestJSON:setUpClass): 200 GET http://10.180.1.21/compute/v2.1/servers/a1e62b27-e8ff-4058-bb39-f3619a3335b0 0.446s
2025-04-15 19:10:52.728 69654 INFO tempest.lib.common.rest_client [req-56c97d86-819b-4539-abad-025694a58301 req-56c97d86-819b-4539-abad-025694a58301 ] Request (DeleteServersAdminTestJSON:test_delete_server_while_in_error_state): 200 GET http://10.180.1.21/compute/v2.1/servers/8ba20081-cf84-4cf8-8928-e0dc6719d518 0.192s
2025-04-15 19:10:52.751 69642 INFO tempest.lib.common.rest_client [req-28389ea3-8d9f-4a9f-acc6-7e011ae150ec req-28389ea3-8d9f-4a9f-acc6-7e011ae150ec ] Request (SecurityGroupsNegativeTestJSON:setUpClass): 201 POST http://10.180.1.21/identity/v3/users 0.085s
2025-04-15 19:10:52.780 69642 INFO tempest.lib.common.rest_client [req-adfefb0e-75c5-4f4a-86e4-6203c405353a req-adfefb0e-75c5-4f4a-86e4-6203c405353a ] Request (SecurityGroupsNegativeTestJSON:setUpClass): 200 GET http://10.180.1.21/identity/v3/roles 0.028s
2025-04-15 19:10:52.817 69638 INFO tempest.lib.common.rest_client [req-d3c92bab-8644-4af0-87c6-4a2b64863137 req-d3c92bab-8644-4af0-87c6-4a2b64863137 ] Request (MigrationsAdminTest:test_list_migrations_in_flavor_resize_situation): 200 GET http://10.180.1.21/compute/v2.1/servers/19b297d9-f3a5-4ebb-8964-815cd27c5fe9 0.332s
2025-04-15 19:10:52.847 69642 INFO tempest.lib.common.rest_client [req-b0ceb0ce-9e7a-403d-a00d-4cd2c9ee2825 req-b0ceb0ce-9e7a-403d-a00d-4cd2c9ee2825 ] Request (SecurityGroupsNegativeTestJSON:setUpClass): 204 PUT http://10.180.1.21/identity/v3/projects/10d507c344094d6f96506fe5d639af12/users/14ab83d726d74908a7636797564840a1/roles/6751ed7cd5394ed999f3574211baa109 0.067s
2025-04-15 19:10:52.848 69642 INFO tempest.lib.common.dynamic_creds [-] Dynamic test user 14ab83d726d74908a7636797564840a1 is created with scope project and roles: ['member']
2025-04-15 19:10:52.848 69642 INFO tempest.lib.common.dynamic_creds [-] Acquired dynamic creds: credentials: Credentials: {'domain_id': 'default', 'domain_name': 'Default', 'username': 'tempest-SecurityGroupsNegativeTestJSON-1608890594-project-member', 'project_domain_id': 'default', 'project_domain_name': 'Default', 'project_id': '10d507c344094d6f96506fe5d639af12', 'project_name': 'tempest-SecurityGroupsNegativeTestJSON-1608890594', 'tenant_id': '10d507c344094d6f96506fe5d639af12', 'tenant_name': 'tempest-SecurityGroupsNegativeTestJSON-1608890594', 'user_domain_id': 'default', 'user_domain_name': 'Default', 'user_id': '14ab83d726d74908a7636797564840a1', 'system': None}, Network: None, Subnet: None, Router: None
2025-04-15 19:10:52.877 69666 INFO tempest.lib.common.rest_client [req-0bb98c14-fe4d-4b3f-be00-22cf4502edee req-0bb98c14-fe4d-4b3f-be00-22cf4502edee ] Request (ServerMetadataNegativeTestJSON:setUpClass): 200 GET http://10.180.1.21/compute/v2.1/servers/702c536d-1471-4b42-b9af-a23fae9347fd 0.276s
2025-04-15 19:10:52.947 69642 INFO tempest.lib.common.rest_client [req-358c7328-34ad-480f-aaba-eedfee807177 req-358c7328-34ad-480f-aaba-eedfee807177 ] Request (SecurityGroupsNegativeTestJSON:setUpClass): 201 POST http://10.180.1.21/identity/v3/auth/tokens 0.099s
2025-04-15 19:10:52.955 69612 INFO tempest.lib.common.rest_client [req-7831897b-ea02-4595-ae56-4073242c6fde req-7831897b-ea02-4595-ae56-4073242c6fde ] Request (ServerTagsTestJSON:setUpClass): 200 GET http://10.180.1.21/compute/v2.1/servers/3c6d72c1-e6c8-416e-9d15-0fc141b7c047 0.294s
2025-04-15 19:10:52.990 69614 INFO tempest.lib.common.rest_client [req-fb625317-2dc4-48eb-b054-aa2542ab211d req-fb625317-2dc4-48eb-b054-aa2542ab211d ] Request (ServersTestJSON:setUpClass): 201 POST http://10.180.1.21:9696/networking/v2.0/networks 0.486s
2025-04-15 19:10:53.054 69624 INFO tempest.lib.common.rest_client [req-2968802b-c1ce-45b3-b069-14323e70b753 req-2968802b-c1ce-45b3-b069-14323e70b753 ] Request (MultipleCreateTestJSON:test_multiple_create_with_reservation_return): 200 GET http://10.180.1.21/compute/v2.1/servers/beaa19aa-3578-4a12-ac8b-cdcbddb56ba5 0.321s
2025-04-15 19:10:53.141 69632 INFO tempest.lib.common.rest_client [req-32ec2279-397e-4c8a-b5c9-8789a9fa01d5 req-32ec2279-397e-4c8a-b5c9-8789a9fa01d5 ] Request (ServerRescueTestJSON:setUpClass): 200 GET http://10.180.1.21/compute/v2.1/servers/601ed800-158d-4bec-a746-1825d79da206 0.350s
2025-04-15 19:10:53.316 69618 INFO tempest.lib.common.rest_client [req-26c23e1f-8e7f-4aa0-8ead-f2acc3eabee3 req-26c23e1f-8e7f-4aa0-8ead-f2acc3eabee3 ] Request (FloatingIPsAssociationTestJSON:test_associate_already_associated_floating_ip): 200 GET http://10.180.1.21/compute/v2.1/servers/a86939ca-f0b8-4d90-a421-6324ef9a89f8 0.457s
2025-04-15 19:10:53.363 69606 INFO tempest.lib.common.rest_client [req-7e215b17-c23a-4028-b8fa-badd6346b971 req-7e215b17-c23a-4028-b8fa-badd6346b971 ] Request (DeleteServersTestJSON:test_delete_server_while_in_attached_volume): 202 POST http://10.180.1.21/compute/v2.1/servers 0.810s
2025-04-15 19:10:53.440 69630 INFO tempest.lib.common.rest_client [req-7d8c798b-005e-45c8-8fe2-bf5e34007303 req-7d8c798b-005e-45c8-8fe2-bf5e34007303 ] Request (ServerAddressesNegativeTestJSON:setUpClass): 200 GET http://10.180.1.21/compute/v2.1/servers/8bc071fa-1afb-466e-8d6e-d259d9b7be1c 0.567s
2025-04-15 19:10:53.458 69650 INFO tempest.lib.common.rest_client [req-107a8fea-a149-4e27-8118-c82c7f71719b req-107a8fea-a149-4e27-8118-c82c7f71719b ] Request (ServerActionsV293TestJSON:setUpClass): 200 GET http://10.180.1.21/compute/v2.1/servers/fa6b327b-5fd6-4a60-8358-37a612b17ed5 0.473s
2025-04-15 19:10:53.530 69634 INFO tempest.lib.common.rest_client [req-09233452-130f-4d89-a762-95cd2df4ef25 req-09233452-130f-4d89-a762-95cd2df4ef25 ] Request (ServerActionsTestOtherB:setUpClass): 200 GET http://10.180.1.21/compute/v2.1/servers/33fff088-d4ce-46e6-9680-c4f4d9dd7f7b 0.440s
2025-04-15 19:10:53.576 69642 INFO tempest.lib.common.rest_client [req-235c995d-b412-4782-8b41-433d2c067361 req-235c995d-b412-4782-8b41-433d2c067361 ] Request (SecurityGroupsNegativeTestJSON:setUpClass): 201 POST http://10.180.1.21:9696/networking/v2.0/networks 0.629s
2025-04-15 19:10:53.644 69644 INFO tempest.lib.common.rest_client [req-5067b5a5-532d-4fe0-8726-b4994d1adb96 req-5067b5a5-532d-4fe0-8726-b4994d1adb96 ] Request (ImagesOneServerTestJSON:tearDownClass): 200 GET http://10.180.1.21/compute/v2.1/servers/22d254b3-b8fd-437f-9799-c77d6d912875 0.455s
2025-04-15 19:10:53.651 69614 INFO tempest.lib.common.rest_client [req-c3b4a7d2-7092-4c87-a10a-e2c888d47f77 req-c3b4a7d2-7092-4c87-a10a-e2c888d47f77 ] Request (ServersTestJSON:setUpClass): 201 POST http://10.180.1.21:9696/networking/v2.0/subnets 0.661s
2025-04-15 19:10:53.653 69636 INFO tempest.lib.common.rest_client [req-c4662ae2-2d02-42e8-a117-de863a64f995 req-c4662ae2-2d02-42e8-a117-de863a64f995 ] Request (ImagesOneServerNegativeTestJSON:setUpClass): 200 GET http://10.180.1.21/compute/v2.1/servers/6ab24fb4-7b96-47ad-a951-40a856f07f72 0.496s
2025-04-15 19:10:53.667 69616 WARNING tempest.lib.common.ssh [-] Failed to establish authenticated ssh connection to cirros@10.180.180.159 ([Errno None] Unable to connect to port 22 on 10.180.180.159). Number attempts: 4. Retry after 5 seconds.: paramiko.ssh_exception.NoValidConnectionsError: [Errno None] Unable to connect to port 22 on 10.180.180.159
2025-04-15 19:10:53.735 69652 INFO tempest.lib.common.rest_client [req-6b1a8b25-b47a-4746-bb9c-fee0f8f4761b req-6b1a8b25-b47a-4746-bb9c-fee0f8f4761b ] Request (ServersAdminNegativeTestJSON:setUpClass): 200 GET http://10.180.1.21/compute/v2.1/servers/8ab143f5-d2c6-4ced-805a-89fb0ce860b1 0.478s
2025-04-15 19:10:53.736 69660 INFO tempest.lib.common.rest_client [req-b4e3db65-077e-4572-a60a-188635870019 req-b4e3db65-077e-4572-a60a-188635870019 ] Request (ServerAddressesTestJSON:setUpClass): 200 GET http://10.180.1.21/compute/v2.1/servers/6df206b8-a448-4fe6-b0d2-d2b1e913e997 0.525s
2025-04-15 19:10:53.798 69608 INFO tempest.lib.common.rest_client [req-ebea9a08-5e85-4f68-ad6d-a550a6521695 req-ebea9a08-5e85-4f68-ad6d-a550a6521695 ] Request (ImagesTestJSON:test_create_image_from_suspended_server): 200 GET http://10.180.1.21/compute/v2.1/servers/86664fc5-9d66-4a97-a70e-f979ea7989af 0.473s
2025-04-15 19:10:53.803 69606 INFO tempest.lib.common.rest_client [req-6a9183c4-1576-48b2-8528-c1f07f4968b4 req-6a9183c4-1576-48b2-8528-c1f07f4968b4 ] Request (DeleteServersTestJSON:test_delete_server_while_in_attached_volume): 200 GET http://10.180.1.21/compute/v2.1/servers/4ff609df-07c8-420f-8eec-e89c33a51a33 0.438s
2025-04-15 19:10:53.885 69622 INFO tempest.lib.common.rest_client [req-3480140a-76a6-4644-a176-2544af78f53a req-3480140a-76a6-4644-a176-2544af78f53a ] Request (ServersTestBootFromVolume:setUpClass): 200 GET http://10.180.1.21/compute/v2.1/servers/0cd1c9c8-22f5-4fef-ad5e-ebf448b075ff 0.465s
2025-04-15 19:10:53.948 69656 INFO tempest.lib.common.rest_client [req-a20baf61-93d1-4240-ba2d-074abf566dc8 req-a20baf61-93d1-4240-ba2d-074abf566dc8 ] Request (ListServerFiltersTestJSON:test_list_servers_filter_by_shutoff_status): 200 GET http://10.180.1.21/compute/v2.1/servers/61c6da84-4ca4-45d2-b573-3280a7b7cdba 0.580s
2025-04-15 19:10:53.957 69656 INFO tempest.common.waiters [-] State transition "SHUTOFF/powering-on" ==> "ACTIVE/None" after 4 second wait
2025-04-15 19:10:53.964 69668 INFO tempest.lib.common.rest_client [req-5366c8c0-a3f6-491a-8d9a-9d4560a8b713 req-5366c8c0-a3f6-491a-8d9a-9d4560a8b713 ] Request (ServerExternalEventsTest:test_create_server_external_events): 200 GET http://10.180.1.21/compute/v2.1/servers/bf355bcc-9f08-47d9-add7-d5c794770eaa 0.411s
2025-04-15 19:10:54.030 69648 INFO tempest.lib.common.rest_client [req-e3cc04ae-aad8-446e-974f-af6debcf3680 req-e3cc04ae-aad8-446e-974f-af6debcf3680 ] Request (SecurityGroupsTestJSON:test_server_security_groups): 200 GET http://10.180.1.21/compute/v2.1/servers/4f9bd637-5c78-4c0a-bd7d-c572595d16a5 0.396s
2025-04-15 19:10:54.030 69664 INFO tempest.lib.common.rest_client [req-e34e57e5-2b8e-4823-828c-9d99bdd0134f req-e34e57e5-2b8e-4823-828c-9d99bdd0134f ] Request (ServerDiagnosticsTest:tearDownClass): 200 GET http://10.180.1.21/compute/v2.1/servers/663032db-816b-4c17-bc0b-15ea967f4a8e 0.476s
2025-04-15 19:10:54.111 69642 INFO tempest.lib.common.rest_client [req-412edd09-d240-4557-a6fc-62b3fbde2daf req-412edd09-d240-4557-a6fc-62b3fbde2daf ] Request (SecurityGroupsNegativeTestJSON:setUpClass): 201 POST http://10.180.1.21:9696/networking/v2.0/subnets 0.534s
2025-04-15 19:10:54.127 69658 INFO tempest.lib.common.rest_client [req-26c6fa05-38f1-48bf-8789-6c731c2d3a50 req-26c6fa05-38f1-48bf-8789-6c731c2d3a50 ] Request (FloatingIPsAssociationNegativeTestJSON:setUpClass): 200 GET http://10.180.1.21/compute/v2.1/servers/a1e62b27-e8ff-4058-bb39-f3619a3335b0 0.439s
2025-04-15 19:10:54.141 69646 INFO tempest.lib.common.rest_client [req-d2488bda-c998-408f-86c2-cdbbd1d23dcc req-d2488bda-c998-408f-86c2-cdbbd1d23dcc ] Request (ServersListShow296Test:test_list_show_update_rebuild_server_296): 200 GET http://10.180.1.21/compute/v2.1/servers/6afbbc09-9ffa-425b-babc-bc287042937f 0.487s
2025-04-15 19:10:54.222 69654 INFO tempest.lib.common.rest_client [req-4e59f8dc-a91d-4165-856f-9aa9c6fba8e4 req-4e59f8dc-a91d-4165-856f-9aa9c6fba8e4 ] Request (DeleteServersAdminTestJSON:test_delete_server_while_in_error_state): 200 GET http://10.180.1.21/compute/v2.1/servers/8ba20081-cf84-4cf8-8928-e0dc6719d518 0.483s
2025-04-15 19:10:54.317 69666 INFO tempest.lib.common.rest_client [req-b301fa78-1a33-43b5-b145-511bc4addd9d req-b301fa78-1a33-43b5-b145-511bc4addd9d ] Request (ServerMetadataNegativeTestJSON:setUpClass): 200 GET http://10.180.1.21/compute/v2.1/servers/702c536d-1471-4b42-b9af-a23fae9347fd 0.427s
2025-04-15 19:10:54.330 69656 INFO tempest.lib.common.rest_client [req-a41a7091-d318-43d0-bdab-70419b58b4c8 req-a41a7091-d318-43d0-bdab-70419b58b4c8 ] Request (ListServerFiltersTestJSON:test_list_servers_filter_by_zero_limit): 200 GET http://10.180.1.21/compute/v2.1/servers?limit=0 0.370s
2025-04-15 19:10:54.398 69638 INFO tempest.lib.common.rest_client [req-53858061-620d-4ec8-a744-e2dd0d0d045c req-53858061-620d-4ec8-a744-e2dd0d0d045c ] Request (MigrationsAdminTest:test_list_migrations_in_flavor_resize_situation): 200 GET http://10.180.1.21/compute/v2.1/servers/19b297d9-f3a5-4ebb-8964-815cd27c5fe9 0.569s
2025-04-15 19:10:54.421 69612 INFO tempest.lib.common.rest_client [req-469a22ab-da82-4e4a-aba2-a183196c030d req-469a22ab-da82-4e4a-aba2-a183196c030d ] Request (ServerTagsTestJSON:setUpClass): 200 GET http://10.180.1.21/compute/v2.1/servers/3c6d72c1-e6c8-416e-9d15-0fc141b7c047 0.444s
2025-04-15 19:10:54.470 69624 INFO tempest.lib.common.rest_client [req-936c52b2-ffce-4c14-827c-8e3f6adae149 req-936c52b2-ffce-4c14-827c-8e3f6adae149 ] Request (MultipleCreateTestJSON:test_multiple_create_with_reservation_return): 200 GET http://10.180.1.21/compute/v2.1/servers/beaa19aa-3578-4a12-ac8b-cdcbddb56ba5 0.406s
2025-04-15 19:10:54.486 69632 INFO tempest.lib.common.rest_client [req-c2d9d63f-1fa2-4763-9003-09500afe5251 req-c2d9d63f-1fa2-4763-9003-09500afe5251 ] Request (ServerRescueTestJSON:setUpClass): 200 GET http://10.180.1.21/compute/v2.1/servers/601ed800-158d-4bec-a746-1825d79da206 0.335s
2025-04-15 19:10:54.630 69656 INFO tempest.lib.common.rest_client [req-43182620-fbcd-4795-8674-13ac81add737 req-43182620-fbcd-4795-8674-13ac81add737 ] Request (ListServerFiltersTestJSON:test_list_servers_filtered_by_ip): 200 GET http://10.180.1.21/compute/v2.1/servers/61c6da84-4ca4-45d2-b573-3280a7b7cdba 0.297s
2025-04-15 19:10:54.646 69618 INFO tempest.lib.common.rest_client [req-793cfd3d-6757-4527-a0f6-0d97aaf3df92 req-793cfd3d-6757-4527-a0f6-0d97aaf3df92 ] Request (FloatingIPsAssociationTestJSON:test_associate_already_associated_floating_ip): 200 GET http://10.180.1.21/compute/v2.1/servers/a86939ca-f0b8-4d90-a421-6324ef9a89f8 0.318s
2025-04-15 19:10:54.692 69630 INFO tempest.lib.common.rest_client [req-6b1eef83-ca62-410c-9d72-762127488fcc req-6b1eef83-ca62-410c-9d72-762127488fcc ] Request (ServerAddressesNegativeTestJSON:setUpClass): 200 GET http://10.180.1.21/compute/v2.1/servers/8bc071fa-1afb-466e-8d6e-d259d9b7be1c 0.240s
2025-04-15 19:10:54.705 69650 INFO tempest.lib.common.rest_client [req-0d1c7311-a630-441e-9eda-f35dc1c3a044 req-0d1c7311-a630-441e-9eda-f35dc1c3a044 ] Request (ServerActionsV293TestJSON:setUpClass): 200 GET http://10.180.1.21/compute/v2.1/servers/fa6b327b-5fd6-4a60-8358-37a612b17ed5 0.232s
2025-04-15 19:10:54.750 69634 INFO tempest.lib.common.rest_client [req-2ce92eab-6a59-449e-8644-a6ee8064517a req-2ce92eab-6a59-449e-8644-a6ee8064517a ] Request (ServerActionsTestOtherB:setUpClass): 200 GET http://10.180.1.21/compute/v2.1/servers/33fff088-d4ce-46e6-9680-c4f4d9dd7f7b 0.211s
2025-04-15 19:10:54.812 69644 INFO tempest.lib.common.rest_client [req-4da0e640-eb4b-469b-86ee-374584d78679 req-4da0e640-eb4b-469b-86ee-374584d78679 ] Request (ImagesOneServerTestJSON:tearDownClass): 200 GET http://10.180.1.21/compute/v2.1/servers/22d254b3-b8fd-437f-9799-c77d6d912875 0.156s
2025-04-15 19:10:54.870 69656 INFO tempest.lib.common.rest_client [req-3b6bb86f-3839-49f8-bb8b-9bd8d892aa6a req-3b6bb86f-3839-49f8-bb8b-9bd8d892aa6a ] Request (ListServerFiltersTestJSON:test_list_servers_filtered_by_ip): 200 GET http://10.180.1.21/compute/v2.1/servers/137d5236-472a-494b-91a6-5a76844f2d17 0.227s
2025-04-15 19:10:54.931 69660 INFO tempest.lib.common.rest_client [req-2cdc5bbd-bbf8-48d8-afc4-7748883270cd req-2cdc5bbd-bbf8-48d8-afc4-7748883270cd ] Request (ServerAddressesTestJSON:setUpClass): 200 GET http://10.180.1.21/compute/v2.1/servers/6df206b8-a448-4fe6-b0d2-d2b1e913e997 0.183s
2025-04-15 19:10:54.990 69652 INFO tempest.lib.common.rest_client [req-22c08591-cb63-476b-be65-e94fac3c1b17 req-22c08591-cb63-476b-be65-e94fac3c1b17 ] Request (ServersAdminNegativeTestJSON:setUpClass): 200 GET http://10.180.1.21/compute/v2.1/servers/8ab143f5-d2c6-4ced-805a-89fb0ce860b1 0.238s
2025-04-15 19:10:55.008 69614 INFO tempest.lib.common.rest_client [req-1f113a98-164c-4a46-8a6c-f0d4b80245b4 req-1f113a98-164c-4a46-8a6c-f0d4b80245b4 ] Request (ServersTestJSON:setUpClass): 201 POST http://10.180.1.21:9696/networking/v2.0/routers 1.356s
2025-04-15 19:10:55.153 69636 INFO tempest.lib.common.rest_client [req-2d26258c-28bb-4214-b1bb-885c0669cb8d req-2d26258c-28bb-4214-b1bb-885c0669cb8d ] Request (ImagesOneServerNegativeTestJSON:setUpClass): 200 GET http://10.180.1.21/compute/v2.1/servers/6ab24fb4-7b96-47ad-a951-40a856f07f72 0.491s
2025-04-15 19:10:55.161 69636 INFO tempest.common.waiters [-] State transition "BUILD/spawning" ==> "ACTIVE/None" after 70 second wait
2025-04-15 19:10:55.209 69606 INFO tempest.lib.common.rest_client [req-b614503d-ba5c-4b7d-beb2-8ccdae65c129 req-b614503d-ba5c-4b7d-beb2-8ccdae65c129 ] Request (DeleteServersTestJSON:test_delete_server_while_in_attached_volume): 200 GET http://10.180.1.21/compute/v2.1/servers/4ff609df-07c8-420f-8eec-e89c33a51a33 0.394s
2025-04-15 19:10:55.282 69608 INFO tempest.lib.common.rest_client [req-6c247398-4b7a-4d31-883e-6dfb8c7b5d70 req-6c247398-4b7a-4d31-883e-6dfb8c7b5d70 ] Request (ImagesTestJSON:test_create_image_from_suspended_server): 200 GET http://10.180.1.21/compute/v2.1/servers/86664fc5-9d66-4a97-a70e-f979ea7989af 0.476s
2025-04-15 19:10:55.335 69642 INFO tempest.lib.common.rest_client [req-166dbd1e-2407-42aa-8242-1db050a12dbe req-166dbd1e-2407-42aa-8242-1db050a12dbe ] Request (SecurityGroupsNegativeTestJSON:setUpClass): 201 POST http://10.180.1.21:9696/networking/v2.0/routers 1.223s
2025-04-15 19:10:55.337 69656 INFO tempest.lib.common.rest_client [req-0d0fa3b5-6fc3-47fb-895a-57bb6d3d6a63 req-0d0fa3b5-6fc3-47fb-895a-57bb6d3d6a63 ] Request (ListServerFiltersTestJSON:test_list_servers_filtered_by_ip): 200 GET http://10.180.1.21/compute/v2.1/servers/029595d0-bfcd-4785-8ce6-771cd77f8a7c 0.460s
2025-04-15 19:10:55.377 69622 INFO tempest.lib.common.rest_client [req-036cf4b2-0077-44d5-a4e9-1f2a77cead0b req-036cf4b2-0077-44d5-a4e9-1f2a77cead0b ] Request (ServersTestBootFromVolume:setUpClass): 200 GET http://10.180.1.21/compute/v2.1/servers/0cd1c9c8-22f5-4fef-ad5e-ebf448b075ff 0.483s
2025-04-15 19:10:55.390 69668 INFO tempest.lib.common.rest_client [req-0c60adbb-cc20-4c7e-840c-956063284e37 req-0c60adbb-cc20-4c7e-840c-956063284e37 ] Request (ServerExternalEventsTest:test_create_server_external_events): 200 GET http://10.180.1.21/compute/v2.1/servers/bf355bcc-9f08-47d9-add7-d5c794770eaa 0.415s
2025-04-15 19:10:55.397 69668 INFO tempest.common.waiters [-] State transition "BUILD/None" ==> "BUILD/networking" after 62 second wait
2025-04-15 19:10:55.446 69648 INFO tempest.lib.common.rest_client [req-c21f0b92-4f1e-4d6d-a55e-a441dd59d089 req-c21f0b92-4f1e-4d6d-a55e-a441dd59d089 ] Request (SecurityGroupsTestJSON:test_server_security_groups): 200 GET http://10.180.1.21/compute/v2.1/servers/4f9bd637-5c78-4c0a-bd7d-c572595d16a5 0.402s
2025-04-15 19:10:55.460 69664 INFO tempest.lib.common.rest_client [req-153af43b-628f-419e-abc3-1233bfad1663 req-153af43b-628f-419e-abc3-1233bfad1663 ] Request (ServerDiagnosticsTest:tearDownClass): 200 GET http://10.180.1.21/compute/v2.1/servers/663032db-816b-4c17-bc0b-15ea967f4a8e 0.421s
2025-04-15 19:10:55.510 69658 INFO tempest.lib.common.rest_client [req-0a6b517a-2e58-4304-ad2c-7ab3527c72ec req-0a6b517a-2e58-4304-ad2c-7ab3527c72ec ] Request (FloatingIPsAssociationNegativeTestJSON:setUpClass): 200 GET http://10.180.1.21/compute/v2.1/servers/a1e62b27-e8ff-4058-bb39-f3619a3335b0 0.372s
2025-04-15 19:10:55.542 69646 INFO tempest.lib.common.rest_client [req-8008623b-1ae7-4436-a865-aa15c9a29c1e req-8008623b-1ae7-4436-a865-aa15c9a29c1e ] Request (ServersListShow296Test:test_list_show_update_rebuild_server_296): 200 GET http://10.180.1.21/compute/v2.1/servers/6afbbc09-9ffa-425b-babc-bc287042937f 0.386s
2025-04-15 19:10:55.615 69654 INFO tempest.lib.common.rest_client [req-aa115475-ac23-4838-9528-5fe5b2d119e6 req-aa115475-ac23-4838-9528-5fe5b2d119e6 ] Request (DeleteServersAdminTestJSON:test_delete_server_while_in_error_state): 200 GET http://10.180.1.21/compute/v2.1/servers/8ba20081-cf84-4cf8-8928-e0dc6719d518 0.378s
2025-04-15 19:10:55.646 69636 INFO tempest.lib.common.rest_client [req-8f2b5114-57c4-4328-a9c9-212a7534b1e5 req-8f2b5114-57c4-4328-a9c9-212a7534b1e5 ] Request (ImagesOneServerNegativeTestJSON:setUp): 200 GET http://10.180.1.21/compute/v2.1/servers/6ab24fb4-7b96-47ad-a951-40a856f07f72 0.484s
2025-04-15 19:10:55.686 69666 INFO tempest.lib.common.rest_client [req-57bf6b4f-bb68-4a24-baaa-1a50a79ac71d req-57bf6b4f-bb68-4a24-baaa-1a50a79ac71d ] Request (ServerMetadataNegativeTestJSON:setUpClass): 200 GET http://10.180.1.21/compute/v2.1/servers/702c536d-1471-4b42-b9af-a23fae9347fd 0.352s
2025-04-15 19:10:55.810 69656 INFO tempest.lib.common.rest_client [req-684e9c7c-fc70-472a-ba17-7764d10481a0 req-684e9c7c-fc70-472a-ba17-7764d10481a0 ] Request (ListServerFiltersTestJSON:test_list_servers_filtered_by_ip): 200 GET http://10.180.1.21/compute/v2.1/servers?ip=192.168.128.14 0.466s
2025-04-15 19:10:55.858 69638 INFO tempest.lib.common.rest_client [req-12e56681-8803-40c6-a344-66a0d93bbe02 req-12e56681-8803-40c6-a344-66a0d93bbe02 ] Request (MigrationsAdminTest:test_list_migrations_in_flavor_resize_situation): 200 GET http://10.180.1.21/compute/v2.1/servers/19b297d9-f3a5-4ebb-8964-815cd27c5fe9 0.449s
2025-04-15 19:10:55.862 69612 INFO tempest.lib.common.rest_client [req-1ba00faf-1681-4802-9a3e-2915321c2ca9 req-1ba00faf-1681-4802-9a3e-2915321c2ca9 ] Request (ServerTagsTestJSON:setUpClass): 200 GET http://10.180.1.21/compute/v2.1/servers/3c6d72c1-e6c8-416e-9d15-0fc141b7c047 0.420s
