2025-04-15 19:11:14.669 69664 INFO tempest.lib.common.rest_client [req-98ba3a10-4df1-4bc0-bfa7-90c437fd7daa req-98ba3a10-4df1-4bc0-bfa7-90c437fd7daa ] Request (ServerDiagnosticsTest:tearDownClass): 200 GET http://10.180.1.21/compute/v2.1/servers/663032db-816b-4c17-bc0b-15ea967f4a8e 0.196s
2025-04-15 19:11:14.700 69644 INFO tempest.lib.common.rest_client [req-6937590d-1623-48e0-a6f8-3eae6206d7f8 req-6937590d-1623-48e0-a6f8-3eae6206d7f8 ] Request (InstanceActionsTestJSON:setUpClass): 201 POST http://10.180.1.21/identity/v3/auth/tokens 0.040s
2025-04-15 19:11:14.700 69644 INFO tempest.lib.common.fixed_network [-] (InstanceActionsTestJSON:setUpClass) Found network {'id': '0b082ad6-52a5-45d9-95c1-0abd2d976131', 'name': 'tempest-InstanceActionsTestJSON-824235310-network', 'tenant_id': 'fcee9080de174da6babcf67f29896ced', 'admin_state_up': True, 'mtu': 8950, 'status': 'ACTIVE', 'subnets': [], 'shared': False, 'project_id': 'fcee9080de174da6babcf67f29896ced', 'port_security_enabled': True, 'router:external': False, 'provider:network_type': 'vlan', 'provider:physical_network': 'default', 'provider:segmentation_id': 768, 'availability_zone_hints': [], 'availability_zones': [], 'ipv4_address_scope': None, 'ipv6_address_scope': None, 'description': '', 'tags': [], 'created_at': '2025-04-15T19:11:12Z', 'updated_at': '2025-04-15T19:11:12Z', 'revision_number': 1} available for tenant
2025-04-15 19:11:14.719 69654 INFO tempest.lib.common.rest_client [req-2f7efbf6-1d94-40f0-8e86-cba9b5326810 req-2f7efbf6-1d94-40f0-8e86-cba9b5326810 ] Request (DeleteServersAdminTestJSON:test_delete_server_while_in_error_state): 200 GET http://10.180.1.21/compute/v2.1/servers/8ba20081-cf84-4cf8-8928-e0dc6719d518 0.215s
2025-04-15 19:11:14.728 69632 INFO tempest.lib.common.rest_client [req-68ea901b-e39d-404c-bc00-7a5f8293b777 req-68ea901b-e39d-404c-bc00-7a5f8293b777 ] Request (ServerRescueTestJSON:setUpClass): 200 GET http://10.180.1.21/compute/v2.1/servers/601ed800-158d-4bec-a746-1825d79da206 0.153s
2025-04-15 19:11:14.844 69612 INFO tempest.lib.common.rest_client [req-d1b461ed-8172-49ea-98c7-fdbf06db2eec req-d1b461ed-8172-49ea-98c7-fdbf06db2eec ] Request (ServerTagsTestJSON:setUpClass): 200 GET http://10.180.1.21/compute/v2.1/servers/3c6d72c1-e6c8-416e-9d15-0fc141b7c047 0.178s
2025-04-15 19:11:14.907 69614 INFO tempest.lib.common.rest_client [req-853f4c9a-2289-4d68-9ef8-7c18cd619411 req-853f4c9a-2289-4d68-9ef8-7c18cd619411 ] Request (ServersTestJSON:test_create_server_specify_multibyte_character_name): 200 GET http://10.180.1.21/compute/v2.1/servers/20dc03e1-62af-45fa-bc82-3f81c8a1fba5 0.140s
2025-04-15 19:11:14.977 69642 INFO tempest.lib.common.rest_client [req-b585c8f1-1311-484d-90f2-17379ee5ef0c req-b585c8f1-1311-484d-90f2-17379ee5ef0c ] Request (ServersTestFqdnHostnames:test_create_server_with_fqdn_name): 200 GET http://10.180.1.21/compute/v2.1/servers/47493890-3a5e-4f5e-a1fd-f6be17648fc9 0.145s
2025-04-15 19:11:15.118 69644 INFO tempest.lib.common.rest_client [req-c581c161-4b3e-45b3-8989-274a289cf8e3 req-c581c161-4b3e-45b3-8989-274a289cf8e3 ] Request (InstanceActionsTestJSON:setUpClass): 202 POST http://10.180.1.21/compute/v2.1/servers 0.417s
2025-04-15 19:11:15.160 69658 INFO tempest.lib.common.rest_client [req-09561e23-2fa4-4cc4-986d-938825f2708f req-09561e23-2fa4-4cc4-986d-938825f2708f ] Request (FloatingIPsAssociationNegativeTestJSON:setUpClass): 200 GET http://10.180.1.21/compute/v2.1/servers/a1e62b27-e8ff-4058-bb39-f3619a3335b0 0.266s
2025-04-15 19:11:15.191 69636 INFO tempest.lib.common.rest_client [req-4be3aa61-70f3-4edd-b972-341be41d48b4 req-4be3aa61-70f3-4edd-b972-341be41d48b4 ] Request (ImagesOneServerNegativeTestJSON:_run_cleanups): 200 GET http://10.180.1.21/compute/v2.1/servers/6ab24fb4-7b96-47ad-a951-40a856f07f72 0.294s
2025-04-15 19:11:15.247 69630 INFO tempest.lib.common.rest_client [req-94f41e35-b922-407d-9bad-cbd1789c5e75 req-94f41e35-b922-407d-9bad-cbd1789c5e75 ] Request (ServerAddressesNegativeTestJSON:setUpClass): 200 GET http://10.180.1.21/compute/v2.1/servers/8bc071fa-1afb-466e-8d6e-d259d9b7be1c 0.274s
2025-04-15 19:11:15.254 69646 INFO tempest.lib.common.rest_client [req-7e727cc0-9a01-4bcd-89b9-38dca15b393d req-7e727cc0-9a01-4bcd-89b9-38dca15b393d ] Request (ServersListShow296Test:test_list_show_update_rebuild_server_296): 200 GET http://10.180.1.21/compute/v2.1/servers/6afbbc09-9ffa-425b-babc-bc287042937f 0.283s
2025-04-15 19:11:15.271 69646 INFO tempest.common.waiters [-] State transition "REBUILD/rebuilding" ==> "REBUILD/rebuild_block_device_mapping" after 3 second wait
2025-04-15 19:11:15.300 69650 INFO tempest.lib.common.rest_client [req-bd3fff57-9b5a-4088-82df-237110f8e78a req-bd3fff57-9b5a-4088-82df-237110f8e78a ] Request (ServerActionsV293TestJSON:setUpClass): 200 PUT http://10.180.1.21:9696/networking/v2.0/floatingips/83b6dd27-afca-4273-be1c-687f7dd77928 0.651s
2025-04-15 19:11:15.321 69668 INFO tempest.lib.common.rest_client [req-85badf07-1dbc-49bf-88e6-9fd2e4b00007 req-85badf07-1dbc-49bf-88e6-9fd2e4b00007 ] Request (ServerExternalEventsTest:tearDownClass): 200 GET http://10.180.1.21/compute/v2.1/servers/bf355bcc-9f08-47d9-add7-d5c794770eaa 0.281s
2025-04-15 19:11:15.329 69618 INFO tempest.lib.common.rest_client [req-dd154ea2-1a63-4b10-8deb-a971f5309df0 req-dd154ea2-1a63-4b10-8deb-a971f5309df0 ] Request (FloatingIPsAssociationTestJSON:tearDownClass): 200 GET http://10.180.1.21/compute/v2.1/servers/a86939ca-f0b8-4d90-a421-6324ef9a89f8 0.293s
2025-04-15 19:11:15.371 69624 INFO tempest.lib.common.rest_client [req-4c5149f5-f5f6-4967-918f-34b2f5a1a144 req-4c5149f5-f5f6-4967-918f-34b2f5a1a144 ] Request (MultipleCreateTestJSON:test_multiple_create_with_reservation_return): 200 GET http://10.180.1.21/compute/v2.1/servers/beaa19aa-3578-4a12-ac8b-cdcbddb56ba5 0.284s
2025-04-15 19:11:15.379 69644 INFO tempest.lib.common.rest_client [req-625852ee-4a7c-47ae-bef3-d2424834f178 req-625852ee-4a7c-47ae-bef3-d2424834f178 ] Request (InstanceActionsTestJSON:setUpClass): 200 GET http://10.180.1.21/compute/v2.1/servers/a5b586bb-eb9b-4ed5-8c26-8a59f63eead4 0.259s
2025-04-15 19:11:15.440 69634 INFO tempest.lib.common.rest_client [req-81def9ed-923f-4f1b-8bdf-190e495fe82b req-81def9ed-923f-4f1b-8bdf-190e495fe82b ] Request (ServerActionsTestOtherB:setUpClass): 200 GET http://10.180.1.21/compute/v2.1/servers/33fff088-d4ce-46e6-9680-c4f4d9dd7f7b 0.291s
2025-04-15 19:11:15.528 69660 INFO tempest.lib.common.rest_client [req-5871a082-c36c-45aa-9ab1-f0274b8a8ac8 req-5871a082-c36c-45aa-9ab1-f0274b8a8ac8 ] Request (ServerAddressesTestJSON:setUpClass): 200 GET http://10.180.1.21/compute/v2.1/servers/6df206b8-a448-4fe6-b0d2-d2b1e913e997 0.309s
2025-04-15 19:11:15.535 69638 INFO tempest.lib.common.rest_client [req-4c141b7a-4427-4ddb-bd33-cf5f42568f7b req-4c141b7a-4427-4ddb-bd33-cf5f42568f7b ] Request (MigrationsAdminTest:test_list_migrations_in_flavor_resize_situation): 200 GET http://10.180.1.21/compute/v2.1/servers/19b297d9-f3a5-4ebb-8964-815cd27c5fe9 0.342s
2025-04-15 19:11:15.612 69652 INFO tempest.lib.common.rest_client [req-50d70e37-1f15-4ed7-a848-42b5e7369782 req-50d70e37-1f15-4ed7-a848-42b5e7369782 ] Request (ServersAdminNegativeTestJSON:setUpClass): 200 GET http://10.180.1.21/compute/v2.1/servers/8ab143f5-d2c6-4ced-805a-89fb0ce860b1 0.359s
2025-04-15 19:11:15.685 69650 INFO tempest.lib.common.rest_client [req-02a9f247-200d-4076-b9e9-a92e3d406786 req-02a9f247-200d-4076-b9e9-a92e3d406786 ] Request (ServerActionsV293TestJSON:test_rebuild_volume_backed_server): 200 GET http://10.180.1.21/compute/v2.1/servers/fa6b327b-5fd6-4a60-8358-37a612b17ed5 0.384s
2025-04-15 19:11:15.690 69662 INFO tempest.lib.common.rest_client [req-f198403e-e3db-41d1-ac75-369522b27946 req-f198403e-e3db-41d1-ac75-369522b27946 ] Request (ServerDiagnosticsV248Test:tearDownClass): 200 GET http://10.180.1.21/compute/v2.1/servers/0b300c8b-226e-4cfc-8a57-78234de65ef0 0.389s
2025-04-15 19:11:15.744 69650 INFO tempest.lib.common.rest_client [req-7e3090df-685c-4d60-98db-d50b37413120 req-7e3090df-685c-4d60-98db-d50b37413120 ] Request (ServerActionsV293TestJSON:test_rebuild_volume_backed_server): 200 GET http://10.180.1.21/volume/v3/volumes/e5ab885b-90ce-413f-8f2f-ee642b97f024 0.046s
2025-04-15 19:11:15.755 69650 INFO tempest.lib.common.ssh [-] Creating ssh connection to '10.180.180.180:22' as 'cirros' with public key authentication
2025-04-15 19:11:15.758 69622 INFO tempest.lib.common.rest_client [req-caa8c48b-88d4-4ff8-8c03-94a9c847f7f0 req-caa8c48b-88d4-4ff8-8c03-94a9c847f7f0 ] Request (ServersTestBootFromVolume:setUpClass): 200 GET http://10.180.1.21/compute/v2.1/servers/0cd1c9c8-22f5-4fef-ad5e-ebf448b075ff 0.332s
2025-04-15 19:11:15.758 69656 INFO tempest.lib.common.rest_client [req-f4746c8c-7abe-43d2-ad67-1437557e84f2 req-f4746c8c-7abe-43d2-ad67-1437557e84f2 ] Request (ListServerFiltersTestJSON:tearDownClass): 200 GET http://10.180.1.21/compute/v2.1/servers/029595d0-bfcd-4785-8ce6-771cd77f8a7c 0.383s
2025-04-15 19:11:15.819 69606 INFO tempest.lib.common.rest_client [req-76058b58-cd59-4373-a3c7-1a21384a991a req-76058b58-cd59-4373-a3c7-1a21384a991a ] Request (DeleteServersTestJSON:test_delete_server_while_in_attached_volume): 200 GET http://10.180.1.21/compute/v2.1/servers/4ff609df-07c8-420f-8eec-e89c33a51a33 0.338s
2025-04-15 19:11:15.824 69666 INFO tempest.lib.common.rest_client [req-4ded46ce-b3ad-40e7-8be1-b5c29be7a83f req-4ded46ce-b3ad-40e7-8be1-b5c29be7a83f ] Request (ServerMetadataNegativeTestJSON:tearDownClass): 200 GET http://10.180.1.21/compute/v2.1/servers/702c536d-1471-4b42-b9af-a23fae9347fd 0.298s
2025-04-15 19:11:15.883 69648 INFO tempest.lib.common.rest_client [req-773bed0a-e065-4e9e-9ba2-c9d3475f4536 req-773bed0a-e065-4e9e-9ba2-c9d3475f4536 ] Request (SecurityGroupsTestJSON:test_server_security_groups): 200 GET http://10.180.1.21/compute/v2.1/servers/4f9bd637-5c78-4c0a-bd7d-c572595d16a5 0.339s
2025-04-15 19:11:15.916 69608 INFO tempest.lib.common.rest_client [req-99d0e1ff-e6e1-46f2-9034-97607109de8b req-99d0e1ff-e6e1-46f2-9034-97607109de8b ] Request (ImagesTestJSON:test_create_image_from_suspended_server): 200 GET http://10.180.1.21/compute/v2.1/servers/86664fc5-9d66-4a97-a70e-f979ea7989af 0.310s
2025-04-15 19:11:15.953 69664 INFO tempest.lib.common.rest_client [req-6fdd0dff-8c53-4714-8ee5-1f3f8e124bc6 req-6fdd0dff-8c53-4714-8ee5-1f3f8e124bc6 ] Request (ServerDiagnosticsTest:tearDownClass): 200 GET http://10.180.1.21/compute/v2.1/servers/663032db-816b-4c17-bc0b-15ea967f4a8e 0.276s
2025-04-15 19:11:16.002 69654 INFO tempest.lib.common.rest_client [req-6ee08506-60bb-4917-89da-b2bd8919950a req-6ee08506-60bb-4917-89da-b2bd8919950a ] Request (DeleteServersAdminTestJSON:test_delete_server_while_in_error_state): 200 GET http://10.180.1.21/compute/v2.1/servers/8ba20081-cf84-4cf8-8928-e0dc6719d518 0.268s
2025-04-15 19:11:16.006 69632 INFO tempest.lib.common.rest_client [req-71ab749c-b006-477f-a837-b0a224e2b0bb req-71ab749c-b006-477f-a837-b0a224e2b0bb ] Request (ServerRescueTestJSON:setUpClass): 200 GET http://10.180.1.21/compute/v2.1/servers/601ed800-158d-4bec-a746-1825d79da206 0.269s
2025-04-15 19:11:16.010 69654 INFO tempest.common.waiters [-] State transition "BUILD/None" ==> "BUILD/networking" after 65 second wait
2025-04-15 19:11:16.055 69614 INFO tempest.lib.common.rest_client [req-2055b10d-8bde-483f-8a9c-4fdfdeda551e req-2055b10d-8bde-483f-8a9c-4fdfdeda551e ] Request (ServersTestJSON:test_create_server_specify_multibyte_character_name): 200 GET http://10.180.1.21/compute/v2.1/servers/20dc03e1-62af-45fa-bc82-3f81c8a1fba5 0.139s
2025-04-15 19:11:16.100 69642 INFO tempest.lib.common.rest_client [req-3266ab94-0ba6-4a55-897a-4ef4002d950c req-3266ab94-0ba6-4a55-897a-4ef4002d950c ] Request (ServersTestFqdnHostnames:test_create_server_with_fqdn_name): 200 GET http://10.180.1.21/compute/v2.1/servers/47493890-3a5e-4f5e-a1fd-f6be17648fc9 0.113s
2025-04-15 19:11:16.106 69612 INFO tempest.lib.common.rest_client [req-f868ef0b-ac4e-4bc1-9b9b-54294a632d55 req-f868ef0b-ac4e-4bc1-9b9b-54294a632d55 ] Request (ServerTagsTestJSON:setUpClass): 200 GET http://10.180.1.21/compute/v2.1/servers/3c6d72c1-e6c8-416e-9d15-0fc141b7c047 0.250s
2025-04-15 19:11:16.265 69658 INFO tempest.lib.common.rest_client [req-2b083f09-792c-47e3-8e79-20e33b14975b req-2b083f09-792c-47e3-8e79-20e33b14975b ] Request (FloatingIPsAssociationNegativeTestJSON:setUpClass): 200 GET http://10.180.1.21/compute/v2.1/servers/a1e62b27-e8ff-4058-bb39-f3619a3335b0 0.092s
2025-04-15 19:11:16.276 69636 INFO tempest.lib.common.rest_client [req-5432089b-2c61-404c-8a0b-ffc9d856b03a req-5432089b-2c61-404c-8a0b-ffc9d856b03a ] Request (ImagesOneServerNegativeTestJSON:_run_cleanups): 200 GET http://10.180.1.21/compute/v2.1/servers/6ab24fb4-7b96-47ad-a951-40a856f07f72 0.075s
2025-04-15 19:11:16.316 69630 INFO tempest.lib.common.rest_client [req-63ded480-9ffb-499f-be42-eea6b0551faf req-63ded480-9ffb-499f-be42-eea6b0551faf ] Request (ServerAddressesNegativeTestJSON:setUpClass): 200 GET http://10.180.1.21/compute/v2.1/servers/8bc071fa-1afb-466e-8d6e-d259d9b7be1c 0.054s
2025-04-15 19:11:16.346 69646 INFO tempest.lib.common.rest_client [req-beb410d7-9235-4011-b14f-44e13d3cdf34 req-beb410d7-9235-4011-b14f-44e13d3cdf34 ] Request (ServersListShow296Test:test_list_show_update_rebuild_server_296): 200 GET http://10.180.1.21/compute/v2.1/servers/6afbbc09-9ffa-425b-babc-bc287042937f 0.074s
2025-04-15 19:11:16.356 69646 INFO tempest.common.waiters [-] State transition "REBUILD/rebuild_block_device_mapping" ==> "REBUILD/rebuild_spawning" after 4 second wait
2025-04-15 19:11:16.410 69668 INFO tempest.lib.common.rest_client [req-fae2a684-72f2-4c38-9f29-c29500bec73d req-fae2a684-72f2-4c38-9f29-c29500bec73d ] Request (ServerExternalEventsTest:tearDownClass): 200 GET http://10.180.1.21/compute/v2.1/servers/bf355bcc-9f08-47d9-add7-d5c794770eaa 0.079s
2025-04-15 19:11:16.419 69618 INFO tempest.lib.common.rest_client [req-e47dbfe7-1328-43d3-b4b4-e8f7c2fc9733 req-e47dbfe7-1328-43d3-b4b4-e8f7c2fc9733 ] Request (FloatingIPsAssociationTestJSON:tearDownClass): 200 GET http://10.180.1.21/compute/v2.1/servers/a86939ca-f0b8-4d90-a421-6324ef9a89f8 0.080s
2025-04-15 19:11:16.478 69624 INFO tempest.lib.common.rest_client [req-c44c47ed-ad8b-48e5-b6de-1ae63d83113a req-c44c47ed-ad8b-48e5-b6de-1ae63d83113a ] Request (MultipleCreateTestJSON:test_multiple_create_with_reservation_return): 200 GET http://10.180.1.21/compute/v2.1/servers/beaa19aa-3578-4a12-ac8b-cdcbddb56ba5 0.094s
2025-04-15 19:11:16.491 69644 INFO tempest.lib.common.rest_client [req-86eeefc9-b3c3-43d9-8c75-32449edc9d4c req-86eeefc9-b3c3-43d9-8c75-32449edc9d4c ] Request (InstanceActionsTestJSON:setUpClass): 200 GET http://10.180.1.21/compute/v2.1/servers/a5b586bb-eb9b-4ed5-8c26-8a59f63eead4 0.097s
2025-04-15 19:11:16.530 69634 INFO tempest.lib.common.rest_client [req-698360c8-e4a7-4286-b6e0-9a5949b5c7a3 req-698360c8-e4a7-4286-b6e0-9a5949b5c7a3 ] Request (ServerActionsTestOtherB:setUpClass): 200 GET http://10.180.1.21/compute/v2.1/servers/33fff088-d4ce-46e6-9680-c4f4d9dd7f7b 0.080s
2025-04-15 19:11:16.596 69660 INFO tempest.lib.common.rest_client [req-c89c93c7-e413-42f3-95d4-8500ebf916b9 req-c89c93c7-e413-42f3-95d4-8500ebf916b9 ] Request (ServerAddressesTestJSON:setUpClass): 200 GET http://10.180.1.21/compute/v2.1/servers/6df206b8-a448-4fe6-b0d2-d2b1e913e997 0.060s
2025-04-15 19:11:16.686 69638 INFO tempest.lib.common.rest_client [req-842283fd-a0ca-4342-b7d7-529b3d58dc86 req-842283fd-a0ca-4342-b7d7-529b3d58dc86 ] Request (MigrationsAdminTest:test_list_migrations_in_flavor_resize_situation): 200 GET http://10.180.1.21/compute/v2.1/servers/19b297d9-f3a5-4ebb-8964-815cd27c5fe9 0.141s
2025-04-15 19:11:16.699 69652 INFO tempest.lib.common.rest_client [req-5578f8cf-94b4-44c0-84f5-f89ada7182a4 req-5578f8cf-94b4-44c0-84f5-f89ada7182a4 ] Request (ServersAdminNegativeTestJSON:setUpClass): 200 GET http://10.180.1.21/compute/v2.1/servers/8ab143f5-d2c6-4ced-805a-89fb0ce860b1 0.069s
2025-04-15 19:11:16.764 69662 INFO tempest.lib.common.rest_client [req-5cb047c8-67ee-4d70-8be9-02c9c0e7aa75 req-5cb047c8-67ee-4d70-8be9-02c9c0e7aa75 ] Request (ServerDiagnosticsV248Test:tearDownClass): 200 GET http://10.180.1.21/compute/v2.1/servers/0b300c8b-226e-4cfc-8a57-78234de65ef0 0.063s
2025-04-15 19:11:16.835 69622 INFO tempest.lib.common.rest_client [req-1af23583-cce9-4529-b47d-7d2696bec190 req-1af23583-cce9-4529-b47d-7d2696bec190 ] Request (ServersTestBootFromVolume:setUpClass): 200 GET http://10.180.1.21/compute/v2.1/servers/0cd1c9c8-22f5-4fef-ad5e-ebf448b075ff 0.070s
2025-04-15 19:11:16.845 69656 INFO tempest.lib.common.rest_client [req-b3cc4da7-25a8-406e-82f6-c8f1ed20af22 req-b3cc4da7-25a8-406e-82f6-c8f1ed20af22 ] Request (ListServerFiltersTestJSON:tearDownClass): 200 GET http://10.180.1.21/compute/v2.1/servers/029595d0-bfcd-4785-8ce6-771cd77f8a7c 0.072s
2025-04-15 19:11:16.900 69606 INFO tempest.lib.common.rest_client [req-98c1e936-cf67-4f0b-a1b0-9f7d753b6ae4 req-98c1e936-cf67-4f0b-a1b0-9f7d753b6ae4 ] Request (DeleteServersTestJSON:test_delete_server_while_in_attached_volume): 200 GET http://10.180.1.21/compute/v2.1/servers/4ff609df-07c8-420f-8eec-e89c33a51a33 0.063s
2025-04-15 19:11:16.904 69666 INFO tempest.lib.common.rest_client [req-3563ec2e-bf67-437d-ba19-42a996a07a25 req-3563ec2e-bf67-437d-ba19-42a996a07a25 ] Request (ServerMetadataNegativeTestJSON:tearDownClass): 200 GET http://10.180.1.21/compute/v2.1/servers/702c536d-1471-4b42-b9af-a23fae9347fd 0.063s
2025-04-15 19:11:16.912 69666 INFO tempest.common.waiters [-] State transition "ACTIVE/deleting" ==> "DELETED/None" after 3 second wait
2025-04-15 19:11:16.976 69648 INFO tempest.lib.common.rest_client [req-0d7a5f1b-d592-4c94-8878-c79a546007bd req-0d7a5f1b-d592-4c94-8878-c79a546007bd ] Request (SecurityGroupsTestJSON:test_server_security_groups): 200 GET http://10.180.1.21/compute/v2.1/servers/4f9bd637-5c78-4c0a-bd7d-c572595d16a5 0.077s
2025-04-15 19:11:16.986 69608 INFO tempest.lib.common.rest_client [req-1abfb51d-a7fb-4e3a-ad32-f0c38e0438ac req-1abfb51d-a7fb-4e3a-ad32-f0c38e0438ac ] Request (ImagesTestJSON:test_create_image_from_suspended_server): 200 GET http://10.180.1.21/compute/v2.1/servers/86664fc5-9d66-4a97-a70e-f979ea7989af 0.055s
2025-04-15 19:11:17.035 69664 INFO tempest.lib.common.rest_client [req-095f7e61-2a22-462a-a8ad-44cddc626a84 req-095f7e61-2a22-462a-a8ad-44cddc626a84 ] Request (ServerDiagnosticsTest:tearDownClass): 200 GET http://10.180.1.21/compute/v2.1/servers/663032db-816b-4c17-bc0b-15ea967f4a8e 0.068s
2025-04-15 19:11:17.083 69632 INFO tempest.lib.common.rest_client [req-dfe84a94-f99d-461b-a416-1c6172fe03b0 req-dfe84a94-f99d-461b-a416-1c6172fe03b0 ] Request (ServerRescueTestJSON:setUpClass): 200 GET http://10.180.1.21/compute/v2.1/servers/601ed800-158d-4bec-a746-1825d79da206 0.066s
2025-04-15 19:11:17.130 69614 INFO tempest.lib.common.rest_client [req-a0a567d4-f90b-4a34-a684-f7b52f3d9b36 req-a0a567d4-f90b-4a34-a684-f7b52f3d9b36 ] Request (ServersTestJSON:test_create_server_specify_multibyte_character_name): 200 GET http://10.180.1.21/compute/v2.1/servers/20dc03e1-62af-45fa-bc82-3f81c8a1fba5 0.067s
2025-04-15 19:11:17.143 69654 INFO tempest.lib.common.rest_client [req-c7874b93-1e30-4182-a306-d82c35f0ccbd req-c7874b93-1e30-4182-a306-d82c35f0ccbd ] Request (DeleteServersAdminTestJSON:test_delete_server_while_in_error_state): 200 GET http://10.180.1.21/compute/v2.1/servers/8ba20081-cf84-4cf8-8928-e0dc6719d518 0.132s
2025-04-15 19:11:17.150 69654 INFO tempest.common.waiters [-] State transition "BUILD/networking" ==> "BUILD/block_device_mapping" after 66 second wait
2025-04-15 19:11:17.179 69642 INFO tempest.lib.common.rest_client [req-a793e80a-c94f-428d-8b73-0ccd092b7495 req-a793e80a-c94f-428d-8b73-0ccd092b7495 ] Request (ServersTestFqdnHostnames:test_create_server_with_fqdn_name): 200 GET http://10.180.1.21/compute/v2.1/servers/47493890-3a5e-4f5e-a1fd-f6be17648fc9 0.070s
2025-04-15 19:11:17.230 69612 INFO tempest.lib.common.rest_client [req-15b85870-4dcd-41e4-9c09-80e67a3293a3 req-15b85870-4dcd-41e4-9c09-80e67a3293a3 ] Request (ServerTagsTestJSON:setUpClass): 200 GET http://10.180.1.21/compute/v2.1/servers/3c6d72c1-e6c8-416e-9d15-0fc141b7c047 0.114s
2025-04-15 19:11:17.342 69636 INFO tempest.lib.common.rest_client [req-e878c065-947e-48a5-82c4-1b8beea069a0 req-e878c065-947e-48a5-82c4-1b8beea069a0 ] Request (ImagesOneServerNegativeTestJSON:_run_cleanups): 200 GET http://10.180.1.21/compute/v2.1/servers/6ab24fb4-7b96-47ad-a951-40a856f07f72 0.058s
2025-04-15 19:11:17.374 69658 INFO tempest.lib.common.rest_client [req-664a6e92-3975-4575-bb11-da3712a7ef09 req-664a6e92-3975-4575-bb11-da3712a7ef09 ] Request (FloatingIPsAssociationNegativeTestJSON:setUpClass): 200 GET http://10.180.1.21/compute/v2.1/servers/a1e62b27-e8ff-4058-bb39-f3619a3335b0 0.099s
2025-04-15 19:11:17.381 69658 INFO tempest.common.waiters [-] State transition "BUILD/spawning" ==> "ACTIVE/None" after 68 second wait
2025-04-15 19:11:17.386 69630 INFO tempest.lib.common.rest_client [req-a4666d5d-910e-47d3-a86b-8ce76744d199 req-a4666d5d-910e-47d3-a86b-8ce76744d199 ] Request (ServerAddressesNegativeTestJSON:setUpClass): 200 GET http://10.180.1.21/compute/v2.1/servers/8bc071fa-1afb-466e-8d6e-d259d9b7be1c 0.056s
2025-04-15 19:11:17.427 69646 INFO tempest.lib.common.rest_client [req-7f6a2074-fb68-42a0-9b77-1aea4cec0b2c req-7f6a2074-fb68-42a0-9b77-1aea4cec0b2c ] Request (ServersListShow296Test:test_list_show_update_rebuild_server_296): 200 GET http://10.180.1.21/compute/v2.1/servers/6afbbc09-9ffa-425b-babc-bc287042937f 0.070s
2025-04-15 19:11:17.477 69668 INFO tempest.lib.common.rest_client [req-771b8f5d-536d-4699-9a4e-c1bf62615778 req-771b8f5d-536d-4699-9a4e-c1bf62615778 ] Request (ServerExternalEventsTest:tearDownClass): 200 GET http://10.180.1.21/compute/v2.1/servers/bf355bcc-9f08-47d9-add7-d5c794770eaa 0.059s
2025-04-15 19:11:17.526 69618 INFO tempest.lib.common.rest_client [req-64dfa4d5-776e-4195-a809-117ccbdb91ac req-64dfa4d5-776e-4195-a809-117ccbdb91ac ] Request (FloatingIPsAssociationTestJSON:tearDownClass): 200 GET http://10.180.1.21/compute/v2.1/servers/a86939ca-f0b8-4d90-a421-6324ef9a89f8 0.098s
2025-04-15 19:11:17.570 69624 INFO tempest.lib.common.rest_client [req-f708cbc3-e563-465a-a62b-3dbc9e71c6a6 req-f708cbc3-e563-465a-a62b-3dbc9e71c6a6 ] Request (MultipleCreateTestJSON:test_multiple_create_with_reservation_return): 200 GET http://10.180.1.21/compute/v2.1/servers/beaa19aa-3578-4a12-ac8b-cdcbddb56ba5 0.083s
2025-04-15 19:11:17.632 69644 INFO tempest.lib.common.rest_client [req-6500fd19-ef9f-4a8b-a7ba-784452381e58 req-6500fd19-ef9f-4a8b-a7ba-784452381e58 ] Request (InstanceActionsTestJSON:setUpClass): 200 GET http://10.180.1.21/compute/v2.1/servers/a5b586bb-eb9b-4ed5-8c26-8a59f63eead4 0.130s
2025-04-15 19:11:17.676 69634 INFO tempest.lib.common.rest_client [req-b3c6be00-d031-447b-9055-5756f409d613 req-b3c6be00-d031-447b-9055-5756f409d613 ] Request (ServerActionsTestOtherB:setUpClass): 200 GET http://10.180.1.21/compute/v2.1/servers/33fff088-d4ce-46e6-9680-c4f4d9dd7f7b 0.134s
2025-04-15 19:11:17.723 69660 INFO tempest.lib.common.rest_client [req-fa28ae15-2cf3-43a5-8ba2-4a691be452be req-fa28ae15-2cf3-43a5-8ba2-4a691be452be ] Request (ServerAddressesTestJSON:setUpClass): 200 GET http://10.180.1.21/compute/v2.1/servers/6df206b8-a448-4fe6-b0d2-d2b1e913e997 0.119s
2025-04-15 19:11:17.813 69638 INFO tempest.lib.common.rest_client [req-8a5d2d7c-256d-491d-a812-f1df85b9438c req-8a5d2d7c-256d-491d-a812-f1df85b9438c ] Request (MigrationsAdminTest:test_list_migrations_in_flavor_resize_situation): 200 GET http://10.180.1.21/compute/v2.1/servers/19b297d9-f3a5-4ebb-8964-815cd27c5fe9 0.113s
2025-04-15 19:11:17.820 69658 INFO tempest.lib.common.rest_client [req-9e708181-8168-41ab-9f09-d20b210a5d14 req-9e708181-8168-41ab-9f09-d20b210a5d14 ] Request (FloatingIPsAssociationNegativeTestJSON:test_associate_ip_to_server_with_floating_ip): 200 POST http://10.180.1.21/compute/v2.1/os-floating-ips 0.437s
2025-04-15 19:11:17.856 69652 INFO tempest.lib.common.rest_client [req-e323e55d-3587-49da-927e-bc6fd3b25780 req-e323e55d-3587-49da-927e-bc6fd3b25780 ] Request (ServersAdminNegativeTestJSON:setUpClass): 200 GET http://10.180.1.21/compute/v2.1/servers/8ab143f5-d2c6-4ced-805a-89fb0ce860b1 0.148s
2025-04-15 19:11:17.879 69662 INFO tempest.lib.common.rest_client [req-1e3d11d5-9073-4e73-b45f-bd28d0b3a088 req-1e3d11d5-9073-4e73-b45f-bd28d0b3a088 ] Request (ServerDiagnosticsV248Test:tearDownClass): 200 GET http://10.180.1.21/compute/v2.1/servers/0b300c8b-226e-4cfc-8a57-78234de65ef0 0.105s
2025-04-15 19:11:17.927 69622 INFO tempest.lib.common.rest_client [req-82f22326-8421-4080-ade0-76f5617e6d21 req-82f22326-8421-4080-ade0-76f5617e6d21 ] Request (ServersTestBootFromVolume:setUpClass): 200 GET http://10.180.1.21/compute/v2.1/servers/0cd1c9c8-22f5-4fef-ad5e-ebf448b075ff 0.081s
2025-04-15 19:11:17.979 69656 INFO tempest.lib.common.rest_client [req-fcf1fc92-1786-498d-a93c-c2535ff17dcb req-fcf1fc92-1786-498d-a93c-c2535ff17dcb ] Request (ListServerFiltersTestJSON:tearDownClass): 200 GET http://10.180.1.21/compute/v2.1/servers/029595d0-bfcd-4785-8ce6-771cd77f8a7c 0.125s
2025-04-15 19:11:18.032 69666 INFO tempest.lib.common.rest_client [req-17e522de-894a-461c-99c2-3c7d6d52de1a req-17e522de-894a-461c-99c2-3c7d6d52de1a ] Request (ServerMetadataNegativeTestJSON:tearDownClass): 200 GET http://10.180.1.21/compute/v2.1/servers/702c536d-1471-4b42-b9af-a23fae9347fd 0.119s
2025-04-15 19:11:18.081 69606 INFO tempest.lib.common.rest_client [req-aa9d5b62-a404-4179-a66d-e7a41314628b req-aa9d5b62-a404-4179-a66d-e7a41314628b ] Request (DeleteServersTestJSON:test_delete_server_while_in_attached_volume): 200 GET http://10.180.1.21/compute/v2.1/servers/4ff609df-07c8-420f-8eec-e89c33a51a33 0.168s
2025-04-15 19:11:18.130 69648 INFO tempest.lib.common.rest_client [req-48c82e60-87fa-44ab-9e80-3a3624dd235e req-48c82e60-87fa-44ab-9e80-3a3624dd235e ] Request (SecurityGroupsTestJSON:test_server_security_groups): 200 GET http://10.180.1.21/compute/v2.1/servers/4f9bd637-5c78-4c0a-bd7d-c572595d16a5 0.146s
2025-04-15 19:11:18.170 69608 INFO tempest.lib.common.rest_client [req-041114c8-06ce-4638-9687-72b3d48c3cfa req-041114c8-06ce-4638-9687-72b3d48c3cfa ] Request (ImagesTestJSON:test_create_image_from_suspended_server): 200 GET http://10.180.1.21/compute/v2.1/servers/86664fc5-9d66-4a97-a70e-f979ea7989af 0.176s
2025-04-15 19:11:18.221 69664 INFO tempest.lib.common.rest_client [req-b378d5e0-070c-4eee-827f-7e2c8ab6c9f7 req-b378d5e0-070c-4eee-827f-7e2c8ab6c9f7 ] Request (ServerDiagnosticsTest:tearDownClass): 200 GET http://10.180.1.21/compute/v2.1/servers/663032db-816b-4c17-bc0b-15ea967f4a8e 0.175s
2025-04-15 19:11:18.266 69632 INFO tempest.lib.common.rest_client [req-b584441e-343e-4654-a5e7-28c35fca0627 req-b584441e-343e-4654-a5e7-28c35fca0627 ] Request (ServerRescueTestJSON:setUpClass): 200 GET http://10.180.1.21/compute/v2.1/servers/601ed800-158d-4bec-a746-1825d79da206 0.174s
2025-04-15 19:11:18.317 69614 INFO tempest.lib.common.rest_client [req-2d479cf7-7775-4bde-93c0-83b1a2cc3679 req-2d479cf7-7775-4bde-93c0-83b1a2cc3679 ] Request (ServersTestJSON:test_create_server_specify_multibyte_character_name): 200 GET http://10.180.1.21/compute/v2.1/servers/20dc03e1-62af-45fa-bc82-3f81c8a1fba5 0.179s
2025-04-15 19:11:18.430 69654 INFO tempest.lib.common.rest_client [req-02776fb6-3911-442a-ab53-0b648d5130b2 req-02776fb6-3911-442a-ab53-0b648d5130b2 ] Request (DeleteServersAdminTestJSON:test_delete_server_while_in_error_state): 200 GET http://10.180.1.21/compute/v2.1/servers/8ba20081-cf84-4cf8-8928-e0dc6719d518 0.278s
2025-04-15 19:11:18.438 69654 INFO tempest.common.waiters [-] State transition "BUILD/block_device_mapping" ==> "BUILD/spawning" after 67 second wait
2025-04-15 19:11:18.497 69642 INFO tempest.lib.common.rest_client [req-9248be61-a144-43d5-af70-4bb6c61e8f3c req-9248be61-a144-43d5-af70-4bb6c61e8f3c ] Request (ServersTestFqdnHostnames:test_create_server_with_fqdn_name): 200 GET http://10.180.1.21/compute/v2.1/servers/47493890-3a5e-4f5e-a1fd-f6be17648fc9 0.310s
2025-04-15 19:11:18.630 69612 INFO tempest.lib.common.rest_client [req-6d369aac-419f-446d-b6ae-334d7efcd4a3 req-6d369aac-419f-446d-b6ae-334d7efcd4a3 ] Request (ServerTagsTestJSON:setUpClass): 200 GET http://10.180.1.21/compute/v2.1/servers/3c6d72c1-e6c8-416e-9d15-0fc141b7c047 0.390s
2025-04-15 19:11:18.713 69636 INFO tempest.lib.common.rest_client [req-e3a01f13-c72c-4df0-a5ec-a8b4078acfa4 req-e3a01f13-c72c-4df0-a5ec-a8b4078acfa4 ] Request (ImagesOneServerNegativeTestJSON:_run_cleanups): 200 GET http://10.180.1.21/compute/v2.1/servers/6ab24fb4-7b96-47ad-a951-40a856f07f72 0.363s
2025-04-15 19:11:18.768 69630 INFO tempest.lib.common.rest_client [req-b93a3794-65b1-4211-aabb-ea212109e090 req-b93a3794-65b1-4211-aabb-ea212109e090 ] Request (ServerAddressesNegativeTestJSON:setUpClass): 200 GET http://10.180.1.21/compute/v2.1/servers/8bc071fa-1afb-466e-8d6e-d259d9b7be1c 0.374s
2025-04-15 19:11:18.776 69630 INFO tempest.common.waiters [-] State transition "BUILD/None" ==> "BUILD/networking" after 62 second wait
2025-04-15 19:11:18.793 69658 INFO tempest.lib.common.rest_client [req-40800bd0-c540-4962-8708-2c4714cb5b40 req-40800bd0-c540-4962-8708-2c4714cb5b40 ] Request (FloatingIPsAssociationNegativeTestJSON:test_associate_ip_to_server_with_floating_ip): 202 POST http://10.180.1.21/compute/v2.1/servers/a1e62b27-e8ff-4058-bb39-f3619a3335b0/action 0.971s
2025-04-15 19:11:18.834 69646 INFO tempest.lib.common.rest_client [req-393627fa-4d19-4b23-917c-bcb1fcd38c46 req-393627fa-4d19-4b23-917c-bcb1fcd38c46 ] Request (ServersListShow296Test:test_list_show_update_rebuild_server_296): 200 GET http://10.180.1.21/compute/v2.1/servers/6afbbc09-9ffa-425b-babc-bc287042937f 0.395s
2025-04-15 19:11:18.856 69668 INFO tempest.lib.common.rest_client [req-7c607ce8-d25b-4e9d-9f0c-5de960b3a368 req-7c607ce8-d25b-4e9d-9f0c-5de960b3a368 ] Request (ServerExternalEventsTest:tearDownClass): 200 GET http://10.180.1.21/compute/v2.1/servers/bf355bcc-9f08-47d9-add7-d5c794770eaa 0.371s
2025-04-15 19:11:18.905 69618 INFO tempest.lib.common.rest_client [req-4913aa3c-5907-415d-b956-1b443583b01e req-4913aa3c-5907-415d-b956-1b443583b01e ] Request (FloatingIPsAssociationTestJSON:tearDownClass): 200 GET http://10.180.1.21/compute/v2.1/servers/a86939ca-f0b8-4d90-a421-6324ef9a89f8 0.371s
2025-04-15 19:11:18.922 69624 INFO tempest.lib.common.rest_client [req-9411f844-a0d2-4188-8f25-aaa61f3006c4 req-9411f844-a0d2-4188-8f25-aaa61f3006c4 ] Request (MultipleCreateTestJSON:test_multiple_create_with_reservation_return): 200 GET http://10.180.1.21/compute/v2.1/servers/beaa19aa-3578-4a12-ac8b-cdcbddb56ba5 0.344s
2025-04-15 19:11:18.930 69624 INFO tempest.common.waiters [-] State transition "BUILD/scheduling" ==> "BUILD/None" after 41 second wait
2025-04-15 19:11:18.968 69644 INFO tempest.lib.common.rest_client [req-43811652-4316-426e-ae5b-4ec089aa659c req-43811652-4316-426e-ae5b-4ec089aa659c ] Request (InstanceActionsTestJSON:setUpClass): 200 GET http://10.180.1.21/compute/v2.1/servers/a5b586bb-eb9b-4ed5-8c26-8a59f63eead4 0.326s
2025-04-15 19:11:18.987 69634 INFO tempest.lib.common.rest_client [req-847098a8-fa0c-4261-af50-69a5c107f563 req-847098a8-fa0c-4261-af50-69a5c107f563 ] Request (ServerActionsTestOtherB:setUpClass): 200 GET http://10.180.1.21/compute/v2.1/servers/33fff088-d4ce-46e6-9680-c4f4d9dd7f7b 0.302s
2025-04-15 19:11:19.028 69660 INFO tempest.lib.common.rest_client [req-c77bf779-2c6e-4d91-89b5-6ac6aceae90f req-c77bf779-2c6e-4d91-89b5-6ac6aceae90f ] Request (ServerAddressesTestJSON:setUpClass): 200 GET http://10.180.1.21/compute/v2.1/servers/6df206b8-a448-4fe6-b0d2-d2b1e913e997 0.294s
2025-04-15 19:11:19.159 69638 INFO tempest.lib.common.rest_client [req-f96c54f0-a66b-4611-bdd1-e50fe8a1defd req-f96c54f0-a66b-4611-bdd1-e50fe8a1defd ] Request (MigrationsAdminTest:test_list_migrations_in_flavor_resize_situation): 200 GET http://10.180.1.21/compute/v2.1/servers/19b297d9-f3a5-4ebb-8964-815cd27c5fe9 0.334s
2025-04-15 19:11:19.212 69652 INFO tempest.lib.common.rest_client [req-83887cfd-d903-4347-8f83-19a6ced68547 req-83887cfd-d903-4347-8f83-19a6ced68547 ] Request (ServersAdminNegativeTestJSON:setUpClass): 200 GET http://10.180.1.21/compute/v2.1/servers/8ab143f5-d2c6-4ced-805a-89fb0ce860b1 0.347s
2025-04-15 19:11:19.273 69662 INFO tempest.lib.common.rest_client [req-282a9616-bbe1-4856-bef1-1208a3feea8c req-282a9616-bbe1-4856-bef1-1208a3feea8c ] Request (ServerDiagnosticsV248Test:tearDownClass): 200 GET http://10.180.1.21/compute/v2.1/servers/0b300c8b-226e-4cfc-8a57-78234de65ef0 0.380s
2025-04-15 19:11:19.325 69622 INFO tempest.lib.common.rest_client [req-ba2065e6-f2ac-4c7c-b830-c68fff88b163 req-ba2065e6-f2ac-4c7c-b830-c68fff88b163 ] Request (ServersTestBootFromVolume:setUpClass): 200 GET http://10.180.1.21/compute/v2.1/servers/0cd1c9c8-22f5-4fef-ad5e-ebf448b075ff 0.390s
2025-04-15 19:11:19.377 69656 INFO tempest.lib.common.rest_client [req-8ef8dd5c-cc4c-4176-980c-d7d562725953 req-8ef8dd5c-cc4c-4176-980c-d7d562725953 ] Request (ListServerFiltersTestJSON:tearDownClass): 200 GET http://10.180.1.21/compute/v2.1/servers/029595d0-bfcd-4785-8ce6-771cd77f8a7c 0.390s
2025-04-15 19:11:19.435 69666 INFO tempest.lib.common.rest_client [req-a857ccad-526e-4301-a651-aaf4cf97cbb0 req-a857ccad-526e-4301-a651-aaf4cf97cbb0 ] Request (ServerMetadataNegativeTestJSON:tearDownClass): 200 GET http://10.180.1.21/compute/v2.1/servers/702c536d-1471-4b42-b9af-a23fae9347fd 0.388s
2025-04-15 19:11:19.484 69606 INFO tempest.lib.common.rest_client [req-d47932f5-78a4-43af-8c56-85e34af2438c req-d47932f5-78a4-43af-8c56-85e34af2438c ] Request (DeleteServersTestJSON:test_delete_server_while_in_attached_volume): 200 GET http://10.180.1.21/compute/v2.1/servers/4ff609df-07c8-420f-8eec-e89c33a51a33 0.394s
2025-04-15 19:11:19.535 69648 INFO tempest.lib.common.rest_client [req-3250dd34-35ab-4e2a-808f-f6c754aaa3ea req-3250dd34-35ab-4e2a-808f-f6c754aaa3ea ] Request (SecurityGroupsTestJSON:test_server_security_groups): 200 GET http://10.180.1.21/compute/v2.1/servers/4f9bd637-5c78-4c0a-bd7d-c572595d16a5 0.396s
2025-04-15 19:11:19.586 69608 INFO tempest.lib.common.rest_client [req-1b6a67cf-a835-48e6-98e8-fc3203662da5 req-1b6a67cf-a835-48e6-98e8-fc3203662da5 ] Request (ImagesTestJSON:test_create_image_from_suspended_server): 200 GET http://10.180.1.21/compute/v2.1/servers/86664fc5-9d66-4a97-a70e-f979ea7989af 0.408s
2025-04-15 19:11:19.643 69664 INFO tempest.lib.common.rest_client [req-ddfd3a8e-65ec-4490-b2ba-03fdd99f4e3a req-ddfd3a8e-65ec-4490-b2ba-03fdd99f4e3a ] Request (ServerDiagnosticsTest:tearDownClass): 200 GET http://10.180.1.21/compute/v2.1/servers/663032db-816b-4c17-bc0b-15ea967f4a8e 0.413s
2025-04-15 19:11:19.703 69632 INFO tempest.lib.common.rest_client [req-eb0b7704-0052-44c6-a2d1-27808157e0fa req-eb0b7704-0052-44c6-a2d1-27808157e0fa ] Request (ServerRescueTestJSON:setUpClass): 200 GET http://10.180.1.21/compute/v2.1/servers/601ed800-158d-4bec-a746-1825d79da206 0.429s
2025-04-15 19:11:19.767 69614 INFO tempest.lib.common.rest_client [req-6c297b77-993d-4e9f-a46f-854396478b0e req-6c297b77-993d-4e9f-a46f-854396478b0e ] Request (ServersTestJSON:test_create_server_specify_multibyte_character_name): 200 GET http://10.180.1.21/compute/v2.1/servers/20dc03e1-62af-45fa-bc82-3f81c8a1fba5 0.442s
2025-04-15 19:11:19.769 69658 INFO tempest.lib.common.rest_client [req-12b1caba-4d54-45aa-8db5-da30a7258ded req-12b1caba-4d54-45aa-8db5-da30a7258ded ] Request (FloatingIPsAssociationNegativeTestJSON:test_associate_ip_to_server_with_floating_ip): 200 POST http://10.180.1.21/compute/v2.1/os-floating-ips 0.975s
2025-04-15 19:11:19.819 69642 INFO tempest.lib.common.rest_client [req-dc4f54ad-5312-415d-99f2-a10eb5907969 req-dc4f54ad-5312-415d-99f2-a10eb5907969 ] Request (ServersTestFqdnHostnames:test_create_server_with_fqdn_name): 200 GET http://10.180.1.21/compute/v2.1/servers/47493890-3a5e-4f5e-a1fd-f6be17648fc9 0.313s
2025-04-15 19:11:19.844 69650 WARNING tempest.lib.common.ssh [-] Failed to establish authenticated ssh connection to cirros@10.180.180.180 ([Errno None] Unable to connect to port 22 on 10.180.180.180). Number attempts: 1. Retry after 2 seconds.: paramiko.ssh_exception.NoValidConnectionsError: [Errno None] Unable to connect to port 22 on 10.180.180.180
2025-04-15 19:11:19.851 69654 INFO tempest.lib.common.rest_client [req-76a316b9-1969-4ff4-8791-c16f0916059e req-76a316b9-1969-4ff4-8791-c16f0916059e ] Request (DeleteServersAdminTestJSON:test_delete_server_while_in_error_state): 200 GET http://10.180.1.21/compute/v2.1/servers/8ba20081-cf84-4cf8-8928-e0dc6719d518 0.412s
2025-04-15 19:11:19.902 69636 INFO tempest.lib.common.rest_client [req-1f7b6540-44a6-436d-b664-31bafa68beed req-1f7b6540-44a6-436d-b664-31bafa68beed ] Request (ImagesOneServerNegativeTestJSON:_run_cleanups): 200 GET http://10.180.1.21/compute/v2.1/servers/6ab24fb4-7b96-47ad-a951-40a856f07f72 0.178s
2025-04-15 19:11:19.931 69612 INFO tempest.lib.common.rest_client [req-4089628a-7f66-4c19-abcc-b3ee23ccbf6e req-4089628a-7f66-4c19-abcc-b3ee23ccbf6e ] Request (ServerTagsTestJSON:setUpClass): 200 GET http://10.180.1.21/compute/v2.1/servers/3c6d72c1-e6c8-416e-9d15-0fc141b7c047 0.292s
2025-04-15 19:11:20.018 69630 INFO tempest.lib.common.rest_client [req-0a62520d-8bde-4377-b6dd-ab69f474351f req-0a62520d-8bde-4377-b6dd-ab69f474351f ] Request (ServerAddressesNegativeTestJSON:setUpClass): 200 GET http://10.180.1.21/compute/v2.1/servers/8bc071fa-1afb-466e-8d6e-d259d9b7be1c 0.237s
2025-04-15 19:11:20.025 69630 INFO tempest.common.waiters [-] State transition "BUILD/networking" ==> "BUILD/spawning" after 64 second wait
2025-04-15 19:11:20.068 69646 INFO tempest.lib.common.rest_client [req-01052f61-f98d-443d-af00-8fbb1a78c2ae req-01052f61-f98d-443d-af00-8fbb1a78c2ae ] Request (ServersListShow296Test:test_list_show_update_rebuild_server_296): 200 GET http://10.180.1.21/compute/v2.1/servers/6afbbc09-9ffa-425b-babc-bc287042937f 0.221s
2025-04-15 19:11:20.119 69668 INFO tempest.lib.common.rest_client [req-fd397ee3-1394-4802-9aba-c5c45bb4076b req-fd397ee3-1394-4802-9aba-c5c45bb4076b ] Request (ServerExternalEventsTest:tearDownClass): 200 GET http://10.180.1.21/compute/v2.1/servers/bf355bcc-9f08-47d9-add7-d5c794770eaa 0.255s
2025-04-15 19:11:20.138 69658 INFO tempest.lib.common.rest_client [req-0c67dd83-7095-4cc7-bcb3-25885eb08309 req-0c67dd83-7095-4cc7-bcb3-25885eb08309 ] Request (FloatingIPsAssociationNegativeTestJSON:test_associate_ip_to_server_with_floating_ip): 400 POST http://10.180.1.21/compute/v2.1/servers/a1e62b27-e8ff-4058-bb39-f3619a3335b0/action 0.367s
2025-04-15 19:11:20.170 69618 INFO tempest.lib.common.rest_client [req-84a20217-2da3-463b-a69a-74af1716dee3 req-84a20217-2da3-463b-a69a-74af1716dee3 ] Request (FloatingIPsAssociationTestJSON:tearDownClass): 200 GET http://10.180.1.21/compute/v2.1/servers/a86939ca-f0b8-4d90-a421-6324ef9a89f8 0.252s
2025-04-15 19:11:20.186 69624 INFO tempest.lib.common.rest_client [req-5b790f49-4bd0-4018-b2a4-5de730b6a832 req-5b790f49-4bd0-4018-b2a4-5de730b6a832 ] Request (MultipleCreateTestJSON:test_multiple_create_with_reservation_return): 200 GET http://10.180.1.21/compute/v2.1/servers/beaa19aa-3578-4a12-ac8b-cdcbddb56ba5 0.255s
2025-04-15 19:11:20.213 69644 INFO tempest.lib.common.rest_client [req-61d341f7-ef96-4a6b-aee5-8e7be403d764 req-61d341f7-ef96-4a6b-aee5-8e7be403d764 ] Request (InstanceActionsTestJSON:setUpClass): 200 GET http://10.180.1.21/compute/v2.1/servers/a5b586bb-eb9b-4ed5-8c26-8a59f63eead4 0.238s
2025-04-15 19:11:20.232 69634 INFO tempest.lib.common.rest_client [req-66656988-ba05-45f1-a0dc-e5c33924e035 req-66656988-ba05-45f1-a0dc-e5c33924e035 ] Request (ServerActionsTestOtherB:setUpClass): 200 GET http://10.180.1.21/compute/v2.1/servers/33fff088-d4ce-46e6-9680-c4f4d9dd7f7b 0.228s
2025-04-15 19:11:20.258 69660 INFO tempest.lib.common.rest_client [req-4d9f8ab7-ec9a-4800-b202-5c44e8565e15 req-4d9f8ab7-ec9a-4800-b202-5c44e8565e15 ] Request (ServerAddressesTestJSON:setUpClass): 200 GET http://10.180.1.21/compute/v2.1/servers/6df206b8-a448-4fe6-b0d2-d2b1e913e997 0.220s
2025-04-15 19:11:20.341 69638 INFO tempest.lib.common.rest_client [req-aa49f16b-171b-4439-ad19-69e1be1f78c0 req-aa49f16b-171b-4439-ad19-69e1be1f78c0 ] Request (MigrationsAdminTest:test_list_migrations_in_flavor_resize_situation): 200 GET http://10.180.1.21/compute/v2.1/servers/19b297d9-f3a5-4ebb-8964-815cd27c5fe9 0.174s
2025-04-15 19:11:20.386 69652 INFO tempest.lib.common.rest_client [req-8ae5bf3c-5cfd-48d5-87e8-ba7700de4789 req-8ae5bf3c-5cfd-48d5-87e8-ba7700de4789 ] Request (ServersAdminNegativeTestJSON:setUpClass): 200 GET http://10.180.1.21/compute/v2.1/servers/8ab143f5-d2c6-4ced-805a-89fb0ce860b1 0.164s
2025-04-15 19:11:20.442 69662 INFO tempest.lib.common.rest_client [req-2a378d75-a174-42fd-8c40-6190bbe49aa4 req-2a378d75-a174-42fd-8c40-6190bbe49aa4 ] Request (ServerDiagnosticsV248Test:tearDownClass): 200 GET http://10.180.1.21/compute/v2.1/servers/0b300c8b-226e-4cfc-8a57-78234de65ef0 0.158s
2025-04-15 19:11:20.488 69622 INFO tempest.lib.common.rest_client [req-d99e9931-6f1c-4706-9b01-f532f8171df2 req-d99e9931-6f1c-4706-9b01-f532f8171df2 ] Request (ServersTestBootFromVolume:setUpClass): 200 GET http://10.180.1.21/compute/v2.1/servers/0cd1c9c8-22f5-4fef-ad5e-ebf448b075ff 0.156s
2025-04-15 19:11:20.529 69658 INFO tempest.lib.common.rest_client [req-ce2cda18-454a-48d2-a909-24f8133c6872 req-ce2cda18-454a-48d2-a909-24f8133c6872 ] Request (FloatingIPsAssociationNegativeTestJSON:_run_cleanups): 202 DELETE http://10.180.1.21/compute/v2.1/os-floating-ips/c8318b3f-1cf6-4a82-855a-40339cbaa03f 0.390s
2025-04-15 19:11:20.547 69656 INFO tempest.lib.common.rest_client [req-a64e24ee-a00b-4056-b7fb-abe031c57ffc req-a64e24ee-a00b-4056-b7fb-abe031c57ffc ] Request (ListServerFiltersTestJSON:tearDownClass): 200 GET http://10.180.1.21/compute/v2.1/servers/029595d0-bfcd-4785-8ce6-771cd77f8a7c 0.161s
2025-04-15 19:11:20.584 69666 INFO tempest.lib.common.rest_client [req-1a9c1bd6-ea1f-4332-b75c-18f48629c977 req-1a9c1bd6-ea1f-4332-b75c-18f48629c977 ] Request (ServerMetadataNegativeTestJSON:tearDownClass): 200 GET http://10.180.1.21/compute/v2.1/servers/702c536d-1471-4b42-b9af-a23fae9347fd 0.141s
2025-04-15 19:11:20.591 69606 INFO tempest.lib.common.rest_client [req-6234599b-597e-4399-8346-c82d17c26131 req-6234599b-597e-4399-8346-c82d17c26131 ] Request (DeleteServersTestJSON:test_delete_server_while_in_attached_volume): 200 GET http://10.180.1.21/compute/v2.1/servers/4ff609df-07c8-420f-8eec-e89c33a51a33 0.097s
2025-04-15 19:11:20.639 69648 INFO tempest.lib.common.rest_client [req-a7e7c088-030d-4303-b348-7c83173a94e0 req-a7e7c088-030d-4303-b348-7c83173a94e0 ] Request (SecurityGroupsTestJSON:test_server_security_groups): 200 GET http://10.180.1.21/compute/v2.1/servers/4f9bd637-5c78-4c0a-bd7d-c572595d16a5 0.096s
2025-04-15 19:11:20.687 69608 INFO tempest.lib.common.rest_client [req-82214889-b3c2-48d2-8175-ace6f2d8a493 req-82214889-b3c2-48d2-8175-ace6f2d8a493 ] Request (ImagesTestJSON:test_create_image_from_suspended_server): 200 GET http://10.180.1.21/compute/v2.1/servers/86664fc5-9d66-4a97-a70e-f979ea7989af 0.094s
2025-04-15 19:11:20.706 69664 INFO tempest.lib.common.rest_client [req-63ec2d2f-0a5a-4c6a-baec-d6d29edc0297 req-63ec2d2f-0a5a-4c6a-baec-d6d29edc0297 ] Request (ServerDiagnosticsTest:tearDownClass): 404 GET http://10.180.1.21/compute/v2.1/servers/663032db-816b-4c17-bc0b-15ea967f4a8e 0.054s
2025-04-15 19:11:20.739 69626 WARNING tempest.lib.common.ssh [-] Failed to establish authenticated ssh connection to cirros@10.180.180.166 ([Errno None] Unable to connect to port 22 on 10.180.180.166). Number attempts: 8. Retry after 9 seconds.: paramiko.ssh_exception.NoValidConnectionsError: [Errno None] Unable to connect to port 22 on 10.180.180.166
2025-04-15 19:11:20.779 69664 INFO tempest.lib.common.rest_client [req-b8560b02-4967-4d80-a0f8-7ce9f5ee9864 req-b8560b02-4967-4d80-a0f8-7ce9f5ee9864 ] Request (ServerDiagnosticsTest:tearDownClass): 204 DELETE http://10.180.1.21/identity/v3/users/a84092ae5f0b4c39ae59d5bea875fbbc 0.072s
2025-04-15 19:11:20.861 69664 INFO tempest.lib.common.rest_client [req-a8de1036-8980-42db-8469-5769bb0fead9 req-a8de1036-8980-42db-8469-5769bb0fead9 ] Request (ServerDiagnosticsTest:tearDownClass): 204 DELETE http://10.180.1.21/identity/v3/users/ff22bb0a78d3464cbda949d11a06722a 0.082s
2025-04-15 19:11:20.861 69664 INFO tempest.lib.common.dynamic_creds [-] Deleting project and security group for project: 986ef0b39417454fa778552bba361909
2025-04-15 19:11:20.918 69664 INFO tempest.lib.common.rest_client [req-a6b08a4c-cd70-4133-be31-231326e2e001 req-a6b08a4c-cd70-4133-be31-231326e2e001 ] Request (ServerDiagnosticsTest:tearDownClass): 201 POST http://10.180.1.21/identity/v3/auth/tokens 0.057s
2025-04-15 19:11:21.005 69632 INFO tempest.lib.common.rest_client [req-de480432-6ddc-4d51-8939-6ba4a3c69e21 req-de480432-6ddc-4d51-8939-6ba4a3c69e21 ] Request (ServerRescueTestJSON:setUpClass): 200 GET http://10.180.1.21/compute/v2.1/servers/601ed800-158d-4bec-a746-1825d79da206 0.294s
2025-04-15 19:11:21.079 69614 INFO tempest.lib.common.rest_client [req-6ee9e048-0e1e-42dc-a998-a3b3edcd77a7 req-6ee9e048-0e1e-42dc-a998-a3b3edcd77a7 ] Request (ServersTestJSON:test_create_server_specify_multibyte_character_name): 200 GET http://10.180.1.21/compute/v2.1/servers/20dc03e1-62af-45fa-bc82-3f81c8a1fba5 0.295s
2025-04-15 19:11:21.136 69642 INFO tempest.lib.common.rest_client [req-82e23e59-2706-4973-9654-e3b69fc2ac8c req-82e23e59-2706-4973-9654-e3b69fc2ac8c ] Request (ServersTestFqdnHostnames:test_create_server_with_fqdn_name): 200 GET http://10.180.1.21/compute/v2.1/servers/47493890-3a5e-4f5e-a1fd-f6be17648fc9 0.309s
2025-04-15 19:11:21.249 69664 INFO tempest.lib.common.rest_client [req-c2c0757a-d749-4115-92c4-abedb9ee1ec8 req-c2c0757a-d749-4115-92c4-abedb9ee1ec8 ] Request (ServerDiagnosticsTest:tearDownClass): 200 GET http://10.180.1.21:9696/networking/v2.0/security-groups?tenant_id=986ef0b39417454fa778552bba361909&name=default 0.331s
2025-04-15 19:11:21.252 69654 INFO tempest.lib.common.rest_client [req-335fcad1-e245-45a7-8c03-5c58731937a1 req-335fcad1-e245-45a7-8c03-5c58731937a1 ] Request (DeleteServersAdminTestJSON:test_delete_server_while_in_error_state): 200 GET http://10.180.1.21/compute/v2.1/servers/8ba20081-cf84-4cf8-8928-e0dc6719d518 0.393s
2025-04-15 19:11:21.326 69636 INFO tempest.lib.common.rest_client [req-f8d0459e-e17d-4e67-9436-d9bb26983693 req-f8d0459e-e17d-4e67-9436-d9bb26983693 ] Request (ImagesOneServerNegativeTestJSON:_run_cleanups): 200 GET http://10.180.1.21/compute/v2.1/servers/6ab24fb4-7b96-47ad-a951-40a856f07f72 0.417s
2025-04-15 19:11:21.400 69664 INFO tempest.lib.common.rest_client [req-2df38100-e9b0-4b5f-a3e5-f15c9c2aae11 req-2df38100-e9b0-4b5f-a3e5-f15c9c2aae11 ] Request (ServerDiagnosticsTest:tearDownClass): 204 DELETE http://10.180.1.21:9696/networking/v2.0/security-groups/f4a98908-5af2-4d8d-a479-16c69607ba29 0.150s
2025-04-15 19:11:21.464 69612 INFO tempest.lib.common.rest_client [req-46c83d1c-d09d-4869-9ab0-392b52283500 req-46c83d1c-d09d-4869-9ab0-392b52283500 ] Request (ServerTagsTestJSON:setUpClass): 200 GET http://10.180.1.21/compute/v2.1/servers/3c6d72c1-e6c8-416e-9d15-0fc141b7c047 0.524s
2025-04-15 19:11:21.479 69664 INFO tempest.lib.common.rest_client [req-71cf55d2-7355-47fa-9dba-e04496dd2fb1 req-71cf55d2-7355-47fa-9dba-e04496dd2fb1 ] Request (ServerDiagnosticsTest:tearDownClass): 204 DELETE http://10.180.1.21/identity/v3/projects/986ef0b39417454fa778552bba361909 0.078s
2025-04-15 19:11:21.479 69664 INFO tempest.lib.common.dynamic_creds [-] Deleting project and security group for project: 7ebdbf7214894d0585eb3fc1ac7eaeba
2025-04-15 19:11:21.583 69630 INFO tempest.lib.common.rest_client [req-23c66cb6-a371-4a0b-a83a-f5c56804012f req-23c66cb6-a371-4a0b-a83a-f5c56804012f ] Request (ServerAddressesNegativeTestJSON:setUpClass): 200 GET http://10.180.1.21/compute/v2.1/servers/8bc071fa-1afb-466e-8d6e-d259d9b7be1c 0.557s
2025-04-15 19:11:21.641 69658 INFO tempest.lib.common.rest_client [req-4eaf525a-7a93-4a62-8910-4b148a6a8805 req-4eaf525a-7a93-4a62-8910-4b148a6a8805 ] Request (FloatingIPsAssociationNegativeTestJSON:_run_cleanups): 202 POST http://10.180.1.21/compute/v2.1/servers/a1e62b27-e8ff-4058-bb39-f3619a3335b0/action 1.111s
2025-04-15 19:11:21.646 69664 INFO tempest.lib.common.rest_client [req-1de92dc4-212a-402b-8ac9-a17a0db26432 req-1de92dc4-212a-402b-8ac9-a17a0db26432 ] Request (ServerDiagnosticsTest:tearDownClass): 200 GET http://10.180.1.21:9696/networking/v2.0/security-groups?tenant_id=7ebdbf7214894d0585eb3fc1ac7eaeba&name=default 0.166s
2025-04-15 19:11:21.654 69646 INFO tempest.lib.common.rest_client [req-6a53db15-2699-41b8-8b1b-3b1878c7ca0c req-6a53db15-2699-41b8-8b1b-3b1878c7ca0c ] Request (ServersListShow296Test:test_list_show_update_rebuild_server_296): 200 GET http://10.180.1.21/compute/v2.1/servers/6afbbc09-9ffa-425b-babc-bc287042937f 0.575s
2025-04-15 19:11:21.706 69668 INFO tempest.lib.common.rest_client [req-b46c0e6d-ecab-4579-b742-e0729f3ebaf2 req-b46c0e6d-ecab-4579-b742-e0729f3ebaf2 ] Request (ServerExternalEventsTest:tearDownClass): 200 GET http://10.180.1.21/compute/v2.1/servers/bf355bcc-9f08-47d9-add7-d5c794770eaa 0.579s
2025-04-15 19:11:21.721 69618 INFO tempest.lib.common.rest_client [req-c3bd811f-22cf-4b13-a87f-5c1a0e7c6c7b req-c3bd811f-22cf-4b13-a87f-5c1a0e7c6c7b ] Request (FloatingIPsAssociationTestJSON:tearDownClass): 200 GET http://10.180.1.21/compute/v2.1/servers/a86939ca-f0b8-4d90-a421-6324ef9a89f8 0.541s
2025-04-15 19:11:21.748 69664 INFO tempest.lib.common.rest_client [req-2254ad49-2898-48c9-96be-6bd4982862e6 req-2254ad49-2898-48c9-96be-6bd4982862e6 ] Request (ServerDiagnosticsTest:tearDownClass): 204 DELETE http://10.180.1.21:9696/networking/v2.0/security-groups/af988a3b-499f-4a8b-9899-a682942e1748 0.101s
2025-04-15 19:11:21.772 69624 INFO tempest.lib.common.rest_client [req-54220088-7d32-4548-aebd-8c3c4935152c req-54220088-7d32-4548-aebd-8c3c4935152c ] Request (MultipleCreateTestJSON:test_multiple_create_with_reservation_return): 200 GET http://10.180.1.21/compute/v2.1/servers/beaa19aa-3578-4a12-ac8b-cdcbddb56ba5 0.578s
