2025-04-15 19:12:00.483 69648 INFO tempest.lib.common.rest_client [req-dc7e9428-8103-4e99-addc-2af9e6f2fc4f req-dc7e9428-8103-4e99-addc-2af9e6f2fc4f ] Request (SecurityGroupsTestJSON:test_server_security_groups): 200 GET http://10.180.1.21/compute/v2.1/servers/4f9bd637-5c78-4c0a-bd7d-c572595d16a5 0.050s
2025-04-15 19:12:00.490 69642 INFO tempest.lib.common.rest_client [req-bf150b12-b759-44a5-80ed-c3d4c2d9a6ab req-bf150b12-b759-44a5-80ed-c3d4c2d9a6ab ] Request (ServersTestFqdnHostnames:test_create_server_with_fqdn_name): 200 GET http://10.180.1.21/compute/v2.1/servers/47493890-3a5e-4f5e-a1fd-f6be17648fc9 0.063s
2025-04-15 19:12:00.547 69618 INFO tempest.lib.common.rest_client [req-bfc0e8f6-03a9-4e35-8dcd-026196127664 req-bfc0e8f6-03a9-4e35-8dcd-026196127664 ] Request (FloatingIPsAssociationTestJSON:tearDownClass): 200 GET http://10.180.1.21/compute/v2.1/servers/1201c389-67f9-4a49-8d04-0fffbe8cf528 0.063s
2025-04-15 19:12:00.572 69656 INFO tempest.lib.common.rest_client [req-0fe45c54-8fe8-4749-a382-e9c57232618f req-0fe45c54-8fe8-4749-a382-e9c57232618f ] Request (ListServerFiltersTestJSON:tearDownClass): 200 GET http://10.180.1.21/compute/v2.1/servers/137d5236-472a-494b-91a6-5a76844f2d17 0.072s
2025-04-15 19:12:00.606 69636 INFO tempest.lib.common.rest_client [req-1bb8b372-e59b-4d36-9311-91b48cdab456 req-1bb8b372-e59b-4d36-9311-91b48cdab456 ] Request (ImagesOneServerNegativeTestJSON:_run_cleanups): 200 GET http://10.180.1.21/compute/v2.1/servers/9a9112e4-5798-4ff4-87b8-e91ff59cffcc 0.078s
2025-04-15 19:12:00.639 69630 INFO tempest.lib.common.rest_client [req-64ffbb23-0172-46ef-918e-25732a929ef8 req-64ffbb23-0172-46ef-918e-25732a929ef8 ] Request (ServerAddressesNegativeTestJSON:tearDownClass): 200 GET http://10.180.1.21/compute/v2.1/servers/8bc071fa-1afb-466e-8d6e-d259d9b7be1c 0.078s
2025-04-15 19:12:00.665 69644 INFO tempest.lib.common.rest_client [req-c208b5fa-967a-4fee-8890-7f14c57da131 req-c208b5fa-967a-4fee-8890-7f14c57da131 ] Request (InstanceActionsTestJSON:setUpClass): 200 GET http://10.180.1.21/compute/v2.1/servers/a5b586bb-eb9b-4ed5-8c26-8a59f63eead4 0.090s
2025-04-15 19:12:00.700 69632 INFO tempest.lib.common.rest_client [req-cb4900f6-3e58-4443-82c3-83d7f0062a47 req-cb4900f6-3e58-4443-82c3-83d7f0062a47 ] Request (ServerRescueTestJSON:test_rescue_unrescue_instance): 200 GET http://10.180.1.21/compute/v2.1/servers/8d9f6973-84c3-486e-b609-6670e220a68a 0.082s
2025-04-15 19:12:00.733 69612 INFO tempest.lib.common.rest_client [req-ae7d4fe0-4020-4a9d-8b6c-d26fb5263871 req-ae7d4fe0-4020-4a9d-8b6c-d26fb5263871 ] Request (ServerTagsTestJSON:tearDownClass): 200 GET http://10.180.1.21/compute/v2.1/servers/3c6d72c1-e6c8-416e-9d15-0fc141b7c047 0.111s
2025-04-15 19:12:00.767 69660 INFO tempest.lib.common.rest_client [req-e70d7ee1-4d14-4433-95de-4731e4d6be83 req-e70d7ee1-4d14-4433-95de-4731e4d6be83 ] Request (ServerAddressesTestJSON:setUpClass): 200 GET http://10.180.1.21/compute/v2.1/servers/6df206b8-a448-4fe6-b0d2-d2b1e913e997 0.106s
2025-04-15 19:12:00.791 69638 INFO tempest.lib.common.rest_client [req-ad006f81-78d8-4417-bf29-3c133298c068 req-ad006f81-78d8-4417-bf29-3c133298c068 ] Request (MigrationsAdminTest:test_resize_server_revert_deleted_flavor): 200 GET http://10.180.1.21/compute/v2.1/servers/42273db3-0272-46ac-9be6-edcbe7898d7d 0.112s
2025-04-15 19:12:00.853 69654 INFO tempest.lib.common.rest_client [req-ed549f26-0d6f-44a3-b97a-219f9119ed54 req-ed549f26-0d6f-44a3-b97a-219f9119ed54 ] Request (DeleteServersAdminTestJSON:test_delete_server_while_in_error_state): 200 GET http://10.180.1.21/compute/v2.1/servers/8ba20081-cf84-4cf8-8928-e0dc6719d518 0.070s
2025-04-15 19:12:00.866 69658 INFO tempest.lib.common.rest_client [req-a87ac3ad-b0b7-493e-96e0-2168b193c944 req-a87ac3ad-b0b7-493e-96e0-2168b193c944 ] Request (FloatingIPsAssociationNegativeTestJSON:tearDownClass): 200 GET http://10.180.1.21/compute/v2.1/servers/a1e62b27-e8ff-4058-bb39-f3619a3335b0 0.082s
2025-04-15 19:12:00.919 69652 INFO tempest.lib.common.rest_client [req-4478cf2e-b3ef-4ecf-bedc-f72c65fffd7c req-4478cf2e-b3ef-4ecf-bedc-f72c65fffd7c ] Request (ServersAdminNegativeTestJSON:test_migrate_server_invalid_state): 200 GET http://10.180.1.21/compute/v2.1/servers/8c8a6ea3-81b1-4118-a404-f172457766cb 0.092s
2025-04-15 19:12:01.027 69662 INFO tempest.lib.common.rest_client [req-3a3e3c86-55a6-4338-a1a4-996470713054 req-3a3e3c86-55a6-4338-a1a4-996470713054 ] Request (AttachInterfacesTestJSON:test_create_list_show_delete_interfaces_by_fixed_ip): 200 GET http://10.180.1.21/compute/v2.1/servers/ceec6f62-e914-4659-8fab-25647605cc63 0.053s
2025-04-15 19:12:01.092 69606 INFO tempest.lib.common.rest_client [req-e2791d5b-ea98-4d9e-ada6-990f05c6e7ba req-e2791d5b-ea98-4d9e-ada6-990f05c6e7ba ] Request (DeleteServersTestJSON:test_delete_server_while_in_attached_volume): 200 GET http://10.180.1.21/compute/v2.1/servers/4ff609df-07c8-420f-8eec-e89c33a51a33 0.059s
2025-04-15 19:12:01.105 69608 INFO tempest.lib.common.rest_client [req-d00aa6ea-bd4d-4c87-b83d-d35606398e17 req-d00aa6ea-bd4d-4c87-b83d-d35606398e17 ] Request (ImagesTestJSON:test_create_image_from_suspended_server): 200 GET http://10.180.1.21/compute/v2.1/images/38ea3127-e6c1-4218-a097-d200f038591b 0.044s
2025-04-15 19:12:01.162 69668 INFO tempest.lib.common.rest_client [req-0989ccc7-21cb-41a5-addc-48022add4ffd req-0989ccc7-21cb-41a5-addc-48022add4ffd ] Request (ListImageFiltersTestJSON:setUpClass): 200 GET http://10.180.1.21/compute/v2.1/servers/9be6d6f1-0bb5-44b3-bbf6-2269026efdcf 0.053s
2025-04-15 19:12:01.237 69624 INFO tempest.lib.common.rest_client [req-3f12f1df-aba0-4d7f-94da-63f1c2ddbf15 req-3f12f1df-aba0-4d7f-94da-63f1c2ddbf15 ] Request (MultipleCreateTestJSON:test_multiple_create_with_reservation_return): 200 GET http://10.180.1.21/compute/v2.1/servers/beaa19aa-3578-4a12-ac8b-cdcbddb56ba5 0.169s
2025-04-15 19:12:01.390 69646 INFO tempest.lib.common.rest_client [req-ac1f2420-3940-4554-9dd4-83be78344644 req-ac1f2420-3940-4554-9dd4-83be78344644 ] Request (ServersListShow296Test:tearDownClass): 200 GET http://10.180.1.21/compute/v2.1/servers/6afbbc09-9ffa-425b-babc-bc287042937f 0.064s
2025-04-15 19:12:01.473 69614 INFO tempest.lib.common.rest_client [req-ac2e7852-fb40-4eb3-bb35-1251b27a4a88 req-ac2e7852-fb40-4eb3-bb35-1251b27a4a88 ] Request (ServersTestJSON:test_create_server_specify_multibyte_character_name): 200 GET http://10.180.1.21/compute/v2.1/servers/20dc03e1-62af-45fa-bc82-3f81c8a1fba5 0.049s
2025-04-15 19:12:01.505 69626 WARNING tempest.lib.common.ssh [-] Failed to establish authenticated ssh connection to cirros@10.180.180.166 ([Errno None] Unable to connect to port 22 on 10.180.180.166). Number attempts: 11. Retry after 12 seconds.: paramiko.ssh_exception.NoValidConnectionsError: [Errno None] Unable to connect to port 22 on 10.180.180.166
2025-04-15 19:12:01.542 69648 INFO tempest.lib.common.rest_client [req-3ac3dd36-6d17-42d7-abeb-3b5bd1b911f0 req-3ac3dd36-6d17-42d7-abeb-3b5bd1b911f0 ] Request (SecurityGroupsTestJSON:test_server_security_groups): 200 GET http://10.180.1.21/compute/v2.1/servers/4f9bd637-5c78-4c0a-bd7d-c572595d16a5 0.049s
2025-04-15 19:12:01.551 69642 INFO tempest.lib.common.rest_client [req-29104ad3-3d1c-4bc5-8bae-b9e673048424 req-29104ad3-3d1c-4bc5-8bae-b9e673048424 ] Request (ServersTestFqdnHostnames:test_create_server_with_fqdn_name): 200 GET http://10.180.1.21/compute/v2.1/servers/47493890-3a5e-4f5e-a1fd-f6be17648fc9 0.050s
2025-04-15 19:12:01.611 69618 INFO tempest.lib.common.rest_client [req-37689a64-62f8-4f66-8e12-443560291f7d req-37689a64-62f8-4f66-8e12-443560291f7d ] Request (FloatingIPsAssociationTestJSON:tearDownClass): 200 GET http://10.180.1.21/compute/v2.1/servers/1201c389-67f9-4a49-8d04-0fffbe8cf528 0.056s
2025-04-15 19:12:01.661 69656 INFO tempest.lib.common.rest_client [req-0769dbc6-32cc-4366-827b-c603a96b7ebc req-0769dbc6-32cc-4366-827b-c603a96b7ebc ] Request (ListServerFiltersTestJSON:tearDownClass): 200 GET http://10.180.1.21/compute/v2.1/servers/137d5236-472a-494b-91a6-5a76844f2d17 0.075s
2025-04-15 19:12:01.663 69636 INFO tempest.lib.common.rest_client [req-89286c79-fbae-4b8b-975e-e133edfc278c req-89286c79-fbae-4b8b-975e-e133edfc278c ] Request (ImagesOneServerNegativeTestJSON:_run_cleanups): 200 GET http://10.180.1.21/compute/v2.1/servers/9a9112e4-5798-4ff4-87b8-e91ff59cffcc 0.049s
2025-04-15 19:12:01.714 69630 INFO tempest.lib.common.rest_client [req-05fa69d7-270e-49df-9580-0edf19fe20b1 req-05fa69d7-270e-49df-9580-0edf19fe20b1 ] Request (ServerAddressesNegativeTestJSON:tearDownClass): 200 GET http://10.180.1.21/compute/v2.1/servers/8bc071fa-1afb-466e-8d6e-d259d9b7be1c 0.066s
2025-04-15 19:12:01.730 69644 INFO tempest.lib.common.rest_client [req-6857abd4-0b59-4d33-9310-e7454f367210 req-6857abd4-0b59-4d33-9310-e7454f367210 ] Request (InstanceActionsTestJSON:setUpClass): 200 GET http://10.180.1.21/compute/v2.1/servers/a5b586bb-eb9b-4ed5-8c26-8a59f63eead4 0.055s
2025-04-15 19:12:01.762 69632 INFO tempest.lib.common.rest_client [req-74ec8166-005e-4b6f-910a-ff1d1bebf1bb req-74ec8166-005e-4b6f-910a-ff1d1bebf1bb ] Request (ServerRescueTestJSON:test_rescue_unrescue_instance): 200 GET http://10.180.1.21/compute/v2.1/servers/8d9f6973-84c3-486e-b609-6670e220a68a 0.052s
2025-04-15 19:12:01.820 69612 INFO tempest.lib.common.rest_client [req-722aea0c-d790-4fc1-b541-c8f0325f4e5b req-722aea0c-d790-4fc1-b541-c8f0325f4e5b ] Request (ServerTagsTestJSON:tearDownClass): 200 GET http://10.180.1.21/compute/v2.1/servers/3c6d72c1-e6c8-416e-9d15-0fc141b7c047 0.071s
2025-04-15 19:12:01.825 69660 INFO tempest.lib.common.rest_client [req-a0920487-455f-4aba-9faf-88a5489a8afc req-a0920487-455f-4aba-9faf-88a5489a8afc ] Request (ServerAddressesTestJSON:setUpClass): 200 GET http://10.180.1.21/compute/v2.1/servers/6df206b8-a448-4fe6-b0d2-d2b1e913e997 0.051s
2025-04-15 19:12:01.868 69638 INFO tempest.lib.common.rest_client [req-a2497a48-7580-4ef1-9db6-7c80514c9f21 req-a2497a48-7580-4ef1-9db6-7c80514c9f21 ] Request (MigrationsAdminTest:test_resize_server_revert_deleted_flavor): 200 GET http://10.180.1.21/compute/v2.1/servers/42273db3-0272-46ac-9be6-edcbe7898d7d 0.068s
2025-04-15 19:12:01.920 69654 INFO tempest.lib.common.rest_client [req-0b8f297a-7ac7-4c9b-9087-c845c2cf3878 req-0b8f297a-7ac7-4c9b-9087-c845c2cf3878 ] Request (DeleteServersAdminTestJSON:test_delete_server_while_in_error_state): 200 GET http://10.180.1.21/compute/v2.1/servers/8ba20081-cf84-4cf8-8928-e0dc6719d518 0.057s
2025-04-15 19:12:01.936 69658 INFO tempest.lib.common.rest_client [req-3dc1a482-a105-48dd-8ffc-87640a9e7f26 req-3dc1a482-a105-48dd-8ffc-87640a9e7f26 ] Request (FloatingIPsAssociationNegativeTestJSON:tearDownClass): 200 GET http://10.180.1.21/compute/v2.1/servers/a1e62b27-e8ff-4058-bb39-f3619a3335b0 0.060s
2025-04-15 19:12:01.985 69652 INFO tempest.lib.common.rest_client [req-36c3ec39-f741-4afc-b75b-5a5cbd658c64 req-36c3ec39-f741-4afc-b75b-5a5cbd658c64 ] Request (ServersAdminNegativeTestJSON:test_migrate_server_invalid_state): 200 GET http://10.180.1.21/compute/v2.1/servers/8c8a6ea3-81b1-4118-a404-f172457766cb 0.058s
2025-04-15 19:12:02.086 69662 INFO tempest.lib.common.rest_client [req-88b2c60c-6c2b-4f0a-b1bd-ac59be58e3a8 req-88b2c60c-6c2b-4f0a-b1bd-ac59be58e3a8 ] Request (AttachInterfacesTestJSON:test_create_list_show_delete_interfaces_by_fixed_ip): 200 GET http://10.180.1.21/compute/v2.1/servers/ceec6f62-e914-4659-8fab-25647605cc63 0.051s
2025-04-15 19:12:02.144 69608 INFO tempest.lib.common.rest_client [req-01c54cb8-3ff2-4081-91bd-ba5c5e02ebc4 req-01c54cb8-3ff2-4081-91bd-ba5c5e02ebc4 ] Request (ImagesTestJSON:test_create_image_from_suspended_server): 200 GET http://10.180.1.21/compute/v2.1/images/38ea3127-e6c1-4218-a097-d200f038591b 0.035s
2025-04-15 19:12:02.155 69606 INFO tempest.lib.common.rest_client [req-52386528-13e3-4fd9-96e9-c308155bd01e req-52386528-13e3-4fd9-96e9-c308155bd01e ] Request (DeleteServersTestJSON:test_delete_server_while_in_attached_volume): 200 GET http://10.180.1.21/compute/v2.1/servers/4ff609df-07c8-420f-8eec-e89c33a51a33 0.054s
2025-04-15 19:12:02.223 69668 INFO tempest.lib.common.rest_client [req-4cb26e9d-af51-44e3-b4f0-15e7a6191f7f req-4cb26e9d-af51-44e3-b4f0-15e7a6191f7f ] Request (ListImageFiltersTestJSON:setUpClass): 200 GET http://10.180.1.21/compute/v2.1/servers/9be6d6f1-0bb5-44b3-bbf6-2269026efdcf 0.053s
2025-04-15 19:12:02.348 69624 INFO tempest.lib.common.rest_client [req-4eab43c8-3d0d-4505-825f-883d7859b98a req-4eab43c8-3d0d-4505-825f-883d7859b98a ] Request (MultipleCreateTestJSON:test_multiple_create_with_reservation_return): 200 GET http://10.180.1.21/compute/v2.1/servers/beaa19aa-3578-4a12-ac8b-cdcbddb56ba5 0.102s
2025-04-15 19:12:02.469 69646 INFO tempest.lib.common.rest_client [req-c941db26-71b9-4dbb-a381-390859ae1f22 req-c941db26-71b9-4dbb-a381-390859ae1f22 ] Request (ServersListShow296Test:tearDownClass): 200 GET http://10.180.1.21/compute/v2.1/servers/6afbbc09-9ffa-425b-babc-bc287042937f 0.068s
2025-04-15 19:12:02.531 69614 INFO tempest.lib.common.rest_client [req-f87640c0-0d04-427d-b10c-cd0e26618bb0 req-f87640c0-0d04-427d-b10c-cd0e26618bb0 ] Request (ServersTestJSON:test_create_server_specify_multibyte_character_name): 200 GET http://10.180.1.21/compute/v2.1/servers/20dc03e1-62af-45fa-bc82-3f81c8a1fba5 0.049s
2025-04-15 19:12:02.606 69648 INFO tempest.lib.common.rest_client [req-1b66f9fa-48c3-4062-bc69-04de30786b22 req-1b66f9fa-48c3-4062-bc69-04de30786b22 ] Request (SecurityGroupsTestJSON:test_server_security_groups): 200 GET http://10.180.1.21/compute/v2.1/servers/4f9bd637-5c78-4c0a-bd7d-c572595d16a5 0.055s
2025-04-15 19:12:02.609 69642 INFO tempest.lib.common.rest_client [req-a42b3964-3df4-407f-8efe-28bd01970af2 req-a42b3964-3df4-407f-8efe-28bd01970af2 ] Request (ServersTestFqdnHostnames:test_create_server_with_fqdn_name): 200 GET http://10.180.1.21/compute/v2.1/servers/47493890-3a5e-4f5e-a1fd-f6be17648fc9 0.051s
2025-04-15 19:12:02.678 69618 INFO tempest.lib.common.rest_client [req-3a19f97f-1788-4371-a9a5-e338cb94b3be req-3a19f97f-1788-4371-a9a5-e338cb94b3be ] Request (FloatingIPsAssociationTestJSON:tearDownClass): 200 GET http://10.180.1.21/compute/v2.1/servers/1201c389-67f9-4a49-8d04-0fffbe8cf528 0.060s
2025-04-15 19:12:02.727 69636 INFO tempest.lib.common.rest_client [req-b8f72345-bea7-4d9a-9eca-bd50326f18df req-b8f72345-bea7-4d9a-9eca-bd50326f18df ] Request (ImagesOneServerNegativeTestJSON:_run_cleanups): 200 GET http://10.180.1.21/compute/v2.1/servers/9a9112e4-5798-4ff4-87b8-e91ff59cffcc 0.055s
2025-04-15 19:12:02.738 69656 INFO tempest.lib.common.rest_client [req-fa6d0204-854f-423a-9c5c-d62cea98c96a req-fa6d0204-854f-423a-9c5c-d62cea98c96a ] Request (ListServerFiltersTestJSON:tearDownClass): 200 GET http://10.180.1.21/compute/v2.1/servers/137d5236-472a-494b-91a6-5a76844f2d17 0.066s
2025-04-15 19:12:02.785 69630 INFO tempest.lib.common.rest_client [req-5ccc8068-950b-4ed3-ac41-d1a373395338 req-5ccc8068-950b-4ed3-ac41-d1a373395338 ] Request (ServerAddressesNegativeTestJSON:tearDownClass): 200 GET http://10.180.1.21/compute/v2.1/servers/8bc071fa-1afb-466e-8d6e-d259d9b7be1c 0.063s
2025-04-15 19:12:02.788 69644 INFO tempest.lib.common.rest_client [req-4fc5374c-4d34-41d7-8a28-45c9713f27a2 req-4fc5374c-4d34-41d7-8a28-45c9713f27a2 ] Request (InstanceActionsTestJSON:setUpClass): 200 GET http://10.180.1.21/compute/v2.1/servers/a5b586bb-eb9b-4ed5-8c26-8a59f63eead4 0.050s
2025-04-15 19:12:02.832 69632 INFO tempest.lib.common.rest_client [req-8a062581-17be-4497-a3dc-8d7a38e6e922 req-8a062581-17be-4497-a3dc-8d7a38e6e922 ] Request (ServerRescueTestJSON:test_rescue_unrescue_instance): 200 GET http://10.180.1.21/compute/v2.1/servers/8d9f6973-84c3-486e-b609-6670e220a68a 0.062s
2025-04-15 19:12:02.883 69660 INFO tempest.lib.common.rest_client [req-7caa25e3-97a2-4647-a941-01660b461531 req-7caa25e3-97a2-4647-a941-01660b461531 ] Request (ServerAddressesTestJSON:setUpClass): 200 GET http://10.180.1.21/compute/v2.1/servers/6df206b8-a448-4fe6-b0d2-d2b1e913e997 0.050s
2025-04-15 19:12:02.888 69612 INFO tempest.lib.common.rest_client [req-cedd36ac-e6cf-431e-9bba-aaa5b839d5ff req-cedd36ac-e6cf-431e-9bba-aaa5b839d5ff ] Request (ServerTagsTestJSON:tearDownClass): 200 GET http://10.180.1.21/compute/v2.1/servers/3c6d72c1-e6c8-416e-9d15-0fc141b7c047 0.057s
2025-04-15 19:12:02.929 69638 INFO tempest.lib.common.rest_client [req-1acd6950-2a1d-431c-8684-8564d66f573b req-1acd6950-2a1d-431c-8684-8564d66f573b ] Request (MigrationsAdminTest:test_resize_server_revert_deleted_flavor): 200 GET http://10.180.1.21/compute/v2.1/servers/42273db3-0272-46ac-9be6-edcbe7898d7d 0.053s
2025-04-15 19:12:02.987 69654 INFO tempest.lib.common.rest_client [req-c739d48a-0d3d-464d-9338-aa6bb4cc6c6e req-c739d48a-0d3d-464d-9338-aa6bb4cc6c6e ] Request (DeleteServersAdminTestJSON:test_delete_server_while_in_error_state): 200 GET http://10.180.1.21/compute/v2.1/servers/8ba20081-cf84-4cf8-8928-e0dc6719d518 0.054s
2025-04-15 19:12:03.000 69658 INFO tempest.lib.common.rest_client [req-a49e95c1-657c-4dba-ab08-dc14a3b52747 req-a49e95c1-657c-4dba-ab08-dc14a3b52747 ] Request (FloatingIPsAssociationNegativeTestJSON:tearDownClass): 200 GET http://10.180.1.21/compute/v2.1/servers/a1e62b27-e8ff-4058-bb39-f3619a3335b0 0.056s
2025-04-15 19:12:03.043 69652 INFO tempest.lib.common.rest_client [req-97d76ade-f838-4d08-8c19-f10ca6fea4b9 req-97d76ade-f838-4d08-8c19-f10ca6fea4b9 ] Request (ServersAdminNegativeTestJSON:test_migrate_server_invalid_state): 200 GET http://10.180.1.21/compute/v2.1/servers/8c8a6ea3-81b1-4118-a404-f172457766cb 0.052s
2025-04-15 19:12:03.144 69662 INFO tempest.lib.common.rest_client [req-4f9462d1-b20c-407e-8fa9-f676a46a7991 req-4f9462d1-b20c-407e-8fa9-f676a46a7991 ] Request (AttachInterfacesTestJSON:test_create_list_show_delete_interfaces_by_fixed_ip): 200 GET http://10.180.1.21/compute/v2.1/servers/ceec6f62-e914-4659-8fab-25647605cc63 0.050s
2025-04-15 19:12:03.181 69608 INFO tempest.lib.common.rest_client [req-569073cf-f57d-496f-83e9-4488afcf9841 req-569073cf-f57d-496f-83e9-4488afcf9841 ] Request (ImagesTestJSON:test_create_image_from_suspended_server): 200 GET http://10.180.1.21/compute/v2.1/images/38ea3127-e6c1-4218-a097-d200f038591b 0.032s
2025-04-15 19:12:03.213 69606 INFO tempest.lib.common.rest_client [req-2c75900f-9f44-4d57-9126-d2136040da5d req-2c75900f-9f44-4d57-9126-d2136040da5d ] Request (DeleteServersTestJSON:test_delete_server_while_in_attached_volume): 200 GET http://10.180.1.21/compute/v2.1/servers/4ff609df-07c8-420f-8eec-e89c33a51a33 0.050s
2025-04-15 19:12:03.282 69668 INFO tempest.lib.common.rest_client [req-c21aa5d9-7279-4453-9a3a-5277c9e7d21f req-c21aa5d9-7279-4453-9a3a-5277c9e7d21f ] Request (ListImageFiltersTestJSON:setUpClass): 200 GET http://10.180.1.21/compute/v2.1/servers/9be6d6f1-0bb5-44b3-bbf6-2269026efdcf 0.049s
2025-04-15 19:12:03.447 69624 INFO tempest.lib.common.rest_client [req-749aa042-70f8-40f8-85cb-2fe632b5e389 req-749aa042-70f8-40f8-85cb-2fe632b5e389 ] Request (MultipleCreateTestJSON:test_multiple_create_with_reservation_return): 200 GET http://10.180.1.21/compute/v2.1/servers/beaa19aa-3578-4a12-ac8b-cdcbddb56ba5 0.092s
2025-04-15 19:12:03.545 69646 INFO tempest.lib.common.rest_client [req-66e450d1-61ed-4ef9-aec7-b3f9195ef87d req-66e450d1-61ed-4ef9-aec7-b3f9195ef87d ] Request (ServersListShow296Test:tearDownClass): 200 GET http://10.180.1.21/compute/v2.1/servers/6afbbc09-9ffa-425b-babc-bc287042937f 0.065s
2025-04-15 19:12:03.593 69614 INFO tempest.lib.common.rest_client [req-1be1d539-3160-4440-9b9b-1ddf17edf814 req-1be1d539-3160-4440-9b9b-1ddf17edf814 ] Request (ServersTestJSON:test_create_server_specify_multibyte_character_name): 200 GET http://10.180.1.21/compute/v2.1/servers/20dc03e1-62af-45fa-bc82-3f81c8a1fba5 0.052s
2025-04-15 19:12:03.666 69648 INFO tempest.lib.common.rest_client [req-7ea7fcc9-117e-4b46-bf2e-d8249b9da7c2 req-7ea7fcc9-117e-4b46-bf2e-d8249b9da7c2 ] Request (SecurityGroupsTestJSON:test_server_security_groups): 200 GET http://10.180.1.21/compute/v2.1/servers/4f9bd637-5c78-4c0a-bd7d-c572595d16a5 0.053s
2025-04-15 19:12:03.667 69642 INFO tempest.lib.common.rest_client [req-de98c912-7ddf-456c-96a0-8179c6f45f03 req-de98c912-7ddf-456c-96a0-8179c6f45f03 ] Request (ServersTestFqdnHostnames:test_create_server_with_fqdn_name): 200 GET http://10.180.1.21/compute/v2.1/servers/47493890-3a5e-4f5e-a1fd-f6be17648fc9 0.050s
2025-04-15 19:12:03.743 69618 INFO tempest.lib.common.rest_client [req-9756d883-83c4-480b-a498-042d8f051a2a req-9756d883-83c4-480b-a498-042d8f051a2a ] Request (FloatingIPsAssociationTestJSON:tearDownClass): 200 GET http://10.180.1.21/compute/v2.1/servers/1201c389-67f9-4a49-8d04-0fffbe8cf528 0.056s
2025-04-15 19:12:03.791 69636 INFO tempest.lib.common.rest_client [req-6134dba6-0e45-4ea1-8224-5bb22b7ab95f req-6134dba6-0e45-4ea1-8224-5bb22b7ab95f ] Request (ImagesOneServerNegativeTestJSON:_run_cleanups): 200 GET http://10.180.1.21/compute/v2.1/servers/9a9112e4-5798-4ff4-87b8-e91ff59cffcc 0.057s
2025-04-15 19:12:03.807 69656 INFO tempest.lib.common.rest_client [req-ca4f5ccf-19c1-49d9-9ca2-4bb524f9c779 req-ca4f5ccf-19c1-49d9-9ca2-4bb524f9c779 ] Request (ListServerFiltersTestJSON:tearDownClass): 200 GET http://10.180.1.21/compute/v2.1/servers/137d5236-472a-494b-91a6-5a76844f2d17 0.061s
2025-04-15 19:12:03.852 69630 INFO tempest.lib.common.rest_client [req-50efa090-92f5-47c3-85f1-c4040e4f77f5 req-50efa090-92f5-47c3-85f1-c4040e4f77f5 ] Request (ServerAddressesNegativeTestJSON:tearDownClass): 200 GET http://10.180.1.21/compute/v2.1/servers/8bc071fa-1afb-466e-8d6e-d259d9b7be1c 0.059s
2025-04-15 19:12:03.856 69644 INFO tempest.lib.common.rest_client [req-67d1f26f-3199-4497-8f82-e24070cfdf8e req-67d1f26f-3199-4497-8f82-e24070cfdf8e ] Request (InstanceActionsTestJSON:setUpClass): 200 GET http://10.180.1.21/compute/v2.1/servers/a5b586bb-eb9b-4ed5-8c26-8a59f63eead4 0.060s
2025-04-15 19:12:03.904 69632 INFO tempest.lib.common.rest_client [req-294a6846-73d0-40f0-989a-059049d4142a req-294a6846-73d0-40f0-989a-059049d4142a ] Request (ServerRescueTestJSON:test_rescue_unrescue_instance): 200 GET http://10.180.1.21/compute/v2.1/servers/8d9f6973-84c3-486e-b609-6670e220a68a 0.064s
2025-04-15 19:12:03.938 69660 INFO tempest.lib.common.rest_client [req-c2c8933b-ad60-4ba8-bd66-53c520ebfd0a req-c2c8933b-ad60-4ba8-bd66-53c520ebfd0a ] Request (ServerAddressesTestJSON:setUpClass): 200 GET http://10.180.1.21/compute/v2.1/servers/6df206b8-a448-4fe6-b0d2-d2b1e913e997 0.048s
2025-04-15 19:12:03.961 69612 INFO tempest.lib.common.rest_client [req-614a7add-365f-4141-9e81-638a066bdd37 req-614a7add-365f-4141-9e81-638a066bdd37 ] Request (ServerTagsTestJSON:tearDownClass): 200 GET http://10.180.1.21/compute/v2.1/servers/3c6d72c1-e6c8-416e-9d15-0fc141b7c047 0.062s
2025-04-15 19:12:03.989 69638 INFO tempest.lib.common.rest_client [req-d6c691a0-1596-42b2-b62b-373dba02dab6 req-d6c691a0-1596-42b2-b62b-373dba02dab6 ] Request (MigrationsAdminTest:test_resize_server_revert_deleted_flavor): 200 GET http://10.180.1.21/compute/v2.1/servers/42273db3-0272-46ac-9be6-edcbe7898d7d 0.052s
2025-04-15 19:12:04.058 69654 INFO tempest.lib.common.rest_client [req-61ed51e3-35a6-4b84-9fa2-70bf0a2475ac req-61ed51e3-35a6-4b84-9fa2-70bf0a2475ac ] Request (DeleteServersAdminTestJSON:test_delete_server_while_in_error_state): 200 GET http://10.180.1.21/compute/v2.1/servers/8ba20081-cf84-4cf8-8928-e0dc6719d518 0.063s
2025-04-15 19:12:04.065 69658 INFO tempest.lib.common.rest_client [req-6cd4ad53-d5a1-47f4-a1cf-be100486d04c req-6cd4ad53-d5a1-47f4-a1cf-be100486d04c ] Request (FloatingIPsAssociationNegativeTestJSON:tearDownClass): 200 GET http://10.180.1.21/compute/v2.1/servers/a1e62b27-e8ff-4058-bb39-f3619a3335b0 0.057s
2025-04-15 19:12:04.105 69652 INFO tempest.lib.common.rest_client [req-cb2636ce-60af-4be0-b8a1-628514435b25 req-cb2636ce-60af-4be0-b8a1-628514435b25 ] Request (ServersAdminNegativeTestJSON:test_migrate_server_invalid_state): 200 GET http://10.180.1.21/compute/v2.1/servers/8c8a6ea3-81b1-4118-a404-f172457766cb 0.054s
2025-04-15 19:12:04.207 69662 INFO tempest.lib.common.rest_client [req-56d56a33-6094-485d-b328-d34557cec101 req-56d56a33-6094-485d-b328-d34557cec101 ] Request (AttachInterfacesTestJSON:test_create_list_show_delete_interfaces_by_fixed_ip): 200 GET http://10.180.1.21/compute/v2.1/servers/ceec6f62-e914-4659-8fab-25647605cc63 0.054s
2025-04-15 19:12:04.215 69608 INFO tempest.lib.common.rest_client [req-3ba98b84-d843-4608-beab-e855e33b5a20 req-3ba98b84-d843-4608-beab-e855e33b5a20 ] Request (ImagesTestJSON:test_create_image_from_suspended_server): 200 GET http://10.180.1.21/compute/v2.1/images/38ea3127-e6c1-4218-a097-d200f038591b 0.030s
2025-04-15 19:12:04.269 69606 INFO tempest.lib.common.rest_client [req-36711b81-7d06-4e19-90a4-6e415ee1356a req-36711b81-7d06-4e19-90a4-6e415ee1356a ] Request (DeleteServersTestJSON:test_delete_server_while_in_attached_volume): 200 GET http://10.180.1.21/compute/v2.1/servers/4ff609df-07c8-420f-8eec-e89c33a51a33 0.048s
2025-04-15 19:12:04.341 69668 INFO tempest.lib.common.rest_client [req-9f3fa7d1-6244-4a06-8acc-3fa44aa0c128 req-9f3fa7d1-6244-4a06-8acc-3fa44aa0c128 ] Request (ListImageFiltersTestJSON:setUpClass): 200 GET http://10.180.1.21/compute/v2.1/servers/9be6d6f1-0bb5-44b3-bbf6-2269026efdcf 0.047s
2025-04-15 19:12:04.583 69624 INFO tempest.lib.common.rest_client [req-faba417e-8c0d-43a1-8d3f-6c78ab4155b6 req-faba417e-8c0d-43a1-8d3f-6c78ab4155b6 ] Request (MultipleCreateTestJSON:test_multiple_create_with_reservation_return): 200 GET http://10.180.1.21/compute/v2.1/servers/beaa19aa-3578-4a12-ac8b-cdcbddb56ba5 0.129s
2025-04-15 19:12:04.590 69624 INFO tempest.common.waiters [-] State transition "BUILD/spawning" ==> "ACTIVE/None" after 87 second wait
2025-04-15 19:12:04.622 69646 INFO tempest.lib.common.rest_client [req-a8f58faa-ee06-4c8d-99ce-a4ae0e0fd60d req-a8f58faa-ee06-4c8d-99ce-a4ae0e0fd60d ] Request (ServersListShow296Test:tearDownClass): 200 GET http://10.180.1.21/compute/v2.1/servers/6afbbc09-9ffa-425b-babc-bc287042937f 0.064s
2025-04-15 19:12:04.668 69614 INFO tempest.lib.common.rest_client [req-2c63aa8c-b4bc-4f9c-ac6d-f59564a85c7c req-2c63aa8c-b4bc-4f9c-ac6d-f59564a85c7c ] Request (ServersTestJSON:test_create_server_specify_multibyte_character_name): 200 GET http://10.180.1.21/compute/v2.1/servers/20dc03e1-62af-45fa-bc82-3f81c8a1fba5 0.067s
2025-04-15 19:12:04.687 69624 INFO tempest.lib.common.rest_client [req-78764604-8c97-4079-a5f7-94ed81c2c66e req-78764604-8c97-4079-a5f7-94ed81c2c66e ] Request (MultipleCreateTestJSON:test_multiple_create_with_reservation_return): 200 GET http://10.180.1.21/compute/v2.1/servers/3f41634b-5a46-4435-b023-667f55920706 0.096s
2025-04-15 19:12:04.730 69648 INFO tempest.lib.common.rest_client [req-c62df237-5af8-444f-bd91-9f1a1e4c4b2f req-c62df237-5af8-444f-bd91-9f1a1e4c4b2f ] Request (SecurityGroupsTestJSON:test_server_security_groups): 200 GET http://10.180.1.21/compute/v2.1/servers/4f9bd637-5c78-4c0a-bd7d-c572595d16a5 0.055s
2025-04-15 19:12:04.739 69642 INFO tempest.lib.common.rest_client [req-79f0ed56-c517-4518-87cd-ea8e548c1085 req-79f0ed56-c517-4518-87cd-ea8e548c1085 ] Request (ServersTestFqdnHostnames:test_create_server_with_fqdn_name): 200 GET http://10.180.1.21/compute/v2.1/servers/47493890-3a5e-4f5e-a1fd-f6be17648fc9 0.063s
2025-04-15 19:12:04.798 69624 INFO tempest.lib.common.rest_client [req-f96a676a-bcbf-4910-8167-dd1dfa6396c6 req-f96a676a-bcbf-4910-8167-dd1dfa6396c6 ] Request (MultipleCreateTestJSON:tearDownClass): 204 DELETE http://10.180.1.21/compute/v2.1/servers/3f41634b-5a46-4435-b023-667f55920706 0.102s
2025-04-15 19:12:04.811 69618 INFO tempest.lib.common.rest_client [req-ffeb382c-3c0d-47ff-8654-6754260a7baf req-ffeb382c-3c0d-47ff-8654-6754260a7baf ] Request (FloatingIPsAssociationTestJSON:tearDownClass): 200 GET http://10.180.1.21/compute/v2.1/servers/1201c389-67f9-4a49-8d04-0fffbe8cf528 0.060s
2025-04-15 19:12:04.858 69636 INFO tempest.lib.common.rest_client [req-dd329ef7-11a4-46bc-8e1d-94271477adf1 req-dd329ef7-11a4-46bc-8e1d-94271477adf1 ] Request (ImagesOneServerNegativeTestJSON:_run_cleanups): 200 GET http://10.180.1.21/compute/v2.1/servers/9a9112e4-5798-4ff4-87b8-e91ff59cffcc 0.056s
2025-04-15 19:12:04.867 69624 INFO tempest.lib.common.rest_client [req-ddf102db-7546-4704-b512-453e718bfc01 req-ddf102db-7546-4704-b512-453e718bfc01 ] Request (MultipleCreateTestJSON:tearDownClass): 204 DELETE http://10.180.1.21/compute/v2.1/servers/beaa19aa-3578-4a12-ac8b-cdcbddb56ba5 0.069s
2025-04-15 19:12:04.898 69622 WARNING tempest.lib.common.ssh [-] Failed to establish authenticated ssh connection to cirros@10.180.180.145 ([Errno None] Unable to connect to port 22 on 10.180.180.145). Number attempts: 5. Retry after 6 seconds.: paramiko.ssh_exception.NoValidConnectionsError: [Errno None] Unable to connect to port 22 on 10.180.180.145
2025-04-15 19:12:04.924 69656 INFO tempest.lib.common.rest_client [req-df6bdbdf-190d-40cd-9a3e-76d635ea39ff req-df6bdbdf-190d-40cd-9a3e-76d635ea39ff ] Request (ListServerFiltersTestJSON:tearDownClass): 200 GET http://10.180.1.21/compute/v2.1/servers/137d5236-472a-494b-91a6-5a76844f2d17 0.109s
2025-04-15 19:12:04.928 69630 INFO tempest.lib.common.rest_client [req-872effa3-d226-4296-b202-098179204c1f req-872effa3-d226-4296-b202-098179204c1f ] Request (ServerAddressesNegativeTestJSON:tearDownClass): 200 GET http://10.180.1.21/compute/v2.1/servers/8bc071fa-1afb-466e-8d6e-d259d9b7be1c 0.065s
2025-04-15 19:12:04.978 69644 INFO tempest.lib.common.rest_client [req-0fb9f28b-c9b3-40d0-ac8b-255d29cdfef3 req-0fb9f28b-c9b3-40d0-ac8b-255d29cdfef3 ] Request (InstanceActionsTestJSON:setUpClass): 200 GET http://10.180.1.21/compute/v2.1/servers/a5b586bb-eb9b-4ed5-8c26-8a59f63eead4 0.112s
2025-04-15 19:12:05.024 69632 INFO tempest.lib.common.rest_client [req-5cf3b583-e2d6-4957-85ca-323ea033d59d req-5cf3b583-e2d6-4957-85ca-323ea033d59d ] Request (ServerRescueTestJSON:test_rescue_unrescue_instance): 200 GET http://10.180.1.21/compute/v2.1/servers/8d9f6973-84c3-486e-b609-6670e220a68a 0.112s
2025-04-15 19:12:05.030 69624 INFO tempest.lib.common.rest_client [req-cd898157-e998-4560-972a-68fed018b160 req-cd898157-e998-4560-972a-68fed018b160 ] Request (MultipleCreateTestJSON:tearDownClass): 200 GET http://10.180.1.21/compute/v2.1/servers/3f41634b-5a46-4435-b023-667f55920706 0.163s
2025-04-15 19:12:05.069 69660 INFO tempest.lib.common.rest_client [req-37be445b-b4f6-45e4-a0c3-785ee8ffdad6 req-37be445b-b4f6-45e4-a0c3-785ee8ffdad6 ] Request (ServerAddressesTestJSON:setUpClass): 200 GET http://10.180.1.21/compute/v2.1/servers/6df206b8-a448-4fe6-b0d2-d2b1e913e997 0.122s
2025-04-15 19:12:05.087 69612 INFO tempest.lib.common.rest_client [req-eb5dc86a-cb46-439e-abb2-5c656e81227f req-eb5dc86a-cb46-439e-abb2-5c656e81227f ] Request (ServerTagsTestJSON:tearDownClass): 200 GET http://10.180.1.21/compute/v2.1/servers/3c6d72c1-e6c8-416e-9d15-0fc141b7c047 0.115s
2025-04-15 19:12:05.118 69638 INFO tempest.lib.common.rest_client [req-0129e4e6-2a96-4636-8005-8a80ffb98758 req-0129e4e6-2a96-4636-8005-8a80ffb98758 ] Request (MigrationsAdminTest:test_resize_server_revert_deleted_flavor): 200 GET http://10.180.1.21/compute/v2.1/servers/42273db3-0272-46ac-9be6-edcbe7898d7d 0.121s
2025-04-15 19:12:05.139 69654 INFO tempest.lib.common.rest_client [req-1c872b64-bcfd-4efa-926f-485ddc447ddd req-1c872b64-bcfd-4efa-926f-485ddc447ddd ] Request (DeleteServersAdminTestJSON:test_delete_server_while_in_error_state): 200 GET http://10.180.1.21/compute/v2.1/servers/8ba20081-cf84-4cf8-8928-e0dc6719d518 0.073s
2025-04-15 19:12:05.178 69658 INFO tempest.lib.common.rest_client [req-9884dae0-bcc8-4331-b89f-d1cb17aae833 req-9884dae0-bcc8-4331-b89f-d1cb17aae833 ] Request (FloatingIPsAssociationNegativeTestJSON:tearDownClass): 200 GET http://10.180.1.21/compute/v2.1/servers/a1e62b27-e8ff-4058-bb39-f3619a3335b0 0.105s
2025-04-15 19:12:05.186 69652 INFO tempest.lib.common.rest_client [req-7991d2f5-6eb7-41cc-9087-c69e9d801d13 req-7991d2f5-6eb7-41cc-9087-c69e9d801d13 ] Request (ServersAdminNegativeTestJSON:test_migrate_server_invalid_state): 200 GET http://10.180.1.21/compute/v2.1/servers/8c8a6ea3-81b1-4118-a404-f172457766cb 0.073s
2025-04-15 19:12:05.257 69608 INFO tempest.lib.common.rest_client [req-bbf1fe48-429b-4323-9ce9-e977f66a7458 req-bbf1fe48-429b-4323-9ce9-e977f66a7458 ] Request (ImagesTestJSON:test_create_image_from_suspended_server): 200 GET http://10.180.1.21/compute/v2.1/images/38ea3127-e6c1-4218-a097-d200f038591b 0.038s
2025-04-15 19:12:05.273 69662 INFO tempest.lib.common.rest_client [req-061a7f02-04c6-479b-8644-379b39978554 req-061a7f02-04c6-479b-8644-379b39978554 ] Request (AttachInterfacesTestJSON:test_create_list_show_delete_interfaces_by_fixed_ip): 200 GET http://10.180.1.21/compute/v2.1/servers/ceec6f62-e914-4659-8fab-25647605cc63 0.059s
2025-04-15 19:12:05.327 69606 INFO tempest.lib.common.rest_client [req-367fdcdf-5145-4bba-82f9-938351710108 req-367fdcdf-5145-4bba-82f9-938351710108 ] Request (DeleteServersTestJSON:test_delete_server_while_in_attached_volume): 200 GET http://10.180.1.21/compute/v2.1/servers/4ff609df-07c8-420f-8eec-e89c33a51a33 0.050s
2025-04-15 19:12:05.400 69668 INFO tempest.lib.common.rest_client [req-35b03d66-ff79-4aa8-a363-23bd64ce323d req-35b03d66-ff79-4aa8-a363-23bd64ce323d ] Request (ListImageFiltersTestJSON:setUpClass): 200 GET http://10.180.1.21/compute/v2.1/servers/9be6d6f1-0bb5-44b3-bbf6-2269026efdcf 0.051s
2025-04-15 19:12:05.699 69646 INFO tempest.lib.common.rest_client [req-04f3b237-e577-4b4d-b6ef-7232e87e2343 req-04f3b237-e577-4b4d-b6ef-7232e87e2343 ] Request (ServersListShow296Test:tearDownClass): 200 GET http://10.180.1.21/compute/v2.1/servers/6afbbc09-9ffa-425b-babc-bc287042937f 0.066s
2025-04-15 19:12:05.733 69614 INFO tempest.lib.common.rest_client [req-34bd407c-1df1-4d2e-9f8a-28799550a7bd req-34bd407c-1df1-4d2e-9f8a-28799550a7bd ] Request (ServersTestJSON:test_create_server_specify_multibyte_character_name): 200 GET http://10.180.1.21/compute/v2.1/servers/20dc03e1-62af-45fa-bc82-3f81c8a1fba5 0.055s
2025-04-15 19:12:05.803 69648 INFO tempest.lib.common.rest_client [req-d6cbf189-4492-41b5-af8c-cc19cdc7ed57 req-d6cbf189-4492-41b5-af8c-cc19cdc7ed57 ] Request (SecurityGroupsTestJSON:test_server_security_groups): 200 GET http://10.180.1.21/compute/v2.1/servers/4f9bd637-5c78-4c0a-bd7d-c572595d16a5 0.065s
2025-04-15 19:12:05.810 69642 INFO tempest.lib.common.rest_client [req-4e6bf227-01d8-4fbc-a1a1-4b419facd5c6 req-4e6bf227-01d8-4fbc-a1a1-4b419facd5c6 ] Request (ServersTestFqdnHostnames:test_create_server_with_fqdn_name): 200 GET http://10.180.1.21/compute/v2.1/servers/47493890-3a5e-4f5e-a1fd-f6be17648fc9 0.064s
2025-04-15 19:12:05.883 69618 INFO tempest.lib.common.rest_client [req-f4664340-101d-4355-8d16-1b87d0ce5ffb req-f4664340-101d-4355-8d16-1b87d0ce5ffb ] Request (FloatingIPsAssociationTestJSON:tearDownClass): 200 GET http://10.180.1.21/compute/v2.1/servers/1201c389-67f9-4a49-8d04-0fffbe8cf528 0.063s
2025-04-15 19:12:05.928 69636 INFO tempest.lib.common.rest_client [req-5dd01863-be28-4b48-93d8-388e52d54db9 req-5dd01863-be28-4b48-93d8-388e52d54db9 ] Request (ImagesOneServerNegativeTestJSON:_run_cleanups): 200 GET http://10.180.1.21/compute/v2.1/servers/9a9112e4-5798-4ff4-87b8-e91ff59cffcc 0.062s
2025-04-15 19:12:06.005 69656 INFO tempest.lib.common.rest_client [req-4a042fa9-4498-45d7-a007-657d23163091 req-4a042fa9-4498-45d7-a007-657d23163091 ] Request (ListServerFiltersTestJSON:tearDownClass): 200 GET http://10.180.1.21/compute/v2.1/servers/137d5236-472a-494b-91a6-5a76844f2d17 0.074s
2025-04-15 19:12:06.007 69630 INFO tempest.lib.common.rest_client [req-ebf44b48-e2d7-4ddb-8bc9-2c8c22e4e985 req-ebf44b48-e2d7-4ddb-8bc9-2c8c22e4e985 ] Request (ServerAddressesNegativeTestJSON:tearDownClass): 200 GET http://10.180.1.21/compute/v2.1/servers/8bc071fa-1afb-466e-8d6e-d259d9b7be1c 0.069s
2025-04-15 19:12:06.061 69644 INFO tempest.lib.common.rest_client [req-ebe919b3-bf1c-4d5d-9eca-aa08dca2618a req-ebe919b3-bf1c-4d5d-9eca-aa08dca2618a ] Request (InstanceActionsTestJSON:setUpClass): 200 GET http://10.180.1.21/compute/v2.1/servers/a5b586bb-eb9b-4ed5-8c26-8a59f63eead4 0.075s
2025-04-15 19:12:06.087 69632 INFO tempest.lib.common.rest_client [req-eaaf42eb-a9ae-4bb0-87ce-dbcd073479e5 req-eaaf42eb-a9ae-4bb0-87ce-dbcd073479e5 ] Request (ServerRescueTestJSON:test_rescue_unrescue_instance): 200 GET http://10.180.1.21/compute/v2.1/servers/8d9f6973-84c3-486e-b609-6670e220a68a 0.055s
2025-04-15 19:12:06.136 69660 INFO tempest.lib.common.rest_client [req-02490ff7-8b95-42d8-a180-1cb89b1a6fc7 req-02490ff7-8b95-42d8-a180-1cb89b1a6fc7 ] Request (ServerAddressesTestJSON:setUpClass): 200 GET http://10.180.1.21/compute/v2.1/servers/6df206b8-a448-4fe6-b0d2-d2b1e913e997 0.059s
2025-04-15 19:12:06.171 69624 INFO tempest.lib.common.rest_client [req-2c5e8a9c-8b28-4701-823f-ee4b74e8880b req-2c5e8a9c-8b28-4701-823f-ee4b74e8880b ] Request (MultipleCreateTestJSON:tearDownClass): 200 GET http://10.180.1.21/compute/v2.1/servers/3f41634b-5a46-4435-b023-667f55920706 0.133s
2025-04-15 19:12:06.194 69612 INFO tempest.lib.common.rest_client [req-24f6df12-8221-4326-b34a-21a9cefbd824 req-24f6df12-8221-4326-b34a-21a9cefbd824 ] Request (ServerTagsTestJSON:tearDownClass): 200 GET http://10.180.1.21/compute/v2.1/servers/3c6d72c1-e6c8-416e-9d15-0fc141b7c047 0.097s
2025-04-15 19:12:06.218 69638 INFO tempest.lib.common.rest_client [req-cb4fd8c3-a4d4-4538-9d67-73a2efa81c7f req-cb4fd8c3-a4d4-4538-9d67-73a2efa81c7f ] Request (MigrationsAdminTest:test_resize_server_revert_deleted_flavor): 200 GET http://10.180.1.21/compute/v2.1/servers/42273db3-0272-46ac-9be6-edcbe7898d7d 0.092s
2025-04-15 19:12:06.238 69658 INFO tempest.lib.common.rest_client [req-b504e8be-b964-4f99-8ff1-100facd89e1e req-b504e8be-b964-4f99-8ff1-100facd89e1e ] Request (FloatingIPsAssociationNegativeTestJSON:tearDownClass): 404 GET http://10.180.1.21/compute/v2.1/servers/a1e62b27-e8ff-4058-bb39-f3619a3335b0 0.052s
2025-04-15 19:12:06.245 69654 INFO tempest.lib.common.rest_client [req-0cc0850f-92a4-46da-b83d-b807115100c7 req-0cc0850f-92a4-46da-b83d-b807115100c7 ] Request (DeleteServersAdminTestJSON:test_delete_server_while_in_error_state): 200 GET http://10.180.1.21/compute/v2.1/servers/8ba20081-cf84-4cf8-8928-e0dc6719d518 0.096s
2025-04-15 19:12:06.299 69652 INFO tempest.lib.common.rest_client [req-0454f3a2-d101-4e5c-b45f-b7aca9e9516a req-0454f3a2-d101-4e5c-b45f-b7aca9e9516a ] Request (ServersAdminNegativeTestJSON:test_migrate_server_invalid_state): 200 GET http://10.180.1.21/compute/v2.1/servers/8c8a6ea3-81b1-4118-a404-f172457766cb 0.105s
2025-04-15 19:12:06.302 69608 INFO tempest.lib.common.rest_client [req-e13cf9e0-6064-431d-b8e3-72cc8b10d843 req-e13cf9e0-6064-431d-b8e3-72cc8b10d843 ] Request (ImagesTestJSON:test_create_image_from_suspended_server): 200 GET http://10.180.1.21/compute/v2.1/images/38ea3127-e6c1-4218-a097-d200f038591b 0.040s
2025-04-15 19:12:06.352 69662 INFO tempest.lib.common.rest_client [req-e33bd44b-283f-4617-be3c-59943a4ef472 req-e33bd44b-283f-4617-be3c-59943a4ef472 ] Request (AttachInterfacesTestJSON:test_create_list_show_delete_interfaces_by_fixed_ip): 200 GET http://10.180.1.21/compute/v2.1/servers/ceec6f62-e914-4659-8fab-25647605cc63 0.071s
2025-04-15 19:12:06.390 69606 INFO tempest.lib.common.rest_client [req-85df7e1c-5cb7-49ae-9ba4-09e35b1f258a req-85df7e1c-5cb7-49ae-9ba4-09e35b1f258a ] Request (DeleteServersTestJSON:test_delete_server_while_in_attached_volume): 200 GET http://10.180.1.21/compute/v2.1/servers/4ff609df-07c8-420f-8eec-e89c33a51a33 0.056s
2025-04-15 19:12:06.474 69668 INFO tempest.lib.common.rest_client [req-11b60e83-27f7-488b-b4e5-85e13243c942 req-11b60e83-27f7-488b-b4e5-85e13243c942 ] Request (ListImageFiltersTestJSON:setUpClass): 200 GET http://10.180.1.21/compute/v2.1/servers/9be6d6f1-0bb5-44b3-bbf6-2269026efdcf 0.064s
2025-04-15 19:12:06.804 69646 INFO tempest.lib.common.rest_client [req-7af16da5-2ce2-4b8e-8353-c1b3d916ab99 req-7af16da5-2ce2-4b8e-8353-c1b3d916ab99 ] Request (ServersListShow296Test:tearDownClass): 200 GET http://10.180.1.21/compute/v2.1/servers/6afbbc09-9ffa-425b-babc-bc287042937f 0.094s
2025-04-15 19:12:06.814 69614 INFO tempest.lib.common.rest_client [req-bcf62dd4-b17a-469e-a041-6e5e0cc9d02c req-bcf62dd4-b17a-469e-a041-6e5e0cc9d02c ] Request (ServersTestJSON:test_create_server_specify_multibyte_character_name): 200 GET http://10.180.1.21/compute/v2.1/servers/20dc03e1-62af-45fa-bc82-3f81c8a1fba5 0.073s
2025-04-15 19:12:06.877 69642 INFO tempest.lib.common.rest_client [req-ce2d8d74-28f2-44ca-82ea-2e8c9995d168 req-ce2d8d74-28f2-44ca-82ea-2e8c9995d168 ] Request (ServersTestFqdnHostnames:test_create_server_with_fqdn_name): 200 GET http://10.180.1.21/compute/v2.1/servers/47493890-3a5e-4f5e-a1fd-f6be17648fc9 0.058s
2025-04-15 19:12:06.902 69658 INFO tempest.lib.common.rest_client [req-73724209-4201-41fb-b057-a7b0030f5006 req-73724209-4201-41fb-b057-a7b0030f5006 ] Request (FloatingIPsAssociationNegativeTestJSON:tearDownClass): 200 PUT http://10.180.1.21:9696/networking/v2.0/routers/81b61ad4-4ac4-4665-944e-f4befff9e0ea/remove_router_interface 0.663s
2025-04-15 19:12:06.957 69648 INFO tempest.lib.common.rest_client [req-98bd13e4-3a37-44b1-a6be-2cd42d73f3f8 req-98bd13e4-3a37-44b1-a6be-2cd42d73f3f8 ] Request (SecurityGroupsTestJSON:test_server_security_groups): 200 GET http://10.180.1.21/compute/v2.1/servers/4f9bd637-5c78-4c0a-bd7d-c572595d16a5 0.142s
2025-04-15 19:12:06.969 69648 INFO tempest.common.waiters [-] State transition "BUILD/None" ==> "BUILD/block_device_mapping" after 82 second wait
2025-04-15 19:12:06.989 69618 INFO tempest.lib.common.rest_client [req-a98157f0-e23e-4438-abdd-5dfaa919b05f req-a98157f0-e23e-4438-abdd-5dfaa919b05f ] Request (FloatingIPsAssociationTestJSON:tearDownClass): 200 GET http://10.180.1.21/compute/v2.1/servers/1201c389-67f9-4a49-8d04-0fffbe8cf528 0.098s
2025-04-15 19:12:07.033 69636 INFO tempest.lib.common.rest_client [req-0bb3b1fd-12b3-410a-909d-4a7b463d117c req-0bb3b1fd-12b3-410a-909d-4a7b463d117c ] Request (ImagesOneServerNegativeTestJSON:_run_cleanups): 200 GET http://10.180.1.21/compute/v2.1/servers/9a9112e4-5798-4ff4-87b8-e91ff59cffcc 0.095s
2025-04-15 19:12:07.107 69630 INFO tempest.lib.common.rest_client [req-b0a4f056-156d-4fed-932d-3d7126440004 req-b0a4f056-156d-4fed-932d-3d7126440004 ] Request (ServerAddressesNegativeTestJSON:tearDownClass): 200 GET http://10.180.1.21/compute/v2.1/servers/8bc071fa-1afb-466e-8d6e-d259d9b7be1c 0.089s
2025-04-15 19:12:07.112 69656 INFO tempest.lib.common.rest_client [req-e0ed36c4-4777-4bf1-b0f9-e4c179d8fa7d req-e0ed36c4-4777-4bf1-b0f9-e4c179d8fa7d ] Request (ListServerFiltersTestJSON:tearDownClass): 200 GET http://10.180.1.21/compute/v2.1/servers/137d5236-472a-494b-91a6-5a76844f2d17 0.100s
2025-04-15 19:12:07.177 69644 INFO tempest.lib.common.rest_client [req-214aae7e-bb5c-4e79-98a6-8219cd7b10fb req-214aae7e-bb5c-4e79-98a6-8219cd7b10fb ] Request (InstanceActionsTestJSON:setUpClass): 200 GET http://10.180.1.21/compute/v2.1/servers/a5b586bb-eb9b-4ed5-8c26-8a59f63eead4 0.107s
2025-04-15 19:12:07.191 69632 INFO tempest.lib.common.rest_client [req-7383b682-ec2b-4caa-9b4c-1777f2c759c9 req-7383b682-ec2b-4caa-9b4c-1777f2c759c9 ] Request (ServerRescueTestJSON:test_rescue_unrescue_instance): 200 GET http://10.180.1.21/compute/v2.1/servers/8d9f6973-84c3-486e-b609-6670e220a68a 0.096s
2025-04-15 19:12:07.232 69660 INFO tempest.lib.common.rest_client [req-272a7c83-9103-4c66-b2ca-c3fddab8586c req-272a7c83-9103-4c66-b2ca-c3fddab8586c ] Request (ServerAddressesTestJSON:setUpClass): 200 GET http://10.180.1.21/compute/v2.1/servers/6df206b8-a448-4fe6-b0d2-d2b1e913e997 0.087s
2025-04-15 19:12:07.309 69612 INFO tempest.lib.common.rest_client [req-03e70000-f8ef-4f5c-898b-91cebeb26a7b req-03e70000-f8ef-4f5c-898b-91cebeb26a7b ] Request (ServerTagsTestJSON:tearDownClass): 200 GET http://10.180.1.21/compute/v2.1/servers/3c6d72c1-e6c8-416e-9d15-0fc141b7c047 0.106s
2025-04-15 19:12:07.367 69624 INFO tempest.lib.common.rest_client [req-04b83cbd-e5d0-42a4-80f0-e3220eb2af7c req-04b83cbd-e5d0-42a4-80f0-e3220eb2af7c ] Request (MultipleCreateTestJSON:tearDownClass): 200 GET http://10.180.1.21/compute/v2.1/servers/3f41634b-5a46-4435-b023-667f55920706 0.188s
2025-04-15 19:12:07.372 69638 INFO tempest.lib.common.rest_client [req-031c6804-94db-46d7-a439-707ae39727e9 req-031c6804-94db-46d7-a439-707ae39727e9 ] Request (MigrationsAdminTest:test_resize_server_revert_deleted_flavor): 200 GET http://10.180.1.21/compute/v2.1/servers/42273db3-0272-46ac-9be6-edcbe7898d7d 0.146s
2025-04-15 19:12:07.434 69608 INFO tempest.lib.common.rest_client [req-9e878451-0fc4-4e43-99b0-816339c9f3a7 req-9e878451-0fc4-4e43-99b0-816339c9f3a7 ] Request (ImagesTestJSON:test_create_image_from_suspended_server): 200 GET http://10.180.1.21/compute/v2.1/images/38ea3127-e6c1-4218-a097-d200f038591b 0.127s
2025-04-15 19:12:07.456 69654 INFO tempest.lib.common.rest_client [req-c25d9f4d-787d-476f-bb78-5640139e27af req-c25d9f4d-787d-476f-bb78-5640139e27af ] Request (DeleteServersAdminTestJSON:test_delete_server_while_in_error_state): 200 GET http://10.180.1.21/compute/v2.1/servers/8ba20081-cf84-4cf8-8928-e0dc6719d518 0.196s
2025-04-15 19:12:07.496 69652 INFO tempest.lib.common.rest_client [req-067f770d-dfa3-42c6-b280-9964961e3a20 req-067f770d-dfa3-42c6-b280-9964961e3a20 ] Request (ServersAdminNegativeTestJSON:test_migrate_server_invalid_state): 200 GET http://10.180.1.21/compute/v2.1/servers/8c8a6ea3-81b1-4118-a404-f172457766cb 0.189s
2025-04-15 19:12:07.525 69662 INFO tempest.lib.common.rest_client [req-44e6ddd5-c432-4c40-bee5-0226f94ba27f req-44e6ddd5-c432-4c40-bee5-0226f94ba27f ] Request (AttachInterfacesTestJSON:test_create_list_show_delete_interfaces_by_fixed_ip): 200 GET http://10.180.1.21/compute/v2.1/servers/ceec6f62-e914-4659-8fab-25647605cc63 0.164s
2025-04-15 19:12:07.545 69606 INFO tempest.lib.common.rest_client [req-521f8fda-bd60-42ed-92bb-2dfddeec5c91 req-521f8fda-bd60-42ed-92bb-2dfddeec5c91 ] Request (DeleteServersTestJSON:test_delete_server_while_in_attached_volume): 200 GET http://10.180.1.21/compute/v2.1/servers/4ff609df-07c8-420f-8eec-e89c33a51a33 0.145s
2025-04-15 19:12:07.591 69668 INFO tempest.lib.common.rest_client [req-be72c46d-ee24-4c14-ab6e-70b2630ca659 req-be72c46d-ee24-4c14-ab6e-70b2630ca659 ] Request (ListImageFiltersTestJSON:setUpClass): 200 GET http://10.180.1.21/compute/v2.1/servers/9be6d6f1-0bb5-44b3-bbf6-2269026efdcf 0.107s
2025-04-15 19:12:07.610 69658 INFO tempest.lib.common.rest_client [req-1d65c02c-f42e-4269-a3d6-e80debc18f33 req-1d65c02c-f42e-4269-a3d6-e80debc18f33 ] Request (FloatingIPsAssociationNegativeTestJSON:tearDownClass): 204 DELETE http://10.180.1.21:9696/networking/v2.0/routers/81b61ad4-4ac4-4665-944e-f4befff9e0ea 0.708s
2025-04-15 19:12:07.712 69658 INFO tempest.lib.common.rest_client [req-943da845-9ff4-43c5-8825-4a26636177c1 req-943da845-9ff4-43c5-8825-4a26636177c1 ] Request (FloatingIPsAssociationNegativeTestJSON:tearDownClass): 204 DELETE http://10.180.1.21:9696/networking/v2.0/subnets/5437f088-caae-42f2-946a-5b6517e20c2b 0.101s
2025-04-15 19:12:07.885 69614 INFO tempest.lib.common.rest_client [req-c800a7f7-38e5-4785-9de1-86fb23700763 req-c800a7f7-38e5-4785-9de1-86fb23700763 ] Request (ServersTestJSON:test_create_server_specify_multibyte_character_name): 200 GET http://10.180.1.21/compute/v2.1/servers/20dc03e1-62af-45fa-bc82-3f81c8a1fba5 0.058s
2025-04-15 19:12:07.900 69646 INFO tempest.lib.common.rest_client [req-73457f3d-8be9-44f1-9e63-163ad5687e63 req-73457f3d-8be9-44f1-9e63-163ad5687e63 ] Request (ServersListShow296Test:tearDownClass): 200 GET http://10.180.1.21/compute/v2.1/servers/6afbbc09-9ffa-425b-babc-bc287042937f 0.083s
2025-04-15 19:12:07.938 69642 INFO tempest.lib.common.rest_client [req-388566c7-ba5b-4d9f-a0d2-57b37378231d req-388566c7-ba5b-4d9f-a0d2-57b37378231d ] Request (ServersTestFqdnHostnames:test_create_server_with_fqdn_name): 200 GET http://10.180.1.21/compute/v2.1/servers/47493890-3a5e-4f5e-a1fd-f6be17648fc9 0.054s
2025-04-15 19:12:07.940 69658 INFO tempest.lib.common.rest_client [req-d2968ab9-6e9c-4d79-8da0-ab5bb33733e9 req-d2968ab9-6e9c-4d79-8da0-ab5bb33733e9 ] Request (FloatingIPsAssociationNegativeTestJSON:tearDownClass): 204 DELETE http://10.180.1.21:9696/networking/v2.0/networks/db0e791b-2773-4ecc-9429-b4fb567d0ae9 0.227s
2025-04-15 19:12:08.056 69658 INFO tempest.lib.common.rest_client [req-1e997809-6aaf-4672-801b-b108533dd214 req-1e997809-6aaf-4672-801b-b108533dd214 ] Request (FloatingIPsAssociationNegativeTestJSON:tearDownClass): 204 DELETE http://10.180.1.21/identity/v3/users/943b478f67a74b08bdf6976dbc1d1c2a 0.116s
2025-04-15 19:12:08.056 69658 INFO tempest.lib.common.dynamic_creds [-] Deleting project and security group for project: 148a71b65b4d423a9777eec9440eda86
2025-04-15 19:12:08.061 69618 INFO tempest.lib.common.rest_client [req-b71a1af0-e6e1-4f34-a324-c90851e3f82e req-b71a1af0-e6e1-4f34-a324-c90851e3f82e ] Request (FloatingIPsAssociationTestJSON:tearDownClass): 200 GET http://10.180.1.21/compute/v2.1/servers/1201c389-67f9-4a49-8d04-0fffbe8cf528 0.063s
2025-04-15 19:12:08.109 69636 INFO tempest.lib.common.rest_client [req-cefb8240-94d5-4796-afbd-d6f84550f420 req-cefb8240-94d5-4796-afbd-d6f84550f420 ] Request (ImagesOneServerNegativeTestJSON:_run_cleanups): 200 GET http://10.180.1.21/compute/v2.1/servers/9a9112e4-5798-4ff4-87b8-e91ff59cffcc 0.063s
2025-04-15 19:12:08.174 69630 INFO tempest.lib.common.rest_client [req-87c51225-44cb-47f1-aed3-627220166847 req-87c51225-44cb-47f1-aed3-627220166847 ] Request (ServerAddressesNegativeTestJSON:tearDownClass): 200 GET http://10.180.1.21/compute/v2.1/servers/8bc071fa-1afb-466e-8d6e-d259d9b7be1c 0.058s
2025-04-15 19:12:08.232 69656 INFO tempest.lib.common.rest_client [req-5f9bc29d-e267-46fc-a036-f082165df040 req-5f9bc29d-e267-46fc-a036-f082165df040 ] Request (ListServerFiltersTestJSON:tearDownClass): 200 GET http://10.180.1.21/compute/v2.1/servers/137d5236-472a-494b-91a6-5a76844f2d17 0.107s
