2024-12-11 03:30:19.067 67173 INFO tempest.lib.common.rest_client [req-3f934389-4695-4a9f-b15b-7b4cdfb4abbc req-3f934389-4695-4a9f-b15b-7b4cdfb4abbc ] Request (ServicesAdminNegativeTestJSON:setUpClass): 200 GET http://10.180.1.21/identity/v3/roles 0.060s
2024-12-11 03:30:19.091 67173 INFO tempest.lib.common.rest_client [req-dc323a39-2a4e-428b-a105-5484d412e09c req-dc323a39-2a4e-428b-a105-5484d412e09c ] Request (ServicesAdminNegativeTestJSON:setUpClass): 204 PUT http://10.180.1.21/identity/v3/projects/581ed6c4b1c44dbb96efda2c20e87175/users/750a01522a9447f7aa795fde8003f663/roles/469a49af4ae843a685d33d335ce1d6f7 0.024s
2024-12-11 03:30:19.092 67173 INFO tempest.lib.common.dynamic_creds [-] Dynamic test user 750a01522a9447f7aa795fde8003f663 is created with scope project and roles: ['admin']
2024-12-11 03:30:19.092 67173 INFO tempest.lib.common.dynamic_creds [-] Acquired dynamic creds: credentials: Credentials: {'domain_id': 'default', 'domain_name': 'Default', 'username': 'tempest-ServicesAdminNegativeTestJSON-1569456981-project-admin', 'project_domain_id': 'default', 'project_domain_name': 'Default', 'project_id': '581ed6c4b1c44dbb96efda2c20e87175', 'project_name': 'tempest-ServicesAdminNegativeTestJSON-1569456981', 'tenant_id': '581ed6c4b1c44dbb96efda2c20e87175', 'tenant_name': 'tempest-ServicesAdminNegativeTestJSON-1569456981', 'user_domain_id': 'default', 'user_domain_name': 'Default', 'user_id': '750a01522a9447f7aa795fde8003f663', 'system': None}, Network: None, Subnet: None, Router: None
2024-12-11 03:30:19.092 67173 INFO tempest.lib.common.dynamic_creds [-] Created isolated network resources for: credentials: Credentials: {'domain_id': 'default', 'domain_name': 'Default', 'username': 'tempest-ServicesAdminNegativeTestJSON-1569456981-project-admin', 'project_domain_id': 'default', 'project_domain_name': 'Default', 'project_id': '581ed6c4b1c44dbb96efda2c20e87175', 'project_name': 'tempest-ServicesAdminNegativeTestJSON-1569456981', 'tenant_id': '581ed6c4b1c44dbb96efda2c20e87175', 'tenant_name': 'tempest-ServicesAdminNegativeTestJSON-1569456981', 'user_domain_id': 'default', 'user_domain_name': 'Default', 'user_id': '750a01522a9447f7aa795fde8003f663', 'system': None}, Network: None, Subnet: None, Router: None
2024-12-11 03:30:19.102 67163 INFO tempest.lib.common.rest_client [req-f7a78cad-0870-4dae-b8ce-bb8c33136d12 req-f7a78cad-0870-4dae-b8ce-bb8c33136d12 ] Request (KeyPairsNegativeTestJSON:test_create_keypair_when_public_key_bits_exceeds_maximum): 400 POST http://10.180.1.21/compute/v2.1/os-keypairs 1.144s
2024-12-11 03:30:19.123 67159 INFO tempest.lib.common.rest_client [req-9d902059-985c-4139-8e1b-722fab98639f req-9d902059-985c-4139-8e1b-722fab98639f ] Request (SecurityGroupsNegativeTestJSON:test_security_group_get_nonexistent_group): 404 GET http://10.180.1.21/compute/v2.1/os-security-groups/d5d97510-53b9-4666-afef-7c91275e6eeb 1.127s
2024-12-11 03:30:19.173 67173 INFO tempest.lib.common.rest_client [req-a8975e32-06f3-4365-8875-67eee5548990 req-a8975e32-06f3-4365-8875-67eee5548990 ] Request (ServicesAdminNegativeTestJSON:setUpClass): 201 POST http://10.180.1.21/identity/v3/auth/tokens 0.076s
2024-12-11 03:30:19.188 67127 INFO tempest.lib.common.rest_client [req-57a5854e-8e8c-4239-9a0d-ebd59d7b74ff req-57a5854e-8e8c-4239-9a0d-ebd59d7b74ff ] Request (ListServerFiltersTestJSON:setUpClass): 200 GET http://10.180.1.21/compute/v2.1/servers/30041e20-4a62-4bf3-a23e-0986f38de3e2 1.177s
2024-12-11 03:30:19.249 67151 INFO tempest.lib.common.rest_client [req-74ec3fbb-4b68-4386-baed-3b53541fda9c req-74ec3fbb-4b68-4386-baed-3b53541fda9c ] Request (ServersTestMultiNic:test_verify_duplicate_network_nics): 201 POST http://10.180.1.21:9696/networking/v2.0/networks 0.307s
2024-12-11 03:30:19.340 67147 INFO tempest.lib.common.rest_client [req-8abd9cf2-14f4-435f-b541-01fb21cf1dc4 req-8abd9cf2-14f4-435f-b541-01fb21cf1dc4 ] Request (QuotasAdminTestV257:test_get_updated_quotas): 200 GET http://10.180.1.21/compute/v2.1/os-quota-sets/809e18efde9343cfbe79786337706c99/detail 1.233s
2024-12-11 03:30:19.381 67147 INFO tempest.lib.common.rest_client [req-2e8c0099-e3db-4962-8ab8-042718b81069 req-2e8c0099-e3db-4962-8ab8-042718b81069 ] Request (QuotasAdminTestV257:test_get_updated_quotas): 200 GET http://10.180.1.21/identity/v3/domains?name=Default 0.035s
2024-12-11 03:30:19.417 67147 INFO tempest.lib.common.rest_client [req-4244a08b-2c4a-431a-845c-4721ce06b690 req-4244a08b-2c4a-431a-845c-4721ce06b690 ] Request (QuotasAdminTestV257:test_get_updated_quotas): 201 POST http://10.180.1.21/identity/v3/users 0.036s
2024-12-11 03:30:19.446 67147 INFO tempest.lib.common.rest_client [req-de68829d-fe66-40a3-a0ed-9439df767a1d req-de68829d-fe66-40a3-a0ed-9439df767a1d ] Request (QuotasAdminTestV257:test_get_updated_quotas): 200 GET http://10.180.1.21/identity/v3/domains?name=Default 0.028s
2024-12-11 03:30:19.544 67139 INFO tempest.lib.common.rest_client [req-9d2a9429-528e-4715-b57f-24a66c22d47e req-9d2a9429-528e-4715-b57f-24a66c22d47e ] Request (SecurityGroupRulesTestJSON:test_security_group_rules_delete_when_peer_group_deleted): 202 DELETE http://10.180.1.21/compute/v2.1/os-security-groups/5ded64c2-0317-4b60-9689-a6a5e8abdaa4 1.203s
2024-12-11 03:30:19.551 67151 INFO tempest.lib.common.rest_client [req-73c0df27-1c8c-4c30-8764-0e73170355f5 req-73c0df27-1c8c-4c30-8764-0e73170355f5 ] Request (ServersTestMultiNic:test_verify_duplicate_network_nics): 201 POST http://10.180.1.21:9696/networking/v2.0/subnets 0.301s
2024-12-11 03:30:19.565 67154 INFO tempest.lib.common.rest_client [req-3b113e8d-ea03-415a-a91c-b3ba25de29b1 req-3b113e8d-ea03-415a-a91c-b3ba25de29b1 ] Request (FlavorsAdminTestJSON:test_create_flavor_with_uuid_id): 200 POST http://10.180.1.21/compute/v2.1/flavors 1.192s
2024-12-11 03:30:19.598 67180 INFO tempest.lib.common.rest_client [req-3da5b8d1-5232-445e-80e6-6f6715c8d1a4 req-3da5b8d1-5232-445e-80e6-6f6715c8d1a4 ] Request (ServerActionsTestOtherB:setUpClass): 201 POST http://10.180.1.21:9696/networking/v2.0/floatingips 0.745s
2024-12-11 03:30:19.664 67151 INFO tempest.lib.common.rest_client [req-59ee395b-61be-44f0-aad7-39b891e62a79 req-59ee395b-61be-44f0-aad7-39b891e62a79 ] Request (ServersTestMultiNic:test_verify_duplicate_network_nics): 201 POST http://10.180.1.21:9696/networking/v2.0/networks 0.113s
2024-12-11 03:30:19.673 67143 INFO tempest.lib.common.rest_client [req-2cdb2361-f360-405c-9d2d-2d3f172bd1fc req-2cdb2361-f360-405c-9d2d-2d3f172bd1fc ] Request (FlavorsAccessNegativeTestJSON:_run_cleanups): 200 POST http://10.180.1.21/compute/v2.1/flavors/1441938169/action 1.217s
2024-12-11 03:30:19.675 67180 INFO tempest.lib.common.rest_client [req-91beac8a-a0e4-4388-b289-7237c9c41e9f req-91beac8a-a0e4-4388-b289-7237c9c41e9f ] Request (ServerActionsTestOtherB:setUpClass): 201 POST http://10.180.1.21/identity/v3/auth/tokens 0.073s
2024-12-11 03:30:19.676 67180 INFO tempest.lib.common.fixed_network [-] (ServerActionsTestOtherB:setUpClass) Found network {'id': '8700ff59-8a9a-4b5b-bb22-32c1b174162c', 'name': 'tempest-ServerActionsTestOtherB-1181720087-network', 'tenant_id': '85cdb55124c742689c30cbe2eefe3d97', 'admin_state_up': True, 'mtu': 8950, 'status': 'ACTIVE', 'subnets': [], 'shared': False, 'project_id': '85cdb55124c742689c30cbe2eefe3d97', 'port_security_enabled': True, 'router:external': False, 'provider:network_type': 'vlan', 'provider:physical_network': 'default', 'provider:segmentation_id': 104, 'availability_zone_hints': [], 'availability_zones': [], 'ipv4_address_scope': None, 'ipv6_address_scope': None, 'description': '', 'tags': [], 'created_at': '2024-12-11T03:30:12Z', 'updated_at': '2024-12-11T03:30:12Z', 'revision_number': 1} available for tenant
2024-12-11 03:30:19.688 67171 INFO tempest.lib.common.rest_client [req-4928110a-9527-4d7b-b9d4-63813075ddde req-4928110a-9527-4d7b-b9d4-63813075ddde ] Request (KeyPairsV22TestJSON:_run_cleanups): 204 DELETE http://10.180.1.21/compute/v2.1/os-keypairs/tempest-keypair-84511117 1.152s
2024-12-11 03:30:19.741 67141 INFO tempest.lib.common.rest_client [req-590b4c32-7d7f-4591-b03a-85fa769fe060 req-590b4c32-7d7f-4591-b03a-85fa769fe060 ] Request (VolumesAssistedSnapshotsTest:test_volume_assisted_snapshot_create_delete): 200 GET http://10.180.1.21/compute/v2.1/servers/db22896d-0f47-473f-9aeb-e15490f5232d 1.070s
2024-12-11 03:30:19.866 67125 INFO tempest.lib.common.rest_client [req-e6f84e62-2d44-4aa2-837c-89d5e36e6838 req-e6f84e62-2d44-4aa2-837c-89d5e36e6838 ] Request (FloatingIPsAssociationNegativeTestJSON:_run_cleanups): 202 POST http://10.180.1.21/compute/v2.1/servers/67c0a432-4271-4f4e-8a08-bfc43439dbb4/action 2.268s
2024-12-11 03:30:19.875 67183 INFO tempest.lib.common.rest_client [req-e1a3bfd9-ebee-4c78-88bc-0e2c957694b9 req-e1a3bfd9-ebee-4c78-88bc-0e2c957694b9 ] Request (TenantUsagesTestJSON:tearDownClass): 200 GET http://10.180.1.21/compute/v2.1/servers/4f1a6a09-556d-4358-9cff-57bea43d78f2 1.190s
2024-12-11 03:30:19.918 67175 INFO tempest.lib.common.rest_client [req-87411cae-1368-459a-9a39-0847aa60b9bd req-87411cae-1368-459a-9a39-0847aa60b9bd ] Request (AttachInterfacesTestJSON:test_create_list_show_delete_interfaces_by_fixed_ip): 200 GET http://10.180.1.21/compute/v2.1/servers/8031f33e-874a-4028-885b-081279aa1912 1.197s
2024-12-11 03:30:19.932 67151 INFO tempest.lib.common.rest_client [req-cb20f7d9-a891-490c-ba93-3a45b42c76b6 req-cb20f7d9-a891-490c-ba93-3a45b42c76b6 ] Request (ServersTestMultiNic:test_verify_duplicate_network_nics): 201 POST http://10.180.1.21:9696/networking/v2.0/subnets 0.267s
2024-12-11 03:30:19.936 67161 INFO tempest.lib.common.rest_client [req-cb3caef8-f49e-4f72-a404-c9ef57688d0b req-cb3caef8-f49e-4f72-a404-c9ef57688d0b ] Request (ServersAdminNegativeTestJSON:test_migrate_server_invalid_state): 200 GET http://10.180.1.21/compute/v2.1/servers/192917aa-96cd-4d58-b160-e022003d565a 1.199s
2024-12-11 03:30:19.970 67133 INFO tempest.lib.common.rest_client [req-5980dd2c-244d-42d6-9282-2067870f973f req-5980dd2c-244d-42d6-9282-2067870f973f ] Request (ServerDiagnosticsV248Test:test_get_server_diagnostics): 200 GET http://10.180.1.21/compute/v2.1/servers/f6e53747-9a7f-4564-a7bf-380ab17095fa 1.205s
2024-12-11 03:30:19.979 67133 INFO tempest.common.waiters [-] State transition "BUILD/None" ==> "BUILD/block_device_mapping" after 24 second wait
2024-12-11 03:30:19.995 67149 INFO tempest.lib.common.rest_client [req-87562b9e-ae99-4c18-b46a-ff395bc07bdc req-87562b9e-ae99-4c18-b46a-ff395bc07bdc ] Request (ServerDiagnosticsNegativeTest:tearDownClass): 200 GET http://10.180.1.21/compute/v2.1/servers/8ad232ce-b541-463d-8a80-d15d67cba1df 1.201s
2024-12-11 03:30:20.008 67151 INFO tempest.lib.common.rest_client [req-8729369e-6f6b-43c1-8bba-0bfb339ce970 req-8729369e-6f6b-43c1-8bba-0bfb339ce970 ] Request (ServersTestMultiNic:test_verify_duplicate_network_nics): 201 POST http://10.180.1.21/identity/v3/auth/tokens 0.071s
2024-12-11 03:30:20.009 67151 INFO tempest.lib.common.fixed_network [-] (ServersTestMultiNic:test_verify_duplicate_network_nics) Found network {'id': 'c46d4fb6-7a35-4f7f-86c6-4860f8a5df78', 'name': 'tempest-ServersTestMultiNic-1585174309-network', 'tenant_id': '15370233e0384cb7a7e753856ec5c94d', 'admin_state_up': True, 'mtu': 8950, 'status': 'ACTIVE', 'subnets': [], 'shared': False, 'project_id': '15370233e0384cb7a7e753856ec5c94d', 'port_security_enabled': True, 'router:external': False, 'provider:network_type': 'vlan', 'provider:physical_network': 'default', 'provider:segmentation_id': 411, 'availability_zone_hints': [], 'availability_zones': [], 'ipv4_address_scope': None, 'ipv6_address_scope': None, 'description': '', 'tags': [], 'created_at': '2024-12-11T03:30:14Z', 'updated_at': '2024-12-11T03:30:14Z', 'revision_number': 1} available for tenant
2024-12-11 03:30:20.020 67165 INFO tempest.lib.common.rest_client [req-068273d1-effd-4275-8432-af2fe9179c69 req-068273d1-effd-4275-8432-af2fe9179c69 ] Request (MultipleCreateTestJSON:test_multiple_create): 200 GET http://10.180.1.21/compute/v2.1/servers/d0dacc3e-dd44-406d-a773-425fbda4958e 1.192s
2024-12-11 03:30:20.049 67157 INFO tempest.lib.common.rest_client [req-8fa34f9e-fefe-47f5-b5d5-491e504676bb req-8fa34f9e-fefe-47f5-b5d5-491e504676bb ] Request (ServersTestJSON:setUpClass): 200 GET http://10.180.1.21/compute/v2.1/servers/3a3361e5-7bd2-4b8b-9aff-8eaf832cb2bf 1.193s
2024-12-11 03:30:20.067 67181 INFO tempest.lib.common.rest_client [req-c81adf2e-086c-431d-9614-ae3d7716b71a req-c81adf2e-086c-431d-9614-ae3d7716b71a ] Request (ListImageFiltersTestJSON:setUpClass): 200 GET http://10.180.1.21/compute/v2.1/servers/cd790c7d-8dc7-4066-b0e3-10660c5d163f 1.170s
2024-12-11 03:30:20.073 67129 INFO tempest.lib.common.rest_client [req-db8ad4fd-1215-4d0f-a6e1-87dbc6565289 req-db8ad4fd-1215-4d0f-a6e1-87dbc6565289 ] Request (AggregatesAdminNegativeTestJSON:test_aggregate_delete_as_user): 200 POST http://10.180.1.21/compute/v2.1/os-aggregates 1.087s
2024-12-11 03:30:20.076 67185 INFO tempest.lib.common.rest_client [req-9d64e358-cdd2-4510-97d7-0d14c6be8e8b req-9d64e358-cdd2-4510-97d7-0d14c6be8e8b ] Request (FlavorsExtraSpecsTestJSON:test_flavor_set_get_update_show_unset_keys): 200 GET http://10.180.1.21/compute/v2.1/flavors/1573540177/os-extra_specs 1.066s
2024-12-11 03:30:20.113 67163 INFO tempest.lib.common.rest_client [req-7f5ccfce-f60f-43db-a1de-a30b4d1ee2f2 req-7f5ccfce-f60f-43db-a1de-a30b4d1ee2f2 ] Request (KeyPairsNegativeTestJSON:test_create_keypair_with_duplicate_name): 200 POST http://10.180.1.21/compute/v2.1/os-keypairs 1.010s
2024-12-11 03:30:20.128 67155 INFO tempest.lib.common.rest_client [req-d0095094-41a9-459c-8280-f3461619b0d2 req-d0095094-41a9-459c-8280-f3461619b0d2 ] Request (DeleteServersAdminTestJSON:test_admin_delete_servers_of_others): 200 GET http://10.180.1.21/compute/v2.1/servers/4590a34e-10f9-4365-9e5b-2a29ec57aa3a 1.032s
2024-12-11 03:30:20.135 67159 INFO tempest.lib.common.rest_client [req-cadf3816-d316-4f9b-9f54-94fc427b1280 req-cadf3816-d316-4f9b-9f54-94fc427b1280 ] Request (SecurityGroupsNegativeTestJSON:test_update_non_existent_security_group): 404 PUT http://10.180.1.21/compute/v2.1/os-security-groups/5ea27463-5195-4b43-a8a8-90909b6da9e9 1.009s
2024-12-11 03:30:20.184 67173 INFO tempest.lib.common.rest_client [req-3bb568b3-bc18-4e1b-8d9b-a3003cf75238 req-3bb568b3-bc18-4e1b-8d9b-a3003cf75238 ] Request (ServicesAdminNegativeTestJSON:test_get_service_by_invalid_params): 200 GET http://10.180.1.21/compute/v2.1/os-services 1.008s
2024-12-11 03:30:20.188 67177 INFO tempest.lib.common.rest_client [req-ff5c9ffd-0874-4d5f-9e1d-272e08aad966 req-ff5c9ffd-0874-4d5f-9e1d-272e08aad966 ] Request (ServerActionsV293TestJSON:setUpClass): 200 GET http://10.180.1.21/compute/v2.1/servers/be5490f1-3a52-4019-8b49-b4226a57331c 1.021s
2024-12-11 03:30:20.267 67187 INFO tempest.lib.common.rest_client [req-701dc073-4e4f-4cd9-85ec-edd13a0874b2 req-701dc073-4e4f-4cd9-85ec-edd13a0874b2 ] Request (ServersWithSpecificFlavorTestJSON:test_verify_created_server_ephemeral_disk): 200 GET http://10.180.1.21/compute/v2.1/servers/2eedd158-0d03-42eb-9613-caa6ff90b54a 1.036s
2024-12-11 03:30:20.294 67147 INFO tempest.lib.common.rest_client [req-5cf804a3-3dab-4ad5-a104-6b8502614822 req-5cf804a3-3dab-4ad5-a104-6b8502614822 ] Request (QuotasAdminTestV257:test_get_updated_quotas): 200 PUT http://10.180.1.21/compute/v2.1/os-quota-sets/809e18efde9343cfbe79786337706c99?user_id=699f516e2fa9408eaa3c3aeebad3c089 0.848s
2024-12-11 03:30:20.329 67139 INFO tempest.lib.common.rest_client [req-766337bb-51f2-4f47-84fd-0e1e2d938562 req-766337bb-51f2-4f47-84fd-0e1e2d938562 ] Request (SecurityGroupRulesTestJSON:test_security_group_rules_delete_when_peer_group_deleted): 200 GET http://10.180.1.21/compute/v2.1/os-security-groups/94ef29e5-c156-47a1-85a9-c5def8f479d2 0.784s
2024-12-11 03:30:20.330 67137 INFO tempest.lib.common.rest_client [req-8572c037-79e6-4752-8c52-538af860b91e req-8572c037-79e6-4752-8c52-538af860b91e ] Request (ServerMetadataTestJSON:setUpClass): 200 GET http://10.180.1.21/compute/v2.1/servers/7e178341-9bd5-498c-a076-ddcfbbf4823f 0.870s
2024-12-11 03:30:20.348 67154 INFO tempest.lib.common.rest_client [req-e2ef84b2-0ede-4cab-b063-23a77488a13d req-e2ef84b2-0ede-4cab-b063-23a77488a13d ] Request (FlavorsAdminTestJSON:_run_cleanups): 202 DELETE http://10.180.1.21/compute/v2.1/flavors/645d17ec-bbd0-4c54-b205-12a3e45b60e4 0.780s
2024-12-11 03:30:20.364 67143 INFO tempest.lib.common.rest_client [req-3fffa3e2-3766-465d-8891-c2453e21d890 req-3fffa3e2-3766-465d-8891-c2453e21d890 ] Request (FlavorsAccessNegativeTestJSON:_run_cleanups): 202 DELETE http://10.180.1.21/compute/v2.1/flavors/1441938169 0.689s
2024-12-11 03:30:20.404 67135 INFO tempest.lib.common.rest_client [req-d122a7ac-68c0-4128-afd2-a54c17c276b6 req-d122a7ac-68c0-4128-afd2-a54c17c276b6 ] Request (MigrationsAdminTest:test_list_migrations_in_flavor_resize_situation): 200 GET http://10.180.1.21/compute/v2.1/servers/1fce1567-6383-45d1-8001-e6839a481c69 0.776s
2024-12-11 03:30:20.450 67171 INFO tempest.lib.common.rest_client [req-d7ec5be6-9d46-43b9-b224-c16a34125ddb req-d7ec5be6-9d46-43b9-b224-c16a34125ddb ] Request (KeyPairsV22TestJSON:test_keypairs_create_list_delete): 201 POST http://10.180.1.21/compute/v2.1/os-keypairs 0.760s
2024-12-11 03:30:20.523 67169 INFO tempest.lib.common.rest_client [req-a57ff8e0-8c6a-49c7-b18f-7fcb5e39d241 req-a57ff8e0-8c6a-49c7-b18f-7fcb5e39d241 ] Request (ImagesTestJSON:test_create_image_from_stopped_server): 200 GET http://10.180.1.21/compute/v2.1/servers/a4796c22-8e8f-4677-bb59-9e229fd98f84 0.710s
2024-12-11 03:30:20.899 67180 INFO tempest.lib.common.rest_client [req-e8acce9f-b886-41dd-936d-67bbbc6ae38a req-e8acce9f-b886-41dd-936d-67bbbc6ae38a ] Request (ServerActionsTestOtherB:setUpClass): 202 POST http://10.180.1.21/compute/v2.1/servers 1.223s
2024-12-11 03:30:20.981 67167 INFO tempest.lib.common.rest_client [req-dfa062fd-47cc-4e42-8ab9-ab53217dc6cd req-dfa062fd-47cc-4e42-8ab9-ab53217dc6cd ] Request (ServersAdmin275Test:test_rebuild_update_server_275): 200 GET http://10.180.1.21/compute/v2.1/servers/b2384705-52e2-407b-b128-382abf994148 1.079s
2024-12-11 03:30:21.028 67125 INFO tempest.lib.common.rest_client [req-eb6ce7d6-4aad-42ee-a391-d3eba0b4434e req-eb6ce7d6-4aad-42ee-a391-d3eba0b4434e ] Request (FloatingIPsAssociationNegativeTestJSON:_run_cleanups): 202 DELETE http://10.180.1.21/compute/v2.1/os-floating-ips/9c5d6210-138a-424b-87d3-74c0ffe1b283 1.161s
2024-12-11 03:30:21.217 67145 INFO tempest.lib.common.rest_client [req-7aa82d7a-244f-4006-81ef-bf2f4cb604d3 req-7aa82d7a-244f-4006-81ef-bf2f4cb604d3 ] Request (ServerDiagnosticsTest:tearDownClass): 200 GET http://10.180.1.21/compute/v2.1/servers/0b7031c7-ad44-4c57-aff5-df949f1617db 1.247s
2024-12-11 03:30:21.229 67159 INFO tempest.lib.common.rest_client [req-21f40b87-e0c5-4479-9f2a-8ce8ab5c9c15 req-21f40b87-e0c5-4479-9f2a-8ce8ab5c9c15 ] Request (SecurityGroupsNegativeTestJSON:tearDownClass): 200 PUT http://10.180.1.21:9696/networking/v2.0/routers/153dd1ed-ff2e-4aa3-b91c-04354c4a40be/remove_router_interface 1.091s
2024-12-11 03:30:21.291 67131 INFO tempest.lib.common.rest_client [req-25599524-b965-4a1b-bc45-45f41193f527 req-25599524-b965-4a1b-bc45-45f41193f527 ] Request (ServersAdminTestJSON:setUpClass): 200 GET http://10.180.1.21/compute/v2.1/servers/6be94b16-80b6-401b-86ff-853141f16e71 1.218s
2024-12-11 03:30:21.296 67129 INFO tempest.lib.common.rest_client [req-d708555f-e54c-4a15-841f-43ae73e5bce7 req-d708555f-e54c-4a15-841f-43ae73e5bce7 ] Request (AggregatesAdminNegativeTestJSON:test_aggregate_delete_as_user): 403 DELETE http://10.180.1.21/compute/v2.1/os-aggregates/5 1.221s
2024-12-11 03:30:21.318 67185 INFO tempest.lib.common.rest_client [req-8b19fae6-af52-44de-befe-05d62fe3c90f req-8b19fae6-af52-44de-befe-05d62fe3c90f ] Request (FlavorsExtraSpecsTestJSON:test_flavor_set_get_update_show_unset_keys): 200 PUT http://10.180.1.21/compute/v2.1/flavors/1573540177/os-extra_specs/hw:numa_nodes 1.241s
2024-12-11 03:30:21.350 67163 INFO tempest.lib.common.rest_client [req-93d910e5-8be2-48ac-8fa4-997a4e590324 req-93d910e5-8be2-48ac-8fa4-997a4e590324 ] Request (KeyPairsNegativeTestJSON:test_create_keypair_with_duplicate_name): 409 POST http://10.180.1.21/compute/v2.1/os-keypairs 1.234s
2024-12-11 03:30:21.373 67173 INFO tempest.lib.common.rest_client [req-078847fe-aaa0-4a3c-bd1b-27970efe7e93 req-078847fe-aaa0-4a3c-bd1b-27970efe7e93 ] Request (ServicesAdminNegativeTestJSON:test_get_service_by_invalid_params): 200 GET http://10.180.1.21/compute/v2.1/os-services?xxx=nova-compute 1.186s
2024-12-11 03:30:21.435 67127 INFO tempest.lib.common.rest_client [req-22cd855a-f289-4376-a109-350b59188e71 req-22cd855a-f289-4376-a109-350b59188e71 ] Request (ListServerFiltersTestJSON:setUpClass): 200 GET http://10.180.1.21/compute/v2.1/servers/30041e20-4a62-4bf3-a23e-0986f38de3e2 1.236s
2024-12-11 03:30:21.485 67147 INFO tempest.lib.common.rest_client [req-b6a3c0f0-db1d-45c6-94cc-5453de9066b1 req-b6a3c0f0-db1d-45c6-94cc-5453de9066b1 ] Request (QuotasAdminTestV257:test_get_updated_quotas): 200 GET http://10.180.1.21/compute/v2.1/os-quota-sets/809e18efde9343cfbe79786337706c99?user_id=699f516e2fa9408eaa3c3aeebad3c089 1.189s
2024-12-11 03:30:21.513 67151 INFO tempest.lib.common.rest_client [req-49a589d6-c0b6-4e4a-8f98-751756dcc08d req-49a589d6-c0b6-4e4a-8f98-751756dcc08d ] Request (ServersTestMultiNic:test_verify_duplicate_network_nics): 202 POST http://10.180.1.21/compute/v2.1/servers 1.503s
2024-12-11 03:30:21.529 67154 INFO tempest.lib.common.rest_client [req-c94d1c4a-0431-4098-8be8-a21fec567b62 req-c94d1c4a-0431-4098-8be8-a21fec567b62 ] Request (FlavorsAdminTestJSON:_run_cleanups): 200 GET http://10.180.1.21/compute/v2.1/flavors/detail 1.181s
2024-12-11 03:30:21.542 67143 INFO tempest.lib.common.rest_client [req-955ed181-9163-4e3e-a82d-f2f8f3e5a783 req-955ed181-9163-4e3e-a82d-f2f8f3e5a783 ] Request (FlavorsAccessNegativeTestJSON:_run_cleanups): 200 GET http://10.180.1.21/compute/v2.1/flavors/detail 1.178s
2024-12-11 03:30:21.578 67171 INFO tempest.lib.common.rest_client [req-ab19982a-140e-407a-8d29-985fb92e1342 req-ab19982a-140e-407a-8d29-985fb92e1342 ] Request (KeyPairsV22TestJSON:test_keypairs_create_list_delete): 201 POST http://10.180.1.21/compute/v2.1/os-keypairs 1.126s
2024-12-11 03:30:21.591 67147 INFO tempest.lib.common.rest_client [req-65a6e7b5-9f8f-436c-9ccf-b7003cbdde36 req-65a6e7b5-9f8f-436c-9ccf-b7003cbdde36 ] Request (QuotasAdminTestV257:_run_cleanups): 204 DELETE http://10.180.1.21/identity/v3/users/699f516e2fa9408eaa3c3aeebad3c089 0.104s
2024-12-11 03:30:21.640 67141 INFO tempest.lib.common.rest_client [req-e227c72d-c82c-4151-b63a-f9af17743ac1 req-e227c72d-c82c-4151-b63a-f9af17743ac1 ] Request (VolumesAssistedSnapshotsTest:test_volume_assisted_snapshot_create_delete): 200 GET http://10.180.1.21/compute/v2.1/servers/db22896d-0f47-473f-9aeb-e15490f5232d 0.891s
2024-12-11 03:30:21.647 67141 INFO tempest.common.waiters [-] State transition "BUILD/scheduling" ==> "BUILD/None" after 17 second wait
2024-12-11 03:30:21.682 67139 INFO tempest.lib.common.rest_client [req-c87e1b50-afed-409e-beaf-03695549e1af req-c87e1b50-afed-409e-beaf-03695549e1af ] Request (SecurityGroupRulesTestJSON:test_security_group_rules_list): 200 POST http://10.180.1.21/compute/v2.1/os-security-groups 1.348s
2024-12-11 03:30:21.694 67159 INFO tempest.lib.common.rest_client [req-5cc406a1-bc28-4c43-ba88-b3daf2216918 req-5cc406a1-bc28-4c43-ba88-b3daf2216918 ] Request (SecurityGroupsNegativeTestJSON:tearDownClass): 204 DELETE http://10.180.1.21:9696/networking/v2.0/routers/153dd1ed-ff2e-4aa3-b91c-04354c4a40be 0.464s
2024-12-11 03:30:21.713 67147 INFO tempest.lib.common.rest_client [req-4b812ef1-ef79-49ff-922a-5dad6a15eb6d req-4b812ef1-ef79-49ff-922a-5dad6a15eb6d ] Request (QuotasAdminTestV257:_run_cleanups): 204 DELETE http://10.180.1.21/identity/v3/projects/809e18efde9343cfbe79786337706c99 0.121s
2024-12-11 03:30:21.744 67180 INFO tempest.lib.common.rest_client [req-22b6a29a-6b90-4ea4-bfa2-628bc12a78a2 req-22b6a29a-6b90-4ea4-bfa2-628bc12a78a2 ] Request (ServerActionsTestOtherB:setUpClass): 200 GET http://10.180.1.21/compute/v2.1/servers/692d1c21-885a-4b1c-9eb2-9e18d95814c3 0.843s
2024-12-11 03:30:21.746 67183 INFO tempest.lib.common.rest_client [req-c5a342d1-fac7-4551-b68a-b8e6037fad2a req-c5a342d1-fac7-4551-b68a-b8e6037fad2a ] Request (TenantUsagesTestJSON:tearDownClass): 200 GET http://10.180.1.21/compute/v2.1/servers/4f1a6a09-556d-4358-9cff-57bea43d78f2 0.859s
2024-12-11 03:30:21.797 67161 INFO tempest.lib.common.rest_client [req-b9070932-aa9c-4c85-892a-2a7610c1313e req-b9070932-aa9c-4c85-892a-2a7610c1313e ] Request (ServersAdminNegativeTestJSON:test_migrate_server_invalid_state): 200 GET http://10.180.1.21/compute/v2.1/servers/192917aa-96cd-4d58-b160-e022003d565a 0.854s
2024-12-11 03:30:21.808 67175 INFO tempest.lib.common.rest_client [req-92fdc1ae-71cd-4e84-9570-217e470737dd req-92fdc1ae-71cd-4e84-9570-217e470737dd ] Request (AttachInterfacesTestJSON:test_create_list_show_delete_interfaces_by_fixed_ip): 200 GET http://10.180.1.21/compute/v2.1/servers/8031f33e-874a-4028-885b-081279aa1912 0.881s
2024-12-11 03:30:21.825 67159 INFO tempest.lib.common.rest_client [req-a68ee58d-bd7d-4f91-9722-9f9a59a7771f req-a68ee58d-bd7d-4f91-9722-9f9a59a7771f ] Request (SecurityGroupsNegativeTestJSON:tearDownClass): 204 DELETE http://10.180.1.21:9696/networking/v2.0/subnets/a0d57401-dfc0-42d4-9561-4a926e19d949 0.130s
2024-12-11 03:30:21.852 67133 INFO tempest.lib.common.rest_client [req-ef2e19f6-967c-43e6-b83b-026c61788c7e req-ef2e19f6-967c-43e6-b83b-026c61788c7e ] Request (ServerDiagnosticsV248Test:test_get_server_diagnostics): 200 GET http://10.180.1.21/compute/v2.1/servers/f6e53747-9a7f-4564-a7bf-380ab17095fa 0.872s
2024-12-11 03:30:21.865 67133 INFO tempest.common.waiters [-] State transition "BUILD/block_device_mapping" ==> "BUILD/spawning" after 26 second wait
2024-12-11 03:30:21.878 67149 INFO tempest.lib.common.rest_client [req-622af8a6-d462-4692-a918-33c15919f47f req-622af8a6-d462-4692-a918-33c15919f47f ] Request (ServerDiagnosticsNegativeTest:tearDownClass): 200 GET http://10.180.1.21/compute/v2.1/servers/8ad232ce-b541-463d-8a80-d15d67cba1df 0.874s
2024-12-11 03:30:21.885 67125 INFO tempest.lib.common.rest_client [req-4128dfd4-e288-400d-9e0e-832af1c3f2ad req-4128dfd4-e288-400d-9e0e-832af1c3f2ad ] Request (FloatingIPsAssociationNegativeTestJSON:test_associate_ip_to_server_without_passing_floating_ip): 400 POST http://10.180.1.21/compute/v2.1/servers/67c0a432-4271-4f4e-8a08-bfc43439dbb4/action 0.851s
2024-12-11 03:30:21.886 67147 INFO tempest.lib.common.rest_client [req-4d5bb0ed-6e1e-4c8a-82cd-accd069e456d req-4d5bb0ed-6e1e-4c8a-82cd-accd069e456d ] Request (QuotasAdminTestV257:tearDownClass): 204 DELETE http://10.180.1.21/identity/v3/users/118b2401d85e4304b62c2248c44620f1 0.170s
2024-12-11 03:30:21.918 67165 INFO tempest.lib.common.rest_client [req-63848aa7-9ab5-482e-aa4e-d4c30549b8bb req-63848aa7-9ab5-482e-aa4e-d4c30549b8bb ] Request (MultipleCreateTestJSON:test_multiple_create): 200 GET http://10.180.1.21/compute/v2.1/servers/d0dacc3e-dd44-406d-a773-425fbda4958e 0.885s
2024-12-11 03:30:21.938 67157 INFO tempest.lib.common.rest_client [req-fad21149-eaa0-45b3-9357-010f156105d0 req-fad21149-eaa0-45b3-9357-010f156105d0 ] Request (ServersTestJSON:setUpClass): 200 GET http://10.180.1.21/compute/v2.1/servers/3a3361e5-7bd2-4b8b-9aff-8eaf832cb2bf 0.881s
2024-12-11 03:30:21.986 67147 INFO tempest.lib.common.rest_client [req-03cb4ee3-1c34-41b6-afaa-81f10bb1574c req-03cb4ee3-1c34-41b6-afaa-81f10bb1574c ] Request (QuotasAdminTestV257:tearDownClass): 204 DELETE http://10.180.1.21/identity/v3/users/b95f4b73658845ffbe54b067521a647c 0.100s
2024-12-11 03:30:21.987 67147 INFO tempest.lib.common.dynamic_creds [-] Deleting project and security group for project: 72a0909400664f65bb30707d7ae4712d
2024-12-11 03:30:21.997 67181 INFO tempest.lib.common.rest_client [req-d9fc9821-6a71-49db-a0a9-649aa26ad40a req-d9fc9821-6a71-49db-a0a9-649aa26ad40a ] Request (ListImageFiltersTestJSON:setUpClass): 200 GET http://10.180.1.21/compute/v2.1/servers/cd790c7d-8dc7-4066-b0e3-10660c5d163f 0.920s
2024-12-11 03:30:22.013 67155 INFO tempest.lib.common.rest_client [req-e599cd3e-2b50-4c32-a0a4-9594458797a9 req-e599cd3e-2b50-4c32-a0a4-9594458797a9 ] Request (DeleteServersAdminTestJSON:test_admin_delete_servers_of_others): 200 GET http://10.180.1.21/compute/v2.1/servers/4590a34e-10f9-4365-9e5b-2a29ec57aa3a 0.873s
2024-12-11 03:30:22.026 67159 INFO tempest.lib.common.rest_client [req-4c8233f2-4bca-4f4b-9e4b-64154f0bc590 req-4c8233f2-4bca-4f4b-9e4b-64154f0bc590 ] Request (SecurityGroupsNegativeTestJSON:tearDownClass): 204 DELETE http://10.180.1.21:9696/networking/v2.0/networks/4257cb3f-9948-4031-99e9-85ffcdb7f2f0 0.201s
2024-12-11 03:30:22.064 67177 INFO tempest.lib.common.rest_client [req-a035e68f-ef5b-496c-82c1-274b78be490b req-a035e68f-ef5b-496c-82c1-274b78be490b ] Request (ServerActionsV293TestJSON:setUpClass): 200 GET http://10.180.1.21/compute/v2.1/servers/be5490f1-3a52-4019-8b49-b4226a57331c 0.864s
2024-12-11 03:30:22.077 67147 INFO tempest.lib.common.rest_client [req-e524ee92-c864-4ceb-8df8-6264635a4cc0 req-e524ee92-c864-4ceb-8df8-6264635a4cc0 ] Request (QuotasAdminTestV257:tearDownClass): 201 POST http://10.180.1.21/identity/v3/auth/tokens 0.090s
2024-12-11 03:30:22.090 67129 INFO tempest.lib.common.rest_client [req-8ea60111-96b3-4a6e-875c-dfd5315858f6 req-8ea60111-96b3-4a6e-875c-dfd5315858f6 ] Request (AggregatesAdminNegativeTestJSON:_run_cleanups): 200 DELETE http://10.180.1.21/compute/v2.1/os-aggregates/5 0.793s
2024-12-11 03:30:22.104 67185 INFO tempest.lib.common.rest_client [req-844a7fb4-fb99-4934-9f48-4026c5d1e573 req-844a7fb4-fb99-4934-9f48-4026c5d1e573 ] Request (FlavorsExtraSpecsTestJSON:test_flavor_set_get_update_show_unset_keys): 200 GET http://10.180.1.21/compute/v2.1/flavors/1573540177/os-extra_specs 0.785s
2024-12-11 03:30:22.108 67187 INFO tempest.lib.common.rest_client [req-abdc9fef-476f-4146-b8be-ba62ea3265c6 req-abdc9fef-476f-4146-b8be-ba62ea3265c6 ] Request (ServersWithSpecificFlavorTestJSON:test_verify_created_server_ephemeral_disk): 200 GET http://10.180.1.21/compute/v2.1/servers/2eedd158-0d03-42eb-9613-caa6ff90b54a 0.832s
2024-12-11 03:30:22.132 67163 INFO tempest.lib.common.rest_client [req-d2cfe5f6-0b9f-4cbb-b870-5576a9adffdc req-d2cfe5f6-0b9f-4cbb-b870-5576a9adffdc ] Request (KeyPairsNegativeTestJSON:test_create_keypair_with_duplicate_name): 202 DELETE http://10.180.1.21/compute/v2.1/os-keypairs/tempest-keypair-1677537237 0.781s
2024-12-11 03:30:22.154 67173 INFO tempest.lib.common.rest_client [req-c9e076dc-a965-4f7c-8380-69398b98d8e6 req-c9e076dc-a965-4f7c-8380-69398b98d8e6 ] Request (ServicesAdminNegativeTestJSON:test_get_service_by_invalid_service_and_valid_host): 200 GET http://10.180.1.21/compute/v2.1/os-services 0.779s
2024-12-11 03:30:22.157 67159 INFO tempest.lib.common.rest_client [req-45a77ae4-11a4-4e3d-9dd7-d8fc62a246c0 req-45a77ae4-11a4-4e3d-9dd7-d8fc62a246c0 ] Request (SecurityGroupsNegativeTestJSON:tearDownClass): 204 DELETE http://10.180.1.21/identity/v3/users/8ec3c5904ce8431e9dde16acc04a6033 0.131s
2024-12-11 03:30:22.158 67159 INFO tempest.lib.common.dynamic_creds [-] Deleting project and security group for project: 5723b4b70ded4838a7ac1831e53cc664
2024-12-11 03:30:22.166 67137 INFO tempest.lib.common.rest_client [req-42866989-c283-4bbc-a2f6-ddbc73a28fd7 req-42866989-c283-4bbc-a2f6-ddbc73a28fd7 ] Request (ServerMetadataTestJSON:setUpClass): 200 GET http://10.180.1.21/compute/v2.1/servers/7e178341-9bd5-498c-a076-ddcfbbf4823f 0.828s
2024-12-11 03:30:22.213 67151 INFO tempest.lib.common.rest_client [req-35d86278-ee93-455d-b9b7-e6f03bd8ab5d req-35d86278-ee93-455d-b9b7-e6f03bd8ab5d ] Request (ServersTestMultiNic:test_verify_duplicate_network_nics): 200 GET http://10.180.1.21/compute/v2.1/servers/940287b1-6b3c-484e-9115-080f7b454587 0.694s
2024-12-11 03:30:22.216 67135 INFO tempest.lib.common.rest_client [req-683dd782-fc09-4aef-9543-09f10f86b959 req-683dd782-fc09-4aef-9543-09f10f86b959 ] Request (MigrationsAdminTest:test_list_migrations_in_flavor_resize_situation): 200 GET http://10.180.1.21/compute/v2.1/servers/1fce1567-6383-45d1-8001-e6839a481c69 0.802s
2024-12-11 03:30:22.233 67154 INFO tempest.lib.common.rest_client [req-b1ac4e85-54e6-43db-96e2-0b256896dae3 req-b1ac4e85-54e6-43db-96e2-0b256896dae3 ] Request (FlavorsAdminTestJSON:test_create_list_flavor_without_extra_data): 200 POST http://10.180.1.21/compute/v2.1/flavors 0.696s
2024-12-11 03:30:22.252 67143 INFO tempest.lib.common.rest_client [req-229602b8-2a07-4537-9bcf-f7fb3cb5f153 req-229602b8-2a07-4537-9bcf-f7fb3cb5f153 ] Request (FlavorsAccessNegativeTestJSON:test_remove_flavor_access_not_found): 200 POST http://10.180.1.21/compute/v2.1/flavors 0.702s
2024-12-11 03:30:22.258 67159 INFO tempest.lib.common.rest_client [req-31e00e83-507b-434f-a93a-97176a7b269c req-31e00e83-507b-434f-a93a-97176a7b269c ] Request (SecurityGroupsNegativeTestJSON:tearDownClass): 200 GET http://10.180.1.21:9696/networking/v2.0/security-groups?tenant_id=5723b4b70ded4838a7ac1831e53cc664&name=default 0.100s
2024-12-11 03:30:22.286 67171 INFO tempest.lib.common.rest_client [req-249f78f5-0508-4be2-860f-224672e94303 req-249f78f5-0508-4be2-860f-224672e94303 ] Request (KeyPairsV22TestJSON:test_keypairs_create_list_delete): 201 POST http://10.180.1.21/compute/v2.1/os-keypairs 0.706s
2024-12-11 03:30:22.307 67169 INFO tempest.lib.common.rest_client [req-e318a1bd-089d-46cd-9476-a225bea6955d req-e318a1bd-089d-46cd-9476-a225bea6955d ] Request (ImagesTestJSON:test_create_image_from_stopped_server): 200 GET http://10.180.1.21/compute/v2.1/servers/a4796c22-8e8f-4677-bb59-9e229fd98f84 0.772s
2024-12-11 03:30:22.316 67169 INFO tempest.common.waiters [-] State transition "BUILD/scheduling" ==> "BUILD/None" after 11 second wait
2024-12-11 03:30:22.388 67159 INFO tempest.lib.common.rest_client [req-4854bd4c-1b4a-4942-9298-da8345db7385 req-4854bd4c-1b4a-4942-9298-da8345db7385 ] Request (SecurityGroupsNegativeTestJSON:tearDownClass): 204 DELETE http://10.180.1.21:9696/networking/v2.0/security-groups/4b267887-20f9-41c9-ac58-2dd96d08b5f9 0.130s
2024-12-11 03:30:22.400 67147 INFO tempest.lib.common.rest_client [req-929f7fb7-3504-42b4-a64a-51e316d62c25 req-929f7fb7-3504-42b4-a64a-51e316d62c25 ] Request (QuotasAdminTestV257:tearDownClass): 200 GET http://10.180.1.21:9696/networking/v2.0/security-groups?tenant_id=72a0909400664f65bb30707d7ae4712d&name=default 0.322s
2024-12-11 03:30:22.428 67139 INFO tempest.lib.common.rest_client [req-40923f9e-c1de-47d5-87b4-f4e6e2703be4 req-40923f9e-c1de-47d5-87b4-f4e6e2703be4 ] Request (SecurityGroupRulesTestJSON:test_security_group_rules_list): 200 POST http://10.180.1.21/compute/v2.1/os-security-group-rules 0.743s
2024-12-11 03:30:22.481 67167 INFO tempest.lib.common.rest_client [req-3b409569-4c2f-4950-bc6c-49f3d89e464a req-3b409569-4c2f-4950-bc6c-49f3d89e464a ] Request (ServersAdmin275Test:test_rebuild_update_server_275): 200 GET http://10.180.1.21/compute/v2.1/servers/b2384705-52e2-407b-b128-382abf994148 0.489s
2024-12-11 03:30:22.490 67167 INFO tempest.common.waiters [-] State transition "REBUILD/rebuild_spawning" ==> "ACTIVE/None" after 8 second wait
2024-12-11 03:30:22.492 67125 INFO tempest.lib.common.rest_client [req-aea6f829-fe18-4f43-942d-80cdc268081c req-aea6f829-fe18-4f43-942d-80cdc268081c ] Request (FloatingIPsAssociationNegativeTestJSON:test_associate_nonexistent_floating_ip): 404 POST http://10.180.1.21/compute/v2.1/servers/67c0a432-4271-4f4e-8a08-bfc43439dbb4/action 0.606s
2024-12-11 03:30:22.494 67129 INFO tempest.lib.common.rest_client [req-cb958536-ce5c-4c53-812d-655db01a3752 req-cb958536-ce5c-4c53-812d-655db01a3752 ] Request (AggregatesAdminNegativeTestJSON:test_aggregate_delete_with_invalid_id): 404 DELETE http://10.180.1.21/compute/v2.1/os-aggregates/-1 0.402s
2024-12-11 03:30:22.500 67163 INFO tempest.lib.common.rest_client [req-d0f82c6e-7557-4a27-ac25-203c311aef69 req-d0f82c6e-7557-4a27-ac25-203c311aef69 ] Request (KeyPairsNegativeTestJSON:test_create_keypair_with_empty_name_string): 400 POST http://10.180.1.21/compute/v2.1/os-keypairs 0.366s
2024-12-11 03:30:22.518 67147 INFO tempest.lib.common.rest_client [req-fa4431c3-23c4-4903-b53d-caf3030f3588 req-fa4431c3-23c4-4903-b53d-caf3030f3588 ] Request (QuotasAdminTestV257:tearDownClass): 204 DELETE http://10.180.1.21:9696/networking/v2.0/security-groups/a4d9a3dc-5452-40a0-bcc4-7e446aeb9b31 0.118s
2024-12-11 03:30:22.521 67185 INFO tempest.lib.common.rest_client [req-60137725-b683-4170-a226-0596a7696509 req-60137725-b683-4170-a226-0596a7696509 ] Request (FlavorsExtraSpecsTestJSON:test_flavor_set_get_update_show_unset_keys): 200 DELETE http://10.180.1.21/compute/v2.1/flavors/1573540177/os-extra_specs/hw:numa_nodes 0.416s
2024-12-11 03:30:22.523 67173 INFO tempest.lib.common.rest_client [req-99f2d93b-2e17-48f8-b075-2abf36a4ccc8 req-99f2d93b-2e17-48f8-b075-2abf36a4ccc8 ] Request (ServicesAdminNegativeTestJSON:test_get_service_by_invalid_service_and_valid_host): 200 GET http://10.180.1.21/compute/v2.1/os-services?host=devstack&binary=xxx 0.366s
2024-12-11 03:30:22.528 67159 INFO tempest.lib.common.rest_client [req-1109d0a0-719c-4c38-9597-c9c9c47b511f req-1109d0a0-719c-4c38-9597-c9c9c47b511f ] Request (SecurityGroupsNegativeTestJSON:tearDownClass): 204 DELETE http://10.180.1.21/identity/v3/projects/5723b4b70ded4838a7ac1831e53cc664 0.140s
2024-12-11 03:30:22.531 67154 INFO tempest.lib.common.rest_client [req-464d0b42-3b59-4b81-8a2f-75f0c2178cf3 req-464d0b42-3b59-4b81-8a2f-75f0c2178cf3 ] Request (FlavorsAdminTestJSON:test_create_list_flavor_without_extra_data): 200 GET http://10.180.1.21/compute/v2.1/flavors/1899153256 0.295s
2024-12-11 03:30:22.576 67145 INFO tempest.lib.common.rest_client [req-93909e05-8139-471b-9141-876902bb00a4 req-93909e05-8139-471b-9141-876902bb00a4 ] Request (ServerDiagnosticsTest:tearDownClass): 200 GET http://10.180.1.21/compute/v2.1/servers/0b7031c7-ad44-4c57-aff5-df949f1617db 0.352s
2024-12-11 03:30:22.583 67171 INFO tempest.lib.common.rest_client [req-f05975b6-a2a3-4f84-9fe5-d9b97e70871c req-f05975b6-a2a3-4f84-9fe5-d9b97e70871c ] Request (KeyPairsV22TestJSON:test_keypairs_create_list_delete): 200 GET http://10.180.1.21/compute/v2.1/os-keypairs 0.295s
2024-12-11 03:30:22.583 67159 INFO tempest.lib.common.rest_client [req-6bdb847f-96d1-4a42-a360-c7c2c33143ee req-6bdb847f-96d1-4a42-a360-c7c2c33143ee ] Request (VolumesTestJSON:setUpClass): 201 POST http://10.180.1.21/identity/v3/auth/tokens 0.053s
2024-12-11 03:30:22.615 67147 INFO tempest.lib.common.rest_client [req-97c142ac-6d8a-4bf8-bae8-6c9c5cbf0d7b req-97c142ac-6d8a-4bf8-bae8-6c9c5cbf0d7b ] Request (QuotasAdminTestV257:tearDownClass): 204 DELETE http://10.180.1.21/identity/v3/projects/72a0909400664f65bb30707d7ae4712d 0.097s
2024-12-11 03:30:22.616 67147 INFO tempest.lib.common.dynamic_creds [-] Deleting project and security group for project: 69a89583b5cc4dd3b4954359fa4282bc
2024-12-11 03:30:22.641 67159 INFO tempest.lib.common.rest_client [req-ffe11f13-7c58-4a90-a8c6-38b4656f61fe req-ffe11f13-7c58-4a90-a8c6-38b4656f61fe ] Request (VolumesTestJSON:setUpClass): 201 POST http://10.180.1.21/identity/v3/auth/tokens 0.054s
2024-12-11 03:30:22.651 67131 INFO tempest.lib.common.rest_client [req-b0f3e25e-eb35-4a7b-867a-d1e75b7bd328 req-b0f3e25e-eb35-4a7b-867a-d1e75b7bd328 ] Request (ServersAdminTestJSON:setUpClass): 200 GET http://10.180.1.21/compute/v2.1/servers/6be94b16-80b6-401b-86ff-853141f16e71 0.349s
2024-12-11 03:30:22.663 67159 INFO tempest.lib.common.rest_client [req-aec1e7c4-e5a5-4bce-a80e-f0429fbdad53 req-aec1e7c4-e5a5-4bce-a80e-f0429fbdad53 ] Request (VolumesTestJSON:setUpClass): 200 GET http://10.180.1.21/identity/v3/domains?name=Default 0.022s
2024-12-11 03:30:22.689 67159 INFO tempest.lib.common.rest_client [req-08a5831e-412b-4928-b79e-08427e51883b req-08a5831e-412b-4928-b79e-08427e51883b ] Request (VolumesTestJSON:setUpClass): 201 POST http://10.180.1.21/identity/v3/projects 0.025s
2024-12-11 03:30:22.719 67147 INFO tempest.lib.common.rest_client [req-28f58362-7aba-4e59-9727-0464481ae6e2 req-28f58362-7aba-4e59-9727-0464481ae6e2 ] Request (QuotasAdminTestV257:tearDownClass): 200 GET http://10.180.1.21:9696/networking/v2.0/security-groups?tenant_id=69a89583b5cc4dd3b4954359fa4282bc&name=default 0.103s
2024-12-11 03:30:22.735 67143 INFO tempest.lib.common.rest_client [req-c530792b-6b46-45bd-bebd-284895fe8dfa req-c530792b-6b46-45bd-bebd-284895fe8dfa ] Request (FlavorsAccessNegativeTestJSON:test_remove_flavor_access_not_found): 404 POST http://10.180.1.21/compute/v2.1/flavors/445310874/action 0.476s
2024-12-11 03:30:22.746 67159 INFO tempest.lib.common.rest_client [req-657ed98b-06a6-46f4-a065-f5d015ab3c8d req-657ed98b-06a6-46f4-a065-f5d015ab3c8d ] Request (VolumesTestJSON:setUpClass): 201 POST http://10.180.1.21/identity/v3/users 0.056s
2024-12-11 03:30:22.765 67159 INFO tempest.lib.common.rest_client [req-dcc444fd-9484-4737-b542-55202523742f req-dcc444fd-9484-4737-b542-55202523742f ] Request (VolumesTestJSON:setUpClass): 200 GET http://10.180.1.21/identity/v3/roles 0.018s
2024-12-11 03:30:22.767 67139 INFO tempest.lib.common.rest_client [req-7b6ce0fc-1b89-4a42-a513-c40f6d886ee9 req-7b6ce0fc-1b89-4a42-a513-c40f6d886ee9 ] Request (SecurityGroupRulesTestJSON:test_security_group_rules_list): 200 POST http://10.180.1.21/compute/v2.1/os-security-group-rules 0.334s
2024-12-11 03:30:22.803 67159 INFO tempest.lib.common.rest_client [req-58df9ab3-ce5f-41cc-8d90-d14bea8e001e req-58df9ab3-ce5f-41cc-8d90-d14bea8e001e ] Request (VolumesTestJSON:setUpClass): 204 PUT http://10.180.1.21/identity/v3/projects/d833b1c2420541c2932b7a5d26610eb2/users/8ebd10b593964aaeb2426fcad8f0d90a/roles/c2d300d4b8f84e2bb26e2252879aef7f 0.038s
2024-12-11 03:30:22.803 67159 INFO tempest.lib.common.dynamic_creds [-] Dynamic test user 8ebd10b593964aaeb2426fcad8f0d90a is created with scope project and roles: ['member']
2024-12-11 03:30:22.804 67159 INFO tempest.lib.common.dynamic_creds [-] Acquired dynamic creds: credentials: Credentials: {'domain_id': 'default', 'domain_name': 'Default', 'username': 'tempest-VolumesTestJSON-1647070800-project-member', 'project_domain_id': 'default', 'project_domain_name': 'Default', 'project_id': 'd833b1c2420541c2932b7a5d26610eb2', 'project_name': 'tempest-VolumesTestJSON-1647070800', 'tenant_id': 'd833b1c2420541c2932b7a5d26610eb2', 'tenant_name': 'tempest-VolumesTestJSON-1647070800', 'user_domain_id': 'default', 'user_domain_name': 'Default', 'user_id': '8ebd10b593964aaeb2426fcad8f0d90a', 'system': None}, Network: None, Subnet: None, Router: None
2024-12-11 03:30:22.804 67159 INFO tempest.lib.common.dynamic_creds [-] Created isolated network resources for: credentials: Credentials: {'domain_id': 'default', 'domain_name': 'Default', 'username': 'tempest-VolumesTestJSON-1647070800-project-member', 'project_domain_id': 'default', 'project_domain_name': 'Default', 'project_id': 'd833b1c2420541c2932b7a5d26610eb2', 'project_name': 'tempest-VolumesTestJSON-1647070800', 'tenant_id': 'd833b1c2420541c2932b7a5d26610eb2', 'tenant_name': 'tempest-VolumesTestJSON-1647070800', 'user_domain_id': 'default', 'user_domain_name': 'Default', 'user_id': '8ebd10b593964aaeb2426fcad8f0d90a', 'system': None}, Network: None, Subnet: None, Router: None
2024-12-11 03:30:22.805 67127 INFO tempest.lib.common.rest_client [req-4c2120a0-0e77-44f5-99e5-b062ec053279 req-4c2120a0-0e77-44f5-99e5-b062ec053279 ] Request (ListServerFiltersTestJSON:setUpClass): 200 GET http://10.180.1.21/compute/v2.1/servers/30041e20-4a62-4bf3-a23e-0986f38de3e2 0.357s
2024-12-11 03:30:22.827 67125 INFO tempest.lib.common.rest_client [req-f9217238-9884-4cc3-8e73-f5a907c9b5c5 req-f9217238-9884-4cc3-8e73-f5a907c9b5c5 ] Request (FloatingIPsAssociationNegativeTestJSON:test_dissociate_nonexistent_floating_ip): 404 POST http://10.180.1.21/compute/v2.1/servers/67c0a432-4271-4f4e-8a08-bfc43439dbb4/action 0.333s
2024-12-11 03:30:22.831 67147 INFO tempest.lib.common.rest_client [req-6e8483f9-e24c-4889-ae92-e6d22b8b22fd req-6e8483f9-e24c-4889-ae92-e6d22b8b22fd ] Request (QuotasAdminTestV257:tearDownClass): 204 DELETE http://10.180.1.21:9696/networking/v2.0/security-groups/b022dff8-17f8-4160-a7cd-10b4188a07fe 0.111s
2024-12-11 03:30:22.857 67129 INFO tempest.lib.common.rest_client [req-d1c66a1a-61e7-44ba-992b-d54c6511e194 req-d1c66a1a-61e7-44ba-992b-d54c6511e194 ] Request (AggregatesAdminNegativeTestJSON:test_aggregate_get_details_as_user): 200 POST http://10.180.1.21/compute/v2.1/os-aggregates 0.361s
2024-12-11 03:30:22.879 67159 INFO tempest.lib.common.rest_client [req-3e7b0860-ff42-4bfb-a1ff-40f36b1a7659 req-3e7b0860-ff42-4bfb-a1ff-40f36b1a7659 ] Request (VolumesTestJSON:setUpClass): 201 POST http://10.180.1.21/identity/v3/auth/tokens 0.072s
2024-12-11 03:30:22.895 67163 INFO tempest.lib.common.rest_client [req-c7bbde6c-e363-488a-a8c6-946689f850fa req-c7bbde6c-e363-488a-a8c6-946689f850fa ] Request (KeyPairsNegativeTestJSON:test_create_keypair_with_empty_public_key): 400 POST http://10.180.1.21/compute/v2.1/os-keypairs 0.393s
2024-12-11 03:30:22.910 67185 INFO tempest.lib.common.rest_client [req-b12bbe29-22f9-4b8e-9684-34ad937be317 req-b12bbe29-22f9-4b8e-9684-34ad937be317 ] Request (FlavorsExtraSpecsTestJSON:test_flavor_set_get_update_show_unset_keys): 200 DELETE http://10.180.1.21/compute/v2.1/flavors/1573540177/os-extra_specs/hw:cpu_policy 0.389s
2024-12-11 03:30:22.930 67173 INFO tempest.lib.common.rest_client [req-7b053c7e-48ba-4b26-8ddc-f8ce129b38ee req-7b053c7e-48ba-4b26-8ddc-f8ce129b38ee ] Request (ServicesAdminNegativeTestJSON:test_get_service_with_valid_service_and_invalid_host): 200 GET http://10.180.1.21/compute/v2.1/os-services 0.404s
2024-12-11 03:30:22.975 67147 INFO tempest.lib.common.rest_client [req-7e66fcc5-0961-4810-8301-43a86b108ab5 req-7e66fcc5-0961-4810-8301-43a86b108ab5 ] Request (QuotasAdminTestV257:tearDownClass): 204 DELETE http://10.180.1.21/identity/v3/projects/69a89583b5cc4dd3b4954359fa4282bc 0.143s
2024-12-11 03:30:23.083 67154 INFO tempest.lib.common.rest_client [req-9d9a3081-a81d-4a13-b101-aecaf91a9b1f req-9d9a3081-a81d-4a13-b101-aecaf91a9b1f ] Request (FlavorsAdminTestJSON:test_create_list_flavor_without_extra_data): 200 GET http://10.180.1.21/compute/v2.1/flavors/detail 0.550s
2024-12-11 03:30:23.103 67171 INFO tempest.lib.common.rest_client [req-cafa71b5-dca9-4c0d-9145-fd5d9b52af60 req-cafa71b5-dca9-4c0d-9145-fd5d9b52af60 ] Request (KeyPairsV22TestJSON:_run_cleanups): 204 DELETE http://10.180.1.21/compute/v2.1/os-keypairs/tempest-KeyPairsV22TestJSON-keypair-295264597 0.517s
2024-12-11 03:30:23.109 67147 INFO tempest.lib.common.rest_client [req-28010691-8d9e-4a7c-83d6-ef9897e1a6af req-28010691-8d9e-4a7c-83d6-ef9897e1a6af ] Request (ServerAddressesTestJSON:setUpClass): 201 POST http://10.180.1.21/identity/v3/auth/tokens 0.133s
2024-12-11 03:30:23.153 67147 INFO tempest.lib.common.rest_client [req-2345005e-8979-4d9e-bb93-d88f60110628 req-2345005e-8979-4d9e-bb93-d88f60110628 ] Request (ServerAddressesTestJSON:setUpClass): 201 POST http://10.180.1.21/identity/v3/auth/tokens 0.041s
2024-12-11 03:30:23.172 67141 INFO tempest.lib.common.rest_client [req-50be0efa-991e-48b7-8a7d-3661f22b4149 req-50be0efa-991e-48b7-8a7d-3661f22b4149 ] Request (VolumesAssistedSnapshotsTest:test_volume_assisted_snapshot_create_delete): 200 GET http://10.180.1.21/compute/v2.1/servers/db22896d-0f47-473f-9aeb-e15490f5232d 0.523s
2024-12-11 03:30:23.195 67147 INFO tempest.lib.common.rest_client [req-46cf29cd-c86e-458b-a0e0-14306da0b33b req-46cf29cd-c86e-458b-a0e0-14306da0b33b ] Request (ServerAddressesTestJSON:setUpClass): 200 GET http://10.180.1.21/identity/v3/domains?name=Default 0.041s
2024-12-11 03:30:23.197 67143 INFO tempest.lib.common.rest_client [req-ed60df18-7f17-4b80-90b1-2b411875454d req-ed60df18-7f17-4b80-90b1-2b411875454d ] Request (FlavorsAccessNegativeTestJSON:_run_cleanups): 202 DELETE http://10.180.1.21/compute/v2.1/flavors/445310874 0.461s
2024-12-11 03:30:23.209 67159 INFO tempest.lib.common.rest_client [req-94ed33fe-59a6-4283-a151-9b49cacd8c1e req-94ed33fe-59a6-4283-a151-9b49cacd8c1e ] Request (VolumesTestJSON:setUpClass): 202 POST http://10.180.1.21/volume/v3/volumes 0.328s
2024-12-11 03:30:23.229 67147 INFO tempest.lib.common.rest_client [req-cb1fe31f-98e4-4089-a1bf-fad617b94c2a req-cb1fe31f-98e4-4089-a1bf-fad617b94c2a ] Request (ServerAddressesTestJSON:setUpClass): 201 POST http://10.180.1.21/identity/v3/projects 0.034s
2024-12-11 03:30:23.243 67159 INFO tempest.lib.common.rest_client [req-5a9bd62d-cd8b-4920-8f5f-955735f261a2 req-5a9bd62d-cd8b-4920-8f5f-955735f261a2 ] Request (VolumesTestJSON:setUpClass): 200 GET http://10.180.1.21/volume/v3/volumes/3685e49a-5eb8-47be-8a48-941eb1359867 0.028s
2024-12-11 03:30:23.252 67167 INFO tempest.lib.common.rest_client [req-9faf8be2-a5fc-4481-bc99-9e40a74dcdf5 req-9faf8be2-a5fc-4481-bc99-9e40a74dcdf5 ] Request (ServersAdmin275Test:test_rebuild_update_server_275): 202 POST http://10.180.1.21/compute/v2.1/servers/b2384705-52e2-407b-b128-382abf994148/action 0.761s
2024-12-11 03:30:23.262 67183 INFO tempest.lib.common.rest_client [req-633b140d-2f03-4bd8-b4d6-9d02fbe388e0 req-633b140d-2f03-4bd8-b4d6-9d02fbe388e0 ] Request (TenantUsagesTestJSON:tearDownClass): 200 GET http://10.180.1.21/compute/v2.1/servers/4f1a6a09-556d-4358-9cff-57bea43d78f2 0.508s
2024-12-11 03:30:23.306 67139 INFO tempest.lib.common.rest_client [req-404c3eaa-df2b-474c-a63d-e7035baf1c37 req-404c3eaa-df2b-474c-a63d-e7035baf1c37 ] Request (SecurityGroupRulesTestJSON:test_security_group_rules_list): 200 GET http://10.180.1.21/compute/v2.1/os-security-groups/802494bd-c3d0-40c4-8196-8ee65af1b981 0.537s
2024-12-11 03:30:23.312 67180 INFO tempest.lib.common.rest_client [req-7d471f2f-c32b-4137-a4ef-14c3ba90ac97 req-7d471f2f-c32b-4137-a4ef-14c3ba90ac97 ] Request (ServerActionsTestOtherB:setUpClass): 200 GET http://10.180.1.21/compute/v2.1/servers/692d1c21-885a-4b1c-9eb2-9e18d95814c3 0.556s
