2024-12-11 03:30:29.601 67185 INFO tempest.lib.common.rest_client [req-eff5e51f-4792-47bc-941b-f57941a57823 req-eff5e51f-4792-47bc-941b-f57941a57823 ] Request (QuotasAdminNegativeTest:test_create_server_when_cpu_quota_is_full): 201 POST http://10.180.1.21/identity/v3/auth/tokens 0.094s
2024-12-11 03:30:29.602 67185 INFO tempest.lib.common.fixed_network [-] (QuotasAdminNegativeTest:test_create_server_when_cpu_quota_is_full) Found network None available for tenant
2024-12-11 03:30:29.614 67163 INFO tempest.lib.common.rest_client [req-de579eda-436e-4978-93d2-ff032cf0f463 req-de579eda-436e-4978-93d2-ff032cf0f463 ] Request (ServerShowV254Test:test_rebuild_server): 200 GET http://10.180.1.21/compute/v2.1/servers/31002119-3635-4d4e-a1b6-69508d2aeaac 1.223s
2024-12-11 03:30:29.678 67159 INFO tempest.lib.common.rest_client [req-8038dca0-b6bb-4646-9263-ca1334febbe1 req-8038dca0-b6bb-4646-9263-ca1334febbe1 ] Request (VolumesTestJSON:test_volume_list): 200 GET http://10.180.1.21/compute/v2.1/os-volumes 1.223s
2024-12-11 03:30:29.737 67129 INFO tempest.lib.common.rest_client [req-5c2fb478-40af-4054-89cf-9bd2c6a74460 req-5c2fb478-40af-4054-89cf-9bd2c6a74460 ] Request (AggregatesAdminNegativeTestJSON:tearDownClass): 200 GET http://10.180.1.21:9696/networking/v2.0/security-groups?tenant_id=dcfcc6f9399c4535bb12c6c7093418e8&name=default 0.398s
2024-12-11 03:30:29.883 67129 INFO tempest.lib.common.rest_client [req-fad090ad-d1cf-4345-9e3c-57666bba9c3f req-fad090ad-d1cf-4345-9e3c-57666bba9c3f ] Request (AggregatesAdminNegativeTestJSON:tearDownClass): 204 DELETE http://10.180.1.21:9696/networking/v2.0/security-groups/6675339f-cf73-4180-b5fa-da3db6ee70b9 0.145s
2024-12-11 03:30:29.913 67127 INFO tempest.lib.common.rest_client [req-9a617025-006f-4d40-ac88-92fab2f93efd req-9a617025-006f-4d40-ac88-92fab2f93efd ] Request (ListServerFiltersTestJSON:setUpClass): 200 GET http://10.180.1.21/compute/v2.1/servers/30041e20-4a62-4bf3-a23e-0986f38de3e2 1.426s
2024-12-11 03:30:29.921 67127 INFO tempest.common.waiters [-] State transition "BUILD/block_device_mapping" ==> "BUILD/spawning" after 32 second wait
2024-12-11 03:30:29.978 67129 INFO tempest.lib.common.rest_client [req-b685f8e5-fea9-4782-85b6-a649553edbbc req-b685f8e5-fea9-4782-85b6-a649553edbbc ] Request (AggregatesAdminNegativeTestJSON:tearDownClass): 204 DELETE http://10.180.1.21/identity/v3/projects/dcfcc6f9399c4535bb12c6c7093418e8 0.094s
2024-12-11 03:30:29.978 67129 INFO tempest.lib.common.dynamic_creds [-] Deleting project and security group for project: 6732d03c54c94ae182c19c728538f08e
2024-12-11 03:30:30.003 67173 INFO tempest.lib.common.rest_client [req-4880e2e6-3864-404c-ab05-595074b77b0c req-4880e2e6-3864-404c-ab05-595074b77b0c ] Request (AttachInterfacesV270Test:setUpClass): 200 PUT http://10.180.1.21:9696/networking/v2.0/routers/91b2c80c-0a68-4d2b-93f6-ec77717cf7aa/add_router_interface 1.364s
2024-12-11 03:30:30.004 67173 INFO tempest.lib.common.dynamic_creds [-] Created isolated network resources for: credentials: Credentials: {'domain_id': 'default', 'domain_name': 'Default', 'username': 'tempest-AttachInterfacesV270Test-1048607099-project-member', 'project_domain_id': 'default', 'project_domain_name': 'Default', 'project_id': 'be504891255441e1898ea4f0992fca09', 'project_name': 'tempest-AttachInterfacesV270Test-1048607099', 'tenant_id': 'be504891255441e1898ea4f0992fca09', 'tenant_name': 'tempest-AttachInterfacesV270Test-1048607099', 'user_domain_id': 'default', 'user_domain_name': 'Default', 'user_id': '58b082054a6847e683ad53deb4d7bc3c', 'system': None}, Network: {'id': '576755f6-12a7-4677-897a-7fa96d4a468c', 'name': 'tempest-AttachInterfacesV270Test-1134780479-network', 'tenant_id': 'be504891255441e1898ea4f0992fca09', 'admin_state_up': True, 'mtu': 8950, 'status': 'ACTIVE', 'subnets': [], 'shared': False, 'project_id': 'be504891255441e1898ea4f0992fca09', 'port_security_enabled': True, 'router:external': False, 'provider:network_type': 'vlan', 'provider:physical_network': 'default', 'provider:segmentation_id': 484, 'availability_zone_hints': [], 'availability_zones': [], 'ipv4_address_scope': None, 'ipv6_address_scope': None, 'description': '', 'tags': [], 'created_at': '2024-12-11T03:30:26Z', 'updated_at': '2024-12-11T03:30:26Z', 'revision_number': 1}, Subnet: {'id': '906ea1c6-ff09-40d8-b2f9-620b0d25f7bf', 'name': 'tempest-AttachInterfacesV270Test-1134780479-subnet', 'tenant_id': 'be504891255441e1898ea4f0992fca09', 'network_id': '576755f6-12a7-4677-897a-7fa96d4a468c', 'ip_version': 4, 'subnetpool_id': None, 'enable_dhcp': True, 'ipv6_ra_mode': None, 'ipv6_address_mode': None, 'gateway_ip': '192.168.128.1', 'cidr': '192.168.128.0/28', 'allocation_pools': [{'start': '192.168.128.2', 'end': '192.168.128.14'}], 'host_routes': [], 'dns_nameservers': [], 'description': '', 'router:external': False, 'service_types': [], 'tags': [], 'created_at': '2024-12-11T03:30:26Z', 'updated_at': '2024-12-11T03:30:26Z', 'revision_number': 0, 'project_id': 'be504891255441e1898ea4f0992fca09'}, Router: {'id': '91b2c80c-0a68-4d2b-93f6-ec77717cf7aa', 'name': 'tempest-AttachInterfacesV270Test-1134780479-router', 'tenant_id': 'be504891255441e1898ea4f0992fca09', 'admin_state_up': True, 'status': 'ACTIVE', 'external_gateway_info': {'network_id': '0cfbb68d-f508-4c30-9cbe-0196f165e8da', 'external_fixed_ips': [{'subnet_id': '6ca408c3-3474-4242-83b5-7bab3a35c4fc', 'ip_address': '10.180.180.252'}], 'enable_snat': True}, 'description': '', 'availability_zones': [], 'distributed': False, 'ha': False, 'availability_zone_hints': [], 'routes': [], 'flavor_id': None, 'tags': [], 'created_at': '2024-12-11T03:30:27Z', 'updated_at': '2024-12-11T03:30:28Z', 'revision_number': 2, 'project_id': 'be504891255441e1898ea4f0992fca09'}
2024-12-11 03:30:30.087 67173 INFO tempest.lib.common.rest_client [req-8f04448c-519c-41f1-87bf-eae671948c08 req-8f04448c-519c-41f1-87bf-eae671948c08 ] Request (AttachInterfacesV270Test:setUpClass): 201 POST http://10.180.1.21/identity/v3/auth/tokens 0.079s
2024-12-11 03:30:30.102 67133 INFO tempest.lib.common.rest_client [req-6992d9ff-1423-4bbe-8c85-648d7cb6a663 req-6992d9ff-1423-4bbe-8c85-648d7cb6a663 ] Request (ServerDiagnosticsV248Test:test_get_server_diagnostics): 200 GET http://10.180.1.21/compute/v2.1/servers/f6e53747-9a7f-4564-a7bf-380ab17095fa/diagnostics 1.727s
2024-12-11 03:30:30.114 67171 INFO tempest.lib.common.rest_client [req-5b4378e9-c222-42d3-97e4-ea10d10c2290 req-5b4378e9-c222-42d3-97e4-ea10d10c2290 ] Request (ServersAaction247Test:test_create_backup): 202 POST http://10.180.1.21/compute/v2.1/servers 1.522s
2024-12-11 03:30:30.144 67173 INFO tempest.lib.common.rest_client [req-5f1e9c42-0f17-4f61-8ff2-e0657e7d8505 req-5f1e9c42-0f17-4f61-8ff2-e0657e7d8505 ] Request (AttachInterfacesV270Test:test_create_get_list_interfaces): 201 POST http://10.180.1.21/identity/v3/auth/tokens 0.050s
2024-12-11 03:30:30.145 67173 INFO tempest.lib.common.fixed_network [-] (AttachInterfacesV270Test:test_create_get_list_interfaces) Found network {'id': '576755f6-12a7-4677-897a-7fa96d4a468c', 'name': 'tempest-AttachInterfacesV270Test-1134780479-network', 'tenant_id': 'be504891255441e1898ea4f0992fca09', 'admin_state_up': True, 'mtu': 8950, 'status': 'ACTIVE', 'subnets': [], 'shared': False, 'project_id': 'be504891255441e1898ea4f0992fca09', 'port_security_enabled': True, 'router:external': False, 'provider:network_type': 'vlan', 'provider:physical_network': 'default', 'provider:segmentation_id': 484, 'availability_zone_hints': [], 'availability_zones': [], 'ipv4_address_scope': None, 'ipv6_address_scope': None, 'description': '', 'tags': [], 'created_at': '2024-12-11T03:30:26Z', 'updated_at': '2024-12-11T03:30:26Z', 'revision_number': 1} available for tenant
2024-12-11 03:30:30.232 67147 INFO tempest.lib.common.rest_client [req-8aff95f6-1752-48ec-afd2-29088c292537 req-8aff95f6-1752-48ec-afd2-29088c292537 ] Request (ServerAddressesTestJSON:setUpClass): 200 GET http://10.180.1.21/compute/v2.1/servers/5abce697-9c13-4f21-ab19-38118cee8fe0 1.298s
2024-12-11 03:30:30.239 67129 INFO tempest.lib.common.rest_client [req-31bb0f43-9bd0-4e11-a486-9e55c65b9489 req-31bb0f43-9bd0-4e11-a486-9e55c65b9489 ] Request (AggregatesAdminNegativeTestJSON:tearDownClass): 200 GET http://10.180.1.21:9696/networking/v2.0/security-groups?tenant_id=6732d03c54c94ae182c19c728538f08e&name=default 0.261s
2024-12-11 03:30:30.301 67131 INFO tempest.lib.common.rest_client [req-98032b69-44e8-4132-a4d1-8151af62f062 req-98032b69-44e8-4132-a4d1-8151af62f062 ] Request (ServersAdminTestJSON:setUpClass): 200 GET http://10.180.1.21/compute/v2.1/servers/6be94b16-80b6-401b-86ff-853141f16e71 1.633s
2024-12-11 03:30:30.323 67154 INFO tempest.lib.common.rest_client [req-048ac582-9ba6-4d39-b6f4-e53c9c69a98d req-048ac582-9ba6-4d39-b6f4-e53c9c69a98d ] Request (FlavorsAdminTestJSON:test_is_public_string_variations): 200 GET http://10.180.1.21/compute/v2.1/flavors/detail?is_public=t 1.366s
2024-12-11 03:30:30.378 67129 INFO tempest.lib.common.rest_client [req-7172bf1b-354f-4f0c-958b-d9feb7cec176 req-7172bf1b-354f-4f0c-958b-d9feb7cec176 ] Request (AggregatesAdminNegativeTestJSON:tearDownClass): 204 DELETE http://10.180.1.21:9696/networking/v2.0/security-groups/e63d6cf3-8036-47cd-bb52-1012a3cfe554 0.139s
2024-12-11 03:30:30.386 67180 INFO tempest.lib.common.rest_client [req-67235b61-38eb-4ef2-b6e3-9217136273e2 req-67235b61-38eb-4ef2-b6e3-9217136273e2 ] Request (ServerActionsTestOtherB:setUpClass): 200 GET http://10.180.1.21/compute/v2.1/servers/692d1c21-885a-4b1c-9eb2-9e18d95814c3 1.333s
2024-12-11 03:30:30.432 67161 INFO tempest.lib.common.rest_client [req-a1887615-5370-4c04-8371-69a194ea8b5e req-a1887615-5370-4c04-8371-69a194ea8b5e ] Request (ServersAdminNegativeTestJSON:test_migrate_server_invalid_state): 200 GET http://10.180.1.21/compute/v2.1/servers/192917aa-96cd-4d58-b160-e022003d565a 1.270s
2024-12-11 03:30:30.493 67129 INFO tempest.lib.common.rest_client [req-379e6658-be31-43cd-83ec-44651cfab870 req-379e6658-be31-43cd-83ec-44651cfab870 ] Request (AggregatesAdminNegativeTestJSON:tearDownClass): 204 DELETE http://10.180.1.21/identity/v3/projects/6732d03c54c94ae182c19c728538f08e 0.115s
2024-12-11 03:30:30.495 67175 INFO tempest.lib.common.rest_client [req-5547ad35-8230-498c-9131-5988585a14f8 req-5547ad35-8230-498c-9131-5988585a14f8 ] Request (AttachInterfacesTestJSON:test_create_list_show_delete_interfaces_by_fixed_ip): 200 GET http://10.180.1.21/compute/v2.1/servers/8031f33e-874a-4028-885b-081279aa1912 1.272s
2024-12-11 03:30:30.498 67183 INFO tempest.lib.common.rest_client [req-9936e745-4a3c-4073-8c70-6af456e48fa4 req-9936e745-4a3c-4073-8c70-6af456e48fa4 ] Request (TenantUsagesTestJSON:tearDownClass): 200 GET http://10.180.1.21/compute/v2.1/servers/4f1a6a09-556d-4358-9cff-57bea43d78f2 1.553s
2024-12-11 03:30:30.560 67129 INFO tempest.lib.common.rest_client [req-5bde6ef3-7f8d-4841-a993-1824b77f659b req-5bde6ef3-7f8d-4841-a993-1824b77f659b ] Request (HypervisorAdminTestJSON:setUpClass): 201 POST http://10.180.1.21/identity/v3/auth/tokens 0.065s
2024-12-11 03:30:30.574 67149 INFO tempest.lib.common.rest_client [req-ac1777e4-7b7f-45f9-ae4f-cdd9ca1f2a02 req-ac1777e4-7b7f-45f9-ae4f-cdd9ca1f2a02 ] Request (ServerDiagnosticsNegativeTest:tearDownClass): 200 GET http://10.180.1.21/compute/v2.1/servers/8ad232ce-b541-463d-8a80-d15d67cba1df 1.281s
2024-12-11 03:30:30.586 67165 INFO tempest.lib.common.rest_client [req-41f50591-bcc1-47af-ba80-60426e0a5c5d req-41f50591-bcc1-47af-ba80-60426e0a5c5d ] Request (MultipleCreateTestJSON:test_multiple_create): 200 GET http://10.180.1.21/compute/v2.1/servers/d0dacc3e-dd44-406d-a773-425fbda4958e 1.178s
2024-12-11 03:30:30.596 67129 INFO tempest.lib.common.rest_client [req-35d081d5-eeaa-4867-9428-12c03fcbe028 req-35d081d5-eeaa-4867-9428-12c03fcbe028 ] Request (HypervisorAdminTestJSON:setUpClass): 201 POST http://10.180.1.21/identity/v3/auth/tokens 0.033s
2024-12-11 03:30:30.627 67129 INFO tempest.lib.common.rest_client [req-a40222ef-dc0c-4a2d-9eae-d35ca5038ff4 req-a40222ef-dc0c-4a2d-9eae-d35ca5038ff4 ] Request (HypervisorAdminTestJSON:setUpClass): 200 GET http://10.180.1.21/identity/v3/domains?name=Default 0.030s
2024-12-11 03:30:30.643 67157 INFO tempest.lib.common.rest_client [req-0c47e952-dd60-4422-8082-d883868ea7dc req-0c47e952-dd60-4422-8082-d883868ea7dc ] Request (ServersTestJSON:setUpClass): 200 GET http://10.180.1.21/compute/v2.1/servers/3a3361e5-7bd2-4b8b-9aff-8eaf832cb2bf 1.213s
2024-12-11 03:30:30.662 67155 INFO tempest.lib.common.rest_client [req-b2b2485e-bfc1-4fb2-9d5b-5ab21a9edcc3 req-b2b2485e-bfc1-4fb2-9d5b-5ab21a9edcc3 ] Request (DeleteServersAdminTestJSON:test_admin_delete_servers_of_others): 200 GET http://10.180.1.21/compute/v2.1/servers/4590a34e-10f9-4365-9e5b-2a29ec57aa3a 1.116s
2024-12-11 03:30:30.673 67129 INFO tempest.lib.common.rest_client [req-6c50d530-8faf-4bad-99c0-8e6b5804dc8e req-6c50d530-8faf-4bad-99c0-8e6b5804dc8e ] Request (HypervisorAdminTestJSON:setUpClass): 201 POST http://10.180.1.21/identity/v3/projects 0.046s
2024-12-11 03:30:30.741 67181 INFO tempest.lib.common.rest_client [req-d37602e6-fb7e-42ea-9983-7b77746e50cb req-d37602e6-fb7e-42ea-9983-7b77746e50cb ] Request (ListImageFiltersTestJSON:setUpClass): 200 GET http://10.180.1.21/compute/v2.1/servers/cd790c7d-8dc7-4066-b0e3-10660c5d163f 1.106s
2024-12-11 03:30:30.759 67129 INFO tempest.lib.common.rest_client [req-d36ee03b-0629-434a-b064-eada644282dc req-d36ee03b-0629-434a-b064-eada644282dc ] Request (HypervisorAdminTestJSON:setUpClass): 201 POST http://10.180.1.21/identity/v3/users 0.085s
2024-12-11 03:30:30.780 67129 INFO tempest.lib.common.rest_client [req-7310d815-6c13-40f3-9f98-d8467fd60e43 req-7310d815-6c13-40f3-9f98-d8467fd60e43 ] Request (HypervisorAdminTestJSON:setUpClass): 200 GET http://10.180.1.21/identity/v3/roles 0.020s
2024-12-11 03:30:30.806 67139 INFO tempest.lib.common.rest_client [req-26a59a1f-4e66-4c8d-8acf-f5232bf13cdc req-26a59a1f-4e66-4c8d-8acf-f5232bf13cdc ] Request (SecurityGroupRulesTestJSON:tearDownClass): 200 PUT http://10.180.1.21:9696/networking/v2.0/routers/396b9c27-0860-4b12-9f0d-d881369b9c1e/remove_router_interface 1.771s
2024-12-11 03:30:30.814 67159 INFO tempest.lib.common.rest_client [req-1b2a8c2b-b1f7-402b-9a9a-5ce81a136f12 req-1b2a8c2b-b1f7-402b-9a9a-5ce81a136f12 ] Request (VolumesTestJSON:test_volume_list_param_limit): 200 GET http://10.180.1.21/compute/v2.1/os-volumes?limit=2 1.128s
2024-12-11 03:30:30.820 67129 INFO tempest.lib.common.rest_client [req-819c1880-c639-4b16-bb7a-8993ff17834c req-819c1880-c639-4b16-bb7a-8993ff17834c ] Request (HypervisorAdminTestJSON:setUpClass): 204 PUT http://10.180.1.21/identity/v3/projects/fe2a9f34f592482983bd04ffd7cc3b37/users/fad52d3ed9fa4b758bfdbda15e479def/roles/c2d300d4b8f84e2bb26e2252879aef7f 0.040s
2024-12-11 03:30:30.821 67129 INFO tempest.lib.common.dynamic_creds [-] Dynamic test user fad52d3ed9fa4b758bfdbda15e479def is created with scope project and roles: ['member']
2024-12-11 03:30:30.821 67129 INFO tempest.lib.common.dynamic_creds [-] Acquired dynamic creds: credentials: Credentials: {'domain_id': 'default', 'domain_name': 'Default', 'username': 'tempest-HypervisorAdminTestJSON-96499058-project-member', 'project_domain_id': 'default', 'project_domain_name': 'Default', 'project_id': 'fe2a9f34f592482983bd04ffd7cc3b37', 'project_name': 'tempest-HypervisorAdminTestJSON-96499058', 'tenant_id': 'fe2a9f34f592482983bd04ffd7cc3b37', 'tenant_name': 'tempest-HypervisorAdminTestJSON-96499058', 'user_domain_id': 'default', 'user_domain_name': 'Default', 'user_id': 'fad52d3ed9fa4b758bfdbda15e479def', 'system': None}, Network: None, Subnet: None, Router: None
2024-12-11 03:30:30.821 67129 INFO tempest.lib.common.dynamic_creds [-] Created isolated network resources for: credentials: Credentials: {'domain_id': 'default', 'domain_name': 'Default', 'username': 'tempest-HypervisorAdminTestJSON-96499058-project-member', 'project_domain_id': 'default', 'project_domain_name': 'Default', 'project_id': 'fe2a9f34f592482983bd04ffd7cc3b37', 'project_name': 'tempest-HypervisorAdminTestJSON-96499058', 'tenant_id': 'fe2a9f34f592482983bd04ffd7cc3b37', 'tenant_name': 'tempest-HypervisorAdminTestJSON-96499058', 'user_domain_id': 'default', 'user_domain_name': 'Default', 'user_id': 'fad52d3ed9fa4b758bfdbda15e479def', 'system': None}, Network: None, Subnet: None, Router: None
2024-12-11 03:30:30.914 67129 INFO tempest.lib.common.rest_client [req-73c2e365-2ae9-4b59-b330-f7292fa6ac55 req-73c2e365-2ae9-4b59-b330-f7292fa6ac55 ] Request (HypervisorAdminTestJSON:setUpClass): 201 POST http://10.180.1.21/identity/v3/auth/tokens 0.082s
2024-12-11 03:30:30.919 67177 INFO tempest.lib.common.rest_client [req-197d7f21-caad-40e1-b788-c44ea2ee7f70 req-197d7f21-caad-40e1-b788-c44ea2ee7f70 ] Request (ServerActionsV293TestJSON:setUpClass): 200 GET http://10.180.1.21/compute/v2.1/servers/be5490f1-3a52-4019-8b49-b4226a57331c 1.208s
2024-12-11 03:30:30.997 67187 INFO tempest.lib.common.rest_client [req-b374a033-f0a5-4626-9d7e-0dc6c68864e3 req-b374a033-f0a5-4626-9d7e-0dc6c68864e3 ] Request (ServersWithSpecificFlavorTestJSON:test_verify_created_server_ephemeral_disk): 200 GET http://10.180.1.21/compute/v2.1/servers/2eedd158-0d03-42eb-9613-caa6ff90b54a 1.219s
2024-12-11 03:30:31.075 67129 INFO tempest.lib.common.rest_client [req-812b38a1-546e-4e29-8016-393beced3ee3 req-812b38a1-546e-4e29-8016-393beced3ee3 ] Request (HypervisorAdminTestJSON:setUpClass): 201 POST http://10.180.1.21/identity/v3/projects 0.159s
2024-12-11 03:30:31.098 67137 INFO tempest.lib.common.rest_client [req-54132894-5a72-479d-8731-4e579313c94a req-54132894-5a72-479d-8731-4e579313c94a ] Request (ServerMetadataTestJSON:setUpClass): 200 GET http://10.180.1.21/compute/v2.1/servers/7e178341-9bd5-498c-a076-ddcfbbf4823f 1.248s
2024-12-11 03:30:31.170 67129 INFO tempest.lib.common.rest_client [req-0e83278a-ef92-4277-9b10-67eefe193bd8 req-0e83278a-ef92-4277-9b10-67eefe193bd8 ] Request (HypervisorAdminTestJSON:setUpClass): 201 POST http://10.180.1.21/identity/v3/users 0.095s
2024-12-11 03:30:31.183 67185 INFO tempest.lib.common.rest_client [req-567ae369-6bcb-4536-b8a8-bb93ef1a2f04 req-567ae369-6bcb-4536-b8a8-bb93ef1a2f04 ] Request (QuotasAdminNegativeTest:test_create_server_when_cpu_quota_is_full): 403 POST http://10.180.1.21/compute/v2.1/servers 1.580s
2024-12-11 03:30:31.199 67151 INFO tempest.lib.common.rest_client [req-98581857-a870-460d-9227-9f62406a7fa8 req-98581857-a870-460d-9227-9f62406a7fa8 ] Request (ServersTestMultiNic:test_verify_duplicate_network_nics): 200 GET http://10.180.1.21/compute/v2.1/servers/940287b1-6b3c-484e-9115-080f7b454587 1.144s
2024-12-11 03:30:31.206 67129 INFO tempest.lib.common.rest_client [req-8d502046-0106-4b32-b3ba-22ec124965fd req-8d502046-0106-4b32-b3ba-22ec124965fd ] Request (HypervisorAdminTestJSON:setUpClass): 200 GET http://10.180.1.21/identity/v3/roles 0.035s
2024-12-11 03:30:31.246 67129 INFO tempest.lib.common.rest_client [req-199074e9-cf35-4e70-acaf-53b4714ddec5 req-199074e9-cf35-4e70-acaf-53b4714ddec5 ] Request (HypervisorAdminTestJSON:setUpClass): 204 PUT http://10.180.1.21/identity/v3/projects/74de1e3334f44ccbb693c30ea8851c99/users/4c065c5cf36e4d759df41386a3d1b0cd/roles/469a49af4ae843a685d33d335ce1d6f7 0.039s
2024-12-11 03:30:31.258 67171 INFO tempest.lib.common.rest_client [req-92701544-c523-4ae7-9dd8-42ac86a4872c req-92701544-c523-4ae7-9dd8-42ac86a4872c ] Request (ServersAaction247Test:test_create_backup): 200 GET http://10.180.1.21/compute/v2.1/servers/f252e51d-4fcf-4558-8796-86c7d48270d9 1.142s
2024-12-11 03:30:31.266 67135 INFO tempest.lib.common.rest_client [req-7766f6a0-c2db-4adf-a397-114252517759 req-7766f6a0-c2db-4adf-a397-114252517759 ] Request (MigrationsAdminTest:test_list_migrations_in_flavor_resize_situation): 200 GET http://10.180.1.21/compute/v2.1/servers/1fce1567-6383-45d1-8001-e6839a481c69 1.145s
2024-12-11 03:30:31.316 67143 INFO tempest.lib.common.rest_client [req-a8582b43-efef-4c42-90d0-986fd1835d9d req-a8582b43-efef-4c42-90d0-986fd1835d9d ] Request (ServerExternalEventsTest:test_create_server_external_events): 200 GET http://10.180.1.21/compute/v2.1/servers/3f40a8f7-b930-46dc-b2c1-0afb27d10e54 1.190s
2024-12-11 03:30:31.327 67129 INFO tempest.lib.common.rest_client [req-3eb9aa30-1d72-4d70-9c95-835d01343e56 req-3eb9aa30-1d72-4d70-9c95-835d01343e56 ] Request (HypervisorAdminTestJSON:setUpClass): 200 GET http://10.180.1.21/identity/v3/roles 0.081s
2024-12-11 03:30:31.359 67129 INFO tempest.lib.common.rest_client [req-ce69c3db-6a8d-4fce-9a9e-747708011280 req-ce69c3db-6a8d-4fce-9a9e-747708011280 ] Request (HypervisorAdminTestJSON:setUpClass): 204 PUT http://10.180.1.21/identity/v3/projects/74de1e3334f44ccbb693c30ea8851c99/users/4c065c5cf36e4d759df41386a3d1b0cd/roles/469a49af4ae843a685d33d335ce1d6f7 0.031s
2024-12-11 03:30:31.359 67129 INFO tempest.lib.common.dynamic_creds [-] Dynamic test user 4c065c5cf36e4d759df41386a3d1b0cd is created with scope project and roles: ['admin']
2024-12-11 03:30:31.359 67129 INFO tempest.lib.common.dynamic_creds [-] Acquired dynamic creds: credentials: Credentials: {'domain_id': 'default', 'domain_name': 'Default', 'username': 'tempest-HypervisorAdminTestJSON-1349951802-project-admin', 'project_domain_id': 'default', 'project_domain_name': 'Default', 'project_id': '74de1e3334f44ccbb693c30ea8851c99', 'project_name': 'tempest-HypervisorAdminTestJSON-1349951802', 'tenant_id': '74de1e3334f44ccbb693c30ea8851c99', 'tenant_name': 'tempest-HypervisorAdminTestJSON-1349951802', 'user_domain_id': 'default', 'user_domain_name': 'Default', 'user_id': '4c065c5cf36e4d759df41386a3d1b0cd', 'system': None}, Network: None, Subnet: None, Router: None
2024-12-11 03:30:31.359 67129 INFO tempest.lib.common.dynamic_creds [-] Created isolated network resources for: credentials: Credentials: {'domain_id': 'default', 'domain_name': 'Default', 'username': 'tempest-HypervisorAdminTestJSON-1349951802-project-admin', 'project_domain_id': 'default', 'project_domain_name': 'Default', 'project_id': '74de1e3334f44ccbb693c30ea8851c99', 'project_name': 'tempest-HypervisorAdminTestJSON-1349951802', 'tenant_id': '74de1e3334f44ccbb693c30ea8851c99', 'tenant_name': 'tempest-HypervisorAdminTestJSON-1349951802', 'user_domain_id': 'default', 'user_domain_name': 'Default', 'user_id': '4c065c5cf36e4d759df41386a3d1b0cd', 'system': None}, Network: None, Subnet: None, Router: None
2024-12-11 03:30:31.392 67169 INFO tempest.lib.common.rest_client [req-3453a999-97d3-44aa-a97e-4c24c7eb55b4 req-3453a999-97d3-44aa-a97e-4c24c7eb55b4 ] Request (ImagesTestJSON:test_create_image_from_stopped_server): 200 GET http://10.180.1.21/compute/v2.1/servers/a4796c22-8e8f-4677-bb59-9e229fd98f84 1.202s
2024-12-11 03:30:31.464 67167 INFO tempest.lib.common.rest_client [req-72904d91-bdf9-4840-8047-b21942c77660 req-72904d91-bdf9-4840-8047-b21942c77660 ] Request (ServersAdmin275Test:_run_cleanups): 200 GET http://10.180.1.21/compute/v2.1/servers/b2384705-52e2-407b-b128-382abf994148 1.259s
2024-12-11 03:30:31.468 67129 INFO tempest.lib.common.rest_client [req-a0c63b7e-15e6-4921-a74e-b57445fc82cc req-a0c63b7e-15e6-4921-a74e-b57445fc82cc ] Request (HypervisorAdminTestJSON:setUpClass): 201 POST http://10.180.1.21/identity/v3/auth/tokens 0.104s
2024-12-11 03:30:31.533 67145 INFO tempest.lib.common.rest_client [req-2e8f37cb-1cb7-4dc8-b5c0-03c8881fb87a req-2e8f37cb-1cb7-4dc8-b5c0-03c8881fb87a ] Request (ServerDiagnosticsTest:tearDownClass): 200 GET http://10.180.1.21/compute/v2.1/servers/0b7031c7-ad44-4c57-aff5-df949f1617db 1.271s
2024-12-11 03:30:31.539 67139 INFO tempest.lib.common.rest_client [req-f2012507-de70-4cf7-afa9-1c29d8d3dc17 req-f2012507-de70-4cf7-afa9-1c29d8d3dc17 ] Request (SecurityGroupRulesTestJSON:tearDownClass): 204 DELETE http://10.180.1.21:9696/networking/v2.0/routers/396b9c27-0860-4b12-9f0d-d881369b9c1e 0.733s
2024-12-11 03:30:31.599 67125 INFO tempest.lib.common.rest_client [req-1c617043-00a8-479d-9011-342fa8e63784 req-1c617043-00a8-479d-9011-342fa8e63784 ] Request (FloatingIPsAssociationNegativeTestJSON:tearDownClass): 200 GET http://10.180.1.21/compute/v2.1/servers/67c0a432-4271-4f4e-8a08-bfc43439dbb4 1.318s
2024-12-11 03:30:31.623 67154 INFO tempest.lib.common.rest_client [req-fd36c34b-6c84-42b9-a5b7-e291ebdc087c req-fd36c34b-6c84-42b9-a5b7-e291ebdc087c ] Request (FlavorsAdminTestJSON:test_is_public_string_variations): 200 GET http://10.180.1.21/compute/v2.1/flavors/detail?is_public=true 1.291s
2024-12-11 03:30:31.675 67141 INFO tempest.lib.common.rest_client [req-a69954d5-6d66-4518-b6c0-1d3d72021097 req-a69954d5-6d66-4518-b6c0-1d3d72021097 ] Request (VolumesAssistedSnapshotsTest:test_volume_assisted_snapshot_create_delete): 200 GET http://10.180.1.21/compute/v2.1/servers/db22896d-0f47-473f-9aeb-e15490f5232d 1.308s
2024-12-11 03:30:31.676 67139 INFO tempest.lib.common.rest_client [req-b9526ea5-c1f8-4c69-85da-081e88d9288d req-b9526ea5-c1f8-4c69-85da-081e88d9288d ] Request (SecurityGroupRulesTestJSON:tearDownClass): 204 DELETE http://10.180.1.21:9696/networking/v2.0/subnets/421db862-dae1-45f3-b7f7-4361305d1c32 0.136s
2024-12-11 03:30:31.729 67163 INFO tempest.lib.common.rest_client [req-55159f35-2a4b-4e3b-9f06-b2ffc36f5a42 req-55159f35-2a4b-4e3b-9f06-b2ffc36f5a42 ] Request (ServerShowV254Test:test_rebuild_server): 200 GET http://10.180.1.21/compute/v2.1/servers/31002119-3635-4d4e-a1b6-69508d2aeaac 1.104s
2024-12-11 03:30:31.766 67159 INFO tempest.lib.common.rest_client [req-4f146b96-8255-4cb3-8ac9-e66e454b3e80 req-4f146b96-8255-4cb3-8ac9-e66e454b3e80 ] Request (VolumesTestJSON:test_volume_list_param_offset_and_limit): 200 GET http://10.180.1.21/compute/v2.1/os-volumes 0.943s
2024-12-11 03:30:31.826 67173 INFO tempest.lib.common.rest_client [req-3ba83746-3bf1-40b5-90f0-9cfbe4cb2a62 req-3ba83746-3bf1-40b5-90f0-9cfbe4cb2a62 ] Request (AttachInterfacesV270Test:test_create_get_list_interfaces): 202 POST http://10.180.1.21/compute/v2.1/servers 1.680s
2024-12-11 03:30:31.892 67127 INFO tempest.lib.common.rest_client [req-79f41a1f-de02-4cb4-9811-d87cb1a304d2 req-79f41a1f-de02-4cb4-9811-d87cb1a304d2 ] Request (ListServerFiltersTestJSON:setUpClass): 200 GET http://10.180.1.21/compute/v2.1/servers/30041e20-4a62-4bf3-a23e-0986f38de3e2 0.970s
2024-12-11 03:30:31.947 67147 INFO tempest.lib.common.rest_client [req-6faf05d7-0047-400c-97b9-07fda38a7312 req-6faf05d7-0047-400c-97b9-07fda38a7312 ] Request (ServerAddressesTestJSON:setUpClass): 200 GET http://10.180.1.21/compute/v2.1/servers/5abce697-9c13-4f21-ab19-38118cee8fe0 0.704s
2024-12-11 03:30:31.957 67185 INFO tempest.lib.common.rest_client [req-2035162c-d977-4cf4-930c-a93e8e56ddb1 req-2035162c-d977-4cf4-930c-a93e8e56ddb1 ] Request (QuotasAdminNegativeTest:_run_cleanups): 200 PUT http://10.180.1.21/compute/v2.1/os-quota-sets/b19e83d6058341cdbd96d1ed337a9969 0.769s
2024-12-11 03:30:32.012 67139 INFO tempest.lib.common.rest_client [req-6688a35b-7fd2-4d4d-9c39-0a385d372a39 req-6688a35b-7fd2-4d4d-9c39-0a385d372a39 ] Request (SecurityGroupRulesTestJSON:tearDownClass): 204 DELETE http://10.180.1.21:9696/networking/v2.0/networks/10b193eb-c0e1-4981-8987-119a0afb41bd 0.336s
2024-12-11 03:30:32.016 67180 INFO tempest.lib.common.rest_client [req-a93e63dd-8492-4023-8074-e47c007b959d req-a93e63dd-8492-4023-8074-e47c007b959d ] Request (ServerActionsTestOtherB:setUpClass): 200 GET http://10.180.1.21/compute/v2.1/servers/692d1c21-885a-4b1c-9eb2-9e18d95814c3 0.623s
2024-12-11 03:30:32.060 67131 INFO tempest.lib.common.rest_client [req-9567aa3b-acff-4567-8351-5d733465f611 req-9567aa3b-acff-4567-8351-5d733465f611 ] Request (ServersAdminTestJSON:setUpClass): 200 GET http://10.180.1.21/compute/v2.1/servers/6be94b16-80b6-401b-86ff-853141f16e71 0.749s
2024-12-11 03:30:32.074 67161 INFO tempest.lib.common.rest_client [req-7d7cbe19-c0f6-4834-adef-a9e5399172ee req-7d7cbe19-c0f6-4834-adef-a9e5399172ee ] Request (ServersAdminNegativeTestJSON:test_migrate_server_invalid_state): 200 GET http://10.180.1.21/compute/v2.1/servers/192917aa-96cd-4d58-b160-e022003d565a 0.633s
2024-12-11 03:30:32.118 67129 INFO tempest.lib.common.rest_client [req-2072dce8-d539-465d-8098-db8b5f8b6c4b req-2072dce8-d539-465d-8098-db8b5f8b6c4b ] Request (HypervisorAdminTestJSON:test_get_hypervisor_list): 200 GET http://10.180.1.21/compute/v2.1/os-hypervisors 0.649s
2024-12-11 03:30:32.121 67139 INFO tempest.lib.common.rest_client [req-894079a9-a862-4565-ae9e-49dfff4d2d59 req-894079a9-a862-4565-ae9e-49dfff4d2d59 ] Request (SecurityGroupRulesTestJSON:tearDownClass): 204 DELETE http://10.180.1.21/identity/v3/users/c9669eca0ca1427c98eb7c1611262c8f 0.108s
2024-12-11 03:30:32.121 67139 INFO tempest.lib.common.dynamic_creds [-] Deleting project and security group for project: e04d37f124c54d088e1e9b63cebd2a9d
2024-12-11 03:30:32.125 67175 INFO tempest.lib.common.rest_client [req-48767f5d-199b-46ad-8d5f-ce572f91b489 req-48767f5d-199b-46ad-8d5f-ce572f91b489 ] Request (AttachInterfacesTestJSON:test_create_list_show_delete_interfaces_by_fixed_ip): 200 GET http://10.180.1.21/compute/v2.1/servers/8031f33e-874a-4028-885b-081279aa1912 0.622s
2024-12-11 03:30:32.149 67139 INFO tempest.lib.common.rest_client [req-e8b64df3-17b1-49f9-a7eb-62220b903bee req-e8b64df3-17b1-49f9-a7eb-62220b903bee ] Request (SecurityGroupRulesTestJSON:tearDownClass): 200 GET http://10.180.1.21:9696/networking/v2.0/security-groups?tenant_id=e04d37f124c54d088e1e9b63cebd2a9d&name=default 0.027s
2024-12-11 03:30:32.175 67183 INFO tempest.lib.common.rest_client [req-2a7ec71d-7f38-40b5-90da-da9fa2b93c23 req-2a7ec71d-7f38-40b5-90da-da9fa2b93c23 ] Request (TenantUsagesTestJSON:tearDownClass): 200 GET http://10.180.1.21/compute/v2.1/servers/4f1a6a09-556d-4358-9cff-57bea43d78f2 0.666s
2024-12-11 03:30:32.177 67149 INFO tempest.lib.common.rest_client [req-149cf12a-60ea-443a-9a32-2a307ed0dab7 req-149cf12a-60ea-443a-9a32-2a307ed0dab7 ] Request (ServerDiagnosticsNegativeTest:tearDownClass): 200 GET http://10.180.1.21/compute/v2.1/servers/8ad232ce-b541-463d-8a80-d15d67cba1df 0.590s
2024-12-11 03:30:32.192 67154 INFO tempest.lib.common.rest_client [req-e1227fdb-e363-47f3-bbd1-25fa0f7fe988 req-e1227fdb-e363-47f3-bbd1-25fa0f7fe988 ] Request (FlavorsAdminTestJSON:test_is_public_string_variations): 200 GET http://10.180.1.21/compute/v2.1/flavors/detail?is_public=yes 0.564s
2024-12-11 03:30:32.222 67165 INFO tempest.lib.common.rest_client [req-1433f4f7-91d1-4c7b-a48c-18eeeeb1da30 req-1433f4f7-91d1-4c7b-a48c-18eeeeb1da30 ] Request (MultipleCreateTestJSON:test_multiple_create): 200 GET http://10.180.1.21/compute/v2.1/servers/d0dacc3e-dd44-406d-a773-425fbda4958e 0.619s
2024-12-11 03:30:32.253 67157 INFO tempest.lib.common.rest_client [req-6dad8686-8335-409b-b8ce-e29b56176dee req-6dad8686-8335-409b-b8ce-e29b56176dee ] Request (ServersTestJSON:setUpClass): 200 GET http://10.180.1.21/compute/v2.1/servers/3a3361e5-7bd2-4b8b-9aff-8eaf832cb2bf 0.597s
2024-12-11 03:30:32.280 67155 INFO tempest.lib.common.rest_client [req-730af31d-c97c-4f81-bbe3-d4f851ccd43c req-730af31d-c97c-4f81-bbe3-d4f851ccd43c ] Request (DeleteServersAdminTestJSON:test_admin_delete_servers_of_others): 200 GET http://10.180.1.21/compute/v2.1/servers/4590a34e-10f9-4365-9e5b-2a29ec57aa3a 0.608s
2024-12-11 03:30:32.307 67139 INFO tempest.lib.common.rest_client [req-1b07694d-92c6-4b30-a87f-161410f0164c req-1b07694d-92c6-4b30-a87f-161410f0164c ] Request (SecurityGroupRulesTestJSON:tearDownClass): 204 DELETE http://10.180.1.21:9696/networking/v2.0/security-groups/dfac6115-e3da-4eed-8610-77c54bfa767b 0.157s
2024-12-11 03:30:32.313 67181 INFO tempest.lib.common.rest_client [req-5c3206a6-5ed9-4ed6-a38d-cbdb700f236e req-5c3206a6-5ed9-4ed6-a38d-cbdb700f236e ] Request (ListImageFiltersTestJSON:setUpClass): 200 GET http://10.180.1.21/compute/v2.1/servers/cd790c7d-8dc7-4066-b0e3-10660c5d163f 0.565s
2024-12-11 03:30:32.330 67159 INFO tempest.lib.common.rest_client [req-11ac3d97-4bb2-4605-9188-8024017be2d0 req-11ac3d97-4bb2-4605-9188-8024017be2d0 ] Request (VolumesTestJSON:test_volume_list_param_offset_and_limit): 200 GET http://10.180.1.21/compute/v2.1/os-volumes?offset=1&limit=1 0.560s
2024-12-11 03:30:32.366 67173 INFO tempest.lib.common.rest_client [req-d8578fe7-38f2-4dc7-9085-15c88ab8c40a req-d8578fe7-38f2-4dc7-9085-15c88ab8c40a ] Request (AttachInterfacesV270Test:test_create_get_list_interfaces): 200 GET http://10.180.1.21/compute/v2.1/servers/f319fa4f-12a1-4c82-8f25-4cd33cbe15fd 0.538s
2024-12-11 03:30:32.397 67177 INFO tempest.lib.common.rest_client [req-980611be-e732-428e-a937-8156b28b2316 req-980611be-e732-428e-a937-8156b28b2316 ] Request (ServerActionsV293TestJSON:setUpClass): 200 GET http://10.180.1.21/compute/v2.1/servers/be5490f1-3a52-4019-8b49-b4226a57331c 0.465s
2024-12-11 03:30:32.438 67139 INFO tempest.lib.common.rest_client [req-f30cb36a-cf8e-4266-894e-d8204c60f323 req-f30cb36a-cf8e-4266-894e-d8204c60f323 ] Request (SecurityGroupRulesTestJSON:tearDownClass): 204 DELETE http://10.180.1.21/identity/v3/projects/e04d37f124c54d088e1e9b63cebd2a9d 0.130s
2024-12-11 03:30:32.456 67187 INFO tempest.lib.common.rest_client [req-2fd2ade3-1df1-49e7-bfb8-0a9104a365f6 req-2fd2ade3-1df1-49e7-bfb8-0a9104a365f6 ] Request (ServersWithSpecificFlavorTestJSON:test_verify_created_server_ephemeral_disk): 200 GET http://10.180.1.21/compute/v2.1/servers/2eedd158-0d03-42eb-9613-caa6ff90b54a 0.452s
2024-12-11 03:30:32.513 67137 INFO tempest.lib.common.rest_client [req-53f00889-5e76-4659-9887-d9473c985629 req-53f00889-5e76-4659-9887-d9473c985629 ] Request (ServerMetadataTestJSON:setUpClass): 200 GET http://10.180.1.21/compute/v2.1/servers/7e178341-9bd5-498c-a076-ddcfbbf4823f 0.406s
2024-12-11 03:30:32.526 67139 INFO tempest.lib.common.rest_client [req-3af44643-045c-483c-815c-b67a625b96de req-3af44643-045c-483c-815c-b67a625b96de ] Request (ServersV294TestFqdnHostnames:setUpClass): 201 POST http://10.180.1.21/identity/v3/auth/tokens 0.086s
2024-12-11 03:30:32.542 67129 INFO tempest.lib.common.rest_client [req-eac8f06b-dd48-41ee-98a7-584ab9198828 req-eac8f06b-dd48-41ee-98a7-584ab9198828 ] Request (HypervisorAdminTestJSON:test_get_hypervisor_list_details): 200 GET http://10.180.1.21/compute/v2.1/os-hypervisors/detail 0.421s
2024-12-11 03:30:32.569 67185 INFO tempest.lib.common.rest_client [req-a76ef840-2215-48af-a6db-17ca2dc022ac req-a76ef840-2215-48af-a6db-17ca2dc022ac ] Request (QuotasAdminNegativeTest:test_create_server_when_instances_quota_is_full): 200 GET http://10.180.1.21/compute/v2.1/os-quota-sets/b19e83d6058341cdbd96d1ed337a9969 0.610s
2024-12-11 03:30:32.581 67139 INFO tempest.lib.common.rest_client [req-850e250f-5c8e-4f38-a7cb-f3b9795d8d01 req-850e250f-5c8e-4f38-a7cb-f3b9795d8d01 ] Request (ServersV294TestFqdnHostnames:setUpClass): 201 POST http://10.180.1.21/identity/v3/auth/tokens 0.049s
2024-12-11 03:30:32.584 67154 INFO tempest.lib.common.rest_client [req-456f7c3c-f5c7-468e-9f28-6b7cf674e32d req-456f7c3c-f5c7-468e-9f28-6b7cf674e32d ] Request (FlavorsAdminTestJSON:test_is_public_string_variations): 200 GET http://10.180.1.21/compute/v2.1/flavors/detail?is_public=1 0.387s
2024-12-11 03:30:32.611 67139 INFO tempest.lib.common.rest_client [req-c6da0d4e-5df7-4004-ae58-68e4979982a2 req-c6da0d4e-5df7-4004-ae58-68e4979982a2 ] Request (ServersV294TestFqdnHostnames:setUpClass): 200 GET http://10.180.1.21/identity/v3/domains?name=Default 0.030s
2024-12-11 03:30:32.632 67151 INFO tempest.lib.common.rest_client [req-ece206a2-e485-45c6-b4c9-e425c61b5e38 req-ece206a2-e485-45c6-b4c9-e425c61b5e38 ] Request (ServersTestMultiNic:test_verify_duplicate_network_nics): 200 GET http://10.180.1.21/compute/v2.1/servers/940287b1-6b3c-484e-9115-080f7b454587 0.424s
2024-12-11 03:30:32.640 67135 INFO tempest.lib.common.rest_client [req-a648dc0c-e5a4-437c-ab85-89a40bc0db5b req-a648dc0c-e5a4-437c-ab85-89a40bc0db5b ] Request (MigrationsAdminTest:test_list_migrations_in_flavor_resize_situation): 200 GET http://10.180.1.21/compute/v2.1/servers/1fce1567-6383-45d1-8001-e6839a481c69 0.365s
2024-12-11 03:30:32.645 67139 INFO tempest.lib.common.rest_client [req-7457a9be-d585-44df-9af3-ce69fda5aa71 req-7457a9be-d585-44df-9af3-ce69fda5aa71 ] Request (ServersV294TestFqdnHostnames:setUpClass): 201 POST http://10.180.1.21/identity/v3/projects 0.032s
2024-12-11 03:30:32.687 67171 INFO tempest.lib.common.rest_client [req-8fda54b0-35af-4530-981a-e2982c7151b2 req-8fda54b0-35af-4530-981a-e2982c7151b2 ] Request (ServersAaction247Test:test_create_backup): 200 GET http://10.180.1.21/compute/v2.1/servers/f252e51d-4fcf-4558-8796-86c7d48270d9 0.410s
2024-12-11 03:30:32.700 67143 INFO tempest.lib.common.rest_client [req-4c5c09cf-cea5-4675-bb1f-d79068930b84 req-4c5c09cf-cea5-4675-bb1f-d79068930b84 ] Request (ServerExternalEventsTest:test_create_server_external_events): 200 GET http://10.180.1.21/compute/v2.1/servers/3f40a8f7-b930-46dc-b2c1-0afb27d10e54 0.374s
2024-12-11 03:30:32.708 67139 INFO tempest.lib.common.rest_client [req-56a821ce-787e-4ae2-bf98-a97f4e656f4c req-56a821ce-787e-4ae2-bf98-a97f4e656f4c ] Request (ServersV294TestFqdnHostnames:setUpClass): 201 POST http://10.180.1.21/identity/v3/users 0.062s
2024-12-11 03:30:32.725 67139 INFO tempest.lib.common.rest_client [req-44ef6315-f317-4eab-9bc7-a29ce878a05d req-44ef6315-f317-4eab-9bc7-a29ce878a05d ] Request (ServersV294TestFqdnHostnames:setUpClass): 200 GET http://10.180.1.21/identity/v3/roles 0.017s
2024-12-11 03:30:32.726 67159 INFO tempest.lib.common.rest_client [req-a15e67cf-f13f-47d9-aaf9-fa9b38206a97 req-a15e67cf-f13f-47d9-aaf9-fa9b38206a97 ] Request (VolumesTestJSON:test_volume_list_with_detail_param_limit): 200 GET http://10.180.1.21/compute/v2.1/os-volumes/detail?limit=2 0.392s
2024-12-11 03:30:32.753 67169 INFO tempest.lib.common.rest_client [req-0b836ed6-7e29-4236-9a79-bdba7eedbc87 req-0b836ed6-7e29-4236-9a79-bdba7eedbc87 ] Request (ImagesTestJSON:test_create_image_from_stopped_server): 200 GET http://10.180.1.21/compute/v2.1/servers/a4796c22-8e8f-4677-bb59-9e229fd98f84 0.349s
2024-12-11 03:30:32.759 67139 INFO tempest.lib.common.rest_client [req-7d869c99-5990-4525-ab2f-f55651d02713 req-7d869c99-5990-4525-ab2f-f55651d02713 ] Request (ServersV294TestFqdnHostnames:setUpClass): 204 PUT http://10.180.1.21/identity/v3/projects/4a8ab4b0ba444a1e84f571ab25fc3597/users/edf3b57b984b4420b79291e7ca3d979c/roles/c2d300d4b8f84e2bb26e2252879aef7f 0.031s
2024-12-11 03:30:32.759 67139 INFO tempest.lib.common.dynamic_creds [-] Dynamic test user edf3b57b984b4420b79291e7ca3d979c is created with scope project and roles: ['member']
2024-12-11 03:30:32.760 67139 INFO tempest.lib.common.dynamic_creds [-] Acquired dynamic creds: credentials: Credentials: {'domain_id': 'default', 'domain_name': 'Default', 'username': 'tempest-ServersV294TestFqdnHostnames-586754071-project-member', 'project_domain_id': 'default', 'project_domain_name': 'Default', 'project_id': '4a8ab4b0ba444a1e84f571ab25fc3597', 'project_name': 'tempest-ServersV294TestFqdnHostnames-586754071', 'tenant_id': '4a8ab4b0ba444a1e84f571ab25fc3597', 'tenant_name': 'tempest-ServersV294TestFqdnHostnames-586754071', 'user_domain_id': 'default', 'user_domain_name': 'Default', 'user_id': 'edf3b57b984b4420b79291e7ca3d979c', 'system': None}, Network: None, Subnet: None, Router: None
2024-12-11 03:30:32.805 67167 INFO tempest.lib.common.rest_client [req-c0023373-aea2-41ad-adf0-8be0123c6863 req-c0023373-aea2-41ad-adf0-8be0123c6863 ] Request (ServersAdmin275Test:_run_cleanups): 200 GET http://10.180.1.21/compute/v2.1/servers/b2384705-52e2-407b-b128-382abf994148 0.327s
2024-12-11 03:30:32.814 67145 INFO tempest.lib.common.rest_client [req-ee54c2ec-e52d-4bed-bda6-b3eb6fadd8a5 req-ee54c2ec-e52d-4bed-bda6-b3eb6fadd8a5 ] Request (ServerDiagnosticsTest:tearDownClass): 200 GET http://10.180.1.21/compute/v2.1/servers/0b7031c7-ad44-4c57-aff5-df949f1617db 0.271s
2024-12-11 03:30:32.824 67129 INFO tempest.lib.common.rest_client [req-ab014368-7a8c-4f8d-b01d-493848a6fc62 req-ab014368-7a8c-4f8d-b01d-493848a6fc62 ] Request (HypervisorAdminTestJSON:test_get_hypervisor_show_details): 200 GET http://10.180.1.21/compute/v2.1/os-hypervisors 0.275s
2024-12-11 03:30:32.826 67139 INFO tempest.lib.common.rest_client [req-5b84983f-81fb-4f32-885c-950f75b7bcc6 req-5b84983f-81fb-4f32-885c-950f75b7bcc6 ] Request (ServersV294TestFqdnHostnames:setUpClass): 201 POST http://10.180.1.21/identity/v3/auth/tokens 0.066s
2024-12-11 03:30:32.838 67154 INFO tempest.lib.common.rest_client [req-c93796a5-e0a2-4231-b9b4-e49c63048cf6 req-c93796a5-e0a2-4231-b9b4-e49c63048cf6 ] Request (FlavorsAdminTestJSON:_run_cleanups): 202 DELETE http://10.180.1.21/compute/v2.1/flavors/618300073 0.249s
2024-12-11 03:30:32.900 67125 INFO tempest.lib.common.rest_client [req-b0e3cf0e-c0a7-40f7-a15c-c67f4783cdaa req-b0e3cf0e-c0a7-40f7-a15c-c67f4783cdaa ] Request (FloatingIPsAssociationNegativeTestJSON:tearDownClass): 200 GET http://10.180.1.21/compute/v2.1/servers/67c0a432-4271-4f4e-8a08-bfc43439dbb4 0.290s
2024-12-11 03:30:32.946 67185 INFO tempest.lib.common.rest_client [req-1797196e-9eef-4ddb-9b30-8ad2f0115352 req-1797196e-9eef-4ddb-9b30-8ad2f0115352 ] Request (QuotasAdminNegativeTest:test_create_server_when_instances_quota_is_full): 200 PUT http://10.180.1.21/compute/v2.1/os-quota-sets/b19e83d6058341cdbd96d1ed337a9969 0.374s
2024-12-11 03:30:32.961 67141 INFO tempest.lib.common.rest_client [req-3228d117-0841-4f66-a9c1-77c53b61d5b6 req-3228d117-0841-4f66-a9c1-77c53b61d5b6 ] Request (VolumesAssistedSnapshotsTest:test_volume_assisted_snapshot_create_delete): 200 GET http://10.180.1.21/compute/v2.1/servers/db22896d-0f47-473f-9aeb-e15490f5232d 0.279s
2024-12-11 03:30:32.978 67159 INFO tempest.lib.common.rest_client [req-bc400bf2-7630-4dfb-bab9-05d09eadf64e req-bc400bf2-7630-4dfb-bab9-05d09eadf64e ] Request (VolumesTestJSON:test_volume_list_with_detail_param_offset_and_limit): 200 GET http://10.180.1.21/compute/v2.1/os-volumes/detail 0.247s
2024-12-11 03:30:33.001 67129 INFO tempest.lib.common.rest_client [req-1bad5912-d2dd-466c-b8e3-a463fd757a75 req-1bad5912-d2dd-466c-b8e3-a463fd757a75 ] Request (HypervisorAdminTestJSON:test_get_hypervisor_show_details): 200 GET http://10.180.1.21/compute/v2.1/os-hypervisors/1 0.175s
2024-12-11 03:30:33.014 67154 INFO tempest.lib.common.rest_client [req-939828b6-840d-40fa-91c5-ddd15c83f894 req-939828b6-840d-40fa-91c5-ddd15c83f894 ] Request (FlavorsAdminTestJSON:_run_cleanups): 200 GET http://10.180.1.21/compute/v2.1/flavors/detail 0.176s
2024-12-11 03:30:33.019 67163 INFO tempest.lib.common.rest_client [req-ea6cb6ce-bb68-4550-8c4f-44317deb135a req-ea6cb6ce-bb68-4550-8c4f-44317deb135a ] Request (ServerShowV254Test:test_rebuild_server): 200 GET http://10.180.1.21/compute/v2.1/servers/31002119-3635-4d4e-a1b6-69508d2aeaac 0.278s
2024-12-11 03:30:33.029 67185 INFO tempest.lib.common.rest_client [req-889d4f22-54f6-471b-8b74-c444379f2aac req-889d4f22-54f6-471b-8b74-c444379f2aac ] Request (QuotasAdminNegativeTest:test_create_server_when_instances_quota_is_full): 201 POST http://10.180.1.21/identity/v3/auth/tokens 0.077s
2024-12-11 03:30:33.029 67185 INFO tempest.lib.common.fixed_network [-] (QuotasAdminNegativeTest:test_create_server_when_instances_quota_is_full) Found network None available for tenant
2024-12-11 03:30:33.078 67147 INFO tempest.lib.common.rest_client [req-0e0bc7d1-80cd-450e-9355-df7c7273697e req-0e0bc7d1-80cd-450e-9355-df7c7273697e ] Request (ServerAddressesTestJSON:setUpClass): 200 GET http://10.180.1.21/compute/v2.1/servers/5abce697-9c13-4f21-ab19-38118cee8fe0 0.119s
2024-12-11 03:30:33.107 67127 INFO tempest.lib.common.rest_client [req-9592871b-dc3b-461f-9197-1ccb435c8132 req-9592871b-dc3b-461f-9197-1ccb435c8132 ] Request (ListServerFiltersTestJSON:setUpClass): 200 GET http://10.180.1.21/compute/v2.1/servers/30041e20-4a62-4bf3-a23e-0986f38de3e2 0.208s
2024-12-11 03:30:33.114 67139 INFO tempest.lib.common.rest_client [req-9e67f5d1-043d-4774-9292-64aad1c0d3ab req-9e67f5d1-043d-4774-9292-64aad1c0d3ab ] Request (ServersV294TestFqdnHostnames:setUpClass): 201 POST http://10.180.1.21:9696/networking/v2.0/networks 0.287s
2024-12-11 03:30:33.119 67159 INFO tempest.lib.common.rest_client [req-eb1b9b73-d812-42b5-a7f4-04d8d03f5d57 req-eb1b9b73-d812-42b5-a7f4-04d8d03f5d57 ] Request (VolumesTestJSON:test_volume_list_with_detail_param_offset_and_limit): 200 GET http://10.180.1.21/compute/v2.1/os-volumes/detail?offset=1&limit=1 0.135s
2024-12-11 03:30:33.127 67129 INFO tempest.lib.common.rest_client [req-6d285497-3cbf-4436-8efa-e320eb72b581 req-6d285497-3cbf-4436-8efa-e320eb72b581 ] Request (HypervisorAdminTestJSON:test_get_hypervisor_stats): 200 GET http://10.180.1.21/compute/v2.1/os-hypervisors/statistics 0.122s
2024-12-11 03:30:33.133 67154 INFO tempest.lib.common.rest_client [req-717bbb4d-d08a-46a2-bec8-4c910903137a req-717bbb4d-d08a-46a2-bec8-4c910903137a ] Request (FlavorsAdminTestJSON:_run_cleanups): 202 DELETE http://10.180.1.21/compute/v2.1/flavors/1728578912 0.114s
2024-12-11 03:30:33.182 67180 INFO tempest.lib.common.rest_client [req-fb5cf9c6-dac2-4e25-8bb4-ab5d6b580b6c req-fb5cf9c6-dac2-4e25-8bb4-ab5d6b580b6c ] Request (ServerActionsTestOtherB:setUpClass): 200 GET http://10.180.1.21/compute/v2.1/servers/692d1c21-885a-4b1c-9eb2-9e18d95814c3 0.157s
2024-12-11 03:30:33.228 67129 INFO tempest.lib.common.rest_client [req-01e94d71-0a69-4670-a6a2-c35642512f2e req-01e94d71-0a69-4670-a6a2-c35642512f2e ] Request (HypervisorAdminTestJSON:tearDownClass): 204 DELETE http://10.180.1.21/identity/v3/users/fad52d3ed9fa4b758bfdbda15e479def 0.099s
2024-12-11 03:30:33.301 67131 INFO tempest.lib.common.rest_client [req-5f48b109-c730-40ac-8de2-de1de7367218 req-5f48b109-c730-40ac-8de2-de1de7367218 ] Request (ServersAdminTestJSON:setUpClass): 200 GET http://10.180.1.21/compute/v2.1/servers/6be94b16-80b6-401b-86ff-853141f16e71 0.229s
2024-12-11 03:30:33.353 67129 INFO tempest.lib.common.rest_client [req-f18a8a13-d3e1-44c3-bcc0-07838e4a8633 req-f18a8a13-d3e1-44c3-bcc0-07838e4a8633 ] Request (HypervisorAdminTestJSON:tearDownClass): 204 DELETE http://10.180.1.21/identity/v3/users/4c065c5cf36e4d759df41386a3d1b0cd 0.124s
2024-12-11 03:30:33.353 67129 INFO tempest.lib.common.dynamic_creds [-] Deleting project and security group for project: 74de1e3334f44ccbb693c30ea8851c99
2024-12-11 03:30:33.364 67139 INFO tempest.lib.common.rest_client [req-22a2a5f7-f5a7-4d2e-adf4-46d5a0326a48 req-22a2a5f7-f5a7-4d2e-adf4-46d5a0326a48 ] Request (ServersV294TestFqdnHostnames:setUpClass): 201 POST http://10.180.1.21:9696/networking/v2.0/subnets 0.250s
2024-12-11 03:30:33.365 67185 INFO tempest.lib.common.rest_client [req-e52595ed-eda2-4b5f-98b5-d3420f65e35c req-e52595ed-eda2-4b5f-98b5-d3420f65e35c ] Request (QuotasAdminNegativeTest:test_create_server_when_instances_quota_is_full): 403 POST http://10.180.1.21/compute/v2.1/servers 0.335s
2024-12-11 03:30:33.366 67161 INFO tempest.lib.common.rest_client [req-7489112f-2f36-4442-b2d0-50b336c2883a req-7489112f-2f36-4442-b2d0-50b336c2883a ] Request (ServersAdminNegativeTestJSON:test_migrate_server_invalid_state): 200 GET http://10.180.1.21/compute/v2.1/servers/192917aa-96cd-4d58-b160-e022003d565a 0.277s
2024-12-11 03:30:33.401 67159 INFO tempest.lib.common.rest_client [req-f239ac4a-e676-4858-918d-8b55efad635f req-f239ac4a-e676-4858-918d-8b55efad635f ] Request (VolumesTestJSON:test_volume_list_with_details): 200 GET http://10.180.1.21/compute/v2.1/os-volumes/detail 0.276s
2024-12-11 03:30:33.413 67129 INFO tempest.lib.common.rest_client [req-b222bf86-cc72-48c8-b5d4-05f00459be93 req-b222bf86-cc72-48c8-b5d4-05f00459be93 ] Request (HypervisorAdminTestJSON:tearDownClass): 201 POST http://10.180.1.21/identity/v3/auth/tokens 0.059s
2024-12-11 03:30:33.420 67154 INFO tempest.lib.common.rest_client [req-87ce9051-f0b5-402b-9080-f6fa055359ab req-87ce9051-f0b5-402b-9080-f6fa055359ab ] Request (FlavorsAdminTestJSON:_run_cleanups): 200 GET http://10.180.1.21/compute/v2.1/flavors/detail 0.286s
2024-12-11 03:30:33.430 67175 INFO tempest.lib.common.rest_client [req-4e0f0eba-6211-40b7-8eb1-a759f2e03f53 req-4e0f0eba-6211-40b7-8eb1-a759f2e03f53 ] Request (AttachInterfacesTestJSON:test_create_list_show_delete_interfaces_by_fixed_ip): 200 GET http://10.180.1.21/compute/v2.1/servers/8031f33e-874a-4028-885b-081279aa1912 0.297s
2024-12-11 03:30:33.458 67159 INFO tempest.lib.common.rest_client [req-979a1525-ec4f-4b8d-b1a8-1478979014fc req-979a1525-ec4f-4b8d-b1a8-1478979014fc ] Request (VolumesTestJSON:tearDownClass): 202 DELETE http://10.180.1.21/volume/v3/volumes/8c631151-00a1-4873-9958-a6fd2e2e27d8 0.050s
2024-12-11 03:30:33.486 67183 INFO tempest.lib.common.rest_client [req-66e06522-d1f1-46e2-a561-13ee77b71c1a req-66e06522-d1f1-46e2-a561-13ee77b71c1a ] Request (TenantUsagesTestJSON:tearDownClass): 200 GET http://10.180.1.21/compute/v2.1/servers/4f1a6a09-556d-4358-9cff-57bea43d78f2 0.303s
2024-12-11 03:30:33.486 67159 INFO tempest.lib.common.rest_client [req-bfb2612a-eeb7-497d-806e-00b77531a4a4 req-bfb2612a-eeb7-497d-806e-00b77531a4a4 ] Request (VolumesTestJSON:tearDownClass): 200 GET http://10.180.1.21/volume/v3/volumes/8c631151-00a1-4873-9958-a6fd2e2e27d8 0.027s
2024-12-11 03:30:33.498 67149 INFO tempest.lib.common.rest_client [req-04a3a216-3aa7-432b-8f43-dede30b768aa req-04a3a216-3aa7-432b-8f43-dede30b768aa ] Request (ServerDiagnosticsNegativeTest:tearDownClass): 200 GET http://10.180.1.21/compute/v2.1/servers/8ad232ce-b541-463d-8a80-d15d67cba1df 0.313s
2024-12-11 03:30:33.538 67165 INFO tempest.lib.common.rest_client [req-e7208c4e-73c2-48e9-b12a-70c2cc1f8529 req-e7208c4e-73c2-48e9-b12a-70c2cc1f8529 ] Request (MultipleCreateTestJSON:test_multiple_create): 200 GET http://10.180.1.21/compute/v2.1/servers/d0dacc3e-dd44-406d-a773-425fbda4958e 0.306s
2024-12-11 03:30:33.561 67157 INFO tempest.lib.common.rest_client [req-969de68a-fc25-4985-9c13-21f7ba20bbfd req-969de68a-fc25-4985-9c13-21f7ba20bbfd ] Request (ServersTestJSON:setUpClass): 200 GET http://10.180.1.21/compute/v2.1/servers/3a3361e5-7bd2-4b8b-9aff-8eaf832cb2bf 0.302s
