2024-12-11 03:30:08.367 67185 INFO tempest.lib.common.dynamic_creds [-] Created isolated network resources for: credentials: Credentials: {'domain_id': 'default', 'domain_name': 'Default', 'username': 'tempest-FlavorsExtraSpecsTestJSON-1320974784-project-admin', 'project_domain_id': 'default', 'project_domain_name': 'Default', 'project_id': '388361992d5644839464752d15f78494', 'project_name': 'tempest-FlavorsExtraSpecsTestJSON-1320974784', 'tenant_id': '388361992d5644839464752d15f78494', 'tenant_name': 'tempest-FlavorsExtraSpecsTestJSON-1320974784', 'user_domain_id': 'default', 'user_domain_name': 'Default', 'user_id': '26de175159724030be5b534e0f24b455', 'system': None}, Network: None, Subnet: None, Router: None
2024-12-11 03:30:08.390 67177 INFO tempest.lib.common.rest_client [req-c63eece3-d58e-4928-9012-07f1798ad5f9 req-c63eece3-d58e-4928-9012-07f1798ad5f9 ] Request (ServerActionsV293TestJSON:setUpClass): 200 GET http://10.180.1.21/volume/v3/volumes/83c4cd66-195c-45ee-9b18-3b4f8f05142b 0.043s
2024-12-11 03:30:08.396 67175 INFO tempest.lib.common.rest_client [req-c1c6402e-5ac2-43da-86ad-ab6d0817eeda req-c1c6402e-5ac2-43da-86ad-ab6d0817eeda ] Request (AttachInterfacesTestJSON:test_create_list_show_delete_interfaces_by_fixed_ip): 200 GET http://10.180.1.21/compute/v2.1/servers/8031f33e-874a-4028-885b-081279aa1912 2.776s
2024-12-11 03:30:08.400 67137 INFO tempest.lib.common.rest_client [req-6a13c7c5-1983-4fb0-9fc0-97f42051eaf1 req-6a13c7c5-1983-4fb0-9fc0-97f42051eaf1 ] Request (ServerMetadataTestJSON:setUpClass): 201 POST http://10.180.1.21:9696/networking/v2.0/subnets 0.257s
2024-12-11 03:30:08.404 67139 INFO tempest.lib.common.rest_client [req-af523088-3c33-4402-95b9-dfa4b448cfa6 req-af523088-3c33-4402-95b9-dfa4b448cfa6 ] Request (SecurityGroupRulesTestJSON:test_security_group_rules_create_with_optional_group_id): 200 POST http://10.180.1.21/compute/v2.1/os-security-groups 2.799s
2024-12-11 03:30:08.409 67175 INFO tempest.common.waiters [-] State transition "BUILD/scheduling" ==> "BUILD/None" after 6 second wait
2024-12-11 03:30:08.415 67135 INFO tempest.lib.common.rest_client [req-ddbd95df-e5ba-4c71-a0de-73342ba5aa0c req-ddbd95df-e5ba-4c71-a0de-73342ba5aa0c ] Request (FlavorsExtraSpecsNegativeTestJSON:tearDownClass): 204 DELETE http://10.180.1.21/identity/v3/users/cae7bc215c424d50b73da75a541592e4 0.150s
2024-12-11 03:30:08.415 67135 INFO tempest.lib.common.dynamic_creds [-] Deleting project and security group for project: d27eb56a424842939827fcbee22d8e86
2024-12-11 03:30:08.465 67185 INFO tempest.lib.common.rest_client [req-391048ae-122b-497b-a8c2-ebf2164317e0 req-391048ae-122b-497b-a8c2-ebf2164317e0 ] Request (FlavorsExtraSpecsTestJSON:setUpClass): 201 POST http://10.180.1.21/identity/v3/auth/tokens 0.094s
2024-12-11 03:30:08.482 67135 INFO tempest.lib.common.rest_client [req-5710c089-6615-4430-99da-9f2f980017a8 req-5710c089-6615-4430-99da-9f2f980017a8 ] Request (FlavorsExtraSpecsNegativeTestJSON:tearDownClass): 201 POST http://10.180.1.21/identity/v3/auth/tokens 0.066s
2024-12-11 03:30:08.484 67167 INFO tempest.lib.common.rest_client [req-3e05dd59-d9d4-415f-902c-6be46b668b50 req-3e05dd59-d9d4-415f-902c-6be46b668b50 ] Request (ServersAdmin275Test:test_rebuild_update_server_275): 200 GET http://10.180.1.21/compute/v2.1/servers/b2384705-52e2-407b-b128-382abf994148 2.761s
2024-12-11 03:30:08.498 67167 INFO tempest.common.waiters [-] State transition "BUILD/spawning" ==> "ACTIVE/None" after 19 second wait
2024-12-11 03:30:08.506 67154 INFO tempest.lib.common.rest_client [req-3fc29a1a-6f77-4853-931c-7540a87e49e3 req-3fc29a1a-6f77-4853-931c-7540a87e49e3 ] Request (FlavorsAdminTestJSON:test_create_flavor_with_int_id): 200 POST http://10.180.1.21/compute/v2.1/flavors 2.579s
2024-12-11 03:30:08.527 67151 INFO tempest.lib.common.rest_client [req-fef3af56-a029-4d0c-b1fa-19dde9bf29b8 req-fef3af56-a029-4d0c-b1fa-19dde9bf29b8 ] Request (SecurityGroupsTestAdminJSON:_run_cleanups): 202 DELETE http://10.180.1.21/compute/v2.1/os-security-groups/f2aa92a1-9bee-4a79-9115-20abb5277093 2.726s
2024-12-11 03:30:08.612 67143 INFO tempest.lib.common.rest_client [req-aca2c52d-0a43-4a9b-b3c3-95721ac34940 req-aca2c52d-0a43-4a9b-b3c3-95721ac34940 ] Request (FlavorsAccessNegativeTestJSON:test_flavor_non_admin_add): 403 POST http://10.180.1.21/compute/v2.1/flavors/1293822903/action 2.659s
2024-12-11 03:30:08.621 67159 INFO tempest.lib.common.rest_client [req-bd06d568-3bed-4054-85b1-59c164aeffe8 req-bd06d568-3bed-4054-85b1-59c164aeffe8 ] Request (SecurityGroupsNegativeTestJSON:setUpClass): 201 POST http://10.180.1.21:9696/networking/v2.0/routers 1.768s
2024-12-11 03:30:08.671 67173 INFO tempest.lib.common.rest_client [req-5982ccd8-af4e-4b39-bcdb-f9bd7611f21b req-5982ccd8-af4e-4b39-bcdb-f9bd7611f21b ] Request (QuotasAdminTestJSON:test_get_updated_quotas): 200 GET http://10.180.1.21/compute/v2.1/os-quota-sets/4d21732f2d004979bf5d6fca3a54bc33?user_id=75cb353d58184910a42ef11510886efc 2.339s
2024-12-11 03:30:08.691 67135 INFO tempest.lib.common.rest_client [req-3301aa92-b70b-400d-a0e4-e709eaae1ac4 req-3301aa92-b70b-400d-a0e4-e709eaae1ac4 ] Request (FlavorsExtraSpecsNegativeTestJSON:tearDownClass): 200 GET http://10.180.1.21:9696/networking/v2.0/security-groups?tenant_id=d27eb56a424842939827fcbee22d8e86&name=default 0.209s
2024-12-11 03:30:08.757 67173 INFO tempest.lib.common.rest_client [req-b5b33a1d-eedf-4989-aebd-525b5be8ead6 req-b5b33a1d-eedf-4989-aebd-525b5be8ead6 ] Request (QuotasAdminTestJSON:_run_cleanups): 204 DELETE http://10.180.1.21/identity/v3/users/75cb353d58184910a42ef11510886efc 0.083s
2024-12-11 03:30:08.816 67149 INFO tempest.lib.common.rest_client [req-26b47d3b-e122-499d-b84c-7002f44c6678 req-26b47d3b-e122-499d-b84c-7002f44c6678 ] Request (ServerDiagnosticsNegativeTest:tearDownClass): 200 GET http://10.180.1.21/compute/v2.1/servers/8ad232ce-b541-463d-8a80-d15d67cba1df 2.328s
2024-12-11 03:30:08.819 67135 INFO tempest.lib.common.rest_client [req-4e1119c7-ac48-4d42-af3b-fef500cf5d96 req-4e1119c7-ac48-4d42-af3b-fef500cf5d96 ] Request (FlavorsExtraSpecsNegativeTestJSON:tearDownClass): 204 DELETE http://10.180.1.21:9696/networking/v2.0/security-groups/8d88e2e4-2e00-4515-8c48-bd527afce938 0.128s
2024-12-11 03:30:08.868 67173 INFO tempest.lib.common.rest_client [req-4699f74e-434f-4946-b291-15a192d33340 req-4699f74e-434f-4946-b291-15a192d33340 ] Request (QuotasAdminTestJSON:_run_cleanups): 204 DELETE http://10.180.1.21/identity/v3/projects/4d21732f2d004979bf5d6fca3a54bc33 0.111s
2024-12-11 03:30:08.961 67135 INFO tempest.lib.common.rest_client [req-ffb26d10-71d4-4020-9536-4711d750fc78 req-ffb26d10-71d4-4020-9536-4711d750fc78 ] Request (FlavorsExtraSpecsNegativeTestJSON:tearDownClass): 204 DELETE http://10.180.1.21/identity/v3/projects/d27eb56a424842939827fcbee22d8e86 0.141s
2024-12-11 03:30:08.961 67135 INFO tempest.lib.common.dynamic_creds [-] Deleting project and security group for project: 7feebf2c04c64751b349efa245828cc1
2024-12-11 03:30:08.985 67171 INFO tempest.lib.common.rest_client [req-2c82d57a-d831-4fe7-9276-d375425d2b8c req-2c82d57a-d831-4fe7-9276-d375425d2b8c ] Request (KeyPairsV22TestJSON:test_get_keypair_detail): 201 POST http://10.180.1.21/compute/v2.1/os-keypairs 2.335s
2024-12-11 03:30:09.039 67165 INFO tempest.lib.common.rest_client [req-803d7c15-5c6c-43da-8e3c-2d5122aad5b1 req-803d7c15-5c6c-43da-8e3c-2d5122aad5b1 ] Request (MultipleCreateTestJSON:test_multiple_create): 200 GET http://10.180.1.21/compute/v2.1/servers/d0dacc3e-dd44-406d-a773-425fbda4958e 2.352s
2024-12-11 03:30:09.101 67135 INFO tempest.lib.common.rest_client [req-31f617b0-9402-45be-a22f-70024349169b req-31f617b0-9402-45be-a22f-70024349169b ] Request (FlavorsExtraSpecsNegativeTestJSON:tearDownClass): 200 GET http://10.180.1.21:9696/networking/v2.0/security-groups?tenant_id=7feebf2c04c64751b349efa245828cc1&name=default 0.140s
2024-12-11 03:30:09.182 67135 INFO tempest.lib.common.rest_client [req-e4e9ea14-d706-40f3-93ac-b434b748b583 req-e4e9ea14-d706-40f3-93ac-b434b748b583 ] Request (FlavorsExtraSpecsNegativeTestJSON:tearDownClass): 204 DELETE http://10.180.1.21:9696/networking/v2.0/security-groups/679ebf86-6bed-4dc2-bffb-0d99e92d4cbb 0.080s
2024-12-11 03:30:09.190 67183 INFO tempest.lib.common.rest_client [req-e90bf8b7-734c-4e48-b91d-8e18e91fa279 req-e90bf8b7-734c-4e48-b91d-8e18e91fa279 ] Request (TenantUsagesTestJSON:test_get_usage_tenant): 200 GET http://10.180.1.21/compute/v2.1/os-simple-tenant-usage/1e0fa05f35f2449e9be0a87fa64a7e13?start=2024-12-10T03%3A30%3A06.717729&end=2024-12-12T03%3A30%3A06.717729 2.472s
2024-12-11 03:30:09.248 67181 INFO tempest.lib.common.rest_client [req-ce1e0da7-f93c-4917-a4b4-9bdada620872 req-ce1e0da7-f93c-4917-a4b4-9bdada620872 ] Request (ListImageFiltersTestJSON:setUpClass): 200 GET http://10.180.1.21/compute/v2.1/servers/cd790c7d-8dc7-4066-b0e3-10660c5d163f 2.373s
2024-12-11 03:30:09.264 67181 INFO tempest.common.waiters [-] State transition "BUILD/scheduling" ==> "BUILD/None" after 6 second wait
2024-12-11 03:30:09.268 67180 INFO tempest.lib.common.rest_client [req-a0c179b9-e917-4a2e-b38a-87192228ceec req-a0c179b9-e917-4a2e-b38a-87192228ceec ] Request (InstanceUsageAuditLogTestJSON:test_list_instance_usage_audit_logs): 200 GET http://10.180.1.21/compute/v2.1/os-instance_usage_audit_log 2.366s
2024-12-11 03:30:09.309 67135 INFO tempest.lib.common.rest_client [req-32fa0e2e-c896-42ae-b601-61e347d1ba22 req-32fa0e2e-c896-42ae-b601-61e347d1ba22 ] Request (FlavorsExtraSpecsNegativeTestJSON:tearDownClass): 204 DELETE http://10.180.1.21/identity/v3/projects/7feebf2c04c64751b349efa245828cc1 0.127s
2024-12-11 03:30:09.345 67135 INFO tempest.lib.common.rest_client [req-05ae3855-2c1f-46c1-b9fe-6250bfee98a2 req-05ae3855-2c1f-46c1-b9fe-6250bfee98a2 ] Request (MigrationsAdminTest:setUpClass): 201 POST http://10.180.1.21/identity/v3/auth/tokens 0.033s
2024-12-11 03:30:09.396 67180 INFO tempest.lib.common.rest_client [req-3081e2a6-a14f-4566-afd1-f925eea75b82 req-3081e2a6-a14f-4566-afd1-f925eea75b82 ] Request (InstanceUsageAuditLogTestJSON:tearDownClass): 204 DELETE http://10.180.1.21/identity/v3/users/44faff6078f2492f9f7299c72b2b22a7 0.122s
2024-12-11 03:30:09.420 67135 INFO tempest.lib.common.rest_client [req-dfab5375-5590-4f5e-a7ac-3587f604df9a req-dfab5375-5590-4f5e-a7ac-3587f604df9a ] Request (MigrationsAdminTest:setUpClass): 201 POST http://10.180.1.21/identity/v3/auth/tokens 0.072s
2024-12-11 03:30:09.435 67177 INFO tempest.lib.common.rest_client [req-6e038509-58e9-4e18-a8fc-d41ce1c1fde4 req-6e038509-58e9-4e18-a8fc-d41ce1c1fde4 ] Request (ServerActionsV293TestJSON:setUpClass): 200 GET http://10.180.1.21/volume/v3/volumes/83c4cd66-195c-45ee-9b18-3b4f8f05142b 0.035s
2024-12-11 03:30:09.481 67135 INFO tempest.lib.common.rest_client [req-5e8b209f-5b44-47bb-923c-facb78cd41d3 req-5e8b209f-5b44-47bb-923c-facb78cd41d3 ] Request (MigrationsAdminTest:setUpClass): 200 GET http://10.180.1.21/identity/v3/domains?name=Default 0.060s
2024-12-11 03:30:09.508 67180 INFO tempest.lib.common.rest_client [req-74c0eec0-3e74-450d-9942-6d1848fbcb5c req-74c0eec0-3e74-450d-9942-6d1848fbcb5c ] Request (InstanceUsageAuditLogTestJSON:tearDownClass): 204 DELETE http://10.180.1.21/identity/v3/users/247f7e6e7c6e4edd920373cc9c9131c4 0.111s
2024-12-11 03:30:09.508 67180 INFO tempest.lib.common.dynamic_creds [-] Deleting project and security group for project: 439af9970f994b7dba72793c40d71e8a
2024-12-11 03:30:09.543 67135 INFO tempest.lib.common.rest_client [req-74daf3c0-6bd8-46bc-b00c-0cec4a5997fc req-74daf3c0-6bd8-46bc-b00c-0cec4a5997fc ] Request (MigrationsAdminTest:setUpClass): 201 POST http://10.180.1.21/identity/v3/projects 0.062s
2024-12-11 03:30:09.573 67180 INFO tempest.lib.common.rest_client [req-24000b77-563d-4cd1-a42a-12032d6cf90c req-24000b77-563d-4cd1-a42a-12032d6cf90c ] Request (InstanceUsageAuditLogTestJSON:tearDownClass): 201 POST http://10.180.1.21/identity/v3/auth/tokens 0.065s
2024-12-11 03:30:09.630 67135 INFO tempest.lib.common.rest_client [req-d0241dc3-a187-4531-9caf-ffa56504a165 req-d0241dc3-a187-4531-9caf-ffa56504a165 ] Request (MigrationsAdminTest:setUpClass): 201 POST http://10.180.1.21/identity/v3/users 0.086s
2024-12-11 03:30:09.651 67157 INFO tempest.lib.common.rest_client [req-b72b9046-044b-4a6e-a974-93fd5a346233 req-b72b9046-044b-4a6e-a974-93fd5a346233 ] Request (ServersTestJSON:setUpClass): 202 POST http://10.180.1.21/compute/v2.1/servers 3.258s
2024-12-11 03:30:09.661 67135 INFO tempest.lib.common.rest_client [req-555fe988-7483-4085-a5c5-6b7dcf6eb924 req-555fe988-7483-4085-a5c5-6b7dcf6eb924 ] Request (MigrationsAdminTest:setUpClass): 200 GET http://10.180.1.21/identity/v3/roles 0.031s
2024-12-11 03:30:09.697 67135 INFO tempest.lib.common.rest_client [req-e4cc9701-79dd-4f06-8b43-2d52b6d3ae7e req-e4cc9701-79dd-4f06-8b43-2d52b6d3ae7e ] Request (MigrationsAdminTest:setUpClass): 204 PUT http://10.180.1.21/identity/v3/projects/519ffe4348824d71956e0096b7b0cd3e/users/8b54399543cd493496835d9b49211b92/roles/c2d300d4b8f84e2bb26e2252879aef7f 0.035s
2024-12-11 03:30:09.697 67135 INFO tempest.lib.common.dynamic_creds [-] Dynamic test user 8b54399543cd493496835d9b49211b92 is created with scope project and roles: ['member']
2024-12-11 03:30:09.698 67135 INFO tempest.lib.common.dynamic_creds [-] Acquired dynamic creds: credentials: Credentials: {'domain_id': 'default', 'domain_name': 'Default', 'username': 'tempest-MigrationsAdminTest-1628635747-project-member', 'project_domain_id': 'default', 'project_domain_name': 'Default', 'project_id': '519ffe4348824d71956e0096b7b0cd3e', 'project_name': 'tempest-MigrationsAdminTest-1628635747', 'tenant_id': '519ffe4348824d71956e0096b7b0cd3e', 'tenant_name': 'tempest-MigrationsAdminTest-1628635747', 'user_domain_id': 'default', 'user_domain_name': 'Default', 'user_id': '8b54399543cd493496835d9b49211b92', 'system': None}, Network: None, Subnet: None, Router: None
2024-12-11 03:30:09.698 67135 INFO tempest.lib.common.dynamic_creds [-] Created isolated network resources for: credentials: Credentials: {'domain_id': 'default', 'domain_name': 'Default', 'username': 'tempest-MigrationsAdminTest-1628635747-project-member', 'project_domain_id': 'default', 'project_domain_name': 'Default', 'project_id': '519ffe4348824d71956e0096b7b0cd3e', 'project_name': 'tempest-MigrationsAdminTest-1628635747', 'tenant_id': '519ffe4348824d71956e0096b7b0cd3e', 'tenant_name': 'tempest-MigrationsAdminTest-1628635747', 'user_domain_id': 'default', 'user_domain_name': 'Default', 'user_id': '8b54399543cd493496835d9b49211b92', 'system': None}, Network: None, Subnet: None, Router: None
2024-12-11 03:30:09.798 67135 INFO tempest.lib.common.rest_client [req-3d3e6a89-62a8-4b20-89d9-c3d1a62e7301 req-3d3e6a89-62a8-4b20-89d9-c3d1a62e7301 ] Request (MigrationsAdminTest:setUpClass): 201 POST http://10.180.1.21/identity/v3/auth/tokens 0.096s
2024-12-11 03:30:09.886 67135 INFO tempest.lib.common.rest_client [req-5ed56741-5764-474d-bae6-b3f7b64c7f89 req-5ed56741-5764-474d-bae6-b3f7b64c7f89 ] Request (MigrationsAdminTest:setUpClass): 201 POST http://10.180.1.21/identity/v3/projects 0.087s
2024-12-11 03:30:09.959 67135 INFO tempest.lib.common.rest_client [req-02092f8d-18d4-4665-bfa5-da124a6e01d3 req-02092f8d-18d4-4665-bfa5-da124a6e01d3 ] Request (MigrationsAdminTest:setUpClass): 201 POST http://10.180.1.21/identity/v3/users 0.072s
2024-12-11 03:30:09.983 67135 INFO tempest.lib.common.rest_client [req-7de3279b-ace8-439d-bb6d-bc9876cc0595 req-7de3279b-ace8-439d-bb6d-bc9876cc0595 ] Request (MigrationsAdminTest:setUpClass): 200 GET http://10.180.1.21/identity/v3/roles 0.023s
2024-12-11 03:30:10.019 67135 INFO tempest.lib.common.rest_client [req-99dea8cb-8ce4-414b-9015-5e94c43e8e09 req-99dea8cb-8ce4-414b-9015-5e94c43e8e09 ] Request (MigrationsAdminTest:setUpClass): 204 PUT http://10.180.1.21/identity/v3/projects/2043c3bd41c1434e9f752d1bede50612/users/5d95352434f04d0da51790c352f6fd70/roles/469a49af4ae843a685d33d335ce1d6f7 0.036s
2024-12-11 03:30:10.027 67180 INFO tempest.lib.common.rest_client [req-6fd248d7-7bf3-4631-b974-f5dde7652e13 req-6fd248d7-7bf3-4631-b974-f5dde7652e13 ] Request (InstanceUsageAuditLogTestJSON:tearDownClass): 200 GET http://10.180.1.21:9696/networking/v2.0/security-groups?tenant_id=439af9970f994b7dba72793c40d71e8a&name=default 0.453s
2024-12-11 03:30:10.074 67135 INFO tempest.lib.common.rest_client [req-2a76a90a-c3a4-4ae5-bea7-0343e464fbc5 req-2a76a90a-c3a4-4ae5-bea7-0343e464fbc5 ] Request (MigrationsAdminTest:setUpClass): 200 GET http://10.180.1.21/identity/v3/roles 0.054s
2024-12-11 03:30:10.101 67135 INFO tempest.lib.common.rest_client [req-22f8cb81-a8a1-49a9-a7d7-af840a2c7a86 req-22f8cb81-a8a1-49a9-a7d7-af840a2c7a86 ] Request (MigrationsAdminTest:setUpClass): 204 PUT http://10.180.1.21/identity/v3/projects/2043c3bd41c1434e9f752d1bede50612/users/5d95352434f04d0da51790c352f6fd70/roles/469a49af4ae843a685d33d335ce1d6f7 0.026s
2024-12-11 03:30:10.101 67135 INFO tempest.lib.common.dynamic_creds [-] Dynamic test user 5d95352434f04d0da51790c352f6fd70 is created with scope project and roles: ['admin']
2024-12-11 03:30:10.102 67135 INFO tempest.lib.common.dynamic_creds [-] Acquired dynamic creds: credentials: Credentials: {'domain_id': 'default', 'domain_name': 'Default', 'username': 'tempest-MigrationsAdminTest-36586918-project-admin', 'project_domain_id': 'default', 'project_domain_name': 'Default', 'project_id': '2043c3bd41c1434e9f752d1bede50612', 'project_name': 'tempest-MigrationsAdminTest-36586918', 'tenant_id': '2043c3bd41c1434e9f752d1bede50612', 'tenant_name': 'tempest-MigrationsAdminTest-36586918', 'user_domain_id': 'default', 'user_domain_name': 'Default', 'user_id': '5d95352434f04d0da51790c352f6fd70', 'system': None}, Network: None, Subnet: None, Router: None
2024-12-11 03:30:10.102 67135 INFO tempest.lib.common.dynamic_creds [-] Created isolated network resources for: credentials: Credentials: {'domain_id': 'default', 'domain_name': 'Default', 'username': 'tempest-MigrationsAdminTest-36586918-project-admin', 'project_domain_id': 'default', 'project_domain_name': 'Default', 'project_id': '2043c3bd41c1434e9f752d1bede50612', 'project_name': 'tempest-MigrationsAdminTest-36586918', 'tenant_id': '2043c3bd41c1434e9f752d1bede50612', 'tenant_name': 'tempest-MigrationsAdminTest-36586918', 'user_domain_id': 'default', 'user_domain_name': 'Default', 'user_id': '5d95352434f04d0da51790c352f6fd70', 'system': None}, Network: None, Subnet: None, Router: None
2024-12-11 03:30:10.151 67161 INFO tempest.lib.common.rest_client [req-006c1074-2953-4be7-84ad-756920194e1e req-006c1074-2953-4be7-84ad-756920194e1e ] Request (ServersAdminNegativeTestJSON:setUpClass): 200 GET http://10.180.1.21/compute/v2.1/servers/521c8d2a-97aa-45cf-b16e-850393935c6f 3.067s
2024-12-11 03:30:10.208 67135 INFO tempest.lib.common.rest_client [req-b35f5897-e0d6-4df0-95c0-83ff9bc9ac26 req-b35f5897-e0d6-4df0-95c0-83ff9bc9ac26 ] Request (MigrationsAdminTest:setUpClass): 201 POST http://10.180.1.21/identity/v3/auth/tokens 0.102s
2024-12-11 03:30:10.220 67180 INFO tempest.lib.common.rest_client [req-1b59a987-7b7a-4461-a436-bcf08a37b05a req-1b59a987-7b7a-4461-a436-bcf08a37b05a ] Request (InstanceUsageAuditLogTestJSON:tearDownClass): 204 DELETE http://10.180.1.21:9696/networking/v2.0/security-groups/b5addf45-1e9e-4760-8897-97c92e61bca7 0.193s
2024-12-11 03:30:10.340 67180 INFO tempest.lib.common.rest_client [req-2ac7ed23-48f1-47f5-8839-f971c0008da8 req-2ac7ed23-48f1-47f5-8839-f971c0008da8 ] Request (InstanceUsageAuditLogTestJSON:tearDownClass): 204 DELETE http://10.180.1.21/identity/v3/projects/439af9970f994b7dba72793c40d71e8a 0.119s
2024-12-11 03:30:10.340 67180 INFO tempest.lib.common.dynamic_creds [-] Deleting project and security group for project: 34a579a620d94bcea336fa410bd44ea6
2024-12-11 03:30:10.480 67177 INFO tempest.lib.common.rest_client [req-bc9eb3b5-cde8-40c9-87ad-7e33712ac246 req-bc9eb3b5-cde8-40c9-87ad-7e33712ac246 ] Request (ServerActionsV293TestJSON:setUpClass): 200 GET http://10.180.1.21/volume/v3/volumes/83c4cd66-195c-45ee-9b18-3b4f8f05142b 0.037s
2024-12-11 03:30:10.613 67155 INFO tempest.lib.common.rest_client [req-83e66068-42ff-4751-8595-1d9464bf0fd0 req-83e66068-42ff-4751-8595-1d9464bf0fd0 ] Request (DeleteServersAdminTestJSON:test_admin_delete_servers_of_others): 204 DELETE http://10.180.1.21/compute/v2.1/servers/4590a34e-10f9-4365-9e5b-2a29ec57aa3a 3.263s
2024-12-11 03:30:10.759 67180 INFO tempest.lib.common.rest_client [req-812b4d7d-c07c-438b-989b-5f609327e9ee req-812b4d7d-c07c-438b-989b-5f609327e9ee ] Request (InstanceUsageAuditLogTestJSON:tearDownClass): 200 GET http://10.180.1.21:9696/networking/v2.0/security-groups?tenant_id=34a579a620d94bcea336fa410bd44ea6&name=default 0.419s
2024-12-11 03:30:11.007 67137 INFO tempest.lib.common.rest_client [req-c1cea9d0-9dcd-4d39-acc3-ca5de1cb460b req-c1cea9d0-9dcd-4d39-acc3-ca5de1cb460b ] Request (ServerMetadataTestJSON:setUpClass): 201 POST http://10.180.1.21:9696/networking/v2.0/routers 2.606s
2024-12-11 03:30:11.117 67180 INFO tempest.lib.common.rest_client [req-eadf5537-61c8-4741-93c6-f956ea67d141 req-eadf5537-61c8-4741-93c6-f956ea67d141 ] Request (InstanceUsageAuditLogTestJSON:tearDownClass): 204 DELETE http://10.180.1.21:9696/networking/v2.0/security-groups/378a3153-9e7b-40bb-8382-34cb457cb917 0.357s
2024-12-11 03:30:11.215 67125 INFO tempest.lib.common.rest_client [req-c2057e4d-34ad-419d-acbe-fac3f717db46 req-c2057e4d-34ad-419d-acbe-fac3f717db46 ] Request (FloatingIPsAssociationNegativeTestJSON:test_associate_ip_to_server_with_floating_ip): 202 POST http://10.180.1.21/compute/v2.1/servers/67c0a432-4271-4f4e-8a08-bfc43439dbb4/action 4.157s
2024-12-11 03:30:11.268 67180 INFO tempest.lib.common.rest_client [req-1d6f1da3-afec-4f1e-a1f3-f99ede769685 req-1d6f1da3-afec-4f1e-a1f3-f99ede769685 ] Request (InstanceUsageAuditLogTestJSON:tearDownClass): 204 DELETE http://10.180.1.21/identity/v3/projects/34a579a620d94bcea336fa410bd44ea6 0.150s
2024-12-11 03:30:11.269 67180 INFO tempest.test [-] raised in LiveMigrationRemoteConsolesV26Test.setUpClass. Invoking tearDownClass.
2024-12-11 03:30:11.296 67169 INFO tempest.lib.common.rest_client [req-0044e195-8998-449a-a266-41dc4a103967 req-0044e195-8998-449a-a266-41dc4a103967 ] Request (ImagesTestJSON:test_create_image_from_stopped_server): 200 GET http://10.180.1.21/compute/v2.1/servers/a4796c22-8e8f-4677-bb59-9e229fd98f84 3.409s
2024-12-11 03:30:11.355 67180 INFO tempest.lib.common.rest_client [req-c3ea38b5-f54b-4e94-ae72-284e71a02a34 req-c3ea38b5-f54b-4e94-ae72-284e71a02a34 ] Request (ServerActionsTestOtherB:setUpClass): 201 POST http://10.180.1.21/identity/v3/auth/tokens 0.082s
2024-12-11 03:30:11.388 67180 INFO tempest.lib.common.rest_client [req-1ea38cb2-a34f-4906-bba8-6bb8ea178cfd req-1ea38cb2-a34f-4906-bba8-6bb8ea178cfd ] Request (ServerActionsTestOtherB:setUpClass): 201 POST http://10.180.1.21/identity/v3/auth/tokens 0.031s
2024-12-11 03:30:11.417 67180 INFO tempest.lib.common.rest_client [req-b633400d-117a-494c-a705-0c0936716326 req-b633400d-117a-494c-a705-0c0936716326 ] Request (ServerActionsTestOtherB:setUpClass): 200 GET http://10.180.1.21/identity/v3/domains?name=Default 0.028s
2024-12-11 03:30:11.453 67180 INFO tempest.lib.common.rest_client [req-a5b341eb-cd46-4688-8fec-25bb34cbda49 req-a5b341eb-cd46-4688-8fec-25bb34cbda49 ] Request (ServerActionsTestOtherB:setUpClass): 201 POST http://10.180.1.21/identity/v3/projects 0.036s
2024-12-11 03:30:11.515 67180 INFO tempest.lib.common.rest_client [req-68230625-2656-4932-ad28-6863a1f7dba9 req-68230625-2656-4932-ad28-6863a1f7dba9 ] Request (ServerActionsTestOtherB:setUpClass): 201 POST http://10.180.1.21/identity/v3/users 0.061s
2024-12-11 03:30:11.528 67177 INFO tempest.lib.common.rest_client [req-49821a29-3dcf-45b5-9460-3c1045d0fb20 req-49821a29-3dcf-45b5-9460-3c1045d0fb20 ] Request (ServerActionsV293TestJSON:setUpClass): 200 GET http://10.180.1.21/volume/v3/volumes/83c4cd66-195c-45ee-9b18-3b4f8f05142b 0.039s
2024-12-11 03:30:11.535 67177 INFO tempest.common.waiters [-] volume 83c4cd66-195c-45ee-9b18-3b4f8f05142b reached available after waiting for 23.535681 seconds
2024-12-11 03:30:11.540 67180 INFO tempest.lib.common.rest_client [req-d04bce6c-cb4c-44f5-8b66-b5b95e772ab3 req-d04bce6c-cb4c-44f5-8b66-b5b95e772ab3 ] Request (ServerActionsTestOtherB:setUpClass): 200 GET http://10.180.1.21/identity/v3/roles 0.024s
2024-12-11 03:30:11.575 67180 INFO tempest.lib.common.rest_client [req-21aed935-53c8-4c35-9afa-87ba3abda509 req-21aed935-53c8-4c35-9afa-87ba3abda509 ] Request (ServerActionsTestOtherB:setUpClass): 204 PUT http://10.180.1.21/identity/v3/projects/85cdb55124c742689c30cbe2eefe3d97/users/ecf271acf08d46fa8702c100a6983301/roles/c2d300d4b8f84e2bb26e2252879aef7f 0.034s
2024-12-11 03:30:11.575 67180 INFO tempest.lib.common.dynamic_creds [-] Dynamic test user ecf271acf08d46fa8702c100a6983301 is created with scope project and roles: ['member']
2024-12-11 03:30:11.575 67180 INFO tempest.lib.common.dynamic_creds [-] Acquired dynamic creds: credentials: Credentials: {'domain_id': 'default', 'domain_name': 'Default', 'username': 'tempest-ServerActionsTestOtherB-2019145078-project-member', 'project_domain_id': 'default', 'project_domain_name': 'Default', 'project_id': '85cdb55124c742689c30cbe2eefe3d97', 'project_name': 'tempest-ServerActionsTestOtherB-2019145078', 'tenant_id': '85cdb55124c742689c30cbe2eefe3d97', 'tenant_name': 'tempest-ServerActionsTestOtherB-2019145078', 'user_domain_id': 'default', 'user_domain_name': 'Default', 'user_id': 'ecf271acf08d46fa8702c100a6983301', 'system': None}, Network: None, Subnet: None, Router: None
2024-12-11 03:30:11.581 67187 INFO tempest.lib.common.rest_client [req-c44d8680-738e-4f05-a0ef-96a29008a4eb req-c44d8680-738e-4f05-a0ef-96a29008a4eb ] Request (ServersWithSpecificFlavorTestJSON:test_verify_created_server_ephemeral_disk): 202 POST http://10.180.1.21/compute/v2.1/servers 3.931s
2024-12-11 03:30:11.649 67163 INFO tempest.lib.common.rest_client [req-7363d9c6-0c42-4cae-a166-3ebca3fad2f2 req-7363d9c6-0c42-4cae-a166-3ebca3fad2f2 ] Request (FloatingIPDetailsTestJSON:tearDownClass): 202 DELETE http://10.180.1.21/compute/v2.1/os-floating-ips/b27c9234-2e1f-4e9f-9a77-8e4a2bffd732 3.564s
2024-12-11 03:30:11.654 67180 INFO tempest.lib.common.rest_client [req-b9e66bb2-72bf-4399-97cf-ecbd28f402e5 req-b9e66bb2-72bf-4399-97cf-ecbd28f402e5 ] Request (ServerActionsTestOtherB:setUpClass): 201 POST http://10.180.1.21/identity/v3/auth/tokens 0.078s
2024-12-11 03:30:11.721 67145 INFO tempest.lib.common.rest_client [req-577734ec-39ab-41a1-8d84-fc4abd171d27 req-577734ec-39ab-41a1-8d84-fc4abd171d27 ] Request (ServerDiagnosticsTest:tearDownClass): 200 GET http://10.180.1.21/compute/v2.1/servers/0b7031c7-ad44-4c57-aff5-df949f1617db 3.532s
2024-12-11 03:30:11.730 67129 INFO tempest.lib.common.rest_client [req-53f74572-559b-431e-980e-90d11bf69cb1 req-53f74572-559b-431e-980e-90d11bf69cb1 ] Request (AggregatesAdminNegativeTestJSON:test_aggregate_create_aggregate_name_length_exceeds_255): 400 POST http://10.180.1.21/compute/v2.1/os-aggregates 3.518s
2024-12-11 03:30:11.826 67131 INFO tempest.lib.common.rest_client [req-d6c09fd1-b58c-4c54-ab3b-f47b5b96ba4e req-d6c09fd1-b58c-4c54-ab3b-f47b5b96ba4e ] Request (ServersAdminTestJSON:setUpClass): 200 GET http://10.180.1.21/compute/v2.1/servers/6be94b16-80b6-401b-86ff-853141f16e71 3.674s
2024-12-11 03:30:11.893 67127 INFO tempest.lib.common.rest_client [req-1f4798f4-7bd3-40ba-9f23-132ad9917112 req-1f4798f4-7bd3-40ba-9f23-132ad9917112 ] Request (ListServerFiltersTestJSON:setUpClass): 200 GET http://10.180.1.21/compute/v2.1/servers/30041e20-4a62-4bf3-a23e-0986f38de3e2 3.456s
2024-12-11 03:30:11.933 67159 INFO tempest.lib.common.rest_client [req-0db1c465-3173-42b8-a811-f19469abd72e req-0db1c465-3173-42b8-a811-f19469abd72e ] Request (SecurityGroupsNegativeTestJSON:setUpClass): 200 PUT http://10.180.1.21:9696/networking/v2.0/routers/153dd1ed-ff2e-4aa3-b91c-04354c4a40be/add_router_interface 3.311s
2024-12-11 03:30:11.933 67159 INFO tempest.lib.common.dynamic_creds [-] Created isolated network resources for: credentials: Credentials: {'domain_id': 'default', 'domain_name': 'Default', 'username': 'tempest-SecurityGroupsNegativeTestJSON-1094381311-project-member', 'project_domain_id': 'default', 'project_domain_name': 'Default', 'project_id': '5723b4b70ded4838a7ac1831e53cc664', 'project_name': 'tempest-SecurityGroupsNegativeTestJSON-1094381311', 'tenant_id': '5723b4b70ded4838a7ac1831e53cc664', 'tenant_name': 'tempest-SecurityGroupsNegativeTestJSON-1094381311', 'user_domain_id': 'default', 'user_domain_name': 'Default', 'user_id': '8ec3c5904ce8431e9dde16acc04a6033', 'system': None}, Network: {'id': '4257cb3f-9948-4031-99e9-85ffcdb7f2f0', 'name': 'tempest-SecurityGroupsNegativeTestJSON-1640496118-network', 'tenant_id': '5723b4b70ded4838a7ac1831e53cc664', 'admin_state_up': True, 'mtu': 8950, 'status': 'ACTIVE', 'subnets': [], 'shared': False, 'project_id': '5723b4b70ded4838a7ac1831e53cc664', 'port_security_enabled': True, 'router:external': False, 'provider:network_type': 'vlan', 'provider:physical_network': 'default', 'provider:segmentation_id': 966, 'availability_zone_hints': [], 'availability_zones': [], 'ipv4_address_scope': None, 'ipv6_address_scope': None, 'description': '', 'tags': [], 'created_at': '2024-12-11T03:30:06Z', 'updated_at': '2024-12-11T03:30:06Z', 'revision_number': 1}, Subnet: {'id': 'a0d57401-dfc0-42d4-9561-4a926e19d949', 'name': 'tempest-SecurityGroupsNegativeTestJSON-1640496118-subnet', 'tenant_id': '5723b4b70ded4838a7ac1831e53cc664', 'network_id': '4257cb3f-9948-4031-99e9-85ffcdb7f2f0', 'ip_version': 4, 'subnetpool_id': None, 'enable_dhcp': True, 'ipv6_ra_mode': None, 'ipv6_address_mode': None, 'gateway_ip': '192.168.128.1', 'cidr': '192.168.128.0/28', 'allocation_pools': [{'start': '192.168.128.2', 'end': '192.168.128.14'}], 'host_routes': [], 'dns_nameservers': [], 'description': '', 'router:external': False, 'service_types': [], 'tags': [], 'created_at': '2024-12-11T03:30:06Z', 'updated_at': '2024-12-11T03:30:06Z', 'revision_number': 0, 'project_id': '5723b4b70ded4838a7ac1831e53cc664'}, Router: {'id': '153dd1ed-ff2e-4aa3-b91c-04354c4a40be', 'name': 'tempest-SecurityGroupsNegativeTestJSON-1640496118-router', 'tenant_id': '5723b4b70ded4838a7ac1831e53cc664', 'admin_state_up': True, 'status': 'ACTIVE', 'external_gateway_info': {'network_id': '0cfbb68d-f508-4c30-9cbe-0196f165e8da', 'external_fixed_ips': [{'subnet_id': '6ca408c3-3474-4242-83b5-7bab3a35c4fc', 'ip_address': '10.180.180.241'}], 'enable_snat': True}, 'description': '', 'availability_zones': [], 'distributed': False, 'ha': False, 'availability_zone_hints': [], 'routes': [], 'flavor_id': None, 'tags': [], 'created_at': '2024-12-11T03:30:06Z', 'updated_at': '2024-12-11T03:30:08Z', 'revision_number': 2, 'project_id': '5723b4b70ded4838a7ac1831e53cc664'}
2024-12-11 03:30:12.031 67159 INFO tempest.lib.common.rest_client [req-5cba1067-9a39-422e-9fd7-471de3bebfe7 req-5cba1067-9a39-422e-9fd7-471de3bebfe7 ] Request (SecurityGroupsNegativeTestJSON:setUpClass): 201 POST http://10.180.1.21/identity/v3/auth/tokens 0.095s
2024-12-11 03:30:12.057 67185 INFO tempest.lib.common.rest_client [req-fe122bd3-bb9e-4116-9c26-51c456acab42 req-fe122bd3-bb9e-4116-9c26-51c456acab42 ] Request (FlavorsExtraSpecsTestJSON:setUpClass): 200 POST http://10.180.1.21/compute/v2.1/flavors 3.592s
2024-12-11 03:30:12.171 67139 INFO tempest.lib.common.rest_client [req-51b3b079-8f5b-4cb6-8e93-dc7a590eb0e7 req-51b3b079-8f5b-4cb6-8e93-dc7a590eb0e7 ] Request (SecurityGroupRulesTestJSON:test_security_group_rules_create_with_optional_group_id): 200 POST http://10.180.1.21/compute/v2.1/os-security-groups 3.762s
2024-12-11 03:30:12.196 67154 INFO tempest.lib.common.rest_client [req-317c83c1-a153-4123-93ef-991bd084c9de req-317c83c1-a153-4123-93ef-991bd084c9de ] Request (FlavorsAdminTestJSON:_run_cleanups): 202 DELETE http://10.180.1.21/compute/v2.1/flavors/1995869333 3.688s
2024-12-11 03:30:12.326 67167 INFO tempest.lib.common.rest_client [req-829451a5-236c-48cf-b851-b8bacc308d95 req-829451a5-236c-48cf-b851-b8bacc308d95 ] Request (ServersAdmin275Test:test_rebuild_update_server_275): 202 POST http://10.180.1.21/compute/v2.1/servers/b2384705-52e2-407b-b128-382abf994148/action 3.827s
2024-12-11 03:30:12.343 67143 INFO tempest.lib.common.rest_client [req-eecf4244-cc92-46d5-8f6d-651f11500c06 req-eecf4244-cc92-46d5-8f6d-651f11500c06 ] Request (FlavorsAccessNegativeTestJSON:_run_cleanups): 202 DELETE http://10.180.1.21/compute/v2.1/flavors/1293822903 3.730s
2024-12-11 03:30:12.392 67180 INFO tempest.lib.common.rest_client [req-14f5829a-759c-4ea2-b22b-8905b7cd72f5 req-14f5829a-759c-4ea2-b22b-8905b7cd72f5 ] Request (ServerActionsTestOtherB:setUpClass): 201 POST http://10.180.1.21:9696/networking/v2.0/networks 0.736s
2024-12-11 03:30:12.440 67173 INFO tempest.lib.common.rest_client [req-f485930e-77d7-4aa2-bce1-f83c955c5507 req-f485930e-77d7-4aa2-bce1-f83c955c5507 ] Request (QuotasAdminTestJSON:test_update_all_quota_resources_for_tenant): 200 GET http://10.180.1.21/compute/v2.1/os-quota-sets/6e72af5b7cab4badb1bab2d9255e97ce/defaults 3.570s
2024-12-11 03:30:12.455 67171 INFO tempest.lib.common.rest_client [req-f7c0111a-2eaa-4065-bbe9-25870e200e7a req-f7c0111a-2eaa-4065-bbe9-25870e200e7a ] Request (KeyPairsV22TestJSON:test_get_keypair_detail): 200 GET http://10.180.1.21/compute/v2.1/os-keypairs/tempest-keypair-996687861 3.468s
2024-12-11 03:30:12.518 67151 INFO tempest.lib.common.rest_client [req-02370caa-fc60-4876-9d1d-d7aafee16dde req-02370caa-fc60-4876-9d1d-d7aafee16dde ] Request (SecurityGroupsTestAdminJSON:_run_cleanups): 202 DELETE http://10.180.1.21/compute/v2.1/os-security-groups/33fc19f2-d2de-4676-bc31-690bd4e5b9e1 3.991s
2024-12-11 03:30:12.562 67141 INFO tempest.lib.common.rest_client [req-10902611-8b08-4c84-b998-1d9e4ef6dbd8 req-10902611-8b08-4c84-b998-1d9e4ef6dbd8 ] Request (VolumesAssistedSnapshotsTest:test_volume_assisted_snapshot_create_delete): 200 GET http://10.180.1.21/compute/v2.1/servers/db22896d-0f47-473f-9aeb-e15490f5232d 3.368s
2024-12-11 03:30:12.566 67183 INFO tempest.lib.common.rest_client [req-a2e966ca-a04e-4961-8372-78298822740c req-a2e966ca-a04e-4961-8372-78298822740c ] Request (TenantUsagesTestJSON:test_get_usage_tenant_with_non_admin_user): 200 GET http://10.180.1.21/compute/v2.1/os-simple-tenant-usage/1e0fa05f35f2449e9be0a87fa64a7e13?start=2024-12-10T03%3A30%3A06.717729&end=2024-12-12T03%3A30%3A06.717729 3.365s
2024-12-11 03:30:12.598 67151 INFO tempest.lib.common.rest_client [req-ec856caa-9ba6-45e7-b33a-59dbc03fe96e req-ec856caa-9ba6-45e7-b33a-59dbc03fe96e ] Request (SecurityGroupsTestAdminJSON:tearDownClass): 204 DELETE http://10.180.1.21/identity/v3/users/43f8c4a160354bbda4dc039b60e54a42 0.077s
2024-12-11 03:30:12.636 67175 INFO tempest.lib.common.rest_client [req-c34767ea-1a9f-48f9-9eee-1c288b66e722 req-c34767ea-1a9f-48f9-9eee-1c288b66e722 ] Request (AttachInterfacesTestJSON:test_create_list_show_delete_interfaces_by_fixed_ip): 200 GET http://10.180.1.21/compute/v2.1/servers/8031f33e-874a-4028-885b-081279aa1912 3.223s
2024-12-11 03:30:12.649 67133 INFO tempest.lib.common.rest_client [req-fd740282-b660-4695-9828-5b26312d4daf req-fd740282-b660-4695-9828-5b26312d4daf ] Request (ServerDiagnosticsV248Test:test_get_server_diagnostics): 200 GET http://10.180.1.21/compute/v2.1/servers/f6e53747-9a7f-4564-a7bf-380ab17095fa 3.325s
2024-12-11 03:30:12.700 67157 INFO tempest.lib.common.rest_client [req-3b985fa9-0e78-4557-8376-052fec3dd0a9 req-3b985fa9-0e78-4557-8376-052fec3dd0a9 ] Request (ServersTestJSON:setUpClass): 200 GET http://10.180.1.21/compute/v2.1/servers/3a3361e5-7bd2-4b8b-9aff-8eaf832cb2bf 3.048s
2024-12-11 03:30:12.716 67149 INFO tempest.lib.common.rest_client [req-71446ce6-af6a-4256-9a16-8e57fcba1578 req-71446ce6-af6a-4256-9a16-8e57fcba1578 ] Request (ServerDiagnosticsNegativeTest:tearDownClass): 200 GET http://10.180.1.21/compute/v2.1/servers/8ad232ce-b541-463d-8a80-d15d67cba1df 2.890s
2024-12-11 03:30:12.729 67149 INFO tempest.common.waiters [-] State transition "ACTIVE/deleting" ==> "DELETED/None" after 4 second wait
2024-12-11 03:30:12.752 67151 INFO tempest.lib.common.rest_client [req-df3b8192-daa6-4f8e-9288-801103c2432a req-df3b8192-daa6-4f8e-9288-801103c2432a ] Request (SecurityGroupsTestAdminJSON:tearDownClass): 204 DELETE http://10.180.1.21/identity/v3/users/9dd17c23cf8842898daa7f560927e6be 0.154s
2024-12-11 03:30:12.752 67151 INFO tempest.lib.common.dynamic_creds [-] Deleting project and security group for project: e9a30497651e4f19adab8f28739d5806
2024-12-11 03:30:12.765 67180 INFO tempest.lib.common.rest_client [req-b68a0ded-c47d-4bd9-98b8-f59ee71946a0 req-b68a0ded-c47d-4bd9-98b8-f59ee71946a0 ] Request (ServerActionsTestOtherB:setUpClass): 201 POST http://10.180.1.21:9696/networking/v2.0/subnets 0.373s
2024-12-11 03:30:12.769 67165 INFO tempest.lib.common.rest_client [req-31e359e6-1c54-48ac-9814-428c6562f8ff req-31e359e6-1c54-48ac-9814-428c6562f8ff ] Request (MultipleCreateTestJSON:test_multiple_create): 200 GET http://10.180.1.21/compute/v2.1/servers/d0dacc3e-dd44-406d-a773-425fbda4958e 2.723s
2024-12-11 03:30:12.802 67137 INFO tempest.lib.common.rest_client [req-f3c14e7a-a246-4166-bea9-87ce04d3704b req-f3c14e7a-a246-4166-bea9-87ce04d3704b ] Request (ServerMetadataTestJSON:setUpClass): 200 PUT http://10.180.1.21:9696/networking/v2.0/routers/3db080ce-46a6-4387-844c-8d7f55b313af/add_router_interface 1.795s
2024-12-11 03:30:12.802 67137 INFO tempest.lib.common.dynamic_creds [-] Created isolated network resources for: credentials: Credentials: {'domain_id': 'default', 'domain_name': 'Default', 'username': 'tempest-ServerMetadataTestJSON-465427827-project-member', 'project_domain_id': 'default', 'project_domain_name': 'Default', 'project_id': '47b8df4a265e4c5e987825567bab4768', 'project_name': 'tempest-ServerMetadataTestJSON-465427827', 'tenant_id': '47b8df4a265e4c5e987825567bab4768', 'tenant_name': 'tempest-ServerMetadataTestJSON-465427827', 'user_domain_id': 'default', 'user_domain_name': 'Default', 'user_id': '796e9a77c01e4b18af79438edad636c4', 'system': None}, Network: {'id': 'b5baa32b-891f-4ace-8d39-14dcc70873e4', 'name': 'tempest-ServerMetadataTestJSON-1859467428-network', 'tenant_id': '47b8df4a265e4c5e987825567bab4768', 'admin_state_up': True, 'mtu': 8950, 'status': 'ACTIVE', 'subnets': [], 'shared': False, 'project_id': '47b8df4a265e4c5e987825567bab4768', 'port_security_enabled': True, 'router:external': False, 'provider:network_type': 'vlan', 'provider:physical_network': 'default', 'provider:segmentation_id': 155, 'availability_zone_hints': [], 'availability_zones': [], 'ipv4_address_scope': None, 'ipv6_address_scope': None, 'description': '', 'tags': [], 'created_at': '2024-12-11T03:30:08Z', 'updated_at': '2024-12-11T03:30:08Z', 'revision_number': 1}, Subnet: {'id': 'a8db3d0b-9e44-4c2d-9b2b-8b0002b50e74', 'name': 'tempest-ServerMetadataTestJSON-1859467428-subnet', 'tenant_id': '47b8df4a265e4c5e987825567bab4768', 'network_id': 'b5baa32b-891f-4ace-8d39-14dcc70873e4', 'ip_version': 4, 'subnetpool_id': None, 'enable_dhcp': True, 'ipv6_ra_mode': None, 'ipv6_address_mode': None, 'gateway_ip': '192.168.128.1', 'cidr': '192.168.128.0/28', 'allocation_pools': [{'start': '192.168.128.2', 'end': '192.168.128.14'}], 'host_routes': [], 'dns_nameservers': [], 'description': '', 'router:external': False, 'service_types': [], 'tags': [], 'created_at': '2024-12-11T03:30:08Z', 'updated_at': '2024-12-11T03:30:08Z', 'revision_number': 0, 'project_id': '47b8df4a265e4c5e987825567bab4768'}, Router: {'id': '3db080ce-46a6-4387-844c-8d7f55b313af', 'name': 'tempest-ServerMetadataTestJSON-1859467428-router', 'tenant_id': '47b8df4a265e4c5e987825567bab4768', 'admin_state_up': True, 'status': 'ACTIVE', 'external_gateway_info': {'network_id': '0cfbb68d-f508-4c30-9cbe-0196f165e8da', 'external_fixed_ips': [{'subnet_id': '6ca408c3-3474-4242-83b5-7bab3a35c4fc', 'ip_address': '10.180.180.189'}], 'enable_snat': True}, 'description': '', 'availability_zones': [], 'distributed': False, 'ha': False, 'availability_zone_hints': [], 'routes': [], 'flavor_id': None, 'tags': [], 'created_at': '2024-12-11T03:30:08Z', 'updated_at': '2024-12-11T03:30:09Z', 'revision_number': 2, 'project_id': '47b8df4a265e4c5e987825567bab4768'}
2024-12-11 03:30:12.824 67151 INFO tempest.lib.common.rest_client [req-813f1814-85ea-46dc-a42a-0f40608fe5dc req-813f1814-85ea-46dc-a42a-0f40608fe5dc ] Request (SecurityGroupsTestAdminJSON:tearDownClass): 201 POST http://10.180.1.21/identity/v3/auth/tokens 0.071s
2024-12-11 03:30:12.884 67181 INFO tempest.lib.common.rest_client [req-fdcd37f4-21c8-42e9-b850-06e7595afc5a req-fdcd37f4-21c8-42e9-b850-06e7595afc5a ] Request (ListImageFiltersTestJSON:setUpClass): 200 GET http://10.180.1.21/compute/v2.1/servers/cd790c7d-8dc7-4066-b0e3-10660c5d163f 2.618s
2024-12-11 03:30:12.934 67135 INFO tempest.lib.common.rest_client [req-807f93f9-5888-498f-ad4d-c9280167db8e req-807f93f9-5888-498f-ad4d-c9280167db8e ] Request (MigrationsAdminTest:test_list_migrations): 200 GET http://10.180.1.21/compute/v2.1/os-migrations 2.723s
2024-12-11 03:30:12.943 67137 INFO tempest.lib.common.rest_client [req-a34d3469-96c8-4357-bdd7-0aa182dd7a8f req-a34d3469-96c8-4357-bdd7-0aa182dd7a8f ] Request (ServerMetadataTestJSON:setUpClass): 201 POST http://10.180.1.21/identity/v3/auth/tokens 0.133s
2024-12-11 03:30:12.999 67135 INFO tempest.lib.common.rest_client [req-2a5a6419-3353-45e9-8f83-f6f1566543c9 req-2a5a6419-3353-45e9-8f83-f6f1566543c9 ] Request (MigrationsAdminTest:test_list_migrations_in_flavor_resize_situation): 201 POST http://10.180.1.21/identity/v3/auth/tokens 0.060s
2024-12-11 03:30:13.000 67135 INFO tempest.lib.common.fixed_network [-] (MigrationsAdminTest:test_list_migrations_in_flavor_resize_situation) Found network None available for tenant
2024-12-11 03:30:13.006 67137 INFO tempest.lib.common.rest_client [req-4229ecd0-93cf-4df4-b34e-8d2a166531a2 req-4229ecd0-93cf-4df4-b34e-8d2a166531a2 ] Request (ServerMetadataTestJSON:setUpClass): 201 POST http://10.180.1.21/identity/v3/auth/tokens 0.057s
2024-12-11 03:30:13.007 67137 INFO tempest.lib.common.fixed_network [-] (ServerMetadataTestJSON:setUpClass) Found network {'id': 'b5baa32b-891f-4ace-8d39-14dcc70873e4', 'name': 'tempest-ServerMetadataTestJSON-1859467428-network', 'tenant_id': '47b8df4a265e4c5e987825567bab4768', 'admin_state_up': True, 'mtu': 8950, 'status': 'ACTIVE', 'subnets': [], 'shared': False, 'project_id': '47b8df4a265e4c5e987825567bab4768', 'port_security_enabled': True, 'router:external': False, 'provider:network_type': 'vlan', 'provider:physical_network': 'default', 'provider:segmentation_id': 155, 'availability_zone_hints': [], 'availability_zones': [], 'ipv4_address_scope': None, 'ipv6_address_scope': None, 'description': '', 'tags': [], 'created_at': '2024-12-11T03:30:08Z', 'updated_at': '2024-12-11T03:30:08Z', 'revision_number': 1} available for tenant
2024-12-11 03:30:13.056 67151 INFO tempest.lib.common.rest_client [req-a4cff4dd-4dbd-4dc6-be16-03e2a111e805 req-a4cff4dd-4dbd-4dc6-be16-03e2a111e805 ] Request (SecurityGroupsTestAdminJSON:tearDownClass): 200 GET http://10.180.1.21:9696/networking/v2.0/security-groups?tenant_id=e9a30497651e4f19adab8f28739d5806&name=default 0.231s
2024-12-11 03:30:13.095 67161 INFO tempest.lib.common.rest_client [req-a45ee276-3dae-415d-b58f-e0e6ecab7c59 req-a45ee276-3dae-415d-b58f-e0e6ecab7c59 ] Request (ServersAdminNegativeTestJSON:setUpClass): 200 GET http://10.180.1.21/compute/v2.1/servers/521c8d2a-97aa-45cf-b16e-850393935c6f 1.934s
2024-12-11 03:30:13.308 67151 INFO tempest.lib.common.rest_client [req-66bb7c27-5641-415d-8b8e-cfa76184e15d req-66bb7c27-5641-415d-8b8e-cfa76184e15d ] Request (SecurityGroupsTestAdminJSON:tearDownClass): 204 DELETE http://10.180.1.21:9696/networking/v2.0/security-groups/5051ef64-7929-4610-a02f-a5b98c5226ca 0.252s
2024-12-11 03:30:13.385 67151 INFO tempest.lib.common.rest_client [req-72719390-0a02-4e1d-a556-9d4120dc6b2d req-72719390-0a02-4e1d-a556-9d4120dc6b2d ] Request (SecurityGroupsTestAdminJSON:tearDownClass): 204 DELETE http://10.180.1.21/identity/v3/projects/e9a30497651e4f19adab8f28739d5806 0.076s
2024-12-11 03:30:13.385 67151 INFO tempest.lib.common.dynamic_creds [-] Deleting project and security group for project: 1ce8237357fe405488d87347b6d82be0
2024-12-11 03:30:13.457 67151 INFO tempest.lib.common.rest_client [req-f350d4cd-f1bd-4aae-abd8-9e4cd3dc9a76 req-f350d4cd-f1bd-4aae-abd8-9e4cd3dc9a76 ] Request (SecurityGroupsTestAdminJSON:tearDownClass): 200 GET http://10.180.1.21:9696/networking/v2.0/security-groups?tenant_id=1ce8237357fe405488d87347b6d82be0&name=default 0.072s
2024-12-11 03:30:13.488 67155 INFO tempest.lib.common.rest_client [req-10719c13-a350-47eb-86de-f71af5b1a70c req-10719c13-a350-47eb-86de-f71af5b1a70c ] Request (DeleteServersAdminTestJSON:test_admin_delete_servers_of_others): 200 GET http://10.180.1.21/compute/v2.1/servers/4590a34e-10f9-4365-9e5b-2a29ec57aa3a 2.871s
2024-12-11 03:30:13.812 67125 INFO tempest.lib.common.rest_client [req-f25a867d-9256-4295-89e0-7ac78b3e673a req-f25a867d-9256-4295-89e0-7ac78b3e673a ] Request (FloatingIPsAssociationNegativeTestJSON:test_associate_ip_to_server_with_floating_ip): 200 POST http://10.180.1.21/compute/v2.1/os-floating-ips 2.594s
2024-12-11 03:30:13.878 67187 INFO tempest.lib.common.rest_client [req-0c4afb3b-82a9-482b-83b9-84b72e0b0b64 req-0c4afb3b-82a9-482b-83b9-84b72e0b0b64 ] Request (ServersWithSpecificFlavorTestJSON:test_verify_created_server_ephemeral_disk): 200 GET http://10.180.1.21/compute/v2.1/servers/2eedd158-0d03-42eb-9613-caa6ff90b54a 2.295s
2024-12-11 03:30:13.881 67151 INFO tempest.lib.common.rest_client [req-bd9108d8-b71b-46d1-9060-e127b4ca8f11 req-bd9108d8-b71b-46d1-9060-e127b4ca8f11 ] Request (SecurityGroupsTestAdminJSON:tearDownClass): 204 DELETE http://10.180.1.21:9696/networking/v2.0/security-groups/71893c56-45f5-4249-80ab-7b2d0c085529 0.423s
2024-12-11 03:30:13.888 67129 INFO tempest.lib.common.rest_client [req-31f1d815-a178-485e-9cea-15cd56d34f9f req-31f1d815-a178-485e-9cea-15cd56d34f9f ] Request (AggregatesAdminNegativeTestJSON:test_aggregate_create_aggregate_name_length_less_than_1): 400 POST http://10.180.1.21/compute/v2.1/os-aggregates 2.156s
2024-12-11 03:30:13.989 67151 INFO tempest.lib.common.rest_client [req-a78c7230-da83-4f41-a726-cef61294939b req-a78c7230-da83-4f41-a726-cef61294939b ] Request (SecurityGroupsTestAdminJSON:tearDownClass): 204 DELETE http://10.180.1.21/identity/v3/projects/1ce8237357fe405488d87347b6d82be0 0.108s
2024-12-11 03:30:14.031 67159 INFO tempest.lib.common.rest_client [req-1bac25f1-6bf1-4334-9f37-1e8efd26b611 req-1bac25f1-6bf1-4334-9f37-1e8efd26b611 ] Request (SecurityGroupsNegativeTestJSON:test_delete_nonexistent_security_group): 404 DELETE http://10.180.1.21/compute/v2.1/os-security-groups/cdec23c7-8ed0-442a-94d7-af70a003dc0e 1.997s
2024-12-11 03:30:14.058 67185 INFO tempest.lib.common.rest_client [req-57b86d88-e98a-49d7-896a-6d6d9ad5f2fb req-57b86d88-e98a-49d7-896a-6d6d9ad5f2fb ] Request (FlavorsExtraSpecsTestJSON:test_flavor_non_admin_get_all_keys): 200 POST http://10.180.1.21/compute/v2.1/flavors/1573540177/os-extra_specs 1.996s
2024-12-11 03:30:14.067 67151 INFO tempest.lib.common.rest_client [req-e26fb2af-bece-49a1-bce0-45a3da6a885f req-e26fb2af-bece-49a1-bce0-45a3da6a885f ] Request (ServersTestMultiNic:setUpClass): 201 POST http://10.180.1.21/identity/v3/auth/tokens 0.076s
2024-12-11 03:30:14.084 67163 INFO tempest.lib.common.rest_client [req-d160d990-97f9-4dac-9e01-06dd4ddb7890 req-d160d990-97f9-4dac-9e01-06dd4ddb7890 ] Request (FloatingIPDetailsTestJSON:tearDownClass): 200 PUT http://10.180.1.21:9696/networking/v2.0/routers/646e03f7-7122-44a5-934e-9d2ea1149959/remove_router_interface 2.435s
2024-12-11 03:30:14.115 67151 INFO tempest.lib.common.rest_client [req-c553d8d8-8271-4ab5-b926-202ebfd28143 req-c553d8d8-8271-4ab5-b926-202ebfd28143 ] Request (ServersTestMultiNic:setUpClass): 201 POST http://10.180.1.21/identity/v3/auth/tokens 0.046s
2024-12-11 03:30:14.158 67151 INFO tempest.lib.common.rest_client [req-821ba891-de2c-4201-88d7-de4c191da36d req-821ba891-de2c-4201-88d7-de4c191da36d ] Request (ServersTestMultiNic:setUpClass): 200 GET http://10.180.1.21/identity/v3/domains?name=Default 0.042s
2024-12-11 03:30:14.192 67151 INFO tempest.lib.common.rest_client [req-d1470793-4e77-42a3-8ff2-9d11bdc16291 req-d1470793-4e77-42a3-8ff2-9d11bdc16291 ] Request (ServersTestMultiNic:setUpClass): 201 POST http://10.180.1.21/identity/v3/projects 0.033s
2024-12-11 03:30:14.273 67151 INFO tempest.lib.common.rest_client [req-7f62850d-8d38-44e0-af08-51dcc6dbe2a3 req-7f62850d-8d38-44e0-af08-51dcc6dbe2a3 ] Request (ServersTestMultiNic:setUpClass): 201 POST http://10.180.1.21/identity/v3/users 0.080s
2024-12-11 03:30:14.295 67151 INFO tempest.lib.common.rest_client [req-d543eee4-dcf6-45dd-876c-f22948156587 req-d543eee4-dcf6-45dd-876c-f22948156587 ] Request (ServersTestMultiNic:setUpClass): 200 GET http://10.180.1.21/identity/v3/roles 0.022s
2024-12-11 03:30:14.327 67151 INFO tempest.lib.common.rest_client [req-91ad9880-cf04-4c42-9998-cbc6fd62098e req-91ad9880-cf04-4c42-9998-cbc6fd62098e ] Request (ServersTestMultiNic:setUpClass): 204 PUT http://10.180.1.21/identity/v3/projects/15370233e0384cb7a7e753856ec5c94d/users/516101a0ec104ad0941b906286b6cf5a/roles/c2d300d4b8f84e2bb26e2252879aef7f 0.031s
2024-12-11 03:30:14.327 67151 INFO tempest.lib.common.dynamic_creds [-] Dynamic test user 516101a0ec104ad0941b906286b6cf5a is created with scope project and roles: ['member']
