2024-12-11 03:30:53.665 67154 INFO tempest.lib.common.rest_client [req-bd4a6e1a-32f2-4378-9fb3-8e7a3acf6523 req-bd4a6e1a-32f2-4378-9fb3-8e7a3acf6523 ] Request (QuotasAdminTestV236:tearDownClass): 204 DELETE http://10.180.1.21/identity/v3/users/86d4ae759a314249ba90340a19b28eb6 0.118s
2024-12-11 03:30:53.754 67154 INFO tempest.lib.common.rest_client [req-64ba502c-35db-44c4-b5a4-304011f9bbf3 req-64ba502c-35db-44c4-b5a4-304011f9bbf3 ] Request (QuotasAdminTestV236:tearDownClass): 204 DELETE http://10.180.1.21/identity/v3/users/b777e5fd65ea4e35a205760f11b3e6f3 0.088s
2024-12-11 03:30:53.754 67154 INFO tempest.lib.common.dynamic_creds [-] Deleting project and security group for project: 3ebbcdde994c4dbfbd9d9bcc8c79b6de
2024-12-11 03:30:53.776 67127 INFO tempest.lib.common.rest_client [req-06415667-216a-4373-b4b5-17e2e2678715 req-06415667-216a-4373-b4b5-17e2e2678715 ] Request (ListServerFiltersTestJSON:test_list_servers_filter_by_shutoff_status): 200 GET http://10.180.1.21/compute/v2.1/servers/d1ec065a-cb29-4429-aaa3-a9ef8b6b1302 0.156s
2024-12-11 03:30:53.834 67154 INFO tempest.lib.common.rest_client [req-6539dada-d259-4a0f-b1f8-81e9d02d3762 req-6539dada-d259-4a0f-b1f8-81e9d02d3762 ] Request (QuotasAdminTestV236:tearDownClass): 201 POST http://10.180.1.21/identity/v3/auth/tokens 0.079s
2024-12-11 03:30:53.849 67133 INFO tempest.lib.common.rest_client [req-878e8232-77d4-42e0-b4d7-27c1fb19b556 req-878e8232-77d4-42e0-b4d7-27c1fb19b556 ] Request (ServerDiagnosticsV248Test:tearDownClass): 200 GET http://10.180.1.21/compute/v2.1/servers/f6e53747-9a7f-4564-a7bf-380ab17095fa 0.068s
2024-12-11 03:30:53.852 67165 INFO tempest.lib.common.rest_client [req-a03b8900-351d-4ffd-bc46-84ddff905cc4 req-a03b8900-351d-4ffd-bc46-84ddff905cc4 ] Request (MultipleCreateTestJSON:test_multiple_create): 200 GET http://10.180.1.21/compute/v2.1/servers/d0dacc3e-dd44-406d-a773-425fbda4958e 0.124s
2024-12-11 03:30:53.902 67187 INFO tempest.lib.common.rest_client [req-702ed064-3a18-4642-bf79-a157a95b2ed6 req-702ed064-3a18-4642-bf79-a157a95b2ed6 ] Request (ServersWithSpecificFlavorTestJSON:test_verify_created_server_ephemeral_disk): 200 GET http://10.180.1.21/compute/v2.1/servers/2eedd158-0d03-42eb-9613-caa6ff90b54a 0.078s
2024-12-11 03:30:53.952 67177 INFO tempest.lib.common.rest_client [req-2f5f7baa-edd4-4844-a6ef-8721a83f9548 req-2f5f7baa-edd4-4844-a6ef-8721a83f9548 ] Request (ServerActionsV293TestJSON:setUpClass): 200 GET http://10.180.1.21/compute/v2.1/servers/be5490f1-3a52-4019-8b49-b4226a57331c 0.074s
2024-12-11 03:30:53.956 67131 INFO tempest.lib.common.rest_client [req-581d8061-88f0-4332-804d-227f235150b2 req-581d8061-88f0-4332-804d-227f235150b2 ] Request (ServersAdminTestJSON:test_create_server_with_scheduling_hint): 200 GET http://10.180.1.21/compute/v2.1/servers/0aad3079-8ed4-4e29-95e6-9ad3580ec300 0.060s
2024-12-11 03:30:54.006 67137 INFO tempest.lib.common.rest_client [req-d57e3146-bec6-4deb-ac8e-15d254052e54 req-d57e3146-bec6-4deb-ac8e-15d254052e54 ] Request (ServerMetadataTestJSON:setUpClass): 200 GET http://10.180.1.21/compute/v2.1/servers/7e178341-9bd5-498c-a076-ddcfbbf4823f 0.060s
2024-12-11 03:30:54.007 67143 INFO tempest.lib.common.rest_client [req-53df4672-731c-447b-b6bf-e90c1ac9140d req-53df4672-731c-447b-b6bf-e90c1ac9140d ] Request (ServerExternalEventsTest:test_create_server_external_events): 200 GET http://10.180.1.21/compute/v2.1/servers/3f40a8f7-b930-46dc-b2c1-0afb27d10e54 0.085s
2024-12-11 03:30:54.037 67154 INFO tempest.lib.common.rest_client [req-782e91ff-18e2-444a-9729-4546d71fc389 req-782e91ff-18e2-444a-9729-4546d71fc389 ] Request (QuotasAdminTestV236:tearDownClass): 200 GET http://10.180.1.21:9696/networking/v2.0/security-groups?tenant_id=3ebbcdde994c4dbfbd9d9bcc8c79b6de&name=default 0.203s
2024-12-11 03:30:54.045 67175 WARNING tempest.lib.common.ssh [-] Failed to establish authenticated ssh connection to cirros@10.180.180.144 ([Errno None] Unable to connect to port 22 on 10.180.180.144). Number attempts: 1. Retry after 2 seconds.: paramiko.ssh_exception.NoValidConnectionsError: [Errno None] Unable to connect to port 22 on 10.180.180.144
2024-12-11 03:30:54.057 67169 INFO tempest.lib.common.rest_client [req-ab1eea48-e6c6-4940-b6c0-cdcc2894e972 req-ab1eea48-e6c6-4940-b6c0-cdcc2894e972 ] Request (ImagesTestJSON:test_create_image_from_stopped_server): 200 GET http://10.180.1.21/compute/v2.1/servers/a4796c22-8e8f-4677-bb59-9e229fd98f84 0.066s
2024-12-11 03:30:54.063 67151 INFO tempest.lib.common.rest_client [req-ea28517b-bf54-4051-ac87-c4992e936857 req-ea28517b-bf54-4051-ac87-c4992e936857 ] Request (ServersTestMultiNic:test_verify_duplicate_network_nics): 200 GET http://10.180.1.21/compute/v2.1/servers/940287b1-6b3c-484e-9115-080f7b454587 0.097s
2024-12-11 03:30:54.107 67171 INFO tempest.lib.common.rest_client [req-96eceb37-fd1f-474a-adb4-1b6d8c03c98b req-96eceb37-fd1f-474a-adb4-1b6d8c03c98b ] Request (ServersAaction247Test:test_create_backup): 200 GET http://10.180.1.21/compute/v2.1/servers/f252e51d-4fcf-4558-8796-86c7d48270d9 0.093s
2024-12-11 03:30:54.127 67135 INFO tempest.lib.common.rest_client [req-6f8b6cf9-8d19-43d3-8348-3f34197ef2af req-6f8b6cf9-8d19-43d3-8348-3f34197ef2af ] Request (MigrationsAdminTest:test_list_migrations_in_flavor_resize_situation): 200 GET http://10.180.1.21/compute/v2.1/servers/1fce1567-6383-45d1-8001-e6839a481c69 0.091s
2024-12-11 03:30:54.155 67181 INFO tempest.lib.common.rest_client [req-c58069d6-c715-41ac-898f-4ea877fa8bd9 req-c58069d6-c715-41ac-898f-4ea877fa8bd9 ] Request (ListImageFiltersTestJSON:setUpClass): 200 GET http://10.180.1.21/compute/v2.1/images/c91590f6-3101-4440-93a8-bb28aa135963 0.107s
2024-12-11 03:30:54.196 67141 INFO tempest.lib.common.rest_client [req-9a8d14b8-e8d2-455f-9da6-8968c919639b req-9a8d14b8-e8d2-455f-9da6-8968c919639b ] Request (VolumesAssistedSnapshotsTest:test_volume_assisted_snapshot_create_delete): 200 GET http://10.180.1.21/compute/v2.1/servers/db22896d-0f47-473f-9aeb-e15490f5232d 0.115s
2024-12-11 03:30:54.205 67141 INFO tempest.common.waiters [-] State transition "BUILD/None" ==> "BUILD/networking" after 50 second wait
2024-12-11 03:30:54.211 67145 INFO tempest.lib.common.rest_client [req-f6fcc08a-28a7-43b2-b847-779df6694990 req-f6fcc08a-28a7-43b2-b847-779df6694990 ] Request (VolumesAdminNegativeTest:test_update_attached_volume_with_nonexistent_volume_in_body): 200 GET http://10.180.1.21/compute/v2.1/servers/04db72ce-e49a-4ee7-a321-9810dd258233 0.129s
2024-12-11 03:30:54.245 67154 INFO tempest.lib.common.rest_client [req-7dfd06b9-1e87-4cd2-85e6-17d8f000e945 req-7dfd06b9-1e87-4cd2-85e6-17d8f000e945 ] Request (QuotasAdminTestV236:tearDownClass): 204 DELETE http://10.180.1.21:9696/networking/v2.0/security-groups/745aa9b9-cc1c-485a-9c91-1e6f4b58d4f9 0.208s
2024-12-11 03:30:54.260 67149 INFO tempest.lib.common.rest_client [req-7bc4a33e-d36a-457a-bfc3-71ed67860a4b req-7bc4a33e-d36a-457a-bfc3-71ed67860a4b ] Request (ImagesNegativeTestJSON:test_create_image_from_deleted_server): 200 GET http://10.180.1.21/compute/v2.1/servers/530863d0-7395-4add-8633-51aa81bf1067 0.139s
2024-12-11 03:30:54.262 67147 INFO tempest.lib.common.rest_client [req-344d7857-aded-4c2c-9a14-96b339fa8804 req-344d7857-aded-4c2c-9a14-96b339fa8804 ] Request (ServerAddressesTestJSON:setUpClass): 200 GET http://10.180.1.21/compute/v2.1/servers/5abce697-9c13-4f21-ab19-38118cee8fe0 0.142s
2024-12-11 03:30:54.324 67161 INFO tempest.lib.common.rest_client [req-745a6b46-7b54-48a8-aed9-df5bfcfc4602 req-745a6b46-7b54-48a8-aed9-df5bfcfc4602 ] Request (ServersAdminNegativeTestJSON:test_migrate_server_invalid_state): 200 GET http://10.180.1.21/compute/v2.1/servers/192917aa-96cd-4d58-b160-e022003d565a 0.163s
2024-12-11 03:30:54.344 67163 INFO tempest.lib.common.rest_client [req-a2803e24-d83b-4e50-ba0e-ae37e4a8b27a req-a2803e24-d83b-4e50-ba0e-ae37e4a8b27a ] Request (ServerShowV254Test:test_rebuild_server): 200 GET http://10.180.1.21/compute/v2.1/servers/31002119-3635-4d4e-a1b6-69508d2aeaac 0.137s
2024-12-11 03:30:54.364 67154 INFO tempest.lib.common.rest_client [req-d8351f16-1205-45e9-a17e-4a411e324643 req-d8351f16-1205-45e9-a17e-4a411e324643 ] Request (QuotasAdminTestV236:tearDownClass): 204 DELETE http://10.180.1.21/identity/v3/projects/3ebbcdde994c4dbfbd9d9bcc8c79b6de 0.118s
2024-12-11 03:30:54.364 67154 INFO tempest.lib.common.dynamic_creds [-] Deleting project and security group for project: 10d6b1c3d5a745a3b029c8af227e656f
2024-12-11 03:30:54.406 67125 INFO tempest.lib.common.rest_client [req-34767c50-d7a6-4d24-b25d-90eb127b0a88 req-34767c50-d7a6-4d24-b25d-90eb127b0a88 ] Request (FloatingIPsAssociationNegativeTestJSON:tearDownClass): 200 GET http://10.180.1.21/compute/v2.1/servers/67c0a432-4271-4f4e-8a08-bfc43439dbb4 0.166s
2024-12-11 03:30:54.416 67129 INFO tempest.lib.common.rest_client [req-5ded5af9-1aa6-45bb-b931-1b06ab6adce1 req-5ded5af9-1aa6-45bb-b931-1b06ab6adce1 ] Request (ServerRescueTestJSON:setUpClass): 200 GET http://10.180.1.21/compute/v2.1/servers/2503dee7-4536-4222-909c-e24a3718df40 0.169s
2024-12-11 03:30:54.479 67155 INFO tempest.lib.common.rest_client [req-9335e888-371d-48a5-87c6-db5247475f03 req-9335e888-371d-48a5-87c6-db5247475f03 ] Request (DeleteServersAdminTestJSON:test_delete_server_while_in_error_state): 200 GET http://10.180.1.21/compute/v2.1/servers/22d7c5ad-bee8-4669-97eb-41f10f883d7f 0.189s
2024-12-11 03:30:54.480 67180 INFO tempest.lib.common.rest_client [req-1ce6b705-b304-4620-bc01-28aa0cefd417 req-1ce6b705-b304-4620-bc01-28aa0cefd417 ] Request (ServerActionsTestOtherB:setUpClass): 200 GET http://10.180.1.21/compute/v2.1/servers/692d1c21-885a-4b1c-9eb2-9e18d95814c3 0.195s
2024-12-11 03:30:54.552 67167 INFO tempest.lib.common.rest_client [req-0c91e3c7-c0ad-4bcf-827a-53e56c76ce4d req-0c91e3c7-c0ad-4bcf-827a-53e56c76ce4d ] Request (ServersAdmin275Test:tearDownClass): 200 GET http://10.180.1.21/compute/v2.1/servers/b2384705-52e2-407b-b128-382abf994148 0.212s
2024-12-11 03:30:54.556 67183 INFO tempest.lib.common.rest_client [req-dd6c7f71-bcaf-4c31-acd0-63f36bdfe205 req-dd6c7f71-bcaf-4c31-acd0-63f36bdfe205 ] Request (TenantUsagesTestJSON:tearDownClass): 200 GET http://10.180.1.21/compute/v2.1/servers/4f1a6a09-556d-4358-9cff-57bea43d78f2 0.210s
2024-12-11 03:30:54.564 67154 INFO tempest.lib.common.rest_client [req-5eaae097-b344-414d-9dc6-d47d4893533e req-5eaae097-b344-414d-9dc6-d47d4893533e ] Request (QuotasAdminTestV236:tearDownClass): 200 GET http://10.180.1.21:9696/networking/v2.0/security-groups?tenant_id=10d6b1c3d5a745a3b029c8af227e656f&name=default 0.199s
2024-12-11 03:30:54.608 67157 INFO tempest.lib.common.rest_client [req-962e3da0-746e-48d8-8e63-98f2f7ff4973 req-962e3da0-746e-48d8-8e63-98f2f7ff4973 ] Request (ServersTestJSON:setUpClass): 200 GET http://10.180.1.21/compute/v2.1/servers/3a3361e5-7bd2-4b8b-9aff-8eaf832cb2bf 0.177s
2024-12-11 03:30:54.613 67139 INFO tempest.lib.common.rest_client [req-fe855260-e20b-45ec-afa9-d2110b6bc9f8 req-fe855260-e20b-45ec-afa9-d2110b6bc9f8 ] Request (ServersV294TestFqdnHostnames:setUpClass): 200 GET http://10.180.1.21/compute/v2.1/servers/e310e14f-4487-4993-a6b6-367be947a9ba 0.205s
2024-12-11 03:30:54.668 67173 INFO tempest.lib.common.rest_client [req-0eb242d5-b51d-42d5-a402-402d3e7ba70a req-0eb242d5-b51d-42d5-a402-402d3e7ba70a ] Request (AttachInterfacesV270Test:test_create_get_list_interfaces): 200 GET http://10.180.1.21/compute/v2.1/servers/f319fa4f-12a1-4c82-8f25-4cd33cbe15fd 0.212s
2024-12-11 03:30:54.701 67154 INFO tempest.lib.common.rest_client [req-ceb58c35-d9ae-4e66-a2e9-2ff1d973d68c req-ceb58c35-d9ae-4e66-a2e9-2ff1d973d68c ] Request (QuotasAdminTestV236:tearDownClass): 204 DELETE http://10.180.1.21:9696/networking/v2.0/security-groups/9ee6ee73-4ee8-42a5-8358-5e47c0ddd94c 0.136s
2024-12-11 03:30:54.784 67154 INFO tempest.lib.common.rest_client [req-dd11612a-5a0b-48d7-a38a-34051674ee8e req-dd11612a-5a0b-48d7-a38a-34051674ee8e ] Request (QuotasAdminTestV236:tearDownClass): 204 DELETE http://10.180.1.21/identity/v3/projects/10d6b1c3d5a745a3b029c8af227e656f 0.083s
2024-12-11 03:30:54.888 67127 INFO tempest.lib.common.rest_client [req-cf1f8d8a-864e-4994-adbd-41716765cf07 req-cf1f8d8a-864e-4994-adbd-41716765cf07 ] Request (ListServerFiltersTestJSON:test_list_servers_filter_by_shutoff_status): 200 GET http://10.180.1.21/compute/v2.1/servers/d1ec065a-cb29-4429-aaa3-a9ef8b6b1302 0.101s
2024-12-11 03:30:54.928 67133 INFO tempest.lib.common.rest_client [req-d9b2e95a-0bfa-4656-8cbc-caadb994ce95 req-d9b2e95a-0bfa-4656-8cbc-caadb994ce95 ] Request (ServerDiagnosticsV248Test:tearDownClass): 200 GET http://10.180.1.21/compute/v2.1/servers/f6e53747-9a7f-4564-a7bf-380ab17095fa 0.070s
2024-12-11 03:30:54.986 67187 INFO tempest.lib.common.rest_client [req-4f39fec9-df4c-4f94-b805-2ab2d06bfd84 req-4f39fec9-df4c-4f94-b805-2ab2d06bfd84 ] Request (ServersWithSpecificFlavorTestJSON:test_verify_created_server_ephemeral_disk): 200 GET http://10.180.1.21/compute/v2.1/servers/2eedd158-0d03-42eb-9613-caa6ff90b54a 0.076s
2024-12-11 03:30:55.030 67165 INFO tempest.lib.common.rest_client [req-3e3c0955-b336-49f7-9a60-b31a59ec1436 req-3e3c0955-b336-49f7-9a60-b31a59ec1436 ] Request (MultipleCreateTestJSON:test_multiple_create): 200 GET http://10.180.1.21/compute/v2.1/servers/d0dacc3e-dd44-406d-a773-425fbda4958e 0.165s
2024-12-11 03:30:55.041 67131 INFO tempest.lib.common.rest_client [req-33ccdb84-42ac-4fde-b73f-25faec1fb2b9 req-33ccdb84-42ac-4fde-b73f-25faec1fb2b9 ] Request (ServersAdminTestJSON:test_create_server_with_scheduling_hint): 200 GET http://10.180.1.21/compute/v2.1/servers/0aad3079-8ed4-4e29-95e6-9ad3580ec300 0.079s
2024-12-11 03:30:55.088 67137 INFO tempest.lib.common.rest_client [req-78f0497d-cd20-4917-9f50-b308689415db req-78f0497d-cd20-4917-9f50-b308689415db ] Request (ServerMetadataTestJSON:setUpClass): 200 GET http://10.180.1.21/compute/v2.1/servers/7e178341-9bd5-498c-a076-ddcfbbf4823f 0.076s
2024-12-11 03:30:55.089 67177 INFO tempest.lib.common.rest_client [req-688cbb75-0c1b-4b8a-ba24-cdb30a372a00 req-688cbb75-0c1b-4b8a-ba24-cdb30a372a00 ] Request (ServerActionsV293TestJSON:setUpClass): 200 GET http://10.180.1.21/compute/v2.1/servers/be5490f1-3a52-4019-8b49-b4226a57331c 0.123s
2024-12-11 03:30:55.132 67169 INFO tempest.lib.common.rest_client [req-7f32cfef-0309-4b8a-8714-8695a8555ce9 req-7f32cfef-0309-4b8a-8714-8695a8555ce9 ] Request (ImagesTestJSON:test_create_image_from_stopped_server): 200 GET http://10.180.1.21/compute/v2.1/servers/a4796c22-8e8f-4677-bb59-9e229fd98f84 0.069s
2024-12-11 03:30:55.136 67143 INFO tempest.lib.common.rest_client [req-2f672c66-8dee-461f-939a-6919b206a284 req-2f672c66-8dee-461f-939a-6919b206a284 ] Request (ServerExternalEventsTest:test_create_server_external_events): 200 GET http://10.180.1.21/compute/v2.1/servers/3f40a8f7-b930-46dc-b2c1-0afb27d10e54 0.116s
2024-12-11 03:30:55.177 67151 INFO tempest.lib.common.rest_client [req-60fe585b-c266-4424-8757-c3b679b897e3 req-60fe585b-c266-4424-8757-c3b679b897e3 ] Request (ServersTestMultiNic:test_verify_duplicate_network_nics): 200 GET http://10.180.1.21/compute/v2.1/servers/940287b1-6b3c-484e-9115-080f7b454587 0.106s
2024-12-11 03:30:55.184 67171 INFO tempest.lib.common.rest_client [req-cfd75cfb-c71a-44e9-94f9-250cb1f39669 req-cfd75cfb-c71a-44e9-94f9-250cb1f39669 ] Request (ServersAaction247Test:test_create_backup): 200 GET http://10.180.1.21/compute/v2.1/servers/f252e51d-4fcf-4558-8796-86c7d48270d9 0.065s
2024-12-11 03:30:55.213 67181 INFO tempest.lib.common.rest_client [req-dcd00803-5f80-428d-a4ad-2b5c12c6ab1e req-dcd00803-5f80-428d-a4ad-2b5c12c6ab1e ] Request (ListImageFiltersTestJSON:setUpClass): 200 GET http://10.180.1.21/compute/v2.1/images/c91590f6-3101-4440-93a8-bb28aa135963 0.052s
2024-12-11 03:30:55.223 67135 INFO tempest.lib.common.rest_client [req-fde79958-b9c7-401f-9d8c-de461b23468b req-fde79958-b9c7-401f-9d8c-de461b23468b ] Request (MigrationsAdminTest:test_list_migrations_in_flavor_resize_situation): 200 GET http://10.180.1.21/compute/v2.1/servers/1fce1567-6383-45d1-8001-e6839a481c69 0.085s
2024-12-11 03:30:55.267 67145 INFO tempest.lib.common.rest_client [req-97e8370d-7f80-4875-82ed-cd42e4277e98 req-97e8370d-7f80-4875-82ed-cd42e4277e98 ] Request (VolumesAdminNegativeTest:test_update_attached_volume_with_nonexistent_volume_in_body): 200 GET http://10.180.1.21/compute/v2.1/servers/04db72ce-e49a-4ee7-a321-9810dd258233 0.046s
2024-12-11 03:30:55.329 67149 INFO tempest.lib.common.rest_client [req-e27c6f85-63f9-460b-9592-48624f9cb575 req-e27c6f85-63f9-460b-9592-48624f9cb575 ] Request (ImagesNegativeTestJSON:test_create_image_from_deleted_server): 200 GET http://10.180.1.21/compute/v2.1/servers/530863d0-7395-4add-8633-51aa81bf1067 0.059s
2024-12-11 03:30:55.346 67141 INFO tempest.lib.common.rest_client [req-1accd514-0004-4123-8af4-7a024150b5de req-1accd514-0004-4123-8af4-7a024150b5de ] Request (VolumesAssistedSnapshotsTest:test_volume_assisted_snapshot_create_delete): 200 GET http://10.180.1.21/compute/v2.1/servers/db22896d-0f47-473f-9aeb-e15490f5232d 0.138s
2024-12-11 03:30:55.353 67141 INFO tempest.common.waiters [-] State transition "BUILD/networking" ==> "BUILD/block_device_mapping" after 51 second wait
2024-12-11 03:30:55.378 67147 INFO tempest.lib.common.rest_client [req-d411e4aa-024c-419a-af9b-588b43e9809f req-d411e4aa-024c-419a-af9b-588b43e9809f ] Request (ServerAddressesTestJSON:setUpClass): 200 GET http://10.180.1.21/compute/v2.1/servers/5abce697-9c13-4f21-ab19-38118cee8fe0 0.106s
2024-12-11 03:30:55.396 67161 INFO tempest.lib.common.rest_client [req-5e672e37-883c-492b-8fcf-a7f7ce47e99f req-5e672e37-883c-492b-8fcf-a7f7ce47e99f ] Request (ServersAdminNegativeTestJSON:test_migrate_server_invalid_state): 200 GET http://10.180.1.21/compute/v2.1/servers/192917aa-96cd-4d58-b160-e022003d565a 0.062s
2024-12-11 03:30:55.426 67163 INFO tempest.lib.common.rest_client [req-64f7445d-ee54-4b08-af40-bdf031d264e1 req-64f7445d-ee54-4b08-af40-bdf031d264e1 ] Request (ServerShowV254Test:test_rebuild_server): 200 GET http://10.180.1.21/compute/v2.1/servers/31002119-3635-4d4e-a1b6-69508d2aeaac 0.070s
2024-12-11 03:30:55.477 67129 INFO tempest.lib.common.rest_client [req-4608e175-da43-4dcf-b5ab-bf1496e445c2 req-4608e175-da43-4dcf-b5ab-bf1496e445c2 ] Request (ServerRescueTestJSON:setUpClass): 200 GET http://10.180.1.21/compute/v2.1/servers/2503dee7-4536-4222-909c-e24a3718df40 0.052s
2024-12-11 03:30:55.482 67125 INFO tempest.lib.common.rest_client [req-b79079e2-9c28-42b8-9e50-a8bfcf75b947 req-b79079e2-9c28-42b8-9e50-a8bfcf75b947 ] Request (FloatingIPsAssociationNegativeTestJSON:tearDownClass): 200 GET http://10.180.1.21/compute/v2.1/servers/67c0a432-4271-4f4e-8a08-bfc43439dbb4 0.064s
2024-12-11 03:30:55.543 67180 INFO tempest.lib.common.rest_client [req-045f7f5f-5192-4549-a11f-fb52fd95217d req-045f7f5f-5192-4549-a11f-fb52fd95217d ] Request (ServerActionsTestOtherB:setUpClass): 200 GET http://10.180.1.21/compute/v2.1/servers/692d1c21-885a-4b1c-9eb2-9e18d95814c3 0.053s
2024-12-11 03:30:55.549 67155 INFO tempest.lib.common.rest_client [req-04ef6182-3cb3-4416-8496-14d88e09467a req-04ef6182-3cb3-4416-8496-14d88e09467a ] Request (DeleteServersAdminTestJSON:test_delete_server_while_in_error_state): 200 GET http://10.180.1.21/compute/v2.1/servers/22d7c5ad-bee8-4669-97eb-41f10f883d7f 0.060s
2024-12-11 03:30:55.635 67167 INFO tempest.lib.common.rest_client [req-ac7ee47f-27b7-49ff-833e-745b3407a08e req-ac7ee47f-27b7-49ff-833e-745b3407a08e ] Request (ServersAdmin275Test:tearDownClass): 200 GET http://10.180.1.21/compute/v2.1/servers/b2384705-52e2-407b-b128-382abf994148 0.071s
2024-12-11 03:30:55.657 67183 INFO tempest.lib.common.rest_client [req-69acbb5d-c425-4bb6-b14d-df4ecf433238 req-69acbb5d-c425-4bb6-b14d-df4ecf433238 ] Request (TenantUsagesTestJSON:tearDownClass): 200 GET http://10.180.1.21/compute/v2.1/servers/4f1a6a09-556d-4358-9cff-57bea43d78f2 0.087s
2024-12-11 03:30:55.683 67157 INFO tempest.lib.common.rest_client [req-92821d25-fbee-407d-a040-25b3e092c292 req-92821d25-fbee-407d-a040-25b3e092c292 ] Request (ServersTestJSON:setUpClass): 200 GET http://10.180.1.21/compute/v2.1/servers/3a3361e5-7bd2-4b8b-9aff-8eaf832cb2bf 0.065s
2024-12-11 03:30:55.720 67139 INFO tempest.lib.common.rest_client [req-d2028815-c93e-4ffa-a2a0-ac6953c522f7 req-d2028815-c93e-4ffa-a2a0-ac6953c522f7 ] Request (ServersV294TestFqdnHostnames:setUpClass): 200 GET http://10.180.1.21/compute/v2.1/servers/e310e14f-4487-4993-a6b6-367be947a9ba 0.096s
2024-12-11 03:30:55.736 67173 INFO tempest.lib.common.rest_client [req-737e5735-d7df-41e9-a4e1-89fa521a5e73 req-737e5735-d7df-41e9-a4e1-89fa521a5e73 ] Request (AttachInterfacesV270Test:test_create_get_list_interfaces): 200 GET http://10.180.1.21/compute/v2.1/servers/f319fa4f-12a1-4c82-8f25-4cd33cbe15fd 0.059s
2024-12-11 03:30:56.000 67127 INFO tempest.lib.common.rest_client [req-c277a6a4-0fb3-4acb-9d26-7b9fab75ca07 req-c277a6a4-0fb3-4acb-9d26-7b9fab75ca07 ] Request (ListServerFiltersTestJSON:test_list_servers_filter_by_shutoff_status): 200 GET http://10.180.1.21/compute/v2.1/servers/d1ec065a-cb29-4429-aaa3-a9ef8b6b1302 0.102s
2024-12-11 03:30:56.000 67133 INFO tempest.lib.common.rest_client [req-28caaaee-7df3-4bc8-9f8f-71012c4f006c req-28caaaee-7df3-4bc8-9f8f-71012c4f006c ] Request (ServerDiagnosticsV248Test:tearDownClass): 200 GET http://10.180.1.21/compute/v2.1/servers/f6e53747-9a7f-4564-a7bf-380ab17095fa 0.063s
2024-12-11 03:30:56.051 67187 INFO tempest.lib.common.rest_client [req-612d5db7-6ccf-4508-9da1-4d4563d083bf req-612d5db7-6ccf-4508-9da1-4d4563d083bf ] Request (ServersWithSpecificFlavorTestJSON:test_verify_created_server_ephemeral_disk): 200 GET http://10.180.1.21/compute/v2.1/servers/2eedd158-0d03-42eb-9613-caa6ff90b54a 0.057s
2024-12-11 03:30:56.114 67131 INFO tempest.lib.common.rest_client [req-2f734f77-845d-4115-a0e0-547848813061 req-2f734f77-845d-4115-a0e0-547848813061 ] Request (ServersAdminTestJSON:test_create_server_with_scheduling_hint): 200 GET http://10.180.1.21/compute/v2.1/servers/0aad3079-8ed4-4e29-95e6-9ad3580ec300 0.060s
2024-12-11 03:30:56.152 67165 INFO tempest.lib.common.rest_client [req-84f91749-5e36-4c86-94da-d706fddb1e49 req-84f91749-5e36-4c86-94da-d706fddb1e49 ] Request (MultipleCreateTestJSON:test_multiple_create): 200 GET http://10.180.1.21/compute/v2.1/servers/d0dacc3e-dd44-406d-a773-425fbda4958e 0.115s
2024-12-11 03:30:56.179 67177 INFO tempest.lib.common.rest_client [req-012db049-3d34-485c-ba9c-a55801b57a22 req-012db049-3d34-485c-ba9c-a55801b57a22 ] Request (ServerActionsV293TestJSON:setUpClass): 200 GET http://10.180.1.21/compute/v2.1/servers/be5490f1-3a52-4019-8b49-b4226a57331c 0.082s
2024-12-11 03:30:56.201 67137 INFO tempest.lib.common.rest_client [req-8c319728-2470-4837-b4ef-708146957dd6 req-8c319728-2470-4837-b4ef-708146957dd6 ] Request (ServerMetadataTestJSON:setUpClass): 200 GET http://10.180.1.21/compute/v2.1/servers/7e178341-9bd5-498c-a076-ddcfbbf4823f 0.098s
2024-12-11 03:30:56.227 67143 INFO tempest.lib.common.rest_client [req-07a56d2d-9a2b-4125-9b53-816f70eadd59 req-07a56d2d-9a2b-4125-9b53-816f70eadd59 ] Request (ServerExternalEventsTest:test_create_server_external_events): 200 GET http://10.180.1.21/compute/v2.1/servers/3f40a8f7-b930-46dc-b2c1-0afb27d10e54 0.083s
2024-12-11 03:30:56.252 67169 INFO tempest.lib.common.rest_client [req-2ba76a07-3829-40dc-b2c5-d571f16cff5e req-2ba76a07-3829-40dc-b2c5-d571f16cff5e ] Request (ImagesTestJSON:test_create_image_from_stopped_server): 200 GET http://10.180.1.21/compute/v2.1/servers/a4796c22-8e8f-4677-bb59-9e229fd98f84 0.108s
2024-12-11 03:30:56.292 67151 INFO tempest.lib.common.rest_client [req-0130b408-ac6f-401a-9240-c087338a5fbb req-0130b408-ac6f-401a-9240-c087338a5fbb ] Request (ServersTestMultiNic:test_verify_duplicate_network_nics): 200 GET http://10.180.1.21/compute/v2.1/servers/940287b1-6b3c-484e-9115-080f7b454587 0.107s
2024-12-11 03:30:56.314 67171 INFO tempest.lib.common.rest_client [req-1176e8a9-01bd-46cb-8213-7a44781b15ea req-1176e8a9-01bd-46cb-8213-7a44781b15ea ] Request (ServersAaction247Test:test_create_backup): 200 GET http://10.180.1.21/compute/v2.1/servers/f252e51d-4fcf-4558-8796-86c7d48270d9 0.122s
2024-12-11 03:30:56.334 67181 INFO tempest.lib.common.rest_client [req-dbed7a36-ac1c-49a8-b5cf-a8c74ab23b2e req-dbed7a36-ac1c-49a8-b5cf-a8c74ab23b2e ] Request (ListImageFiltersTestJSON:setUpClass): 200 GET http://10.180.1.21/compute/v2.1/images/c91590f6-3101-4440-93a8-bb28aa135963 0.117s
2024-12-11 03:30:56.390 67135 INFO tempest.lib.common.rest_client [req-7cdb5c57-05a2-44c4-b123-84afd1c4e1cf req-7cdb5c57-05a2-44c4-b123-84afd1c4e1cf ] Request (MigrationsAdminTest:test_list_migrations_in_flavor_resize_situation): 200 GET http://10.180.1.21/compute/v2.1/servers/1fce1567-6383-45d1-8001-e6839a481c69 0.160s
2024-12-11 03:30:56.419 67145 INFO tempest.lib.common.rest_client [req-3b7bb11d-d315-48c2-b000-e888b0489f08 req-3b7bb11d-d315-48c2-b000-e888b0489f08 ] Request (VolumesAdminNegativeTest:test_update_attached_volume_with_nonexistent_volume_in_body): 200 GET http://10.180.1.21/compute/v2.1/servers/04db72ce-e49a-4ee7-a321-9810dd258233 0.140s
2024-12-11 03:30:56.441 67149 INFO tempest.lib.common.rest_client [req-a9a0ecbb-e1ce-4330-ba1a-bf59942517e8 req-a9a0ecbb-e1ce-4330-ba1a-bf59942517e8 ] Request (ImagesNegativeTestJSON:test_create_image_from_deleted_server): 200 GET http://10.180.1.21/compute/v2.1/servers/530863d0-7395-4add-8633-51aa81bf1067 0.104s
2024-12-11 03:30:56.495 67147 INFO tempest.lib.common.rest_client [req-d7413f15-fd35-4e3e-ab21-859d9a12c9cb req-d7413f15-fd35-4e3e-ab21-859d9a12c9cb ] Request (ServerAddressesTestJSON:setUpClass): 200 GET http://10.180.1.21/compute/v2.1/servers/5abce697-9c13-4f21-ab19-38118cee8fe0 0.111s
2024-12-11 03:30:56.519 67141 INFO tempest.lib.common.rest_client [req-322087f7-6ec9-44b1-ba9d-50f2b993a330 req-322087f7-6ec9-44b1-ba9d-50f2b993a330 ] Request (VolumesAssistedSnapshotsTest:test_volume_assisted_snapshot_create_delete): 200 GET http://10.180.1.21/compute/v2.1/servers/db22896d-0f47-473f-9aeb-e15490f5232d 0.165s
2024-12-11 03:30:56.525 67141 INFO tempest.common.waiters [-] State transition "BUILD/block_device_mapping" ==> "BUILD/spawning" after 52 second wait
2024-12-11 03:30:56.551 67161 INFO tempest.lib.common.rest_client [req-67f5faf7-4a05-4642-89a1-7ab349835fec req-67f5faf7-4a05-4642-89a1-7ab349835fec ] Request (ServersAdminNegativeTestJSON:test_migrate_server_invalid_state): 200 GET http://10.180.1.21/compute/v2.1/servers/192917aa-96cd-4d58-b160-e022003d565a 0.147s
2024-12-11 03:30:56.573 67163 INFO tempest.lib.common.rest_client [req-997485d6-b270-4e77-8180-570dd4d34196 req-997485d6-b270-4e77-8180-570dd4d34196 ] Request (ServerShowV254Test:test_rebuild_server): 200 GET http://10.180.1.21/compute/v2.1/servers/31002119-3635-4d4e-a1b6-69508d2aeaac 0.139s
2024-12-11 03:30:56.604 67129 INFO tempest.lib.common.rest_client [req-6bca099d-a359-4ba6-b19a-91eddd72a340 req-6bca099d-a359-4ba6-b19a-91eddd72a340 ] Request (ServerRescueTestJSON:setUpClass): 200 GET http://10.180.1.21/compute/v2.1/servers/2503dee7-4536-4222-909c-e24a3718df40 0.119s
2024-12-11 03:30:56.644 67125 INFO tempest.lib.common.rest_client [req-67825a3c-737e-4998-ade1-e77f43b433bf req-67825a3c-737e-4998-ade1-e77f43b433bf ] Request (FloatingIPsAssociationNegativeTestJSON:tearDownClass): 200 GET http://10.180.1.21/compute/v2.1/servers/67c0a432-4271-4f4e-8a08-bfc43439dbb4 0.155s
2024-12-11 03:30:56.657 67180 INFO tempest.lib.common.rest_client [req-8eb87fac-bdc9-4929-b8af-3c395ea04dc1 req-8eb87fac-bdc9-4929-b8af-3c395ea04dc1 ] Request (ServerActionsTestOtherB:setUpClass): 200 GET http://10.180.1.21/compute/v2.1/servers/692d1c21-885a-4b1c-9eb2-9e18d95814c3 0.106s
2024-12-11 03:30:56.696 67155 INFO tempest.lib.common.rest_client [req-62ded3a0-0bd4-43d3-93c0-a440d0356306 req-62ded3a0-0bd4-43d3-93c0-a440d0356306 ] Request (DeleteServersAdminTestJSON:test_delete_server_while_in_error_state): 200 GET http://10.180.1.21/compute/v2.1/servers/22d7c5ad-bee8-4669-97eb-41f10f883d7f 0.134s
2024-12-11 03:30:56.719 67167 INFO tempest.lib.common.rest_client [req-7b99df36-bf43-497d-833d-3e6732f5c2fd req-7b99df36-bf43-497d-833d-3e6732f5c2fd ] Request (ServersAdmin275Test:tearDownClass): 200 GET http://10.180.1.21/compute/v2.1/servers/b2384705-52e2-407b-b128-382abf994148 0.073s
2024-12-11 03:30:56.756 67183 INFO tempest.lib.common.rest_client [req-2bf20e06-edee-4e12-9343-2b0116cf0885 req-2bf20e06-edee-4e12-9343-2b0116cf0885 ] Request (TenantUsagesTestJSON:tearDownClass): 200 GET http://10.180.1.21/compute/v2.1/servers/4f1a6a09-556d-4358-9cff-57bea43d78f2 0.092s
2024-12-11 03:30:56.768 67157 INFO tempest.lib.common.rest_client [req-c9d008f2-c591-4ade-aab4-b0ae4f954cb1 req-c9d008f2-c591-4ade-aab4-b0ae4f954cb1 ] Request (ServersTestJSON:setUpClass): 200 GET http://10.180.1.21/compute/v2.1/servers/3a3361e5-7bd2-4b8b-9aff-8eaf832cb2bf 0.079s
2024-12-11 03:30:56.812 67139 INFO tempest.lib.common.rest_client [req-48b2db23-6454-4e93-ade9-60ca8460b681 req-48b2db23-6454-4e93-ade9-60ca8460b681 ] Request (ServersV294TestFqdnHostnames:setUpClass): 200 GET http://10.180.1.21/compute/v2.1/servers/e310e14f-4487-4993-a6b6-367be947a9ba 0.080s
2024-12-11 03:30:56.821 67173 INFO tempest.lib.common.rest_client [req-17e9ae36-a324-4b54-b9cc-d76fa5895199 req-17e9ae36-a324-4b54-b9cc-d76fa5895199 ] Request (AttachInterfacesV270Test:test_create_get_list_interfaces): 200 GET http://10.180.1.21/compute/v2.1/servers/f319fa4f-12a1-4c82-8f25-4cd33cbe15fd 0.076s
2024-12-11 03:30:57.070 67133 INFO tempest.lib.common.rest_client [req-50a0b12e-3ae5-4e8c-a31d-0594f103aae2 req-50a0b12e-3ae5-4e8c-a31d-0594f103aae2 ] Request (ServerDiagnosticsV248Test:tearDownClass): 200 GET http://10.180.1.21/compute/v2.1/servers/f6e53747-9a7f-4564-a7bf-380ab17095fa 0.061s
2024-12-11 03:30:57.115 67187 INFO tempest.lib.common.rest_client [req-348d3f2f-6736-4f5b-9826-523cb5e1c9ca req-348d3f2f-6736-4f5b-9826-523cb5e1c9ca ] Request (ServersWithSpecificFlavorTestJSON:test_verify_created_server_ephemeral_disk): 200 GET http://10.180.1.21/compute/v2.1/servers/2eedd158-0d03-42eb-9613-caa6ff90b54a 0.056s
2024-12-11 03:30:57.115 67175 WARNING tempest.lib.common.ssh [-] Failed to establish authenticated ssh connection to cirros@10.180.180.144 ([Errno None] Unable to connect to port 22 on 10.180.180.144). Number attempts: 2. Retry after 3 seconds.: paramiko.ssh_exception.NoValidConnectionsError: [Errno None] Unable to connect to port 22 on 10.180.180.144
2024-12-11 03:30:57.133 67127 INFO tempest.lib.common.rest_client [req-b353f7b3-990a-4dfa-a8b8-bf649b5cff5a req-b353f7b3-990a-4dfa-a8b8-bf649b5cff5a ] Request (ListServerFiltersTestJSON:test_list_servers_filter_by_shutoff_status): 200 GET http://10.180.1.21/compute/v2.1/servers/d1ec065a-cb29-4429-aaa3-a9ef8b6b1302 0.125s
2024-12-11 03:30:57.175 67131 INFO tempest.lib.common.rest_client [req-b171d253-f772-41c8-982f-438e7c331fcb req-b171d253-f772-41c8-982f-438e7c331fcb ] Request (ServersAdminTestJSON:test_create_server_with_scheduling_hint): 200 GET http://10.180.1.21/compute/v2.1/servers/0aad3079-8ed4-4e29-95e6-9ad3580ec300 0.053s
2024-12-11 03:30:57.242 67177 INFO tempest.lib.common.rest_client [req-2280dc83-14c8-40e4-a644-110a8c5056c9 req-2280dc83-14c8-40e4-a644-110a8c5056c9 ] Request (ServerActionsV293TestJSON:setUpClass): 200 GET http://10.180.1.21/compute/v2.1/servers/be5490f1-3a52-4019-8b49-b4226a57331c 0.053s
2024-12-11 03:30:57.287 67137 INFO tempest.lib.common.rest_client [req-b7f1a96f-1d87-43fb-96d0-fb2bc9c67ed3 req-b7f1a96f-1d87-43fb-96d0-fb2bc9c67ed3 ] Request (ServerMetadataTestJSON:setUpClass): 200 GET http://10.180.1.21/compute/v2.1/servers/7e178341-9bd5-498c-a076-ddcfbbf4823f 0.076s
2024-12-11 03:30:57.289 67165 INFO tempest.lib.common.rest_client [req-9662f79c-2624-4483-98b4-7ca891367999 req-9662f79c-2624-4483-98b4-7ca891367999 ] Request (MultipleCreateTestJSON:test_multiple_create): 200 GET http://10.180.1.21/compute/v2.1/servers/d0dacc3e-dd44-406d-a773-425fbda4958e 0.131s
2024-12-11 03:30:57.334 67143 INFO tempest.lib.common.rest_client [req-472abb1d-af43-4e4d-bd4b-7bc0c0b14932 req-472abb1d-af43-4e4d-bd4b-7bc0c0b14932 ] Request (ServerExternalEventsTest:test_create_server_external_events): 200 GET http://10.180.1.21/compute/v2.1/servers/3f40a8f7-b930-46dc-b2c1-0afb27d10e54 0.097s
2024-12-11 03:30:57.336 67169 INFO tempest.lib.common.rest_client [req-4e452c0d-a8b3-4ddb-8e83-3dda43f96685 req-4e452c0d-a8b3-4ddb-8e83-3dda43f96685 ] Request (ImagesTestJSON:test_create_image_from_stopped_server): 200 GET http://10.180.1.21/compute/v2.1/servers/a4796c22-8e8f-4677-bb59-9e229fd98f84 0.075s
2024-12-11 03:30:57.382 67171 INFO tempest.lib.common.rest_client [req-df87f852-9bf0-4021-a5c0-2b012af2e069 req-df87f852-9bf0-4021-a5c0-2b012af2e069 ] Request (ServersAaction247Test:test_create_backup): 200 GET http://10.180.1.21/compute/v2.1/servers/f252e51d-4fcf-4558-8796-86c7d48270d9 0.057s
2024-12-11 03:30:57.383 67151 INFO tempest.lib.common.rest_client [req-e97ee935-98fc-41ae-a17a-81d3730ea8ab req-e97ee935-98fc-41ae-a17a-81d3730ea8ab ] Request (ServersTestMultiNic:test_verify_duplicate_network_nics): 200 GET http://10.180.1.21/compute/v2.1/servers/940287b1-6b3c-484e-9115-080f7b454587 0.084s
2024-12-11 03:30:57.416 67181 INFO tempest.lib.common.rest_client [req-5f0242b8-eb18-48fe-8299-fe7656655fa9 req-5f0242b8-eb18-48fe-8299-fe7656655fa9 ] Request (ListImageFiltersTestJSON:setUpClass): 200 GET http://10.180.1.21/compute/v2.1/images/c91590f6-3101-4440-93a8-bb28aa135963 0.079s
2024-12-11 03:30:57.443 67135 INFO tempest.lib.common.rest_client [req-348d7b78-67ac-4c57-8f39-e9cf17fcec35 req-348d7b78-67ac-4c57-8f39-e9cf17fcec35 ] Request (MigrationsAdminTest:test_list_migrations_in_flavor_resize_situation): 200 GET http://10.180.1.21/compute/v2.1/servers/1fce1567-6383-45d1-8001-e6839a481c69 0.046s
2024-12-11 03:30:57.479 67145 INFO tempest.lib.common.rest_client [req-df256aac-0a2c-478d-920e-21fd2a8eaf7c req-df256aac-0a2c-478d-920e-21fd2a8eaf7c ] Request (VolumesAdminNegativeTest:test_update_attached_volume_with_nonexistent_volume_in_body): 200 GET http://10.180.1.21/compute/v2.1/servers/04db72ce-e49a-4ee7-a321-9810dd258233 0.050s
2024-12-11 03:30:57.501 67149 INFO tempest.lib.common.rest_client [req-7f7c202a-377c-46e0-a082-d80de51b9109 req-7f7c202a-377c-46e0-a082-d80de51b9109 ] Request (ImagesNegativeTestJSON:test_create_image_from_deleted_server): 200 GET http://10.180.1.21/compute/v2.1/servers/530863d0-7395-4add-8633-51aa81bf1067 0.046s
2024-12-11 03:30:57.555 67147 INFO tempest.lib.common.rest_client [req-fdaeb755-aad5-41b1-b84a-e40431aee50b req-fdaeb755-aad5-41b1-b84a-e40431aee50b ] Request (ServerAddressesTestJSON:setUpClass): 200 GET http://10.180.1.21/compute/v2.1/servers/5abce697-9c13-4f21-ab19-38118cee8fe0 0.053s
2024-12-11 03:30:57.612 67161 INFO tempest.lib.common.rest_client [req-e7bf8790-8468-4e3c-a47a-f26fd4786b3b req-e7bf8790-8468-4e3c-a47a-f26fd4786b3b ] Request (ServersAdminNegativeTestJSON:test_migrate_server_invalid_state): 200 GET http://10.180.1.21/compute/v2.1/servers/192917aa-96cd-4d58-b160-e022003d565a 0.054s
2024-12-11 03:30:57.647 67141 INFO tempest.lib.common.rest_client [req-1bb83965-3cc9-40e5-b57f-827696e0b7fe req-1bb83965-3cc9-40e5-b57f-827696e0b7fe ] Request (VolumesAssistedSnapshotsTest:test_volume_assisted_snapshot_create_delete): 200 GET http://10.180.1.21/compute/v2.1/servers/db22896d-0f47-473f-9aeb-e15490f5232d 0.121s
2024-12-11 03:30:57.676 67163 INFO tempest.lib.common.rest_client [req-c56b5f60-87b4-4032-8402-ce974b08034b req-c56b5f60-87b4-4032-8402-ce974b08034b ] Request (ServerShowV254Test:test_rebuild_server): 200 GET http://10.180.1.21/compute/v2.1/servers/31002119-3635-4d4e-a1b6-69508d2aeaac 0.093s
2024-12-11 03:30:57.698 67129 INFO tempest.lib.common.rest_client [req-693ec1e8-78b4-4d78-a26a-900ea70e0677 req-693ec1e8-78b4-4d78-a26a-900ea70e0677 ] Request (ServerRescueTestJSON:setUpClass): 200 GET http://10.180.1.21/compute/v2.1/servers/2503dee7-4536-4222-909c-e24a3718df40 0.085s
2024-12-11 03:30:57.735 67125 INFO tempest.lib.common.rest_client [req-c56d2adc-5c34-4751-9a7d-9719b11de28e req-c56d2adc-5c34-4751-9a7d-9719b11de28e ] Request (FloatingIPsAssociationNegativeTestJSON:tearDownClass): 200 GET http://10.180.1.21/compute/v2.1/servers/67c0a432-4271-4f4e-8a08-bfc43439dbb4 0.081s
2024-12-11 03:30:57.742 67180 INFO tempest.lib.common.rest_client [req-de4a5b05-b163-4a28-a317-e716fe6f3522 req-de4a5b05-b163-4a28-a317-e716fe6f3522 ] Request (ServerActionsTestOtherB:setUpClass): 200 GET http://10.180.1.21/compute/v2.1/servers/692d1c21-885a-4b1c-9eb2-9e18d95814c3 0.079s
2024-12-11 03:30:57.778 67155 INFO tempest.lib.common.rest_client [req-8c4fad9e-c2da-49df-91ab-e08eeb6e16b1 req-8c4fad9e-c2da-49df-91ab-e08eeb6e16b1 ] Request (DeleteServersAdminTestJSON:test_delete_server_while_in_error_state): 200 GET http://10.180.1.21/compute/v2.1/servers/22d7c5ad-bee8-4669-97eb-41f10f883d7f 0.075s
2024-12-11 03:30:57.797 67167 INFO tempest.lib.common.rest_client [req-c8784f16-66ee-4544-b72c-1ea02f3448e1 req-c8784f16-66ee-4544-b72c-1ea02f3448e1 ] Request (ServersAdmin275Test:tearDownClass): 200 GET http://10.180.1.21/compute/v2.1/servers/b2384705-52e2-407b-b128-382abf994148 0.066s
2024-12-11 03:30:57.831 67183 INFO tempest.lib.common.rest_client [req-a37e0bfc-a1c5-473d-a9d8-7feaff650bdb req-a37e0bfc-a1c5-473d-a9d8-7feaff650bdb ] Request (TenantUsagesTestJSON:tearDownClass): 200 GET http://10.180.1.21/compute/v2.1/servers/4f1a6a09-556d-4358-9cff-57bea43d78f2 0.067s
2024-12-11 03:30:57.843 67157 INFO tempest.lib.common.rest_client [req-981c184e-20da-45b1-aaef-c41c68bcd75b req-981c184e-20da-45b1-aaef-c41c68bcd75b ] Request (ServersTestJSON:setUpClass): 200 GET http://10.180.1.21/compute/v2.1/servers/3a3361e5-7bd2-4b8b-9aff-8eaf832cb2bf 0.067s
2024-12-11 03:30:57.878 67139 INFO tempest.lib.common.rest_client [req-7fd8cd4c-267d-46ad-94d3-fee1d6d8e993 req-7fd8cd4c-267d-46ad-94d3-fee1d6d8e993 ] Request (ServersV294TestFqdnHostnames:setUpClass): 200 GET http://10.180.1.21/compute/v2.1/servers/e310e14f-4487-4993-a6b6-367be947a9ba 0.056s
2024-12-11 03:30:57.890 67173 INFO tempest.lib.common.rest_client [req-4403238a-87be-4e87-b817-ba35c77cf1d7 req-4403238a-87be-4e87-b817-ba35c77cf1d7 ] Request (AttachInterfacesV270Test:test_create_get_list_interfaces): 200 GET http://10.180.1.21/compute/v2.1/servers/f319fa4f-12a1-4c82-8f25-4cd33cbe15fd 0.060s
2024-12-11 03:30:58.131 67133 INFO tempest.lib.common.rest_client [req-dc87f475-ffa7-41ad-9618-1c34f63b1f5b req-dc87f475-ffa7-41ad-9618-1c34f63b1f5b ] Request (ServerDiagnosticsV248Test:tearDownClass): 200 GET http://10.180.1.21/compute/v2.1/servers/f6e53747-9a7f-4564-a7bf-380ab17095fa 0.051s
2024-12-11 03:30:58.169 67187 INFO tempest.lib.common.rest_client [req-dc29599c-c50e-4ced-a32a-90000c0edc2a req-dc29599c-c50e-4ced-a32a-90000c0edc2a ] Request (ServersWithSpecificFlavorTestJSON:test_verify_created_server_ephemeral_disk): 200 GET http://10.180.1.21/compute/v2.1/servers/2eedd158-0d03-42eb-9613-caa6ff90b54a 0.046s
2024-12-11 03:30:58.225 67127 INFO tempest.lib.common.rest_client [req-da6ee2e2-e315-4077-88d0-8f45726a7138 req-da6ee2e2-e315-4077-88d0-8f45726a7138 ] Request (ListServerFiltersTestJSON:test_list_servers_filter_by_shutoff_status): 200 GET http://10.180.1.21/compute/v2.1/servers/d1ec065a-cb29-4429-aaa3-a9ef8b6b1302 0.085s
2024-12-11 03:30:58.227 67131 INFO tempest.lib.common.rest_client [req-4babb08f-c715-4a2a-ae77-4d33069f7541 req-4babb08f-c715-4a2a-ae77-4d33069f7541 ] Request (ServersAdminTestJSON:test_create_server_with_scheduling_hint): 200 GET http://10.180.1.21/compute/v2.1/servers/0aad3079-8ed4-4e29-95e6-9ad3580ec300 0.045s
2024-12-11 03:30:58.231 67127 INFO tempest.common.waiters [-] State transition "SHUTOFF/powering-on" ==> "ACTIVE/None" after 6 second wait
2024-12-11 03:30:58.243 67127 INFO tempest.lib.common.rest_client [req-0ff6e1c1-7073-437c-beae-45978185e576 req-0ff6e1c1-7073-437c-beae-45978185e576 ] Request (ListServerFiltersTestJSON:test_list_servers_filter_by_zero_limit): 200 GET http://10.180.1.21/compute/v2.1/servers?limit=0 0.010s
2024-12-11 03:30:58.307 67177 INFO tempest.lib.common.rest_client [req-d55e07b9-ff14-48ff-b15c-001e37409044 req-d55e07b9-ff14-48ff-b15c-001e37409044 ] Request (ServerActionsV293TestJSON:setUpClass): 200 GET http://10.180.1.21/compute/v2.1/servers/be5490f1-3a52-4019-8b49-b4226a57331c 0.057s
2024-12-11 03:30:58.340 67127 INFO tempest.lib.common.rest_client [req-70ccf505-ea16-4aea-a258-65b945d54ace req-70ccf505-ea16-4aea-a258-65b945d54ace ] Request (ListServerFiltersTestJSON:test_list_servers_filtered_by_ip): 200 GET http://10.180.1.21/compute/v2.1/servers/d1ec065a-cb29-4429-aaa3-a9ef8b6b1302 0.095s
2024-12-11 03:30:58.356 67137 INFO tempest.lib.common.rest_client [req-585c6c0f-0c9f-445e-b208-0440bfd604ad req-585c6c0f-0c9f-445e-b208-0440bfd604ad ] Request (ServerMetadataTestJSON:setUpClass): 200 GET http://10.180.1.21/compute/v2.1/servers/7e178341-9bd5-498c-a076-ddcfbbf4823f 0.062s
2024-12-11 03:30:58.406 67169 INFO tempest.lib.common.rest_client [req-05819592-1337-4351-923d-b31cc443717f req-05819592-1337-4351-923d-b31cc443717f ] Request (ImagesTestJSON:test_create_image_from_stopped_server): 200 GET http://10.180.1.21/compute/v2.1/servers/a4796c22-8e8f-4677-bb59-9e229fd98f84 0.064s
2024-12-11 03:30:58.412 67169 INFO tempest.common.waiters [-] State transition "BUILD/None" ==> "BUILD/networking" after 47 second wait
2024-12-11 03:30:58.440 67165 INFO tempest.lib.common.rest_client [req-ec1fabd3-2199-4ab8-aae4-48aeb21442b9 req-ec1fabd3-2199-4ab8-aae4-48aeb21442b9 ] Request (MultipleCreateTestJSON:test_multiple_create): 200 GET http://10.180.1.21/compute/v2.1/servers/d0dacc3e-dd44-406d-a773-425fbda4958e 0.142s
2024-12-11 03:30:58.456 67143 INFO tempest.lib.common.rest_client [req-29f6a6d7-5e29-4d30-9cce-868a030870f9 req-29f6a6d7-5e29-4d30-9cce-868a030870f9 ] Request (ServerExternalEventsTest:test_create_server_external_events): 200 GET http://10.180.1.21/compute/v2.1/servers/3f40a8f7-b930-46dc-b2c1-0afb27d10e54 0.114s
2024-12-11 03:30:58.529 67171 INFO tempest.lib.common.rest_client [req-d11a6663-ce00-490d-a2ab-3af89abf9aa1 req-d11a6663-ce00-490d-a2ab-3af89abf9aa1 ] Request (ServersAaction247Test:test_create_backup): 200 GET http://10.180.1.21/compute/v2.1/servers/f252e51d-4fcf-4558-8796-86c7d48270d9 0.138s
2024-12-11 03:30:58.543 67127 INFO tempest.lib.common.rest_client [req-32a9e5a4-3042-4a33-b0fb-7bee350869f8 req-32a9e5a4-3042-4a33-b0fb-7bee350869f8 ] Request (ListServerFiltersTestJSON:test_list_servers_filtered_by_ip): 200 GET http://10.180.1.21/compute/v2.1/servers/45931623-3aa6-4ad0-8f39-66df3081379a 0.197s
2024-12-11 03:30:58.575 67181 INFO tempest.lib.common.rest_client [req-b4d33195-3d3e-4137-9c91-46809ca8d70f req-b4d33195-3d3e-4137-9c91-46809ca8d70f ] Request (ListImageFiltersTestJSON:setUpClass): 200 GET http://10.180.1.21/compute/v2.1/images/c91590f6-3101-4440-93a8-bb28aa135963 0.156s
2024-12-11 03:30:58.581 67151 INFO tempest.lib.common.rest_client [req-0a0872e4-2775-47af-ba70-d98fb073a20d req-0a0872e4-2775-47af-ba70-d98fb073a20d ] Request (ServersTestMultiNic:test_verify_duplicate_network_nics): 200 GET http://10.180.1.21/compute/v2.1/servers/940287b1-6b3c-484e-9115-080f7b454587 0.190s
2024-12-11 03:30:58.625 67135 INFO tempest.lib.common.rest_client [req-2a79f581-9221-4e94-a94a-7d0ead8c4b89 req-2a79f581-9221-4e94-a94a-7d0ead8c4b89 ] Request (MigrationsAdminTest:test_list_migrations_in_flavor_resize_situation): 200 GET http://10.180.1.21/compute/v2.1/servers/1fce1567-6383-45d1-8001-e6839a481c69 0.176s
2024-12-11 03:30:58.634 67145 INFO tempest.lib.common.rest_client [req-045d1215-2b7e-4614-9ea6-d3eb4f5438d3 req-045d1215-2b7e-4614-9ea6-d3eb4f5438d3 ] Request (VolumesAdminNegativeTest:test_update_attached_volume_with_nonexistent_volume_in_body): 200 GET http://10.180.1.21/compute/v2.1/servers/04db72ce-e49a-4ee7-a321-9810dd258233 0.148s
2024-12-11 03:30:58.676 67149 INFO tempest.lib.common.rest_client [req-327a867f-ce97-4a3c-b65d-10015b440eb4 req-327a867f-ce97-4a3c-b65d-10015b440eb4 ] Request (ImagesNegativeTestJSON:test_create_image_from_deleted_server): 200 GET http://10.180.1.21/compute/v2.1/servers/530863d0-7395-4add-8633-51aa81bf1067 0.169s
2024-12-11 03:30:58.726 67147 INFO tempest.lib.common.rest_client [req-e950a435-3ecb-46a1-9b9e-4cd6e6b6da55 req-e950a435-3ecb-46a1-9b9e-4cd6e6b6da55 ] Request (ServerAddressesTestJSON:setUpClass): 200 GET http://10.180.1.21/compute/v2.1/servers/5abce697-9c13-4f21-ab19-38118cee8fe0 0.164s
2024-12-11 03:30:58.777 67127 INFO tempest.lib.common.rest_client [req-2b9048ec-e144-409c-9940-f1c5d4e60d59 req-2b9048ec-e144-409c-9940-f1c5d4e60d59 ] Request (ListServerFiltersTestJSON:test_list_servers_filtered_by_ip): 200 GET http://10.180.1.21/compute/v2.1/servers/30041e20-4a62-4bf3-a23e-0986f38de3e2 0.227s
2024-12-11 03:30:58.923 67141 INFO tempest.lib.common.rest_client [req-5e3ed81c-3276-4236-a654-8ec1ba055dc3 req-5e3ed81c-3276-4236-a654-8ec1ba055dc3 ] Request (VolumesAssistedSnapshotsTest:test_volume_assisted_snapshot_create_delete): 200 GET http://10.180.1.21/compute/v2.1/servers/db22896d-0f47-473f-9aeb-e15490f5232d 0.264s
2024-12-11 03:30:58.968 67161 INFO tempest.lib.common.rest_client [req-64aa74a3-6df8-41c2-8072-d2cdc4a289ea req-64aa74a3-6df8-41c2-8072-d2cdc4a289ea ] Request (ServersAdminNegativeTestJSON:test_migrate_server_invalid_state): 200 GET http://10.180.1.21/compute/v2.1/servers/192917aa-96cd-4d58-b160-e022003d565a 0.347s
2024-12-11 03:30:58.984 67163 INFO tempest.lib.common.rest_client [req-be1dfcf6-367b-4794-af3c-5d5914187819 req-be1dfcf6-367b-4794-af3c-5d5914187819 ] Request (ServerShowV254Test:test_rebuild_server): 200 GET http://10.180.1.21/compute/v2.1/servers/31002119-3635-4d4e-a1b6-69508d2aeaac 0.300s
2024-12-11 03:30:59.043 67129 INFO tempest.lib.common.rest_client [req-ed0de7b0-804d-477e-868c-5b2e35dec245 req-ed0de7b0-804d-477e-868c-5b2e35dec245 ] Request (ServerRescueTestJSON:setUpClass): 200 GET http://10.180.1.21/compute/v2.1/servers/2503dee7-4536-4222-909c-e24a3718df40 0.338s
2024-12-11 03:30:59.052 67125 INFO tempest.lib.common.rest_client [req-136577e5-01e6-4a81-bfb1-d3f1a75310e9 req-136577e5-01e6-4a81-bfb1-d3f1a75310e9 ] Request (FloatingIPsAssociationNegativeTestJSON:tearDownClass): 200 GET http://10.180.1.21/compute/v2.1/servers/67c0a432-4271-4f4e-8a08-bfc43439dbb4 0.309s
2024-12-11 03:30:59.118 67180 INFO tempest.lib.common.rest_client [req-eadb6d0f-5f6a-4ea9-a570-4cda5c07d773 req-eadb6d0f-5f6a-4ea9-a570-4cda5c07d773 ] Request (ServerActionsTestOtherB:setUpClass): 200 GET http://10.180.1.21/compute/v2.1/servers/692d1c21-885a-4b1c-9eb2-9e18d95814c3 0.368s
2024-12-11 03:30:59.190 67155 INFO tempest.lib.common.rest_client [req-63361a48-163b-461b-a85a-2dd8caeadd63 req-63361a48-163b-461b-a85a-2dd8caeadd63 ] Request (DeleteServersAdminTestJSON:test_delete_server_while_in_error_state): 200 GET http://10.180.1.21/compute/v2.1/servers/22d7c5ad-bee8-4669-97eb-41f10f883d7f 0.404s
2024-12-11 03:30:59.268 67167 INFO tempest.lib.common.rest_client [req-1a4df374-c680-459d-9974-2b6ad95efd7b req-1a4df374-c680-459d-9974-2b6ad95efd7b ] Request (ServersAdmin275Test:tearDownClass): 200 GET http://10.180.1.21/compute/v2.1/servers/b2384705-52e2-407b-b128-382abf994148 0.457s
2024-12-11 03:30:59.339 67183 INFO tempest.lib.common.rest_client [req-0853cf63-5ca0-4725-9bd4-af5eb9b88916 req-0853cf63-5ca0-4725-9bd4-af5eb9b88916 ] Request (TenantUsagesTestJSON:tearDownClass): 200 GET http://10.180.1.21/compute/v2.1/servers/4f1a6a09-556d-4358-9cff-57bea43d78f2 0.501s
2024-12-11 03:30:59.399 67157 INFO tempest.lib.common.rest_client [req-49f60b78-d9ca-485a-8c62-f6a98755c63e req-49f60b78-d9ca-485a-8c62-f6a98755c63e ] Request (ServersTestJSON:setUpClass): 200 GET http://10.180.1.21/compute/v2.1/servers/3a3361e5-7bd2-4b8b-9aff-8eaf832cb2bf 0.549s
2024-12-11 03:30:59.457 67139 INFO tempest.lib.common.rest_client [req-04463862-33b5-4f8b-b0ff-07952e10b51e req-04463862-33b5-4f8b-b0ff-07952e10b51e ] Request (ServersV294TestFqdnHostnames:setUpClass): 200 GET http://10.180.1.21/compute/v2.1/servers/e310e14f-4487-4993-a6b6-367be947a9ba 0.570s
2024-12-11 03:30:59.464 67127 INFO tempest.lib.common.rest_client [req-154eb362-8657-4cdd-90eb-3c62af9c5314 req-154eb362-8657-4cdd-90eb-3c62af9c5314 ] Request (ListServerFiltersTestJSON:test_list_servers_filtered_by_ip): 200 GET http://10.180.1.21/compute/v2.1/servers?ip=192.168.128.14 0.679s
2024-12-11 03:30:59.505 67173 INFO tempest.lib.common.rest_client [req-8ee98dbc-7e10-42a6-b0e9-5d7a6022c33f req-8ee98dbc-7e10-42a6-b0e9-5d7a6022c33f ] Request (AttachInterfacesV270Test:test_create_get_list_interfaces): 200 GET http://10.180.1.21/compute/v2.1/servers/f319fa4f-12a1-4c82-8f25-4cd33cbe15fd 0.606s
2024-12-11 03:30:59.520 67133 INFO tempest.lib.common.rest_client [req-53aaf00a-df5d-49f9-8e26-f471b180da87 req-53aaf00a-df5d-49f9-8e26-f471b180da87 ] Request (ServerDiagnosticsV248Test:tearDownClass): 200 GET http://10.180.1.21/compute/v2.1/servers/f6e53747-9a7f-4564-a7bf-380ab17095fa 0.381s
2024-12-11 03:30:59.554 67187 INFO tempest.lib.common.rest_client [req-2863acb0-aeea-456f-89fa-ecd12ee055a4 req-2863acb0-aeea-456f-89fa-ecd12ee055a4 ] Request (ServersWithSpecificFlavorTestJSON:test_verify_created_server_ephemeral_disk): 200 GET http://10.180.1.21/compute/v2.1/servers/2eedd158-0d03-42eb-9613-caa6ff90b54a 0.378s
2024-12-11 03:30:59.569 67131 INFO tempest.lib.common.rest_client [req-5f646735-851b-45f4-95b1-3f4a554f3c8a req-5f646735-851b-45f4-95b1-3f4a554f3c8a ] Request (ServersAdminTestJSON:test_create_server_with_scheduling_hint): 200 GET http://10.180.1.21/compute/v2.1/servers/0aad3079-8ed4-4e29-95e6-9ad3580ec300 0.334s
2024-12-11 03:30:59.600 67177 INFO tempest.lib.common.rest_client [req-9a3266da-fea7-4d62-837f-c1b4a1d13ba5 req-9a3266da-fea7-4d62-837f-c1b4a1d13ba5 ] Request (ServerActionsV293TestJSON:setUpClass): 200 GET http://10.180.1.21/compute/v2.1/servers/be5490f1-3a52-4019-8b49-b4226a57331c 0.280s
