2024-12-12 03:29:30.095 66380 INFO tempest.lib.common.rest_client [req-b2e04dbe-20d7-4183-ad50-244fe4a3090a req-b2e04dbe-20d7-4183-ad50-244fe4a3090a ] Request (InstanceUsageAuditLogNegativeTestJSON:tearDownClass): 204 DELETE http://10.180.1.21:9696/networking/v2.0/security-groups/5bb2a395-1b3a-4ae4-b0ea-717c10957a8f 0.336s
2024-12-12 03:29:30.227 66380 INFO tempest.lib.common.rest_client [req-bc4ac3ff-9e4b-4ec1-a30f-222614308d37 req-bc4ac3ff-9e4b-4ec1-a30f-222614308d37 ] Request (InstanceUsageAuditLogNegativeTestJSON:tearDownClass): 204 DELETE http://10.180.1.21/identity/v3/projects/210925c2b9ab407ba95bc2094cf758a5 0.132s
2024-12-12 03:29:30.228 66380 INFO tempest.lib.common.dynamic_creds [-] Deleting project and security group for project: d7aabf901b4e45f98a199db98470f2c5
2024-12-12 03:29:30.464 66340 INFO tempest.lib.common.rest_client [req-c1700314-6f28-4455-a3a1-ba28d20b33ea req-c1700314-6f28-4455-a3a1-ba28d20b33ea ] Request (SecurityGroupRulesNegativeTestJSON:test_create_security_group_rule_duplicate): 200 POST http://10.180.1.21/compute/v2.1/os-security-group-rules 1.860s
2024-12-12 03:29:30.469 66378 INFO tempest.lib.common.rest_client [req-7a573945-b1d7-4ec6-af14-ce6da6007ad7 req-7a573945-b1d7-4ec6-af14-ce6da6007ad7 ] Request (FloatingIPsTestJSON:test_delete_floating_ip): 200 POST http://10.180.1.21/compute/v2.1/os-floating-ips 3.369s
2024-12-12 03:29:30.521 66380 INFO tempest.lib.common.rest_client [req-f763a617-bb7b-44ff-89a6-a8f289d80a7e req-f763a617-bb7b-44ff-89a6-a8f289d80a7e ] Request (InstanceUsageAuditLogNegativeTestJSON:tearDownClass): 200 GET http://10.180.1.21:9696/networking/v2.0/security-groups?tenant_id=d7aabf901b4e45f98a199db98470f2c5&name=default 0.293s
2024-12-12 03:29:30.670 66368 INFO tempest.lib.common.rest_client [req-94a9b7e5-be00-4f8c-b6b6-d1dd28f5d99d req-94a9b7e5-be00-4f8c-b6b6-d1dd28f5d99d ] Request (ServerDiagnosticsNegativeTest:test_get_server_diagnostics_by_non_admin): 200 GET http://10.180.1.21/compute/v2.1/servers/c84b1d01-bbc1-4644-962a-ca1301ac099c 1.935s
2024-12-12 03:29:30.679 66368 INFO tempest.common.waiters [-] State transition "BUILD/None" ==> "BUILD/spawning" after 8 second wait
2024-12-12 03:29:30.739 66380 INFO tempest.lib.common.rest_client [req-42098e8f-9b88-4da9-a1f3-2b73d0f79587 req-42098e8f-9b88-4da9-a1f3-2b73d0f79587 ] Request (InstanceUsageAuditLogNegativeTestJSON:tearDownClass): 204 DELETE http://10.180.1.21:9696/networking/v2.0/security-groups/68bb2b65-855e-445d-99c7-c0aa311584f2 0.217s
2024-12-12 03:29:30.861 66356 INFO tempest.lib.common.rest_client [req-7123cbdf-d6f6-4d8c-a035-6ac5317e1f14 req-7123cbdf-d6f6-4d8c-a035-6ac5317e1f14 ] Request (QuotasAdminTestV257:test_get_updated_quotas): 200 GET http://10.180.1.21/compute/v2.1/os-quota-sets/4f977ddb11614616bcb24f420057f656/detail 2.120s
2024-12-12 03:29:30.867 66346 INFO tempest.lib.common.rest_client [req-7dfa79c7-4ccb-4fca-9b1f-11932337c007 req-7dfa79c7-4ccb-4fca-9b1f-11932337c007 ] Request (HypervisorAdminNegativeTestJSON:test_show_hypervisor_with_non_admin_user): 403 GET http://10.180.1.21/compute/v2.1/os-hypervisors/1 1.974s
2024-12-12 03:29:30.892 66390 INFO tempest.lib.common.rest_client [req-c57be411-2301-4d43-82a2-c4bd8d25b4dd req-c57be411-2301-4d43-82a2-c4bd8d25b4dd ] Request (HostsAdminTestJSON:test_list_hosts_with_zone): 200 GET http://10.180.1.21/compute/v2.1/os-hosts?zone=internal 1.970s
2024-12-12 03:29:30.899 66380 INFO tempest.lib.common.rest_client [req-4537090a-e8e5-4576-ab7f-9f07c8418276 req-4537090a-e8e5-4576-ab7f-9f07c8418276 ] Request (InstanceUsageAuditLogNegativeTestJSON:tearDownClass): 204 DELETE http://10.180.1.21/identity/v3/projects/d7aabf901b4e45f98a199db98470f2c5 0.159s
2024-12-12 03:29:30.900 66380 INFO tempest.test [-] raised in UnshelveToHostMultiNodesTest.setUpClass. Invoking tearDownClass.
2024-12-12 03:29:30.933 66356 INFO tempest.lib.common.rest_client [req-ac90178e-26bc-4177-86e5-bf93f24ac3cd req-ac90178e-26bc-4177-86e5-bf93f24ac3cd ] Request (QuotasAdminTestV257:test_get_updated_quotas): 200 GET http://10.180.1.21/identity/v3/domains?name=Default 0.065s
2024-12-12 03:29:30.964 66376 INFO tempest.lib.common.rest_client [req-29c528f3-e8e6-4244-8982-b23896ec019b req-29c528f3-e8e6-4244-8982-b23896ec019b ] Request (ServerExternalEventsTest:test_create_server_external_events): 200 GET http://10.180.1.21/compute/v2.1/servers/9f252cab-0257-4a11-83ec-16e47e16deb7 2.328s
2024-12-12 03:29:30.978 66356 INFO tempest.lib.common.rest_client [req-5a28179e-b1fe-42d9-85a0-73bf57505af3 req-5a28179e-b1fe-42d9-85a0-73bf57505af3 ] Request (QuotasAdminTestV257:test_get_updated_quotas): 201 POST http://10.180.1.21/identity/v3/users 0.044s
2024-12-12 03:29:30.981 66380 INFO tempest.lib.common.rest_client [req-9f13f0fb-841a-486b-a545-a641fd457b94 req-9f13f0fb-841a-486b-a545-a641fd457b94 ] Request (ServerShowV254Test:setUpClass): 201 POST http://10.180.1.21/identity/v3/auth/tokens 0.078s
2024-12-12 03:29:30.996 66382 INFO tempest.lib.common.rest_client [req-8f6403cd-e4db-48b0-ac8c-262ebbb2dd29 req-8f6403cd-e4db-48b0-ac8c-262ebbb2dd29 ] Request (VolumesAssistedSnapshotsTest:setUpClass): 200 PUT http://10.180.1.21:9696/networking/v2.0/routers/82200535-fa3d-4eb4-8eda-4c8fe3b19482/add_router_interface 2.604s
2024-12-12 03:29:30.996 66382 INFO tempest.lib.common.dynamic_creds [-] Created isolated network resources for: credentials: Credentials: {'domain_id': 'default', 'domain_name': 'Default', 'username': 'tempest-VolumesAssistedSnapshotsTest-274296962-project', 'project_domain_id': 'default', 'project_domain_name': 'Default', 'project_id': 'e3db0ae9969a4f57b2c2cac566734b8d', 'project_name': 'tempest-VolumesAssistedSnapshotsTest-274296962', 'tenant_id': 'e3db0ae9969a4f57b2c2cac566734b8d', 'tenant_name': 'tempest-VolumesAssistedSnapshotsTest-274296962', 'user_domain_id': 'default', 'user_domain_name': 'Default', 'user_id': '1fecd30b50a8405682eaa057cb69b987', 'system': None}, Network: {'id': '445c389f-5d49-44bf-9925-5fa5b6f82831', 'name': 'tempest-VolumesAssistedSnapshotsTest-1313899373-network', 'tenant_id': 'e3db0ae9969a4f57b2c2cac566734b8d', 'admin_state_up': True, 'mtu': 8950, 'status': 'ACTIVE', 'subnets': [], 'shared': False, 'project_id': 'e3db0ae9969a4f57b2c2cac566734b8d', 'port_security_enabled': True, 'router:external': False, 'provider:network_type': 'vlan', 'provider:physical_network': 'default', 'provider:segmentation_id': 44, 'availability_zone_hints': [], 'availability_zones': [], 'ipv4_address_scope': None, 'ipv6_address_scope': None, 'description': '', 'tags': [], 'created_at': '2024-12-12T03:29:25Z', 'updated_at': '2024-12-12T03:29:25Z', 'revision_number': 1}, Subnet: {'id': 'b3b3bf8a-5061-4ba7-98a1-5a085dcb5eee', 'name': 'tempest-VolumesAssistedSnapshotsTest-1313899373-subnet', 'tenant_id': 'e3db0ae9969a4f57b2c2cac566734b8d', 'network_id': '445c389f-5d49-44bf-9925-5fa5b6f82831', 'ip_version': 4, 'subnetpool_id': None, 'enable_dhcp': True, 'ipv6_ra_mode': None, 'ipv6_address_mode': None, 'gateway_ip': '192.168.128.1', 'cidr': '192.168.128.0/28', 'allocation_pools': [{'start': '192.168.128.2', 'end': '192.168.128.14'}], 'host_routes': [], 'dns_nameservers': [], 'description': '', 'router:external': False, 'service_types': [], 'tags': [], 'created_at': '2024-12-12T03:29:25Z', 'updated_at': '2024-12-12T03:29:25Z', 'revision_number': 0, 'project_id': 'e3db0ae9969a4f57b2c2cac566734b8d'}, Router: {'id': '82200535-fa3d-4eb4-8eda-4c8fe3b19482', 'name': 'tempest-VolumesAssistedSnapshotsTest-1313899373-router', 'tenant_id': 'e3db0ae9969a4f57b2c2cac566734b8d', 'admin_state_up': True, 'status': 'ACTIVE', 'external_gateway_info': {'network_id': '95dfe351-cff0-448f-a4dd-26329b0e1937', 'external_fixed_ips': [{'subnet_id': '86dfa9db-67c9-4835-983b-89a9a0394e51', 'ip_address': '10.180.180.162'}], 'enable_snat': True}, 'description': '', 'availability_zones': [], 'distributed': False, 'ha': False, 'availability_zone_hints': [], 'routes': [], 'flavor_id': None, 'tags': [], 'created_at': '2024-12-12T03:29:26Z', 'updated_at': '2024-12-12T03:29:27Z', 'revision_number': 2, 'project_id': 'e3db0ae9969a4f57b2c2cac566734b8d'}
2024-12-12 03:29:31.006 66356 INFO tempest.lib.common.rest_client [req-6f345936-6a8d-4579-9b9c-c50b8e6a23af req-6f345936-6a8d-4579-9b9c-c50b8e6a23af ] Request (QuotasAdminTestV257:test_get_updated_quotas): 200 GET http://10.180.1.21/identity/v3/domains?name=Default 0.027s
2024-12-12 03:29:31.044 66352 INFO tempest.lib.common.rest_client [req-d8f344b9-0a2e-41d2-9138-119f741ac43e req-d8f344b9-0a2e-41d2-9138-119f741ac43e ] Request (FloatingIPsAssociationNegativeTestJSON:setUpClass): 200 PUT http://10.180.1.21:9696/networking/v2.0/routers/b3ad890c-5df0-4a46-94b6-e5cf4b24ad4e/add_router_interface 2.495s
2024-12-12 03:29:31.044 66352 INFO tempest.lib.common.dynamic_creds [-] Created isolated network resources for: credentials: Credentials: {'domain_id': 'default', 'domain_name': 'Default', 'username': 'tempest-FloatingIPsAssociationNegativeTestJSON-910860864-project-member', 'project_domain_id': 'default', 'project_domain_name': 'Default', 'project_id': '6aaf6bd46869418fa86c1bcf8bbaa31f', 'project_name': 'tempest-FloatingIPsAssociationNegativeTestJSON-910860864', 'tenant_id': '6aaf6bd46869418fa86c1bcf8bbaa31f', 'tenant_name': 'tempest-FloatingIPsAssociationNegativeTestJSON-910860864', 'user_domain_id': 'default', 'user_domain_name': 'Default', 'user_id': '6e54117d5451499584b8eaabb6a7b9dc', 'system': None}, Network: {'id': '2c185056-2e0b-4725-9d5a-f5581cbde545', 'name': 'tempest-FloatingIPsAssociationNegativeTestJSON-1372987390-network', 'tenant_id': '6aaf6bd46869418fa86c1bcf8bbaa31f', 'admin_state_up': True, 'mtu': 8950, 'status': 'ACTIVE', 'subnets': [], 'shared': False, 'project_id': '6aaf6bd46869418fa86c1bcf8bbaa31f', 'port_security_enabled': True, 'router:external': False, 'provider:network_type': 'vlan', 'provider:physical_network': 'default', 'provider:segmentation_id': 738, 'availability_zone_hints': [], 'availability_zones': [], 'ipv4_address_scope': None, 'ipv6_address_scope': None, 'description': '', 'tags': [], 'created_at': '2024-12-12T03:29:25Z', 'updated_at': '2024-12-12T03:29:25Z', 'revision_number': 1}, Subnet: {'id': '63f70705-daba-440e-abf8-4fc5e1f0385b', 'name': 'tempest-FloatingIPsAssociationNegativeTestJSON-1372987390-subnet', 'tenant_id': '6aaf6bd46869418fa86c1bcf8bbaa31f', 'network_id': '2c185056-2e0b-4725-9d5a-f5581cbde545', 'ip_version': 4, 'subnetpool_id': None, 'enable_dhcp': True, 'ipv6_ra_mode': None, 'ipv6_address_mode': None, 'gateway_ip': '192.168.128.1', 'cidr': '192.168.128.0/28', 'allocation_pools': [{'start': '192.168.128.2', 'end': '192.168.128.14'}], 'host_routes': [], 'dns_nameservers': [], 'description': '', 'router:external': False, 'service_types': [], 'tags': [], 'created_at': '2024-12-12T03:29:25Z', 'updated_at': '2024-12-12T03:29:25Z', 'revision_number': 0, 'project_id': '6aaf6bd46869418fa86c1bcf8bbaa31f'}, Router: {'id': 'b3ad890c-5df0-4a46-94b6-e5cf4b24ad4e', 'name': 'tempest-FloatingIPsAssociationNegativeTestJSON-1372987390-router', 'tenant_id': '6aaf6bd46869418fa86c1bcf8bbaa31f', 'admin_state_up': True, 'status': 'ACTIVE', 'external_gateway_info': {'network_id': '95dfe351-cff0-448f-a4dd-26329b0e1937', 'external_fixed_ips': [{'subnet_id': '86dfa9db-67c9-4835-983b-89a9a0394e51', 'ip_address': '10.180.180.242'}], 'enable_snat': True}, 'description': '', 'availability_zones': [], 'distributed': False, 'ha': False, 'availability_zone_hints': [], 'routes': [], 'flavor_id': None, 'tags': [], 'created_at': '2024-12-12T03:29:26Z', 'updated_at': '2024-12-12T03:29:27Z', 'revision_number': 2, 'project_id': '6aaf6bd46869418fa86c1bcf8bbaa31f'}
2024-12-12 03:29:31.047 66380 INFO tempest.lib.common.rest_client [req-0b95a091-40d0-4f8c-ad9e-8903415b9c3e req-0b95a091-40d0-4f8c-ad9e-8903415b9c3e ] Request (ServerShowV254Test:setUpClass): 201 POST http://10.180.1.21/identity/v3/auth/tokens 0.063s
2024-12-12 03:29:31.050 66344 INFO tempest.lib.common.rest_client [req-0dbcd33b-43d3-4459-9e55-36ababc0d489 req-0dbcd33b-43d3-4459-9e55-36ababc0d489 ] Request (ImagesOneServerNegativeTestJSON:setUpClass): 200 GET http://10.180.1.21/compute/v2.1/servers/89d052a1-7dbb-47b7-b9d1-d573a50fbc4b 2.091s
2024-12-12 03:29:31.074 66374 INFO tempest.lib.common.rest_client [req-bdc8cc72-ead1-48e5-93e2-98d57fdb030f req-bdc8cc72-ead1-48e5-93e2-98d57fdb030f ] Request (KeyPairsV210TestJSON:_run_cleanups): 204 DELETE http://10.180.1.21/compute/v2.1/os-keypairs/tempest-keypair-493535110?user_id=065f59e71e25473a9a9ae964aa221edb 1.989s
2024-12-12 03:29:31.081 66380 INFO tempest.lib.common.rest_client [req-7fdd100b-6f11-4911-8ae8-fb6a1319106e req-7fdd100b-6f11-4911-8ae8-fb6a1319106e ] Request (ServerShowV254Test:setUpClass): 200 GET http://10.180.1.21/identity/v3/domains?name=Default 0.033s
2024-12-12 03:29:31.083 66364 INFO tempest.lib.common.rest_client [req-538e0217-fa0f-4bd5-9097-e8760cb67934 req-538e0217-fa0f-4bd5-9097-e8760cb67934 ] Request (FlavorsExtraSpecsNegativeTestJSON:test_flavor_update_mismatch_key): 400 PUT http://10.180.1.21/compute/v2.1/flavors/1416526955/os-extra_specs/hw:numa_nodes 1.979s
2024-12-12 03:29:31.122 66354 INFO tempest.lib.common.rest_client [req-afa08d7a-04c7-4bfd-9d52-1a483f8c0499 req-afa08d7a-04c7-4bfd-9d52-1a483f8c0499 ] Request (ServersWithSpecificFlavorTestJSON:test_verify_created_server_ephemeral_disk): 200 POST http://10.180.1.21/compute/v2.1/flavors/2064631358/os-extra_specs 2.009s
2024-12-12 03:29:31.127 66362 INFO tempest.lib.common.rest_client [req-b51f4f33-7635-4bd4-9ec8-8f630d381553 req-b51f4f33-7635-4bd4-9ec8-8f630d381553 ] Request (AggregatesAdminNegativeTestJSON:test_aggregate_add_host_as_user): 403 POST http://10.180.1.21/compute/v2.1/os-aggregates/2/action 2.155s
2024-12-12 03:29:31.213 66338 INFO tempest.lib.common.rest_client [req-104c2126-c394-40d7-a03f-535f429986d4 req-104c2126-c394-40d7-a03f-535f429986d4 ] Request (ServersAdminNegativeTestJSON:setUpClass): 200 GET http://10.180.1.21/compute/v2.1/servers/601e137f-f0c6-456f-962e-a97ad59f1fa5 2.083s
2024-12-12 03:29:31.220 66398 INFO tempest.lib.common.rest_client [req-1681f958-426f-48cd-a59e-da9ff14e2140 req-1681f958-426f-48cd-a59e-da9ff14e2140 ] Request (DeleteServersAdminTestJSON:test_admin_delete_servers_of_others): 200 GET http://10.180.1.21/compute/v2.1/servers/d4622dba-7096-4004-8ebd-a7e62c13528a 2.037s
2024-12-12 03:29:31.228 66338 INFO tempest.common.waiters [-] State transition "BUILD/None" ==> "BUILD/networking" after 8 second wait
2024-12-12 03:29:31.232 66382 INFO tempest.lib.common.rest_client [req-a23dc767-7d28-445f-a4bd-5a1bd597a6c6 req-a23dc767-7d28-445f-a4bd-5a1bd597a6c6 ] Request (VolumesAssistedSnapshotsTest:setUpClass): 201 POST http://10.180.1.21/identity/v3/auth/tokens 0.181s
2024-12-12 03:29:31.234 66352 INFO tempest.lib.common.rest_client [req-029897e0-2a67-454f-b55e-0524577c182d req-029897e0-2a67-454f-b55e-0524577c182d ] Request (FloatingIPsAssociationNegativeTestJSON:setUpClass): 201 POST http://10.180.1.21/identity/v3/auth/tokens 0.186s
2024-12-12 03:29:31.243 66366 INFO tempest.lib.common.rest_client [req-c6f4e26b-d802-4f9b-a672-d3b9d019628c req-c6f4e26b-d802-4f9b-a672-d3b9d019628c ] Request (FlavorsAccessNegativeTestJSON:_run_cleanups): 200 GET http://10.180.1.21/compute/v2.1/flavors/detail 1.883s
2024-12-12 03:29:31.300 66380 INFO tempest.lib.common.rest_client [req-edc43452-7d5e-4744-aa08-cc1427d13c8a req-edc43452-7d5e-4744-aa08-cc1427d13c8a ] Request (ServerShowV254Test:setUpClass): 201 POST http://10.180.1.21/identity/v3/projects 0.218s
2024-12-12 03:29:31.349 66374 INFO tempest.lib.common.rest_client [req-6b35fa1b-f25d-4a39-94bb-2cde07cc8c66 req-6b35fa1b-f25d-4a39-94bb-2cde07cc8c66 ] Request (KeyPairsV210TestJSON:tearDownClass): 204 DELETE http://10.180.1.21/identity/v3/users/065f59e71e25473a9a9ae964aa221edb 0.203s
2024-12-12 03:29:31.360 66342 INFO tempest.lib.common.rest_client [req-16f7fa10-5942-4b05-b469-920a78a3897e req-16f7fa10-5942-4b05-b469-920a78a3897e ] Request (ImagesTestJSON:test_create_image_from_stopped_server): 200 GET http://10.180.1.21/compute/v2.1/servers/790c77cd-62f8-4e65-91b6-122e8a7dbca6 1.646s
2024-12-12 03:29:31.403 66352 INFO tempest.lib.common.rest_client [req-9400798d-78d9-4b68-8f61-86250450bf94 req-9400798d-78d9-4b68-8f61-86250450bf94 ] Request (FloatingIPsAssociationNegativeTestJSON:setUpClass): 201 POST http://10.180.1.21/identity/v3/auth/tokens 0.162s
2024-12-12 03:29:31.404 66352 INFO tempest.lib.common.fixed_network [-] (FloatingIPsAssociationNegativeTestJSON:setUpClass) Found network {'id': '2c185056-2e0b-4725-9d5a-f5581cbde545', 'name': 'tempest-FloatingIPsAssociationNegativeTestJSON-1372987390-network', 'tenant_id': '6aaf6bd46869418fa86c1bcf8bbaa31f', 'admin_state_up': True, 'mtu': 8950, 'status': 'ACTIVE', 'subnets': [], 'shared': False, 'project_id': '6aaf6bd46869418fa86c1bcf8bbaa31f', 'port_security_enabled': True, 'router:external': False, 'provider:network_type': 'vlan', 'provider:physical_network': 'default', 'provider:segmentation_id': 738, 'availability_zone_hints': [], 'availability_zones': [], 'ipv4_address_scope': None, 'ipv6_address_scope': None, 'description': '', 'tags': [], 'created_at': '2024-12-12T03:29:25Z', 'updated_at': '2024-12-12T03:29:25Z', 'revision_number': 1} available for tenant
2024-12-12 03:29:31.435 66372 INFO tempest.lib.common.rest_client [req-6cd52a7e-1db9-4d63-8db9-b498b2448dba req-6cd52a7e-1db9-4d63-8db9-b498b2448dba ] Request (ListServersNegativeTestJSON:setUpClass): 200 GET http://10.180.1.21/compute/v2.1/servers/74bf8090-fbaf-42b7-b981-728cdf285770 1.714s
2024-12-12 03:29:31.471 66350 INFO tempest.lib.common.rest_client [req-c1f58668-b7e3-48ea-b9a1-725fd5960643 req-c1f58668-b7e3-48ea-b9a1-725fd5960643 ] Request (FlavorsV261TestJSON:test_crud_flavor): 200 POST http://10.180.1.21/compute/v2.1/flavors 1.807s
2024-12-12 03:29:31.507 66380 INFO tempest.lib.common.rest_client [req-ff1a22d9-e682-4de5-823b-642d0bbfb7d5 req-ff1a22d9-e682-4de5-823b-642d0bbfb7d5 ] Request (ServerShowV254Test:setUpClass): 201 POST http://10.180.1.21/identity/v3/users 0.206s
2024-12-12 03:29:31.515 66388 INFO tempest.lib.common.rest_client [req-1e47ede7-c0f1-4f35-a808-39cf5b9e9239 req-1e47ede7-c0f1-4f35-a808-39cf5b9e9239 ] Request (MigrationsAdminTest:test_list_migrations_in_flavor_resize_situation): 200 GET http://10.180.1.21/compute/v2.1/servers/571c2ea4-2a87-4876-a245-c6f6f67d2223 1.659s
2024-12-12 03:29:31.614 66392 INFO tempest.lib.common.rest_client [req-fc7e2748-11f8-447e-9907-dc198153b4d9 req-fc7e2748-11f8-447e-9907-dc198153b4d9 ] Request (ServerDiagnosticsV248Test:test_get_server_diagnostics): 200 GET http://10.180.1.21/compute/v2.1/servers/2f95d392-062c-4c62-bd39-7c19342e125c 1.549s
2024-12-12 03:29:31.631 66374 INFO tempest.lib.common.rest_client [req-4c0fa50a-ec30-4b7a-b8f4-ed334769b2f4 req-4c0fa50a-ec30-4b7a-b8f4-ed334769b2f4 ] Request (KeyPairsV210TestJSON:tearDownClass): 204 DELETE http://10.180.1.21/identity/v3/users/ab565f02b8f641f18e75d8efa83b0641 0.282s
2024-12-12 03:29:31.631 66374 INFO tempest.lib.common.dynamic_creds [-] Deleting project and security group for project: eb0f6cb479c2440c9aa77de72ce89a20
2024-12-12 03:29:31.689 66380 INFO tempest.lib.common.rest_client [req-c0a232c0-9e46-4cc0-b0f3-401e84c15f0c req-c0a232c0-9e46-4cc0-b0f3-401e84c15f0c ] Request (ServerShowV254Test:setUpClass): 200 GET http://10.180.1.21/identity/v3/roles 0.182s
2024-12-12 03:29:31.700 66348 INFO tempest.lib.common.rest_client [req-98c55c35-09e8-4836-9e0b-446a00515b79 req-98c55c35-09e8-4836-9e0b-446a00515b79 ] Request (TenantUsagesTestJSON:setUpClass): 200 GET http://10.180.1.21/compute/v2.1/servers/24637ec0-1517-4361-b31b-36e1c609198a 1.462s
2024-12-12 03:29:31.738 66360 INFO tempest.lib.common.rest_client [req-d6749fae-313b-4e43-8ba6-ebde55a38fca req-d6749fae-313b-4e43-8ba6-ebde55a38fca ] Request (ServersAdmin275Test:test_rebuild_update_server_275): 200 GET http://10.180.1.21/compute/v2.1/servers/f9324e42-bc6f-49f4-b716-92f25ac17433 1.667s
2024-12-12 03:29:31.756 66374 INFO tempest.lib.common.rest_client [req-22880f02-1db0-4712-a901-9bfb7afc3e04 req-22880f02-1db0-4712-a901-9bfb7afc3e04 ] Request (KeyPairsV210TestJSON:tearDownClass): 201 POST http://10.180.1.21/identity/v3/auth/tokens 0.124s
2024-12-12 03:29:31.802 66380 INFO tempest.lib.common.rest_client [req-a0a45bf6-a1b7-4acf-a0c6-4748bc5a58f9 req-a0a45bf6-a1b7-4acf-a0c6-4748bc5a58f9 ] Request (ServerShowV254Test:setUpClass): 204 PUT http://10.180.1.21/identity/v3/projects/5339658dc3384ed49af2cfd2510714f2/users/eb9ec5087f10434f91381563333a302b/roles/570acec25c95423391aa029dd5eb3338 0.112s
2024-12-12 03:29:31.802 66380 INFO tempest.lib.common.dynamic_creds [-] Dynamic test user eb9ec5087f10434f91381563333a302b is created with scope project and roles: ['member']
2024-12-12 03:29:31.802 66380 INFO tempest.lib.common.dynamic_creds [-] Acquired dynamic creds: credentials: Credentials: {'domain_id': 'default', 'domain_name': 'Default', 'username': 'tempest-ServerShowV254Test-929102185-project-member', 'project_domain_id': 'default', 'project_domain_name': 'Default', 'project_id': '5339658dc3384ed49af2cfd2510714f2', 'project_name': 'tempest-ServerShowV254Test-929102185', 'tenant_id': '5339658dc3384ed49af2cfd2510714f2', 'tenant_name': 'tempest-ServerShowV254Test-929102185', 'user_domain_id': 'default', 'user_domain_name': 'Default', 'user_id': 'eb9ec5087f10434f91381563333a302b', 'system': None}, Network: None, Subnet: None, Router: None
2024-12-12 03:29:31.802 66380 INFO tempest.lib.common.dynamic_creds [-] Created isolated network resources for: credentials: Credentials: {'domain_id': 'default', 'domain_name': 'Default', 'username': 'tempest-ServerShowV254Test-929102185-project-member', 'project_domain_id': 'default', 'project_domain_name': 'Default', 'project_id': '5339658dc3384ed49af2cfd2510714f2', 'project_name': 'tempest-ServerShowV254Test-929102185', 'tenant_id': '5339658dc3384ed49af2cfd2510714f2', 'tenant_name': 'tempest-ServerShowV254Test-929102185', 'user_domain_id': 'default', 'user_domain_name': 'Default', 'user_id': 'eb9ec5087f10434f91381563333a302b', 'system': None}, Network: None, Subnet: None, Router: None
2024-12-12 03:29:31.803 66394 INFO tempest.lib.common.rest_client [req-d36885aa-7470-4d66-8d96-21d2a76f50e6 req-d36885aa-7470-4d66-8d96-21d2a76f50e6 ] Request (ServerShowV247Test:test_update_rebuild_list_server): 200 GET http://10.180.1.21/compute/v2.1/servers/6a393900-2d1e-4d11-92bd-eac1bdb98557 1.447s
2024-12-12 03:29:31.825 66340 INFO tempest.lib.common.rest_client [req-a5683d87-fb8f-4607-ac4f-d4799439103b req-a5683d87-fb8f-4607-ac4f-d4799439103b ] Request (SecurityGroupRulesNegativeTestJSON:test_create_security_group_rule_duplicate): 400 POST http://10.180.1.21/compute/v2.1/os-security-group-rules 1.358s
2024-12-12 03:29:31.897 66358 INFO tempest.lib.common.rest_client [req-25bfa829-127f-4cc9-aaed-cd198122bb25 req-25bfa829-127f-4cc9-aaed-cd198122bb25 ] Request (ServerDiagnosticsTest:test_get_server_diagnostics): 200 GET http://10.180.1.21/compute/v2.1/servers/b159db46-b163-449d-b4e3-332dc50ab194 1.284s
2024-12-12 03:29:31.905 66346 INFO tempest.lib.common.rest_client [req-5a8752d1-8bce-42ec-8ba6-15094285f3a8 req-5a8752d1-8bce-42ec-8ba6-15094285f3a8 ] Request (HypervisorAdminNegativeTestJSON:test_show_nonexistent_hypervisor): 404 GET http://10.180.1.21/compute/v2.1/os-hypervisors/f428e413-2290-457d-b140-53e1d32ab58e 1.036s
2024-12-12 03:29:31.912 66382 INFO tempest.lib.common.rest_client [req-27087b61-1a2d-43fc-9727-31ced05f256d req-27087b61-1a2d-43fc-9727-31ced05f256d ] Request (VolumesAssistedSnapshotsTest:test_volume_assisted_snapshot_create_delete): 202 POST http://10.180.1.21/volume/v3/volumes 0.678s
2024-12-12 03:29:31.932 66390 INFO tempest.lib.common.rest_client [req-b9565aa1-4980-4b66-8f91-ba32ed2f1c47 req-b9565aa1-4980-4b66-8f91-ba32ed2f1c47 ] Request (HostsAdminTestJSON:test_show_host_detail): 200 GET http://10.180.1.21/compute/v2.1/os-hosts 1.037s
2024-12-12 03:29:31.946 66380 INFO tempest.lib.common.rest_client [req-49e07cea-1b76-4728-a43a-0ce568fe9e91 req-49e07cea-1b76-4728-a43a-0ce568fe9e91 ] Request (ServerShowV254Test:setUpClass): 201 POST http://10.180.1.21/identity/v3/auth/tokens 0.139s
2024-12-12 03:29:31.989 66386 INFO tempest.lib.common.rest_client [req-76b5fd82-f356-49f7-8f07-de6b2cc55f6f req-76b5fd82-f356-49f7-8f07-de6b2cc55f6f ] Request (FloatingIPsNegativeTestJSON:setUpClass): 201 POST http://10.180.1.21:9696/networking/v2.0/routers 2.128s
2024-12-12 03:29:32.018 66380 INFO tempest.lib.common.rest_client [req-6765e905-9161-45b3-a376-30b7a52d654b req-6765e905-9161-45b3-a376-30b7a52d654b ] Request (ServerShowV254Test:test_rebuild_server): 201 POST http://10.180.1.21/identity/v3/auth/tokens 0.062s
2024-12-12 03:29:32.018 66380 INFO tempest.lib.common.fixed_network [-] (ServerShowV254Test:test_rebuild_server) Found network None available for tenant
2024-12-12 03:29:32.023 66382 INFO tempest.lib.common.rest_client [req-360f01d4-aad2-4df8-b8dc-3f35dc8a7f1f req-360f01d4-aad2-4df8-b8dc-3f35dc8a7f1f ] Request (VolumesAssistedSnapshotsTest:test_volume_assisted_snapshot_create_delete): 200 GET http://10.180.1.21/volume/v3/volumes/96ed58a7-e105-48b3-b31f-778da83193e5 0.096s
2024-12-12 03:29:32.098 66346 INFO tempest.lib.common.rest_client [req-38d03156-a02e-4a6b-988f-386a226cad5c req-38d03156-a02e-4a6b-988f-386a226cad5c ] Request (HypervisorAdminNegativeTestJSON:tearDownClass): 204 DELETE http://10.180.1.21/identity/v3/users/79799b55f8274222ac097364adc37dc2 0.191s
2024-12-12 03:29:32.228 66346 INFO tempest.lib.common.rest_client [req-c0afbef8-0f51-4de7-9eda-baa07bdb7607 req-c0afbef8-0f51-4de7-9eda-baa07bdb7607 ] Request (HypervisorAdminNegativeTestJSON:tearDownClass): 204 DELETE http://10.180.1.21/identity/v3/users/6903abe7f4bf4c19a4098d6a3a80659a 0.130s
2024-12-12 03:29:32.228 66346 INFO tempest.lib.common.dynamic_creds [-] Deleting project and security group for project: 8eec34e80c8c4c949e2ff94fd815bcbd
2024-12-12 03:29:32.230 66356 INFO tempest.lib.common.rest_client [req-6f961cac-853e-4b2d-8c35-77871529fdad req-6f961cac-853e-4b2d-8c35-77871529fdad ] Request (QuotasAdminTestV257:test_get_updated_quotas): 200 PUT http://10.180.1.21/compute/v2.1/os-quota-sets/4f977ddb11614616bcb24f420057f656?user_id=2a6eb203a9a4474b85680112d0d859f4 1.223s
2024-12-12 03:29:32.235 66364 INFO tempest.lib.common.rest_client [req-cf3573b3-02c2-4e06-91e7-9881527117db req-cf3573b3-02c2-4e06-91e7-9881527117db ] Request (FlavorsExtraSpecsNegativeTestJSON:test_flavor_update_more_key): 400 PUT http://10.180.1.21/compute/v2.1/flavors/1416526955/os-extra_specs/hw:numa_nodes 1.146s
2024-12-12 03:29:32.249 66374 INFO tempest.lib.common.rest_client [req-0494c97c-d7a3-49da-b231-9f221e3e74c4 req-0494c97c-d7a3-49da-b231-9f221e3e74c4 ] Request (KeyPairsV210TestJSON:tearDownClass): 200 GET http://10.180.1.21:9696/networking/v2.0/security-groups?tenant_id=eb0f6cb479c2440c9aa77de72ce89a20&name=default 0.493s
2024-12-12 03:29:32.263 66354 INFO tempest.lib.common.rest_client [req-31c1b834-99dc-4552-af0d-db5cb16c2f44 req-31c1b834-99dc-4552-af0d-db5cb16c2f44 ] Request (ValidationResourcesFixture:setUp): 200 POST http://10.180.1.21/compute/v2.1/os-keypairs 1.139s
2024-12-12 03:29:32.278 66362 INFO tempest.lib.common.rest_client [req-4a8bf83b-b56d-4212-9dd0-205459661cfc req-4a8bf83b-b56d-4212-9dd0-205459661cfc ] Request (AggregatesAdminNegativeTestJSON:_run_cleanups): 200 DELETE http://10.180.1.21/compute/v2.1/os-aggregates/2 1.151s
2024-12-12 03:29:32.304 66366 INFO tempest.lib.common.rest_client [req-1067f619-8b81-4ef6-9354-6e40b2df31fa req-1067f619-8b81-4ef6-9354-6e40b2df31fa ] Request (FlavorsAccessNegativeTestJSON:test_flavor_non_admin_add): 200 POST http://10.180.1.21/compute/v2.1/flavors 1.052s
2024-12-12 03:29:32.318 66346 INFO tempest.lib.common.rest_client [req-c26291a9-a0df-4fa3-8c90-6e0546eea9bf req-c26291a9-a0df-4fa3-8c90-6e0546eea9bf ] Request (HypervisorAdminNegativeTestJSON:tearDownClass): 201 POST http://10.180.1.21/identity/v3/auth/tokens 0.090s
2024-12-12 03:29:32.563 66378 INFO tempest.lib.common.rest_client [req-ee2efe00-e3c0-4c8b-8f88-9fec107abe91 req-ee2efe00-e3c0-4c8b-8f88-9fec107abe91 ] Request (FloatingIPsTestJSON:test_delete_floating_ip): 202 DELETE http://10.180.1.21/compute/v2.1/os-floating-ips/60806937-54db-453e-861c-4b8c183bc68c 2.092s
2024-12-12 03:29:32.564 66374 INFO tempest.lib.common.rest_client [req-8e278974-2810-41c5-a774-46486c0554e4 req-8e278974-2810-41c5-a774-46486c0554e4 ] Request (KeyPairsV210TestJSON:tearDownClass): 204 DELETE http://10.180.1.21:9696/networking/v2.0/security-groups/0ee6d3c0-b65d-47a6-ac67-27eff91e89fa 0.310s
2024-12-12 03:29:32.631 66354 INFO tempest.lib.common.rest_client [req-7c5c3d03-f510-4286-888d-b4e498303c46 req-7c5c3d03-f510-4286-888d-b4e498303c46 ] Request (ValidationResourcesFixture:setUp): 201 POST http://10.180.1.21:9696/networking/v2.0/security-groups 0.367s
2024-12-12 03:29:32.636 66350 INFO tempest.lib.common.rest_client [req-63416a28-f3e4-409b-be4e-594b54094bc0 req-63416a28-f3e4-409b-be4e-594b54094bc0 ] Request (FlavorsV261TestJSON:test_crud_flavor): 200 GET http://10.180.1.21/compute/v2.1/flavors/1751609899 1.162s
2024-12-12 03:29:32.649 66374 INFO tempest.lib.common.rest_client [req-863f649b-82cd-4a06-a2d4-ce2b627ded2f req-863f649b-82cd-4a06-a2d4-ce2b627ded2f ] Request (KeyPairsV210TestJSON:tearDownClass): 204 DELETE http://10.180.1.21/identity/v3/projects/eb0f6cb479c2440c9aa77de72ce89a20 0.085s
2024-12-12 03:29:32.649 66374 INFO tempest.lib.common.dynamic_creds [-] Deleting project and security group for project: 72a1493d79a04381974faaa9b8101fb2
2024-12-12 03:29:32.803 66374 INFO tempest.lib.common.rest_client [req-2c4b474b-baa1-4b17-a549-0d6b1f310ee5 req-2c4b474b-baa1-4b17-a549-0d6b1f310ee5 ] Request (KeyPairsV210TestJSON:tearDownClass): 200 GET http://10.180.1.21:9696/networking/v2.0/security-groups?tenant_id=72a1493d79a04381974faaa9b8101fb2&name=default 0.153s
2024-12-12 03:29:32.825 66346 INFO tempest.lib.common.rest_client [req-3c0cef06-29fc-4706-a635-7313511907dc req-3c0cef06-29fc-4706-a635-7313511907dc ] Request (HypervisorAdminNegativeTestJSON:tearDownClass): 200 GET http://10.180.1.21:9696/networking/v2.0/security-groups?tenant_id=8eec34e80c8c4c949e2ff94fd815bcbd&name=default 0.506s
2024-12-12 03:29:32.859 66368 INFO tempest.lib.common.rest_client [req-7e7529a0-f72c-408a-afa3-7f34507e83dc req-7e7529a0-f72c-408a-afa3-7f34507e83dc ] Request (ServerDiagnosticsNegativeTest:test_get_server_diagnostics_by_non_admin): 200 GET http://10.180.1.21/compute/v2.1/servers/c84b1d01-bbc1-4644-962a-ca1301ac099c 1.179s
2024-12-12 03:29:32.946 66354 INFO tempest.lib.common.rest_client [req-df9c483b-cb79-425f-a6ac-ba22d2741f7b req-df9c483b-cb79-425f-a6ac-ba22d2741f7b ] Request (ValidationResourcesFixture:setUp): 201 POST http://10.180.1.21:9696/networking/v2.0/security-group-rules 0.314s
2024-12-12 03:29:32.997 66374 INFO tempest.lib.common.rest_client [req-1ff98f2c-689f-4299-82b8-179bbab98b99 req-1ff98f2c-689f-4299-82b8-179bbab98b99 ] Request (KeyPairsV210TestJSON:tearDownClass): 204 DELETE http://10.180.1.21:9696/networking/v2.0/security-groups/8143689e-a3ca-4c95-b8fd-b896db1b59d8 0.193s
2024-12-12 03:29:33.030 66346 INFO tempest.lib.common.rest_client [req-785fb259-4bae-46cd-8733-0e6c1efed359 req-785fb259-4bae-46cd-8733-0e6c1efed359 ] Request (HypervisorAdminNegativeTestJSON:tearDownClass): 204 DELETE http://10.180.1.21:9696/networking/v2.0/security-groups/03f2202c-f830-4570-a974-5566499778f5 0.205s
2024-12-12 03:29:33.081 66340 INFO tempest.lib.common.rest_client [req-67effcd3-bd66-4014-aef2-b3ad1f24844b req-67effcd3-bd66-4014-aef2-b3ad1f24844b ] Request (SecurityGroupRulesNegativeTestJSON:_run_cleanups): 202 DELETE http://10.180.1.21/compute/v2.1/os-security-group-rules/a36239d1-776f-4120-a496-4c833bd1db32 1.256s
2024-12-12 03:29:33.126 66374 INFO tempest.lib.common.rest_client [req-8c55a219-3e8f-4d3d-97a3-e3aa835c7372 req-8c55a219-3e8f-4d3d-97a3-e3aa835c7372 ] Request (KeyPairsV210TestJSON:tearDownClass): 204 DELETE http://10.180.1.21/identity/v3/projects/72a1493d79a04381974faaa9b8101fb2 0.129s
2024-12-12 03:29:33.141 66390 INFO tempest.lib.common.rest_client [req-aa556115-8c00-4d18-94d9-2580b9676900 req-aa556115-8c00-4d18-94d9-2580b9676900 ] Request (HostsAdminTestJSON:test_show_host_detail): 200 GET http://10.180.1.21/compute/v2.1/os-hosts/cpu-1 1.207s
2024-12-12 03:29:33.182 66354 INFO tempest.lib.common.rest_client [req-c9b5e1a3-03c2-4495-a13e-4d9b1be3f3a8 req-c9b5e1a3-03c2-4495-a13e-4d9b1be3f3a8 ] Request (ValidationResourcesFixture:setUp): 201 POST http://10.180.1.21:9696/networking/v2.0/security-group-rules 0.235s
2024-12-12 03:29:33.198 66374 INFO tempest.lib.common.rest_client [req-a2000e6a-c6a7-470e-8dbf-45bc8bf8e38f req-a2000e6a-c6a7-470e-8dbf-45bc8bf8e38f ] Request (ServersTestJSON:setUpClass): 201 POST http://10.180.1.21/identity/v3/auth/tokens 0.069s
2024-12-12 03:29:33.216 66382 INFO tempest.lib.common.rest_client [req-0a500123-400f-4a15-8205-86d0c96dbbf8 req-0a500123-400f-4a15-8205-86d0c96dbbf8 ] Request (VolumesAssistedSnapshotsTest:test_volume_assisted_snapshot_create_delete): 200 GET http://10.180.1.21/volume/v3/volumes/96ed58a7-e105-48b3-b31f-778da83193e5 0.182s
2024-12-12 03:29:33.227 66382 INFO tempest.common.waiters [-] volume 96ed58a7-e105-48b3-b31f-778da83193e5 reached available after waiting for 1.227569 seconds
2024-12-12 03:29:33.239 66352 INFO tempest.lib.common.rest_client [req-e73a17a5-bde7-4d6f-bfa0-cbd41e63f69f req-e73a17a5-bde7-4d6f-bfa0-cbd41e63f69f ] Request (FloatingIPsAssociationNegativeTestJSON:setUpClass): 202 POST http://10.180.1.21/compute/v2.1/servers 1.835s
2024-12-12 03:29:33.246 66346 INFO tempest.lib.common.rest_client [req-5cad3ddd-3f3a-4915-8269-b6b80b464e6c req-5cad3ddd-3f3a-4915-8269-b6b80b464e6c ] Request (HypervisorAdminNegativeTestJSON:tearDownClass): 204 DELETE http://10.180.1.21/identity/v3/projects/8eec34e80c8c4c949e2ff94fd815bcbd 0.215s
2024-12-12 03:29:33.246 66346 INFO tempest.lib.common.dynamic_creds [-] Deleting project and security group for project: d698707a22d747bfa30a0d1713dceee3
2024-12-12 03:29:33.278 66374 INFO tempest.lib.common.rest_client [req-4cfac78e-3ca8-4136-a798-3648340e47f1 req-4cfac78e-3ca8-4136-a798-3648340e47f1 ] Request (ServersTestJSON:setUpClass): 201 POST http://10.180.1.21/identity/v3/auth/tokens 0.078s
2024-12-12 03:29:33.335 66390 INFO tempest.lib.common.rest_client [req-f957c3b6-ca03-4338-8f16-eed5554830e4 req-f957c3b6-ca03-4338-8f16-eed5554830e4 ] Request (HostsAdminTestJSON:tearDownClass): 204 DELETE http://10.180.1.21/identity/v3/users/61fee7c3023844149e759db5dc04c33d 0.192s
2024-12-12 03:29:33.382 66376 INFO tempest.lib.common.rest_client [req-7895088c-a790-425f-b967-a4340816bd4e req-7895088c-a790-425f-b967-a4340816bd4e ] Request (ServerExternalEventsTest:test_create_server_external_events): 200 GET http://10.180.1.21/compute/v2.1/servers/9f252cab-0257-4a11-83ec-16e47e16deb7 1.410s
2024-12-12 03:29:33.395 66374 INFO tempest.lib.common.rest_client [req-19f256a4-1744-42e0-89af-7a549fdc337e req-19f256a4-1744-42e0-89af-7a549fdc337e ] Request (ServersTestJSON:setUpClass): 200 GET http://10.180.1.21/identity/v3/domains?name=Default 0.117s
2024-12-12 03:29:33.467 66390 INFO tempest.lib.common.rest_client [req-832eadda-b387-4058-baf9-e1b187c520f4 req-832eadda-b387-4058-baf9-e1b187c520f4 ] Request (HostsAdminTestJSON:tearDownClass): 204 DELETE http://10.180.1.21/identity/v3/users/a8cf1d43a1814336b4c035f3bfc96c5e 0.132s
2024-12-12 03:29:33.467 66390 INFO tempest.lib.common.dynamic_creds [-] Deleting project and security group for project: c128dfa0b3df4560bf1c2608593601ed
2024-12-12 03:29:33.488 66374 INFO tempest.lib.common.rest_client [req-45b109fc-5d24-4bf3-b39f-05838f0da07f req-45b109fc-5d24-4bf3-b39f-05838f0da07f ] Request (ServersTestJSON:setUpClass): 201 POST http://10.180.1.21/identity/v3/projects 0.092s
2024-12-12 03:29:33.554 66390 INFO tempest.lib.common.rest_client [req-17d47a87-1cd1-4d9e-945b-0512c1249cc6 req-17d47a87-1cd1-4d9e-945b-0512c1249cc6 ] Request (HostsAdminTestJSON:tearDownClass): 201 POST http://10.180.1.21/identity/v3/auth/tokens 0.086s
2024-12-12 03:29:33.562 66374 INFO tempest.lib.common.rest_client [req-f909d711-ef51-4331-8101-05b8c3121331 req-f909d711-ef51-4331-8101-05b8c3121331 ] Request (ServersTestJSON:setUpClass): 201 POST http://10.180.1.21/identity/v3/users 0.073s
2024-12-12 03:29:33.566 66380 INFO tempest.lib.common.rest_client [req-0d8ffcf3-bb92-4400-8cc1-3f33dba83bf3 req-0d8ffcf3-bb92-4400-8cc1-3f33dba83bf3 ] Request (ServerShowV254Test:test_rebuild_server): 202 POST http://10.180.1.21/compute/v2.1/servers 1.546s
2024-12-12 03:29:33.574 66346 INFO tempest.lib.common.rest_client [req-74b244a8-9adc-45a4-9441-86f44774c682 req-74b244a8-9adc-45a4-9441-86f44774c682 ] Request (HypervisorAdminNegativeTestJSON:tearDownClass): 200 GET http://10.180.1.21:9696/networking/v2.0/security-groups?tenant_id=d698707a22d747bfa30a0d1713dceee3&name=default 0.328s
2024-12-12 03:29:33.594 66374 INFO tempest.lib.common.rest_client [req-7ed9756c-ccd3-42e4-bbac-c0fadc4170ab req-7ed9756c-ccd3-42e4-bbac-c0fadc4170ab ] Request (ServersTestJSON:setUpClass): 200 GET http://10.180.1.21/identity/v3/roles 0.031s
2024-12-12 03:29:33.624 66374 INFO tempest.lib.common.rest_client [req-12ca93de-c02c-4140-ac10-9fd1f573cbb8 req-12ca93de-c02c-4140-ac10-9fd1f573cbb8 ] Request (ServersTestJSON:setUpClass): 204 PUT http://10.180.1.21/identity/v3/projects/3e1d8a47a64743df82c614dee71b9728/users/c44cf2b44a7d422e9be54be1e8e0a5d7/roles/570acec25c95423391aa029dd5eb3338 0.030s
2024-12-12 03:29:33.625 66374 INFO tempest.lib.common.dynamic_creds [-] Dynamic test user c44cf2b44a7d422e9be54be1e8e0a5d7 is created with scope project and roles: ['member']
2024-12-12 03:29:33.625 66374 INFO tempest.lib.common.dynamic_creds [-] Acquired dynamic creds: credentials: Credentials: {'domain_id': 'default', 'domain_name': 'Default', 'username': 'tempest-ServersTestJSON-493271512-project-member', 'project_domain_id': 'default', 'project_domain_name': 'Default', 'project_id': '3e1d8a47a64743df82c614dee71b9728', 'project_name': 'tempest-ServersTestJSON-493271512', 'tenant_id': '3e1d8a47a64743df82c614dee71b9728', 'tenant_name': 'tempest-ServersTestJSON-493271512', 'user_domain_id': 'default', 'user_domain_name': 'Default', 'user_id': 'c44cf2b44a7d422e9be54be1e8e0a5d7', 'system': None}, Network: None, Subnet: None, Router: None
2024-12-12 03:29:33.627 66344 INFO tempest.lib.common.rest_client [req-9871da10-11ed-4507-ae85-42802224893f req-9871da10-11ed-4507-ae85-42802224893f ] Request (ImagesOneServerNegativeTestJSON:setUpClass): 200 GET http://10.180.1.21/compute/v2.1/servers/89d052a1-7dbb-47b7-b9d1-d573a50fbc4b 1.567s
2024-12-12 03:29:33.641 66398 INFO tempest.lib.common.rest_client [req-3eac4585-1817-4541-8e0a-e0662d6e89f2 req-3eac4585-1817-4541-8e0a-e0662d6e89f2 ] Request (DeleteServersAdminTestJSON:test_admin_delete_servers_of_others): 200 GET http://10.180.1.21/compute/v2.1/servers/d4622dba-7096-4004-8ebd-a7e62c13528a 1.415s
2024-12-12 03:29:33.715 66374 INFO tempest.lib.common.rest_client [req-70c6b493-2b6d-4bca-80dc-b992c5e6a603 req-70c6b493-2b6d-4bca-80dc-b992c5e6a603 ] Request (ServersTestJSON:setUpClass): 201 POST http://10.180.1.21/identity/v3/auth/tokens 0.090s
2024-12-12 03:29:33.719 66346 INFO tempest.lib.common.rest_client [req-ad788555-94ca-4d6f-ba80-02f9907543d6 req-ad788555-94ca-4d6f-ba80-02f9907543d6 ] Request (HypervisorAdminNegativeTestJSON:tearDownClass): 204 DELETE http://10.180.1.21:9696/networking/v2.0/security-groups/e57b3861-9a22-4940-8c14-c5abd4f45c0a 0.144s
2024-12-12 03:29:33.797 66346 INFO tempest.lib.common.rest_client [req-ef2ca57c-31a1-4cb5-8e58-8fd1b1904051 req-ef2ca57c-31a1-4cb5-8e58-8fd1b1904051 ] Request (HypervisorAdminNegativeTestJSON:tearDownClass): 204 DELETE http://10.180.1.21/identity/v3/projects/d698707a22d747bfa30a0d1713dceee3 0.077s
2024-12-12 03:29:33.798 66346 INFO tempest.test [-] raised in LiveAutoBlockMigrationV225Test.setUpClass. Invoking tearDownClass.
2024-12-12 03:29:33.813 66338 INFO tempest.lib.common.rest_client [req-882d1e5d-7ab8-4860-adeb-e74c078bfc89 req-882d1e5d-7ab8-4860-adeb-e74c078bfc89 ] Request (ServersAdminNegativeTestJSON:setUpClass): 200 GET http://10.180.1.21/compute/v2.1/servers/601e137f-f0c6-456f-962e-a97ad59f1fa5 1.583s
2024-12-12 03:29:33.824 66338 INFO tempest.common.waiters [-] State transition "BUILD/networking" ==> "BUILD/spawning" after 10 second wait
2024-12-12 03:29:33.835 66364 INFO tempest.lib.common.rest_client [req-b2364d16-fe6b-438d-9ca9-3781296f7c6a req-b2364d16-fe6b-438d-9ca9-3781296f7c6a ] Request (FlavorsExtraSpecsNegativeTestJSON:tearDownClass): 202 DELETE http://10.180.1.21/compute/v2.1/flavors/1416526955 1.599s
2024-12-12 03:29:33.881 66356 INFO tempest.lib.common.rest_client [req-c1715029-7389-45fd-ac55-136bbf3c4483 req-c1715029-7389-45fd-ac55-136bbf3c4483 ] Request (QuotasAdminTestV257:test_get_updated_quotas): 200 GET http://10.180.1.21/compute/v2.1/os-quota-sets/4f977ddb11614616bcb24f420057f656?user_id=2a6eb203a9a4474b85680112d0d859f4 1.649s
2024-12-12 03:29:33.882 66362 INFO tempest.lib.common.rest_client [req-4fff7652-66e7-46d3-a846-986b3e067849 req-4fff7652-66e7-46d3-a846-986b3e067849 ] Request (AggregatesAdminNegativeTestJSON:test_aggregate_add_non_exist_host): 200 POST http://10.180.1.21/compute/v2.1/os-aggregates 1.602s
2024-12-12 03:29:33.927 66386 INFO tempest.lib.common.rest_client [req-1736dcac-e4b5-444a-88d4-8b44915655e7 req-1736dcac-e4b5-444a-88d4-8b44915655e7 ] Request (FloatingIPsNegativeTestJSON:setUpClass): 200 PUT http://10.180.1.21:9696/networking/v2.0/routers/869d4e29-f6bd-40c3-aaf3-a636303e5ab6/add_router_interface 1.937s
2024-12-12 03:29:33.927 66386 INFO tempest.lib.common.dynamic_creds [-] Created isolated network resources for: credentials: Credentials: {'domain_id': 'default', 'domain_name': 'Default', 'username': 'tempest-FloatingIPsNegativeTestJSON-1151914136-project-member', 'project_domain_id': 'default', 'project_domain_name': 'Default', 'project_id': 'f964b3cfedab4283bbc1f12773afc81b', 'project_name': 'tempest-FloatingIPsNegativeTestJSON-1151914136', 'tenant_id': 'f964b3cfedab4283bbc1f12773afc81b', 'tenant_name': 'tempest-FloatingIPsNegativeTestJSON-1151914136', 'user_domain_id': 'default', 'user_domain_name': 'Default', 'user_id': 'eb0fc72f8f8542258dad4b46a3a6d922', 'system': None}, Network: {'id': '15e457de-8b78-4a94-aea6-7b4930ffcdc0', 'name': 'tempest-FloatingIPsNegativeTestJSON-765255468-network', 'tenant_id': 'f964b3cfedab4283bbc1f12773afc81b', 'admin_state_up': True, 'mtu': 8950, 'status': 'ACTIVE', 'subnets': [], 'shared': False, 'project_id': 'f964b3cfedab4283bbc1f12773afc81b', 'port_security_enabled': True, 'router:external': False, 'provider:network_type': 'vlan', 'provider:physical_network': 'default', 'provider:segmentation_id': 965, 'availability_zone_hints': [], 'availability_zones': [], 'ipv4_address_scope': None, 'ipv6_address_scope': None, 'description': '', 'tags': [], 'created_at': '2024-12-12T03:29:28Z', 'updated_at': '2024-12-12T03:29:28Z', 'revision_number': 1}, Subnet: {'id': '61f0b635-05c9-471a-b10b-fb614fb81345', 'name': 'tempest-FloatingIPsNegativeTestJSON-765255468-subnet', 'tenant_id': 'f964b3cfedab4283bbc1f12773afc81b', 'network_id': '15e457de-8b78-4a94-aea6-7b4930ffcdc0', 'ip_version': 4, 'subnetpool_id': None, 'enable_dhcp': True, 'ipv6_ra_mode': None, 'ipv6_address_mode': None, 'gateway_ip': '192.168.128.1', 'cidr': '192.168.128.0/28', 'allocation_pools': [{'start': '192.168.128.2', 'end': '192.168.128.14'}], 'host_routes': [], 'dns_nameservers': [], 'description': '', 'router:external': False, 'service_types': [], 'tags': [], 'created_at': '2024-12-12T03:29:29Z', 'updated_at': '2024-12-12T03:29:29Z', 'revision_number': 0, 'project_id': 'f964b3cfedab4283bbc1f12773afc81b'}, Router: {'id': '869d4e29-f6bd-40c3-aaf3-a636303e5ab6', 'name': 'tempest-FloatingIPsNegativeTestJSON-765255468-router', 'tenant_id': 'f964b3cfedab4283bbc1f12773afc81b', 'admin_state_up': True, 'status': 'ACTIVE', 'external_gateway_info': {'network_id': '95dfe351-cff0-448f-a4dd-26329b0e1937', 'external_fixed_ips': [{'subnet_id': '86dfa9db-67c9-4835-983b-89a9a0394e51', 'ip_address': '10.180.180.154'}], 'enable_snat': True}, 'description': '', 'availability_zones': [], 'distributed': False, 'ha': False, 'availability_zone_hints': [], 'routes': [], 'flavor_id': None, 'tags': [], 'created_at': '2024-12-12T03:29:29Z', 'updated_at': '2024-12-12T03:29:31Z', 'revision_number': 2, 'project_id': 'f964b3cfedab4283bbc1f12773afc81b'}
2024-12-12 03:29:33.934 66346 INFO tempest.lib.common.rest_client [req-944723d6-d690-4db0-b282-174661ae51dc req-944723d6-d690-4db0-b282-174661ae51dc ] Request (ListImageFiltersTestJSON:setUpClass): 201 POST http://10.180.1.21/identity/v3/auth/tokens 0.130s
2024-12-12 03:29:33.986 66342 INFO tempest.lib.common.rest_client [req-5ea54f6b-bb71-41de-abda-ca52580a8c6e req-5ea54f6b-bb71-41de-abda-ca52580a8c6e ] Request (ImagesTestJSON:test_create_image_from_stopped_server): 200 GET http://10.180.1.21/compute/v2.1/servers/790c77cd-62f8-4e65-91b6-122e8a7dbca6 1.618s
2024-12-12 03:29:34.068 66366 INFO tempest.lib.common.rest_client [req-0bd5edc9-38e1-4367-b1f3-c2b983b35d1d req-0bd5edc9-38e1-4367-b1f3-c2b983b35d1d ] Request (FlavorsAccessNegativeTestJSON:test_flavor_non_admin_add): 403 POST http://10.180.1.21/compute/v2.1/flavors/1208863963/action 1.761s
2024-12-12 03:29:34.081 66372 INFO tempest.lib.common.rest_client [req-4fb7c266-bd9e-4b68-9f52-f1540bda283e req-4fb7c266-bd9e-4b68-9f52-f1540bda283e ] Request (ListServersNegativeTestJSON:setUpClass): 200 GET http://10.180.1.21/compute/v2.1/servers/74bf8090-fbaf-42b7-b981-728cdf285770 1.635s
2024-12-12 03:29:34.082 66356 INFO tempest.lib.common.rest_client [req-86355517-f12a-446b-b548-21b7a77e7eac req-86355517-f12a-446b-b548-21b7a77e7eac ] Request (QuotasAdminTestV257:_run_cleanups): 204 DELETE http://10.180.1.21/identity/v3/users/2a6eb203a9a4474b85680112d0d859f4 0.196s
2024-12-12 03:29:34.107 66390 INFO tempest.lib.common.rest_client [req-691f37d0-641f-489c-9583-f5c509f9bf23 req-691f37d0-641f-489c-9583-f5c509f9bf23 ] Request (HostsAdminTestJSON:tearDownClass): 200 GET http://10.180.1.21:9696/networking/v2.0/security-groups?tenant_id=c128dfa0b3df4560bf1c2608593601ed&name=default 0.552s
2024-12-12 03:29:34.139 66378 INFO tempest.lib.common.rest_client [req-149be8a3-50bf-4bb6-b6f2-a7ab091ec49c req-149be8a3-50bf-4bb6-b6f2-a7ab091ec49c ] Request (FloatingIPsTestJSON:test_delete_floating_ip): 404 GET http://10.180.1.21/compute/v2.1/os-floating-ips/60806937-54db-453e-861c-4b8c183bc68c 1.575s
2024-12-12 03:29:34.159 66346 INFO tempest.lib.common.rest_client [req-fee1168d-41c5-4c5e-98fd-9a0814b53040 req-fee1168d-41c5-4c5e-98fd-9a0814b53040 ] Request (ListImageFiltersTestJSON:setUpClass): 201 POST http://10.180.1.21/identity/v3/auth/tokens 0.223s
2024-12-12 03:29:34.182 66386 INFO tempest.lib.common.rest_client [req-8cd16263-c84e-4c3f-a624-86697b2158ec req-8cd16263-c84e-4c3f-a624-86697b2158ec ] Request (FloatingIPsNegativeTestJSON:setUpClass): 201 POST http://10.180.1.21/identity/v3/auth/tokens 0.251s
2024-12-12 03:29:34.184 66388 INFO tempest.lib.common.rest_client [req-60a83316-6796-46f5-b3da-b28790c8536b req-60a83316-6796-46f5-b3da-b28790c8536b ] Request (MigrationsAdminTest:test_list_migrations_in_flavor_resize_situation): 200 GET http://10.180.1.21/compute/v2.1/servers/571c2ea4-2a87-4876-a245-c6f6f67d2223 1.656s
2024-12-12 03:29:34.223 66350 INFO tempest.lib.common.rest_client [req-21824644-dd39-4bbf-8907-a9bdae2f5fc3 req-21824644-dd39-4bbf-8907-a9bdae2f5fc3 ] Request (FlavorsV261TestJSON:test_crud_flavor): 200 PUT http://10.180.1.21/compute/v2.1/flavors/1751609899 1.581s
2024-12-12 03:29:34.225 66346 INFO tempest.lib.common.rest_client [req-9fe97b71-a4ef-4b84-a243-ce676f80659a req-9fe97b71-a4ef-4b84-a243-ce676f80659a ] Request (ListImageFiltersTestJSON:setUpClass): 200 GET http://10.180.1.21/identity/v3/domains?name=Default 0.065s
2024-12-12 03:29:34.246 66392 INFO tempest.lib.common.rest_client [req-8fd03433-3d25-4694-ae58-b6fc1183b948 req-8fd03433-3d25-4694-ae58-b6fc1183b948 ] Request (ServerDiagnosticsV248Test:test_get_server_diagnostics): 200 GET http://10.180.1.21/compute/v2.1/servers/2f95d392-062c-4c62-bd39-7c19342e125c 1.616s
2024-12-12 03:29:34.269 66346 INFO tempest.lib.common.rest_client [req-c980d3fe-95e8-47a5-9f87-18c82e76f280 req-c980d3fe-95e8-47a5-9f87-18c82e76f280 ] Request (ListImageFiltersTestJSON:setUpClass): 201 POST http://10.180.1.21/identity/v3/projects 0.043s
2024-12-12 03:29:34.285 66348 INFO tempest.lib.common.rest_client [req-b9a21f49-1494-437d-ad16-70bd3a635925 req-b9a21f49-1494-437d-ad16-70bd3a635925 ] Request (TenantUsagesTestJSON:setUpClass): 200 GET http://10.180.1.21/compute/v2.1/servers/24637ec0-1517-4361-b31b-36e1c609198a 1.572s
2024-12-12 03:29:34.346 66356 INFO tempest.lib.common.rest_client [req-cd59ad87-8816-4dbf-a438-a90d5024281e req-cd59ad87-8816-4dbf-a438-a90d5024281e ] Request (QuotasAdminTestV257:_run_cleanups): 204 DELETE http://10.180.1.21/identity/v3/projects/4f977ddb11614616bcb24f420057f656 0.264s
2024-12-12 03:29:34.356 66394 INFO tempest.lib.common.rest_client [req-228d3261-624c-40fc-b9f4-200836149323 req-228d3261-624c-40fc-b9f4-200836149323 ] Request (ServerShowV247Test:test_update_rebuild_list_server): 200 GET http://10.180.1.21/compute/v2.1/servers/6a393900-2d1e-4d11-92bd-eac1bdb98557 1.539s
2024-12-12 03:29:34.359 66360 INFO tempest.lib.common.rest_client [req-0e663bcb-11ca-415f-8014-154da175024e req-0e663bcb-11ca-415f-8014-154da175024e ] Request (ServersAdmin275Test:test_rebuild_update_server_275): 200 GET http://10.180.1.21/compute/v2.1/servers/f9324e42-bc6f-49f4-b716-92f25ac17433 1.594s
2024-12-12 03:29:34.371 66360 INFO tempest.common.waiters [-] State transition "BUILD/None" ==> "BUILD/block_device_mapping" after 9 second wait
