2024-12-12 03:29:58.868 66366 INFO tempest.lib.common.rest_client [req-a61940cb-3b1a-457b-bc85-6a9f360b6c1e req-a61940cb-3b1a-457b-bc85-6a9f360b6c1e ] Request (InstanceUsageAuditLogTestJSON:test_get_instance_usage_audit_log): 200 GET http://10.180.1.21/compute/v2.1/os-instance_usage_audit_log/2024-12-12%2003%3A29%3A57 1.504s
2024-12-12 03:29:58.931 66340 INFO tempest.lib.common.rest_client [req-f5f10103-1a1a-4a30-9759-00d474762ec9 req-f5f10103-1a1a-4a30-9759-00d474762ec9 ] Request (SecurityGroupRulesNegativeTestJSON:tearDownClass): 204 DELETE http://10.180.1.21/identity/v3/projects/acb93f6cbafa4b609c3fb81587fa36ea 0.108s
2024-12-12 03:29:58.932 66340 INFO tempest.test [-] raised in ServerStableDeviceRescueTestIDE.setUpClass. Invoking tearDownClass.
2024-12-12 03:29:58.968 66396 INFO tempest.lib.common.rest_client [req-2aded4a7-bd72-40c0-ad37-8e18fddbccf6 req-2aded4a7-bd72-40c0-ad37-8e18fddbccf6 ] Request (QuotasAdminTestJSON:_run_cleanups): 200 PUT http://10.180.1.21/compute/v2.1/os-quota-sets/d527887bfd4b40ec8756e2a6724239d2 1.665s
2024-12-12 03:29:59.020 66340 INFO tempest.lib.common.rest_client [req-f3ab395d-d2ab-4f97-91e1-c3b2019ab17a req-f3ab395d-d2ab-4f97-91e1-c3b2019ab17a ] Request (ServersNegativeTestJSON:setUpClass): 201 POST http://10.180.1.21/identity/v3/auth/tokens 0.086s
2024-12-12 03:29:59.065 66340 INFO tempest.lib.common.rest_client [req-fdf193bf-31cd-4656-8cb4-6be9b791820a req-fdf193bf-31cd-4656-8cb4-6be9b791820a ] Request (ServersNegativeTestJSON:setUpClass): 201 POST http://10.180.1.21/identity/v3/auth/tokens 0.041s
2024-12-12 03:29:59.098 66340 INFO tempest.lib.common.rest_client [req-1202f4c4-bf7b-40fa-8720-320bb75a6d27 req-1202f4c4-bf7b-40fa-8720-320bb75a6d27 ] Request (ServersNegativeTestJSON:setUpClass): 200 GET http://10.180.1.21/identity/v3/domains?name=Default 0.033s
2024-12-12 03:29:59.146 66340 INFO tempest.lib.common.rest_client [req-bf54f400-a39e-4ef8-8cff-7bf12dc516b5 req-bf54f400-a39e-4ef8-8cff-7bf12dc516b5 ] Request (ServersNegativeTestJSON:setUpClass): 201 POST http://10.180.1.21/identity/v3/projects 0.047s
2024-12-12 03:29:59.148 66362 INFO tempest.lib.common.rest_client [req-959aa3df-a37e-4469-8803-3c359e7353b8 req-959aa3df-a37e-4469-8803-3c359e7353b8 ] Request (AggregatesAdminNegativeTestJSON:test_aggregate_remove_host_as_user): 200 POST http://10.180.1.21/compute/v2.1/os-aggregates/7/action 1.263s
2024-12-12 03:29:59.161 66356 INFO tempest.lib.common.rest_client [req-ffc1e42e-8b2d-4dca-8b09-d39b3d69c5f7 req-ffc1e42e-8b2d-4dca-8b09-d39b3d69c5f7 ] Request (KeyPairsV22TestJSON:test_keypairsv22_create_list_show): 200 GET http://10.180.1.21/compute/v2.1/os-keypairs/tempest-keypair-143820450 1.074s
2024-12-12 03:29:59.191 66396 INFO tempest.lib.common.rest_client [req-c975a097-a49a-4031-889d-ad4c02e23ffb req-c975a097-a49a-4031-889d-ad4c02e23ffb ] Request (QuotasAdminTestJSON:tearDownClass): 204 DELETE http://10.180.1.21/identity/v3/users/3e0e3ffdbde64b48b8a6fb8111dc02d1 0.221s
2024-12-12 03:29:59.267 66340 INFO tempest.lib.common.rest_client [req-eafca2cc-71dc-4b46-87fe-a66b6b42ed45 req-eafca2cc-71dc-4b46-87fe-a66b6b42ed45 ] Request (ServersNegativeTestJSON:setUpClass): 201 POST http://10.180.1.21/identity/v3/users 0.119s
2024-12-12 03:29:59.320 66360 INFO tempest.lib.common.rest_client [req-f507199b-6ac3-4a6d-97eb-d2aa9b8838b3 req-f507199b-6ac3-4a6d-97eb-d2aa9b8838b3 ] Request (ServersAdmin275Test:test_rebuild_update_server_275): 202 POST http://10.180.1.21/compute/v2.1/servers/f9324e42-bc6f-49f4-b716-92f25ac17433/action 1.497s
2024-12-12 03:29:59.344 66340 INFO tempest.lib.common.rest_client [req-3605c819-fa6b-410d-a02e-fe4a3082e5be req-3605c819-fa6b-410d-a02e-fe4a3082e5be ] Request (ServersNegativeTestJSON:setUpClass): 200 GET http://10.180.1.21/identity/v3/roles 0.075s
2024-12-12 03:29:59.369 66348 INFO tempest.lib.common.rest_client [req-9753527a-edbf-4b3d-9fde-d0273a433d8c req-9753527a-edbf-4b3d-9fde-d0273a433d8c ] Request (TenantUsagesTestJSON:setUpClass): 200 GET http://10.180.1.21/compute/v2.1/servers/24637ec0-1517-4361-b31b-36e1c609198a 1.194s
2024-12-12 03:29:59.375 66396 INFO tempest.lib.common.rest_client [req-c47f7b5f-6487-4921-943e-af8d750cd468 req-c47f7b5f-6487-4921-943e-af8d750cd468 ] Request (QuotasAdminTestJSON:tearDownClass): 204 DELETE http://10.180.1.21/identity/v3/users/7b8a83213fe945df98f01cdb376b79bf 0.183s
2024-12-12 03:29:59.375 66396 INFO tempest.lib.common.dynamic_creds [-] Deleting project and security group for project: d527887bfd4b40ec8756e2a6724239d2
2024-12-12 03:29:59.383 66348 INFO tempest.common.waiters [-] State transition "BUILD/spawning" ==> "ACTIVE/None" after 34 second wait
2024-12-12 03:29:59.425 66340 INFO tempest.lib.common.rest_client [req-7b224adf-3e1e-49d5-aa85-d6ad3cb0b0f9 req-7b224adf-3e1e-49d5-aa85-d6ad3cb0b0f9 ] Request (ServersNegativeTestJSON:setUpClass): 204 PUT http://10.180.1.21/identity/v3/projects/13f677cd385841e6b68724be80928c42/users/b46c3230c1f94001bd2e9de23b093a75/roles/570acec25c95423391aa029dd5eb3338 0.080s
2024-12-12 03:29:59.425 66340 INFO tempest.lib.common.dynamic_creds [-] Dynamic test user b46c3230c1f94001bd2e9de23b093a75 is created with scope project and roles: ['member']
2024-12-12 03:29:59.425 66340 INFO tempest.lib.common.dynamic_creds [-] Acquired dynamic creds: credentials: Credentials: {'domain_id': 'default', 'domain_name': 'Default', 'username': 'tempest-ServersNegativeTestJSON-704493466-project-member', 'project_domain_id': 'default', 'project_domain_name': 'Default', 'project_id': '13f677cd385841e6b68724be80928c42', 'project_name': 'tempest-ServersNegativeTestJSON-704493466', 'tenant_id': '13f677cd385841e6b68724be80928c42', 'tenant_name': 'tempest-ServersNegativeTestJSON-704493466', 'user_domain_id': 'default', 'user_domain_name': 'Default', 'user_id': 'b46c3230c1f94001bd2e9de23b093a75', 'system': None}, Network: None, Subnet: None, Router: None
2024-12-12 03:29:59.443 66396 INFO tempest.lib.common.rest_client [req-87fc5821-4096-4ffe-a209-a29a4cdf2896 req-87fc5821-4096-4ffe-a209-a29a4cdf2896 ] Request (QuotasAdminTestJSON:tearDownClass): 201 POST http://10.180.1.21/identity/v3/auth/tokens 0.067s
2024-12-12 03:29:59.492 66340 INFO tempest.lib.common.rest_client [req-4d62005d-f965-471e-ae27-8b945b1d9afd req-4d62005d-f965-471e-ae27-8b945b1d9afd ] Request (ServersNegativeTestJSON:setUpClass): 201 POST http://10.180.1.21/identity/v3/auth/tokens 0.067s
2024-12-12 03:29:59.522 66342 INFO tempest.lib.common.rest_client [req-bb3faa6c-44eb-40f2-9ec2-5350bba6667a req-bb3faa6c-44eb-40f2-9ec2-5350bba6667a ] Request (ImagesTestJSON:test_create_image_from_stopped_server): 200 GET http://10.180.1.21/compute/v2.1/servers/790c77cd-62f8-4e65-91b6-122e8a7dbca6 1.197s
2024-12-12 03:29:59.529 66342 INFO tempest.common.waiters [-] State transition "ACTIVE/powering-off" ==> "SHUTOFF/None" after 2 second wait
2024-12-12 03:29:59.664 66390 INFO tempest.lib.common.rest_client [req-8fbb4588-4a1b-4bfe-92c9-57f31c695dbf req-8fbb4588-4a1b-4bfe-92c9-57f31c695dbf ] Request (QuotasAdminNegativeTest:test_create_server_when_cpu_quota_is_full): 200 GET http://10.180.1.21/compute/v2.1/os-quota-sets/43fc09050e7e41cfa3979597b2f812dd 1.268s
2024-12-12 03:29:59.697 66396 INFO tempest.lib.common.rest_client [req-aaa6eedc-cf33-45ef-9cf6-31253bdc81be req-aaa6eedc-cf33-45ef-9cf6-31253bdc81be ] Request (QuotasAdminTestJSON:tearDownClass): 200 GET http://10.180.1.21:9696/networking/v2.0/security-groups?tenant_id=d527887bfd4b40ec8756e2a6724239d2&name=default 0.254s
2024-12-12 03:29:59.725 66352 INFO tempest.lib.common.rest_client [req-8192fc86-f717-45f8-8293-5c297febe194 req-8192fc86-f717-45f8-8293-5c297febe194 ] Request (FloatingIPsAssociationNegativeTestJSON:setUpClass): 200 GET http://10.180.1.21/compute/v2.1/servers/826ca48d-5961-490b-b058-7ecd5a994a37 1.326s
2024-12-12 03:29:59.752 66336 INFO tempest.lib.common.rest_client [req-279e0033-0797-4b3c-9387-cef02470aab7 req-279e0033-0797-4b3c-9387-cef02470aab7 ] Request (ServersAdminTestJSON:setUpClass): 202 POST http://10.180.1.21/compute/v2.1/servers 1.535s
2024-12-12 03:29:59.796 66376 INFO tempest.lib.common.rest_client [req-82d15ba9-8f27-41e5-bd7b-d10990a1314e req-82d15ba9-8f27-41e5-bd7b-d10990a1314e ] Request (ServerExternalEventsTest:tearDownClass): 200 GET http://10.180.1.21/compute/v2.1/servers/9f252cab-0257-4a11-83ec-16e47e16deb7 1.310s
2024-12-12 03:29:59.810 66396 INFO tempest.lib.common.rest_client [req-054eb165-4ae0-4608-a72c-9dc16367d8d2 req-054eb165-4ae0-4608-a72c-9dc16367d8d2 ] Request (QuotasAdminTestJSON:tearDownClass): 204 DELETE http://10.180.1.21:9696/networking/v2.0/security-groups/4f760aef-94a0-465c-b684-33c36647c2fa 0.113s
2024-12-12 03:29:59.821 66340 INFO tempest.lib.common.rest_client [req-2cdb2432-853b-4a99-842f-e519400bde68 req-2cdb2432-853b-4a99-842f-e519400bde68 ] Request (ServersNegativeTestJSON:setUpClass): 201 POST http://10.180.1.21:9696/networking/v2.0/networks 0.328s
2024-12-12 03:29:59.891 66396 INFO tempest.lib.common.rest_client [req-ead4cf7b-6bcb-481b-acf7-60f4ad4c7365 req-ead4cf7b-6bcb-481b-acf7-60f4ad4c7365 ] Request (QuotasAdminTestJSON:tearDownClass): 204 DELETE http://10.180.1.21/identity/v3/projects/d527887bfd4b40ec8756e2a6724239d2 0.080s
2024-12-12 03:29:59.891 66396 INFO tempest.lib.common.dynamic_creds [-] Deleting project and security group for project: 8d83300a973f4c7bb23d7e9ef9ec8114
2024-12-12 03:29:59.899 66358 INFO tempest.lib.common.rest_client [req-f6bf5972-e8bc-4d11-b0ae-96f96655d802 req-f6bf5972-e8bc-4d11-b0ae-96f96655d802 ] Request (ServerDiagnosticsTest:test_get_server_diagnostics): 200 GET http://10.180.1.21/compute/v2.1/servers/b159db46-b163-449d-b4e3-332dc50ab194 1.383s
2024-12-12 03:29:59.933 66344 INFO tempest.lib.common.rest_client [req-d285be7e-66e9-4e6c-8b5d-dd6f490ed9f0 req-d285be7e-66e9-4e6c-8b5d-dd6f490ed9f0 ] Request (ImagesOneServerNegativeTestJSON:setUp): 200 GET http://10.180.1.21/compute/v2.1/servers/89d052a1-7dbb-47b7-b9d1-d573a50fbc4b 1.379s
2024-12-12 03:29:59.953 66382 INFO tempest.lib.common.rest_client [req-c12733e8-9b40-4c84-bc13-b48b56413def req-c12733e8-9b40-4c84-bc13-b48b56413def ] Request (VolumesAssistedSnapshotsTest:test_volume_assisted_snapshot_create_delete): 200 GET http://10.180.1.21/compute/v2.1/servers/a39ea307-7343-4c5d-a62f-1b4af7c27a9a 1.399s
2024-12-12 03:29:59.998 66394 INFO tempest.lib.common.rest_client [req-36a59c5f-b9c9-4a21-8469-6bde4f5b9e96 req-36a59c5f-b9c9-4a21-8469-6bde4f5b9e96 ] Request (ServerShowV247Test:test_update_rebuild_list_server): 200 GET http://10.180.1.21/compute/v2.1/servers/6a393900-2d1e-4d11-92bd-eac1bdb98557 1.374s
2024-12-12 03:30:00.005 66380 INFO tempest.lib.common.rest_client [req-629660d6-c7f8-4e3d-be14-458100b72669 req-629660d6-c7f8-4e3d-be14-458100b72669 ] Request (ServerShowV254Test:test_rebuild_server): 200 GET http://10.180.1.21/compute/v2.1/servers/e3d655d5-f3f8-4392-a205-98dd96aa43aa 1.317s
2024-12-12 03:30:00.011 66394 INFO tempest.common.waiters [-] State transition "BUILD/spawning" ==> "ACTIVE/None" after 31 second wait
2024-12-12 03:30:00.014 66396 INFO tempest.lib.common.rest_client [req-11b99ae4-07f8-4257-adf8-503135320cba req-11b99ae4-07f8-4257-adf8-503135320cba ] Request (QuotasAdminTestJSON:tearDownClass): 200 GET http://10.180.1.21:9696/networking/v2.0/security-groups?tenant_id=8d83300a973f4c7bb23d7e9ef9ec8114&name=default 0.122s
2024-12-12 03:30:00.014 66380 INFO tempest.common.waiters [-] State transition "BUILD/scheduling" ==> "BUILD/None" after 26 second wait
2024-12-12 03:30:00.058 66374 INFO tempest.lib.common.rest_client [req-6d11db7c-f851-4fa5-9e12-e69d7f6aa0db req-6d11db7c-f851-4fa5-9e12-e69d7f6aa0db ] Request (ServersTestJSON:setUpClass): 200 GET http://10.180.1.21/compute/v2.1/servers/d0f2fe87-b24d-4fdb-987b-39138467eb7e 1.306s
2024-12-12 03:30:00.076 66340 INFO tempest.lib.common.rest_client [req-526bccc6-9445-4407-a846-1dfd714b0ac6 req-526bccc6-9445-4407-a846-1dfd714b0ac6 ] Request (ServersNegativeTestJSON:setUpClass): 201 POST http://10.180.1.21:9696/networking/v2.0/subnets 0.253s
2024-12-12 03:30:00.116 66378 INFO tempest.lib.common.rest_client [req-f49dd994-447c-4e93-a8aa-2e1a79d87d2e req-f49dd994-447c-4e93-a8aa-2e1a79d87d2e ] Request (ServersTestManualDisk:setUpClass): 200 GET http://10.180.1.21/compute/v2.1/servers/b2cdc48a-729b-4ae0-a2b0-5ca8f0eb6660 1.250s
2024-12-12 03:30:00.130 66366 INFO tempest.lib.common.rest_client [req-50b62687-f199-4382-82ac-e73ef66acad2 req-50b62687-f199-4382-82ac-e73ef66acad2 ] Request (InstanceUsageAuditLogTestJSON:test_list_instance_usage_audit_logs): 200 GET http://10.180.1.21/compute/v2.1/os-instance_usage_audit_log 1.259s
2024-12-12 03:30:00.141 66396 INFO tempest.lib.common.rest_client [req-ddd3e232-f1c5-489c-87c8-109c55321a62 req-ddd3e232-f1c5-489c-87c8-109c55321a62 ] Request (QuotasAdminTestJSON:tearDownClass): 204 DELETE http://10.180.1.21:9696/networking/v2.0/security-groups/d6c66d8b-ba19-455b-8f0b-801fefde8fe1 0.126s
2024-12-12 03:30:00.156 66388 INFO tempest.lib.common.rest_client [req-c13f9906-480b-4133-9b3a-d84c9ee4525c req-c13f9906-480b-4133-9b3a-d84c9ee4525c ] Request (MigrationsAdminTest:test_list_migrations_in_flavor_resize_situation): 200 GET http://10.180.1.21/compute/v2.1/servers/571c2ea4-2a87-4876-a245-c6f6f67d2223 1.463s
2024-12-12 03:30:00.185 66354 INFO tempest.lib.common.rest_client [req-9933be26-07f4-45c6-ad10-7d9e3dba2253 req-9933be26-07f4-45c6-ad10-7d9e3dba2253 ] Request (ServersWithSpecificFlavorTestJSON:test_verify_created_server_ephemeral_disk): 200 GET http://10.180.1.21/compute/v2.1/servers/0dcc25aa-294f-46d2-b01a-1eb7149b4838 1.224s
2024-12-12 03:30:00.193 66354 INFO tempest.common.waiters [-] State transition "BUILD/scheduling" ==> "BUILD/None" after 23 second wait
2024-12-12 03:30:00.205 66364 INFO tempest.lib.common.rest_client [req-3c3faa2e-e6d3-4b5b-b004-e1918c9d52eb req-3c3faa2e-e6d3-4b5b-b004-e1918c9d52eb ] Request (AttachInterfacesUnderV243Test:test_add_remove_fixed_ip): 200 GET http://10.180.1.21/compute/v2.1/servers/059488cd-9eee-4fe3-bfd9-73a761223193 1.182s
2024-12-12 03:30:00.212 66362 INFO tempest.lib.common.rest_client [req-b4e5592d-6ebe-4434-878d-f34f0e1361f1 req-b4e5592d-6ebe-4434-878d-f34f0e1361f1 ] Request (AggregatesAdminNegativeTestJSON:test_aggregate_remove_host_as_user): 403 POST http://10.180.1.21/compute/v2.1/os-aggregates/7/action 1.060s
2024-12-12 03:30:00.221 66356 INFO tempest.lib.common.rest_client [req-f6e73cf0-cfc1-4f7f-a4ee-b30e9d38fca1 req-f6e73cf0-cfc1-4f7f-a4ee-b30e9d38fca1 ] Request (KeyPairsV22TestJSON:test_keypairsv22_create_list_show): 200 GET http://10.180.1.21/compute/v2.1/os-keypairs 1.057s
2024-12-12 03:30:00.272 66396 INFO tempest.lib.common.rest_client [req-d56ad47b-89a1-4598-82e7-28db3b5c7b27 req-d56ad47b-89a1-4598-82e7-28db3b5c7b27 ] Request (QuotasAdminTestJSON:tearDownClass): 204 DELETE http://10.180.1.21/identity/v3/projects/8d83300a973f4c7bb23d7e9ef9ec8114 0.130s
2024-12-12 03:30:00.273 66396 INFO tempest.test [-] raised in TestVolumeSwap.setUpClass. Invoking tearDownClass.
2024-12-12 03:30:00.277 66366 INFO tempest.lib.common.rest_client [req-c77cbe95-0c0e-40a3-a305-de7b94e33046 req-c77cbe95-0c0e-40a3-a305-de7b94e33046 ] Request (InstanceUsageAuditLogTestJSON:tearDownClass): 204 DELETE http://10.180.1.21/identity/v3/users/4b6a3378333e4b549c2c27568da0af08 0.140s
2024-12-12 03:30:00.278 66350 INFO tempest.lib.common.rest_client [req-73c34d26-f84f-47c6-af6b-cc712718c422 req-73c34d26-f84f-47c6-af6b-cc712718c422 ] Request (ServersTestFqdnHostnames:test_create_server_with_fqdn_name): 200 GET http://10.180.1.21/compute/v2.1/servers/1af9bf5c-5587-487f-8c5d-04b61eac2bc3 1.026s
2024-12-12 03:30:00.380 66360 INFO tempest.lib.common.rest_client [req-c73e49dc-d141-4827-972c-3c6d4e19a9d2 req-c73e49dc-d141-4827-972c-3c6d4e19a9d2 ] Request (ServersAdmin275Test:_run_cleanups): 200 GET http://10.180.1.21/compute/v2.1/servers/f9324e42-bc6f-49f4-b716-92f25ac17433 1.046s
2024-12-12 03:30:00.389 66366 INFO tempest.lib.common.rest_client [req-16b38e9b-138f-4856-b6bd-6bab9650a727 req-16b38e9b-138f-4856-b6bd-6bab9650a727 ] Request (InstanceUsageAuditLogTestJSON:tearDownClass): 204 DELETE http://10.180.1.21/identity/v3/users/ba3306ac13764cbcbeae29e9cb578e85 0.112s
2024-12-12 03:30:00.389 66366 INFO tempest.lib.common.dynamic_creds [-] Deleting project and security group for project: 08774956cd44459abb4cc739bd9da7c7
2024-12-12 03:30:00.420 66370 INFO tempest.lib.common.rest_client [req-3e1eb7b1-21c0-4e73-9410-aa05f9da623e req-3e1eb7b1-21c0-4e73-9410-aa05f9da623e ] Request (QuotaClassesAdminTestJSON:test_update_default_quotas): 200 GET http://10.180.1.21/compute/v2.1/os-quota-class-sets/default 1.376s
2024-12-12 03:30:00.463 66396 INFO tempest.lib.common.rest_client [req-8fe17f78-1813-4b8f-a115-b6184801a26c req-8fe17f78-1813-4b8f-a115-b6184801a26c ] Request (ServerActionsTestOtherA:setUpClass): 201 POST http://10.180.1.21/identity/v3/auth/tokens 0.183s
2024-12-12 03:30:00.479 66366 INFO tempest.lib.common.rest_client [req-ce379895-3ba3-4055-a956-808acb3b8caf req-ce379895-3ba3-4055-a956-808acb3b8caf ] Request (InstanceUsageAuditLogTestJSON:tearDownClass): 201 POST http://10.180.1.21/identity/v3/auth/tokens 0.089s
2024-12-12 03:30:00.509 66396 INFO tempest.lib.common.rest_client [req-25fe7b08-ed4e-4156-bb08-7825808c5abb req-25fe7b08-ed4e-4156-bb08-7825808c5abb ] Request (ServerActionsTestOtherA:setUpClass): 201 POST http://10.180.1.21/identity/v3/auth/tokens 0.042s
2024-12-12 03:30:00.537 66396 INFO tempest.lib.common.rest_client [req-0bf1b6c7-5429-48ee-b36d-6d6c13b5abd5 req-0bf1b6c7-5429-48ee-b36d-6d6c13b5abd5 ] Request (ServerActionsTestOtherA:setUpClass): 200 GET http://10.180.1.21/identity/v3/domains?name=Default 0.028s
2024-12-12 03:30:00.573 66396 INFO tempest.lib.common.rest_client [req-93238c74-1c9b-43b2-b305-3dbe8f2f3bb5 req-93238c74-1c9b-43b2-b305-3dbe8f2f3bb5 ] Request (ServerActionsTestOtherA:setUpClass): 201 POST http://10.180.1.21/identity/v3/projects 0.035s
2024-12-12 03:30:00.617 66368 INFO tempest.lib.common.rest_client [req-6c1d62fb-63a0-4986-ba9c-2dbd390b725b req-6c1d62fb-63a0-4986-ba9c-2dbd390b725b ] Request (ServerDiagnosticsNegativeTest:tearDownClass): 200 GET http://10.180.1.21/compute/v2.1/servers/c84b1d01-bbc1-4644-962a-ca1301ac099c 1.278s
2024-12-12 03:30:00.643 66396 INFO tempest.lib.common.rest_client [req-ed2b682e-9bce-4257-8f55-5b5e3f0fe90f req-ed2b682e-9bce-4257-8f55-5b5e3f0fe90f ] Request (ServerActionsTestOtherA:setUpClass): 201 POST http://10.180.1.21/identity/v3/users 0.069s
2024-12-12 03:30:00.685 66396 INFO tempest.lib.common.rest_client [req-746328b1-91d9-437d-a166-ed7e08dd3777 req-746328b1-91d9-437d-a166-ed7e08dd3777 ] Request (ServerActionsTestOtherA:setUpClass): 200 GET http://10.180.1.21/identity/v3/roles 0.041s
2024-12-12 03:30:00.715 66396 INFO tempest.lib.common.rest_client [req-9bcee0f6-e1a6-4cf7-a41c-5147adee575d req-9bcee0f6-e1a6-4cf7-a41c-5147adee575d ] Request (ServerActionsTestOtherA:setUpClass): 204 PUT http://10.180.1.21/identity/v3/projects/d2323285af424b6fa8a8b5cff537394e/users/c7054d4b9b0c41d5825108d064d02e15/roles/570acec25c95423391aa029dd5eb3338 0.029s
2024-12-12 03:30:00.715 66396 INFO tempest.lib.common.dynamic_creds [-] Dynamic test user c7054d4b9b0c41d5825108d064d02e15 is created with scope project and roles: ['member']
2024-12-12 03:30:00.715 66396 INFO tempest.lib.common.dynamic_creds [-] Acquired dynamic creds: credentials: Credentials: {'domain_id': 'default', 'domain_name': 'Default', 'username': 'tempest-ServerActionsTestOtherA-1719354853-project-member', 'project_domain_id': 'default', 'project_domain_name': 'Default', 'project_id': 'd2323285af424b6fa8a8b5cff537394e', 'project_name': 'tempest-ServerActionsTestOtherA-1719354853', 'tenant_id': 'd2323285af424b6fa8a8b5cff537394e', 'tenant_name': 'tempest-ServerActionsTestOtherA-1719354853', 'user_domain_id': 'default', 'user_domain_name': 'Default', 'user_id': 'c7054d4b9b0c41d5825108d064d02e15', 'system': None}, Network: None, Subnet: None, Router: None
2024-12-12 03:30:00.751 66372 INFO tempest.lib.common.rest_client [req-5c913456-e2a4-4ab3-a5d5-3e488629bcd1 req-5c913456-e2a4-4ab3-a5d5-3e488629bcd1 ] Request (ListServersNegativeTestJSON:setUpClass): 200 GET http://10.180.1.21/compute/v2.1/servers/74bf8090-fbaf-42b7-b981-728cdf285770 1.412s
2024-12-12 03:30:00.774 66396 INFO tempest.lib.common.rest_client [req-39280897-38b1-4f86-a6bd-2331bf0fda63 req-39280897-38b1-4f86-a6bd-2331bf0fda63 ] Request (ServerActionsTestOtherA:setUpClass): 201 POST http://10.180.1.21/identity/v3/auth/tokens 0.058s
2024-12-12 03:30:00.796 66348 INFO tempest.lib.common.rest_client [req-ecf34606-21a2-4085-9432-c0988de3b621 req-ecf34606-21a2-4085-9432-c0988de3b621 ] Request (TenantUsagesTestJSON:test_get_usage_tenant): 200 GET http://10.180.1.21/compute/v2.1/os-simple-tenant-usage/1fbc66c4b88b4613ba95535c8f53c4dd?start=2024-12-11T03%3A29%3A59.387707&end=2024-12-13T03%3A29%3A59.387707 1.408s
2024-12-12 03:30:00.804 66392 INFO tempest.lib.common.rest_client [req-8cbaa6d1-2adc-45b4-964a-2032b8c4eb11 req-8cbaa6d1-2adc-45b4-964a-2032b8c4eb11 ] Request (ServerDiagnosticsV248Test:test_get_server_diagnostics): 200 GET http://10.180.1.21/compute/v2.1/servers/2f95d392-062c-4c62-bd39-7c19342e125c 1.402s
2024-12-12 03:30:00.860 66366 INFO tempest.lib.common.rest_client [req-68b1776b-986d-499f-9e39-96fac81401fa req-68b1776b-986d-499f-9e39-96fac81401fa ] Request (InstanceUsageAuditLogTestJSON:tearDownClass): 200 GET http://10.180.1.21:9696/networking/v2.0/security-groups?tenant_id=08774956cd44459abb4cc739bd9da7c7&name=default 0.381s
2024-12-12 03:30:00.861 66386 INFO tempest.lib.common.rest_client [req-38da70c6-fd6b-4930-a50e-5b61caeedf5f req-38da70c6-fd6b-4930-a50e-5b61caeedf5f ] Request (ServerActionsTestOtherB:setUpClass): 200 GET http://10.180.1.21/compute/v2.1/servers/a8b1c52a-0b4d-45c2-973e-d12d50b6ad3a 1.395s
2024-12-12 03:30:00.872 66384 INFO tempest.lib.common.rest_client [req-8ec7ba0f-9f1b-4f0c-b061-7731c65dfd3e req-8ec7ba0f-9f1b-4f0c-b061-7731c65dfd3e ] Request (ServersTestMultiNic:test_verify_duplicate_network_nics): 200 GET http://10.180.1.21/compute/v2.1/servers/425ebe0d-e361-43f1-a1ff-510df503cfe3 1.461s
2024-12-12 03:30:00.931 66338 INFO tempest.lib.common.rest_client [req-5a63df9a-4aef-420a-b016-c579e85725f7 req-5a63df9a-4aef-420a-b016-c579e85725f7 ] Request (ServersAdminNegativeTestJSON:test_migrate_server_invalid_state): 200 GET http://10.180.1.21/compute/v2.1/servers/65328a05-9222-43fc-b42d-4dfaeb36cbcb 1.312s
2024-12-12 03:30:01.058 66366 INFO tempest.lib.common.rest_client [req-505b6060-5396-48b6-a9b5-225f69b07e78 req-505b6060-5396-48b6-a9b5-225f69b07e78 ] Request (InstanceUsageAuditLogTestJSON:tearDownClass): 204 DELETE http://10.180.1.21:9696/networking/v2.0/security-groups/d6daaf54-5b1a-4215-b95c-8982ee7764ff 0.198s
2024-12-12 03:30:01.130 66366 INFO tempest.lib.common.rest_client [req-e19164a6-477c-4321-a2ea-71090cc9518f req-e19164a6-477c-4321-a2ea-71090cc9518f ] Request (InstanceUsageAuditLogTestJSON:tearDownClass): 204 DELETE http://10.180.1.21/identity/v3/projects/08774956cd44459abb4cc739bd9da7c7 0.071s
2024-12-12 03:30:01.130 66366 INFO tempest.lib.common.dynamic_creds [-] Deleting project and security group for project: 8e5f8be15a4b4a429b4e8cfa30e7dc15
2024-12-12 03:30:01.130 66390 INFO tempest.lib.common.rest_client [req-c382a79a-6113-4ad0-9d90-ab412bca9176 req-c382a79a-6113-4ad0-9d90-ab412bca9176 ] Request (QuotasAdminNegativeTest:test_create_server_when_cpu_quota_is_full): 200 PUT http://10.180.1.21/compute/v2.1/os-quota-sets/43fc09050e7e41cfa3979597b2f812dd 1.463s
2024-12-12 03:30:01.171 66340 INFO tempest.lib.common.rest_client [req-aae83685-e0ab-4769-8ba0-228093cc7750 req-aae83685-e0ab-4769-8ba0-228093cc7750 ] Request (ServersNegativeTestJSON:setUpClass): 201 POST http://10.180.1.21:9696/networking/v2.0/routers 1.094s
2024-12-12 03:30:01.187 66396 INFO tempest.lib.common.rest_client [req-de004308-f1f6-43c2-94be-3917737f8be0 req-de004308-f1f6-43c2-94be-3917737f8be0 ] Request (ServerActionsTestOtherA:setUpClass): 201 POST http://10.180.1.21:9696/networking/v2.0/networks 0.412s
2024-12-12 03:30:01.217 66390 INFO tempest.lib.common.rest_client [req-a876e3ea-f4d0-4cc6-a871-61bde0248c54 req-a876e3ea-f4d0-4cc6-a871-61bde0248c54 ] Request (QuotasAdminNegativeTest:test_create_server_when_cpu_quota_is_full): 201 POST http://10.180.1.21/identity/v3/auth/tokens 0.079s
2024-12-12 03:30:01.218 66390 INFO tempest.lib.common.fixed_network [-] (QuotasAdminNegativeTest:test_create_server_when_cpu_quota_is_full) Found network None available for tenant
2024-12-12 03:30:01.216 66346 INFO tempest.lib.common.rest_client [req-1a71b852-9601-4d16-8b80-4fd7d3ddac2b req-1a71b852-9601-4d16-8b80-4fd7d3ddac2b ] Request (ListImageFiltersTestJSON:setUpClass): 200 GET http://10.180.1.21/compute/v2.1/servers/4db1265b-5f9d-411f-8a69-1290b9815d0b 1.547s
2024-12-12 03:30:01.287 66336 INFO tempest.lib.common.rest_client [req-5d638625-e703-481a-ad08-6142777f0fd4 req-5d638625-e703-481a-ad08-6142777f0fd4 ] Request (ServersAdminTestJSON:setUpClass): 200 GET http://10.180.1.21/compute/v2.1/servers/b45441c4-5492-42a2-bc5a-c4d6b7891423 1.534s
2024-12-12 03:30:01.327 66366 INFO tempest.lib.common.rest_client [req-fc871edb-ce1d-4901-85db-307ab9991599 req-fc871edb-ce1d-4901-85db-307ab9991599 ] Request (InstanceUsageAuditLogTestJSON:tearDownClass): 200 GET http://10.180.1.21:9696/networking/v2.0/security-groups?tenant_id=8e5f8be15a4b4a429b4e8cfa30e7dc15&name=default 0.197s
2024-12-12 03:30:01.365 66342 INFO tempest.lib.common.rest_client [req-3c0286bc-6d37-4b4b-9589-d58fbd1f9c86 req-3c0286bc-6d37-4b4b-9589-d58fbd1f9c86 ] Request (ImagesTestJSON:test_create_image_from_stopped_server): 202 POST http://10.180.1.21/compute/v2.1/servers/790c77cd-62f8-4e65-91b6-122e8a7dbca6/action 1.834s
2024-12-12 03:30:01.369 66398 INFO tempest.lib.common.rest_client [req-6db01327-4b93-42a0-a441-c8d3939c11f4 req-6db01327-4b93-42a0-a441-c8d3939c11f4 ] Request (DeleteServersAdminTestJSON:test_admin_delete_servers_of_others): 200 GET http://10.180.1.21/compute/v2.1/servers/d4622dba-7096-4004-8ebd-a7e62c13528a 1.591s
2024-12-12 03:30:01.470 66366 INFO tempest.lib.common.rest_client [req-b17c5f37-79aa-4eee-a57b-f2afbae09189 req-b17c5f37-79aa-4eee-a57b-f2afbae09189 ] Request (InstanceUsageAuditLogTestJSON:tearDownClass): 204 DELETE http://10.180.1.21:9696/networking/v2.0/security-groups/57a66245-2018-418b-9882-f8aa255a521e 0.142s
2024-12-12 03:30:01.501 66396 INFO tempest.lib.common.rest_client [req-30d0dacb-35b7-4be8-b605-289d14303dc5 req-30d0dacb-35b7-4be8-b605-289d14303dc5 ] Request (ServerActionsTestOtherA:setUpClass): 201 POST http://10.180.1.21:9696/networking/v2.0/subnets 0.313s
2024-12-12 03:30:01.598 66394 INFO tempest.lib.common.rest_client [req-0cf972e3-aff3-4059-bef4-058d7e4528d2 req-0cf972e3-aff3-4059-bef4-058d7e4528d2 ] Request (ServerShowV247Test:test_update_rebuild_list_server): 202 POST http://10.180.1.21/compute/v2.1/servers/6a393900-2d1e-4d11-92bd-eac1bdb98557/action 1.586s
2024-12-12 03:30:01.646 66366 INFO tempest.lib.common.rest_client [req-373054ef-122f-498d-96bc-34ff7b52e15e req-373054ef-122f-498d-96bc-34ff7b52e15e ] Request (InstanceUsageAuditLogTestJSON:tearDownClass): 204 DELETE http://10.180.1.21/identity/v3/projects/8e5f8be15a4b4a429b4e8cfa30e7dc15 0.176s
2024-12-12 03:30:01.729 66366 INFO tempest.lib.common.rest_client [req-c9e9cc11-cba1-4bf2-8657-b564725690ac req-c9e9cc11-cba1-4bf2-8657-b564725690ac ] Request (FloatingIPDetailsTestJSON:setUpClass): 201 POST http://10.180.1.21/identity/v3/auth/tokens 0.080s
2024-12-12 03:30:01.743 66362 INFO tempest.lib.common.rest_client [req-eede2f8d-1ed8-4f61-aefb-bf9d1f70386c req-eede2f8d-1ed8-4f61-aefb-bf9d1f70386c ] Request (AggregatesAdminNegativeTestJSON:_run_cleanups): 200 POST http://10.180.1.21/compute/v2.1/os-aggregates/7/action 1.530s
2024-12-12 03:30:01.769 66356 INFO tempest.lib.common.rest_client [req-a15d4e37-ecf1-4dbd-9159-26b701f196dd req-a15d4e37-ecf1-4dbd-9159-26b701f196dd ] Request (KeyPairsV22TestJSON:_run_cleanups): 204 DELETE http://10.180.1.21/compute/v2.1/os-keypairs/tempest-keypair-143820450 1.546s
2024-12-12 03:30:01.773 66366 INFO tempest.lib.common.rest_client [req-f6ae4422-fd29-475f-8e3d-627908e5d1e6 req-f6ae4422-fd29-475f-8e3d-627908e5d1e6 ] Request (FloatingIPDetailsTestJSON:setUpClass): 201 POST http://10.180.1.21/identity/v3/auth/tokens 0.040s
2024-12-12 03:30:01.805 66366 INFO tempest.lib.common.rest_client [req-d0f8c910-59f2-4b20-abc9-b3e1f49525b9 req-d0f8c910-59f2-4b20-abc9-b3e1f49525b9 ] Request (FloatingIPDetailsTestJSON:setUpClass): 200 GET http://10.180.1.21/identity/v3/domains?name=Default 0.031s
2024-12-12 03:30:01.837 66366 INFO tempest.lib.common.rest_client [req-53bfe331-738e-440d-9851-3c9185818b7b req-53bfe331-738e-440d-9851-3c9185818b7b ] Request (FloatingIPDetailsTestJSON:setUpClass): 201 POST http://10.180.1.21/identity/v3/projects 0.031s
2024-12-12 03:30:01.887 66370 INFO tempest.lib.common.rest_client [req-82e63296-7746-4aeb-882e-0b5f4c1bd96e req-82e63296-7746-4aeb-882e-0b5f4c1bd96e ] Request (QuotaClassesAdminTestJSON:test_update_default_quotas): 200 PUT http://10.180.1.21/compute/v2.1/os-quota-class-sets/default 1.465s
2024-12-12 03:30:01.928 66366 INFO tempest.lib.common.rest_client [req-887e4205-0da1-435d-8b58-c201b0f596d5 req-887e4205-0da1-435d-8b58-c201b0f596d5 ] Request (FloatingIPDetailsTestJSON:setUpClass): 201 POST http://10.180.1.21/identity/v3/users 0.089s
2024-12-12 03:30:01.944 66344 INFO tempest.lib.common.rest_client [req-43a11e37-4b97-4544-8fee-19faf2a4b019 req-43a11e37-4b97-4544-8fee-19faf2a4b019 ] Request (ImagesOneServerNegativeTestJSON:test_create_second_image_when_first_image_is_being_saved): 202 POST http://10.180.1.21/compute/v2.1/servers/89d052a1-7dbb-47b7-b9d1-d573a50fbc4b/action 2.003s
2024-12-12 03:30:01.953 66366 INFO tempest.lib.common.rest_client [req-05f7d07b-af60-403c-8fdb-b54cf5a74691 req-05f7d07b-af60-403c-8fdb-b54cf5a74691 ] Request (FloatingIPDetailsTestJSON:setUpClass): 200 GET http://10.180.1.21/identity/v3/roles 0.025s
2024-12-12 03:30:01.980 66352 INFO tempest.lib.common.rest_client [req-f29621ec-89b4-4be8-b7f9-dddad573a692 req-f29621ec-89b4-4be8-b7f9-dddad573a692 ] Request (FloatingIPsAssociationNegativeTestJSON:setUpClass): 200 GET http://10.180.1.21/compute/v2.1/servers/826ca48d-5961-490b-b058-7ecd5a994a37 1.245s
2024-12-12 03:30:01.995 66366 INFO tempest.lib.common.rest_client [req-f9ef5394-69ed-49f6-9ab8-765eb2966a23 req-f9ef5394-69ed-49f6-9ab8-765eb2966a23 ] Request (FloatingIPDetailsTestJSON:setUpClass): 204 PUT http://10.180.1.21/identity/v3/projects/afca7dc5057048a0889ce0865dab275d/users/564a76925f434ff591b4e6e60683cac6/roles/570acec25c95423391aa029dd5eb3338 0.041s
2024-12-12 03:30:01.995 66366 INFO tempest.lib.common.dynamic_creds [-] Dynamic test user 564a76925f434ff591b4e6e60683cac6 is created with scope project and roles: ['member']
2024-12-12 03:30:01.995 66366 INFO tempest.lib.common.dynamic_creds [-] Acquired dynamic creds: credentials: Credentials: {'domain_id': 'default', 'domain_name': 'Default', 'username': 'tempest-FloatingIPDetailsTestJSON-2037130797-project-member', 'project_domain_id': 'default', 'project_domain_name': 'Default', 'project_id': 'afca7dc5057048a0889ce0865dab275d', 'project_name': 'tempest-FloatingIPDetailsTestJSON-2037130797', 'tenant_id': 'afca7dc5057048a0889ce0865dab275d', 'tenant_name': 'tempest-FloatingIPDetailsTestJSON-2037130797', 'user_domain_id': 'default', 'user_domain_name': 'Default', 'user_id': '564a76925f434ff591b4e6e60683cac6', 'system': None}, Network: None, Subnet: None, Router: None
2024-12-12 03:30:02.009 66348 INFO tempest.lib.common.rest_client [req-693b1966-4688-40af-93cb-7015e6ff42a6 req-693b1966-4688-40af-93cb-7015e6ff42a6 ] Request (TenantUsagesTestJSON:test_get_usage_tenant_with_non_admin_user): 200 GET http://10.180.1.21/compute/v2.1/os-simple-tenant-usage/1fbc66c4b88b4613ba95535c8f53c4dd?start=2024-12-11T03%3A29%3A59.387707&end=2024-12-13T03%3A29%3A59.387707 1.208s
2024-12-12 03:30:02.071 66376 INFO tempest.lib.common.rest_client [req-5d89fcfc-4b2c-44d5-b2f6-c8895228dfd7 req-5d89fcfc-4b2c-44d5-b2f6-c8895228dfd7 ] Request (ServerExternalEventsTest:tearDownClass): 200 GET http://10.180.1.21/compute/v2.1/servers/9f252cab-0257-4a11-83ec-16e47e16deb7 1.263s
2024-12-12 03:30:02.095 66366 INFO tempest.lib.common.rest_client [req-5de03938-9e10-4c32-8040-72e7ee77ea69 req-5de03938-9e10-4c32-8040-72e7ee77ea69 ] Request (FloatingIPDetailsTestJSON:setUpClass): 201 POST http://10.180.1.21/identity/v3/auth/tokens 0.097s
2024-12-12 03:30:02.138 66382 INFO tempest.lib.common.rest_client [req-cdec2c61-704f-4c68-bc2d-f217cb4969bb req-cdec2c61-704f-4c68-bc2d-f217cb4969bb ] Request (VolumesAssistedSnapshotsTest:test_volume_assisted_snapshot_create_delete): 200 GET http://10.180.1.21/compute/v2.1/servers/a39ea307-7343-4c5d-a62f-1b4af7c27a9a 1.169s
2024-12-12 03:30:02.148 66382 INFO tempest.common.waiters [-] State transition "BUILD/scheduling" ==> "BUILD/None" after 24 second wait
2024-12-12 03:30:02.194 66358 INFO tempest.lib.common.rest_client [req-38c70237-08dd-46ad-bfd4-4af762d53d92 req-38c70237-08dd-46ad-bfd4-4af762d53d92 ] Request (ServerDiagnosticsTest:test_get_server_diagnostics): 200 GET http://10.180.1.21/compute/v2.1/servers/b159db46-b163-449d-b4e3-332dc50ab194 1.281s
2024-12-12 03:30:02.206 66358 INFO tempest.common.waiters [-] State transition "BUILD/spawning" ==> "ACTIVE/None" after 37 second wait
2024-12-12 03:30:02.246 66380 INFO tempest.lib.common.rest_client [req-e07c8175-5236-453a-a63a-d3f4fd4fdca8 req-e07c8175-5236-453a-a63a-d3f4fd4fdca8 ] Request (ServerShowV254Test:test_rebuild_server): 200 GET http://10.180.1.21/compute/v2.1/servers/e3d655d5-f3f8-4392-a205-98dd96aa43aa 1.230s
2024-12-12 03:30:02.280 66374 INFO tempest.lib.common.rest_client [req-570ea4c0-c171-4b0e-beba-d9f269d91af1 req-570ea4c0-c171-4b0e-beba-d9f269d91af1 ] Request (ServersTestJSON:setUpClass): 200 GET http://10.180.1.21/compute/v2.1/servers/d0f2fe87-b24d-4fdb-987b-39138467eb7e 1.214s
2024-12-12 03:30:02.287 66374 INFO tempest.common.waiters [-] State transition "BUILD/scheduling" ==> "BUILD/None" after 14 second wait
2024-12-12 03:30:02.324 66378 INFO tempest.lib.common.rest_client [req-3c82fc88-f124-4072-a448-4c47eef03ec6 req-3c82fc88-f124-4072-a448-4c47eef03ec6 ] Request (ServersTestManualDisk:setUpClass): 200 GET http://10.180.1.21/compute/v2.1/servers/b2cdc48a-729b-4ae0-a2b0-5ca8f0eb6660 1.199s
2024-12-12 03:30:02.350 66340 INFO tempest.lib.common.rest_client [req-9a74701e-a4c2-4be9-9980-fc3cde041983 req-9a74701e-a4c2-4be9-9980-fc3cde041983 ] Request (ServersNegativeTestJSON:setUpClass): 200 PUT http://10.180.1.21:9696/networking/v2.0/routers/8fb1ee27-2200-4c52-bf49-dbecbcf215df/add_router_interface 1.179s
2024-12-12 03:30:02.351 66340 INFO tempest.lib.common.dynamic_creds [-] Created isolated network resources for: credentials: Credentials: {'domain_id': 'default', 'domain_name': 'Default', 'username': 'tempest-ServersNegativeTestJSON-704493466-project-member', 'project_domain_id': 'default', 'project_domain_name': 'Default', 'project_id': '13f677cd385841e6b68724be80928c42', 'project_name': 'tempest-ServersNegativeTestJSON-704493466', 'tenant_id': '13f677cd385841e6b68724be80928c42', 'tenant_name': 'tempest-ServersNegativeTestJSON-704493466', 'user_domain_id': 'default', 'user_domain_name': 'Default', 'user_id': 'b46c3230c1f94001bd2e9de23b093a75', 'system': None}, Network: {'id': 'fca9125f-3fbd-42bf-b35e-cedb4d33f41e', 'name': 'tempest-ServersNegativeTestJSON-396198727-network', 'tenant_id': '13f677cd385841e6b68724be80928c42', 'admin_state_up': True, 'mtu': 8950, 'status': 'ACTIVE', 'subnets': [], 'shared': False, 'project_id': '13f677cd385841e6b68724be80928c42', 'port_security_enabled': True, 'router:external': False, 'provider:network_type': 'vlan', 'provider:physical_network': 'default', 'provider:segmentation_id': 981, 'availability_zone_hints': [], 'availability_zones': [], 'ipv4_address_scope': None, 'ipv6_address_scope': None, 'description': '', 'tags': [], 'created_at': '2024-12-12T03:29:59Z', 'updated_at': '2024-12-12T03:29:59Z', 'revision_number': 1}, Subnet: {'id': '4132bd41-31ab-477c-a843-124a2a0eaa81', 'name': 'tempest-ServersNegativeTestJSON-396198727-subnet', 'tenant_id': '13f677cd385841e6b68724be80928c42', 'network_id': 'fca9125f-3fbd-42bf-b35e-cedb4d33f41e', 'ip_version': 4, 'subnetpool_id': None, 'enable_dhcp': True, 'ipv6_ra_mode': None, 'ipv6_address_mode': None, 'gateway_ip': '192.168.128.1', 'cidr': '192.168.128.0/28', 'allocation_pools': [{'start': '192.168.128.2', 'end': '192.168.128.14'}], 'host_routes': [], 'dns_nameservers': [], 'description': '', 'router:external': False, 'service_types': [], 'tags': [], 'created_at': '2024-12-12T03:29:59Z', 'updated_at': '2024-12-12T03:29:59Z', 'revision_number': 0, 'project_id': '13f677cd385841e6b68724be80928c42'}, Router: {'id': '8fb1ee27-2200-4c52-bf49-dbecbcf215df', 'name': 'tempest-ServersNegativeTestJSON-396198727-router', 'tenant_id': '13f677cd385841e6b68724be80928c42', 'admin_state_up': True, 'status': 'ACTIVE', 'external_gateway_info': {'network_id': '95dfe351-cff0-448f-a4dd-26329b0e1937', 'external_fixed_ips': [{'subnet_id': '86dfa9db-67c9-4835-983b-89a9a0394e51', 'ip_address': '10.180.180.128'}], 'enable_snat': True}, 'description': '', 'availability_zones': [], 'distributed': False, 'ha': False, 'availability_zone_hints': [], 'routes': [], 'flavor_id': None, 'tags': [], 'created_at': '2024-12-12T03:30:00Z', 'updated_at': '2024-12-12T03:30:00Z', 'revision_number': 2, 'project_id': '13f677cd385841e6b68724be80928c42'}
2024-12-12 03:30:02.400 66354 INFO tempest.lib.common.rest_client [req-4a6cda76-a9f8-4497-b2a9-c0ad6c5373bd req-4a6cda76-a9f8-4497-b2a9-c0ad6c5373bd ] Request (ServersWithSpecificFlavorTestJSON:test_verify_created_server_ephemeral_disk): 200 GET http://10.180.1.21/compute/v2.1/servers/0dcc25aa-294f-46d2-b01a-1eb7149b4838 1.205s
2024-12-12 03:30:02.426 66388 INFO tempest.lib.common.rest_client [req-af97af72-a006-42c6-b16e-afd8f07500ee req-af97af72-a006-42c6-b16e-afd8f07500ee ] Request (MigrationsAdminTest:test_list_migrations_in_flavor_resize_situation): 200 GET http://10.180.1.21/compute/v2.1/servers/571c2ea4-2a87-4876-a245-c6f6f67d2223 1.249s
2024-12-12 03:30:02.452 66340 INFO tempest.lib.common.rest_client [req-05439841-ea68-4e36-a413-acecf4c7de98 req-05439841-ea68-4e36-a413-acecf4c7de98 ] Request (ServersNegativeTestJSON:setUpClass): 201 POST http://10.180.1.21/identity/v3/auth/tokens 0.098s
2024-12-12 03:30:02.464 66364 INFO tempest.lib.common.rest_client [req-b74c2b84-e73d-4ba4-abf4-c38e00f47f10 req-b74c2b84-e73d-4ba4-abf4-c38e00f47f10 ] Request (AttachInterfacesUnderV243Test:test_add_remove_fixed_ip): 200 GET http://10.180.1.21/compute/v2.1/servers/059488cd-9eee-4fe3-bfd9-73a761223193 1.250s
2024-12-12 03:30:02.492 66340 INFO tempest.lib.common.rest_client [req-268dbbf1-c7c3-471f-b3db-930bbaef0427 req-268dbbf1-c7c3-471f-b3db-930bbaef0427 ] Request (ServersNegativeTestJSON:setUpClass): 201 POST http://10.180.1.21/identity/v3/auth/tokens 0.036s
2024-12-12 03:30:02.492 66340 INFO tempest.lib.common.fixed_network [-] (ServersNegativeTestJSON:setUpClass) Found network {'id': 'fca9125f-3fbd-42bf-b35e-cedb4d33f41e', 'name': 'tempest-ServersNegativeTestJSON-396198727-network', 'tenant_id': '13f677cd385841e6b68724be80928c42', 'admin_state_up': True, 'mtu': 8950, 'status': 'ACTIVE', 'subnets': [], 'shared': False, 'project_id': '13f677cd385841e6b68724be80928c42', 'port_security_enabled': True, 'router:external': False, 'provider:network_type': 'vlan', 'provider:physical_network': 'default', 'provider:segmentation_id': 981, 'availability_zone_hints': [], 'availability_zones': [], 'ipv4_address_scope': None, 'ipv6_address_scope': None, 'description': '', 'tags': [], 'created_at': '2024-12-12T03:29:59Z', 'updated_at': '2024-12-12T03:29:59Z', 'revision_number': 1} available for tenant
2024-12-12 03:30:02.527 66350 INFO tempest.lib.common.rest_client [req-788ef69d-464b-4a7b-8985-7aea145de0cc req-788ef69d-464b-4a7b-8985-7aea145de0cc ] Request (ServersTestFqdnHostnames:test_create_server_with_fqdn_name): 200 GET http://10.180.1.21/compute/v2.1/servers/1af9bf5c-5587-487f-8c5d-04b61eac2bc3 1.241s
2024-12-12 03:30:02.572 66342 INFO tempest.lib.common.rest_client [req-ce94e491-4335-4b69-b12d-41a8c86b6c2d req-ce94e491-4335-4b69-b12d-41a8c86b6c2d ] Request (ImagesTestJSON:test_create_image_from_stopped_server): 200 GET http://10.180.1.21/compute/v2.1/images/8b8dde4c-1484-46c0-aae1-34baa3386023 1.204s
2024-12-12 03:30:02.599 66396 INFO tempest.lib.common.rest_client [req-64693eab-2c40-488b-8f55-0ad769f2b795 req-64693eab-2c40-488b-8f55-0ad769f2b795 ] Request (ServerActionsTestOtherA:setUpClass): 201 POST http://10.180.1.21:9696/networking/v2.0/routers 1.098s
2024-12-12 03:30:02.626 66366 INFO tempest.lib.common.rest_client [req-fd3fa792-dd90-4c33-acf4-887989c09e73 req-fd3fa792-dd90-4c33-acf4-887989c09e73 ] Request (FloatingIPDetailsTestJSON:setUpClass): 201 POST http://10.180.1.21:9696/networking/v2.0/networks 0.531s
2024-12-12 03:30:02.634 66360 INFO tempest.lib.common.rest_client [req-68b91a12-0761-4317-a2b6-d14bfb0bb3ae req-68b91a12-0761-4317-a2b6-d14bfb0bb3ae ] Request (ServersAdmin275Test:_run_cleanups): 200 GET http://10.180.1.21/compute/v2.1/servers/f9324e42-bc6f-49f4-b716-92f25ac17433 1.243s
2024-12-12 03:30:02.643 66360 INFO tempest.common.waiters [-] State transition "REBUILD/rebuilding" ==> "REBUILD/rebuild_spawning" after 2 second wait
2024-12-12 03:30:02.705 66394 INFO tempest.lib.common.rest_client [req-56fa205f-e48d-408b-9891-e18ed3838d0d req-56fa205f-e48d-408b-9891-e18ed3838d0d ] Request (ServerShowV247Test:test_update_rebuild_list_server): 200 GET http://10.180.1.21/compute/v2.1/servers/6a393900-2d1e-4d11-92bd-eac1bdb98557 1.097s
2024-12-12 03:30:02.786 66368 INFO tempest.lib.common.rest_client [req-99d49f6e-7cd3-451a-b08d-cdca40ae0a37 req-99d49f6e-7cd3-451a-b08d-cdca40ae0a37 ] Request (ServerDiagnosticsNegativeTest:tearDownClass): 200 GET http://10.180.1.21/compute/v2.1/servers/c84b1d01-bbc1-4644-962a-ca1301ac099c 1.161s
2024-12-12 03:30:02.798 66390 INFO tempest.lib.common.rest_client [req-b98862ac-5f9a-4c27-9592-9e140d5e28ea req-b98862ac-5f9a-4c27-9592-9e140d5e28ea ] Request (QuotasAdminNegativeTest:test_create_server_when_cpu_quota_is_full): 403 POST http://10.180.1.21/compute/v2.1/servers 1.579s
2024-12-12 03:30:02.822 66362 INFO tempest.lib.common.rest_client [req-3d3f00ea-5ff0-4c17-b2c8-e263c101eabf req-3d3f00ea-5ff0-4c17-b2c8-e263c101eabf ] Request (AggregatesAdminNegativeTestJSON:_run_cleanups): 200 DELETE http://10.180.1.21/compute/v2.1/os-aggregates/7 1.077s
2024-12-12 03:30:02.836 66366 INFO tempest.lib.common.rest_client [req-6d90acdd-c752-42a0-acba-add0a1d4b7af req-6d90acdd-c752-42a0-acba-add0a1d4b7af ] Request (FloatingIPDetailsTestJSON:setUpClass): 201 POST http://10.180.1.21:9696/networking/v2.0/subnets 0.209s
2024-12-12 03:30:02.936 66372 INFO tempest.lib.common.rest_client [req-f8c93c11-3791-4590-a5fa-de2ea918c499 req-f8c93c11-3791-4590-a5fa-de2ea918c499 ] Request (ListServersNegativeTestJSON:setUpClass): 200 GET http://10.180.1.21/compute/v2.1/servers/74bf8090-fbaf-42b7-b981-728cdf285770 1.178s
2024-12-12 03:30:03.012 66392 INFO tempest.lib.common.rest_client [req-fa356426-b262-4a21-89d5-e144b7305453 req-fa356426-b262-4a21-89d5-e144b7305453 ] Request (ServerDiagnosticsV248Test:test_get_server_diagnostics): 200 GET http://10.180.1.21/compute/v2.1/servers/2f95d392-062c-4c62-bd39-7c19342e125c 1.198s
2024-12-12 03:30:03.100 66386 INFO tempest.lib.common.rest_client [req-6d947c48-bad9-405c-ac7e-06429639a2c0 req-6d947c48-bad9-405c-ac7e-06429639a2c0 ] Request (ServerActionsTestOtherB:setUpClass): 200 GET http://10.180.1.21/compute/v2.1/servers/a8b1c52a-0b4d-45c2-973e-d12d50b6ad3a 1.230s
2024-12-12 03:30:03.177 66384 INFO tempest.lib.common.rest_client [req-6db75c35-0262-4605-b974-dda02498bcc3 req-6db75c35-0262-4605-b974-dda02498bcc3 ] Request (ServersTestMultiNic:test_verify_duplicate_network_nics): 200 GET http://10.180.1.21/compute/v2.1/servers/425ebe0d-e361-43f1-a1ff-510df503cfe3 1.295s
2024-12-12 03:30:03.197 66370 INFO tempest.lib.common.rest_client [req-0905ae9b-8e60-4c8a-a9f1-4e691b6e8500 req-0905ae9b-8e60-4c8a-a9f1-4e691b6e8500 ] Request (QuotaClassesAdminTestJSON:test_update_default_quotas): 200 GET http://10.180.1.21/compute/v2.1/os-quota-class-sets/default 1.308s
2024-12-12 03:30:03.273 66338 INFO tempest.lib.common.rest_client [req-2cb47260-b748-49dc-b624-b95a815b8c9e req-2cb47260-b748-49dc-b624-b95a815b8c9e ] Request (ServersAdminNegativeTestJSON:test_migrate_server_invalid_state): 200 GET http://10.180.1.21/compute/v2.1/servers/65328a05-9222-43fc-b42d-4dfaeb36cbcb 1.332s
2024-12-12 03:30:03.294 66338 INFO tempest.common.waiters [-] State transition "BUILD/scheduling" ==> "BUILD/None" after 12 second wait
2024-12-12 03:30:03.330 66344 INFO tempest.lib.common.rest_client [req-558fe88f-a343-412f-ae2a-ef984f2e36b7 req-558fe88f-a343-412f-ae2a-ef984f2e36b7 ] Request (ImagesOneServerNegativeTestJSON:test_create_second_image_when_first_image_is_being_saved): 409 POST http://10.180.1.21/compute/v2.1/servers/89d052a1-7dbb-47b7-b9d1-d573a50fbc4b/action 1.384s
2024-12-12 03:30:03.384 66348 INFO tempest.lib.common.rest_client [req-63dac7cc-e5cd-4b3e-adf5-f6e112488954 req-63dac7cc-e5cd-4b3e-adf5-f6e112488954 ] Request (TenantUsagesTestJSON:test_list_usage_all_tenants): 200 GET http://10.180.1.21/compute/v2.1/os-simple-tenant-usage?start=2024-12-11T03%3A29%3A59.387707&end=2024-12-13T03%3A29%3A59.387707&detailed=1 1.366s
2024-12-12 03:30:03.514 66356 INFO tempest.lib.common.rest_client [req-a9cf1eb6-9223-4878-9e1f-d347591a79f9 req-a9cf1eb6-9223-4878-9e1f-d347591a79f9 ] Request (KeyPairsV22TestJSON:test_keypairsv22_create_list_show_with_type): 201 POST http://10.180.1.21/compute/v2.1/os-keypairs 1.744s
2024-12-12 03:30:03.602 66346 INFO tempest.lib.common.rest_client [req-2f475201-c905-4b3c-895a-6cb169a51f0c req-2f475201-c905-4b3c-895a-6cb169a51f0c ] Request (ListImageFiltersTestJSON:setUpClass): 200 GET http://10.180.1.21/compute/v2.1/servers/4db1265b-5f9d-411f-8a69-1290b9815d0b 1.376s
2024-12-12 03:30:03.661 66336 INFO tempest.lib.common.rest_client [req-7ffbbc1e-4e3d-452a-a85f-1dccb5025884 req-7ffbbc1e-4e3d-452a-a85f-1dccb5025884 ] Request (ServersAdminTestJSON:setUpClass): 200 GET http://10.180.1.21/compute/v2.1/servers/b45441c4-5492-42a2-bc5a-c4d6b7891423 1.363s
2024-12-12 03:30:03.736 66398 INFO tempest.lib.common.rest_client [req-fa4bd1f9-f11a-4aa4-8155-9906cf9f5f20 req-fa4bd1f9-f11a-4aa4-8155-9906cf9f5f20 ] Request (DeleteServersAdminTestJSON:test_admin_delete_servers_of_others): 200 GET http://10.180.1.21/compute/v2.1/servers/d4622dba-7096-4004-8ebd-a7e62c13528a 1.358s
2024-12-12 03:30:03.749 66396 INFO tempest.lib.common.rest_client [req-a8b9a76d-30eb-47ca-b3dc-ea7449cf70bd req-a8b9a76d-30eb-47ca-b3dc-ea7449cf70bd ] Request (ServerActionsTestOtherA:setUpClass): 200 PUT http://10.180.1.21:9696/networking/v2.0/routers/96b5d6d6-53d0-4565-a50c-f98eaa21de94/add_router_interface 1.149s
2024-12-12 03:30:03.749 66396 INFO tempest.lib.common.dynamic_creds [-] Created isolated network resources for: credentials: Credentials: {'domain_id': 'default', 'domain_name': 'Default', 'username': 'tempest-ServerActionsTestOtherA-1719354853-project-member', 'project_domain_id': 'default', 'project_domain_name': 'Default', 'project_id': 'd2323285af424b6fa8a8b5cff537394e', 'project_name': 'tempest-ServerActionsTestOtherA-1719354853', 'tenant_id': 'd2323285af424b6fa8a8b5cff537394e', 'tenant_name': 'tempest-ServerActionsTestOtherA-1719354853', 'user_domain_id': 'default', 'user_domain_name': 'Default', 'user_id': 'c7054d4b9b0c41d5825108d064d02e15', 'system': None}, Network: {'id': 'ce38758e-e1ce-4847-898d-51ed09702b37', 'name': 'tempest-ServerActionsTestOtherA-839001255-network', 'tenant_id': 'd2323285af424b6fa8a8b5cff537394e', 'admin_state_up': True, 'mtu': 8950, 'status': 'ACTIVE', 'subnets': [], 'shared': False, 'project_id': 'd2323285af424b6fa8a8b5cff537394e', 'port_security_enabled': True, 'router:external': False, 'provider:network_type': 'vlan', 'provider:physical_network': 'default', 'provider:segmentation_id': 68, 'availability_zone_hints': [], 'availability_zones': [], 'ipv4_address_scope': None, 'ipv6_address_scope': None, 'description': '', 'tags': [], 'created_at': '2024-12-12T03:30:01Z', 'updated_at': '2024-12-12T03:30:01Z', 'revision_number': 1}, Subnet: {'id': 'ab4a7391-4a94-4425-8488-a9db29aac789', 'name': 'tempest-ServerActionsTestOtherA-839001255-subnet', 'tenant_id': 'd2323285af424b6fa8a8b5cff537394e', 'network_id': 'ce38758e-e1ce-4847-898d-51ed09702b37', 'ip_version': 4, 'subnetpool_id': None, 'enable_dhcp': True, 'ipv6_ra_mode': None, 'ipv6_address_mode': None, 'gateway_ip': '192.168.128.1', 'cidr': '192.168.128.0/28', 'allocation_pools': [{'start': '192.168.128.2', 'end': '192.168.128.14'}], 'host_routes': [], 'dns_nameservers': [], 'description': '', 'router:external': False, 'service_types': [], 'tags': [], 'created_at': '2024-12-12T03:30:01Z', 'updated_at': '2024-12-12T03:30:01Z', 'revision_number': 0, 'project_id': 'd2323285af424b6fa8a8b5cff537394e'}, Router: {'id': '96b5d6d6-53d0-4565-a50c-f98eaa21de94', 'name': 'tempest-ServerActionsTestOtherA-839001255-router', 'tenant_id': 'd2323285af424b6fa8a8b5cff537394e', 'admin_state_up': True, 'status': 'ACTIVE', 'external_gateway_info': {'network_id': '95dfe351-cff0-448f-a4dd-26329b0e1937', 'external_fixed_ips': [{'subnet_id': '86dfa9db-67c9-4835-983b-89a9a0394e51', 'ip_address': '10.180.180.148'}], 'enable_snat': True}, 'description': '', 'availability_zones': [], 'distributed': False, 'ha': False, 'availability_zone_hints': [], 'routes': [], 'flavor_id': None, 'tags': [], 'created_at': '2024-12-12T03:30:01Z', 'updated_at': '2024-12-12T03:30:02Z', 'revision_number': 2, 'project_id': 'd2323285af424b6fa8a8b5cff537394e'}
