2024-12-12 03:32:00.580 66378 INFO paramiko.transport [-] Authentication (publickey) successful!
2024-12-12 03:32:00.583 66378 INFO tempest.lib.common.ssh [-] ssh connection to cirros@10.180.180.178 successfully created
2024-12-12 03:32:00.613 66394 INFO tempest.lib.common.rest_client [req-55b69900-3956-4cc1-a04e-0259d7471999 req-55b69900-3956-4cc1-a04e-0259d7471999 ] Request (AttachVolumeShelveTestJSON:test_attach_volume_shelved_or_offload_server): 200 GET http://10.180.1.21/compute/v2.1/servers/48b7c782-f3b2-4d24-a3c8-0ef6a461ef93 0.175s
2024-12-12 03:32:00.617 66344 INFO tempest.lib.common.rest_client [req-b016af3b-bd75-441d-86c4-7e98a5a1b55c req-b016af3b-bd75-441d-86c4-7e98a5a1b55c ] Request (ImagesOneServerNegativeTestJSON:_run_cleanups): 200 GET http://10.180.1.21/compute/v2.1/servers/30abe2dc-f244-490c-aa4d-931da243efdc 0.196s
2024-12-12 03:32:00.670 66352 INFO tempest.lib.common.rest_client [req-09d8b307-819e-40e8-8cf9-7fe9df1a996c req-09d8b307-819e-40e8-8cf9-7fe9df1a996c ] Request (ServerAddressesNegativeTestJSON:setUpClass): 200 GET http://10.180.1.21/compute/v2.1/servers/b30b8c09-c863-4a11-b0a8-7c841c7a1539 0.192s
2024-12-12 03:32:00.671 66340 INFO tempest.lib.common.rest_client [req-1b7268f5-1ab6-495c-bd6e-093c6f8c0257 req-1b7268f5-1ab6-495c-bd6e-093c6f8c0257 ] Request (ServersNegativeTestJSON:setUpClass): 200 GET http://10.180.1.21/compute/v2.1/servers/01101102-ee60-4de8-a5c1-07127419108b 0.181s
2024-12-12 03:32:00.719 66384 INFO tempest.lib.common.rest_client [req-4f4cc01c-a79c-47d7-8b9f-4dee7617503f req-4f4cc01c-a79c-47d7-8b9f-4dee7617503f ] Request (ServersTestMultiNic:_run_cleanups): 204 DELETE http://10.180.1.21:9696/networking/v2.0/networks/a9ab27b5-8b3e-4d40-98ab-60a4396d9c15 0.383s
2024-12-12 03:32:00.791 66378 INFO tempest.lib.common.rest_client [req-4d1d97ca-ea0e-44f9-8b8b-5bce9d9f4784 req-4d1d97ca-ea0e-44f9-8b8b-5bce9d9f4784 ] Request (ServersTestManualDisk:test_list_servers): 200 GET http://10.180.1.21/compute/v2.1/servers 0.197s
2024-12-12 03:32:00.850 66342 INFO tempest.lib.common.rest_client [req-be967b96-23ae-4dca-8fd8-030aa4bc7dc6 req-be967b96-23ae-4dca-8fd8-030aa4bc7dc6 ] Request (ImagesTestJSON:test_create_image_from_suspended_server): 200 GET http://10.180.1.21/compute/v2.1/servers/5fce7919-77bd-4033-bc8b-9aae4abe6c07 0.137s
2024-12-12 03:32:00.909 66384 INFO tempest.lib.common.rest_client [req-f8984d00-fb20-4104-a992-a0726ddc0d7d req-f8984d00-fb20-4104-a992-a0726ddc0d7d ] Request (ServersTestMultiNic:_run_cleanups): 204 DELETE http://10.180.1.21:9696/networking/v2.0/subnets/21d691fc-f335-456e-8bc3-96275fb3d687 0.189s
2024-12-12 03:32:00.929 66368 INFO tempest.lib.common.rest_client [req-10cb9168-feb9-4164-8f99-544c12475297 req-10cb9168-feb9-4164-8f99-544c12475297 ] Request (ImagesNegativeTestJSON:test_create_image_from_deleted_server): 200 GET http://10.180.1.21/compute/v2.1/servers/e9e2eb6e-21df-402a-9f10-6c6695c19caa 0.185s
2024-12-12 03:32:00.997 66358 INFO tempest.lib.common.rest_client [req-ecbeec03-cb9d-41c4-a122-c46210c6e697 req-ecbeec03-cb9d-41c4-a122-c46210c6e697 ] Request (ImagesOneServerTestJSON:setUpClass): 200 GET http://10.180.1.21/compute/v2.1/servers/dcfd3b17-c193-416b-8e6b-f1c149769c30 0.186s
2024-12-12 03:32:01.069 66388 INFO tempest.lib.common.rest_client [req-8de0746e-929d-4b44-804e-1239d6206349 req-8de0746e-929d-4b44-804e-1239d6206349 ] Request (MigrationsAdminTest:test_resize_server_revert_deleted_flavor): 200 GET http://10.180.1.21/compute/v2.1/servers/f6d9cca5-4f3d-4bf0-9306-6d6616533809 0.220s
2024-12-12 03:32:01.129 66356 INFO tempest.lib.common.rest_client [req-4dbd7776-a052-45ab-a111-53338d1ad2af req-4dbd7776-a052-45ab-a111-53338d1ad2af ] Request (ServersTestBootFromVolume:setUpClass): 200 GET http://10.180.1.21/compute/v2.1/servers/7fb647de-d093-4f4a-a198-468e61926976 0.253s
2024-12-12 03:32:01.153 66378 INFO tempest.lib.common.rest_client [req-69f796ae-2694-4faf-a295-c48974f2e502 req-69f796ae-2694-4faf-a295-c48974f2e502 ] Request (ServersTestManualDisk:test_list_servers_with_detail): 200 GET http://10.180.1.21/compute/v2.1/servers/detail 0.355s
2024-12-12 03:32:01.189 66336 INFO tempest.lib.common.rest_client [req-001a3895-ee37-4430-b57e-e12942eba5a9 req-001a3895-ee37-4430-b57e-e12942eba5a9 ] Request (ServersAdminTestJSON:test_create_server_with_scheduling_hint): 200 GET http://10.180.1.21/compute/v2.1/servers/c2c4b4fc-bcbe-4540-bd0f-31a8d69c5588 0.238s
2024-12-12 03:32:01.254 66372 INFO tempest.lib.common.rest_client [req-9facc122-856b-4288-94f1-3713c377873b req-9facc122-856b-4288-94f1-3713c377873b ] Request (ServerActionsTestJSON:setUpClass): 200 GET http://10.180.1.21/compute/v2.1/servers/13bc5ed7-0e84-4472-ba74-2009b801f4a1 0.227s
2024-12-12 03:32:01.272 66384 INFO tempest.lib.common.rest_client [req-d80d7806-d044-4ef9-8fac-3b701da926a2 req-d80d7806-d044-4ef9-8fac-3b701da926a2 ] Request (ServersTestMultiNic:_run_cleanups): 204 DELETE http://10.180.1.21:9696/networking/v2.0/networks/776c2b9f-a3d8-41f9-9403-b2a9e0a945bb 0.363s
2024-12-12 03:32:01.329 66348 INFO tempest.lib.common.rest_client [req-6cbcc41c-8925-4378-ba55-c46ecd139a4f req-6cbcc41c-8925-4378-ba55-c46ecd139a4f ] Request (DeleteServersTestJSON:test_delete_active_server): 200 GET http://10.180.1.21/compute/v2.1/servers/d54f5326-c587-44a4-bdd6-459f9aff96d6 0.301s
2024-12-12 03:32:01.340 66398 INFO tempest.lib.common.rest_client [req-02194c2c-8c21-44c0-9942-9fba08f2bd88 req-02194c2c-8c21-44c0-9942-9fba08f2bd88 ] Request (DeleteServersAdminTestJSON:test_delete_server_while_in_error_state): 200 GET http://10.180.1.21/compute/v2.1/servers/a721398d-f02b-4073-9ed5-b0b452af8782 0.367s
2024-12-12 03:32:01.351 66364 INFO paramiko.transport [-] Connected (version 2.0, client dropbear_2020.81)
2024-12-12 03:32:01.353 66378 INFO tempest.lib.common.rest_client [req-ced1c6f3-67b2-489a-8aa5-91b77daee8c9 req-ced1c6f3-67b2-489a-8aa5-91b77daee8c9 ] Request (ServersTestManualDisk:test_verify_created_server_vcpus): 200 GET http://10.180.1.21/compute/v2.1/flavors/42 0.188s
2024-12-12 03:32:01.355 66378 INFO tempest.lib.common.ssh [-] Creating ssh connection to '10.180.180.178:22' as 'cirros' with public key authentication
2024-12-12 03:32:01.358 66378 INFO paramiko.transport [-] Connected (version 2.0, client dropbear_2020.81)
2024-12-12 03:32:01.368 66346 INFO tempest.lib.common.rest_client [req-b60ea19c-d55f-412c-b61a-07dab271522b req-b60ea19c-d55f-412c-b61a-07dab271522b ] Request (ListImageFiltersTestJSON:setUpClass): 200 GET http://10.180.1.21/compute/v2.1/images/bf83f967-5d6e-4e75-96ee-dd7c34a1f29e 0.313s
2024-12-12 03:32:01.447 66338 INFO tempest.lib.common.rest_client [req-01e176c8-a98a-472d-9dd2-400386faac4b req-01e176c8-a98a-472d-9dd2-400386faac4b ] Request (ServersAdminNegativeTestJSON:tearDownClass): 200 GET http://10.180.1.21/compute/v2.1/servers/601e137f-f0c6-456f-962e-a97ad59f1fa5 0.200s
2024-12-12 03:32:01.463 66364 INFO paramiko.transport [-] Authentication (publickey) successful!
2024-12-12 03:32:01.464 66364 INFO tempest.lib.common.ssh [-] ssh connection to cirros@10.180.180.132 successfully created
2024-12-12 03:32:01.469 66378 INFO paramiko.transport [-] Authentication (publickey) successful!
2024-12-12 03:32:01.469 66378 INFO tempest.lib.common.ssh [-] ssh connection to cirros@10.180.180.178 successfully created
2024-12-12 03:32:01.470 66384 INFO tempest.lib.common.rest_client [req-32f27dfc-c1b0-4511-bc6e-1227fe23d1c8 req-32f27dfc-c1b0-4511-bc6e-1227fe23d1c8 ] Request (ServersTestMultiNic:test_verify_multiple_nics_order): 201 POST http://10.180.1.21:9696/networking/v2.0/networks 0.194s
2024-12-12 03:32:01.500 66366 INFO tempest.lib.common.rest_client [req-3bf56618-e9c2-4e30-bb27-553af2333376 req-3bf56618-e9c2-4e30-bb27-553af2333376 ] Request (InstanceActionsTestJSON:setUpClass): 200 GET http://10.180.1.21/compute/v2.1/servers/7a617a4a-f487-4a3d-9689-c3f4d3448c40 0.284s
2024-12-12 03:32:01.513 66382 INFO tempest.lib.common.rest_client [req-975735a8-e2c2-4387-a778-5fac07197371 req-975735a8-e2c2-4387-a778-5fac07197371 ] Request (VolumesAssistedSnapshotsTest:_run_cleanups): 200 GET http://10.180.1.21/volume/v3/volumes/96ed58a7-e105-48b3-b31f-778da83193e5 0.035s
2024-12-12 03:32:01.525 66362 INFO tempest.lib.common.rest_client [req-947085f1-0ef9-4389-9f55-2e6dd6c56f1c req-947085f1-0ef9-4389-9f55-2e6dd6c56f1c ] Request (AttachInterfacesV270Test:test_create_get_list_interfaces): 200 GET http://10.180.1.21/compute/v2.1/servers/ada9887b-6474-4679-a327-e217c7fbf167 0.178s
2024-12-12 03:32:01.618 66376 INFO tempest.lib.common.rest_client [req-4a87344e-8a06-453b-b912-3ea41ae3bc17 req-4a87344e-8a06-453b-b912-3ea41ae3bc17 ] Request (ServerGroupTestJSON:test_create_server_with_scheduler_hint_group): 200 GET http://10.180.1.21/compute/v2.1/servers/2728ada8-aae7-4566-bb67-716ac4e3eb88 0.162s
2024-12-12 03:32:01.697 66378 INFO tempest.lib.common.rest_client [req-eb42bcf0-7e90-4ad1-b231-e524869113c7 req-eb42bcf0-7e90-4ad1-b231-e524869113c7 ] Request (ServersTestManualDisk:tearDownClass): 204 DELETE http://10.180.1.21/compute/v2.1/servers/b2cdc48a-729b-4ae0-a2b0-5ca8f0eb6660 0.218s
2024-12-12 03:32:01.737 66364 INFO tempest.lib.common.rest_client [req-d7c34c21-58ed-4100-a1bd-c673289d203a req-d7c34c21-58ed-4100-a1bd-c673289d203a ] Request (AttachInterfacesUnderV243Test:test_add_remove_fixed_ip): 200 GET http://10.180.1.21/compute/v2.1/servers/059488cd-9eee-4fe3-bfd9-73a761223193/os-interface 0.273s
2024-12-12 03:32:01.758 66360 INFO tempest.lib.common.rest_client [req-83d13786-5380-4ec6-ad3d-15fe26e4ca49 req-83d13786-5380-4ec6-ad3d-15fe26e4ca49 ] Request (ServersAaction247Test:test_create_backup): 200 GET http://10.180.1.21/compute/v2.1/servers/7cb6a55f-b1b9-4fb3-b0d2-d4e108345423 0.242s
2024-12-12 03:32:01.809 66354 INFO tempest.lib.common.rest_client [req-3ebe5f03-99bc-4a00-8623-e4454f651fc6 req-3ebe5f03-99bc-4a00-8623-e4454f651fc6 ] Request (ServersWithSpecificFlavorTestJSON:test_verify_created_server_ephemeral_disk): 200 GET http://10.180.1.21/compute/v2.1/servers/4fc51519-f9a0-4ad0-bded-963e133affe9 0.248s
2024-12-12 03:32:01.868 66394 INFO tempest.lib.common.rest_client [req-65395653-c539-497c-a4d1-ac5ae4ca5b73 req-65395653-c539-497c-a4d1-ac5ae4ca5b73 ] Request (AttachVolumeShelveTestJSON:test_attach_volume_shelved_or_offload_server): 200 GET http://10.180.1.21/compute/v2.1/servers/48b7c782-f3b2-4d24-a3c8-0ef6a461ef93 0.243s
2024-12-12 03:32:01.919 66344 INFO tempest.lib.common.rest_client [req-220932d5-a6ef-4835-822f-7314daae7231 req-220932d5-a6ef-4835-822f-7314daae7231 ] Request (ImagesOneServerNegativeTestJSON:_run_cleanups): 200 GET http://10.180.1.21/compute/v2.1/servers/30abe2dc-f244-490c-aa4d-931da243efdc 0.291s
2024-12-12 03:32:01.974 66352 INFO tempest.lib.common.rest_client [req-609338a1-ac79-430e-a6b4-137bf0011785 req-609338a1-ac79-430e-a6b4-137bf0011785 ] Request (ServerAddressesNegativeTestJSON:setUpClass): 200 GET http://10.180.1.21/compute/v2.1/servers/b30b8c09-c863-4a11-b0a8-7c841c7a1539 0.296s
2024-12-12 03:32:02.031 66340 INFO tempest.lib.common.rest_client [req-85b3580b-3c19-4ccc-8f4e-5fef3f5c0d0f req-85b3580b-3c19-4ccc-8f4e-5fef3f5c0d0f ] Request (ServersNegativeTestJSON:setUpClass): 200 GET http://10.180.1.21/compute/v2.1/servers/01101102-ee60-4de8-a5c1-07127419108b 0.351s
2024-12-12 03:32:02.042 66350 INFO tempest.lib.common.rest_client [req-6bba8c9f-43df-4d81-a99e-070465cdccb5 req-6bba8c9f-43df-4d81-a99e-070465cdccb5 ] Request (ServersTestFqdnHostnames:tearDownClass): 200 GET http://10.180.1.21/compute/v2.1/servers/1af9bf5c-5587-487f-8c5d-04b61eac2bc3 0.485s
2024-12-12 03:32:02.086 66384 INFO tempest.lib.common.rest_client [req-2e223908-a65b-40cd-a9b6-4be6e20f530f req-2e223908-a65b-40cd-a9b6-4be6e20f530f ] Request (ServersTestMultiNic:test_verify_multiple_nics_order): 201 POST http://10.180.1.21:9696/networking/v2.0/subnets 0.616s
2024-12-12 03:32:02.137 66364 INFO tempest.lib.common.rest_client [req-5596815f-b020-4d48-82f6-917a1cb4149e req-5596815f-b020-4d48-82f6-917a1cb4149e ] Request (AttachInterfacesUnderV243Test:test_add_remove_fixed_ip): 200 GET http://10.180.1.21/compute/v2.1/servers/059488cd-9eee-4fe3-bfd9-73a761223193/os-interface/f9940176-f724-4736-8381-8843609df888 0.397s
2024-12-12 03:32:02.156 66378 INFO tempest.lib.common.rest_client [req-4b64bb4a-1415-462d-931c-42688a095106 req-4b64bb4a-1415-462d-931c-42688a095106 ] Request (ServersTestManualDisk:tearDownClass): 200 GET http://10.180.1.21/compute/v2.1/servers/b2cdc48a-729b-4ae0-a2b0-5ca8f0eb6660 0.458s
2024-12-12 03:32:02.260 66368 INFO tempest.lib.common.rest_client [req-7ea53065-9714-4b65-9122-e8fa36e3c117 req-7ea53065-9714-4b65-9122-e8fa36e3c117 ] Request (ImagesNegativeTestJSON:test_create_image_from_deleted_server): 200 GET http://10.180.1.21/compute/v2.1/servers/e9e2eb6e-21df-402a-9f10-6c6695c19caa 0.319s
2024-12-12 03:32:02.315 66358 INFO tempest.lib.common.rest_client [req-081faa2b-6d1c-44ff-b169-903c315ef11d req-081faa2b-6d1c-44ff-b169-903c315ef11d ] Request (ImagesOneServerTestJSON:setUpClass): 200 GET http://10.180.1.21/compute/v2.1/servers/dcfd3b17-c193-416b-8e6b-f1c149769c30 0.308s
2024-12-12 03:32:02.344 66384 INFO tempest.lib.common.rest_client [req-9d3a406b-9176-4a7b-b76c-68d11453ad85 req-9d3a406b-9176-4a7b-b76c-68d11453ad85 ] Request (ServersTestMultiNic:test_verify_multiple_nics_order): 201 POST http://10.180.1.21:9696/networking/v2.0/networks 0.257s
2024-12-12 03:32:02.365 66388 INFO tempest.lib.common.rest_client [req-5a8e682e-8035-46da-b1c9-689e08034346 req-5a8e682e-8035-46da-b1c9-689e08034346 ] Request (MigrationsAdminTest:test_resize_server_revert_deleted_flavor): 200 GET http://10.180.1.21/compute/v2.1/servers/f6d9cca5-4f3d-4bf0-9306-6d6616533809 0.288s
2024-12-12 03:32:02.390 66364 INFO tempest.lib.common.rest_client [req-9198a120-6046-45ad-bdc1-6715a9edc21e req-9198a120-6046-45ad-bdc1-6715a9edc21e ] Request (AttachInterfacesUnderV243Test:test_add_remove_fixed_ip): 200 GET http://10.180.1.21/compute/v2.1/servers/059488cd-9eee-4fe3-bfd9-73a761223193/ips 0.251s
2024-12-12 03:32:02.412 66342 INFO tempest.lib.common.rest_client [req-a7a2f64c-6447-40da-bd92-1a014311a68a req-a7a2f64c-6447-40da-bd92-1a014311a68a ] Request (ImagesTestJSON:test_create_image_from_suspended_server): 200 GET http://10.180.1.21/compute/v2.1/servers/5fce7919-77bd-4033-bc8b-9aae4abe6c07 0.551s
2024-12-12 03:32:02.449 66356 INFO tempest.lib.common.rest_client [req-0019e2e5-b3d5-48d7-97c7-c00e03a35111 req-0019e2e5-b3d5-48d7-97c7-c00e03a35111 ] Request (ServersTestBootFromVolume:setUpClass): 200 GET http://10.180.1.21/compute/v2.1/servers/7fb647de-d093-4f4a-a198-468e61926976 0.302s
2024-12-12 03:32:02.485 66336 INFO tempest.lib.common.rest_client [req-dd812f13-3d2d-4b29-8daa-eeb13de2e677 req-dd812f13-3d2d-4b29-8daa-eeb13de2e677 ] Request (ServersAdminTestJSON:test_create_server_with_scheduling_hint): 200 GET http://10.180.1.21/compute/v2.1/servers/c2c4b4fc-bcbe-4540-bd0f-31a8d69c5588 0.285s
2024-12-12 03:32:02.502 66372 INFO tempest.lib.common.rest_client [req-4588cd0a-e7b9-4d2f-9a69-81ace0890fb1 req-4588cd0a-e7b9-4d2f-9a69-81ace0890fb1 ] Request (ServerActionsTestJSON:setUpClass): 200 GET http://10.180.1.21/compute/v2.1/servers/13bc5ed7-0e84-4472-ba74-2009b801f4a1 0.238s
2024-12-12 03:32:02.549 66382 INFO tempest.lib.common.rest_client [req-b3a05634-3271-4e4e-a3d6-3a6377ad7891 req-b3a05634-3271-4e4e-a3d6-3a6377ad7891 ] Request (VolumesAssistedSnapshotsTest:_run_cleanups): 404 GET http://10.180.1.21/volume/v3/volumes/96ed58a7-e105-48b3-b31f-778da83193e5 0.016s
2024-12-12 03:32:02.557 66348 INFO tempest.lib.common.rest_client [req-7169fee2-58a2-47a2-a74b-105e1565b617 req-7169fee2-58a2-47a2-a74b-105e1565b617 ] Request (DeleteServersTestJSON:test_delete_active_server): 200 GET http://10.180.1.21/compute/v2.1/servers/d54f5326-c587-44a4-bdd6-459f9aff96d6 0.221s
2024-12-12 03:32:02.573 66398 INFO tempest.lib.common.rest_client [req-7f4efeb8-cec2-48f4-9992-d15ad9c139fc req-7f4efeb8-cec2-48f4-9992-d15ad9c139fc ] Request (DeleteServersAdminTestJSON:test_delete_server_while_in_error_state): 200 GET http://10.180.1.21/compute/v2.1/servers/a721398d-f02b-4073-9ed5-b0b452af8782 0.225s
2024-12-12 03:32:02.608 66364 INFO tempest.lib.common.rest_client [req-c69c1e36-4dbc-4913-8b39-a196de2ffdae req-c69c1e36-4dbc-4913-8b39-a196de2ffdae ] Request (AttachInterfacesUnderV243Test:test_add_remove_fixed_ip): 202 POST http://10.180.1.21/compute/v2.1/servers/059488cd-9eee-4fe3-bfd9-73a761223193/action 0.216s
2024-12-12 03:32:02.621 66346 INFO tempest.lib.common.rest_client [req-fedaff2a-d3a0-49c8-ac87-f66a98bdd949 req-fedaff2a-d3a0-49c8-ac87-f66a98bdd949 ] Request (ListImageFiltersTestJSON:setUpClass): 200 GET http://10.180.1.21/compute/v2.1/images/bf83f967-5d6e-4e75-96ee-dd7c34a1f29e 0.249s
2024-12-12 03:32:02.670 66338 INFO tempest.lib.common.rest_client [req-ef64f2f6-76fc-4c83-9034-2cff0502b8db req-ef64f2f6-76fc-4c83-9034-2cff0502b8db ] Request (ServersAdminNegativeTestJSON:tearDownClass): 200 GET http://10.180.1.21/compute/v2.1/servers/601e137f-f0c6-456f-962e-a97ad59f1fa5 0.212s
2024-12-12 03:32:02.702 66384 INFO tempest.lib.common.rest_client [req-8b36610b-b847-42f1-8339-2d6d656a23ad req-8b36610b-b847-42f1-8339-2d6d656a23ad ] Request (ServersTestMultiNic:test_verify_multiple_nics_order): 201 POST http://10.180.1.21:9696/networking/v2.0/subnets 0.358s
2024-12-12 03:32:02.727 66362 INFO tempest.lib.common.rest_client [req-d436b99e-8d2a-44a2-81bb-a0221bf40ca5 req-d436b99e-8d2a-44a2-81bb-a0221bf40ca5 ] Request (AttachInterfacesV270Test:test_create_get_list_interfaces): 200 GET http://10.180.1.21/compute/v2.1/servers/ada9887b-6474-4679-a327-e217c7fbf167 0.192s
2024-12-12 03:32:02.736 66362 INFO tempest.common.waiters [-] State transition "BUILD/None" ==> "BUILD/networking" after 90 second wait
2024-12-12 03:32:02.741 66366 INFO tempest.lib.common.rest_client [req-304dc2c1-b0a7-4f6e-98cb-119c4813a76a req-304dc2c1-b0a7-4f6e-98cb-119c4813a76a ] Request (InstanceActionsTestJSON:setUpClass): 200 GET http://10.180.1.21/compute/v2.1/servers/7a617a4a-f487-4a3d-9689-c3f4d3448c40 0.232s
2024-12-12 03:32:02.767 66364 INFO tempest.lib.common.rest_client [req-b4e41682-10aa-48f7-8cbc-062916fd1cfe req-b4e41682-10aa-48f7-8cbc-062916fd1cfe ] Request (AttachInterfacesUnderV243Test:test_add_remove_fixed_ip): 200 GET http://10.180.1.21/compute/v2.1/servers/059488cd-9eee-4fe3-bfd9-73a761223193/ips 0.155s
2024-12-12 03:32:02.796 66384 INFO tempest.lib.common.rest_client [req-3511d26f-3a37-408e-93a8-a6f37ab67754 req-3511d26f-3a37-408e-93a8-a6f37ab67754 ] Request (ServersTestMultiNic:test_verify_multiple_nics_order): 201 POST http://10.180.1.21/identity/v3/auth/tokens 0.090s
2024-12-12 03:32:02.796 66384 INFO tempest.lib.common.fixed_network [-] (ServersTestMultiNic:test_verify_multiple_nics_order) Found network {'id': 'fff61590-5f59-43cf-8821-b2560953d0be', 'name': 'tempest-ServersTestMultiNic-1754749372-network', 'tenant_id': 'e48b1a5cc1804c109e5404ce122df4d4', 'admin_state_up': True, 'mtu': 8950, 'status': 'ACTIVE', 'subnets': [], 'shared': False, 'project_id': 'e48b1a5cc1804c109e5404ce122df4d4', 'port_security_enabled': True, 'router:external': False, 'provider:network_type': 'vlan', 'provider:physical_network': 'default', 'provider:segmentation_id': 191, 'availability_zone_hints': [], 'availability_zones': [], 'ipv4_address_scope': None, 'ipv6_address_scope': None, 'description': '', 'tags': [], 'created_at': '2024-12-12T03:29:47Z', 'updated_at': '2024-12-12T03:29:47Z', 'revision_number': 1} available for tenant
2024-12-12 03:32:02.813 66382 INFO tempest.lib.common.rest_client [req-f332a1dd-e82f-4697-9cc3-41deda7ed5b4 req-f332a1dd-e82f-4697-9cc3-41deda7ed5b4 ] Request (VolumesAssistedSnapshotsTest:tearDownClass): 204 DELETE http://10.180.1.21/compute/v2.1/servers/a39ea307-7343-4c5d-a62f-1b4af7c27a9a 0.254s
2024-12-12 03:32:02.867 66376 INFO tempest.lib.common.rest_client [req-5330c2e5-782c-4f69-8b93-fc3f0d377b36 req-5330c2e5-782c-4f69-8b93-fc3f0d377b36 ] Request (ServerGroupTestJSON:test_create_server_with_scheduler_hint_group): 200 GET http://10.180.1.21/compute/v2.1/servers/2728ada8-aae7-4566-bb67-716ac4e3eb88 0.241s
2024-12-12 03:32:02.867 66360 INFO tempest.lib.common.rest_client [req-91915ee2-b710-4e10-af39-7eda3e5527c3 req-91915ee2-b710-4e10-af39-7eda3e5527c3 ] Request (ServersAaction247Test:test_create_backup): 200 GET http://10.180.1.21/compute/v2.1/servers/7cb6a55f-b1b9-4fb3-b0d2-d4e108345423 0.101s
2024-12-12 03:32:02.880 66396 WARNING tempest.lib.common.ssh [-] Failed to establish authenticated ssh connection to cirros@10.180.180.236 ([Errno None] Unable to connect to port 22 on 10.180.180.236). Number attempts: 1. Retry after 2 seconds.: paramiko.ssh_exception.NoValidConnectionsError: [Errno None] Unable to connect to port 22 on 10.180.180.236
2024-12-12 03:32:02.999 66382 INFO tempest.lib.common.rest_client [req-9276e18e-60ea-4c7e-ab7e-5524f60af5fe req-9276e18e-60ea-4c7e-ab7e-5524f60af5fe ] Request (VolumesAssistedSnapshotsTest:tearDownClass): 200 GET http://10.180.1.21/compute/v2.1/servers/a39ea307-7343-4c5d-a62f-1b4af7c27a9a 0.185s
2024-12-12 03:32:03.273 66354 INFO tempest.lib.common.rest_client [req-8297fc41-c944-4dae-96a4-36ac3dd24747 req-8297fc41-c944-4dae-96a4-36ac3dd24747 ] Request (ServersWithSpecificFlavorTestJSON:test_verify_created_server_ephemeral_disk): 200 GET http://10.180.1.21/compute/v2.1/servers/4fc51519-f9a0-4ad0-bded-963e133affe9 0.457s
2024-12-12 03:32:03.372 66394 INFO tempest.lib.common.rest_client [req-62dd6b97-36d3-45fe-9670-0afb0e70f51a req-62dd6b97-36d3-45fe-9670-0afb0e70f51a ] Request (AttachVolumeShelveTestJSON:test_attach_volume_shelved_or_offload_server): 200 GET http://10.180.1.21/compute/v2.1/servers/48b7c782-f3b2-4d24-a3c8-0ef6a461ef93 0.495s
2024-12-12 03:32:03.377 66384 INFO tempest.lib.common.rest_client [req-f10062d1-3ada-4510-ad6b-aa0ca3ae4146 req-f10062d1-3ada-4510-ad6b-aa0ca3ae4146 ] Request (ServersTestMultiNic:test_verify_multiple_nics_order): 202 POST http://10.180.1.21/compute/v2.1/servers 0.580s
2024-12-12 03:32:03.454 66344 INFO tempest.lib.common.rest_client [req-f6907594-0891-4c7d-98af-69f1bd94ddb4 req-f6907594-0891-4c7d-98af-69f1bd94ddb4 ] Request (ImagesOneServerNegativeTestJSON:_run_cleanups): 200 GET http://10.180.1.21/compute/v2.1/servers/30abe2dc-f244-490c-aa4d-931da243efdc 0.526s
2024-12-12 03:32:03.479 66352 INFO tempest.lib.common.rest_client [req-3231d48d-9eea-4b45-9a27-2380a34e9b63 req-3231d48d-9eea-4b45-9a27-2380a34e9b63 ] Request (ServerAddressesNegativeTestJSON:setUpClass): 200 GET http://10.180.1.21/compute/v2.1/servers/b30b8c09-c863-4a11-b0a8-7c841c7a1539 0.493s
2024-12-12 03:32:03.515 66340 INFO tempest.lib.common.rest_client [req-3efee044-136c-418c-a752-dcba31a962cf req-3efee044-136c-418c-a752-dcba31a962cf ] Request (ServersNegativeTestJSON:setUpClass): 200 GET http://10.180.1.21/compute/v2.1/servers/01101102-ee60-4de8-a5c1-07127419108b 0.470s
2024-12-12 03:32:03.700 66378 INFO tempest.lib.common.rest_client [req-4416fafa-1eec-42b8-babe-78f726eb1e55 req-4416fafa-1eec-42b8-babe-78f726eb1e55 ] Request (ServersTestManualDisk:tearDownClass): 200 GET http://10.180.1.21/compute/v2.1/servers/b2cdc48a-729b-4ae0-a2b0-5ca8f0eb6660 0.529s
2024-12-12 03:32:03.735 66350 INFO tempest.lib.common.rest_client [req-8f0d5601-5e16-4882-90e1-05428d4fd536 req-8f0d5601-5e16-4882-90e1-05428d4fd536 ] Request (ServersTestFqdnHostnames:tearDownClass): 200 GET http://10.180.1.21/compute/v2.1/servers/1af9bf5c-5587-487f-8c5d-04b61eac2bc3 0.683s
2024-12-12 03:32:03.828 66358 INFO tempest.lib.common.rest_client [req-94fadafe-629a-49f4-b78e-564af3e0a956 req-94fadafe-629a-49f4-b78e-564af3e0a956 ] Request (ImagesOneServerTestJSON:setUpClass): 200 GET http://10.180.1.21/compute/v2.1/servers/dcfd3b17-c193-416b-8e6b-f1c149769c30 0.503s
2024-12-12 03:32:03.909 66388 INFO tempest.lib.common.rest_client [req-b25ce43d-b720-4c60-bc13-3e8c3ca5451b req-b25ce43d-b720-4c60-bc13-3e8c3ca5451b ] Request (MigrationsAdminTest:test_resize_server_revert_deleted_flavor): 200 GET http://10.180.1.21/compute/v2.1/servers/f6d9cca5-4f3d-4bf0-9306-6d6616533809 0.532s
2024-12-12 03:32:03.925 66368 INFO tempest.lib.common.rest_client [req-10af828e-0e04-4ec5-a45e-bcf7fcf54778 req-10af828e-0e04-4ec5-a45e-bcf7fcf54778 ] Request (ImagesNegativeTestJSON:test_create_image_from_deleted_server): 200 GET http://10.180.1.21/compute/v2.1/servers/e9e2eb6e-21df-402a-9f10-6c6695c19caa 0.653s
2024-12-12 03:32:03.934 66368 INFO tempest.common.waiters [-] State transition "BUILD/spawning" ==> "ACTIVE/None" after 101 second wait
2024-12-12 03:32:03.965 66384 INFO tempest.lib.common.rest_client [req-9a789c1f-0abf-4676-8c0b-33966739e9b2 req-9a789c1f-0abf-4676-8c0b-33966739e9b2 ] Request (ServersTestMultiNic:test_verify_multiple_nics_order): 200 GET http://10.180.1.21/compute/v2.1/servers/7d8194b9-bb34-4c75-b687-c5f3cb93e47d 0.584s
2024-12-12 03:32:04.039 66356 INFO tempest.lib.common.rest_client [req-11d1aeea-3b79-4900-9a0a-423cbb8135a1 req-11d1aeea-3b79-4900-9a0a-423cbb8135a1 ] Request (ServersTestBootFromVolume:setUpClass): 200 GET http://10.180.1.21/compute/v2.1/servers/7fb647de-d093-4f4a-a198-468e61926976 0.582s
2024-12-12 03:32:04.085 66342 INFO tempest.lib.common.rest_client [req-01d8efb7-7c1c-47ea-9f09-71598104445b req-01d8efb7-7c1c-47ea-9f09-71598104445b ] Request (ImagesTestJSON:test_create_image_from_suspended_server): 200 GET http://10.180.1.21/compute/v2.1/servers/5fce7919-77bd-4033-bc8b-9aae4abe6c07 0.663s
2024-12-12 03:32:04.113 66336 INFO tempest.lib.common.rest_client [req-3b4850ac-28d2-4f62-918a-d0257bf2ce56 req-3b4850ac-28d2-4f62-918a-d0257bf2ce56 ] Request (ServersAdminTestJSON:test_create_server_with_scheduling_hint): 200 GET http://10.180.1.21/compute/v2.1/servers/c2c4b4fc-bcbe-4540-bd0f-31a8d69c5588 0.620s
2024-12-12 03:32:04.194 66372 INFO tempest.lib.common.rest_client [req-e5c29a01-a4c3-45b9-aa8c-4c4bed961bb2 req-e5c29a01-a4c3-45b9-aa8c-4c4bed961bb2 ] Request (ServerActionsTestJSON:setUpClass): 200 GET http://10.180.1.21/compute/v2.1/servers/13bc5ed7-0e84-4472-ba74-2009b801f4a1 0.681s
2024-12-12 03:32:04.194 66348 INFO tempest.lib.common.rest_client [req-b3d6494b-6e37-4d8f-8140-95708552a43c req-b3d6494b-6e37-4d8f-8140-95708552a43c ] Request (DeleteServersTestJSON:test_delete_active_server): 200 GET http://10.180.1.21/compute/v2.1/servers/d54f5326-c587-44a4-bdd6-459f9aff96d6 0.622s
2024-12-12 03:32:04.266 66346 INFO tempest.lib.common.rest_client [req-3e6edb4f-31e1-4b07-8e07-3447240e8cb4 req-3e6edb4f-31e1-4b07-8e07-3447240e8cb4 ] Request (ListImageFiltersTestJSON:setUpClass): 200 GET http://10.180.1.21/compute/v2.1/images/bf83f967-5d6e-4e75-96ee-dd7c34a1f29e 0.638s
2024-12-12 03:32:04.296 66398 INFO tempest.lib.common.rest_client [req-9a222b41-bfbe-46df-93ed-7c8d1c92b9bf req-9a222b41-bfbe-46df-93ed-7c8d1c92b9bf ] Request (DeleteServersAdminTestJSON:test_delete_server_while_in_error_state): 200 GET http://10.180.1.21/compute/v2.1/servers/a721398d-f02b-4073-9ed5-b0b452af8782 0.710s
2024-12-12 03:32:04.303 66398 INFO tempest.common.waiters [-] State transition "ERROR/deleting" ==> "DELETED/None" after 5 second wait
2024-12-12 03:32:04.378 66338 INFO tempest.lib.common.rest_client [req-103793e7-0cf3-411e-80c1-827ffe403621 req-103793e7-0cf3-411e-80c1-827ffe403621 ] Request (ServersAdminNegativeTestJSON:tearDownClass): 200 GET http://10.180.1.21/compute/v2.1/servers/601e137f-f0c6-456f-962e-a97ad59f1fa5 0.699s
2024-12-12 03:32:04.505 66362 INFO tempest.lib.common.rest_client [req-89dfd22c-a3d1-4359-bb44-2390af231f5b req-89dfd22c-a3d1-4359-bb44-2390af231f5b ] Request (AttachInterfacesV270Test:test_create_get_list_interfaces): 200 GET http://10.180.1.21/compute/v2.1/servers/ada9887b-6474-4679-a327-e217c7fbf167 0.767s
2024-12-12 03:32:04.515 66362 INFO tempest.common.waiters [-] State transition "BUILD/networking" ==> "BUILD/spawning" after 92 second wait
2024-12-12 03:32:04.532 66364 INFO tempest.lib.common.rest_client [req-7c399ee1-f207-4d8b-ad12-6eda94693693 req-7c399ee1-f207-4d8b-ad12-6eda94693693 ] Request (AttachInterfacesUnderV243Test:test_add_remove_fixed_ip): 200 GET http://10.180.1.21/compute/v2.1/servers/059488cd-9eee-4fe3-bfd9-73a761223193/ips 0.761s
2024-12-12 03:32:04.655 66366 INFO tempest.lib.common.rest_client [req-edc9ca71-f664-428e-bb7b-dec9ec7375b2 req-edc9ca71-f664-428e-bb7b-dec9ec7375b2 ] Request (InstanceActionsTestJSON:setUpClass): 200 GET http://10.180.1.21/compute/v2.1/servers/7a617a4a-f487-4a3d-9689-c3f4d3448c40 0.908s
2024-12-12 03:32:04.714 66376 INFO tempest.lib.common.rest_client [req-561ceb75-3757-4905-888a-40089feee37e req-561ceb75-3757-4905-888a-40089feee37e ] Request (ServerGroupTestJSON:test_create_server_with_scheduler_hint_group): 200 GET http://10.180.1.21/compute/v2.1/servers/2728ada8-aae7-4566-bb67-716ac4e3eb88 0.840s
2024-12-12 03:32:04.740 66360 INFO tempest.lib.common.rest_client [req-087cffdf-db5a-4313-a68f-917d557a7590 req-087cffdf-db5a-4313-a68f-917d557a7590 ] Request (ServersAaction247Test:test_create_backup): 200 GET http://10.180.1.21/compute/v2.1/servers/7cb6a55f-b1b9-4fb3-b0d2-d4e108345423 0.862s
2024-12-12 03:32:04.810 66368 INFO tempest.lib.common.rest_client [req-4a41671b-2899-44a9-9940-735fa9439b2c req-4a41671b-2899-44a9-9940-735fa9439b2c ] Request (ImagesNegativeTestJSON:test_create_image_from_deleted_server): 204 DELETE http://10.180.1.21/compute/v2.1/servers/e9e2eb6e-21df-402a-9f10-6c6695c19caa 0.875s
2024-12-12 03:32:04.866 66382 INFO tempest.lib.common.rest_client [req-a894e108-bab1-4a72-8f19-0c75642248a6 req-a894e108-bab1-4a72-8f19-0c75642248a6 ] Request (VolumesAssistedSnapshotsTest:tearDownClass): 200 GET http://10.180.1.21/compute/v2.1/servers/a39ea307-7343-4c5d-a62f-1b4af7c27a9a 0.854s
2024-12-12 03:32:04.875 66354 INFO tempest.lib.common.rest_client [req-d8b3d847-8f78-424a-a1ea-f15a0f3e0eae req-d8b3d847-8f78-424a-a1ea-f15a0f3e0eae ] Request (ServersWithSpecificFlavorTestJSON:test_verify_created_server_ephemeral_disk): 200 GET http://10.180.1.21/compute/v2.1/servers/4fc51519-f9a0-4ad0-bded-963e133affe9 0.582s
2024-12-12 03:32:04.924 66394 INFO tempest.lib.common.rest_client [req-5fd5ea7e-0774-4afb-bba0-48a0e116d521 req-5fd5ea7e-0774-4afb-bba0-48a0e116d521 ] Request (AttachVolumeShelveTestJSON:test_attach_volume_shelved_or_offload_server): 200 GET http://10.180.1.21/compute/v2.1/servers/48b7c782-f3b2-4d24-a3c8-0ef6a461ef93 0.535s
2024-12-12 03:32:04.940 66344 INFO tempest.lib.common.rest_client [req-b9dea324-e853-4fdd-99f0-662af99a9fa1 req-b9dea324-e853-4fdd-99f0-662af99a9fa1 ] Request (ImagesOneServerNegativeTestJSON:_run_cleanups): 200 GET http://10.180.1.21/compute/v2.1/servers/30abe2dc-f244-490c-aa4d-931da243efdc 0.478s
2024-12-12 03:32:04.973 66352 INFO tempest.lib.common.rest_client [req-18f75178-ffc2-4da7-8672-5e6daf66ade3 req-18f75178-ffc2-4da7-8672-5e6daf66ade3 ] Request (ServerAddressesNegativeTestJSON:setUpClass): 200 GET http://10.180.1.21/compute/v2.1/servers/b30b8c09-c863-4a11-b0a8-7c841c7a1539 0.486s
2024-12-12 03:32:04.990 66340 INFO tempest.lib.common.rest_client [req-088ebfcf-63c2-4c33-87c5-58d20fb45f2a req-088ebfcf-63c2-4c33-87c5-58d20fb45f2a ] Request (ServersNegativeTestJSON:setUpClass): 200 GET http://10.180.1.21/compute/v2.1/servers/01101102-ee60-4de8-a5c1-07127419108b 0.466s
2024-12-12 03:32:05.032 66378 INFO tempest.lib.common.rest_client [req-b06a8a39-fac2-440a-b778-85cddbe03549 req-b06a8a39-fac2-440a-b778-85cddbe03549 ] Request (ServersTestManualDisk:tearDownClass): 200 GET http://10.180.1.21/compute/v2.1/servers/b2cdc48a-729b-4ae0-a2b0-5ca8f0eb6660 0.321s
2024-12-12 03:32:05.046 66350 INFO tempest.lib.common.rest_client [req-dba672ec-a032-48f1-aca0-3da193891c82 req-dba672ec-a032-48f1-aca0-3da193891c82 ] Request (ServersTestFqdnHostnames:tearDownClass): 200 GET http://10.180.1.21/compute/v2.1/servers/1af9bf5c-5587-487f-8c5d-04b61eac2bc3 0.290s
2024-12-12 03:32:05.100 66358 INFO tempest.lib.common.rest_client [req-9340702a-7f4e-411d-8c11-e123ce9731f8 req-9340702a-7f4e-411d-8c11-e123ce9731f8 ] Request (ImagesOneServerTestJSON:setUpClass): 200 GET http://10.180.1.21/compute/v2.1/servers/dcfd3b17-c193-416b-8e6b-f1c149769c30 0.262s
2024-12-12 03:32:05.171 66368 INFO tempest.lib.common.rest_client [req-43788d44-5f30-4c4c-83e3-c2891b300806 req-43788d44-5f30-4c4c-83e3-c2891b300806 ] Request (ImagesNegativeTestJSON:test_create_image_from_deleted_server): 200 GET http://10.180.1.21/compute/v2.1/servers/e9e2eb6e-21df-402a-9f10-6c6695c19caa 0.360s
2024-12-12 03:32:05.176 66388 INFO tempest.lib.common.rest_client [req-6721751b-7e62-4d5f-8bc4-4db4376d562f req-6721751b-7e62-4d5f-8bc4-4db4376d562f ] Request (MigrationsAdminTest:test_resize_server_revert_deleted_flavor): 200 GET http://10.180.1.21/compute/v2.1/servers/f6d9cca5-4f3d-4bf0-9306-6d6616533809 0.257s
2024-12-12 03:32:05.221 66384 INFO tempest.lib.common.rest_client [req-8d3dc3b2-46ca-4b84-8670-425167147f0d req-8d3dc3b2-46ca-4b84-8670-425167147f0d ] Request (ServersTestMultiNic:test_verify_multiple_nics_order): 200 GET http://10.180.1.21/compute/v2.1/servers/7d8194b9-bb34-4c75-b687-c5f3cb93e47d 0.243s
2024-12-12 03:32:05.233 66356 INFO tempest.lib.common.rest_client [req-27c76cb7-9230-4208-af38-83a1e6fad46c req-27c76cb7-9230-4208-af38-83a1e6fad46c ] Request (ServersTestBootFromVolume:setUpClass): 200 GET http://10.180.1.21/compute/v2.1/servers/7fb647de-d093-4f4a-a198-468e61926976 0.184s
2024-12-12 03:32:05.285 66336 INFO tempest.lib.common.rest_client [req-0b11f0be-acde-452e-8432-b891bffe190e req-0b11f0be-acde-452e-8432-b891bffe190e ] Request (ServersAdminTestJSON:test_create_server_with_scheduling_hint): 200 GET http://10.180.1.21/compute/v2.1/servers/c2c4b4fc-bcbe-4540-bd0f-31a8d69c5588 0.157s
2024-12-12 03:32:05.336 66342 INFO tempest.lib.common.rest_client [req-31141d27-7cb0-4a6c-b241-5d3507364151 req-31141d27-7cb0-4a6c-b241-5d3507364151 ] Request (ImagesTestJSON:test_create_image_from_suspended_server): 200 GET http://10.180.1.21/compute/v2.1/servers/5fce7919-77bd-4033-bc8b-9aae4abe6c07 0.233s
2024-12-12 03:32:05.342 66372 INFO tempest.lib.common.rest_client [req-21748b7f-0c34-496f-8a66-831f301eece9 req-21748b7f-0c34-496f-8a66-831f301eece9 ] Request (ServerActionsTestJSON:setUpClass): 200 GET http://10.180.1.21/compute/v2.1/servers/13bc5ed7-0e84-4472-ba74-2009b801f4a1 0.138s
2024-12-12 03:32:05.345 66342 INFO tempest.common.waiters [-] State transition "BUILD/spawning" ==> "ACTIVE/None" after 102 second wait
2024-12-12 03:32:05.349 66372 INFO tempest.common.waiters [-] State transition "BUILD/scheduling" ==> "BUILD/None" after 52 second wait
2024-12-12 03:32:05.374 66386 WARNING tempest.lib.common.ssh [-] Failed to establish authenticated ssh connection to cirros@10.180.180.228 ([Errno None] Unable to connect to port 22 on 10.180.180.228). Number attempts: 4. Retry after 5 seconds.: paramiko.ssh_exception.NoValidConnectionsError: [Errno None] Unable to connect to port 22 on 10.180.180.228
2024-12-12 03:32:05.385 66346 INFO tempest.lib.common.rest_client [req-cba449d2-da5d-4682-a73f-aacf9c7c5e2c req-cba449d2-da5d-4682-a73f-aacf9c7c5e2c ] Request (ListImageFiltersTestJSON:setUpClass): 200 GET http://10.180.1.21/compute/v2.1/images/bf83f967-5d6e-4e75-96ee-dd7c34a1f29e 0.116s
2024-12-12 03:32:05.402 66348 INFO tempest.lib.common.rest_client [req-bbe9008b-4cbd-4e22-a8cf-8a084dc3fb68 req-bbe9008b-4cbd-4e22-a8cf-8a084dc3fb68 ] Request (DeleteServersTestJSON:test_delete_active_server): 200 GET http://10.180.1.21/compute/v2.1/servers/d54f5326-c587-44a4-bdd6-459f9aff96d6 0.187s
2024-12-12 03:32:05.451 66398 INFO tempest.lib.common.rest_client [req-5cb35624-f5a3-4d80-9dc2-f44818a2697d req-5cb35624-f5a3-4d80-9dc2-f44818a2697d ] Request (DeleteServersAdminTestJSON:test_delete_server_while_in_error_state): 200 GET http://10.180.1.21/compute/v2.1/servers/a721398d-f02b-4073-9ed5-b0b452af8782 0.147s
2024-12-12 03:32:05.496 66342 INFO tempest.lib.common.rest_client [req-8b5aa2a0-bb72-4e8d-856b-bbcb10afe02e req-8b5aa2a0-bb72-4e8d-856b-bbcb10afe02e ] Request (ImagesTestJSON:test_create_image_from_suspended_server): 202 POST http://10.180.1.21/compute/v2.1/servers/5fce7919-77bd-4033-bc8b-9aae4abe6c07/action 0.150s
2024-12-12 03:32:05.520 66338 INFO tempest.lib.common.rest_client [req-4fbb45bf-9101-4015-8e5a-f09c9ebca4df req-4fbb45bf-9101-4015-8e5a-f09c9ebca4df ] Request (ServersAdminNegativeTestJSON:tearDownClass): 200 GET http://10.180.1.21/compute/v2.1/servers/601e137f-f0c6-456f-962e-a97ad59f1fa5 0.134s
2024-12-12 03:32:05.660 66362 INFO tempest.lib.common.rest_client [req-a0ed0a9e-2fa4-477e-a9a7-def15de00d1e req-a0ed0a9e-2fa4-477e-a9a7-def15de00d1e ] Request (AttachInterfacesV270Test:test_create_get_list_interfaces): 200 GET http://10.180.1.21/compute/v2.1/servers/ada9887b-6474-4679-a327-e217c7fbf167 0.144s
2024-12-12 03:32:05.663 66342 INFO tempest.lib.common.rest_client [req-6af723f7-2fb7-46d3-bd5d-d070593209e5 req-6af723f7-2fb7-46d3-bd5d-d070593209e5 ] Request (ImagesTestJSON:test_create_image_from_suspended_server): 200 GET http://10.180.1.21/compute/v2.1/servers/5fce7919-77bd-4033-bc8b-9aae4abe6c07 0.167s
2024-12-12 03:32:05.696 66364 INFO tempest.lib.common.rest_client [req-e8c40781-a44e-4f66-8192-c900e1fc5b01 req-e8c40781-a44e-4f66-8192-c900e1fc5b01 ] Request (AttachInterfacesUnderV243Test:test_add_remove_fixed_ip): 200 GET http://10.180.1.21/compute/v2.1/servers/059488cd-9eee-4fe3-bfd9-73a761223193/ips 0.161s
2024-12-12 03:32:05.779 66366 INFO tempest.lib.common.rest_client [req-eda59a12-555f-45c2-a723-7ec228376bb9 req-eda59a12-555f-45c2-a723-7ec228376bb9 ] Request (InstanceActionsTestJSON:setUpClass): 200 GET http://10.180.1.21/compute/v2.1/servers/7a617a4a-f487-4a3d-9689-c3f4d3448c40 0.116s
2024-12-12 03:32:05.870 66364 INFO tempest.lib.common.rest_client [req-f828020b-d129-4828-a14f-015067d62fd4 req-f828020b-d129-4828-a14f-015067d62fd4 ] Request (AttachInterfacesUnderV243Test:test_add_remove_fixed_ip): 200 GET http://10.180.1.21/compute/v2.1/servers/059488cd-9eee-4fe3-bfd9-73a761223193 0.172s
2024-12-12 03:32:05.931 66360 INFO tempest.lib.common.rest_client [req-5370abed-53a8-45e6-a24a-2201e9af3e7f req-5370abed-53a8-45e6-a24a-2201e9af3e7f ] Request (ServersAaction247Test:test_create_backup): 200 GET http://10.180.1.21/compute/v2.1/servers/7cb6a55f-b1b9-4fb3-b0d2-d4e108345423 0.176s
2024-12-12 03:32:05.950 66396 WARNING tempest.lib.common.ssh [-] Failed to establish authenticated ssh connection to cirros@10.180.180.236 ([Errno None] Unable to connect to port 22 on 10.180.180.236). Number attempts: 2. Retry after 3 seconds.: paramiko.ssh_exception.NoValidConnectionsError: [Errno None] Unable to connect to port 22 on 10.180.180.236
2024-12-12 03:32:05.994 66376 INFO tempest.lib.common.rest_client [req-f3598191-3ef7-4448-8508-6162ed89acad req-f3598191-3ef7-4448-8508-6162ed89acad ] Request (ServerGroupTestJSON:test_create_server_with_scheduler_hint_group): 200 GET http://10.180.1.21/compute/v2.1/servers/2728ada8-aae7-4566-bb67-716ac4e3eb88 0.264s
2024-12-12 03:32:06.033 66364 INFO tempest.lib.common.rest_client [req-f8e2ced2-29cd-4620-ab00-fb87feb3648e req-f8e2ced2-29cd-4620-ab00-fb87feb3648e ] Request (AttachInterfacesUnderV243Test:test_add_remove_fixed_ip): 202 POST http://10.180.1.21/compute/v2.1/servers/059488cd-9eee-4fe3-bfd9-73a761223193/action 0.157s
2024-12-12 03:32:06.104 66354 INFO tempest.lib.common.rest_client [req-52edf783-cc56-4bd8-b98b-b32c077d58b1 req-52edf783-cc56-4bd8-b98b-b32c077d58b1 ] Request (ServersWithSpecificFlavorTestJSON:test_verify_created_server_ephemeral_disk): 200 GET http://10.180.1.21/compute/v2.1/servers/4fc51519-f9a0-4ad0-bded-963e133affe9 0.222s
2024-12-12 03:32:06.176 66394 INFO tempest.lib.common.rest_client [req-bf69515d-60b3-42c3-8773-dd79305b6180 req-bf69515d-60b3-42c3-8773-dd79305b6180 ] Request (AttachVolumeShelveTestJSON:test_attach_volume_shelved_or_offload_server): 200 GET http://10.180.1.21/compute/v2.1/servers/48b7c782-f3b2-4d24-a3c8-0ef6a461ef93 0.240s
2024-12-12 03:32:06.248 66344 INFO tempest.lib.common.rest_client [req-f9841f2e-c57f-4867-abd4-6e49caf4d4cf req-f9841f2e-c57f-4867-abd4-6e49caf4d4cf ] Request (ImagesOneServerNegativeTestJSON:_run_cleanups): 200 GET http://10.180.1.21/compute/v2.1/servers/30abe2dc-f244-490c-aa4d-931da243efdc 0.300s
2024-12-12 03:32:06.316 66352 INFO tempest.lib.common.rest_client [req-063f7dd6-460c-4482-9ec9-b76f135d599e req-063f7dd6-460c-4482-9ec9-b76f135d599e ] Request (ServerAddressesNegativeTestJSON:setUpClass): 200 GET http://10.180.1.21/compute/v2.1/servers/b30b8c09-c863-4a11-b0a8-7c841c7a1539 0.331s
2024-12-12 03:32:06.338 66382 INFO tempest.lib.common.rest_client [req-c3eb412f-7caf-4098-b192-a0cc62d01f85 req-c3eb412f-7caf-4098-b192-a0cc62d01f85 ] Request (VolumesAssistedSnapshotsTest:tearDownClass): 200 GET http://10.180.1.21/compute/v2.1/servers/a39ea307-7343-4c5d-a62f-1b4af7c27a9a 0.462s
2024-12-12 03:32:06.378 66340 INFO tempest.lib.common.rest_client [req-1d79e440-6070-487a-a138-7a7fa4ce5705 req-1d79e440-6070-487a-a138-7a7fa4ce5705 ] Request (ServersNegativeTestJSON:setUpClass): 200 GET http://10.180.1.21/compute/v2.1/servers/01101102-ee60-4de8-a5c1-07127419108b 0.381s
2024-12-12 03:32:06.390 66364 INFO tempest.lib.common.rest_client [req-fd1549f5-2608-49bb-8bc4-7ce46c740047 req-fd1549f5-2608-49bb-8bc4-7ce46c740047 ] Request (AttachInterfacesUnderV243Test:test_add_remove_fixed_ip): 200 GET http://10.180.1.21/compute/v2.1/servers/059488cd-9eee-4fe3-bfd9-73a761223193/ips 0.356s
2024-12-12 03:32:06.452 66378 INFO tempest.lib.common.rest_client [req-3668e076-fe41-45d3-b0ac-256a4c8a2fce req-3668e076-fe41-45d3-b0ac-256a4c8a2fce ] Request (ServersTestManualDisk:tearDownClass): 200 GET http://10.180.1.21/compute/v2.1/servers/b2cdc48a-729b-4ae0-a2b0-5ca8f0eb6660 0.409s
2024-12-12 03:32:06.456 66350 INFO tempest.lib.common.rest_client [req-647a7857-ae7e-4776-be33-3a4692e09b73 req-647a7857-ae7e-4776-be33-3a4692e09b73 ] Request (ServersTestFqdnHostnames:tearDownClass): 200 GET http://10.180.1.21/compute/v2.1/servers/1af9bf5c-5587-487f-8c5d-04b61eac2bc3 0.402s
2024-12-12 03:32:06.462 66350 INFO tempest.common.waiters [-] State transition "ACTIVE/deleting" ==> "DELETED/None" after 6 second wait
2024-12-12 03:32:06.467 66378 INFO tempest.common.waiters [-] State transition "ACTIVE/deleting" ==> "DELETED/None" after 4 second wait
2024-12-12 03:32:06.512 66358 INFO tempest.lib.common.rest_client [req-4e47607e-8b27-46c5-9664-2ad6b38a2744 req-4e47607e-8b27-46c5-9664-2ad6b38a2744 ] Request (ImagesOneServerTestJSON:setUpClass): 200 GET http://10.180.1.21/compute/v2.1/servers/dcfd3b17-c193-416b-8e6b-f1c149769c30 0.406s
2024-12-12 03:32:06.567 66368 INFO tempest.lib.common.rest_client [req-13c03a8e-ec9f-440b-a2f2-ed7e1ff39849 req-13c03a8e-ec9f-440b-a2f2-ed7e1ff39849 ] Request (ImagesNegativeTestJSON:test_create_image_from_deleted_server): 200 GET http://10.180.1.21/compute/v2.1/servers/e9e2eb6e-21df-402a-9f10-6c6695c19caa 0.385s
2024-12-12 03:32:06.568 66388 INFO tempest.lib.common.rest_client [req-91813ff3-4348-4da4-b1c2-c4702ed8bef1 req-91813ff3-4348-4da4-b1c2-c4702ed8bef1 ] Request (MigrationsAdminTest:test_resize_server_revert_deleted_flavor): 200 GET http://10.180.1.21/compute/v2.1/servers/f6d9cca5-4f3d-4bf0-9306-6d6616533809 0.382s
2024-12-12 03:32:06.576 66388 INFO tempest.common.waiters [-] State transition "BUILD/scheduling" ==> "BUILD/None" after 24 second wait
2024-12-12 03:32:06.623 66384 INFO tempest.lib.common.rest_client [req-9d94edc9-da10-473f-ae14-0de3a1573ac5 req-9d94edc9-da10-473f-ae14-0de3a1573ac5 ] Request (ServersTestMultiNic:test_verify_multiple_nics_order): 200 GET http://10.180.1.21/compute/v2.1/servers/7d8194b9-bb34-4c75-b687-c5f3cb93e47d 0.395s
2024-12-12 03:32:06.681 66336 INFO tempest.lib.common.rest_client [req-81150381-01d6-44b8-8015-7f06e3bd8120 req-81150381-01d6-44b8-8015-7f06e3bd8120 ] Request (ServersAdminTestJSON:test_create_server_with_scheduling_hint): 200 GET http://10.180.1.21/compute/v2.1/servers/c2c4b4fc-bcbe-4540-bd0f-31a8d69c5588 0.388s
2024-12-12 03:32:06.741 66372 INFO tempest.lib.common.rest_client [req-aee0076b-26a4-4f85-89c3-67171f569ab0 req-aee0076b-26a4-4f85-89c3-67171f569ab0 ] Request (ServerActionsTestJSON:setUpClass): 200 GET http://10.180.1.21/compute/v2.1/servers/13bc5ed7-0e84-4472-ba74-2009b801f4a1 0.390s
2024-12-12 03:32:06.754 66356 INFO tempest.lib.common.rest_client [req-5bbf47a6-aed6-4588-b086-a6b38a52589d req-5bbf47a6-aed6-4588-b086-a6b38a52589d ] Request (ServersTestBootFromVolume:setUpClass): 200 GET http://10.180.1.21/compute/v2.1/servers/7fb647de-d093-4f4a-a198-468e61926976 0.513s
2024-12-12 03:32:06.763 66356 INFO tempest.common.waiters [-] State transition "BUILD/None" ==> "BUILD/block_device_mapping" after 87 second wait
2024-12-12 03:32:06.787 66346 INFO tempest.lib.common.rest_client [req-83cbd7cd-7512-462b-8c17-367272922551 req-83cbd7cd-7512-462b-8c17-367272922551 ] Request (ListImageFiltersTestJSON:setUpClass): 200 GET http://10.180.1.21/compute/v2.1/images/bf83f967-5d6e-4e75-96ee-dd7c34a1f29e 0.398s
2024-12-12 03:32:06.822 66348 INFO tempest.lib.common.rest_client [req-3e19a188-4c29-42bd-8585-2e818e3ea471 req-3e19a188-4c29-42bd-8585-2e818e3ea471 ] Request (DeleteServersTestJSON:test_delete_active_server): 200 GET http://10.180.1.21/compute/v2.1/servers/d54f5326-c587-44a4-bdd6-459f9aff96d6 0.409s
2024-12-12 03:32:06.856 66398 INFO tempest.lib.common.rest_client [req-eadf1941-a91b-4560-b65d-ce1c7de72729 req-eadf1941-a91b-4560-b65d-ce1c7de72729 ] Request (DeleteServersAdminTestJSON:test_delete_server_while_in_error_state): 200 GET http://10.180.1.21/compute/v2.1/servers/a721398d-f02b-4073-9ed5-b0b452af8782 0.394s
2024-12-12 03:32:06.887 66338 INFO tempest.lib.common.rest_client [req-668d59ec-828f-4754-b8b1-3aa374b9f7a7 req-668d59ec-828f-4754-b8b1-3aa374b9f7a7 ] Request (ServersAdminNegativeTestJSON:tearDownClass): 200 GET http://10.180.1.21/compute/v2.1/servers/601e137f-f0c6-456f-962e-a97ad59f1fa5 0.359s
2024-12-12 03:32:07.003 66342 INFO tempest.lib.common.rest_client [req-9b85d538-6fec-4094-837e-a3e48259177e req-9b85d538-6fec-4094-837e-a3e48259177e ] Request (ImagesTestJSON:test_create_image_from_suspended_server): 200 GET http://10.180.1.21/compute/v2.1/servers/5fce7919-77bd-4033-bc8b-9aae4abe6c07 0.325s
2024-12-12 03:32:07.013 66362 INFO tempest.lib.common.rest_client [req-a3b1e07f-a7b8-424c-a078-1a32176b8844 req-a3b1e07f-a7b8-424c-a078-1a32176b8844 ] Request (AttachInterfacesV270Test:test_create_get_list_interfaces): 200 GET http://10.180.1.21/compute/v2.1/servers/ada9887b-6474-4679-a327-e217c7fbf167 0.344s
2024-12-12 03:32:07.073 66360 INFO tempest.lib.common.rest_client [req-eba169dd-7089-49f1-90dd-826af5466205 req-eba169dd-7089-49f1-90dd-826af5466205 ] Request (ServersAaction247Test:test_create_backup): 200 GET http://10.180.1.21/compute/v2.1/servers/7cb6a55f-b1b9-4fb3-b0d2-d4e108345423 0.130s
2024-12-12 03:32:07.121 66366 INFO tempest.lib.common.rest_client [req-2e2755da-e1a3-4ad2-b151-f06535b08b01 req-2e2755da-e1a3-4ad2-b151-f06535b08b01 ] Request (InstanceActionsTestJSON:setUpClass): 200 GET http://10.180.1.21/compute/v2.1/servers/7a617a4a-f487-4a3d-9689-c3f4d3448c40 0.333s
2024-12-12 03:32:07.190 66354 INFO tempest.lib.common.rest_client [req-f14bc7ee-2b3f-4943-87d0-184be5c1a3fb req-f14bc7ee-2b3f-4943-87d0-184be5c1a3fb ] Request (ServersWithSpecificFlavorTestJSON:test_verify_created_server_ephemeral_disk): 200 GET http://10.180.1.21/compute/v2.1/servers/4fc51519-f9a0-4ad0-bded-963e133affe9 0.073s
2024-12-12 03:32:07.220 66376 INFO tempest.lib.common.rest_client [req-566fc2d1-965d-496c-a55c-4c9f037f5415 req-566fc2d1-965d-496c-a55c-4c9f037f5415 ] Request (ServerGroupTestJSON:test_create_server_with_scheduler_hint_group): 200 GET http://10.180.1.21/compute/v2.1/servers/2728ada8-aae7-4566-bb67-716ac4e3eb88 0.214s
2024-12-12 03:32:07.252 66394 INFO tempest.lib.common.rest_client [req-d32bbe4b-5a9a-4a3c-95b7-bb16ad707441 req-d32bbe4b-5a9a-4a3c-95b7-bb16ad707441 ] Request (AttachVolumeShelveTestJSON:test_attach_volume_shelved_or_offload_server): 200 GET http://10.180.1.21/compute/v2.1/servers/48b7c782-f3b2-4d24-a3c8-0ef6a461ef93 0.065s
2024-12-12 03:32:07.323 66344 INFO tempest.lib.common.rest_client [req-407ac7b8-8bf9-4a1e-a915-67fe25ab8085 req-407ac7b8-8bf9-4a1e-a915-67fe25ab8085 ] Request (ImagesOneServerNegativeTestJSON:_run_cleanups): 200 GET http://10.180.1.21/compute/v2.1/servers/30abe2dc-f244-490c-aa4d-931da243efdc 0.066s
2024-12-12 03:32:07.394 66352 INFO tempest.lib.common.rest_client [req-a527132c-fbee-49ad-ad08-5e216e980bd3 req-a527132c-fbee-49ad-ad08-5e216e980bd3 ] Request (ServerAddressesNegativeTestJSON:setUpClass): 200 GET http://10.180.1.21/compute/v2.1/servers/b30b8c09-c863-4a11-b0a8-7c841c7a1539 0.067s
2024-12-12 03:32:07.410 66382 INFO tempest.lib.common.rest_client [req-cc29cc62-4ae0-4dab-8809-c1c6e0dadc27 req-cc29cc62-4ae0-4dab-8809-c1c6e0dadc27 ] Request (VolumesAssistedSnapshotsTest:tearDownClass): 200 GET http://10.180.1.21/compute/v2.1/servers/a39ea307-7343-4c5d-a62f-1b4af7c27a9a 0.061s
2024-12-12 03:32:07.434 66364 INFO tempest.lib.common.rest_client [req-a6c04d47-5347-4dda-8dcf-c36e991a43ca req-a6c04d47-5347-4dda-8dcf-c36e991a43ca ] Request (AttachInterfacesUnderV243Test:test_add_remove_fixed_ip): 200 GET http://10.180.1.21/compute/v2.1/servers/059488cd-9eee-4fe3-bfd9-73a761223193/ips 0.040s
2024-12-12 03:32:07.450 66340 INFO tempest.lib.common.rest_client [req-1e505145-fa91-47d7-b063-55a12edff09d req-1e505145-fa91-47d7-b063-55a12edff09d ] Request (ServersNegativeTestJSON:setUpClass): 200 GET http://10.180.1.21/compute/v2.1/servers/01101102-ee60-4de8-a5c1-07127419108b 0.064s
2024-12-12 03:32:07.535 66350 INFO tempest.lib.common.rest_client [req-8302018c-1508-4140-9362-7c717b0520e2 req-8302018c-1508-4140-9362-7c717b0520e2 ] Request (ServersTestFqdnHostnames:tearDownClass): 200 GET http://10.180.1.21/compute/v2.1/servers/1af9bf5c-5587-487f-8c5d-04b61eac2bc3 0.071s
2024-12-12 03:32:07.543 66378 INFO tempest.lib.common.rest_client [req-21846bb7-d6c2-4d36-a281-89cbb7c238ed req-21846bb7-d6c2-4d36-a281-89cbb7c238ed ] Request (ServersTestManualDisk:tearDownClass): 200 GET http://10.180.1.21/compute/v2.1/servers/b2cdc48a-729b-4ae0-a2b0-5ca8f0eb6660 0.075s
