2024-12-12 03:29:38.581 66336 INFO tempest.lib.common.rest_client [req-e3f00b74-083e-46a3-879b-c5107d6ffd1d req-e3f00b74-083e-46a3-879b-c5107d6ffd1d ] Request (QuotaClassesAdmin257Test:_run_cleanups): 200 PUT http://10.180.1.21/compute/v2.1/os-quota-class-sets/default 1.199s
2024-12-12 03:29:38.643 66392 INFO tempest.lib.common.rest_client [req-0267fdab-62a4-40e3-8f8b-d0409fda57b3 req-0267fdab-62a4-40e3-8f8b-d0409fda57b3 ] Request (ServerDiagnosticsV248Test:test_get_server_diagnostics): 200 GET http://10.180.1.21/compute/v2.1/servers/2f95d392-062c-4c62-bd39-7c19342e125c 1.111s
2024-12-12 03:29:38.660 66384 INFO tempest.lib.common.rest_client [req-9fb97804-028a-46e7-af07-e9d01e2253da req-9fb97804-028a-46e7-af07-e9d01e2253da ] Request (QuotasAdminTestV236:test_get_updated_quotas): 200 GET http://10.180.1.21/identity/v3/domains?name=Default 0.068s
2024-12-12 03:29:38.660 66348 INFO tempest.lib.common.rest_client [req-6a8644d7-f9c9-42da-ac89-f1a47ed24072 req-6a8644d7-f9c9-42da-ac89-f1a47ed24072 ] Request (TenantUsagesTestJSON:setUpClass): 200 GET http://10.180.1.21/compute/v2.1/servers/24637ec0-1517-4361-b31b-36e1c609198a 1.091s
2024-12-12 03:29:38.698 66384 INFO tempest.lib.common.rest_client [req-497d1748-b874-4418-94a8-e4f7c340ee9d req-497d1748-b874-4418-94a8-e4f7c340ee9d ] Request (QuotasAdminTestV236:test_get_updated_quotas): 201 POST http://10.180.1.21/identity/v3/projects 0.038s
2024-12-12 03:29:38.722 66336 INFO tempest.lib.common.rest_client [req-7c8ac13f-d580-4615-8547-d9084f4f233c req-7c8ac13f-d580-4615-8547-d9084f4f233c ] Request (QuotaClassesAdmin257Test:tearDownClass): 204 DELETE http://10.180.1.21/identity/v3/users/55ff4e99b15543e4a439027103dd6630 0.083s
2024-12-12 03:29:38.749 66358 INFO tempest.lib.common.rest_client [req-24c5bd39-3064-49b4-a2ee-e65247b7e88f req-24c5bd39-3064-49b4-a2ee-e65247b7e88f ] Request (ServerDiagnosticsTest:test_get_server_diagnostics): 200 GET http://10.180.1.21/compute/v2.1/servers/b159db46-b163-449d-b4e3-332dc50ab194 1.016s
2024-12-12 03:29:38.755 66360 INFO tempest.lib.common.rest_client [req-42ee2903-f32a-4385-9dcd-4b90250e6439 req-42ee2903-f32a-4385-9dcd-4b90250e6439 ] Request (ServersAdmin275Test:test_rebuild_update_server_275): 200 GET http://10.180.1.21/compute/v2.1/servers/f9324e42-bc6f-49f4-b716-92f25ac17433 1.095s
2024-12-12 03:29:38.816 66384 INFO tempest.lib.common.rest_client [req-4c4c1e36-047a-4287-b877-29e94a2cd57f req-4c4c1e36-047a-4287-b877-29e94a2cd57f ] Request (QuotasAdminTestV236:test_get_updated_quotas): 200 GET http://10.180.1.21/identity/v3/domains?name=Default 0.117s
2024-12-12 03:29:38.847 66352 INFO tempest.lib.common.rest_client [req-d218dd70-8225-40f5-86a6-b31791264bc6 req-d218dd70-8225-40f5-86a6-b31791264bc6 ] Request (FloatingIPsAssociationNegativeTestJSON:setUpClass): 200 GET http://10.180.1.21/compute/v2.1/servers/826ca48d-5961-490b-b058-7ecd5a994a37 1.051s
2024-12-12 03:29:38.849 66336 INFO tempest.lib.common.rest_client [req-c19a9a18-a759-41ea-8c6b-5308d02cbb2f req-c19a9a18-a759-41ea-8c6b-5308d02cbb2f ] Request (QuotaClassesAdmin257Test:tearDownClass): 204 DELETE http://10.180.1.21/identity/v3/users/e6944fa0986b456baeadaf405aa47432 0.126s
2024-12-12 03:29:38.849 66336 INFO tempest.lib.common.dynamic_creds [-] Deleting project and security group for project: 47906d5946f34ffeab69a6907dbf563a
2024-12-12 03:29:38.860 66394 INFO tempest.lib.common.rest_client [req-200bfdd2-d6bf-422b-9d0d-691ef5f59c16 req-200bfdd2-d6bf-422b-9d0d-691ef5f59c16 ] Request (ServerShowV247Test:test_update_rebuild_list_server): 200 GET http://10.180.1.21/compute/v2.1/servers/6a393900-2d1e-4d11-92bd-eac1bdb98557 1.067s
2024-12-12 03:29:38.941 66382 INFO tempest.lib.common.rest_client [req-c5ab0ce1-f093-4d72-92dc-fecab3cbbb57 req-c5ab0ce1-f093-4d72-92dc-fecab3cbbb57 ] Request (VolumesAssistedSnapshotsTest:test_volume_assisted_snapshot_create_delete): 200 GET http://10.180.1.21/compute/v2.1/servers/a39ea307-7343-4c5d-a62f-1b4af7c27a9a 1.112s
2024-12-12 03:29:38.946 66336 INFO tempest.lib.common.rest_client [req-129ebb0f-a541-46db-a5c2-c849ff50a300 req-129ebb0f-a541-46db-a5c2-c849ff50a300 ] Request (QuotaClassesAdmin257Test:tearDownClass): 201 POST http://10.180.1.21/identity/v3/auth/tokens 0.096s
2024-12-12 03:29:38.949 66362 INFO tempest.lib.common.rest_client [req-af870462-d8de-4ffc-9339-910718a2653b req-af870462-d8de-4ffc-9339-910718a2653b ] Request (AggregatesAdminNegativeTestJSON:test_aggregate_create_as_user): 403 POST http://10.180.1.21/compute/v2.1/os-aggregates 1.073s
2024-12-12 03:29:38.980 66340 INFO tempest.lib.common.rest_client [req-2b3ebf9a-f572-4436-a25d-2ad748b3c3b7 req-2b3ebf9a-f572-4436-a25d-2ad748b3c3b7 ] Request (SecurityGroupRulesNegativeTestJSON:test_create_security_group_rule_with_invalid_ip_protocol): 400 POST http://10.180.1.21/compute/v2.1/os-security-group-rules 1.128s
2024-12-12 03:29:39.040 66350 INFO tempest.lib.common.rest_client [req-2fbd4dec-fa57-4024-93e1-295f36635455 req-2fbd4dec-fa57-4024-93e1-295f36635455 ] Request (FlavorsV261TestJSON:tearDownClass): 200 GET http://10.180.1.21:9696/networking/v2.0/security-groups?tenant_id=da66b4d5f65842a9a6784e3e0dafaf7c&name=default 0.487s
2024-12-12 03:29:39.048 66380 INFO tempest.lib.common.rest_client [req-bbfb61bd-0b8a-476d-a33f-bacbfdd832c6 req-bbfb61bd-0b8a-476d-a33f-bacbfdd832c6 ] Request (ServerShowV254Test:test_rebuild_server): 200 GET http://10.180.1.21/compute/v2.1/servers/e3d655d5-f3f8-4392-a205-98dd96aa43aa 1.158s
2024-12-12 03:29:39.056 66366 INFO tempest.lib.common.rest_client [req-cd3ccf4a-7902-4113-8e62-af34747015cf req-cd3ccf4a-7902-4113-8e62-af34747015cf ] Request (FlavorsAccessNegativeTestJSON:test_flavor_non_admin_remove): 403 POST http://10.180.1.21/compute/v2.1/flavors/609381473/action 0.912s
2024-12-12 03:29:39.066 66390 INFO tempest.lib.common.rest_client [req-7dced85a-ad8a-40ea-9b9e-c69877a343b6 req-7dced85a-ad8a-40ea-9b9e-c69877a343b6 ] Request (HostsAdminNegativeTestJSON:test_reboot_host_with_non_admin_user): 403 GET http://10.180.1.21/compute/v2.1/os-hosts/devstack/reboot 0.875s
2024-12-12 03:29:39.214 66354 INFO tempest.lib.common.rest_client [req-2a68a8e3-0b08-40cd-9199-b2658718b340 req-2a68a8e3-0b08-40cd-9199-b2658718b340 ] Request (ServersWithSpecificFlavorTestJSON:test_verify_created_server_ephemeral_disk): 200 GET http://10.180.1.21/compute/v2.1/servers/0dcc25aa-294f-46d2-b01a-1eb7149b4838 1.008s
2024-12-12 03:29:39.230 66356 INFO tempest.lib.common.rest_client [req-8bde9351-f253-4aad-96e6-d411d7005272 req-8bde9351-f253-4aad-96e6-d411d7005272 ] Request (KeyPairsV22TestJSON:test_get_keypair_detail): 200 GET http://10.180.1.21/compute/v2.1/os-keypairs/tempest-keypair-1120554126 0.923s
2024-12-12 03:29:39.440 66350 INFO tempest.lib.common.rest_client [req-97f7e1fc-3c57-4911-8b84-295c1093d5db req-97f7e1fc-3c57-4911-8b84-295c1093d5db ] Request (FlavorsV261TestJSON:tearDownClass): 204 DELETE http://10.180.1.21:9696/networking/v2.0/security-groups/9e0dc1ed-ca55-4c72-ad5e-fdc1f138ecd6 0.399s
2024-12-12 03:29:39.479 66368 INFO tempest.lib.common.rest_client [req-0b57ac1d-1e73-42ec-a215-2e8bd5d5f9ac req-0b57ac1d-1e73-42ec-a215-2e8bd5d5f9ac ] Request (ServerDiagnosticsNegativeTest:test_get_server_diagnostics_by_non_admin): 200 GET http://10.180.1.21/compute/v2.1/servers/c84b1d01-bbc1-4644-962a-ca1301ac099c 1.500s
2024-12-12 03:29:39.524 66350 INFO tempest.lib.common.rest_client [req-49e1c4e2-f749-4d8e-aee6-0abce15ff3ba req-49e1c4e2-f749-4d8e-aee6-0abce15ff3ba ] Request (FlavorsV261TestJSON:tearDownClass): 204 DELETE http://10.180.1.21/identity/v3/projects/da66b4d5f65842a9a6784e3e0dafaf7c 0.084s
2024-12-12 03:29:39.525 66350 INFO tempest.lib.common.dynamic_creds [-] Deleting project and security group for project: 339214ae253d444b81a55c68a262dbf7
2024-12-12 03:29:39.533 66346 INFO tempest.lib.common.rest_client [req-0f196f1f-c220-4d94-b5a2-f90cabe5feb7 req-0f196f1f-c220-4d94-b5a2-f90cabe5feb7 ] Request (ListImageFiltersTestJSON:setUpClass): 200 GET http://10.180.1.21/compute/v2.1/images/adbcda3a-14e7-4f3b-a911-92d67a9734d6 0.986s
2024-12-12 03:29:39.597 66376 INFO tempest.lib.common.rest_client [req-69e0faa6-131b-4059-8554-9e0069aa6fae req-69e0faa6-131b-4059-8554-9e0069aa6fae ] Request (ServerExternalEventsTest:test_create_server_external_events): 200 GET http://10.180.1.21/compute/v2.1/servers/9f252cab-0257-4a11-83ec-16e47e16deb7 1.224s
2024-12-12 03:29:39.605 66378 INFO tempest.lib.common.rest_client [req-439134e2-146e-44cd-839e-b7acda95b1c7 req-439134e2-146e-44cd-839e-b7acda95b1c7 ] Request (FloatingIPsTestJSON:tearDownClass): 204 DELETE http://10.180.1.21:9696/networking/v2.0/networks/366a5e28-7dd0-41aa-aa3e-1dee6cf8fefa 1.128s
2024-12-12 03:29:39.648 66336 INFO tempest.lib.common.rest_client [req-26434f91-0526-476c-9e25-73d1b7385afa req-26434f91-0526-476c-9e25-73d1b7385afa ] Request (QuotaClassesAdmin257Test:tearDownClass): 200 GET http://10.180.1.21:9696/networking/v2.0/security-groups?tenant_id=47906d5946f34ffeab69a6907dbf563a&name=default 0.701s
2024-12-12 03:29:39.684 66386 INFO tempest.lib.common.rest_client [req-133a601d-7bb2-4430-b1c3-46dffcdd6e80 req-133a601d-7bb2-4430-b1c3-46dffcdd6e80 ] Request (FloatingIPsNegativeTestJSON:tearDownClass): 200 PUT http://10.180.1.21:9696/networking/v2.0/routers/869d4e29-f6bd-40c3-aaf3-a636303e5ab6/remove_router_interface 2.569s
2024-12-12 03:29:39.821 66378 INFO tempest.lib.common.rest_client [req-e9386bc6-4253-436d-9dba-907513fb80e6 req-e9386bc6-4253-436d-9dba-907513fb80e6 ] Request (FloatingIPsTestJSON:tearDownClass): 204 DELETE http://10.180.1.21/identity/v3/users/c9ca2f3b11c54c8fabbfa3a7df5a8d77 0.215s
2024-12-12 03:29:39.821 66378 INFO tempest.lib.common.dynamic_creds [-] Deleting project and security group for project: 114001c844fa4d49a691721302276eda
2024-12-12 03:29:39.868 66398 INFO tempest.lib.common.rest_client [req-f02f47f8-6f8f-4928-856b-0425bd7aaef8 req-f02f47f8-6f8f-4928-856b-0425bd7aaef8 ] Request (DeleteServersAdminTestJSON:test_admin_delete_servers_of_others): 200 GET http://10.180.1.21/compute/v2.1/servers/d4622dba-7096-4004-8ebd-a7e62c13528a 1.291s
2024-12-12 03:29:39.903 66362 INFO tempest.lib.common.rest_client [req-e688f134-378c-4ca8-9f62-ea8f7e968727 req-e688f134-378c-4ca8-9f62-ea8f7e968727 ] Request (AggregatesAdminNegativeTestJSON:test_aggregate_create_with_existent_aggregate_name): 200 POST http://10.180.1.21/compute/v2.1/os-aggregates 0.950s
2024-12-12 03:29:39.908 66350 INFO tempest.lib.common.rest_client [req-4001ba06-cf9b-4d18-bacb-c8bdd145ebd6 req-4001ba06-cf9b-4d18-bacb-c8bdd145ebd6 ] Request (FlavorsV261TestJSON:tearDownClass): 200 GET http://10.180.1.21:9696/networking/v2.0/security-groups?tenant_id=339214ae253d444b81a55c68a262dbf7&name=default 0.383s
2024-12-12 03:29:40.001 66384 INFO tempest.lib.common.rest_client [req-e095aea4-824f-4201-9426-53df1c7101e4 req-e095aea4-824f-4201-9426-53df1c7101e4 ] Request (QuotasAdminTestV236:test_get_updated_quotas): 200 PUT http://10.180.1.21/compute/v2.1/os-quota-sets/7bd5b69b13c448b5a49c4da8dd17e103 1.185s
2024-12-12 03:29:40.054 66346 INFO tempest.lib.common.rest_client [req-ae222812-f38e-4cd6-862f-c033bdaffe58 req-ae222812-f38e-4cd6-862f-c033bdaffe58 ] Request (ListImageFiltersTestJSON:setUpClass): 201 POST http://10.180.1.21/image/v2/images 0.518s
2024-12-12 03:29:40.058 66378 INFO tempest.lib.common.rest_client [req-3e3de801-e812-4b9c-a138-9675ac486bd6 req-3e3de801-e812-4b9c-a138-9675ac486bd6 ] Request (FloatingIPsTestJSON:tearDownClass): 200 GET http://10.180.1.21:9696/networking/v2.0/security-groups?tenant_id=114001c844fa4d49a691721302276eda&name=default 0.236s
2024-12-12 03:29:40.095 66336 INFO tempest.lib.common.rest_client [req-f2ad7077-fa8a-4d0e-8e11-b8626c4f6c1a req-f2ad7077-fa8a-4d0e-8e11-b8626c4f6c1a ] Request (QuotaClassesAdmin257Test:tearDownClass): 204 DELETE http://10.180.1.21:9696/networking/v2.0/security-groups/0dd13208-b063-49f6-946c-f1876795a3b5 0.447s
2024-12-12 03:29:40.109 66366 INFO tempest.lib.common.rest_client [req-043fc5f2-f579-4474-ad32-2a97c4d01c74 req-043fc5f2-f579-4474-ad32-2a97c4d01c74 ] Request (FlavorsAccessNegativeTestJSON:_run_cleanups): 200 POST http://10.180.1.21/compute/v2.1/flavors/609381473/action 1.052s
2024-12-12 03:29:40.123 66390 INFO tempest.lib.common.rest_client [req-90c7370e-f1fb-4588-96d3-b79aee31bfac req-90c7370e-f1fb-4588-96d3-b79aee31bfac ] Request (HostsAdminNegativeTestJSON:test_reboot_nonexistent_host): 404 GET http://10.180.1.21/compute/v2.1/os-hosts/nonexistent_hostname/reboot 1.056s
2024-12-12 03:29:40.209 66336 INFO tempest.lib.common.rest_client [req-bc8b77e8-fd0c-4f5a-9eb5-2065c27c5ae3 req-bc8b77e8-fd0c-4f5a-9eb5-2065c27c5ae3 ] Request (QuotaClassesAdmin257Test:tearDownClass): 204 DELETE http://10.180.1.21/identity/v3/projects/47906d5946f34ffeab69a6907dbf563a 0.114s
2024-12-12 03:29:40.210 66336 INFO tempest.lib.common.dynamic_creds [-] Deleting project and security group for project: 96352f6c589a4adba04155d4979b4e39
2024-12-12 03:29:40.223 66350 INFO tempest.lib.common.rest_client [req-641752e8-f786-4fb1-97b6-ab6063b71307 req-641752e8-f786-4fb1-97b6-ab6063b71307 ] Request (FlavorsV261TestJSON:tearDownClass): 204 DELETE http://10.180.1.21:9696/networking/v2.0/security-groups/dd502885-54bc-4cb7-9444-06c88dbe16f8 0.314s
2024-12-12 03:29:40.260 66340 INFO tempest.lib.common.rest_client [req-37cfb48b-2733-42fd-b2f9-0001b07406de req-37cfb48b-2733-42fd-b2f9-0001b07406de ] Request (SecurityGroupRulesNegativeTestJSON:test_create_security_group_rule_with_invalid_port_range): 200 POST http://10.180.1.21/compute/v2.1/os-security-groups 1.279s
2024-12-12 03:29:40.290 66356 INFO tempest.lib.common.rest_client [req-25fda1af-50ed-4944-b754-8c7c8e090926 req-25fda1af-50ed-4944-b754-8c7c8e090926 ] Request (KeyPairsV22TestJSON:_run_cleanups): 204 DELETE http://10.180.1.21/compute/v2.1/os-keypairs/tempest-keypair-1120554126 1.051s
2024-12-12 03:29:40.315 66378 INFO tempest.lib.common.rest_client [req-0aa40f60-5799-47c3-82bb-c2095696dcf4 req-0aa40f60-5799-47c3-82bb-c2095696dcf4 ] Request (FloatingIPsTestJSON:tearDownClass): 204 DELETE http://10.180.1.21:9696/networking/v2.0/security-groups/6c12f5e3-a6bd-4cce-bbff-28fd8b3534eb 0.257s
2024-12-12 03:29:40.350 66350 INFO tempest.lib.common.rest_client [req-f1b5f061-9b04-4866-b921-15fa7a38941c req-f1b5f061-9b04-4866-b921-15fa7a38941c ] Request (FlavorsV261TestJSON:tearDownClass): 204 DELETE http://10.180.1.21/identity/v3/projects/339214ae253d444b81a55c68a262dbf7 0.127s
2024-12-12 03:29:40.394 66344 INFO tempest.lib.common.rest_client [req-31517964-4a28-45ff-a525-05d8acff3115 req-31517964-4a28-45ff-a525-05d8acff3115 ] Request (ImagesOneServerNegativeTestJSON:setUpClass): 200 GET http://10.180.1.21/compute/v2.1/servers/89d052a1-7dbb-47b7-b9d1-d573a50fbc4b 1.280s
2024-12-12 03:29:40.419 66350 INFO tempest.lib.common.rest_client [req-2644cf5a-79e9-4787-89de-3cfc2b853663 req-2644cf5a-79e9-4787-89de-3cfc2b853663 ] Request (ServersTestFqdnHostnames:setUpClass): 201 POST http://10.180.1.21/identity/v3/auth/tokens 0.067s
2024-12-12 03:29:40.435 66378 INFO tempest.lib.common.rest_client [req-0d35d6e8-88ad-4063-85bb-a87220652fb2 req-0d35d6e8-88ad-4063-85bb-a87220652fb2 ] Request (FloatingIPsTestJSON:tearDownClass): 204 DELETE http://10.180.1.21/identity/v3/projects/114001c844fa4d49a691721302276eda 0.120s
2024-12-12 03:29:40.464 66364 INFO tempest.lib.common.rest_client [req-63c5f733-5b88-42b2-ad51-75f5f2e3c3ca req-63c5f733-5b88-42b2-ad51-75f5f2e3c3ca ] Request (AttachInterfacesUnderV243Test:setUpClass): 201 POST http://10.180.1.21:9696/networking/v2.0/routers 2.216s
2024-12-12 03:29:40.491 66350 INFO tempest.lib.common.rest_client [req-22c1b5d5-581b-4b0a-b224-53061d5fd690 req-22c1b5d5-581b-4b0a-b224-53061d5fd690 ] Request (ServersTestFqdnHostnames:setUpClass): 201 POST http://10.180.1.21/identity/v3/auth/tokens 0.069s
2024-12-12 03:29:40.504 66378 INFO tempest.lib.common.rest_client [req-81e6171e-04a3-45d7-a8fc-f98bc25bc971 req-81e6171e-04a3-45d7-a8fc-f98bc25bc971 ] Request (ServersTestManualDisk:setUpClass): 201 POST http://10.180.1.21/identity/v3/auth/tokens 0.066s
2024-12-12 03:29:40.513 66350 INFO tempest.lib.common.rest_client [req-45b9bf9d-2b55-4bdf-abaa-ffd438aad377 req-45b9bf9d-2b55-4bdf-abaa-ffd438aad377 ] Request (ServersTestFqdnHostnames:setUpClass): 200 GET http://10.180.1.21/identity/v3/domains?name=Default 0.022s
2024-12-12 03:29:40.518 66374 INFO tempest.lib.common.rest_client [req-94d9d9f9-18f6-45b0-9ea8-d97dc7a66a00 req-94d9d9f9-18f6-45b0-9ea8-d97dc7a66a00 ] Request (ServersTestJSON:setUpClass): 200 PUT http://10.180.1.21:9696/networking/v2.0/routers/87141c11-9d05-46b0-ab3f-91e9da5cd158/add_router_interface 3.265s
2024-12-12 03:29:40.518 66374 INFO tempest.lib.common.dynamic_creds [-] Created isolated network resources for: credentials: Credentials: {'domain_id': 'default', 'domain_name': 'Default', 'username': 'tempest-ServersTestJSON-493271512-project-member', 'project_domain_id': 'default', 'project_domain_name': 'Default', 'project_id': '3e1d8a47a64743df82c614dee71b9728', 'project_name': 'tempest-ServersTestJSON-493271512', 'tenant_id': '3e1d8a47a64743df82c614dee71b9728', 'tenant_name': 'tempest-ServersTestJSON-493271512', 'user_domain_id': 'default', 'user_domain_name': 'Default', 'user_id': 'c44cf2b44a7d422e9be54be1e8e0a5d7', 'system': None}, Network: {'id': 'c9076b78-c8b8-4820-9dad-132955863ba6', 'name': 'tempest-ServersTestJSON-1213083809-network', 'tenant_id': '3e1d8a47a64743df82c614dee71b9728', 'admin_state_up': True, 'mtu': 8950, 'status': 'ACTIVE', 'subnets': [], 'shared': False, 'project_id': '3e1d8a47a64743df82c614dee71b9728', 'port_security_enabled': True, 'router:external': False, 'provider:network_type': 'vlan', 'provider:physical_network': 'default', 'provider:segmentation_id': 708, 'availability_zone_hints': [], 'availability_zones': [], 'ipv4_address_scope': None, 'ipv6_address_scope': None, 'description': '', 'tags': [], 'created_at': '2024-12-12T03:29:34Z', 'updated_at': '2024-12-12T03:29:34Z', 'revision_number': 1}, Subnet: {'id': '20b7ff0d-b484-4d40-9d00-2840c8af2406', 'name': 'tempest-ServersTestJSON-1213083809-subnet', 'tenant_id': '3e1d8a47a64743df82c614dee71b9728', 'network_id': 'c9076b78-c8b8-4820-9dad-132955863ba6', 'ip_version': 4, 'subnetpool_id': None, 'enable_dhcp': True, 'ipv6_ra_mode': None, 'ipv6_address_mode': None, 'gateway_ip': '192.168.128.1', 'cidr': '192.168.128.0/28', 'allocation_pools': [{'start': '192.168.128.2', 'end': '192.168.128.14'}], 'host_routes': [], 'dns_nameservers': [], 'description': '', 'router:external': False, 'service_types': [], 'tags': [], 'created_at': '2024-12-12T03:29:34Z', 'updated_at': '2024-12-12T03:29:34Z', 'revision_number': 0, 'project_id': '3e1d8a47a64743df82c614dee71b9728'}, Router: {'id': '87141c11-9d05-46b0-ab3f-91e9da5cd158', 'name': 'tempest-ServersTestJSON-1213083809-router', 'tenant_id': '3e1d8a47a64743df82c614dee71b9728', 'admin_state_up': True, 'status': 'ACTIVE', 'external_gateway_info': {'network_id': '95dfe351-cff0-448f-a4dd-26329b0e1937', 'external_fixed_ips': [{'subnet_id': '86dfa9db-67c9-4835-983b-89a9a0394e51', 'ip_address': '10.180.180.247'}], 'enable_snat': True}, 'description': '', 'availability_zones': [], 'distributed': False, 'ha': False, 'availability_zone_hints': [], 'routes': [], 'flavor_id': None, 'tags': [], 'created_at': '2024-12-12T03:29:34Z', 'updated_at': '2024-12-12T03:29:36Z', 'revision_number': 2, 'project_id': '3e1d8a47a64743df82c614dee71b9728'}
2024-12-12 03:29:40.552 66350 INFO tempest.lib.common.rest_client [req-360c092e-7475-4ffe-8584-5dbf57b1a6f0 req-360c092e-7475-4ffe-8584-5dbf57b1a6f0 ] Request (ServersTestFqdnHostnames:setUpClass): 201 POST http://10.180.1.21/identity/v3/projects 0.037s
2024-12-12 03:29:40.553 66342 INFO tempest.lib.common.rest_client [req-11156209-2621-4e69-ad82-8515a0fc845a req-11156209-2621-4e69-ad82-8515a0fc845a ] Request (ImagesTestJSON:test_create_image_from_stopped_server): 200 GET http://10.180.1.21/compute/v2.1/servers/790c77cd-62f8-4e65-91b6-122e8a7dbca6 1.129s
2024-12-12 03:29:40.561 66336 INFO tempest.lib.common.rest_client [req-91239bc8-f341-4c00-836e-edf0e89955fc req-91239bc8-f341-4c00-836e-edf0e89955fc ] Request (QuotaClassesAdmin257Test:tearDownClass): 200 GET http://10.180.1.21:9696/networking/v2.0/security-groups?tenant_id=96352f6c589a4adba04155d4979b4e39&name=default 0.351s
2024-12-12 03:29:40.567 66342 INFO tempest.common.waiters [-] State transition "BUILD/networking" ==> "BUILD/spawning" after 17 second wait
2024-12-12 03:29:40.606 66374 INFO tempest.lib.common.rest_client [req-3788434f-b74c-47c4-801e-d27895c1a797 req-3788434f-b74c-47c4-801e-d27895c1a797 ] Request (ServersTestJSON:setUpClass): 201 POST http://10.180.1.21/identity/v3/auth/tokens 0.085s
2024-12-12 03:29:40.614 66350 INFO tempest.lib.common.rest_client [req-53ff4ad0-cfc6-4c21-a950-c3fc701c3330 req-53ff4ad0-cfc6-4c21-a950-c3fc701c3330 ] Request (ServersTestFqdnHostnames:setUpClass): 201 POST http://10.180.1.21/identity/v3/users 0.062s
2024-12-12 03:29:40.615 66372 INFO tempest.lib.common.rest_client [req-e5643e5a-ad58-44a5-aa86-b196dc745d53 req-e5643e5a-ad58-44a5-aa86-b196dc745d53 ] Request (ListServersNegativeTestJSON:setUpClass): 200 GET http://10.180.1.21/compute/v2.1/servers/74bf8090-fbaf-42b7-b981-728cdf285770 1.099s
2024-12-12 03:29:40.624 66338 INFO tempest.lib.common.rest_client [req-247c32ab-42fc-401c-9008-3e5235191bcd req-247c32ab-42fc-401c-9008-3e5235191bcd ] Request (ServersAdminNegativeTestJSON:setUpClass): 200 GET http://10.180.1.21/compute/v2.1/servers/601e137f-f0c6-456f-962e-a97ad59f1fa5 1.155s
2024-12-12 03:29:40.636 66378 INFO tempest.lib.common.rest_client [req-8cc8b5b8-6332-4f77-ad52-4b9f0ee068e4 req-8cc8b5b8-6332-4f77-ad52-4b9f0ee068e4 ] Request (ServersTestManualDisk:setUpClass): 201 POST http://10.180.1.21/identity/v3/auth/tokens 0.074s
2024-12-12 03:29:40.641 66350 INFO tempest.lib.common.rest_client [req-787f16cb-ba78-4307-9cc5-b2046069bfaf req-787f16cb-ba78-4307-9cc5-b2046069bfaf ] Request (ServersTestFqdnHostnames:setUpClass): 200 GET http://10.180.1.21/identity/v3/roles 0.024s
2024-12-12 03:29:40.665 66350 INFO tempest.lib.common.rest_client [req-de4ff4f5-c9ae-4a73-9786-18595d5fd455 req-de4ff4f5-c9ae-4a73-9786-18595d5fd455 ] Request (ServersTestFqdnHostnames:setUpClass): 204 PUT http://10.180.1.21/identity/v3/projects/201bfec946d541fba966ca60a15d6118/users/fc23fc6207d545f08f8379974e7ec3c7/roles/570acec25c95423391aa029dd5eb3338 0.024s
2024-12-12 03:29:40.665 66350 INFO tempest.lib.common.dynamic_creds [-] Dynamic test user fc23fc6207d545f08f8379974e7ec3c7 is created with scope project and roles: ['member']
2024-12-12 03:29:40.666 66350 INFO tempest.lib.common.dynamic_creds [-] Acquired dynamic creds: credentials: Credentials: {'domain_id': 'default', 'domain_name': 'Default', 'username': 'tempest-ServersTestFqdnHostnames-1378049735-project-member', 'project_domain_id': 'default', 'project_domain_name': 'Default', 'project_id': '201bfec946d541fba966ca60a15d6118', 'project_name': 'tempest-ServersTestFqdnHostnames-1378049735', 'tenant_id': '201bfec946d541fba966ca60a15d6118', 'tenant_name': 'tempest-ServersTestFqdnHostnames-1378049735', 'user_domain_id': 'default', 'user_domain_name': 'Default', 'user_id': 'fc23fc6207d545f08f8379974e7ec3c7', 'system': None}, Network: None, Subnet: None, Router: None
2024-12-12 03:29:40.666 66378 INFO tempest.lib.common.rest_client [req-1f91aa36-1607-466d-a240-12811857dd56 req-1f91aa36-1607-466d-a240-12811857dd56 ] Request (ServersTestManualDisk:setUpClass): 200 GET http://10.180.1.21/identity/v3/domains?name=Default 0.029s
2024-12-12 03:29:40.675 66388 INFO tempest.lib.common.rest_client [req-1ab783fd-cfa4-4f55-bdba-0b7427db6daf req-1ab783fd-cfa4-4f55-bdba-0b7427db6daf ] Request (MigrationsAdminTest:test_list_migrations_in_flavor_resize_situation): 200 GET http://10.180.1.21/compute/v2.1/servers/571c2ea4-2a87-4876-a245-c6f6f67d2223 1.111s
2024-12-12 03:29:40.699 66392 INFO tempest.lib.common.rest_client [req-41b281da-4692-46e3-bbb8-15dcf5b79f97 req-41b281da-4692-46e3-bbb8-15dcf5b79f97 ] Request (ServerDiagnosticsV248Test:test_get_server_diagnostics): 200 GET http://10.180.1.21/compute/v2.1/servers/2f95d392-062c-4c62-bd39-7c19342e125c 1.043s
2024-12-12 03:29:40.731 66348 INFO tempest.lib.common.rest_client [req-c9d5fa6e-5b3e-4cbb-9fa8-f7ff7b295144 req-c9d5fa6e-5b3e-4cbb-9fa8-f7ff7b295144 ] Request (TenantUsagesTestJSON:setUpClass): 200 GET http://10.180.1.21/compute/v2.1/servers/24637ec0-1517-4361-b31b-36e1c609198a 1.056s
2024-12-12 03:29:40.731 66350 INFO tempest.lib.common.rest_client [req-2040ef67-6884-41d1-9d9e-352a8106e08d req-2040ef67-6884-41d1-9d9e-352a8106e08d ] Request (ServersTestFqdnHostnames:setUpClass): 201 POST http://10.180.1.21/identity/v3/auth/tokens 0.065s
2024-12-12 03:29:40.731 66378 INFO tempest.lib.common.rest_client [req-2395fd9c-c4c5-4ea2-81c6-c718f93a34c5 req-2395fd9c-c4c5-4ea2-81c6-c718f93a34c5 ] Request (ServersTestManualDisk:setUpClass): 201 POST http://10.180.1.21/identity/v3/projects 0.063s
2024-12-12 03:29:40.791 66336 INFO tempest.lib.common.rest_client [req-997be900-c538-4dac-aa82-2c2947015c84 req-997be900-c538-4dac-aa82-2c2947015c84 ] Request (QuotaClassesAdmin257Test:tearDownClass): 204 DELETE http://10.180.1.21:9696/networking/v2.0/security-groups/cdb7a918-c3a4-4898-a669-a6903c16a2f6 0.229s
2024-12-12 03:29:40.796 66378 INFO tempest.lib.common.rest_client [req-4dfd86d6-cde3-4691-80f2-5cc5d49d6ce2 req-4dfd86d6-cde3-4691-80f2-5cc5d49d6ce2 ] Request (ServersTestManualDisk:setUpClass): 201 POST http://10.180.1.21/identity/v3/users 0.064s
2024-12-12 03:29:40.796 66358 INFO tempest.lib.common.rest_client [req-d9824574-7f2b-42ef-918e-10e851671513 req-d9824574-7f2b-42ef-918e-10e851671513 ] Request (ServerDiagnosticsTest:test_get_server_diagnostics): 200 GET http://10.180.1.21/compute/v2.1/servers/b159db46-b163-449d-b4e3-332dc50ab194 1.037s
2024-12-12 03:29:40.805 66360 INFO tempest.lib.common.rest_client [req-ba220162-cfa8-4117-b97f-36797fce5568 req-ba220162-cfa8-4117-b97f-36797fce5568 ] Request (ServersAdmin275Test:test_rebuild_update_server_275): 200 GET http://10.180.1.21/compute/v2.1/servers/f9324e42-bc6f-49f4-b716-92f25ac17433 1.035s
2024-12-12 03:29:40.817 66386 INFO tempest.lib.common.rest_client [req-e31929f6-7c78-4691-914b-89e2f2117584 req-e31929f6-7c78-4691-914b-89e2f2117584 ] Request (FloatingIPsNegativeTestJSON:tearDownClass): 204 DELETE http://10.180.1.21:9696/networking/v2.0/routers/869d4e29-f6bd-40c3-aaf3-a636303e5ab6 1.132s
2024-12-12 03:29:40.839 66378 INFO tempest.lib.common.rest_client [req-fe7c74f2-8ae8-4ff0-a0ac-060bc088d520 req-fe7c74f2-8ae8-4ff0-a0ac-060bc088d520 ] Request (ServersTestManualDisk:setUpClass): 200 GET http://10.180.1.21/identity/v3/roles 0.042s
2024-12-12 03:29:40.868 66378 INFO tempest.lib.common.rest_client [req-b588d06f-5fe2-4c02-ac3e-baa0bb70203c req-b588d06f-5fe2-4c02-ac3e-baa0bb70203c ] Request (ServersTestManualDisk:setUpClass): 204 PUT http://10.180.1.21/identity/v3/projects/7cb3f658af9d45979c0017369eaa5f13/users/ee59a771b115491dabfd4e53fa4b4857/roles/570acec25c95423391aa029dd5eb3338 0.029s
2024-12-12 03:29:40.869 66378 INFO tempest.lib.common.dynamic_creds [-] Dynamic test user ee59a771b115491dabfd4e53fa4b4857 is created with scope project and roles: ['member']
2024-12-12 03:29:40.869 66378 INFO tempest.lib.common.dynamic_creds [-] Acquired dynamic creds: credentials: Credentials: {'domain_id': 'default', 'domain_name': 'Default', 'username': 'tempest-ServersTestManualDisk-384958038-project-member', 'project_domain_id': 'default', 'project_domain_name': 'Default', 'project_id': '7cb3f658af9d45979c0017369eaa5f13', 'project_name': 'tempest-ServersTestManualDisk-384958038', 'tenant_id': '7cb3f658af9d45979c0017369eaa5f13', 'tenant_name': 'tempest-ServersTestManualDisk-384958038', 'user_domain_id': 'default', 'user_domain_name': 'Default', 'user_id': 'ee59a771b115491dabfd4e53fa4b4857', 'system': None}, Network: None, Subnet: None, Router: None
2024-12-12 03:29:40.870 66352 INFO tempest.lib.common.rest_client [req-ec79736f-4ff3-4a35-9130-80eae919b5a3 req-ec79736f-4ff3-4a35-9130-80eae919b5a3 ] Request (FloatingIPsAssociationNegativeTestJSON:setUpClass): 200 GET http://10.180.1.21/compute/v2.1/servers/826ca48d-5961-490b-b058-7ecd5a994a37 1.009s
2024-12-12 03:29:40.892 66394 INFO tempest.lib.common.rest_client [req-e5a9dcef-2ba7-4178-ac2d-61fd92875596 req-e5a9dcef-2ba7-4178-ac2d-61fd92875596 ] Request (ServerShowV247Test:test_update_rebuild_list_server): 200 GET http://10.180.1.21/compute/v2.1/servers/6a393900-2d1e-4d11-92bd-eac1bdb98557 1.014s
2024-12-12 03:29:40.895 66362 INFO tempest.lib.common.rest_client [req-b8cf81fb-a241-4b9a-a8d0-03c922323991 req-b8cf81fb-a241-4b9a-a8d0-03c922323991 ] Request (AggregatesAdminNegativeTestJSON:test_aggregate_create_with_existent_aggregate_name): 409 POST http://10.180.1.21/compute/v2.1/os-aggregates 0.990s
2024-12-12 03:29:40.914 66336 INFO tempest.lib.common.rest_client [req-b5541c56-0c4b-4c07-aa6a-089f4699b2d3 req-b5541c56-0c4b-4c07-aa6a-089f4699b2d3 ] Request (QuotaClassesAdmin257Test:tearDownClass): 204 DELETE http://10.180.1.21/identity/v3/projects/96352f6c589a4adba04155d4979b4e39 0.121s
2024-12-12 03:29:40.942 66378 INFO tempest.lib.common.rest_client [req-bf6ba040-5353-4681-9308-a22cd3523f47 req-bf6ba040-5353-4681-9308-a22cd3523f47 ] Request (ServersTestManualDisk:setUpClass): 201 POST http://10.180.1.21/identity/v3/auth/tokens 0.073s
2024-12-12 03:29:40.952 66336 INFO tempest.lib.common.rest_client [req-5a50e840-0c25-4648-bad9-bc3f2df698a3 req-5a50e840-0c25-4648-bad9-bc3f2df698a3 ] Request (ServersAdminTestJSON:setUpClass): 201 POST http://10.180.1.21/identity/v3/auth/tokens 0.037s
2024-12-12 03:29:41.005 66382 INFO tempest.lib.common.rest_client [req-028e0bcd-bcb7-479d-b97d-0be86e0bce94 req-028e0bcd-bcb7-479d-b97d-0be86e0bce94 ] Request (VolumesAssistedSnapshotsTest:test_volume_assisted_snapshot_create_delete): 200 GET http://10.180.1.21/compute/v2.1/servers/a39ea307-7343-4c5d-a62f-1b4af7c27a9a 1.050s
2024-12-12 03:29:41.089 66384 INFO tempest.lib.common.rest_client [req-4efb7ba1-0f96-4c2c-b4a9-1e7802392f72 req-4efb7ba1-0f96-4c2c-b4a9-1e7802392f72 ] Request (QuotasAdminTestV236:test_get_updated_quotas): 200 GET http://10.180.1.21/compute/v2.1/os-quota-sets/7bd5b69b13c448b5a49c4da8dd17e103/detail 1.086s
2024-12-12 03:29:41.093 66336 INFO tempest.lib.common.rest_client [req-440a02a1-b2eb-4125-b7d2-4cb4ca4b1ac6 req-440a02a1-b2eb-4125-b7d2-4cb4ca4b1ac6 ] Request (ServersAdminTestJSON:setUpClass): 201 POST http://10.180.1.21/identity/v3/auth/tokens 0.133s
2024-12-12 03:29:41.123 66336 INFO tempest.lib.common.rest_client [req-26dfaf12-2c19-4bc4-8f88-dcf7ba0ca7a5 req-26dfaf12-2c19-4bc4-8f88-dcf7ba0ca7a5 ] Request (ServersAdminTestJSON:setUpClass): 200 GET http://10.180.1.21/identity/v3/domains?name=Default 0.030s
2024-12-12 03:29:41.135 66366 INFO tempest.lib.common.rest_client [req-96ca6865-0cd5-48a1-9c63-900d887e9fff req-96ca6865-0cd5-48a1-9c63-900d887e9fff ] Request (FlavorsAccessNegativeTestJSON:_run_cleanups): 202 DELETE http://10.180.1.21/compute/v2.1/flavors/609381473 1.025s
2024-12-12 03:29:41.142 66390 INFO tempest.lib.common.rest_client [req-786f9c29-27a4-45a5-a509-c01cf3efaae8 req-786f9c29-27a4-45a5-a509-c01cf3efaae8 ] Request (HostsAdminNegativeTestJSON:test_show_host_detail_with_non_admin_user): 403 GET http://10.180.1.21/compute/v2.1/os-hosts/devstack 1.017s
2024-12-12 03:29:41.146 66384 INFO tempest.lib.common.rest_client [req-978ac196-c618-4fb6-9eb1-51bd40abe7f9 req-978ac196-c618-4fb6-9eb1-51bd40abe7f9 ] Request (QuotasAdminTestV236:test_get_updated_quotas): 200 GET http://10.180.1.21/identity/v3/domains?name=Default 0.050s
2024-12-12 03:29:41.164 66386 INFO tempest.lib.common.rest_client [req-c57c93a7-d559-4c93-859d-773efe4766d9 req-c57c93a7-d559-4c93-859d-773efe4766d9 ] Request (FloatingIPsNegativeTestJSON:tearDownClass): 204 DELETE http://10.180.1.21:9696/networking/v2.0/subnets/61f0b635-05c9-471a-b10b-fb614fb81345 0.347s
2024-12-12 03:29:41.177 66380 INFO tempest.lib.common.rest_client [req-95c6ed0e-5f1b-4904-bce9-ee158a491e16 req-95c6ed0e-5f1b-4904-bce9-ee158a491e16 ] Request (ServerShowV254Test:test_rebuild_server): 200 GET http://10.180.1.21/compute/v2.1/servers/e3d655d5-f3f8-4392-a205-98dd96aa43aa 1.117s
2024-12-12 03:29:41.188 66336 INFO tempest.lib.common.rest_client [req-d9119497-cb6e-40aa-adfe-e61399b9e33c req-d9119497-cb6e-40aa-adfe-e61399b9e33c ] Request (ServersAdminTestJSON:setUpClass): 201 POST http://10.180.1.21/identity/v3/projects 0.064s
2024-12-12 03:29:41.249 66340 INFO tempest.lib.common.rest_client [req-c47616e4-d407-48e7-becf-ecbb111a1516 req-c47616e4-d407-48e7-becf-ecbb111a1516 ] Request (SecurityGroupRulesNegativeTestJSON:test_create_security_group_rule_with_invalid_port_range): 400 POST http://10.180.1.21/compute/v2.1/os-security-group-rules 0.982s
2024-12-12 03:29:41.255 66354 INFO tempest.lib.common.rest_client [req-49d03d1f-4762-48cc-86ee-59576cb62d95 req-49d03d1f-4762-48cc-86ee-59576cb62d95 ] Request (ServersWithSpecificFlavorTestJSON:test_verify_created_server_ephemeral_disk): 200 GET http://10.180.1.21/compute/v2.1/servers/0dcc25aa-294f-46d2-b01a-1eb7149b4838 1.029s
2024-12-12 03:29:41.271 66384 INFO tempest.lib.common.rest_client [req-5bbe3f9e-e827-4e3b-b7ef-2644c2a5b08a req-5bbe3f9e-e827-4e3b-b7ef-2644c2a5b08a ] Request (QuotasAdminTestV236:test_get_updated_quotas): 201 POST http://10.180.1.21/identity/v3/users 0.124s
2024-12-12 03:29:41.320 66384 INFO tempest.lib.common.rest_client [req-21ac8afc-edb9-4a82-bec4-a77818468b17 req-21ac8afc-edb9-4a82-bec4-a77818468b17 ] Request (QuotasAdminTestV236:test_get_updated_quotas): 200 GET http://10.180.1.21/identity/v3/domains?name=Default 0.045s
2024-12-12 03:29:41.332 66356 INFO tempest.lib.common.rest_client [req-a17f32a7-6cfd-448f-8969-392ce3f686a4 req-a17f32a7-6cfd-448f-8969-392ce3f686a4 ] Request (KeyPairsV22TestJSON:test_keypair_create_delete): 201 POST http://10.180.1.21/compute/v2.1/os-keypairs 1.040s
2024-12-12 03:29:41.374 66336 INFO tempest.lib.common.rest_client [req-e255a1df-8f64-4f26-97d1-c8b71dead457 req-e255a1df-8f64-4f26-97d1-c8b71dead457 ] Request (ServersAdminTestJSON:setUpClass): 201 POST http://10.180.1.21/identity/v3/users 0.186s
2024-12-12 03:29:41.388 66350 INFO tempest.lib.common.rest_client [req-d9b39789-ca31-44d7-b8cd-3a7bd0811738 req-d9b39789-ca31-44d7-b8cd-3a7bd0811738 ] Request (ServersTestFqdnHostnames:setUpClass): 201 POST http://10.180.1.21:9696/networking/v2.0/networks 0.656s
2024-12-12 03:29:41.416 66336 INFO tempest.lib.common.rest_client [req-5b5ec4e6-f8ab-4762-8705-85faf6723d54 req-5b5ec4e6-f8ab-4762-8705-85faf6723d54 ] Request (ServersAdminTestJSON:setUpClass): 200 GET http://10.180.1.21/identity/v3/roles 0.041s
2024-12-12 03:29:41.505 66386 INFO tempest.lib.common.rest_client [req-968dbc1f-f734-4285-bb71-9a1fbb0a77a8 req-968dbc1f-f734-4285-bb71-9a1fbb0a77a8 ] Request (FloatingIPsNegativeTestJSON:tearDownClass): 204 DELETE http://10.180.1.21:9696/networking/v2.0/networks/15e457de-8b78-4a94-aea6-7b4930ffcdc0 0.340s
2024-12-12 03:29:41.512 66336 INFO tempest.lib.common.rest_client [req-a778b653-f589-47b5-86c6-36399cbf2cc3 req-a778b653-f589-47b5-86c6-36399cbf2cc3 ] Request (ServersAdminTestJSON:setUpClass): 204 PUT http://10.180.1.21/identity/v3/projects/8b06718bd5e441f8b5fcc5d2ea636456/users/edbe047eab454a77998d74b53c7816bf/roles/570acec25c95423391aa029dd5eb3338 0.096s
2024-12-12 03:29:41.513 66336 INFO tempest.lib.common.dynamic_creds [-] Dynamic test user edbe047eab454a77998d74b53c7816bf is created with scope project and roles: ['member']
2024-12-12 03:29:41.513 66336 INFO tempest.lib.common.dynamic_creds [-] Acquired dynamic creds: credentials: Credentials: {'domain_id': 'default', 'domain_name': 'Default', 'username': 'tempest-ServersAdminTestJSON-888581073-project-member', 'project_domain_id': 'default', 'project_domain_name': 'Default', 'project_id': '8b06718bd5e441f8b5fcc5d2ea636456', 'project_name': 'tempest-ServersAdminTestJSON-888581073', 'tenant_id': '8b06718bd5e441f8b5fcc5d2ea636456', 'tenant_name': 'tempest-ServersAdminTestJSON-888581073', 'user_domain_id': 'default', 'user_domain_name': 'Default', 'user_id': 'edbe047eab454a77998d74b53c7816bf', 'system': None}, Network: None, Subnet: None, Router: None
2024-12-12 03:29:41.540 66378 INFO tempest.lib.common.rest_client [req-c5f1beba-dd17-4261-bca1-42dc7d5e202f req-c5f1beba-dd17-4261-bca1-42dc7d5e202f ] Request (ServersTestManualDisk:setUpClass): 201 POST http://10.180.1.21:9696/networking/v2.0/networks 0.597s
2024-12-12 03:29:41.555 66368 INFO tempest.lib.common.rest_client [req-c0acfa53-94b3-4960-86c7-1c86c13fdcb5 req-c0acfa53-94b3-4960-86c7-1c86c13fdcb5 ] Request (ServerDiagnosticsNegativeTest:test_get_server_diagnostics_by_non_admin): 200 GET http://10.180.1.21/compute/v2.1/servers/c84b1d01-bbc1-4644-962a-ca1301ac099c 1.069s
2024-12-12 03:29:41.557 66374 INFO tempest.lib.common.rest_client [req-a437f456-1aec-4439-bffd-144096511a1b req-a437f456-1aec-4439-bffd-144096511a1b ] Request (ServersTestJSON:setUpClass): 200 POST http://10.180.1.21/compute/v2.1/os-keypairs 0.950s
2024-12-12 03:29:41.608 66336 INFO tempest.lib.common.rest_client [req-bf52ac71-126a-4cf8-b341-98148a098ce2 req-bf52ac71-126a-4cf8-b341-98148a098ce2 ] Request (ServersAdminTestJSON:setUpClass): 201 POST http://10.180.1.21/identity/v3/auth/tokens 0.095s
2024-12-12 03:29:41.691 66386 INFO tempest.lib.common.rest_client [req-85a069f5-9ebe-47c1-b4e3-78c21f280c95 req-85a069f5-9ebe-47c1-b4e3-78c21f280c95 ] Request (FloatingIPsNegativeTestJSON:tearDownClass): 204 DELETE http://10.180.1.21/identity/v3/users/eb0fc72f8f8542258dad4b46a3a6d922 0.185s
2024-12-12 03:29:41.691 66386 INFO tempest.lib.common.dynamic_creds [-] Deleting project and security group for project: f964b3cfedab4283bbc1f12773afc81b
2024-12-12 03:29:41.766 66376 INFO tempest.lib.common.rest_client [req-f3fcc258-74bb-4832-90f9-474878c61d4c req-f3fcc258-74bb-4832-90f9-474878c61d4c ] Request (ServerExternalEventsTest:test_create_server_external_events): 200 GET http://10.180.1.21/compute/v2.1/servers/9f252cab-0257-4a11-83ec-16e47e16deb7 1.157s
2024-12-12 03:29:41.781 66376 INFO tempest.common.waiters [-] State transition "BUILD/spawning" ==> "ACTIVE/None" after 19 second wait
2024-12-12 03:29:41.798 66386 INFO tempest.lib.common.rest_client [req-42402971-5589-447b-8ed0-57d25542c21c req-42402971-5589-447b-8ed0-57d25542c21c ] Request (FloatingIPsNegativeTestJSON:tearDownClass): 200 GET http://10.180.1.21:9696/networking/v2.0/security-groups?tenant_id=f964b3cfedab4283bbc1f12773afc81b&name=default 0.107s
2024-12-12 03:29:41.800 66362 INFO tempest.lib.common.rest_client [req-45a210ca-e188-4afb-812a-bb5a88a09256 req-45a210ca-e188-4afb-812a-bb5a88a09256 ] Request (AggregatesAdminNegativeTestJSON:_run_cleanups): 200 DELETE http://10.180.1.21/compute/v2.1/os-aggregates/4 0.905s
2024-12-12 03:29:41.820 66366 INFO tempest.lib.common.rest_client [req-68863de4-9546-4701-a673-f09f6c98c3fa req-68863de4-9546-4701-a673-f09f6c98c3fa ] Request (FlavorsAccessNegativeTestJSON:_run_cleanups): 200 GET http://10.180.1.21/compute/v2.1/flavors/detail 0.685s
2024-12-12 03:29:41.829 66398 INFO tempest.lib.common.rest_client [req-371cdd53-6809-4044-99bf-4557f2613e9e req-371cdd53-6809-4044-99bf-4557f2613e9e ] Request (DeleteServersAdminTestJSON:test_admin_delete_servers_of_others): 200 GET http://10.180.1.21/compute/v2.1/servers/d4622dba-7096-4004-8ebd-a7e62c13528a 0.950s
2024-12-12 03:29:41.831 66390 INFO tempest.lib.common.rest_client [req-b77e00dd-bc50-4693-984d-4eb854df2053 req-b77e00dd-bc50-4693-984d-4eb854df2053 ] Request (HostsAdminNegativeTestJSON:test_show_host_detail_with_nonexistent_hostname): 404 GET http://10.180.1.21/compute/v2.1/os-hosts/nonexistent_hostname 0.688s
2024-12-12 03:29:41.960 66374 INFO tempest.lib.common.rest_client [req-779e942d-b5d7-47c6-9d26-5d0ff10ee272 req-779e942d-b5d7-47c6-9d26-5d0ff10ee272 ] Request (ServersTestJSON:setUpClass): 201 POST http://10.180.1.21:9696/networking/v2.0/security-groups 0.398s
2024-12-12 03:29:42.036 66384 INFO tempest.lib.common.rest_client [req-ab487ad3-874b-4ca2-87a9-bee85fe9054f req-ab487ad3-874b-4ca2-87a9-bee85fe9054f ] Request (QuotasAdminTestV236:test_get_updated_quotas): 200 PUT http://10.180.1.21/compute/v2.1/os-quota-sets/7bd5b69b13c448b5a49c4da8dd17e103?user_id=9ac1f5749f5f4720b00346c716a1b77d 0.716s
2024-12-12 03:29:42.064 66356 INFO tempest.lib.common.rest_client [req-2ce5c864-508f-4a1a-adb9-bf7bca01e92c req-2ce5c864-508f-4a1a-adb9-bf7bca01e92c ] Request (KeyPairsV22TestJSON:_run_cleanups): 204 DELETE http://10.180.1.21/compute/v2.1/os-keypairs/tempest-keypair-161788843 0.729s
2024-12-12 03:29:42.114 66346 INFO tempest.lib.common.rest_client [req-b822611d-972d-4765-a95d-0920cae1fd6a req-b822611d-972d-4765-a95d-0920cae1fd6a ] Request (ListImageFiltersTestJSON:setUpClass): 204 PUT http://10.180.1.21/image/v2/images/573a34d9-6be9-4f16-8667-c5226c4ba7d6/file 1.057s
2024-12-12 03:29:42.119 66350 INFO tempest.lib.common.rest_client [req-ad667def-9c3a-4e8a-9196-c4728e9de0a4 req-ad667def-9c3a-4e8a-9196-c4728e9de0a4 ] Request (ServersTestFqdnHostnames:setUpClass): 201 POST http://10.180.1.21:9696/networking/v2.0/subnets 0.730s
2024-12-12 03:29:42.200 66386 INFO tempest.lib.common.rest_client [req-966207c8-3469-47b0-9599-e743a4aec292 req-966207c8-3469-47b0-9599-e743a4aec292 ] Request (FloatingIPsNegativeTestJSON:tearDownClass): 204 DELETE http://10.180.1.21:9696/networking/v2.0/security-groups/6f1e015a-9bca-4b74-8690-f8605934e158 0.401s
2024-12-12 03:29:42.235 66378 INFO tempest.lib.common.rest_client [req-9cc7cd37-1fac-48a8-9e4d-12275276a5e5 req-9cc7cd37-1fac-48a8-9e4d-12275276a5e5 ] Request (ServersTestManualDisk:setUpClass): 201 POST http://10.180.1.21:9696/networking/v2.0/subnets 0.694s
2024-12-12 03:29:42.238 66340 INFO tempest.lib.common.rest_client [req-75e67fe8-4950-4798-b898-74e9ddca5495 req-75e67fe8-4950-4798-b898-74e9ddca5495 ] Request (SecurityGroupRulesNegativeTestJSON:test_create_security_group_rule_with_invalid_to_port): 200 POST http://10.180.1.21/compute/v2.1/os-security-groups 0.987s
2024-12-12 03:29:42.302 66386 INFO tempest.lib.common.rest_client [req-a7b3738f-8e11-4eab-9ff8-b366c48d3a46 req-a7b3738f-8e11-4eab-9ff8-b366c48d3a46 ] Request (FloatingIPsNegativeTestJSON:tearDownClass): 204 DELETE http://10.180.1.21/identity/v3/projects/f964b3cfedab4283bbc1f12773afc81b 0.102s
2024-12-12 03:29:42.353 66374 INFO tempest.lib.common.rest_client [req-985c26fc-0699-4640-92a2-47e172ef7b71 req-985c26fc-0699-4640-92a2-47e172ef7b71 ] Request (ServersTestJSON:setUpClass): 201 POST http://10.180.1.21:9696/networking/v2.0/security-group-rules 0.392s
2024-12-12 03:29:42.406 66386 INFO tempest.lib.common.rest_client [req-ab40317b-c008-4bda-959c-1443aaf5a508 req-ab40317b-c008-4bda-959c-1443aaf5a508 ] Request (ServerActionsTestOtherB:setUpClass): 201 POST http://10.180.1.21/identity/v3/auth/tokens 0.099s
2024-12-12 03:29:42.441 66386 INFO tempest.lib.common.rest_client [req-0b0e5f32-8e19-43ec-bd7d-467936bdc288 req-0b0e5f32-8e19-43ec-bd7d-467936bdc288 ] Request (ServerActionsTestOtherB:setUpClass): 201 POST http://10.180.1.21/identity/v3/auth/tokens 0.031s
2024-12-12 03:29:42.475 66386 INFO tempest.lib.common.rest_client [req-af262636-f755-4c40-a31d-24116f63f042 req-af262636-f755-4c40-a31d-24116f63f042 ] Request (ServerActionsTestOtherB:setUpClass): 200 GET http://10.180.1.21/identity/v3/domains?name=Default 0.034s
2024-12-12 03:29:42.513 66386 INFO tempest.lib.common.rest_client [req-0b0bda7d-41c0-4394-8094-2aca21678c61 req-0b0bda7d-41c0-4394-8094-2aca21678c61 ] Request (ServerActionsTestOtherB:setUpClass): 201 POST http://10.180.1.21/identity/v3/projects 0.038s
2024-12-12 03:29:42.524 66336 INFO tempest.lib.common.rest_client [req-fe17659a-ec72-443b-a136-134afecaf34e req-fe17659a-ec72-443b-a136-134afecaf34e ] Request (ServersAdminTestJSON:setUpClass): 201 POST http://10.180.1.21:9696/networking/v2.0/networks 0.915s
2024-12-12 03:29:42.524 66344 INFO tempest.lib.common.rest_client [req-43e9a66b-fdd2-453b-81eb-d1cd11a895a6 req-43e9a66b-fdd2-453b-81eb-d1cd11a895a6 ] Request (ImagesOneServerNegativeTestJSON:setUpClass): 200 GET http://10.180.1.21/compute/v2.1/servers/89d052a1-7dbb-47b7-b9d1-d573a50fbc4b 1.121s
2024-12-12 03:29:42.532 66344 INFO tempest.common.waiters [-] State transition "BUILD/spawning" ==> "ACTIVE/None" after 20 second wait
2024-12-12 03:29:42.580 66386 INFO tempest.lib.common.rest_client [req-1e0d1d40-790e-4c8a-abf3-0cb9328547a0 req-1e0d1d40-790e-4c8a-abf3-0cb9328547a0 ] Request (ServerActionsTestOtherB:setUpClass): 201 POST http://10.180.1.21/identity/v3/users 0.067s
2024-12-12 03:29:42.607 66386 INFO tempest.lib.common.rest_client [req-d6716d0b-7934-4db4-b09f-5a5f79c548de req-d6716d0b-7934-4db4-b09f-5a5f79c548de ] Request (ServerActionsTestOtherB:setUpClass): 200 GET http://10.180.1.21/identity/v3/roles 0.026s
2024-12-12 03:29:42.610 66372 INFO tempest.lib.common.rest_client [req-91b583c6-dcc5-45d7-a1a4-d84ca0d8ca3f req-91b583c6-dcc5-45d7-a1a4-d84ca0d8ca3f ] Request (ListServersNegativeTestJSON:setUpClass): 200 GET http://10.180.1.21/compute/v2.1/servers/74bf8090-fbaf-42b7-b981-728cdf285770 0.978s
2024-12-12 03:29:42.657 66386 INFO tempest.lib.common.rest_client [req-3cbd5083-e109-409d-ac7f-b986f5515608 req-3cbd5083-e109-409d-ac7f-b986f5515608 ] Request (ServerActionsTestOtherB:setUpClass): 204 PUT http://10.180.1.21/identity/v3/projects/b0941823b071449e8707e3c40bd07b2d/users/6fed5f6d04a140f4888957cd6aad1a36/roles/570acec25c95423391aa029dd5eb3338 0.049s
2024-12-12 03:29:42.658 66386 INFO tempest.lib.common.dynamic_creds [-] Dynamic test user 6fed5f6d04a140f4888957cd6aad1a36 is created with scope project and roles: ['member']
2024-12-12 03:29:42.658 66386 INFO tempest.lib.common.dynamic_creds [-] Acquired dynamic creds: credentials: Credentials: {'domain_id': 'default', 'domain_name': 'Default', 'username': 'tempest-ServerActionsTestOtherB-1445867493-project-member', 'project_domain_id': 'default', 'project_domain_name': 'Default', 'project_id': 'b0941823b071449e8707e3c40bd07b2d', 'project_name': 'tempest-ServerActionsTestOtherB-1445867493', 'tenant_id': 'b0941823b071449e8707e3c40bd07b2d', 'tenant_name': 'tempest-ServerActionsTestOtherB-1445867493', 'user_domain_id': 'default', 'user_domain_name': 'Default', 'user_id': '6fed5f6d04a140f4888957cd6aad1a36', 'system': None}, Network: None, Subnet: None, Router: None
2024-12-12 03:29:42.717 66342 INFO tempest.lib.common.rest_client [req-611405ce-a03f-4530-a4e5-1059a44b9ea4 req-611405ce-a03f-4530-a4e5-1059a44b9ea4 ] Request (ImagesTestJSON:test_create_image_from_stopped_server): 200 GET http://10.180.1.21/compute/v2.1/servers/790c77cd-62f8-4e65-91b6-122e8a7dbca6 1.149s
2024-12-12 03:29:42.728 66386 INFO tempest.lib.common.rest_client [req-02dc8c19-231d-4503-8258-f61604df5408 req-02dc8c19-231d-4503-8258-f61604df5408 ] Request (ServerActionsTestOtherB:setUpClass): 201 POST http://10.180.1.21/identity/v3/auth/tokens 0.069s
2024-12-12 03:29:42.798 66338 INFO tempest.lib.common.rest_client [req-a65fe073-5dec-451d-b6f2-bf5dd3711060 req-a65fe073-5dec-451d-b6f2-bf5dd3711060 ] Request (ServersAdminNegativeTestJSON:setUpClass): 200 GET http://10.180.1.21/compute/v2.1/servers/601e137f-f0c6-456f-962e-a97ad59f1fa5 1.159s
2024-12-12 03:29:42.802 66388 INFO tempest.lib.common.rest_client [req-9d3c31da-dce6-4d38-8072-1e3b5e5f06c5 req-9d3c31da-dce6-4d38-8072-1e3b5e5f06c5 ] Request (MigrationsAdminTest:test_list_migrations_in_flavor_resize_situation): 200 GET http://10.180.1.21/compute/v2.1/servers/571c2ea4-2a87-4876-a245-c6f6f67d2223 1.114s
2024-12-12 03:29:42.810 66388 INFO tempest.common.waiters [-] State transition "BUILD/None" ==> "BUILD/block_device_mapping" after 18 second wait
2024-12-12 03:29:42.879 66392 INFO tempest.lib.common.rest_client [req-1356c688-a7c5-4755-86af-15c89114f89d req-1356c688-a7c5-4755-86af-15c89114f89d ] Request (ServerDiagnosticsV248Test:test_get_server_diagnostics): 200 GET http://10.180.1.21/compute/v2.1/servers/2f95d392-062c-4c62-bd39-7c19342e125c 1.169s
2024-12-12 03:29:42.893 66336 INFO tempest.lib.common.rest_client [req-27f6d621-f645-4fc8-9378-e25135aa5a35 req-27f6d621-f645-4fc8-9378-e25135aa5a35 ] Request (ServersAdminTestJSON:setUpClass): 201 POST http://10.180.1.21:9696/networking/v2.0/subnets 0.368s
2024-12-12 03:29:42.954 66348 INFO tempest.lib.common.rest_client [req-ef823dfe-2219-4b9a-928a-47e91c86054e req-ef823dfe-2219-4b9a-928a-47e91c86054e ] Request (TenantUsagesTestJSON:setUpClass): 200 GET http://10.180.1.21/compute/v2.1/servers/24637ec0-1517-4361-b31b-36e1c609198a 1.216s
2024-12-12 03:29:42.963 66374 INFO tempest.lib.common.rest_client [req-678e8b89-cb63-4c53-9e36-9d19ed8bec13 req-678e8b89-cb63-4c53-9e36-9d19ed8bec13 ] Request (ServersTestJSON:setUpClass): 201 POST http://10.180.1.21:9696/networking/v2.0/security-group-rules 0.609s
2024-12-12 03:29:42.988 66362 INFO tempest.lib.common.rest_client [req-faaa4fc1-b4b1-49c3-b5fb-cd5a9dd15a7e req-faaa4fc1-b4b1-49c3-b5fb-cd5a9dd15a7e ] Request (AggregatesAdminNegativeTestJSON:test_aggregate_delete_as_user): 200 POST http://10.180.1.21/compute/v2.1/os-aggregates 1.186s
2024-12-12 03:29:43.063 66376 INFO tempest.lib.common.rest_client [req-f01f97ed-616b-4655-8530-9f9caab70e3d req-f01f97ed-616b-4655-8530-9f9caab70e3d ] Request (ServerExternalEventsTest:test_create_server_external_events): 200 POST http://10.180.1.21/compute/v2.1/os-server-external-events 1.282s
2024-12-12 03:29:43.084 66358 INFO tempest.lib.common.rest_client [req-c7065e58-63b5-4d81-80a8-9c4d17b17613 req-c7065e58-63b5-4d81-80a8-9c4d17b17613 ] Request (ServerDiagnosticsTest:test_get_server_diagnostics): 200 GET http://10.180.1.21/compute/v2.1/servers/b159db46-b163-449d-b4e3-332dc50ab194 1.278s
2024-12-12 03:29:43.102 66366 INFO tempest.lib.common.rest_client [req-14d57ff6-e1f7-4597-9bf5-cdd52320d02e req-14d57ff6-e1f7-4597-9bf5-cdd52320d02e ] Request (FlavorsAccessNegativeTestJSON:test_remove_flavor_access_not_found): 200 POST http://10.180.1.21/compute/v2.1/flavors 1.274s
