2024-12-12 03:29:18.903 66354 INFO tempest.lib.common.dynamic_creds [-] Acquired dynamic creds: credentials: Credentials: {'domain_id': 'default', 'domain_name': 'Default', 'username': 'tempest-ServersWithSpecificFlavorTestJSON-1672703589-project-admin', 'project_domain_id': 'default', 'project_domain_name': 'Default', 'project_id': '0652adff556f4425b6a97de60eca7bfa', 'project_name': 'tempest-ServersWithSpecificFlavorTestJSON-1672703589', 'tenant_id': '0652adff556f4425b6a97de60eca7bfa', 'tenant_name': 'tempest-ServersWithSpecificFlavorTestJSON-1672703589', 'user_domain_id': 'default', 'user_domain_name': 'Default', 'user_id': '6fdac0e39d464c35908700c0db69adb3', 'system': None}, Network: None, Subnet: None, Router: None
2024-12-12 03:29:18.946 66382 INFO tempest.lib.common.rest_client [req-5519324f-b769-4abb-b13b-e76d98032272 req-5519324f-b769-4abb-b13b-e76d98032272 ] Request (VolumesAssistedSnapshotsTest:setUpClass): 200 GET http://10.180.1.21/identity/v3/roles 0.146s
2024-12-12 03:29:18.957 66340 INFO tempest.lib.common.rest_client [req-15f27a22-91c9-4895-a57c-e9228ee95c96 req-15f27a22-91c9-4895-a57c-e9228ee95c96 ] Request (SecurityGroupRulesNegativeTestJSON:setUpClass): 201 POST http://10.180.1.21/identity/v3/auth/tokens 0.140s
2024-12-12 03:29:18.970 66376 INFO tempest.lib.common.rest_client [req-b94b7f5e-3d3e-4d82-8ab8-89d975803acc req-b94b7f5e-3d3e-4d82-8ab8-89d975803acc ] Request (ServerExternalEventsTest:test_create_server_external_events): 202 POST http://10.180.1.21/compute/v2.1/servers 2.351s
2024-12-12 03:29:19.010 66358 INFO tempest.lib.common.rest_client [req-5f75640a-3675-4abb-8458-cf0217df51da req-5f75640a-3675-4abb-8458-cf0217df51da ] Request (QuotasSecurityGroupAdminNegativeTest:tearDownClass): 204 DELETE http://10.180.1.21/identity/v3/projects/c68292c79dea47c48027dc1a7fe672c9 0.177s
2024-12-12 03:29:19.011 66358 INFO tempest.lib.common.dynamic_creds [-] Deleting project and security group for project: 55b1dd0617b6418faf727e911146689a
2024-12-12 03:29:19.068 66372 INFO tempest.lib.common.rest_client [req-13bb59b5-5228-455f-ad8b-20ddc575ae7c req-13bb59b5-5228-455f-ad8b-20ddc575ae7c ] Request (ListServersNegativeTestJSON:setUpClass): 201 POST http://10.180.1.21/identity/v3/users 0.220s
2024-12-12 03:29:19.081 66348 INFO tempest.lib.common.rest_client [req-6f37d1a3-4ef0-4252-be20-c3ceb083012d req-6f37d1a3-4ef0-4252-be20-c3ceb083012d ] Request (TenantUsagesTestJSON:setUpClass): 204 PUT http://10.180.1.21/identity/v3/projects/1fbc66c4b88b4613ba95535c8f53c4dd/users/e69d7ae83a3a43f4b351b678a597db95/roles/570acec25c95423391aa029dd5eb3338 0.188s
2024-12-12 03:29:19.082 66348 INFO tempest.lib.common.dynamic_creds [-] Dynamic test user e69d7ae83a3a43f4b351b678a597db95 is created with scope project and roles: ['member']
2024-12-12 03:29:19.082 66348 INFO tempest.lib.common.dynamic_creds [-] Acquired dynamic creds: credentials: Credentials: {'domain_id': 'default', 'domain_name': 'Default', 'username': 'tempest-TenantUsagesTestJSON-1331028255-project-member', 'project_domain_id': 'default', 'project_domain_name': 'Default', 'project_id': '1fbc66c4b88b4613ba95535c8f53c4dd', 'project_name': 'tempest-TenantUsagesTestJSON-1331028255', 'tenant_id': '1fbc66c4b88b4613ba95535c8f53c4dd', 'tenant_name': 'tempest-TenantUsagesTestJSON-1331028255', 'user_domain_id': 'default', 'user_domain_name': 'Default', 'user_id': 'e69d7ae83a3a43f4b351b678a597db95', 'system': None}, Network: None, Subnet: None, Router: None
2024-12-12 03:29:19.082 66348 INFO tempest.lib.common.dynamic_creds [-] Created isolated network resources for: credentials: Credentials: {'domain_id': 'default', 'domain_name': 'Default', 'username': 'tempest-TenantUsagesTestJSON-1331028255-project-member', 'project_domain_id': 'default', 'project_domain_name': 'Default', 'project_id': '1fbc66c4b88b4613ba95535c8f53c4dd', 'project_name': 'tempest-TenantUsagesTestJSON-1331028255', 'tenant_id': '1fbc66c4b88b4613ba95535c8f53c4dd', 'tenant_name': 'tempest-TenantUsagesTestJSON-1331028255', 'user_domain_id': 'default', 'user_domain_name': 'Default', 'user_id': 'e69d7ae83a3a43f4b351b678a597db95', 'system': None}, Network: None, Subnet: None, Router: None
2024-12-12 03:29:19.089 66354 INFO tempest.lib.common.rest_client [req-197d5049-3ae4-49d0-a728-096a65ccafae req-197d5049-3ae4-49d0-a728-096a65ccafae ] Request (ServersWithSpecificFlavorTestJSON:setUpClass): 201 POST http://10.180.1.21:9696/networking/v2.0/networks 0.185s
2024-12-12 03:29:19.109 66358 INFO tempest.lib.common.rest_client [req-7226e9af-7d58-4794-96a2-5d25c688760a req-7226e9af-7d58-4794-96a2-5d25c688760a ] Request (QuotasSecurityGroupAdminNegativeTest:tearDownClass): 200 GET http://10.180.1.21:9696/networking/v2.0/security-groups?tenant_id=55b1dd0617b6418faf727e911146689a&name=default 0.098s
2024-12-12 03:29:19.127 66382 INFO tempest.lib.common.rest_client [req-b878acc5-fe23-4b35-9dd1-ccf1281a3692 req-b878acc5-fe23-4b35-9dd1-ccf1281a3692 ] Request (VolumesAssistedSnapshotsTest:setUpClass): 204 PUT http://10.180.1.21/identity/v3/projects/bdd251fa8b7d4d7e85a60aa5a610c60d/users/a052cfe9269b412494e6ebfc1908f6d6/roles/eb7f9d7e82ad41b98ec9d078c8a0e387 0.180s
2024-12-12 03:29:19.127 66382 INFO tempest.lib.common.dynamic_creds [-] Dynamic test user a052cfe9269b412494e6ebfc1908f6d6 is created with scope project and roles: ['admin']
2024-12-12 03:29:19.127 66382 INFO tempest.lib.common.dynamic_creds [-] Acquired dynamic creds: credentials: Credentials: {'domain_id': 'default', 'domain_name': 'Default', 'username': 'tempest-VolumesAssistedSnapshotsTest-406279124-project-admin', 'project_domain_id': 'default', 'project_domain_name': 'Default', 'project_id': 'bdd251fa8b7d4d7e85a60aa5a610c60d', 'project_name': 'tempest-VolumesAssistedSnapshotsTest-406279124', 'tenant_id': 'bdd251fa8b7d4d7e85a60aa5a610c60d', 'tenant_name': 'tempest-VolumesAssistedSnapshotsTest-406279124', 'user_domain_id': 'default', 'user_domain_name': 'Default', 'user_id': 'a052cfe9269b412494e6ebfc1908f6d6', 'system': None}, Network: None, Subnet: None, Router: None
2024-12-12 03:29:19.135 66340 INFO tempest.lib.common.rest_client [req-0fc05300-994c-4b85-a4fe-c816adee61cf req-0fc05300-994c-4b85-a4fe-c816adee61cf ] Request (SecurityGroupRulesNegativeTestJSON:setUpClass): 201 POST http://10.180.1.21/identity/v3/auth/tokens 0.176s
2024-12-12 03:29:19.207 66394 INFO tempest.lib.common.rest_client [req-659d9343-8a5e-4cb5-8184-b34693fab2f5 req-659d9343-8a5e-4cb5-8184-b34693fab2f5 ] Request (AZAdminNegativeTestJSON:test_get_availability_zone_list_detail_with_non_admin_user): 403 GET http://10.180.1.21/compute/v2.1/os-availability-zone/detail 2.557s
2024-12-12 03:29:19.245 66358 INFO tempest.lib.common.rest_client [req-04b7f755-0d3d-47be-8c72-fc842d2fd82d req-04b7f755-0d3d-47be-8c72-fc842d2fd82d ] Request (QuotasSecurityGroupAdminNegativeTest:tearDownClass): 204 DELETE http://10.180.1.21:9696/networking/v2.0/security-groups/8a8933f0-d528-452d-8731-4b94c9a1586c 0.135s
2024-12-12 03:29:19.320 66372 INFO tempest.lib.common.rest_client [req-b70ae494-6f0f-4c09-9098-0821d2500ca7 req-b70ae494-6f0f-4c09-9098-0821d2500ca7 ] Request (ListServersNegativeTestJSON:setUpClass): 200 GET http://10.180.1.21/identity/v3/roles 0.251s
2024-12-12 03:29:19.350 66340 INFO tempest.lib.common.rest_client [req-637d02c8-7926-4a2b-b4e6-b2374ff9bf6c req-637d02c8-7926-4a2b-b4e6-b2374ff9bf6c ] Request (SecurityGroupRulesNegativeTestJSON:setUpClass): 200 GET http://10.180.1.21/identity/v3/domains?name=Default 0.215s
2024-12-12 03:29:19.373 66348 INFO tempest.lib.common.rest_client [req-8395aa43-2763-49fa-9590-27ba46b39447 req-8395aa43-2763-49fa-9590-27ba46b39447 ] Request (TenantUsagesTestJSON:setUpClass): 201 POST http://10.180.1.21/identity/v3/auth/tokens 0.286s
2024-12-12 03:29:19.373 66354 INFO tempest.lib.common.rest_client [req-0864dc36-fff9-4b6a-abee-84012f43a3c6 req-0864dc36-fff9-4b6a-abee-84012f43a3c6 ] Request (ServersWithSpecificFlavorTestJSON:setUpClass): 201 POST http://10.180.1.21:9696/networking/v2.0/subnets 0.284s
2024-12-12 03:29:19.432 66358 INFO tempest.lib.common.rest_client [req-22c60ef7-fff8-4e50-8122-ed2853c595f1 req-22c60ef7-fff8-4e50-8122-ed2853c595f1 ] Request (QuotasSecurityGroupAdminNegativeTest:tearDownClass): 204 DELETE http://10.180.1.21/identity/v3/projects/55b1dd0617b6418faf727e911146689a 0.187s
2024-12-12 03:29:19.456 66374 INFO tempest.lib.common.rest_client [req-5722f731-5e8c-4779-9bb8-9d163fe6c3a4 req-5722f731-5e8c-4779-9bb8-9d163fe6c3a4 ] Request (KeyPairsV210TestJSON:test_admin_manage_keypairs_for_other_users): 201 POST http://10.180.1.21/compute/v2.1/os-keypairs 2.739s
2024-12-12 03:29:19.480 66382 INFO tempest.lib.common.rest_client [req-2b5a0a53-c600-45d5-b5f0-d2640be99fa7 req-2b5a0a53-c600-45d5-b5f0-d2640be99fa7 ] Request (VolumesAssistedSnapshotsTest:setUpClass): 201 POST http://10.180.1.21:9696/networking/v2.0/networks 0.353s
2024-12-12 03:29:19.495 66394 INFO tempest.lib.common.rest_client [req-335b6956-d704-40fe-a9f2-ad48d6759e5a req-335b6956-d704-40fe-a9f2-ad48d6759e5a ] Request (AZAdminNegativeTestJSON:tearDownClass): 204 DELETE http://10.180.1.21/identity/v3/users/94dcce9ef425436881f71efa1f20c492 0.229s
2024-12-12 03:29:19.581 66372 INFO tempest.lib.common.rest_client [req-fea1cb80-56c8-46ab-b66a-d46e21162b13 req-fea1cb80-56c8-46ab-b66a-d46e21162b13 ] Request (ListServersNegativeTestJSON:setUpClass): 204 PUT http://10.180.1.21/identity/v3/projects/ce0f3a129cbe49228b2b1bf02305733e/users/73e554f2ff1a4350b5d4b834b41813a4/roles/570acec25c95423391aa029dd5eb3338 0.261s
2024-12-12 03:29:19.582 66372 INFO tempest.lib.common.dynamic_creds [-] Dynamic test user 73e554f2ff1a4350b5d4b834b41813a4 is created with scope project and roles: ['member']
2024-12-12 03:29:19.582 66372 INFO tempest.lib.common.dynamic_creds [-] Acquired dynamic creds: credentials: Credentials: {'domain_id': 'default', 'domain_name': 'Default', 'username': 'tempest-ListServersNegativeTestJSON-636598350-project-member', 'project_domain_id': 'default', 'project_domain_name': 'Default', 'project_id': 'ce0f3a129cbe49228b2b1bf02305733e', 'project_name': 'tempest-ListServersNegativeTestJSON-636598350', 'tenant_id': 'ce0f3a129cbe49228b2b1bf02305733e', 'tenant_name': 'tempest-ListServersNegativeTestJSON-636598350', 'user_domain_id': 'default', 'user_domain_name': 'Default', 'user_id': '73e554f2ff1a4350b5d4b834b41813a4', 'system': None}, Network: None, Subnet: None, Router: None
2024-12-12 03:29:19.623 66382 INFO tempest.lib.common.rest_client [req-045d7b13-cc70-40b7-b804-e468c5cc8052 req-045d7b13-cc70-40b7-b804-e468c5cc8052 ] Request (VolumesAssistedSnapshotsTest:setUpClass): 201 POST http://10.180.1.21:9696/networking/v2.0/subnets 0.142s
2024-12-12 03:29:19.636 66340 INFO tempest.lib.common.rest_client [req-b307e13b-fcfb-4b30-a113-9f98a31a7910 req-b307e13b-fcfb-4b30-a113-9f98a31a7910 ] Request (SecurityGroupRulesNegativeTestJSON:setUpClass): 201 POST http://10.180.1.21/identity/v3/projects 0.284s
2024-12-12 03:29:19.682 66348 INFO tempest.lib.common.rest_client [req-d8b176de-d273-4ce7-ae44-01ec24f5dda1 req-d8b176de-d273-4ce7-ae44-01ec24f5dda1 ] Request (TenantUsagesTestJSON:setUpClass): 201 POST http://10.180.1.21/identity/v3/projects 0.309s
2024-12-12 03:29:19.689 66358 INFO tempest.lib.common.rest_client [req-3b0993ef-12cd-42a1-979a-3bc80903a6fd req-3b0993ef-12cd-42a1-979a-3bc80903a6fd ] Request (ServerDiagnosticsTest:setUpClass): 201 POST http://10.180.1.21/identity/v3/auth/tokens 0.254s
2024-12-12 03:29:19.774 66394 INFO tempest.lib.common.rest_client [req-fc1f47b3-b77e-4a25-808a-8751b788928a req-fc1f47b3-b77e-4a25-808a-8751b788928a ] Request (AZAdminNegativeTestJSON:tearDownClass): 204 DELETE http://10.180.1.21/identity/v3/users/bc396a2004ac4924b8b50e19ee95b52f 0.278s
2024-12-12 03:29:19.774 66394 INFO tempest.lib.common.dynamic_creds [-] Deleting project and security group for project: 66e2828c430e4130a327e2f947dd90d7
2024-12-12 03:29:19.829 66344 INFO tempest.lib.common.rest_client [req-2018a5d3-d824-41ab-92a4-aabafbe57460 req-2018a5d3-d824-41ab-92a4-aabafbe57460 ] Request (ImagesOneServerNegativeTestJSON:setUpClass): 202 POST http://10.180.1.21/compute/v2.1/servers 3.246s
2024-12-12 03:29:19.832 66372 INFO tempest.lib.common.rest_client [req-403cc5c2-6f53-4532-9b83-877a340cce3d req-403cc5c2-6f53-4532-9b83-877a340cce3d ] Request (ListServersNegativeTestJSON:setUpClass): 201 POST http://10.180.1.21/identity/v3/auth/tokens 0.249s
2024-12-12 03:29:19.856 66340 INFO tempest.lib.common.rest_client [req-2705c615-a88a-4c66-885f-8ee0ad7e68c1 req-2705c615-a88a-4c66-885f-8ee0ad7e68c1 ] Request (SecurityGroupRulesNegativeTestJSON:setUpClass): 201 POST http://10.180.1.21/identity/v3/users 0.219s
2024-12-12 03:29:19.876 66348 INFO tempest.lib.common.rest_client [req-4926986b-c100-42de-a1e1-d1101c258110 req-4926986b-c100-42de-a1e1-d1101c258110 ] Request (TenantUsagesTestJSON:setUpClass): 201 POST http://10.180.1.21/identity/v3/users 0.193s
2024-12-12 03:29:19.882 66358 INFO tempest.lib.common.rest_client [req-c247b759-e339-41e7-9889-dde9076b02b0 req-c247b759-e339-41e7-9889-dde9076b02b0 ] Request (ServerDiagnosticsTest:setUpClass): 201 POST http://10.180.1.21/identity/v3/auth/tokens 0.191s
2024-12-12 03:29:19.887 66392 INFO tempest.lib.common.rest_client [req-8684378a-1617-4bdf-b548-8dcf3b8df33a req-8684378a-1617-4bdf-b548-8dcf3b8df33a ] Request (NetworksTest:test_get_network): 200 GET http://10.180.1.21/compute/v2.1/os-networks 3.134s
2024-12-12 03:29:19.901 66394 INFO tempest.lib.common.rest_client [req-de3853bd-1189-4ee5-bb6b-c926ee441641 req-de3853bd-1189-4ee5-bb6b-c926ee441641 ] Request (AZAdminNegativeTestJSON:tearDownClass): 201 POST http://10.180.1.21/identity/v3/auth/tokens 0.127s
2024-12-12 03:29:19.917 66352 INFO tempest.lib.common.rest_client [req-851fcd50-7116-4eb0-b4f6-5f45a8155065 req-851fcd50-7116-4eb0-b4f6-5f45a8155065 ] Request (FlavorsV2NegativeTest:test_boot_with_low_ram): 204 PUT http://10.180.1.21/image/v2/images/c466d046-f060-4205-9c6a-d78180056cc0/file 2.452s
2024-12-12 03:29:19.961 66340 INFO tempest.lib.common.rest_client [req-907d5c31-691d-4248-944b-dfd7f9a2b08a req-907d5c31-691d-4248-944b-dfd7f9a2b08a ] Request (SecurityGroupRulesNegativeTestJSON:setUpClass): 200 GET http://10.180.1.21/identity/v3/roles 0.104s
2024-12-12 03:29:19.975 66348 INFO tempest.lib.common.rest_client [req-9c85f633-f428-49f0-9017-fa8e02d7cfa3 req-9c85f633-f428-49f0-9017-fa8e02d7cfa3 ] Request (TenantUsagesTestJSON:setUpClass): 200 GET http://10.180.1.21/identity/v3/roles 0.098s
2024-12-12 03:29:20.007 66358 INFO tempest.lib.common.rest_client [req-4fe2f9c4-4eb0-459f-a5b3-33fc8664a983 req-4fe2f9c4-4eb0-459f-a5b3-33fc8664a983 ] Request (ServerDiagnosticsTest:setUpClass): 200 GET http://10.180.1.21/identity/v3/domains?name=Default 0.124s
2024-12-12 03:29:20.060 66390 INFO tempest.lib.common.rest_client [req-8bab9b3c-ebda-48b7-877c-c19e3bb2fc51 req-8bab9b3c-ebda-48b7-877c-c19e3bb2fc51 ] Request (HostsAdminTestJSON:test_list_hosts): 200 GET http://10.180.1.21/compute/v2.1/os-hosts 2.781s
2024-12-12 03:29:20.069 66340 INFO tempest.lib.common.rest_client [req-38f23d62-1167-4b5b-9f30-24f33a71e0ba req-38f23d62-1167-4b5b-9f30-24f33a71e0ba ] Request (SecurityGroupRulesNegativeTestJSON:setUpClass): 204 PUT http://10.180.1.21/identity/v3/projects/acb93f6cbafa4b609c3fb81587fa36ea/users/9a6e31383de2467d832b2dbec7a79fa7/roles/570acec25c95423391aa029dd5eb3338 0.107s
2024-12-12 03:29:20.069 66340 INFO tempest.lib.common.dynamic_creds [-] Dynamic test user 9a6e31383de2467d832b2dbec7a79fa7 is created with scope project and roles: ['member']
2024-12-12 03:29:20.070 66340 INFO tempest.lib.common.dynamic_creds [-] Acquired dynamic creds: credentials: Credentials: {'domain_id': 'default', 'domain_name': 'Default', 'username': 'tempest-SecurityGroupRulesNegativeTestJSON-81003088-project-member', 'project_domain_id': 'default', 'project_domain_name': 'Default', 'project_id': 'acb93f6cbafa4b609c3fb81587fa36ea', 'project_name': 'tempest-SecurityGroupRulesNegativeTestJSON-81003088', 'tenant_id': 'acb93f6cbafa4b609c3fb81587fa36ea', 'tenant_name': 'tempest-SecurityGroupRulesNegativeTestJSON-81003088', 'user_domain_id': 'default', 'user_domain_name': 'Default', 'user_id': '9a6e31383de2467d832b2dbec7a79fa7', 'system': None}, Network: None, Subnet: None, Router: None
2024-12-12 03:29:20.110 66352 INFO tempest.lib.common.rest_client [req-a9d5be74-5152-44f1-bb96-34554a873e3b req-a9d5be74-5152-44f1-bb96-34554a873e3b ] Request (FlavorsV2NegativeTest:test_boot_with_low_ram): 201 POST http://10.180.1.21/identity/v3/auth/tokens 0.143s
2024-12-12 03:29:20.110 66352 INFO tempest.lib.common.fixed_network [-] (FlavorsV2NegativeTest:test_boot_with_low_ram) Found network None available for tenant
2024-12-12 03:29:20.126 66348 INFO tempest.lib.common.rest_client [req-59a5ae72-cdc0-4eb4-ac71-938f25980fb4 req-59a5ae72-cdc0-4eb4-ac71-938f25980fb4 ] Request (TenantUsagesTestJSON:setUpClass): 204 PUT http://10.180.1.21/identity/v3/projects/3403e48310db47a4bd64581722a2356e/users/aa21dbb2afdb44449dce8a8aeb422fbd/roles/eb7f9d7e82ad41b98ec9d078c8a0e387 0.151s
2024-12-12 03:29:20.177 66358 INFO tempest.lib.common.rest_client [req-a4158b09-6234-4e27-9e7c-b66b0c814224 req-a4158b09-6234-4e27-9e7c-b66b0c814224 ] Request (ServerDiagnosticsTest:setUpClass): 201 POST http://10.180.1.21/identity/v3/projects 0.169s
2024-12-12 03:29:20.234 66340 INFO tempest.lib.common.rest_client [req-9d8585fa-4440-4fe7-b33d-40a357eda748 req-9d8585fa-4440-4fe7-b33d-40a357eda748 ] Request (SecurityGroupRulesNegativeTestJSON:setUpClass): 201 POST http://10.180.1.21/identity/v3/auth/tokens 0.161s
2024-12-12 03:29:20.248 66348 INFO tempest.lib.common.rest_client [req-20cf85d0-3ad3-4e8e-8176-7a426238e094 req-20cf85d0-3ad3-4e8e-8176-7a426238e094 ] Request (TenantUsagesTestJSON:setUpClass): 200 GET http://10.180.1.21/identity/v3/roles 0.121s
2024-12-12 03:29:20.272 66358 INFO tempest.lib.common.rest_client [req-43b8e0ae-43de-4ad4-9391-4f57011d17de req-43b8e0ae-43de-4ad4-9391-4f57011d17de ] Request (ServerDiagnosticsTest:setUpClass): 201 POST http://10.180.1.21/identity/v3/users 0.094s
2024-12-12 03:29:20.289 66354 INFO tempest.lib.common.rest_client [req-f13eeeca-0dda-4152-8256-884faf0442cb req-f13eeeca-0dda-4152-8256-884faf0442cb ] Request (ServersWithSpecificFlavorTestJSON:setUpClass): 201 POST http://10.180.1.21:9696/networking/v2.0/routers 0.915s
2024-12-12 03:29:20.299 66394 INFO tempest.lib.common.rest_client [req-16fcc0a5-f16d-4eae-8b89-115fc46a557a req-16fcc0a5-f16d-4eae-8b89-115fc46a557a ] Request (AZAdminNegativeTestJSON:tearDownClass): 200 GET http://10.180.1.21:9696/networking/v2.0/security-groups?tenant_id=66e2828c430e4130a327e2f947dd90d7&name=default 0.397s
2024-12-12 03:29:20.321 66348 INFO tempest.lib.common.rest_client [req-02b6e1cd-3416-4b44-8475-55c820e00af3 req-02b6e1cd-3416-4b44-8475-55c820e00af3 ] Request (TenantUsagesTestJSON:setUpClass): 204 PUT http://10.180.1.21/identity/v3/projects/3403e48310db47a4bd64581722a2356e/users/aa21dbb2afdb44449dce8a8aeb422fbd/roles/eb7f9d7e82ad41b98ec9d078c8a0e387 0.073s
2024-12-12 03:29:20.321 66348 INFO tempest.lib.common.dynamic_creds [-] Dynamic test user aa21dbb2afdb44449dce8a8aeb422fbd is created with scope project and roles: ['admin']
2024-12-12 03:29:20.321 66348 INFO tempest.lib.common.dynamic_creds [-] Acquired dynamic creds: credentials: Credentials: {'domain_id': 'default', 'domain_name': 'Default', 'username': 'tempest-TenantUsagesTestJSON-600697324-project-admin', 'project_domain_id': 'default', 'project_domain_name': 'Default', 'project_id': '3403e48310db47a4bd64581722a2356e', 'project_name': 'tempest-TenantUsagesTestJSON-600697324', 'tenant_id': '3403e48310db47a4bd64581722a2356e', 'tenant_name': 'tempest-TenantUsagesTestJSON-600697324', 'user_domain_id': 'default', 'user_domain_name': 'Default', 'user_id': 'aa21dbb2afdb44449dce8a8aeb422fbd', 'system': None}, Network: None, Subnet: None, Router: None
2024-12-12 03:29:20.322 66348 INFO tempest.lib.common.dynamic_creds [-] Created isolated network resources for: credentials: Credentials: {'domain_id': 'default', 'domain_name': 'Default', 'username': 'tempest-TenantUsagesTestJSON-600697324-project-admin', 'project_domain_id': 'default', 'project_domain_name': 'Default', 'project_id': '3403e48310db47a4bd64581722a2356e', 'project_name': 'tempest-TenantUsagesTestJSON-600697324', 'tenant_id': '3403e48310db47a4bd64581722a2356e', 'tenant_name': 'tempest-TenantUsagesTestJSON-600697324', 'user_domain_id': 'default', 'user_domain_name': 'Default', 'user_id': 'aa21dbb2afdb44449dce8a8aeb422fbd', 'system': None}, Network: None, Subnet: None, Router: None
2024-12-12 03:29:20.334 66380 INFO tempest.lib.common.rest_client [req-036b1f74-dcf1-4c7f-b547-a0b8bd1feb62 req-036b1f74-dcf1-4c7f-b547-a0b8bd1feb62 ] Request (AZAdminV2TestJSON:test_get_availability_zone_list): 200 GET http://10.180.1.21/compute/v2.1/os-availability-zone 2.983s
2024-12-12 03:29:20.378 66358 INFO tempest.lib.common.rest_client [req-451b8f26-1dc8-4167-99cc-bb95eea12890 req-451b8f26-1dc8-4167-99cc-bb95eea12890 ] Request (ServerDiagnosticsTest:setUpClass): 200 GET http://10.180.1.21/identity/v3/roles 0.106s
2024-12-12 03:29:20.399 66348 INFO tempest.lib.common.rest_client [req-d32d780c-2741-4244-9c23-daea3d3c8cb5 req-d32d780c-2741-4244-9c23-daea3d3c8cb5 ] Request (TenantUsagesTestJSON:setUpClass): 201 POST http://10.180.1.21/identity/v3/auth/tokens 0.073s
2024-12-12 03:29:20.400 66348 WARNING tempest.lib.common.rest_client [-] Deprecated: "tenant_id" property is deprecated for removal, use "project_id" instead
2024-12-12 03:29:20.424 66358 INFO tempest.lib.common.rest_client [req-808e8377-fa9e-42b5-803c-3b621cc7a260 req-808e8377-fa9e-42b5-803c-3b621cc7a260 ] Request (ServerDiagnosticsTest:setUpClass): 204 PUT http://10.180.1.21/identity/v3/projects/86a3464a6359439d8cb49f0f62afbadb/users/296a5ee355cf47c5872bc571021582cf/roles/570acec25c95423391aa029dd5eb3338 0.046s
2024-12-12 03:29:20.424 66358 INFO tempest.lib.common.dynamic_creds [-] Dynamic test user 296a5ee355cf47c5872bc571021582cf is created with scope project and roles: ['member']
2024-12-12 03:29:20.425 66358 INFO tempest.lib.common.dynamic_creds [-] Acquired dynamic creds: credentials: Credentials: {'domain_id': 'default', 'domain_name': 'Default', 'username': 'tempest-ServerDiagnosticsTest-558443960-project-member', 'project_domain_id': 'default', 'project_domain_name': 'Default', 'project_id': '86a3464a6359439d8cb49f0f62afbadb', 'project_name': 'tempest-ServerDiagnosticsTest-558443960', 'tenant_id': '86a3464a6359439d8cb49f0f62afbadb', 'tenant_name': 'tempest-ServerDiagnosticsTest-558443960', 'user_domain_id': 'default', 'user_domain_name': 'Default', 'user_id': '296a5ee355cf47c5872bc571021582cf', 'system': None}, Network: None, Subnet: None, Router: None
2024-12-12 03:29:20.425 66358 INFO tempest.lib.common.dynamic_creds [-] Created isolated network resources for: credentials: Credentials: {'domain_id': 'default', 'domain_name': 'Default', 'username': 'tempest-ServerDiagnosticsTest-558443960-project-member', 'project_domain_id': 'default', 'project_domain_name': 'Default', 'project_id': '86a3464a6359439d8cb49f0f62afbadb', 'project_name': 'tempest-ServerDiagnosticsTest-558443960', 'tenant_id': '86a3464a6359439d8cb49f0f62afbadb', 'tenant_name': 'tempest-ServerDiagnosticsTest-558443960', 'user_domain_id': 'default', 'user_domain_name': 'Default', 'user_id': '296a5ee355cf47c5872bc571021582cf', 'system': None}, Network: None, Subnet: None, Router: None
2024-12-12 03:29:20.433 66368 INFO tempest.lib.common.rest_client [req-ce571f14-44e4-46c5-b99e-feeec696d11f req-ce571f14-44e4-46c5-b99e-feeec696d11f ] Request (ServerDiagnosticsNegativeTest:test_get_server_diagnostics_by_non_admin): 202 POST http://10.180.1.21/compute/v2.1/servers 3.105s
2024-12-12 03:29:20.478 66372 INFO tempest.lib.common.rest_client [req-6606d634-6065-4d50-ba4f-5b0a32ec1b3a req-6606d634-6065-4d50-ba4f-5b0a32ec1b3a ] Request (ListServersNegativeTestJSON:setUpClass): 201 POST http://10.180.1.21:9696/networking/v2.0/networks 0.646s
2024-12-12 03:29:20.485 66348 INFO tempest.lib.common.rest_client [req-431f60a9-e8ea-4bbd-8288-000f2186ead3 req-431f60a9-e8ea-4bbd-8288-000f2186ead3 ] Request (TenantUsagesTestJSON:setUpClass): 201 POST http://10.180.1.21/identity/v3/auth/tokens 0.081s
2024-12-12 03:29:20.487 66348 INFO tempest.lib.common.fixed_network [-] (TenantUsagesTestJSON:setUpClass) Found network None available for tenant
2024-12-12 03:29:20.506 66386 INFO tempest.lib.common.rest_client [req-10bcb07c-9bfd-41ac-83ce-813be6f20e21 req-10bcb07c-9bfd-41ac-83ce-813be6f20e21 ] Request (HypervisorAdminTestJSON:test_get_hypervisor_list): 200 GET http://10.180.1.21/compute/v2.1/os-hypervisors 3.085s
2024-12-12 03:29:20.547 66358 INFO tempest.lib.common.rest_client [req-53dc32ad-eeee-40f6-8642-eebbedb1b5ca req-53dc32ad-eeee-40f6-8642-eebbedb1b5ca ] Request (ServerDiagnosticsTest:setUpClass): 201 POST http://10.180.1.21/identity/v3/auth/tokens 0.116s
2024-12-12 03:29:20.588 66394 INFO tempest.lib.common.rest_client [req-7fad732f-50f7-4c39-b55c-68e4dd42707f req-7fad732f-50f7-4c39-b55c-68e4dd42707f ] Request (AZAdminNegativeTestJSON:tearDownClass): 204 DELETE http://10.180.1.21:9696/networking/v2.0/security-groups/9497c06c-3742-40a4-b234-a3d18bb9f9a8 0.288s
2024-12-12 03:29:20.600 66364 INFO tempest.lib.common.rest_client [req-3d7e07e8-e9d0-4e7f-80e2-85c6de9d33cf req-3d7e07e8-e9d0-4e7f-80e2-85c6de9d33cf ] Request (FlavorsExtraSpecsNegativeTestJSON:test_flavor_get_nonexistent_key): 404 GET http://10.180.1.21/compute/v2.1/flavors/1416526955/os-extra_specs/hw:cpu_thread_policy 3.136s
2024-12-12 03:29:20.618 66350 INFO tempest.lib.common.rest_client [req-292636f8-d50e-4960-8983-3e9912be4396 req-292636f8-d50e-4960-8983-3e9912be4396 ] Request (FlavorsAccessTestJSON:_run_cleanups): 200 GET http://10.180.1.21/compute/v2.1/flavors/detail 3.134s
2024-12-12 03:29:20.668 66358 INFO tempest.lib.common.rest_client [req-d65a8296-1d17-4c79-9063-296a608393d6 req-d65a8296-1d17-4c79-9063-296a608393d6 ] Request (ServerDiagnosticsTest:setUpClass): 201 POST http://10.180.1.21/identity/v3/projects 0.120s
2024-12-12 03:29:20.753 66394 INFO tempest.lib.common.rest_client [req-a42330fe-decf-4618-9953-610f9ec4c5ca req-a42330fe-decf-4618-9953-610f9ec4c5ca ] Request (AZAdminNegativeTestJSON:tearDownClass): 204 DELETE http://10.180.1.21/identity/v3/projects/66e2828c430e4130a327e2f947dd90d7 0.164s
2024-12-12 03:29:20.753 66394 INFO tempest.lib.common.dynamic_creds [-] Deleting project and security group for project: 4ac43063ab904a598de66b5ebc631d6a
2024-12-12 03:29:20.826 66358 INFO tempest.lib.common.rest_client [req-f1ebcc65-70e3-4ed8-9eb7-2812eee65531 req-f1ebcc65-70e3-4ed8-9eb7-2812eee65531 ] Request (ServerDiagnosticsTest:setUpClass): 201 POST http://10.180.1.21/identity/v3/users 0.156s
2024-12-12 03:29:20.842 66358 INFO tempest.lib.common.rest_client [req-e4ef4302-66ef-4282-bc29-3cde50ac4fef req-e4ef4302-66ef-4282-bc29-3cde50ac4fef ] Request (ServerDiagnosticsTest:setUpClass): 200 GET http://10.180.1.21/identity/v3/roles 0.016s
2024-12-12 03:29:20.852 66340 INFO tempest.lib.common.rest_client [req-22f5aac4-713b-4df7-907a-6cce706a5584 req-22f5aac4-713b-4df7-907a-6cce706a5584 ] Request (SecurityGroupRulesNegativeTestJSON:setUpClass): 201 POST http://10.180.1.21:9696/networking/v2.0/networks 0.618s
2024-12-12 03:29:20.876 66358 INFO tempest.lib.common.rest_client [req-8e525221-8fd9-4a1d-b133-430e39080c5f req-8e525221-8fd9-4a1d-b133-430e39080c5f ] Request (ServerDiagnosticsTest:setUpClass): 204 PUT http://10.180.1.21/identity/v3/projects/996b1e93561e4ba48be8112aecf1692b/users/4a345c8f6288458da52029c8de478a18/roles/eb7f9d7e82ad41b98ec9d078c8a0e387 0.033s
2024-12-12 03:29:20.877 66382 INFO tempest.lib.common.rest_client [req-f230742a-70ae-447f-a20f-005b0746a9e7 req-f230742a-70ae-447f-a20f-005b0746a9e7 ] Request (VolumesAssistedSnapshotsTest:setUpClass): 201 POST http://10.180.1.21:9696/networking/v2.0/routers 1.254s
2024-12-12 03:29:20.908 66338 INFO tempest.lib.common.rest_client [req-b3d3fde7-1d69-43d0-954b-13e54746e579 req-b3d3fde7-1d69-43d0-954b-13e54746e579 ] Request (ServersAdminNegativeTestJSON:setUpClass): 202 POST http://10.180.1.21/compute/v2.1/servers 3.434s
2024-12-12 03:29:20.942 66358 INFO tempest.lib.common.rest_client [req-8b6c73f7-3764-4cef-ab52-e436040a98d5 req-8b6c73f7-3764-4cef-ab52-e436040a98d5 ] Request (ServerDiagnosticsTest:setUpClass): 200 GET http://10.180.1.21/identity/v3/roles 0.065s
2024-12-12 03:29:20.971 66358 INFO tempest.lib.common.rest_client [req-1e779139-a7c1-49e4-aef2-1e7475fcfca8 req-1e779139-a7c1-49e4-aef2-1e7475fcfca8 ] Request (ServerDiagnosticsTest:setUpClass): 204 PUT http://10.180.1.21/identity/v3/projects/996b1e93561e4ba48be8112aecf1692b/users/4a345c8f6288458da52029c8de478a18/roles/eb7f9d7e82ad41b98ec9d078c8a0e387 0.028s
2024-12-12 03:29:20.971 66358 INFO tempest.lib.common.dynamic_creds [-] Dynamic test user 4a345c8f6288458da52029c8de478a18 is created with scope project and roles: ['admin']
2024-12-12 03:29:20.972 66358 INFO tempest.lib.common.dynamic_creds [-] Acquired dynamic creds: credentials: Credentials: {'domain_id': 'default', 'domain_name': 'Default', 'username': 'tempest-ServerDiagnosticsTest-543512691-project-admin', 'project_domain_id': 'default', 'project_domain_name': 'Default', 'project_id': '996b1e93561e4ba48be8112aecf1692b', 'project_name': 'tempest-ServerDiagnosticsTest-543512691', 'tenant_id': '996b1e93561e4ba48be8112aecf1692b', 'tenant_name': 'tempest-ServerDiagnosticsTest-543512691', 'user_domain_id': 'default', 'user_domain_name': 'Default', 'user_id': '4a345c8f6288458da52029c8de478a18', 'system': None}, Network: None, Subnet: None, Router: None
2024-12-12 03:29:20.972 66358 INFO tempest.lib.common.dynamic_creds [-] Created isolated network resources for: credentials: Credentials: {'domain_id': 'default', 'domain_name': 'Default', 'username': 'tempest-ServerDiagnosticsTest-543512691-project-admin', 'project_domain_id': 'default', 'project_domain_name': 'Default', 'project_id': '996b1e93561e4ba48be8112aecf1692b', 'project_name': 'tempest-ServerDiagnosticsTest-543512691', 'tenant_id': '996b1e93561e4ba48be8112aecf1692b', 'tenant_name': 'tempest-ServerDiagnosticsTest-543512691', 'user_domain_id': 'default', 'user_domain_name': 'Default', 'user_id': '4a345c8f6288458da52029c8de478a18', 'system': None}, Network: None, Subnet: None, Router: None
2024-12-12 03:29:20.979 66372 INFO tempest.lib.common.rest_client [req-cd5e5d51-2f95-4bda-87c8-c0713ca0a28e req-cd5e5d51-2f95-4bda-87c8-c0713ca0a28e ] Request (ListServersNegativeTestJSON:setUpClass): 201 POST http://10.180.1.21:9696/networking/v2.0/subnets 0.500s
2024-12-12 03:29:21.100 66394 INFO tempest.lib.common.rest_client [req-6ca0fed1-1ca2-41ed-9f1e-b49a34aa5b7b req-6ca0fed1-1ca2-41ed-9f1e-b49a34aa5b7b ] Request (AZAdminNegativeTestJSON:tearDownClass): 200 GET http://10.180.1.21:9696/networking/v2.0/security-groups?tenant_id=4ac43063ab904a598de66b5ebc631d6a&name=default 0.346s
2024-12-12 03:29:21.105 66358 INFO tempest.lib.common.rest_client [req-955bb3fc-bae7-4ec7-9c09-1792c7c4dfb5 req-955bb3fc-bae7-4ec7-9c09-1792c7c4dfb5 ] Request (ServerDiagnosticsTest:setUpClass): 201 POST http://10.180.1.21/identity/v3/auth/tokens 0.129s
2024-12-12 03:29:21.172 66360 INFO tempest.lib.common.rest_client [req-eccfe15a-1435-47ed-bfb4-8986297fe872 req-eccfe15a-1435-47ed-bfb4-8986297fe872 ] Request (ServersAdmin275Test:test_rebuild_update_server_275): 202 POST http://10.180.1.21/compute/v2.1/servers 3.580s
2024-12-12 03:29:21.214 66358 INFO tempest.lib.common.rest_client [req-13c329bc-4b3e-4142-8a39-ff46ace32f33 req-13c329bc-4b3e-4142-8a39-ff46ace32f33 ] Request (ServerDiagnosticsTest:test_get_server_diagnostics): 201 POST http://10.180.1.21/identity/v3/auth/tokens 0.104s
2024-12-12 03:29:21.214 66358 INFO tempest.lib.common.fixed_network [-] (ServerDiagnosticsTest:test_get_server_diagnostics) Found network None available for tenant
2024-12-12 03:29:21.460 66340 INFO tempest.lib.common.rest_client [req-0bb2b09a-c3f3-450c-b368-a67ea51a143f req-0bb2b09a-c3f3-450c-b368-a67ea51a143f ] Request (SecurityGroupRulesNegativeTestJSON:setUpClass): 201 POST http://10.180.1.21:9696/networking/v2.0/subnets 0.607s
2024-12-12 03:29:21.472 66394 INFO tempest.lib.common.rest_client [req-67906910-e1cf-4ef5-bfdf-42b8bb2dd653 req-67906910-e1cf-4ef5-bfdf-42b8bb2dd653 ] Request (AZAdminNegativeTestJSON:tearDownClass): 204 DELETE http://10.180.1.21:9696/networking/v2.0/security-groups/044b1ca5-c935-47ed-ade2-979fc292b2a9 0.371s
2024-12-12 03:29:21.599 66394 INFO tempest.lib.common.rest_client [req-286a69fc-576a-42a2-bac1-54201d4a9201 req-286a69fc-576a-42a2-bac1-54201d4a9201 ] Request (AZAdminNegativeTestJSON:tearDownClass): 204 DELETE http://10.180.1.21/identity/v3/projects/4ac43063ab904a598de66b5ebc631d6a 0.126s
2024-12-12 03:29:21.625 66398 INFO tempest.lib.common.rest_client [req-238b1eb5-facd-42c6-9770-575c35cb74f5 req-238b1eb5-facd-42c6-9770-575c35cb74f5 ] Request (DeleteServersAdminTestJSON:test_admin_delete_servers_of_others): 202 POST http://10.180.1.21/compute/v2.1/servers 4.028s
2024-12-12 03:29:21.669 66394 INFO tempest.lib.common.rest_client [req-3959fd9d-2349-468b-8b76-5e9f02f09c2a req-3959fd9d-2349-468b-8b76-5e9f02f09c2a ] Request (ServerShowV247Test:setUpClass): 201 POST http://10.180.1.21/identity/v3/auth/tokens 0.069s
2024-12-12 03:29:21.699 66394 INFO tempest.lib.common.rest_client [req-8786d921-d92b-4b17-b74f-bb9116999e30 req-8786d921-d92b-4b17-b74f-bb9116999e30 ] Request (ServerShowV247Test:setUpClass): 201 POST http://10.180.1.21/identity/v3/auth/tokens 0.026s
2024-12-12 03:29:21.724 66394 INFO tempest.lib.common.rest_client [req-16d221d6-3ff9-4b0a-925e-41d51c70d7eb req-16d221d6-3ff9-4b0a-925e-41d51c70d7eb ] Request (ServerShowV247Test:setUpClass): 200 GET http://10.180.1.21/identity/v3/domains?name=Default 0.025s
2024-12-12 03:29:21.752 66394 INFO tempest.lib.common.rest_client [req-06c11007-6101-42db-ba6d-ebce8a935793 req-06c11007-6101-42db-ba6d-ebce8a935793 ] Request (ServerShowV247Test:setUpClass): 201 POST http://10.180.1.21/identity/v3/projects 0.027s
2024-12-12 03:29:21.791 66354 INFO tempest.lib.common.rest_client [req-5a5e98cd-652c-47dd-ac69-6ffe506d8410 req-5a5e98cd-652c-47dd-ac69-6ffe506d8410 ] Request (ServersWithSpecificFlavorTestJSON:setUpClass): 200 PUT http://10.180.1.21:9696/networking/v2.0/routers/4b339bd5-8188-44ae-b9bd-8315529f6a5b/add_router_interface 1.501s
2024-12-12 03:29:21.791 66354 INFO tempest.lib.common.dynamic_creds [-] Created isolated network resources for: credentials: Credentials: {'domain_id': 'default', 'domain_name': 'Default', 'username': 'tempest-ServersWithSpecificFlavorTestJSON-1672703589-project-admin', 'project_domain_id': 'default', 'project_domain_name': 'Default', 'project_id': '0652adff556f4425b6a97de60eca7bfa', 'project_name': 'tempest-ServersWithSpecificFlavorTestJSON-1672703589', 'tenant_id': '0652adff556f4425b6a97de60eca7bfa', 'tenant_name': 'tempest-ServersWithSpecificFlavorTestJSON-1672703589', 'user_domain_id': 'default', 'user_domain_name': 'Default', 'user_id': '6fdac0e39d464c35908700c0db69adb3', 'system': None}, Network: {'id': '5027e41b-fa90-43a3-9f90-66f1dea23c20', 'name': 'tempest-ServersWithSpecificFlavorTestJSON-847390237-network', 'tenant_id': '0652adff556f4425b6a97de60eca7bfa', 'admin_state_up': True, 'mtu': 8950, 'status': 'ACTIVE', 'subnets': [], 'shared': False, 'project_id': '0652adff556f4425b6a97de60eca7bfa', 'port_security_enabled': True, 'router:external': False, 'provider:network_type': 'vlan', 'provider:physical_network': 'default', 'provider:segmentation_id': 109, 'availability_zone_hints': [], 'availability_zones': [], 'ipv4_address_scope': None, 'ipv6_address_scope': None, 'description': '', 'tags': [], 'created_at': '2024-12-12T03:29:19Z', 'updated_at': '2024-12-12T03:29:19Z', 'revision_number': 1}, Subnet: {'id': '42272390-ee01-4aa3-8a1d-f490c30c043d', 'name': 'tempest-ServersWithSpecificFlavorTestJSON-847390237-subnet', 'tenant_id': '0652adff556f4425b6a97de60eca7bfa', 'network_id': '5027e41b-fa90-43a3-9f90-66f1dea23c20', 'ip_version': 4, 'subnetpool_id': None, 'enable_dhcp': True, 'ipv6_ra_mode': None, 'ipv6_address_mode': None, 'gateway_ip': '192.168.128.1', 'cidr': '192.168.128.0/28', 'allocation_pools': [{'start': '192.168.128.2', 'end': '192.168.128.14'}], 'host_routes': [], 'dns_nameservers': [], 'description': '', 'router:external': False, 'service_types': [], 'tags': [], 'created_at': '2024-12-12T03:29:19Z', 'updated_at': '2024-12-12T03:29:19Z', 'revision_number': 0, 'project_id': '0652adff556f4425b6a97de60eca7bfa'}, Router: {'id': '4b339bd5-8188-44ae-b9bd-8315529f6a5b', 'name': 'tempest-ServersWithSpecificFlavorTestJSON-847390237-router', 'tenant_id': '0652adff556f4425b6a97de60eca7bfa', 'admin_state_up': True, 'status': 'ACTIVE', 'external_gateway_info': {'network_id': '95dfe351-cff0-448f-a4dd-26329b0e1937', 'external_fixed_ips': [{'subnet_id': '86dfa9db-67c9-4835-983b-89a9a0394e51', 'ip_address': '10.180.180.227'}], 'enable_snat': True}, 'description': '', 'availability_zones': [], 'distributed': False, 'ha': False, 'availability_zone_hints': [], 'routes': [], 'flavor_id': None, 'tags': [], 'created_at': '2024-12-12T03:29:19Z', 'updated_at': '2024-12-12T03:29:19Z', 'revision_number': 2, 'project_id': '0652adff556f4425b6a97de60eca7bfa'}
2024-12-12 03:29:21.847 66394 INFO tempest.lib.common.rest_client [req-9df43d6e-ff18-4f8d-ada7-019f955db5da req-9df43d6e-ff18-4f8d-ada7-019f955db5da ] Request (ServerShowV247Test:setUpClass): 201 POST http://10.180.1.21/identity/v3/users 0.094s
2024-12-12 03:29:21.864 66394 INFO tempest.lib.common.rest_client [req-5a9fdb9e-d92b-4cb9-b67d-570260fab127 req-5a9fdb9e-d92b-4cb9-b67d-570260fab127 ] Request (ServerShowV247Test:setUpClass): 200 GET http://10.180.1.21/identity/v3/roles 0.016s
2024-12-12 03:29:21.871 66354 INFO tempest.lib.common.rest_client [req-5b715fea-a30b-4971-b8ca-c921b6d3a04b req-5b715fea-a30b-4971-b8ca-c921b6d3a04b ] Request (ServersWithSpecificFlavorTestJSON:setUpClass): 201 POST http://10.180.1.21/identity/v3/auth/tokens 0.077s
2024-12-12 03:29:21.889 66394 INFO tempest.lib.common.rest_client [req-8faf5743-e4a9-49af-a2ce-ff6be957270a req-8faf5743-e4a9-49af-a2ce-ff6be957270a ] Request (ServerShowV247Test:setUpClass): 204 PUT http://10.180.1.21/identity/v3/projects/a3320472c85f4d118a746cc0bbb3b41e/users/4c31f5aec3264019bbd474e75e0d84a5/roles/570acec25c95423391aa029dd5eb3338 0.024s
2024-12-12 03:29:21.889 66394 INFO tempest.lib.common.dynamic_creds [-] Dynamic test user 4c31f5aec3264019bbd474e75e0d84a5 is created with scope project and roles: ['member']
2024-12-12 03:29:21.890 66394 INFO tempest.lib.common.dynamic_creds [-] Acquired dynamic creds: credentials: Credentials: {'domain_id': 'default', 'domain_name': 'Default', 'username': 'tempest-ServerShowV247Test-545641059-project-member', 'project_domain_id': 'default', 'project_domain_name': 'Default', 'project_id': 'a3320472c85f4d118a746cc0bbb3b41e', 'project_name': 'tempest-ServerShowV247Test-545641059', 'tenant_id': 'a3320472c85f4d118a746cc0bbb3b41e', 'tenant_name': 'tempest-ServerShowV247Test-545641059', 'user_domain_id': 'default', 'user_domain_name': 'Default', 'user_id': '4c31f5aec3264019bbd474e75e0d84a5', 'system': None}, Network: None, Subnet: None, Router: None
2024-12-12 03:29:21.890 66394 INFO tempest.lib.common.dynamic_creds [-] Created isolated network resources for: credentials: Credentials: {'domain_id': 'default', 'domain_name': 'Default', 'username': 'tempest-ServerShowV247Test-545641059-project-member', 'project_domain_id': 'default', 'project_domain_name': 'Default', 'project_id': 'a3320472c85f4d118a746cc0bbb3b41e', 'project_name': 'tempest-ServerShowV247Test-545641059', 'tenant_id': 'a3320472c85f4d118a746cc0bbb3b41e', 'tenant_name': 'tempest-ServerShowV247Test-545641059', 'user_domain_id': 'default', 'user_domain_name': 'Default', 'user_id': '4c31f5aec3264019bbd474e75e0d84a5', 'system': None}, Network: None, Subnet: None, Router: None
2024-12-12 03:29:21.958 66394 INFO tempest.lib.common.rest_client [req-c4974954-0b03-4459-84c1-553a1394777c req-c4974954-0b03-4459-84c1-553a1394777c ] Request (ServerShowV247Test:setUpClass): 201 POST http://10.180.1.21/identity/v3/auth/tokens 0.065s
2024-12-12 03:29:22.012 66394 INFO tempest.lib.common.rest_client [req-b04f7f13-fbf5-44ab-9f15-ca37e8fcf74a req-b04f7f13-fbf5-44ab-9f15-ca37e8fcf74a ] Request (ServerShowV247Test:setUpClass): 200 GET http://10.180.1.21/identity/v3/projects/a3320472c85f4d118a746cc0bbb3b41e 0.053s
2024-12-12 03:29:22.012 66394 INFO tempest.lib.common.dynamic_creds [-] Using the existing project a3320472c85f4d118a746cc0bbb3b41e for scope project and roles: ['reader']
2024-12-12 03:29:22.043 66394 INFO tempest.lib.common.rest_client [req-f79a8f02-9c31-4d48-8a85-ff6c9fb21568 req-f79a8f02-9c31-4d48-8a85-ff6c9fb21568 ] Request (ServerShowV247Test:setUpClass): 201 POST http://10.180.1.21/identity/v3/users 0.031s
2024-12-12 03:29:22.072 66394 INFO tempest.lib.common.rest_client [req-7e200d4a-5506-408f-a081-bcdb6178251f req-7e200d4a-5506-408f-a081-bcdb6178251f ] Request (ServerShowV247Test:setUpClass): 200 GET http://10.180.1.21/identity/v3/roles 0.028s
2024-12-12 03:29:22.072 66342 INFO tempest.lib.common.rest_client [req-db3a02a6-c037-41d2-9c46-5cf7a3f5ef3d req-db3a02a6-c037-41d2-9c46-5cf7a3f5ef3d ] Request (ImagesTestJSON:test_create_image_from_stopped_server): 202 POST http://10.180.1.21/compute/v2.1/servers 4.143s
2024-12-12 03:29:22.106 66394 INFO tempest.lib.common.rest_client [req-eddbebe1-c967-404d-90db-0106710c0df7 req-eddbebe1-c967-404d-90db-0106710c0df7 ] Request (ServerShowV247Test:setUpClass): 204 PUT http://10.180.1.21/identity/v3/projects/a3320472c85f4d118a746cc0bbb3b41e/users/cb0ed6af1c85447e8b88be53948951d6/roles/40e365c8a96a49198213f26185db638e 0.034s
2024-12-12 03:29:22.106 66394 INFO tempest.lib.common.dynamic_creds [-] Dynamic test user cb0ed6af1c85447e8b88be53948951d6 is created with scope project and roles: ['reader']
2024-12-12 03:29:22.106 66394 INFO tempest.lib.common.dynamic_creds [-] Acquired dynamic creds: credentials: Credentials: {'domain_id': 'default', 'domain_name': 'Default', 'username': 'tempest-ServerShowV247Test-545641059-project-reader', 'project_domain_id': 'default', 'project_domain_name': 'Default', 'project_id': 'a3320472c85f4d118a746cc0bbb3b41e', 'project_name': 'tempest-ServerShowV247Test-545641059', 'tenant_id': 'a3320472c85f4d118a746cc0bbb3b41e', 'tenant_name': 'tempest-ServerShowV247Test-545641059', 'user_domain_id': 'default', 'user_domain_name': 'Default', 'user_id': 'cb0ed6af1c85447e8b88be53948951d6', 'system': None}, Network: None, Subnet: None, Router: None
2024-12-12 03:29:22.106 66394 INFO tempest.lib.common.dynamic_creds [-] Network resources are not created for requested scope: project and credentials: Credentials: {'domain_id': 'default', 'domain_name': 'Default', 'username': 'tempest-ServerShowV247Test-545641059-project-reader', 'project_domain_id': 'default', 'project_domain_name': 'Default', 'project_id': 'a3320472c85f4d118a746cc0bbb3b41e', 'project_name': 'tempest-ServerShowV247Test-545641059', 'tenant_id': 'a3320472c85f4d118a746cc0bbb3b41e', 'tenant_name': 'tempest-ServerShowV247Test-545641059', 'user_domain_id': 'default', 'user_domain_name': 'Default', 'user_id': 'cb0ed6af1c85447e8b88be53948951d6', 'system': None}, Network: None, Subnet: None, Router: None
2024-12-12 03:29:22.133 66362 INFO tempest.lib.common.rest_client [req-6d307504-cb13-4ae4-8243-1c580d32d2e4 req-6d307504-cb13-4ae4-8243-1c580d32d2e4 ] Request (AggregatesAdminNegativeTestJSON:test_aggregate_add_existent_host): 200 POST http://10.180.1.21/compute/v2.1/os-aggregates 4.081s
2024-12-12 03:29:22.204 66394 INFO tempest.lib.common.rest_client [req-837b88ff-3c75-43f1-8765-bbcea84d2697 req-837b88ff-3c75-43f1-8765-bbcea84d2697 ] Request (ServerShowV247Test:setUpClass): 201 POST http://10.180.1.21/identity/v3/auth/tokens 0.094s
2024-12-12 03:29:22.253 66366 INFO tempest.lib.common.rest_client [req-0d24ef60-73c3-41a7-90eb-4de03b88b5eb req-0d24ef60-73c3-41a7-90eb-4de03b88b5eb ] Request (FlavorsAccessNegativeTestJSON:test_add_flavor_access_duplicate): 409 POST http://10.180.1.21/compute/v2.1/flavors/1709342103/action 3.967s
2024-12-12 03:29:22.281 66394 INFO tempest.lib.common.rest_client [req-629a2f88-fd22-49a0-b5d7-340795ab764a req-629a2f88-fd22-49a0-b5d7-340795ab764a ] Request (ServerShowV247Test:test_show_server): 201 POST http://10.180.1.21/identity/v3/auth/tokens 0.066s
2024-12-12 03:29:22.281 66394 INFO tempest.lib.common.fixed_network [-] (ServerShowV247Test:test_show_server) Found network None available for tenant
2024-12-12 03:29:22.284 66384 INFO tempest.lib.common.rest_client [req-2f0a924e-81b1-4c56-bf62-de440a487bb3 req-2f0a924e-81b1-4c56-bf62-de440a487bb3 ] Request (HypervisorAdminUnderV252Test:test_search_hypervisor): 200 GET http://10.180.1.21/compute/v2.1/os-hypervisors 3.849s
2024-12-12 03:29:22.367 66396 INFO tempest.lib.common.rest_client [req-f1e59693-2ab8-47ed-8da7-9e33aff93fbd req-f1e59693-2ab8-47ed-8da7-9e33aff93fbd ] Request (QuotasAdminTestJSON:test_delete_quota): 200 GET http://10.180.1.21/compute/v2.1/os-quota-sets/eb0eca19ec1c4a3086649255e95a23e1 3.922s
2024-12-12 03:29:22.373 66346 INFO tempest.lib.common.rest_client [req-f031f7b1-a6e2-4fc0-80b5-10a9c3ee3a4d req-f031f7b1-a6e2-4fc0-80b5-10a9c3ee3a4d ] Request (HypervisorAdminNegativeTestJSON:test_get_hypervisor_list_with_non_admin_user): 403 GET http://10.180.1.21/compute/v2.1/os-hypervisors 3.843s
2024-12-12 03:29:22.502 66378 INFO tempest.lib.common.rest_client [req-057d8374-2121-4056-ae15-aa9e90b6cb46 req-057d8374-2121-4056-ae15-aa9e90b6cb46 ] Request (FloatingIPsTestJSON:test_allocate_floating_ip): 200 POST http://10.180.1.21/compute/v2.1/os-floating-ips 4.966s
2024-12-12 03:29:22.612 66388 INFO tempest.lib.common.rest_client [req-9a85bfca-63f7-4786-84c0-35d7a190eaff req-9a85bfca-63f7-4786-84c0-35d7a190eaff ] Request (MigrationsAdminTest:test_list_migrations_in_flavor_resize_situation): 202 POST http://10.180.1.21/compute/v2.1/servers 4.058s
2024-12-12 03:29:22.647 66376 INFO tempest.lib.common.rest_client [req-10d6e0b1-dac0-431a-8969-8d8e0684afcf req-10d6e0b1-dac0-431a-8969-8d8e0684afcf ] Request (ServerExternalEventsTest:test_create_server_external_events): 200 GET http://10.180.1.21/compute/v2.1/servers/9f252cab-0257-4a11-83ec-16e47e16deb7 3.676s
2024-12-12 03:29:22.650 66374 INFO tempest.lib.common.rest_client [req-babccef6-03e5-4608-93c5-b124e879098b req-babccef6-03e5-4608-93c5-b124e879098b ] Request (KeyPairsV210TestJSON:test_admin_manage_keypairs_for_other_users): 201 POST http://10.180.1.21/compute/v2.1/os-keypairs 3.192s
2024-12-12 03:29:22.699 66392 INFO tempest.lib.common.rest_client [req-c5c28a42-b7c1-4c21-9a56-c4f543db8fd1 req-c5c28a42-b7c1-4c21-9a56-c4f543db8fd1 ] Request (NetworksTest:test_get_network): 200 GET http://10.180.1.21/compute/v2.1/os-networks/95dfe351-cff0-448f-a4dd-26329b0e1937 2.811s
2024-12-12 03:29:22.793 66344 INFO tempest.lib.common.rest_client [req-e7f704f7-e208-4840-9cb4-f1f5a34d90d5 req-e7f704f7-e208-4840-9cb4-f1f5a34d90d5 ] Request (ImagesOneServerNegativeTestJSON:setUpClass): 200 GET http://10.180.1.21/compute/v2.1/servers/89d052a1-7dbb-47b7-b9d1-d573a50fbc4b 2.962s
2024-12-12 03:29:22.817 66390 INFO tempest.lib.common.rest_client [req-8d489993-b401-4f45-a61d-f40d82c28535 req-8d489993-b401-4f45-a61d-f40d82c28535 ] Request (HostsAdminTestJSON:test_list_hosts_with_a_blank_zone): 200 GET http://10.180.1.21/compute/v2.1/os-hosts?zone= 2.698s
2024-12-12 03:29:22.843 66352 INFO tempest.lib.common.rest_client [req-40773813-ac67-46c0-9af7-cd903a371dc0 req-40773813-ac67-46c0-9af7-cd903a371dc0 ] Request (FlavorsV2NegativeTest:test_boot_with_low_ram): 400 POST http://10.180.1.21/compute/v2.1/servers 2.730s
2024-12-12 03:29:22.848 66380 INFO tempest.lib.common.rest_client [req-450f10fb-e429-468a-a724-f62fea32722d req-450f10fb-e429-468a-a724-f62fea32722d ] Request (AZAdminV2TestJSON:test_get_availability_zone_list_detail): 200 GET http://10.180.1.21/compute/v2.1/os-availability-zone/detail 2.462s
2024-12-12 03:29:22.909 66352 INFO tempest.lib.common.rest_client [req-e051b0ec-3ab5-45e1-9b04-4abc77b5b536 req-e051b0ec-3ab5-45e1-9b04-4abc77b5b536 ] Request (FlavorsV2NegativeTest:_run_cleanups): 204 DELETE http://10.180.1.21/image/v2/images/c466d046-f060-4205-9c6a-d78180056cc0 0.065s
2024-12-12 03:29:22.950 66368 INFO tempest.lib.common.rest_client [req-cb4bb9d5-f587-46a5-95b7-0677d0581a0f req-cb4bb9d5-f587-46a5-95b7-0677d0581a0f ] Request (ServerDiagnosticsNegativeTest:test_get_server_diagnostics_by_non_admin): 200 GET http://10.180.1.21/compute/v2.1/servers/c84b1d01-bbc1-4644-962a-ca1301ac099c 2.515s
2024-12-12 03:29:22.977 66386 INFO tempest.lib.common.rest_client [req-a92bf799-fecd-41b6-91d4-4b1faf1263df req-a92bf799-fecd-41b6-91d4-4b1faf1263df ] Request (HypervisorAdminTestJSON:test_get_hypervisor_list_details): 200 GET http://10.180.1.21/compute/v2.1/os-hypervisors/detail 2.411s
2024-12-12 03:29:22.978 66364 INFO tempest.lib.common.rest_client [req-bb6fb5d8-9149-4687-87c8-045beb40c9bd req-bb6fb5d8-9149-4687-87c8-045beb40c9bd ] Request (FlavorsExtraSpecsNegativeTestJSON:test_flavor_non_admin_set_keys): 403 POST http://10.180.1.21/compute/v2.1/flavors/1416526955/os-extra_specs 2.325s
2024-12-12 03:29:22.988 66380 INFO tempest.lib.common.rest_client [req-34e51ed8-7e38-4834-bc6c-fac88b3a2e32 req-34e51ed8-7e38-4834-bc6c-fac88b3a2e32 ] Request (AZAdminV2TestJSON:tearDownClass): 204 DELETE http://10.180.1.21/identity/v3/users/e78a11ab3d534b8faee48ef3078d8910 0.137s
2024-12-12 03:29:23.006 66350 INFO tempest.lib.common.rest_client [req-e5883187-dbb6-4373-94ce-41ff66438f90 req-e5883187-dbb6-4373-94ce-41ff66438f90 ] Request (FlavorsAccessTestJSON:test_flavor_access_list_with_private_flavor): 200 POST http://10.180.1.21/compute/v2.1/flavors 2.327s
