2024-12-12 03:29:14.136 66364 INFO tempest.lib.common.dynamic_creds [-] Acquired dynamic creds: credentials: Credentials: {'domain_id': 'default', 'domain_name': 'Default', 'username': 'tempest-FlavorsExtraSpecsNegativeTestJSON-348347148-project-admin', 'project_domain_id': 'default', 'project_domain_name': 'Default', 'project_id': '58abba55a1e444958ed1ec1547b1e316', 'project_name': 'tempest-FlavorsExtraSpecsNegativeTestJSON-348347148', 'tenant_id': '58abba55a1e444958ed1ec1547b1e316', 'tenant_name': 'tempest-FlavorsExtraSpecsNegativeTestJSON-348347148', 'user_domain_id': 'default', 'user_domain_name': 'Default', 'user_id': '57de4a8883164d1f9fee97709e3fbdb6', 'system': None}, Network: None, Subnet: None, Router: None
2024-12-12 03:29:14.137 66364 INFO tempest.lib.common.dynamic_creds [-] Created isolated network resources for: credentials: Credentials: {'domain_id': 'default', 'domain_name': 'Default', 'username': 'tempest-FlavorsExtraSpecsNegativeTestJSON-348347148-project-admin', 'project_domain_id': 'default', 'project_domain_name': 'Default', 'project_id': '58abba55a1e444958ed1ec1547b1e316', 'project_name': 'tempest-FlavorsExtraSpecsNegativeTestJSON-348347148', 'tenant_id': '58abba55a1e444958ed1ec1547b1e316', 'tenant_name': 'tempest-FlavorsExtraSpecsNegativeTestJSON-348347148', 'user_domain_id': 'default', 'user_domain_name': 'Default', 'user_id': '57de4a8883164d1f9fee97709e3fbdb6', 'system': None}, Network: None, Subnet: None, Router: None
2024-12-12 03:29:14.146 66386 INFO tempest.lib.common.rest_client [req-ccfd3656-b16c-4435-8f15-b125ddb5b6d5 req-ccfd3656-b16c-4435-8f15-b125ddb5b6d5 ] Request (HypervisorAdminTestJSON:setUpClass): 201 POST http://10.180.1.21/identity/v3/users 0.422s
2024-12-12 03:29:14.188 66376 INFO tempest.lib.common.rest_client [req-9468c029-ee68-4aa2-a898-4b4d86cefd1a req-9468c029-ee68-4aa2-a898-4b4d86cefd1a ] Request (ServerExternalEventsTest:setUpClass): 204 PUT http://10.180.1.21/identity/v3/projects/b5a9e8dde6894a07b63f6f263839e837/users/7dcd7c8786474de29187dfc60d7911ae/roles/eb7f9d7e82ad41b98ec9d078c8a0e387 0.420s
2024-12-12 03:29:14.196 66394 INFO tempest.lib.common.rest_client [req-9143c05f-34e3-4868-b187-0a23a07cc4cf req-9143c05f-34e3-4868-b187-0a23a07cc4cf ] Request (AZAdminNegativeTestJSON:setUpClass): 200 GET http://10.180.1.21/identity/v3/roles 0.424s
2024-12-12 03:29:14.237 66338 INFO tempest.lib.common.rest_client [req-b6300b25-8395-4b79-9c1b-c63a4db8d6e8 req-b6300b25-8395-4b79-9c1b-c63a4db8d6e8 ] Request (ServersAdminNegativeTestJSON:setUpClass): 200 GET http://10.180.1.21/identity/v3/roles 0.444s
2024-12-12 03:29:14.252 66388 INFO tempest.lib.common.rest_client [req-60ab0fae-d8ca-4102-b7e9-e70c246f70dd req-60ab0fae-d8ca-4102-b7e9-e70c246f70dd ] Request (MigrationsAdminTest:setUpClass): 204 PUT http://10.180.1.21/identity/v3/projects/02045267a758468989c952d32f4970c5/users/736c7845642a4b82b05b568d05376d0a/roles/eb7f9d7e82ad41b98ec9d078c8a0e387 0.442s
2024-12-12 03:29:14.295 66398 INFO tempest.lib.common.rest_client [req-fe743bf2-1b4f-438d-a7f6-baeeee9c39af req-fe743bf2-1b4f-438d-a7f6-baeeee9c39af ] Request (DeleteServersAdminTestJSON:setUpClass): 200 GET http://10.180.1.21/identity/v3/roles 0.454s
2024-12-12 03:29:14.309 66392 INFO tempest.lib.common.rest_client [req-0f483dcf-0ab4-41f8-955d-452a2ffb3880 req-0f483dcf-0ab4-41f8-955d-452a2ffb3880 ] Request (NetworksTest:setUpClass): 200 GET http://10.180.1.21/identity/v3/roles 0.442s
2024-12-12 03:29:14.323 66374 INFO tempest.lib.common.rest_client [req-0ff375b2-a9e9-4d32-af05-8218a0b95b4c req-0ff375b2-a9e9-4d32-af05-8218a0b95b4c ] Request (KeyPairsV210TestJSON:setUpClass): 200 GET http://10.180.1.21/identity/v3/roles 0.432s
2024-12-12 03:29:14.341 66360 INFO tempest.lib.common.rest_client [req-43cd3d7c-acdd-4c77-ae4a-35240c9bbe4b req-43cd3d7c-acdd-4c77-ae4a-35240c9bbe4b ] Request (ServersAdmin275Test:setUpClass): 200 GET http://10.180.1.21/identity/v3/roles 0.446s
2024-12-12 03:29:14.351 66370 INFO tempest.lib.common.rest_client [req-7f4e8a71-75c6-4e3f-9b02-7495d5ab686a req-7f4e8a71-75c6-4e3f-9b02-7495d5ab686a ] Request (QuotaClassesAdminTestJSON:setUpClass): 200 GET http://10.180.1.21/identity/v3/roles 0.432s
2024-12-12 03:29:14.362 66358 INFO tempest.lib.common.rest_client [req-a5cbb2ca-b4c9-45e8-b1b7-b66c611dd4c1 req-a5cbb2ca-b4c9-45e8-b1b7-b66c611dd4c1 ] Request (QuotasSecurityGroupAdminNegativeTest:setUpClass): 200 GET http://10.180.1.21/identity/v3/roles 0.441s
2024-12-12 03:29:14.375 66396 INFO tempest.lib.common.rest_client [req-0c01b7d0-e17c-4750-882c-a1fcd19b5932 req-0c01b7d0-e17c-4750-882c-a1fcd19b5932 ] Request (QuotasAdminTestJSON:setUpClass): 200 GET http://10.180.1.21/identity/v3/roles 0.433s
2024-12-12 03:29:14.387 66356 INFO tempest.lib.common.rest_client [req-c13c9269-ecfe-4582-846f-b53fdf86cf8d req-c13c9269-ecfe-4582-846f-b53fdf86cf8d ] Request (QuotasAdminTestV257:setUpClass): 200 GET http://10.180.1.21/identity/v3/roles 0.411s
2024-12-12 03:29:14.393 66336 INFO tempest.lib.common.rest_client [req-c21fd9d5-1d1d-4db8-b7c0-59db05f8d77d req-c21fd9d5-1d1d-4db8-b7c0-59db05f8d77d ] Request (QuotaClassesAdmin257Test:setUpClass): 200 GET http://10.180.1.21/identity/v3/roles 0.447s
2024-12-12 03:29:14.400 66352 INFO tempest.lib.common.rest_client [req-cbc11772-c068-4ba2-93e7-10c8258e311b req-cbc11772-c068-4ba2-93e7-10c8258e311b ] Request (FlavorsV2NegativeTest:test_boot_with_low_ram): 200 GET http://10.180.1.21/compute/v2.1/flavors/42 1.725s
2024-12-12 03:29:14.403 66362 INFO tempest.lib.common.rest_client [req-2c1fc674-32ce-4768-b84c-2cab470e0d06 req-2c1fc674-32ce-4768-b84c-2cab470e0d06 ] Request (AggregatesAdminNegativeTestJSON:setUpClass): 200 GET http://10.180.1.21/identity/v3/roles 0.424s
2024-12-12 03:29:14.416 66390 INFO tempest.lib.common.rest_client [req-a340c347-61a0-4cfb-ab46-472d780de784 req-a340c347-61a0-4cfb-ab46-472d780de784 ] Request (HostsAdminTestJSON:setUpClass): 200 GET http://10.180.1.21/identity/v3/roles 0.372s
2024-12-12 03:29:14.429 66346 INFO tempest.lib.common.rest_client [req-7f234ba6-6a16-4a54-8d67-4b4daa18abc8 req-7f234ba6-6a16-4a54-8d67-4b4daa18abc8 ] Request (HypervisorAdminNegativeTestJSON:setUpClass): 204 PUT http://10.180.1.21/identity/v3/projects/d698707a22d747bfa30a0d1713dceee3/users/6903abe7f4bf4c19a4098d6a3a80659a/roles/eb7f9d7e82ad41b98ec9d078c8a0e387 0.386s
2024-12-12 03:29:14.442 66368 INFO tempest.lib.common.rest_client [req-7961c0b0-7966-494a-9c97-f6e70bcc7a21 req-7961c0b0-7966-494a-9c97-f6e70bcc7a21 ] Request (ServerDiagnosticsNegativeTest:setUpClass): 204 PUT http://10.180.1.21/identity/v3/projects/b434ff8f4bef4d48a4dd2c5f533f26eb/users/0af28071eba240bb8a04192df63b5f55/roles/eb7f9d7e82ad41b98ec9d078c8a0e387 0.367s
2024-12-12 03:29:14.499 66380 INFO tempest.lib.common.rest_client [req-fc8efbd1-0d7a-4330-a233-539a3e0ff0b2 req-fc8efbd1-0d7a-4330-a233-539a3e0ff0b2 ] Request (AZAdminV2TestJSON:setUpClass): 200 GET http://10.180.1.21/identity/v3/roles 0.399s
2024-12-12 03:29:14.526 66386 INFO tempest.lib.common.rest_client [req-50a03772-a4ee-4a9c-a8f8-612420fc3e31 req-50a03772-a4ee-4a9c-a8f8-612420fc3e31 ] Request (HypervisorAdminTestJSON:setUpClass): 200 GET http://10.180.1.21/identity/v3/roles 0.380s
2024-12-12 03:29:14.538 66376 INFO tempest.lib.common.rest_client [req-c8d44d0b-c391-47b9-b54c-17767eabdf05 req-c8d44d0b-c391-47b9-b54c-17767eabdf05 ] Request (ServerExternalEventsTest:setUpClass): 200 GET http://10.180.1.21/identity/v3/roles 0.347s
2024-12-12 03:29:14.556 66364 INFO tempest.lib.common.rest_client [req-c6e4a923-e1ad-4f23-b806-60e4e2b8b475 req-c6e4a923-e1ad-4f23-b806-60e4e2b8b475 ] Request (FlavorsExtraSpecsNegativeTestJSON:setUpClass): 201 POST http://10.180.1.21/identity/v3/auth/tokens 0.416s
2024-12-12 03:29:14.557 66394 INFO tempest.lib.common.rest_client [req-0eaa97ad-1653-4fa2-a676-d613d62e27ae req-0eaa97ad-1653-4fa2-a676-d613d62e27ae ] Request (AZAdminNegativeTestJSON:setUpClass): 204 PUT http://10.180.1.21/identity/v3/projects/4ac43063ab904a598de66b5ebc631d6a/users/bc396a2004ac4924b8b50e19ee95b52f/roles/eb7f9d7e82ad41b98ec9d078c8a0e387 0.361s
2024-12-12 03:29:14.585 66354 INFO tempest.lib.common.rest_client [req-6cbe44d0-408b-42ab-956f-848524d43843 req-6cbe44d0-408b-42ab-956f-848524d43843 ] Request (ServersWithSpecificFlavorTestJSON:setUpClass): 201 POST http://10.180.1.21:9696/networking/v2.0/routers 1.153s
2024-12-12 03:29:14.597 66388 INFO tempest.lib.common.rest_client [req-7c61d976-e12a-4954-821f-5d9896c7f835 req-7c61d976-e12a-4954-821f-5d9896c7f835 ] Request (MigrationsAdminTest:setUpClass): 200 GET http://10.180.1.21/identity/v3/roles 0.345s
2024-12-12 03:29:14.609 66338 INFO tempest.lib.common.rest_client [req-107a570e-636e-4db7-96d0-c813951abfc6 req-107a570e-636e-4db7-96d0-c813951abfc6 ] Request (ServersAdminNegativeTestJSON:setUpClass): 204 PUT http://10.180.1.21/identity/v3/projects/159fadb40d534463b0a4aff0f798979b/users/dadcab88dfa348f2b4b06a65748282a7/roles/eb7f9d7e82ad41b98ec9d078c8a0e387 0.372s
2024-12-12 03:29:14.620 66398 INFO tempest.lib.common.rest_client [req-4fb7be36-5aec-4128-b7b2-452925d852e3 req-4fb7be36-5aec-4128-b7b2-452925d852e3 ] Request (DeleteServersAdminTestJSON:setUpClass): 204 PUT http://10.180.1.21/identity/v3/projects/c162913f13b641c98225916f4033c06f/users/939b52a139584a508c0415705df21a6f/roles/eb7f9d7e82ad41b98ec9d078c8a0e387 0.325s
2024-12-12 03:29:14.674 66374 INFO tempest.lib.common.rest_client [req-4a6f4736-f95c-4a55-8a5b-8ecc9d406023 req-4a6f4736-f95c-4a55-8a5b-8ecc9d406023 ] Request (KeyPairsV210TestJSON:setUpClass): 204 PUT http://10.180.1.21/identity/v3/projects/eb0f6cb479c2440c9aa77de72ce89a20/users/ab565f02b8f641f18e75d8efa83b0641/roles/eb7f9d7e82ad41b98ec9d078c8a0e387 0.350s
2024-12-12 03:29:14.693 66392 INFO tempest.lib.common.rest_client [req-40a86473-cb86-4d1c-95e2-1b170b3b4c25 req-40a86473-cb86-4d1c-95e2-1b170b3b4c25 ] Request (NetworksTest:setUpClass): 204 PUT http://10.180.1.21/identity/v3/projects/75a4b6c13ff944e3a3cf6cbf6e88ce13/users/667d177b0d2a45b3a07aaa612de46d6a/roles/eb7f9d7e82ad41b98ec9d078c8a0e387 0.384s
2024-12-12 03:29:14.751 66360 INFO tempest.lib.common.rest_client [req-0c4a6552-40f3-41a9-8384-8d759a40d824 req-0c4a6552-40f3-41a9-8384-8d759a40d824 ] Request (ServersAdmin275Test:setUpClass): 204 PUT http://10.180.1.21/identity/v3/projects/0b925d9d2f3f4099868fb09955e48e5f/users/d4bb8246f60e49fd9dec35763c1e3074/roles/eb7f9d7e82ad41b98ec9d078c8a0e387 0.409s
2024-12-12 03:29:14.814 66372 INFO tempest.lib.common.rest_client [req-e563a132-52ef-4682-bfd1-d005ed710aaf req-e563a132-52ef-4682-bfd1-d005ed710aaf ] Request (ListImageFiltersNegativeTestJSON:test_get_nonexistent_image): 404 GET http://10.180.1.21/compute/v2.1/images/33e3d83f-afac-4303-8f07-fddf8b4f8e8e 2.466s
2024-12-12 03:29:14.827 66348 INFO tempest.lib.common.rest_client [req-45afe311-4207-404a-958e-ec160b7d9cb3 req-45afe311-4207-404a-958e-ec160b7d9cb3 ] Request (ServicesAdminTestJSON:tearDownClass): 200 GET http://10.180.1.21:9696/networking/v2.0/security-groups?tenant_id=fedc4c97dcc94a4b8955fa8615300b9f&name=default 0.705s
2024-12-12 03:29:14.834 66370 INFO tempest.lib.common.rest_client [req-dc5b1df0-0825-4e22-a66a-79541890e63b req-dc5b1df0-0825-4e22-a66a-79541890e63b ] Request (QuotaClassesAdminTestJSON:setUpClass): 204 PUT http://10.180.1.21/identity/v3/projects/e270e1a8f8334bb5b6e972cd7f764893/users/e0d7dcb649e94914b8ba3bd2c4c9092c/roles/eb7f9d7e82ad41b98ec9d078c8a0e387 0.483s
2024-12-12 03:29:14.846 66358 INFO tempest.lib.common.rest_client [req-7f451c0b-8b1b-40aa-99cb-c2056243ef8d req-7f451c0b-8b1b-40aa-99cb-c2056243ef8d ] Request (QuotasSecurityGroupAdminNegativeTest:setUpClass): 204 PUT http://10.180.1.21/identity/v3/projects/55b1dd0617b6418faf727e911146689a/users/8ebb087ba5784f2182e1716311914c20/roles/eb7f9d7e82ad41b98ec9d078c8a0e387 0.483s
2024-12-12 03:29:14.911 66356 INFO tempest.lib.common.rest_client [req-856ebbb8-f772-4c98-b0b8-e85656dc4116 req-856ebbb8-f772-4c98-b0b8-e85656dc4116 ] Request (QuotasAdminTestV257:setUpClass): 204 PUT http://10.180.1.21/identity/v3/projects/165d62921f8b4dcab52c8be7d09d2daf/users/3545d37461f8489c838bab28b3554e69/roles/eb7f9d7e82ad41b98ec9d078c8a0e387 0.523s
2024-12-12 03:29:14.919 66396 INFO tempest.lib.common.rest_client [req-d32147ac-2ff5-4392-99d5-5b26030a375f req-d32147ac-2ff5-4392-99d5-5b26030a375f ] Request (QuotasAdminTestJSON:setUpClass): 204 PUT http://10.180.1.21/identity/v3/projects/8d83300a973f4c7bb23d7e9ef9ec8114/users/7b8a83213fe945df98f01cdb376b79bf/roles/eb7f9d7e82ad41b98ec9d078c8a0e387 0.543s
2024-12-12 03:29:14.970 66362 INFO tempest.lib.common.rest_client [req-c05304d2-f0ea-472b-b840-7c7d71425826 req-c05304d2-f0ea-472b-b840-7c7d71425826 ] Request (AggregatesAdminNegativeTestJSON:setUpClass): 204 PUT http://10.180.1.21/identity/v3/projects/f8003a2651804aa7a934ee67c162bc34/users/23558cf18ef943298663e71f1050560a/roles/eb7f9d7e82ad41b98ec9d078c8a0e387 0.567s
2024-12-12 03:29:14.971 66362 INFO tempest.lib.common.dynamic_creds [-] Dynamic test user 23558cf18ef943298663e71f1050560a is created with scope project and roles: ['admin']
2024-12-12 03:29:14.971 66362 INFO tempest.lib.common.dynamic_creds [-] Acquired dynamic creds: credentials: Credentials: {'domain_id': 'default', 'domain_name': 'Default', 'username': 'tempest-AggregatesAdminNegativeTestJSON-417544471-project-admin', 'project_domain_id': 'default', 'project_domain_name': 'Default', 'project_id': 'f8003a2651804aa7a934ee67c162bc34', 'project_name': 'tempest-AggregatesAdminNegativeTestJSON-417544471', 'tenant_id': 'f8003a2651804aa7a934ee67c162bc34', 'tenant_name': 'tempest-AggregatesAdminNegativeTestJSON-417544471', 'user_domain_id': 'default', 'user_domain_name': 'Default', 'user_id': '23558cf18ef943298663e71f1050560a', 'system': None}, Network: None, Subnet: None, Router: None
2024-12-12 03:29:14.971 66362 INFO tempest.lib.common.dynamic_creds [-] Created isolated network resources for: credentials: Credentials: {'domain_id': 'default', 'domain_name': 'Default', 'username': 'tempest-AggregatesAdminNegativeTestJSON-417544471-project-admin', 'project_domain_id': 'default', 'project_domain_name': 'Default', 'project_id': 'f8003a2651804aa7a934ee67c162bc34', 'project_name': 'tempest-AggregatesAdminNegativeTestJSON-417544471', 'tenant_id': 'f8003a2651804aa7a934ee67c162bc34', 'tenant_name': 'tempest-AggregatesAdminNegativeTestJSON-417544471', 'user_domain_id': 'default', 'user_domain_name': 'Default', 'user_id': '23558cf18ef943298663e71f1050560a', 'system': None}, Network: None, Subnet: None, Router: None
2024-12-12 03:29:14.977 66336 INFO tempest.lib.common.rest_client [req-b4f33225-22d5-4351-8e32-9873e5fb3584 req-b4f33225-22d5-4351-8e32-9873e5fb3584 ] Request (QuotaClassesAdmin257Test:setUpClass): 204 PUT http://10.180.1.21/identity/v3/projects/47906d5946f34ffeab69a6907dbf563a/users/e6944fa0986b456baeadaf405aa47432/roles/eb7f9d7e82ad41b98ec9d078c8a0e387 0.583s
2024-12-12 03:29:14.987 66378 INFO tempest.lib.common.rest_client [req-3f285db5-2463-40a8-90ef-9df0b38ec2d5 req-3f285db5-2463-40a8-90ef-9df0b38ec2d5 ] Request (FloatingIPsTestJSON:setUpClass): 201 POST http://10.180.1.21:9696/networking/v2.0/routers 1.691s
2024-12-12 03:29:15.025 66346 INFO tempest.lib.common.rest_client [req-c4b9b359-adb4-40bb-a7cb-042596a95336 req-c4b9b359-adb4-40bb-a7cb-042596a95336 ] Request (HypervisorAdminNegativeTestJSON:setUpClass): 200 GET http://10.180.1.21/identity/v3/roles 0.595s
2024-12-12 03:29:15.038 66368 INFO tempest.lib.common.rest_client [req-28b017b5-c0bf-4d91-8e4a-7b29eabb8bea req-28b017b5-c0bf-4d91-8e4a-7b29eabb8bea ] Request (ServerDiagnosticsNegativeTest:setUpClass): 200 GET http://10.180.1.21/identity/v3/roles 0.596s
2024-12-12 03:29:15.073 66390 INFO tempest.lib.common.rest_client [req-f6efa546-87c6-49b5-8191-bd3c0126a02a req-f6efa546-87c6-49b5-8191-bd3c0126a02a ] Request (HostsAdminTestJSON:setUpClass): 204 PUT http://10.180.1.21/identity/v3/projects/5c8c26fe80394e25b87a5efd2f75b625/users/a8cf1d43a1814336b4c035f3bfc96c5e/roles/eb7f9d7e82ad41b98ec9d078c8a0e387 0.657s
2024-12-12 03:29:15.100 66348 INFO tempest.lib.common.rest_client [req-b540773f-294a-4957-adba-66f83b04313d req-b540773f-294a-4957-adba-66f83b04313d ] Request (ServicesAdminTestJSON:tearDownClass): 204 DELETE http://10.180.1.21:9696/networking/v2.0/security-groups/282c37f3-18fd-41b6-af7f-dd35d31fa22c 0.273s
2024-12-12 03:29:15.142 66380 INFO tempest.lib.common.rest_client [req-c86d0008-5af2-495a-8f21-ae8a22bb6386 req-c86d0008-5af2-495a-8f21-ae8a22bb6386 ] Request (AZAdminV2TestJSON:setUpClass): 204 PUT http://10.180.1.21/identity/v3/projects/74c8e7abf3024668b6afa104fb427fa9/users/f17959d0dcfb432f8ff676acb21f6036/roles/eb7f9d7e82ad41b98ec9d078c8a0e387 0.643s
2024-12-12 03:29:15.187 66376 INFO tempest.lib.common.rest_client [req-cd1b7211-5d46-420b-83de-28cf3e0b9c2c req-cd1b7211-5d46-420b-83de-28cf3e0b9c2c ] Request (ServerExternalEventsTest:setUpClass): 204 PUT http://10.180.1.21/identity/v3/projects/b5a9e8dde6894a07b63f6f263839e837/users/7dcd7c8786474de29187dfc60d7911ae/roles/fa6e4ed7702348b2817a7d3ba6fc4064 0.649s
2024-12-12 03:29:15.188 66376 INFO tempest.lib.common.dynamic_creds [-] Dynamic test user 7dcd7c8786474de29187dfc60d7911ae is created with scope project and roles: ['admin', 'service']
2024-12-12 03:29:15.188 66376 INFO tempest.lib.common.dynamic_creds [-] Acquired dynamic creds: credentials: Credentials: {'domain_id': 'default', 'domain_name': 'Default', 'username': 'tempest-ServerExternalEventsTest-463914538-project', 'project_domain_id': 'default', 'project_domain_name': 'Default', 'project_id': 'b5a9e8dde6894a07b63f6f263839e837', 'project_name': 'tempest-ServerExternalEventsTest-463914538', 'tenant_id': 'b5a9e8dde6894a07b63f6f263839e837', 'tenant_name': 'tempest-ServerExternalEventsTest-463914538', 'user_domain_id': 'default', 'user_domain_name': 'Default', 'user_id': '7dcd7c8786474de29187dfc60d7911ae', 'system': None}, Network: None, Subnet: None, Router: None
2024-12-12 03:29:15.188 66376 INFO tempest.lib.common.dynamic_creds [-] Created isolated network resources for: credentials: Credentials: {'domain_id': 'default', 'domain_name': 'Default', 'username': 'tempest-ServerExternalEventsTest-463914538-project', 'project_domain_id': 'default', 'project_domain_name': 'Default', 'project_id': 'b5a9e8dde6894a07b63f6f263839e837', 'project_name': 'tempest-ServerExternalEventsTest-463914538', 'tenant_id': 'b5a9e8dde6894a07b63f6f263839e837', 'tenant_name': 'tempest-ServerExternalEventsTest-463914538', 'user_domain_id': 'default', 'user_domain_name': 'Default', 'user_id': '7dcd7c8786474de29187dfc60d7911ae', 'system': None}, Network: None, Subnet: None, Router: None
2024-12-12 03:29:15.211 66386 INFO tempest.lib.common.rest_client [req-5a0d57f7-da4a-4949-80e4-401c8ed0bed8 req-5a0d57f7-da4a-4949-80e4-401c8ed0bed8 ] Request (HypervisorAdminTestJSON:setUpClass): 204 PUT http://10.180.1.21/identity/v3/projects/ecc17b069a7e4696bdd0b5c2b4822696/users/10446d77203a42eb927fbb08f758edae/roles/eb7f9d7e82ad41b98ec9d078c8a0e387 0.684s
2024-12-12 03:29:15.225 66344 INFO tempest.lib.common.rest_client [req-55f5879e-096a-4e0c-a486-e765ca9b71c1 req-55f5879e-096a-4e0c-a486-e765ca9b71c1 ] Request (ImagesOneServerNegativeTestJSON:setUpClass): 200 PUT http://10.180.1.21:9696/networking/v2.0/routers/25e75c52-17ad-4514-8db6-581ff9a7aadf/add_router_interface 1.532s
2024-12-12 03:29:15.225 66344 INFO tempest.lib.common.dynamic_creds [-] Created isolated network resources for: credentials: Credentials: {'domain_id': 'default', 'domain_name': 'Default', 'username': 'tempest-ImagesOneServerNegativeTestJSON-831308805-project-member', 'project_domain_id': 'default', 'project_domain_name': 'Default', 'project_id': 'fd97aae437f546208576a9f04335817b', 'project_name': 'tempest-ImagesOneServerNegativeTestJSON-831308805', 'tenant_id': 'fd97aae437f546208576a9f04335817b', 'tenant_name': 'tempest-ImagesOneServerNegativeTestJSON-831308805', 'user_domain_id': 'default', 'user_domain_name': 'Default', 'user_id': 'daf541b1c4b547d185fc4013a325026a', 'system': None}, Network: {'id': 'd177d1a3-2b4a-41d1-bd02-42eaeba74ce0', 'name': 'tempest-ImagesOneServerNegativeTestJSON-47409746-network', 'tenant_id': 'fd97aae437f546208576a9f04335817b', 'admin_state_up': True, 'mtu': 8950, 'status': 'ACTIVE', 'subnets': [], 'shared': False, 'project_id': 'fd97aae437f546208576a9f04335817b', 'port_security_enabled': True, 'router:external': False, 'provider:network_type': 'vlan', 'provider:physical_network': 'default', 'provider:segmentation_id': 82, 'availability_zone_hints': [], 'availability_zones': [], 'ipv4_address_scope': None, 'ipv6_address_scope': None, 'description': '', 'tags': [], 'created_at': '2024-12-12T03:29:12Z', 'updated_at': '2024-12-12T03:29:12Z', 'revision_number': 1}, Subnet: {'id': 'aa14a264-248f-4b72-ad14-99eae887497c', 'name': 'tempest-ImagesOneServerNegativeTestJSON-47409746-subnet', 'tenant_id': 'fd97aae437f546208576a9f04335817b', 'network_id': 'd177d1a3-2b4a-41d1-bd02-42eaeba74ce0', 'ip_version': 4, 'subnetpool_id': None, 'enable_dhcp': True, 'ipv6_ra_mode': None, 'ipv6_address_mode': None, 'gateway_ip': '192.168.128.1', 'cidr': '192.168.128.0/28', 'allocation_pools': [{'start': '192.168.128.2', 'end': '192.168.128.14'}], 'host_routes': [], 'dns_nameservers': [], 'description': '', 'router:external': False, 'service_types': [], 'tags': [], 'created_at': '2024-12-12T03:29:12Z', 'updated_at': '2024-12-12T03:29:12Z', 'revision_number': 0, 'project_id': 'fd97aae437f546208576a9f04335817b'}, Router: {'id': '25e75c52-17ad-4514-8db6-581ff9a7aadf', 'name': 'tempest-ImagesOneServerNegativeTestJSON-47409746-router', 'tenant_id': 'fd97aae437f546208576a9f04335817b', 'admin_state_up': True, 'status': 'ACTIVE', 'external_gateway_info': {'network_id': '95dfe351-cff0-448f-a4dd-26329b0e1937', 'external_fixed_ips': [{'subnet_id': '86dfa9db-67c9-4835-983b-89a9a0394e51', 'ip_address': '10.180.180.157'}], 'enable_snat': True}, 'description': '', 'availability_zones': [], 'distributed': False, 'ha': False, 'availability_zone_hints': [], 'routes': [], 'flavor_id': None, 'tags': [], 'created_at': '2024-12-12T03:29:12Z', 'updated_at': '2024-12-12T03:29:13Z', 'revision_number': 2, 'project_id': 'fd97aae437f546208576a9f04335817b'}
2024-12-12 03:29:15.254 66388 INFO tempest.lib.common.rest_client [req-fced6274-f9c4-4852-b039-e539c6bf5905 req-fced6274-f9c4-4852-b039-e539c6bf5905 ] Request (MigrationsAdminTest:setUpClass): 204 PUT http://10.180.1.21/identity/v3/projects/02045267a758468989c952d32f4970c5/users/736c7845642a4b82b05b568d05376d0a/roles/eb7f9d7e82ad41b98ec9d078c8a0e387 0.656s
2024-12-12 03:29:15.255 66388 INFO tempest.lib.common.dynamic_creds [-] Dynamic test user 736c7845642a4b82b05b568d05376d0a is created with scope project and roles: ['admin']
2024-12-12 03:29:15.255 66388 INFO tempest.lib.common.dynamic_creds [-] Acquired dynamic creds: credentials: Credentials: {'domain_id': 'default', 'domain_name': 'Default', 'username': 'tempest-MigrationsAdminTest-1481456411-project-admin', 'project_domain_id': 'default', 'project_domain_name': 'Default', 'project_id': '02045267a758468989c952d32f4970c5', 'project_name': 'tempest-MigrationsAdminTest-1481456411', 'tenant_id': '02045267a758468989c952d32f4970c5', 'tenant_name': 'tempest-MigrationsAdminTest-1481456411', 'user_domain_id': 'default', 'user_domain_name': 'Default', 'user_id': '736c7845642a4b82b05b568d05376d0a', 'system': None}, Network: None, Subnet: None, Router: None
2024-12-12 03:29:15.255 66388 INFO tempest.lib.common.dynamic_creds [-] Created isolated network resources for: credentials: Credentials: {'domain_id': 'default', 'domain_name': 'Default', 'username': 'tempest-MigrationsAdminTest-1481456411-project-admin', 'project_domain_id': 'default', 'project_domain_name': 'Default', 'project_id': '02045267a758468989c952d32f4970c5', 'project_name': 'tempest-MigrationsAdminTest-1481456411', 'tenant_id': '02045267a758468989c952d32f4970c5', 'tenant_name': 'tempest-MigrationsAdminTest-1481456411', 'user_domain_id': 'default', 'user_domain_name': 'Default', 'user_id': '736c7845642a4b82b05b568d05376d0a', 'system': None}, Network: None, Subnet: None, Router: None
2024-12-12 03:29:15.276 66394 INFO tempest.lib.common.rest_client [req-d920ab3d-93b4-4b72-b278-46478373c996 req-d920ab3d-93b4-4b72-b278-46478373c996 ] Request (AZAdminNegativeTestJSON:setUpClass): 200 GET http://10.180.1.21/identity/v3/roles 0.718s
2024-12-12 03:29:15.298 66338 INFO tempest.lib.common.rest_client [req-cc3be8d4-7b99-4bfd-8336-fdae0fae4c31 req-cc3be8d4-7b99-4bfd-8336-fdae0fae4c31 ] Request (ServersAdminNegativeTestJSON:setUpClass): 200 GET http://10.180.1.21/identity/v3/roles 0.688s
2024-12-12 03:29:15.310 66374 INFO tempest.lib.common.rest_client [req-b3ea0c8c-1297-4963-98f1-e5f829b37c1d req-b3ea0c8c-1297-4963-98f1-e5f829b37c1d ] Request (KeyPairsV210TestJSON:setUpClass): 200 GET http://10.180.1.21/identity/v3/roles 0.636s
2024-12-12 03:29:15.321 66398 INFO tempest.lib.common.rest_client [req-59a639e0-750b-4f70-b9b1-e0577f4c52f6 req-59a639e0-750b-4f70-b9b1-e0577f4c52f6 ] Request (DeleteServersAdminTestJSON:setUpClass): 200 GET http://10.180.1.21/identity/v3/roles 0.700s
2024-12-12 03:29:15.324 66392 INFO tempest.lib.common.rest_client [req-36a794ae-572c-47e7-895b-f89ede5e8043 req-36a794ae-572c-47e7-895b-f89ede5e8043 ] Request (NetworksTest:setUpClass): 200 GET http://10.180.1.21/identity/v3/roles 0.630s
2024-12-12 03:29:15.333 66360 INFO tempest.lib.common.rest_client [req-24a0620e-f938-4639-a313-6306ac8148fc req-24a0620e-f938-4639-a313-6306ac8148fc ] Request (ServersAdmin275Test:setUpClass): 200 GET http://10.180.1.21/identity/v3/roles 0.581s
2024-12-12 03:29:15.392 66372 INFO tempest.lib.common.rest_client [req-924a7a78-30a3-4ac2-ad80-eda33a92094c req-924a7a78-30a3-4ac2-ad80-eda33a92094c ] Request (ListImageFiltersNegativeTestJSON:tearDownClass): 204 DELETE http://10.180.1.21/identity/v3/users/235cd0035b404965859d24766e2c1e15 0.570s
2024-12-12 03:29:15.392 66372 INFO tempest.lib.common.dynamic_creds [-] Deleting project and security group for project: 795a029aa3ea40e4b0bdc411393e5f4b
2024-12-12 03:29:15.440 66370 INFO tempest.lib.common.rest_client [req-dddea09a-d56b-4c2a-b52b-6d8820ea44d5 req-dddea09a-d56b-4c2a-b52b-6d8820ea44d5 ] Request (QuotaClassesAdminTestJSON:setUpClass): 200 GET http://10.180.1.21/identity/v3/roles 0.606s
2024-12-12 03:29:15.464 66358 INFO tempest.lib.common.rest_client [req-6983e3d8-e6b0-4b59-b8fc-e5826dbf44b6 req-6983e3d8-e6b0-4b59-b8fc-e5826dbf44b6 ] Request (QuotasSecurityGroupAdminNegativeTest:setUpClass): 200 GET http://10.180.1.21/identity/v3/roles 0.617s
2024-12-12 03:29:15.471 66366 INFO tempest.lib.common.rest_client [req-c5733306-b09a-4e31-b2b0-5a78d0a55824 req-c5733306-b09a-4e31-b2b0-5a78d0a55824 ] Request (FlavorsAccessNegativeTestJSON:test_add_flavor_access_duplicate): 200 POST http://10.180.1.21/compute/v2.1/flavors 2.059s
2024-12-12 03:29:15.484 66396 INFO tempest.lib.common.rest_client [req-733d3c68-381e-488a-b5ba-33ac4b1cd9fc req-733d3c68-381e-488a-b5ba-33ac4b1cd9fc ] Request (QuotasAdminTestJSON:setUpClass): 200 GET http://10.180.1.21/identity/v3/roles 0.565s
2024-12-12 03:29:15.487 66350 INFO tempest.lib.common.rest_client [req-62d8525b-e5b1-4bcb-9488-89af77d47d8e req-62d8525b-e5b1-4bcb-9488-89af77d47d8e ] Request (FlavorsAccessTestJSON:test_flavor_access_add_remove): 200 GET http://10.180.1.21/compute/v2.1/flavors/detail 1.594s
2024-12-12 03:29:15.495 66342 INFO tempest.lib.common.rest_client [req-bdf0c828-3e8d-4d4a-8cfc-fa5f19cd5451 req-bdf0c828-3e8d-4d4a-8cfc-fa5f19cd5451 ] Request (ImagesTestJSON:setUpClass): 201 POST http://10.180.1.21:9696/networking/v2.0/routers 1.662s
2024-12-12 03:29:15.502 66356 INFO tempest.lib.common.rest_client [req-fe17b5ad-4dca-4d88-9705-a724e97ef5f7 req-fe17b5ad-4dca-4d88-9705-a724e97ef5f7 ] Request (QuotasAdminTestV257:setUpClass): 200 GET http://10.180.1.21/identity/v3/roles 0.590s
2024-12-12 03:29:15.520 66336 INFO tempest.lib.common.rest_client [req-a71dbff7-df7e-467e-b509-fd88b7ba3ec7 req-a71dbff7-df7e-467e-b509-fd88b7ba3ec7 ] Request (QuotaClassesAdmin257Test:setUpClass): 200 GET http://10.180.1.21/identity/v3/roles 0.543s
2024-12-12 03:29:15.541 66346 INFO tempest.lib.common.rest_client [req-6e15e999-319d-4e6b-b63a-bef081e5d150 req-6e15e999-319d-4e6b-b63a-bef081e5d150 ] Request (HypervisorAdminNegativeTestJSON:setUpClass): 204 PUT http://10.180.1.21/identity/v3/projects/d698707a22d747bfa30a0d1713dceee3/users/6903abe7f4bf4c19a4098d6a3a80659a/roles/eb7f9d7e82ad41b98ec9d078c8a0e387 0.515s
2024-12-12 03:29:15.542 66346 INFO tempest.lib.common.dynamic_creds [-] Dynamic test user 6903abe7f4bf4c19a4098d6a3a80659a is created with scope project and roles: ['admin']
2024-12-12 03:29:15.542 66346 INFO tempest.lib.common.dynamic_creds [-] Acquired dynamic creds: credentials: Credentials: {'domain_id': 'default', 'domain_name': 'Default', 'username': 'tempest-HypervisorAdminNegativeTestJSON-1313560183-project-admin', 'project_domain_id': 'default', 'project_domain_name': 'Default', 'project_id': 'd698707a22d747bfa30a0d1713dceee3', 'project_name': 'tempest-HypervisorAdminNegativeTestJSON-1313560183', 'tenant_id': 'd698707a22d747bfa30a0d1713dceee3', 'tenant_name': 'tempest-HypervisorAdminNegativeTestJSON-1313560183', 'user_domain_id': 'default', 'user_domain_name': 'Default', 'user_id': '6903abe7f4bf4c19a4098d6a3a80659a', 'system': None}, Network: None, Subnet: None, Router: None
2024-12-12 03:29:15.542 66346 INFO tempest.lib.common.dynamic_creds [-] Created isolated network resources for: credentials: Credentials: {'domain_id': 'default', 'domain_name': 'Default', 'username': 'tempest-HypervisorAdminNegativeTestJSON-1313560183-project-admin', 'project_domain_id': 'default', 'project_domain_name': 'Default', 'project_id': 'd698707a22d747bfa30a0d1713dceee3', 'project_name': 'tempest-HypervisorAdminNegativeTestJSON-1313560183', 'tenant_id': 'd698707a22d747bfa30a0d1713dceee3', 'tenant_name': 'tempest-HypervisorAdminNegativeTestJSON-1313560183', 'user_domain_id': 'default', 'user_domain_name': 'Default', 'user_id': '6903abe7f4bf4c19a4098d6a3a80659a', 'system': None}, Network: None, Subnet: None, Router: None
2024-12-12 03:29:15.555 66362 INFO tempest.lib.common.rest_client [req-09087fab-027b-4429-b3db-6e18f98d5bcd req-09087fab-027b-4429-b3db-6e18f98d5bcd ] Request (AggregatesAdminNegativeTestJSON:setUpClass): 201 POST http://10.180.1.21/identity/v3/auth/tokens 0.581s
2024-12-12 03:29:15.601 66368 INFO tempest.lib.common.rest_client [req-e66c63ec-f1fe-43a1-8c8b-9d891778d1a8 req-e66c63ec-f1fe-43a1-8c8b-9d891778d1a8 ] Request (ServerDiagnosticsNegativeTest:setUpClass): 204 PUT http://10.180.1.21/identity/v3/projects/b434ff8f4bef4d48a4dd2c5f533f26eb/users/0af28071eba240bb8a04192df63b5f55/roles/eb7f9d7e82ad41b98ec9d078c8a0e387 0.562s
2024-12-12 03:29:15.601 66368 INFO tempest.lib.common.dynamic_creds [-] Dynamic test user 0af28071eba240bb8a04192df63b5f55 is created with scope project and roles: ['admin']
2024-12-12 03:29:15.601 66368 INFO tempest.lib.common.dynamic_creds [-] Acquired dynamic creds: credentials: Credentials: {'domain_id': 'default', 'domain_name': 'Default', 'username': 'tempest-ServerDiagnosticsNegativeTest-1891442785-project-admin', 'project_domain_id': 'default', 'project_domain_name': 'Default', 'project_id': 'b434ff8f4bef4d48a4dd2c5f533f26eb', 'project_name': 'tempest-ServerDiagnosticsNegativeTest-1891442785', 'tenant_id': 'b434ff8f4bef4d48a4dd2c5f533f26eb', 'tenant_name': 'tempest-ServerDiagnosticsNegativeTest-1891442785', 'user_domain_id': 'default', 'user_domain_name': 'Default', 'user_id': '0af28071eba240bb8a04192df63b5f55', 'system': None}, Network: None, Subnet: None, Router: None
2024-12-12 03:29:15.601 66368 INFO tempest.lib.common.dynamic_creds [-] Created isolated network resources for: credentials: Credentials: {'domain_id': 'default', 'domain_name': 'Default', 'username': 'tempest-ServerDiagnosticsNegativeTest-1891442785-project-admin', 'project_domain_id': 'default', 'project_domain_name': 'Default', 'project_id': 'b434ff8f4bef4d48a4dd2c5f533f26eb', 'project_name': 'tempest-ServerDiagnosticsNegativeTest-1891442785', 'tenant_id': 'b434ff8f4bef4d48a4dd2c5f533f26eb', 'tenant_name': 'tempest-ServerDiagnosticsNegativeTest-1891442785', 'user_domain_id': 'default', 'user_domain_name': 'Default', 'user_id': '0af28071eba240bb8a04192df63b5f55', 'system': None}, Network: None, Subnet: None, Router: None
2024-12-12 03:29:15.608 66390 INFO tempest.lib.common.rest_client [req-dbf833cc-96c4-4968-bdfc-085b521b9000 req-dbf833cc-96c4-4968-bdfc-085b521b9000 ] Request (HostsAdminTestJSON:setUpClass): 200 GET http://10.180.1.21/identity/v3/roles 0.534s
2024-12-12 03:29:15.710 66348 INFO tempest.lib.common.rest_client [req-7a03a278-0882-43b4-b447-f1da127b6885 req-7a03a278-0882-43b4-b447-f1da127b6885 ] Request (ServicesAdminTestJSON:tearDownClass): 204 DELETE http://10.180.1.21/identity/v3/projects/fedc4c97dcc94a4b8955fa8615300b9f 0.608s
2024-12-12 03:29:15.710 66348 INFO tempest.lib.common.dynamic_creds [-] Deleting project and security group for project: a75518dd4c5146debe0e8d0d72876fa1
2024-12-12 03:29:15.730 66380 INFO tempest.lib.common.rest_client [req-e3db4434-4220-4d10-8bbf-d3ba70ade661 req-e3db4434-4220-4d10-8bbf-d3ba70ade661 ] Request (AZAdminV2TestJSON:setUpClass): 200 GET http://10.180.1.21/identity/v3/roles 0.587s
2024-12-12 03:29:15.758 66386 INFO tempest.lib.common.rest_client [req-1ca6dfdc-c963-46e5-93b7-2c4d6ba112d3 req-1ca6dfdc-c963-46e5-93b7-2c4d6ba112d3 ] Request (HypervisorAdminTestJSON:setUpClass): 200 GET http://10.180.1.21/identity/v3/roles 0.546s
2024-12-12 03:29:15.770 66382 INFO tempest.lib.common.rest_client [req-4e85a16f-f377-475c-bf85-e1e25c449fa2 req-4e85a16f-f377-475c-bf85-e1e25c449fa2 ] Request (VolumesAssistedSnapshotsTest:setUpClass): 201 POST http://10.180.1.21:9696/networking/v2.0/routers 1.713s
2024-12-12 03:29:15.792 66344 INFO tempest.lib.common.rest_client [req-74d724ed-da1a-42cb-a7c3-ad73590a997d req-74d724ed-da1a-42cb-a7c3-ad73590a997d ] Request (ImagesOneServerNegativeTestJSON:setUpClass): 201 POST http://10.180.1.21/identity/v3/auth/tokens 0.562s
2024-12-12 03:29:15.831 66376 INFO tempest.lib.common.rest_client [req-2665dc84-9605-464a-9c94-7316ad294991 req-2665dc84-9605-464a-9c94-7316ad294991 ] Request (ServerExternalEventsTest:setUpClass): 201 POST http://10.180.1.21/identity/v3/auth/tokens 0.576s
2024-12-12 03:29:15.853 66394 INFO tempest.lib.common.rest_client [req-9152a971-db72-44ab-be5b-6f47cd86161d req-9152a971-db72-44ab-be5b-6f47cd86161d ] Request (AZAdminNegativeTestJSON:setUpClass): 204 PUT http://10.180.1.21/identity/v3/projects/4ac43063ab904a598de66b5ebc631d6a/users/bc396a2004ac4924b8b50e19ee95b52f/roles/eb7f9d7e82ad41b98ec9d078c8a0e387 0.576s
2024-12-12 03:29:15.853 66394 INFO tempest.lib.common.dynamic_creds [-] Dynamic test user bc396a2004ac4924b8b50e19ee95b52f is created with scope project and roles: ['admin']
2024-12-12 03:29:15.853 66394 INFO tempest.lib.common.dynamic_creds [-] Acquired dynamic creds: credentials: Credentials: {'domain_id': 'default', 'domain_name': 'Default', 'username': 'tempest-AZAdminNegativeTestJSON-759011586-project-admin', 'project_domain_id': 'default', 'project_domain_name': 'Default', 'project_id': '4ac43063ab904a598de66b5ebc631d6a', 'project_name': 'tempest-AZAdminNegativeTestJSON-759011586', 'tenant_id': '4ac43063ab904a598de66b5ebc631d6a', 'tenant_name': 'tempest-AZAdminNegativeTestJSON-759011586', 'user_domain_id': 'default', 'user_domain_name': 'Default', 'user_id': 'bc396a2004ac4924b8b50e19ee95b52f', 'system': None}, Network: None, Subnet: None, Router: None
2024-12-12 03:29:15.853 66394 INFO tempest.lib.common.dynamic_creds [-] Created isolated network resources for: credentials: Credentials: {'domain_id': 'default', 'domain_name': 'Default', 'username': 'tempest-AZAdminNegativeTestJSON-759011586-project-admin', 'project_domain_id': 'default', 'project_domain_name': 'Default', 'project_id': '4ac43063ab904a598de66b5ebc631d6a', 'project_name': 'tempest-AZAdminNegativeTestJSON-759011586', 'tenant_id': '4ac43063ab904a598de66b5ebc631d6a', 'tenant_name': 'tempest-AZAdminNegativeTestJSON-759011586', 'user_domain_id': 'default', 'user_domain_name': 'Default', 'user_id': 'bc396a2004ac4924b8b50e19ee95b52f', 'system': None}, Network: None, Subnet: None, Router: None
2024-12-12 03:29:15.860 66388 INFO tempest.lib.common.rest_client [req-b70e287a-bcf8-4bec-bd07-48181efb7007 req-b70e287a-bcf8-4bec-bd07-48181efb7007 ] Request (MigrationsAdminTest:setUpClass): 201 POST http://10.180.1.21/identity/v3/auth/tokens 0.600s
2024-12-12 03:29:15.912 66338 INFO tempest.lib.common.rest_client [req-29bed3a3-b2c5-42a5-8deb-491ea257098a req-29bed3a3-b2c5-42a5-8deb-491ea257098a ] Request (ServersAdminNegativeTestJSON:setUpClass): 204 PUT http://10.180.1.21/identity/v3/projects/159fadb40d534463b0a4aff0f798979b/users/dadcab88dfa348f2b4b06a65748282a7/roles/eb7f9d7e82ad41b98ec9d078c8a0e387 0.613s
2024-12-12 03:29:15.912 66338 INFO tempest.lib.common.dynamic_creds [-] Dynamic test user dadcab88dfa348f2b4b06a65748282a7 is created with scope project and roles: ['admin']
2024-12-12 03:29:15.912 66338 INFO tempest.lib.common.dynamic_creds [-] Acquired dynamic creds: credentials: Credentials: {'domain_id': 'default', 'domain_name': 'Default', 'username': 'tempest-ServersAdminNegativeTestJSON-2058305984-project-admin', 'project_domain_id': 'default', 'project_domain_name': 'Default', 'project_id': '159fadb40d534463b0a4aff0f798979b', 'project_name': 'tempest-ServersAdminNegativeTestJSON-2058305984', 'tenant_id': '159fadb40d534463b0a4aff0f798979b', 'tenant_name': 'tempest-ServersAdminNegativeTestJSON-2058305984', 'user_domain_id': 'default', 'user_domain_name': 'Default', 'user_id': 'dadcab88dfa348f2b4b06a65748282a7', 'system': None}, Network: None, Subnet: None, Router: None
2024-12-12 03:29:15.912 66338 INFO tempest.lib.common.dynamic_creds [-] Created isolated network resources for: credentials: Credentials: {'domain_id': 'default', 'domain_name': 'Default', 'username': 'tempest-ServersAdminNegativeTestJSON-2058305984-project-admin', 'project_domain_id': 'default', 'project_domain_name': 'Default', 'project_id': '159fadb40d534463b0a4aff0f798979b', 'project_name': 'tempest-ServersAdminNegativeTestJSON-2058305984', 'tenant_id': '159fadb40d534463b0a4aff0f798979b', 'tenant_name': 'tempest-ServersAdminNegativeTestJSON-2058305984', 'user_domain_id': 'default', 'user_domain_name': 'Default', 'user_id': 'dadcab88dfa348f2b4b06a65748282a7', 'system': None}, Network: None, Subnet: None, Router: None
2024-12-12 03:29:15.931 66374 INFO tempest.lib.common.rest_client [req-a8d66f7a-9eea-4dfc-94da-5e490019bcf2 req-a8d66f7a-9eea-4dfc-94da-5e490019bcf2 ] Request (KeyPairsV210TestJSON:setUpClass): 204 PUT http://10.180.1.21/identity/v3/projects/eb0f6cb479c2440c9aa77de72ce89a20/users/ab565f02b8f641f18e75d8efa83b0641/roles/eb7f9d7e82ad41b98ec9d078c8a0e387 0.620s
2024-12-12 03:29:15.931 66374 INFO tempest.lib.common.dynamic_creds [-] Dynamic test user ab565f02b8f641f18e75d8efa83b0641 is created with scope project and roles: ['admin']
2024-12-12 03:29:15.931 66374 INFO tempest.lib.common.dynamic_creds [-] Acquired dynamic creds: credentials: Credentials: {'domain_id': 'default', 'domain_name': 'Default', 'username': 'tempest-KeyPairsV210TestJSON-1832588494-project-admin', 'project_domain_id': 'default', 'project_domain_name': 'Default', 'project_id': 'eb0f6cb479c2440c9aa77de72ce89a20', 'project_name': 'tempest-KeyPairsV210TestJSON-1832588494', 'tenant_id': 'eb0f6cb479c2440c9aa77de72ce89a20', 'tenant_name': 'tempest-KeyPairsV210TestJSON-1832588494', 'user_domain_id': 'default', 'user_domain_name': 'Default', 'user_id': 'ab565f02b8f641f18e75d8efa83b0641', 'system': None}, Network: None, Subnet: None, Router: None
2024-12-12 03:29:15.931 66374 INFO tempest.lib.common.dynamic_creds [-] Created isolated network resources for: credentials: Credentials: {'domain_id': 'default', 'domain_name': 'Default', 'username': 'tempest-KeyPairsV210TestJSON-1832588494-project-admin', 'project_domain_id': 'default', 'project_domain_name': 'Default', 'project_id': 'eb0f6cb479c2440c9aa77de72ce89a20', 'project_name': 'tempest-KeyPairsV210TestJSON-1832588494', 'tenant_id': 'eb0f6cb479c2440c9aa77de72ce89a20', 'tenant_name': 'tempest-KeyPairsV210TestJSON-1832588494', 'user_domain_id': 'default', 'user_domain_name': 'Default', 'user_id': 'ab565f02b8f641f18e75d8efa83b0641', 'system': None}, Network: None, Subnet: None, Router: None
2024-12-12 03:29:15.945 66348 INFO tempest.lib.common.rest_client [req-bf23d314-c080-4c35-bab7-6144ddb99ea8 req-bf23d314-c080-4c35-bab7-6144ddb99ea8 ] Request (ServicesAdminTestJSON:tearDownClass): 200 GET http://10.180.1.21:9696/networking/v2.0/security-groups?tenant_id=a75518dd4c5146debe0e8d0d72876fa1&name=default 0.235s
2024-12-12 03:29:15.985 66392 INFO tempest.lib.common.rest_client [req-41b4c381-fee1-43ca-9eff-622f591e4d61 req-41b4c381-fee1-43ca-9eff-622f591e4d61 ] Request (NetworksTest:setUpClass): 204 PUT http://10.180.1.21/identity/v3/projects/75a4b6c13ff944e3a3cf6cbf6e88ce13/users/667d177b0d2a45b3a07aaa612de46d6a/roles/eb7f9d7e82ad41b98ec9d078c8a0e387 0.660s
2024-12-12 03:29:15.985 66392 INFO tempest.lib.common.dynamic_creds [-] Dynamic test user 667d177b0d2a45b3a07aaa612de46d6a is created with scope project and roles: ['admin']
2024-12-12 03:29:15.985 66392 INFO tempest.lib.common.dynamic_creds [-] Acquired dynamic creds: credentials: Credentials: {'domain_id': 'default', 'domain_name': 'Default', 'username': 'tempest-NetworksTest-1169645782-project-admin', 'project_domain_id': 'default', 'project_domain_name': 'Default', 'project_id': '75a4b6c13ff944e3a3cf6cbf6e88ce13', 'project_name': 'tempest-NetworksTest-1169645782', 'tenant_id': '75a4b6c13ff944e3a3cf6cbf6e88ce13', 'tenant_name': 'tempest-NetworksTest-1169645782', 'user_domain_id': 'default', 'user_domain_name': 'Default', 'user_id': '667d177b0d2a45b3a07aaa612de46d6a', 'system': None}, Network: None, Subnet: None, Router: None
2024-12-12 03:29:15.986 66392 INFO tempest.lib.common.dynamic_creds [-] Created isolated network resources for: credentials: Credentials: {'domain_id': 'default', 'domain_name': 'Default', 'username': 'tempest-NetworksTest-1169645782-project-admin', 'project_domain_id': 'default', 'project_domain_name': 'Default', 'project_id': '75a4b6c13ff944e3a3cf6cbf6e88ce13', 'project_name': 'tempest-NetworksTest-1169645782', 'tenant_id': '75a4b6c13ff944e3a3cf6cbf6e88ce13', 'tenant_name': 'tempest-NetworksTest-1169645782', 'user_domain_id': 'default', 'user_domain_name': 'Default', 'user_id': '667d177b0d2a45b3a07aaa612de46d6a', 'system': None}, Network: None, Subnet: None, Router: None
2024-12-12 03:29:16.003 66354 INFO tempest.lib.common.rest_client [req-9fc1dd31-d9ed-42e5-ad3d-7371dc3cc8b4 req-9fc1dd31-d9ed-42e5-ad3d-7371dc3cc8b4 ] Request (ServersWithSpecificFlavorTestJSON:setUpClass): 200 PUT http://10.180.1.21:9696/networking/v2.0/routers/24214945-9dea-4695-882c-a20e5fabf84c/add_router_interface 1.417s
2024-12-12 03:29:16.003 66398 INFO tempest.lib.common.rest_client [req-9dfdd265-64dd-4288-89a2-5b19cb6538e7 req-9dfdd265-64dd-4288-89a2-5b19cb6538e7 ] Request (DeleteServersAdminTestJSON:setUpClass): 204 PUT http://10.180.1.21/identity/v3/projects/c162913f13b641c98225916f4033c06f/users/939b52a139584a508c0415705df21a6f/roles/eb7f9d7e82ad41b98ec9d078c8a0e387 0.682s
2024-12-12 03:29:16.003 66354 INFO tempest.lib.common.dynamic_creds [-] Created isolated network resources for: credentials: Credentials: {'domain_id': 'default', 'domain_name': 'Default', 'username': 'tempest-ServersWithSpecificFlavorTestJSON-345075081-project-member', 'project_domain_id': 'default', 'project_domain_name': 'Default', 'project_id': '464a47300886417bb648a1448cc038e1', 'project_name': 'tempest-ServersWithSpecificFlavorTestJSON-345075081', 'tenant_id': '464a47300886417bb648a1448cc038e1', 'tenant_name': 'tempest-ServersWithSpecificFlavorTestJSON-345075081', 'user_domain_id': 'default', 'user_domain_name': 'Default', 'user_id': 'c8c40fa4a10b4138b09499fe6a975f22', 'system': None}, Network: {'id': 'a4ef4196-7870-43af-9345-0387d11f0df9', 'name': 'tempest-ServersWithSpecificFlavorTestJSON-823907528-network', 'tenant_id': '464a47300886417bb648a1448cc038e1', 'admin_state_up': True, 'mtu': 8950, 'status': 'ACTIVE', 'subnets': [], 'shared': False, 'project_id': '464a47300886417bb648a1448cc038e1', 'port_security_enabled': True, 'router:external': False, 'provider:network_type': 'vlan', 'provider:physical_network': 'default', 'provider:segmentation_id': 455, 'availability_zone_hints': [], 'availability_zones': [], 'ipv4_address_scope': None, 'ipv6_address_scope': None, 'description': '', 'tags': [], 'created_at': '2024-12-12T03:29:13Z', 'updated_at': '2024-12-12T03:29:13Z', 'revision_number': 1}, Subnet: {'id': '02fb9a03-8d0c-4681-beb7-df3fcdb73366', 'name': 'tempest-ServersWithSpecificFlavorTestJSON-823907528-subnet', 'tenant_id': '464a47300886417bb648a1448cc038e1', 'network_id': 'a4ef4196-7870-43af-9345-0387d11f0df9', 'ip_version': 4, 'subnetpool_id': None, 'enable_dhcp': True, 'ipv6_ra_mode': None, 'ipv6_address_mode': None, 'gateway_ip': '192.168.128.1', 'cidr': '192.168.128.0/28', 'allocation_pools': [{'start': '192.168.128.2', 'end': '192.168.128.14'}], 'host_routes': [], 'dns_nameservers': [], 'description': '', 'router:external': False, 'service_types': [], 'tags': [], 'created_at': '2024-12-12T03:29:13Z', 'updated_at': '2024-12-12T03:29:13Z', 'revision_number': 0, 'project_id': '464a47300886417bb648a1448cc038e1'}, Router: {'id': '24214945-9dea-4695-882c-a20e5fabf84c', 'name': 'tempest-ServersWithSpecificFlavorTestJSON-823907528-router', 'tenant_id': '464a47300886417bb648a1448cc038e1', 'admin_state_up': True, 'status': 'ACTIVE', 'external_gateway_info': {'network_id': '95dfe351-cff0-448f-a4dd-26329b0e1937', 'external_fixed_ips': [{'subnet_id': '86dfa9db-67c9-4835-983b-89a9a0394e51', 'ip_address': '10.180.180.204'}], 'enable_snat': True}, 'description': '', 'availability_zones': [], 'distributed': False, 'ha': False, 'availability_zone_hints': [], 'routes': [], 'flavor_id': None, 'tags': [], 'created_at': '2024-12-12T03:29:13Z', 'updated_at': '2024-12-12T03:29:13Z', 'revision_number': 2, 'project_id': '464a47300886417bb648a1448cc038e1'}
2024-12-12 03:29:16.003 66398 INFO tempest.lib.common.dynamic_creds [-] Dynamic test user 939b52a139584a508c0415705df21a6f is created with scope project and roles: ['admin']
2024-12-12 03:29:16.003 66398 INFO tempest.lib.common.dynamic_creds [-] Acquired dynamic creds: credentials: Credentials: {'domain_id': 'default', 'domain_name': 'Default', 'username': 'tempest-DeleteServersAdminTestJSON-277310767-project-admin', 'project_domain_id': 'default', 'project_domain_name': 'Default', 'project_id': 'c162913f13b641c98225916f4033c06f', 'project_name': 'tempest-DeleteServersAdminTestJSON-277310767', 'tenant_id': 'c162913f13b641c98225916f4033c06f', 'tenant_name': 'tempest-DeleteServersAdminTestJSON-277310767', 'user_domain_id': 'default', 'user_domain_name': 'Default', 'user_id': '939b52a139584a508c0415705df21a6f', 'system': None}, Network: None, Subnet: None, Router: None
2024-12-12 03:29:16.003 66398 INFO tempest.lib.common.dynamic_creds [-] Created isolated network resources for: credentials: Credentials: {'domain_id': 'default', 'domain_name': 'Default', 'username': 'tempest-DeleteServersAdminTestJSON-277310767-project-admin', 'project_domain_id': 'default', 'project_domain_name': 'Default', 'project_id': 'c162913f13b641c98225916f4033c06f', 'project_name': 'tempest-DeleteServersAdminTestJSON-277310767', 'tenant_id': 'c162913f13b641c98225916f4033c06f', 'tenant_name': 'tempest-DeleteServersAdminTestJSON-277310767', 'user_domain_id': 'default', 'user_domain_name': 'Default', 'user_id': '939b52a139584a508c0415705df21a6f', 'system': None}, Network: None, Subnet: None, Router: None
2024-12-12 03:29:16.053 66360 INFO tempest.lib.common.rest_client [req-019175f4-b170-4efe-bead-94ad1a62a689 req-019175f4-b170-4efe-bead-94ad1a62a689 ] Request (ServersAdmin275Test:setUpClass): 204 PUT http://10.180.1.21/identity/v3/projects/0b925d9d2f3f4099868fb09955e48e5f/users/d4bb8246f60e49fd9dec35763c1e3074/roles/eb7f9d7e82ad41b98ec9d078c8a0e387 0.720s
2024-12-12 03:29:16.054 66360 INFO tempest.lib.common.dynamic_creds [-] Dynamic test user d4bb8246f60e49fd9dec35763c1e3074 is created with scope project and roles: ['admin']
2024-12-12 03:29:16.054 66360 INFO tempest.lib.common.dynamic_creds [-] Acquired dynamic creds: credentials: Credentials: {'domain_id': 'default', 'domain_name': 'Default', 'username': 'tempest-ServersAdmin275Test-143276046-project-admin', 'project_domain_id': 'default', 'project_domain_name': 'Default', 'project_id': '0b925d9d2f3f4099868fb09955e48e5f', 'project_name': 'tempest-ServersAdmin275Test-143276046', 'tenant_id': '0b925d9d2f3f4099868fb09955e48e5f', 'tenant_name': 'tempest-ServersAdmin275Test-143276046', 'user_domain_id': 'default', 'user_domain_name': 'Default', 'user_id': 'd4bb8246f60e49fd9dec35763c1e3074', 'system': None}, Network: None, Subnet: None, Router: None
2024-12-12 03:29:16.055 66360 INFO tempest.lib.common.dynamic_creds [-] Created isolated network resources for: credentials: Credentials: {'domain_id': 'default', 'domain_name': 'Default', 'username': 'tempest-ServersAdmin275Test-143276046-project-admin', 'project_domain_id': 'default', 'project_domain_name': 'Default', 'project_id': '0b925d9d2f3f4099868fb09955e48e5f', 'project_name': 'tempest-ServersAdmin275Test-143276046', 'tenant_id': '0b925d9d2f3f4099868fb09955e48e5f', 'tenant_name': 'tempest-ServersAdmin275Test-143276046', 'user_domain_id': 'default', 'user_domain_name': 'Default', 'user_id': 'd4bb8246f60e49fd9dec35763c1e3074', 'system': None}, Network: None, Subnet: None, Router: None
2024-12-12 03:29:16.105 66372 INFO tempest.lib.common.rest_client [req-b51e2f65-aed7-401d-8883-998461f44300 req-b51e2f65-aed7-401d-8883-998461f44300 ] Request (ListImageFiltersNegativeTestJSON:tearDownClass): 201 POST http://10.180.1.21/identity/v3/auth/tokens 0.712s
