2024-12-12 03:29:43.111 66390 INFO tempest.lib.common.rest_client [req-64225a25-1f8d-4e41-9595-b39972be02d5 req-64225a25-1f8d-4e41-9595-b39972be02d5 ] Request (HostsAdminNegativeTestJSON:test_shutdown_host_with_non_admin_user): 403 GET http://10.180.1.21/compute/v2.1/os-hosts/devstack/shutdown 1.278s
2024-12-12 03:29:43.186 66360 INFO tempest.lib.common.rest_client [req-a4a99f97-9d00-4b35-b268-f39e3b698782 req-a4a99f97-9d00-4b35-b268-f39e3b698782 ] Request (ServersAdmin275Test:test_rebuild_update_server_275): 200 GET http://10.180.1.21/compute/v2.1/servers/f9324e42-bc6f-49f4-b716-92f25ac17433 1.362s
2024-12-12 03:29:43.202 66360 INFO tempest.common.waiters [-] State transition "BUILD/spawning" ==> "ACTIVE/None" after 18 second wait
2024-12-12 03:29:43.206 66352 INFO tempest.lib.common.rest_client [req-4721af86-27a4-4d7e-96cc-cfcd8812c888 req-4721af86-27a4-4d7e-96cc-cfcd8812c888 ] Request (FloatingIPsAssociationNegativeTestJSON:setUpClass): 200 GET http://10.180.1.21/compute/v2.1/servers/826ca48d-5961-490b-b058-7ecd5a994a37 1.324s
2024-12-12 03:29:43.261 66394 INFO tempest.lib.common.rest_client [req-ba87d8a9-9608-4bb3-8b52-a67755538938 req-ba87d8a9-9608-4bb3-8b52-a67755538938 ] Request (ServerShowV247Test:test_update_rebuild_list_server): 200 GET http://10.180.1.21/compute/v2.1/servers/6a393900-2d1e-4d11-92bd-eac1bdb98557 1.357s
2024-12-12 03:29:43.295 66382 INFO tempest.lib.common.rest_client [req-d0e4b9dd-7525-4524-8af9-ad94f3c55c0b req-d0e4b9dd-7525-4524-8af9-ad94f3c55c0b ] Request (VolumesAssistedSnapshotsTest:test_volume_assisted_snapshot_create_delete): 200 GET http://10.180.1.21/compute/v2.1/servers/a39ea307-7343-4c5d-a62f-1b4af7c27a9a 1.278s
2024-12-12 03:29:43.336 66356 INFO tempest.lib.common.rest_client [req-12de38d3-2cc7-48be-9250-f4b1842b7044 req-12de38d3-2cc7-48be-9250-f4b1842b7044 ] Request (KeyPairsV22TestJSON:test_keypair_create_with_pub_key): 201 POST http://10.180.1.21/compute/v2.1/os-keypairs 1.271s
2024-12-12 03:29:43.383 66346 INFO tempest.lib.common.rest_client [req-0217cd23-bcba-4ed0-bf93-3357d4c94980 req-0217cd23-bcba-4ed0-bf93-3357d4c94980 ] Request (ListImageFiltersTestJSON:setUpClass): 200 GET http://10.180.1.21/compute/v2.1/images/573a34d9-6be9-4f16-8667-c5226c4ba7d6 1.269s
2024-12-12 03:29:43.384 66364 INFO tempest.lib.common.rest_client [req-a03ee1ea-c91b-41ab-aa88-48be9c550663 req-a03ee1ea-c91b-41ab-aa88-48be9c550663 ] Request (AttachInterfacesUnderV243Test:setUpClass): 200 PUT http://10.180.1.21:9696/networking/v2.0/routers/99120f45-51c5-4641-98f7-35d7a54edbb8/add_router_interface 2.920s
2024-12-12 03:29:43.384 66364 INFO tempest.lib.common.dynamic_creds [-] Created isolated network resources for: credentials: Credentials: {'domain_id': 'default', 'domain_name': 'Default', 'username': 'tempest-AttachInterfacesUnderV243Test-1796393757-project-member', 'project_domain_id': 'default', 'project_domain_name': 'Default', 'project_id': 'd502742e701546dfa8779c2b63c1937b', 'project_name': 'tempest-AttachInterfacesUnderV243Test-1796393757', 'tenant_id': 'd502742e701546dfa8779c2b63c1937b', 'tenant_name': 'tempest-AttachInterfacesUnderV243Test-1796393757', 'user_domain_id': 'default', 'user_domain_name': 'Default', 'user_id': '6f098ed90e5d4fa6833a0ea30f357f0c', 'system': None}, Network: {'id': 'ee76763b-2b2a-4abd-9290-045ffb34f282', 'name': 'tempest-AttachInterfacesUnderV243Test-148288434-network', 'tenant_id': 'd502742e701546dfa8779c2b63c1937b', 'admin_state_up': True, 'mtu': 8950, 'status': 'ACTIVE', 'subnets': [], 'shared': False, 'project_id': 'd502742e701546dfa8779c2b63c1937b', 'port_security_enabled': True, 'router:external': False, 'provider:network_type': 'vlan', 'provider:physical_network': 'default', 'provider:segmentation_id': 935, 'availability_zone_hints': [], 'availability_zones': [], 'ipv4_address_scope': None, 'ipv6_address_scope': None, 'description': '', 'tags': [], 'created_at': '2024-12-12T03:29:37Z', 'updated_at': '2024-12-12T03:29:37Z', 'revision_number': 1}, Subnet: {'id': '12742e38-a041-4478-b8e0-0db220de0ed8', 'name': 'tempest-AttachInterfacesUnderV243Test-148288434-subnet', 'tenant_id': 'd502742e701546dfa8779c2b63c1937b', 'network_id': 'ee76763b-2b2a-4abd-9290-045ffb34f282', 'ip_version': 4, 'subnetpool_id': None, 'enable_dhcp': True, 'ipv6_ra_mode': None, 'ipv6_address_mode': None, 'gateway_ip': '192.168.128.1', 'cidr': '192.168.128.0/28', 'allocation_pools': [{'start': '192.168.128.2', 'end': '192.168.128.14'}], 'host_routes': [], 'dns_nameservers': [], 'description': '', 'router:external': False, 'service_types': [], 'tags': [], 'created_at': '2024-12-12T03:29:38Z', 'updated_at': '2024-12-12T03:29:38Z', 'revision_number': 0, 'project_id': 'd502742e701546dfa8779c2b63c1937b'}, Router: {'id': '99120f45-51c5-4641-98f7-35d7a54edbb8', 'name': 'tempest-AttachInterfacesUnderV243Test-148288434-router', 'tenant_id': 'd502742e701546dfa8779c2b63c1937b', 'admin_state_up': True, 'status': 'ACTIVE', 'external_gateway_info': {'network_id': '95dfe351-cff0-448f-a4dd-26329b0e1937', 'external_fixed_ips': [{'subnet_id': '86dfa9db-67c9-4835-983b-89a9a0394e51', 'ip_address': '10.180.180.213'}], 'enable_snat': True}, 'description': '', 'availability_zones': [], 'distributed': False, 'ha': False, 'availability_zone_hints': [], 'routes': [], 'flavor_id': None, 'tags': [], 'created_at': '2024-12-12T03:29:38Z', 'updated_at': '2024-12-12T03:29:39Z', 'revision_number': 2, 'project_id': 'd502742e701546dfa8779c2b63c1937b'}
2024-12-12 03:29:43.396 66384 INFO tempest.lib.common.rest_client [req-51f5136b-c6ca-4fc5-a5ac-9aa861407154 req-51f5136b-c6ca-4fc5-a5ac-9aa861407154 ] Request (QuotasAdminTestV236:test_get_updated_quotas): 200 GET http://10.180.1.21/compute/v2.1/os-quota-sets/7bd5b69b13c448b5a49c4da8dd17e103?user_id=9ac1f5749f5f4720b00346c716a1b77d 1.356s
2024-12-12 03:29:43.439 66340 INFO tempest.lib.common.rest_client [req-8893bd0a-47cd-47ba-ba66-5bf8b6ead96a req-8893bd0a-47cd-47ba-ba66-5bf8b6ead96a ] Request (SecurityGroupRulesNegativeTestJSON:test_create_security_group_rule_with_invalid_to_port): 400 POST http://10.180.1.21/compute/v2.1/os-security-group-rules 1.199s
2024-12-12 03:29:43.474 66380 INFO tempest.lib.common.rest_client [req-8a2346f3-b110-4d0c-b42b-04015b53272e req-8a2346f3-b110-4d0c-b42b-04015b53272e ] Request (ServerShowV254Test:test_rebuild_server): 200 GET http://10.180.1.21/compute/v2.1/servers/e3d655d5-f3f8-4392-a205-98dd96aa43aa 1.280s
2024-12-12 03:29:43.493 66384 INFO tempest.lib.common.rest_client [req-c7596258-d13d-415b-836e-d7746329a64a req-c7596258-d13d-415b-836e-d7746329a64a ] Request (QuotasAdminTestV236:_run_cleanups): 204 DELETE http://10.180.1.21/identity/v3/users/9ac1f5749f5f4720b00346c716a1b77d 0.093s
2024-12-12 03:29:43.493 66364 INFO tempest.lib.common.rest_client [req-16d745cf-439f-4962-a3d7-1fb1e34fea0a req-16d745cf-439f-4962-a3d7-1fb1e34fea0a ] Request (AttachInterfacesUnderV243Test:setUpClass): 201 POST http://10.180.1.21/identity/v3/auth/tokens 0.105s
2024-12-12 03:29:43.526 66354 INFO tempest.lib.common.rest_client [req-6fefc895-dfde-448d-9636-1d64097536e5 req-6fefc895-dfde-448d-9636-1d64097536e5 ] Request (ServersWithSpecificFlavorTestJSON:test_verify_created_server_ephemeral_disk): 200 GET http://10.180.1.21/compute/v2.1/servers/0dcc25aa-294f-46d2-b01a-1eb7149b4838 1.261s
2024-12-12 03:29:43.590 66384 INFO tempest.lib.common.rest_client [req-c251f429-7740-4c64-ad4d-8d1f5f4c543d req-c251f429-7740-4c64-ad4d-8d1f5f4c543d ] Request (QuotasAdminTestV236:_run_cleanups): 204 DELETE http://10.180.1.21/identity/v3/projects/7bd5b69b13c448b5a49c4da8dd17e103 0.097s
2024-12-12 03:29:43.660 66386 INFO tempest.lib.common.rest_client [req-2240aa42-34b2-4098-a2bd-e3a9163bac2a req-2240aa42-34b2-4098-a2bd-e3a9163bac2a ] Request (ServerActionsTestOtherB:setUpClass): 201 POST http://10.180.1.21:9696/networking/v2.0/networks 0.932s
2024-12-12 03:29:43.682 66368 INFO tempest.lib.common.rest_client [req-eccc9ba6-01f2-4827-a6ad-a552348ba487 req-eccc9ba6-01f2-4827-a6ad-a552348ba487 ] Request (ServerDiagnosticsNegativeTest:test_get_server_diagnostics_by_non_admin): 200 GET http://10.180.1.21/compute/v2.1/servers/c84b1d01-bbc1-4644-962a-ca1301ac099c 1.117s
2024-12-12 03:29:43.688 66384 INFO tempest.lib.common.rest_client [req-8d541c27-51ab-4feb-b4fd-3009e97fd6f2 req-8d541c27-51ab-4feb-b4fd-3009e97fd6f2 ] Request (QuotasAdminTestV236:tearDownClass): 204 DELETE http://10.180.1.21/identity/v3/users/1b7015c140784bc2a32804df0d15f324 0.095s
2024-12-12 03:29:43.691 66368 INFO tempest.common.waiters [-] State transition "BUILD/spawning" ==> "ACTIVE/None" after 21 second wait
2024-12-12 03:29:43.813 66384 INFO tempest.lib.common.rest_client [req-25ecb8de-f66f-4518-be4b-3ff002384cc0 req-25ecb8de-f66f-4518-be4b-3ff002384cc0 ] Request (QuotasAdminTestV236:tearDownClass): 204 DELETE http://10.180.1.21/identity/v3/users/515f274ed5f44c15a90ecdf42bd53fb9 0.125s
2024-12-12 03:29:43.814 66384 INFO tempest.lib.common.dynamic_creds [-] Deleting project and security group for project: 19d4130ef739480bb45db93f5eddf13a
2024-12-12 03:29:43.831 66344 INFO tempest.lib.common.rest_client [req-c1c059e9-fa4a-4241-b597-1581d0e4b437 req-c1c059e9-fa4a-4241-b597-1581d0e4b437 ] Request (ImagesOneServerNegativeTestJSON:setUp): 200 GET http://10.180.1.21/compute/v2.1/servers/89d052a1-7dbb-47b7-b9d1-d573a50fbc4b 1.294s
2024-12-12 03:29:43.836 66362 INFO tempest.lib.common.rest_client [req-873014d9-666f-4627-87b0-7242df154289 req-873014d9-666f-4627-87b0-7242df154289 ] Request (AggregatesAdminNegativeTestJSON:test_aggregate_delete_as_user): 403 DELETE http://10.180.1.21/compute/v2.1/os-aggregates/5 0.845s
2024-12-12 03:29:43.836 66350 INFO tempest.lib.common.rest_client [req-87a3ec55-c8a9-49aa-b281-8389d50ff23d req-87a3ec55-c8a9-49aa-b281-8389d50ff23d ] Request (ServersTestFqdnHostnames:setUpClass): 201 POST http://10.180.1.21:9696/networking/v2.0/routers 1.716s
2024-12-12 03:29:43.883 66384 INFO tempest.lib.common.rest_client [req-0adaaa4e-1e1c-4a36-a595-238cf8aaf377 req-0adaaa4e-1e1c-4a36-a595-238cf8aaf377 ] Request (QuotasAdminTestV236:tearDownClass): 201 POST http://10.180.1.21/identity/v3/auth/tokens 0.068s
2024-12-12 03:29:43.912 66398 INFO tempest.lib.common.rest_client [req-669a375b-b437-4701-ba4e-807579890eb5 req-669a375b-b437-4701-ba4e-807579890eb5 ] Request (DeleteServersAdminTestJSON:test_admin_delete_servers_of_others): 200 GET http://10.180.1.21/compute/v2.1/servers/d4622dba-7096-4004-8ebd-a7e62c13528a 1.074s
2024-12-12 03:29:44.139 66366 INFO tempest.lib.common.rest_client [req-528369c9-a23a-4383-b001-d572ac2e557b req-528369c9-a23a-4383-b001-d572ac2e557b ] Request (FlavorsAccessNegativeTestJSON:test_remove_flavor_access_not_found): 404 POST http://10.180.1.21/compute/v2.1/flavors/909805669/action 1.030s
2024-12-12 03:29:44.160 66390 INFO tempest.lib.common.rest_client [req-84aac1c8-e2b5-4aa0-9567-f91382aa6ddd req-84aac1c8-e2b5-4aa0-9567-f91382aa6ddd ] Request (HostsAdminNegativeTestJSON:test_shutdown_nonexistent_host): 404 GET http://10.180.1.21/compute/v2.1/os-hosts/nonexistent_hostname/shutdown 1.046s
2024-12-12 03:29:44.200 66376 INFO tempest.lib.common.rest_client [req-8d975929-daf8-4991-842f-5fd43656313a req-8d975929-daf8-4991-842f-5fd43656313a ] Request (ServerExternalEventsTest:tearDownClass): 204 DELETE http://10.180.1.21/compute/v2.1/servers/9f252cab-0257-4a11-83ec-16e47e16deb7 1.125s
2024-12-12 03:29:44.215 66356 INFO tempest.lib.common.rest_client [req-c8cf7dd1-9f7d-45d1-ada1-fa5c69e46790 req-c8cf7dd1-9f7d-45d1-ada1-fa5c69e46790 ] Request (KeyPairsV22TestJSON:_run_cleanups): 204 DELETE http://10.180.1.21/compute/v2.1/os-keypairs/tempest-keypair-541178055 0.877s
2024-12-12 03:29:44.257 66346 INFO tempest.lib.common.rest_client [req-3efbb7a5-0f37-4522-87e1-dcea46f3abdc req-3efbb7a5-0f37-4522-87e1-dcea46f3abdc ] Request (ListImageFiltersTestJSON:setUpClass): 200 GET http://10.180.1.21/compute/v2.1/images/573a34d9-6be9-4f16-8667-c5226c4ba7d6 0.869s
2024-12-12 03:29:44.280 66386 INFO tempest.lib.common.rest_client [req-ae0d6c53-0e19-4625-836e-c52181de657f req-ae0d6c53-0e19-4625-836e-c52181de657f ] Request (ServerActionsTestOtherB:setUpClass): 201 POST http://10.180.1.21:9696/networking/v2.0/subnets 0.619s
2024-12-12 03:29:44.321 66340 INFO tempest.lib.common.rest_client [req-d6bc0ede-4aff-4fbc-8082-6fd209fd61df req-d6bc0ede-4aff-4fbc-8082-6fd209fd61df ] Request (SecurityGroupRulesNegativeTestJSON:test_create_security_group_rule_with_non_existent_id): 404 POST http://10.180.1.21/compute/v2.1/os-security-group-rules 0.880s
2024-12-12 03:29:44.455 66364 INFO tempest.lib.common.rest_client [req-45bf9457-f6f6-496c-a9e1-e5899567187c req-45bf9457-f6f6-496c-a9e1-e5899567187c ] Request (ValidationResourcesFixture:setUp): 200 POST http://10.180.1.21/compute/v2.1/os-keypairs 0.960s
2024-12-12 03:29:44.475 66384 INFO tempest.lib.common.rest_client [req-10ca52ff-f041-4782-92a5-9abbaf0f2fd9 req-10ca52ff-f041-4782-92a5-9abbaf0f2fd9 ] Request (QuotasAdminTestV236:tearDownClass): 200 GET http://10.180.1.21:9696/networking/v2.0/security-groups?tenant_id=19d4130ef739480bb45db93f5eddf13a&name=default 0.592s
2024-12-12 03:29:44.591 66372 INFO tempest.lib.common.rest_client [req-aceb6f72-b66c-4b81-968a-bcaa9060e71c req-aceb6f72-b66c-4b81-968a-bcaa9060e71c ] Request (ListServersNegativeTestJSON:setUpClass): 200 GET http://10.180.1.21/compute/v2.1/servers/74bf8090-fbaf-42b7-b981-728cdf285770 0.973s
2024-12-12 03:29:44.601 66372 INFO tempest.common.waiters [-] State transition "BUILD/scheduling" ==> "BUILD/None" after 13 second wait
2024-12-12 03:29:44.605 66374 INFO tempest.lib.common.rest_client [req-83029025-5407-4ae8-9360-6a5689ed3897 req-83029025-5407-4ae8-9360-6a5689ed3897 ] Request (ServersTestJSON:setUpClass): 201 POST http://10.180.1.21:9696/networking/v2.0/floatingips 1.640s
2024-12-12 03:29:44.669 66346 INFO tempest.lib.common.rest_client [req-b52e9995-9ca0-4dbb-800d-df03829fbd98 req-b52e9995-9ca0-4dbb-800d-df03829fbd98 ] Request (ListImageFiltersTestJSON:setUpClass): 201 POST http://10.180.1.21/image/v2/images 0.408s
2024-12-12 03:29:44.694 66374 INFO tempest.lib.common.rest_client [req-1ec6fa2e-a7c6-43d3-b248-e335eef0f030 req-1ec6fa2e-a7c6-43d3-b248-e335eef0f030 ] Request (ServersTestJSON:setUpClass): 201 POST http://10.180.1.21/identity/v3/auth/tokens 0.084s
2024-12-12 03:29:44.694 66374 INFO tempest.lib.common.fixed_network [-] (ServersTestJSON:setUpClass) Found network {'id': 'c9076b78-c8b8-4820-9dad-132955863ba6', 'name': 'tempest-ServersTestJSON-1213083809-network', 'tenant_id': '3e1d8a47a64743df82c614dee71b9728', 'admin_state_up': True, 'mtu': 8950, 'status': 'ACTIVE', 'subnets': [], 'shared': False, 'project_id': '3e1d8a47a64743df82c614dee71b9728', 'port_security_enabled': True, 'router:external': False, 'provider:network_type': 'vlan', 'provider:physical_network': 'default', 'provider:segmentation_id': 708, 'availability_zone_hints': [], 'availability_zones': [], 'ipv4_address_scope': None, 'ipv6_address_scope': None, 'description': '', 'tags': [], 'created_at': '2024-12-12T03:29:34Z', 'updated_at': '2024-12-12T03:29:34Z', 'revision_number': 1} available for tenant
2024-12-12 03:29:44.705 66396 INFO tempest.lib.common.rest_client [req-bdc8787f-25a2-45a6-82f9-43f659452f0b req-bdc8787f-25a2-45a6-82f9-43f659452f0b ] Request (QuotasAdminTestJSON:test_get_default_quotas): 200 GET http://10.180.1.21/compute/v2.1/os-quota-sets/d527887bfd4b40ec8756e2a6724239d2/defaults 1.040s
2024-12-12 03:29:44.733 66368 INFO tempest.lib.common.rest_client [req-f435879d-153a-4864-941e-97d08d2f9fc4 req-f435879d-153a-4864-941e-97d08d2f9fc4 ] Request (ServerDiagnosticsNegativeTest:test_get_server_diagnostics_by_non_admin): 403 GET http://10.180.1.21/compute/v2.1/servers/c84b1d01-bbc1-4644-962a-ca1301ac099c/diagnostics 1.041s
2024-12-12 03:29:44.734 66396 INFO tempest.lib.common.rest_client [req-8213b9e8-900a-4510-a506-a53de3f7611e req-8213b9e8-900a-4510-a506-a53de3f7611e ] Request (QuotasAdminTestJSON:test_get_updated_quotas): 200 GET http://10.180.1.21/identity/v3/domains?name=Default 0.026s
2024-12-12 03:29:44.767 66360 INFO tempest.lib.common.rest_client [req-c1210c5d-c36a-4f2f-9d90-659d6561ac5d req-c1210c5d-c36a-4f2f-9d90-659d6561ac5d ] Request (ServersAdmin275Test:test_rebuild_update_server_275): 202 POST http://10.180.1.21/compute/v2.1/servers/f9324e42-bc6f-49f4-b716-92f25ac17433/action 1.565s
2024-12-12 03:29:44.774 66396 INFO tempest.lib.common.rest_client [req-af6145c0-4466-4b30-a824-790725e4d171 req-af6145c0-4466-4b30-a824-790725e4d171 ] Request (QuotasAdminTestJSON:test_get_updated_quotas): 201 POST http://10.180.1.21/identity/v3/projects 0.039s
2024-12-12 03:29:44.839 66396 INFO tempest.lib.common.rest_client [req-734055f9-b400-4631-a32a-d8df8324a4fa req-734055f9-b400-4631-a32a-d8df8324a4fa ] Request (QuotasAdminTestJSON:test_get_updated_quotas): 200 GET http://10.180.1.21/identity/v3/domains?name=Default 0.064s
2024-12-12 03:29:45.016 66338 INFO tempest.lib.common.rest_client [req-f7be02ae-a542-44af-a29e-78a0523372b6 req-f7be02ae-a542-44af-a29e-78a0523372b6 ] Request (ServersAdminNegativeTestJSON:setUpClass): 200 GET http://10.180.1.21/compute/v2.1/servers/601e137f-f0c6-456f-962e-a97ad59f1fa5 1.209s
2024-12-12 03:29:45.029 66338 INFO tempest.common.waiters [-] State transition "BUILD/spawning" ==> "ACTIVE/None" after 22 second wait
2024-12-12 03:29:45.068 66384 INFO tempest.lib.common.rest_client [req-b3480010-18a8-4b1c-80f4-be8caaac753b req-b3480010-18a8-4b1c-80f4-be8caaac753b ] Request (QuotasAdminTestV236:tearDownClass): 204 DELETE http://10.180.1.21:9696/networking/v2.0/security-groups/88b07438-175d-45e2-ad6a-7e50231909d1 0.592s
2024-12-12 03:29:45.097 66342 INFO tempest.lib.common.rest_client [req-6c55b671-04e5-4696-b4b2-5c922689be36 req-6c55b671-04e5-4696-b4b2-5c922689be36 ] Request (ImagesTestJSON:test_create_image_from_stopped_server): 200 GET http://10.180.1.21/compute/v2.1/servers/790c77cd-62f8-4e65-91b6-122e8a7dbca6 1.367s
2024-12-12 03:29:45.107 66364 INFO tempest.lib.common.rest_client [req-99056677-4a64-43db-a1e5-7f3a43b01f76 req-99056677-4a64-43db-a1e5-7f3a43b01f76 ] Request (ValidationResourcesFixture:setUp): 201 POST http://10.180.1.21:9696/networking/v2.0/security-groups 0.648s
2024-12-12 03:29:45.133 66362 INFO tempest.lib.common.rest_client [req-c1ab3f35-88e8-467a-b349-d0e66bbee861 req-c1ab3f35-88e8-467a-b349-d0e66bbee861 ] Request (AggregatesAdminNegativeTestJSON:_run_cleanups): 200 DELETE http://10.180.1.21/compute/v2.1/os-aggregates/5 1.295s
2024-12-12 03:29:45.211 66384 INFO tempest.lib.common.rest_client [req-28338e0d-8047-4b9d-8da2-f4196c8c0d91 req-28338e0d-8047-4b9d-8da2-f4196c8c0d91 ] Request (QuotasAdminTestV236:tearDownClass): 204 DELETE http://10.180.1.21/identity/v3/projects/19d4130ef739480bb45db93f5eddf13a 0.142s
2024-12-12 03:29:45.212 66384 INFO tempest.lib.common.dynamic_creds [-] Deleting project and security group for project: 0879d6c11ab543299ef6e16f210307f2
2024-12-12 03:29:45.239 66392 INFO tempest.lib.common.rest_client [req-7cd9fc7a-1a2c-4f42-9b55-05fb027b6322 req-7cd9fc7a-1a2c-4f42-9b55-05fb027b6322 ] Request (ServerDiagnosticsV248Test:test_get_server_diagnostics): 200 GET http://10.180.1.21/compute/v2.1/servers/2f95d392-062c-4c62-bd39-7c19342e125c 1.348s
2024-12-12 03:29:45.246 66344 INFO tempest.lib.common.rest_client [req-c2c5b63a-f502-4c98-a824-8950f79b69cc req-c2c5b63a-f502-4c98-a824-8950f79b69cc ] Request (ImagesOneServerNegativeTestJSON:test_create_image_specify_invalid_metadata): 400 POST http://10.180.1.21/compute/v2.1/servers/89d052a1-7dbb-47b7-b9d1-d573a50fbc4b/action 1.344s
2024-12-12 03:29:45.258 66336 INFO tempest.lib.common.rest_client [req-cede32cb-d3d3-4d68-a264-05332d1071be req-cede32cb-d3d3-4d68-a264-05332d1071be ] Request (ServersAdminTestJSON:setUpClass): 201 POST http://10.180.1.21:9696/networking/v2.0/routers 2.364s
2024-12-12 03:29:45.341 66348 INFO tempest.lib.common.rest_client [req-84a58adc-3ee0-4e39-9a3a-3bfc40c4d623 req-84a58adc-3ee0-4e39-9a3a-3bfc40c4d623 ] Request (TenantUsagesTestJSON:setUpClass): 200 GET http://10.180.1.21/compute/v2.1/servers/24637ec0-1517-4361-b31b-36e1c609198a 1.374s
2024-12-12 03:29:45.348 66388 INFO tempest.lib.common.rest_client [req-56b0e677-3fd7-46b6-9e09-7fdc8669b903 req-56b0e677-3fd7-46b6-9e09-7fdc8669b903 ] Request (MigrationsAdminTest:test_list_migrations_in_flavor_resize_situation): 200 GET http://10.180.1.21/compute/v2.1/servers/571c2ea4-2a87-4876-a245-c6f6f67d2223 1.537s
2024-12-12 03:29:45.352 66348 INFO tempest.common.waiters [-] State transition "BUILD/None" ==> "BUILD/block_device_mapping" after 20 second wait
2024-12-12 03:29:45.356 66388 INFO tempest.common.waiters [-] State transition "BUILD/block_device_mapping" ==> "BUILD/spawning" after 21 second wait
2024-12-12 03:29:45.370 66378 INFO tempest.lib.common.rest_client [req-0d900ddc-62e7-4eda-9e51-2ad431b182ab req-0d900ddc-62e7-4eda-9e51-2ad431b182ab ] Request (ServersTestManualDisk:setUpClass): 201 POST http://10.180.1.21:9696/networking/v2.0/routers 3.135s
2024-12-12 03:29:45.382 66366 INFO tempest.lib.common.rest_client [req-d698c452-c880-495c-9815-d1a63306d81b req-d698c452-c880-495c-9815-d1a63306d81b ] Request (FlavorsAccessNegativeTestJSON:_run_cleanups): 202 DELETE http://10.180.1.21/compute/v2.1/flavors/909805669 1.242s
2024-12-12 03:29:45.394 66390 INFO tempest.lib.common.rest_client [req-616c8e97-1303-4558-a56e-b6a7c3f7250c req-616c8e97-1303-4558-a56e-b6a7c3f7250c ] Request (HostsAdminNegativeTestJSON:test_startup_host_with_non_admin_user): 403 GET http://10.180.1.21/compute/v2.1/os-hosts/devstack/startup 1.231s
2024-12-12 03:29:45.440 66358 INFO tempest.lib.common.rest_client [req-4e85b327-37cf-4a5c-b41f-44de021e1aee req-4e85b327-37cf-4a5c-b41f-44de021e1aee ] Request (ServerDiagnosticsTest:test_get_server_diagnostics): 200 GET http://10.180.1.21/compute/v2.1/servers/b159db46-b163-449d-b4e3-332dc50ab194 1.342s
2024-12-12 03:29:45.449 66364 INFO tempest.lib.common.rest_client [req-9f0a8afe-f6be-4e6a-964d-60772c3675bd req-9f0a8afe-f6be-4e6a-964d-60772c3675bd ] Request (ValidationResourcesFixture:setUp): 201 POST http://10.180.1.21:9696/networking/v2.0/security-group-rules 0.342s
2024-12-12 03:29:45.545 66352 INFO tempest.lib.common.rest_client [req-0f40127c-e096-4d59-88f2-89586e8ac9c9 req-0f40127c-e096-4d59-88f2-89586e8ac9c9 ] Request (FloatingIPsAssociationNegativeTestJSON:setUpClass): 200 GET http://10.180.1.21/compute/v2.1/servers/826ca48d-5961-490b-b058-7ecd5a994a37 1.328s
2024-12-12 03:29:45.556 66384 INFO tempest.lib.common.rest_client [req-757f83a9-4c72-4a45-8f7a-00c2c03a1207 req-757f83a9-4c72-4a45-8f7a-00c2c03a1207 ] Request (QuotasAdminTestV236:tearDownClass): 200 GET http://10.180.1.21:9696/networking/v2.0/security-groups?tenant_id=0879d6c11ab543299ef6e16f210307f2&name=default 0.344s
2024-12-12 03:29:45.597 66356 INFO tempest.lib.common.rest_client [req-989a059d-5b60-43b6-871b-355442b464c9 req-989a059d-5b60-43b6-871b-355442b464c9 ] Request (KeyPairsV22TestJSON:test_keypairs_create_list_delete): 201 POST http://10.180.1.21/compute/v2.1/os-keypairs 1.378s
2024-12-12 03:29:45.604 66376 INFO tempest.lib.common.rest_client [req-e685ce2a-e34a-4139-a42c-106df1cc4802 req-e685ce2a-e34a-4139-a42c-106df1cc4802 ] Request (ServerExternalEventsTest:tearDownClass): 200 GET http://10.180.1.21/compute/v2.1/servers/9f252cab-0257-4a11-83ec-16e47e16deb7 1.404s
2024-12-12 03:29:45.696 66382 INFO tempest.lib.common.rest_client [req-2a6cef26-3b32-4467-8876-56674c3a6e0a req-2a6cef26-3b32-4467-8876-56674c3a6e0a ] Request (VolumesAssistedSnapshotsTest:test_volume_assisted_snapshot_create_delete): 200 GET http://10.180.1.21/compute/v2.1/servers/a39ea307-7343-4c5d-a62f-1b4af7c27a9a 1.391s
2024-12-12 03:29:45.708 66394 INFO tempest.lib.common.rest_client [req-3c54ecf0-9417-4f82-b643-11a7a2b7dd89 req-3c54ecf0-9417-4f82-b643-11a7a2b7dd89 ] Request (ServerShowV247Test:test_update_rebuild_list_server): 200 GET http://10.180.1.21/compute/v2.1/servers/6a393900-2d1e-4d11-92bd-eac1bdb98557 1.421s
2024-12-12 03:29:45.721 66394 INFO tempest.common.waiters [-] State transition "BUILD/scheduling" ==> "BUILD/None" after 16 second wait
2024-12-12 03:29:45.731 66340 INFO tempest.lib.common.rest_client [req-9c6ef5a9-4b64-410b-9ff7-6880f12490cc req-9c6ef5a9-4b64-410b-9ff7-6880f12490cc ] Request (SecurityGroupRulesNegativeTestJSON:test_delete_security_group_rule_with_non_existent_id): 404 DELETE http://10.180.1.21/compute/v2.1/os-security-group-rules/e315ac55-8e2c-470c-ae89-6711ad2edc36 1.407s
2024-12-12 03:29:45.817 66354 INFO tempest.lib.common.rest_client [req-8427761b-6df8-4530-91ee-1e58540769fa req-8427761b-6df8-4530-91ee-1e58540769fa ] Request (ServersWithSpecificFlavorTestJSON:test_verify_created_server_ephemeral_disk): 200 GET http://10.180.1.21/compute/v2.1/servers/0dcc25aa-294f-46d2-b01a-1eb7149b4838 1.283s
2024-12-12 03:29:45.832 66380 INFO tempest.lib.common.rest_client [req-f9de692a-8ffa-478f-a191-60a67dc7895a req-f9de692a-8ffa-478f-a191-60a67dc7895a ] Request (ServerShowV254Test:test_rebuild_server): 200 GET http://10.180.1.21/compute/v2.1/servers/e3d655d5-f3f8-4392-a205-98dd96aa43aa 1.345s
2024-12-12 03:29:45.902 66364 INFO tempest.lib.common.rest_client [req-4f838fc6-0aeb-4026-8573-1fbf138788ac req-4f838fc6-0aeb-4026-8573-1fbf138788ac ] Request (ValidationResourcesFixture:setUp): 201 POST http://10.180.1.21:9696/networking/v2.0/security-group-rules 0.452s
2024-12-12 03:29:45.942 66368 INFO tempest.lib.common.rest_client [req-dfc907a2-477e-4b65-bd16-43e5391bdec1 req-dfc907a2-477e-4b65-bd16-43e5391bdec1 ] Request (ServerDiagnosticsNegativeTest:tearDownClass): 204 DELETE http://10.180.1.21/compute/v2.1/servers/c84b1d01-bbc1-4644-962a-ca1301ac099c 1.201s
2024-12-12 03:29:45.970 66384 INFO tempest.lib.common.rest_client [req-b73d3655-bd2f-447e-b5e9-c098d6d84663 req-b73d3655-bd2f-447e-b5e9-c098d6d84663 ] Request (QuotasAdminTestV236:tearDownClass): 204 DELETE http://10.180.1.21:9696/networking/v2.0/security-groups/b18870db-26cb-4ce5-80f3-747e0763f05e 0.413s
2024-12-12 03:29:46.056 66360 INFO tempest.lib.common.rest_client [req-f15bc656-04e3-4a59-8e26-800a2887bcf2 req-f15bc656-04e3-4a59-8e26-800a2887bcf2 ] Request (ServersAdmin275Test:test_rebuild_update_server_275): 200 GET http://10.180.1.21/compute/v2.1/servers/f9324e42-bc6f-49f4-b716-92f25ac17433 1.275s
2024-12-12 03:29:46.100 66384 INFO tempest.lib.common.rest_client [req-8801182f-2a5d-477a-b80c-20198c33d9bb req-8801182f-2a5d-477a-b80c-20198c33d9bb ] Request (QuotasAdminTestV236:tearDownClass): 204 DELETE http://10.180.1.21/identity/v3/projects/0879d6c11ab543299ef6e16f210307f2 0.130s
2024-12-12 03:29:46.251 66384 INFO tempest.lib.common.rest_client [req-223fcff4-79a7-4b1a-ae26-cf55b3b9cc62 req-223fcff4-79a7-4b1a-ae26-cf55b3b9cc62 ] Request (ServersTestMultiNic:setUpClass): 201 POST http://10.180.1.21/identity/v3/auth/tokens 0.149s
2024-12-12 03:29:46.319 66384 INFO tempest.lib.common.rest_client [req-3430c462-6e01-4f93-aba7-18b480f150b2 req-3430c462-6e01-4f93-aba7-18b480f150b2 ] Request (ServersTestMultiNic:setUpClass): 201 POST http://10.180.1.21/identity/v3/auth/tokens 0.066s
2024-12-12 03:29:46.373 66384 INFO tempest.lib.common.rest_client [req-9100b6db-e6fb-41a0-90ed-880ab628564e req-9100b6db-e6fb-41a0-90ed-880ab628564e ] Request (ServersTestMultiNic:setUpClass): 200 GET http://10.180.1.21/identity/v3/domains?name=Default 0.051s
2024-12-12 03:29:46.406 66384 INFO tempest.lib.common.rest_client [req-4c869a76-5aeb-4c7f-979e-cb6619d95701 req-4c869a76-5aeb-4c7f-979e-cb6619d95701 ] Request (ServersTestMultiNic:setUpClass): 201 POST http://10.180.1.21/identity/v3/projects 0.032s
2024-12-12 03:29:46.413 66396 INFO tempest.lib.common.rest_client [req-a5997f45-b7bb-4398-afd8-b6b90ed4e1f0 req-a5997f45-b7bb-4398-afd8-b6b90ed4e1f0 ] Request (QuotasAdminTestJSON:test_get_updated_quotas): 200 PUT http://10.180.1.21/compute/v2.1/os-quota-sets/141a738c76754fe8815ca0fe45c88c98 1.574s
2024-12-12 03:29:46.484 66384 INFO tempest.lib.common.rest_client [req-c1fa4e12-f2cc-4d2a-b004-aa03bddc23b3 req-c1fa4e12-f2cc-4d2a-b004-aa03bddc23b3 ] Request (ServersTestMultiNic:setUpClass): 201 POST http://10.180.1.21/identity/v3/users 0.077s
2024-12-12 03:29:46.508 66384 INFO tempest.lib.common.rest_client [req-0068069e-5566-426a-b564-d46d2d6d33b1 req-0068069e-5566-426a-b564-d46d2d6d33b1 ] Request (ServersTestMultiNic:setUpClass): 200 GET http://10.180.1.21/identity/v3/roles 0.023s
2024-12-12 03:29:46.539 66384 INFO tempest.lib.common.rest_client [req-6a69fb23-fe0d-4ef0-8fa7-f2c2a01bd32c req-6a69fb23-fe0d-4ef0-8fa7-f2c2a01bd32c ] Request (ServersTestMultiNic:setUpClass): 204 PUT http://10.180.1.21/identity/v3/projects/e48b1a5cc1804c109e5404ce122df4d4/users/250be8c6ac284f2c9c7e50ff30567c10/roles/570acec25c95423391aa029dd5eb3338 0.031s
2024-12-12 03:29:46.540 66384 INFO tempest.lib.common.dynamic_creds [-] Dynamic test user 250be8c6ac284f2c9c7e50ff30567c10 is created with scope project and roles: ['member']
2024-12-12 03:29:46.541 66384 INFO tempest.lib.common.dynamic_creds [-] Acquired dynamic creds: credentials: Credentials: {'domain_id': 'default', 'domain_name': 'Default', 'username': 'tempest-ServersTestMultiNic-1495421134-project-member', 'project_domain_id': 'default', 'project_domain_name': 'Default', 'project_id': 'e48b1a5cc1804c109e5404ce122df4d4', 'project_name': 'tempest-ServersTestMultiNic-1495421134', 'tenant_id': 'e48b1a5cc1804c109e5404ce122df4d4', 'tenant_name': 'tempest-ServersTestMultiNic-1495421134', 'user_domain_id': 'default', 'user_domain_name': 'Default', 'user_id': '250be8c6ac284f2c9c7e50ff30567c10', 'system': None}, Network: None, Subnet: None, Router: None
2024-12-12 03:29:46.549 66346 INFO tempest.lib.common.rest_client [req-414623ae-f003-404d-a9e8-a830d627eb72 req-414623ae-f003-404d-a9e8-a830d627eb72 ] Request (ListImageFiltersTestJSON:setUpClass): 204 PUT http://10.180.1.21/image/v2/images/ba4e3dbc-833e-4ebc-9c97-a43708313638/file 0.878s
2024-12-12 03:29:46.592 66384 INFO tempest.lib.common.rest_client [req-af75389a-c5b3-401c-8412-afc65c46e69a req-af75389a-c5b3-401c-8412-afc65c46e69a ] Request (ServersTestMultiNic:setUpClass): 201 POST http://10.180.1.21/identity/v3/auth/tokens 0.051s
2024-12-12 03:29:46.848 66386 INFO tempest.lib.common.rest_client [req-679abada-2e60-4759-a8de-804baa9b8851 req-679abada-2e60-4759-a8de-804baa9b8851 ] Request (ServerActionsTestOtherB:setUpClass): 201 POST http://10.180.1.21:9696/networking/v2.0/routers 2.567s
2024-12-12 03:29:46.940 66374 INFO tempest.lib.common.rest_client [req-9ac80990-3bbe-4c67-9c04-57c70c6f4710 req-9ac80990-3bbe-4c67-9c04-57c70c6f4710 ] Request (ServersTestJSON:setUpClass): 202 POST http://10.180.1.21/compute/v2.1/servers 2.245s
2024-12-12 03:29:47.052 66398 INFO tempest.lib.common.rest_client [req-cae1a44f-32ad-4b87-87be-993accb7cd6c req-cae1a44f-32ad-4b87-87be-993accb7cd6c ] Request (DeleteServersAdminTestJSON:test_admin_delete_servers_of_others): 200 GET http://10.180.1.21/compute/v2.1/servers/d4622dba-7096-4004-8ebd-a7e62c13528a 2.127s
2024-12-12 03:29:47.071 66362 INFO tempest.lib.common.rest_client [req-f5380deb-92f3-4942-a752-20ff48ce74ec req-f5380deb-92f3-4942-a752-20ff48ce74ec ] Request (AggregatesAdminNegativeTestJSON:test_aggregate_delete_with_invalid_id): 404 DELETE http://10.180.1.21/compute/v2.1/os-aggregates/-1 1.938s
2024-12-12 03:29:47.230 66350 INFO tempest.lib.common.rest_client [req-5fc1afc4-6001-43c2-8e62-e55a613b48aa req-5fc1afc4-6001-43c2-8e62-e55a613b48aa ] Request (ServersTestFqdnHostnames:setUpClass): 200 PUT http://10.180.1.21:9696/networking/v2.0/routers/8ba91043-0984-42c8-bf48-31615213d41a/add_router_interface 3.391s
2024-12-12 03:29:47.230 66350 INFO tempest.lib.common.dynamic_creds [-] Created isolated network resources for: credentials: Credentials: {'domain_id': 'default', 'domain_name': 'Default', 'username': 'tempest-ServersTestFqdnHostnames-1378049735-project-member', 'project_domain_id': 'default', 'project_domain_name': 'Default', 'project_id': '201bfec946d541fba966ca60a15d6118', 'project_name': 'tempest-ServersTestFqdnHostnames-1378049735', 'tenant_id': '201bfec946d541fba966ca60a15d6118', 'tenant_name': 'tempest-ServersTestFqdnHostnames-1378049735', 'user_domain_id': 'default', 'user_domain_name': 'Default', 'user_id': 'fc23fc6207d545f08f8379974e7ec3c7', 'system': None}, Network: {'id': '4ae0a722-9214-498d-898f-512442b666e0', 'name': 'tempest-ServersTestFqdnHostnames-550826245-network', 'tenant_id': '201bfec946d541fba966ca60a15d6118', 'admin_state_up': True, 'mtu': 8950, 'status': 'ACTIVE', 'subnets': [], 'shared': False, 'project_id': '201bfec946d541fba966ca60a15d6118', 'port_security_enabled': True, 'router:external': False, 'provider:network_type': 'vlan', 'provider:physical_network': 'default', 'provider:segmentation_id': 618, 'availability_zone_hints': [], 'availability_zones': [], 'ipv4_address_scope': None, 'ipv6_address_scope': None, 'description': '', 'tags': [], 'created_at': '2024-12-12T03:29:41Z', 'updated_at': '2024-12-12T03:29:41Z', 'revision_number': 1}, Subnet: {'id': '8c799e68-ab66-4ebf-a6f3-068fc605bcf0', 'name': 'tempest-ServersTestFqdnHostnames-550826245-subnet', 'tenant_id': '201bfec946d541fba966ca60a15d6118', 'network_id': '4ae0a722-9214-498d-898f-512442b666e0', 'ip_version': 4, 'subnetpool_id': None, 'enable_dhcp': True, 'ipv6_ra_mode': None, 'ipv6_address_mode': None, 'gateway_ip': '192.168.128.1', 'cidr': '192.168.128.0/28', 'allocation_pools': [{'start': '192.168.128.2', 'end': '192.168.128.14'}], 'host_routes': [], 'dns_nameservers': [], 'description': '', 'router:external': False, 'service_types': [], 'tags': [], 'created_at': '2024-12-12T03:29:41Z', 'updated_at': '2024-12-12T03:29:41Z', 'revision_number': 0, 'project_id': '201bfec946d541fba966ca60a15d6118'}, Router: {'id': '8ba91043-0984-42c8-bf48-31615213d41a', 'name': 'tempest-ServersTestFqdnHostnames-550826245-router', 'tenant_id': '201bfec946d541fba966ca60a15d6118', 'admin_state_up': True, 'status': 'ACTIVE', 'external_gateway_info': {'network_id': '95dfe351-cff0-448f-a4dd-26329b0e1937', 'external_fixed_ips': [{'subnet_id': '86dfa9db-67c9-4835-983b-89a9a0394e51', 'ip_address': '10.180.180.209'}], 'enable_snat': True}, 'description': '', 'availability_zones': [], 'distributed': False, 'ha': False, 'availability_zone_hints': [], 'routes': [], 'flavor_id': None, 'tags': [], 'created_at': '2024-12-12T03:29:42Z', 'updated_at': '2024-12-12T03:29:43Z', 'revision_number': 2, 'project_id': '201bfec946d541fba966ca60a15d6118'}
2024-12-12 03:29:47.290 66338 INFO tempest.lib.common.rest_client [req-72fc4172-3a82-4db9-a637-e343bc2dce80 req-72fc4172-3a82-4db9-a637-e343bc2dce80 ] Request (ServersAdminNegativeTestJSON:test_migrate_non_existent_server): 404 POST http://10.180.1.21/compute/v2.1/servers/63bed1ed-f91e-4025-93b4-fffe731793c4/action 2.259s
2024-12-12 03:29:47.318 66366 INFO tempest.lib.common.rest_client [req-84d9f41a-10f1-4e68-8d13-2bdddfe7a4b4 req-84d9f41a-10f1-4e68-8d13-2bdddfe7a4b4 ] Request (FlavorsAccessNegativeTestJSON:_run_cleanups): 200 GET http://10.180.1.21/compute/v2.1/flavors/detail 1.936s
2024-12-12 03:29:47.339 66390 INFO tempest.lib.common.rest_client [req-20e97f27-fb04-4d0b-912e-b52f8dfeb436 req-20e97f27-fb04-4d0b-912e-b52f8dfeb436 ] Request (HostsAdminNegativeTestJSON:test_startup_nonexistent_host): 404 GET http://10.180.1.21/compute/v2.1/os-hosts/nonexistent_hostname/startup 1.944s
2024-12-12 03:29:47.367 66350 INFO tempest.lib.common.rest_client [req-686b1468-6c0f-49bb-bb56-a3c915d0a4a9 req-686b1468-6c0f-49bb-bb56-a3c915d0a4a9 ] Request (ServersTestFqdnHostnames:setUpClass): 201 POST http://10.180.1.21/identity/v3/auth/tokens 0.133s
2024-12-12 03:29:47.381 66338 INFO tempest.lib.common.rest_client [req-072fc959-4de9-42a9-a63d-0c809d3dadfb req-072fc959-4de9-42a9-a63d-0c809d3dadfb ] Request (ServersAdminNegativeTestJSON:test_migrate_server_invalid_state): 201 POST http://10.180.1.21/identity/v3/auth/tokens 0.079s
2024-12-12 03:29:47.382 66338 INFO tempest.lib.common.fixed_network [-] (ServersAdminNegativeTestJSON:test_migrate_server_invalid_state) Found network None available for tenant
2024-12-12 03:29:47.427 66356 INFO tempest.lib.common.rest_client [req-229206fc-515e-40ce-9700-bb4055d3e17a req-229206fc-515e-40ce-9700-bb4055d3e17a ] Request (KeyPairsV22TestJSON:test_keypairs_create_list_delete): 201 POST http://10.180.1.21/compute/v2.1/os-keypairs 1.828s
2024-12-12 03:29:47.463 66366 INFO tempest.lib.common.rest_client [req-e8f23cb1-1c0a-430c-bb54-49e5c51ed6e4 req-e8f23cb1-1c0a-430c-bb54-49e5c51ed6e4 ] Request (FlavorsAccessNegativeTestJSON:tearDownClass): 204 DELETE http://10.180.1.21/identity/v3/users/586198e83e3c4bdeb97fd46d48b10243 0.137s
2024-12-12 03:29:47.529 66372 INFO tempest.lib.common.rest_client [req-f72c84e6-c61b-424e-a400-67b5c6e21447 req-f72c84e6-c61b-424e-a400-67b5c6e21447 ] Request (ListServersNegativeTestJSON:setUpClass): 200 GET http://10.180.1.21/compute/v2.1/servers/74bf8090-fbaf-42b7-b981-728cdf285770 1.927s
2024-12-12 03:29:47.587 66344 INFO tempest.lib.common.rest_client [req-e14b4732-1774-4545-90cb-3ac5e50eb8f9 req-e14b4732-1774-4545-90cb-3ac5e50eb8f9 ] Request (ImagesOneServerNegativeTestJSON:tearDown): 200 GET http://10.180.1.21/compute/v2.1/servers/89d052a1-7dbb-47b7-b9d1-d573a50fbc4b 2.340s
2024-12-12 03:29:47.624 66366 INFO tempest.lib.common.rest_client [req-6ce49cc2-322f-48c7-ac4e-3c49b035ebb7 req-6ce49cc2-322f-48c7-ac4e-3c49b035ebb7 ] Request (FlavorsAccessNegativeTestJSON:tearDownClass): 204 DELETE http://10.180.1.21/identity/v3/users/de8fe91684c445e4b9ace28c8a167619 0.161s
2024-12-12 03:29:47.771 66366 INFO tempest.lib.common.rest_client [req-102cd4e7-9ce1-4a9c-89b2-8f2ca4890cbe req-102cd4e7-9ce1-4a9c-89b2-8f2ca4890cbe ] Request (FlavorsAccessNegativeTestJSON:tearDownClass): 204 DELETE http://10.180.1.21/identity/v3/users/4c7deece2d0d411c9e9e80e9adbc1661 0.146s
2024-12-12 03:29:47.771 66366 INFO tempest.lib.common.dynamic_creds [-] Deleting project and security group for project: e0a8181bd6604cbfb7baf48831ed7420
2024-12-12 03:29:47.795 66384 INFO tempest.lib.common.rest_client [req-87b1715a-e924-4ac6-8a69-7d91266d570f req-87b1715a-e924-4ac6-8a69-7d91266d570f ] Request (ServersTestMultiNic:setUpClass): 201 POST http://10.180.1.21:9696/networking/v2.0/networks 1.203s
2024-12-12 03:29:47.863 66366 INFO tempest.lib.common.rest_client [req-f98eb8da-7bbb-4c55-b744-543294f7b20f req-f98eb8da-7bbb-4c55-b744-543294f7b20f ] Request (FlavorsAccessNegativeTestJSON:tearDownClass): 201 POST http://10.180.1.21/identity/v3/auth/tokens 0.092s
2024-12-12 03:29:47.885 66364 INFO tempest.lib.common.rest_client [req-b6385f49-ccec-4fab-8e84-476322c05213 req-b6385f49-ccec-4fab-8e84-476322c05213 ] Request (ValidationResourcesFixture:setUp): 201 POST http://10.180.1.21:9696/networking/v2.0/floatingips 1.982s
2024-12-12 03:29:47.885 66340 INFO tempest.lib.common.rest_client [req-000f8a16-920d-49e9-9cf1-be6c249a6147 req-000f8a16-920d-49e9-9cf1-be6c249a6147 ] Request (SecurityGroupRulesNegativeTestJSON:tearDownClass): 202 DELETE http://10.180.1.21/compute/v2.1/os-security-groups/7c432931-00e3-44ab-881b-dbc5a9223048 2.152s
2024-12-12 03:29:47.983 66364 INFO tempest.lib.common.rest_client [req-be3fa53c-a6d1-43df-af22-c8363b566351 req-be3fa53c-a6d1-43df-af22-c8363b566351 ] Request (AttachInterfacesUnderV243Test:test_add_remove_fixed_ip): 201 POST http://10.180.1.21/identity/v3/auth/tokens 0.092s
2024-12-12 03:29:47.983 66364 INFO tempest.lib.common.fixed_network [-] (AttachInterfacesUnderV243Test:test_add_remove_fixed_ip) Found network {'id': 'ee76763b-2b2a-4abd-9290-045ffb34f282', 'name': 'tempest-AttachInterfacesUnderV243Test-148288434-network', 'tenant_id': 'd502742e701546dfa8779c2b63c1937b', 'admin_state_up': True, 'mtu': 8950, 'status': 'ACTIVE', 'subnets': [], 'shared': False, 'project_id': 'd502742e701546dfa8779c2b63c1937b', 'port_security_enabled': True, 'router:external': False, 'provider:network_type': 'vlan', 'provider:physical_network': 'default', 'provider:segmentation_id': 935, 'availability_zone_hints': [], 'availability_zones': [], 'ipv4_address_scope': None, 'ipv6_address_scope': None, 'description': '', 'tags': [], 'created_at': '2024-12-12T03:29:37Z', 'updated_at': '2024-12-12T03:29:37Z', 'revision_number': 1} available for tenant
2024-12-12 03:29:48.032 66368 INFO tempest.lib.common.rest_client [req-f94c8601-3b67-41cc-af4e-63b50f107856 req-f94c8601-3b67-41cc-af4e-63b50f107856 ] Request (ServerDiagnosticsNegativeTest:tearDownClass): 200 GET http://10.180.1.21/compute/v2.1/servers/c84b1d01-bbc1-4644-962a-ca1301ac099c 2.089s
2024-12-12 03:29:48.173 66392 INFO tempest.lib.common.rest_client [req-29103afa-dc1e-4f83-921a-8de13db335d9 req-29103afa-dc1e-4f83-921a-8de13db335d9 ] Request (ServerDiagnosticsV248Test:test_get_server_diagnostics): 200 GET http://10.180.1.21/compute/v2.1/servers/2f95d392-062c-4c62-bd39-7c19342e125c 1.919s
2024-12-12 03:29:48.221 66342 INFO tempest.lib.common.rest_client [req-5b9b5bf6-b5da-419c-a6da-7bb3a73b28e6 req-5b9b5bf6-b5da-419c-a6da-7bb3a73b28e6 ] Request (ImagesTestJSON:test_create_image_from_stopped_server): 200 GET http://10.180.1.21/compute/v2.1/servers/790c77cd-62f8-4e65-91b6-122e8a7dbca6 2.113s
2024-12-12 03:29:48.238 66366 INFO tempest.lib.common.rest_client [req-c1403ed1-970e-4e94-a748-a7508332c599 req-c1403ed1-970e-4e94-a748-a7508332c599 ] Request (FlavorsAccessNegativeTestJSON:tearDownClass): 200 GET http://10.180.1.21:9696/networking/v2.0/security-groups?tenant_id=e0a8181bd6604cbfb7baf48831ed7420&name=default 0.374s
2024-12-12 03:29:48.292 66384 INFO tempest.lib.common.rest_client [req-1a6387fa-2a32-4163-b5d1-a23ebfeb9070 req-1a6387fa-2a32-4163-b5d1-a23ebfeb9070 ] Request (ServersTestMultiNic:setUpClass): 201 POST http://10.180.1.21:9696/networking/v2.0/subnets 0.495s
2024-12-12 03:29:48.446 66388 INFO tempest.lib.common.rest_client [req-e990b3b0-f931-4cbd-b7d1-eb4112de104a req-e990b3b0-f931-4cbd-b7d1-eb4112de104a ] Request (MigrationsAdminTest:test_list_migrations_in_flavor_resize_situation): 200 GET http://10.180.1.21/compute/v2.1/servers/571c2ea4-2a87-4876-a245-c6f6f67d2223 2.087s
2024-12-12 03:29:48.498 66348 INFO tempest.lib.common.rest_client [req-a6f8126f-f5e1-42c0-ab3b-e1028964c6a1 req-a6f8126f-f5e1-42c0-ab3b-e1028964c6a1 ] Request (TenantUsagesTestJSON:setUpClass): 200 GET http://10.180.1.21/compute/v2.1/servers/24637ec0-1517-4361-b31b-36e1c609198a 2.145s
2024-12-12 03:29:48.506 66348 INFO tempest.common.waiters [-] State transition "BUILD/block_device_mapping" ==> "BUILD/spawning" after 23 second wait
2024-12-12 03:29:48.508 66366 INFO tempest.lib.common.rest_client [req-463c22b8-c63c-4aae-9704-f1268d1180cc req-463c22b8-c63c-4aae-9704-f1268d1180cc ] Request (FlavorsAccessNegativeTestJSON:tearDownClass): 204 DELETE http://10.180.1.21:9696/networking/v2.0/security-groups/aabd84a1-5d69-45a4-94b6-5c390497251d 0.269s
2024-12-12 03:29:48.588 66366 INFO tempest.lib.common.rest_client [req-bfc68143-53b7-48ba-9160-3635d7ff7175 req-bfc68143-53b7-48ba-9160-3635d7ff7175 ] Request (FlavorsAccessNegativeTestJSON:tearDownClass): 204 DELETE http://10.180.1.21/identity/v3/projects/e0a8181bd6604cbfb7baf48831ed7420 0.080s
2024-12-12 03:29:48.588 66366 INFO tempest.lib.common.dynamic_creds [-] Deleting project and security group for project: 89d83b13d7974834a3b8f44bfea69aaa
2024-12-12 03:29:48.593 66358 INFO tempest.lib.common.rest_client [req-c1c2275f-ee02-4fcf-91d6-1b28efd3747a req-c1c2275f-ee02-4fcf-91d6-1b28efd3747a ] Request (ServerDiagnosticsTest:test_get_server_diagnostics): 200 GET http://10.180.1.21/compute/v2.1/servers/b159db46-b163-449d-b4e3-332dc50ab194 2.144s
2024-12-12 03:29:48.600 66358 INFO tempest.common.waiters [-] State transition "BUILD/None" ==> "BUILD/spawning" after 23 second wait
2024-12-12 03:29:48.627 66346 INFO tempest.lib.common.rest_client [req-b469d872-447c-4c24-9410-83fe5c9b98ac req-b469d872-447c-4c24-9410-83fe5c9b98ac ] Request (ListImageFiltersTestJSON:setUpClass): 200 GET http://10.180.1.21/compute/v2.1/images/ba4e3dbc-833e-4ebc-9c97-a43708313638 2.078s
2024-12-12 03:29:48.666 66396 INFO tempest.lib.common.rest_client [req-5ae0fbc3-4313-499b-9650-770f5917116a req-5ae0fbc3-4313-499b-9650-770f5917116a ] Request (QuotasAdminTestJSON:test_get_updated_quotas): 200 GET http://10.180.1.21/compute/v2.1/os-quota-sets/141a738c76754fe8815ca0fe45c88c98/detail 2.250s
2024-12-12 03:29:48.699 66396 INFO tempest.lib.common.rest_client [req-efc3bd94-09af-42d2-92e7-08bf908e387a req-efc3bd94-09af-42d2-92e7-08bf908e387a ] Request (QuotasAdminTestJSON:test_get_updated_quotas): 200 GET http://10.180.1.21/identity/v3/domains?name=Default 0.028s
2024-12-12 03:29:48.714 66352 INFO tempest.lib.common.rest_client [req-d766df4e-94a4-429e-a89d-e3dd74641ee5 req-d766df4e-94a4-429e-a89d-e3dd74641ee5 ] Request (FloatingIPsAssociationNegativeTestJSON:setUpClass): 200 GET http://10.180.1.21/compute/v2.1/servers/826ca48d-5961-490b-b058-7ecd5a994a37 2.159s
2024-12-12 03:29:48.739 66396 INFO tempest.lib.common.rest_client [req-e4a063e6-1db6-4f7d-b58d-7204e6c7e400 req-e4a063e6-1db6-4f7d-b58d-7204e6c7e400 ] Request (QuotasAdminTestJSON:test_get_updated_quotas): 201 POST http://10.180.1.21/identity/v3/users 0.039s
2024-12-12 03:29:48.747 66376 INFO tempest.lib.common.rest_client [req-2902c28c-313b-465b-a2c4-26efb45c98da req-2902c28c-313b-465b-a2c4-26efb45c98da ] Request (ServerExternalEventsTest:tearDownClass): 200 GET http://10.180.1.21/compute/v2.1/servers/9f252cab-0257-4a11-83ec-16e47e16deb7 2.129s
2024-12-12 03:29:48.772 66396 INFO tempest.lib.common.rest_client [req-85f1b155-f9d2-4bd7-a5d0-554a4d4b609a req-85f1b155-f9d2-4bd7-a5d0-554a4d4b609a ] Request (QuotasAdminTestJSON:test_get_updated_quotas): 200 GET http://10.180.1.21/identity/v3/domains?name=Default 0.032s
2024-12-12 03:29:48.803 66382 INFO tempest.lib.common.rest_client [req-10b66a1f-421c-4f6e-ae56-7cfa059dd046 req-10b66a1f-421c-4f6e-ae56-7cfa059dd046 ] Request (VolumesAssistedSnapshotsTest:test_volume_assisted_snapshot_create_delete): 200 GET http://10.180.1.21/compute/v2.1/servers/a39ea307-7343-4c5d-a62f-1b4af7c27a9a 2.095s
2024-12-12 03:29:48.833 66394 INFO tempest.lib.common.rest_client [req-c6afe061-1523-41ef-9662-9083caa53db9 req-c6afe061-1523-41ef-9662-9083caa53db9 ] Request (ServerShowV247Test:test_update_rebuild_list_server): 200 GET http://10.180.1.21/compute/v2.1/servers/6a393900-2d1e-4d11-92bd-eac1bdb98557 2.110s
2024-12-12 03:29:48.860 66366 INFO tempest.lib.common.rest_client [req-2d6d4fff-8ea9-4d5d-b000-aaffde6ad61a req-2d6d4fff-8ea9-4d5d-b000-aaffde6ad61a ] Request (FlavorsAccessNegativeTestJSON:tearDownClass): 200 GET http://10.180.1.21:9696/networking/v2.0/security-groups?tenant_id=89d83b13d7974834a3b8f44bfea69aaa&name=default 0.271s
2024-12-12 03:29:48.901 66380 INFO tempest.lib.common.rest_client [req-43705813-9f61-416d-8b32-f07767321102 req-43705813-9f61-416d-8b32-f07767321102 ] Request (ServerShowV254Test:test_rebuild_server): 200 GET http://10.180.1.21/compute/v2.1/servers/e3d655d5-f3f8-4392-a205-98dd96aa43aa 2.056s
2024-12-12 03:29:48.985 66374 INFO tempest.lib.common.rest_client [req-5a25c15e-aa47-4779-b6cb-26b7e7d9cce4 req-5a25c15e-aa47-4779-b6cb-26b7e7d9cce4 ] Request (ServersTestJSON:setUpClass): 200 GET http://10.180.1.21/compute/v2.1/servers/d0f2fe87-b24d-4fdb-987b-39138467eb7e 2.042s
2024-12-12 03:29:49.069 66360 INFO tempest.lib.common.rest_client [req-5cd987bd-b0a7-4af8-9d3b-3c6f05d0ab2a req-5cd987bd-b0a7-4af8-9d3b-3c6f05d0ab2a ] Request (ServersAdmin275Test:test_rebuild_update_server_275): 200 GET http://10.180.1.21/compute/v2.1/servers/f9324e42-bc6f-49f4-b716-92f25ac17433 1.999s
2024-12-12 03:29:49.081 66360 INFO tempest.common.waiters [-] State transition "REBUILD/rebuilding" ==> "REBUILD/rebuild_spawning" after 3 second wait
2024-12-12 03:29:49.097 66366 INFO tempest.lib.common.rest_client [req-3e8ef8ec-78e2-4418-b86e-5d34ef62bc0d req-3e8ef8ec-78e2-4418-b86e-5d34ef62bc0d ] Request (FlavorsAccessNegativeTestJSON:tearDownClass): 204 DELETE http://10.180.1.21:9696/networking/v2.0/security-groups/4a67c2ff-0952-4b57-a16b-a94750a57d28 0.236s
2024-12-12 03:29:49.100 66362 INFO tempest.lib.common.rest_client [req-322fc11d-9ce3-4375-b2bc-96112140e17d req-322fc11d-9ce3-4375-b2bc-96112140e17d ] Request (AggregatesAdminNegativeTestJSON:test_aggregate_get_details_as_user): 200 POST http://10.180.1.21/compute/v2.1/os-aggregates 2.027s
2024-12-12 03:29:49.107 66354 INFO tempest.lib.common.rest_client [req-cf7587b8-d379-428d-a2d5-aaf7c9c865f8 req-cf7587b8-d379-428d-a2d5-aaf7c9c865f8 ] Request (ServersWithSpecificFlavorTestJSON:test_verify_created_server_ephemeral_disk): 200 GET http://10.180.1.21/compute/v2.1/servers/0dcc25aa-294f-46d2-b01a-1eb7149b4838 2.280s
2024-12-12 03:29:49.110 66390 INFO tempest.lib.common.rest_client [req-c5b40f27-bbf2-4b3d-b4f2-b5629d7de7ba req-c5b40f27-bbf2-4b3d-b4f2-b5629d7de7ba ] Request (HostsAdminNegativeTestJSON:test_update_host_with_invalid_maintenance_mode): 400 PUT http://10.180.1.21/compute/v2.1/os-hosts/devstack 1.769s
2024-12-12 03:29:49.262 66366 INFO tempest.lib.common.rest_client [req-a25b7882-a684-4e1d-b802-93c2c3423773 req-a25b7882-a684-4e1d-b802-93c2c3423773 ] Request (FlavorsAccessNegativeTestJSON:tearDownClass): 204 DELETE http://10.180.1.21/identity/v3/projects/89d83b13d7974834a3b8f44bfea69aaa 0.163s
2024-12-12 03:29:49.262 66366 INFO tempest.lib.common.dynamic_creds [-] Deleting project and security group for project: 6188010ad1b04482ba22f31b3b3372f7
2024-12-12 03:29:49.291 66350 INFO tempest.lib.common.rest_client [req-2e420f0b-1e5b-4af2-9cb2-dbb4475cb376 req-2e420f0b-1e5b-4af2-9cb2-dbb4475cb376 ] Request (ServersTestFqdnHostnames:test_create_server_with_fqdn_name): 200 POST http://10.180.1.21/compute/v2.1/os-keypairs 1.922s
2024-12-12 03:29:49.333 66356 INFO tempest.lib.common.rest_client [req-772eb1ce-d078-4925-b20e-215cf5f53f02 req-772eb1ce-d078-4925-b20e-215cf5f53f02 ] Request (KeyPairsV22TestJSON:test_keypairs_create_list_delete): 201 POST http://10.180.1.21/compute/v2.1/os-keypairs 1.904s
