2025-02-10 12:51:03.201 62791 INFO tempest.lib.common.rest_client [req-72a92d54-bfe5-4444-aae5-3549aadac77f req-72a92d54-bfe5-4444-aae5-3549aadac77f ] Request (ServerShowV247Test:test_update_rebuild_list_server): 200 GET http://10.180.1.21/compute/v2.1/servers/df795afc-bb08-4169-b53e-ed8daad76808 0.061s
2025-02-10 12:51:03.215 62791 INFO tempest.common.waiters [-] State transition "BUILD/networking" ==> "BUILD/spawning" after 57 second wait
2025-02-10 12:51:03.243 62797 INFO tempest.lib.common.rest_client [req-5433a47f-24e2-4711-9bba-ea71fac3478c req-5433a47f-24e2-4711-9bba-ea71fac3478c ] Request (ImagesTestJSON:test_create_image_from_stopped_server): 200 GET http://10.180.1.21/compute/v2.1/servers/cb543f0b-d20b-48a6-8b32-dcb83b8cdaa4 0.166s
2025-02-10 12:51:03.258 62823 INFO tempest.lib.common.rest_client [req-0f351cff-d6e9-4d95-bf93-97c69bd0395a req-0f351cff-d6e9-4d95-bf93-97c69bd0395a ] Request (DeleteServersAdminTestJSON:test_delete_server_while_in_error_state): 200 GET http://10.180.1.21/compute/v2.1/servers/9996fe78-0006-43dc-9146-6391be75ca5d 0.056s
2025-02-10 12:51:03.320 62819 INFO tempest.lib.common.rest_client [req-4b86ecbb-8772-4ec8-a398-9e603829492f req-4b86ecbb-8772-4ec8-a398-9e603829492f ] Request (ServerTagsTestJSON:setUpClass): 200 GET http://10.180.1.21/compute/v2.1/servers/3ea25f8d-6452-40d8-8f1f-089d0c512c84 0.050s
2025-02-10 12:51:03.383 62801 INFO tempest.lib.common.rest_client [req-bd96486e-7b68-43b2-8d4e-b5b72000cc99 req-bd96486e-7b68-43b2-8d4e-b5b72000cc99 ] Request (ServerPasswordTestJSON:setUpClass): 200 GET http://10.180.1.21/compute/v2.1/servers/97ed109d-8476-43dd-a2a9-6ee2438a040f 0.049s
2025-02-10 12:51:03.390 62787 INFO tempest.lib.common.rest_client [req-41f55f95-b162-4158-9ca5-73e940d56173 req-41f55f95-b162-4158-9ca5-73e940d56173 ] Request (ServerRescueTestJSON:test_rescue_unrescue_instance): 200 GET http://10.180.1.21/compute/v2.1/servers/ad01c62d-da3d-47b3-bff5-6f02a6b47630 0.058s
2025-02-10 12:51:03.445 62809 INFO tempest.lib.common.rest_client [req-e1c61519-5864-4e11-a49d-eb59251a1303 req-e1c61519-5864-4e11-a49d-eb59251a1303 ] Request (ServerRescueNegativeTestJSON:setUpClass): 200 GET http://10.180.1.21/compute/v2.1/servers/b3620de6-b449-4db5-baae-bf3427332f14 0.048s
2025-02-10 12:51:03.471 62771 INFO tempest.lib.common.rest_client [req-d8aa3eaa-befe-414f-b4ef-3b18a31a20b6 req-d8aa3eaa-befe-414f-b4ef-3b18a31a20b6 ] Request (ServerDiagnosticsV248Test:tearDownClass): 200 GET http://10.180.1.21/compute/v2.1/servers/a56bf639-2907-4b11-8aa1-6b74adacc2b4 0.058s
2025-02-10 12:51:03.521 62811 INFO tempest.lib.common.rest_client [req-5a74293b-e2e6-450a-8a7c-bae28d6f49f9 req-5a74293b-e2e6-450a-8a7c-bae28d6f49f9 ] Request (ServerGroupTestJSON:_run_cleanups): 200 GET http://10.180.1.21/compute/v2.1/servers/043ee2f5-ef78-4d69-856a-be1c8542d40b 0.058s
2025-02-10 12:51:03.527 62799 INFO tempest.lib.common.rest_client [req-017abd80-160b-4754-8cd8-39c230b0c4de req-017abd80-160b-4754-8cd8-39c230b0c4de ] Request (ServerActionsTestJSON:setUpClass): 200 GET http://10.180.1.21/compute/v2.1/servers/34331fb5-9409-4d40-8599-63f2a21d0c09 0.057s
2025-02-10 12:51:03.579 62777 INFO tempest.lib.common.rest_client [req-31b22933-b2ba-4329-bae4-e828612a3b45 req-31b22933-b2ba-4329-bae4-e828612a3b45 ] Request (FloatingIPsAssociationNegativeTestJSON:tearDownClass): 200 GET http://10.180.1.21/compute/v2.1/servers/0018c8ce-ae99-4c9c-b73a-ccc8a3336744 0.055s
2025-02-10 12:51:03.637 62805 INFO tempest.lib.common.rest_client [req-461357c4-09d3-4d61-880c-a5e331ef9631 req-461357c4-09d3-4d61-880c-a5e331ef9631 ] Request (ServerMetadataTestJSON:setUpClass): 200 GET http://10.180.1.21/compute/v2.1/servers/7b6587b6-ce51-4c19-b92c-b8cc0c83d369 0.060s
2025-02-10 12:51:03.691 62773 INFO tempest.lib.common.rest_client [req-b29a146a-6193-4477-8676-6be16e662647 req-b29a146a-6193-4477-8676-6be16e662647 ] Request (ServerMetadataNegativeTestJSON:setUpClass): 200 GET http://10.180.1.21/compute/v2.1/servers/03e213af-f8d0-4542-9d4d-17d627dc812d 0.070s
2025-02-10 12:51:03.711 62793 INFO tempest.lib.common.rest_client [req-6c5982d3-8ef4-489c-906c-569f28842721 req-6c5982d3-8ef4-489c-906c-569f28842721 ] Request (InstanceActionsV221TestJSON:test_get_list_deleted_instance_actions): 200 GET http://10.180.1.21/compute/v2.1/servers/2ed26835-09d2-4e6f-ba6e-e9730239c00e 0.112s
2025-02-10 12:51:03.746 62769 INFO tempest.lib.common.rest_client [req-817e9ffc-d504-4e62-96ce-1cc24222318b req-817e9ffc-d504-4e62-96ce-1cc24222318b ] Request (FloatingIPsAssociationTestJSON:setUpClass): 200 GET http://10.180.1.21/compute/v2.1/servers/c5244be1-7e78-4ea7-9bac-7f14bda881fa 0.075s
2025-02-10 12:51:03.786 62825 INFO tempest.lib.common.rest_client [req-f794b943-857e-47c1-bacf-2b2bf47991e5 req-f794b943-857e-47c1-bacf-2b2bf47991e5 ] Request (ImagesOneServerTestJSON:setUpClass): 200 GET http://10.180.1.21/compute/v2.1/servers/2e9b1566-04f9-43d8-ad0e-3dfb05f9b893 0.054s
2025-02-10 12:51:03.875 62785 INFO tempest.lib.common.rest_client [req-8a63f6b7-66cf-454f-a8dd-92246b644444 req-8a63f6b7-66cf-454f-a8dd-92246b644444 ] Request (ServersAdminNegativeTestJSON:tearDownClass): 200 GET http://10.180.1.21/compute/v2.1/servers/f8a7d30b-9307-4690-8a3f-45a50c423d8b 0.069s
2025-02-10 12:51:03.886 62827 INFO tempest.lib.common.rest_client [req-c65b776c-6045-4a0a-a56a-a9c2f69ae085 req-c65b776c-6045-4a0a-a56a-a9c2f69ae085 ] Request (MultipleCreateTestJSON:test_multiple_create): 200 GET http://10.180.1.21/compute/v2.1/servers/2f40e30c-2ccb-446b-9787-b63bcd1ed9d3 0.050s
2025-02-10 12:51:03.925 62775 INFO tempest.lib.common.rest_client [req-2ec42397-5e7d-458c-9aec-ae61aeb6270f req-2ec42397-5e7d-458c-9aec-ae61aeb6270f ] Request (MigrationsAdminTest:test_resize_server_revert_deleted_flavor): 200 GET http://10.180.1.21/compute/v2.1/servers/52325518-ce82-45fa-a9bf-028e289a705a 0.066s
2025-02-10 12:51:04.077 62781 INFO tempest.lib.common.rest_client [req-bc5e899e-61e7-4551-bf61-5496c5bffc0a req-bc5e899e-61e7-4551-bf61-5496c5bffc0a ] Request (ServersAdminTestJSON:test_inject_network_info): 200 GET http://10.180.1.21/compute/v2.1/servers/a61bf52e-3997-4f2b-9be8-cf49b1b5d23f 0.050s
2025-02-10 12:51:04.138 62783 INFO tempest.lib.common.rest_client [req-ce808cf7-9bf1-40f0-8beb-05b71f90a614 req-ce808cf7-9bf1-40f0-8beb-05b71f90a614 ] Request (SecurityGroupsTestJSON:test_server_security_groups): 200 GET http://10.180.1.21/compute/v2.1/servers/6ad136a5-6509-48d4-bac9-a7a88f516eda 0.054s
2025-02-10 12:51:04.184 62789 INFO tempest.lib.common.rest_client [req-64366e49-0024-42e9-b106-2cd04994f45c req-64366e49-0024-42e9-b106-2cd04994f45c ] Request (AttachVolumeNegativeTest:test_attach_attached_volume_to_different_server): 200 GET http://10.180.1.21/compute/v2.1/servers/85e2d431-95b6-47fc-8326-1812ecfc796e 0.048s
2025-02-10 12:51:04.274 62791 INFO tempest.lib.common.rest_client [req-20f98818-af58-44c2-ac5e-1312b225fff8 req-20f98818-af58-44c2-ac5e-1312b225fff8 ] Request (ServerShowV247Test:test_update_rebuild_list_server): 200 GET http://10.180.1.21/compute/v2.1/servers/df795afc-bb08-4169-b53e-ed8daad76808 0.058s
2025-02-10 12:51:04.329 62823 INFO tempest.lib.common.rest_client [req-80322bfe-b01a-4cc9-ac76-6c2c785395e6 req-80322bfe-b01a-4cc9-ac76-6c2c785395e6 ] Request (DeleteServersAdminTestJSON:test_delete_server_while_in_error_state): 200 GET http://10.180.1.21/compute/v2.1/servers/9996fe78-0006-43dc-9146-6391be75ca5d 0.063s
2025-02-10 12:51:04.367 62797 INFO tempest.lib.common.rest_client [req-72adce36-cba3-4717-a57e-30235521efba req-72adce36-cba3-4717-a57e-30235521efba ] Request (ImagesTestJSON:test_create_image_from_stopped_server): 200 GET http://10.180.1.21/compute/v2.1/servers/cb543f0b-d20b-48a6-8b32-dcb83b8cdaa4 0.114s
2025-02-10 12:51:04.380 62819 INFO tempest.lib.common.rest_client [req-9b40d1d3-3a21-49f2-a49a-9ec106f7d2a6 req-9b40d1d3-3a21-49f2-a49a-9ec106f7d2a6 ] Request (ServerTagsTestJSON:setUpClass): 200 GET http://10.180.1.21/compute/v2.1/servers/3ea25f8d-6452-40d8-8f1f-089d0c512c84 0.051s
2025-02-10 12:51:04.442 62801 INFO tempest.lib.common.rest_client [req-89de6626-201a-4b8b-916b-a4af9bebad92 req-89de6626-201a-4b8b-916b-a4af9bebad92 ] Request (ServerPasswordTestJSON:setUpClass): 200 GET http://10.180.1.21/compute/v2.1/servers/97ed109d-8476-43dd-a2a9-6ee2438a040f 0.051s
2025-02-10 12:51:04.455 62787 INFO tempest.lib.common.rest_client [req-b81084f1-c4a4-4349-9882-ddc26375505f req-b81084f1-c4a4-4349-9882-ddc26375505f ] Request (ServerRescueTestJSON:test_rescue_unrescue_instance): 200 GET http://10.180.1.21/compute/v2.1/servers/ad01c62d-da3d-47b3-bff5-6f02a6b47630 0.058s
2025-02-10 12:51:04.505 62809 INFO tempest.lib.common.rest_client [req-97d21230-5345-465b-93a0-27b0842a07bb req-97d21230-5345-465b-93a0-27b0842a07bb ] Request (ServerRescueNegativeTestJSON:setUpClass): 200 GET http://10.180.1.21/compute/v2.1/servers/b3620de6-b449-4db5-baae-bf3427332f14 0.052s
2025-02-10 12:51:04.539 62771 INFO tempest.lib.common.rest_client [req-ae49772d-c01c-4e1a-909a-9c670eaec617 req-ae49772d-c01c-4e1a-909a-9c670eaec617 ] Request (ServerDiagnosticsV248Test:tearDownClass): 200 GET http://10.180.1.21/compute/v2.1/servers/a56bf639-2907-4b11-8aa1-6b74adacc2b4 0.058s
2025-02-10 12:51:04.593 62811 INFO tempest.lib.common.rest_client [req-44c9fce2-449a-4c00-8200-73de35cde80c req-44c9fce2-449a-4c00-8200-73de35cde80c ] Request (ServerGroupTestJSON:_run_cleanups): 200 GET http://10.180.1.21/compute/v2.1/servers/043ee2f5-ef78-4d69-856a-be1c8542d40b 0.063s
2025-02-10 12:51:04.598 62799 INFO tempest.lib.common.rest_client [req-acd672ed-a822-49ee-a54f-d07c9324c3a0 req-acd672ed-a822-49ee-a54f-d07c9324c3a0 ] Request (ServerActionsTestJSON:setUpClass): 200 GET http://10.180.1.21/compute/v2.1/servers/34331fb5-9409-4d40-8599-63f2a21d0c09 0.062s
2025-02-10 12:51:04.616 62777 INFO tempest.lib.common.rest_client [req-1df67f94-41a2-4b8c-8df0-b2cca4326cd2 req-1df67f94-41a2-4b8c-8df0-b2cca4326cd2 ] Request (FloatingIPsAssociationNegativeTestJSON:tearDownClass): 404 GET http://10.180.1.21/compute/v2.1/servers/0018c8ce-ae99-4c9c-b73a-ccc8a3336744 0.023s
2025-02-10 12:51:04.695 62805 INFO tempest.lib.common.rest_client [req-573fea2a-1cc8-4a1c-ac5a-4f6f5b44789b req-573fea2a-1cc8-4a1c-ac5a-4f6f5b44789b ] Request (ServerMetadataTestJSON:setUpClass): 200 GET http://10.180.1.21/compute/v2.1/servers/7b6587b6-ce51-4c19-b92c-b8cc0c83d369 0.050s
2025-02-10 12:51:04.770 62773 INFO tempest.lib.common.rest_client [req-97671ed6-8080-47ec-b9cc-7a09d61fa8f5 req-97671ed6-8080-47ec-b9cc-7a09d61fa8f5 ] Request (ServerMetadataNegativeTestJSON:setUpClass): 200 GET http://10.180.1.21/compute/v2.1/servers/03e213af-f8d0-4542-9d4d-17d627dc812d 0.070s
2025-02-10 12:51:04.831 62769 INFO tempest.lib.common.rest_client [req-64e024bd-aaba-48aa-9309-d0610ec8dcab req-64e024bd-aaba-48aa-9309-d0610ec8dcab ] Request (FloatingIPsAssociationTestJSON:setUpClass): 200 GET http://10.180.1.21/compute/v2.1/servers/c5244be1-7e78-4ea7-9bac-7f14bda881fa 0.075s
2025-02-10 12:51:04.867 62793 INFO tempest.lib.common.rest_client [req-978d46f6-c33b-4d86-86fd-aa29abeeb0e9 req-978d46f6-c33b-4d86-86fd-aa29abeeb0e9 ] Request (InstanceActionsV221TestJSON:test_get_list_deleted_instance_actions): 200 GET http://10.180.1.21/compute/v2.1/servers/2ed26835-09d2-4e6f-ba6e-e9730239c00e 0.142s
2025-02-10 12:51:04.876 62793 INFO tempest.common.waiters [-] State transition "BUILD/spawning" ==> "ACTIVE/None" after 59 second wait
2025-02-10 12:51:04.897 62825 INFO tempest.lib.common.rest_client [req-394e7bc5-275d-489a-8740-8d571147115f req-394e7bc5-275d-489a-8740-8d571147115f ] Request (ImagesOneServerTestJSON:setUpClass): 200 GET http://10.180.1.21/compute/v2.1/servers/2e9b1566-04f9-43d8-ad0e-3dfb05f9b893 0.101s
2025-02-10 12:51:04.959 62785 INFO tempest.lib.common.rest_client [req-1d690940-886d-4b86-b4bf-b50651025c32 req-1d690940-886d-4b86-b4bf-b50651025c32 ] Request (ServersAdminNegativeTestJSON:tearDownClass): 200 GET http://10.180.1.21/compute/v2.1/servers/f8a7d30b-9307-4690-8a3f-45a50c423d8b 0.075s
2025-02-10 12:51:04.959 62793 INFO tempest.lib.common.rest_client [req-058044da-56cd-4ef5-96ef-8c62d863be2b req-058044da-56cd-4ef5-96ef-8c62d863be2b ] Request (InstanceActionsV221TestJSON:test_get_list_deleted_instance_actions): 204 DELETE http://10.180.1.21/compute/v2.1/servers/2ed26835-09d2-4e6f-ba6e-e9730239c00e 0.082s
2025-02-10 12:51:05.014 62827 INFO tempest.lib.common.rest_client [req-189d988f-99bf-436a-952b-f53bb867a1e3 req-189d988f-99bf-436a-952b-f53bb867a1e3 ] Request (MultipleCreateTestJSON:test_multiple_create): 200 GET http://10.180.1.21/compute/v2.1/servers/2f40e30c-2ccb-446b-9787-b63bcd1ed9d3 0.116s
2025-02-10 12:51:05.028 62775 INFO tempest.lib.common.rest_client [req-84c826c9-0eec-4991-ae6e-ba256aa4aec2 req-84c826c9-0eec-4991-ae6e-ba256aa4aec2 ] Request (MigrationsAdminTest:test_resize_server_revert_deleted_flavor): 200 GET http://10.180.1.21/compute/v2.1/servers/52325518-ce82-45fa-a9bf-028e289a705a 0.096s
2025-02-10 12:51:05.122 62793 INFO tempest.lib.common.rest_client [req-008baf46-7a10-4681-9e40-331034459d49 req-008baf46-7a10-4681-9e40-331034459d49 ] Request (InstanceActionsV221TestJSON:test_get_list_deleted_instance_actions): 200 GET http://10.180.1.21/compute/v2.1/servers/2ed26835-09d2-4e6f-ba6e-e9730239c00e 0.163s
2025-02-10 12:51:05.141 62781 INFO tempest.lib.common.rest_client [req-9f60aeb0-694b-49a4-8a5c-e1affe9e7b21 req-9f60aeb0-694b-49a4-8a5c-e1affe9e7b21 ] Request (ServersAdminTestJSON:test_inject_network_info): 200 GET http://10.180.1.21/compute/v2.1/servers/a61bf52e-3997-4f2b-9be8-cf49b1b5d23f 0.055s
2025-02-10 12:51:05.196 62783 INFO tempest.lib.common.rest_client [req-be406ef1-cfb2-4cca-b471-756b4fd59194 req-be406ef1-cfb2-4cca-b471-756b4fd59194 ] Request (SecurityGroupsTestJSON:test_server_security_groups): 200 GET http://10.180.1.21/compute/v2.1/servers/6ad136a5-6509-48d4-bac9-a7a88f516eda 0.050s
2025-02-10 12:51:05.243 62789 INFO tempest.lib.common.rest_client [req-3dbebea6-490a-40d2-90b2-2400dc93792c req-3dbebea6-490a-40d2-90b2-2400dc93792c ] Request (AttachVolumeNegativeTest:test_attach_attached_volume_to_different_server): 200 GET http://10.180.1.21/compute/v2.1/servers/85e2d431-95b6-47fc-8326-1812ecfc796e 0.051s
2025-02-10 12:51:05.317 62777 INFO tempest.lib.common.rest_client [req-b978d9ec-9208-4906-8f29-32e5afe23d15 req-b978d9ec-9208-4906-8f29-32e5afe23d15 ] Request (FloatingIPsAssociationNegativeTestJSON:tearDownClass): 200 PUT http://10.180.1.21:9696/networking/v2.0/routers/d97d2405-0356-4c2d-b0fa-462f4926baf1/remove_router_interface 0.700s
2025-02-10 12:51:05.344 62791 INFO tempest.lib.common.rest_client [req-0450b21f-d919-47bd-b3e0-a4acebb48582 req-0450b21f-d919-47bd-b3e0-a4acebb48582 ] Request (ServerShowV247Test:test_update_rebuild_list_server): 200 GET http://10.180.1.21/compute/v2.1/servers/df795afc-bb08-4169-b53e-ed8daad76808 0.061s
2025-02-10 12:51:05.407 62823 INFO tempest.lib.common.rest_client [req-30e01005-0964-41a3-b310-5d6fd3128d59 req-30e01005-0964-41a3-b310-5d6fd3128d59 ] Request (DeleteServersAdminTestJSON:test_delete_server_while_in_error_state): 200 GET http://10.180.1.21/compute/v2.1/servers/9996fe78-0006-43dc-9146-6391be75ca5d 0.069s
2025-02-10 12:51:05.459 62819 INFO tempest.lib.common.rest_client [req-9b5c6cb7-6906-4105-8d55-8a19aa61bf69 req-9b5c6cb7-6906-4105-8d55-8a19aa61bf69 ] Request (ServerTagsTestJSON:setUpClass): 200 GET http://10.180.1.21/compute/v2.1/servers/3ea25f8d-6452-40d8-8f1f-089d0c512c84 0.067s
2025-02-10 12:51:05.484 62797 INFO tempest.lib.common.rest_client [req-fa65db47-909e-43fb-8955-1d936c7d511a req-fa65db47-909e-43fb-8955-1d936c7d511a ] Request (ImagesTestJSON:test_create_image_from_stopped_server): 200 GET http://10.180.1.21/compute/v2.1/servers/cb543f0b-d20b-48a6-8b32-dcb83b8cdaa4 0.109s
2025-02-10 12:51:05.514 62801 INFO tempest.lib.common.rest_client [req-bd521df9-6dca-496f-b2d7-bc621430484d req-bd521df9-6dca-496f-b2d7-bc621430484d ] Request (ServerPasswordTestJSON:setUpClass): 200 GET http://10.180.1.21/compute/v2.1/servers/97ed109d-8476-43dd-a2a9-6ee2438a040f 0.062s
2025-02-10 12:51:05.527 62787 INFO tempest.lib.common.rest_client [req-26c3fffb-ad6c-4543-9eb7-4588719f33e2 req-26c3fffb-ad6c-4543-9eb7-4588719f33e2 ] Request (ServerRescueTestJSON:test_rescue_unrescue_instance): 200 GET http://10.180.1.21/compute/v2.1/servers/ad01c62d-da3d-47b3-bff5-6f02a6b47630 0.065s
2025-02-10 12:51:05.570 62809 INFO tempest.lib.common.rest_client [req-eda28d07-4a9d-4d8c-a26a-27998d1f2ab3 req-eda28d07-4a9d-4d8c-a26a-27998d1f2ab3 ] Request (ServerRescueNegativeTestJSON:setUpClass): 200 GET http://10.180.1.21/compute/v2.1/servers/b3620de6-b449-4db5-baae-bf3427332f14 0.057s
2025-02-10 12:51:05.615 62771 INFO tempest.lib.common.rest_client [req-f50bb1c5-4ae6-4caa-ab1f-08483881ad65 req-f50bb1c5-4ae6-4caa-ab1f-08483881ad65 ] Request (ServerDiagnosticsV248Test:tearDownClass): 200 GET http://10.180.1.21/compute/v2.1/servers/a56bf639-2907-4b11-8aa1-6b74adacc2b4 0.066s
2025-02-10 12:51:05.664 62777 INFO tempest.lib.common.rest_client [req-98d5b0d5-f0c5-49fe-9071-e19c61dd36ad req-98d5b0d5-f0c5-49fe-9071-e19c61dd36ad ] Request (FloatingIPsAssociationNegativeTestJSON:tearDownClass): 204 DELETE http://10.180.1.21:9696/networking/v2.0/routers/d97d2405-0356-4c2d-b0fa-462f4926baf1 0.346s
2025-02-10 12:51:05.675 62799 INFO tempest.lib.common.rest_client [req-d7d835d3-0b2d-477d-a3ec-edd10b2ba993 req-d7d835d3-0b2d-477d-a3ec-edd10b2ba993 ] Request (ServerActionsTestJSON:setUpClass): 200 GET http://10.180.1.21/compute/v2.1/servers/34331fb5-9409-4d40-8599-63f2a21d0c09 0.069s
2025-02-10 12:51:05.675 62811 INFO tempest.lib.common.rest_client [req-a998b044-39f5-46dd-9df2-c37ad7d1f29b req-a998b044-39f5-46dd-9df2-c37ad7d1f29b ] Request (ServerGroupTestJSON:_run_cleanups): 200 GET http://10.180.1.21/compute/v2.1/servers/043ee2f5-ef78-4d69-856a-be1c8542d40b 0.075s
2025-02-10 12:51:05.761 62805 INFO tempest.lib.common.rest_client [req-32fd0eb1-93c9-48b5-8cb5-9ac752ca8564 req-32fd0eb1-93c9-48b5-8cb5-9ac752ca8564 ] Request (ServerMetadataTestJSON:setUpClass): 200 GET http://10.180.1.21/compute/v2.1/servers/7b6587b6-ce51-4c19-b92c-b8cc0c83d369 0.059s
2025-02-10 12:51:05.772 62777 INFO tempest.lib.common.rest_client [req-1e577d57-8c0a-4471-b372-a6cc97cf2701 req-1e577d57-8c0a-4471-b372-a6cc97cf2701 ] Request (FloatingIPsAssociationNegativeTestJSON:tearDownClass): 204 DELETE http://10.180.1.21:9696/networking/v2.0/subnets/352462e1-ce65-46b0-8972-5951da7b87dd 0.108s
2025-02-10 12:51:05.840 62773 INFO tempest.lib.common.rest_client [req-c3765f76-9119-4a8b-b0d2-74e5cb27fa1d req-c3765f76-9119-4a8b-b0d2-74e5cb27fa1d ] Request (ServerMetadataNegativeTestJSON:setUpClass): 200 GET http://10.180.1.21/compute/v2.1/servers/03e213af-f8d0-4542-9d4d-17d627dc812d 0.062s
2025-02-10 12:51:05.849 62773 INFO tempest.common.waiters [-] State transition "BUILD/scheduling" ==> "BUILD/None" after 31 second wait
2025-02-10 12:51:05.905 62769 INFO tempest.lib.common.rest_client [req-e88858c3-ee84-4603-b7b0-80b20d1c765c req-e88858c3-ee84-4603-b7b0-80b20d1c765c ] Request (FloatingIPsAssociationTestJSON:setUpClass): 200 GET http://10.180.1.21/compute/v2.1/servers/c5244be1-7e78-4ea7-9bac-7f14bda881fa 0.061s
2025-02-10 12:51:05.966 62825 INFO tempest.lib.common.rest_client [req-9c869abe-22bc-4f0e-8b59-031b57819ca2 req-9c869abe-22bc-4f0e-8b59-031b57819ca2 ] Request (ImagesOneServerTestJSON:setUpClass): 200 GET http://10.180.1.21/compute/v2.1/servers/2e9b1566-04f9-43d8-ad0e-3dfb05f9b893 0.061s
2025-02-10 12:51:06.050 62777 INFO tempest.lib.common.rest_client [req-bb80112a-b094-4c9c-bd29-f70e86c7eb63 req-bb80112a-b094-4c9c-bd29-f70e86c7eb63 ] Request (FloatingIPsAssociationNegativeTestJSON:tearDownClass): 204 DELETE http://10.180.1.21:9696/networking/v2.0/networks/c3088172-7bcf-4f80-9602-076df32a4923 0.277s
2025-02-10 12:51:06.051 62785 INFO tempest.lib.common.rest_client [req-32311df9-b351-4b01-89c6-501a0c656691 req-32311df9-b351-4b01-89c6-501a0c656691 ] Request (ServersAdminNegativeTestJSON:tearDownClass): 200 GET http://10.180.1.21/compute/v2.1/servers/f8a7d30b-9307-4690-8a3f-45a50c423d8b 0.083s
2025-02-10 12:51:06.082 62827 INFO tempest.lib.common.rest_client [req-84673e9f-2c1d-4ba7-b7da-5978b017a09d req-84673e9f-2c1d-4ba7-b7da-5978b017a09d ] Request (MultipleCreateTestJSON:test_multiple_create): 200 GET http://10.180.1.21/compute/v2.1/servers/2f40e30c-2ccb-446b-9787-b63bcd1ed9d3 0.061s
2025-02-10 12:51:06.099 62775 INFO tempest.lib.common.rest_client [req-1bebb79a-74c1-4f48-a2db-5f8e1b109d06 req-1bebb79a-74c1-4f48-a2db-5f8e1b109d06 ] Request (MigrationsAdminTest:test_resize_server_revert_deleted_flavor): 200 GET http://10.180.1.21/compute/v2.1/servers/52325518-ce82-45fa-a9bf-028e289a705a 0.061s
2025-02-10 12:51:06.132 62777 INFO tempest.lib.common.rest_client [req-ca0ca4b6-50b1-4207-9682-48e32a469d84 req-ca0ca4b6-50b1-4207-9682-48e32a469d84 ] Request (FloatingIPsAssociationNegativeTestJSON:tearDownClass): 204 DELETE http://10.180.1.21/identity/v3/users/d09b220608f94681a27fb544c4ebd856 0.082s
2025-02-10 12:51:06.133 62777 INFO tempest.lib.common.dynamic_creds [-] Deleting project and security group for project: 1af453a58d0a4c53ab043b3d3a9e1724
2025-02-10 12:51:06.168 62777 INFO tempest.lib.common.rest_client [req-84a683ea-b7b0-42eb-9db3-7f36c9317000 req-84a683ea-b7b0-42eb-9db3-7f36c9317000 ] Request (FloatingIPsAssociationNegativeTestJSON:tearDownClass): 200 GET http://10.180.1.21:9696/networking/v2.0/security-groups?tenant_id=1af453a58d0a4c53ab043b3d3a9e1724&name=default 0.035s
2025-02-10 12:51:06.208 62781 INFO tempest.lib.common.rest_client [req-70211d7d-0c02-48b1-95e6-10623ce867b8 req-70211d7d-0c02-48b1-95e6-10623ce867b8 ] Request (ServersAdminTestJSON:test_inject_network_info): 200 GET http://10.180.1.21/compute/v2.1/servers/a61bf52e-3997-4f2b-9be8-cf49b1b5d23f 0.059s
2025-02-10 12:51:06.249 62777 INFO tempest.lib.common.rest_client [req-771675a9-ed06-4d99-806d-a8f90c351fc4 req-771675a9-ed06-4d99-806d-a8f90c351fc4 ] Request (FloatingIPsAssociationNegativeTestJSON:tearDownClass): 204 DELETE http://10.180.1.21:9696/networking/v2.0/security-groups/8c6d4ab6-5fa0-4442-b807-21276fa6542d 0.080s
2025-02-10 12:51:06.265 62783 INFO tempest.lib.common.rest_client [req-7029d4c6-4d39-484b-bcd7-4c814d87bcfa req-7029d4c6-4d39-484b-bcd7-4c814d87bcfa ] Request (SecurityGroupsTestJSON:test_server_security_groups): 200 GET http://10.180.1.21/compute/v2.1/servers/6ad136a5-6509-48d4-bac9-a7a88f516eda 0.061s
2025-02-10 12:51:06.296 62793 INFO tempest.lib.common.rest_client [req-a08fc926-66c8-424e-8ea1-3c5259f41cde req-a08fc926-66c8-424e-8ea1-3c5259f41cde ] Request (InstanceActionsV221TestJSON:test_get_list_deleted_instance_actions): 200 GET http://10.180.1.21/compute/v2.1/servers/2ed26835-09d2-4e6f-ba6e-e9730239c00e 0.161s
2025-02-10 12:51:06.310 62789 INFO tempest.lib.common.rest_client [req-b2f79ccc-6d56-4f4d-8418-ebe3f2c6765f req-b2f79ccc-6d56-4f4d-8418-ebe3f2c6765f ] Request (AttachVolumeNegativeTest:test_attach_attached_volume_to_different_server): 200 GET http://10.180.1.21/compute/v2.1/servers/85e2d431-95b6-47fc-8326-1812ecfc796e 0.058s
2025-02-10 12:51:06.346 62777 INFO tempest.lib.common.rest_client [req-4bf951d2-d3a6-4b19-b421-731184e1c623 req-4bf951d2-d3a6-4b19-b421-731184e1c623 ] Request (FloatingIPsAssociationNegativeTestJSON:tearDownClass): 204 DELETE http://10.180.1.21/identity/v3/projects/1af453a58d0a4c53ab043b3d3a9e1724 0.096s
2025-02-10 12:51:06.401 62777 INFO tempest.lib.common.rest_client [req-40dde02b-66cc-4aa5-9e3d-2f952006821e req-40dde02b-66cc-4aa5-9e3d-2f952006821e ] Request (ServersV294TestFqdnHostnames:setUpClass): 201 POST http://10.180.1.21/identity/v3/auth/tokens 0.053s
2025-02-10 12:51:06.404 62791 INFO tempest.lib.common.rest_client [req-582d6123-b902-4b3f-9cce-2a33e3355b72 req-582d6123-b902-4b3f-9cce-2a33e3355b72 ] Request (ServerShowV247Test:test_update_rebuild_list_server): 200 GET http://10.180.1.21/compute/v2.1/servers/df795afc-bb08-4169-b53e-ed8daad76808 0.052s
2025-02-10 12:51:06.431 62777 INFO tempest.lib.common.rest_client [req-e2cdd87d-ce76-454a-952c-14458f3e1d20 req-e2cdd87d-ce76-454a-952c-14458f3e1d20 ] Request (ServersV294TestFqdnHostnames:setUpClass): 201 POST http://10.180.1.21/identity/v3/auth/tokens 0.028s
2025-02-10 12:51:06.454 62777 INFO tempest.lib.common.rest_client [req-231394b0-5d92-4d7f-a1d3-6126d843862e req-231394b0-5d92-4d7f-a1d3-6126d843862e ] Request (ServersV294TestFqdnHostnames:setUpClass): 200 GET http://10.180.1.21/identity/v3/domains?name=Default 0.022s
2025-02-10 12:51:06.469 62823 INFO tempest.lib.common.rest_client [req-04897f04-bc4b-4a67-b68a-5d19f32c12b8 req-04897f04-bc4b-4a67-b68a-5d19f32c12b8 ] Request (DeleteServersAdminTestJSON:test_delete_server_while_in_error_state): 200 GET http://10.180.1.21/compute/v2.1/servers/9996fe78-0006-43dc-9146-6391be75ca5d 0.055s
2025-02-10 12:51:06.478 62777 INFO tempest.lib.common.rest_client [req-e9ec24d9-c92c-4ccf-bb6a-c4805914ba3d req-e9ec24d9-c92c-4ccf-bb6a-c4805914ba3d ] Request (ServersV294TestFqdnHostnames:setUpClass): 201 POST http://10.180.1.21/identity/v3/projects 0.024s
2025-02-10 12:51:06.518 62819 INFO tempest.lib.common.rest_client [req-ba11088d-907f-4836-b087-52abe904de7e req-ba11088d-907f-4836-b087-52abe904de7e ] Request (ServerTagsTestJSON:setUpClass): 200 GET http://10.180.1.21/compute/v2.1/servers/3ea25f8d-6452-40d8-8f1f-089d0c512c84 0.050s
2025-02-10 12:51:06.535 62777 INFO tempest.lib.common.rest_client [req-2e7554c8-2da8-4e95-96b4-96ac9b4a68e9 req-2e7554c8-2da8-4e95-96b4-96ac9b4a68e9 ] Request (ServersV294TestFqdnHostnames:setUpClass): 201 POST http://10.180.1.21/identity/v3/users 0.056s
2025-02-10 12:51:06.556 62777 INFO tempest.lib.common.rest_client [req-a2a0602d-9752-4716-8846-7edb7ec68991 req-a2a0602d-9752-4716-8846-7edb7ec68991 ] Request (ServersV294TestFqdnHostnames:setUpClass): 200 GET http://10.180.1.21/identity/v3/roles 0.020s
2025-02-10 12:51:06.577 62801 INFO tempest.lib.common.rest_client [req-ec9683f5-5786-4d92-a3b4-52abc71f84fb req-ec9683f5-5786-4d92-a3b4-52abc71f84fb ] Request (ServerPasswordTestJSON:setUpClass): 200 GET http://10.180.1.21/compute/v2.1/servers/97ed109d-8476-43dd-a2a9-6ee2438a040f 0.055s
2025-02-10 12:51:06.582 62777 INFO tempest.lib.common.rest_client [req-26bc404a-344b-4052-a857-5c0e1531a629 req-26bc404a-344b-4052-a857-5c0e1531a629 ] Request (ServersV294TestFqdnHostnames:setUpClass): 204 PUT http://10.180.1.21/identity/v3/projects/640aebcd71b54dad86f0ab887b4e89a3/users/40f1585ff77c4581a1f8777a078adac2/roles/6fdfea936f94444f921a7ad65db72ee3 0.025s
2025-02-10 12:51:06.582 62777 INFO tempest.lib.common.dynamic_creds [-] Dynamic test user 40f1585ff77c4581a1f8777a078adac2 is created with scope project and roles: ['member']
2025-02-10 12:51:06.582 62777 INFO tempest.lib.common.dynamic_creds [-] Acquired dynamic creds: credentials: Credentials: {'domain_id': 'default', 'domain_name': 'Default', 'username': 'tempest-ServersV294TestFqdnHostnames-1616035748-project-member', 'project_domain_id': 'default', 'project_domain_name': 'Default', 'project_id': '640aebcd71b54dad86f0ab887b4e89a3', 'project_name': 'tempest-ServersV294TestFqdnHostnames-1616035748', 'tenant_id': '640aebcd71b54dad86f0ab887b4e89a3', 'tenant_name': 'tempest-ServersV294TestFqdnHostnames-1616035748', 'user_domain_id': 'default', 'user_domain_name': 'Default', 'user_id': '40f1585ff77c4581a1f8777a078adac2', 'system': None}, Network: None, Subnet: None, Router: None
2025-02-10 12:51:06.595 62797 INFO tempest.lib.common.rest_client [req-7ce81cec-1cf1-41b5-b71b-8bd937ef3ad3 req-7ce81cec-1cf1-41b5-b71b-8bd937ef3ad3 ] Request (ImagesTestJSON:test_create_image_from_stopped_server): 200 GET http://10.180.1.21/compute/v2.1/servers/cb543f0b-d20b-48a6-8b32-dcb83b8cdaa4 0.102s
2025-02-10 12:51:06.602 62797 INFO tempest.common.waiters [-] State transition "BUILD/spawning" ==> "ACTIVE/None" after 61 second wait
2025-02-10 12:51:06.624 62787 INFO tempest.lib.common.rest_client [req-6c7ae723-cd04-4e6b-a6cb-8481ad728e04 req-6c7ae723-cd04-4e6b-a6cb-8481ad728e04 ] Request (ServerRescueTestJSON:test_rescue_unrescue_instance): 200 GET http://10.180.1.21/compute/v2.1/servers/ad01c62d-da3d-47b3-bff5-6f02a6b47630 0.089s
2025-02-10 12:51:06.640 62777 INFO tempest.lib.common.rest_client [req-ce410c6f-37e1-49cc-bb80-ef2792e45512 req-ce410c6f-37e1-49cc-bb80-ef2792e45512 ] Request (ServersV294TestFqdnHostnames:setUpClass): 201 POST http://10.180.1.21/identity/v3/auth/tokens 0.058s
2025-02-10 12:51:06.640 62809 INFO tempest.lib.common.rest_client [req-62fd4b3b-c145-4cdd-81f1-07ff17d3f5cd req-62fd4b3b-c145-4cdd-81f1-07ff17d3f5cd ] Request (ServerRescueNegativeTestJSON:setUpClass): 200 GET http://10.180.1.21/compute/v2.1/servers/b3620de6-b449-4db5-baae-bf3427332f14 0.058s
2025-02-10 12:51:06.648 62809 INFO tempest.common.waiters [-] State transition "BUILD/None" ==> "BUILD/networking" after 59 second wait
2025-02-10 12:51:06.655 62815 WARNING tempest.lib.common.ssh [-] Failed to establish authenticated ssh connection to cirros@10.180.180.155 ([Errno None] Unable to connect to port 22 on 10.180.180.155). Number attempts: 9. Retry after 10 seconds.: paramiko.ssh_exception.NoValidConnectionsError: [Errno None] Unable to connect to port 22 on 10.180.180.155
2025-02-10 12:51:06.691 62797 INFO tempest.lib.common.rest_client [req-b6d48854-1797-488f-94c6-156418a51bce req-b6d48854-1797-488f-94c6-156418a51bce ] Request (ImagesTestJSON:test_create_image_from_stopped_server): 202 POST http://10.180.1.21/compute/v2.1/servers/cb543f0b-d20b-48a6-8b32-dcb83b8cdaa4/action 0.089s
2025-02-10 12:51:06.698 62771 INFO tempest.lib.common.rest_client [req-4af362d4-bd1a-4224-9d2c-5f18d64ded7c req-4af362d4-bd1a-4224-9d2c-5f18d64ded7c ] Request (ServerDiagnosticsV248Test:tearDownClass): 200 GET http://10.180.1.21/compute/v2.1/servers/a56bf639-2907-4b11-8aa1-6b74adacc2b4 0.072s
2025-02-10 12:51:06.739 62799 INFO tempest.lib.common.rest_client [req-1545dc8b-5577-435e-8662-87532776542b req-1545dc8b-5577-435e-8662-87532776542b ] Request (ServerActionsTestJSON:setUpClass): 200 GET http://10.180.1.21/compute/v2.1/servers/34331fb5-9409-4d40-8599-63f2a21d0c09 0.056s
2025-02-10 12:51:06.743 62813 WARNING tempest.lib.common.ssh [-] Failed to establish authenticated ssh connection to cirros@10.180.180.141 ([Errno None] Unable to connect to port 22 on 10.180.180.141). Number attempts: 5. Retry after 6 seconds.: paramiko.ssh_exception.NoValidConnectionsError: [Errno None] Unable to connect to port 22 on 10.180.180.141
2025-02-10 12:51:06.757 62811 INFO tempest.lib.common.rest_client [req-380a792d-5963-470c-a369-cd1c03c194f9 req-380a792d-5963-470c-a369-cd1c03c194f9 ] Request (ServerGroupTestJSON:_run_cleanups): 200 GET http://10.180.1.21/compute/v2.1/servers/043ee2f5-ef78-4d69-856a-be1c8542d40b 0.074s
2025-02-10 12:51:06.808 62765 WARNING tempest.lib.common.ssh [-] Failed to establish authenticated ssh connection to cirros@10.180.180.188 ([Errno None] Unable to connect to port 22 on 10.180.180.188). Number attempts: 7. Retry after 8 seconds.: paramiko.ssh_exception.NoValidConnectionsError: [Errno None] Unable to connect to port 22 on 10.180.180.188
2025-02-10 12:51:06.834 62805 INFO tempest.lib.common.rest_client [req-4ad3091a-2569-4876-ab66-4cf54ef8b2c2 req-4ad3091a-2569-4876-ab66-4cf54ef8b2c2 ] Request (ServerMetadataTestJSON:setUpClass): 200 GET http://10.180.1.21/compute/v2.1/servers/7b6587b6-ce51-4c19-b92c-b8cc0c83d369 0.065s
2025-02-10 12:51:06.892 62797 INFO tempest.lib.common.rest_client [req-c7d29110-3692-4a76-8bf4-a052957b250c req-c7d29110-3692-4a76-8bf4-a052957b250c ] Request (ImagesTestJSON:test_create_image_from_stopped_server): 200 GET http://10.180.1.21/compute/v2.1/servers/cb543f0b-d20b-48a6-8b32-dcb83b8cdaa4 0.201s
2025-02-10 12:51:06.922 62773 INFO tempest.lib.common.rest_client [req-cf41695a-f4f1-46e4-b72b-82a79015a6d4 req-cf41695a-f4f1-46e4-b72b-82a79015a6d4 ] Request (ServerMetadataNegativeTestJSON:setUpClass): 200 GET http://10.180.1.21/compute/v2.1/servers/03e213af-f8d0-4542-9d4d-17d627dc812d 0.071s
2025-02-10 12:51:06.977 62769 INFO tempest.lib.common.rest_client [req-7f07a4a5-0a08-44ba-a3f0-ee94815faf39 req-7f07a4a5-0a08-44ba-a3f0-ee94815faf39 ] Request (FloatingIPsAssociationTestJSON:setUpClass): 200 GET http://10.180.1.21/compute/v2.1/servers/c5244be1-7e78-4ea7-9bac-7f14bda881fa 0.062s
2025-02-10 12:51:06.992 62777 INFO tempest.lib.common.rest_client [req-2ead9519-aa87-41d7-866f-625f025172d7 req-2ead9519-aa87-41d7-866f-625f025172d7 ] Request (ServersV294TestFqdnHostnames:setUpClass): 201 POST http://10.180.1.21:9696/networking/v2.0/networks 0.352s
2025-02-10 12:51:07.052 62825 INFO tempest.lib.common.rest_client [req-79537098-b0dd-4c2e-96a8-2a21282c228d req-79537098-b0dd-4c2e-96a8-2a21282c228d ] Request (ImagesOneServerTestJSON:setUpClass): 200 GET http://10.180.1.21/compute/v2.1/servers/2e9b1566-04f9-43d8-ad0e-3dfb05f9b893 0.072s
2025-02-10 12:51:07.150 62785 INFO tempest.lib.common.rest_client [req-b66f33b3-f8fd-4603-986f-28549a7a31b7 req-b66f33b3-f8fd-4603-986f-28549a7a31b7 ] Request (ServersAdminNegativeTestJSON:tearDownClass): 200 GET http://10.180.1.21/compute/v2.1/servers/f8a7d30b-9307-4690-8a3f-45a50c423d8b 0.091s
2025-02-10 12:51:07.161 62827 INFO tempest.lib.common.rest_client [req-3ff81a05-cecf-4c82-84ef-91b27d825a77 req-3ff81a05-cecf-4c82-84ef-91b27d825a77 ] Request (MultipleCreateTestJSON:test_multiple_create): 200 GET http://10.180.1.21/compute/v2.1/servers/2f40e30c-2ccb-446b-9787-b63bcd1ed9d3 0.071s
2025-02-10 12:51:07.206 62777 INFO tempest.lib.common.rest_client [req-3d0feb21-8280-42b4-8fcc-f9d025415d0e req-3d0feb21-8280-42b4-8fcc-f9d025415d0e ] Request (ServersV294TestFqdnHostnames:setUpClass): 201 POST http://10.180.1.21:9696/networking/v2.0/subnets 0.213s
2025-02-10 12:51:07.209 62775 INFO tempest.lib.common.rest_client [req-92978647-b36f-40df-8c2b-095ecad82404 req-92978647-b36f-40df-8c2b-095ecad82404 ] Request (MigrationsAdminTest:test_resize_server_revert_deleted_flavor): 200 GET http://10.180.1.21/compute/v2.1/servers/52325518-ce82-45fa-a9bf-028e289a705a 0.102s
2025-02-10 12:51:07.276 62781 INFO tempest.lib.common.rest_client [req-a9c24d74-3081-4dbf-b613-e15bf6bdd056 req-a9c24d74-3081-4dbf-b613-e15bf6bdd056 ] Request (ServersAdminTestJSON:test_inject_network_info): 200 GET http://10.180.1.21/compute/v2.1/servers/a61bf52e-3997-4f2b-9be8-cf49b1b5d23f 0.058s
2025-02-10 12:51:07.341 62783 INFO tempest.lib.common.rest_client [req-70bc60fc-be5f-43b3-b93b-d76b69d318a7 req-70bc60fc-be5f-43b3-b93b-d76b69d318a7 ] Request (SecurityGroupsTestJSON:test_server_security_groups): 200 GET http://10.180.1.21/compute/v2.1/servers/6ad136a5-6509-48d4-bac9-a7a88f516eda 0.067s
2025-02-10 12:51:07.400 62789 INFO tempest.lib.common.rest_client [req-c6ecf8cc-c0d7-42d9-8236-1b059c754c92 req-c6ecf8cc-c0d7-42d9-8236-1b059c754c92 ] Request (AttachVolumeNegativeTest:test_attach_attached_volume_to_different_server): 200 GET http://10.180.1.21/compute/v2.1/servers/85e2d431-95b6-47fc-8326-1812ecfc796e 0.082s
2025-02-10 12:51:07.483 62791 INFO tempest.lib.common.rest_client [req-03faedb0-b3d4-407e-b0be-1b44a42e5261 req-03faedb0-b3d4-407e-b0be-1b44a42e5261 ] Request (ServerShowV247Test:test_update_rebuild_list_server): 200 GET http://10.180.1.21/compute/v2.1/servers/df795afc-bb08-4169-b53e-ed8daad76808 0.069s
2025-02-10 12:51:07.497 62793 INFO tempest.lib.common.rest_client [req-078e4c80-c1d3-42db-950f-856c1d0e128b req-078e4c80-c1d3-42db-950f-856c1d0e128b ] Request (InstanceActionsV221TestJSON:test_get_list_deleted_instance_actions): 200 GET http://10.180.1.21/compute/v2.1/servers/2ed26835-09d2-4e6f-ba6e-e9730239c00e 0.190s
2025-02-10 12:51:07.553 62823 INFO tempest.lib.common.rest_client [req-730b2ce0-060b-400f-8970-182d5a768f65 req-730b2ce0-060b-400f-8970-182d5a768f65 ] Request (DeleteServersAdminTestJSON:test_delete_server_while_in_error_state): 200 GET http://10.180.1.21/compute/v2.1/servers/9996fe78-0006-43dc-9146-6391be75ca5d 0.076s
2025-02-10 12:51:07.592 62819 INFO tempest.lib.common.rest_client [req-879eeffb-48f4-4a35-b4b8-f19e395c8321 req-879eeffb-48f4-4a35-b4b8-f19e395c8321 ] Request (ServerTagsTestJSON:setUpClass): 200 GET http://10.180.1.21/compute/v2.1/servers/3ea25f8d-6452-40d8-8f1f-089d0c512c84 0.065s
2025-02-10 12:51:07.646 62801 INFO tempest.lib.common.rest_client [req-031f2382-582c-40f1-805d-628bb197a40e req-031f2382-582c-40f1-805d-628bb197a40e ] Request (ServerPasswordTestJSON:setUpClass): 200 GET http://10.180.1.21/compute/v2.1/servers/97ed109d-8476-43dd-a2a9-6ee2438a040f 0.061s
2025-02-10 12:51:07.722 62787 INFO tempest.lib.common.rest_client [req-5a88e21f-7a31-435e-9293-7b6f3befc140 req-5a88e21f-7a31-435e-9293-7b6f3befc140 ] Request (ServerRescueTestJSON:test_rescue_unrescue_instance): 200 GET http://10.180.1.21/compute/v2.1/servers/ad01c62d-da3d-47b3-bff5-6f02a6b47630 0.088s
2025-02-10 12:51:07.811 62771 INFO tempest.lib.common.rest_client [req-5fc9f231-f0d8-4d49-b01e-e8c18acf1177 req-5fc9f231-f0d8-4d49-b01e-e8c18acf1177 ] Request (ServerDiagnosticsV248Test:tearDownClass): 200 GET http://10.180.1.21/compute/v2.1/servers/a56bf639-2907-4b11-8aa1-6b74adacc2b4 0.103s
2025-02-10 12:51:07.831 62817 WARNING tempest.lib.common.ssh [-] Failed to establish authenticated ssh connection to cirros@10.180.180.130 ([Errno None] Unable to connect to port 22 on 10.180.180.130). Number attempts: 8. Retry after 9 seconds.: paramiko.ssh_exception.NoValidConnectionsError: [Errno None] Unable to connect to port 22 on 10.180.180.130
2025-02-10 12:51:07.870 62799 INFO tempest.lib.common.rest_client [req-842a8fd0-475d-453d-94ee-cb4589669551 req-842a8fd0-475d-453d-94ee-cb4589669551 ] Request (ServerActionsTestJSON:setUpClass): 200 GET http://10.180.1.21/compute/v2.1/servers/34331fb5-9409-4d40-8599-63f2a21d0c09 0.120s
2025-02-10 12:51:08.104 62811 INFO tempest.lib.common.rest_client [req-15d137e7-c0af-4435-9daa-fa5bf58aa43a req-15d137e7-c0af-4435-9daa-fa5bf58aa43a ] Request (ServerGroupTestJSON:_run_cleanups): 200 GET http://10.180.1.21/compute/v2.1/servers/043ee2f5-ef78-4d69-856a-be1c8542d40b 0.337s
2025-02-10 12:51:08.107 62809 INFO tempest.lib.common.rest_client [req-04f4d15c-2811-4183-bebb-8db714a6e6c1 req-04f4d15c-2811-4183-bebb-8db714a6e6c1 ] Request (ServerRescueNegativeTestJSON:setUpClass): 200 GET http://10.180.1.21/compute/v2.1/servers/b3620de6-b449-4db5-baae-bf3427332f14 0.458s
2025-02-10 12:51:08.114 62809 INFO tempest.common.waiters [-] State transition "BUILD/networking" ==> "BUILD/block_device_mapping" after 61 second wait
2025-02-10 12:51:08.164 62805 INFO tempest.lib.common.rest_client [req-8a5d2358-e391-4cdd-8502-260c59096da4 req-8a5d2358-e391-4cdd-8502-260c59096da4 ] Request (ServerMetadataTestJSON:setUpClass): 200 GET http://10.180.1.21/compute/v2.1/servers/7b6587b6-ce51-4c19-b92c-b8cc0c83d369 0.320s
2025-02-10 12:51:08.223 62773 INFO tempest.lib.common.rest_client [req-5f4df5d9-cb4f-40ce-8bbb-4c5badfd9c15 req-5f4df5d9-cb4f-40ce-8bbb-4c5badfd9c15 ] Request (ServerMetadataNegativeTestJSON:setUpClass): 200 GET http://10.180.1.21/compute/v2.1/servers/03e213af-f8d0-4542-9d4d-17d627dc812d 0.291s
2025-02-10 12:51:08.278 62797 INFO tempest.lib.common.rest_client [req-d7497007-16d9-47c5-8d43-bbd2bf56fd15 req-d7497007-16d9-47c5-8d43-bbd2bf56fd15 ] Request (ImagesTestJSON:test_create_image_from_stopped_server): 200 GET http://10.180.1.21/compute/v2.1/servers/cb543f0b-d20b-48a6-8b32-dcb83b8cdaa4 0.377s
2025-02-10 12:51:08.297 62769 INFO tempest.lib.common.rest_client [req-e86c8f6c-ff44-40d4-9ea4-e497768153d4 req-e86c8f6c-ff44-40d4-9ea4-e497768153d4 ] Request (FloatingIPsAssociationTestJSON:setUpClass): 200 GET http://10.180.1.21/compute/v2.1/servers/c5244be1-7e78-4ea7-9bac-7f14bda881fa 0.309s
2025-02-10 12:51:08.344 62825 INFO tempest.lib.common.rest_client [req-06ae7883-64b7-4179-b620-52568b3d56be req-06ae7883-64b7-4179-b620-52568b3d56be ] Request (ImagesOneServerTestJSON:setUpClass): 200 GET http://10.180.1.21/compute/v2.1/servers/2e9b1566-04f9-43d8-ad0e-3dfb05f9b893 0.283s
2025-02-10 12:51:08.365 62785 INFO tempest.lib.common.rest_client [req-d678a27d-7d61-420b-8fb2-68da93bf99ea req-d678a27d-7d61-420b-8fb2-68da93bf99ea ] Request (ServersAdminNegativeTestJSON:tearDownClass): 200 GET http://10.180.1.21/compute/v2.1/servers/f8a7d30b-9307-4690-8a3f-45a50c423d8b 0.208s
2025-02-10 12:51:08.413 62827 INFO tempest.lib.common.rest_client [req-d0b213a2-3a45-4b1a-92ee-0ce8e43c0cf5 req-d0b213a2-3a45-4b1a-92ee-0ce8e43c0cf5 ] Request (MultipleCreateTestJSON:test_multiple_create): 200 GET http://10.180.1.21/compute/v2.1/servers/2f40e30c-2ccb-446b-9787-b63bcd1ed9d3 0.242s
2025-02-10 12:51:08.432 62775 INFO tempest.lib.common.rest_client [req-817b9eca-28a6-4686-bd61-c96b702aeeaf req-817b9eca-28a6-4686-bd61-c96b702aeeaf ] Request (MigrationsAdminTest:test_resize_server_revert_deleted_flavor): 200 GET http://10.180.1.21/compute/v2.1/servers/52325518-ce82-45fa-a9bf-028e289a705a 0.215s
2025-02-10 12:51:08.472 62777 INFO tempest.lib.common.rest_client [req-792fc6ae-1f0f-4011-87b7-b821e7b3ace5 req-792fc6ae-1f0f-4011-87b7-b821e7b3ace5 ] Request (ServersV294TestFqdnHostnames:setUpClass): 201 POST http://10.180.1.21:9696/networking/v2.0/routers 1.266s
2025-02-10 12:51:08.482 62781 INFO tempest.lib.common.rest_client [req-a05469d7-2b94-49b2-8970-845959be6920 req-a05469d7-2b94-49b2-8970-845959be6920 ] Request (ServersAdminTestJSON:test_inject_network_info): 200 GET http://10.180.1.21/compute/v2.1/servers/a61bf52e-3997-4f2b-9be8-cf49b1b5d23f 0.196s
2025-02-10 12:51:08.490 62783 INFO tempest.lib.common.rest_client [req-53f07f55-ab77-4f2d-9261-aab2dcbfac9d req-53f07f55-ab77-4f2d-9261-aab2dcbfac9d ] Request (SecurityGroupsTestJSON:test_server_security_groups): 200 GET http://10.180.1.21/compute/v2.1/servers/6ad136a5-6509-48d4-bac9-a7a88f516eda 0.141s
2025-02-10 12:51:08.498 62783 INFO tempest.common.waiters [-] State transition "BUILD/scheduling" ==> "BUILD/None" after 34 second wait
2025-02-10 12:51:08.531 62789 INFO tempest.lib.common.rest_client [req-8ccaf5d5-9242-4e74-9eaf-44a20853b04c req-8ccaf5d5-9242-4e74-9eaf-44a20853b04c ] Request (AttachVolumeNegativeTest:test_attach_attached_volume_to_different_server): 200 GET http://10.180.1.21/compute/v2.1/servers/85e2d431-95b6-47fc-8326-1812ecfc796e 0.123s
2025-02-10 12:51:08.551 62791 INFO tempest.lib.common.rest_client [req-6cfb10c0-d77e-4ab5-9010-f726aadfa38c req-6cfb10c0-d77e-4ab5-9010-f726aadfa38c ] Request (ServerShowV247Test:test_update_rebuild_list_server): 200 GET http://10.180.1.21/compute/v2.1/servers/df795afc-bb08-4169-b53e-ed8daad76808 0.054s
2025-02-10 12:51:08.593 62793 INFO tempest.lib.common.rest_client [req-106bb910-9255-42c2-be38-0e5afbfe994e req-106bb910-9255-42c2-be38-0e5afbfe994e ] Request (InstanceActionsV221TestJSON:test_get_list_deleted_instance_actions): 200 GET http://10.180.1.21/compute/v2.1/servers/2ed26835-09d2-4e6f-ba6e-e9730239c00e 0.083s
2025-02-10 12:51:08.624 62823 INFO tempest.lib.common.rest_client [req-7667de57-f4dd-4abb-b13b-251d1af384fb req-7667de57-f4dd-4abb-b13b-251d1af384fb ] Request (DeleteServersAdminTestJSON:test_delete_server_while_in_error_state): 200 GET http://10.180.1.21/compute/v2.1/servers/9996fe78-0006-43dc-9146-6391be75ca5d 0.060s
2025-02-10 12:51:08.669 62819 INFO tempest.lib.common.rest_client [req-83a310e3-7df9-4fcf-a86a-032cb41d9fc2 req-83a310e3-7df9-4fcf-a86a-032cb41d9fc2 ] Request (ServerTagsTestJSON:setUpClass): 200 GET http://10.180.1.21/compute/v2.1/servers/3ea25f8d-6452-40d8-8f1f-089d0c512c84 0.064s
2025-02-10 12:51:08.709 62801 INFO tempest.lib.common.rest_client [req-8c6f2393-c687-4c0b-a784-f3749248f257 req-8c6f2393-c687-4c0b-a784-f3749248f257 ] Request (ServerPasswordTestJSON:setUpClass): 200 GET http://10.180.1.21/compute/v2.1/servers/97ed109d-8476-43dd-a2a9-6ee2438a040f 0.056s
2025-02-10 12:51:08.790 62787 INFO tempest.lib.common.rest_client [req-1521b48e-069c-4509-8fe0-fcdb4e659ed7 req-1521b48e-069c-4509-8fe0-fcdb4e659ed7 ] Request (ServerRescueTestJSON:test_rescue_unrescue_instance): 200 GET http://10.180.1.21/compute/v2.1/servers/ad01c62d-da3d-47b3-bff5-6f02a6b47630 0.054s
2025-02-10 12:51:08.793 62779 WARNING tempest.lib.common.ssh [-] Failed to establish authenticated ssh connection to cirros@10.180.180.248 ([Errno None] Unable to connect to port 22 on 10.180.180.248). Number attempts: 3. Retry after 4 seconds.: paramiko.ssh_exception.NoValidConnectionsError: [Errno None] Unable to connect to port 22 on 10.180.180.248
2025-02-10 12:51:08.905 62771 INFO tempest.lib.common.rest_client [req-d72bc4d1-8a63-4ab9-8374-b3ad2c73995f req-d72bc4d1-8a63-4ab9-8374-b3ad2c73995f ] Request (ServerDiagnosticsV248Test:tearDownClass): 200 GET http://10.180.1.21/compute/v2.1/servers/a56bf639-2907-4b11-8aa1-6b74adacc2b4 0.083s
2025-02-10 12:51:08.962 62799 INFO tempest.lib.common.rest_client [req-1519c8b7-eb27-48fe-8d84-7a0035f527e4 req-1519c8b7-eb27-48fe-8d84-7a0035f527e4 ] Request (ServerActionsTestJSON:setUpClass): 200 GET http://10.180.1.21/compute/v2.1/servers/34331fb5-9409-4d40-8599-63f2a21d0c09 0.084s
2025-02-10 12:51:09.192 62811 INFO tempest.lib.common.rest_client [req-5d364fb3-0197-45ec-813b-514eb14b9221 req-5d364fb3-0197-45ec-813b-514eb14b9221 ] Request (ServerGroupTestJSON:_run_cleanups): 200 GET http://10.180.1.21/compute/v2.1/servers/043ee2f5-ef78-4d69-856a-be1c8542d40b 0.080s
2025-02-10 12:51:09.256 62805 INFO tempest.lib.common.rest_client [req-5f6a32b0-080d-42a9-8b21-55c4cd6bf504 req-5f6a32b0-080d-42a9-8b21-55c4cd6bf504 ] Request (ServerMetadataTestJSON:setUpClass): 200 GET http://10.180.1.21/compute/v2.1/servers/7b6587b6-ce51-4c19-b92c-b8cc0c83d369 0.084s
2025-02-10 12:51:09.260 62809 INFO tempest.lib.common.rest_client [req-b4523793-2229-42e0-8042-a20dc9eb656e req-b4523793-2229-42e0-8042-a20dc9eb656e ] Request (ServerRescueNegativeTestJSON:setUpClass): 200 GET http://10.180.1.21/compute/v2.1/servers/b3620de6-b449-4db5-baae-bf3427332f14 0.145s
2025-02-10 12:51:09.267 62809 INFO tempest.common.waiters [-] State transition "BUILD/block_device_mapping" ==> "BUILD/spawning" after 62 second wait
2025-02-10 12:51:09.304 62773 INFO tempest.lib.common.rest_client [req-05a7cbe6-7877-4e2c-a0a9-830b5f98bd7d req-05a7cbe6-7877-4e2c-a0a9-830b5f98bd7d ] Request (ServerMetadataNegativeTestJSON:setUpClass): 200 GET http://10.180.1.21/compute/v2.1/servers/03e213af-f8d0-4542-9d4d-17d627dc812d 0.073s
2025-02-10 12:51:09.372 62769 INFO tempest.lib.common.rest_client [req-a10ab3b3-bee6-49aa-bf1f-9991c2dcbfb6 req-a10ab3b3-bee6-49aa-bf1f-9991c2dcbfb6 ] Request (FloatingIPsAssociationTestJSON:setUpClass): 200 GET http://10.180.1.21/compute/v2.1/servers/c5244be1-7e78-4ea7-9bac-7f14bda881fa 0.063s
2025-02-10 12:51:09.426 62825 INFO tempest.lib.common.rest_client [req-4a55f584-20a9-4325-a69c-430eec066d78 req-4a55f584-20a9-4325-a69c-430eec066d78 ] Request (ImagesOneServerTestJSON:setUpClass): 200 GET http://10.180.1.21/compute/v2.1/servers/2e9b1566-04f9-43d8-ad0e-3dfb05f9b893 0.069s
2025-02-10 12:51:09.449 62797 INFO tempest.lib.common.rest_client [req-672aff9d-aeb3-4ee8-8f35-fdcce8df6a24 req-672aff9d-aeb3-4ee8-8f35-fdcce8df6a24 ] Request (ImagesTestJSON:test_create_image_from_stopped_server): 200 GET http://10.180.1.21/compute/v2.1/servers/cb543f0b-d20b-48a6-8b32-dcb83b8cdaa4 0.162s
2025-02-10 12:51:09.452 62785 INFO tempest.lib.common.rest_client [req-03237fb2-a565-4a92-a1a0-4a117b5176f0 req-03237fb2-a565-4a92-a1a0-4a117b5176f0 ] Request (ServersAdminNegativeTestJSON:tearDownClass): 404 GET http://10.180.1.21/compute/v2.1/servers/f8a7d30b-9307-4690-8a3f-45a50c423d8b 0.074s
2025-02-10 12:51:09.456 62797 INFO tempest.common.waiters [-] State transition "ACTIVE/powering-off" ==> "SHUTOFF/None" after 3 second wait
2025-02-10 12:51:09.507 62775 INFO tempest.lib.common.rest_client [req-ef71add3-7ae3-47de-8197-d4cf3ce14131 req-ef71add3-7ae3-47de-8197-d4cf3ce14131 ] Request (MigrationsAdminTest:test_resize_server_revert_deleted_flavor): 200 GET http://10.180.1.21/compute/v2.1/servers/52325518-ce82-45fa-a9bf-028e289a705a 0.065s
2025-02-10 12:51:09.515 62827 INFO tempest.lib.common.rest_client [req-c824f803-046a-4aa3-83b8-b672c954897f req-c824f803-046a-4aa3-83b8-b672c954897f ] Request (MultipleCreateTestJSON:test_multiple_create): 200 GET http://10.180.1.21/compute/v2.1/servers/2f40e30c-2ccb-446b-9787-b63bcd1ed9d3 0.094s
2025-02-10 12:51:09.534 62777 INFO tempest.lib.common.rest_client [req-634f9cec-87c5-4f36-ad39-5b38b01f68e0 req-634f9cec-87c5-4f36-ad39-5b38b01f68e0 ] Request (ServersV294TestFqdnHostnames:setUpClass): 200 PUT http://10.180.1.21:9696/networking/v2.0/routers/bf491f5b-ac8f-48c5-9537-c7e92288c603/add_router_interface 1.062s
