2025-02-10 12:51:29.349 62819 INFO tempest.lib.common.rest_client [req-39c1a81b-e864-4d58-bfef-38d0eadc056e req-39c1a81b-e864-4d58-bfef-38d0eadc056e ] Request (ServerTagsTestJSON:setUpClass): 200 GET http://10.180.1.21/compute/v2.1/servers/3ea25f8d-6452-40d8-8f1f-089d0c512c84 0.162s
2025-02-10 12:51:29.378 62811 INFO tempest.lib.common.rest_client [req-7dc0fdf5-601d-44ab-a45c-e28fd43dd8c3 req-7dc0fdf5-601d-44ab-a45c-e28fd43dd8c3 ] Request (VolumesTestJSON:setUpClass): 201 POST http://10.180.1.21/identity/v3/auth/tokens 0.037s
2025-02-10 12:51:29.414 62811 INFO tempest.lib.common.rest_client [req-81ae8279-eba7-4817-9321-384926b22d27 req-81ae8279-eba7-4817-9321-384926b22d27 ] Request (VolumesTestJSON:setUpClass): 200 GET http://10.180.1.21/identity/v3/domains?name=Default 0.035s
2025-02-10 12:51:29.417 62801 INFO tempest.lib.common.rest_client [req-ed2958f0-6ef1-44bf-8c66-a17bf06ce1a0 req-ed2958f0-6ef1-44bf-8c66-a17bf06ce1a0 ] Request (ServerPasswordTestJSON:setUpClass): 200 GET http://10.180.1.21/compute/v2.1/servers/97ed109d-8476-43dd-a2a9-6ee2438a040f 0.215s
2025-02-10 12:51:29.456 62811 INFO tempest.lib.common.rest_client [req-44f9173a-7aef-4e42-8b06-06b879a039b7 req-44f9173a-7aef-4e42-8b06-06b879a039b7 ] Request (VolumesTestJSON:setUpClass): 201 POST http://10.180.1.21/identity/v3/projects 0.041s
2025-02-10 12:51:29.470 62823 INFO tempest.lib.common.rest_client [req-f282b261-111d-425c-9229-d0d74b8fde8f req-f282b261-111d-425c-9229-d0d74b8fde8f ] Request (FloatingIPDetailsTestJSON:tearDownClass): 204 DELETE http://10.180.1.21:9696/networking/v2.0/subnets/2dd1cdc6-e441-4738-b73b-d511f80ddf06 0.194s
2025-02-10 12:51:29.513 62791 INFO tempest.lib.common.rest_client [req-5bad255c-43b0-4958-a2f4-d2ff5e99b4b7 req-5bad255c-43b0-4958-a2f4-d2ff5e99b4b7 ] Request (ServerShowV247Test:tearDownClass): 200 GET http://10.180.1.21/compute/v2.1/servers/df795afc-bb08-4169-b53e-ed8daad76808 0.227s
2025-02-10 12:51:29.537 62811 INFO tempest.lib.common.rest_client [req-5d123dd3-3856-46e1-9ac5-20afc77a4a4b req-5d123dd3-3856-46e1-9ac5-20afc77a4a4b ] Request (VolumesTestJSON:setUpClass): 201 POST http://10.180.1.21/identity/v3/users 0.081s
2025-02-10 12:51:29.559 62811 INFO tempest.lib.common.rest_client [req-791a3824-3345-4a19-bbbd-ec8f18d43498 req-791a3824-3345-4a19-bbbd-ec8f18d43498 ] Request (VolumesTestJSON:setUpClass): 200 GET http://10.180.1.21/identity/v3/roles 0.021s
2025-02-10 12:51:29.580 62787 INFO tempest.lib.common.rest_client [req-085103d4-2477-49ce-ad3a-e4677511f888 req-085103d4-2477-49ce-ad3a-e4677511f888 ] Request (ServerRescueTestJSON:test_rescue_unrescue_instance): 200 GET http://10.180.1.21/compute/v2.1/servers/ad01c62d-da3d-47b3-bff5-6f02a6b47630 0.226s
2025-02-10 12:51:29.603 62811 INFO tempest.lib.common.rest_client [req-003648fc-6c26-4c65-b58e-6d16dd452c6d req-003648fc-6c26-4c65-b58e-6d16dd452c6d ] Request (VolumesTestJSON:setUpClass): 204 PUT http://10.180.1.21/identity/v3/projects/64d8178d28d34f76b38d542aa01b29bc/users/7b612f5b78db4da990554d6ba282b665/roles/6fdfea936f94444f921a7ad65db72ee3 0.044s
2025-02-10 12:51:29.603 62811 INFO tempest.lib.common.dynamic_creds [-] Dynamic test user 7b612f5b78db4da990554d6ba282b665 is created with scope project and roles: ['member']
2025-02-10 12:51:29.603 62811 INFO tempest.lib.common.dynamic_creds [-] Acquired dynamic creds: credentials: Credentials: {'domain_id': 'default', 'domain_name': 'Default', 'username': 'tempest-VolumesTestJSON-1024219816-project-member', 'project_domain_id': 'default', 'project_domain_name': 'Default', 'project_id': '64d8178d28d34f76b38d542aa01b29bc', 'project_name': 'tempest-VolumesTestJSON-1024219816', 'tenant_id': '64d8178d28d34f76b38d542aa01b29bc', 'tenant_name': 'tempest-VolumesTestJSON-1024219816', 'user_domain_id': 'default', 'user_domain_name': 'Default', 'user_id': '7b612f5b78db4da990554d6ba282b665', 'system': None}, Network: None, Subnet: None, Router: None
2025-02-10 12:51:29.604 62811 INFO tempest.lib.common.dynamic_creds [-] Created isolated network resources for: credentials: Credentials: {'domain_id': 'default', 'domain_name': 'Default', 'username': 'tempest-VolumesTestJSON-1024219816-project-member', 'project_domain_id': 'default', 'project_domain_name': 'Default', 'project_id': '64d8178d28d34f76b38d542aa01b29bc', 'project_name': 'tempest-VolumesTestJSON-1024219816', 'tenant_id': '64d8178d28d34f76b38d542aa01b29bc', 'tenant_name': 'tempest-VolumesTestJSON-1024219816', 'user_domain_id': 'default', 'user_domain_name': 'Default', 'user_id': '7b612f5b78db4da990554d6ba282b665', 'system': None}, Network: None, Subnet: None, Router: None
2025-02-10 12:51:29.637 62799 INFO tempest.lib.common.rest_client [req-f3561389-d003-4665-b809-f17ad2e9897d req-f3561389-d003-4665-b809-f17ad2e9897d ] Request (ServerActionsTestJSON:setUpClass): 200 GET http://10.180.1.21/compute/v2.1/servers/34331fb5-9409-4d40-8599-63f2a21d0c09 0.205s
2025-02-10 12:51:29.645 62799 INFO tempest.common.waiters [-] State transition "BUILD/None" ==> "BUILD/networking" after 64 second wait
2025-02-10 12:51:29.662 62809 INFO tempest.lib.common.rest_client [req-585ac79d-ce1b-47e7-acd7-9c1ef07f6d70 req-585ac79d-ce1b-47e7-acd7-9c1ef07f6d70 ] Request (ServerRescueNegativeTestJSON:test_rescued_vm_attach_volume): 200 GET http://10.180.1.21/volume/v3/volumes/bcf4c983-2ab0-4d12-bce0-9cab4b555ee8 0.047s
2025-02-10 12:51:29.668 62809 INFO tempest.common.waiters [-] volume bcf4c983-2ab0-4d12-bce0-9cab4b555ee8 reached available after waiting for 1.668663 seconds
2025-02-10 12:51:29.695 62811 INFO tempest.lib.common.rest_client [req-8eb0c359-5ee0-48cd-bc10-6d80b968e6d1 req-8eb0c359-5ee0-48cd-bc10-6d80b968e6d1 ] Request (VolumesTestJSON:setUpClass): 201 POST http://10.180.1.21/identity/v3/auth/tokens 0.086s
2025-02-10 12:51:29.741 62805 INFO tempest.lib.common.rest_client [req-e411a1b2-86f5-46c0-a13b-00d434263dc2 req-e411a1b2-86f5-46c0-a13b-00d434263dc2 ] Request (ServerMetadataTestJSON:setUpClass): 200 GET http://10.180.1.21/compute/v2.1/servers/7b6587b6-ce51-4c19-b92c-b8cc0c83d369 0.170s
2025-02-10 12:51:29.842 62809 INFO tempest.lib.common.rest_client [req-6021bef2-b862-4b6d-be77-d41100f0a463 req-6021bef2-b862-4b6d-be77-d41100f0a463 ] Request (ServerRescueNegativeTestJSON:test_rescued_vm_attach_volume): 200 POST http://10.180.1.21/compute/v2.1/servers/4846680b-fc38-4e6c-8ac3-de3ec24fd89d/action 0.174s
2025-02-10 12:51:29.963 62811 INFO tempest.lib.common.rest_client [req-e9b63414-e5c7-49c8-b5dc-b0de3a08b0c2 req-e9b63414-e5c7-49c8-b5dc-b0de3a08b0c2 ] Request (VolumesTestJSON:setUpClass): 202 POST http://10.180.1.21/volume/v3/volumes 0.267s
2025-02-10 12:51:30.024 62827 INFO tempest.lib.common.rest_client [req-82903cd3-f42e-4e12-8cc8-c4139cb93ccc req-82903cd3-f42e-4e12-8cc8-c4139cb93ccc ] Request (MultipleCreateTestJSON:test_multiple_create): 200 GET http://10.180.1.21/compute/v2.1/servers/d683946c-e93a-4e0d-9e43-1378531a167f 0.333s
2025-02-10 12:51:30.032 62823 INFO tempest.lib.common.rest_client [req-0c04fcf9-d0dd-4511-afa0-6cbf7703862b req-0c04fcf9-d0dd-4511-afa0-6cbf7703862b ] Request (FloatingIPDetailsTestJSON:tearDownClass): 204 DELETE http://10.180.1.21:9696/networking/v2.0/networks/dfb246af-e811-44a3-a891-d8fa1528324b 0.562s
2025-02-10 12:51:30.101 62769 INFO tempest.lib.common.rest_client [req-18bab983-0bba-4231-bf8b-3787e7a9094d req-18bab983-0bba-4231-bf8b-3787e7a9094d ] Request (FloatingIPsAssociationTestJSON:setUpClass): 200 GET http://10.180.1.21/compute/v2.1/servers/c5244be1-7e78-4ea7-9bac-7f14bda881fa 0.338s
2025-02-10 12:51:30.149 62811 INFO tempest.lib.common.rest_client [req-a89b4618-7fd5-48c5-984a-e4785dd15cd4 req-a89b4618-7fd5-48c5-984a-e4785dd15cd4 ] Request (VolumesTestJSON:setUpClass): 200 GET http://10.180.1.21/volume/v3/volumes/b88c709c-feab-4c72-a170-46ad3c2f2d50 0.177s
2025-02-10 12:51:30.161 62773 INFO tempest.lib.common.rest_client [req-09ef96bb-d5c0-4545-88c2-001573ba96e5 req-09ef96bb-d5c0-4545-88c2-001573ba96e5 ] Request (ServerMetadataNegativeTestJSON:setUpClass): 200 GET http://10.180.1.21/compute/v2.1/servers/03e213af-f8d0-4542-9d4d-17d627dc812d 0.396s
2025-02-10 12:51:30.163 62823 INFO tempest.lib.common.rest_client [req-097ddc43-a954-461b-a863-50ff46fcd926 req-097ddc43-a954-461b-a863-50ff46fcd926 ] Request (FloatingIPDetailsTestJSON:tearDownClass): 204 DELETE http://10.180.1.21/identity/v3/users/557a4e5ee75d4beba267c27e568b63c6 0.130s
2025-02-10 12:51:30.163 62823 INFO tempest.lib.common.dynamic_creds [-] Deleting project and security group for project: 1b47440003f442ce809f3b9ebea05bb2
2025-02-10 12:51:30.211 62775 INFO tempest.lib.common.rest_client [req-884802bf-eb16-4e9e-8b6b-55fac3f2a19f req-884802bf-eb16-4e9e-8b6b-55fac3f2a19f ] Request (MigrationsAdminTest:test_resize_server_revert_deleted_flavor): 200 GET http://10.180.1.21/compute/v2.1/servers/52325518-ce82-45fa-a9bf-028e289a705a 0.395s
2025-02-10 12:51:30.215 62823 INFO tempest.lib.common.rest_client [req-0669c104-7305-4009-88af-9b9eeee130db req-0669c104-7305-4009-88af-9b9eeee130db ] Request (FloatingIPDetailsTestJSON:tearDownClass): 200 GET http://10.180.1.21:9696/networking/v2.0/security-groups?tenant_id=1b47440003f442ce809f3b9ebea05bb2&name=default 0.051s
2025-02-10 12:51:30.257 62783 INFO tempest.lib.common.rest_client [req-75a2bbd1-8abb-4e19-aed0-a2aa0ad1158d req-75a2bbd1-8abb-4e19-aed0-a2aa0ad1158d ] Request (SecurityGroupsTestJSON:test_server_security_groups): 200 GET http://10.180.1.21/compute/v2.1/servers/6ad136a5-6509-48d4-bac9-a7a88f516eda 0.416s
2025-02-10 12:51:30.316 62823 INFO tempest.lib.common.rest_client [req-a68f1dc6-0595-4bec-b682-f16c316ea5b3 req-a68f1dc6-0595-4bec-b682-f16c316ea5b3 ] Request (FloatingIPDetailsTestJSON:tearDownClass): 204 DELETE http://10.180.1.21:9696/networking/v2.0/security-groups/86a5a239-7dd5-46b9-bfb9-6f7b2b8c1747 0.100s
2025-02-10 12:51:30.412 62809 INFO tempest.lib.common.rest_client [req-991caf9a-62d5-406d-9d7f-35eac9916a71 req-991caf9a-62d5-406d-9d7f-35eac9916a71 ] Request (ServerRescueNegativeTestJSON:test_rescued_vm_attach_volume): 200 GET http://10.180.1.21/compute/v2.1/servers/4846680b-fc38-4e6c-8ac3-de3ec24fd89d 0.569s
2025-02-10 12:51:30.431 62823 INFO tempest.lib.common.rest_client [req-186930d5-3677-420d-b417-0722b132b774 req-186930d5-3677-420d-b417-0722b132b774 ] Request (FloatingIPDetailsTestJSON:tearDownClass): 204 DELETE http://10.180.1.21/identity/v3/projects/1b47440003f442ce809f3b9ebea05bb2 0.115s
2025-02-10 12:51:30.473 62797 INFO tempest.lib.common.rest_client [req-67ded380-72c3-4209-96f3-a5d650f0c4b5 req-67ded380-72c3-4209-96f3-a5d650f0c4b5 ] Request (ImagesTestJSON:test_create_image_from_suspended_server): 200 GET http://10.180.1.21/compute/v2.1/servers/eb1f4fda-4e6e-44ca-b625-48e188a6bf2a 0.605s
2025-02-10 12:51:30.504 62823 INFO tempest.lib.common.rest_client [req-7c35d339-da7a-4a55-b7f8-afed4eb6ce74 req-7c35d339-da7a-4a55-b7f8-afed4eb6ce74 ] Request (ImagesOneServerNegativeTestJSON:setUpClass): 201 POST http://10.180.1.21/identity/v3/auth/tokens 0.071s
2025-02-10 12:51:30.550 62823 INFO tempest.lib.common.rest_client [req-77cffcd8-9a36-47d6-9a5c-a8e24f92fa4e req-77cffcd8-9a36-47d6-9a5c-a8e24f92fa4e ] Request (ImagesOneServerNegativeTestJSON:setUpClass): 201 POST http://10.180.1.21/identity/v3/auth/tokens 0.043s
2025-02-10 12:51:30.576 62815 INFO tempest.lib.common.rest_client [req-cf8f49f1-b551-469d-a4d0-0a3b411b8e43 req-cf8f49f1-b551-469d-a4d0-0a3b411b8e43 ] Request (VolumesAssistedSnapshotsTest:test_volume_assisted_snapshot_create_delete): 200 POST http://10.180.1.21/compute/v2.1/servers/36d16085-16fa-440e-9b65-2063c6e74a01/os-volume_attachments 1.791s
2025-02-10 12:51:30.577 62823 INFO tempest.lib.common.rest_client [req-190b2807-9a2f-4535-be77-5d7e4d367a72 req-190b2807-9a2f-4535-be77-5d7e4d367a72 ] Request (ImagesOneServerNegativeTestJSON:setUpClass): 200 GET http://10.180.1.21/identity/v3/domains?name=Default 0.026s
2025-02-10 12:51:30.585 62825 INFO tempest.lib.common.rest_client [req-9be69985-0402-4ffe-b908-9646789818da req-9be69985-0402-4ffe-b908-9646789818da ] Request (ImagesOneServerTestJSON:setUpClass): 200 GET http://10.180.1.21/compute/v2.1/servers/2e9b1566-04f9-43d8-ad0e-3dfb05f9b893 0.582s
2025-02-10 12:51:30.609 62823 INFO tempest.lib.common.rest_client [req-323530b1-aece-492e-a23c-6545105d88d7 req-323530b1-aece-492e-a23c-6545105d88d7 ] Request (ImagesOneServerNegativeTestJSON:setUpClass): 201 POST http://10.180.1.21/identity/v3/projects 0.032s
2025-02-10 12:51:30.613 62815 INFO tempest.lib.common.rest_client [req-314b2994-8605-4625-881f-d9072797d9ba req-314b2994-8605-4625-881f-d9072797d9ba ] Request (VolumesAssistedSnapshotsTest:test_volume_assisted_snapshot_create_delete): 200 GET http://10.180.1.21/volume/v3/volumes/25fc42bc-1f25-483a-ad62-e0b8c2bf7ad1 0.034s
2025-02-10 12:51:30.633 62781 INFO tempest.lib.common.rest_client [req-f1c70338-2649-4971-b14e-b00f3965032a req-f1c70338-2649-4971-b14e-b00f3965032a ] Request (ServersAdminTestJSON:test_inject_network_info): 200 GET http://10.180.1.21/compute/v2.1/servers/a61bf52e-3997-4f2b-9be8-cf49b1b5d23f 0.569s
2025-02-10 12:51:30.647 62789 INFO tempest.lib.common.rest_client [req-88878075-f82f-4f6d-8be7-eefef0c2ab98 req-88878075-f82f-4f6d-8be7-eefef0c2ab98 ] Request (AttachVolumeNegativeTest:test_attach_attached_volume_to_different_server): 200 GET http://10.180.1.21/compute/v2.1/servers/85e2d431-95b6-47fc-8326-1812ecfc796e 0.532s
2025-02-10 12:51:30.683 62823 INFO tempest.lib.common.rest_client [req-48bc2322-1b0c-4a48-acff-0efafcc13645 req-48bc2322-1b0c-4a48-acff-0efafcc13645 ] Request (ImagesOneServerNegativeTestJSON:setUpClass): 201 POST http://10.180.1.21/identity/v3/users 0.073s
2025-02-10 12:51:30.694 62777 INFO tempest.lib.common.rest_client [req-65573a68-15d3-41e6-bb99-ef640cda1d27 req-65573a68-15d3-41e6-bb99-ef640cda1d27 ] Request (ServersV294TestFqdnHostnames:setUpClass): 200 GET http://10.180.1.21/compute/v2.1/servers/3c6910b4-1044-4089-a472-3016f3b89f47 0.513s
2025-02-10 12:51:30.704 62823 INFO tempest.lib.common.rest_client [req-9213caa1-84ae-455d-93fd-7c4c9a432869 req-9213caa1-84ae-455d-93fd-7c4c9a432869 ] Request (ImagesOneServerNegativeTestJSON:setUpClass): 200 GET http://10.180.1.21/identity/v3/roles 0.020s
2025-02-10 12:51:30.708 62793 INFO tempest.lib.common.rest_client [req-52afa241-bb2d-4aa3-9140-30cdb96026d3 req-52afa241-bb2d-4aa3-9140-30cdb96026d3 ] Request (InstanceActionsV221TestJSON:test_get_list_deleted_instance_actions): 200 GET http://10.180.1.21/compute/v2.1/servers/2ed26835-09d2-4e6f-ba6e-e9730239c00e 0.467s
2025-02-10 12:51:30.730 62823 INFO tempest.lib.common.rest_client [req-ff96cef6-60eb-43db-8ebb-a150af734efc req-ff96cef6-60eb-43db-8ebb-a150af734efc ] Request (ImagesOneServerNegativeTestJSON:setUpClass): 204 PUT http://10.180.1.21/identity/v3/projects/0b8a9f55b2b54516a0ed0a6d2665f813/users/78948968529a4b6ab0891fbdcb98deb4/roles/6fdfea936f94444f921a7ad65db72ee3 0.025s
2025-02-10 12:51:30.730 62823 INFO tempest.lib.common.dynamic_creds [-] Dynamic test user 78948968529a4b6ab0891fbdcb98deb4 is created with scope project and roles: ['member']
2025-02-10 12:51:30.730 62823 INFO tempest.lib.common.dynamic_creds [-] Acquired dynamic creds: credentials: Credentials: {'domain_id': 'default', 'domain_name': 'Default', 'username': 'tempest-ImagesOneServerNegativeTestJSON-533481493-project-member', 'project_domain_id': 'default', 'project_domain_name': 'Default', 'project_id': '0b8a9f55b2b54516a0ed0a6d2665f813', 'project_name': 'tempest-ImagesOneServerNegativeTestJSON-533481493', 'tenant_id': '0b8a9f55b2b54516a0ed0a6d2665f813', 'tenant_name': 'tempest-ImagesOneServerNegativeTestJSON-533481493', 'user_domain_id': 'default', 'user_domain_name': 'Default', 'user_id': '78948968529a4b6ab0891fbdcb98deb4', 'system': None}, Network: None, Subnet: None, Router: None
2025-02-10 12:51:30.760 62785 INFO tempest.lib.common.rest_client [req-f0400b87-488a-4dca-8b24-1cf963a10da0 req-f0400b87-488a-4dca-8b24-1cf963a10da0 ] Request (ServersAdminNegativeTestJSON:tearDownClass): 200 GET http://10.180.1.21/compute/v2.1/servers/482fa106-8ec2-4d0e-97c6-8539ee3725c5 0.460s
2025-02-10 12:51:30.761 62819 INFO tempest.lib.common.rest_client [req-cdbf9a93-656b-4186-a8f3-00ddf09d78c0 req-cdbf9a93-656b-4186-a8f3-00ddf09d78c0 ] Request (ServerTagsTestJSON:setUpClass): 200 GET http://10.180.1.21/compute/v2.1/servers/3ea25f8d-6452-40d8-8f1f-089d0c512c84 0.402s
2025-02-10 12:51:30.783 62823 INFO tempest.lib.common.rest_client [req-7d6a0cbc-dbe4-4b03-b8e4-1bb15c58b3c3 req-7d6a0cbc-dbe4-4b03-b8e4-1bb15c58b3c3 ] Request (ImagesOneServerNegativeTestJSON:setUpClass): 201 POST http://10.180.1.21/identity/v3/auth/tokens 0.052s
2025-02-10 12:51:30.809 62801 INFO tempest.lib.common.rest_client [req-9eabc184-063d-4ebc-bfd7-3dcc9e20039d req-9eabc184-063d-4ebc-bfd7-3dcc9e20039d ] Request (ServerPasswordTestJSON:setUpClass): 200 GET http://10.180.1.21/compute/v2.1/servers/97ed109d-8476-43dd-a2a9-6ee2438a040f 0.379s
2025-02-10 12:51:30.823 62791 INFO tempest.lib.common.rest_client [req-13b239e1-f17c-4e79-8a43-392a46443010 req-13b239e1-f17c-4e79-8a43-392a46443010 ] Request (ServerShowV247Test:tearDownClass): 200 GET http://10.180.1.21/compute/v2.1/servers/df795afc-bb08-4169-b53e-ed8daad76808 0.300s
2025-02-10 12:51:30.896 62787 INFO tempest.lib.common.rest_client [req-af4e5f03-b236-489a-92f3-64c67db031e4 req-af4e5f03-b236-489a-92f3-64c67db031e4 ] Request (ServerRescueTestJSON:test_rescue_unrescue_instance): 200 GET http://10.180.1.21/compute/v2.1/servers/ad01c62d-da3d-47b3-bff5-6f02a6b47630 0.307s
2025-02-10 12:51:31.065 62799 INFO tempest.lib.common.rest_client [req-8e35d1d4-3f86-4c83-828b-c4adcaaf0489 req-8e35d1d4-3f86-4c83-828b-c4adcaaf0489 ] Request (ServerActionsTestJSON:setUpClass): 200 GET http://10.180.1.21/compute/v2.1/servers/34331fb5-9409-4d40-8599-63f2a21d0c09 0.417s
2025-02-10 12:51:31.069 62805 INFO tempest.lib.common.rest_client [req-601fea41-b1c3-4be5-ad4e-25b2bd7252e2 req-601fea41-b1c3-4be5-ad4e-25b2bd7252e2 ] Request (ServerMetadataTestJSON:setUpClass): 200 GET http://10.180.1.21/compute/v2.1/servers/7b6587b6-ce51-4c19-b92c-b8cc0c83d369 0.316s
2025-02-10 12:51:31.072 62799 INFO tempest.common.waiters [-] State transition "BUILD/networking" ==> "BUILD/spawning" after 66 second wait
2025-02-10 12:51:31.187 62769 INFO tempest.lib.common.rest_client [req-5f817bc7-5de9-48b9-a98d-6d6e0a7c4643 req-5f817bc7-5de9-48b9-a98d-6d6e0a7c4643 ] Request (FloatingIPsAssociationTestJSON:setUpClass): 200 GET http://10.180.1.21/compute/v2.1/servers/c5244be1-7e78-4ea7-9bac-7f14bda881fa 0.071s
2025-02-10 12:51:31.201 62811 INFO tempest.lib.common.rest_client [req-4538ec0a-1e25-4c9f-ae26-bd4fc70f4ead req-4538ec0a-1e25-4c9f-ae26-bd4fc70f4ead ] Request (VolumesTestJSON:setUpClass): 200 GET http://10.180.1.21/volume/v3/volumes/b88c709c-feab-4c72-a170-46ad3c2f2d50 0.044s
2025-02-10 12:51:31.213 62811 INFO tempest.common.waiters [-] volume b88c709c-feab-4c72-a170-46ad3c2f2d50 reached available after waiting for 1.213250 seconds
2025-02-10 12:51:31.254 62823 INFO tempest.lib.common.rest_client [req-defbf486-8892-41ad-865f-6ef7d70ed639 req-defbf486-8892-41ad-865f-6ef7d70ed639 ] Request (ImagesOneServerNegativeTestJSON:setUpClass): 201 POST http://10.180.1.21:9696/networking/v2.0/networks 0.471s
2025-02-10 12:51:31.259 62827 INFO tempest.lib.common.rest_client [req-661326bf-bb5d-4d0c-801d-2848730224d3 req-661326bf-bb5d-4d0c-801d-2848730224d3 ] Request (MultipleCreateTestJSON:test_multiple_create): 200 GET http://10.180.1.21/compute/v2.1/servers/d683946c-e93a-4e0d-9e43-1378531a167f 0.222s
2025-02-10 12:51:31.266 62773 INFO tempest.lib.common.rest_client [req-f540e8fd-1e22-469f-b635-a851ce2937ac req-f540e8fd-1e22-469f-b635-a851ce2937ac ] Request (ServerMetadataNegativeTestJSON:setUpClass): 200 GET http://10.180.1.21/compute/v2.1/servers/03e213af-f8d0-4542-9d4d-17d627dc812d 0.094s
2025-02-10 12:51:31.271 62827 INFO tempest.common.waiters [-] State transition "BUILD/spawning" ==> "ACTIVE/None" after 7 second wait
2025-02-10 12:51:31.307 62811 INFO tempest.lib.common.rest_client [req-4f9495ac-cedb-48a8-8f52-a56e7780bdec req-4f9495ac-cedb-48a8-8f52-a56e7780bdec ] Request (VolumesTestJSON:setUpClass): 200 GET http://10.180.1.21/compute/v2.1/os-volumes/b88c709c-feab-4c72-a170-46ad3c2f2d50 0.093s
2025-02-10 12:51:31.315 62775 INFO tempest.lib.common.rest_client [req-84930598-0e8e-47e4-9e9b-f320bb6bd844 req-84930598-0e8e-47e4-9e9b-f320bb6bd844 ] Request (MigrationsAdminTest:test_resize_server_revert_deleted_flavor): 200 GET http://10.180.1.21/compute/v2.1/servers/52325518-ce82-45fa-a9bf-028e289a705a 0.094s
2025-02-10 12:51:31.369 62783 INFO tempest.lib.common.rest_client [req-07ea586a-07cd-4014-bece-8e30be7f9884 req-07ea586a-07cd-4014-bece-8e30be7f9884 ] Request (SecurityGroupsTestJSON:test_server_security_groups): 200 GET http://10.180.1.21/compute/v2.1/servers/6ad136a5-6509-48d4-bac9-a7a88f516eda 0.104s
2025-02-10 12:51:31.402 62827 INFO tempest.lib.common.rest_client [req-2f22326c-a396-40b1-a5fe-270defb3982a req-2f22326c-a396-40b1-a5fe-270defb3982a ] Request (MultipleCreateTestJSON:_run_cleanups): 204 DELETE http://10.180.1.21/compute/v2.1/servers/d683946c-e93a-4e0d-9e43-1378531a167f 0.130s
2025-02-10 12:51:31.442 62823 INFO tempest.lib.common.rest_client [req-45f7eaa9-b079-49a9-867f-c0d36dcd7b8d req-45f7eaa9-b079-49a9-867f-c0d36dcd7b8d ] Request (ImagesOneServerNegativeTestJSON:setUpClass): 201 POST http://10.180.1.21:9696/networking/v2.0/subnets 0.187s
2025-02-10 12:51:31.507 62827 INFO tempest.lib.common.rest_client [req-b229013e-4c53-4022-aaa9-91f68fa46714 req-b229013e-4c53-4022-aaa9-91f68fa46714 ] Request (MultipleCreateTestJSON:_run_cleanups): 204 DELETE http://10.180.1.21/compute/v2.1/servers/2f40e30c-2ccb-446b-9787-b63bcd1ed9d3 0.104s
2025-02-10 12:51:31.531 62811 INFO tempest.lib.common.rest_client [req-73d571cb-a47f-4a4b-afb5-3e4443e3e7d5 req-73d571cb-a47f-4a4b-afb5-3e4443e3e7d5 ] Request (VolumesTestJSON:setUpClass): 202 POST http://10.180.1.21/volume/v3/volumes 0.222s
2025-02-10 12:51:31.543 62809 INFO tempest.lib.common.rest_client [req-c193fc15-f6c6-4fc6-8617-79981d7d8271 req-c193fc15-f6c6-4fc6-8617-79981d7d8271 ] Request (ServerRescueNegativeTestJSON:test_rescued_vm_attach_volume): 200 GET http://10.180.1.21/compute/v2.1/servers/4846680b-fc38-4e6c-8ac3-de3ec24fd89d 0.119s
2025-02-10 12:51:31.564 62811 INFO tempest.lib.common.rest_client [req-a32ae5c6-4480-44f3-a93d-6c3ab86ae684 req-a32ae5c6-4480-44f3-a93d-6c3ab86ae684 ] Request (VolumesTestJSON:setUpClass): 200 GET http://10.180.1.21/volume/v3/volumes/db93137f-6d48-4cfd-8907-fb6ee8fb998f 0.027s
2025-02-10 12:51:31.570 62797 INFO tempest.lib.common.rest_client [req-abfefe59-1ae5-4bd2-9962-8a30e7d16679 req-abfefe59-1ae5-4bd2-9962-8a30e7d16679 ] Request (ImagesTestJSON:test_create_image_from_suspended_server): 200 GET http://10.180.1.21/compute/v2.1/servers/eb1f4fda-4e6e-44ca-b625-48e188a6bf2a 0.088s
2025-02-10 12:51:31.647 62815 INFO tempest.lib.common.rest_client [req-08d7498a-c85c-449c-95bc-9b4831cb9b0c req-08d7498a-c85c-449c-95bc-9b4831cb9b0c ] Request (VolumesAssistedSnapshotsTest:test_volume_assisted_snapshot_create_delete): 200 GET http://10.180.1.21/volume/v3/volumes/25fc42bc-1f25-483a-ad62-e0b8c2bf7ad1 0.025s
2025-02-10 12:51:31.662 62827 INFO tempest.lib.common.rest_client [req-6802f528-794a-45eb-b002-8d2a6b346575 req-6802f528-794a-45eb-b002-8d2a6b346575 ] Request (MultipleCreateTestJSON:_run_cleanups): 200 GET http://10.180.1.21/compute/v2.1/servers/d683946c-e93a-4e0d-9e43-1378531a167f 0.155s
2025-02-10 12:51:31.722 62825 INFO tempest.lib.common.rest_client [req-b598b353-6508-4a97-b823-45b363cd7285 req-b598b353-6508-4a97-b823-45b363cd7285 ] Request (ImagesOneServerTestJSON:setUpClass): 200 GET http://10.180.1.21/compute/v2.1/servers/2e9b1566-04f9-43d8-ad0e-3dfb05f9b893 0.129s
2025-02-10 12:51:31.723 62781 INFO tempest.lib.common.rest_client [req-cdc232d1-695a-41e3-80e0-5fb825ddfc3b req-cdc232d1-695a-41e3-80e0-5fb825ddfc3b ] Request (ServersAdminTestJSON:test_inject_network_info): 200 GET http://10.180.1.21/compute/v2.1/servers/a61bf52e-3997-4f2b-9be8-cf49b1b5d23f 0.083s
2025-02-10 12:51:31.786 62789 INFO tempest.lib.common.rest_client [req-d3323147-f24d-4f21-abbf-9ff5a7914167 req-d3323147-f24d-4f21-abbf-9ff5a7914167 ] Request (AttachVolumeNegativeTest:test_attach_attached_volume_to_different_server): 200 GET http://10.180.1.21/compute/v2.1/servers/85e2d431-95b6-47fc-8326-1812ecfc796e 0.128s
2025-02-10 12:51:31.804 62777 INFO tempest.lib.common.rest_client [req-d68b5652-5ea3-4227-ac68-8cd33b93251a req-d68b5652-5ea3-4227-ac68-8cd33b93251a ] Request (ServersV294TestFqdnHostnames:setUpClass): 200 GET http://10.180.1.21/compute/v2.1/servers/3c6910b4-1044-4089-a472-3016f3b89f47 0.100s
2025-02-10 12:51:31.832 62795 WARNING tempest.lib.common.ssh [-] Failed to establish authenticated ssh connection to cirros@10.180.180.178 ([Errno None] Unable to connect to port 22 on 10.180.180.178). Number attempts: 12. Retry after 13 seconds.: paramiko.ssh_exception.NoValidConnectionsError: [Errno None] Unable to connect to port 22 on 10.180.180.178
2025-02-10 12:51:31.875 62793 INFO tempest.lib.common.rest_client [req-b9a3a1b0-d132-445d-9431-a07262617f0a req-b9a3a1b0-d132-445d-9431-a07262617f0a ] Request (InstanceActionsV221TestJSON:test_get_list_deleted_instance_actions): 200 GET http://10.180.1.21/compute/v2.1/servers/2ed26835-09d2-4e6f-ba6e-e9730239c00e 0.156s
2025-02-10 12:51:31.881 62785 INFO tempest.lib.common.rest_client [req-5196717b-da6e-47d1-840a-26804febe29a req-5196717b-da6e-47d1-840a-26804febe29a ] Request (ServersAdminNegativeTestJSON:tearDownClass): 200 GET http://10.180.1.21/compute/v2.1/servers/482fa106-8ec2-4d0e-97c6-8539ee3725c5 0.113s
2025-02-10 12:51:31.939 62819 INFO tempest.lib.common.rest_client [req-eff31229-b5b5-4b8e-a6e8-4883bd64c400 req-eff31229-b5b5-4b8e-a6e8-4883bd64c400 ] Request (ServerTagsTestJSON:setUpClass): 200 GET http://10.180.1.21/compute/v2.1/servers/3ea25f8d-6452-40d8-8f1f-089d0c512c84 0.169s
2025-02-10 12:51:31.974 62801 INFO tempest.lib.common.rest_client [req-5fcc82b1-850c-406e-b78d-6508def5af02 req-5fcc82b1-850c-406e-b78d-6508def5af02 ] Request (ServerPasswordTestJSON:setUpClass): 200 GET http://10.180.1.21/compute/v2.1/servers/97ed109d-8476-43dd-a2a9-6ee2438a040f 0.157s
2025-02-10 12:51:32.003 62791 INFO tempest.lib.common.rest_client [req-2ee8586f-f52c-4ae9-ad7e-e25cc95b2469 req-2ee8586f-f52c-4ae9-ad7e-e25cc95b2469 ] Request (ServerShowV247Test:tearDownClass): 200 GET http://10.180.1.21/compute/v2.1/servers/df795afc-bb08-4169-b53e-ed8daad76808 0.164s
2025-02-10 12:51:32.028 62787 INFO tempest.lib.common.rest_client [req-d0396e04-0672-4055-83be-fbeda84c7f5c req-d0396e04-0672-4055-83be-fbeda84c7f5c ] Request (ServerRescueTestJSON:test_rescue_unrescue_instance): 200 GET http://10.180.1.21/compute/v2.1/servers/ad01c62d-da3d-47b3-bff5-6f02a6b47630 0.123s
2025-02-10 12:51:32.412 62799 INFO tempest.lib.common.rest_client [req-a45399b8-79ed-4245-9f85-68c4f8b4a871 req-a45399b8-79ed-4245-9f85-68c4f8b4a871 ] Request (ServerActionsTestJSON:setUpClass): 200 GET http://10.180.1.21/compute/v2.1/servers/34331fb5-9409-4d40-8599-63f2a21d0c09 0.339s
2025-02-10 12:51:32.449 62805 INFO tempest.lib.common.rest_client [req-f0811967-e7cb-4ac1-8c46-b7d6b3073e66 req-f0811967-e7cb-4ac1-8c46-b7d6b3073e66 ] Request (ServerMetadataTestJSON:setUpClass): 200 GET http://10.180.1.21/compute/v2.1/servers/7b6587b6-ce51-4c19-b92c-b8cc0c83d369 0.372s
2025-02-10 12:51:32.467 62769 INFO tempest.lib.common.rest_client [req-c7365f88-59a3-4196-8515-ddaf139d2af8 req-c7365f88-59a3-4196-8515-ddaf139d2af8 ] Request (FloatingIPsAssociationTestJSON:setUpClass): 200 GET http://10.180.1.21/compute/v2.1/servers/c5244be1-7e78-4ea7-9bac-7f14bda881fa 0.271s
2025-02-10 12:51:32.478 62769 INFO tempest.common.waiters [-] State transition "BUILD/scheduling" ==> "BUILD/None" after 41 second wait
2025-02-10 12:51:32.498 62773 INFO tempest.lib.common.rest_client [req-110fe8e0-ad6f-4478-b8f4-25dedaf73f71 req-110fe8e0-ad6f-4478-b8f4-25dedaf73f71 ] Request (ServerMetadataNegativeTestJSON:setUpClass): 200 GET http://10.180.1.21/compute/v2.1/servers/03e213af-f8d0-4542-9d4d-17d627dc812d 0.220s
2025-02-10 12:51:32.515 62775 INFO tempest.lib.common.rest_client [req-659e706c-8e72-4487-ac74-1e3a92d5958e req-659e706c-8e72-4487-ac74-1e3a92d5958e ] Request (MigrationsAdminTest:test_resize_server_revert_deleted_flavor): 200 GET http://10.180.1.21/compute/v2.1/servers/52325518-ce82-45fa-a9bf-028e289a705a 0.188s
2025-02-10 12:51:32.527 62767 INFO paramiko.transport [-] Connected (version 2.0, client dropbear_2020.81)
2025-02-10 12:51:32.550 62823 INFO tempest.lib.common.rest_client [req-15ace3c6-171a-4514-80b8-589d05801df0 req-15ace3c6-171a-4514-80b8-589d05801df0 ] Request (ImagesOneServerNegativeTestJSON:setUpClass): 201 POST http://10.180.1.21:9696/networking/v2.0/routers 1.108s
2025-02-10 12:51:32.553 62783 INFO tempest.lib.common.rest_client [req-bb6df814-1bf0-4a9e-82b5-d0e109ef5025 req-bb6df814-1bf0-4a9e-82b5-d0e109ef5025 ] Request (SecurityGroupsTestJSON:test_server_security_groups): 200 GET http://10.180.1.21/compute/v2.1/servers/6ad136a5-6509-48d4-bac9-a7a88f516eda 0.176s
2025-02-10 12:51:32.601 62811 INFO tempest.lib.common.rest_client [req-82d85fd0-89df-4ae7-b9af-d28e99bd3c41 req-82d85fd0-89df-4ae7-b9af-d28e99bd3c41 ] Request (VolumesTestJSON:setUpClass): 200 GET http://10.180.1.21/volume/v3/volumes/db93137f-6d48-4cfd-8907-fb6ee8fb998f 0.031s
2025-02-10 12:51:32.612 62811 INFO tempest.common.waiters [-] volume db93137f-6d48-4cfd-8907-fb6ee8fb998f reached available after waiting for 1.612069 seconds
2025-02-10 12:51:32.638 62767 INFO paramiko.transport [-] Authentication (publickey) successful!
2025-02-10 12:51:32.638 62767 INFO tempest.lib.common.ssh [-] ssh connection to cirros@10.180.180.166 successfully created
2025-02-10 12:51:32.663 62797 INFO tempest.lib.common.rest_client [req-ff37f663-e1bb-4f96-b3f3-379d443adb88 req-ff37f663-e1bb-4f96-b3f3-379d443adb88 ] Request (ImagesTestJSON:test_create_image_from_suspended_server): 200 GET http://10.180.1.21/compute/v2.1/servers/eb1f4fda-4e6e-44ca-b625-48e188a6bf2a 0.086s
2025-02-10 12:51:32.693 62815 INFO tempest.lib.common.rest_client [req-a5f4b98e-5c59-4e88-bcdd-5edbec8858f0 req-a5f4b98e-5c59-4e88-bcdd-5edbec8858f0 ] Request (VolumesAssistedSnapshotsTest:test_volume_assisted_snapshot_create_delete): 200 GET http://10.180.1.21/volume/v3/volumes/25fc42bc-1f25-483a-ad62-e0b8c2bf7ad1 0.033s
2025-02-10 12:51:32.727 62811 INFO tempest.lib.common.rest_client [req-11c64dea-92d1-4585-8aaf-80564fcc5cda req-11c64dea-92d1-4585-8aaf-80564fcc5cda ] Request (VolumesTestJSON:setUpClass): 200 GET http://10.180.1.21/compute/v2.1/os-volumes/db93137f-6d48-4cfd-8907-fb6ee8fb998f 0.115s
2025-02-10 12:51:32.749 62809 INFO tempest.lib.common.rest_client [req-76ec45ce-9e85-4a8b-8f96-ec4bf0074948 req-76ec45ce-9e85-4a8b-8f96-ec4bf0074948 ] Request (ServerRescueNegativeTestJSON:test_rescued_vm_attach_volume): 200 GET http://10.180.1.21/compute/v2.1/servers/4846680b-fc38-4e6c-8ac3-de3ec24fd89d 0.197s
2025-02-10 12:51:32.848 62767 INFO tempest.lib.common.rest_client [req-cbc4bf02-8f2d-4a29-b9a2-67fbda0b475f req-cbc4bf02-8f2d-4a29-b9a2-67fbda0b475f ] Request (ServersWithSpecificFlavorTestJSON:test_verify_created_server_ephemeral_disk): 204 DELETE http://10.180.1.21/compute/v2.1/servers/a9a2a664-b6b3-4aeb-9be8-6028ac6868ea 0.200s
2025-02-10 12:51:32.897 62827 INFO tempest.lib.common.rest_client [req-d2b98dd9-7fca-4ce9-ae7a-c8212f69747a req-d2b98dd9-7fca-4ce9-ae7a-c8212f69747a ] Request (MultipleCreateTestJSON:_run_cleanups): 200 GET http://10.180.1.21/compute/v2.1/servers/d683946c-e93a-4e0d-9e43-1378531a167f 0.227s
2025-02-10 12:51:32.913 62811 INFO tempest.lib.common.rest_client [req-aa51802b-f1a6-41ec-9b87-dc71037c2c88 req-aa51802b-f1a6-41ec-9b87-dc71037c2c88 ] Request (VolumesTestJSON:setUpClass): 202 POST http://10.180.1.21/volume/v3/volumes 0.179s
2025-02-10 12:51:32.963 62811 INFO tempest.lib.common.rest_client [req-8ab42de9-9990-412c-ba88-6dee374a9e13 req-8ab42de9-9990-412c-ba88-6dee374a9e13 ] Request (VolumesTestJSON:setUpClass): 200 GET http://10.180.1.21/volume/v3/volumes/20d134ac-2863-4e0b-95fb-9c9e16111a84 0.039s
2025-02-10 12:51:32.991 62767 INFO tempest.lib.common.rest_client [req-2bb1cd1d-576b-436b-8143-087b327cf0df req-2bb1cd1d-576b-436b-8143-087b327cf0df ] Request (ServersWithSpecificFlavorTestJSON:test_verify_created_server_ephemeral_disk): 201 POST http://10.180.1.21/identity/v3/auth/tokens 0.137s
2025-02-10 12:51:32.991 62767 INFO tempest.lib.common.fixed_network [-] (ServersWithSpecificFlavorTestJSON:test_verify_created_server_ephemeral_disk) Found network {'id': '54443399-7a60-4367-933d-92f143afb1e5', 'name': 'tempest-ServersWithSpecificFlavorTestJSON-191390919-network', 'tenant_id': '4bd5753a407041f9ae25984c152a1d0d', 'admin_state_up': True, 'mtu': 8950, 'status': 'ACTIVE', 'subnets': [], 'shared': False, 'project_id': '4bd5753a407041f9ae25984c152a1d0d', 'port_security_enabled': True, 'router:external': False, 'provider:network_type': 'vlan', 'provider:physical_network': 'default', 'provider:segmentation_id': 591, 'availability_zone_hints': [], 'availability_zones': [], 'ipv4_address_scope': None, 'ipv6_address_scope': None, 'description': '', 'tags': [], 'created_at': '2025-02-10T12:48:56Z', 'updated_at': '2025-02-10T12:48:56Z', 'revision_number': 1} available for tenant
2025-02-10 12:51:33.116 62825 INFO tempest.lib.common.rest_client [req-5dddeeba-3f73-457c-8b6d-22b16a8be323 req-5dddeeba-3f73-457c-8b6d-22b16a8be323 ] Request (ImagesOneServerTestJSON:setUpClass): 200 GET http://10.180.1.21/compute/v2.1/servers/2e9b1566-04f9-43d8-ad0e-3dfb05f9b893 0.381s
2025-02-10 12:51:33.193 62789 INFO tempest.lib.common.rest_client [req-740fc069-424b-4449-aa2a-c446e1adfb82 req-740fc069-424b-4449-aa2a-c446e1adfb82 ] Request (AttachVolumeNegativeTest:test_attach_attached_volume_to_different_server): 200 GET http://10.180.1.21/compute/v2.1/servers/85e2d431-95b6-47fc-8326-1812ecfc796e 0.396s
2025-02-10 12:51:33.202 62781 INFO tempest.lib.common.rest_client [req-cdbd5803-916d-4131-9faa-4ca269c66eaa req-cdbd5803-916d-4131-9faa-4ca269c66eaa ] Request (ServersAdminTestJSON:test_inject_network_info): 200 GET http://10.180.1.21/compute/v2.1/servers/a61bf52e-3997-4f2b-9be8-cf49b1b5d23f 0.462s
2025-02-10 12:51:33.221 62781 INFO tempest.common.waiters [-] State transition "BUILD/None" ==> "BUILD/block_device_mapping" after 62 second wait
2025-02-10 12:51:33.276 62777 INFO tempest.lib.common.rest_client [req-a59a1f34-4680-4442-b45d-5f1424b33bf1 req-a59a1f34-4680-4442-b45d-5f1424b33bf1 ] Request (ServersV294TestFqdnHostnames:setUpClass): 200 GET http://10.180.1.21/compute/v2.1/servers/3c6910b4-1044-4089-a472-3016f3b89f47 0.455s
2025-02-10 12:51:33.296 62793 INFO tempest.lib.common.rest_client [req-79bb2dd7-3087-46e7-be5d-3ee59485fec0 req-79bb2dd7-3087-46e7-be5d-3ee59485fec0 ] Request (InstanceActionsV221TestJSON:test_get_list_deleted_instance_actions): 200 GET http://10.180.1.21/compute/v2.1/servers/2ed26835-09d2-4e6f-ba6e-e9730239c00e 0.405s
2025-02-10 12:51:33.371 62785 INFO tempest.lib.common.rest_client [req-c79cdf74-1918-4c68-974d-9b30f383132d req-c79cdf74-1918-4c68-974d-9b30f383132d ] Request (ServersAdminNegativeTestJSON:tearDownClass): 200 GET http://10.180.1.21/compute/v2.1/servers/482fa106-8ec2-4d0e-97c6-8539ee3725c5 0.481s
2025-02-10 12:51:33.385 62819 INFO tempest.lib.common.rest_client [req-2abedd42-e2ac-4920-a17e-a5572bf4d703 req-2abedd42-e2ac-4920-a17e-a5572bf4d703 ] Request (ServerTagsTestJSON:setUpClass): 200 GET http://10.180.1.21/compute/v2.1/servers/3ea25f8d-6452-40d8-8f1f-089d0c512c84 0.435s
2025-02-10 12:51:33.427 62801 INFO tempest.lib.common.rest_client [req-a29ff5df-83a4-4921-b1a8-b70231c95417 req-a29ff5df-83a4-4921-b1a8-b70231c95417 ] Request (ServerPasswordTestJSON:setUpClass): 200 GET http://10.180.1.21/compute/v2.1/servers/97ed109d-8476-43dd-a2a9-6ee2438a040f 0.439s
2025-02-10 12:51:33.502 62791 INFO tempest.lib.common.rest_client [req-c6bb7f3d-9b0b-4fa9-880b-f64eb870e52f req-c6bb7f3d-9b0b-4fa9-880b-f64eb870e52f ] Request (ServerShowV247Test:tearDownClass): 200 GET http://10.180.1.21/compute/v2.1/servers/df795afc-bb08-4169-b53e-ed8daad76808 0.485s
2025-02-10 12:51:33.555 62787 INFO tempest.lib.common.rest_client [req-117c3444-be00-45d4-94c2-7d6fe5c8af1e req-117c3444-be00-45d4-94c2-7d6fe5c8af1e ] Request (ServerRescueTestJSON:test_rescue_unrescue_instance): 200 GET http://10.180.1.21/compute/v2.1/servers/ad01c62d-da3d-47b3-bff5-6f02a6b47630 0.518s
2025-02-10 12:51:33.731 62799 INFO tempest.lib.common.rest_client [req-dcea572d-1f3a-4116-987a-06a5de27a473 req-dcea572d-1f3a-4116-987a-06a5de27a473 ] Request (ServerActionsTestJSON:setUpClass): 200 GET http://10.180.1.21/compute/v2.1/servers/34331fb5-9409-4d40-8599-63f2a21d0c09 0.305s
2025-02-10 12:51:33.737 62815 INFO tempest.lib.common.rest_client [req-6208691e-c1e0-41a9-8adf-acb101e53a01 req-6208691e-c1e0-41a9-8adf-acb101e53a01 ] Request (VolumesAssistedSnapshotsTest:test_volume_assisted_snapshot_create_delete): 200 GET http://10.180.1.21/volume/v3/volumes/25fc42bc-1f25-483a-ad62-e0b8c2bf7ad1 0.033s
2025-02-10 12:51:33.968 62805 INFO tempest.lib.common.rest_client [req-73b3e7c8-0bb1-4514-b0be-5feb7cf0da1b req-73b3e7c8-0bb1-4514-b0be-5feb7cf0da1b ] Request (ServerMetadataTestJSON:setUpClass): 200 GET http://10.180.1.21/compute/v2.1/servers/7b6587b6-ce51-4c19-b92c-b8cc0c83d369 0.512s
2025-02-10 12:51:34.005 62811 INFO tempest.lib.common.rest_client [req-820ce499-0e79-4c19-8ba2-ae0634d1aac7 req-820ce499-0e79-4c19-8ba2-ae0634d1aac7 ] Request (VolumesTestJSON:setUpClass): 200 GET http://10.180.1.21/volume/v3/volumes/20d134ac-2863-4e0b-95fb-9c9e16111a84 0.034s
2025-02-10 12:51:34.009 62817 WARNING tempest.lib.common.ssh [-] Failed to establish authenticated ssh connection to cirros@10.180.180.130 ([Errno None] Unable to connect to port 22 on 10.180.180.130). Number attempts: 10. Retry after 11 seconds.: paramiko.ssh_exception.NoValidConnectionsError: [Errno None] Unable to connect to port 22 on 10.180.180.130
2025-02-10 12:51:34.014 62811 INFO tempest.common.waiters [-] volume 20d134ac-2863-4e0b-95fb-9c9e16111a84 reached available after waiting for 2.014910 seconds
2025-02-10 12:51:34.069 62769 INFO tempest.lib.common.rest_client [req-c350e1d7-df67-443c-ac1d-b4b568f021e5 req-c350e1d7-df67-443c-ac1d-b4b568f021e5 ] Request (FloatingIPsAssociationTestJSON:setUpClass): 200 GET http://10.180.1.21/compute/v2.1/servers/c5244be1-7e78-4ea7-9bac-7f14bda881fa 0.590s
2025-02-10 12:51:34.111 62767 INFO tempest.lib.common.rest_client [req-379dd25b-a9db-4734-af7e-6c2306129267 req-379dd25b-a9db-4734-af7e-6c2306129267 ] Request (ServersWithSpecificFlavorTestJSON:test_verify_created_server_ephemeral_disk): 202 POST http://10.180.1.21/compute/v2.1/servers 1.119s
2025-02-10 12:51:34.155 62773 INFO tempest.lib.common.rest_client [req-2fefcdb4-0408-4faa-8612-ca2e2b7ac7f5 req-2fefcdb4-0408-4faa-8612-ca2e2b7ac7f5 ] Request (ServerMetadataNegativeTestJSON:setUpClass): 200 GET http://10.180.1.21/compute/v2.1/servers/03e213af-f8d0-4542-9d4d-17d627dc812d 0.648s
2025-02-10 12:51:34.191 62775 INFO tempest.lib.common.rest_client [req-aca8eeba-ae34-42e9-9f5d-b3cdb40dc848 req-aca8eeba-ae34-42e9-9f5d-b3cdb40dc848 ] Request (MigrationsAdminTest:test_resize_server_revert_deleted_flavor): 200 GET http://10.180.1.21/compute/v2.1/servers/52325518-ce82-45fa-a9bf-028e289a705a 0.664s
2025-02-10 12:51:34.271 62783 INFO tempest.lib.common.rest_client [req-66de19a0-fb5d-4921-a0d6-e54fa9733d1b req-66de19a0-fb5d-4921-a0d6-e54fa9733d1b ] Request (SecurityGroupsTestJSON:test_server_security_groups): 200 GET http://10.180.1.21/compute/v2.1/servers/6ad136a5-6509-48d4-bac9-a7a88f516eda 0.708s
2025-02-10 12:51:34.275 62797 INFO tempest.lib.common.rest_client [req-d060216b-1824-4eb3-a545-d106937d3932 req-d060216b-1824-4eb3-a545-d106937d3932 ] Request (ImagesTestJSON:test_create_image_from_suspended_server): 200 GET http://10.180.1.21/compute/v2.1/servers/eb1f4fda-4e6e-44ca-b625-48e188a6bf2a 0.601s
2025-02-10 12:51:34.325 62823 INFO tempest.lib.common.rest_client [req-d982950c-1567-4860-851c-58fc26ee983b req-d982950c-1567-4860-851c-58fc26ee983b ] Request (ImagesOneServerNegativeTestJSON:setUpClass): 200 PUT http://10.180.1.21:9696/networking/v2.0/routers/2e09ed4e-ad0c-4fd2-a256-06f2a4d517cb/add_router_interface 1.774s
2025-02-10 12:51:34.326 62823 INFO tempest.lib.common.dynamic_creds [-] Created isolated network resources for: credentials: Credentials: {'domain_id': 'default', 'domain_name': 'Default', 'username': 'tempest-ImagesOneServerNegativeTestJSON-533481493-project-member', 'project_domain_id': 'default', 'project_domain_name': 'Default', 'project_id': '0b8a9f55b2b54516a0ed0a6d2665f813', 'project_name': 'tempest-ImagesOneServerNegativeTestJSON-533481493', 'tenant_id': '0b8a9f55b2b54516a0ed0a6d2665f813', 'tenant_name': 'tempest-ImagesOneServerNegativeTestJSON-533481493', 'user_domain_id': 'default', 'user_domain_name': 'Default', 'user_id': '78948968529a4b6ab0891fbdcb98deb4', 'system': None}, Network: {'id': 'd848a0a9-af43-4eca-85f6-12f6361b28e7', 'name': 'tempest-ImagesOneServerNegativeTestJSON-793275453-network', 'tenant_id': '0b8a9f55b2b54516a0ed0a6d2665f813', 'admin_state_up': True, 'mtu': 8950, 'status': 'ACTIVE', 'subnets': [], 'shared': False, 'project_id': '0b8a9f55b2b54516a0ed0a6d2665f813', 'port_security_enabled': True, 'router:external': False, 'provider:network_type': 'vlan', 'provider:physical_network': 'default', 'provider:segmentation_id': 915, 'availability_zone_hints': [], 'availability_zones': [], 'ipv4_address_scope': None, 'ipv6_address_scope': None, 'description': '', 'tags': [], 'created_at': '2025-02-10T12:51:31Z', 'updated_at': '2025-02-10T12:51:31Z', 'revision_number': 1}, Subnet: {'id': 'dd9a69fe-a7c3-4110-a31f-9f4b70460c7c', 'name': 'tempest-ImagesOneServerNegativeTestJSON-793275453-subnet', 'tenant_id': '0b8a9f55b2b54516a0ed0a6d2665f813', 'network_id': 'd848a0a9-af43-4eca-85f6-12f6361b28e7', 'ip_version': 4, 'subnetpool_id': None, 'enable_dhcp': True, 'ipv6_ra_mode': None, 'ipv6_address_mode': None, 'gateway_ip': '192.168.128.1', 'cidr': '192.168.128.0/28', 'allocation_pools': [{'start': '192.168.128.2', 'end': '192.168.128.14'}], 'host_routes': [], 'dns_nameservers': [], 'description': '', 'router:external': False, 'service_types': [], 'tags': [], 'created_at': '2025-02-10T12:51:31Z', 'updated_at': '2025-02-10T12:51:31Z', 'revision_number': 0, 'project_id': '0b8a9f55b2b54516a0ed0a6d2665f813'}, Router: {'id': '2e09ed4e-ad0c-4fd2-a256-06f2a4d517cb', 'name': 'tempest-ImagesOneServerNegativeTestJSON-793275453-router', 'tenant_id': '0b8a9f55b2b54516a0ed0a6d2665f813', 'admin_state_up': True, 'status': 'ACTIVE', 'external_gateway_info': {'network_id': '0ae1c8ae-80f1-41b9-877e-8c5b5b0496b1', 'external_fixed_ips': [{'subnet_id': '91bb238c-6c2f-43a4-8b80-90edc4a4f557', 'ip_address': '10.180.180.245'}], 'enable_snat': True}, 'description': '', 'availability_zones': [], 'distributed': False, 'ha': False, 'availability_zone_hints': [], 'routes': [], 'flavor_id': None, 'tags': [], 'created_at': '2025-02-10T12:51:31Z', 'updated_at': '2025-02-10T12:51:32Z', 'revision_number': 2, 'project_id': '0b8a9f55b2b54516a0ed0a6d2665f813'}
2025-02-10 12:51:34.442 62823 INFO tempest.lib.common.rest_client [req-65519fc5-3523-4b44-8b25-26af2ea861df req-65519fc5-3523-4b44-8b25-26af2ea861df ] Request (ImagesOneServerNegativeTestJSON:setUpClass): 201 POST http://10.180.1.21/identity/v3/auth/tokens 0.112s
2025-02-10 12:51:34.492 62823 INFO tempest.lib.common.rest_client [req-e76f367e-331c-4df8-823a-8a4679c25a11 req-e76f367e-331c-4df8-823a-8a4679c25a11 ] Request (ImagesOneServerNegativeTestJSON:setUpClass): 201 POST http://10.180.1.21/identity/v3/auth/tokens 0.044s
2025-02-10 12:51:34.493 62823 INFO tempest.lib.common.fixed_network [-] (ImagesOneServerNegativeTestJSON:setUpClass) Found network {'id': 'd848a0a9-af43-4eca-85f6-12f6361b28e7', 'name': 'tempest-ImagesOneServerNegativeTestJSON-793275453-network', 'tenant_id': '0b8a9f55b2b54516a0ed0a6d2665f813', 'admin_state_up': True, 'mtu': 8950, 'status': 'ACTIVE', 'subnets': [], 'shared': False, 'project_id': '0b8a9f55b2b54516a0ed0a6d2665f813', 'port_security_enabled': True, 'router:external': False, 'provider:network_type': 'vlan', 'provider:physical_network': 'default', 'provider:segmentation_id': 915, 'availability_zone_hints': [], 'availability_zones': [], 'ipv4_address_scope': None, 'ipv6_address_scope': None, 'description': '', 'tags': [], 'created_at': '2025-02-10T12:51:31Z', 'updated_at': '2025-02-10T12:51:31Z', 'revision_number': 1} available for tenant
2025-02-10 12:51:34.503 62827 INFO tempest.lib.common.rest_client [req-12f8d375-8906-4f56-8599-5c3aeaec2672 req-12f8d375-8906-4f56-8599-5c3aeaec2672 ] Request (MultipleCreateTestJSON:_run_cleanups): 200 GET http://10.180.1.21/compute/v2.1/servers/d683946c-e93a-4e0d-9e43-1378531a167f 0.589s
2025-02-10 12:51:34.504 62809 INFO tempest.lib.common.rest_client [req-f6f19843-004d-4739-9bd1-0bdb8b103b54 req-f6f19843-004d-4739-9bd1-0bdb8b103b54 ] Request (ServerRescueNegativeTestJSON:test_rescued_vm_attach_volume): 200 GET http://10.180.1.21/compute/v2.1/servers/4846680b-fc38-4e6c-8ac3-de3ec24fd89d 0.744s
2025-02-10 12:51:34.560 62811 INFO tempest.lib.common.rest_client [req-b182f7c7-70b7-415b-a966-c1d5e0fc9814 req-b182f7c7-70b7-415b-a966-c1d5e0fc9814 ] Request (VolumesTestJSON:setUpClass): 200 GET http://10.180.1.21/compute/v2.1/os-volumes/20d134ac-2863-4e0b-95fb-9c9e16111a84 0.545s
2025-02-10 12:51:34.583 62779 WARNING tempest.lib.common.ssh [-] Failed to establish authenticated ssh connection to cirros@10.180.180.248 ([Errno None] Unable to connect to port 22 on 10.180.180.248). Number attempts: 6. Retry after 7 seconds.: paramiko.ssh_exception.NoValidConnectionsError: [Errno None] Unable to connect to port 22 on 10.180.180.248
2025-02-10 12:51:34.584 62767 INFO tempest.lib.common.rest_client [req-0ab11ee1-82a9-4ab1-9ff3-05c5846e8dac req-0ab11ee1-82a9-4ab1-9ff3-05c5846e8dac ] Request (ServersWithSpecificFlavorTestJSON:test_verify_created_server_ephemeral_disk): 200 GET http://10.180.1.21/compute/v2.1/servers/ff21bab3-5e7e-4e0b-97e4-b2c4c350b15f 0.471s
2025-02-10 12:51:34.660 62789 INFO tempest.lib.common.rest_client [req-94f61001-2dd6-4bd4-9c01-369ea37bdda6 req-94f61001-2dd6-4bd4-9c01-369ea37bdda6 ] Request (AttachVolumeNegativeTest:test_attach_attached_volume_to_different_server): 200 GET http://10.180.1.21/compute/v2.1/servers/85e2d431-95b6-47fc-8326-1812ecfc796e 0.453s
2025-02-10 12:51:34.713 62825 INFO tempest.lib.common.rest_client [req-8acbd4ab-1f0b-4f69-a993-13f8420a4803 req-8acbd4ab-1f0b-4f69-a993-13f8420a4803 ] Request (ImagesOneServerTestJSON:setUpClass): 200 GET http://10.180.1.21/compute/v2.1/servers/2e9b1566-04f9-43d8-ad0e-3dfb05f9b893 0.585s
2025-02-10 12:51:34.724 62825 INFO tempest.common.waiters [-] State transition "BUILD/spawning" ==> "ACTIVE/None" after 72 second wait
2025-02-10 12:51:34.778 62815 INFO tempest.lib.common.rest_client [req-95b87fc2-0fb8-43a2-b1cb-2b23cef5240d req-95b87fc2-0fb8-43a2-b1cb-2b23cef5240d ] Request (VolumesAssistedSnapshotsTest:test_volume_assisted_snapshot_create_delete): 200 GET http://10.180.1.21/volume/v3/volumes/25fc42bc-1f25-483a-ad62-e0b8c2bf7ad1 0.033s
2025-02-10 12:51:34.787 62777 INFO tempest.lib.common.rest_client [req-8661b18c-f2dc-4aa0-a390-38c91f251647 req-8661b18c-f2dc-4aa0-a390-38c91f251647 ] Request (ServersV294TestFqdnHostnames:setUpClass): 200 GET http://10.180.1.21/compute/v2.1/servers/3c6910b4-1044-4089-a472-3016f3b89f47 0.496s
2025-02-10 12:51:34.791 62781 INFO tempest.lib.common.rest_client [req-ccbae5c1-2cb5-4158-a591-1ce3c5af9ef8 req-ccbae5c1-2cb5-4158-a591-1ce3c5af9ef8 ] Request (ServersAdminTestJSON:test_inject_network_info): 200 GET http://10.180.1.21/compute/v2.1/servers/a61bf52e-3997-4f2b-9be8-cf49b1b5d23f 0.568s
2025-02-10 12:51:34.802 62781 INFO tempest.common.waiters [-] State transition "BUILD/block_device_mapping" ==> "BUILD/spawning" after 63 second wait
2025-02-10 12:51:34.859 62785 INFO tempest.lib.common.rest_client [req-3a592164-a16b-4f42-8e16-a2a389296e2b req-3a592164-a16b-4f42-8e16-a2a389296e2b ] Request (ServersAdminNegativeTestJSON:tearDownClass): 200 GET http://10.180.1.21/compute/v2.1/servers/482fa106-8ec2-4d0e-97c6-8539ee3725c5 0.477s
2025-02-10 12:51:34.868 62793 INFO tempest.lib.common.rest_client [req-3376ccda-2c2c-49ff-9b4f-59b719a7df97 req-3376ccda-2c2c-49ff-9b4f-59b719a7df97 ] Request (InstanceActionsV221TestJSON:test_get_list_deleted_instance_actions): 200 GET http://10.180.1.21/compute/v2.1/servers/2ed26835-09d2-4e6f-ba6e-e9730239c00e 0.559s
2025-02-10 12:51:34.920 62801 INFO tempest.lib.common.rest_client [req-ccba31e1-ab84-422d-9d97-572d9d252eee req-ccba31e1-ab84-422d-9d97-572d9d252eee ] Request (ServerPasswordTestJSON:setUpClass): 200 GET http://10.180.1.21/compute/v2.1/servers/97ed109d-8476-43dd-a2a9-6ee2438a040f 0.485s
2025-02-10 12:51:34.921 62819 INFO tempest.lib.common.rest_client [req-1fdb5e0b-77d5-458e-b000-b5861341fcea req-1fdb5e0b-77d5-458e-b000-b5861341fcea ] Request (ServerTagsTestJSON:setUpClass): 200 GET http://10.180.1.21/compute/v2.1/servers/3ea25f8d-6452-40d8-8f1f-089d0c512c84 0.524s
2025-02-10 12:51:35.019 62791 INFO tempest.lib.common.rest_client [req-f087523a-20e1-4a40-887f-050211d9b536 req-f087523a-20e1-4a40-887f-050211d9b536 ] Request (ServerShowV247Test:tearDownClass): 200 GET http://10.180.1.21/compute/v2.1/servers/df795afc-bb08-4169-b53e-ed8daad76808 0.499s
2025-02-10 12:51:35.074 62787 INFO tempest.lib.common.rest_client [req-acc62535-6cd6-4f2a-a780-c1898f302fae req-acc62535-6cd6-4f2a-a780-c1898f302fae ] Request (ServerRescueTestJSON:test_rescue_unrescue_instance): 200 GET http://10.180.1.21/compute/v2.1/servers/ad01c62d-da3d-47b3-bff5-6f02a6b47630 0.511s
2025-02-10 12:51:35.132 62811 INFO tempest.lib.common.rest_client [req-da2c0f10-e7c2-41d9-af20-1b06cb2ea404 req-da2c0f10-e7c2-41d9-af20-1b06cb2ea404 ] Request (VolumesTestJSON:test_volume_list): 200 GET http://10.180.1.21/compute/v2.1/os-volumes 0.569s
