2025-02-10 12:49:29.305 62769 INFO tempest.lib.common.rest_client [req-7ef1eace-95a7-4d2a-9a77-90af6a8f3673 req-7ef1eace-95a7-4d2a-9a77-90af6a8f3673 ] Request (ServerDiagnosticsTest:setUpClass): 200 GET http://10.180.1.21/identity/v3/roles 0.068s
2025-02-10 12:49:29.326 62769 INFO tempest.lib.common.rest_client [req-e1588808-084b-428b-8f6b-2932b445c4ec req-e1588808-084b-428b-8f6b-2932b445c4ec ] Request (ServerDiagnosticsTest:setUpClass): 204 PUT http://10.180.1.21/identity/v3/projects/ab42ae47377d4558a35575937a435535/users/b608bb26dec34a08aa35056b905d3c23/roles/ac01a70bfbeb4bcaae9c178cbf47422c 0.020s
2025-02-10 12:49:29.326 62769 INFO tempest.lib.common.dynamic_creds [-] Dynamic test user b608bb26dec34a08aa35056b905d3c23 is created with scope project and roles: ['admin']
2025-02-10 12:49:29.326 62769 INFO tempest.lib.common.dynamic_creds [-] Acquired dynamic creds: credentials: Credentials: {'domain_id': 'default', 'domain_name': 'Default', 'username': 'tempest-ServerDiagnosticsTest-1305933351-project-admin', 'project_domain_id': 'default', 'project_domain_name': 'Default', 'project_id': 'ab42ae47377d4558a35575937a435535', 'project_name': 'tempest-ServerDiagnosticsTest-1305933351', 'tenant_id': 'ab42ae47377d4558a35575937a435535', 'tenant_name': 'tempest-ServerDiagnosticsTest-1305933351', 'user_domain_id': 'default', 'user_domain_name': 'Default', 'user_id': 'b608bb26dec34a08aa35056b905d3c23', 'system': None}, Network: None, Subnet: None, Router: None
2025-02-10 12:49:29.326 62769 INFO tempest.lib.common.dynamic_creds [-] Created isolated network resources for: credentials: Credentials: {'domain_id': 'default', 'domain_name': 'Default', 'username': 'tempest-ServerDiagnosticsTest-1305933351-project-admin', 'project_domain_id': 'default', 'project_domain_name': 'Default', 'project_id': 'ab42ae47377d4558a35575937a435535', 'project_name': 'tempest-ServerDiagnosticsTest-1305933351', 'tenant_id': 'ab42ae47377d4558a35575937a435535', 'tenant_name': 'tempest-ServerDiagnosticsTest-1305933351', 'user_domain_id': 'default', 'user_domain_name': 'Default', 'user_id': 'b608bb26dec34a08aa35056b905d3c23', 'system': None}, Network: None, Subnet: None, Router: None
2025-02-10 12:49:29.393 62805 INFO tempest.lib.common.rest_client [req-5a48c84e-269c-4ea6-aa60-338e14d27c63 req-5a48c84e-269c-4ea6-aa60-338e14d27c63 ] Request (KeyPairsV210TestJSON:test_admin_manage_keypairs_for_other_users): 201 POST http://10.180.1.21/compute/v2.1/os-keypairs 1.467s
2025-02-10 12:49:29.412 62769 INFO tempest.lib.common.rest_client [req-380fb3e9-4fc7-49bf-bbc3-7885e7a1291c req-380fb3e9-4fc7-49bf-bbc3-7885e7a1291c ] Request (ServerDiagnosticsTest:setUpClass): 201 POST http://10.180.1.21/identity/v3/auth/tokens 0.083s
2025-02-10 12:49:29.477 62769 INFO tempest.lib.common.rest_client [req-b9ebb5db-8f59-4d26-aaa2-b302e4dddbf3 req-b9ebb5db-8f59-4d26-aaa2-b302e4dddbf3 ] Request (ServerDiagnosticsTest:test_get_server_diagnostics): 201 POST http://10.180.1.21/identity/v3/auth/tokens 0.061s
2025-02-10 12:49:29.478 62769 INFO tempest.lib.common.fixed_network [-] (ServerDiagnosticsTest:test_get_server_diagnostics) Found network None available for tenant
2025-02-10 12:49:29.480 62767 INFO tempest.lib.common.rest_client [req-9eb470e1-3696-404a-931d-0ee2f1186a0b req-9eb470e1-3696-404a-931d-0ee2f1186a0b ] Request (ServersWithSpecificFlavorTestJSON:test_verify_created_server_ephemeral_disk): 200 GET http://10.180.1.21/compute/v2.1/servers/a9a2a664-b6b3-4aeb-9be8-6028ac6868ea 1.487s
2025-02-10 12:49:29.490 62767 INFO tempest.common.waiters [-] State transition "BUILD/scheduling" ==> "BUILD/None" after 6 second wait
2025-02-10 12:49:29.491 62823 INFO tempest.lib.common.rest_client [req-db4e472b-6f4e-435b-8106-07279cbdd4f5 req-db4e472b-6f4e-435b-8106-07279cbdd4f5 ] Request (DeleteServersAdminTestJSON:test_admin_delete_servers_of_others): 200 GET http://10.180.1.21/compute/v2.1/servers/b7653c21-3a67-473c-a1f2-f17948062627 1.600s
2025-02-10 12:49:29.510 62811 INFO tempest.lib.common.rest_client [req-1eb750af-9c9b-400a-9bf1-f31d1bc438e1 req-1eb750af-9c9b-400a-9bf1-f31d1bc438e1 ] Request (ServerGroupTestJSON:setUpClass): 200 PUT http://10.180.1.21:9696/networking/v2.0/routers/b13b0527-5077-4fec-b29b-a5c8586bcb18/add_router_interface 4.151s
2025-02-10 12:49:29.511 62811 INFO tempest.lib.common.dynamic_creds [-] Created isolated network resources for: credentials: Credentials: {'domain_id': 'default', 'domain_name': 'Default', 'username': 'tempest-ServerGroupTestJSON-429894048-project-member', 'project_domain_id': 'default', 'project_domain_name': 'Default', 'project_id': '2baf89ba20a34417903e6bc1b7167417', 'project_name': 'tempest-ServerGroupTestJSON-429894048', 'tenant_id': '2baf89ba20a34417903e6bc1b7167417', 'tenant_name': 'tempest-ServerGroupTestJSON-429894048', 'user_domain_id': 'default', 'user_domain_name': 'Default', 'user_id': 'd3e0383d2e1d4537acec874715d89f68', 'system': None}, Network: {'id': '63ba1179-650e-4ebd-8dea-5b67cf5ebdfa', 'name': 'tempest-ServerGroupTestJSON-132850245-network', 'tenant_id': '2baf89ba20a34417903e6bc1b7167417', 'admin_state_up': True, 'mtu': 8950, 'status': 'ACTIVE', 'subnets': [], 'shared': False, 'project_id': '2baf89ba20a34417903e6bc1b7167417', 'port_security_enabled': True, 'router:external': False, 'provider:network_type': 'vlan', 'provider:physical_network': 'default', 'provider:segmentation_id': 407, 'availability_zone_hints': [], 'availability_zones': [], 'ipv4_address_scope': None, 'ipv6_address_scope': None, 'description': '', 'tags': [], 'created_at': '2025-02-10T12:49:20Z', 'updated_at': '2025-02-10T12:49:20Z', 'revision_number': 1}, Subnet: {'id': '715fef2d-42e6-40b2-bee8-3697a4b2fb59', 'name': 'tempest-ServerGroupTestJSON-132850245-subnet', 'tenant_id': '2baf89ba20a34417903e6bc1b7167417', 'network_id': '63ba1179-650e-4ebd-8dea-5b67cf5ebdfa', 'ip_version': 4, 'subnetpool_id': None, 'enable_dhcp': True, 'ipv6_ra_mode': None, 'ipv6_address_mode': None, 'gateway_ip': '192.168.128.1', 'cidr': '192.168.128.0/28', 'allocation_pools': [{'start': '192.168.128.2', 'end': '192.168.128.14'}], 'host_routes': [], 'dns_nameservers': [], 'description': '', 'router:external': False, 'service_types': [], 'tags': [], 'created_at': '2025-02-10T12:49:21Z', 'updated_at': '2025-02-10T12:49:21Z', 'revision_number': 0, 'project_id': '2baf89ba20a34417903e6bc1b7167417'}, Router: {'id': 'b13b0527-5077-4fec-b29b-a5c8586bcb18', 'name': 'tempest-ServerGroupTestJSON-132850245-router', 'tenant_id': '2baf89ba20a34417903e6bc1b7167417', 'admin_state_up': True, 'status': 'ACTIVE', 'external_gateway_info': {'network_id': '0ae1c8ae-80f1-41b9-877e-8c5b5b0496b1', 'external_fixed_ips': [{'subnet_id': '91bb238c-6c2f-43a4-8b80-90edc4a4f557', 'ip_address': '10.180.180.193'}], 'enable_snat': True}, 'description': '', 'availability_zones': [], 'distributed': False, 'ha': False, 'availability_zone_hints': [], 'routes': [], 'flavor_id': None, 'tags': [], 'created_at': '2025-02-10T12:49:21Z', 'updated_at': '2025-02-10T12:49:23Z', 'revision_number': 2, 'project_id': '2baf89ba20a34417903e6bc1b7167417'}
2025-02-10 12:49:29.519 62813 INFO tempest.lib.common.rest_client [req-63956aaf-d649-4a9f-850f-628c0c3ff029 req-63956aaf-d649-4a9f-850f-628c0c3ff029 ] Request (FloatingIPsNegativeTestJSON:test_allocate_floating_ip_from_nonexistent_pool): 404 POST http://10.180.1.21/compute/v2.1/os-floating-ips 1.425s
2025-02-10 12:49:29.543 62787 INFO tempest.lib.common.rest_client [req-4c8d41bb-158d-436a-880f-075cf4de394e req-4c8d41bb-158d-436a-880f-075cf4de394e ] Request (ServicesAdminNegativeV253TestJSON:test_get_service_with_valid_service_and_invalid_host): 200 GET http://10.180.1.21/compute/v2.1/os-services 1.424s
2025-02-10 12:49:29.585 62811 INFO tempest.lib.common.rest_client [req-73e98486-6f9e-40e5-8b80-a603d3f5dafb req-73e98486-6f9e-40e5-8b80-a603d3f5dafb ] Request (ServerGroupTestJSON:setUpClass): 201 POST http://10.180.1.21/identity/v3/auth/tokens 0.070s
2025-02-10 12:49:29.652 62775 INFO tempest.lib.common.rest_client [req-57388e89-34eb-4bc0-84bb-2c744c2e5bf2 req-57388e89-34eb-4bc0-84bb-2c744c2e5bf2 ] Request (MigrationsAdminTest:test_list_migrations_in_flavor_resize_situation): 200 GET http://10.180.1.21/compute/v2.1/servers/df6ada4a-0ef8-48f7-a7db-6fbdc8d5a8cc 1.554s
2025-02-10 12:49:29.677 62799 INFO tempest.lib.common.rest_client [req-777588f9-379d-4bb6-8416-15dbf7c00e9e req-777588f9-379d-4bb6-8416-15dbf7c00e9e ] Request (FlavorsAdminTestJSON:test_create_list_flavor_without_extra_data): 200 POST http://10.180.1.21/compute/v2.1/flavors 1.525s
2025-02-10 12:49:29.696 62825 INFO tempest.lib.common.rest_client [req-86945f90-c7ea-462a-88ea-111c784e4373 req-86945f90-c7ea-462a-88ea-111c784e4373 ] Request (AggregatesAdminNegativeTestJSON:test_aggregate_create_with_existent_aggregate_name): 409 POST http://10.180.1.21/compute/v2.1/os-aggregates 1.524s
2025-02-10 12:49:29.787 62765 INFO tempest.lib.common.rest_client [req-ea3a10c8-8347-4466-a3ab-d6306bc35deb req-ea3a10c8-8347-4466-a3ab-d6306bc35deb ] Request (ServersTestJSON:setUpClass): 201 POST http://10.180.1.21:9696/networking/v2.0/routers 2.492s
2025-02-10 12:49:29.824 62771 INFO tempest.lib.common.rest_client [req-98fcecd6-8d61-4f27-b7af-2fa98b7f1eba req-98fcecd6-8d61-4f27-b7af-2fa98b7f1eba ] Request (QuotasAdminNegativeTest:test_create_server_when_instances_quota_is_full): 403 POST http://10.180.1.21/compute/v2.1/servers 1.688s
2025-02-10 12:49:29.873 62827 INFO tempest.lib.common.rest_client [req-90aaf21b-23b4-4504-be12-02dcf22d024c req-90aaf21b-23b4-4504-be12-02dcf22d024c ] Request (FlavorsAccessNegativeTestJSON:test_flavor_non_admin_remove): 200 POST http://10.180.1.21/compute/v2.1/flavors/1132740925/action 1.682s
2025-02-10 12:49:29.943 62801 INFO tempest.lib.common.rest_client [req-96571a9a-62a0-4095-a9f4-675a2eec0a88 req-96571a9a-62a0-4095-a9f4-675a2eec0a88 ] Request (InstanceActionsTestJSON:setUpClass): 200 GET http://10.180.1.21/compute/v2.1/servers/d4b473f4-3992-4eb5-8028-bc0080cd7590 1.525s
2025-02-10 12:49:30.068 62773 INFO tempest.lib.common.rest_client [req-17d848a0-d3b6-4109-98ab-5fca16b1a72b req-17d848a0-d3b6-4109-98ab-5fca16b1a72b ] Request (ServerExternalEventsTest:test_create_server_external_events): 200 GET http://10.180.1.21/compute/v2.1/servers/eff04f0d-8761-4c97-a767-6380b598d2a1 1.839s
2025-02-10 12:49:30.119 62783 INFO tempest.lib.common.rest_client [req-6c53dc60-fca2-4be8-8200-e808102a32da req-6c53dc60-fca2-4be8-8200-e808102a32da ] Request (ImagesMetadataTestJSON:test_update_image_metadata): 200 GET http://10.180.1.21/compute/v2.1/images/73541df7-0507-4ba2-8759-64ced9906f5f/metadata 1.664s
2025-02-10 12:49:30.134 62777 INFO tempest.lib.common.rest_client [req-4a8bda76-c5f4-4b9b-a72e-72f44c02d6c6 req-4a8bda76-c5f4-4b9b-a72e-72f44c02d6c6 ] Request (QuotaClassesAdmin257Test:test_update_default_quotas): 200 GET http://10.180.1.21/compute/v2.1/os-quota-class-sets/default 1.614s
2025-02-10 12:49:30.191 62783 INFO tempest.lib.common.rest_client [req-ec10d15f-e7c4-4b0e-be29-6fa79d657378 req-ec10d15f-e7c4-4b0e-be29-6fa79d657378 ] Request (ImagesMetadataTestJSON:tearDownClass): 204 DELETE http://10.180.1.21/image/v2/images/73541df7-0507-4ba2-8759-64ced9906f5f 0.071s
2025-02-10 12:49:30.213 62795 INFO tempest.lib.common.rest_client [req-4500ed42-5836-4eda-96fa-08f13d4d72ba req-4500ed42-5836-4eda-96fa-08f13d4d72ba ] Request (ServersTestFqdnHostnames:test_create_server_with_fqdn_name): 200 PUT http://10.180.1.21:9696/networking/v2.0/floatingips/de8fd4c2-bb22-4f57-a12d-45f105798a5c 1.385s
2025-02-10 12:49:30.215 62795 INFO tempest.lib.common.ssh [-] Creating ssh connection to '10.180.180.178:22' as 'cirros' with public key authentication
2025-02-10 12:49:30.308 62783 INFO tempest.lib.common.rest_client [req-ca6d5ae0-dd2e-4dde-a8b7-7e7af2b20946 req-ca6d5ae0-dd2e-4dde-a8b7-7e7af2b20946 ] Request (ImagesMetadataTestJSON:tearDownClass): 204 DELETE http://10.180.1.21/identity/v3/users/2652586746ef497d86b67f1d8004b875 0.116s
2025-02-10 12:49:30.309 62783 INFO tempest.lib.common.dynamic_creds [-] Deleting project and security group for project: d5163f50ce6b44299f4dfbf74b487183
2025-02-10 12:49:30.378 62783 INFO tempest.lib.common.rest_client [req-d7e45b68-4c44-466d-8ea2-e2a39c8598ab req-d7e45b68-4c44-466d-8ea2-e2a39c8598ab ] Request (ImagesMetadataTestJSON:tearDownClass): 201 POST http://10.180.1.21/identity/v3/auth/tokens 0.069s
2025-02-10 12:49:30.459 62785 INFO tempest.lib.common.rest_client [req-ed4a67e4-696f-4f08-be29-5e5cbce77e4e req-ed4a67e4-696f-4f08-be29-5e5cbce77e4e ] Request (ServersAdminNegativeTestJSON:setUpClass): 200 GET http://10.180.1.21/compute/v2.1/servers/482fa106-8ec2-4d0e-97c6-8539ee3725c5 1.930s
2025-02-10 12:49:30.470 62785 INFO tempest.common.waiters [-] State transition "BUILD/None" ==> "BUILD/spawning" after 17 second wait
2025-02-10 12:49:30.525 62819 INFO tempest.lib.common.rest_client [req-a07480b4-5b03-4351-bf9b-a890a2af660e req-a07480b4-5b03-4351-bf9b-a890a2af660e ] Request (ServersAdmin275Test:test_rebuild_update_server_275): 200 GET http://10.180.1.21/compute/v2.1/servers/a67758cd-3030-41dd-8bd9-ee9caf0d0a2a 1.960s
2025-02-10 12:49:30.568 62783 INFO tempest.lib.common.rest_client [req-9b18cc24-eef8-467f-8d93-d3bf9bfe0230 req-9b18cc24-eef8-467f-8d93-d3bf9bfe0230 ] Request (ImagesMetadataTestJSON:tearDownClass): 200 GET http://10.180.1.21:9696/networking/v2.0/security-groups?tenant_id=d5163f50ce6b44299f4dfbf74b487183&name=default 0.190s
2025-02-10 12:49:30.705 62783 INFO tempest.lib.common.rest_client [req-6d2471db-c24b-47b4-98b5-6a0fa45a31d7 req-6d2471db-c24b-47b4-98b5-6a0fa45a31d7 ] Request (ImagesMetadataTestJSON:tearDownClass): 204 DELETE http://10.180.1.21:9696/networking/v2.0/security-groups/21647e31-227b-4773-8f27-acc3264648d9 0.136s
2025-02-10 12:49:30.807 62783 INFO tempest.lib.common.rest_client [req-7a9d6fe8-2162-4665-b7c6-ecf034e74946 req-7a9d6fe8-2162-4665-b7c6-ecf034e74946 ] Request (ImagesMetadataTestJSON:tearDownClass): 204 DELETE http://10.180.1.21/identity/v3/projects/d5163f50ce6b44299f4dfbf74b487183 0.101s
2025-02-10 12:49:30.894 62783 INFO tempest.lib.common.rest_client [req-74360109-b0d1-433d-9e5a-9c8c29370da6 req-74360109-b0d1-433d-9e5a-9c8c29370da6 ] Request (SecurityGroupsTestJSON:setUpClass): 201 POST http://10.180.1.21/identity/v3/auth/tokens 0.085s
2025-02-10 12:49:30.984 62783 INFO tempest.lib.common.rest_client [req-8e283368-7ba9-4988-8ded-57dbb79270c3 req-8e283368-7ba9-4988-8ded-57dbb79270c3 ] Request (SecurityGroupsTestJSON:setUpClass): 201 POST http://10.180.1.21/identity/v3/auth/tokens 0.040s
2025-02-10 12:49:31.016 62783 INFO tempest.lib.common.rest_client [req-206ba17a-34d2-4f2a-a77c-e1640bb44f5d req-206ba17a-34d2-4f2a-a77c-e1640bb44f5d ] Request (SecurityGroupsTestJSON:setUpClass): 200 GET http://10.180.1.21/identity/v3/domains?name=Default 0.031s
2025-02-10 12:49:31.059 62783 INFO tempest.lib.common.rest_client [req-f47b0bae-ad85-4be8-9968-a443e77cb86d req-f47b0bae-ad85-4be8-9968-a443e77cb86d ] Request (SecurityGroupsTestJSON:setUpClass): 201 POST http://10.180.1.21/identity/v3/projects 0.043s
2025-02-10 12:49:31.139 62783 INFO tempest.lib.common.rest_client [req-1ab7c1d1-61f0-45b8-8de6-d562ad60499f req-1ab7c1d1-61f0-45b8-8de6-d562ad60499f ] Request (SecurityGroupsTestJSON:setUpClass): 201 POST http://10.180.1.21/identity/v3/users 0.080s
2025-02-10 12:49:31.172 62783 INFO tempest.lib.common.rest_client [req-33ad01c8-5cb6-4f25-a58f-18f10b5edec7 req-33ad01c8-5cb6-4f25-a58f-18f10b5edec7 ] Request (SecurityGroupsTestJSON:setUpClass): 200 GET http://10.180.1.21/identity/v3/roles 0.032s
2025-02-10 12:49:31.207 62783 INFO tempest.lib.common.rest_client [req-db107479-16fd-4dfa-83ec-b164b9e9d787 req-db107479-16fd-4dfa-83ec-b164b9e9d787 ] Request (SecurityGroupsTestJSON:setUpClass): 204 PUT http://10.180.1.21/identity/v3/projects/647bd83f984241af9591b756dbeb1ce6/users/74aa4508f24c47fe87538dbb76442f2a/roles/6fdfea936f94444f921a7ad65db72ee3 0.035s
2025-02-10 12:49:31.207 62783 INFO tempest.lib.common.dynamic_creds [-] Dynamic test user 74aa4508f24c47fe87538dbb76442f2a is created with scope project and roles: ['member']
2025-02-10 12:49:31.208 62783 INFO tempest.lib.common.dynamic_creds [-] Acquired dynamic creds: credentials: Credentials: {'domain_id': 'default', 'domain_name': 'Default', 'username': 'tempest-SecurityGroupsTestJSON-859599323-project-member', 'project_domain_id': 'default', 'project_domain_name': 'Default', 'project_id': '647bd83f984241af9591b756dbeb1ce6', 'project_name': 'tempest-SecurityGroupsTestJSON-859599323', 'tenant_id': '647bd83f984241af9591b756dbeb1ce6', 'tenant_name': 'tempest-SecurityGroupsTestJSON-859599323', 'user_domain_id': 'default', 'user_domain_name': 'Default', 'user_id': '74aa4508f24c47fe87538dbb76442f2a', 'system': None}, Network: None, Subnet: None, Router: None
2025-02-10 12:49:31.282 62783 INFO tempest.lib.common.rest_client [req-0f1de9b0-c98d-4781-83c7-27466bab8b56 req-0f1de9b0-c98d-4781-83c7-27466bab8b56 ] Request (SecurityGroupsTestJSON:setUpClass): 201 POST http://10.180.1.21/identity/v3/auth/tokens 0.074s
2025-02-10 12:49:31.357 62817 INFO tempest.lib.common.rest_client [req-ac19cf7a-6610-413b-91c7-3d7fd3916d53 req-ac19cf7a-6610-413b-91c7-3d7fd3916d53 ] Request (VolumesAdminNegativeTest:test_update_attached_volume_with_nonexistent_volume_in_body): 202 POST http://10.180.1.21/compute/v2.1/servers 2.694s
2025-02-10 12:49:31.388 62791 INFO tempest.lib.common.rest_client [req-86a5c36d-46e6-47e7-a187-712d632d68f6 req-86a5c36d-46e6-47e7-a187-712d632d68f6 ] Request (FlavorsV2TestJSON:test_list_flavors): 200 GET http://10.180.1.21/compute/v2.1/flavors 2.712s
2025-02-10 12:49:31.515 62779 INFO tempest.lib.common.rest_client [req-9b39602d-3ace-4266-a057-fabc7265c052 req-9b39602d-3ace-4266-a057-fabc7265c052 ] Request (FloatingIPsTestJSON:test_allocate_floating_ip): 200 POST http://10.180.1.21/compute/v2.1/os-floating-ips 3.095s
2025-02-10 12:49:31.597 62789 INFO tempest.lib.common.rest_client [req-9becde25-82fb-4edb-b5ec-a5ea69dd1574 req-9becde25-82fb-4edb-b5ec-a5ea69dd1574 ] Request (ImagesNegativeTestJSON:test_create_image_from_deleted_server): 200 GET http://10.180.1.21/compute/v2.1/servers/4bb8431f-6bd3-4df1-88dc-145a2054c7bf 2.682s
2025-02-10 12:49:31.684 62781 INFO tempest.lib.common.rest_client [req-205d1600-4b9f-4a3d-9e1f-ffababba7a0f req-205d1600-4b9f-4a3d-9e1f-ffababba7a0f ] Request (ServersAdminTestJSON:setUpClass): 200 GET http://10.180.1.21/compute/v2.1/servers/01148e07-5f0c-4703-a08e-04878214fafb 2.812s
2025-02-10 12:49:31.767 62807 INFO tempest.lib.common.rest_client [req-daabc205-77f0-4392-95f6-aace9138192d req-daabc205-77f0-4392-95f6-aace9138192d ] Request (SecurityGroupsNegativeTestJSON:test_delete_security_group_without_passing_id): 404 DELETE http://10.180.1.21/compute/v2.1/os-security-groups/ 2.635s
2025-02-10 12:49:31.771 62797 INFO tempest.lib.common.rest_client [req-6aa0f1b3-578e-410b-b8b1-b88e6162552b req-6aa0f1b3-578e-410b-b8b1-b88e6162552b ] Request (TenantUsagesTestJSON:test_get_usage_tenant): 200 GET http://10.180.1.21/compute/v2.1/os-simple-tenant-usage/bf11aa0dbf914b67834f930dc1b2ad93?start=2025-02-09T12%3A49%3A28.945996&end=2025-02-11T12%3A49%3A28.945996 2.824s
2025-02-10 12:49:31.806 62805 INFO tempest.lib.common.rest_client [req-e7fca643-71fa-4b1d-9b92-cc5a00357b98 req-e7fca643-71fa-4b1d-9b92-cc5a00357b98 ] Request (KeyPairsV210TestJSON:test_admin_manage_keypairs_for_other_users): 201 POST http://10.180.1.21/compute/v2.1/os-keypairs 2.411s
2025-02-10 12:49:31.830 62765 INFO tempest.lib.common.rest_client [req-4b5727b1-7dab-405a-8991-0ed057b95cea req-4b5727b1-7dab-405a-8991-0ed057b95cea ] Request (ServersTestJSON:setUpClass): 200 PUT http://10.180.1.21:9696/networking/v2.0/routers/f0763e26-5544-4a19-8d21-3d05736d772a/add_router_interface 2.043s
2025-02-10 12:49:31.831 62765 INFO tempest.lib.common.dynamic_creds [-] Created isolated network resources for: credentials: Credentials: {'domain_id': 'default', 'domain_name': 'Default', 'username': 'tempest-ServersTestJSON-1915108613-project-member', 'project_domain_id': 'default', 'project_domain_name': 'Default', 'project_id': '950d5558086f4550a2d467ca94c3997d', 'project_name': 'tempest-ServersTestJSON-1915108613', 'tenant_id': '950d5558086f4550a2d467ca94c3997d', 'tenant_name': 'tempest-ServersTestJSON-1915108613', 'user_domain_id': 'default', 'user_domain_name': 'Default', 'user_id': '0c31651efc9544a3bd8d466605f53eef', 'system': None}, Network: {'id': '8784f8c2-1d79-4364-9f1b-3391df5a7198', 'name': 'tempest-ServersTestJSON-1406126553-network', 'tenant_id': '950d5558086f4550a2d467ca94c3997d', 'admin_state_up': True, 'mtu': 8950, 'status': 'ACTIVE', 'subnets': [], 'shared': False, 'project_id': '950d5558086f4550a2d467ca94c3997d', 'port_security_enabled': True, 'router:external': False, 'provider:network_type': 'vlan', 'provider:physical_network': 'default', 'provider:segmentation_id': 355, 'availability_zone_hints': [], 'availability_zones': [], 'ipv4_address_scope': None, 'ipv6_address_scope': None, 'description': '', 'tags': [], 'created_at': '2025-02-10T12:49:25Z', 'updated_at': '2025-02-10T12:49:25Z', 'revision_number': 1}, Subnet: {'id': '9698f6d7-6300-4b28-a600-19be6948e1dc', 'name': 'tempest-ServersTestJSON-1406126553-subnet', 'tenant_id': '950d5558086f4550a2d467ca94c3997d', 'network_id': '8784f8c2-1d79-4364-9f1b-3391df5a7198', 'ip_version': 4, 'subnetpool_id': None, 'enable_dhcp': True, 'ipv6_ra_mode': None, 'ipv6_address_mode': None, 'gateway_ip': '192.168.128.1', 'cidr': '192.168.128.0/28', 'allocation_pools': [{'start': '192.168.128.2', 'end': '192.168.128.14'}], 'host_routes': [], 'dns_nameservers': [], 'description': '', 'router:external': False, 'service_types': [], 'tags': [], 'created_at': '2025-02-10T12:49:26Z', 'updated_at': '2025-02-10T12:49:26Z', 'revision_number': 0, 'project_id': '950d5558086f4550a2d467ca94c3997d'}, Router: {'id': 'f0763e26-5544-4a19-8d21-3d05736d772a', 'name': 'tempest-ServersTestJSON-1406126553-router', 'tenant_id': '950d5558086f4550a2d467ca94c3997d', 'admin_state_up': True, 'status': 'ACTIVE', 'external_gateway_info': {'network_id': '0ae1c8ae-80f1-41b9-877e-8c5b5b0496b1', 'external_fixed_ips': [{'subnet_id': '91bb238c-6c2f-43a4-8b80-90edc4a4f557', 'ip_address': '10.180.180.142'}], 'enable_snat': True}, 'description': '', 'availability_zones': [], 'distributed': False, 'ha': False, 'availability_zone_hints': [], 'routes': [], 'flavor_id': None, 'tags': [], 'created_at': '2025-02-10T12:49:27Z', 'updated_at': '2025-02-10T12:49:28Z', 'revision_number': 2, 'project_id': '950d5558086f4550a2d467ca94c3997d'}
2025-02-10 12:49:31.851 62783 INFO tempest.lib.common.rest_client [req-768e5cc6-7cd4-4019-bed7-828cbe6d6a1e req-768e5cc6-7cd4-4019-bed7-828cbe6d6a1e ] Request (SecurityGroupsTestJSON:setUpClass): 201 POST http://10.180.1.21:9696/networking/v2.0/networks 0.569s
2025-02-10 12:49:31.927 62765 INFO tempest.lib.common.rest_client [req-a8e0f9a8-6e9d-47b6-a1ef-35cf0849241c req-a8e0f9a8-6e9d-47b6-a1ef-35cf0849241c ] Request (ServersTestJSON:setUpClass): 201 POST http://10.180.1.21/identity/v3/auth/tokens 0.092s
2025-02-10 12:49:32.023 62793 INFO tempest.lib.common.rest_client [req-ab3e7583-1e97-4632-bbbe-cb4baa738bed req-ab3e7583-1e97-4632-bbbe-cb4baa738bed ] Request (SecurityGroupRulesTestJSON:test_security_group_rules_list): 200 POST http://10.180.1.21/compute/v2.1/os-security-groups 2.772s
2025-02-10 12:49:32.214 62813 INFO tempest.lib.common.rest_client [req-d514e0d9-feea-47cb-a2b3-9d4660d8c955 req-d514e0d9-feea-47cb-a2b3-9d4660d8c955 ] Request (FloatingIPsNegativeTestJSON:test_delete_nonexistent_floating_ip): 404 DELETE http://10.180.1.21/compute/v2.1/os-floating-ips/cdf518d0-dad3-4050-9c10-1160106760a2 2.693s
2025-02-10 12:49:32.242 62787 INFO tempest.lib.common.rest_client [req-dd01c022-f8f4-4fe4-9c56-c1708e72b2cb req-dd01c022-f8f4-4fe4-9c56-c1708e72b2cb ] Request (ServicesAdminNegativeV253TestJSON:test_get_service_with_valid_service_and_invalid_host): 200 GET http://10.180.1.21/compute/v2.1/os-services?host=xxx&binary=nova-scheduler 2.695s
2025-02-10 12:49:32.368 62769 INFO tempest.lib.common.rest_client [req-085c7f3b-4070-493b-af11-2dc31e8cf62d req-085c7f3b-4070-493b-af11-2dc31e8cf62d ] Request (ServerDiagnosticsTest:test_get_server_diagnostics): 202 POST http://10.180.1.21/compute/v2.1/servers 2.889s
2025-02-10 12:49:32.380 62799 INFO tempest.lib.common.rest_client [req-9280f12a-5d39-45bd-af32-4e31a05fc37a req-9280f12a-5d39-45bd-af32-4e31a05fc37a ] Request (FlavorsAdminTestJSON:test_create_list_flavor_without_extra_data): 200 GET http://10.180.1.21/compute/v2.1/flavors/1824608598 2.700s
2025-02-10 12:49:32.386 62783 INFO tempest.lib.common.rest_client [req-ab74efda-51e9-458f-994e-5165614c8f73 req-ab74efda-51e9-458f-994e-5165614c8f73 ] Request (SecurityGroupsTestJSON:setUpClass): 201 POST http://10.180.1.21:9696/networking/v2.0/subnets 0.535s
2025-02-10 12:49:32.392 62811 INFO tempest.lib.common.rest_client [req-b5f81953-7a26-47f3-aac7-025bef3e81e0 req-b5f81953-7a26-47f3-aac7-025bef3e81e0 ] Request (ServerGroupTestJSON:setUp): 200 POST http://10.180.1.21/compute/v2.1/os-server-groups 2.805s
2025-02-10 12:49:32.402 62825 INFO tempest.lib.common.rest_client [req-ef3a362f-6c56-4eda-b26e-b06f339eebdd req-ef3a362f-6c56-4eda-b26e-b06f339eebdd ] Request (AggregatesAdminNegativeTestJSON:_run_cleanups): 200 DELETE http://10.180.1.21/compute/v2.1/os-aggregates/4 2.705s
2025-02-10 12:49:32.410 62827 INFO tempest.lib.common.rest_client [req-b68c8eb3-b07d-47ae-b7f1-ee0f19204242 req-b68c8eb3-b07d-47ae-b7f1-ee0f19204242 ] Request (FlavorsAccessNegativeTestJSON:test_flavor_non_admin_remove): 403 POST http://10.180.1.21/compute/v2.1/flavors/1132740925/action 2.533s
2025-02-10 12:49:32.513 62771 INFO tempest.lib.common.rest_client [req-f8f89933-a04a-41b3-a88f-63361ba0cdf0 req-f8f89933-a04a-41b3-a88f-63361ba0cdf0 ] Request (QuotasAdminNegativeTest:_run_cleanups): 200 PUT http://10.180.1.21/compute/v2.1/os-quota-sets/651c2121fbb34ae38e8b1445f873db56 2.689s
2025-02-10 12:49:32.555 62777 INFO tempest.lib.common.rest_client [req-ad44be35-5d92-408c-8f5b-24181afa4c68 req-ad44be35-5d92-408c-8f5b-24181afa4c68 ] Request (QuotaClassesAdmin257Test:_run_cleanups): 200 PUT http://10.180.1.21/compute/v2.1/os-quota-class-sets/default 2.416s
2025-02-10 12:49:32.608 62821 INFO tempest.lib.common.rest_client [req-d0617dd8-f123-44cb-9fd9-f9ffb5d55961 req-d0617dd8-f123-44cb-9fd9-f9ffb5d55961 ] Request (AttachVolumeShelveTestJSON:test_attach_volume_shelved_or_offload_server): 200 GET http://10.180.1.21/compute/v2.1/servers/9408d326-fa35-4d3d-8b5a-9ffb2f447ab1 2.490s
2025-02-10 12:49:32.612 62815 INFO tempest.lib.common.rest_client [req-08a7d2fe-2a7d-42c5-baeb-4f1091be9fdc req-08a7d2fe-2a7d-42c5-baeb-4f1091be9fdc ] Request (VolumesAssistedSnapshotsTest:test_volume_assisted_snapshot_create_delete): 200 GET http://10.180.1.21/compute/v2.1/servers/36d16085-16fa-440e-9b65-2063c6e74a01 2.376s
2025-02-10 12:49:32.622 62821 INFO tempest.common.waiters [-] State transition "BUILD/None" ==> "BUILD/spawning" after 15 second wait
2025-02-10 12:49:32.651 62777 INFO tempest.lib.common.rest_client [req-382d6941-a214-465d-850c-dac76911f879 req-382d6941-a214-465d-850c-dac76911f879 ] Request (QuotaClassesAdmin257Test:tearDownClass): 204 DELETE http://10.180.1.21/identity/v3/users/038376a61cc648d78fd2aaba81777127 0.091s
2025-02-10 12:49:32.683 62767 INFO tempest.lib.common.rest_client [req-91d9d2a3-b8b1-4394-9f3d-6cd34c6cb844 req-91d9d2a3-b8b1-4394-9f3d-6cd34c6cb844 ] Request (ServersWithSpecificFlavorTestJSON:test_verify_created_server_ephemeral_disk): 200 GET http://10.180.1.21/compute/v2.1/servers/a9a2a664-b6b3-4aeb-9be8-6028ac6868ea 2.191s
2025-02-10 12:49:32.718 62809 INFO tempest.lib.common.rest_client [req-e3b8d503-29c4-4fab-b57f-c935d838380d req-e3b8d503-29c4-4fab-b57f-c935d838380d ] Request (QuotasAdminTestJSON:test_delete_quota): 200 GET http://10.180.1.21/identity/v3/domains?name=Default 0.138s
2025-02-10 12:49:32.776 62777 INFO tempest.lib.common.rest_client [req-f4ea668f-71c8-4a76-90d8-c5853a867139 req-f4ea668f-71c8-4a76-90d8-c5853a867139 ] Request (QuotaClassesAdmin257Test:tearDownClass): 204 DELETE http://10.180.1.21/identity/v3/users/88d2774a394d4a8a8c8d3fe720df273b 0.125s
2025-02-10 12:49:32.777 62777 INFO tempest.lib.common.dynamic_creds [-] Deleting project and security group for project: 482b638f0b55402a9d9b6bbc0de00f9d
2025-02-10 12:49:32.819 62809 INFO tempest.lib.common.rest_client [req-460de3ec-ed1d-43a2-b900-7358c2868a89 req-460de3ec-ed1d-43a2-b900-7358c2868a89 ] Request (QuotasAdminTestJSON:test_delete_quota): 201 POST http://10.180.1.21/identity/v3/projects 0.101s
2025-02-10 12:49:32.840 62777 INFO tempest.lib.common.rest_client [req-8a9cbb36-37b1-4e98-82b7-e139d1ec5cbf req-8a9cbb36-37b1-4e98-82b7-e139d1ec5cbf ] Request (QuotaClassesAdmin257Test:tearDownClass): 201 POST http://10.180.1.21/identity/v3/auth/tokens 0.063s
2025-02-10 12:49:32.889 62809 INFO tempest.lib.common.rest_client [req-3bdc52bc-3253-4c3c-a358-73ccfd33e13b req-3bdc52bc-3253-4c3c-a358-73ccfd33e13b ] Request (QuotasAdminTestJSON:test_delete_quota): 200 GET http://10.180.1.21/identity/v3/domains?name=Default 0.068s
2025-02-10 12:49:32.898 62823 INFO tempest.lib.common.rest_client [req-572da5dc-e5bb-45c9-b59c-cbf608f0a894 req-572da5dc-e5bb-45c9-b59c-cbf608f0a894 ] Request (DeleteServersAdminTestJSON:test_admin_delete_servers_of_others): 200 GET http://10.180.1.21/compute/v2.1/servers/b7653c21-3a67-473c-a1f2-f17948062627 2.397s
2025-02-10 12:49:32.913 62823 INFO tempest.common.waiters [-] State transition "BUILD/spawning" ==> "ACTIVE/None" after 25 second wait
2025-02-10 12:49:32.941 62775 INFO tempest.lib.common.rest_client [req-b53ac5e6-152d-442f-80bb-85f41b67ce47 req-b53ac5e6-152d-442f-80bb-85f41b67ce47 ] Request (MigrationsAdminTest:test_list_migrations_in_flavor_resize_situation): 200 GET http://10.180.1.21/compute/v2.1/servers/df6ada4a-0ef8-48f7-a7db-6fbdc8d5a8cc 2.277s
2025-02-10 12:49:32.968 62801 INFO tempest.lib.common.rest_client [req-9ad0865f-2c2b-459d-a135-ee5090bf0bcd req-9ad0865f-2c2b-459d-a135-ee5090bf0bcd ] Request (InstanceActionsTestJSON:setUpClass): 200 GET http://10.180.1.21/compute/v2.1/servers/d4b473f4-3992-4eb5-8028-bc0080cd7590 2.018s
2025-02-10 12:49:32.982 62801 INFO tempest.common.waiters [-] State transition "BUILD/scheduling" ==> "BUILD/None" after 5 second wait
2025-02-10 12:49:33.048 62817 INFO tempest.lib.common.rest_client [req-d8808ed9-5823-4cb5-a4d1-6db17d973d32 req-d8808ed9-5823-4cb5-a4d1-6db17d973d32 ] Request (VolumesAdminNegativeTest:test_update_attached_volume_with_nonexistent_volume_in_body): 200 GET http://10.180.1.21/compute/v2.1/servers/01f23d30-2882-41de-b22a-9799e1803a13 1.689s
2025-02-10 12:49:33.065 62791 INFO tempest.lib.common.rest_client [req-037fa2c8-a9eb-461f-822a-b087e9432d17 req-037fa2c8-a9eb-461f-822a-b087e9432d17 ] Request (FlavorsV2TestJSON:test_list_flavors): 200 GET http://10.180.1.21/compute/v2.1/flavors/42 1.673s
2025-02-10 12:49:33.148 62773 INFO tempest.lib.common.rest_client [req-f16ee268-840b-4617-b051-2b8e24a418c8 req-f16ee268-840b-4617-b051-2b8e24a418c8 ] Request (ServerExternalEventsTest:test_create_server_external_events): 200 GET http://10.180.1.21/compute/v2.1/servers/eff04f0d-8761-4c97-a767-6380b598d2a1 2.065s
2025-02-10 12:49:33.245 62785 INFO tempest.lib.common.rest_client [req-28eb3e3c-8417-4698-a7a6-e274d9240253 req-28eb3e3c-8417-4698-a7a6-e274d9240253 ] Request (ServersAdminNegativeTestJSON:setUpClass): 200 GET http://10.180.1.21/compute/v2.1/servers/482fa106-8ec2-4d0e-97c6-8539ee3725c5 1.772s
2025-02-10 12:49:33.303 62779 INFO tempest.lib.common.rest_client [req-6e6f65c7-a713-4d66-998a-40d29156788c req-6e6f65c7-a713-4d66-998a-40d29156788c ] Request (FloatingIPsTestJSON:test_allocate_floating_ip): 200 GET http://10.180.1.21/compute/v2.1/os-floating-ips/32833cf5-90a9-41b8-b75d-0ac9ef1fdb28 1.785s
2025-02-10 12:49:33.323 62819 INFO tempest.lib.common.rest_client [req-be2fef26-5023-41d7-9fd3-10231a6d6e46 req-be2fef26-5023-41d7-9fd3-10231a6d6e46 ] Request (ServersAdmin275Test:test_rebuild_update_server_275): 200 GET http://10.180.1.21/compute/v2.1/servers/a67758cd-3030-41dd-8bd9-ee9caf0d0a2a 1.786s
2025-02-10 12:49:33.334 62819 INFO tempest.common.waiters [-] State transition "REBUILD/rebuilding" ==> "REBUILD/rebuild_spawning" after 3 second wait
2025-02-10 12:49:33.340 62777 INFO tempest.lib.common.rest_client [req-70b14ac9-0789-4508-8bf9-2c00c3e61fc8 req-70b14ac9-0789-4508-8bf9-2c00c3e61fc8 ] Request (QuotaClassesAdmin257Test:tearDownClass): 200 GET http://10.180.1.21:9696/networking/v2.0/security-groups?tenant_id=482b638f0b55402a9d9b6bbc0de00f9d&name=default 0.500s
2025-02-10 12:49:33.367 62797 INFO tempest.lib.common.rest_client [req-c33070df-fb5b-4a43-af03-de33ba46a35f req-c33070df-fb5b-4a43-af03-de33ba46a35f ] Request (TenantUsagesTestJSON:test_get_usage_tenant_with_non_admin_user): 200 GET http://10.180.1.21/compute/v2.1/os-simple-tenant-usage/bf11aa0dbf914b67834f930dc1b2ad93?start=2025-02-09T12%3A49%3A28.945996&end=2025-02-11T12%3A49%3A28.945996 1.587s
2025-02-10 12:49:33.377 62805 INFO tempest.lib.common.rest_client [req-c72af8a3-787f-4083-b438-ce563580c38b req-c72af8a3-787f-4083-b438-ce563580c38b ] Request (KeyPairsV210TestJSON:test_admin_manage_keypairs_for_other_users): 200 GET http://10.180.1.21/compute/v2.1/os-keypairs/tempest-keypair-1208595066?user_id=dbda561f6d324387a2a13b0b7113f608 1.570s
2025-02-10 12:49:33.450 62807 INFO tempest.lib.common.rest_client [req-c8668bdf-7e93-4dde-afe8-5758614bdd9b req-c8668bdf-7e93-4dde-afe8-5758614bdd9b ] Request (SecurityGroupsNegativeTestJSON:test_delete_the_default_security_group): 200 GET http://10.180.1.21/compute/v2.1/os-security-groups 1.681s
2025-02-10 12:49:33.518 62765 INFO tempest.lib.common.rest_client [req-d4515af9-4ff5-4c6d-a493-0411f3057b5b req-d4515af9-4ff5-4c6d-a493-0411f3057b5b ] Request (ServersTestJSON:setUpClass): 200 POST http://10.180.1.21/compute/v2.1/os-keypairs 1.589s
2025-02-10 12:49:33.585 62787 INFO tempest.lib.common.rest_client [req-b76da82e-7536-4309-95eb-386b90757118 req-b76da82e-7536-4309-95eb-386b90757118 ] Request (ServicesAdminNegativeV253TestJSON:test_list_services_with_non_admin_user): 403 GET http://10.180.1.21/compute/v2.1/os-services 1.340s
2025-02-10 12:49:33.586 62777 INFO tempest.lib.common.rest_client [req-be3544c8-77d8-434b-93d6-1f8a422b2054 req-be3544c8-77d8-434b-93d6-1f8a422b2054 ] Request (QuotaClassesAdmin257Test:tearDownClass): 204 DELETE http://10.180.1.21:9696/networking/v2.0/security-groups/ad2ab84d-758e-48f7-aab6-f0222e2a6f2b 0.245s
2025-02-10 12:49:33.675 62769 INFO tempest.lib.common.rest_client [req-80a3087f-da07-47bf-910f-7295dd41fede req-80a3087f-da07-47bf-910f-7295dd41fede ] Request (ServerDiagnosticsTest:test_get_server_diagnostics): 200 GET http://10.180.1.21/compute/v2.1/servers/b5833a51-300b-4f34-9be5-87b7c8a27cc3 1.306s
2025-02-10 12:49:33.681 62777 INFO tempest.lib.common.rest_client [req-193706b6-ebc2-4e06-89aa-9dcb55497e73 req-193706b6-ebc2-4e06-89aa-9dcb55497e73 ] Request (QuotaClassesAdmin257Test:tearDownClass): 204 DELETE http://10.180.1.21/identity/v3/projects/482b638f0b55402a9d9b6bbc0de00f9d 0.094s
2025-02-10 12:49:33.681 62777 INFO tempest.lib.common.dynamic_creds [-] Deleting project and security group for project: 651c507377344833b11b7d3db41c2d5f
2025-02-10 12:49:33.684 62787 INFO tempest.lib.common.rest_client [req-6b6ed28d-a141-4dcb-8dd2-29dcb6c7845e req-6b6ed28d-a141-4dcb-8dd2-29dcb6c7845e ] Request (ServicesAdminNegativeV253TestJSON:tearDownClass): 204 DELETE http://10.180.1.21/identity/v3/users/9625ff540b4a456f86786a6eb4e6a48a 0.097s
2025-02-10 12:49:33.692 62813 INFO tempest.lib.common.rest_client [req-06e52b6b-79dd-447d-8f24-f214bd74cb38 req-06e52b6b-79dd-447d-8f24-f214bd74cb38 ] Request (FloatingIPsNegativeTestJSON:tearDownClass): 200 PUT http://10.180.1.21:9696/networking/v2.0/routers/d9fce98c-8217-4aea-aabe-6c86005497d7/remove_router_interface 1.477s
2025-02-10 12:49:33.779 62783 INFO tempest.lib.common.rest_client [req-4913a7f7-29c6-4daf-a470-d06123c931dd req-4913a7f7-29c6-4daf-a470-d06123c931dd ] Request (SecurityGroupsTestJSON:setUpClass): 201 POST http://10.180.1.21:9696/networking/v2.0/routers 1.393s
2025-02-10 12:49:33.792 62793 INFO tempest.lib.common.rest_client [req-892ebb23-fa0b-430d-9af3-e48101b3bdb5 req-892ebb23-fa0b-430d-9af3-e48101b3bdb5 ] Request (SecurityGroupRulesTestJSON:test_security_group_rules_list): 200 POST http://10.180.1.21/compute/v2.1/os-security-group-rules 1.766s
2025-02-10 12:49:33.811 62765 INFO tempest.lib.common.rest_client [req-d6737551-01fc-4e1a-99bf-20a2c25adb17 req-d6737551-01fc-4e1a-99bf-20a2c25adb17 ] Request (ServersTestJSON:setUpClass): 201 POST http://10.180.1.21:9696/networking/v2.0/security-groups 0.291s
2025-02-10 12:49:33.821 62787 INFO tempest.lib.common.rest_client [req-38d7da79-8c45-4117-864c-df0e0e53f6a5 req-38d7da79-8c45-4117-864c-df0e0e53f6a5 ] Request (ServicesAdminNegativeV253TestJSON:tearDownClass): 204 DELETE http://10.180.1.21/identity/v3/users/ddbc16747d454fb2898504252585ff3a 0.136s
2025-02-10 12:49:33.821 62787 INFO tempest.lib.common.dynamic_creds [-] Deleting project and security group for project: 8238ce44408f48ab894d473bea2c0414
2025-02-10 12:49:33.885 62787 INFO tempest.lib.common.rest_client [req-db220dbb-72f6-42d5-be04-1607480f49b9 req-db220dbb-72f6-42d5-be04-1607480f49b9 ] Request (ServicesAdminNegativeV253TestJSON:tearDownClass): 201 POST http://10.180.1.21/identity/v3/auth/tokens 0.063s
2025-02-10 12:49:33.891 62811 INFO tempest.lib.common.rest_client [req-73097fd1-cb4d-453f-add5-adc4c0de83dd req-73097fd1-cb4d-453f-add5-adc4c0de83dd ] Request (ServerGroupTestJSON:test_create_delete_multiple_server_groups_with_same_name_policy): 200 POST http://10.180.1.21/compute/v2.1/os-server-groups 1.498s
2025-02-10 12:49:33.916 62799 INFO tempest.lib.common.rest_client [req-a1c37a0f-f92a-4a55-afc5-1784de2d64a9 req-a1c37a0f-f92a-4a55-afc5-1784de2d64a9 ] Request (FlavorsAdminTestJSON:test_create_list_flavor_without_extra_data): 200 GET http://10.180.1.21/compute/v2.1/flavors/detail 1.532s
2025-02-10 12:49:33.916 62777 INFO tempest.lib.common.rest_client [req-edecaced-c950-492f-a7c8-95365a51fe60 req-edecaced-c950-492f-a7c8-95365a51fe60 ] Request (QuotaClassesAdmin257Test:tearDownClass): 200 GET http://10.180.1.21:9696/networking/v2.0/security-groups?tenant_id=651c507377344833b11b7d3db41c2d5f&name=default 0.235s
2025-02-10 12:49:33.920 62825 INFO tempest.lib.common.rest_client [req-267de6ff-e6d2-47c4-8ec2-10de7eaaba9a req-267de6ff-e6d2-47c4-8ec2-10de7eaaba9a ] Request (AggregatesAdminNegativeTestJSON:test_aggregate_delete_as_user): 200 POST http://10.180.1.21/compute/v2.1/os-aggregates 1.515s
2025-02-10 12:49:33.995 62765 INFO tempest.lib.common.rest_client [req-cd3ee098-dbf0-4b73-a634-831c72dce46f req-cd3ee098-dbf0-4b73-a634-831c72dce46f ] Request (ServersTestJSON:setUpClass): 201 POST http://10.180.1.21:9696/networking/v2.0/security-group-rules 0.183s
2025-02-10 12:49:34.053 62827 INFO tempest.lib.common.rest_client [req-41b758cc-1792-48aa-b08e-7a07db709927 req-41b758cc-1792-48aa-b08e-7a07db709927 ] Request (FlavorsAccessNegativeTestJSON:_run_cleanups): 200 POST http://10.180.1.21/compute/v2.1/flavors/1132740925/action 1.643s
2025-02-10 12:49:34.062 62771 INFO tempest.lib.common.rest_client [req-4c7b48dc-0733-4d72-8dfd-3ddf61ceb6d5 req-4c7b48dc-0733-4d72-8dfd-3ddf61ceb6d5 ] Request (QuotasAdminNegativeTest:test_create_server_when_memory_quota_is_full): 200 GET http://10.180.1.21/compute/v2.1/os-quota-sets/651c2121fbb34ae38e8b1445f873db56 1.546s
2025-02-10 12:49:34.161 62789 INFO tempest.lib.common.rest_client [req-e6ef5b7b-2840-4259-9af2-31ddc26da87b req-e6ef5b7b-2840-4259-9af2-31ddc26da87b ] Request (ImagesNegativeTestJSON:test_create_image_from_deleted_server): 200 GET http://10.180.1.21/compute/v2.1/servers/4bb8431f-6bd3-4df1-88dc-145a2054c7bf 1.551s
2025-02-10 12:49:34.222 62777 INFO tempest.lib.common.rest_client [req-0bb7c0bb-8747-440c-b0d6-b98c14f2dca5 req-0bb7c0bb-8747-440c-b0d6-b98c14f2dca5 ] Request (QuotaClassesAdmin257Test:tearDownClass): 204 DELETE http://10.180.1.21:9696/networking/v2.0/security-groups/fc24e733-7d73-4032-b220-e51fde523d9a 0.305s
2025-02-10 12:49:34.253 62787 INFO tempest.lib.common.rest_client [req-683a840c-6255-4db9-bf4c-16d09e0ad10f req-683a840c-6255-4db9-bf4c-16d09e0ad10f ] Request (ServicesAdminNegativeV253TestJSON:tearDownClass): 200 GET http://10.180.1.21:9696/networking/v2.0/security-groups?tenant_id=8238ce44408f48ab894d473bea2c0414&name=default 0.367s
2025-02-10 12:49:34.278 62781 INFO tempest.lib.common.rest_client [req-179b49e1-545c-46eb-b5d5-4157fc9af468 req-179b49e1-545c-46eb-b5d5-4157fc9af468 ] Request (ServersAdminTestJSON:setUpClass): 200 GET http://10.180.1.21/compute/v2.1/servers/01148e07-5f0c-4703-a08e-04878214fafb 1.579s
2025-02-10 12:49:34.315 62765 INFO tempest.lib.common.rest_client [req-1953c285-6a05-4ade-9d98-f21ca1b87317 req-1953c285-6a05-4ade-9d98-f21ca1b87317 ] Request (ServersTestJSON:setUpClass): 201 POST http://10.180.1.21:9696/networking/v2.0/security-group-rules 0.320s
2025-02-10 12:49:34.319 62777 INFO tempest.lib.common.rest_client [req-eae6647e-4146-458e-98ec-43553e33f0d8 req-eae6647e-4146-458e-98ec-43553e33f0d8 ] Request (QuotaClassesAdmin257Test:tearDownClass): 204 DELETE http://10.180.1.21/identity/v3/projects/651c507377344833b11b7d3db41c2d5f 0.097s
2025-02-10 12:49:34.413 62777 INFO tempest.lib.common.rest_client [req-bc6d6bcc-56ca-4023-a601-cad709227261 req-bc6d6bcc-56ca-4023-a601-cad709227261 ] Request (FloatingIPsAssociationNegativeTestJSON:setUpClass): 201 POST http://10.180.1.21/identity/v3/auth/tokens 0.091s
2025-02-10 12:49:34.434 62809 INFO tempest.lib.common.rest_client [req-bdddb93a-7390-446f-a022-93386554c583 req-bdddb93a-7390-446f-a022-93386554c583 ] Request (QuotasAdminTestJSON:test_delete_quota): 200 GET http://10.180.1.21/compute/v2.1/os-quota-sets/a6a687cf37c047a29461745ed8fd5f8d 1.545s
2025-02-10 12:49:34.445 62777 INFO tempest.lib.common.rest_client [req-d0a6893d-2c7a-4d8e-94ab-5268b2e46ba7 req-d0a6893d-2c7a-4d8e-94ab-5268b2e46ba7 ] Request (FloatingIPsAssociationNegativeTestJSON:setUpClass): 201 POST http://10.180.1.21/identity/v3/auth/tokens 0.030s
2025-02-10 12:49:34.448 62791 INFO tempest.lib.common.rest_client [req-8d7c2d62-e51c-4774-bf06-49371cc1a3b0 req-8d7c2d62-e51c-4774-bf06-49371cc1a3b0 ] Request (FlavorsV2TestJSON:test_list_flavors_detailed_filter_by_min_disk): 200 GET http://10.180.1.21/compute/v2.1/flavors/42 1.379s
2025-02-10 12:49:34.473 62777 INFO tempest.lib.common.rest_client [req-f841a860-e957-4225-95b6-b048d876dc85 req-f841a860-e957-4225-95b6-b048d876dc85 ] Request (FloatingIPsAssociationNegativeTestJSON:setUpClass): 200 GET http://10.180.1.21/identity/v3/domains?name=Default 0.027s
2025-02-10 12:49:34.508 62777 INFO tempest.lib.common.rest_client [req-8e82d6ea-4d51-448b-a84b-1adcc80636c5 req-8e82d6ea-4d51-448b-a84b-1adcc80636c5 ] Request (FloatingIPsAssociationNegativeTestJSON:setUpClass): 201 POST http://10.180.1.21/identity/v3/projects 0.035s
2025-02-10 12:49:34.562 62779 INFO tempest.lib.common.rest_client [req-09648850-813f-4f2d-b4eb-327ac7b47ec4 req-09648850-813f-4f2d-b4eb-327ac7b47ec4 ] Request (FloatingIPsTestJSON:test_allocate_floating_ip): 200 GET http://10.180.1.21/compute/v2.1/os-floating-ips 1.257s
2025-02-10 12:49:34.576 62777 INFO tempest.lib.common.rest_client [req-7940b7a9-9bf9-4418-8813-716ee7f0c42d req-7940b7a9-9bf9-4418-8813-716ee7f0c42d ] Request (FloatingIPsAssociationNegativeTestJSON:setUpClass): 201 POST http://10.180.1.21/identity/v3/users 0.066s
2025-02-10 12:49:34.601 62777 INFO tempest.lib.common.rest_client [req-c7f9ef6e-28fe-41ae-b0f1-1e18501ff6da req-c7f9ef6e-28fe-41ae-b0f1-1e18501ff6da ] Request (FloatingIPsAssociationNegativeTestJSON:setUpClass): 200 GET http://10.180.1.21/identity/v3/roles 0.025s
2025-02-10 12:49:34.608 62797 INFO tempest.lib.common.rest_client [req-f6608f9b-2d99-4297-94df-12016827800d req-f6608f9b-2d99-4297-94df-12016827800d ] Request (TenantUsagesTestJSON:test_list_usage_all_tenants): 200 GET http://10.180.1.21/compute/v2.1/os-simple-tenant-usage?start=2025-02-09T12%3A49%3A28.945996&end=2025-02-11T12%3A49%3A28.945996&detailed=1 1.237s
2025-02-10 12:49:34.634 62777 INFO tempest.lib.common.rest_client [req-1455667a-c214-4b18-8759-3927ad892904 req-1455667a-c214-4b18-8759-3927ad892904 ] Request (FloatingIPsAssociationNegativeTestJSON:setUpClass): 204 PUT http://10.180.1.21/identity/v3/projects/1af453a58d0a4c53ab043b3d3a9e1724/users/d09b220608f94681a27fb544c4ebd856/roles/6fdfea936f94444f921a7ad65db72ee3 0.032s
2025-02-10 12:49:34.634 62777 INFO tempest.lib.common.dynamic_creds [-] Dynamic test user d09b220608f94681a27fb544c4ebd856 is created with scope project and roles: ['member']
2025-02-10 12:49:34.635 62777 INFO tempest.lib.common.dynamic_creds [-] Acquired dynamic creds: credentials: Credentials: {'domain_id': 'default', 'domain_name': 'Default', 'username': 'tempest-FloatingIPsAssociationNegativeTestJSON-554824805-project-member', 'project_domain_id': 'default', 'project_domain_name': 'Default', 'project_id': '1af453a58d0a4c53ab043b3d3a9e1724', 'project_name': 'tempest-FloatingIPsAssociationNegativeTestJSON-554824805', 'tenant_id': '1af453a58d0a4c53ab043b3d3a9e1724', 'tenant_name': 'tempest-FloatingIPsAssociationNegativeTestJSON-554824805', 'user_domain_id': 'default', 'user_domain_name': 'Default', 'user_id': 'd09b220608f94681a27fb544c4ebd856', 'system': None}, Network: None, Subnet: None, Router: None
2025-02-10 12:49:34.649 62805 INFO tempest.lib.common.rest_client [req-4aa7d92c-55ff-4f1e-8dca-e7b5c5b75b8e req-4aa7d92c-55ff-4f1e-8dca-e7b5c5b75b8e ] Request (KeyPairsV210TestJSON:test_admin_manage_keypairs_for_other_users): 201 POST http://10.180.1.21/compute/v2.1/os-keypairs 1.268s
2025-02-10 12:49:34.657 62787 INFO tempest.lib.common.rest_client [req-b1d38bcb-41ef-4108-a6cc-b3ea24d1c084 req-b1d38bcb-41ef-4108-a6cc-b3ea24d1c084 ] Request (ServicesAdminNegativeV253TestJSON:tearDownClass): 204 DELETE http://10.180.1.21:9696/networking/v2.0/security-groups/42b22bd9-1c1a-47df-8226-cbfd3a2d8685 0.404s
2025-02-10 12:49:34.679 62823 INFO tempest.lib.common.rest_client [req-7adc1848-3629-41a1-87de-607317ea0ac6 req-7adc1848-3629-41a1-87de-607317ea0ac6 ] Request (DeleteServersAdminTestJSON:test_admin_delete_servers_of_others): 204 DELETE http://10.180.1.21/compute/v2.1/servers/b7653c21-3a67-473c-a1f2-f17948062627 1.763s
2025-02-10 12:49:34.721 62777 INFO tempest.lib.common.rest_client [req-a791175b-a2a7-4584-b847-355458aebd94 req-a791175b-a2a7-4584-b847-355458aebd94 ] Request (FloatingIPsAssociationNegativeTestJSON:setUpClass): 201 POST http://10.180.1.21/identity/v3/auth/tokens 0.086s
2025-02-10 12:49:34.794 62787 INFO tempest.lib.common.rest_client [req-a4336ffc-07fa-433b-8126-3065fa8107a4 req-a4336ffc-07fa-433b-8126-3065fa8107a4 ] Request (ServicesAdminNegativeV253TestJSON:tearDownClass): 204 DELETE http://10.180.1.21/identity/v3/projects/8238ce44408f48ab894d473bea2c0414 0.136s
2025-02-10 12:49:34.794 62787 INFO tempest.lib.common.dynamic_creds [-] Deleting project and security group for project: 45af9e78fc144dacb8c63ad698b0074e
2025-02-10 12:49:34.812 62807 INFO tempest.lib.common.rest_client [req-17f6a35c-764b-4c1f-b379-f9cd50598fba req-17f6a35c-764b-4c1f-b379-f9cd50598fba ] Request (SecurityGroupsNegativeTestJSON:test_delete_the_default_security_group): 400 DELETE http://10.180.1.21/compute/v2.1/os-security-groups/e2e44f2e-c57d-4bae-a371-7b308412b7df 1.358s
2025-02-10 12:49:34.834 62813 INFO tempest.lib.common.rest_client [req-6e5e5a08-cfc6-40eb-86d1-502ad5238183 req-6e5e5a08-cfc6-40eb-86d1-502ad5238183 ] Request (FloatingIPsNegativeTestJSON:tearDownClass): 204 DELETE http://10.180.1.21:9696/networking/v2.0/routers/d9fce98c-8217-4aea-aabe-6c86005497d7 1.140s
2025-02-10 12:49:34.868 62821 INFO tempest.lib.common.rest_client [req-8a3ad40d-fb1d-4ef1-bde6-84d5743c261a req-8a3ad40d-fb1d-4ef1-bde6-84d5743c261a ] Request (AttachVolumeShelveTestJSON:test_attach_volume_shelved_or_offload_server): 200 GET http://10.180.1.21/compute/v2.1/servers/9408d326-fa35-4d3d-8b5a-9ffb2f447ab1 1.244s
2025-02-10 12:49:34.901 62815 INFO tempest.lib.common.rest_client [req-b4c8120c-7e53-4b43-8239-da3542ef46bb req-b4c8120c-7e53-4b43-8239-da3542ef46bb ] Request (VolumesAssistedSnapshotsTest:test_volume_assisted_snapshot_create_delete): 200 GET http://10.180.1.21/compute/v2.1/servers/36d16085-16fa-440e-9b65-2063c6e74a01 1.274s
2025-02-10 12:49:34.946 62767 INFO tempest.lib.common.rest_client [req-bb7ff7f1-e5d1-4eb1-9ca4-7f9603806767 req-bb7ff7f1-e5d1-4eb1-9ca4-7f9603806767 ] Request (ServersWithSpecificFlavorTestJSON:test_verify_created_server_ephemeral_disk): 200 GET http://10.180.1.21/compute/v2.1/servers/a9a2a664-b6b3-4aeb-9be8-6028ac6868ea 1.252s
2025-02-10 12:49:34.961 62765 INFO tempest.lib.common.rest_client [req-248acfaa-c1f6-42f5-b428-a8aa8c68986b req-248acfaa-c1f6-42f5-b428-a8aa8c68986b ] Request (ServersTestJSON:setUpClass): 201 POST http://10.180.1.21:9696/networking/v2.0/floatingips 0.645s
2025-02-10 12:49:35.020 62787 INFO tempest.lib.common.rest_client [req-7f400a73-99e8-4540-8608-9f5e1bc2443c req-7f400a73-99e8-4540-8608-9f5e1bc2443c ] Request (ServicesAdminNegativeV253TestJSON:tearDownClass): 200 GET http://10.180.1.21:9696/networking/v2.0/security-groups?tenant_id=45af9e78fc144dacb8c63ad698b0074e&name=default 0.225s
2025-02-10 12:49:35.026 62811 INFO tempest.lib.common.rest_client [req-e4e15c39-09e2-40f3-af84-e2a4847541ae req-e4e15c39-09e2-40f3-af84-e2a4847541ae ] Request (ServerGroupTestJSON:test_create_delete_multiple_server_groups_with_same_name_policy): 200 POST http://10.180.1.21/compute/v2.1/os-server-groups 1.131s
2025-02-10 12:49:35.032 62825 INFO tempest.lib.common.rest_client [req-12535ec8-6343-4c77-9aa7-4ef2f7d16d87 req-12535ec8-6343-4c77-9aa7-4ef2f7d16d87 ] Request (AggregatesAdminNegativeTestJSON:test_aggregate_delete_as_user): 403 DELETE http://10.180.1.21/compute/v2.1/os-aggregates/5 1.110s
