2025-02-10 12:50:43.765 62809 INFO tempest.lib.common.rest_client [req-5dd8e82e-bad2-4480-a13f-4a43da9b3895 req-5dd8e82e-bad2-4480-a13f-4a43da9b3895 ] Request (ServerRescueNegativeTestJSON:setUpClass): 200 GET http://10.180.1.21/compute/v2.1/servers/b3620de6-b449-4db5-baae-bf3427332f14 0.187s
2025-02-10 12:50:43.814 62793 INFO tempest.lib.common.rest_client [req-254cc3c0-a68b-481a-98ec-87b674063b4e req-254cc3c0-a68b-481a-98ec-87b674063b4e ] Request (InstanceActionsV221TestJSON:test_get_list_deleted_instance_actions): 200 GET http://10.180.1.21/compute/v2.1/servers/2ed26835-09d2-4e6f-ba6e-e9730239c00e 0.174s
2025-02-10 12:50:43.833 62771 INFO tempest.lib.common.rest_client [req-19260cc1-9e0b-4763-9989-77524da9a6ec req-19260cc1-9e0b-4763-9989-77524da9a6ec ] Request (ServerDiagnosticsV248Test:tearDownClass): 200 GET http://10.180.1.21/compute/v2.1/servers/a56bf639-2907-4b11-8aa1-6b74adacc2b4 0.186s
2025-02-10 12:50:43.871 62823 INFO tempest.lib.common.rest_client [req-71b8f823-8b10-42f3-9742-35fea1499e53 req-71b8f823-8b10-42f3-9742-35fea1499e53 ] Request (DeleteServersAdminTestJSON:test_delete_server_while_in_error_state): 202 POST http://10.180.1.21/compute/v2.1/servers/9996fe78-0006-43dc-9146-6391be75ca5d/action 0.168s
2025-02-10 12:50:43.900 62769 INFO tempest.lib.common.rest_client [req-03d614bb-b502-48cb-a1ff-3687426db1ca req-03d614bb-b502-48cb-a1ff-3687426db1ca ] Request (ServerDiagnosticsTest:tearDownClass): 200 GET http://10.180.1.21/compute/v2.1/servers/b5833a51-300b-4f34-9be5-87b7c8a27cc3 0.199s
2025-02-10 12:50:43.959 62813 WARNING tempest.lib.common.ssh [-] Failed to establish authenticated ssh connection to cirros@10.180.180.141 ([Errno None] Unable to connect to port 22 on 10.180.180.141). Number attempts: 2. Retry after 3 seconds.: paramiko.ssh_exception.NoValidConnectionsError: [Errno None] Unable to connect to port 22 on 10.180.180.141
2025-02-10 12:50:43.970 62777 INFO tempest.lib.common.rest_client [req-086f21a6-60c0-4179-b537-be0937c9f5d4 req-086f21a6-60c0-4179-b537-be0937c9f5d4 ] Request (FloatingIPsAssociationNegativeTestJSON:tearDownClass): 200 GET http://10.180.1.21/compute/v2.1/servers/0018c8ce-ae99-4c9c-b73a-ccc8a3336744 0.214s
2025-02-10 12:50:44.027 62799 INFO tempest.lib.common.rest_client [req-18d99c6f-5f70-453f-9182-aa4b35752218 req-18d99c6f-5f70-453f-9182-aa4b35752218 ] Request (ServerActionsTestJSON:setUpClass): 200 GET http://10.180.1.21/compute/v2.1/servers/34331fb5-9409-4d40-8599-63f2a21d0c09 0.220s
2025-02-10 12:50:44.029 62787 INFO tempest.lib.common.rest_client [req-e4ad7482-0bde-4f6b-a2bd-ac472f419f0d req-e4ad7482-0bde-4f6b-a2bd-ac472f419f0d ] Request (ServerRescueTestJSON:setUpClass): 200 GET http://10.180.1.21/compute/v2.1/servers/6a60d696-ddce-42d7-a279-d4125100c055 0.285s
2025-02-10 12:50:44.082 62773 INFO tempest.lib.common.rest_client [req-78ff5d92-b977-4914-9a8c-6eb93be567be req-78ff5d92-b977-4914-9a8c-6eb93be567be ] Request (ServerMetadataNegativeTestJSON:setUpClass): 200 GET http://10.180.1.21/compute/v2.1/servers/03e213af-f8d0-4542-9d4d-17d627dc812d 0.258s
2025-02-10 12:50:44.110 62801 INFO tempest.lib.common.rest_client [req-c6b02329-d6f5-4162-87f1-e7928ae9a02f req-c6b02329-d6f5-4162-87f1-e7928ae9a02f ] Request (InstanceActionsTestJSON:tearDownClass): 200 PUT http://10.180.1.21:9696/networking/v2.0/routers/bd49d97b-cd26-4f72-9b22-37ea6d44d701/remove_router_interface 0.895s
2025-02-10 12:50:44.137 62805 INFO tempest.lib.common.rest_client [req-350ed440-f30a-474a-a0c9-5c3f808a3b4f req-350ed440-f30a-474a-a0c9-5c3f808a3b4f ] Request (ServerMetadataTestJSON:setUpClass): 200 GET http://10.180.1.21/compute/v2.1/servers/7b6587b6-ce51-4c19-b92c-b8cc0c83d369 0.259s
2025-02-10 12:50:44.153 62823 INFO tempest.lib.common.rest_client [req-6a137679-d29c-4cb7-b89e-d239dec34db9 req-6a137679-d29c-4cb7-b89e-d239dec34db9 ] Request (DeleteServersAdminTestJSON:test_delete_server_while_in_error_state): 200 GET http://10.180.1.21/compute/v2.1/servers/9996fe78-0006-43dc-9146-6391be75ca5d 0.281s
2025-02-10 12:50:44.199 62785 INFO tempest.lib.common.rest_client [req-0102a55a-e1f2-4189-be86-b48896285dbb req-0102a55a-e1f2-4189-be86-b48896285dbb ] Request (ServersAdminNegativeTestJSON:tearDownClass): 200 GET http://10.180.1.21/compute/v2.1/servers/f8a7d30b-9307-4690-8a3f-45a50c423d8b 0.254s
2025-02-10 12:50:44.246 62827 INFO tempest.lib.common.rest_client [req-629aa28e-683e-42e6-b49c-e31b6b0af255 req-629aa28e-683e-42e6-b49c-e31b6b0af255 ] Request (MultipleCreateTestJSON:test_multiple_create): 200 GET http://10.180.1.21/compute/v2.1/servers/2f40e30c-2ccb-446b-9787-b63bcd1ed9d3 0.244s
2025-02-10 12:50:44.305 62811 INFO tempest.lib.common.rest_client [req-d19617bd-ec92-425d-a5eb-4687beec5c6d req-d19617bd-ec92-425d-a5eb-4687beec5c6d ] Request (ServerGroupTestJSON:test_create_server_with_scheduler_hint_group): 200 GET http://10.180.1.21/compute/v2.1/servers/043ee2f5-ef78-4d69-856a-be1c8542d40b 0.344s
2025-02-10 12:50:44.309 62825 INFO tempest.lib.common.rest_client [req-574ded88-5aa9-428f-b52b-652160edfdd1 req-574ded88-5aa9-428f-b52b-652160edfdd1 ] Request (ImagesOneServerTestJSON:setUpClass): 200 GET http://10.180.1.21/compute/v2.1/servers/2e9b1566-04f9-43d8-ad0e-3dfb05f9b893 0.289s
2025-02-10 12:50:44.359 62781 INFO tempest.lib.common.rest_client [req-8df2f154-d8c2-48db-9b9f-c4eed9174fea req-8df2f154-d8c2-48db-9b9f-c4eed9174fea ] Request (ServersAdminTestJSON:test_inject_network_info): 200 GET http://10.180.1.21/compute/v2.1/servers/a61bf52e-3997-4f2b-9be8-cf49b1b5d23f 0.293s
2025-02-10 12:50:44.364 62797 INFO tempest.lib.common.rest_client [req-733606c9-c187-4ec7-b163-1e1e60a045a4 req-733606c9-c187-4ec7-b163-1e1e60a045a4 ] Request (ImagesTestJSON:test_create_image_from_stopped_server): 200 GET http://10.180.1.21/compute/v2.1/servers/cb543f0b-d20b-48a6-8b32-dcb83b8cdaa4 0.281s
2025-02-10 12:50:44.412 62789 INFO tempest.lib.common.rest_client [req-72d649ea-50f7-4fc5-832c-44a4853bc7ce req-72d649ea-50f7-4fc5-832c-44a4853bc7ce ] Request (AttachVolumeNegativeTest:test_attach_attached_volume_to_different_server): 200 GET http://10.180.1.21/compute/v2.1/servers/85e2d431-95b6-47fc-8326-1812ecfc796e 0.277s
2025-02-10 12:50:44.442 62823 INFO tempest.lib.common.rest_client [req-af73d8ee-3b20-49ee-ba93-470e35036119 req-af73d8ee-3b20-49ee-ba93-470e35036119 ] Request (DeleteServersAdminTestJSON:test_delete_server_while_in_error_state): 204 DELETE http://10.180.1.21/compute/v2.1/servers/9996fe78-0006-43dc-9146-6391be75ca5d 0.281s
2025-02-10 12:50:44.465 62783 INFO tempest.lib.common.rest_client [req-fd393777-ff4a-497c-b976-4794d3dabb5d req-fd393777-ff4a-497c-b976-4794d3dabb5d ] Request (SecurityGroupsTestJSON:test_server_security_groups): 200 GET http://10.180.1.21/compute/v2.1/servers/6ad136a5-6509-48d4-bac9-a7a88f516eda 0.273s
2025-02-10 12:50:44.508 62801 INFO tempest.lib.common.rest_client [req-3d40b398-c2e4-4d70-8f37-da26e3597764 req-3d40b398-c2e4-4d70-8f37-da26e3597764 ] Request (InstanceActionsTestJSON:tearDownClass): 204 DELETE http://10.180.1.21:9696/networking/v2.0/routers/bd49d97b-cd26-4f72-9b22-37ea6d44d701 0.398s
2025-02-10 12:50:44.532 62791 INFO tempest.lib.common.rest_client [req-bca1be44-2346-4738-8555-d9ddd2a35b54 req-bca1be44-2346-4738-8555-d9ddd2a35b54 ] Request (ServerShowV247Test:test_update_rebuild_list_server): 200 GET http://10.180.1.21/compute/v2.1/servers/df795afc-bb08-4169-b53e-ed8daad76808 0.263s
2025-02-10 12:50:44.552 62779 INFO tempest.lib.common.rest_client [req-e4d8228b-1fe9-4f4c-8655-444c9aa7412b req-e4d8228b-1fe9-4f4c-8655-444c9aa7412b ] Request (ServerActionsTestOtherA:setUpClass): 200 GET http://10.180.1.21/compute/v2.1/servers/39b2c211-7d15-44ce-9220-322b0cee00a6 0.350s
2025-02-10 12:50:44.678 62823 INFO tempest.lib.common.rest_client [req-dd26ab3a-a713-4c4f-acb0-8d626ee833b0 req-dd26ab3a-a713-4c4f-acb0-8d626ee833b0 ] Request (DeleteServersAdminTestJSON:test_delete_server_while_in_error_state): 200 GET http://10.180.1.21/compute/v2.1/servers/9996fe78-0006-43dc-9146-6391be75ca5d 0.235s
2025-02-10 12:50:44.690 62801 INFO tempest.lib.common.rest_client [req-8c61d30c-87a5-47cc-a4b2-6c6f81226982 req-8c61d30c-87a5-47cc-a4b2-6c6f81226982 ] Request (InstanceActionsTestJSON:tearDownClass): 204 DELETE http://10.180.1.21:9696/networking/v2.0/subnets/264d6866-a937-401b-8807-83753464882d 0.182s
2025-02-10 12:50:44.939 62819 INFO tempest.lib.common.rest_client [req-33996b90-ec42-4fa2-85fc-7e5fd12d6590 req-33996b90-ec42-4fa2-85fc-7e5fd12d6590 ] Request (ServerTagsTestJSON:setUpClass): 200 GET http://10.180.1.21/compute/v2.1/servers/3ea25f8d-6452-40d8-8f1f-089d0c512c84 0.176s
2025-02-10 12:50:45.010 62809 INFO tempest.lib.common.rest_client [req-1287ea17-54a9-4293-8d3f-046870d6be96 req-1287ea17-54a9-4293-8d3f-046870d6be96 ] Request (ServerRescueNegativeTestJSON:setUpClass): 200 GET http://10.180.1.21/compute/v2.1/servers/b3620de6-b449-4db5-baae-bf3427332f14 0.234s
2025-02-10 12:50:45.022 62775 INFO tempest.lib.common.rest_client [req-cd0fb264-a32d-4a13-8b9e-464c95398ad5 req-cd0fb264-a32d-4a13-8b9e-464c95398ad5 ] Request (MigrationsAdminTest:test_list_migrations_in_flavor_resize_situation): 200 GET http://10.180.1.21/compute/v2.1/servers/df6ada4a-0ef8-48f7-a7db-6fbdc8d5a8cc 0.326s
2025-02-10 12:50:45.079 62793 INFO tempest.lib.common.rest_client [req-b8c1ec65-752a-4b73-8796-39096e710af3 req-b8c1ec65-752a-4b73-8796-39096e710af3 ] Request (InstanceActionsV221TestJSON:test_get_list_deleted_instance_actions): 200 GET http://10.180.1.21/compute/v2.1/servers/2ed26835-09d2-4e6f-ba6e-e9730239c00e 0.255s
2025-02-10 12:50:45.092 62771 INFO tempest.lib.common.rest_client [req-e30ae8b9-027f-4322-afd6-2328797e2986 req-e30ae8b9-027f-4322-afd6-2328797e2986 ] Request (ServerDiagnosticsV248Test:tearDownClass): 200 GET http://10.180.1.21/compute/v2.1/servers/a56bf639-2907-4b11-8aa1-6b74adacc2b4 0.247s
2025-02-10 12:50:45.107 62769 INFO tempest.lib.common.rest_client [req-1a58ad17-ba3d-4055-9a73-a794acdd360f req-1a58ad17-ba3d-4055-9a73-a794acdd360f ] Request (ServerDiagnosticsTest:tearDownClass): 404 GET http://10.180.1.21/compute/v2.1/servers/b5833a51-300b-4f34-9be5-87b7c8a27cc3 0.198s
2025-02-10 12:50:45.154 62777 INFO tempest.lib.common.rest_client [req-9780cddc-9105-41da-99e8-491deea1f6da req-9780cddc-9105-41da-99e8-491deea1f6da ] Request (FloatingIPsAssociationNegativeTestJSON:tearDownClass): 200 GET http://10.180.1.21/compute/v2.1/servers/0018c8ce-ae99-4c9c-b73a-ccc8a3336744 0.176s
2025-02-10 12:50:45.181 62799 INFO tempest.lib.common.rest_client [req-2e2fceaf-8fb3-411f-8ac3-ab5b93e5fed0 req-2e2fceaf-8fb3-411f-8ac3-ab5b93e5fed0 ] Request (ServerActionsTestJSON:setUpClass): 200 GET http://10.180.1.21/compute/v2.1/servers/34331fb5-9409-4d40-8599-63f2a21d0c09 0.145s
2025-02-10 12:50:45.228 62769 INFO tempest.lib.common.rest_client [req-2700b3b9-9a1b-440c-a529-670173de2895 req-2700b3b9-9a1b-440c-a529-670173de2895 ] Request (ServerDiagnosticsTest:tearDownClass): 204 DELETE http://10.180.1.21/identity/v3/users/7fc703b761da43f18e6cfee433a00ca7 0.121s
2025-02-10 12:50:45.246 62773 INFO tempest.lib.common.rest_client [req-a7dbe8ec-018f-4a77-9e05-e6562f19cbfc req-a7dbe8ec-018f-4a77-9e05-e6562f19cbfc ] Request (ServerMetadataNegativeTestJSON:setUpClass): 200 GET http://10.180.1.21/compute/v2.1/servers/03e213af-f8d0-4542-9d4d-17d627dc812d 0.157s
2025-02-10 12:50:45.320 62805 INFO tempest.lib.common.rest_client [req-4b5ab78a-6d2f-40e9-b445-976e9cad97aa req-4b5ab78a-6d2f-40e9-b445-976e9cad97aa ] Request (ServerMetadataTestJSON:setUpClass): 200 GET http://10.180.1.21/compute/v2.1/servers/7b6587b6-ce51-4c19-b92c-b8cc0c83d369 0.171s
2025-02-10 12:50:45.379 62769 INFO tempest.lib.common.rest_client [req-1401a776-2132-4efb-abde-cb684c72d300 req-1401a776-2132-4efb-abde-cb684c72d300 ] Request (ServerDiagnosticsTest:tearDownClass): 204 DELETE http://10.180.1.21/identity/v3/users/b608bb26dec34a08aa35056b905d3c23 0.150s
2025-02-10 12:50:45.379 62769 INFO tempest.lib.common.dynamic_creds [-] Deleting project and security group for project: e1c1d805824e4249b8929c79a9d5a027
2025-02-10 12:50:45.391 62801 INFO tempest.lib.common.rest_client [req-a39b9399-45bd-49c9-ba18-ba2666bdbbde req-a39b9399-45bd-49c9-ba18-ba2666bdbbde ] Request (InstanceActionsTestJSON:tearDownClass): 204 DELETE http://10.180.1.21:9696/networking/v2.0/networks/90644ed8-a782-4d73-8b54-d743310ee080 0.700s
2025-02-10 12:50:45.393 62785 INFO tempest.lib.common.rest_client [req-4c84ec70-91bd-48d2-b454-35ec0d536b11 req-4c84ec70-91bd-48d2-b454-35ec0d536b11 ] Request (ServersAdminNegativeTestJSON:tearDownClass): 200 GET http://10.180.1.21/compute/v2.1/servers/f8a7d30b-9307-4690-8a3f-45a50c423d8b 0.186s
2025-02-10 12:50:45.402 62787 INFO tempest.lib.common.rest_client [req-88782058-4a87-4899-8ad3-a1f570655949 req-88782058-4a87-4899-8ad3-a1f570655949 ] Request (ServerRescueTestJSON:setUpClass): 200 GET http://10.180.1.21/compute/v2.1/servers/6a60d696-ddce-42d7-a279-d4125100c055 0.364s
2025-02-10 12:50:45.455 62769 INFO tempest.lib.common.rest_client [req-9936d28d-0dee-4363-9a82-30694cfa1e65 req-9936d28d-0dee-4363-9a82-30694cfa1e65 ] Request (ServerDiagnosticsTest:tearDownClass): 201 POST http://10.180.1.21/identity/v3/auth/tokens 0.075s
2025-02-10 12:50:45.455 62827 INFO tempest.lib.common.rest_client [req-0de1d517-9ecf-4b5d-82a6-9fa84523d4e4 req-0de1d517-9ecf-4b5d-82a6-9fa84523d4e4 ] Request (MultipleCreateTestJSON:test_multiple_create): 200 GET http://10.180.1.21/compute/v2.1/servers/2f40e30c-2ccb-446b-9787-b63bcd1ed9d3 0.199s
2025-02-10 12:50:45.464 62827 INFO tempest.common.waiters [-] State transition "BUILD/scheduling" ==> "BUILD/None" after 23 second wait
2025-02-10 12:50:45.495 62801 INFO tempest.lib.common.rest_client [req-d3ceb4b9-b5d1-4598-a2be-10e7b37f4093 req-d3ceb4b9-b5d1-4598-a2be-10e7b37f4093 ] Request (InstanceActionsTestJSON:tearDownClass): 204 DELETE http://10.180.1.21/identity/v3/users/9e026c1682f64df3b6296d8cd3f8d698 0.104s
2025-02-10 12:50:45.496 62801 INFO tempest.lib.common.dynamic_creds [-] Deleting project and security group for project: e9b5dfda26be4277a88fe48ef9f24cf7
2025-02-10 12:50:45.520 62825 INFO tempest.lib.common.rest_client [req-c5bfb53e-85a0-4410-bd7a-fac2196bf9df req-c5bfb53e-85a0-4410-bd7a-fac2196bf9df ] Request (ImagesOneServerTestJSON:setUpClass): 200 GET http://10.180.1.21/compute/v2.1/servers/2e9b1566-04f9-43d8-ad0e-3dfb05f9b893 0.202s
2025-02-10 12:50:45.533 62801 INFO tempest.lib.common.rest_client [req-bb525790-4080-4bf3-b645-f316e2d9e8c6 req-bb525790-4080-4bf3-b645-f316e2d9e8c6 ] Request (InstanceActionsTestJSON:tearDownClass): 200 GET http://10.180.1.21:9696/networking/v2.0/security-groups?tenant_id=e9b5dfda26be4277a88fe48ef9f24cf7&name=default 0.037s
2025-02-10 12:50:45.534 62811 INFO tempest.lib.common.rest_client [req-002c4fbc-6ca2-462a-a983-21cbb68e9383 req-002c4fbc-6ca2-462a-a983-21cbb68e9383 ] Request (ServerGroupTestJSON:test_create_server_with_scheduler_hint_group): 200 GET http://10.180.1.21/compute/v2.1/servers/043ee2f5-ef78-4d69-856a-be1c8542d40b 0.218s
2025-02-10 12:50:45.560 62815 WARNING tempest.lib.common.ssh [-] Failed to establish authenticated ssh connection to cirros@10.180.180.155 ([Errno None] Unable to connect to port 22 on 10.180.180.155). Number attempts: 7. Retry after 8 seconds.: paramiko.ssh_exception.NoValidConnectionsError: [Errno None] Unable to connect to port 22 on 10.180.180.155
2025-02-10 12:50:45.570 62781 INFO tempest.lib.common.rest_client [req-0d214112-dcd6-414a-ad1e-75682193fc85 req-0d214112-dcd6-414a-ad1e-75682193fc85 ] Request (ServersAdminTestJSON:test_inject_network_info): 200 GET http://10.180.1.21/compute/v2.1/servers/a61bf52e-3997-4f2b-9be8-cf49b1b5d23f 0.201s
2025-02-10 12:50:45.584 62797 INFO tempest.lib.common.rest_client [req-6ee7b98c-8253-41f1-89d6-df709b163ead req-6ee7b98c-8253-41f1-89d6-df709b163ead ] Request (ImagesTestJSON:test_create_image_from_stopped_server): 200 GET http://10.180.1.21/compute/v2.1/servers/cb543f0b-d20b-48a6-8b32-dcb83b8cdaa4 0.212s
2025-02-10 12:50:45.627 62801 INFO tempest.lib.common.rest_client [req-d526c9d4-04f3-41d1-bed1-4bd15b3fef25 req-d526c9d4-04f3-41d1-bed1-4bd15b3fef25 ] Request (InstanceActionsTestJSON:tearDownClass): 204 DELETE http://10.180.1.21:9696/networking/v2.0/security-groups/041af3ac-d2b4-4d1f-be01-5fbc4454ea2d 0.094s
2025-02-10 12:50:45.644 62789 INFO tempest.lib.common.rest_client [req-62cf347d-febe-4a65-a80c-3b6e8f400a76 req-62cf347d-febe-4a65-a80c-3b6e8f400a76 ] Request (AttachVolumeNegativeTest:test_attach_attached_volume_to_different_server): 200 GET http://10.180.1.21/compute/v2.1/servers/85e2d431-95b6-47fc-8326-1812ecfc796e 0.224s
2025-02-10 12:50:45.646 62783 INFO tempest.lib.common.rest_client [req-d9fd4fe2-b730-4f19-9379-c6f5751504f9 req-d9fd4fe2-b730-4f19-9379-c6f5751504f9 ] Request (SecurityGroupsTestJSON:test_server_security_groups): 200 GET http://10.180.1.21/compute/v2.1/servers/6ad136a5-6509-48d4-bac9-a7a88f516eda 0.173s
2025-02-10 12:50:45.652 62769 INFO tempest.lib.common.rest_client [req-6d1be414-1c29-48ca-a128-d117fb757eee req-6d1be414-1c29-48ca-a128-d117fb757eee ] Request (ServerDiagnosticsTest:tearDownClass): 200 GET http://10.180.1.21:9696/networking/v2.0/security-groups?tenant_id=e1c1d805824e4249b8929c79a9d5a027&name=default 0.196s
2025-02-10 12:50:45.688 62817 WARNING tempest.lib.common.ssh [-] Failed to establish authenticated ssh connection to cirros@10.180.180.130 ([Errno None] Unable to connect to port 22 on 10.180.180.130). Number attempts: 6. Retry after 7 seconds.: paramiko.ssh_exception.NoValidConnectionsError: [Errno None] Unable to connect to port 22 on 10.180.180.130
2025-02-10 12:50:45.695 62801 INFO tempest.lib.common.rest_client [req-e29bfc3d-f746-4542-9545-f6a51efda39c req-e29bfc3d-f746-4542-9545-f6a51efda39c ] Request (InstanceActionsTestJSON:tearDownClass): 204 DELETE http://10.180.1.21/identity/v3/projects/e9b5dfda26be4277a88fe48ef9f24cf7 0.067s
2025-02-10 12:50:45.711 62791 INFO tempest.lib.common.rest_client [req-ab1615de-54ac-412f-a6dc-d5af93e890ad req-ab1615de-54ac-412f-a6dc-d5af93e890ad ] Request (ServerShowV247Test:test_update_rebuild_list_server): 200 GET http://10.180.1.21/compute/v2.1/servers/df795afc-bb08-4169-b53e-ed8daad76808 0.163s
2025-02-10 12:50:45.776 62801 INFO tempest.lib.common.rest_client [req-618b9eb5-e5a2-4692-87fe-7f756ba0f19c req-618b9eb5-e5a2-4692-87fe-7f756ba0f19c ] Request (ServerPasswordTestJSON:setUpClass): 201 POST http://10.180.1.21/identity/v3/auth/tokens 0.079s
2025-02-10 12:50:45.818 62801 INFO tempest.lib.common.rest_client [req-b2d3e8ab-88df-41c2-8da5-578cbf1c06aa req-b2d3e8ab-88df-41c2-8da5-578cbf1c06aa ] Request (ServerPasswordTestJSON:setUpClass): 201 POST http://10.180.1.21/identity/v3/auth/tokens 0.039s
2025-02-10 12:50:45.818 62779 INFO tempest.lib.common.rest_client [req-d8c0105c-3ebd-475b-93fb-2c0ee48d5694 req-d8c0105c-3ebd-475b-93fb-2c0ee48d5694 ] Request (ServerActionsTestOtherA:setUpClass): 200 GET http://10.180.1.21/compute/v2.1/servers/39b2c211-7d15-44ce-9220-322b0cee00a6 0.258s
2025-02-10 12:50:45.844 62769 INFO tempest.lib.common.rest_client [req-33330805-2a53-4128-8c86-e5d9efd46011 req-33330805-2a53-4128-8c86-e5d9efd46011 ] Request (ServerDiagnosticsTest:tearDownClass): 204 DELETE http://10.180.1.21:9696/networking/v2.0/security-groups/9b426d4c-91a6-4b0c-8053-470ba61ef91a 0.191s
2025-02-10 12:50:45.846 62801 INFO tempest.lib.common.rest_client [req-c6a4935d-39ed-4925-be52-375e9d4a5ad9 req-c6a4935d-39ed-4925-be52-375e9d4a5ad9 ] Request (ServerPasswordTestJSON:setUpClass): 200 GET http://10.180.1.21/identity/v3/domains?name=Default 0.028s
2025-02-10 12:50:45.858 62823 INFO tempest.lib.common.rest_client [req-476f865a-6821-4b34-8bf2-3a8aa264e0d0 req-476f865a-6821-4b34-8bf2-3a8aa264e0d0 ] Request (DeleteServersAdminTestJSON:test_delete_server_while_in_error_state): 200 GET http://10.180.1.21/compute/v2.1/servers/9996fe78-0006-43dc-9146-6391be75ca5d 0.163s
2025-02-10 12:50:45.873 62801 INFO tempest.lib.common.rest_client [req-532401da-b7f5-4198-9db8-129d336e4520 req-532401da-b7f5-4198-9db8-129d336e4520 ] Request (ServerPasswordTestJSON:setUpClass): 201 POST http://10.180.1.21/identity/v3/projects 0.027s
2025-02-10 12:50:45.904 62769 INFO tempest.lib.common.rest_client [req-2a492cb4-2cee-4566-bf2c-9ec114b8ca33 req-2a492cb4-2cee-4566-bf2c-9ec114b8ca33 ] Request (ServerDiagnosticsTest:tearDownClass): 204 DELETE http://10.180.1.21/identity/v3/projects/e1c1d805824e4249b8929c79a9d5a027 0.060s
2025-02-10 12:50:45.904 62769 INFO tempest.lib.common.dynamic_creds [-] Deleting project and security group for project: ab42ae47377d4558a35575937a435535
2025-02-10 12:50:45.962 62801 INFO tempest.lib.common.rest_client [req-66d1ed5c-7833-4a84-863d-c5833e858e2a req-66d1ed5c-7833-4a84-863d-c5833e858e2a ] Request (ServerPasswordTestJSON:setUpClass): 201 POST http://10.180.1.21/identity/v3/users 0.089s
2025-02-10 12:50:46.010 62801 INFO tempest.lib.common.rest_client [req-d9c8fbe2-dbcc-4b6f-bb33-dec544e51556 req-d9c8fbe2-dbcc-4b6f-bb33-dec544e51556 ] Request (ServerPasswordTestJSON:setUpClass): 200 GET http://10.180.1.21/identity/v3/roles 0.044s
2025-02-10 12:50:46.032 62819 INFO tempest.lib.common.rest_client [req-1bb5cfd1-495f-49ea-a678-88bb22ec6589 req-1bb5cfd1-495f-49ea-a678-88bb22ec6589 ] Request (ServerTagsTestJSON:setUpClass): 200 GET http://10.180.1.21/compute/v2.1/servers/3ea25f8d-6452-40d8-8f1f-089d0c512c84 0.080s
2025-02-10 12:50:46.043 62801 INFO tempest.lib.common.rest_client [req-a2638f01-3ccd-415f-aa03-b7a93bae923c req-a2638f01-3ccd-415f-aa03-b7a93bae923c ] Request (ServerPasswordTestJSON:setUpClass): 204 PUT http://10.180.1.21/identity/v3/projects/a04f0928c711474fa1cb40a902907641/users/2b9c3539187043b59498b8714a38b222/roles/6fdfea936f94444f921a7ad65db72ee3 0.033s
2025-02-10 12:50:46.043 62801 INFO tempest.lib.common.dynamic_creds [-] Dynamic test user 2b9c3539187043b59498b8714a38b222 is created with scope project and roles: ['member']
2025-02-10 12:50:46.044 62801 INFO tempest.lib.common.dynamic_creds [-] Acquired dynamic creds: credentials: Credentials: {'domain_id': 'default', 'domain_name': 'Default', 'username': 'tempest-ServerPasswordTestJSON-868017316-project-member', 'project_domain_id': 'default', 'project_domain_name': 'Default', 'project_id': 'a04f0928c711474fa1cb40a902907641', 'project_name': 'tempest-ServerPasswordTestJSON-868017316', 'tenant_id': 'a04f0928c711474fa1cb40a902907641', 'tenant_name': 'tempest-ServerPasswordTestJSON-868017316', 'user_domain_id': 'default', 'user_domain_name': 'Default', 'user_id': '2b9c3539187043b59498b8714a38b222', 'system': None}, Network: None, Subnet: None, Router: None
2025-02-10 12:50:46.085 62809 INFO tempest.lib.common.rest_client [req-d501d136-34e8-4bb5-aff1-80304633dc98 req-d501d136-34e8-4bb5-aff1-80304633dc98 ] Request (ServerRescueNegativeTestJSON:setUpClass): 200 GET http://10.180.1.21/compute/v2.1/servers/b3620de6-b449-4db5-baae-bf3427332f14 0.067s
2025-02-10 12:50:46.096 62769 INFO tempest.lib.common.rest_client [req-49c585fc-34d1-4d75-a5a3-27af31f75f27 req-49c585fc-34d1-4d75-a5a3-27af31f75f27 ] Request (ServerDiagnosticsTest:tearDownClass): 200 GET http://10.180.1.21:9696/networking/v2.0/security-groups?tenant_id=ab42ae47377d4558a35575937a435535&name=default 0.191s
2025-02-10 12:50:46.112 62801 INFO tempest.lib.common.rest_client [req-b178ad4b-0d06-4183-ad0d-6d8c96130ff6 req-b178ad4b-0d06-4183-ad0d-6d8c96130ff6 ] Request (ServerPasswordTestJSON:setUpClass): 201 POST http://10.180.1.21/identity/v3/auth/tokens 0.068s
2025-02-10 12:50:46.158 62793 INFO tempest.lib.common.rest_client [req-efad4b21-ece3-4175-b010-db6b3a88a719 req-efad4b21-ece3-4175-b010-db6b3a88a719 ] Request (InstanceActionsV221TestJSON:test_get_list_deleted_instance_actions): 200 GET http://10.180.1.21/compute/v2.1/servers/2ed26835-09d2-4e6f-ba6e-e9730239c00e 0.067s
2025-02-10 12:50:46.182 62775 INFO tempest.lib.common.rest_client [req-0d9b5afc-70b7-4a86-af8c-f46bc9364849 req-0d9b5afc-70b7-4a86-af8c-f46bc9364849 ] Request (MigrationsAdminTest:test_list_migrations_in_flavor_resize_situation): 200 GET http://10.180.1.21/compute/v2.1/servers/df6ada4a-0ef8-48f7-a7db-6fbdc8d5a8cc 0.153s
2025-02-10 12:50:46.218 62771 INFO tempest.lib.common.rest_client [req-0201a232-e8ab-494f-8fc7-b547c1787ea0 req-0201a232-e8ab-494f-8fc7-b547c1787ea0 ] Request (ServerDiagnosticsV248Test:tearDownClass): 200 GET http://10.180.1.21/compute/v2.1/servers/a56bf639-2907-4b11-8aa1-6b74adacc2b4 0.114s
2025-02-10 12:50:46.237 62769 INFO tempest.lib.common.rest_client [req-da0577a9-717a-4f07-890c-1a793e081b8f req-da0577a9-717a-4f07-890c-1a793e081b8f ] Request (ServerDiagnosticsTest:tearDownClass): 204 DELETE http://10.180.1.21:9696/networking/v2.0/security-groups/45a38850-35fb-4855-8728-749cc58f3b44 0.141s
2025-02-10 12:50:46.248 62777 INFO tempest.lib.common.rest_client [req-a01eca2c-db7a-4319-9ce7-63fb34be50b7 req-a01eca2c-db7a-4319-9ce7-63fb34be50b7 ] Request (FloatingIPsAssociationNegativeTestJSON:tearDownClass): 200 GET http://10.180.1.21/compute/v2.1/servers/0018c8ce-ae99-4c9c-b73a-ccc8a3336744 0.084s
2025-02-10 12:50:46.273 62799 INFO tempest.lib.common.rest_client [req-526bf1b0-6c11-4c90-8fcf-849cc856caf7 req-526bf1b0-6c11-4c90-8fcf-849cc856caf7 ] Request (ServerActionsTestJSON:setUpClass): 200 GET http://10.180.1.21/compute/v2.1/servers/34331fb5-9409-4d40-8599-63f2a21d0c09 0.082s
2025-02-10 12:50:46.317 62769 INFO tempest.lib.common.rest_client [req-d394f6b3-bef8-4d1e-83c7-aaf44e65cfa1 req-d394f6b3-bef8-4d1e-83c7-aaf44e65cfa1 ] Request (ServerDiagnosticsTest:tearDownClass): 204 DELETE http://10.180.1.21/identity/v3/projects/ab42ae47377d4558a35575937a435535 0.080s
2025-02-10 12:50:46.323 62773 INFO tempest.lib.common.rest_client [req-fb78fcff-a992-46ec-86bb-e8baad9a341d req-fb78fcff-a992-46ec-86bb-e8baad9a341d ] Request (ServerMetadataNegativeTestJSON:setUpClass): 200 GET http://10.180.1.21/compute/v2.1/servers/03e213af-f8d0-4542-9d4d-17d627dc812d 0.061s
2025-02-10 12:50:46.388 62805 INFO tempest.lib.common.rest_client [req-1e3838b5-296f-4025-abd0-aa684129a7cb req-1e3838b5-296f-4025-abd0-aa684129a7cb ] Request (ServerMetadataTestJSON:setUpClass): 200 GET http://10.180.1.21/compute/v2.1/servers/7b6587b6-ce51-4c19-b92c-b8cc0c83d369 0.054s
2025-02-10 12:50:46.406 62769 INFO tempest.lib.common.rest_client [req-a2739e38-0e3b-46a4-9395-c60c188beac0 req-a2739e38-0e3b-46a4-9395-c60c188beac0 ] Request (FloatingIPsAssociationTestJSON:setUpClass): 201 POST http://10.180.1.21/identity/v3/auth/tokens 0.087s
2025-02-10 12:50:46.416 62801 INFO tempest.lib.common.rest_client [req-bf137cb8-8a77-441f-b672-1b488ce193a2 req-bf137cb8-8a77-441f-b672-1b488ce193a2 ] Request (ServerPasswordTestJSON:setUpClass): 201 POST http://10.180.1.21:9696/networking/v2.0/networks 0.304s
2025-02-10 12:50:46.440 62769 INFO tempest.lib.common.rest_client [req-c3641cd3-c4b1-48b1-b0cd-5e985cedf9ef req-c3641cd3-c4b1-48b1-b0cd-5e985cedf9ef ] Request (FloatingIPsAssociationTestJSON:setUpClass): 201 POST http://10.180.1.21/identity/v3/auth/tokens 0.029s
2025-02-10 12:50:46.469 62769 INFO tempest.lib.common.rest_client [req-47409146-a45e-42ce-bca5-fb093cefad49 req-47409146-a45e-42ce-bca5-fb093cefad49 ] Request (FloatingIPsAssociationTestJSON:setUpClass): 200 GET http://10.180.1.21/identity/v3/domains?name=Default 0.029s
2025-02-10 12:50:46.475 62785 INFO tempest.lib.common.rest_client [req-3731c7e2-d505-4e2e-9254-3894a122acfa req-3731c7e2-d505-4e2e-9254-3894a122acfa ] Request (ServersAdminNegativeTestJSON:tearDownClass): 200 GET http://10.180.1.21/compute/v2.1/servers/f8a7d30b-9307-4690-8a3f-45a50c423d8b 0.072s
2025-02-10 12:50:46.504 62769 INFO tempest.lib.common.rest_client [req-11dd44b6-0ae8-4753-82d7-d8d7c974bce5 req-11dd44b6-0ae8-4753-82d7-d8d7c974bce5 ] Request (FloatingIPsAssociationTestJSON:setUpClass): 201 POST http://10.180.1.21/identity/v3/projects 0.034s
2025-02-10 12:50:46.524 62827 INFO tempest.lib.common.rest_client [req-12381096-a265-4347-aa7f-4d3cd4c4f7d5 req-12381096-a265-4347-aa7f-4d3cd4c4f7d5 ] Request (MultipleCreateTestJSON:test_multiple_create): 200 GET http://10.180.1.21/compute/v2.1/servers/2f40e30c-2ccb-446b-9787-b63bcd1ed9d3 0.057s
2025-02-10 12:50:46.539 62787 INFO tempest.lib.common.rest_client [req-b784dee1-234a-4f50-b64a-6c37a645ff89 req-b784dee1-234a-4f50-b64a-6c37a645ff89 ] Request (ServerRescueTestJSON:setUpClass): 200 GET http://10.180.1.21/compute/v2.1/servers/6a60d696-ddce-42d7-a279-d4125100c055 0.129s
2025-02-10 12:50:46.564 62769 INFO tempest.lib.common.rest_client [req-34b9abda-54c6-46a8-8820-271405e2ffe6 req-34b9abda-54c6-46a8-8820-271405e2ffe6 ] Request (FloatingIPsAssociationTestJSON:setUpClass): 201 POST http://10.180.1.21/identity/v3/users 0.059s
2025-02-10 12:50:46.579 62801 INFO tempest.lib.common.rest_client [req-1c3dc887-7e4a-4cda-bbd8-24e9f0e8bf97 req-1c3dc887-7e4a-4cda-bbd8-24e9f0e8bf97 ] Request (ServerPasswordTestJSON:setUpClass): 201 POST http://10.180.1.21:9696/networking/v2.0/subnets 0.162s
2025-02-10 12:50:46.582 62825 INFO tempest.lib.common.rest_client [req-baea3e52-c498-44fd-b297-fe7a033b719f req-baea3e52-c498-44fd-b297-fe7a033b719f ] Request (ImagesOneServerTestJSON:setUpClass): 200 GET http://10.180.1.21/compute/v2.1/servers/2e9b1566-04f9-43d8-ad0e-3dfb05f9b893 0.055s
2025-02-10 12:50:46.589 62769 INFO tempest.lib.common.rest_client [req-280e397b-a517-4d02-bb4b-6d946008388d req-280e397b-a517-4d02-bb4b-6d946008388d ] Request (FloatingIPsAssociationTestJSON:setUpClass): 200 GET http://10.180.1.21/identity/v3/roles 0.024s
2025-02-10 12:50:46.615 62769 INFO tempest.lib.common.rest_client [req-1fe3efe2-fc43-4537-8ac8-04cff387bde1 req-1fe3efe2-fc43-4537-8ac8-04cff387bde1 ] Request (FloatingIPsAssociationTestJSON:setUpClass): 204 PUT http://10.180.1.21/identity/v3/projects/fd6194ede7ed456fb39cfffc2c3793ac/users/0741b575c36e42319d1bb69e70d63971/roles/6fdfea936f94444f921a7ad65db72ee3 0.026s
2025-02-10 12:50:46.616 62769 INFO tempest.lib.common.dynamic_creds [-] Dynamic test user 0741b575c36e42319d1bb69e70d63971 is created with scope project and roles: ['member']
2025-02-10 12:50:46.616 62769 INFO tempest.lib.common.dynamic_creds [-] Acquired dynamic creds: credentials: Credentials: {'domain_id': 'default', 'domain_name': 'Default', 'username': 'tempest-FloatingIPsAssociationTestJSON-474526647-project-member', 'project_domain_id': 'default', 'project_domain_name': 'Default', 'project_id': 'fd6194ede7ed456fb39cfffc2c3793ac', 'project_name': 'tempest-FloatingIPsAssociationTestJSON-474526647', 'tenant_id': 'fd6194ede7ed456fb39cfffc2c3793ac', 'tenant_name': 'tempest-FloatingIPsAssociationTestJSON-474526647', 'user_domain_id': 'default', 'user_domain_name': 'Default', 'user_id': '0741b575c36e42319d1bb69e70d63971', 'system': None}, Network: None, Subnet: None, Router: None
2025-02-10 12:50:46.648 62781 INFO tempest.lib.common.rest_client [req-bce4bc14-77a5-4aa8-892b-902f3ff614cf req-bce4bc14-77a5-4aa8-892b-902f3ff614cf ] Request (ServersAdminTestJSON:test_inject_network_info): 200 GET http://10.180.1.21/compute/v2.1/servers/a61bf52e-3997-4f2b-9be8-cf49b1b5d23f 0.069s
2025-02-10 12:50:46.648 62765 WARNING tempest.lib.common.ssh [-] Failed to establish authenticated ssh connection to cirros@10.180.180.188 ([Errno None] Unable to connect to port 22 on 10.180.180.188). Number attempts: 5. Retry after 6 seconds.: paramiko.ssh_exception.NoValidConnectionsError: [Errno None] Unable to connect to port 22 on 10.180.180.188
2025-02-10 12:50:46.667 62811 INFO tempest.lib.common.rest_client [req-a04ea67d-d78a-47d5-aa41-62cc1dbc56a1 req-a04ea67d-d78a-47d5-aa41-62cc1dbc56a1 ] Request (ServerGroupTestJSON:test_create_server_with_scheduler_hint_group): 200 GET http://10.180.1.21/compute/v2.1/servers/043ee2f5-ef78-4d69-856a-be1c8542d40b 0.123s
2025-02-10 12:50:46.673 62769 INFO tempest.lib.common.rest_client [req-6b5e6fb4-0e2f-4863-9cdd-e2c6de864d92 req-6b5e6fb4-0e2f-4863-9cdd-e2c6de864d92 ] Request (FloatingIPsAssociationTestJSON:setUpClass): 201 POST http://10.180.1.21/identity/v3/auth/tokens 0.057s
2025-02-10 12:50:46.693 62797 INFO tempest.lib.common.rest_client [req-021d7a2b-7cc1-478f-a819-a228272cdb58 req-021d7a2b-7cc1-478f-a819-a228272cdb58 ] Request (ImagesTestJSON:test_create_image_from_stopped_server): 200 GET http://10.180.1.21/compute/v2.1/servers/cb543f0b-d20b-48a6-8b32-dcb83b8cdaa4 0.094s
2025-02-10 12:50:46.715 62789 INFO tempest.lib.common.rest_client [req-b0697694-3f51-406e-b8c2-dabc4a95a3a0 req-b0697694-3f51-406e-b8c2-dabc4a95a3a0 ] Request (AttachVolumeNegativeTest:test_attach_attached_volume_to_different_server): 200 GET http://10.180.1.21/compute/v2.1/servers/85e2d431-95b6-47fc-8326-1812ecfc796e 0.063s
2025-02-10 12:50:46.737 62783 INFO tempest.lib.common.rest_client [req-785d5f7a-595b-4ce3-b5af-508549964ec1 req-785d5f7a-595b-4ce3-b5af-508549964ec1 ] Request (SecurityGroupsTestJSON:test_server_security_groups): 200 GET http://10.180.1.21/compute/v2.1/servers/6ad136a5-6509-48d4-bac9-a7a88f516eda 0.082s
2025-02-10 12:50:46.775 62791 INFO tempest.lib.common.rest_client [req-8cdce9f2-490e-4842-8c2b-c19645336e6d req-8cdce9f2-490e-4842-8c2b-c19645336e6d ] Request (ServerShowV247Test:test_update_rebuild_list_server): 200 GET http://10.180.1.21/compute/v2.1/servers/df795afc-bb08-4169-b53e-ed8daad76808 0.052s
2025-02-10 12:50:46.956 62779 INFO tempest.lib.common.rest_client [req-bccca0de-fca6-4caa-a90b-a4e4048e7fcd req-bccca0de-fca6-4caa-a90b-a4e4048e7fcd ] Request (ServerActionsTestOtherA:setUpClass): 200 GET http://10.180.1.21/compute/v2.1/servers/39b2c211-7d15-44ce-9220-322b0cee00a6 0.126s
2025-02-10 12:50:46.993 62823 INFO tempest.lib.common.rest_client [req-a7a52c38-e8d1-4d8e-b340-985401c8f812 req-a7a52c38-e8d1-4d8e-b340-985401c8f812 ] Request (DeleteServersAdminTestJSON:test_delete_server_while_in_error_state): 200 GET http://10.180.1.21/compute/v2.1/servers/9996fe78-0006-43dc-9146-6391be75ca5d 0.127s
2025-02-10 12:50:47.094 62819 INFO tempest.lib.common.rest_client [req-6f81da68-81d1-4962-b4a7-4f352612e51c req-6f81da68-81d1-4962-b4a7-4f352612e51c ] Request (ServerTagsTestJSON:setUpClass): 200 GET http://10.180.1.21/compute/v2.1/servers/3ea25f8d-6452-40d8-8f1f-089d0c512c84 0.048s
2025-02-10 12:50:47.148 62809 INFO tempest.lib.common.rest_client [req-4118d3db-ba09-41fd-a770-f11c6cb7c832 req-4118d3db-ba09-41fd-a770-f11c6cb7c832 ] Request (ServerRescueNegativeTestJSON:setUpClass): 200 GET http://10.180.1.21/compute/v2.1/servers/b3620de6-b449-4db5-baae-bf3427332f14 0.055s
2025-02-10 12:50:47.171 62769 INFO tempest.lib.common.rest_client [req-d301b72c-0c6e-4c45-be69-8203a085d275 req-d301b72c-0c6e-4c45-be69-8203a085d275 ] Request (FloatingIPsAssociationTestJSON:setUpClass): 201 POST http://10.180.1.21:9696/networking/v2.0/networks 0.497s
2025-02-10 12:50:47.260 62793 INFO tempest.lib.common.rest_client [req-d63007c3-1a17-4868-a56e-1e6d9ba6a982 req-d63007c3-1a17-4868-a56e-1e6d9ba6a982 ] Request (InstanceActionsV221TestJSON:test_get_list_deleted_instance_actions): 200 GET http://10.180.1.21/compute/v2.1/servers/2ed26835-09d2-4e6f-ba6e-e9730239c00e 0.091s
2025-02-10 12:50:47.341 62771 INFO tempest.lib.common.rest_client [req-e49c0584-6754-4916-a0c4-e4b3ca04e008 req-e49c0584-6754-4916-a0c4-e4b3ca04e008 ] Request (ServerDiagnosticsV248Test:tearDownClass): 200 GET http://10.180.1.21/compute/v2.1/servers/a56bf639-2907-4b11-8aa1-6b74adacc2b4 0.112s
2025-02-10 12:50:47.357 62775 INFO tempest.lib.common.rest_client [req-59faef5b-579b-4335-a1ae-2d4837deaafc req-59faef5b-579b-4335-a1ae-2d4837deaafc ] Request (MigrationsAdminTest:test_list_migrations_in_flavor_resize_situation): 200 GET http://10.180.1.21/compute/v2.1/servers/df6ada4a-0ef8-48f7-a7db-6fbdc8d5a8cc 0.164s
2025-02-10 12:50:47.358 62771 INFO tempest.common.waiters [-] State transition "ACTIVE/deleting" ==> "DELETED/None" after 6 second wait
2025-02-10 12:50:47.409 62769 INFO tempest.lib.common.rest_client [req-9d683d50-6614-48e1-91b0-387129a8bcf4 req-9d683d50-6614-48e1-91b0-387129a8bcf4 ] Request (FloatingIPsAssociationTestJSON:setUpClass): 201 POST http://10.180.1.21:9696/networking/v2.0/subnets 0.237s
2025-02-10 12:50:47.430 62777 INFO tempest.lib.common.rest_client [req-03fee1a8-bcf6-48f1-8439-bd13167998fe req-03fee1a8-bcf6-48f1-8439-bd13167998fe ] Request (FloatingIPsAssociationNegativeTestJSON:tearDownClass): 200 GET http://10.180.1.21/compute/v2.1/servers/0018c8ce-ae99-4c9c-b73a-ccc8a3336744 0.171s
2025-02-10 12:50:47.436 62799 INFO tempest.lib.common.rest_client [req-e9f0133e-4937-45dd-af98-89dce43f591b req-e9f0133e-4937-45dd-af98-89dce43f591b ] Request (ServerActionsTestJSON:setUpClass): 200 GET http://10.180.1.21/compute/v2.1/servers/34331fb5-9409-4d40-8599-63f2a21d0c09 0.150s
2025-02-10 12:50:47.493 62805 INFO tempest.lib.common.rest_client [req-fc9e148d-30e6-43dc-9f1d-efa0ade8ab88 req-fc9e148d-30e6-43dc-9f1d-efa0ade8ab88 ] Request (ServerMetadataTestJSON:setUpClass): 200 GET http://10.180.1.21/compute/v2.1/servers/7b6587b6-ce51-4c19-b92c-b8cc0c83d369 0.097s
2025-02-10 12:50:47.493 62773 INFO tempest.lib.common.rest_client [req-79c601ad-8e15-4376-99e1-cbe9580b33cc req-79c601ad-8e15-4376-99e1-cbe9580b33cc ] Request (ServerMetadataNegativeTestJSON:setUpClass): 200 GET http://10.180.1.21/compute/v2.1/servers/03e213af-f8d0-4542-9d4d-17d627dc812d 0.156s
2025-02-10 12:50:47.558 62785 INFO tempest.lib.common.rest_client [req-3d556267-b18b-4582-931c-e889c9075a14 req-3d556267-b18b-4582-931c-e889c9075a14 ] Request (ServersAdminNegativeTestJSON:tearDownClass): 200 GET http://10.180.1.21/compute/v2.1/servers/f8a7d30b-9307-4690-8a3f-45a50c423d8b 0.074s
2025-02-10 12:50:47.587 62827 INFO tempest.lib.common.rest_client [req-6b006c10-cbac-4611-83f6-386cd8a83990 req-6b006c10-cbac-4611-83f6-386cd8a83990 ] Request (MultipleCreateTestJSON:test_multiple_create): 200 GET http://10.180.1.21/compute/v2.1/servers/2f40e30c-2ccb-446b-9787-b63bcd1ed9d3 0.052s
2025-02-10 12:50:47.613 62801 INFO tempest.lib.common.rest_client [req-11a1035a-0106-4169-bb96-3ca8e88f2518 req-11a1035a-0106-4169-bb96-3ca8e88f2518 ] Request (ServerPasswordTestJSON:setUpClass): 201 POST http://10.180.1.21:9696/networking/v2.0/routers 1.034s
2025-02-10 12:50:47.660 62825 INFO tempest.lib.common.rest_client [req-3772d737-5d24-401c-886c-ed6cd7c63bf7 req-3772d737-5d24-401c-886c-ed6cd7c63bf7 ] Request (ImagesOneServerTestJSON:setUpClass): 200 GET http://10.180.1.21/compute/v2.1/servers/2e9b1566-04f9-43d8-ad0e-3dfb05f9b893 0.068s
2025-02-10 12:50:47.708 62787 INFO tempest.lib.common.rest_client [req-91bd8b90-e405-4911-846f-6dcbbdaf2ff8 req-91bd8b90-e405-4911-846f-6dcbbdaf2ff8 ] Request (ServerRescueTestJSON:setUpClass): 200 GET http://10.180.1.21/compute/v2.1/servers/6a60d696-ddce-42d7-a279-d4125100c055 0.160s
2025-02-10 12:50:47.739 62781 INFO tempest.lib.common.rest_client [req-1d9afbb0-0a16-450b-89f7-75b804760f77 req-1d9afbb0-0a16-450b-89f7-75b804760f77 ] Request (ServersAdminTestJSON:test_inject_network_info): 200 GET http://10.180.1.21/compute/v2.1/servers/a61bf52e-3997-4f2b-9be8-cf49b1b5d23f 0.078s
2025-02-10 12:50:47.810 62797 INFO tempest.lib.common.rest_client [req-5536921b-9dd7-488e-b230-7860085516d9 req-5536921b-9dd7-488e-b230-7860085516d9 ] Request (ImagesTestJSON:test_create_image_from_stopped_server): 200 GET http://10.180.1.21/compute/v2.1/servers/cb543f0b-d20b-48a6-8b32-dcb83b8cdaa4 0.109s
2025-02-10 12:50:47.896 62789 INFO tempest.lib.common.rest_client [req-d71eadf8-ec5e-4d8f-898c-7481a656997f req-d71eadf8-ec5e-4d8f-898c-7481a656997f ] Request (AttachVolumeNegativeTest:test_attach_attached_volume_to_different_server): 200 GET http://10.180.1.21/compute/v2.1/servers/85e2d431-95b6-47fc-8326-1812ecfc796e 0.166s
2025-02-10 12:50:47.918 62811 INFO tempest.lib.common.rest_client [req-d326bbc5-7e03-420e-8fb7-acc27e5a7908 req-d326bbc5-7e03-420e-8fb7-acc27e5a7908 ] Request (ServerGroupTestJSON:test_create_server_with_scheduler_hint_group): 200 GET http://10.180.1.21/compute/v2.1/servers/043ee2f5-ef78-4d69-856a-be1c8542d40b 0.239s
2025-02-10 12:50:47.926 62811 INFO tempest.common.waiters [-] State transition "BUILD/spawning" ==> "ACTIVE/None" after 52 second wait
2025-02-10 12:50:47.960 62783 INFO tempest.lib.common.rest_client [req-798e93a7-1a0a-4a75-a877-e98975783e5e req-798e93a7-1a0a-4a75-a877-e98975783e5e ] Request (SecurityGroupsTestJSON:test_server_security_groups): 200 GET http://10.180.1.21/compute/v2.1/servers/6ad136a5-6509-48d4-bac9-a7a88f516eda 0.213s
2025-02-10 12:50:47.984 62791 INFO tempest.lib.common.rest_client [req-de9837fb-a349-48bb-8aff-9b808ac88dff req-de9837fb-a349-48bb-8aff-9b808ac88dff ] Request (ServerShowV247Test:test_update_rebuild_list_server): 200 GET http://10.180.1.21/compute/v2.1/servers/df795afc-bb08-4169-b53e-ed8daad76808 0.198s
2025-02-10 12:50:47.999 62811 INFO tempest.lib.common.rest_client [req-5892db45-e61e-4738-9ed6-0b057978ee24 req-5892db45-e61e-4738-9ed6-0b057978ee24 ] Request (ServerGroupTestJSON:test_create_server_with_scheduler_hint_group): 200 GET http://10.180.1.21/compute/v2.1/os-server-groups/fc7fcc76-be90-48ea-9c6d-9c74c5f579fa 0.072s
2025-02-10 12:50:48.056 62795 WARNING tempest.lib.common.ssh [-] Failed to establish authenticated ssh connection to cirros@10.180.180.178 ([Errno None] Unable to connect to port 22 on 10.180.180.178). Number attempts: 9. Retry after 10 seconds.: paramiko.ssh_exception.NoValidConnectionsError: [Errno None] Unable to connect to port 22 on 10.180.180.178
2025-02-10 12:50:48.089 62811 INFO tempest.lib.common.rest_client [req-9be677dd-dbef-426b-b94f-99fe8e28f103 req-9be677dd-dbef-426b-b94f-99fe8e28f103 ] Request (ServerGroupTestJSON:_run_cleanups): 204 DELETE http://10.180.1.21/compute/v2.1/servers/043ee2f5-ef78-4d69-856a-be1c8542d40b 0.089s
2025-02-10 12:50:48.155 62823 INFO tempest.lib.common.rest_client [req-3790d0fe-d95d-4f3b-8bfb-92308bf720fc req-3790d0fe-d95d-4f3b-8bfb-92308bf720fc ] Request (DeleteServersAdminTestJSON:test_delete_server_while_in_error_state): 200 GET http://10.180.1.21/compute/v2.1/servers/9996fe78-0006-43dc-9146-6391be75ca5d 0.151s
2025-02-10 12:50:48.209 62779 INFO tempest.lib.common.rest_client [req-0ef2dc4e-0fe0-4a31-8e04-484e7cc4c159 req-0ef2dc4e-0fe0-4a31-8e04-484e7cc4c159 ] Request (ServerActionsTestOtherA:setUpClass): 200 GET http://10.180.1.21/compute/v2.1/servers/39b2c211-7d15-44ce-9220-322b0cee00a6 0.244s
2025-02-10 12:50:48.273 62819 INFO tempest.lib.common.rest_client [req-7d145839-84cb-4852-8861-16cdf0e5a0d3 req-7d145839-84cb-4852-8861-16cdf0e5a0d3 ] Request (ServerTagsTestJSON:setUpClass): 200 GET http://10.180.1.21/compute/v2.1/servers/3ea25f8d-6452-40d8-8f1f-089d0c512c84 0.169s
2025-02-10 12:50:48.294 62811 INFO tempest.lib.common.rest_client [req-dbb1e505-ff18-4bd1-83a6-0e29fa6e6284 req-dbb1e505-ff18-4bd1-83a6-0e29fa6e6284 ] Request (ServerGroupTestJSON:_run_cleanups): 200 GET http://10.180.1.21/compute/v2.1/servers/043ee2f5-ef78-4d69-856a-be1c8542d40b 0.204s
2025-02-10 12:50:48.332 62809 INFO tempest.lib.common.rest_client [req-7e81a337-b403-4d59-ad47-af3aa1f4b010 req-7e81a337-b403-4d59-ad47-af3aa1f4b010 ] Request (ServerRescueNegativeTestJSON:setUpClass): 200 GET http://10.180.1.21/compute/v2.1/servers/b3620de6-b449-4db5-baae-bf3427332f14 0.174s
2025-02-10 12:50:48.349 62793 INFO tempest.lib.common.rest_client [req-a530c14e-62e4-472b-8e86-eafdee8682a0 req-a530c14e-62e4-472b-8e86-eafdee8682a0 ] Request (InstanceActionsV221TestJSON:test_get_list_deleted_instance_actions): 200 GET http://10.180.1.21/compute/v2.1/servers/2ed26835-09d2-4e6f-ba6e-e9730239c00e 0.072s
2025-02-10 12:50:48.396 62769 INFO tempest.lib.common.rest_client [req-9d9ac08f-d15b-419f-8a9f-2100c609ee73 req-9d9ac08f-d15b-419f-8a9f-2100c609ee73 ] Request (FloatingIPsAssociationTestJSON:setUpClass): 201 POST http://10.180.1.21:9696/networking/v2.0/routers 0.986s
2025-02-10 12:50:48.479 62771 INFO tempest.lib.common.rest_client [req-f0ccf98b-c159-481e-a04b-bba3f6e39bd1 req-f0ccf98b-c159-481e-a04b-bba3f6e39bd1 ] Request (ServerDiagnosticsV248Test:tearDownClass): 200 GET http://10.180.1.21/compute/v2.1/servers/a56bf639-2907-4b11-8aa1-6b74adacc2b4 0.120s
2025-02-10 12:50:48.504 62821 WARNING tempest.lib.common.ssh [-] Failed to establish authenticated ssh connection to cirros@10.180.180.237 ([Errno None] Unable to connect to port 22 on 10.180.180.237). Number attempts: 8. Retry after 9 seconds.: paramiko.ssh_exception.NoValidConnectionsError: [Errno None] Unable to connect to port 22 on 10.180.180.237
2025-02-10 12:50:48.548 62777 INFO tempest.lib.common.rest_client [req-39cea4ee-f64e-4709-a697-a693bc545052 req-39cea4ee-f64e-4709-a697-a693bc545052 ] Request (FloatingIPsAssociationNegativeTestJSON:tearDownClass): 200 GET http://10.180.1.21/compute/v2.1/servers/0018c8ce-ae99-4c9c-b73a-ccc8a3336744 0.102s
2025-02-10 12:50:48.624 62799 INFO tempest.lib.common.rest_client [req-066e034d-1121-473f-8add-ece3b2970f96 req-066e034d-1121-473f-8add-ece3b2970f96 ] Request (ServerActionsTestJSON:setUpClass): 200 GET http://10.180.1.21/compute/v2.1/servers/34331fb5-9409-4d40-8599-63f2a21d0c09 0.176s
2025-02-10 12:50:48.668 62775 INFO tempest.lib.common.rest_client [req-b05bc89f-4a82-42a4-a0c6-3050ed0e1d5c req-b05bc89f-4a82-42a4-a0c6-3050ed0e1d5c ] Request (MigrationsAdminTest:test_list_migrations_in_flavor_resize_situation): 200 GET http://10.180.1.21/compute/v2.1/servers/df6ada4a-0ef8-48f7-a7db-6fbdc8d5a8cc 0.297s
2025-02-10 12:50:48.687 62773 INFO tempest.lib.common.rest_client [req-9d7f4754-d765-433d-a4a6-ccfa35d43fc4 req-9d7f4754-d765-433d-a4a6-ccfa35d43fc4 ] Request (ServerMetadataNegativeTestJSON:setUpClass): 200 GET http://10.180.1.21/compute/v2.1/servers/03e213af-f8d0-4542-9d4d-17d627dc812d 0.186s
2025-02-10 12:50:48.761 62805 INFO tempest.lib.common.rest_client [req-7bbc88b4-a835-426b-a26f-0a3819cf66b3 req-7bbc88b4-a835-426b-a26f-0a3819cf66b3 ] Request (ServerMetadataTestJSON:setUpClass): 200 GET http://10.180.1.21/compute/v2.1/servers/7b6587b6-ce51-4c19-b92c-b8cc0c83d369 0.254s
2025-02-10 12:50:48.771 62785 INFO tempest.lib.common.rest_client [req-9817293d-7148-424f-9325-83b8c34f1a18 req-9817293d-7148-424f-9325-83b8c34f1a18 ] Request (ServersAdminNegativeTestJSON:tearDownClass): 200 GET http://10.180.1.21/compute/v2.1/servers/f8a7d30b-9307-4690-8a3f-45a50c423d8b 0.200s
2025-02-10 12:50:48.866 62827 INFO tempest.lib.common.rest_client [req-ac5b7223-364a-4645-bf3d-edf4288c24f0 req-ac5b7223-364a-4645-bf3d-edf4288c24f0 ] Request (MultipleCreateTestJSON:test_multiple_create): 200 GET http://10.180.1.21/compute/v2.1/servers/2f40e30c-2ccb-446b-9787-b63bcd1ed9d3 0.269s
2025-02-10 12:50:48.874 62825 INFO tempest.lib.common.rest_client [req-0fe0674c-07b4-43bd-a45f-3b2f9c4a5105 req-0fe0674c-07b4-43bd-a45f-3b2f9c4a5105 ] Request (ImagesOneServerTestJSON:setUpClass): 200 GET http://10.180.1.21/compute/v2.1/servers/2e9b1566-04f9-43d8-ad0e-3dfb05f9b893 0.205s
2025-02-10 12:50:48.951 62781 INFO tempest.lib.common.rest_client [req-a3115924-cb75-4a7d-a8b0-3559cf51dbb7 req-a3115924-cb75-4a7d-a8b0-3559cf51dbb7 ] Request (ServersAdminTestJSON:test_inject_network_info): 200 GET http://10.180.1.21/compute/v2.1/servers/a61bf52e-3997-4f2b-9be8-cf49b1b5d23f 0.204s
2025-02-10 12:50:49.037 62797 INFO tempest.lib.common.rest_client [req-02005a2a-bc25-4ad5-acc9-64d2ff4249e9 req-02005a2a-bc25-4ad5-acc9-64d2ff4249e9 ] Request (ImagesTestJSON:test_create_image_from_stopped_server): 200 GET http://10.180.1.21/compute/v2.1/servers/cb543f0b-d20b-48a6-8b32-dcb83b8cdaa4 0.218s
2025-02-10 12:50:49.083 62787 INFO tempest.lib.common.rest_client [req-45614af3-2411-4b95-86fe-c74676c9bea2 req-45614af3-2411-4b95-86fe-c74676c9bea2 ] Request (ServerRescueTestJSON:setUpClass): 200 GET http://10.180.1.21/compute/v2.1/servers/6a60d696-ddce-42d7-a279-d4125100c055 0.362s
2025-02-10 12:50:49.097 62787 INFO tempest.common.waiters [-] State transition "BUILD/spawning" ==> "ACTIVE/None" after 52 second wait
2025-02-10 12:50:49.103 62789 INFO tempest.lib.common.rest_client [req-df7f25b8-15a7-4d88-9d5c-7c2ccc83287b req-df7f25b8-15a7-4d88-9d5c-7c2ccc83287b ] Request (AttachVolumeNegativeTest:test_attach_attached_volume_to_different_server): 200 GET http://10.180.1.21/compute/v2.1/servers/85e2d431-95b6-47fc-8326-1812ecfc796e 0.198s
2025-02-10 12:50:49.151 62783 INFO tempest.lib.common.rest_client [req-eabfb813-9e64-4dc7-b27f-80ae52f8e391 req-eabfb813-9e64-4dc7-b27f-80ae52f8e391 ] Request (SecurityGroupsTestJSON:test_server_security_groups): 200 GET http://10.180.1.21/compute/v2.1/servers/6ad136a5-6509-48d4-bac9-a7a88f516eda 0.180s
2025-02-10 12:50:49.182 62791 INFO tempest.lib.common.rest_client [req-11318b23-3dfb-43e2-83d2-5ca2bb9079f6 req-11318b23-3dfb-43e2-83d2-5ca2bb9079f6 ] Request (ServerShowV247Test:test_update_rebuild_list_server): 200 GET http://10.180.1.21/compute/v2.1/servers/df795afc-bb08-4169-b53e-ed8daad76808 0.185s
2025-02-10 12:50:49.256 62787 INFO tempest.lib.common.rest_client [req-a4fe7d85-934f-4b1f-81c9-43334cf3f313 req-a4fe7d85-934f-4b1f-81c9-43334cf3f313 ] Request (ServerRescueTestJSON:setUpClass): 200 POST http://10.180.1.21/compute/v2.1/servers/6a60d696-ddce-42d7-a279-d4125100c055/action 0.158s
2025-02-10 12:50:49.400 62767 WARNING tempest.lib.common.ssh [-] Failed to establish authenticated ssh connection to cirros@10.180.180.166 ([Errno None] Unable to connect to port 22 on 10.180.180.166). Number attempts: 7. Retry after 8 seconds.: paramiko.ssh_exception.NoValidConnectionsError: [Errno None] Unable to connect to port 22 on 10.180.180.166
2025-02-10 12:50:49.468 62823 INFO tempest.lib.common.rest_client [req-f9a65e17-6139-445b-a10b-ff74642e2a7e req-f9a65e17-6139-445b-a10b-ff74642e2a7e ] Request (DeleteServersAdminTestJSON:test_delete_server_while_in_error_state): 200 GET http://10.180.1.21/compute/v2.1/servers/9996fe78-0006-43dc-9146-6391be75ca5d 0.302s
2025-02-10 12:50:49.475 62823 INFO tempest.common.waiters [-] State transition "ERROR/deleting" ==> "DELETED/None" after 5 second wait
2025-02-10 12:50:49.563 62779 INFO tempest.lib.common.rest_client [req-a312494a-dbd1-4b9d-911b-02acf041b6a2 req-a312494a-dbd1-4b9d-911b-02acf041b6a2 ] Request (ServerActionsTestOtherA:setUpClass): 200 GET http://10.180.1.21/compute/v2.1/servers/39b2c211-7d15-44ce-9220-322b0cee00a6 0.345s
