2024-12-12 02:51:50.671 66372 INFO tempest.lib.common.rest_client [req-c6baa692-7e49-467f-a165-001545c63254 req-c6baa692-7e49-467f-a165-001545c63254 ] Request (ServersTestMultiNic:_run_cleanups): 200 GET http://10.180.1.21/compute/v2.1/servers/0c5c5c06-0b5e-4e11-84b5-ca76828a0565 0.070s
2024-12-12 02:51:50.686 66368 INFO tempest.lib.common.rest_client [req-0df71400-b351-481f-afea-7015a57a5a74 req-0df71400-b351-481f-afea-7015a57a5a74 ] Request (AttachInterfacesUnderV243Test:setUpClass): 201 POST http://10.180.1.21/identity/v3/projects 0.031s
2024-12-12 02:51:50.702 66410 INFO tempest.lib.common.rest_client [req-ceb8acf7-24db-4c74-b2a6-11deafd10ea4 req-ceb8acf7-24db-4c74-b2a6-11deafd10ea4 ] Request (ServersAdminTestJSON:setUpClass): 200 GET http://10.180.1.21/compute/v2.1/servers/0a1a8539-940a-4a17-9826-82736be41892 0.064s
2024-12-12 02:51:50.748 66368 INFO tempest.lib.common.rest_client [req-95c8c74d-f69d-4019-af82-4daa079a132e req-95c8c74d-f69d-4019-af82-4daa079a132e ] Request (AttachInterfacesUnderV243Test:setUpClass): 201 POST http://10.180.1.21/identity/v3/users 0.061s
2024-12-12 02:51:50.767 66366 INFO tempest.lib.common.rest_client [req-0088125f-d8ce-42c6-b8fe-fb3c68cab4f5 req-0088125f-d8ce-42c6-b8fe-fb3c68cab4f5 ] Request (ListImageFiltersTestJSON:setUpClass): 200 GET http://10.180.1.21/compute/v2.1/servers/4fd2da5f-2867-4eeb-b7ab-8ffd7b096859 0.058s
2024-12-12 02:51:50.767 66368 INFO tempest.lib.common.rest_client [req-1354b534-8934-463b-8272-e914ac2bf523 req-1354b534-8934-463b-8272-e914ac2bf523 ] Request (AttachInterfacesUnderV243Test:setUpClass): 200 GET http://10.180.1.21/identity/v3/roles 0.018s
2024-12-12 02:51:50.776 66384 INFO tempest.lib.common.rest_client [req-eb3fa5b7-6dc5-4256-929a-c740a863ef6d req-eb3fa5b7-6dc5-4256-929a-c740a863ef6d ] Request (ImagesTestJSON:test_create_image_from_suspended_server): 200 GET http://10.180.1.21/compute/v2.1/servers/946dad01-c012-457d-8bfe-6395ff0aaedf 0.061s
2024-12-12 02:51:50.796 66368 INFO tempest.lib.common.rest_client [req-38ff5052-1d15-476a-a814-9f3e807d257e req-38ff5052-1d15-476a-a814-9f3e807d257e ] Request (AttachInterfacesUnderV243Test:setUpClass): 204 PUT http://10.180.1.21/identity/v3/projects/7931dc5c9a614764a02086f070df1b00/users/7b8b117d0fbd4db2873e88e691bff621/roles/6ef95f0d43044f5c87b644eaca57f9c8 0.029s
2024-12-12 02:51:50.797 66368 INFO tempest.lib.common.dynamic_creds [-] Dynamic test user 7b8b117d0fbd4db2873e88e691bff621 is created with scope project and roles: ['member']
2024-12-12 02:51:50.797 66368 INFO tempest.lib.common.dynamic_creds [-] Acquired dynamic creds: credentials: Credentials: {'domain_id': 'default', 'domain_name': 'Default', 'username': 'tempest-AttachInterfacesUnderV243Test-1256733884-project-member', 'project_domain_id': 'default', 'project_domain_name': 'Default', 'project_id': '7931dc5c9a614764a02086f070df1b00', 'project_name': 'tempest-AttachInterfacesUnderV243Test-1256733884', 'tenant_id': '7931dc5c9a614764a02086f070df1b00', 'tenant_name': 'tempest-AttachInterfacesUnderV243Test-1256733884', 'user_domain_id': 'default', 'user_domain_name': 'Default', 'user_id': '7b8b117d0fbd4db2873e88e691bff621', 'system': None}, Network: None, Subnet: None, Router: None
2024-12-12 02:51:50.830 66374 INFO tempest.lib.common.rest_client [req-384ae3f1-082e-4f27-8a1b-e763aeedb706 req-384ae3f1-082e-4f27-8a1b-e763aeedb706 ] Request (ServerRescueTestJSON:setUpClass): 200 GET http://10.180.1.21/compute/v2.1/servers/e003e41d-93e8-4258-b8ca-3c2420b73df0 0.056s
2024-12-12 02:51:50.844 66378 INFO tempest.lib.common.rest_client [req-366f755c-73cc-4ea9-b458-639385cff93a req-366f755c-73cc-4ea9-b458-639385cff93a ] Request (FloatingIPsAssociationTestJSON:tearDownClass): 200 GET http://10.180.1.21/compute/v2.1/servers/4a6ac464-a5e0-4ed6-909d-f1730be14380 0.063s
2024-12-12 02:51:50.863 66368 INFO tempest.lib.common.rest_client [req-f30d2e87-6f70-4009-b3da-e83ed80a17d1 req-f30d2e87-6f70-4009-b3da-e83ed80a17d1 ] Request (AttachInterfacesUnderV243Test:setUpClass): 201 POST http://10.180.1.21/identity/v3/auth/tokens 0.065s
2024-12-12 02:51:50.922 66362 INFO tempest.lib.common.rest_client [req-04a764ed-1fe0-486b-bd53-a961d36ed784 req-04a764ed-1fe0-486b-bd53-a961d36ed784 ] Request (ServerTagsTestJSON:setUpClass): 200 GET http://10.180.1.21/compute/v2.1/servers/48b74d52-e764-4d14-b372-fc34872205dd 0.056s
2024-12-12 02:51:51.007 66420 INFO tempest.lib.common.rest_client [req-bf27b91e-0a5a-41db-8331-de2b375ad1ac req-bf27b91e-0a5a-41db-8331-de2b375ad1ac ] Request (AttachVolumeTestJSON:test_attach_detach_volume): 200 GET http://10.180.1.21/compute/v2.1/servers/1c3392d3-cfb0-47c6-9366-8c363ad21297 0.054s
2024-12-12 02:51:51.061 66382 INFO tempest.lib.common.rest_client [req-2cdf2008-7df9-43b0-980a-4c9fe147d2fa req-2cdf2008-7df9-43b0-980a-4c9fe147d2fa ] Request (ServersAdminNegativeTestJSON:setUpClass): 200 GET http://10.180.1.21/compute/v2.1/servers/0707fdd6-2aed-4a09-90e0-c7fb0eae6acf 0.065s
2024-12-12 02:51:51.079 66364 INFO tempest.lib.common.rest_client [req-30628e92-790a-487c-9626-2b39293f6d90 req-30628e92-790a-487c-9626-2b39293f6d90 ] Request (ListServerFiltersTestJSON:setUpClass): 200 GET http://10.180.1.21/compute/v2.1/servers/a6b06048-6cdc-497e-8c5d-b6a26d3e7557 0.147s
2024-12-12 02:51:51.110 66390 INFO tempest.lib.common.rest_client [req-1143dfec-2aa8-4dc7-9de7-4d0c3888b8aa req-1143dfec-2aa8-4dc7-9de7-4d0c3888b8aa ] Request (ServerDiagnosticsTest:test_get_server_diagnostics): 200 GET http://10.180.1.21/compute/v2.1/servers/c6dc008c-6336-4271-9635-a7e0652138e0 0.057s
2024-12-12 02:51:51.129 66368 INFO tempest.lib.common.rest_client [req-7c923f32-e0fd-41e5-acf9-8605d484eec5 req-7c923f32-e0fd-41e5-acf9-8605d484eec5 ] Request (AttachInterfacesUnderV243Test:setUpClass): 201 POST http://10.180.1.21:9696/networking/v2.0/networks 0.266s
2024-12-12 02:51:51.148 66394 INFO tempest.lib.common.rest_client [req-2ac98314-c8e0-435f-b624-727a4f8e9e4e req-2ac98314-c8e0-435f-b624-727a4f8e9e4e ] Request (ImagesOneServerNegativeTestJSON:_run_cleanups): 200 GET http://10.180.1.21/compute/v2.1/servers/ba6e94c9-eb58-4040-8e28-f255961e76ca 0.056s
2024-12-12 02:51:51.191 66386 INFO tempest.lib.common.rest_client [req-15a5bcf3-cbdd-48ad-b165-11c980ecde81 req-15a5bcf3-cbdd-48ad-b165-11c980ecde81 ] Request (ServersV294TestFqdnHostnames:setUpClass): 200 GET http://10.180.1.21/compute/v2.1/servers/1e3f720c-5a6f-4e7c-aafc-b4680d9667e1 0.060s
2024-12-12 02:51:51.236 66402 INFO tempest.lib.common.rest_client [req-444cbdbe-7a83-449b-a0af-2fb8d51e41dd req-444cbdbe-7a83-449b-a0af-2fb8d51e41dd ] Request (ServerShowV247Test:tearDownClass): 200 GET http://10.180.1.21/compute/v2.1/servers/f06102d6-be5c-40d1-ae1d-8ae8190fd0d7 0.065s
2024-12-12 02:51:51.248 66388 INFO tempest.lib.common.rest_client [req-60febf47-2700-4672-bf09-e07402caeadb req-60febf47-2700-4672-bf09-e07402caeadb ] Request (ServerDiagnosticsV248Test:tearDownClass): 200 GET http://10.180.1.21/compute/v2.1/servers/2bc7f973-007d-44bd-aae8-d3b62506efba 0.062s
2024-12-12 02:51:51.287 66368 INFO tempest.lib.common.rest_client [req-dd5330ab-a2a6-4996-b8da-dd8843bbf6df req-dd5330ab-a2a6-4996-b8da-dd8843bbf6df ] Request (AttachInterfacesUnderV243Test:setUpClass): 201 POST http://10.180.1.21:9696/networking/v2.0/subnets 0.157s
2024-12-12 02:51:51.310 66404 INFO tempest.lib.common.rest_client [req-7076c1da-bcc6-45e1-aceb-98716d745501 req-7076c1da-bcc6-45e1-aceb-98716d745501 ] Request (ServersAaction247Test:test_create_backup): 200 GET http://10.180.1.21/compute/v2.1/servers/128bd207-a483-4b38-9fd4-4fb996ce1d0d 0.052s
2024-12-12 02:51:51.513 66398 INFO tempest.lib.common.rest_client [req-bbba6a9c-df08-49d0-9254-d39ee78fa6d8 req-bbba6a9c-df08-49d0-9254-d39ee78fa6d8 ] Request (ServersAdmin275Test:tearDownClass): 200 GET http://10.180.1.21/compute/v2.1/servers/66745316-2735-4c49-b1a2-f9e547211761 0.063s
2024-12-12 02:51:51.553 66400 INFO tempest.lib.common.rest_client [req-c38b5d82-c8a9-4d9d-922a-309adcda7224 req-c38b5d82-c8a9-4d9d-922a-309adcda7224 ] Request (ServersNegativeTestJSON:setUpClass): 200 GET http://10.180.1.21/compute/v2.1/servers/b409568f-6e04-4218-8a7b-1bbf785115c3 0.060s
2024-12-12 02:51:51.608 66418 INFO tempest.lib.common.rest_client [req-803037da-f7bc-4f41-bd43-2098ee083063 req-803037da-f7bc-4f41-bd43-2098ee083063 ] Request (ServerMetadataNegativeTestJSON:tearDownClass): 200 GET http://10.180.1.21/compute/v2.1/servers/914b187f-b05f-49d4-bf61-d536ef61934d 0.057s
2024-12-12 02:51:51.665 66392 INFO tempest.lib.common.rest_client [req-a694b883-a4c9-4062-bcd1-e2046015cf22 req-a694b883-a4c9-4062-bcd1-e2046015cf22 ] Request (ServerAddressesNegativeTestJSON:tearDownClass): 200 GET http://10.180.1.21/compute/v2.1/servers/52670f9e-0cb7-4464-be9c-7b0d8346f60f 0.060s
2024-12-12 02:51:51.676 66407 INFO tempest.lib.common.rest_client [req-60c7f5d7-94cc-49f9-8d3f-9e3970605c3f req-60c7f5d7-94cc-49f9-8d3f-9e3970605c3f ] Request (MigrationsAdminTest:test_list_migrations_in_flavor_resize_situation): 200 GET http://10.180.1.21/compute/v2.1/servers/3fc6366b-76db-4bb1-ae1f-67b3ad5e1cbd 0.104s
2024-12-12 02:51:51.717 66424 INFO tempest.lib.common.rest_client [req-ab581d29-d09c-472f-b57e-75750f822c08 req-ab581d29-d09c-472f-b57e-75750f822c08 ] Request (SecurityGroupsTestJSON:test_server_security_groups): 200 GET http://10.180.1.21/compute/v2.1/servers/d16a99df-f092-4d56-9730-852883bbdb70 0.095s
2024-12-12 02:51:51.737 66376 INFO tempest.lib.common.rest_client [req-c5ca8593-149b-4342-b2b5-373f9dc9aa0d req-c5ca8593-149b-4342-b2b5-373f9dc9aa0d ] Request (ImagesNegativeTestJSON:test_create_image_from_deleted_server): 200 GET http://10.180.1.21/compute/v2.1/servers/afd02433-0912-44ef-8e0e-71d6ee8fbb41 0.076s
2024-12-12 02:51:51.773 66372 INFO tempest.lib.common.rest_client [req-bb44d03b-d4f5-49a2-9b70-16f29db3ccbf req-bb44d03b-d4f5-49a2-9b70-16f29db3ccbf ] Request (ServersTestMultiNic:_run_cleanups): 200 GET http://10.180.1.21/compute/v2.1/servers/0c5c5c06-0b5e-4e11-84b5-ca76828a0565 0.093s
2024-12-12 02:51:51.783 66410 INFO tempest.lib.common.rest_client [req-ce4a375d-ce47-41b9-a692-a6dc098eaee9 req-ce4a375d-ce47-41b9-a692-a6dc098eaee9 ] Request (ServersAdminTestJSON:setUpClass): 200 GET http://10.180.1.21/compute/v2.1/servers/0a1a8539-940a-4a17-9826-82736be41892 0.075s
2024-12-12 02:51:51.829 66366 INFO tempest.lib.common.rest_client [req-e1206df9-c44e-4212-a28a-f56717c9a4cf req-e1206df9-c44e-4212-a28a-f56717c9a4cf ] Request (ListImageFiltersTestJSON:setUpClass): 200 GET http://10.180.1.21/compute/v2.1/servers/4fd2da5f-2867-4eeb-b7ab-8ffd7b096859 0.054s
2024-12-12 02:51:51.833 66384 INFO tempest.lib.common.rest_client [req-14e7f553-1079-4cd0-910c-85c56a43c03e req-14e7f553-1079-4cd0-910c-85c56a43c03e ] Request (ImagesTestJSON:test_create_image_from_suspended_server): 200 GET http://10.180.1.21/compute/v2.1/servers/946dad01-c012-457d-8bfe-6395ff0aaedf 0.050s
2024-12-12 02:51:51.891 66374 INFO tempest.lib.common.rest_client [req-70df579f-a1e9-4a11-95aa-6c7406914bf3 req-70df579f-a1e9-4a11-95aa-6c7406914bf3 ] Request (ServerRescueTestJSON:setUpClass): 200 GET http://10.180.1.21/compute/v2.1/servers/e003e41d-93e8-4258-b8ca-3c2420b73df0 0.054s
2024-12-12 02:51:51.907 66378 INFO tempest.lib.common.rest_client [req-9e2ea19a-fb46-428b-bf78-bbcf20c2db61 req-9e2ea19a-fb46-428b-bf78-bbcf20c2db61 ] Request (FloatingIPsAssociationTestJSON:tearDownClass): 200 GET http://10.180.1.21/compute/v2.1/servers/4a6ac464-a5e0-4ed6-909d-f1730be14380 0.056s
2024-12-12 02:51:51.984 66368 INFO tempest.lib.common.rest_client [req-e91eb733-310f-46d8-8766-99f899dc41d3 req-e91eb733-310f-46d8-8766-99f899dc41d3 ] Request (AttachInterfacesUnderV243Test:setUpClass): 201 POST http://10.180.1.21:9696/networking/v2.0/routers 0.696s
2024-12-12 02:51:51.997 66362 INFO tempest.lib.common.rest_client [req-fa7af0a5-fe87-4207-8568-77b15d9afedd req-fa7af0a5-fe87-4207-8568-77b15d9afedd ] Request (ServerTagsTestJSON:setUpClass): 200 GET http://10.180.1.21/compute/v2.1/servers/48b74d52-e764-4d14-b372-fc34872205dd 0.065s
2024-12-12 02:51:52.076 66420 INFO tempest.lib.common.rest_client [req-9aaa3a06-46af-4812-aa7d-010afcb7a0c9 req-9aaa3a06-46af-4812-aa7d-010afcb7a0c9 ] Request (AttachVolumeTestJSON:test_attach_detach_volume): 200 GET http://10.180.1.21/compute/v2.1/servers/1c3392d3-cfb0-47c6-9366-8c363ad21297 0.058s
2024-12-12 02:51:52.123 66382 INFO tempest.lib.common.rest_client [req-d93004d4-d777-429c-82b7-b8919829d966 req-d93004d4-d777-429c-82b7-b8919829d966 ] Request (ServersAdminNegativeTestJSON:setUpClass): 200 GET http://10.180.1.21/compute/v2.1/servers/0707fdd6-2aed-4a09-90e0-c7fb0eae6acf 0.055s
2024-12-12 02:51:52.170 66390 INFO tempest.lib.common.rest_client [req-063cb932-90e0-4c76-bd69-2f412b62b562 req-063cb932-90e0-4c76-bd69-2f412b62b562 ] Request (ServerDiagnosticsTest:test_get_server_diagnostics): 200 GET http://10.180.1.21/compute/v2.1/servers/c6dc008c-6336-4271-9635-a7e0652138e0 0.052s
2024-12-12 02:51:52.216 66394 INFO tempest.lib.common.rest_client [req-ff419d75-ebf3-4989-bcd3-56752034b963 req-ff419d75-ebf3-4989-bcd3-56752034b963 ] Request (ImagesOneServerNegativeTestJSON:_run_cleanups): 200 GET http://10.180.1.21/compute/v2.1/servers/ba6e94c9-eb58-4040-8e28-f255961e76ca 0.061s
2024-12-12 02:51:52.224 66364 INFO tempest.lib.common.rest_client [req-d425a30b-56c7-437f-803f-e2bdbc21612b req-d425a30b-56c7-437f-803f-e2bdbc21612b ] Request (ListServerFiltersTestJSON:setUpClass): 200 GET http://10.180.1.21/compute/v2.1/servers/a6b06048-6cdc-497e-8c5d-b6a26d3e7557 0.138s
2024-12-12 02:51:52.275 66386 INFO tempest.lib.common.rest_client [req-2c12e5fa-d4cb-48fa-a94d-e3a87b6795d0 req-2c12e5fa-d4cb-48fa-a94d-e3a87b6795d0 ] Request (ServersV294TestFqdnHostnames:setUpClass): 200 GET http://10.180.1.21/compute/v2.1/servers/1e3f720c-5a6f-4e7c-aafc-b4680d9667e1 0.073s
2024-12-12 02:51:52.310 66402 INFO tempest.lib.common.rest_client [req-64ed4b49-4d59-4c73-93bc-b29a030f79e7 req-64ed4b49-4d59-4c73-93bc-b29a030f79e7 ] Request (ServerShowV247Test:tearDownClass): 200 GET http://10.180.1.21/compute/v2.1/servers/f06102d6-be5c-40d1-ae1d-8ae8190fd0d7 0.064s
2024-12-12 02:51:52.330 66388 INFO tempest.lib.common.rest_client [req-ac5d361c-ecba-4b80-9c3a-547cced75fdc req-ac5d361c-ecba-4b80-9c3a-547cced75fdc ] Request (ServerDiagnosticsV248Test:tearDownClass): 200 GET http://10.180.1.21/compute/v2.1/servers/2bc7f973-007d-44bd-aae8-d3b62506efba 0.074s
2024-12-12 02:51:52.366 66408 WARNING tempest.lib.common.ssh [-] Failed to establish authenticated ssh connection to cirros@10.180.180.160 ([Errno None] Unable to connect to port 22 on 10.180.180.160). Number attempts: 1. Retry after 2 seconds.: paramiko.ssh_exception.NoValidConnectionsError: [Errno None] Unable to connect to port 22 on 10.180.180.160
2024-12-12 02:51:52.373 66404 INFO tempest.lib.common.rest_client [req-a095a158-140d-4d3b-a0d0-ac3738415a01 req-a095a158-140d-4d3b-a0d0-ac3738415a01 ] Request (ServersAaction247Test:test_create_backup): 200 GET http://10.180.1.21/compute/v2.1/servers/128bd207-a483-4b38-9fd4-4fb996ce1d0d 0.054s
2024-12-12 02:51:52.596 66398 INFO tempest.lib.common.rest_client [req-2a06ba59-6873-4627-b88d-92b5e3a1d080 req-2a06ba59-6873-4627-b88d-92b5e3a1d080 ] Request (ServersAdmin275Test:tearDownClass): 200 GET http://10.180.1.21/compute/v2.1/servers/66745316-2735-4c49-b1a2-f9e547211761 0.073s
2024-12-12 02:51:52.614 66400 INFO tempest.lib.common.rest_client [req-1bb9987d-54fa-413c-bd2f-64ecbf72665d req-1bb9987d-54fa-413c-bd2f-64ecbf72665d ] Request (ServersNegativeTestJSON:setUpClass): 200 GET http://10.180.1.21/compute/v2.1/servers/b409568f-6e04-4218-8a7b-1bbf785115c3 0.054s
2024-12-12 02:51:52.672 66418 INFO tempest.lib.common.rest_client [req-ccb0b51e-76e0-462e-9856-8d250a062229 req-ccb0b51e-76e0-462e-9856-8d250a062229 ] Request (ServerMetadataNegativeTestJSON:tearDownClass): 200 GET http://10.180.1.21/compute/v2.1/servers/914b187f-b05f-49d4-bf61-d536ef61934d 0.055s
2024-12-12 02:51:52.735 66392 INFO tempest.lib.common.rest_client [req-55d0c258-7563-47d6-ae3b-bf6ef5d5ceb5 req-55d0c258-7563-47d6-ae3b-bf6ef5d5ceb5 ] Request (ServerAddressesNegativeTestJSON:tearDownClass): 200 GET http://10.180.1.21/compute/v2.1/servers/52670f9e-0cb7-4464-be9c-7b0d8346f60f 0.063s
2024-12-12 02:51:52.781 66424 INFO tempest.lib.common.rest_client [req-47a2184a-a6f4-419f-a11b-26db634f0d24 req-47a2184a-a6f4-419f-a11b-26db634f0d24 ] Request (SecurityGroupsTestJSON:test_server_security_groups): 200 GET http://10.180.1.21/compute/v2.1/servers/d16a99df-f092-4d56-9730-852883bbdb70 0.055s
2024-12-12 02:51:52.815 66407 INFO tempest.lib.common.rest_client [req-f9875016-70de-4167-be2d-e101c79f4030 req-f9875016-70de-4167-be2d-e101c79f4030 ] Request (MigrationsAdminTest:test_list_migrations_in_flavor_resize_situation): 200 GET http://10.180.1.21/compute/v2.1/servers/3fc6366b-76db-4bb1-ae1f-67b3ad5e1cbd 0.132s
2024-12-12 02:51:52.843 66376 INFO tempest.lib.common.rest_client [req-42bba867-e92f-4f69-8040-928e62bafea1 req-42bba867-e92f-4f69-8040-928e62bafea1 ] Request (ImagesNegativeTestJSON:test_create_image_from_deleted_server): 200 GET http://10.180.1.21/compute/v2.1/servers/afd02433-0912-44ef-8e0e-71d6ee8fbb41 0.099s
2024-12-12 02:51:52.862 66368 INFO tempest.lib.common.rest_client [req-f4ed22d7-9bda-40a6-9eab-eca5de3f376e req-f4ed22d7-9bda-40a6-9eab-eca5de3f376e ] Request (AttachInterfacesUnderV243Test:setUpClass): 200 PUT http://10.180.1.21:9696/networking/v2.0/routers/78d4111f-1f3d-4096-b469-05738b20a8a0/add_router_interface 0.877s
2024-12-12 02:51:52.862 66368 INFO tempest.lib.common.dynamic_creds [-] Created isolated network resources for: credentials: Credentials: {'domain_id': 'default', 'domain_name': 'Default', 'username': 'tempest-AttachInterfacesUnderV243Test-1256733884-project-member', 'project_domain_id': 'default', 'project_domain_name': 'Default', 'project_id': '7931dc5c9a614764a02086f070df1b00', 'project_name': 'tempest-AttachInterfacesUnderV243Test-1256733884', 'tenant_id': '7931dc5c9a614764a02086f070df1b00', 'tenant_name': 'tempest-AttachInterfacesUnderV243Test-1256733884', 'user_domain_id': 'default', 'user_domain_name': 'Default', 'user_id': '7b8b117d0fbd4db2873e88e691bff621', 'system': None}, Network: {'id': '5a4eac83-6690-4cfe-9566-bb19f92bc348', 'name': 'tempest-AttachInterfacesUnderV243Test-771748026-network', 'tenant_id': '7931dc5c9a614764a02086f070df1b00', 'admin_state_up': True, 'mtu': 8950, 'status': 'ACTIVE', 'subnets': [], 'shared': False, 'project_id': '7931dc5c9a614764a02086f070df1b00', 'port_security_enabled': True, 'router:external': False, 'provider:network_type': 'vlan', 'provider:physical_network': 'default', 'provider:segmentation_id': 693, 'availability_zone_hints': [], 'availability_zones': [], 'ipv4_address_scope': None, 'ipv6_address_scope': None, 'description': '', 'tags': [], 'created_at': '2024-12-12T02:51:51Z', 'updated_at': '2024-12-12T02:51:51Z', 'revision_number': 1}, Subnet: {'id': '39027ffa-ed97-457c-a3e9-25a2373863f2', 'name': 'tempest-AttachInterfacesUnderV243Test-771748026-subnet', 'tenant_id': '7931dc5c9a614764a02086f070df1b00', 'network_id': '5a4eac83-6690-4cfe-9566-bb19f92bc348', 'ip_version': 4, 'subnetpool_id': None, 'enable_dhcp': True, 'ipv6_ra_mode': None, 'ipv6_address_mode': None, 'gateway_ip': '192.168.128.1', 'cidr': '192.168.128.0/28', 'allocation_pools': [{'start': '192.168.128.2', 'end': '192.168.128.14'}], 'host_routes': [], 'dns_nameservers': [], 'description': '', 'router:external': False, 'service_types': [], 'tags': [], 'created_at': '2024-12-12T02:51:51Z', 'updated_at': '2024-12-12T02:51:51Z', 'revision_number': 0, 'project_id': '7931dc5c9a614764a02086f070df1b00'}, Router: {'id': '78d4111f-1f3d-4096-b469-05738b20a8a0', 'name': 'tempest-AttachInterfacesUnderV243Test-771748026-router', 'tenant_id': '7931dc5c9a614764a02086f070df1b00', 'admin_state_up': True, 'status': 'ACTIVE', 'external_gateway_info': {'network_id': '5c27ea3f-3ebe-407a-a902-797212721673', 'external_fixed_ips': [{'subnet_id': '044d82c6-4814-457a-a43a-2196bed672d7', 'ip_address': '10.180.180.250'}], 'enable_snat': True}, 'description': '', 'availability_zones': [], 'distributed': False, 'ha': False, 'availability_zone_hints': [], 'routes': [], 'flavor_id': None, 'tags': [], 'created_at': '2024-12-12T02:51:51Z', 'updated_at': '2024-12-12T02:51:51Z', 'revision_number': 2, 'project_id': '7931dc5c9a614764a02086f070df1b00'}
2024-12-12 02:51:52.876 66372 INFO tempest.lib.common.rest_client [req-bd6c1fed-7eb6-400c-9bbd-5415ea9e8171 req-bd6c1fed-7eb6-400c-9bbd-5415ea9e8171 ] Request (ServersTestMultiNic:_run_cleanups): 200 GET http://10.180.1.21/compute/v2.1/servers/0c5c5c06-0b5e-4e11-84b5-ca76828a0565 0.095s
2024-12-12 02:51:52.890 66410 INFO tempest.lib.common.rest_client [req-c0fcff90-0760-4dc2-92de-7c749d7ae459 req-c0fcff90-0760-4dc2-92de-7c749d7ae459 ] Request (ServersAdminTestJSON:setUpClass): 200 GET http://10.180.1.21/compute/v2.1/servers/0a1a8539-940a-4a17-9826-82736be41892 0.099s
2024-12-12 02:51:52.932 66366 INFO tempest.lib.common.rest_client [req-71181071-ca2d-407c-b3ec-f97a951ec025 req-71181071-ca2d-407c-b3ec-f97a951ec025 ] Request (ListImageFiltersTestJSON:setUpClass): 200 GET http://10.180.1.21/compute/v2.1/servers/4fd2da5f-2867-4eeb-b7ab-8ffd7b096859 0.096s
2024-12-12 02:51:52.943 66384 INFO tempest.lib.common.rest_client [req-359e4740-b87c-4e41-bada-cb899ad2c1bc req-359e4740-b87c-4e41-bada-cb899ad2c1bc ] Request (ImagesTestJSON:test_create_image_from_suspended_server): 200 GET http://10.180.1.21/compute/v2.1/servers/946dad01-c012-457d-8bfe-6395ff0aaedf 0.102s
2024-12-12 02:51:52.948 66368 INFO tempest.lib.common.rest_client [req-2e8b6876-3d21-440a-b179-ffcc012fa8e8 req-2e8b6876-3d21-440a-b179-ffcc012fa8e8 ] Request (AttachInterfacesUnderV243Test:setUpClass): 201 POST http://10.180.1.21/identity/v3/auth/tokens 0.082s
2024-12-12 02:51:52.988 66374 INFO tempest.lib.common.rest_client [req-a1e2dbf0-ea5e-4882-a30e-171ada646015 req-a1e2dbf0-ea5e-4882-a30e-171ada646015 ] Request (ServerRescueTestJSON:setUpClass): 200 GET http://10.180.1.21/compute/v2.1/servers/e003e41d-93e8-4258-b8ca-3c2420b73df0 0.087s
2024-12-12 02:51:52.997 66378 INFO tempest.lib.common.rest_client [req-7f79f89e-1e2d-4db2-ae43-239982aaf08e req-7f79f89e-1e2d-4db2-ae43-239982aaf08e ] Request (FloatingIPsAssociationTestJSON:tearDownClass): 200 GET http://10.180.1.21/compute/v2.1/servers/4a6ac464-a5e0-4ed6-909d-f1730be14380 0.082s
2024-12-12 02:51:53.066 66362 INFO tempest.lib.common.rest_client [req-82fae35f-8f87-4dd7-b8c4-a40f775b3e5c req-82fae35f-8f87-4dd7-b8c4-a40f775b3e5c ] Request (ServerTagsTestJSON:setUpClass): 200 GET http://10.180.1.21/compute/v2.1/servers/48b74d52-e764-4d14-b372-fc34872205dd 0.061s
2024-12-12 02:51:53.109 66368 INFO tempest.lib.common.rest_client [req-9ce0deb2-737c-4797-9ab1-70a02e39437e req-9ce0deb2-737c-4797-9ab1-70a02e39437e ] Request (ValidationResourcesFixture:setUp): 200 POST http://10.180.1.21/compute/v2.1/os-keypairs 0.159s
2024-12-12 02:51:53.133 66420 INFO tempest.lib.common.rest_client [req-d72a29be-13c8-4a4e-a6a2-74d4e19ac66a req-d72a29be-13c8-4a4e-a6a2-74d4e19ac66a ] Request (AttachVolumeTestJSON:test_attach_detach_volume): 200 GET http://10.180.1.21/compute/v2.1/servers/1c3392d3-cfb0-47c6-9366-8c363ad21297 0.050s
2024-12-12 02:51:53.180 66382 INFO tempest.lib.common.rest_client [req-fbac60b0-99e0-4dd0-bbab-297b201e4fbf req-fbac60b0-99e0-4dd0-bbab-297b201e4fbf ] Request (ServersAdminNegativeTestJSON:setUpClass): 200 GET http://10.180.1.21/compute/v2.1/servers/0707fdd6-2aed-4a09-90e0-c7fb0eae6acf 0.049s
2024-12-12 02:51:53.225 66368 INFO tempest.lib.common.rest_client [req-33675a38-9c2d-4dcb-98ec-b6c23dc18649 req-33675a38-9c2d-4dcb-98ec-b6c23dc18649 ] Request (ValidationResourcesFixture:setUp): 201 POST http://10.180.1.21:9696/networking/v2.0/security-groups 0.114s
2024-12-12 02:51:53.232 66390 INFO tempest.lib.common.rest_client [req-345a8d2d-a76b-4d74-95f6-c98d602119d4 req-345a8d2d-a76b-4d74-95f6-c98d602119d4 ] Request (ServerDiagnosticsTest:test_get_server_diagnostics): 200 GET http://10.180.1.21/compute/v2.1/servers/c6dc008c-6336-4271-9635-a7e0652138e0 0.054s
2024-12-12 02:51:53.277 66394 INFO tempest.lib.common.rest_client [req-9b5c4359-4ebf-46d2-9f6c-9ac605ce6ba8 req-9b5c4359-4ebf-46d2-9f6c-9ac605ce6ba8 ] Request (ImagesOneServerNegativeTestJSON:_run_cleanups): 200 GET http://10.180.1.21/compute/v2.1/servers/ba6e94c9-eb58-4040-8e28-f255961e76ca 0.054s
2024-12-12 02:51:53.343 66368 INFO tempest.lib.common.rest_client [req-e192094f-185e-4d21-8814-001021aa56ee req-e192094f-185e-4d21-8814-001021aa56ee ] Request (ValidationResourcesFixture:setUp): 201 POST http://10.180.1.21:9696/networking/v2.0/security-group-rules 0.118s
2024-12-12 02:51:53.354 66364 INFO tempest.lib.common.rest_client [req-8af75d31-842a-47df-8b5b-e7e4d6c2b459 req-8af75d31-842a-47df-8b5b-e7e4d6c2b459 ] Request (ListServerFiltersTestJSON:setUpClass): 200 GET http://10.180.1.21/compute/v2.1/servers/a6b06048-6cdc-497e-8c5d-b6a26d3e7557 0.122s
2024-12-12 02:51:53.358 66386 INFO tempest.lib.common.rest_client [req-3dcdc38b-905c-48c9-9441-37bdcf569de6 req-3dcdc38b-905c-48c9-9441-37bdcf569de6 ] Request (ServersV294TestFqdnHostnames:setUpClass): 200 GET http://10.180.1.21/compute/v2.1/servers/1e3f720c-5a6f-4e7c-aafc-b4680d9667e1 0.073s
2024-12-12 02:51:53.424 66402 INFO tempest.lib.common.rest_client [req-4e15fa1f-f5a0-4ec7-ad90-c3cac74f102c req-4e15fa1f-f5a0-4ec7-ad90-c3cac74f102c ] Request (ServerShowV247Test:tearDownClass): 200 GET http://10.180.1.21/compute/v2.1/servers/f06102d6-be5c-40d1-ae1d-8ae8190fd0d7 0.105s
2024-12-12 02:51:53.431 66388 INFO tempest.lib.common.rest_client [req-43f1bbed-e184-4345-8e23-91ae3343060e req-43f1bbed-e184-4345-8e23-91ae3343060e ] Request (ServerDiagnosticsV248Test:tearDownClass): 200 GET http://10.180.1.21/compute/v2.1/servers/2bc7f973-007d-44bd-aae8-d3b62506efba 0.093s
2024-12-12 02:51:53.447 66368 INFO tempest.lib.common.rest_client [req-22c8e6cd-3df0-4766-adfa-a90802eb9429 req-22c8e6cd-3df0-4766-adfa-a90802eb9429 ] Request (ValidationResourcesFixture:setUp): 201 POST http://10.180.1.21:9696/networking/v2.0/security-group-rules 0.103s
2024-12-12 02:51:53.482 66404 INFO tempest.lib.common.rest_client [req-559642e7-4b99-4a78-a6b4-a41cfeff8d27 req-559642e7-4b99-4a78-a6b4-a41cfeff8d27 ] Request (ServersAaction247Test:test_create_backup): 200 GET http://10.180.1.21/compute/v2.1/servers/128bd207-a483-4b38-9fd4-4fb996ce1d0d 0.099s
2024-12-12 02:51:53.681 66398 INFO tempest.lib.common.rest_client [req-f47d81fb-f56a-43b8-8057-d4aafed417e2 req-f47d81fb-f56a-43b8-8057-d4aafed417e2 ] Request (ServersAdmin275Test:tearDownClass): 200 GET http://10.180.1.21/compute/v2.1/servers/66745316-2735-4c49-b1a2-f9e547211761 0.075s
2024-12-12 02:51:53.689 66400 INFO tempest.lib.common.rest_client [req-728f8629-1545-4f10-a86b-8b0108095357 req-728f8629-1545-4f10-a86b-8b0108095357 ] Request (ServersNegativeTestJSON:setUpClass): 200 GET http://10.180.1.21/compute/v2.1/servers/b409568f-6e04-4218-8a7b-1bbf785115c3 0.065s
2024-12-12 02:51:53.760 66418 INFO tempest.lib.common.rest_client [req-01f6e28d-4f16-453a-8c80-bf67d840c7c0 req-01f6e28d-4f16-453a-8c80-bf67d840c7c0 ] Request (ServerMetadataNegativeTestJSON:tearDownClass): 200 GET http://10.180.1.21/compute/v2.1/servers/914b187f-b05f-49d4-bf61-d536ef61934d 0.077s
2024-12-12 02:51:53.813 66392 INFO tempest.lib.common.rest_client [req-b6591b26-991f-41e7-9406-d93ed45e1913 req-b6591b26-991f-41e7-9406-d93ed45e1913 ] Request (ServerAddressesNegativeTestJSON:tearDownClass): 200 GET http://10.180.1.21/compute/v2.1/servers/52670f9e-0cb7-4464-be9c-7b0d8346f60f 0.068s
2024-12-12 02:51:53.848 66424 INFO tempest.lib.common.rest_client [req-bd81d1e1-7b01-4d5a-bf09-a0d99224cb50 req-bd81d1e1-7b01-4d5a-bf09-a0d99224cb50 ] Request (SecurityGroupsTestJSON:test_server_security_groups): 200 GET http://10.180.1.21/compute/v2.1/servers/d16a99df-f092-4d56-9730-852883bbdb70 0.060s
2024-12-12 02:51:53.887 66368 INFO tempest.lib.common.rest_client [req-5ba92cb3-99e4-48c0-b339-17b5f824a019 req-5ba92cb3-99e4-48c0-b339-17b5f824a019 ] Request (ValidationResourcesFixture:setUp): 201 POST http://10.180.1.21:9696/networking/v2.0/floatingips 0.440s
2024-12-12 02:51:53.902 66376 INFO tempest.lib.common.rest_client [req-de3da2b1-e088-4e70-9b96-ed572e78ed52 req-de3da2b1-e088-4e70-9b96-ed572e78ed52 ] Request (ImagesNegativeTestJSON:test_create_image_from_deleted_server): 200 GET http://10.180.1.21/compute/v2.1/servers/afd02433-0912-44ef-8e0e-71d6ee8fbb41 0.052s
2024-12-12 02:51:53.928 66368 INFO tempest.lib.common.rest_client [req-10ac86b4-0614-4a34-8683-3d661f7b8d84 req-10ac86b4-0614-4a34-8683-3d661f7b8d84 ] Request (AttachInterfacesUnderV243Test:test_add_remove_fixed_ip): 201 POST http://10.180.1.21/identity/v3/auth/tokens 0.038s
2024-12-12 02:51:53.929 66368 INFO tempest.lib.common.fixed_network [-] (AttachInterfacesUnderV243Test:test_add_remove_fixed_ip) Found network {'id': '5a4eac83-6690-4cfe-9566-bb19f92bc348', 'name': 'tempest-AttachInterfacesUnderV243Test-771748026-network', 'tenant_id': '7931dc5c9a614764a02086f070df1b00', 'admin_state_up': True, 'mtu': 8950, 'status': 'ACTIVE', 'subnets': [], 'shared': False, 'project_id': '7931dc5c9a614764a02086f070df1b00', 'port_security_enabled': True, 'router:external': False, 'provider:network_type': 'vlan', 'provider:physical_network': 'default', 'provider:segmentation_id': 693, 'availability_zone_hints': [], 'availability_zones': [], 'ipv4_address_scope': None, 'ipv6_address_scope': None, 'description': '', 'tags': [], 'created_at': '2024-12-12T02:51:51Z', 'updated_at': '2024-12-12T02:51:51Z', 'revision_number': 1} available for tenant
2024-12-12 02:51:53.958 66407 INFO tempest.lib.common.rest_client [req-4a3ac72d-fceb-4e78-bb92-3f3cd1a51bc7 req-4a3ac72d-fceb-4e78-bb92-3f3cd1a51bc7 ] Request (MigrationsAdminTest:test_list_migrations_in_flavor_resize_situation): 200 GET http://10.180.1.21/compute/v2.1/servers/3fc6366b-76db-4bb1-ae1f-67b3ad5e1cbd 0.134s
2024-12-12 02:51:53.981 66372 INFO tempest.lib.common.rest_client [req-79ec3c01-5de0-4a43-9634-23b72789f2b7 req-79ec3c01-5de0-4a43-9634-23b72789f2b7 ] Request (ServersTestMultiNic:_run_cleanups): 200 GET http://10.180.1.21/compute/v2.1/servers/0c5c5c06-0b5e-4e11-84b5-ca76828a0565 0.094s
2024-12-12 02:51:54.016 66410 INFO tempest.lib.common.rest_client [req-f8aa0df2-951a-4d48-9ad4-4d8325de68f4 req-f8aa0df2-951a-4d48-9ad4-4d8325de68f4 ] Request (ServersAdminTestJSON:setUpClass): 200 GET http://10.180.1.21/compute/v2.1/servers/0a1a8539-940a-4a17-9826-82736be41892 0.119s
2024-12-12 02:51:54.065 66366 INFO tempest.lib.common.rest_client [req-e2d2c216-4a18-4d9c-a270-7da4cd18b00f req-e2d2c216-4a18-4d9c-a270-7da4cd18b00f ] Request (ListImageFiltersTestJSON:setUpClass): 200 GET http://10.180.1.21/compute/v2.1/servers/4fd2da5f-2867-4eeb-b7ab-8ffd7b096859 0.126s
2024-12-12 02:51:54.115 66384 INFO tempest.lib.common.rest_client [req-20888c72-0585-44af-bfd3-1da5219849d1 req-20888c72-0585-44af-bfd3-1da5219849d1 ] Request (ImagesTestJSON:test_create_image_from_suspended_server): 200 GET http://10.180.1.21/compute/v2.1/servers/946dad01-c012-457d-8bfe-6395ff0aaedf 0.164s
2024-12-12 02:51:54.166 66374 INFO tempest.lib.common.rest_client [req-352bde65-5123-41d7-a711-41aa872b240e req-352bde65-5123-41d7-a711-41aa872b240e ] Request (ServerRescueTestJSON:setUpClass): 200 GET http://10.180.1.21/compute/v2.1/servers/e003e41d-93e8-4258-b8ca-3c2420b73df0 0.170s
2024-12-12 02:51:54.217 66378 INFO tempest.lib.common.rest_client [req-10d82aae-1630-49ed-9020-d0f777c20e11 req-10d82aae-1630-49ed-9020-d0f777c20e11 ] Request (FloatingIPsAssociationTestJSON:tearDownClass): 200 GET http://10.180.1.21/compute/v2.1/servers/4a6ac464-a5e0-4ed6-909d-f1730be14380 0.214s
2024-12-12 02:51:54.324 66368 INFO tempest.lib.common.rest_client [req-bdef4f56-0385-465f-8145-e7af27cf6f92 req-bdef4f56-0385-465f-8145-e7af27cf6f92 ] Request (AttachInterfacesUnderV243Test:test_add_remove_fixed_ip): 202 POST http://10.180.1.21/compute/v2.1/servers 0.394s
2024-12-12 02:51:54.376 66420 INFO tempest.lib.common.rest_client [req-060904d4-4d51-4a67-b7fa-6e08f624f425 req-060904d4-4d51-4a67-b7fa-6e08f624f425 ] Request (AttachVolumeTestJSON:test_attach_detach_volume): 200 GET http://10.180.1.21/compute/v2.1/servers/1c3392d3-cfb0-47c6-9366-8c363ad21297 0.235s
2024-12-12 02:51:54.424 66382 INFO tempest.lib.common.rest_client [req-b6335967-2efc-433b-9fc5-8922e3ac1e7a req-b6335967-2efc-433b-9fc5-8922e3ac1e7a ] Request (ServersAdminNegativeTestJSON:setUpClass): 200 GET http://10.180.1.21/compute/v2.1/servers/0707fdd6-2aed-4a09-90e0-c7fb0eae6acf 0.237s
2024-12-12 02:51:54.473 66390 INFO tempest.lib.common.rest_client [req-835ba666-4b2b-4df2-a525-444d7eab9edf req-835ba666-4b2b-4df2-a525-444d7eab9edf ] Request (ServerDiagnosticsTest:test_get_server_diagnostics): 200 GET http://10.180.1.21/compute/v2.1/servers/c6dc008c-6336-4271-9635-a7e0652138e0 0.234s
2024-12-12 02:51:54.490 66362 INFO tempest.lib.common.rest_client [req-d7f46157-49f0-4195-a004-49a70a151b83 req-d7f46157-49f0-4195-a004-49a70a151b83 ] Request (ServerTagsTestJSON:setUpClass): 200 GET http://10.180.1.21/compute/v2.1/servers/48b74d52-e764-4d14-b372-fc34872205dd 0.414s
2024-12-12 02:51:54.519 66394 INFO tempest.lib.common.rest_client [req-8324f8d7-053e-4336-aa1f-c1085f26dcb7 req-8324f8d7-053e-4336-aa1f-c1085f26dcb7 ] Request (ImagesOneServerNegativeTestJSON:_run_cleanups): 200 GET http://10.180.1.21/compute/v2.1/servers/ba6e94c9-eb58-4040-8e28-f255961e76ca 0.235s
2024-12-12 02:51:54.527 66368 INFO tempest.lib.common.rest_client [req-26a26d13-226a-4f0c-b9fa-035dc51a03e9 req-26a26d13-226a-4f0c-b9fa-035dc51a03e9 ] Request (AttachInterfacesUnderV243Test:test_add_remove_fixed_ip): 200 GET http://10.180.1.21/compute/v2.1/servers/0dbf907f-0313-435c-a8be-19f7e48ded76 0.201s
2024-12-12 02:51:54.572 66386 INFO tempest.lib.common.rest_client [req-3c0be6ff-96ab-49e3-92c1-8a599b259852 req-3c0be6ff-96ab-49e3-92c1-8a599b259852 ] Request (ServersV294TestFqdnHostnames:setUpClass): 200 GET http://10.180.1.21/compute/v2.1/servers/1e3f720c-5a6f-4e7c-aafc-b4680d9667e1 0.204s
2024-12-12 02:51:54.630 66402 INFO tempest.lib.common.rest_client [req-79d4c8e0-26a9-4b6f-a8db-a2cc409da700 req-79d4c8e0-26a9-4b6f-a8db-a2cc409da700 ] Request (ServerShowV247Test:tearDownClass): 200 GET http://10.180.1.21/compute/v2.1/servers/f06102d6-be5c-40d1-ae1d-8ae8190fd0d7 0.196s
2024-12-12 02:51:54.641 66364 INFO tempest.lib.common.rest_client [req-459878b3-6200-4b5f-9f6b-f5925a0f9f85 req-459878b3-6200-4b5f-9f6b-f5925a0f9f85 ] Request (ListServerFiltersTestJSON:setUpClass): 200 GET http://10.180.1.21/compute/v2.1/servers/a6b06048-6cdc-497e-8c5d-b6a26d3e7557 0.277s
2024-12-12 02:51:54.691 66388 INFO tempest.lib.common.rest_client [req-377cd10d-9477-489c-b969-995b23dc42ff req-377cd10d-9477-489c-b969-995b23dc42ff ] Request (ServerDiagnosticsV248Test:tearDownClass): 200 GET http://10.180.1.21/compute/v2.1/servers/2bc7f973-007d-44bd-aae8-d3b62506efba 0.248s
2024-12-12 02:51:54.693 66404 INFO tempest.lib.common.rest_client [req-8ec4d6af-b36a-44ec-a06e-8af60b8a73dc req-8ec4d6af-b36a-44ec-a06e-8af60b8a73dc ] Request (ServersAaction247Test:test_create_backup): 200 GET http://10.180.1.21/compute/v2.1/servers/128bd207-a483-4b38-9fd4-4fb996ce1d0d 0.202s
2024-12-12 02:51:54.747 66400 INFO tempest.lib.common.rest_client [req-e4eab37b-10be-476f-8363-2ff32cefa7c2 req-e4eab37b-10be-476f-8363-2ff32cefa7c2 ] Request (ServersNegativeTestJSON:setUpClass): 200 GET http://10.180.1.21/compute/v2.1/servers/b409568f-6e04-4218-8a7b-1bbf785115c3 0.049s
2024-12-12 02:51:54.751 66398 INFO tempest.lib.common.rest_client [req-42d8d82c-6585-4231-8976-2ff7c250f2cb req-42d8d82c-6585-4231-8976-2ff7c250f2cb ] Request (ServersAdmin275Test:tearDownClass): 200 GET http://10.180.1.21/compute/v2.1/servers/66745316-2735-4c49-b1a2-f9e547211761 0.058s
2024-12-12 02:51:54.823 66418 INFO tempest.lib.common.rest_client [req-c99d4635-7c0d-473c-b44c-cfca24ce0de7 req-c99d4635-7c0d-473c-b44c-cfca24ce0de7 ] Request (ServerMetadataNegativeTestJSON:tearDownClass): 200 GET http://10.180.1.21/compute/v2.1/servers/914b187f-b05f-49d4-bf61-d536ef61934d 0.055s
2024-12-12 02:51:54.881 66392 INFO tempest.lib.common.rest_client [req-f694b689-9035-41ea-a508-494b1935bd59 req-f694b689-9035-41ea-a508-494b1935bd59 ] Request (ServerAddressesNegativeTestJSON:tearDownClass): 200 GET http://10.180.1.21/compute/v2.1/servers/52670f9e-0cb7-4464-be9c-7b0d8346f60f 0.060s
2024-12-12 02:51:54.918 66424 INFO tempest.lib.common.rest_client [req-e44545e2-b427-4e29-a3f8-7804868b66cd req-e44545e2-b427-4e29-a3f8-7804868b66cd ] Request (SecurityGroupsTestJSON:test_server_security_groups): 200 GET http://10.180.1.21/compute/v2.1/servers/d16a99df-f092-4d56-9730-852883bbdb70 0.061s
2024-12-12 02:51:54.964 66376 INFO tempest.lib.common.rest_client [req-8bf331ac-fad8-4bfc-9d87-47ffbd31f8fb req-8bf331ac-fad8-4bfc-9d87-47ffbd31f8fb ] Request (ImagesNegativeTestJSON:test_create_image_from_deleted_server): 200 GET http://10.180.1.21/compute/v2.1/servers/afd02433-0912-44ef-8e0e-71d6ee8fbb41 0.050s
2024-12-12 02:51:55.051 66372 INFO tempest.lib.common.rest_client [req-aa67d10a-08bb-4d36-994d-3e5c713f6bbd req-aa67d10a-08bb-4d36-994d-3e5c713f6bbd ] Request (ServersTestMultiNic:_run_cleanups): 200 GET http://10.180.1.21/compute/v2.1/servers/0c5c5c06-0b5e-4e11-84b5-ca76828a0565 0.059s
2024-12-12 02:51:55.089 66407 INFO tempest.lib.common.rest_client [req-bfc57d54-8b91-4660-aadf-c1c9c9779161 req-bfc57d54-8b91-4660-aadf-c1c9c9779161 ] Request (MigrationsAdminTest:test_list_migrations_in_flavor_resize_situation): 200 GET http://10.180.1.21/compute/v2.1/servers/3fc6366b-76db-4bb1-ae1f-67b3ad5e1cbd 0.117s
2024-12-12 02:51:55.106 66410 INFO tempest.lib.common.rest_client [req-6c8b236f-4cae-4088-b15c-461493b2a27d req-6c8b236f-4cae-4088-b15c-461493b2a27d ] Request (ServersAdminTestJSON:setUpClass): 200 GET http://10.180.1.21/compute/v2.1/servers/0a1a8539-940a-4a17-9826-82736be41892 0.080s
2024-12-12 02:51:55.147 66366 INFO tempest.lib.common.rest_client [req-861aed3d-6d11-4729-933f-003ae6317b2a req-861aed3d-6d11-4729-933f-003ae6317b2a ] Request (ListImageFiltersTestJSON:setUpClass): 200 GET http://10.180.1.21/compute/v2.1/servers/4fd2da5f-2867-4eeb-b7ab-8ffd7b096859 0.073s
2024-12-12 02:51:55.174 66384 INFO tempest.lib.common.rest_client [req-d3ed4a6e-922e-4972-9023-292d3f0f333e req-d3ed4a6e-922e-4972-9023-292d3f0f333e ] Request (ImagesTestJSON:test_create_image_from_suspended_server): 200 GET http://10.180.1.21/compute/v2.1/servers/946dad01-c012-457d-8bfe-6395ff0aaedf 0.050s
2024-12-12 02:51:55.221 66374 INFO tempest.lib.common.rest_client [req-6abcc0a0-87ed-48ae-834d-2ffe0b4e0b70 req-6abcc0a0-87ed-48ae-834d-2ffe0b4e0b70 ] Request (ServerRescueTestJSON:setUpClass): 200 GET http://10.180.1.21/compute/v2.1/servers/e003e41d-93e8-4258-b8ca-3c2420b73df0 0.044s
2024-12-12 02:51:55.283 66378 INFO tempest.lib.common.rest_client [req-e3ef909d-e52b-4ab6-8c0e-49c5a27b50f7 req-e3ef909d-e52b-4ab6-8c0e-49c5a27b50f7 ] Request (FloatingIPsAssociationTestJSON:tearDownClass): 200 GET http://10.180.1.21/compute/v2.1/servers/4a6ac464-a5e0-4ed6-909d-f1730be14380 0.055s
2024-12-12 02:51:55.420 66408 WARNING tempest.lib.common.ssh [-] Failed to establish authenticated ssh connection to cirros@10.180.180.160 ([Errno None] Unable to connect to port 22 on 10.180.180.160). Number attempts: 2. Retry after 3 seconds.: paramiko.ssh_exception.NoValidConnectionsError: [Errno None] Unable to connect to port 22 on 10.180.180.160
2024-12-12 02:51:55.439 66420 INFO tempest.lib.common.rest_client [req-6a962d0b-9e75-4de7-8050-4832e83b1bad req-6a962d0b-9e75-4de7-8050-4832e83b1bad ] Request (AttachVolumeTestJSON:test_attach_detach_volume): 200 GET http://10.180.1.21/compute/v2.1/servers/1c3392d3-cfb0-47c6-9366-8c363ad21297 0.049s
2024-12-12 02:51:55.480 66382 INFO tempest.lib.common.rest_client [req-2b623ccb-ca93-457b-8b78-909538b7d11e req-2b623ccb-ca93-457b-8b78-909538b7d11e ] Request (ServersAdminNegativeTestJSON:setUpClass): 200 GET http://10.180.1.21/compute/v2.1/servers/0707fdd6-2aed-4a09-90e0-c7fb0eae6acf 0.047s
2024-12-12 02:51:55.542 66390 INFO tempest.lib.common.rest_client [req-9754131f-89f3-4e30-9df9-dc437739cd9a req-9754131f-89f3-4e30-9df9-dc437739cd9a ] Request (ServerDiagnosticsTest:test_get_server_diagnostics): 200 GET http://10.180.1.21/compute/v2.1/servers/c6dc008c-6336-4271-9635-a7e0652138e0 0.059s
2024-12-12 02:51:55.556 66362 INFO tempest.lib.common.rest_client [req-28fea412-c882-4bfd-a97a-a4a5bbfa1d02 req-28fea412-c882-4bfd-a97a-a4a5bbfa1d02 ] Request (ServerTagsTestJSON:setUpClass): 200 GET http://10.180.1.21/compute/v2.1/servers/48b74d52-e764-4d14-b372-fc34872205dd 0.057s
2024-12-12 02:51:55.593 66394 INFO tempest.lib.common.rest_client [req-d08d7838-d2d3-4ac2-a2fe-95e99ce25ccd req-d08d7838-d2d3-4ac2-a2fe-95e99ce25ccd ] Request (ImagesOneServerNegativeTestJSON:_run_cleanups): 200 GET http://10.180.1.21/compute/v2.1/servers/ba6e94c9-eb58-4040-8e28-f255961e76ca 0.065s
2024-12-12 02:51:55.610 66368 INFO tempest.lib.common.rest_client [req-a2b5c129-bbc7-4bae-847e-48c47414e113 req-a2b5c129-bbc7-4bae-847e-48c47414e113 ] Request (AttachInterfacesUnderV243Test:test_add_remove_fixed_ip): 200 GET http://10.180.1.21/compute/v2.1/servers/0dbf907f-0313-435c-a8be-19f7e48ded76 0.074s
2024-12-12 02:51:55.640 66386 INFO tempest.lib.common.rest_client [req-1c5b2ae4-aa06-48af-9301-da85b8befe38 req-1c5b2ae4-aa06-48af-9301-da85b8befe38 ] Request (ServersV294TestFqdnHostnames:setUpClass): 200 GET http://10.180.1.21/compute/v2.1/servers/1e3f720c-5a6f-4e7c-aafc-b4680d9667e1 0.058s
2024-12-12 02:51:55.702 66402 INFO tempest.lib.common.rest_client [req-6e96bcc2-079b-48cd-9ea1-a99aa24f147e req-6e96bcc2-079b-48cd-9ea1-a99aa24f147e ] Request (ServerShowV247Test:tearDownClass): 200 GET http://10.180.1.21/compute/v2.1/servers/f06102d6-be5c-40d1-ae1d-8ae8190fd0d7 0.059s
2024-12-12 02:51:55.748 66364 INFO tempest.lib.common.rest_client [req-1e805566-474a-49b5-a2db-8aeafabae595 req-1e805566-474a-49b5-a2db-8aeafabae595 ] Request (ListServerFiltersTestJSON:setUpClass): 200 GET http://10.180.1.21/compute/v2.1/servers/a6b06048-6cdc-497e-8c5d-b6a26d3e7557 0.094s
2024-12-12 02:51:55.755 66364 INFO tempest.common.waiters [-] State transition "BUILD/spawning" ==> "ACTIVE/None" after 61 second wait
2024-12-12 02:51:55.759 66388 INFO tempest.lib.common.rest_client [req-c733b028-f5f7-45f8-963e-11b66475545e req-c733b028-f5f7-45f8-963e-11b66475545e ] Request (ServerDiagnosticsV248Test:tearDownClass): 200 GET http://10.180.1.21/compute/v2.1/servers/2bc7f973-007d-44bd-aae8-d3b62506efba 0.059s
2024-12-12 02:51:55.795 66404 INFO tempest.lib.common.rest_client [req-b310d0b2-8c81-4fb3-aef3-ea9530e058e6 req-b310d0b2-8c81-4fb3-aef3-ea9530e058e6 ] Request (ServersAaction247Test:test_create_backup): 200 GET http://10.180.1.21/compute/v2.1/servers/128bd207-a483-4b38-9fd4-4fb996ce1d0d 0.093s
2024-12-12 02:51:55.803 66400 INFO tempest.lib.common.rest_client [req-851ae135-019c-446a-bb00-03137b8fc3c5 req-851ae135-019c-446a-bb00-03137b8fc3c5 ] Request (ServersNegativeTestJSON:setUpClass): 200 GET http://10.180.1.21/compute/v2.1/servers/b409568f-6e04-4218-8a7b-1bbf785115c3 0.049s
2024-12-12 02:51:55.864 66398 INFO tempest.lib.common.rest_client [req-cb96e8fa-e96b-4e81-8ce1-0e60cf61e71d req-cb96e8fa-e96b-4e81-8ce1-0e60cf61e71d ] Request (ServersAdmin275Test:tearDownClass): 200 GET http://10.180.1.21/compute/v2.1/servers/66745316-2735-4c49-b1a2-f9e547211761 0.104s
2024-12-12 02:51:55.900 66364 INFO tempest.lib.common.rest_client [req-54de6d75-2df6-4bcc-9900-5e2b5c5ba18d req-54de6d75-2df6-4bcc-9900-5e2b5c5ba18d ] Request (ListServerFiltersTestJSON:setUpClass): 200 GET http://10.180.1.21/compute/v2.1/servers/42093232-a4e5-4cc3-ab1c-a0023a91e102 0.144s
2024-12-12 02:51:55.936 66418 INFO tempest.lib.common.rest_client [req-2f00e561-2e33-43d3-b9c5-be0d6f4aae96 req-2f00e561-2e33-43d3-b9c5-be0d6f4aae96 ] Request (ServerMetadataNegativeTestJSON:tearDownClass): 200 GET http://10.180.1.21/compute/v2.1/servers/914b187f-b05f-49d4-bf61-d536ef61934d 0.106s
2024-12-12 02:51:55.955 66392 INFO tempest.lib.common.rest_client [req-c3212fde-4a72-4f3c-ac9c-e9b33130f1b5 req-c3212fde-4a72-4f3c-ac9c-e9b33130f1b5 ] Request (ServerAddressesNegativeTestJSON:tearDownClass): 200 GET http://10.180.1.21/compute/v2.1/servers/52670f9e-0cb7-4464-be9c-7b0d8346f60f 0.066s
2024-12-12 02:51:55.999 66424 INFO tempest.lib.common.rest_client [req-cda0597d-eb29-4a3f-8273-3a7c7b785d04 req-cda0597d-eb29-4a3f-8273-3a7c7b785d04 ] Request (SecurityGroupsTestJSON:test_server_security_groups): 200 GET http://10.180.1.21/compute/v2.1/servers/d16a99df-f092-4d56-9730-852883bbdb70 0.074s
2024-12-12 02:51:56.022 66364 INFO tempest.lib.common.rest_client [req-050084c0-8be0-4c37-8888-db73aa538b79 req-050084c0-8be0-4c37-8888-db73aa538b79 ] Request (ListServerFiltersTestJSON:setUpClass): 200 GET http://10.180.1.21/compute/v2.1/servers/cf6ff174-1324-42bd-a77a-905b9a333c27 0.115s
2024-12-12 02:51:56.043 66376 INFO tempest.lib.common.rest_client [req-41583e64-2041-4043-a7bb-d8295b9acdc6 req-41583e64-2041-4043-a7bb-d8295b9acdc6 ] Request (ImagesNegativeTestJSON:test_create_image_from_deleted_server): 200 GET http://10.180.1.21/compute/v2.1/servers/afd02433-0912-44ef-8e0e-71d6ee8fbb41 0.073s
2024-12-12 02:51:56.060 66370 WARNING tempest.lib.common.ssh [-] Failed to establish authenticated ssh connection to cirros@10.180.180.207 ([Errno None] Unable to connect to port 22 on 10.180.180.207). Number attempts: 7. Retry after 8 seconds.: paramiko.ssh_exception.NoValidConnectionsError: [Errno None] Unable to connect to port 22 on 10.180.180.207
2024-12-12 02:51:56.110 66372 INFO tempest.lib.common.rest_client [req-1cfdc0c3-9b56-4591-b0d6-85d33e79025b req-1cfdc0c3-9b56-4591-b0d6-85d33e79025b ] Request (ServersTestMultiNic:_run_cleanups): 200 GET http://10.180.1.21/compute/v2.1/servers/0c5c5c06-0b5e-4e11-84b5-ca76828a0565 0.053s
2024-12-12 02:51:56.196 66407 INFO tempest.lib.common.rest_client [req-1685a1c4-d01f-4256-8752-35ac37c614a7 req-1685a1c4-d01f-4256-8752-35ac37c614a7 ] Request (MigrationsAdminTest:test_list_migrations_in_flavor_resize_situation): 200 GET http://10.180.1.21/compute/v2.1/servers/3fc6366b-76db-4bb1-ae1f-67b3ad5e1cbd 0.098s
2024-12-12 02:51:56.247 66410 INFO tempest.lib.common.rest_client [req-ccf8b045-9c64-43b4-a7cb-0d8103ee9f3e req-ccf8b045-9c64-43b4-a7cb-0d8103ee9f3e ] Request (ServersAdminTestJSON:setUpClass): 200 GET http://10.180.1.21/compute/v2.1/servers/0a1a8539-940a-4a17-9826-82736be41892 0.131s
2024-12-12 02:51:56.249 66364 INFO tempest.lib.common.rest_client [req-0fbcaaa8-88ef-4145-bad7-c5dd8178b6c3 req-0fbcaaa8-88ef-4145-bad7-c5dd8178b6c3 ] Request (ListServerFiltersTestJSON:test_list_servers_detailed_filter_by_flavor): 200 GET http://10.180.1.21/compute/v2.1/servers/detail?flavor=84 0.220s
2024-12-12 02:51:56.296 66366 INFO tempest.lib.common.rest_client [req-1682a9ba-78fa-4dc5-9945-aea16018de5a req-1682a9ba-78fa-4dc5-9945-aea16018de5a ] Request (ListImageFiltersTestJSON:setUpClass): 200 GET http://10.180.1.21/compute/v2.1/servers/4fd2da5f-2867-4eeb-b7ab-8ffd7b096859 0.142s
2024-12-12 02:51:56.305 66384 INFO tempest.lib.common.rest_client [req-c623d36f-d4b6-4940-b78a-072d6c94c101 req-c623d36f-d4b6-4940-b78a-072d6c94c101 ] Request (ImagesTestJSON:test_create_image_from_suspended_server): 200 GET http://10.180.1.21/compute/v2.1/servers/946dad01-c012-457d-8bfe-6395ff0aaedf 0.122s
2024-12-12 02:51:56.342 66374 INFO tempest.lib.common.rest_client [req-f523c252-7d0c-467d-8a1e-7b9f1c9a3d58 req-f523c252-7d0c-467d-8a1e-7b9f1c9a3d58 ] Request (ServerRescueTestJSON:setUpClass): 200 GET http://10.180.1.21/compute/v2.1/servers/e003e41d-93e8-4258-b8ca-3c2420b73df0 0.111s
2024-12-12 02:51:56.394 66378 INFO tempest.lib.common.rest_client [req-21f5467f-16a0-48cd-9f3a-6567ece2879d req-21f5467f-16a0-48cd-9f3a-6567ece2879d ] Request (FloatingIPsAssociationTestJSON:tearDownClass): 200 GET http://10.180.1.21/compute/v2.1/servers/4a6ac464-a5e0-4ed6-909d-f1730be14380 0.104s
2024-12-12 02:51:56.456 66364 INFO tempest.lib.common.rest_client [req-3828d7cd-35ab-46ae-ba77-562c1945b7f7 req-3828d7cd-35ab-46ae-ba77-562c1945b7f7 ] Request (ListServerFiltersTestJSON:test_list_servers_detailed_filter_by_server_name): 200 GET http://10.180.1.21/compute/v2.1/servers/detail?name=tempest-ListServerFiltersTestJSON-instance-1552727040 0.198s
2024-12-12 02:51:56.495 66420 INFO tempest.lib.common.rest_client [req-a40b06ba-1ccb-4bdb-bcd1-b9ecd3cd9284 req-a40b06ba-1ccb-4bdb-bcd1-b9ecd3cd9284 ] Request (AttachVolumeTestJSON:test_attach_detach_volume): 200 GET http://10.180.1.21/compute/v2.1/servers/1c3392d3-cfb0-47c6-9366-8c363ad21297 0.049s
2024-12-12 02:51:56.537 66382 INFO tempest.lib.common.rest_client [req-736da8c4-18fb-48b6-bf6a-c74d4d32e2a3 req-736da8c4-18fb-48b6-bf6a-c74d4d32e2a3 ] Request (ServersAdminNegativeTestJSON:setUpClass): 200 GET http://10.180.1.21/compute/v2.1/servers/0707fdd6-2aed-4a09-90e0-c7fb0eae6acf 0.051s
2024-12-12 02:51:56.572 66422 WARNING tempest.lib.common.ssh [-] Failed to establish authenticated ssh connection to cirros@10.180.180.212 ([Errno None] Unable to connect to port 22 on 10.180.180.212). Number attempts: 8. Retry after 9 seconds.: paramiko.ssh_exception.NoValidConnectionsError: [Errno None] Unable to connect to port 22 on 10.180.180.212
2024-12-12 02:51:56.596 66390 INFO tempest.lib.common.rest_client [req-4f490ea3-fe10-4fdd-a061-547b60b24a12 req-4f490ea3-fe10-4fdd-a061-547b60b24a12 ] Request (ServerDiagnosticsTest:test_get_server_diagnostics): 200 GET http://10.180.1.21/compute/v2.1/servers/c6dc008c-6336-4271-9635-a7e0652138e0 0.044s
2024-12-12 02:51:56.629 66364 INFO tempest.lib.common.rest_client [req-c1b61df8-d6cc-410a-a5ca-ebc5ac378613 req-c1b61df8-d6cc-410a-a5ca-ebc5ac378613 ] Request (ListServerFiltersTestJSON:test_list_servers_detailed_filter_by_server_status): 200 GET http://10.180.1.21/compute/v2.1/servers/detail?status=active 0.165s
