2024-12-12 02:50:20.284 66376 INFO tempest.lib.common.rest_client [req-cc92387c-1837-4d83-9962-924546a8175c req-cc92387c-1837-4d83-9962-924546a8175c ] Request (ServerExternalEventsTest:test_create_server_external_events): 200 GET http://10.180.1.21/compute/v2.1/servers/666d5105-ee2e-4691-b13c-bd7feb045959 1.262s
2024-12-12 02:50:20.292 66376 INFO tempest.common.waiters [-] State transition "BUILD/None" ==> "BUILD/block_device_mapping" after 7 second wait
2024-12-12 02:50:20.308 66364 INFO tempest.lib.common.rest_client [req-68532fde-d1cf-455e-af2f-1cbfa7996ca1 req-68532fde-d1cf-455e-af2f-1cbfa7996ca1 ] Request (HostsAdminTestJSON:test_list_hosts_with_zone): 200 GET http://10.180.1.21/compute/v2.1/os-hosts?zone=internal 1.271s
2024-12-12 02:50:20.319 66384 INFO tempest.lib.common.rest_client [req-6ef52604-fefc-4a51-b50f-66c1ad6f0070 req-6ef52604-fefc-4a51-b50f-66c1ad6f0070 ] Request (NetworksTest:tearDownClass): 204 DELETE http://10.180.1.21/identity/v3/users/cf67d62f5f254c9397691b10388da925 0.111s
2024-12-12 02:50:20.406 66407 INFO tempest.lib.common.rest_client [req-b20673bf-713a-45df-96dc-26b16c1d26c6 req-b20673bf-713a-45df-96dc-26b16c1d26c6 ] Request (MigrationsAdminTest:test_list_migrations_in_flavor_resize_situation): 200 GET http://10.180.1.21/compute/v2.1/servers/3fc6366b-76db-4bb1-ae1f-67b3ad5e1cbd 1.445s
2024-12-12 02:50:20.413 66374 INFO tempest.lib.common.rest_client [req-8802547e-718d-4b46-9fef-b42ba45a4ac8 req-8802547e-718d-4b46-9fef-b42ba45a4ac8 ] Request (FlavorMetadataValidation:tearDownClass): 200 GET http://10.180.1.21:9696/networking/v2.0/security-groups?tenant_id=69682cd1fd3e4e11a835b11d85f06301&name=default 0.296s
2024-12-12 02:50:20.416 66384 INFO tempest.lib.common.rest_client [req-d50a815b-0ebc-4a88-b8f6-c0e687728763 req-d50a815b-0ebc-4a88-b8f6-c0e687728763 ] Request (NetworksTest:tearDownClass): 204 DELETE http://10.180.1.21/identity/v3/users/e6e9c9ec3af84dc69a26c4918f40149c 0.096s
2024-12-12 02:50:20.416 66384 INFO tempest.lib.common.dynamic_creds [-] Deleting project and security group for project: 8a20ccb8618a4045a35df2d2757e3b43
2024-12-12 02:50:20.437 66418 INFO tempest.lib.common.rest_client [req-008632a4-a047-4ab7-9f90-919980171455 req-008632a4-a047-4ab7-9f90-919980171455 ] Request (FlavorsExtraSpecsTestJSON:test_flavor_set_get_update_show_unset_keys): 200 PUT http://10.180.1.21/compute/v2.1/flavors/1930542016/os-extra_specs/hw:numa_nodes 1.364s
2024-12-12 02:50:20.447 66382 INFO tempest.lib.common.rest_client [req-b6eeee0f-18d6-458e-9f3a-f028c4f7fc39 req-b6eeee0f-18d6-458e-9f3a-f028c4f7fc39 ] Request (AggregatesAdminNegativeTestJSON:test_aggregate_add_host_as_user): 403 POST http://10.180.1.21/compute/v2.1/os-aggregates/2/action 1.385s
2024-12-12 02:50:20.475 66400 INFO tempest.lib.common.rest_client [req-4b3831fc-3ff5-4a37-88ef-caaa2094d990 req-4b3831fc-3ff5-4a37-88ef-caaa2094d990 ] Request (ServicesAdminNegativeTestJSON:test_get_service_with_valid_service_and_invalid_host): 200 GET http://10.180.1.21/compute/v2.1/os-services?host=xxx&binary=nova-scheduler 1.379s
2024-12-12 02:50:20.482 66392 INFO tempest.lib.common.rest_client [req-f5c93cfb-cd71-4e03-b191-cae4ac12e778 req-f5c93cfb-cd71-4e03-b191-cae4ac12e778 ] Request (InstanceUsageAuditLogTestJSON:tearDownClass): 204 DELETE http://10.180.1.21:9696/networking/v2.0/security-groups/1a3567f2-d887-4224-b6f2-2154b6170183 0.203s
2024-12-12 02:50:20.494 66384 INFO tempest.lib.common.rest_client [req-f526cb20-9342-4b4e-abdb-9cc804b704f4 req-f526cb20-9342-4b4e-abdb-9cc804b704f4 ] Request (NetworksTest:tearDownClass): 201 POST http://10.180.1.21/identity/v3/auth/tokens 0.077s
2024-12-12 02:50:20.555 66370 INFO tempest.lib.common.rest_client [req-75386379-7148-4b0b-b756-70871c5c4f7c req-75386379-7148-4b0b-b756-70871c5c4f7c ] Request (KeyPairsNegativeTestJSON:tearDownClass): 204 DELETE http://10.180.1.21:9696/networking/v2.0/security-groups/2563e203-7d75-4c12-8fe2-b4d0f7532c35 0.504s
2024-12-12 02:50:20.583 66392 INFO tempest.lib.common.rest_client [req-22ed0091-0feb-4dea-984f-d9289ac3e8b6 req-22ed0091-0feb-4dea-984f-d9289ac3e8b6 ] Request (InstanceUsageAuditLogTestJSON:tearDownClass): 204 DELETE http://10.180.1.21/identity/v3/projects/b3dabb8be76f4aacb4243629d99c27f8 0.100s
2024-12-12 02:50:20.597 66374 INFO tempest.lib.common.rest_client [req-ecdf700b-956a-464b-8c88-af327d47fd06 req-ecdf700b-956a-464b-8c88-af327d47fd06 ] Request (FlavorMetadataValidation:tearDownClass): 204 DELETE http://10.180.1.21:9696/networking/v2.0/security-groups/d347da1e-0255-4abf-9bc3-1148d96d3914 0.183s
2024-12-12 02:50:20.676 66370 INFO tempest.lib.common.rest_client [req-221c1d81-bf1f-4eea-a678-5f2540d85948 req-221c1d81-bf1f-4eea-a678-5f2540d85948 ] Request (KeyPairsNegativeTestJSON:tearDownClass): 204 DELETE http://10.180.1.21/identity/v3/projects/c53a6539199141119db3ff24d019b22e 0.119s
2024-12-12 02:50:20.696 66388 INFO tempest.lib.common.rest_client [req-8b303a7a-7fe8-4d70-83fa-2e45e80e5131 req-8b303a7a-7fe8-4d70-83fa-2e45e80e5131 ] Request (SecurityGroupsTestAdminJSON:_run_cleanups): 202 DELETE http://10.180.1.21/compute/v2.1/os-security-groups/bcccb85a-d5a4-4782-9a58-fdc845fd0560 1.134s
2024-12-12 02:50:20.707 66410 INFO tempest.lib.common.rest_client [req-129ff4ce-f371-4aa9-893f-6d3ec1c7ff75 req-129ff4ce-f371-4aa9-893f-6d3ec1c7ff75 ] Request (HostsAdminNegativeTestJSON:test_shutdown_nonexistent_host): 404 GET http://10.180.1.21/compute/v2.1/os-hosts/nonexistent_hostname/shutdown 1.136s
2024-12-12 02:50:20.713 66392 INFO tempest.lib.common.rest_client [req-b23fe193-268a-48d3-903b-5630212e011e req-b23fe193-268a-48d3-903b-5630212e011e ] Request (TenantUsagesNegativeTestJSON:setUpClass): 201 POST http://10.180.1.21/identity/v3/auth/tokens 0.129s
2024-12-12 02:50:20.719 66408 INFO tempest.lib.common.rest_client [req-f991bcef-ff5d-4876-beb9-9238cfac3173 req-f991bcef-ff5d-4876-beb9-9238cfac3173 ] Request (FlavorsExtraSpecsNegativeTestJSON:test_flavor_unset_nonexistent_key): 404 DELETE http://10.180.1.21/compute/v2.1/flavors/560385744/os-extra_specs/hw:cpu_thread_policy 1.141s
2024-12-12 02:50:20.725 66398 INFO tempest.lib.common.rest_client [req-47a17a1e-61a5-449f-bdda-883091bfce7a req-47a17a1e-61a5-449f-bdda-883091bfce7a ] Request (HypervisorAdminNegativeTestJSON:test_show_nonexistent_hypervisor): 404 GET http://10.180.1.21/compute/v2.1/os-hypervisors/31e72198-eca3-4f2c-a3a7-67684d59a06e 1.141s
2024-12-12 02:50:20.737 66370 INFO tempest.lib.common.rest_client [req-34a8ac5f-0583-4864-b570-4f08514f3ed8 req-34a8ac5f-0583-4864-b570-4f08514f3ed8 ] Request (ServersTestFqdnHostnames:setUpClass): 201 POST http://10.180.1.21/identity/v3/auth/tokens 0.060s
2024-12-12 02:50:20.743 66404 INFO tempest.lib.common.rest_client [req-02ae923d-4f24-44c7-a83f-518c0f488bee req-02ae923d-4f24-44c7-a83f-518c0f488bee ] Request (HypervisorAdminNegativeUnderV252Test:tearDownClass): 200 GET http://10.180.1.21:9696/networking/v2.0/security-groups?tenant_id=79803483903f4f59aa0a1fd0072abf0d&name=default 0.554s
2024-12-12 02:50:20.759 66392 INFO tempest.lib.common.rest_client [req-5a5e1bb9-2b1d-4a2a-a498-3a11b849c599 req-5a5e1bb9-2b1d-4a2a-a498-3a11b849c599 ] Request (TenantUsagesNegativeTestJSON:setUpClass): 201 POST http://10.180.1.21/identity/v3/auth/tokens 0.043s
2024-12-12 02:50:20.781 66374 INFO tempest.lib.common.rest_client [req-7ebcbbd8-431e-46a6-8154-bbceda1ebabb req-7ebcbbd8-431e-46a6-8154-bbceda1ebabb ] Request (FlavorMetadataValidation:tearDownClass): 204 DELETE http://10.180.1.21/identity/v3/projects/69682cd1fd3e4e11a835b11d85f06301 0.184s
2024-12-12 02:50:20.811 66422 INFO tempest.lib.common.rest_client [req-1c4adb9b-c2d8-4f3d-ace9-0455612cf12e req-1c4adb9b-c2d8-4f3d-ace9-0455612cf12e ] Request (VolumesAssistedSnapshotsTest:test_volume_assisted_snapshot_create_delete): 201 POST http://10.180.1.21:9696/networking/v2.0/floatingips 1.973s
2024-12-12 02:50:20.862 66398 INFO tempest.lib.common.rest_client [req-133eab7c-18b9-4ec4-ac1c-7d6b4717477f req-133eab7c-18b9-4ec4-ac1c-7d6b4717477f ] Request (HypervisorAdminNegativeTestJSON:tearDownClass): 204 DELETE http://10.180.1.21/identity/v3/users/a14cd2fc55b04bfd8bf09d6a228f16c5 0.135s
2024-12-12 02:50:20.895 66404 INFO tempest.lib.common.rest_client [req-bf189da7-ec73-432e-b332-e76e8a09bb2d req-bf189da7-ec73-432e-b332-e76e8a09bb2d ] Request (HypervisorAdminNegativeUnderV252Test:tearDownClass): 204 DELETE http://10.180.1.21:9696/networking/v2.0/security-groups/6a1dc1cc-78e5-4699-818e-dd125957ce4c 0.151s
2024-12-12 02:50:20.919 66378 INFO tempest.lib.common.rest_client [req-17be17cb-368c-420f-83ea-7fbba89f1ce1 req-17be17cb-368c-420f-83ea-7fbba89f1ce1 ] Request (FloatingIPsAssociationTestJSON:setUpClass): 200 GET http://10.180.1.21/compute/v2.1/servers/99bd7579-7097-41df-a8c0-e12a3863a3dc 1.829s
2024-12-12 02:50:20.926 66424 INFO tempest.lib.common.rest_client [req-1b49417b-fe9a-4c6f-bd6f-b72c67f02a62 req-1b49417b-fe9a-4c6f-bd6f-b72c67f02a62 ] Request (SecurityGroupsTestJSON:setUpClass): 201 POST http://10.180.1.21:9696/networking/v2.0/routers 2.429s
2024-12-12 02:50:20.928 66378 INFO tempest.common.waiters [-] State transition "BUILD/block_device_mapping" ==> "BUILD/spawning" after 7 second wait
2024-12-12 02:50:20.930 66370 INFO tempest.lib.common.rest_client [req-f16f95e0-4d9f-467d-b687-493ffe7151da req-f16f95e0-4d9f-467d-b687-493ffe7151da ] Request (ServersTestFqdnHostnames:setUpClass): 201 POST http://10.180.1.21/identity/v3/auth/tokens 0.189s
2024-12-12 02:50:20.935 66392 INFO tempest.lib.common.rest_client [req-d2f30e85-6c33-41ab-8183-8f350dace2d1 req-d2f30e85-6c33-41ab-8183-8f350dace2d1 ] Request (TenantUsagesNegativeTestJSON:setUpClass): 200 GET http://10.180.1.21/identity/v3/domains?name=Default 0.175s
2024-12-12 02:50:20.954 66374 INFO tempest.lib.common.rest_client [req-07929ef3-a1f2-49d8-9482-0c3ccffbbfa8 req-07929ef3-a1f2-49d8-9482-0c3ccffbbfa8 ] Request (KeyPairsV210TestJSON:setUpClass): 201 POST http://10.180.1.21/identity/v3/auth/tokens 0.172s
2024-12-12 02:50:20.958 66390 INFO tempest.lib.common.rest_client [req-08eb66f5-08ee-4890-8d4a-0ef7d8d9d2ce req-08eb66f5-08ee-4890-8d4a-0ef7d8d9d2ce ] Request (FlavorsV261TestJSON:_run_cleanups): 200 GET http://10.180.1.21/compute/v2.1/flavors/detail 1.236s
2024-12-12 02:50:20.993 66362 INFO tempest.lib.common.rest_client [req-b6926899-4970-41cb-b832-908206790d97 req-b6926899-4970-41cb-b832-908206790d97 ] Request (FlavorsAccessNegativeTestJSON:test_flavor_access_list_with_public_flavor): 200 POST http://10.180.1.21/compute/v2.1/flavors 1.272s
2024-12-12 02:50:21.005 66422 INFO tempest.lib.common.rest_client [req-5a29fe05-b7cb-4515-a066-666b2d1facd1 req-5a29fe05-b7cb-4515-a066-666b2d1facd1 ] Request (VolumesAssistedSnapshotsTest:test_volume_assisted_snapshot_create_delete): 201 POST http://10.180.1.21/identity/v3/auth/tokens 0.189s
2024-12-12 02:50:21.017 66422 INFO tempest.lib.common.fixed_network [-] (VolumesAssistedSnapshotsTest:test_volume_assisted_snapshot_create_delete) Found network {'id': '6b18a31b-5da2-4068-8d98-3f6d1b0178c3', 'name': 'tempest-VolumesAssistedSnapshotsTest-1012623858-network', 'tenant_id': '55ac373cda544fdda9b58434d070d395', 'admin_state_up': True, 'mtu': 8950, 'status': 'ACTIVE', 'subnets': [], 'shared': False, 'project_id': '55ac373cda544fdda9b58434d070d395', 'port_security_enabled': True, 'router:external': False, 'provider:network_type': 'vlan', 'provider:physical_network': 'default', 'provider:segmentation_id': 417, 'availability_zone_hints': [], 'availability_zones': [], 'ipv4_address_scope': None, 'ipv6_address_scope': None, 'description': '', 'tags': [], 'created_at': '2024-12-12T02:50:01Z', 'updated_at': '2024-12-12T02:50:01Z', 'revision_number': 1} available for tenant
2024-12-12 02:50:21.033 66380 INFO tempest.lib.common.rest_client [req-07e5d7e5-5ec5-44ab-817a-d27992b20737 req-07e5d7e5-5ec5-44ab-817a-d27992b20737 ] Request (ServersWithSpecificFlavorTestJSON:test_verify_created_server_ephemeral_disk): 200 GET http://10.180.1.21/compute/v2.1/flavors/42/os-extra_specs 1.240s
2024-12-12 02:50:21.047 66384 INFO tempest.lib.common.rest_client [req-50c70bf8-7161-492e-bcf9-2a4594e43fef req-50c70bf8-7161-492e-bcf9-2a4594e43fef ] Request (NetworksTest:tearDownClass): 200 GET http://10.180.1.21:9696/networking/v2.0/security-groups?tenant_id=8a20ccb8618a4045a35df2d2757e3b43&name=default 0.553s
2024-12-12 02:50:21.072 66368 INFO tempest.lib.common.rest_client [req-eb5c707a-4c28-4482-98e9-f4b5bca9ad66 req-eb5c707a-4c28-4482-98e9-f4b5bca9ad66 ] Request (QuotaClassesAdmin257Test:_run_cleanups): 200 PUT http://10.180.1.21/compute/v2.1/os-quota-class-sets/default 1.265s
2024-12-12 02:50:21.079 66398 INFO tempest.lib.common.rest_client [req-b5929a53-3d7d-4303-a27c-6c2b8a33db8e req-b5929a53-3d7d-4303-a27c-6c2b8a33db8e ] Request (HypervisorAdminNegativeTestJSON:tearDownClass): 204 DELETE http://10.180.1.21/identity/v3/users/8c672bad1bb24fc98105192825d74517 0.217s
2024-12-12 02:50:21.080 66398 INFO tempest.lib.common.dynamic_creds [-] Deleting project and security group for project: 690701a28c524240ada4580b413feee8
2024-12-12 02:50:21.081 66404 INFO tempest.lib.common.rest_client [req-9697289b-5339-46f7-b25c-8090fcab4be3 req-9697289b-5339-46f7-b25c-8090fcab4be3 ] Request (HypervisorAdminNegativeUnderV252Test:tearDownClass): 204 DELETE http://10.180.1.21/identity/v3/projects/79803483903f4f59aa0a1fd0072abf0d 0.186s
2024-12-12 02:50:21.161 66370 INFO tempest.lib.common.rest_client [req-7ea95b34-16ea-4766-82ad-8f561526e5eb req-7ea95b34-16ea-4766-82ad-8f561526e5eb ] Request (ServersTestFqdnHostnames:setUpClass): 200 GET http://10.180.1.21/identity/v3/domains?name=Default 0.230s
2024-12-12 02:50:21.169 66384 INFO tempest.lib.common.rest_client [req-53d1277d-8549-44dc-bc81-ab31fdb9356b req-53d1277d-8549-44dc-bc81-ab31fdb9356b ] Request (NetworksTest:tearDownClass): 204 DELETE http://10.180.1.21:9696/networking/v2.0/security-groups/d50de070-7a1e-4566-a420-1df06ef0eaba 0.122s
2024-12-12 02:50:21.177 66392 INFO tempest.lib.common.rest_client [req-c4eb686c-8426-4f90-af16-34edf655a147 req-c4eb686c-8426-4f90-af16-34edf655a147 ] Request (TenantUsagesNegativeTestJSON:setUpClass): 201 POST http://10.180.1.21/identity/v3/projects 0.241s
2024-12-12 02:50:21.188 66412 INFO tempest.lib.common.rest_client [req-2f23a4cb-2a74-4eb7-97f3-4aa65ec2b51b req-2f23a4cb-2a74-4eb7-97f3-4aa65ec2b51b ] Request (ServersTestBootFromVolume:setUpClass): 200 GET http://10.180.1.21/volume/v3/volumes/76167f57-102e-45d9-8256-5434bbce481e 0.042s
2024-12-12 02:50:21.221 66374 INFO tempest.lib.common.rest_client [req-55fc8786-6308-4677-9816-c58619c5f037 req-55fc8786-6308-4677-9816-c58619c5f037 ] Request (KeyPairsV210TestJSON:setUpClass): 201 POST http://10.180.1.21/identity/v3/auth/tokens 0.264s
2024-12-12 02:50:21.245 66398 INFO tempest.lib.common.rest_client [req-434eb069-78be-4321-88f2-f5c7cf0ade59 req-434eb069-78be-4321-88f2-f5c7cf0ade59 ] Request (HypervisorAdminNegativeTestJSON:tearDownClass): 201 POST http://10.180.1.21/identity/v3/auth/tokens 0.165s
2024-12-12 02:50:21.253 66420 INFO tempest.lib.common.rest_client [req-6f62ca87-6530-4456-bcbc-37305042a7b9 req-6f62ca87-6530-4456-bcbc-37305042a7b9 ] Request (ImagesMetadataTestJSON:setUp): 200 PUT http://10.180.1.21/compute/v2.1/images/66db7801-6590-4360-81e5-7d519bfc206b/metadata 1.409s
2024-12-12 02:50:21.270 66414 INFO tempest.lib.common.rest_client [req-3407b4d9-5e92-4275-bedc-9e41fa3e1d53 req-3407b4d9-5e92-4275-bedc-9e41fa3e1d53 ] Request (FlavorsAccessTestJSON:test_flavor_access_list_with_private_flavor): 200 GET http://10.180.1.21/compute/v2.1/flavors/358481630/os-flavor-access 1.400s
2024-12-12 02:50:21.275 66390 INFO tempest.lib.common.rest_client [req-43272ca5-2103-4c7e-ac18-952b6acf5007 req-43272ca5-2103-4c7e-ac18-952b6acf5007 ] Request (FlavorsV261TestJSON:tearDownClass): 204 DELETE http://10.180.1.21/identity/v3/users/523ebd91d9c342149314c22b524c928a 0.307s
2024-12-12 02:50:21.300 66404 INFO tempest.lib.common.rest_client [req-d8424fa3-eb4c-4b62-9d3e-c6d13f12702e req-d8424fa3-eb4c-4b62-9d3e-c6d13f12702e ] Request (ServicesAdminNegativeV253TestJSON:setUpClass): 201 POST http://10.180.1.21/identity/v3/auth/tokens 0.215s
2024-12-12 02:50:21.333 66366 INFO tempest.lib.common.rest_client [req-5551e1ee-de3a-413c-959a-50ee0d37b8b1 req-5551e1ee-de3a-413c-959a-50ee0d37b8b1 ] Request (QuotasAdminTestV257:test_get_updated_quotas): 200 GET http://10.180.1.21/identity/v3/domains?name=Default 0.219s
2024-12-12 02:50:21.368 66372 INFO tempest.lib.common.rest_client [req-498f755c-7f28-4ba8-a83b-b49ceec46164 req-498f755c-7f28-4ba8-a83b-b49ceec46164 ] Request (FloatingIPDetailsTestJSON:test_list_floating_ips): 200 GET http://10.180.1.21/compute/v2.1/os-floating-ips 1.314s
2024-12-12 02:50:21.373 66396 INFO tempest.lib.common.rest_client [-] Request (TestVersions:test_get_version_details): 200 GET http://10.180.1.21/compute/ 1.292s
2024-12-12 02:50:21.391 66386 INFO tempest.lib.common.rest_client [req-17283eea-aabf-4fe1-972d-35b50a833319 req-17283eea-aabf-4fe1-972d-35b50a833319 ] Request (KeyPairsV2TestJSON:_run_cleanups): 202 DELETE http://10.180.1.21/compute/v2.1/os-keypairs/tempest-keypair-170280948 1.176s
2024-12-12 02:50:21.405 66368 INFO tempest.lib.common.rest_client [req-9b55d8b3-a607-4e89-b603-b987b82a28a6 req-9b55d8b3-a607-4e89-b603-b987b82a28a6 ] Request (QuotaClassesAdmin257Test:tearDownClass): 204 DELETE http://10.180.1.21/identity/v3/users/f7530cb47818466d8327f0c597ebea52 0.264s
2024-12-12 02:50:21.411 66364 INFO tempest.lib.common.rest_client [req-991a9d26-ece1-4da8-a56d-bd4ed967a23d req-991a9d26-ece1-4da8-a56d-bd4ed967a23d ] Request (HostsAdminTestJSON:test_show_host_detail): 200 GET http://10.180.1.21/compute/v2.1/os-hosts 1.101s
2024-12-12 02:50:21.422 66418 INFO tempest.lib.common.rest_client [req-3196f775-3bbd-4fd9-86eb-c07df7de5672 req-3196f775-3bbd-4fd9-86eb-c07df7de5672 ] Request (FlavorsExtraSpecsTestJSON:test_flavor_set_get_update_show_unset_keys): 200 GET http://10.180.1.21/compute/v2.1/flavors/1930542016/os-extra_specs 0.983s
2024-12-12 02:50:21.434 66370 INFO tempest.lib.common.rest_client [req-3ce73250-3f5a-4747-bb77-0a09a69cb784 req-3ce73250-3f5a-4747-bb77-0a09a69cb784 ] Request (ServersTestFqdnHostnames:setUpClass): 201 POST http://10.180.1.21/identity/v3/projects 0.272s
2024-12-12 02:50:21.451 66382 INFO tempest.lib.common.rest_client [req-0f408fa0-6003-4f6d-aba6-9007b21065d9 req-0f408fa0-6003-4f6d-aba6-9007b21065d9 ] Request (AggregatesAdminNegativeTestJSON:_run_cleanups): 200 DELETE http://10.180.1.21/compute/v2.1/os-aggregates/2 1.004s
2024-12-12 02:50:21.498 66392 INFO tempest.lib.common.rest_client [req-232a5c19-f271-4322-b3e4-4a3795349cbf req-232a5c19-f271-4322-b3e4-4a3795349cbf ] Request (TenantUsagesNegativeTestJSON:setUpClass): 201 POST http://10.180.1.21/identity/v3/users 0.321s
2024-12-12 02:50:21.522 66374 INFO tempest.lib.common.rest_client [req-097d2c84-a073-4f22-90e7-455d0bb25300 req-097d2c84-a073-4f22-90e7-455d0bb25300 ] Request (KeyPairsV210TestJSON:setUpClass): 200 GET http://10.180.1.21/identity/v3/domains?name=Default 0.300s
2024-12-12 02:50:21.563 66384 INFO tempest.lib.common.rest_client [req-925be6df-476b-43db-94a5-bdc279033016 req-925be6df-476b-43db-94a5-bdc279033016 ] Request (NetworksTest:tearDownClass): 204 DELETE http://10.180.1.21/identity/v3/projects/8a20ccb8618a4045a35df2d2757e3b43 0.393s
2024-12-12 02:50:21.563 66384 INFO tempest.lib.common.dynamic_creds [-] Deleting project and security group for project: e9ab784b053646e1965b2af402dbf5ce
2024-12-12 02:50:21.676 66390 INFO tempest.lib.common.rest_client [req-75beb0c6-3fbf-49ea-9733-f336314cf43c req-75beb0c6-3fbf-49ea-9733-f336314cf43c ] Request (FlavorsV261TestJSON:tearDownClass): 204 DELETE http://10.180.1.21/identity/v3/users/453f25add3314c1a9f89a7c6775b190d 0.400s
2024-12-12 02:50:21.677 66390 INFO tempest.lib.common.dynamic_creds [-] Deleting project and security group for project: f1c5bf36da164227aca5e1ecf2c16889
2024-12-12 02:50:21.688 66404 INFO tempest.lib.common.rest_client [req-a6e32cd2-459b-42ab-84f2-53950f011f44 req-a6e32cd2-459b-42ab-84f2-53950f011f44 ] Request (ServicesAdminNegativeV253TestJSON:setUpClass): 201 POST http://10.180.1.21/identity/v3/auth/tokens 0.385s
2024-12-12 02:50:21.711 66384 INFO tempest.lib.common.rest_client [req-2cfd3ba6-3ca5-40a9-98a7-bfcfbef55780 req-2cfd3ba6-3ca5-40a9-98a7-bfcfbef55780 ] Request (NetworksTest:tearDownClass): 200 GET http://10.180.1.21:9696/networking/v2.0/security-groups?tenant_id=e9ab784b053646e1965b2af402dbf5ce&name=default 0.148s
2024-12-12 02:50:21.754 66366 INFO tempest.lib.common.rest_client [req-7afb31ce-53d1-4b26-a6c0-3471a4ecc9ae req-7afb31ce-53d1-4b26-a6c0-3471a4ecc9ae ] Request (QuotasAdminTestV257:test_get_updated_quotas): 201 POST http://10.180.1.21/identity/v3/projects 0.421s
2024-12-12 02:50:21.772 66368 INFO tempest.lib.common.rest_client [req-bcb16d5f-1e55-4fd5-9e0d-fb1a6b03f0af req-bcb16d5f-1e55-4fd5-9e0d-fb1a6b03f0af ] Request (QuotaClassesAdmin257Test:tearDownClass): 204 DELETE http://10.180.1.21/identity/v3/users/6e8cc773bf384bc1a58228c789473534 0.366s
2024-12-12 02:50:21.772 66368 INFO tempest.lib.common.dynamic_creds [-] Deleting project and security group for project: 19348019525a479d86f02cc2d1b911ce
2024-12-12 02:50:21.877 66424 INFO tempest.lib.common.rest_client [req-e0e8fe6d-d322-4b42-8dd9-63a9bd149252 req-e0e8fe6d-d322-4b42-8dd9-63a9bd149252 ] Request (SecurityGroupsTestJSON:setUpClass): 200 PUT http://10.180.1.21:9696/networking/v2.0/routers/cd7f7433-a8dd-431f-aaa9-5b3c4ab2fd62/add_router_interface 0.950s
2024-12-12 02:50:21.878 66424 INFO tempest.lib.common.dynamic_creds [-] Created isolated network resources for: credentials: Credentials: {'domain_id': 'default', 'domain_name': 'Default', 'username': 'tempest-SecurityGroupsTestJSON-1587406018-project-member', 'project_domain_id': 'default', 'project_domain_name': 'Default', 'project_id': '2c6b942889914783a95c2abb080137a9', 'project_name': 'tempest-SecurityGroupsTestJSON-1587406018', 'tenant_id': '2c6b942889914783a95c2abb080137a9', 'tenant_name': 'tempest-SecurityGroupsTestJSON-1587406018', 'user_domain_id': 'default', 'user_domain_name': 'Default', 'user_id': 'd9b48919c724430496c5d846d7300f52', 'system': None}, Network: {'id': '3441fd9d-c039-4568-be50-67b60a32e449', 'name': 'tempest-SecurityGroupsTestJSON-1977630699-network', 'tenant_id': '2c6b942889914783a95c2abb080137a9', 'admin_state_up': True, 'mtu': 8950, 'status': 'ACTIVE', 'subnets': [], 'shared': False, 'project_id': '2c6b942889914783a95c2abb080137a9', 'port_security_enabled': True, 'router:external': False, 'provider:network_type': 'vlan', 'provider:physical_network': 'default', 'provider:segmentation_id': 365, 'availability_zone_hints': [], 'availability_zones': [], 'ipv4_address_scope': None, 'ipv6_address_scope': None, 'description': '', 'tags': [], 'created_at': '2024-12-12T02:50:17Z', 'updated_at': '2024-12-12T02:50:18Z', 'revision_number': 1}, Subnet: {'id': 'b22c97b5-c26c-4533-8b6c-547b538bef98', 'name': 'tempest-SecurityGroupsTestJSON-1977630699-subnet', 'tenant_id': '2c6b942889914783a95c2abb080137a9', 'network_id': '3441fd9d-c039-4568-be50-67b60a32e449', 'ip_version': 4, 'subnetpool_id': None, 'enable_dhcp': True, 'ipv6_ra_mode': None, 'ipv6_address_mode': None, 'gateway_ip': '192.168.128.1', 'cidr': '192.168.128.0/28', 'allocation_pools': [{'start': '192.168.128.2', 'end': '192.168.128.14'}], 'host_routes': [], 'dns_nameservers': [], 'description': '', 'router:external': False, 'service_types': [], 'tags': [], 'created_at': '2024-12-12T02:50:18Z', 'updated_at': '2024-12-12T02:50:18Z', 'revision_number': 0, 'project_id': '2c6b942889914783a95c2abb080137a9'}, Router: {'id': 'cd7f7433-a8dd-431f-aaa9-5b3c4ab2fd62', 'name': 'tempest-SecurityGroupsTestJSON-1977630699-router', 'tenant_id': '2c6b942889914783a95c2abb080137a9', 'admin_state_up': True, 'status': 'ACTIVE', 'external_gateway_info': {'network_id': '5c27ea3f-3ebe-407a-a902-797212721673', 'external_fixed_ips': [{'subnet_id': '044d82c6-4814-457a-a43a-2196bed672d7', 'ip_address': '10.180.180.174'}], 'enable_snat': True}, 'description': '', 'availability_zones': [], 'distributed': False, 'ha': False, 'availability_zone_hints': [], 'routes': [], 'flavor_id': None, 'tags': [], 'created_at': '2024-12-12T02:50:18Z', 'updated_at': '2024-12-12T02:50:19Z', 'revision_number': 2, 'project_id': '2c6b942889914783a95c2abb080137a9'}
2024-12-12 02:50:21.879 66370 INFO tempest.lib.common.rest_client [req-87a7764e-a050-4a72-9037-312dc870185b req-87a7764e-a050-4a72-9037-312dc870185b ] Request (ServersTestFqdnHostnames:setUpClass): 201 POST http://10.180.1.21/identity/v3/users 0.443s
2024-12-12 02:50:21.881 66400 INFO tempest.lib.common.rest_client [req-240d6d2d-266b-46de-a9bf-2af70ad05f4c req-240d6d2d-266b-46de-a9bf-2af70ad05f4c ] Request (ServicesAdminNegativeTestJSON:test_list_services_with_non_admin_user): 403 GET http://10.180.1.21/compute/v2.1/os-services 1.404s
2024-12-12 02:50:21.895 66392 INFO tempest.lib.common.rest_client [req-03c82350-254a-43a7-95b2-4b6bc05dec68 req-03c82350-254a-43a7-95b2-4b6bc05dec68 ] Request (TenantUsagesNegativeTestJSON:setUpClass): 200 GET http://10.180.1.21/identity/v3/roles 0.396s
2024-12-12 02:50:21.914 66374 INFO tempest.lib.common.rest_client [req-4bae28f8-43bc-4063-940d-461f0df4c779 req-4bae28f8-43bc-4063-940d-461f0df4c779 ] Request (KeyPairsV210TestJSON:setUpClass): 201 POST http://10.180.1.21/identity/v3/projects 0.391s
2024-12-12 02:50:21.959 66398 INFO tempest.lib.common.rest_client [req-d86f87ac-34c5-4445-8fec-946a757c3082 req-d86f87ac-34c5-4445-8fec-946a757c3082 ] Request (HypervisorAdminNegativeTestJSON:tearDownClass): 200 GET http://10.180.1.21:9696/networking/v2.0/security-groups?tenant_id=690701a28c524240ada4580b413feee8&name=default 0.714s
2024-12-12 02:50:21.996 66390 INFO tempest.lib.common.rest_client [req-d91b302e-8b4b-4cb4-aa0e-0c46c77987e0 req-d91b302e-8b4b-4cb4-aa0e-0c46c77987e0 ] Request (FlavorsV261TestJSON:tearDownClass): 201 POST http://10.180.1.21/identity/v3/auth/tokens 0.319s
2024-12-12 02:50:22.029 66384 INFO tempest.lib.common.rest_client [req-8ea32edb-3cf0-41ff-8ed5-3b9f780d100a req-8ea32edb-3cf0-41ff-8ed5-3b9f780d100a ] Request (NetworksTest:tearDownClass): 204 DELETE http://10.180.1.21:9696/networking/v2.0/security-groups/fb971c95-c8a0-484e-9ff4-92bc00bfa8c3 0.317s
2024-12-12 02:50:22.037 66404 INFO tempest.lib.common.rest_client [req-bc5806cf-e13e-4b85-88ec-5fabb0c7135a req-bc5806cf-e13e-4b85-88ec-5fabb0c7135a ] Request (ServicesAdminNegativeV253TestJSON:setUpClass): 200 GET http://10.180.1.21/identity/v3/domains?name=Default 0.348s
2024-12-12 02:50:22.059 66368 INFO tempest.lib.common.rest_client [req-f2e1918b-37bb-432b-8d62-b3851e0185fa req-f2e1918b-37bb-432b-8d62-b3851e0185fa ] Request (QuotaClassesAdmin257Test:tearDownClass): 201 POST http://10.180.1.21/identity/v3/auth/tokens 0.286s
2024-12-12 02:50:22.062 66366 INFO tempest.lib.common.rest_client [req-07ac86b5-23a3-4ce7-a348-8801fcb84def req-07ac86b5-23a3-4ce7-a348-8801fcb84def ] Request (QuotasAdminTestV257:test_get_updated_quotas): 200 GET http://10.180.1.21/identity/v3/domains?name=Default 0.308s
2024-12-12 02:50:22.104 66370 INFO tempest.lib.common.rest_client [req-5524fa81-8a94-402e-86cb-fd2f17026e81 req-5524fa81-8a94-402e-86cb-fd2f17026e81 ] Request (ServersTestFqdnHostnames:setUpClass): 200 GET http://10.180.1.21/identity/v3/roles 0.224s
2024-12-12 02:50:22.131 66424 INFO tempest.lib.common.rest_client [req-453637cf-cfb9-4c80-8d6f-a00606ac2f2d req-453637cf-cfb9-4c80-8d6f-a00606ac2f2d ] Request (SecurityGroupsTestJSON:setUpClass): 201 POST http://10.180.1.21/identity/v3/auth/tokens 0.249s
2024-12-12 02:50:22.168 66398 INFO tempest.lib.common.rest_client [req-a7cc38bc-bef1-4651-a3c3-23ede757a9d0 req-a7cc38bc-bef1-4651-a3c3-23ede757a9d0 ] Request (HypervisorAdminNegativeTestJSON:tearDownClass): 204 DELETE http://10.180.1.21:9696/networking/v2.0/security-groups/6e7f1926-8a42-4d6b-9be2-c2f11ef5b954 0.208s
2024-12-12 02:50:22.170 66400 INFO tempest.lib.common.rest_client [req-8fb9286d-9124-49ce-bc23-12f4b7d383a6 req-8fb9286d-9124-49ce-bc23-12f4b7d383a6 ] Request (ServicesAdminNegativeTestJSON:tearDownClass): 204 DELETE http://10.180.1.21/identity/v3/users/638dfefd226f47589c0915f351d19269 0.286s
2024-12-12 02:50:22.200 66392 INFO tempest.lib.common.rest_client [req-ec331390-757c-4dec-a7c8-a05c45f3e3de req-ec331390-757c-4dec-a7c8-a05c45f3e3de ] Request (TenantUsagesNegativeTestJSON:setUpClass): 204 PUT http://10.180.1.21/identity/v3/projects/504ef560f84247b9bfd9a99ed16050c8/users/ea9bd9af56fb49f586b1afccab6965a1/roles/6ef95f0d43044f5c87b644eaca57f9c8 0.304s
2024-12-12 02:50:22.200 66392 INFO tempest.lib.common.dynamic_creds [-] Dynamic test user ea9bd9af56fb49f586b1afccab6965a1 is created with scope project and roles: ['member']
2024-12-12 02:50:22.200 66392 INFO tempest.lib.common.dynamic_creds [-] Acquired dynamic creds: credentials: Credentials: {'domain_id': 'default', 'domain_name': 'Default', 'username': 'tempest-TenantUsagesNegativeTestJSON-1215788539-project-member', 'project_domain_id': 'default', 'project_domain_name': 'Default', 'project_id': '504ef560f84247b9bfd9a99ed16050c8', 'project_name': 'tempest-TenantUsagesNegativeTestJSON-1215788539', 'tenant_id': '504ef560f84247b9bfd9a99ed16050c8', 'tenant_name': 'tempest-TenantUsagesNegativeTestJSON-1215788539', 'user_domain_id': 'default', 'user_domain_name': 'Default', 'user_id': 'ea9bd9af56fb49f586b1afccab6965a1', 'system': None}, Network: None, Subnet: None, Router: None
2024-12-12 02:50:22.201 66392 INFO tempest.lib.common.dynamic_creds [-] Created isolated network resources for: credentials: Credentials: {'domain_id': 'default', 'domain_name': 'Default', 'username': 'tempest-TenantUsagesNegativeTestJSON-1215788539-project-member', 'project_domain_id': 'default', 'project_domain_name': 'Default', 'project_id': '504ef560f84247b9bfd9a99ed16050c8', 'project_name': 'tempest-TenantUsagesNegativeTestJSON-1215788539', 'tenant_id': '504ef560f84247b9bfd9a99ed16050c8', 'tenant_name': 'tempest-TenantUsagesNegativeTestJSON-1215788539', 'user_domain_id': 'default', 'user_domain_name': 'Default', 'user_id': 'ea9bd9af56fb49f586b1afccab6965a1', 'system': None}, Network: None, Subnet: None, Router: None
2024-12-12 02:50:22.219 66416 INFO tempest.lib.common.rest_client [req-b5e7fbad-77e0-408c-91bd-9909eacc625e req-b5e7fbad-77e0-408c-91bd-9909eacc625e ] Request (ServerShowV257Test:test_rebuild_server): 200 GET http://10.180.1.21/compute/v2.1/servers/ce527ce8-07b6-47a6-bab9-7934a3dda9b3 1.528s
2024-12-12 02:50:22.228 66412 INFO tempest.lib.common.rest_client [req-1354d959-e4f1-4e73-930b-6c664cb2e192 req-1354d959-e4f1-4e73-930b-6c664cb2e192 ] Request (ServersTestBootFromVolume:setUpClass): 200 GET http://10.180.1.21/volume/v3/volumes/76167f57-102e-45d9-8256-5434bbce481e 0.032s
2024-12-12 02:50:22.253 66374 INFO tempest.lib.common.rest_client [req-967bf1d4-46fc-4355-b978-3134be4b4956 req-967bf1d4-46fc-4355-b978-3134be4b4956 ] Request (KeyPairsV210TestJSON:setUpClass): 201 POST http://10.180.1.21/identity/v3/users 0.338s
2024-12-12 02:50:22.306 66404 INFO tempest.lib.common.rest_client [req-e95afad9-ebad-4423-86f4-7311101d2a72 req-e95afad9-ebad-4423-86f4-7311101d2a72 ] Request (ServicesAdminNegativeV253TestJSON:setUpClass): 201 POST http://10.180.1.21/identity/v3/projects 0.269s
2024-12-12 02:50:22.330 66384 INFO tempest.lib.common.rest_client [req-759489b3-b744-495a-bbb8-7a78075f7fb4 req-759489b3-b744-495a-bbb8-7a78075f7fb4 ] Request (NetworksTest:tearDownClass): 204 DELETE http://10.180.1.21/identity/v3/projects/e9ab784b053646e1965b2af402dbf5ce 0.300s
2024-12-12 02:50:22.391 66370 INFO tempest.lib.common.rest_client [req-7d6794e8-c7d5-4af1-905a-bbdf020917d8 req-7d6794e8-c7d5-4af1-905a-bbdf020917d8 ] Request (ServersTestFqdnHostnames:setUpClass): 204 PUT http://10.180.1.21/identity/v3/projects/865c2861f9a745f59e7ed2bc0d2ac48b/users/60305fc4159c4c26b25a7381a0055b39/roles/6ef95f0d43044f5c87b644eaca57f9c8 0.287s
2024-12-12 02:50:22.392 66370 INFO tempest.lib.common.dynamic_creds [-] Dynamic test user 60305fc4159c4c26b25a7381a0055b39 is created with scope project and roles: ['member']
2024-12-12 02:50:22.392 66370 INFO tempest.lib.common.dynamic_creds [-] Acquired dynamic creds: credentials: Credentials: {'domain_id': 'default', 'domain_name': 'Default', 'username': 'tempest-ServersTestFqdnHostnames-850098616-project-member', 'project_domain_id': 'default', 'project_domain_name': 'Default', 'project_id': '865c2861f9a745f59e7ed2bc0d2ac48b', 'project_name': 'tempest-ServersTestFqdnHostnames-850098616', 'tenant_id': '865c2861f9a745f59e7ed2bc0d2ac48b', 'tenant_name': 'tempest-ServersTestFqdnHostnames-850098616', 'user_domain_id': 'default', 'user_domain_name': 'Default', 'user_id': '60305fc4159c4c26b25a7381a0055b39', 'system': None}, Network: None, Subnet: None, Router: None
2024-12-12 02:50:22.433 66398 INFO tempest.lib.common.rest_client [req-c4bab131-36f0-47aa-8d5a-af6fe0437983 req-c4bab131-36f0-47aa-8d5a-af6fe0437983 ] Request (HypervisorAdminNegativeTestJSON:tearDownClass): 204 DELETE http://10.180.1.21/identity/v3/projects/690701a28c524240ada4580b413feee8 0.265s
2024-12-12 02:50:22.433 66398 INFO tempest.lib.common.dynamic_creds [-] Deleting project and security group for project: 03a2bfe9c37f4c65b85d880c1432124c
2024-12-12 02:50:22.503 66392 INFO tempest.lib.common.rest_client [req-ee9378f1-cde6-4de3-986c-cf48aca1e444 req-ee9378f1-cde6-4de3-986c-cf48aca1e444 ] Request (TenantUsagesNegativeTestJSON:setUpClass): 201 POST http://10.180.1.21/identity/v3/auth/tokens 0.299s
2024-12-12 02:50:22.533 66400 INFO tempest.lib.common.rest_client [req-d3217c2e-82d9-4082-9dbc-fe20d86d7ea4 req-d3217c2e-82d9-4082-9dbc-fe20d86d7ea4 ] Request (ServicesAdminNegativeTestJSON:tearDownClass): 204 DELETE http://10.180.1.21/identity/v3/users/89b1d904363447798c01fcb2631dbae2 0.363s
2024-12-12 02:50:22.533 66400 INFO tempest.lib.common.dynamic_creds [-] Deleting project and security group for project: 3591dbd387304aa0b1665bc833d5a952
2024-12-12 02:50:22.550 66374 INFO tempest.lib.common.rest_client [req-cdbc71d1-a724-4698-bdcf-8b63065b728e req-cdbc71d1-a724-4698-bdcf-8b63065b728e ] Request (KeyPairsV210TestJSON:setUpClass): 200 GET http://10.180.1.21/identity/v3/roles 0.296s
2024-12-12 02:50:22.574 66384 INFO tempest.lib.common.rest_client [req-8011bf5b-171e-408e-9154-718a15e77a76 req-8011bf5b-171e-408e-9154-718a15e77a76 ] Request (ImagesTestJSON:setUpClass): 201 POST http://10.180.1.21/identity/v3/auth/tokens 0.242s
2024-12-12 02:50:22.581 66394 INFO tempest.lib.common.rest_client [req-b8d0a84d-b8c6-4d03-ac43-67baa5600459 req-b8d0a84d-b8c6-4d03-ac43-67baa5600459 ] Request (ImagesOneServerNegativeTestJSON:setUpClass): 202 POST http://10.180.1.21/compute/v2.1/servers 2.862s
2024-12-12 02:50:22.587 66398 INFO tempest.lib.common.rest_client [req-e5973b86-93c2-4074-a0c3-227372baf21a req-e5973b86-93c2-4074-a0c3-227372baf21a ] Request (HypervisorAdminNegativeTestJSON:tearDownClass): 200 GET http://10.180.1.21:9696/networking/v2.0/security-groups?tenant_id=03a2bfe9c37f4c65b85d880c1432124c&name=default 0.153s
2024-12-12 02:50:22.590 66410 INFO tempest.lib.common.rest_client [req-77327e6f-a5c9-46b4-826a-371259433fab req-77327e6f-a5c9-46b4-826a-371259433fab ] Request (HostsAdminNegativeTestJSON:test_startup_host_with_non_admin_user): 403 GET http://10.180.1.21/compute/v2.1/os-hosts/devstack/startup 1.882s
2024-12-12 02:50:22.596 66408 INFO tempest.lib.common.rest_client [req-1494dfdf-c09b-4318-a8aa-4411cd1ab993 req-1494dfdf-c09b-4318-a8aa-4411cd1ab993 ] Request (FlavorsExtraSpecsNegativeTestJSON:test_flavor_update_mismatch_key): 400 PUT http://10.180.1.21/compute/v2.1/flavors/560385744/os-extra_specs/hw:numa_nodes 1.875s
2024-12-12 02:50:22.604 66404 INFO tempest.lib.common.rest_client [req-8b504dbf-9a4d-4dc5-bf36-7a080bcc693c req-8b504dbf-9a4d-4dc5-bf36-7a080bcc693c ] Request (ServicesAdminNegativeV253TestJSON:setUpClass): 201 POST http://10.180.1.21/identity/v3/users 0.296s
2024-12-12 02:50:22.615 66388 INFO tempest.lib.common.rest_client [req-f8a40cd2-fe48-489f-a9c2-5191b48ce167 req-f8a40cd2-fe48-489f-a9c2-5191b48ce167 ] Request (SecurityGroupsTestAdminJSON:_run_cleanups): 202 DELETE http://10.180.1.21/compute/v2.1/os-security-groups/0420e04b-a442-4c99-a8bd-f5760eb50ee7 1.918s
2024-12-12 02:50:22.631 66390 INFO tempest.lib.common.rest_client [req-6dd468f9-1458-4457-b98e-a4f9b8ab88a0 req-6dd468f9-1458-4457-b98e-a4f9b8ab88a0 ] Request (FlavorsV261TestJSON:tearDownClass): 200 GET http://10.180.1.21:9696/networking/v2.0/security-groups?tenant_id=f1c5bf36da164227aca5e1ecf2c16889&name=default 0.634s
2024-12-12 02:50:22.637 66362 INFO tempest.lib.common.rest_client [req-26a549f1-b766-4b8d-8cce-571a1f85a2df req-26a549f1-b766-4b8d-8cce-571a1f85a2df ] Request (FlavorsAccessNegativeTestJSON:test_flavor_access_list_with_public_flavor): 404 GET http://10.180.1.21/compute/v2.1/flavors/1171616304/os-flavor-access 1.637s
2024-12-12 02:50:22.653 66370 INFO tempest.lib.common.rest_client [req-b5c9e38b-408a-49ce-abfb-6fa5bf4dde70 req-b5c9e38b-408a-49ce-abfb-6fa5bf4dde70 ] Request (ServersTestFqdnHostnames:setUpClass): 201 POST http://10.180.1.21/identity/v3/auth/tokens 0.261s
2024-12-12 02:50:22.668 66392 INFO tempest.lib.common.rest_client [req-7e5ac586-e6d6-4c2f-9f71-c797751f6493 req-7e5ac586-e6d6-4c2f-9f71-c797751f6493 ] Request (TenantUsagesNegativeTestJSON:setUpClass): 201 POST http://10.180.1.21/identity/v3/projects 0.165s
2024-12-12 02:50:22.685 66402 INFO tempest.lib.common.rest_client [req-60f6b1fe-1d76-4428-a107-c31dffc39427 req-60f6b1fe-1d76-4428-a107-c31dffc39427 ] Request (ServerShowV247Test:test_update_rebuild_list_server): 200 GET http://10.180.1.21/compute/v2.1/servers/7be4c8f8-240c-4a71-93bb-aeb94243d781 1.900s
2024-12-12 02:50:22.705 66380 INFO tempest.lib.common.rest_client [req-899d03a4-51b5-470a-bfff-72ada798446a req-899d03a4-51b5-470a-bfff-72ada798446a ] Request (ServersWithSpecificFlavorTestJSON:test_verify_created_server_ephemeral_disk): 200 POST http://10.180.1.21/compute/v2.1/flavors/1007996031/os-extra_specs 1.670s
2024-12-12 02:50:22.713 66400 INFO tempest.lib.common.rest_client [req-e3b5a646-a816-4a77-b2ae-8faf533bedfa req-e3b5a646-a816-4a77-b2ae-8faf533bedfa ] Request (ServicesAdminNegativeTestJSON:tearDownClass): 201 POST http://10.180.1.21/identity/v3/auth/tokens 0.179s
2024-12-12 02:50:22.729 66374 INFO tempest.lib.common.rest_client [req-cab771e8-2269-430a-bc48-22db37456dfa req-cab771e8-2269-430a-bc48-22db37456dfa ] Request (KeyPairsV210TestJSON:setUpClass): 204 PUT http://10.180.1.21/identity/v3/projects/1441e2c52bad4999a1418861ee66517e/users/ad250a42b7514b1194ec9f1755f3241e/roles/6ef95f0d43044f5c87b644eaca57f9c8 0.179s
2024-12-12 02:50:22.730 66374 INFO tempest.lib.common.dynamic_creds [-] Dynamic test user ad250a42b7514b1194ec9f1755f3241e is created with scope project and roles: ['member']
2024-12-12 02:50:22.730 66374 INFO tempest.lib.common.dynamic_creds [-] Acquired dynamic creds: credentials: Credentials: {'domain_id': 'default', 'domain_name': 'Default', 'username': 'tempest-KeyPairsV210TestJSON-1503271672-project-member', 'project_domain_id': 'default', 'project_domain_name': 'Default', 'project_id': '1441e2c52bad4999a1418861ee66517e', 'project_name': 'tempest-KeyPairsV210TestJSON-1503271672', 'tenant_id': '1441e2c52bad4999a1418861ee66517e', 'tenant_name': 'tempest-KeyPairsV210TestJSON-1503271672', 'user_domain_id': 'default', 'user_domain_name': 'Default', 'user_id': 'ad250a42b7514b1194ec9f1755f3241e', 'system': None}, Network: None, Subnet: None, Router: None
2024-12-12 02:50:22.730 66374 INFO tempest.lib.common.dynamic_creds [-] Created isolated network resources for: credentials: Credentials: {'domain_id': 'default', 'domain_name': 'Default', 'username': 'tempest-KeyPairsV210TestJSON-1503271672-project-member', 'project_domain_id': 'default', 'project_domain_name': 'Default', 'project_id': '1441e2c52bad4999a1418861ee66517e', 'project_name': 'tempest-KeyPairsV210TestJSON-1503271672', 'tenant_id': '1441e2c52bad4999a1418861ee66517e', 'tenant_name': 'tempest-KeyPairsV210TestJSON-1503271672', 'user_domain_id': 'default', 'user_domain_name': 'Default', 'user_id': 'ad250a42b7514b1194ec9f1755f3241e', 'system': None}, Network: None, Subnet: None, Router: None
2024-12-12 02:50:22.746 66420 INFO tempest.lib.common.rest_client [req-525b4b9b-a539-4e52-b52c-2f8ed8b4c307 req-525b4b9b-a539-4e52-b52c-2f8ed8b4c307 ] Request (ImagesMetadataTestJSON:test_list_image_metadata): 200 GET http://10.180.1.21/compute/v2.1/images/66db7801-6590-4360-81e5-7d519bfc206b/metadata 1.493s
2024-12-12 02:50:22.753 66398 INFO tempest.lib.common.rest_client [req-ebfbd5b7-ca11-45fd-9d7a-974097ad466d req-ebfbd5b7-ca11-45fd-9d7a-974097ad466d ] Request (HypervisorAdminNegativeTestJSON:tearDownClass): 204 DELETE http://10.180.1.21:9696/networking/v2.0/security-groups/d73fd3b1-ac8e-4bf0-ad86-ed8376224c59 0.166s
2024-12-12 02:50:22.770 66414 INFO tempest.lib.common.rest_client [req-1a2a0c9c-1178-4cb8-b580-2ce0fb05487c req-1a2a0c9c-1178-4cb8-b580-2ce0fb05487c ] Request (FlavorsAccessTestJSON:_run_cleanups): 202 DELETE http://10.180.1.21/compute/v2.1/flavors/358481630 1.498s
2024-12-12 02:50:22.775 66404 INFO tempest.lib.common.rest_client [req-5badf390-ef71-4169-a78b-5a29541bb956 req-5badf390-ef71-4169-a78b-5a29541bb956 ] Request (ServicesAdminNegativeV253TestJSON:setUpClass): 200 GET http://10.180.1.21/identity/v3/roles 0.171s
2024-12-12 02:50:22.778 66384 INFO tempest.lib.common.rest_client [req-18b0c004-151e-454c-87e0-34233a830abe req-18b0c004-151e-454c-87e0-34233a830abe ] Request (ImagesTestJSON:setUpClass): 201 POST http://10.180.1.21/identity/v3/auth/tokens 0.203s
2024-12-12 02:50:22.787 66368 INFO tempest.lib.common.rest_client [req-549e4b5b-bef3-4bc6-a4a4-c3404badeada req-549e4b5b-bef3-4bc6-a4a4-c3404badeada ] Request (QuotaClassesAdmin257Test:tearDownClass): 200 GET http://10.180.1.21:9696/networking/v2.0/security-groups?tenant_id=19348019525a479d86f02cc2d1b911ce&name=default 0.728s
2024-12-12 02:50:22.824 66392 INFO tempest.lib.common.rest_client [req-450a84d0-4eb5-41c7-89cb-87b00741ed8c req-450a84d0-4eb5-41c7-89cb-87b00741ed8c ] Request (TenantUsagesNegativeTestJSON:setUpClass): 201 POST http://10.180.1.21/identity/v3/users 0.154s
2024-12-12 02:50:22.885 66390 INFO tempest.lib.common.rest_client [req-df897a1d-af83-4897-892f-fbe47345ac6d req-df897a1d-af83-4897-892f-fbe47345ac6d ] Request (FlavorsV261TestJSON:tearDownClass): 204 DELETE http://10.180.1.21:9696/networking/v2.0/security-groups/210ea00e-d7fa-499a-aa0a-f84b387da4dd 0.253s
2024-12-12 02:50:22.899 66374 INFO tempest.lib.common.rest_client [req-bac8fa56-1b98-46a4-bec4-5e38fae2f392 req-bac8fa56-1b98-46a4-bec4-5e38fae2f392 ] Request (KeyPairsV210TestJSON:setUpClass): 201 POST http://10.180.1.21/identity/v3/auth/tokens 0.160s
2024-12-12 02:50:22.910 66398 INFO tempest.lib.common.rest_client [req-cdd1403b-5d07-4365-858a-fef404c1ba35 req-cdd1403b-5d07-4365-858a-fef404c1ba35 ] Request (HypervisorAdminNegativeTestJSON:tearDownClass): 204 DELETE http://10.180.1.21/identity/v3/projects/03a2bfe9c37f4c65b85d880c1432124c 0.156s
2024-12-12 02:50:22.948 66404 INFO tempest.lib.common.rest_client [req-b2997822-4742-4d89-a537-5023c90be658 req-b2997822-4742-4d89-a537-5023c90be658 ] Request (ServicesAdminNegativeV253TestJSON:setUpClass): 204 PUT http://10.180.1.21/identity/v3/projects/2e344708922743f6a687b4707e1bbe32/users/5a33de43445f4a4c8a99e74c4813568b/roles/6ef95f0d43044f5c87b644eaca57f9c8 0.173s
2024-12-12 02:50:22.948 66404 INFO tempest.lib.common.dynamic_creds [-] Dynamic test user 5a33de43445f4a4c8a99e74c4813568b is created with scope project and roles: ['member']
2024-12-12 02:50:22.949 66404 INFO tempest.lib.common.dynamic_creds [-] Acquired dynamic creds: credentials: Credentials: {'domain_id': 'default', 'domain_name': 'Default', 'username': 'tempest-ServicesAdminNegativeV253TestJSON-555712313-project-member', 'project_domain_id': 'default', 'project_domain_name': 'Default', 'project_id': '2e344708922743f6a687b4707e1bbe32', 'project_name': 'tempest-ServicesAdminNegativeV253TestJSON-555712313', 'tenant_id': '2e344708922743f6a687b4707e1bbe32', 'tenant_name': 'tempest-ServicesAdminNegativeV253TestJSON-555712313', 'user_domain_id': 'default', 'user_domain_name': 'Default', 'user_id': '5a33de43445f4a4c8a99e74c4813568b', 'system': None}, Network: None, Subnet: None, Router: None
2024-12-12 02:50:22.949 66404 INFO tempest.lib.common.dynamic_creds [-] Created isolated network resources for: credentials: Credentials: {'domain_id': 'default', 'domain_name': 'Default', 'username': 'tempest-ServicesAdminNegativeV253TestJSON-555712313-project-member', 'project_domain_id': 'default', 'project_domain_name': 'Default', 'project_id': '2e344708922743f6a687b4707e1bbe32', 'project_name': 'tempest-ServicesAdminNegativeV253TestJSON-555712313', 'tenant_id': '2e344708922743f6a687b4707e1bbe32', 'tenant_name': 'tempest-ServicesAdminNegativeV253TestJSON-555712313', 'user_domain_id': 'default', 'user_domain_name': 'Default', 'user_id': '5a33de43445f4a4c8a99e74c4813568b', 'system': None}, Network: None, Subnet: None, Router: None
2024-12-12 02:50:23.002 66384 INFO tempest.lib.common.rest_client [req-ec3ddf34-6b70-4ed3-9d48-b64e8177251d req-ec3ddf34-6b70-4ed3-9d48-b64e8177251d ] Request (ImagesTestJSON:setUpClass): 200 GET http://10.180.1.21/identity/v3/domains?name=Default 0.223s
2024-12-12 02:50:23.006 66392 INFO tempest.lib.common.rest_client [req-da00c7cf-0316-44c0-904b-b78216e80774 req-da00c7cf-0316-44c0-904b-b78216e80774 ] Request (TenantUsagesNegativeTestJSON:setUpClass): 200 GET http://10.180.1.21/identity/v3/roles 0.182s
2024-12-12 02:50:23.046 66374 INFO tempest.lib.common.rest_client [req-36fa450c-2787-4aa9-8672-0f2af672023a req-36fa450c-2787-4aa9-8672-0f2af672023a ] Request (KeyPairsV210TestJSON:setUpClass): 201 POST http://10.180.1.21/identity/v3/projects 0.145s
2024-12-12 02:50:23.063 66368 INFO tempest.lib.common.rest_client [req-4ed68fef-122c-4c5b-b350-85c36affc1e0 req-4ed68fef-122c-4c5b-b350-85c36affc1e0 ] Request (QuotaClassesAdmin257Test:tearDownClass): 204 DELETE http://10.180.1.21:9696/networking/v2.0/security-groups/bdbc3f9b-cf8e-4e8d-9627-f418bb4e50c6 0.276s
2024-12-12 02:50:23.073 66390 INFO tempest.lib.common.rest_client [req-662bfe86-742d-42fa-9de2-1972f9954e4b req-662bfe86-742d-42fa-9de2-1972f9954e4b ] Request (FlavorsV261TestJSON:tearDownClass): 204 DELETE http://10.180.1.21/identity/v3/projects/f1c5bf36da164227aca5e1ecf2c16889 0.187s
2024-12-12 02:50:23.073 66390 INFO tempest.lib.common.dynamic_creds [-] Deleting project and security group for project: 600fe340b5324faab6f571fbe66a3944
2024-12-12 02:50:23.078 66376 INFO tempest.lib.common.rest_client [req-c553122a-b493-4f75-bf72-630b47eae220 req-c553122a-b493-4f75-bf72-630b47eae220 ] Request (ServerExternalEventsTest:test_create_server_external_events): 200 GET http://10.180.1.21/compute/v2.1/servers/666d5105-ee2e-4691-b13c-bd7feb045959 1.785s
2024-12-12 02:50:23.084 66376 INFO tempest.common.waiters [-] State transition "BUILD/block_device_mapping" ==> "BUILD/spawning" after 10 second wait
2024-12-12 02:50:23.113 66398 INFO tempest.lib.common.rest_client [req-7d95fe1b-acf5-4e51-9e44-379b05e77a3e req-7d95fe1b-acf5-4e51-9e44-379b05e77a3e ] Request (ServersAdmin275Test:setUpClass): 201 POST http://10.180.1.21/identity/v3/auth/tokens 0.201s
2024-12-12 02:50:23.122 66422 INFO tempest.lib.common.rest_client [req-1fd3c950-e63b-4281-b78e-8e3c4dd9bb12 req-1fd3c950-e63b-4281-b78e-8e3c4dd9bb12 ] Request (VolumesAssistedSnapshotsTest:test_volume_assisted_snapshot_create_delete): 202 POST http://10.180.1.21/compute/v2.1/servers 2.103s
2024-12-12 02:50:23.126 66396 INFO tempest.lib.common.rest_client [req-0ffbdf59-d146-4b7f-a916-ae4a2000affd req-0ffbdf59-d146-4b7f-a916-ae4a2000affd ] Request (TestVersions:test_get_version_details): 200 GET http://10.180.1.21/compute/v2/ 1.749s
2024-12-12 02:50:23.144 66400 INFO tempest.lib.common.rest_client [req-f8094692-919d-43f9-99ff-a81d3a6b9ce6 req-f8094692-919d-43f9-99ff-a81d3a6b9ce6 ] Request (ServicesAdminNegativeTestJSON:tearDownClass): 200 GET http://10.180.1.21:9696/networking/v2.0/security-groups?tenant_id=3591dbd387304aa0b1665bc833d5a952&name=default 0.431s
2024-12-12 02:50:23.158 66386 INFO tempest.lib.common.rest_client [req-4a7a1946-0811-4e75-928e-0e53b2f9f8ec req-4a7a1946-0811-4e75-928e-0e53b2f9f8ec ] Request (KeyPairsV2TestJSON:test_keypair_create_delete): 200 POST http://10.180.1.21/compute/v2.1/os-keypairs 1.765s
2024-12-12 02:50:23.170 66384 INFO tempest.lib.common.rest_client [req-215483d7-c2e3-4661-9dab-c2b97a91237a req-215483d7-c2e3-4661-9dab-c2b97a91237a ] Request (ImagesTestJSON:setUpClass): 201 POST http://10.180.1.21/identity/v3/projects 0.167s
2024-12-12 02:50:23.178 66404 INFO tempest.lib.common.rest_client [req-321f8d15-5db2-4a7c-aa10-6f4e5ca7aa3e req-321f8d15-5db2-4a7c-aa10-6f4e5ca7aa3e ] Request (ServicesAdminNegativeV253TestJSON:setUpClass): 201 POST http://10.180.1.21/identity/v3/auth/tokens 0.226s
2024-12-12 02:50:23.202 66364 INFO tempest.lib.common.rest_client [req-c64feeb2-3aeb-45d6-ad08-650f6c3c8d2f req-c64feeb2-3aeb-45d6-ad08-650f6c3c8d2f ] Request (HostsAdminTestJSON:test_show_host_detail): 200 GET http://10.180.1.21/compute/v2.1/os-hosts/cpu-1 1.789s
2024-12-12 02:50:23.257 66392 INFO tempest.lib.common.rest_client [req-781aa8bc-4f92-411c-aebc-493759f5ebd2 req-781aa8bc-4f92-411c-aebc-493759f5ebd2 ] Request (TenantUsagesNegativeTestJSON:setUpClass): 204 PUT http://10.180.1.21/identity/v3/projects/80bdc9c00e9d49c5820e9f33ec840d0b/users/7b4193ef996649a69895c5950b3ff6ff/roles/848f8c3aabd14cd7bdbab8ad41c3fb9b 0.250s
2024-12-12 02:50:23.278 66412 INFO tempest.lib.common.rest_client [req-b2a8e410-396e-4c91-8c5c-370f8bf86744 req-b2a8e410-396e-4c91-8c5c-370f8bf86744 ] Request (ServersTestBootFromVolume:setUpClass): 200 GET http://10.180.1.21/volume/v3/volumes/76167f57-102e-45d9-8256-5434bbce481e 0.044s
