2024-12-12 02:52:06.651 66386 INFO tempest.lib.common.rest_client [req-bd7d94b0-cae2-44bb-8f90-a2f7c64d53c0 req-bd7d94b0-cae2-44bb-8f90-a2f7c64d53c0 ] Request (ServersV294TestFqdnHostnames:setUpClass): 200 GET http://10.180.1.21/compute/v2.1/servers/1e3f720c-5a6f-4e7c-aafc-b4680d9667e1 0.164s
2024-12-12 02:52:06.666 66402 INFO tempest.lib.common.rest_client [req-f5bb3a08-99b9-4930-a92f-78a234d67a98 req-f5bb3a08-99b9-4930-a92f-78a234d67a98 ] Request (ServerShowV247Test:tearDownClass): 200 GET http://10.180.1.21/compute/v2.1/servers/f06102d6-be5c-40d1-ae1d-8ae8190fd0d7 0.124s
2024-12-12 02:52:06.691 66364 INFO tempest.lib.common.rest_client [req-099d91a8-513f-4a6c-81dd-7d54040eef17 req-099d91a8-513f-4a6c-81dd-7d54040eef17 ] Request (ListServerFiltersTestJSON:test_list_servers_filtered_by_name_regex): 200 GET http://10.180.1.21/compute/v2.1/servers?name=%5E.%2A%5C-instance%5C-%5B0-9%5D%2B%24 0.109s
2024-12-12 02:52:06.709 66400 INFO tempest.lib.common.rest_client [req-60dbc7ae-4f90-4a6d-bccc-5f3877627f63 req-60dbc7ae-4f90-4a6d-bccc-5f3877627f63 ] Request (ServersNegativeTestJSON:setUpClass): 200 GET http://10.180.1.21/compute/v2.1/servers/b409568f-6e04-4218-8a7b-1bbf785115c3 0.081s
2024-12-12 02:52:06.734 66364 INFO tempest.lib.common.rest_client [req-0c4b87e4-af94-4099-b927-b1cc60d7d50d req-0c4b87e4-af94-4099-b927-b1cc60d7d50d ] Request (ListServerFiltersTestJSON:test_list_servers_filtered_by_name_regex): 200 GET http://10.180.1.21/compute/v2.1/servers?name=%5E.%2A%5C-instance%5C-.%2A%24 0.040s
2024-12-12 02:52:06.777 66364 INFO tempest.lib.common.rest_client [req-a37e7a89-d393-48bc-93e0-b78f8c5a9600 req-a37e7a89-d393-48bc-93e0-b78f8c5a9600 ] Request (ListServerFiltersTestJSON:test_list_servers_filtered_by_name_regex): 200 GET http://10.180.1.21/compute/v2.1/servers?name=1552727040 0.041s
2024-12-12 02:52:06.785 66418 INFO tempest.lib.common.rest_client [req-06d0ba49-ac50-4273-a18e-dede07bfee4d req-06d0ba49-ac50-4273-a18e-dede07bfee4d ] Request (ServerMetadataNegativeTestJSON:tearDownClass): 200 GET http://10.180.1.21/compute/v2.1/servers/914b187f-b05f-49d4-bf61-d536ef61934d 0.053s
2024-12-12 02:52:06.822 66364 INFO tempest.lib.common.rest_client [req-4188c2d7-094f-438d-8d79-af8f8350639b req-4188c2d7-094f-438d-8d79-af8f8350639b ] Request (ListServerFiltersTestJSON:test_list_servers_filtered_by_name_wildcard): 200 GET http://10.180.1.21/compute/v2.1/servers?name=-instance 0.042s
2024-12-12 02:52:06.904 66364 INFO tempest.lib.common.rest_client [req-ee8e4568-78e9-44c2-ab2f-9d5f361213f9 req-ee8e4568-78e9-44c2-ab2f-9d5f361213f9 ] Request (ListServerFiltersTestJSON:test_list_servers_filtered_by_name_wildcard): 200 GET http://10.180.1.21/compute/v2.1/servers?name=t-ListServerFiltersTestJSON-instance-155272704 0.079s
2024-12-12 02:52:06.915 66388 INFO tempest.lib.common.rest_client [req-e754cf81-a5d2-4b5e-a877-5fb1bb368ba9 req-e754cf81-a5d2-4b5e-a877-5fb1bb368ba9 ] Request (ServerDiagnosticsNegativeTest:test_get_server_diagnostics_by_non_admin): 200 GET http://10.180.1.21/compute/v2.1/servers/ff6d52f9-6c11-4d7e-bd7f-4f6e307e3056 0.051s
2024-12-12 02:52:06.960 66424 INFO tempest.lib.common.rest_client [req-709da1a3-11a0-4f71-953d-3d2204309fd5 req-709da1a3-11a0-4f71-953d-3d2204309fd5 ] Request (SecurityGroupsTestJSON:test_server_security_groups): 200 GET http://10.180.1.21/compute/v2.1/servers/d16a99df-f092-4d56-9730-852883bbdb70 0.049s
2024-12-12 02:52:06.976 66364 INFO tempest.lib.common.rest_client [req-9415b2a1-ba09-4ab6-8b7c-a21d183fac24 req-9415b2a1-ba09-4ab6-8b7c-a21d183fac24 ] Request (ListServerFiltersTestJSON:tearDownClass): 204 DELETE http://10.180.1.21/compute/v2.1/servers/a6b06048-6cdc-497e-8c5d-b6a26d3e7557 0.070s
2024-12-12 02:52:07.021 66392 INFO tempest.lib.common.rest_client [req-bb5ead12-91d2-4dcb-8e80-1efeb07f8978 req-bb5ead12-91d2-4dcb-8e80-1efeb07f8978 ] Request (ServerAddressesNegativeTestJSON:tearDownClass): 200 GET http://10.180.1.21/compute/v2.1/servers/52670f9e-0cb7-4464-be9c-7b0d8346f60f 0.055s
2024-12-12 02:52:07.077 66364 INFO tempest.lib.common.rest_client [req-e5cc69a9-619e-47f2-959f-72227a802c03 req-e5cc69a9-619e-47f2-959f-72227a802c03 ] Request (ListServerFiltersTestJSON:tearDownClass): 200 GET http://10.180.1.21/compute/v2.1/servers/a6b06048-6cdc-497e-8c5d-b6a26d3e7557 0.100s
2024-12-12 02:52:07.091 66376 INFO tempest.lib.common.rest_client [req-72d89245-0dd6-415c-b951-a4ea0634c731 req-72d89245-0dd6-415c-b951-a4ea0634c731 ] Request (ImagesNegativeTestJSON:test_create_image_from_deleted_server): 200 GET http://10.180.1.21/compute/v2.1/servers/afd02433-0912-44ef-8e0e-71d6ee8fbb41 0.047s
2024-12-12 02:52:07.097 66376 INFO tempest.common.waiters [-] State transition "BUILD/scheduling" ==> "BUILD/None" after 52 second wait
2024-12-12 02:52:07.134 66407 INFO tempest.lib.common.rest_client [req-5bc56fbc-7890-4300-8a99-d2954d120bd2 req-5bc56fbc-7890-4300-8a99-d2954d120bd2 ] Request (MigrationsAdminTest:test_resize_server_revert_deleted_flavor): 200 GET http://10.180.1.21/compute/v2.1/servers/9bda24c6-f950-47ff-ad3c-ff745291870c 0.046s
2024-12-12 02:52:07.173 66372 INFO tempest.lib.common.rest_client [req-087f9c34-8dd3-4c20-a3ca-69a44c32f516 req-087f9c34-8dd3-4c20-a3ca-69a44c32f516 ] Request (ServersTestMultiNic:_run_cleanups): 200 GET http://10.180.1.21/compute/v2.1/servers/0c5c5c06-0b5e-4e11-84b5-ca76828a0565 0.054s
2024-12-12 02:52:07.188 66366 INFO tempest.lib.common.rest_client [req-87aa6447-ceef-429e-8586-595609d888df req-87aa6447-ceef-429e-8586-595609d888df ] Request (ListImageFiltersTestJSON:setUpClass): 200 GET http://10.180.1.21/compute/v2.1/servers/4fd2da5f-2867-4eeb-b7ab-8ffd7b096859 0.054s
2024-12-12 02:52:07.345 66384 INFO tempest.lib.common.rest_client [req-3775725a-1856-453a-a73f-53e572988332 req-3775725a-1856-453a-a73f-53e572988332 ] Request (ImagesTestJSON:test_create_image_from_suspended_server): 200 GET http://10.180.1.21/compute/v2.1/servers/946dad01-c012-457d-8bfe-6395ff0aaedf 0.049s
2024-12-12 02:52:07.347 66410 INFO tempest.lib.common.rest_client [req-5e7f0efa-d9a6-4cf6-a5d0-bb812f4f6579 req-5e7f0efa-d9a6-4cf6-a5d0-bb812f4f6579 ] Request (ServersAdminTestJSON:setUpClass): 200 GET http://10.180.1.21/compute/v2.1/servers/0a1a8539-940a-4a17-9826-82736be41892 0.092s
2024-12-12 02:52:07.397 66378 INFO tempest.lib.common.rest_client [req-5c3e3600-5396-4a96-ac9c-d5c7512ac2b7 req-5c3e3600-5396-4a96-ac9c-d5c7512ac2b7 ] Request (FloatingIPsAssociationTestJSON:tearDownClass): 200 GET http://10.180.1.21/compute/v2.1/servers/4a6ac464-a5e0-4ed6-909d-f1730be14380 0.050s
2024-12-12 02:52:07.454 66420 INFO tempest.lib.common.rest_client [req-a4d1bd0e-0e75-4d61-8bf9-25ed0181a309 req-a4d1bd0e-0e75-4d61-8bf9-25ed0181a309 ] Request (AttachVolumeTestJSON:test_attach_detach_volume): 200 GET http://10.180.1.21/compute/v2.1/servers/1c3392d3-cfb0-47c6-9366-8c363ad21297 0.046s
2024-12-12 02:52:07.455 66404 INFO tempest.lib.common.rest_client [req-0e196ecd-8675-48ec-b5e2-4d7cf6adb4ee req-0e196ecd-8675-48ec-b5e2-4d7cf6adb4ee ] Request (ServersAaction247Test:tearDownClass): 200 GET http://10.180.1.21/compute/v2.1/servers/128bd207-a483-4b38-9fd4-4fb996ce1d0d 0.053s
2024-12-12 02:52:07.503 66374 INFO tempest.lib.common.rest_client [req-b9279cb7-08da-42dc-892b-dd7ca5ce02bd req-b9279cb7-08da-42dc-892b-dd7ca5ce02bd ] Request (ServerRescueTestJSON:setUpClass): 200 GET http://10.180.1.21/compute/v2.1/servers/e003e41d-93e8-4258-b8ca-3c2420b73df0 0.048s
2024-12-12 02:52:07.518 66362 INFO tempest.lib.common.rest_client [req-c842b807-0cbf-44da-b689-e5d20b622ae6 req-c842b807-0cbf-44da-b689-e5d20b622ae6 ] Request (ServerTagsTestJSON:setUpClass): 200 GET http://10.180.1.21/compute/v2.1/servers/48b74d52-e764-4d14-b372-fc34872205dd 0.051s
2024-12-12 02:52:07.552 66394 INFO tempest.lib.common.rest_client [req-a35e2779-6c00-4525-9d8a-49cb6f900c20 req-a35e2779-6c00-4525-9d8a-49cb6f900c20 ] Request (ImagesOneServerNegativeTestJSON:_run_cleanups): 200 GET http://10.180.1.21/compute/v2.1/servers/ba6e94c9-eb58-4040-8e28-f255961e76ca 0.049s
2024-12-12 02:52:07.562 66390 INFO tempest.lib.common.rest_client [req-e5fb806b-921f-43d9-b307-1b0382afc4d7 req-e5fb806b-921f-43d9-b307-1b0382afc4d7 ] Request (ServerDiagnosticsTest:test_get_server_diagnostics): 200 GET http://10.180.1.21/compute/v2.1/servers/c6dc008c-6336-4271-9635-a7e0652138e0 0.052s
2024-12-12 02:52:07.612 66368 INFO tempest.lib.common.rest_client [req-2908dc18-0f16-48b6-9605-713b9d054801 req-2908dc18-0f16-48b6-9605-713b9d054801 ] Request (AttachInterfacesUnderV243Test:test_add_remove_fixed_ip): 200 GET http://10.180.1.21/compute/v2.1/servers/0dbf907f-0313-435c-a8be-19f7e48ded76 0.048s
2024-12-12 02:52:07.644 66370 WARNING tempest.lib.common.ssh [-] Failed to establish authenticated ssh connection to cirros@10.180.180.207 ([Errno None] Unable to connect to port 22 on 10.180.180.207). Number attempts: 8. Retry after 9 seconds.: paramiko.ssh_exception.NoValidConnectionsError: [Errno None] Unable to connect to port 22 on 10.180.180.207
2024-12-12 02:52:07.661 66382 INFO tempest.lib.common.rest_client [req-5df3df3d-19dc-44bb-8509-7566eab7d40a req-5df3df3d-19dc-44bb-8509-7566eab7d40a ] Request (ServersAdminNegativeTestJSON:setUpClass): 200 GET http://10.180.1.21/compute/v2.1/servers/0707fdd6-2aed-4a09-90e0-c7fb0eae6acf 0.051s
2024-12-12 02:52:07.721 66386 INFO tempest.lib.common.rest_client [req-dec2cd12-65c4-4520-8be3-1c3a331c45d3 req-dec2cd12-65c4-4520-8be3-1c3a331c45d3 ] Request (ServersV294TestFqdnHostnames:setUpClass): 200 GET http://10.180.1.21/compute/v2.1/servers/1e3f720c-5a6f-4e7c-aafc-b4680d9667e1 0.060s
2024-12-12 02:52:07.738 66402 INFO tempest.lib.common.rest_client [req-cb4f3730-b928-4a3d-ab9c-aed71a0bcf7b req-cb4f3730-b928-4a3d-ab9c-aed71a0bcf7b ] Request (ServerShowV247Test:tearDownClass): 200 GET http://10.180.1.21/compute/v2.1/servers/f06102d6-be5c-40d1-ae1d-8ae8190fd0d7 0.064s
2024-12-12 02:52:07.764 66400 INFO tempest.lib.common.rest_client [req-98a6b332-7f0b-4ed4-8a7e-28be2851ecb8 req-98a6b332-7f0b-4ed4-8a7e-28be2851ecb8 ] Request (ServersNegativeTestJSON:setUpClass): 200 GET http://10.180.1.21/compute/v2.1/servers/b409568f-6e04-4218-8a7b-1bbf785115c3 0.048s
2024-12-12 02:52:07.844 66418 INFO tempest.lib.common.rest_client [req-a57c8bd4-84e4-4a08-9370-22ce7f7a8f5d req-a57c8bd4-84e4-4a08-9370-22ce7f7a8f5d ] Request (ServerMetadataNegativeTestJSON:tearDownClass): 200 GET http://10.180.1.21/compute/v2.1/servers/914b187f-b05f-49d4-bf61-d536ef61934d 0.052s
2024-12-12 02:52:07.974 66388 INFO tempest.lib.common.rest_client [req-111dd581-9091-46a6-85a7-218f92fad262 req-111dd581-9091-46a6-85a7-218f92fad262 ] Request (ServerDiagnosticsNegativeTest:test_get_server_diagnostics_by_non_admin): 200 GET http://10.180.1.21/compute/v2.1/servers/ff6d52f9-6c11-4d7e-bd7f-4f6e307e3056 0.052s
2024-12-12 02:52:08.015 66424 INFO tempest.lib.common.rest_client [req-05c68065-bf2e-4581-a989-f60fc1135d3d req-05c68065-bf2e-4581-a989-f60fc1135d3d ] Request (SecurityGroupsTestJSON:test_server_security_groups): 200 GET http://10.180.1.21/compute/v2.1/servers/d16a99df-f092-4d56-9730-852883bbdb70 0.048s
2024-12-12 02:52:08.052 66392 INFO tempest.lib.common.rest_client [req-9a716f2d-2d09-427e-ae05-1cf24d23550a req-9a716f2d-2d09-427e-ae05-1cf24d23550a ] Request (ServerAddressesNegativeTestJSON:tearDownClass): 404 GET http://10.180.1.21/compute/v2.1/servers/52670f9e-0cb7-4464-be9c-7b0d8346f60f 0.024s
2024-12-12 02:52:08.156 66376 INFO tempest.lib.common.rest_client [req-54d138e6-849e-45b0-acb5-623d441ba1c5 req-54d138e6-849e-45b0-acb5-623d441ba1c5 ] Request (ImagesNegativeTestJSON:test_create_image_from_deleted_server): 200 GET http://10.180.1.21/compute/v2.1/servers/afd02433-0912-44ef-8e0e-71d6ee8fbb41 0.058s
2024-12-12 02:52:08.196 66364 INFO tempest.lib.common.rest_client [req-9e7709a4-8c7e-4a02-b700-a4a00b85e089 req-9e7709a4-8c7e-4a02-b700-a4a00b85e089 ] Request (ListServerFiltersTestJSON:tearDownClass): 200 GET http://10.180.1.21/compute/v2.1/servers/a6b06048-6cdc-497e-8c5d-b6a26d3e7557 0.112s
2024-12-12 02:52:08.221 66407 INFO tempest.lib.common.rest_client [req-04688400-21ca-43a5-bb60-fc86366d8386 req-04688400-21ca-43a5-bb60-fc86366d8386 ] Request (MigrationsAdminTest:test_resize_server_revert_deleted_flavor): 200 GET http://10.180.1.21/compute/v2.1/servers/9bda24c6-f950-47ff-ad3c-ff745291870c 0.078s
2024-12-12 02:52:08.256 66372 INFO tempest.lib.common.rest_client [req-671c9a97-7840-4471-a69b-9a6e822e1052 req-671c9a97-7840-4471-a69b-9a6e822e1052 ] Request (ServersTestMultiNic:_run_cleanups): 200 GET http://10.180.1.21/compute/v2.1/servers/0c5c5c06-0b5e-4e11-84b5-ca76828a0565 0.076s
2024-12-12 02:52:08.279 66366 INFO tempest.lib.common.rest_client [req-9c78e58f-3bbd-4437-bbf9-c938b8577ea8 req-9c78e58f-3bbd-4437-bbf9-c938b8577ea8 ] Request (ListImageFiltersTestJSON:setUpClass): 200 GET http://10.180.1.21/compute/v2.1/servers/4fd2da5f-2867-4eeb-b7ab-8ffd7b096859 0.076s
2024-12-12 02:52:08.406 66384 INFO tempest.lib.common.rest_client [req-53ecb9d1-591d-42a8-b87b-a4d6bd60e304 req-53ecb9d1-591d-42a8-b87b-a4d6bd60e304 ] Request (ImagesTestJSON:test_create_image_from_suspended_server): 200 GET http://10.180.1.21/compute/v2.1/servers/946dad01-c012-457d-8bfe-6395ff0aaedf 0.054s
2024-12-12 02:52:08.458 66378 INFO tempest.lib.common.rest_client [req-cf9dd219-f85f-4d0a-a905-b22a35b5a9ec req-cf9dd219-f85f-4d0a-a905-b22a35b5a9ec ] Request (FloatingIPsAssociationTestJSON:tearDownClass): 200 GET http://10.180.1.21/compute/v2.1/servers/4a6ac464-a5e0-4ed6-909d-f1730be14380 0.053s
2024-12-12 02:52:08.509 66420 INFO tempest.lib.common.rest_client [req-7c389249-2b33-43d9-9910-e31e1c1aec79 req-7c389249-2b33-43d9-9910-e31e1c1aec79 ] Request (AttachVolumeTestJSON:test_attach_detach_volume): 200 GET http://10.180.1.21/compute/v2.1/servers/1c3392d3-cfb0-47c6-9366-8c363ad21297 0.048s
2024-12-12 02:52:08.515 66420 INFO tempest.common.waiters [-] State transition "BUILD/None" ==> "BUILD/networking" after 72 second wait
2024-12-12 02:52:08.521 66410 INFO tempest.lib.common.rest_client [req-5c0c97f7-8ca9-43a3-839a-e961ca358aed req-5c0c97f7-8ca9-43a3-839a-e961ca358aed ] Request (ServersAdminTestJSON:setUpClass): 200 GET http://10.180.1.21/compute/v2.1/servers/0a1a8539-940a-4a17-9826-82736be41892 0.168s
2024-12-12 02:52:08.584 66374 INFO tempest.lib.common.rest_client [req-bce838a5-8468-4794-82c0-14ee31fb7028 req-bce838a5-8468-4794-82c0-14ee31fb7028 ] Request (ServerRescueTestJSON:setUpClass): 200 GET http://10.180.1.21/compute/v2.1/servers/e003e41d-93e8-4258-b8ca-3c2420b73df0 0.072s
2024-12-12 02:52:08.592 66404 INFO tempest.lib.common.rest_client [req-68e00767-9983-4a26-a977-693ce924d52c req-68e00767-9983-4a26-a977-693ce924d52c ] Request (ServersAaction247Test:tearDownClass): 200 GET http://10.180.1.21/compute/v2.1/servers/128bd207-a483-4b38-9fd4-4fb996ce1d0d 0.128s
2024-12-12 02:52:08.646 66394 INFO tempest.lib.common.rest_client [req-9d027b15-f26e-4977-b9e2-593fd3f1c4cb req-9d027b15-f26e-4977-b9e2-593fd3f1c4cb ] Request (ImagesOneServerNegativeTestJSON:_run_cleanups): 200 GET http://10.180.1.21/compute/v2.1/servers/ba6e94c9-eb58-4040-8e28-f255961e76ca 0.085s
2024-12-12 02:52:08.659 66362 INFO tempest.lib.common.rest_client [req-39754002-c336-4b90-b285-6b587589428d req-39754002-c336-4b90-b285-6b587589428d ] Request (ServerTagsTestJSON:setUpClass): 200 GET http://10.180.1.21/compute/v2.1/servers/48b74d52-e764-4d14-b372-fc34872205dd 0.131s
2024-12-12 02:52:08.718 66390 INFO tempest.lib.common.rest_client [req-60eaa5fa-0c77-42d8-98f6-f9e6a56e9f00 req-60eaa5fa-0c77-42d8-98f6-f9e6a56e9f00 ] Request (ServerDiagnosticsTest:test_get_server_diagnostics): 200 GET http://10.180.1.21/compute/v2.1/servers/c6dc008c-6336-4271-9635-a7e0652138e0 0.148s
2024-12-12 02:52:08.754 66368 INFO tempest.lib.common.rest_client [req-398bca9e-9752-456f-84d4-c5b9725ef5ce req-398bca9e-9752-456f-84d4-c5b9725ef5ce ] Request (AttachInterfacesUnderV243Test:test_add_remove_fixed_ip): 200 GET http://10.180.1.21/compute/v2.1/servers/0dbf907f-0313-435c-a8be-19f7e48ded76 0.133s
2024-12-12 02:52:08.800 66382 INFO tempest.lib.common.rest_client [req-771a3b6d-6482-4568-b279-9a7175d2a7ee req-771a3b6d-6482-4568-b279-9a7175d2a7ee ] Request (ServersAdminNegativeTestJSON:setUpClass): 200 GET http://10.180.1.21/compute/v2.1/servers/0707fdd6-2aed-4a09-90e0-c7fb0eae6acf 0.132s
2024-12-12 02:52:08.834 66386 INFO tempest.lib.common.rest_client [req-06529bd0-ab00-4fab-a8dd-475fe74ddbfd req-06529bd0-ab00-4fab-a8dd-475fe74ddbfd ] Request (ServersV294TestFqdnHostnames:setUpClass): 200 GET http://10.180.1.21/compute/v2.1/servers/1e3f720c-5a6f-4e7c-aafc-b4680d9667e1 0.104s
2024-12-12 02:52:08.878 66402 INFO tempest.lib.common.rest_client [req-fc381f6a-cebf-46e9-a6ee-4ff49f7b75c0 req-fc381f6a-cebf-46e9-a6ee-4ff49f7b75c0 ] Request (ServerShowV247Test:tearDownClass): 200 GET http://10.180.1.21/compute/v2.1/servers/f06102d6-be5c-40d1-ae1d-8ae8190fd0d7 0.131s
2024-12-12 02:52:08.917 66400 INFO tempest.lib.common.rest_client [req-a9c81808-9ce7-4c60-a9a6-ac374f1116bb req-a9c81808-9ce7-4c60-a9a6-ac374f1116bb ] Request (ServersNegativeTestJSON:setUpClass): 200 GET http://10.180.1.21/compute/v2.1/servers/b409568f-6e04-4218-8a7b-1bbf785115c3 0.146s
2024-12-12 02:52:08.952 66418 INFO tempest.lib.common.rest_client [req-11a868c7-deb1-45d8-9bd1-cfa6e898d6c6 req-11a868c7-deb1-45d8-9bd1-cfa6e898d6c6 ] Request (ServerMetadataNegativeTestJSON:tearDownClass): 200 GET http://10.180.1.21/compute/v2.1/servers/914b187f-b05f-49d4-bf61-d536ef61934d 0.101s
2024-12-12 02:52:09.053 66388 INFO tempest.lib.common.rest_client [req-21c27f3c-ac85-4dcf-81f3-8ddaaecba2dc req-21c27f3c-ac85-4dcf-81f3-8ddaaecba2dc ] Request (ServerDiagnosticsNegativeTest:test_get_server_diagnostics_by_non_admin): 200 GET http://10.180.1.21/compute/v2.1/servers/ff6d52f9-6c11-4d7e-bd7f-4f6e307e3056 0.072s
2024-12-12 02:52:09.075 66424 INFO tempest.lib.common.rest_client [req-6cfa97a3-d91f-4f78-ba43-9d8f58905698 req-6cfa97a3-d91f-4f78-ba43-9d8f58905698 ] Request (SecurityGroupsTestJSON:test_server_security_groups): 200 GET http://10.180.1.21/compute/v2.1/servers/d16a99df-f092-4d56-9730-852883bbdb70 0.054s
2024-12-12 02:52:09.240 66376 INFO tempest.lib.common.rest_client [req-c4f70dd3-c22c-4088-abec-1980eeb69677 req-c4f70dd3-c22c-4088-abec-1980eeb69677 ] Request (ImagesNegativeTestJSON:test_create_image_from_deleted_server): 200 GET http://10.180.1.21/compute/v2.1/servers/afd02433-0912-44ef-8e0e-71d6ee8fbb41 0.074s
2024-12-12 02:52:09.277 66364 INFO tempest.lib.common.rest_client [req-ac337c37-1752-42e1-8878-f77204343e0b req-ac337c37-1752-42e1-8878-f77204343e0b ] Request (ListServerFiltersTestJSON:tearDownClass): 200 GET http://10.180.1.21/compute/v2.1/servers/a6b06048-6cdc-497e-8c5d-b6a26d3e7557 0.068s
2024-12-12 02:52:09.299 66392 INFO tempest.lib.common.rest_client [req-b5f9b530-3aef-4c6c-ba15-e71558f23016 req-b5f9b530-3aef-4c6c-ba15-e71558f23016 ] Request (ServerAddressesNegativeTestJSON:tearDownClass): 200 PUT http://10.180.1.21:9696/networking/v2.0/routers/35b605de-1414-46a5-9868-595e64a9f000/remove_router_interface 1.246s
2024-12-12 02:52:09.302 66407 INFO tempest.lib.common.rest_client [req-5f625a43-5506-41be-b1bf-2cd78d14ae4d req-5f625a43-5506-41be-b1bf-2cd78d14ae4d ] Request (MigrationsAdminTest:test_resize_server_revert_deleted_flavor): 200 GET http://10.180.1.21/compute/v2.1/servers/9bda24c6-f950-47ff-ad3c-ff745291870c 0.071s
2024-12-12 02:52:09.352 66366 INFO tempest.lib.common.rest_client [req-43cfe5e0-6297-408d-9368-a11b3950e0ff req-43cfe5e0-6297-408d-9368-a11b3950e0ff ] Request (ListImageFiltersTestJSON:setUpClass): 200 GET http://10.180.1.21/compute/v2.1/servers/4fd2da5f-2867-4eeb-b7ab-8ffd7b096859 0.067s
2024-12-12 02:52:09.372 66372 INFO tempest.lib.common.rest_client [req-7d6b7b54-1a4d-4861-8c4e-57fe6a698977 req-7d6b7b54-1a4d-4861-8c4e-57fe6a698977 ] Request (ServersTestMultiNic:_run_cleanups): 200 GET http://10.180.1.21/compute/v2.1/servers/0c5c5c06-0b5e-4e11-84b5-ca76828a0565 0.108s
2024-12-12 02:52:09.465 66384 INFO tempest.lib.common.rest_client [req-00fc9bf0-05aa-4690-b661-f802715aa1b7 req-00fc9bf0-05aa-4690-b661-f802715aa1b7 ] Request (ImagesTestJSON:test_create_image_from_suspended_server): 200 GET http://10.180.1.21/compute/v2.1/servers/946dad01-c012-457d-8bfe-6395ff0aaedf 0.051s
2024-12-12 02:52:09.537 66378 INFO tempest.lib.common.rest_client [req-0f5167b8-54c1-49ea-b132-380a7b9a6561 req-0f5167b8-54c1-49ea-b132-380a7b9a6561 ] Request (FloatingIPsAssociationTestJSON:tearDownClass): 200 GET http://10.180.1.21/compute/v2.1/servers/4a6ac464-a5e0-4ed6-909d-f1730be14380 0.072s
2024-12-12 02:52:09.628 66408 WARNING tempest.lib.common.ssh [-] Failed to establish authenticated ssh connection to cirros@10.180.180.160 ([Errno None] Unable to connect to port 22 on 10.180.180.160). Number attempts: 4. Retry after 5 seconds.: paramiko.ssh_exception.NoValidConnectionsError: [Errno None] Unable to connect to port 22 on 10.180.180.160
2024-12-12 02:52:09.647 66420 INFO tempest.lib.common.rest_client [req-40bffcb8-33b9-4227-af35-6e6e1ab52995 req-40bffcb8-33b9-4227-af35-6e6e1ab52995 ] Request (AttachVolumeTestJSON:test_attach_detach_volume): 200 GET http://10.180.1.21/compute/v2.1/servers/1c3392d3-cfb0-47c6-9366-8c363ad21297 0.130s
2024-12-12 02:52:09.653 66420 INFO tempest.common.waiters [-] State transition "BUILD/networking" ==> "BUILD/spawning" after 73 second wait
2024-12-12 02:52:09.680 66410 INFO tempest.lib.common.rest_client [req-397c9124-726f-4c2e-b7fc-e99c0e1b6faf req-397c9124-726f-4c2e-b7fc-e99c0e1b6faf ] Request (ServersAdminTestJSON:setUpClass): 200 GET http://10.180.1.21/compute/v2.1/servers/0a1a8539-940a-4a17-9826-82736be41892 0.150s
2024-12-12 02:52:09.694 66374 INFO tempest.lib.common.rest_client [req-27f1b7ec-d66f-467e-8d8b-bd5d6554efbf req-27f1b7ec-d66f-467e-8d8b-bd5d6554efbf ] Request (ServerRescueTestJSON:setUpClass): 200 GET http://10.180.1.21/compute/v2.1/servers/e003e41d-93e8-4258-b8ca-3c2420b73df0 0.102s
2024-12-12 02:52:09.742 66404 INFO tempest.lib.common.rest_client [req-0a1c06b8-18be-4aaa-a863-b9d52998802b req-0a1c06b8-18be-4aaa-a863-b9d52998802b ] Request (ServersAaction247Test:tearDownClass): 200 GET http://10.180.1.21/compute/v2.1/servers/128bd207-a483-4b38-9fd4-4fb996ce1d0d 0.139s
2024-12-12 02:52:09.752 66394 INFO tempest.lib.common.rest_client [req-2727250d-326e-4597-8852-bfbb20169fc1 req-2727250d-326e-4597-8852-bfbb20169fc1 ] Request (ImagesOneServerNegativeTestJSON:_run_cleanups): 200 GET http://10.180.1.21/compute/v2.1/servers/ba6e94c9-eb58-4040-8e28-f255961e76ca 0.099s
2024-12-12 02:52:09.805 66390 INFO tempest.lib.common.rest_client [req-e161ab1b-a7c1-4859-a2ac-c6bc52458062 req-e161ab1b-a7c1-4859-a2ac-c6bc52458062 ] Request (ServerDiagnosticsTest:test_get_server_diagnostics): 200 GET http://10.180.1.21/compute/v2.1/servers/c6dc008c-6336-4271-9635-a7e0652138e0 0.078s
2024-12-12 02:52:09.827 66362 INFO tempest.lib.common.rest_client [req-d9074dba-7f66-4989-a300-069912ae8129 req-d9074dba-7f66-4989-a300-069912ae8129 ] Request (ServerTagsTestJSON:setUpClass): 200 GET http://10.180.1.21/compute/v2.1/servers/48b74d52-e764-4d14-b372-fc34872205dd 0.160s
2024-12-12 02:52:09.859 66392 INFO tempest.lib.common.rest_client [req-21793cf8-7098-4ecf-944c-039a0ba1c29e req-21793cf8-7098-4ecf-944c-039a0ba1c29e ] Request (ServerAddressesNegativeTestJSON:tearDownClass): 204 DELETE http://10.180.1.21:9696/networking/v2.0/routers/35b605de-1414-46a5-9868-595e64a9f000 0.559s
2024-12-12 02:52:09.866 66368 INFO tempest.lib.common.rest_client [req-04108b6f-3440-4c11-bb21-2dbd263f85fa req-04108b6f-3440-4c11-bb21-2dbd263f85fa ] Request (AttachInterfacesUnderV243Test:test_add_remove_fixed_ip): 200 GET http://10.180.1.21/compute/v2.1/servers/0dbf907f-0313-435c-a8be-19f7e48ded76 0.101s
2024-12-12 02:52:09.886 66382 INFO tempest.lib.common.rest_client [req-4b4076a7-c1da-4748-931a-39fe3a3ff06c req-4b4076a7-c1da-4748-931a-39fe3a3ff06c ] Request (ServersAdminNegativeTestJSON:setUpClass): 200 GET http://10.180.1.21/compute/v2.1/servers/0707fdd6-2aed-4a09-90e0-c7fb0eae6acf 0.077s
2024-12-12 02:52:09.928 66386 INFO tempest.lib.common.rest_client [req-264b16d2-3588-48e7-96d8-22550e7d0531 req-264b16d2-3588-48e7-96d8-22550e7d0531 ] Request (ServersV294TestFqdnHostnames:setUpClass): 200 GET http://10.180.1.21/compute/v2.1/servers/1e3f720c-5a6f-4e7c-aafc-b4680d9667e1 0.082s
2024-12-12 02:52:09.979 66402 INFO tempest.lib.common.rest_client [req-855f68ed-7c36-4e94-a6d9-f25a2a87c588 req-855f68ed-7c36-4e94-a6d9-f25a2a87c588 ] Request (ServerShowV247Test:tearDownClass): 200 GET http://10.180.1.21/compute/v2.1/servers/f06102d6-be5c-40d1-ae1d-8ae8190fd0d7 0.087s
2024-12-12 02:52:09.997 66400 INFO tempest.lib.common.rest_client [req-b0c3cae1-b34c-4b70-a0f0-0a6a36ca928d req-b0c3cae1-b34c-4b70-a0f0-0a6a36ca928d ] Request (ServersNegativeTestJSON:setUpClass): 200 GET http://10.180.1.21/compute/v2.1/servers/b409568f-6e04-4218-8a7b-1bbf785115c3 0.071s
2024-12-12 02:52:10.043 66418 INFO tempest.lib.common.rest_client [req-004f3aa7-e2f5-4322-b377-02fca00e3901 req-004f3aa7-e2f5-4322-b377-02fca00e3901 ] Request (ServerMetadataNegativeTestJSON:tearDownClass): 200 GET http://10.180.1.21/compute/v2.1/servers/914b187f-b05f-49d4-bf61-d536ef61934d 0.083s
2024-12-12 02:52:10.051 66392 INFO tempest.lib.common.rest_client [req-75f4dcda-72bf-4606-b551-53cace0956e4 req-75f4dcda-72bf-4606-b551-53cace0956e4 ] Request (ServerAddressesNegativeTestJSON:tearDownClass): 204 DELETE http://10.180.1.21:9696/networking/v2.0/subnets/2cbf78db-375f-4028-b23c-d1dd87bc520d 0.192s
2024-12-12 02:52:10.120 66388 INFO tempest.lib.common.rest_client [req-2bb0c89c-3c18-4e00-8269-d1525f9369f1 req-2bb0c89c-3c18-4e00-8269-d1525f9369f1 ] Request (ServerDiagnosticsNegativeTest:test_get_server_diagnostics_by_non_admin): 200 GET http://10.180.1.21/compute/v2.1/servers/ff6d52f9-6c11-4d7e-bd7f-4f6e307e3056 0.056s
2024-12-12 02:52:10.134 66424 INFO tempest.lib.common.rest_client [req-49d13668-dd21-41de-ab7b-00a005cd9125 req-49d13668-dd21-41de-ab7b-00a005cd9125 ] Request (SecurityGroupsTestJSON:test_server_security_groups): 200 GET http://10.180.1.21/compute/v2.1/servers/d16a99df-f092-4d56-9730-852883bbdb70 0.050s
2024-12-12 02:52:10.280 66392 INFO tempest.lib.common.rest_client [req-5e99eba6-35d0-476e-be45-aa0abe9fec8a req-5e99eba6-35d0-476e-be45-aa0abe9fec8a ] Request (ServerAddressesNegativeTestJSON:tearDownClass): 204 DELETE http://10.180.1.21:9696/networking/v2.0/networks/951b4a86-6826-4dae-b6de-fd00b3d3c179 0.228s
2024-12-12 02:52:10.304 66376 INFO tempest.lib.common.rest_client [req-ed7842de-74f6-4529-b294-e7ff0c40c24e req-ed7842de-74f6-4529-b294-e7ff0c40c24e ] Request (ImagesNegativeTestJSON:test_create_image_from_deleted_server): 200 GET http://10.180.1.21/compute/v2.1/servers/afd02433-0912-44ef-8e0e-71d6ee8fbb41 0.050s
2024-12-12 02:52:10.345 66364 INFO tempest.lib.common.rest_client [req-ab02c224-d975-4032-84ec-96245dc73116 req-ab02c224-d975-4032-84ec-96245dc73116 ] Request (ListServerFiltersTestJSON:tearDownClass): 200 GET http://10.180.1.21/compute/v2.1/servers/a6b06048-6cdc-497e-8c5d-b6a26d3e7557 0.059s
2024-12-12 02:52:10.351 66364 INFO tempest.common.waiters [-] State transition "ACTIVE/deleting" ==> "DELETED/None" after 3 second wait
2024-12-12 02:52:10.358 66407 INFO tempest.lib.common.rest_client [req-b31ce1bd-b0fb-4548-8a8a-0fd735209d48 req-b31ce1bd-b0fb-4548-8a8a-0fd735209d48 ] Request (MigrationsAdminTest:test_resize_server_revert_deleted_flavor): 200 GET http://10.180.1.21/compute/v2.1/servers/9bda24c6-f950-47ff-ad3c-ff745291870c 0.046s
2024-12-12 02:52:10.381 66392 INFO tempest.lib.common.rest_client [req-3065fb31-7986-4a4f-be3e-823d5f159768 req-3065fb31-7986-4a4f-be3e-823d5f159768 ] Request (ServerAddressesNegativeTestJSON:tearDownClass): 204 DELETE http://10.180.1.21/identity/v3/users/7cafa262bf2b425c8bd63595e05462c4 0.101s
2024-12-12 02:52:10.382 66392 INFO tempest.lib.common.dynamic_creds [-] Deleting project and security group for project: f6d8f496c30b49198350d4cf28b51564
2024-12-12 02:52:10.410 66366 INFO tempest.lib.common.rest_client [req-ad8fbe5e-af3b-4736-818e-5aa4685a3265 req-ad8fbe5e-af3b-4736-818e-5aa4685a3265 ] Request (ListImageFiltersTestJSON:setUpClass): 200 GET http://10.180.1.21/compute/v2.1/servers/4fd2da5f-2867-4eeb-b7ab-8ffd7b096859 0.050s
2024-12-12 02:52:10.423 66392 INFO tempest.lib.common.rest_client [req-6c1c16c8-16e2-4872-a5a5-acaee5af8306 req-6c1c16c8-16e2-4872-a5a5-acaee5af8306 ] Request (ServerAddressesNegativeTestJSON:tearDownClass): 200 GET http://10.180.1.21:9696/networking/v2.0/security-groups?tenant_id=f6d8f496c30b49198350d4cf28b51564&name=default 0.041s
2024-12-12 02:52:10.436 66372 INFO tempest.lib.common.rest_client [req-9ff69164-5e10-4d31-861e-2fab78ef605e req-9ff69164-5e10-4d31-861e-2fab78ef605e ] Request (ServersTestMultiNic:_run_cleanups): 200 GET http://10.180.1.21/compute/v2.1/servers/0c5c5c06-0b5e-4e11-84b5-ca76828a0565 0.056s
2024-12-12 02:52:10.497 66392 INFO tempest.lib.common.rest_client [req-19394e42-8096-4575-95de-2eb6aa7f586e req-19394e42-8096-4575-95de-2eb6aa7f586e ] Request (ServerAddressesNegativeTestJSON:tearDownClass): 204 DELETE http://10.180.1.21:9696/networking/v2.0/security-groups/9dd7c03b-f5aa-4d7e-becf-3a2b119d518f 0.073s
2024-12-12 02:52:10.531 66384 INFO tempest.lib.common.rest_client [req-ff108a67-b70c-4fa2-819e-b3ec801b955e req-ff108a67-b70c-4fa2-819e-b3ec801b955e ] Request (ImagesTestJSON:test_create_image_from_suspended_server): 200 GET http://10.180.1.21/compute/v2.1/servers/946dad01-c012-457d-8bfe-6395ff0aaedf 0.059s
2024-12-12 02:52:10.614 66392 INFO tempest.lib.common.rest_client [req-d3522cda-a08d-4092-9590-af63b95659cd req-d3522cda-a08d-4092-9590-af63b95659cd ] Request (ServerAddressesNegativeTestJSON:tearDownClass): 204 DELETE http://10.180.1.21/identity/v3/projects/f6d8f496c30b49198350d4cf28b51564 0.116s
2024-12-12 02:52:10.615 66392 INFO tempest.test [-] raised in AttachVolumeMultiAttachTest.setUpClass. Invoking tearDownClass.
2024-12-12 02:52:10.615 66378 INFO tempest.lib.common.rest_client [req-91073130-5ccb-4e03-a8b4-3c41abd15da0 req-91073130-5ccb-4e03-a8b4-3c41abd15da0 ] Request (FloatingIPsAssociationTestJSON:tearDownClass): 200 GET http://10.180.1.21/compute/v2.1/servers/4a6ac464-a5e0-4ed6-909d-f1730be14380 0.069s
2024-12-12 02:52:10.799 66420 INFO tempest.lib.common.rest_client [req-4c52aca8-2af4-4168-af64-bf3b57a4d952 req-4c52aca8-2af4-4168-af64-bf3b57a4d952 ] Request (AttachVolumeTestJSON:test_attach_detach_volume): 200 GET http://10.180.1.21/compute/v2.1/servers/1c3392d3-cfb0-47c6-9366-8c363ad21297 0.144s
2024-12-12 02:52:10.852 66410 INFO tempest.lib.common.rest_client [req-48dfe43b-a146-45ee-be8a-c57ba555d958 req-48dfe43b-a146-45ee-be8a-c57ba555d958 ] Request (ServersAdminTestJSON:setUpClass): 200 GET http://10.180.1.21/compute/v2.1/servers/0a1a8539-940a-4a17-9826-82736be41892 0.165s
2024-12-12 02:52:10.854 66374 INFO tempest.lib.common.rest_client [req-29036ba5-170f-429b-b1d7-dd4093563c0b req-29036ba5-170f-429b-b1d7-dd4093563c0b ] Request (ServerRescueTestJSON:setUpClass): 200 GET http://10.180.1.21/compute/v2.1/servers/e003e41d-93e8-4258-b8ca-3c2420b73df0 0.153s
2024-12-12 02:52:10.906 66394 INFO tempest.lib.common.rest_client [req-2590ab27-cb7b-40f6-a419-a22fce4c6825 req-2590ab27-cb7b-40f6-a419-a22fce4c6825 ] Request (ImagesOneServerNegativeTestJSON:_run_cleanups): 200 GET http://10.180.1.21/compute/v2.1/servers/ba6e94c9-eb58-4040-8e28-f255961e76ca 0.140s
2024-12-12 02:52:10.911 66404 INFO tempest.lib.common.rest_client [req-10c4d83c-c5aa-4c23-85b1-83611339eb73 req-10c4d83c-c5aa-4c23-85b1-83611339eb73 ] Request (ServersAaction247Test:tearDownClass): 200 GET http://10.180.1.21/compute/v2.1/servers/128bd207-a483-4b38-9fd4-4fb996ce1d0d 0.157s
2024-12-12 02:52:10.918 66404 INFO tempest.common.waiters [-] State transition "ACTIVE/deleting" ==> "DELETED/None" after 4 second wait
2024-12-12 02:52:10.969 66390 INFO tempest.lib.common.rest_client [req-7e34fe88-65d9-4b76-a74b-c9ec7124ea01 req-7e34fe88-65d9-4b76-a74b-c9ec7124ea01 ] Request (ServerDiagnosticsTest:test_get_server_diagnostics): 200 GET http://10.180.1.21/compute/v2.1/servers/c6dc008c-6336-4271-9635-a7e0652138e0 0.157s
2024-12-12 02:52:10.979 66362 INFO tempest.lib.common.rest_client [req-9817282c-17ed-4efa-8710-aee9360e323d req-9817282c-17ed-4efa-8710-aee9360e323d ] Request (ServerTagsTestJSON:setUpClass): 200 GET http://10.180.1.21/compute/v2.1/servers/48b74d52-e764-4d14-b372-fc34872205dd 0.144s
2024-12-12 02:52:11.016 66368 INFO tempest.lib.common.rest_client [req-f8e3f6bc-6a78-4a5f-b176-c429f06b3964 req-f8e3f6bc-6a78-4a5f-b176-c429f06b3964 ] Request (AttachInterfacesUnderV243Test:test_add_remove_fixed_ip): 200 GET http://10.180.1.21/compute/v2.1/servers/0dbf907f-0313-435c-a8be-19f7e48ded76 0.142s
2024-12-12 02:52:11.024 66382 INFO tempest.lib.common.rest_client [req-74284b1a-9817-437f-8ea7-0c32bbac0cda req-74284b1a-9817-437f-8ea7-0c32bbac0cda ] Request (ServersAdminNegativeTestJSON:setUpClass): 200 GET http://10.180.1.21/compute/v2.1/servers/0707fdd6-2aed-4a09-90e0-c7fb0eae6acf 0.131s
2024-12-12 02:52:11.049 66402 INFO tempest.lib.common.rest_client [req-c039d8d9-39e9-425a-b19b-e53e083d64f4 req-c039d8d9-39e9-425a-b19b-e53e083d64f4 ] Request (ServerShowV247Test:tearDownClass): 404 GET http://10.180.1.21/compute/v2.1/servers/f06102d6-be5c-40d1-ae1d-8ae8190fd0d7 0.061s
2024-12-12 02:52:11.087 66386 INFO tempest.lib.common.rest_client [req-b209595e-2c9a-4584-a7d6-3605873df0d2 req-b209595e-2c9a-4584-a7d6-3605873df0d2 ] Request (ServersV294TestFqdnHostnames:setUpClass): 200 GET http://10.180.1.21/compute/v2.1/servers/1e3f720c-5a6f-4e7c-aafc-b4680d9667e1 0.150s
2024-12-12 02:52:11.100 66400 INFO tempest.lib.common.rest_client [req-cb4196c6-c30a-44af-b7fe-7b972fc8a04a req-cb4196c6-c30a-44af-b7fe-7b972fc8a04a ] Request (ServersNegativeTestJSON:setUpClass): 200 GET http://10.180.1.21/compute/v2.1/servers/b409568f-6e04-4218-8a7b-1bbf785115c3 0.095s
2024-12-12 02:52:11.110 66418 INFO tempest.lib.common.rest_client [req-04144019-b160-49cc-ad5a-1a8d23ba1ad1 req-04144019-b160-49cc-ad5a-1a8d23ba1ad1 ] Request (ServerMetadataNegativeTestJSON:tearDownClass): 404 GET http://10.180.1.21/compute/v2.1/servers/914b187f-b05f-49d4-bf61-d536ef61934d 0.059s
2024-12-12 02:52:11.163 66402 INFO tempest.lib.common.rest_client [req-abb04678-c32b-477a-b006-232b15ca9462 req-abb04678-c32b-477a-b006-232b15ca9462 ] Request (ServerShowV247Test:tearDownClass): 204 DELETE http://10.180.1.21/identity/v3/users/fecee20d1c0548f78f4da679c0cb352b 0.113s
2024-12-12 02:52:11.186 66388 INFO tempest.lib.common.rest_client [req-e27895cd-5c03-4d77-a307-b206a0f78dcb req-e27895cd-5c03-4d77-a307-b206a0f78dcb ] Request (ServerDiagnosticsNegativeTest:test_get_server_diagnostics_by_non_admin): 200 GET http://10.180.1.21/compute/v2.1/servers/ff6d52f9-6c11-4d7e-bd7f-4f6e307e3056 0.056s
2024-12-12 02:52:11.199 66424 INFO tempest.lib.common.rest_client [req-cbdacae8-0bfa-41b9-8113-1859a8d0749a req-cbdacae8-0bfa-41b9-8113-1859a8d0749a ] Request (SecurityGroupsTestJSON:test_server_security_groups): 200 GET http://10.180.1.21/compute/v2.1/servers/d16a99df-f092-4d56-9730-852883bbdb70 0.058s
2024-12-12 02:52:11.268 66380 WARNING tempest.lib.common.ssh [-] Failed to establish authenticated ssh connection to cirros@10.180.180.199 ([Errno None] Unable to connect to port 22 on 10.180.180.199). Number attempts: 9. Retry after 10 seconds.: paramiko.ssh_exception.NoValidConnectionsError: [Errno None] Unable to connect to port 22 on 10.180.180.199
2024-12-12 02:52:11.273 66402 INFO tempest.lib.common.rest_client [req-79b279aa-02c4-4a22-84b2-a8cc3f235832 req-79b279aa-02c4-4a22-84b2-a8cc3f235832 ] Request (ServerShowV247Test:tearDownClass): 204 DELETE http://10.180.1.21/identity/v3/users/2b5f4af4b1d4403cb0c8e82eb8141286 0.110s
2024-12-12 02:52:11.273 66402 INFO tempest.lib.common.dynamic_creds [-] Deleting project and security group for project: 47cf283fe8984c279f2f83fb9ae537e8
2024-12-12 02:52:11.338 66402 INFO tempest.lib.common.rest_client [req-387ea5c9-b59e-49d5-864a-630c6546f61c req-387ea5c9-b59e-49d5-864a-630c6546f61c ] Request (ServerShowV247Test:tearDownClass): 201 POST http://10.180.1.21/identity/v3/auth/tokens 0.064s
2024-12-12 02:52:11.423 66364 INFO tempest.lib.common.rest_client [req-39347af3-b0bc-4fe8-9bed-b307b7ac5b9c req-39347af3-b0bc-4fe8-9bed-b307b7ac5b9c ] Request (ListServerFiltersTestJSON:tearDownClass): 200 GET http://10.180.1.21/compute/v2.1/servers/a6b06048-6cdc-497e-8c5d-b6a26d3e7557 0.069s
2024-12-12 02:52:11.480 66407 INFO tempest.lib.common.rest_client [req-fbd8218a-b75e-4af2-a2a7-0d517ceff45e req-fbd8218a-b75e-4af2-a2a7-0d517ceff45e ] Request (MigrationsAdminTest:test_resize_server_revert_deleted_flavor): 200 GET http://10.180.1.21/compute/v2.1/servers/9bda24c6-f950-47ff-ad3c-ff745291870c 0.116s
2024-12-12 02:52:11.541 66376 INFO tempest.lib.common.rest_client [req-b5ed13be-beec-4dc8-874a-7afe88c65d05 req-b5ed13be-beec-4dc8-874a-7afe88c65d05 ] Request (ImagesNegativeTestJSON:test_create_image_from_deleted_server): 200 GET http://10.180.1.21/compute/v2.1/servers/afd02433-0912-44ef-8e0e-71d6ee8fbb41 0.231s
2024-12-12 02:52:11.560 66366 INFO tempest.lib.common.rest_client [req-46bd3f03-453c-489c-89ac-3ce8cfbb71cc req-46bd3f03-453c-489c-89ac-3ce8cfbb71cc ] Request (ListImageFiltersTestJSON:setUpClass): 200 GET http://10.180.1.21/compute/v2.1/servers/4fd2da5f-2867-4eeb-b7ab-8ffd7b096859 0.142s
2024-12-12 02:52:11.584 66402 INFO tempest.lib.common.rest_client [req-fd69dee8-d5f1-4fc3-8a65-8c972290b9a2 req-fd69dee8-d5f1-4fc3-8a65-8c972290b9a2 ] Request (ServerShowV247Test:tearDownClass): 200 GET http://10.180.1.21:9696/networking/v2.0/security-groups?tenant_id=47cf283fe8984c279f2f83fb9ae537e8&name=default 0.246s
2024-12-12 02:52:11.610 66372 INFO tempest.lib.common.rest_client [req-f7ee2926-66a2-493c-9936-56a6504c435c req-f7ee2926-66a2-493c-9936-56a6504c435c ] Request (ServersTestMultiNic:_run_cleanups): 200 GET http://10.180.1.21/compute/v2.1/servers/0c5c5c06-0b5e-4e11-84b5-ca76828a0565 0.167s
2024-12-12 02:52:11.620 66384 INFO tempest.lib.common.rest_client [req-6f3bd14d-aaa6-4c61-8546-2a23b181db01 req-6f3bd14d-aaa6-4c61-8546-2a23b181db01 ] Request (ImagesTestJSON:test_create_image_from_suspended_server): 200 GET http://10.180.1.21/compute/v2.1/servers/946dad01-c012-457d-8bfe-6395ff0aaedf 0.081s
2024-12-12 02:52:11.649 66378 INFO tempest.lib.common.rest_client [req-a5693c84-a81b-4feb-a08f-fa934b11ff4a req-a5693c84-a81b-4feb-a08f-fa934b11ff4a ] Request (FloatingIPsAssociationTestJSON:tearDownClass): 404 GET http://10.180.1.21/compute/v2.1/servers/4a6ac464-a5e0-4ed6-909d-f1730be14380 0.024s
2024-12-12 02:52:11.835 66402 INFO tempest.lib.common.rest_client [req-af1cebb5-d255-47a6-959a-1f07cde08012 req-af1cebb5-d255-47a6-959a-1f07cde08012 ] Request (ServerShowV247Test:tearDownClass): 204 DELETE http://10.180.1.21:9696/networking/v2.0/security-groups/77c52a48-d2bc-4410-860e-bca76de26130 0.250s
2024-12-12 02:52:11.924 66402 INFO tempest.lib.common.rest_client [req-2158c85d-54a8-4d41-ace4-1241f890d219 req-2158c85d-54a8-4d41-ace4-1241f890d219 ] Request (ServerShowV247Test:tearDownClass): 204 DELETE http://10.180.1.21/identity/v3/projects/47cf283fe8984c279f2f83fb9ae537e8 0.088s
2024-12-12 02:52:12.005 66420 INFO tempest.lib.common.rest_client [req-0109fc74-2fdd-4b2c-bc58-2e9ddbaf7902 req-0109fc74-2fdd-4b2c-bc58-2e9ddbaf7902 ] Request (AttachVolumeTestJSON:test_attach_detach_volume): 200 GET http://10.180.1.21/compute/v2.1/servers/1c3392d3-cfb0-47c6-9366-8c363ad21297 0.195s
2024-12-12 02:52:12.169 66410 INFO tempest.lib.common.rest_client [req-b5186925-491d-4fc5-962c-f22701817114 req-b5186925-491d-4fc5-962c-f22701817114 ] Request (ServersAdminTestJSON:setUpClass): 200 GET http://10.180.1.21/compute/v2.1/servers/0a1a8539-940a-4a17-9826-82736be41892 0.310s
2024-12-12 02:52:12.224 66374 INFO tempest.lib.common.rest_client [req-8115601c-081c-4fc0-ac1c-5e58cb216a00 req-8115601c-081c-4fc0-ac1c-5e58cb216a00 ] Request (ServerRescueTestJSON:setUpClass): 200 GET http://10.180.1.21/compute/v2.1/servers/e003e41d-93e8-4258-b8ca-3c2420b73df0 0.361s
2024-12-12 02:52:12.269 66394 INFO tempest.lib.common.rest_client [req-c3662a85-207e-402d-be67-f27953dd4863 req-c3662a85-207e-402d-be67-f27953dd4863 ] Request (ImagesOneServerNegativeTestJSON:_run_cleanups): 200 GET http://10.180.1.21/compute/v2.1/servers/ba6e94c9-eb58-4040-8e28-f255961e76ca 0.351s
2024-12-12 02:52:12.331 66404 INFO tempest.lib.common.rest_client [req-eb391866-713a-4de8-a861-ab2992358569 req-eb391866-713a-4de8-a861-ab2992358569 ] Request (ServersAaction247Test:tearDownClass): 200 GET http://10.180.1.21/compute/v2.1/servers/128bd207-a483-4b38-9fd4-4fb996ce1d0d 0.411s
2024-12-12 02:52:12.352 66418 INFO tempest.lib.common.rest_client [req-a7e0e08b-33ec-4c83-b394-d26c6d8d96f1 req-a7e0e08b-33ec-4c83-b394-d26c6d8d96f1 ] Request (ServerMetadataNegativeTestJSON:tearDownClass): 200 PUT http://10.180.1.21:9696/networking/v2.0/routers/b81ee62c-3ef8-4aaa-b678-441450bab0e9/remove_router_interface 1.242s
2024-12-12 02:52:12.391 66390 INFO tempest.lib.common.rest_client [req-aaaa4f16-274f-404f-8787-164770a1162a req-aaaa4f16-274f-404f-8787-164770a1162a ] Request (ServerDiagnosticsTest:test_get_server_diagnostics): 200 GET http://10.180.1.21/compute/v2.1/servers/c6dc008c-6336-4271-9635-a7e0652138e0 0.413s
2024-12-12 02:52:12.400 66378 INFO tempest.lib.common.rest_client [req-978ed414-d869-438b-9ea4-911b6e7f3e9b req-978ed414-d869-438b-9ea4-911b6e7f3e9b ] Request (FloatingIPsAssociationTestJSON:tearDownClass): 202 DELETE http://10.180.1.21/compute/v2.1/os-floating-ips/4875e34e-f0e4-41eb-8e9f-6020613df6ca 0.750s
2024-12-12 02:52:12.450 66368 INFO tempest.lib.common.rest_client [req-a3884a98-e90a-4bb5-92c6-d4d6e9747f67 req-a3884a98-e90a-4bb5-92c6-d4d6e9747f67 ] Request (AttachInterfacesUnderV243Test:test_add_remove_fixed_ip): 200 GET http://10.180.1.21/compute/v2.1/servers/0dbf907f-0313-435c-a8be-19f7e48ded76 0.427s
2024-12-12 02:52:12.467 66362 INFO tempest.lib.common.rest_client [req-90cef24f-c8ff-4ad9-a468-8045bfa67308 req-90cef24f-c8ff-4ad9-a468-8045bfa67308 ] Request (ServerTagsTestJSON:setUpClass): 200 GET http://10.180.1.21/compute/v2.1/servers/48b74d52-e764-4d14-b372-fc34872205dd 0.476s
2024-12-12 02:52:12.498 66382 INFO tempest.lib.common.rest_client [req-5f7d9a8f-801e-4132-afed-d52d8e0ad3a9 req-5f7d9a8f-801e-4132-afed-d52d8e0ad3a9 ] Request (ServersAdminNegativeTestJSON:setUpClass): 200 GET http://10.180.1.21/compute/v2.1/servers/0707fdd6-2aed-4a09-90e0-c7fb0eae6acf 0.466s
2024-12-12 02:52:12.522 66386 INFO tempest.lib.common.rest_client [req-6f5c363f-8777-4995-9469-d0d6c0157857 req-6f5c363f-8777-4995-9469-d0d6c0157857 ] Request (ServersV294TestFqdnHostnames:setUpClass): 200 GET http://10.180.1.21/compute/v2.1/servers/1e3f720c-5a6f-4e7c-aafc-b4680d9667e1 0.424s
2024-12-12 02:52:12.558 66400 INFO tempest.lib.common.rest_client [req-60b7321f-a0fc-4cd9-9bec-2ec416fc0160 req-60b7321f-a0fc-4cd9-9bec-2ec416fc0160 ] Request (ServersNegativeTestJSON:setUpClass): 200 GET http://10.180.1.21/compute/v2.1/servers/b409568f-6e04-4218-8a7b-1bbf785115c3 0.449s
2024-12-12 02:52:12.570 66388 INFO tempest.lib.common.rest_client [req-30228342-1630-4a3d-b76d-0e59f8e12428 req-30228342-1630-4a3d-b76d-0e59f8e12428 ] Request (ServerDiagnosticsNegativeTest:test_get_server_diagnostics_by_non_admin): 200 GET http://10.180.1.21/compute/v2.1/servers/ff6d52f9-6c11-4d7e-bd7f-4f6e307e3056 0.377s
2024-12-12 02:52:12.610 66424 INFO tempest.lib.common.rest_client [req-02f1ccbd-205a-4df3-8c6d-4824fd0b7f45 req-02f1ccbd-205a-4df3-8c6d-4824fd0b7f45 ] Request (SecurityGroupsTestJSON:test_server_security_groups): 200 GET http://10.180.1.21/compute/v2.1/servers/d16a99df-f092-4d56-9730-852883bbdb70 0.402s
2024-12-12 02:52:12.641 66378 INFO tempest.lib.common.rest_client [req-162cb598-f907-4d68-89ba-b9105f2f95dc req-162cb598-f907-4d68-89ba-b9105f2f95dc ] Request (FloatingIPsAssociationTestJSON:tearDownClass): 204 DELETE http://10.180.1.21/compute/v2.1/servers/99bd7579-7097-41df-a8c0-e12a3863a3dc 0.240s
2024-12-12 02:52:12.667 66364 INFO tempest.lib.common.rest_client [req-9d9b9c25-ffcc-42ad-b138-ef3b05cd19f3 req-9d9b9c25-ffcc-42ad-b138-ef3b05cd19f3 ] Request (ListServerFiltersTestJSON:tearDownClass): 200 GET http://10.180.1.21/compute/v2.1/servers/a6b06048-6cdc-497e-8c5d-b6a26d3e7557 0.235s
2024-12-12 02:52:12.694 66407 INFO tempest.lib.common.rest_client [req-82329ada-119f-46ef-a68b-ac74c17e2ac7 req-82329ada-119f-46ef-a68b-ac74c17e2ac7 ] Request (MigrationsAdminTest:test_resize_server_revert_deleted_flavor): 200 GET http://10.180.1.21/compute/v2.1/servers/9bda24c6-f950-47ff-ad3c-ff745291870c 0.204s
2024-12-12 02:52:12.721 66376 INFO tempest.lib.common.rest_client [req-346b6a66-e12b-4196-847b-2d0b067cdeff req-346b6a66-e12b-4196-847b-2d0b067cdeff ] Request (ImagesNegativeTestJSON:test_create_image_from_deleted_server): 200 GET http://10.180.1.21/compute/v2.1/servers/afd02433-0912-44ef-8e0e-71d6ee8fbb41 0.169s
2024-12-12 02:52:12.760 66366 INFO tempest.lib.common.rest_client [req-ca7d581d-37da-4b49-8240-3fbb2a216bff req-ca7d581d-37da-4b49-8240-3fbb2a216bff ] Request (ListImageFiltersTestJSON:setUpClass): 200 GET http://10.180.1.21/compute/v2.1/servers/4fd2da5f-2867-4eeb-b7ab-8ffd7b096859 0.190s
2024-12-12 02:52:12.781 66372 INFO tempest.lib.common.rest_client [req-abbd7690-2ebf-4c2a-bb01-588332f013c9 req-abbd7690-2ebf-4c2a-bb01-588332f013c9 ] Request (ServersTestMultiNic:_run_cleanups): 200 GET http://10.180.1.21/compute/v2.1/servers/0c5c5c06-0b5e-4e11-84b5-ca76828a0565 0.160s
2024-12-12 02:52:12.784 66418 INFO tempest.lib.common.rest_client [req-47e2dbe5-529d-42ac-ac56-4a0117a8e42a req-47e2dbe5-529d-42ac-ac56-4a0117a8e42a ] Request (ServerMetadataNegativeTestJSON:tearDownClass): 204 DELETE http://10.180.1.21:9696/networking/v2.0/routers/b81ee62c-3ef8-4aaa-b678-441450bab0e9 0.432s
2024-12-12 02:52:12.812 66384 INFO tempest.lib.common.rest_client [req-2331c8ce-2bb0-4a2e-a200-59d931a9f2fa req-2331c8ce-2bb0-4a2e-a200-59d931a9f2fa ] Request (ImagesTestJSON:test_create_image_from_suspended_server): 200 GET http://10.180.1.21/compute/v2.1/servers/946dad01-c012-457d-8bfe-6395ff0aaedf 0.184s
2024-12-12 02:52:12.913 66418 INFO tempest.lib.common.rest_client [req-c735d0de-1895-4d2a-b8a6-3c9f1fcb7d07 req-c735d0de-1895-4d2a-b8a6-3c9f1fcb7d07 ] Request (ServerMetadataNegativeTestJSON:tearDownClass): 204 DELETE http://10.180.1.21:9696/networking/v2.0/subnets/1f3ea115-e8ce-46b0-914c-18d4fba7fce8 0.127s
2024-12-12 02:52:12.918 66378 INFO tempest.lib.common.rest_client [req-908cb229-e713-43db-a1dd-f9e10f7fc82c req-908cb229-e713-43db-a1dd-f9e10f7fc82c ] Request (FloatingIPsAssociationTestJSON:tearDownClass): 200 GET http://10.180.1.21/compute/v2.1/servers/99bd7579-7097-41df-a8c0-e12a3863a3dc 0.276s
2024-12-12 02:52:13.155 66420 INFO tempest.lib.common.rest_client [req-c46ac656-a93f-4232-9743-b8c3df8549f5 req-c46ac656-a93f-4232-9743-b8c3df8549f5 ] Request (AttachVolumeTestJSON:test_attach_detach_volume): 200 GET http://10.180.1.21/compute/v2.1/servers/1c3392d3-cfb0-47c6-9366-8c363ad21297 0.138s
2024-12-12 02:52:13.208 66418 INFO tempest.lib.common.rest_client [req-32f6635e-a83d-4cd0-a896-80e576bd735d req-32f6635e-a83d-4cd0-a896-80e576bd735d ] Request (ServerMetadataNegativeTestJSON:tearDownClass): 204 DELETE http://10.180.1.21:9696/networking/v2.0/networks/dca407aa-b4bb-431c-8e7b-94b9ca635c23 0.295s
2024-12-12 02:52:13.286 66374 INFO tempest.lib.common.rest_client [req-dd5250b2-4e15-4d3d-a157-aafc58bb538c req-dd5250b2-4e15-4d3d-a157-aafc58bb538c ] Request (ServerRescueTestJSON:setUpClass): 200 GET http://10.180.1.21/compute/v2.1/servers/e003e41d-93e8-4258-b8ca-3c2420b73df0 0.054s
2024-12-12 02:52:13.332 66418 INFO tempest.lib.common.rest_client [req-bd0410ab-0715-4742-972d-14b5d32f8499 req-bd0410ab-0715-4742-972d-14b5d32f8499 ] Request (ServerMetadataNegativeTestJSON:tearDownClass): 204 DELETE http://10.180.1.21/identity/v3/users/40270b970a5941bbbc312901b6678117 0.123s
2024-12-12 02:52:13.333 66418 INFO tempest.lib.common.dynamic_creds [-] Deleting project and security group for project: c51f82f2e9f042ce8c0ee7144c1d58ef
2024-12-12 02:52:13.339 66394 INFO tempest.lib.common.rest_client [req-3abdda30-0e1a-4960-93ba-b25af1192e35 req-3abdda30-0e1a-4960-93ba-b25af1192e35 ] Request (ImagesOneServerNegativeTestJSON:_run_cleanups): 200 GET http://10.180.1.21/compute/v2.1/servers/ba6e94c9-eb58-4040-8e28-f255961e76ca 0.061s
2024-12-12 02:52:13.343 66410 INFO tempest.lib.common.rest_client [req-8890a7c3-9abb-48fa-b9a7-73ed06d94d74 req-8890a7c3-9abb-48fa-b9a7-73ed06d94d74 ] Request (ServersAdminTestJSON:setUpClass): 200 GET http://10.180.1.21/compute/v2.1/servers/0a1a8539-940a-4a17-9826-82736be41892 0.155s
2024-12-12 02:52:13.351 66410 INFO tempest.common.waiters [-] State transition "BUILD/spawning" ==> "ACTIVE/None" after 78 second wait
2024-12-12 02:52:13.364 66418 INFO tempest.lib.common.rest_client [req-528448ee-3c70-4556-8f63-6a4d07cf568c req-528448ee-3c70-4556-8f63-6a4d07cf568c ] Request (ServerMetadataNegativeTestJSON:tearDownClass): 200 GET http://10.180.1.21:9696/networking/v2.0/security-groups?tenant_id=c51f82f2e9f042ce8c0ee7144c1d58ef&name=default 0.031s
2024-12-12 02:52:13.416 66404 INFO tempest.lib.common.rest_client [req-c21bb307-26b7-4286-a432-cf923ed00284 req-c21bb307-26b7-4286-a432-cf923ed00284 ] Request (ServersAaction247Test:tearDownClass): 200 GET http://10.180.1.21/compute/v2.1/servers/128bd207-a483-4b38-9fd4-4fb996ce1d0d 0.075s
2024-12-12 02:52:13.474 66390 INFO tempest.lib.common.rest_client [req-f9d6da92-a8f3-481c-97d9-92f4387568ba req-f9d6da92-a8f3-481c-97d9-92f4387568ba ] Request (ServerDiagnosticsTest:test_get_server_diagnostics): 200 GET http://10.180.1.21/compute/v2.1/servers/c6dc008c-6336-4271-9635-a7e0652138e0 0.074s
2024-12-12 02:52:13.476 66410 INFO tempest.lib.common.rest_client [req-738b0dbf-553a-4c4d-a6e2-f7d547d23934 req-738b0dbf-553a-4c4d-a6e2-f7d547d23934 ] Request (ServersAdminTestJSON:setUpClass): 200 GET http://10.180.1.21/compute/v2.1/servers/0e0261fe-4376-487c-9d54-c4f37577409c 0.124s
