2024-12-12 02:50:53.725 66404 INFO tempest.lib.common.rest_client [req-a3811493-eea2-42ea-8deb-c51aa48e9274 req-a3811493-eea2-42ea-8deb-c51aa48e9274 ] Request (ServersAaction247Test:test_create_backup): 202 POST http://10.180.1.21/compute/v2.1/servers 1.931s
2024-12-12 02:50:53.831 66422 INFO tempest.lib.common.rest_client [req-91dc5f2b-ffd8-4353-a4e1-e2a0f87113ee req-91dc5f2b-ffd8-4353-a4e1-e2a0f87113ee ] Request (VolumesAssistedSnapshotsTest:test_volume_assisted_snapshot_create_delete): 200 PUT http://10.180.1.21:9696/networking/v2.0/floatingips/b07b1f97-7b91-4ba3-be03-6c97113d6888 1.293s
2024-12-12 02:50:53.833 66422 INFO tempest.lib.common.ssh [-] Creating ssh connection to '10.180.180.212:22' as 'cirros' with public key authentication
2024-12-12 02:50:54.069 66390 INFO tempest.lib.common.rest_client [req-51558e02-c8d6-4de2-9ee7-8e208ef17526 req-51558e02-c8d6-4de2-9ee7-8e208ef17526 ] Request (QuotasAdminNegativeTest:test_create_server_when_memory_quota_is_full): 403 POST http://10.180.1.21/compute/v2.1/servers 2.114s
2024-12-12 02:50:54.152 66410 INFO tempest.lib.common.rest_client [req-41f6201c-a5f4-486f-b049-2cf22450d771 req-41f6201c-a5f4-486f-b049-2cf22450d771 ] Request (ServersAdminTestJSON:setUpClass): 202 POST http://10.180.1.21/compute/v2.1/servers 2.180s
2024-12-12 02:50:54.159 66394 INFO tempest.lib.common.rest_client [req-bcfe4743-6c48-4f17-b950-a7b8d6582d30 req-bcfe4743-6c48-4f17-b950-a7b8d6582d30 ] Request (ImagesOneServerNegativeTestJSON:test_create_image_specify_metadata_over_limits): 400 POST http://10.180.1.21/compute/v2.1/servers/927badc2-decf-49af-b2c0-d95b471272c9/action 2.105s
2024-12-12 02:50:54.184 66362 INFO tempest.lib.common.rest_client [req-fc949a80-e41c-42bb-bc08-0a657158b396 req-fc949a80-e41c-42bb-bc08-0a657158b396 ] Request (FlavorsAccessNegativeTestJSON:_run_cleanups): 202 DELETE http://10.180.1.21/compute/v2.1/flavors/1314305460 2.049s
2024-12-12 02:50:54.245 66388 INFO tempest.lib.common.rest_client [req-a2accfba-c303-4977-9ba8-8131860b6a0c req-a2accfba-c303-4977-9ba8-8131860b6a0c ] Request (ServerDiagnosticsV248Test:test_get_server_diagnostics): 200 GET http://10.180.1.21/compute/v2.1/servers/2bc7f973-007d-44bd-aae8-d3b62506efba 1.954s
2024-12-12 02:50:54.249 66370 INFO tempest.lib.common.rest_client [req-32445e8f-10ae-4180-93e3-891cf0b8bceb req-32445e8f-10ae-4180-93e3-891cf0b8bceb ] Request (ServersTestFqdnHostnames:test_create_server_with_fqdn_name): 200 GET http://10.180.1.21/compute/v2.1/servers/fb84cb48-d1a1-4eec-adb8-8edc585263df 2.202s
2024-12-12 02:50:54.250 66386 INFO tempest.lib.common.rest_client [req-429259a4-25ce-4032-8942-b57f8b6f263e req-429259a4-25ce-4032-8942-b57f8b6f263e ] Request (ServersV294TestFqdnHostnames:setUpClass): 201 POST http://10.180.1.21:9696/networking/v2.0/floatingips 0.985s
2024-12-12 02:50:54.255 66388 INFO tempest.common.waiters [-] State transition "BUILD/None" ==> "BUILD/block_device_mapping" after 19 second wait
2024-12-12 02:50:54.279 66382 INFO tempest.lib.common.rest_client [req-f94ca1ba-60de-4179-83d8-4b0900c3183d req-f94ca1ba-60de-4179-83d8-4b0900c3183d ] Request (AggregatesAdminNegativeTestJSON:_run_cleanups): 200 DELETE http://10.180.1.21/compute/v2.1/os-aggregates/6 1.980s
2024-12-12 02:50:54.283 66366 INFO tempest.lib.common.rest_client [req-354c24f8-d033-4019-9975-93d64a8df625 req-354c24f8-d033-4019-9975-93d64a8df625 ] Request (ListImageFiltersTestJSON:setUpClass): 200 GET http://10.180.1.21/compute/v2.1/images/060e4dd9-068c-4ef2-92e9-cfca6896ae98 1.989s
2024-12-12 02:50:54.301 66386 INFO tempest.lib.common.rest_client [req-98a99e25-f398-48fe-b98a-63028341b537 req-98a99e25-f398-48fe-b98a-63028341b537 ] Request (ServersV294TestFqdnHostnames:setUpClass): 201 POST http://10.180.1.21/identity/v3/auth/tokens 0.045s
2024-12-12 02:50:54.301 66386 INFO tempest.lib.common.fixed_network [-] (ServersV294TestFqdnHostnames:setUpClass) Found network {'id': '50096a05-9b12-4e0c-99c7-a975626057ba', 'name': 'tempest-ServersV294TestFqdnHostnames-210536879-network', 'tenant_id': 'c6456bdfcb5a44d3a8514fe13e8af920', 'admin_state_up': True, 'mtu': 8950, 'status': 'ACTIVE', 'subnets': [], 'shared': False, 'project_id': 'c6456bdfcb5a44d3a8514fe13e8af920', 'port_security_enabled': True, 'router:external': False, 'provider:network_type': 'vlan', 'provider:physical_network': 'default', 'provider:segmentation_id': 453, 'availability_zone_hints': [], 'availability_zones': [], 'ipv4_address_scope': None, 'ipv6_address_scope': None, 'description': '', 'tags': [], 'created_at': '2024-12-12T02:50:46Z', 'updated_at': '2024-12-12T02:50:46Z', 'revision_number': 1} available for tenant
2024-12-12 02:50:54.350 66364 INFO tempest.lib.common.rest_client [req-fdcf35e8-c755-4844-a8aa-6711767ae2ec req-fdcf35e8-c755-4844-a8aa-6711767ae2ec ] Request (ListServerFiltersTestJSON:setUpClass): 200 GET http://10.180.1.21/compute/v2.1/servers/a6b06048-6cdc-497e-8c5d-b6a26d3e7557 2.020s
2024-12-12 02:50:54.367 66366 INFO tempest.lib.common.rest_client [req-5f0b8ab8-8950-4cfa-b77f-5c460d37c908 req-5f0b8ab8-8950-4cfa-b77f-5c460d37c908 ] Request (ListImageFiltersTestJSON:setUpClass): 201 POST http://10.180.1.21/identity/v3/auth/tokens 0.075s
2024-12-12 02:50:54.368 66366 INFO tempest.lib.common.fixed_network [-] (ListImageFiltersTestJSON:setUpClass) Found network None available for tenant
2024-12-12 02:50:54.385 66414 INFO tempest.lib.common.rest_client [req-ac4b5fdd-e21b-41f4-b3c8-6eceb8ee6f26 req-ac4b5fdd-e21b-41f4-b3c8-6eceb8ee6f26 ] Request (SecurityGroupRulesNegativeTestJSON:test_create_security_group_rule_with_invalid_from_port): 400 POST http://10.180.1.21/compute/v2.1/os-security-group-rules 1.893s
2024-12-12 02:50:54.413 66374 INFO tempest.lib.common.rest_client [req-e61543c3-4b3b-4827-8657-774acddd2015 req-e61543c3-4b3b-4827-8657-774acddd2015 ] Request (FlavorsV2TestJSON:test_list_flavors_detailed_filter_by_min_disk): 200 GET http://10.180.1.21/compute/v2.1/flavors/detail?minDisk=2 1.907s
2024-12-12 02:50:54.468 66398 INFO tempest.lib.common.rest_client [req-94b8f9ca-5a6d-4f1e-bb49-e599ce61296c req-94b8f9ca-5a6d-4f1e-bb49-e599ce61296c ] Request (ServersAdmin275Test:test_rebuild_update_server_275): 202 POST http://10.180.1.21/compute/v2.1/servers/66745316-2735-4c49-b1a2-f9e547211761/action 2.091s
2024-12-12 02:50:54.478 66402 INFO tempest.lib.common.rest_client [req-d74f9c02-7d5d-4c1a-b3a3-24ba729495fd req-d74f9c02-7d5d-4c1a-b3a3-24ba729495fd ] Request (ServerShowV247Test:test_update_rebuild_list_server): 200 GET http://10.180.1.21/compute/v2.1/servers/7be4c8f8-240c-4a71-93bb-aeb94243d781 1.861s
2024-12-12 02:50:54.488 66402 INFO tempest.common.waiters [-] State transition "REBUILD/rebuild_spawning" ==> "ACTIVE/None" after 9 second wait
2024-12-12 02:50:54.528 66416 INFO tempest.lib.common.rest_client [req-8d07bea3-a40a-4331-9d9d-9a844c26e1ee req-8d07bea3-a40a-4331-9d9d-9a844c26e1ee ] Request (ServerShowV257Test:tearDownClass): 200 GET http://10.180.1.21/compute/v2.1/servers/ce527ce8-07b6-47a6-bab9-7934a3dda9b3 1.428s
2024-12-12 02:50:54.642 66368 INFO tempest.lib.common.rest_client [req-bdbf3686-a2b7-43b3-85f9-49f71d51c96f req-bdbf3686-a2b7-43b3-85f9-49f71d51c96f ] Request (TenantUsagesTestJSON:setUpClass): 200 GET http://10.180.1.21/compute/v2.1/servers/de33d02f-7e34-4619-a2ed-cda6c54aa030 1.376s
2024-12-12 02:50:54.688 66378 INFO tempest.lib.common.rest_client [req-a4213d89-018c-4b70-81dd-8b47cb0f2161 req-a4213d89-018c-4b70-81dd-8b47cb0f2161 ] Request (FloatingIPsAssociationTestJSON:test_associate_already_associated_floating_ip): 200 GET http://10.180.1.21/compute/v2.1/servers/4a6ac464-a5e0-4ed6-909d-f1730be14380 1.284s
2024-12-12 02:50:54.809 66420 INFO tempest.lib.common.rest_client [req-002b33d6-de7d-48a4-8427-9168cd6602ff req-002b33d6-de7d-48a4-8427-9168cd6602ff ] Request (AttachVolumeTestJSON:test_attach_detach_volume): 202 POST http://10.180.1.21/compute/v2.1/servers 2.095s
2024-12-12 02:50:54.828 66424 INFO tempest.lib.common.rest_client [req-565012cc-faf2-4f63-81d0-961b1c2a90f0 req-565012cc-faf2-4f63-81d0-961b1c2a90f0 ] Request (SecurityGroupsTestJSON:test_list_security_groups_by_server): 200 GET http://10.180.1.21/compute/v2.1/servers/11a4d835-c149-49f0-8e4f-b3f9a7f1afca/os-security-groups 1.222s
2024-12-12 02:50:54.865 66408 INFO tempest.lib.common.rest_client [req-16297ae2-51ee-4260-b884-09f0853450c2 req-16297ae2-51ee-4260-b884-09f0853450c2 ] Request (AttachInterfacesTestJSON:test_create_list_show_delete_interfaces_by_fixed_ip): 200 GET http://10.180.1.21/compute/v2.1/servers/6767c231-2dcb-4d19-ae7c-5b026d48ed26 1.251s
2024-12-12 02:50:54.920 66418 INFO tempest.lib.common.rest_client [req-56aa5ed4-45ff-4873-9d3d-ca2d5294ee16 req-56aa5ed4-45ff-4873-9d3d-ca2d5294ee16 ] Request (ServerMetadataNegativeTestJSON:setUpClass): 200 GET http://10.180.1.21/compute/v2.1/servers/914b187f-b05f-49d4-bf61-d536ef61934d 1.242s
2024-12-12 02:50:54.953 66407 INFO tempest.lib.common.rest_client [req-eeb11a8b-706f-46e0-bb81-a1fabed1d620 req-eeb11a8b-706f-46e0-bb81-a1fabed1d620 ] Request (MigrationsAdminTest:test_list_migrations_in_flavor_resize_situation): 200 GET http://10.180.1.21/compute/v2.1/servers/3fc6366b-76db-4bb1-ae1f-67b3ad5e1cbd 1.337s
2024-12-12 02:50:54.972 66404 INFO tempest.lib.common.rest_client [req-1c52af03-1d4b-4994-ab74-e25efe0a804a req-1c52af03-1d4b-4994-ab74-e25efe0a804a ] Request (ServersAaction247Test:test_create_backup): 200 GET http://10.180.1.21/compute/v2.1/servers/128bd207-a483-4b38-9fd4-4fb996ce1d0d 1.242s
2024-12-12 02:50:55.020 66412 INFO tempest.lib.common.rest_client [req-2d86bcf0-65f7-408e-b137-d51a9c38f340 req-2d86bcf0-65f7-408e-b137-d51a9c38f340 ] Request (ServersTestBootFromVolume:setUpClass): 200 GET http://10.180.1.21/compute/v2.1/servers/f1914aaa-1f3d-48b7-a6d2-ceea16dc786a 1.170s
2024-12-12 02:50:55.039 66392 INFO tempest.lib.common.rest_client [req-8ed54b15-9c63-48b4-845c-5b80db24ce0a req-8ed54b15-9c63-48b4-845c-5b80db24ce0a ] Request (ServerAddressesNegativeTestJSON:setUpClass): 200 GET http://10.180.1.21/compute/v2.1/servers/52670f9e-0cb7-4464-be9c-7b0d8346f60f 1.117s
2024-12-12 02:50:55.104 66400 INFO tempest.lib.common.rest_client [req-9cd8687a-a69f-489f-bb36-04104101b5ed req-9cd8687a-a69f-489f-bb36-04104101b5ed ] Request (ServersNegativeTestJSON:setUpClass): 200 GET http://10.180.1.21/compute/v2.1/servers/679cd9a3-2ed6-451f-b934-ba7738913959 1.107s
2024-12-12 02:50:55.149 66384 INFO tempest.lib.common.rest_client [req-92b3b499-fae1-4d82-9b4a-d3dfd7847e01 req-92b3b499-fae1-4d82-9b4a-d3dfd7847e01 ] Request (ImagesTestJSON:test_create_image_from_stopped_server): 200 GET http://10.180.1.21/compute/v2.1/servers/455052cc-292a-414c-8c83-bc512c49a197 1.158s
2024-12-12 02:50:55.179 66390 INFO tempest.lib.common.rest_client [req-34b5d609-c7f0-42bb-8647-89252a8ec754 req-34b5d609-c7f0-42bb-8647-89252a8ec754 ] Request (QuotasAdminNegativeTest:_run_cleanups): 200 PUT http://10.180.1.21/compute/v2.1/os-quota-sets/18acf141521d4c37972b4cdd9abad638 1.109s
2024-12-12 02:50:55.198 66410 INFO tempest.lib.common.rest_client [req-c1993d73-e1bd-49f9-b5dd-af8547a60a65 req-c1993d73-e1bd-49f9-b5dd-af8547a60a65 ] Request (ServersAdminTestJSON:setUpClass): 200 GET http://10.180.1.21/compute/v2.1/servers/0a1a8539-940a-4a17-9826-82736be41892 1.044s
2024-12-12 02:50:55.222 66362 INFO tempest.lib.common.rest_client [req-625a3a89-1076-4368-a554-b9238a6c122e req-625a3a89-1076-4368-a554-b9238a6c122e ] Request (FlavorsAccessNegativeTestJSON:_run_cleanups): 200 GET http://10.180.1.21/compute/v2.1/flavors/detail 1.038s
2024-12-12 02:50:55.231 66382 INFO tempest.lib.common.rest_client [req-389fdf8e-d994-4f18-a0df-2fec6bf6aa03 req-389fdf8e-d994-4f18-a0df-2fec6bf6aa03 ] Request (AggregatesAdminNegativeTestJSON:test_aggregate_get_details_with_invalid_id): 404 GET http://10.180.1.21/compute/v2.1/os-aggregates/-1 0.948s
2024-12-12 02:50:55.334 66394 INFO tempest.lib.common.rest_client [req-7b7e45a3-ab16-4bab-917b-e0d62da296d9 req-7b7e45a3-ab16-4bab-917b-e0d62da296d9 ] Request (ImagesOneServerNegativeTestJSON:tearDown): 200 GET http://10.180.1.21/compute/v2.1/servers/927badc2-decf-49af-b2c0-d95b471272c9 1.175s
2024-12-12 02:50:55.365 66362 INFO tempest.lib.common.rest_client [req-6e2f6c0b-1588-4eb9-a62c-5cb2d0e8f542 req-6e2f6c0b-1588-4eb9-a62c-5cb2d0e8f542 ] Request (FlavorsAccessNegativeTestJSON:tearDownClass): 204 DELETE http://10.180.1.21/identity/v3/users/4a468f020ebc4842a9da88787f7176ca 0.137s
2024-12-12 02:50:55.470 66362 INFO tempest.lib.common.rest_client [req-f5f8d5ca-fe70-4238-953d-72a36679863d req-f5f8d5ca-fe70-4238-953d-72a36679863d ] Request (FlavorsAccessNegativeTestJSON:tearDownClass): 204 DELETE http://10.180.1.21/identity/v3/users/5c756f90e62a457094e21f3989e5df0b 0.104s
2024-12-12 02:50:55.537 66366 INFO tempest.lib.common.rest_client [req-c3852589-5f5e-42a2-95d2-582a20a26a41 req-c3852589-5f5e-42a2-95d2-582a20a26a41 ] Request (ListImageFiltersTestJSON:setUpClass): 202 POST http://10.180.1.21/compute/v2.1/servers 1.169s
2024-12-12 02:50:55.542 66414 INFO tempest.lib.common.rest_client [req-1771d6d7-bc54-42c0-9169-43985f477e6b req-1771d6d7-bc54-42c0-9169-43985f477e6b ] Request (SecurityGroupRulesNegativeTestJSON:test_create_security_group_rule_with_invalid_id): 400 POST http://10.180.1.21/compute/v2.1/os-security-group-rules 1.156s
2024-12-12 02:50:55.558 66374 INFO tempest.lib.common.rest_client [req-2c37699f-21fb-4dd0-bc38-7b9bfe391745 req-2c37699f-21fb-4dd0-bc38-7b9bfe391745 ] Request (FlavorsV2TestJSON:test_list_flavors_detailed_filter_by_min_ram): 200 GET http://10.180.1.21/compute/v2.1/flavors/42 1.137s
2024-12-12 02:50:55.593 66362 INFO tempest.lib.common.rest_client [req-b5920217-3002-4a92-a3e1-46b622ec457c req-b5920217-3002-4a92-a3e1-46b622ec457c ] Request (FlavorsAccessNegativeTestJSON:tearDownClass): 204 DELETE http://10.180.1.21/identity/v3/users/c202491a2eb440cf845510122339a36a 0.123s
2024-12-12 02:50:55.593 66362 INFO tempest.lib.common.dynamic_creds [-] Deleting project and security group for project: ed6f5ef04c26462eab0e7f4e1ddf0909
2024-12-12 02:50:55.627 66366 INFO tempest.lib.common.rest_client [req-5083b274-0086-4482-aa38-c181a5bdd70a req-5083b274-0086-4482-aa38-c181a5bdd70a ] Request (ListImageFiltersTestJSON:setUpClass): 201 POST http://10.180.1.21/identity/v3/auth/tokens 0.084s
2024-12-12 02:50:55.628 66366 INFO tempest.lib.common.fixed_network [-] (ListImageFiltersTestJSON:setUpClass) Found network None available for tenant
2024-12-12 02:50:55.663 66362 INFO tempest.lib.common.rest_client [req-34cc9f9e-11db-4c94-bf53-cbf9f430d687 req-34cc9f9e-11db-4c94-bf53-cbf9f430d687 ] Request (FlavorsAccessNegativeTestJSON:tearDownClass): 201 POST http://10.180.1.21/identity/v3/auth/tokens 0.069s
2024-12-12 02:50:55.703 66386 INFO tempest.lib.common.rest_client [req-bb75af81-9c0c-4d74-8b0a-b3e976b97b49 req-bb75af81-9c0c-4d74-8b0a-b3e976b97b49 ] Request (ServersV294TestFqdnHostnames:setUpClass): 202 POST http://10.180.1.21/compute/v2.1/servers 1.401s
2024-12-12 02:50:55.754 66380 INFO tempest.lib.common.rest_client [req-79027f20-93ce-47b6-8732-0404c1c5f531 req-79027f20-93ce-47b6-8732-0404c1c5f531 ] Request (ServersWithSpecificFlavorTestJSON:test_verify_created_server_ephemeral_disk): 200 GET http://10.180.1.21/compute/v2.1/servers/f6ddaab3-d420-4ee4-bf75-486228826635 1.320s
2024-12-12 02:50:55.792 66398 INFO tempest.lib.common.rest_client [req-53926c8d-bd66-4542-80f5-4e8fbda98391 req-53926c8d-bd66-4542-80f5-4e8fbda98391 ] Request (ServersAdmin275Test:test_rebuild_update_server_275): 200 GET http://10.180.1.21/compute/v2.1/servers/66745316-2735-4c49-b1a2-f9e547211761 1.311s
2024-12-12 02:50:55.864 66372 INFO tempest.lib.common.rest_client [req-d27b2710-8f9a-4e00-80d0-6ce78880c955 req-d27b2710-8f9a-4e00-80d0-6ce78880c955 ] Request (ServersTestMultiNic:test_verify_duplicate_network_nics): 200 GET http://10.180.1.21/compute/v2.1/servers/0c5c5c06-0b5e-4e11-84b5-ca76828a0565 1.370s
2024-12-12 02:50:55.948 66362 INFO tempest.lib.common.rest_client [req-0626a02b-b987-4255-ba09-de29d5adbac7 req-0626a02b-b987-4255-ba09-de29d5adbac7 ] Request (FlavorsAccessNegativeTestJSON:tearDownClass): 200 GET http://10.180.1.21:9696/networking/v2.0/security-groups?tenant_id=ed6f5ef04c26462eab0e7f4e1ddf0909&name=default 0.285s
2024-12-12 02:50:55.952 66376 INFO tempest.lib.common.rest_client [req-fb747fb9-de70-4bfd-8567-82cc996d7c5a req-fb747fb9-de70-4bfd-8567-82cc996d7c5a ] Request (ServerExternalEventsTest:tearDownClass): 200 GET http://10.180.1.21/compute/v2.1/servers/666d5105-ee2e-4691-b13c-bd7feb045959 1.383s
2024-12-12 02:50:55.966 66402 INFO tempest.lib.common.rest_client [req-594670dc-8090-40b1-82b4-6f6c41c85623 req-594670dc-8090-40b1-82b4-6f6c41c85623 ] Request (ServerShowV247Test:test_update_rebuild_list_server): 200 GET http://10.180.1.21/compute/v2.1/servers/detail 1.477s
2024-12-12 02:50:56.006 66420 INFO tempest.lib.common.rest_client [req-224d947a-87f2-4ec4-a9a2-236362a7a525 req-224d947a-87f2-4ec4-a9a2-236362a7a525 ] Request (AttachVolumeTestJSON:test_attach_detach_volume): 200 GET http://10.180.1.21/compute/v2.1/servers/1c3392d3-cfb0-47c6-9366-8c363ad21297 1.195s
2024-12-12 02:50:56.037 66390 INFO tempest.lib.common.rest_client [req-13314402-704b-43b8-9a70-7f9e4096602c req-13314402-704b-43b8-9a70-7f9e4096602c ] Request (QuotasAdminNegativeTest:test_update_quota_normal_user): 403 PUT http://10.180.1.21/compute/v2.1/os-quota-sets/18acf141521d4c37972b4cdd9abad638 0.854s
2024-12-12 02:50:56.045 66382 INFO tempest.lib.common.rest_client [req-67f22900-805e-4515-8ad5-a303ac413b22 req-67f22900-805e-4515-8ad5-a303ac413b22 ] Request (AggregatesAdminNegativeTestJSON:test_aggregate_list_as_user): 403 GET http://10.180.1.21/compute/v2.1/os-aggregates 0.812s
2024-12-12 02:50:56.057 66362 INFO tempest.lib.common.rest_client [req-943122ea-934f-4d93-8b11-3b36c350d44a req-943122ea-934f-4d93-8b11-3b36c350d44a ] Request (FlavorsAccessNegativeTestJSON:tearDownClass): 204 DELETE http://10.180.1.21:9696/networking/v2.0/security-groups/8b090e63-6707-4592-83cb-c9e5ae351966 0.108s
2024-12-12 02:50:56.089 66424 INFO tempest.lib.common.rest_client [req-864fe55f-24b6-4825-8f12-830cb71f8ec4 req-864fe55f-24b6-4825-8f12-830cb71f8ec4 ] Request (SecurityGroupsTestJSON:test_security_group_create_get_delete): 200 POST http://10.180.1.21/compute/v2.1/os-security-groups 1.255s
2024-12-12 02:50:56.116 66388 INFO tempest.lib.common.rest_client [req-1d7fa6db-883d-432a-811d-3d7e82011f10 req-1d7fa6db-883d-432a-811d-3d7e82011f10 ] Request (ServerDiagnosticsV248Test:test_get_server_diagnostics): 200 GET http://10.180.1.21/compute/v2.1/servers/2bc7f973-007d-44bd-aae8-d3b62506efba 0.859s
2024-12-12 02:50:56.125 66388 INFO tempest.common.waiters [-] State transition "BUILD/block_device_mapping" ==> "BUILD/spawning" after 21 second wait
2024-12-12 02:50:56.126 66390 INFO tempest.lib.common.rest_client [req-db296a31-95ad-47c1-9626-4cd729cc9871 req-db296a31-95ad-47c1-9626-4cd729cc9871 ] Request (QuotasAdminNegativeTest:tearDownClass): 204 DELETE http://10.180.1.21/identity/v3/users/44f8b8f7ff5d4ba0b4d708582fcc85b8 0.088s
2024-12-12 02:50:56.141 66362 INFO tempest.lib.common.rest_client [req-0f0956a0-a088-4133-a005-982c9dcc6835 req-0f0956a0-a088-4133-a005-982c9dcc6835 ] Request (FlavorsAccessNegativeTestJSON:tearDownClass): 204 DELETE http://10.180.1.21/identity/v3/projects/ed6f5ef04c26462eab0e7f4e1ddf0909 0.083s
2024-12-12 02:50:56.141 66362 INFO tempest.lib.common.dynamic_creds [-] Deleting project and security group for project: f350e0d9962c48af9c9174748773215e
2024-12-12 02:50:56.218 66390 INFO tempest.lib.common.rest_client [req-bc7c647b-a0fa-4759-8cc1-dfcfa4c3ba19 req-bc7c647b-a0fa-4759-8cc1-dfcfa4c3ba19 ] Request (QuotasAdminNegativeTest:tearDownClass): 204 DELETE http://10.180.1.21/identity/v3/users/f375c2aff84b44bdb753c1137cf553a3 0.089s
2024-12-12 02:50:56.219 66390 INFO tempest.lib.common.dynamic_creds [-] Deleting project and security group for project: 18acf141521d4c37972b4cdd9abad638
2024-12-12 02:50:56.228 66394 INFO tempest.lib.common.rest_client [req-1012f373-9ecd-4f70-bbdb-3d6a3b732730 req-1012f373-9ecd-4f70-bbdb-3d6a3b732730 ] Request (ImagesOneServerNegativeTestJSON:setUp): 200 GET http://10.180.1.21/compute/v2.1/servers/927badc2-decf-49af-b2c0-d95b471272c9 0.884s
2024-12-12 02:50:56.292 66364 INFO tempest.lib.common.rest_client [req-5c70cba0-322a-4846-b48b-a071bc7c10fe req-5c70cba0-322a-4846-b48b-a071bc7c10fe ] Request (ListServerFiltersTestJSON:setUpClass): 200 GET http://10.180.1.21/compute/v2.1/servers/a6b06048-6cdc-497e-8c5d-b6a26d3e7557 0.929s
2024-12-12 02:50:56.300 66370 INFO tempest.lib.common.rest_client [req-46c77194-da3b-41ee-b326-730c60b9c22a req-46c77194-da3b-41ee-b326-730c60b9c22a ] Request (ServersTestFqdnHostnames:test_create_server_with_fqdn_name): 200 GET http://10.180.1.21/compute/v2.1/servers/fb84cb48-d1a1-4eec-adb8-8edc585263df 1.041s
2024-12-12 02:50:56.308 66362 INFO tempest.lib.common.rest_client [req-93209dce-da4a-4d35-8a0f-29185ca7ec41 req-93209dce-da4a-4d35-8a0f-29185ca7ec41 ] Request (FlavorsAccessNegativeTestJSON:tearDownClass): 200 GET http://10.180.1.21:9696/networking/v2.0/security-groups?tenant_id=f350e0d9962c48af9c9174748773215e&name=default 0.166s
2024-12-12 02:50:56.315 66390 INFO tempest.lib.common.rest_client [req-5918cb7b-dd7c-454f-b3a5-33ecd76d6902 req-5918cb7b-dd7c-454f-b3a5-33ecd76d6902 ] Request (QuotasAdminNegativeTest:tearDownClass): 201 POST http://10.180.1.21/identity/v3/auth/tokens 0.096s
2024-12-12 02:50:56.367 66416 INFO tempest.lib.common.rest_client [req-7e41baa9-5701-4510-8d56-827e088ab82b req-7e41baa9-5701-4510-8d56-827e088ab82b ] Request (ServerShowV257Test:tearDownClass): 200 GET http://10.180.1.21/compute/v2.1/servers/ce527ce8-07b6-47a6-bab9-7934a3dda9b3 0.829s
2024-12-12 02:50:56.395 66374 INFO tempest.lib.common.rest_client [req-e9168c23-959a-46cd-b10e-c503897ab2ce req-e9168c23-959a-46cd-b10e-c503897ab2ce ] Request (FlavorsV2TestJSON:test_list_flavors_detailed_filter_by_min_ram): 200 GET http://10.180.1.21/compute/v2.1/flavors/detail?minRam=193 0.834s
2024-12-12 02:50:56.434 66362 INFO tempest.lib.common.rest_client [req-2b83226e-d603-4e95-9ff4-b1aa292a89cd req-2b83226e-d603-4e95-9ff4-b1aa292a89cd ] Request (FlavorsAccessNegativeTestJSON:tearDownClass): 204 DELETE http://10.180.1.21:9696/networking/v2.0/security-groups/6e0f7128-99a4-430b-881f-cf1a143396a0 0.126s
2024-12-12 02:50:56.448 66414 INFO tempest.lib.common.rest_client [req-d62186e5-4193-46e9-b1fd-d60fc889cc1c req-d62186e5-4193-46e9-b1fd-d60fc889cc1c ] Request (SecurityGroupRulesNegativeTestJSON:test_create_security_group_rule_with_invalid_ip_protocol): 200 POST http://10.180.1.21/compute/v2.1/os-security-groups 0.904s
2024-12-12 02:50:56.506 66362 INFO tempest.lib.common.rest_client [req-80bb1ae7-9e26-43ea-ae2b-f26a79feeabf req-80bb1ae7-9e26-43ea-ae2b-f26a79feeabf ] Request (FlavorsAccessNegativeTestJSON:tearDownClass): 204 DELETE http://10.180.1.21/identity/v3/projects/f350e0d9962c48af9c9174748773215e 0.071s
2024-12-12 02:50:56.506 66362 INFO tempest.lib.common.dynamic_creds [-] Deleting project and security group for project: 6cddcb47ada746cc88e117a6cc81b477
2024-12-12 02:50:56.527 66390 INFO tempest.lib.common.rest_client [req-330325b7-dd14-4f20-b736-5b2ce43725c1 req-330325b7-dd14-4f20-b736-5b2ce43725c1 ] Request (QuotasAdminNegativeTest:tearDownClass): 200 GET http://10.180.1.21:9696/networking/v2.0/security-groups?tenant_id=18acf141521d4c37972b4cdd9abad638&name=default 0.211s
2024-12-12 02:50:56.631 66362 INFO tempest.lib.common.rest_client [req-610f2645-4433-4546-bbe7-f27b85f65792 req-610f2645-4433-4546-bbe7-f27b85f65792 ] Request (FlavorsAccessNegativeTestJSON:tearDownClass): 200 GET http://10.180.1.21:9696/networking/v2.0/security-groups?tenant_id=6cddcb47ada746cc88e117a6cc81b477&name=default 0.125s
2024-12-12 02:50:56.643 66366 INFO tempest.lib.common.rest_client [req-69ba5874-ea09-4097-b8de-aa2ca2a87134 req-69ba5874-ea09-4097-b8de-aa2ca2a87134 ] Request (ListImageFiltersTestJSON:setUpClass): 202 POST http://10.180.1.21/compute/v2.1/servers 1.013s
2024-12-12 02:50:56.647 66368 INFO tempest.lib.common.rest_client [req-ff283b1d-0dd8-4971-bc5a-51f187c8accd req-ff283b1d-0dd8-4971-bc5a-51f187c8accd ] Request (TenantUsagesTestJSON:setUpClass): 200 GET http://10.180.1.21/compute/v2.1/servers/de33d02f-7e34-4619-a2ed-cda6c54aa030 0.998s
2024-12-12 02:50:56.658 66368 INFO tempest.common.waiters [-] State transition "BUILD/spawning" ==> "ACTIVE/None" after 24 second wait
2024-12-12 02:50:56.663 66390 INFO tempest.lib.common.rest_client [req-da2ae652-f8c0-4445-b5da-31833245ac4b req-da2ae652-f8c0-4445-b5da-31833245ac4b ] Request (QuotasAdminNegativeTest:tearDownClass): 204 DELETE http://10.180.1.21:9696/networking/v2.0/security-groups/e669e1d0-9da1-4af6-973f-1f2584bf096a 0.136s
2024-12-12 02:50:56.713 66378 INFO tempest.lib.common.rest_client [req-67e5604f-7b73-4b7f-8d4c-4e0e566e6685 req-67e5604f-7b73-4b7f-8d4c-4e0e566e6685 ] Request (FloatingIPsAssociationTestJSON:test_associate_already_associated_floating_ip): 200 GET http://10.180.1.21/compute/v2.1/servers/4a6ac464-a5e0-4ed6-909d-f1730be14380 1.017s
2024-12-12 02:50:56.715 66386 INFO tempest.lib.common.rest_client [req-b42ae835-4ad2-479c-91ce-09475bd8c975 req-b42ae835-4ad2-479c-91ce-09475bd8c975 ] Request (ServersV294TestFqdnHostnames:setUpClass): 200 GET http://10.180.1.21/compute/v2.1/servers/1e3f720c-5a6f-4e7c-aafc-b4680d9667e1 1.010s
2024-12-12 02:50:56.732 66362 INFO tempest.lib.common.rest_client [req-5a5654d4-e454-4a3c-9d4d-d4ffd08a5282 req-5a5654d4-e454-4a3c-9d4d-d4ffd08a5282 ] Request (FlavorsAccessNegativeTestJSON:tearDownClass): 204 DELETE http://10.180.1.21:9696/networking/v2.0/security-groups/944b9429-f6b7-4fd5-b08e-b11b6421df1f 0.100s
2024-12-12 02:50:56.765 66408 INFO tempest.lib.common.rest_client [req-ec30731c-6ce6-4553-a2fd-afd18977129f req-ec30731c-6ce6-4553-a2fd-afd18977129f ] Request (AttachInterfacesTestJSON:test_create_list_show_delete_interfaces_by_fixed_ip): 200 GET http://10.180.1.21/compute/v2.1/servers/6767c231-2dcb-4d19-ae7c-5b026d48ed26 0.890s
2024-12-12 02:50:56.797 66418 INFO tempest.lib.common.rest_client [req-81107c69-6241-4bca-ae52-ae9c902242f1 req-81107c69-6241-4bca-ae52-ae9c902242f1 ] Request (ServerMetadataNegativeTestJSON:setUpClass): 200 GET http://10.180.1.21/compute/v2.1/servers/914b187f-b05f-49d4-bf61-d536ef61934d 0.869s
2024-12-12 02:50:56.830 66390 INFO tempest.lib.common.rest_client [req-ac084059-e44f-41b0-8a94-a888e4502db8 req-ac084059-e44f-41b0-8a94-a888e4502db8 ] Request (QuotasAdminNegativeTest:tearDownClass): 204 DELETE http://10.180.1.21/identity/v3/projects/18acf141521d4c37972b4cdd9abad638 0.167s
2024-12-12 02:50:56.831 66390 INFO tempest.lib.common.dynamic_creds [-] Deleting project and security group for project: ad9970f0af90483e80ffe550da3d5632
2024-12-12 02:50:56.891 66402 INFO tempest.lib.common.rest_client [req-3da446d5-d994-45a1-8387-87e6e7f2efcc req-3da446d5-d994-45a1-8387-87e6e7f2efcc ] Request (ServerShowV247Test:tearDownClass): 204 DELETE http://10.180.1.21/compute/v2.1/servers/7be4c8f8-240c-4a71-93bb-aeb94243d781 0.910s
2024-12-12 02:50:56.906 66407 INFO tempest.lib.common.rest_client [req-5d352bab-dd9c-4ac7-9925-c505135bd99d req-5d352bab-dd9c-4ac7-9925-c505135bd99d ] Request (MigrationsAdminTest:test_list_migrations_in_flavor_resize_situation): 200 GET http://10.180.1.21/compute/v2.1/servers/3fc6366b-76db-4bb1-ae1f-67b3ad5e1cbd 0.946s
2024-12-12 02:50:56.907 66362 INFO tempest.lib.common.rest_client [req-037bf49f-f32c-477c-ae65-8e40e7e4c136 req-037bf49f-f32c-477c-ae65-8e40e7e4c136 ] Request (FlavorsAccessNegativeTestJSON:tearDownClass): 204 DELETE http://10.180.1.21/identity/v3/projects/6cddcb47ada746cc88e117a6cc81b477 0.174s
2024-12-12 02:50:56.973 66404 INFO tempest.lib.common.rest_client [req-19ecd588-ee8c-4819-8eac-2533ec553b0a req-19ecd588-ee8c-4819-8eac-2533ec553b0a ] Request (ServersAaction247Test:test_create_backup): 200 GET http://10.180.1.21/compute/v2.1/servers/128bd207-a483-4b38-9fd4-4fb996ce1d0d 0.987s
2024-12-12 02:50:56.976 66412 INFO tempest.lib.common.rest_client [req-1c5125c0-93ac-487f-a6d6-4d7676c39320 req-1c5125c0-93ac-487f-a6d6-4d7676c39320 ] Request (ServersTestBootFromVolume:setUpClass): 200 GET http://10.180.1.21/compute/v2.1/servers/f1914aaa-1f3d-48b7-a6d2-ceea16dc786a 0.946s
2024-12-12 02:50:57.003 66362 INFO tempest.lib.common.rest_client [req-44dd7481-377d-46db-873e-d082eba84bc8 req-44dd7481-377d-46db-873e-d082eba84bc8 ] Request (FloatingIPsTestJSON:setUpClass): 201 POST http://10.180.1.21/identity/v3/auth/tokens 0.094s
2024-12-12 02:50:57.013 66382 INFO tempest.lib.common.rest_client [req-4b6ebb7b-8aea-4e83-9474-6a53ca525196 req-4b6ebb7b-8aea-4e83-9474-6a53ca525196 ] Request (AggregatesAdminNegativeTestJSON:test_aggregate_remove_host_as_user): 200 POST http://10.180.1.21/compute/v2.1/os-aggregates 0.966s
2024-12-12 02:50:57.060 66362 INFO tempest.lib.common.rest_client [req-aa8a74f5-0961-4c2f-8540-37c696820922 req-aa8a74f5-0961-4c2f-8540-37c696820922 ] Request (FloatingIPsTestJSON:setUpClass): 201 POST http://10.180.1.21/identity/v3/auth/tokens 0.054s
2024-12-12 02:50:57.061 66392 INFO tempest.lib.common.rest_client [req-8466033c-020d-4001-85d9-adc822bdfb0b req-8466033c-020d-4001-85d9-adc822bdfb0b ] Request (ServerAddressesNegativeTestJSON:setUpClass): 200 GET http://10.180.1.21/compute/v2.1/servers/52670f9e-0cb7-4464-be9c-7b0d8346f60f 1.013s
2024-12-12 02:50:57.069 66424 INFO tempest.lib.common.rest_client [req-9a9cfe75-fce6-473e-9f17-06d2d61217c0 req-9a9cfe75-fce6-473e-9f17-06d2d61217c0 ] Request (SecurityGroupsTestJSON:test_security_group_create_get_delete): 200 GET http://10.180.1.21/compute/v2.1/os-security-groups/318391eb-b5dc-46f7-9ca3-0f95d2f63d84 0.977s
2024-12-12 02:50:57.078 66390 INFO tempest.lib.common.rest_client [req-9eec0ba1-c022-44d3-9923-edf642aee33a req-9eec0ba1-c022-44d3-9923-edf642aee33a ] Request (QuotasAdminNegativeTest:tearDownClass): 200 GET http://10.180.1.21:9696/networking/v2.0/security-groups?tenant_id=ad9970f0af90483e80ffe550da3d5632&name=default 0.247s
2024-12-12 02:50:57.093 66362 INFO tempest.lib.common.rest_client [req-f84dcda3-7d0a-4b28-8175-95d5a7caed9f req-f84dcda3-7d0a-4b28-8175-95d5a7caed9f ] Request (FloatingIPsTestJSON:setUpClass): 200 GET http://10.180.1.21/identity/v3/domains?name=Default 0.031s
2024-12-12 02:50:57.125 66362 INFO tempest.lib.common.rest_client [req-2334de90-a816-43fb-b017-a22de1317c4c req-2334de90-a816-43fb-b017-a22de1317c4c ] Request (FloatingIPsTestJSON:setUpClass): 201 POST http://10.180.1.21/identity/v3/projects 0.031s
2024-12-12 02:50:57.138 66400 INFO tempest.lib.common.rest_client [req-3c9725fc-9b34-4831-b260-747913981423 req-3c9725fc-9b34-4831-b260-747913981423 ] Request (ServersNegativeTestJSON:setUpClass): 200 GET http://10.180.1.21/compute/v2.1/servers/679cd9a3-2ed6-451f-b934-ba7738913959 1.026s
2024-12-12 02:50:57.147 66400 INFO tempest.common.waiters [-] State transition "BUILD/None" ==> "BUILD/networking" after 21 second wait
2024-12-12 02:50:57.186 66362 INFO tempest.lib.common.rest_client [req-56ee3399-7d7b-48e2-9f7a-9e67fbbcc206 req-56ee3399-7d7b-48e2-9f7a-9e67fbbcc206 ] Request (FloatingIPsTestJSON:setUpClass): 201 POST http://10.180.1.21/identity/v3/users 0.061s
2024-12-12 02:50:57.201 66384 INFO tempest.lib.common.rest_client [req-0b1c50ab-e77b-4c45-9341-3a9fc56a7c94 req-0b1c50ab-e77b-4c45-9341-3a9fc56a7c94 ] Request (ImagesTestJSON:test_create_image_from_stopped_server): 200 GET http://10.180.1.21/compute/v2.1/servers/455052cc-292a-414c-8c83-bc512c49a197 1.044s
2024-12-12 02:50:57.206 66394 INFO tempest.lib.common.rest_client [req-a4faf35a-7111-476f-854a-459d8e34eae1 req-a4faf35a-7111-476f-854a-459d8e34eae1 ] Request (ImagesOneServerNegativeTestJSON:test_create_image_specify_name_over_character_limit): 400 POST http://10.180.1.21/compute/v2.1/servers/927badc2-decf-49af-b2c0-d95b471272c9/action 0.966s
2024-12-12 02:50:57.206 66410 INFO tempest.lib.common.rest_client [req-056f6053-661d-459a-9b5c-8e28e819cdb3 req-056f6053-661d-459a-9b5c-8e28e819cdb3 ] Request (ServersAdminTestJSON:setUpClass): 200 GET http://10.180.1.21/compute/v2.1/servers/0a1a8539-940a-4a17-9826-82736be41892 0.998s
2024-12-12 02:50:57.217 66362 INFO tempest.lib.common.rest_client [req-883172ca-e0dd-4470-bbb5-c4a35c0d3a70 req-883172ca-e0dd-4470-bbb5-c4a35c0d3a70 ] Request (FloatingIPsTestJSON:setUpClass): 200 GET http://10.180.1.21/identity/v3/roles 0.030s
2024-12-12 02:50:57.223 66374 INFO tempest.lib.common.rest_client [req-2061cb21-5389-406a-9f64-a4aaae7e97e3 req-2061cb21-5389-406a-9f64-a4aaae7e97e3 ] Request (FlavorsV2TestJSON:test_list_flavors_detailed_limit_results): 200 GET http://10.180.1.21/compute/v2.1/flavors/detail?limit=1 0.819s
2024-12-12 02:50:57.238 66390 INFO tempest.lib.common.rest_client [req-d56c9bea-dc3a-41bc-8c22-05baf7e6a517 req-d56c9bea-dc3a-41bc-8c22-05baf7e6a517 ] Request (QuotasAdminNegativeTest:tearDownClass): 204 DELETE http://10.180.1.21:9696/networking/v2.0/security-groups/a8670ad0-7890-4b25-8c9d-ed71b9275de6 0.160s
2024-12-12 02:50:57.250 66414 INFO tempest.lib.common.rest_client [req-ad60f866-12cb-4d47-b534-58fdd8834111 req-ad60f866-12cb-4d47-b534-58fdd8834111 ] Request (SecurityGroupRulesNegativeTestJSON:test_create_security_group_rule_with_invalid_ip_protocol): 400 POST http://10.180.1.21/compute/v2.1/os-security-group-rules 0.799s
2024-12-12 02:50:57.256 66362 INFO tempest.lib.common.rest_client [req-9fca2b1a-2d58-4d59-9794-9c715ab9d860 req-9fca2b1a-2d58-4d59-9794-9c715ab9d860 ] Request (FloatingIPsTestJSON:setUpClass): 204 PUT http://10.180.1.21/identity/v3/projects/c66c891d0909461e89e3a3653c414294/users/caf98cbb65144055b2f1fbf1c2264b34/roles/6ef95f0d43044f5c87b644eaca57f9c8 0.038s
2024-12-12 02:50:57.256 66362 INFO tempest.lib.common.dynamic_creds [-] Dynamic test user caf98cbb65144055b2f1fbf1c2264b34 is created with scope project and roles: ['member']
2024-12-12 02:50:57.256 66362 INFO tempest.lib.common.dynamic_creds [-] Acquired dynamic creds: credentials: Credentials: {'domain_id': 'default', 'domain_name': 'Default', 'username': 'tempest-FloatingIPsTestJSON-1157021611-project-member', 'project_domain_id': 'default', 'project_domain_name': 'Default', 'project_id': 'c66c891d0909461e89e3a3653c414294', 'project_name': 'tempest-FloatingIPsTestJSON-1157021611', 'tenant_id': 'c66c891d0909461e89e3a3653c414294', 'tenant_name': 'tempest-FloatingIPsTestJSON-1157021611', 'user_domain_id': 'default', 'user_domain_name': 'Default', 'user_id': 'caf98cbb65144055b2f1fbf1c2264b34', 'system': None}, Network: None, Subnet: None, Router: None
2024-12-12 02:50:57.267 66366 INFO tempest.lib.common.rest_client [req-5c7123fa-b4cf-4fb1-bc1f-1cf55ba7a2f0 req-5c7123fa-b4cf-4fb1-bc1f-1cf55ba7a2f0 ] Request (ListImageFiltersTestJSON:setUpClass): 200 GET http://10.180.1.21/compute/v2.1/servers/4fd2da5f-2867-4eeb-b7ab-8ffd7b096859 0.623s
2024-12-12 02:50:57.351 66390 INFO tempest.lib.common.rest_client [req-690f69d9-daa7-48ee-918a-5790814d2b4d req-690f69d9-daa7-48ee-918a-5790814d2b4d ] Request (QuotasAdminNegativeTest:tearDownClass): 204 DELETE http://10.180.1.21/identity/v3/projects/ad9970f0af90483e80ffe550da3d5632 0.112s
2024-12-12 02:50:57.405 66368 INFO tempest.lib.common.rest_client [req-b91e7a06-199a-414c-8278-fb6f118b0069 req-b91e7a06-199a-414c-8278-fb6f118b0069 ] Request (TenantUsagesTestJSON:test_get_usage_tenant): 200 GET http://10.180.1.21/compute/v2.1/os-simple-tenant-usage/6ace0e7bd9da4b57b3a05cd6d1b86dfb?start=2024-12-11T02%3A50%3A56.659071&end=2024-12-13T02%3A50%3A56.659071 0.746s
2024-12-12 02:50:57.413 66362 INFO tempest.lib.common.rest_client [req-053e1f45-62d4-43dc-ba4f-6e15fb660a83 req-053e1f45-62d4-43dc-ba4f-6e15fb660a83 ] Request (FloatingIPsTestJSON:setUpClass): 201 POST http://10.180.1.21/identity/v3/auth/tokens 0.157s
2024-12-12 02:50:57.436 66390 INFO tempest.lib.common.rest_client [req-1a78ec06-c0e4-4a12-97ff-c7f4fabe664d req-1a78ec06-c0e4-4a12-97ff-c7f4fabe664d ] Request (ServerDiagnosticsTest:setUpClass): 201 POST http://10.180.1.21/identity/v3/auth/tokens 0.084s
2024-12-12 02:50:57.451 66380 INFO tempest.lib.common.rest_client [req-f4eb184e-5d19-4cc8-833b-56026c5ebd44 req-f4eb184e-5d19-4cc8-833b-56026c5ebd44 ] Request (ServersWithSpecificFlavorTestJSON:test_verify_created_server_ephemeral_disk): 200 GET http://10.180.1.21/compute/v2.1/servers/f6ddaab3-d420-4ee4-bf75-486228826635 0.687s
2024-12-12 02:50:57.461 66380 INFO tempest.common.waiters [-] State transition "BUILD/spawning" ==> "ACTIVE/None" after 27 second wait
2024-12-12 02:50:57.471 66390 INFO tempest.lib.common.rest_client [req-527bc54d-57bd-48cb-82a3-d79f6dd8dca5 req-527bc54d-57bd-48cb-82a3-d79f6dd8dca5 ] Request (ServerDiagnosticsTest:setUpClass): 201 POST http://10.180.1.21/identity/v3/auth/tokens 0.032s
2024-12-12 02:50:57.478 66398 INFO tempest.lib.common.rest_client [req-9a96292c-a51d-4221-ae63-fd0d8a4e63c4 req-9a96292c-a51d-4221-ae63-fd0d8a4e63c4 ] Request (ServersAdmin275Test:test_rebuild_update_server_275): 200 GET http://10.180.1.21/compute/v2.1/servers/66745316-2735-4c49-b1a2-f9e547211761 0.675s
2024-12-12 02:50:57.498 66390 INFO tempest.lib.common.rest_client [req-631c2749-feac-4560-9deb-39673bb24bed req-631c2749-feac-4560-9deb-39673bb24bed ] Request (ServerDiagnosticsTest:setUpClass): 200 GET http://10.180.1.21/identity/v3/domains?name=Default 0.026s
2024-12-12 02:50:57.517 66372 INFO tempest.lib.common.rest_client [req-b4d80d40-459e-4ad8-b0f9-134a912da5a2 req-b4d80d40-459e-4ad8-b0f9-134a912da5a2 ] Request (ServersTestMultiNic:test_verify_duplicate_network_nics): 200 GET http://10.180.1.21/compute/v2.1/servers/0c5c5c06-0b5e-4e11-84b5-ca76828a0565 0.641s
2024-12-12 02:50:57.531 66390 INFO tempest.lib.common.rest_client [req-afd9031b-42b1-41cf-939c-5de67f2cc090 req-afd9031b-42b1-41cf-939c-5de67f2cc090 ] Request (ServerDiagnosticsTest:setUpClass): 201 POST http://10.180.1.21/identity/v3/projects 0.032s
2024-12-12 02:50:57.543 66402 INFO tempest.lib.common.rest_client [req-e74d4f28-068f-49ed-98c4-7fab6a69c8ea req-e74d4f28-068f-49ed-98c4-7fab6a69c8ea ] Request (ServerShowV247Test:tearDownClass): 200 GET http://10.180.1.21/compute/v2.1/servers/7be4c8f8-240c-4a71-93bb-aeb94243d781 0.652s
2024-12-12 02:50:57.584 66376 INFO tempest.lib.common.rest_client [req-30c01795-b64b-49ca-ac36-181948c2d051 req-30c01795-b64b-49ca-ac36-181948c2d051 ] Request (ServerExternalEventsTest:tearDownClass): 200 GET http://10.180.1.21/compute/v2.1/servers/666d5105-ee2e-4691-b13c-bd7feb045959 0.623s
2024-12-12 02:50:57.593 66390 INFO tempest.lib.common.rest_client [req-810ae684-01bd-456c-828e-8719401bd1c7 req-810ae684-01bd-456c-828e-8719401bd1c7 ] Request (ServerDiagnosticsTest:setUpClass): 201 POST http://10.180.1.21/identity/v3/users 0.062s
2024-12-12 02:50:57.601 66420 INFO tempest.lib.common.rest_client [req-b4bf72f4-6216-4eaa-8c89-6206853377d5 req-b4bf72f4-6216-4eaa-8c89-6206853377d5 ] Request (AttachVolumeTestJSON:test_attach_detach_volume): 200 GET http://10.180.1.21/compute/v2.1/servers/1c3392d3-cfb0-47c6-9366-8c363ad21297 0.587s
2024-12-12 02:50:57.617 66390 INFO tempest.lib.common.rest_client [req-4dcd566e-6479-4eca-9d64-60bf58bfd7af req-4dcd566e-6479-4eca-9d64-60bf58bfd7af ] Request (ServerDiagnosticsTest:setUpClass): 200 GET http://10.180.1.21/identity/v3/roles 0.023s
2024-12-12 02:50:57.643 66390 INFO tempest.lib.common.rest_client [req-91f8b7ac-3d98-4adb-a440-4ec962372b17 req-91f8b7ac-3d98-4adb-a440-4ec962372b17 ] Request (ServerDiagnosticsTest:setUpClass): 204 PUT http://10.180.1.21/identity/v3/projects/8b34c8d2bcbf49d4a4ac51a454689423/users/37cae39ea51942e29c9489a0c7d252e6/roles/6ef95f0d43044f5c87b644eaca57f9c8 0.025s
2024-12-12 02:50:57.643 66390 INFO tempest.lib.common.dynamic_creds [-] Dynamic test user 37cae39ea51942e29c9489a0c7d252e6 is created with scope project and roles: ['member']
2024-12-12 02:50:57.643 66390 INFO tempest.lib.common.dynamic_creds [-] Acquired dynamic creds: credentials: Credentials: {'domain_id': 'default', 'domain_name': 'Default', 'username': 'tempest-ServerDiagnosticsTest-1146347016-project-member', 'project_domain_id': 'default', 'project_domain_name': 'Default', 'project_id': '8b34c8d2bcbf49d4a4ac51a454689423', 'project_name': 'tempest-ServerDiagnosticsTest-1146347016', 'tenant_id': '8b34c8d2bcbf49d4a4ac51a454689423', 'tenant_name': 'tempest-ServerDiagnosticsTest-1146347016', 'user_domain_id': 'default', 'user_domain_name': 'Default', 'user_id': '37cae39ea51942e29c9489a0c7d252e6', 'system': None}, Network: None, Subnet: None, Router: None
2024-12-12 02:50:57.643 66390 INFO tempest.lib.common.dynamic_creds [-] Created isolated network resources for: credentials: Credentials: {'domain_id': 'default', 'domain_name': 'Default', 'username': 'tempest-ServerDiagnosticsTest-1146347016-project-member', 'project_domain_id': 'default', 'project_domain_name': 'Default', 'project_id': '8b34c8d2bcbf49d4a4ac51a454689423', 'project_name': 'tempest-ServerDiagnosticsTest-1146347016', 'tenant_id': '8b34c8d2bcbf49d4a4ac51a454689423', 'tenant_name': 'tempest-ServerDiagnosticsTest-1146347016', 'user_domain_id': 'default', 'user_domain_name': 'Default', 'user_id': '37cae39ea51942e29c9489a0c7d252e6', 'system': None}, Network: None, Subnet: None, Router: None
2024-12-12 02:50:57.718 66390 INFO tempest.lib.common.rest_client [req-46a703ad-4627-49b8-8d84-71d651bd60b2 req-46a703ad-4627-49b8-8d84-71d651bd60b2 ] Request (ServerDiagnosticsTest:setUpClass): 201 POST http://10.180.1.21/identity/v3/auth/tokens 0.069s
2024-12-12 02:50:57.775 66424 INFO tempest.lib.common.rest_client [req-f9fbb48d-c598-4db3-b0d5-0382530d549c req-f9fbb48d-c598-4db3-b0d5-0382530d549c ] Request (SecurityGroupsTestJSON:test_security_group_create_get_delete): 202 DELETE http://10.180.1.21/compute/v2.1/os-security-groups/318391eb-b5dc-46f7-9ca3-0f95d2f63d84 0.700s
2024-12-12 02:50:57.782 66390 INFO tempest.lib.common.rest_client [req-21a5b539-3a95-42b1-81b5-5e3c1d307cc0 req-21a5b539-3a95-42b1-81b5-5e3c1d307cc0 ] Request (ServerDiagnosticsTest:setUpClass): 201 POST http://10.180.1.21/identity/v3/projects 0.063s
2024-12-12 02:50:57.800 66362 INFO tempest.lib.common.rest_client [req-4bd803b6-7f19-4676-88aa-a623f6fe1c51 req-4bd803b6-7f19-4676-88aa-a623f6fe1c51 ] Request (FloatingIPsTestJSON:setUpClass): 201 POST http://10.180.1.21:9696/networking/v2.0/networks 0.386s
2024-12-12 02:50:57.840 66388 INFO tempest.lib.common.rest_client [req-dc0dee0e-28f0-4ad3-98ce-7fa2a49a2eae req-dc0dee0e-28f0-4ad3-98ce-7fa2a49a2eae ] Request (ServerDiagnosticsV248Test:test_get_server_diagnostics): 200 GET http://10.180.1.21/compute/v2.1/servers/2bc7f973-007d-44bd-aae8-d3b62506efba 0.714s
2024-12-12 02:50:57.857 66390 INFO tempest.lib.common.rest_client [req-42de19b5-8b1b-49b2-a53b-7988c7ad6bb7 req-42de19b5-8b1b-49b2-a53b-7988c7ad6bb7 ] Request (ServerDiagnosticsTest:setUpClass): 201 POST http://10.180.1.21/identity/v3/users 0.073s
2024-12-12 02:50:57.877 66390 INFO tempest.lib.common.rest_client [req-79f2c0a2-2ac5-4d07-884e-69b61996d030 req-79f2c0a2-2ac5-4d07-884e-69b61996d030 ] Request (ServerDiagnosticsTest:setUpClass): 200 GET http://10.180.1.21/identity/v3/roles 0.020s
2024-12-12 02:50:57.921 66390 INFO tempest.lib.common.rest_client [req-9b4da3b9-df29-4d8f-a8e5-1fa9fcb0169e req-9b4da3b9-df29-4d8f-a8e5-1fa9fcb0169e ] Request (ServerDiagnosticsTest:setUpClass): 204 PUT http://10.180.1.21/identity/v3/projects/4e1a1bdfcd40473a9b06f23fdbd431ee/users/0dbb1f16c4bc42d3bbcbbdf165ea664e/roles/848f8c3aabd14cd7bdbab8ad41c3fb9b 0.043s
2024-12-12 02:50:57.973 66390 INFO tempest.lib.common.rest_client [req-fe87bd43-3b1e-4388-9a3c-39b47220325c req-fe87bd43-3b1e-4388-9a3c-39b47220325c ] Request (ServerDiagnosticsTest:setUpClass): 200 GET http://10.180.1.21/identity/v3/roles 0.052s
2024-12-12 02:50:57.999 66382 INFO tempest.lib.common.rest_client [req-ad11e487-f96c-4708-89cc-df94cc58d2ea req-ad11e487-f96c-4708-89cc-df94cc58d2ea ] Request (AggregatesAdminNegativeTestJSON:test_aggregate_remove_host_as_user): 200 POST http://10.180.1.21/compute/v2.1/os-aggregates/7/action 0.983s
2024-12-12 02:50:58.002 66390 INFO tempest.lib.common.rest_client [req-47f3526e-6d12-4b3c-b6bf-017272dbedda req-47f3526e-6d12-4b3c-b6bf-017272dbedda ] Request (ServerDiagnosticsTest:setUpClass): 204 PUT http://10.180.1.21/identity/v3/projects/4e1a1bdfcd40473a9b06f23fdbd431ee/users/0dbb1f16c4bc42d3bbcbbdf165ea664e/roles/848f8c3aabd14cd7bdbab8ad41c3fb9b 0.028s
2024-12-12 02:50:58.002 66390 INFO tempest.lib.common.dynamic_creds [-] Dynamic test user 0dbb1f16c4bc42d3bbcbbdf165ea664e is created with scope project and roles: ['admin']
2024-12-12 02:50:58.003 66390 INFO tempest.lib.common.dynamic_creds [-] Acquired dynamic creds: credentials: Credentials: {'domain_id': 'default', 'domain_name': 'Default', 'username': 'tempest-ServerDiagnosticsTest-2005245349-project-admin', 'project_domain_id': 'default', 'project_domain_name': 'Default', 'project_id': '4e1a1bdfcd40473a9b06f23fdbd431ee', 'project_name': 'tempest-ServerDiagnosticsTest-2005245349', 'tenant_id': '4e1a1bdfcd40473a9b06f23fdbd431ee', 'tenant_name': 'tempest-ServerDiagnosticsTest-2005245349', 'user_domain_id': 'default', 'user_domain_name': 'Default', 'user_id': '0dbb1f16c4bc42d3bbcbbdf165ea664e', 'system': None}, Network: None, Subnet: None, Router: None
2024-12-12 02:50:58.003 66390 INFO tempest.lib.common.dynamic_creds [-] Created isolated network resources for: credentials: Credentials: {'domain_id': 'default', 'domain_name': 'Default', 'username': 'tempest-ServerDiagnosticsTest-2005245349-project-admin', 'project_domain_id': 'default', 'project_domain_name': 'Default', 'project_id': '4e1a1bdfcd40473a9b06f23fdbd431ee', 'project_name': 'tempest-ServerDiagnosticsTest-2005245349', 'tenant_id': '4e1a1bdfcd40473a9b06f23fdbd431ee', 'tenant_name': 'tempest-ServerDiagnosticsTest-2005245349', 'user_domain_id': 'default', 'user_domain_name': 'Default', 'user_id': '0dbb1f16c4bc42d3bbcbbdf165ea664e', 'system': None}, Network: None, Subnet: None, Router: None
2024-12-12 02:50:58.020 66374 INFO tempest.lib.common.rest_client [req-afd35ac6-42f3-4452-824a-2109b6dfe3e3 req-afd35ac6-42f3-4452-824a-2109b6dfe3e3 ] Request (FlavorsV2TestJSON:test_list_flavors_detailed_using_marker): 200 GET http://10.180.1.21/compute/v2.1/flavors/42 0.792s
2024-12-12 02:50:58.032 66394 INFO tempest.lib.common.rest_client [req-d23b588b-bae8-46fe-97d3-a51dcf79a69f req-d23b588b-bae8-46fe-97d3-a51dcf79a69f ] Request (ImagesOneServerNegativeTestJSON:tearDown): 200 GET http://10.180.1.21/compute/v2.1/servers/927badc2-decf-49af-b2c0-d95b471272c9 0.825s
2024-12-12 02:50:58.090 66390 INFO tempest.lib.common.rest_client [req-c1e6ea1d-6e45-4805-9cb9-db77567bdcb7 req-c1e6ea1d-6e45-4805-9cb9-db77567bdcb7 ] Request (ServerDiagnosticsTest:setUpClass): 201 POST http://10.180.1.21/identity/v3/auth/tokens 0.082s
2024-12-12 02:50:58.099 66362 INFO tempest.lib.common.rest_client [req-96c34fd9-89c3-4d6c-9b8b-f0b3218c8df2 req-96c34fd9-89c3-4d6c-9b8b-f0b3218c8df2 ] Request (FloatingIPsTestJSON:setUpClass): 201 POST http://10.180.1.21:9696/networking/v2.0/subnets 0.298s
2024-12-12 02:50:58.101 66364 INFO tempest.lib.common.rest_client [req-d89a1cf3-dd1d-4197-a614-d0577c3062bc req-d89a1cf3-dd1d-4197-a614-d0577c3062bc ] Request (ListServerFiltersTestJSON:setUpClass): 200 GET http://10.180.1.21/compute/v2.1/servers/a6b06048-6cdc-497e-8c5d-b6a26d3e7557 0.794s
2024-12-12 02:50:58.158 66390 INFO tempest.lib.common.rest_client [req-33e28060-4ac9-4d02-b609-231711b3bf8f req-33e28060-4ac9-4d02-b609-231711b3bf8f ] Request (ServerDiagnosticsTest:test_get_server_diagnostics): 201 POST http://10.180.1.21/identity/v3/auth/tokens 0.064s
2024-12-12 02:50:58.158 66390 INFO tempest.lib.common.fixed_network [-] (ServerDiagnosticsTest:test_get_server_diagnostics) Found network None available for tenant
2024-12-12 02:50:58.272 66370 INFO tempest.lib.common.rest_client [req-57a6e04c-58f5-40ed-82d3-ed462ca00662 req-57a6e04c-58f5-40ed-82d3-ed462ca00662 ] Request (ServersTestFqdnHostnames:test_create_server_with_fqdn_name): 200 GET http://10.180.1.21/compute/v2.1/servers/fb84cb48-d1a1-4eec-adb8-8edc585263df 0.959s
2024-12-12 02:50:58.291 66414 INFO tempest.lib.common.rest_client [req-71b0fe59-be6b-4117-9700-d4f7d611cb4e req-71b0fe59-be6b-4117-9700-d4f7d611cb4e ] Request (SecurityGroupRulesNegativeTestJSON:test_create_security_group_rule_with_invalid_port_range): 200 POST http://10.180.1.21/compute/v2.1/os-security-groups 1.038s
2024-12-12 02:50:58.334 66368 INFO tempest.lib.common.rest_client [req-7fd189ae-a352-41be-bd05-056902ce82b6 req-7fd189ae-a352-41be-bd05-056902ce82b6 ] Request (TenantUsagesTestJSON:test_get_usage_tenant_with_non_admin_user): 200 GET http://10.180.1.21/compute/v2.1/os-simple-tenant-usage/6ace0e7bd9da4b57b3a05cd6d1b86dfb?start=2024-12-11T02%3A50%3A56.659071&end=2024-12-13T02%3A50%3A56.659071 0.923s
2024-12-12 02:50:58.350 66416 INFO tempest.lib.common.rest_client [req-75ffed12-3d65-43aa-b6cb-d67debdb27fd req-75ffed12-3d65-43aa-b6cb-d67debdb27fd ] Request (ServerShowV257Test:tearDownClass): 200 GET http://10.180.1.21/compute/v2.1/servers/ce527ce8-07b6-47a6-bab9-7934a3dda9b3 0.974s
2024-12-12 02:50:58.359 66416 INFO tempest.common.waiters [-] State transition "ACTIVE/deleting" ==> "DELETED/None" after 4 second wait
2024-12-12 02:50:58.403 66378 INFO tempest.lib.common.rest_client [req-0be0ef8e-d715-454d-b838-25a79ba2d2b4 req-0be0ef8e-d715-454d-b838-25a79ba2d2b4 ] Request (FloatingIPsAssociationTestJSON:test_associate_already_associated_floating_ip): 200 GET http://10.180.1.21/compute/v2.1/servers/4a6ac464-a5e0-4ed6-909d-f1730be14380 0.683s
2024-12-12 02:50:58.410 66380 INFO tempest.lib.common.rest_client [req-f21b49e3-b24a-4132-8cc0-77ab7f235ecb req-f21b49e3-b24a-4132-8cc0-77ab7f235ecb ] Request (ServersWithSpecificFlavorTestJSON:test_verify_created_server_ephemeral_disk): 200 GET http://10.180.1.21/compute/v2.1/servers/f6ddaab3-d420-4ee4-bf75-486228826635/os-interface 0.949s
