2024-12-12 02:51:56.648 66362 INFO tempest.lib.common.rest_client [req-c464c437-ee1b-46f6-87f0-a1564eed0618 req-c464c437-ee1b-46f6-87f0-a1564eed0618 ] Request (ServerTagsTestJSON:setUpClass): 200 GET http://10.180.1.21/compute/v2.1/servers/48b74d52-e764-4d14-b372-fc34872205dd 0.079s
2024-12-12 02:51:56.672 66394 INFO tempest.lib.common.rest_client [req-6db32d72-93bc-440a-9cf1-5677e01bdbd4 req-6db32d72-93bc-440a-9cf1-5677e01bdbd4 ] Request (ImagesOneServerNegativeTestJSON:_run_cleanups): 200 GET http://10.180.1.21/compute/v2.1/servers/ba6e94c9-eb58-4040-8e28-f255961e76ca 0.072s
2024-12-12 02:51:56.690 66368 INFO tempest.lib.common.rest_client [req-09e84f54-bbc1-4a70-a632-d44ced014cb4 req-09e84f54-bbc1-4a70-a632-d44ced014cb4 ] Request (AttachInterfacesUnderV243Test:test_add_remove_fixed_ip): 200 GET http://10.180.1.21/compute/v2.1/servers/0dbf907f-0313-435c-a8be-19f7e48ded76 0.074s
2024-12-12 02:51:56.737 66386 INFO tempest.lib.common.rest_client [req-b93a365b-065d-407f-b2b6-ab99020c95b2 req-b93a365b-065d-407f-b2b6-ab99020c95b2 ] Request (ServersV294TestFqdnHostnames:setUpClass): 200 GET http://10.180.1.21/compute/v2.1/servers/1e3f720c-5a6f-4e7c-aafc-b4680d9667e1 0.088s
2024-12-12 02:51:56.788 66402 INFO tempest.lib.common.rest_client [req-4186bf8a-427d-49ab-8842-3db88a8d2eef req-4186bf8a-427d-49ab-8842-3db88a8d2eef ] Request (ServerShowV247Test:tearDownClass): 200 GET http://10.180.1.21/compute/v2.1/servers/f06102d6-be5c-40d1-ae1d-8ae8190fd0d7 0.078s
2024-12-12 02:51:56.795 66364 INFO tempest.lib.common.rest_client [req-29495a6d-0a74-4fc1-a779-fd44b52b8694 req-29495a6d-0a74-4fc1-a779-fd44b52b8694 ] Request (ListServerFiltersTestJSON:test_list_servers_detailed_limit_results): 200 GET http://10.180.1.21/compute/v2.1/servers/detail?limit=1 0.158s
2024-12-12 02:51:56.842 66388 INFO tempest.lib.common.rest_client [req-15d5d148-ee7d-4f10-95aa-486bdd8ad14b req-15d5d148-ee7d-4f10-95aa-486bdd8ad14b ] Request (ServerDiagnosticsV248Test:tearDownClass): 200 GET http://10.180.1.21/compute/v2.1/servers/2bc7f973-007d-44bd-aae8-d3b62506efba 0.074s
2024-12-12 02:51:56.890 66364 INFO tempest.lib.common.rest_client [req-129cbf6d-ae6c-4333-9931-58313bb33ea7 req-129cbf6d-ae6c-4333-9931-58313bb33ea7 ] Request (ListServerFiltersTestJSON:test_list_servers_filter_by_active_status): 200 GET http://10.180.1.21/compute/v2.1/servers?status=active 0.086s
2024-12-12 02:51:56.893 66404 INFO tempest.lib.common.rest_client [req-87dc5fc7-8278-4824-851f-9d43f79de45e req-87dc5fc7-8278-4824-851f-9d43f79de45e ] Request (ServersAaction247Test:test_create_backup): 200 GET http://10.180.1.21/compute/v2.1/servers/128bd207-a483-4b38-9fd4-4fb996ce1d0d 0.085s
2024-12-12 02:51:56.936 66400 INFO tempest.lib.common.rest_client [req-09712b93-23fc-4f55-8d52-9738450869ac req-09712b93-23fc-4f55-8d52-9738450869ac ] Request (ServersNegativeTestJSON:setUpClass): 200 GET http://10.180.1.21/compute/v2.1/servers/b409568f-6e04-4218-8a7b-1bbf785115c3 0.125s
2024-12-12 02:51:56.954 66398 INFO tempest.lib.common.rest_client [req-ca06f18a-da82-43ca-bca0-31469918b011 req-ca06f18a-da82-43ca-bca0-31469918b011 ] Request (ServersAdmin275Test:tearDownClass): 200 GET http://10.180.1.21/compute/v2.1/servers/66745316-2735-4c49-b1a2-f9e547211761 0.076s
2024-12-12 02:51:57.012 66418 INFO tempest.lib.common.rest_client [req-617c7615-0929-49c1-855d-9cd7f167441e req-617c7615-0929-49c1-855d-9cd7f167441e ] Request (ServerMetadataNegativeTestJSON:tearDownClass): 200 GET http://10.180.1.21/compute/v2.1/servers/914b187f-b05f-49d4-bf61-d536ef61934d 0.067s
2024-12-12 02:51:57.015 66364 INFO tempest.lib.common.rest_client [req-6b62b738-15b7-4d43-be47-ce4fab30abed req-6b62b738-15b7-4d43-be47-ce4fab30abed ] Request (ListServerFiltersTestJSON:test_list_servers_filter_by_exceed_limit): 200 GET http://10.180.1.21/compute/v2.1/servers?limit=100000 0.122s
2024-12-12 02:51:57.056 66424 INFO tempest.lib.common.rest_client [req-2644a28f-5ba9-4779-a124-939359be2940 req-2644a28f-5ba9-4779-a124-939359be2940 ] Request (SecurityGroupsTestJSON:test_server_security_groups): 200 GET http://10.180.1.21/compute/v2.1/servers/d16a99df-f092-4d56-9730-852883bbdb70 0.049s
2024-12-12 02:51:57.060 66392 INFO tempest.lib.common.rest_client [req-b165e588-f51b-42d4-a3d3-186870c08e38 req-b165e588-f51b-42d4-a3d3-186870c08e38 ] Request (ServerAddressesNegativeTestJSON:tearDownClass): 200 GET http://10.180.1.21/compute/v2.1/servers/52670f9e-0cb7-4464-be9c-7b0d8346f60f 0.098s
2024-12-12 02:51:57.098 66364 INFO tempest.lib.common.rest_client [req-fcd2da19-5f24-4e16-a3e9-f5f73843d78f req-fcd2da19-5f24-4e16-a3e9-f5f73843d78f ] Request (ListServerFiltersTestJSON:test_list_servers_filter_by_exceed_limit): 200 GET http://10.180.1.21/compute/v2.1/servers 0.081s
2024-12-12 02:51:57.109 66376 INFO tempest.lib.common.rest_client [req-9c207b52-b9e5-4f7a-ab7f-ac77c7d24c85 req-9c207b52-b9e5-4f7a-ab7f-ac77c7d24c85 ] Request (ImagesNegativeTestJSON:test_create_image_from_deleted_server): 200 GET http://10.180.1.21/compute/v2.1/servers/afd02433-0912-44ef-8e0e-71d6ee8fbb41 0.056s
2024-12-12 02:51:57.166 66372 INFO tempest.lib.common.rest_client [req-320fff72-5ff4-457f-9049-c045bb61c109 req-320fff72-5ff4-457f-9049-c045bb61c109 ] Request (ServersTestMultiNic:_run_cleanups): 200 GET http://10.180.1.21/compute/v2.1/servers/0c5c5c06-0b5e-4e11-84b5-ca76828a0565 0.050s
2024-12-12 02:51:57.179 66364 INFO tempest.lib.common.rest_client [req-539e08f8-06c8-4f4b-8625-aacd327013e8 req-539e08f8-06c8-4f4b-8625-aacd327013e8 ] Request (ListServerFiltersTestJSON:test_list_servers_filter_by_flavor): 200 GET http://10.180.1.21/compute/v2.1/servers?flavor=84 0.078s
2024-12-12 02:51:57.233 66364 INFO tempest.lib.common.rest_client [req-410f8c9f-67a4-4a93-931d-51f591b1fca9 req-410f8c9f-67a4-4a93-931d-51f591b1fca9 ] Request (ListServerFiltersTestJSON:test_list_servers_filter_by_limit): 200 GET http://10.180.1.21/compute/v2.1/servers?limit=1 0.051s
2024-12-12 02:51:57.296 66407 INFO tempest.lib.common.rest_client [req-3058d7f6-6717-41b6-bb9f-602d8597c433 req-3058d7f6-6717-41b6-bb9f-602d8597c433 ] Request (MigrationsAdminTest:test_list_migrations_in_flavor_resize_situation): 200 GET http://10.180.1.21/compute/v2.1/servers/3fc6366b-76db-4bb1-ae1f-67b3ad5e1cbd 0.092s
2024-12-12 02:51:57.311 66364 INFO tempest.lib.common.rest_client [req-68a718bd-92e2-4fb7-8257-cb4b12747ae2 req-68a718bd-92e2-4fb7-8257-cb4b12747ae2 ] Request (ListServerFiltersTestJSON:test_list_servers_filter_by_server_name): 200 GET http://10.180.1.21/compute/v2.1/servers?name=tempest-ListServerFiltersTestJSON-instance-1552727040 0.075s
2024-12-12 02:51:57.342 66410 INFO tempest.lib.common.rest_client [req-2f20928a-f6c6-4f8c-abac-79fea25a1a29 req-2f20928a-f6c6-4f8c-abac-79fea25a1a29 ] Request (ServersAdminTestJSON:setUpClass): 200 GET http://10.180.1.21/compute/v2.1/servers/0a1a8539-940a-4a17-9826-82736be41892 0.088s
2024-12-12 02:51:57.354 66366 INFO tempest.lib.common.rest_client [req-79f83d38-48d1-43f2-8a61-f0e88aeef307 req-79f83d38-48d1-43f2-8a61-f0e88aeef307 ] Request (ListImageFiltersTestJSON:setUpClass): 200 GET http://10.180.1.21/compute/v2.1/servers/4fd2da5f-2867-4eeb-b7ab-8ffd7b096859 0.051s
2024-12-12 02:51:57.402 66384 INFO tempest.lib.common.rest_client [req-23facba3-07a0-43f1-9644-270a00aabed8 req-23facba3-07a0-43f1-9644-270a00aabed8 ] Request (ImagesTestJSON:test_create_image_from_suspended_server): 200 GET http://10.180.1.21/compute/v2.1/servers/946dad01-c012-457d-8bfe-6395ff0aaedf 0.088s
2024-12-12 02:51:57.409 66364 INFO tempest.lib.common.rest_client [req-b662149c-947d-4795-b55e-a6e4f78ae99c req-b662149c-947d-4795-b55e-a6e4f78ae99c ] Request (ListServerFiltersTestJSON:test_list_servers_filter_by_shutoff_status): 202 POST http://10.180.1.21/compute/v2.1/servers/42093232-a4e5-4cc3-ab1c-a0023a91e102/action 0.095s
2024-12-12 02:51:57.448 66374 INFO tempest.lib.common.rest_client [req-19689c0b-17ae-48e3-a8ec-e3a4085b2ac4 req-19689c0b-17ae-48e3-a8ec-e3a4085b2ac4 ] Request (ServerRescueTestJSON:setUpClass): 200 GET http://10.180.1.21/compute/v2.1/servers/e003e41d-93e8-4258-b8ca-3c2420b73df0 0.098s
2024-12-12 02:51:57.465 66378 INFO tempest.lib.common.rest_client [req-bf81ff7a-219a-4eee-97fe-215d452c60c4 req-bf81ff7a-219a-4eee-97fe-215d452c60c4 ] Request (FloatingIPsAssociationTestJSON:tearDownClass): 200 GET http://10.180.1.21/compute/v2.1/servers/4a6ac464-a5e0-4ed6-909d-f1730be14380 0.064s
2024-12-12 02:51:57.537 66364 INFO tempest.lib.common.rest_client [req-b430ff71-a111-413c-ac4c-a1c8cc18c7fc req-b430ff71-a111-413c-ac4c-a1c8cc18c7fc ] Request (ListServerFiltersTestJSON:test_list_servers_filter_by_shutoff_status): 200 GET http://10.180.1.21/compute/v2.1/servers/42093232-a4e5-4cc3-ab1c-a0023a91e102 0.127s
2024-12-12 02:51:57.551 66420 INFO tempest.lib.common.rest_client [req-285201a6-c89e-4cd4-81ff-434deadce15f req-285201a6-c89e-4cd4-81ff-434deadce15f ] Request (AttachVolumeTestJSON:test_attach_detach_volume): 200 GET http://10.180.1.21/compute/v2.1/servers/1c3392d3-cfb0-47c6-9366-8c363ad21297 0.048s
2024-12-12 02:51:57.592 66382 INFO tempest.lib.common.rest_client [req-cdac4f0d-29c2-4cf5-811b-4ed302c2106a req-cdac4f0d-29c2-4cf5-811b-4ed302c2106a ] Request (ServersAdminNegativeTestJSON:setUpClass): 200 GET http://10.180.1.21/compute/v2.1/servers/0707fdd6-2aed-4a09-90e0-c7fb0eae6acf 0.048s
2024-12-12 02:51:57.598 66382 INFO tempest.common.waiters [-] State transition "BUILD/scheduling" ==> "BUILD/None" after 43 second wait
2024-12-12 02:51:57.661 66390 INFO tempest.lib.common.rest_client [req-8dfb6fe0-03e3-47fd-a9cf-4f9fbb677ceb req-8dfb6fe0-03e3-47fd-a9cf-4f9fbb677ceb ] Request (ServerDiagnosticsTest:test_get_server_diagnostics): 200 GET http://10.180.1.21/compute/v2.1/servers/c6dc008c-6336-4271-9635-a7e0652138e0 0.056s
2024-12-12 02:51:57.709 66362 INFO tempest.lib.common.rest_client [req-4d7abb44-60c4-44ff-913e-6c00bfa1796f req-4d7abb44-60c4-44ff-913e-6c00bfa1796f ] Request (ServerTagsTestJSON:setUpClass): 200 GET http://10.180.1.21/compute/v2.1/servers/48b74d52-e764-4d14-b372-fc34872205dd 0.052s
2024-12-12 02:51:57.728 66394 INFO tempest.lib.common.rest_client [req-019951b4-b415-4e44-9f71-6ff63ea291a7 req-019951b4-b415-4e44-9f71-6ff63ea291a7 ] Request (ImagesOneServerNegativeTestJSON:_run_cleanups): 200 GET http://10.180.1.21/compute/v2.1/servers/ba6e94c9-eb58-4040-8e28-f255961e76ca 0.048s
2024-12-12 02:51:57.752 66368 INFO tempest.lib.common.rest_client [req-ac12c052-1601-42aa-9c52-8ee3a1795c15 req-ac12c052-1601-42aa-9c52-8ee3a1795c15 ] Request (AttachInterfacesUnderV243Test:test_add_remove_fixed_ip): 200 GET http://10.180.1.21/compute/v2.1/servers/0dbf907f-0313-435c-a8be-19f7e48ded76 0.055s
2024-12-12 02:51:57.795 66386 INFO tempest.lib.common.rest_client [req-8a99cc6a-d7d4-4112-bec8-d0c1bb1e881a req-8a99cc6a-d7d4-4112-bec8-d0c1bb1e881a ] Request (ServersV294TestFqdnHostnames:setUpClass): 200 GET http://10.180.1.21/compute/v2.1/servers/1e3f720c-5a6f-4e7c-aafc-b4680d9667e1 0.050s
2024-12-12 02:51:57.851 66402 INFO tempest.lib.common.rest_client [req-7daba998-2cf5-4ad4-80fd-3f52a0f68240 req-7daba998-2cf5-4ad4-80fd-3f52a0f68240 ] Request (ServerShowV247Test:tearDownClass): 200 GET http://10.180.1.21/compute/v2.1/servers/f06102d6-be5c-40d1-ae1d-8ae8190fd0d7 0.054s
2024-12-12 02:51:57.907 66388 INFO tempest.lib.common.rest_client [req-218edd3f-0c1c-4ba4-a68e-d6253c0e093b req-218edd3f-0c1c-4ba4-a68e-d6253c0e093b ] Request (ServerDiagnosticsV248Test:tearDownClass): 200 GET http://10.180.1.21/compute/v2.1/servers/2bc7f973-007d-44bd-aae8-d3b62506efba 0.057s
2024-12-12 02:51:57.961 66404 INFO tempest.lib.common.rest_client [req-140d6690-26f8-43f3-a2a5-860154b0d183 req-140d6690-26f8-43f3-a2a5-860154b0d183 ] Request (ServersAaction247Test:test_create_backup): 200 GET http://10.180.1.21/compute/v2.1/servers/128bd207-a483-4b38-9fd4-4fb996ce1d0d 0.060s
2024-12-12 02:51:57.968 66404 INFO tempest.common.waiters [-] State transition "BUILD/None" ==> "BUILD/networking" after 63 second wait
2024-12-12 02:51:57.994 66400 INFO tempest.lib.common.rest_client [req-d444d5c5-657a-45c7-9b5f-d6e0fb595a7d req-d444d5c5-657a-45c7-9b5f-d6e0fb595a7d ] Request (ServersNegativeTestJSON:setUpClass): 200 GET http://10.180.1.21/compute/v2.1/servers/b409568f-6e04-4218-8a7b-1bbf785115c3 0.052s
2024-12-12 02:51:58.024 66398 INFO tempest.lib.common.rest_client [req-689ca4a9-7479-4e7d-9992-8d005533b15e req-689ca4a9-7479-4e7d-9992-8d005533b15e ] Request (ServersAdmin275Test:tearDownClass): 200 GET http://10.180.1.21/compute/v2.1/servers/66745316-2735-4c49-b1a2-f9e547211761 0.061s
2024-12-12 02:51:58.082 66418 INFO tempest.lib.common.rest_client [req-b5d108e4-9e18-4a18-9e60-075bea64ca07 req-b5d108e4-9e18-4a18-9e60-075bea64ca07 ] Request (ServerMetadataNegativeTestJSON:tearDownClass): 200 GET http://10.180.1.21/compute/v2.1/servers/914b187f-b05f-49d4-bf61-d536ef61934d 0.063s
2024-12-12 02:51:58.110 66424 INFO tempest.lib.common.rest_client [req-3e017947-9514-426a-b701-876ff00fbba4 req-3e017947-9514-426a-b701-876ff00fbba4 ] Request (SecurityGroupsTestJSON:test_server_security_groups): 200 GET http://10.180.1.21/compute/v2.1/servers/d16a99df-f092-4d56-9730-852883bbdb70 0.047s
2024-12-12 02:51:58.133 66392 INFO tempest.lib.common.rest_client [req-1f565a36-2907-4388-aa6b-87e7ceac9b21 req-1f565a36-2907-4388-aa6b-87e7ceac9b21 ] Request (ServerAddressesNegativeTestJSON:tearDownClass): 200 GET http://10.180.1.21/compute/v2.1/servers/52670f9e-0cb7-4464-be9c-7b0d8346f60f 0.066s
2024-12-12 02:51:58.160 66376 INFO tempest.lib.common.rest_client [req-0c925265-f04e-4b48-8595-bc131d05667f req-0c925265-f04e-4b48-8595-bc131d05667f ] Request (ImagesNegativeTestJSON:test_create_image_from_deleted_server): 200 GET http://10.180.1.21/compute/v2.1/servers/afd02433-0912-44ef-8e0e-71d6ee8fbb41 0.044s
2024-12-12 02:51:58.185 66412 WARNING tempest.lib.common.ssh [-] Failed to establish authenticated ssh connection to cirros@10.180.180.149 ([Errno None] Unable to connect to port 22 on 10.180.180.149). Number attempts: 6. Retry after 7 seconds.: paramiko.ssh_exception.NoValidConnectionsError: [Errno None] Unable to connect to port 22 on 10.180.180.149
2024-12-12 02:51:58.224 66372 INFO tempest.lib.common.rest_client [req-95a2f9f6-9357-48af-b378-9a08f92d065f req-95a2f9f6-9357-48af-b378-9a08f92d065f ] Request (ServersTestMultiNic:_run_cleanups): 200 GET http://10.180.1.21/compute/v2.1/servers/0c5c5c06-0b5e-4e11-84b5-ca76828a0565 0.050s
2024-12-12 02:51:58.393 66410 INFO tempest.lib.common.rest_client [req-bd1be4e6-7937-4ec8-b35d-d5f93aece6a2 req-bd1be4e6-7937-4ec8-b35d-d5f93aece6a2 ] Request (ServersAdminTestJSON:setUpClass): 200 GET http://10.180.1.21/compute/v2.1/servers/0a1a8539-940a-4a17-9826-82736be41892 0.044s
2024-12-12 02:51:58.423 66407 INFO tempest.lib.common.rest_client [req-b537114a-bf97-4b53-8d5d-0e9c79b81ae0 req-b537114a-bf97-4b53-8d5d-0e9c79b81ae0 ] Request (MigrationsAdminTest:test_list_migrations_in_flavor_resize_situation): 200 GET http://10.180.1.21/compute/v2.1/servers/3fc6366b-76db-4bb1-ae1f-67b3ad5e1cbd 0.119s
2024-12-12 02:51:58.440 66366 INFO tempest.lib.common.rest_client [req-29c91245-110e-46df-a697-439dd0ccfae7 req-29c91245-110e-46df-a697-439dd0ccfae7 ] Request (ListImageFiltersTestJSON:setUpClass): 200 GET http://10.180.1.21/compute/v2.1/servers/4fd2da5f-2867-4eeb-b7ab-8ffd7b096859 0.079s
2024-12-12 02:51:58.468 66384 INFO tempest.lib.common.rest_client [req-592b24e0-5da5-4aa9-a2f1-55f3d929b9f3 req-592b24e0-5da5-4aa9-a2f1-55f3d929b9f3 ] Request (ImagesTestJSON:test_create_image_from_suspended_server): 200 GET http://10.180.1.21/compute/v2.1/servers/946dad01-c012-457d-8bfe-6395ff0aaedf 0.056s
2024-12-12 02:51:58.504 66374 INFO tempest.lib.common.rest_client [req-637dd8f3-f278-4af3-8e90-69bc3361c12c req-637dd8f3-f278-4af3-8e90-69bc3361c12c ] Request (ServerRescueTestJSON:setUpClass): 200 GET http://10.180.1.21/compute/v2.1/servers/e003e41d-93e8-4258-b8ca-3c2420b73df0 0.048s
2024-12-12 02:51:58.526 66378 INFO tempest.lib.common.rest_client [req-18f30672-1430-4840-ba46-6adb021e027d req-18f30672-1430-4840-ba46-6adb021e027d ] Request (FloatingIPsAssociationTestJSON:tearDownClass): 200 GET http://10.180.1.21/compute/v2.1/servers/4a6ac464-a5e0-4ed6-909d-f1730be14380 0.053s
2024-12-12 02:51:58.611 66420 INFO tempest.lib.common.rest_client [req-9b2faa25-1fb5-4f14-abff-0fa6ce9ba18f req-9b2faa25-1fb5-4f14-abff-0fa6ce9ba18f ] Request (AttachVolumeTestJSON:test_attach_detach_volume): 200 GET http://10.180.1.21/compute/v2.1/servers/1c3392d3-cfb0-47c6-9366-8c363ad21297 0.054s
2024-12-12 02:51:58.646 66364 INFO tempest.lib.common.rest_client [req-f4fa081b-da7a-4456-b8a0-9e64736c0208 req-f4fa081b-da7a-4456-b8a0-9e64736c0208 ] Request (ListServerFiltersTestJSON:test_list_servers_filter_by_shutoff_status): 200 GET http://10.180.1.21/compute/v2.1/servers/42093232-a4e5-4cc3-ab1c-a0023a91e102 0.102s
2024-12-12 02:51:58.658 66382 INFO tempest.lib.common.rest_client [req-7510e599-d613-4cdb-8882-3aabcc420db3 req-7510e599-d613-4cdb-8882-3aabcc420db3 ] Request (ServersAdminNegativeTestJSON:setUpClass): 200 GET http://10.180.1.21/compute/v2.1/servers/0707fdd6-2aed-4a09-90e0-c7fb0eae6acf 0.059s
2024-12-12 02:51:58.714 66390 INFO tempest.lib.common.rest_client [req-37917f6f-ebec-422d-9c12-370fd6287e5d req-37917f6f-ebec-422d-9c12-370fd6287e5d ] Request (ServerDiagnosticsTest:test_get_server_diagnostics): 200 GET http://10.180.1.21/compute/v2.1/servers/c6dc008c-6336-4271-9635-a7e0652138e0 0.045s
2024-12-12 02:51:58.767 66362 INFO tempest.lib.common.rest_client [req-4795e804-0847-4890-abd8-2272654b8730 req-4795e804-0847-4890-abd8-2272654b8730 ] Request (ServerTagsTestJSON:setUpClass): 200 GET http://10.180.1.21/compute/v2.1/servers/48b74d52-e764-4d14-b372-fc34872205dd 0.049s
2024-12-12 02:51:58.779 66394 INFO tempest.lib.common.rest_client [req-821880b1-5273-44d5-80c5-7cc7ce312c2f req-821880b1-5273-44d5-80c5-7cc7ce312c2f ] Request (ImagesOneServerNegativeTestJSON:_run_cleanups): 200 GET http://10.180.1.21/compute/v2.1/servers/ba6e94c9-eb58-4040-8e28-f255961e76ca 0.044s
2024-12-12 02:51:58.811 66368 INFO tempest.lib.common.rest_client [req-10e8c33e-6408-4aa5-90f3-a78f632fb84f req-10e8c33e-6408-4aa5-90f3-a78f632fb84f ] Request (AttachInterfacesUnderV243Test:test_add_remove_fixed_ip): 200 GET http://10.180.1.21/compute/v2.1/servers/0dbf907f-0313-435c-a8be-19f7e48ded76 0.051s
2024-12-12 02:51:58.852 66386 INFO tempest.lib.common.rest_client [req-51392b12-9455-4c06-9df3-324c83483a29 req-51392b12-9455-4c06-9df3-324c83483a29 ] Request (ServersV294TestFqdnHostnames:setUpClass): 200 GET http://10.180.1.21/compute/v2.1/servers/1e3f720c-5a6f-4e7c-aafc-b4680d9667e1 0.047s
2024-12-12 02:51:58.912 66402 INFO tempest.lib.common.rest_client [req-79ff6c16-e6a0-4b66-85c0-0ff49013414c req-79ff6c16-e6a0-4b66-85c0-0ff49013414c ] Request (ServerShowV247Test:tearDownClass): 200 GET http://10.180.1.21/compute/v2.1/servers/f06102d6-be5c-40d1-ae1d-8ae8190fd0d7 0.053s
2024-12-12 02:51:58.968 66388 INFO tempest.lib.common.rest_client [req-6d096c28-f2f6-44f6-92c4-a8895d41531c req-6d096c28-f2f6-44f6-92c4-a8895d41531c ] Request (ServerDiagnosticsV248Test:tearDownClass): 200 GET http://10.180.1.21/compute/v2.1/servers/2bc7f973-007d-44bd-aae8-d3b62506efba 0.054s
2024-12-12 02:51:59.016 66404 INFO tempest.lib.common.rest_client [req-f6dd463b-a0a9-44aa-ab1a-d06467bd2179 req-f6dd463b-a0a9-44aa-ab1a-d06467bd2179 ] Request (ServersAaction247Test:test_create_backup): 200 GET http://10.180.1.21/compute/v2.1/servers/128bd207-a483-4b38-9fd4-4fb996ce1d0d 0.046s
2024-12-12 02:51:59.024 66404 INFO tempest.common.waiters [-] State transition "BUILD/networking" ==> "BUILD/block_device_mapping" after 65 second wait
2024-12-12 02:51:59.048 66400 INFO tempest.lib.common.rest_client [req-173d6b5c-532c-42c5-b171-c2f1f6dc894b req-173d6b5c-532c-42c5-b171-c2f1f6dc894b ] Request (ServersNegativeTestJSON:setUpClass): 200 GET http://10.180.1.21/compute/v2.1/servers/b409568f-6e04-4218-8a7b-1bbf785115c3 0.047s
2024-12-12 02:51:59.094 66398 INFO tempest.lib.common.rest_client [req-a9f58af3-d329-4c33-a00e-c6df72d23477 req-a9f58af3-d329-4c33-a00e-c6df72d23477 ] Request (ServersAdmin275Test:tearDownClass): 200 GET http://10.180.1.21/compute/v2.1/servers/66745316-2735-4c49-b1a2-f9e547211761 0.055s
2024-12-12 02:51:59.143 66418 INFO tempest.lib.common.rest_client [req-c8a5599d-a6f8-4423-96ce-a0adc3e78cb0 req-c8a5599d-a6f8-4423-96ce-a0adc3e78cb0 ] Request (ServerMetadataNegativeTestJSON:tearDownClass): 200 GET http://10.180.1.21/compute/v2.1/servers/914b187f-b05f-49d4-bf61-d536ef61934d 0.051s
2024-12-12 02:51:59.163 66424 INFO tempest.lib.common.rest_client [req-2176bbf0-99cb-4905-bd89-660804429056 req-2176bbf0-99cb-4905-bd89-660804429056 ] Request (SecurityGroupsTestJSON:test_server_security_groups): 200 GET http://10.180.1.21/compute/v2.1/servers/d16a99df-f092-4d56-9730-852883bbdb70 0.045s
2024-12-12 02:51:59.189 66392 INFO tempest.lib.common.rest_client [req-6bfee978-3ab4-4efb-928e-6b5265dcc390 req-6bfee978-3ab4-4efb-928e-6b5265dcc390 ] Request (ServerAddressesNegativeTestJSON:tearDownClass): 200 GET http://10.180.1.21/compute/v2.1/servers/52670f9e-0cb7-4464-be9c-7b0d8346f60f 0.048s
2024-12-12 02:51:59.210 66376 INFO tempest.lib.common.rest_client [req-c23800a9-49c4-4b95-b8e6-cf3ee5637866 req-c23800a9-49c4-4b95-b8e6-cf3ee5637866 ] Request (ImagesNegativeTestJSON:test_create_image_from_deleted_server): 200 GET http://10.180.1.21/compute/v2.1/servers/afd02433-0912-44ef-8e0e-71d6ee8fbb41 0.044s
2024-12-12 02:51:59.279 66372 INFO tempest.lib.common.rest_client [req-12a45e09-5c3a-45bb-a43b-b37dbd962093 req-12a45e09-5c3a-45bb-a43b-b37dbd962093 ] Request (ServersTestMultiNic:_run_cleanups): 200 GET http://10.180.1.21/compute/v2.1/servers/0c5c5c06-0b5e-4e11-84b5-ca76828a0565 0.048s
2024-12-12 02:51:59.445 66410 INFO tempest.lib.common.rest_client [req-f26848cd-fecb-4b60-935c-88b5030cfb28 req-f26848cd-fecb-4b60-935c-88b5030cfb28 ] Request (ServersAdminTestJSON:setUpClass): 200 GET http://10.180.1.21/compute/v2.1/servers/0a1a8539-940a-4a17-9826-82736be41892 0.045s
2024-12-12 02:51:59.493 66366 INFO tempest.lib.common.rest_client [req-ae480ee5-7397-4124-ba53-07b1fed1d992 req-ae480ee5-7397-4124-ba53-07b1fed1d992 ] Request (ListImageFiltersTestJSON:setUpClass): 200 GET http://10.180.1.21/compute/v2.1/servers/4fd2da5f-2867-4eeb-b7ab-8ffd7b096859 0.046s
2024-12-12 02:51:59.536 66384 INFO tempest.lib.common.rest_client [req-6aa7ea4b-b562-464d-9fb1-390f7a42e6be req-6aa7ea4b-b562-464d-9fb1-390f7a42e6be ] Request (ImagesTestJSON:test_create_image_from_suspended_server): 200 GET http://10.180.1.21/compute/v2.1/servers/946dad01-c012-457d-8bfe-6395ff0aaedf 0.060s
2024-12-12 02:51:59.545 66407 INFO tempest.lib.common.rest_client [req-710cc2ad-d467-4571-aedf-89a4f6361be3 req-710cc2ad-d467-4571-aedf-89a4f6361be3 ] Request (MigrationsAdminTest:test_list_migrations_in_flavor_resize_situation): 200 GET http://10.180.1.21/compute/v2.1/servers/3fc6366b-76db-4bb1-ae1f-67b3ad5e1cbd 0.115s
2024-12-12 02:51:59.583 66374 INFO tempest.lib.common.rest_client [req-f739a985-cf1a-450e-a64c-f18a8c24cda1 req-f739a985-cf1a-450e-a64c-f18a8c24cda1 ] Request (ServerRescueTestJSON:setUpClass): 200 GET http://10.180.1.21/compute/v2.1/servers/e003e41d-93e8-4258-b8ca-3c2420b73df0 0.072s
2024-12-12 02:51:59.597 66378 INFO tempest.lib.common.rest_client [req-79028d08-d144-4c2a-b364-d1f21387647a req-79028d08-d144-4c2a-b364-d1f21387647a ] Request (FloatingIPsAssociationTestJSON:tearDownClass): 200 GET http://10.180.1.21/compute/v2.1/servers/4a6ac464-a5e0-4ed6-909d-f1730be14380 0.065s
2024-12-12 02:51:59.665 66420 INFO tempest.lib.common.rest_client [req-47afee4c-e945-4edf-a2a3-a37efd6131b5 req-47afee4c-e945-4edf-a2a3-a37efd6131b5 ] Request (AttachVolumeTestJSON:test_attach_detach_volume): 200 GET http://10.180.1.21/compute/v2.1/servers/1c3392d3-cfb0-47c6-9366-8c363ad21297 0.046s
2024-12-12 02:51:59.709 66382 INFO tempest.lib.common.rest_client [req-cd116bea-765c-4f18-bf90-fff457c74ecf req-cd116bea-765c-4f18-bf90-fff457c74ecf ] Request (ServersAdminNegativeTestJSON:setUpClass): 200 GET http://10.180.1.21/compute/v2.1/servers/0707fdd6-2aed-4a09-90e0-c7fb0eae6acf 0.044s
2024-12-12 02:51:59.743 66364 INFO tempest.lib.common.rest_client [req-07f5fc11-d42c-496b-ba80-d774865f85c6 req-07f5fc11-d42c-496b-ba80-d774865f85c6 ] Request (ListServerFiltersTestJSON:test_list_servers_filter_by_shutoff_status): 200 GET http://10.180.1.21/compute/v2.1/servers/42093232-a4e5-4cc3-ab1c-a0023a91e102 0.090s
2024-12-12 02:51:59.749 66364 INFO tempest.common.waiters [-] State transition "ACTIVE/powering-off" ==> "SHUTOFF/None" after 2 second wait
2024-12-12 02:51:59.766 66390 INFO tempest.lib.common.rest_client [req-74fc6252-ce7c-47e0-9d13-66bae1937665 req-74fc6252-ce7c-47e0-9d13-66bae1937665 ] Request (ServerDiagnosticsTest:test_get_server_diagnostics): 200 GET http://10.180.1.21/compute/v2.1/servers/c6dc008c-6336-4271-9635-a7e0652138e0 0.045s
2024-12-12 02:51:59.795 66364 INFO tempest.lib.common.rest_client [req-c7499201-edd2-45c0-98dc-e428cc74b93f req-c7499201-edd2-45c0-98dc-e428cc74b93f ] Request (ListServerFiltersTestJSON:test_list_servers_filter_by_shutoff_status): 200 GET http://10.180.1.21/compute/v2.1/servers?status=shutoff 0.045s
2024-12-12 02:51:59.826 66362 INFO tempest.lib.common.rest_client [req-60c95c72-6d90-4350-b6bd-55c4a1ef6004 req-60c95c72-6d90-4350-b6bd-55c4a1ef6004 ] Request (ServerTagsTestJSON:setUpClass): 200 GET http://10.180.1.21/compute/v2.1/servers/48b74d52-e764-4d14-b372-fc34872205dd 0.050s
2024-12-12 02:51:59.844 66394 INFO tempest.lib.common.rest_client [req-fd8c32c1-66e2-40ec-939d-e4489ca5114c req-fd8c32c1-66e2-40ec-939d-e4489ca5114c ] Request (ImagesOneServerNegativeTestJSON:_run_cleanups): 200 GET http://10.180.1.21/compute/v2.1/servers/ba6e94c9-eb58-4040-8e28-f255961e76ca 0.058s
2024-12-12 02:51:59.875 66364 INFO tempest.lib.common.rest_client [req-dc53ba7a-c080-427f-a660-9f6926ce4b3f req-dc53ba7a-c080-427f-a660-9f6926ce4b3f ] Request (ListServerFiltersTestJSON:test_list_servers_filter_by_shutoff_status): 202 POST http://10.180.1.21/compute/v2.1/servers/42093232-a4e5-4cc3-ab1c-a0023a91e102/action 0.078s
2024-12-12 02:51:59.893 66368 INFO tempest.lib.common.rest_client [req-78538bf4-1be3-4a88-8441-2dab5f40bddb req-78538bf4-1be3-4a88-8441-2dab5f40bddb ] Request (AttachInterfacesUnderV243Test:test_add_remove_fixed_ip): 200 GET http://10.180.1.21/compute/v2.1/servers/0dbf907f-0313-435c-a8be-19f7e48ded76 0.074s
2024-12-12 02:51:59.931 66386 INFO tempest.lib.common.rest_client [req-85d59f35-9c35-4236-b4ee-c6b647160f49 req-85d59f35-9c35-4236-b4ee-c6b647160f49 ] Request (ServersV294TestFqdnHostnames:setUpClass): 200 GET http://10.180.1.21/compute/v2.1/servers/1e3f720c-5a6f-4e7c-aafc-b4680d9667e1 0.069s
2024-12-12 02:51:59.990 66402 INFO tempest.lib.common.rest_client [req-ee1238a7-4082-42a1-91fa-f80cfe2031e6 req-ee1238a7-4082-42a1-91fa-f80cfe2031e6 ] Request (ServerShowV247Test:tearDownClass): 200 GET http://10.180.1.21/compute/v2.1/servers/f06102d6-be5c-40d1-ae1d-8ae8190fd0d7 0.069s
2024-12-12 02:51:59.996 66364 INFO tempest.lib.common.rest_client [req-9a59512f-5f7d-400d-94db-f9b1cbd53809 req-9a59512f-5f7d-400d-94db-f9b1cbd53809 ] Request (ListServerFiltersTestJSON:test_list_servers_filter_by_shutoff_status): 200 GET http://10.180.1.21/compute/v2.1/servers/42093232-a4e5-4cc3-ab1c-a0023a91e102 0.121s
2024-12-12 02:52:00.047 66388 INFO tempest.lib.common.rest_client [req-2f24c2a4-6738-4336-93d0-f89ec9c36b5c req-2f24c2a4-6738-4336-93d0-f89ec9c36b5c ] Request (ServerDiagnosticsV248Test:tearDownClass): 200 GET http://10.180.1.21/compute/v2.1/servers/2bc7f973-007d-44bd-aae8-d3b62506efba 0.071s
2024-12-12 02:52:00.083 66404 INFO tempest.lib.common.rest_client [req-63e71f2f-593b-4bd2-a88c-ed32c0df706d req-63e71f2f-593b-4bd2-a88c-ed32c0df706d ] Request (ServersAaction247Test:test_create_backup): 200 GET http://10.180.1.21/compute/v2.1/servers/128bd207-a483-4b38-9fd4-4fb996ce1d0d 0.058s
2024-12-12 02:52:00.091 66404 INFO tempest.common.waiters [-] State transition "BUILD/block_device_mapping" ==> "BUILD/spawning" after 66 second wait
2024-12-12 02:52:00.105 66400 INFO tempest.lib.common.rest_client [req-5889a872-92c7-405f-8ff5-480e56e5afc8 req-5889a872-92c7-405f-8ff5-480e56e5afc8 ] Request (ServersNegativeTestJSON:setUpClass): 200 GET http://10.180.1.21/compute/v2.1/servers/b409568f-6e04-4218-8a7b-1bbf785115c3 0.050s
2024-12-12 02:52:00.162 66398 INFO tempest.lib.common.rest_client [req-c28d3d74-317a-445f-a9ee-fb87a263276c req-c28d3d74-317a-445f-a9ee-fb87a263276c ] Request (ServersAdmin275Test:tearDownClass): 200 GET http://10.180.1.21/compute/v2.1/servers/66745316-2735-4c49-b1a2-f9e547211761 0.060s
2024-12-12 02:52:00.206 66418 INFO tempest.lib.common.rest_client [req-e5509b8e-90fd-4632-81d0-d02e79d1c470 req-e5509b8e-90fd-4632-81d0-d02e79d1c470 ] Request (ServerMetadataNegativeTestJSON:tearDownClass): 200 GET http://10.180.1.21/compute/v2.1/servers/914b187f-b05f-49d4-bf61-d536ef61934d 0.055s
2024-12-12 02:52:00.215 66424 INFO tempest.lib.common.rest_client [req-c5f161a1-044e-4fdb-9c69-e07abdb19cc7 req-c5f161a1-044e-4fdb-9c69-e07abdb19cc7 ] Request (SecurityGroupsTestJSON:test_server_security_groups): 200 GET http://10.180.1.21/compute/v2.1/servers/d16a99df-f092-4d56-9730-852883bbdb70 0.045s
2024-12-12 02:52:00.254 66392 INFO tempest.lib.common.rest_client [req-080ba42a-1979-4d57-aee6-f1b477bd3479 req-080ba42a-1979-4d57-aee6-f1b477bd3479 ] Request (ServerAddressesNegativeTestJSON:tearDownClass): 200 GET http://10.180.1.21/compute/v2.1/servers/52670f9e-0cb7-4464-be9c-7b0d8346f60f 0.059s
2024-12-12 02:52:00.261 66376 INFO tempest.lib.common.rest_client [req-594ec527-37c4-408e-a2d2-4700ad638bfc req-594ec527-37c4-408e-a2d2-4700ad638bfc ] Request (ImagesNegativeTestJSON:test_create_image_from_deleted_server): 200 GET http://10.180.1.21/compute/v2.1/servers/afd02433-0912-44ef-8e0e-71d6ee8fbb41 0.043s
2024-12-12 02:52:00.335 66372 INFO tempest.lib.common.rest_client [req-5ab13075-0598-4ad8-9180-4218d426b9c2 req-5ab13075-0598-4ad8-9180-4218d426b9c2 ] Request (ServersTestMultiNic:_run_cleanups): 200 GET http://10.180.1.21/compute/v2.1/servers/0c5c5c06-0b5e-4e11-84b5-ca76828a0565 0.050s
2024-12-12 02:52:00.500 66410 INFO tempest.lib.common.rest_client [req-1a51eada-7427-4b35-a0a0-a7affb29e64d req-1a51eada-7427-4b35-a0a0-a7affb29e64d ] Request (ServersAdminTestJSON:setUpClass): 200 GET http://10.180.1.21/compute/v2.1/servers/0a1a8539-940a-4a17-9826-82736be41892 0.045s
2024-12-12 02:52:00.544 66366 INFO tempest.lib.common.rest_client [req-3e642b02-722b-423b-b1fe-ad7f890504df req-3e642b02-722b-423b-b1fe-ad7f890504df ] Request (ListImageFiltersTestJSON:setUpClass): 200 GET http://10.180.1.21/compute/v2.1/servers/4fd2da5f-2867-4eeb-b7ab-8ffd7b096859 0.045s
2024-12-12 02:52:00.597 66384 INFO tempest.lib.common.rest_client [req-da77cae0-61f8-4046-b883-dbf4e02aa10d req-da77cae0-61f8-4046-b883-dbf4e02aa10d ] Request (ImagesTestJSON:test_create_image_from_suspended_server): 200 GET http://10.180.1.21/compute/v2.1/servers/946dad01-c012-457d-8bfe-6395ff0aaedf 0.055s
2024-12-12 02:52:00.637 66407 INFO tempest.lib.common.rest_client [req-c3cb92fb-ffab-4caa-9308-42c8ee55eb7d req-c3cb92fb-ffab-4caa-9308-42c8ee55eb7d ] Request (MigrationsAdminTest:test_list_migrations_in_flavor_resize_situation): 200 GET http://10.180.1.21/compute/v2.1/servers/3fc6366b-76db-4bb1-ae1f-67b3ad5e1cbd 0.085s
2024-12-12 02:52:00.643 66374 INFO tempest.lib.common.rest_client [req-b27213ba-8e46-4701-88a0-4096827d5e50 req-b27213ba-8e46-4701-88a0-4096827d5e50 ] Request (ServerRescueTestJSON:setUpClass): 200 GET http://10.180.1.21/compute/v2.1/servers/e003e41d-93e8-4258-b8ca-3c2420b73df0 0.052s
2024-12-12 02:52:00.685 66378 INFO tempest.lib.common.rest_client [req-93d60c0f-9db1-41ae-b114-37d488942f4c req-93d60c0f-9db1-41ae-b114-37d488942f4c ] Request (FloatingIPsAssociationTestJSON:tearDownClass): 200 GET http://10.180.1.21/compute/v2.1/servers/4a6ac464-a5e0-4ed6-909d-f1730be14380 0.080s
2024-12-12 02:52:00.715 66420 INFO tempest.lib.common.rest_client [req-e0d0eab9-af6f-4d43-8e90-fca2133a95d9 req-e0d0eab9-af6f-4d43-8e90-fca2133a95d9 ] Request (AttachVolumeTestJSON:test_attach_detach_volume): 200 GET http://10.180.1.21/compute/v2.1/servers/1c3392d3-cfb0-47c6-9366-8c363ad21297 0.043s
2024-12-12 02:52:00.758 66382 INFO tempest.lib.common.rest_client [req-1bc4aef6-f9f0-4d5b-abed-23a5f535a12f req-1bc4aef6-f9f0-4d5b-abed-23a5f535a12f ] Request (ServersAdminNegativeTestJSON:setUpClass): 200 GET http://10.180.1.21/compute/v2.1/servers/0707fdd6-2aed-4a09-90e0-c7fb0eae6acf 0.042s
2024-12-12 02:52:00.823 66390 INFO tempest.lib.common.rest_client [req-fe022fc5-baa9-4cfe-8e82-d51990792d33 req-fe022fc5-baa9-4cfe-8e82-d51990792d33 ] Request (ServerDiagnosticsTest:test_get_server_diagnostics): 200 GET http://10.180.1.21/compute/v2.1/servers/c6dc008c-6336-4271-9635-a7e0652138e0 0.050s
2024-12-12 02:52:00.881 66362 INFO tempest.lib.common.rest_client [req-e9609923-5539-438e-8c91-216b5282fe47 req-e9609923-5539-438e-8c91-216b5282fe47 ] Request (ServerTagsTestJSON:setUpClass): 200 GET http://10.180.1.21/compute/v2.1/servers/48b74d52-e764-4d14-b372-fc34872205dd 0.047s
2024-12-12 02:52:00.897 66394 INFO tempest.lib.common.rest_client [req-7997190d-de48-48e3-9c5d-badcfd3763d5 req-7997190d-de48-48e3-9c5d-badcfd3763d5 ] Request (ImagesOneServerNegativeTestJSON:_run_cleanups): 200 GET http://10.180.1.21/compute/v2.1/servers/ba6e94c9-eb58-4040-8e28-f255961e76ca 0.045s
2024-12-12 02:52:00.945 66368 INFO tempest.lib.common.rest_client [req-bea36d2b-13c0-4e7b-90de-956e7218a842 req-bea36d2b-13c0-4e7b-90de-956e7218a842 ] Request (AttachInterfacesUnderV243Test:test_add_remove_fixed_ip): 200 GET http://10.180.1.21/compute/v2.1/servers/0dbf907f-0313-435c-a8be-19f7e48ded76 0.044s
2024-12-12 02:52:00.989 66386 INFO tempest.lib.common.rest_client [req-935610fa-9b76-40b5-9b54-7a5063b2ba36 req-935610fa-9b76-40b5-9b54-7a5063b2ba36 ] Request (ServersV294TestFqdnHostnames:setUpClass): 200 GET http://10.180.1.21/compute/v2.1/servers/1e3f720c-5a6f-4e7c-aafc-b4680d9667e1 0.049s
2024-12-12 02:52:01.051 66402 INFO tempest.lib.common.rest_client [req-965d78c1-c6a4-4c7e-9c26-f88ea0d23a18 req-965d78c1-c6a4-4c7e-9c26-f88ea0d23a18 ] Request (ServerShowV247Test:tearDownClass): 200 GET http://10.180.1.21/compute/v2.1/servers/f06102d6-be5c-40d1-ae1d-8ae8190fd0d7 0.053s
2024-12-12 02:52:01.087 66364 INFO tempest.lib.common.rest_client [req-f436b7da-6ebf-4ccd-8b70-bd6b57113ce7 req-f436b7da-6ebf-4ccd-8b70-bd6b57113ce7 ] Request (ListServerFiltersTestJSON:test_list_servers_filter_by_shutoff_status): 200 GET http://10.180.1.21/compute/v2.1/servers/42093232-a4e5-4cc3-ab1c-a0023a91e102 0.084s
2024-12-12 02:52:01.112 66388 INFO tempest.lib.common.rest_client [req-8d85fb1c-06b9-4515-b22a-e03604bf595a req-8d85fb1c-06b9-4515-b22a-e03604bf595a ] Request (ServerDiagnosticsV248Test:tearDownClass): 200 GET http://10.180.1.21/compute/v2.1/servers/2bc7f973-007d-44bd-aae8-d3b62506efba 0.055s
2024-12-12 02:52:01.140 66404 INFO tempest.lib.common.rest_client [req-fe4f35e5-dd3f-49f7-a989-0d27592e01c4 req-fe4f35e5-dd3f-49f7-a989-0d27592e01c4 ] Request (ServersAaction247Test:test_create_backup): 200 GET http://10.180.1.21/compute/v2.1/servers/128bd207-a483-4b38-9fd4-4fb996ce1d0d 0.048s
2024-12-12 02:52:01.157 66400 INFO tempest.lib.common.rest_client [req-ee75c695-7457-49d3-acc9-bb16377da203 req-ee75c695-7457-49d3-acc9-bb16377da203 ] Request (ServersNegativeTestJSON:setUpClass): 200 GET http://10.180.1.21/compute/v2.1/servers/b409568f-6e04-4218-8a7b-1bbf785115c3 0.044s
2024-12-12 02:52:01.226 66398 INFO tempest.lib.common.rest_client [req-af8662cc-18a0-42b1-bc2c-87565499cac7 req-af8662cc-18a0-42b1-bc2c-87565499cac7 ] Request (ServersAdmin275Test:tearDownClass): 200 GET http://10.180.1.21/compute/v2.1/servers/66745316-2735-4c49-b1a2-f9e547211761 0.054s
2024-12-12 02:52:01.265 66418 INFO tempest.lib.common.rest_client [req-ce419d0a-1586-4481-a71e-bcc7e08e82fa req-ce419d0a-1586-4481-a71e-bcc7e08e82fa ] Request (ServerMetadataNegativeTestJSON:tearDownClass): 200 GET http://10.180.1.21/compute/v2.1/servers/914b187f-b05f-49d4-bf61-d536ef61934d 0.052s
2024-12-12 02:52:01.272 66424 INFO tempest.lib.common.rest_client [req-5795049f-ffb4-4e26-94e4-24d8d19e28a5 req-5795049f-ffb4-4e26-94e4-24d8d19e28a5 ] Request (SecurityGroupsTestJSON:test_server_security_groups): 200 GET http://10.180.1.21/compute/v2.1/servers/d16a99df-f092-4d56-9730-852883bbdb70 0.051s
2024-12-12 02:52:01.316 66392 INFO tempest.lib.common.rest_client [req-ff238781-b26d-40b2-8a22-dd366034d6a4 req-ff238781-b26d-40b2-8a22-dd366034d6a4 ] Request (ServerAddressesNegativeTestJSON:tearDownClass): 200 GET http://10.180.1.21/compute/v2.1/servers/52670f9e-0cb7-4464-be9c-7b0d8346f60f 0.055s
2024-12-12 02:52:01.342 66376 INFO tempest.lib.common.rest_client [req-8902afb6-0be6-48d0-8862-6cc76a87fdb8 req-8902afb6-0be6-48d0-8862-6cc76a87fdb8 ] Request (ImagesNegativeTestJSON:test_create_image_from_deleted_server): 200 GET http://10.180.1.21/compute/v2.1/servers/afd02433-0912-44ef-8e0e-71d6ee8fbb41 0.075s
2024-12-12 02:52:01.402 66372 INFO tempest.lib.common.rest_client [req-fc52c6f9-9c7c-4fad-82df-30e7f567a9d6 req-fc52c6f9-9c7c-4fad-82df-30e7f567a9d6 ] Request (ServersTestMultiNic:_run_cleanups): 200 GET http://10.180.1.21/compute/v2.1/servers/0c5c5c06-0b5e-4e11-84b5-ca76828a0565 0.060s
2024-12-12 02:52:01.552 66410 INFO tempest.lib.common.rest_client [req-ad0d3b3c-45e0-4502-8356-2f0beb826b8b req-ad0d3b3c-45e0-4502-8356-2f0beb826b8b ] Request (ServersAdminTestJSON:setUpClass): 200 GET http://10.180.1.21/compute/v2.1/servers/0a1a8539-940a-4a17-9826-82736be41892 0.045s
2024-12-12 02:52:01.597 66366 INFO tempest.lib.common.rest_client [req-71102446-7259-435c-b813-b583de8ed67b req-71102446-7259-435c-b813-b583de8ed67b ] Request (ListImageFiltersTestJSON:setUpClass): 200 GET http://10.180.1.21/compute/v2.1/servers/4fd2da5f-2867-4eeb-b7ab-8ffd7b096859 0.045s
2024-12-12 02:52:01.656 66384 INFO tempest.lib.common.rest_client [req-8d91c236-b9fb-4d27-8363-f03c4e159059 req-8d91c236-b9fb-4d27-8363-f03c4e159059 ] Request (ImagesTestJSON:test_create_image_from_suspended_server): 200 GET http://10.180.1.21/compute/v2.1/servers/946dad01-c012-457d-8bfe-6395ff0aaedf 0.051s
2024-12-12 02:52:01.699 66374 INFO tempest.lib.common.rest_client [req-845b813c-b568-40a0-ba44-de3f1c7383fd req-845b813c-b568-40a0-ba44-de3f1c7383fd ] Request (ServerRescueTestJSON:setUpClass): 200 GET http://10.180.1.21/compute/v2.1/servers/e003e41d-93e8-4258-b8ca-3c2420b73df0 0.050s
2024-12-12 02:52:01.738 66407 INFO tempest.lib.common.rest_client [req-9f75f562-4cd8-4934-b2dc-39b418f66b4c req-9f75f562-4cd8-4934-b2dc-39b418f66b4c ] Request (MigrationsAdminTest:test_list_migrations_in_flavor_resize_situation): 200 GET http://10.180.1.21/compute/v2.1/servers/3fc6366b-76db-4bb1-ae1f-67b3ad5e1cbd 0.094s
2024-12-12 02:52:01.744 66407 INFO tempest.common.waiters [-] State transition "VERIFY_RESIZE/None" ==> "ACTIVE/None" after 45 second wait
2024-12-12 02:52:01.746 66378 INFO tempest.lib.common.rest_client [req-025d2989-760a-4327-b2c0-e3444626129f req-025d2989-760a-4327-b2c0-e3444626129f ] Request (FloatingIPsAssociationTestJSON:tearDownClass): 200 GET http://10.180.1.21/compute/v2.1/servers/4a6ac464-a5e0-4ed6-909d-f1730be14380 0.054s
2024-12-12 02:52:01.757 66380 WARNING tempest.lib.common.ssh [-] Failed to establish authenticated ssh connection to cirros@10.180.180.199 ([Errno None] Unable to connect to port 22 on 10.180.180.199). Number attempts: 8. Retry after 9 seconds.: paramiko.ssh_exception.NoValidConnectionsError: [Errno None] Unable to connect to port 22 on 10.180.180.199
2024-12-12 02:52:01.780 66420 INFO tempest.lib.common.rest_client [req-fdb0a153-21fb-4c16-bae5-8293ddb6fa1f req-fdb0a153-21fb-4c16-bae5-8293ddb6fa1f ] Request (AttachVolumeTestJSON:test_attach_detach_volume): 200 GET http://10.180.1.21/compute/v2.1/servers/1c3392d3-cfb0-47c6-9366-8c363ad21297 0.056s
2024-12-12 02:52:01.824 66382 INFO tempest.lib.common.rest_client [req-65c124d1-3c64-49b7-a801-22cfe7aa9509 req-65c124d1-3c64-49b7-a801-22cfe7aa9509 ] Request (ServersAdminNegativeTestJSON:setUpClass): 200 GET http://10.180.1.21/compute/v2.1/servers/0707fdd6-2aed-4a09-90e0-c7fb0eae6acf 0.059s
2024-12-12 02:52:01.836 66407 INFO tempest.lib.common.rest_client [req-b6aff263-aa7d-48f2-b51d-2d81d3b975c6 req-b6aff263-aa7d-48f2-b51d-2d81d3b975c6 ] Request (MigrationsAdminTest:test_list_migrations_in_flavor_resize_situation): 200 GET http://10.180.1.21/compute/v2.1/servers/3fc6366b-76db-4bb1-ae1f-67b3ad5e1cbd 0.091s
2024-12-12 02:52:01.879 66390 INFO tempest.lib.common.rest_client [req-c9ce779d-6990-4ac7-883b-3a4fed590a3b req-c9ce779d-6990-4ac7-883b-3a4fed590a3b ] Request (ServerDiagnosticsTest:test_get_server_diagnostics): 200 GET http://10.180.1.21/compute/v2.1/servers/c6dc008c-6336-4271-9635-a7e0652138e0 0.049s
2024-12-12 02:52:01.883 66407 INFO tempest.lib.common.rest_client [req-db5a4414-4725-4b9d-aaba-ef355c629429 req-db5a4414-4725-4b9d-aaba-ef355c629429 ] Request (MigrationsAdminTest:test_list_migrations_in_flavor_resize_situation): 200 POST http://10.180.1.21/compute/v2.1/os-keypairs 0.040s
2024-12-12 02:52:01.950 66362 INFO tempest.lib.common.rest_client [req-1f73d9dc-5d22-4b40-b5c7-b7836557e923 req-1f73d9dc-5d22-4b40-b5c7-b7836557e923 ] Request (ServerTagsTestJSON:setUpClass): 200 GET http://10.180.1.21/compute/v2.1/servers/48b74d52-e764-4d14-b372-fc34872205dd 0.059s
2024-12-12 02:52:01.969 66394 INFO tempest.lib.common.rest_client [req-2d91aad6-66c0-41f7-9afb-ecc4f25ddb23 req-2d91aad6-66c0-41f7-9afb-ecc4f25ddb23 ] Request (ImagesOneServerNegativeTestJSON:_run_cleanups): 200 GET http://10.180.1.21/compute/v2.1/servers/ba6e94c9-eb58-4040-8e28-f255961e76ca 0.065s
2024-12-12 02:52:02.002 66368 INFO tempest.lib.common.rest_client [req-d4901816-d929-4c0c-8ac5-70f55d45695b req-d4901816-d929-4c0c-8ac5-70f55d45695b ] Request (AttachInterfacesUnderV243Test:test_add_remove_fixed_ip): 200 GET http://10.180.1.21/compute/v2.1/servers/0dbf907f-0313-435c-a8be-19f7e48ded76 0.051s
2024-12-12 02:52:02.012 66408 WARNING tempest.lib.common.ssh [-] Failed to establish authenticated ssh connection to cirros@10.180.180.160 ([Errno None] Unable to connect to port 22 on 10.180.180.160). Number attempts: 3. Retry after 4 seconds.: paramiko.ssh_exception.NoValidConnectionsError: [Errno None] Unable to connect to port 22 on 10.180.180.160
2024-12-12 02:52:02.070 66386 INFO tempest.lib.common.rest_client [req-54329f4f-fd9b-4250-8570-cec8aede65bb req-54329f4f-fd9b-4250-8570-cec8aede65bb ] Request (ServersV294TestFqdnHostnames:setUpClass): 200 GET http://10.180.1.21/compute/v2.1/servers/1e3f720c-5a6f-4e7c-aafc-b4680d9667e1 0.072s
2024-12-12 02:52:02.108 66407 INFO tempest.lib.common.rest_client [req-44f1d86e-fa41-4f46-a88d-3b4fa8b68c09 req-44f1d86e-fa41-4f46-a88d-3b4fa8b68c09 ] Request (MigrationsAdminTest:test_list_migrations_in_flavor_resize_situation): 201 POST http://10.180.1.21:9696/networking/v2.0/security-groups 0.223s
2024-12-12 02:52:02.132 66402 INFO tempest.lib.common.rest_client [req-feb74264-6a71-4c9f-b2c5-007bd21b171a req-feb74264-6a71-4c9f-b2c5-007bd21b171a ] Request (ServerShowV247Test:tearDownClass): 200 GET http://10.180.1.21/compute/v2.1/servers/f06102d6-be5c-40d1-ae1d-8ae8190fd0d7 0.072s
2024-12-12 02:52:02.157 66388 INFO tempest.lib.common.rest_client [req-fd5df6b2-c98b-4c86-991e-ee28664d6585 req-fd5df6b2-c98b-4c86-991e-ee28664d6585 ] Request (ServerDiagnosticsV248Test:tearDownClass): 404 GET http://10.180.1.21/compute/v2.1/servers/2bc7f973-007d-44bd-aae8-d3b62506efba 0.036s
2024-12-12 02:52:02.215 66404 INFO tempest.lib.common.rest_client [req-f45a2dd4-70fb-4cae-96d1-5200f0a9c6ed req-f45a2dd4-70fb-4cae-96d1-5200f0a9c6ed ] Request (ServersAaction247Test:test_create_backup): 200 GET http://10.180.1.21/compute/v2.1/servers/128bd207-a483-4b38-9fd4-4fb996ce1d0d 0.066s
2024-12-12 02:52:02.252 66388 INFO tempest.lib.common.rest_client [req-49925bee-7293-46e2-aa48-255ff3cc85f1 req-49925bee-7293-46e2-aa48-255ff3cc85f1 ] Request (ServerDiagnosticsV248Test:tearDownClass): 204 DELETE http://10.180.1.21/identity/v3/users/69d5e5f7bd31498a8b35dd10503de515 0.094s
2024-12-12 02:52:02.267 66400 INFO tempest.lib.common.rest_client [req-ebadfdf0-c427-4bb8-8a94-cb0e083b2fc4 req-ebadfdf0-c427-4bb8-8a94-cb0e083b2fc4 ] Request (ServersNegativeTestJSON:setUpClass): 200 GET http://10.180.1.21/compute/v2.1/servers/b409568f-6e04-4218-8a7b-1bbf785115c3 0.103s
2024-12-12 02:52:02.292 66398 INFO tempest.lib.common.rest_client [req-4ba84f9f-21ea-4c30-ab7c-c429da0e399b req-4ba84f9f-21ea-4c30-ab7c-c429da0e399b ] Request (ServersAdmin275Test:tearDownClass): 404 GET http://10.180.1.21/compute/v2.1/servers/66745316-2735-4c49-b1a2-f9e547211761 0.052s
2024-12-12 02:52:02.339 66407 INFO tempest.lib.common.rest_client [req-b2ddbd19-3f41-4983-900b-b2d5f65f934a req-b2ddbd19-3f41-4983-900b-b2d5f65f934a ] Request (MigrationsAdminTest:test_list_migrations_in_flavor_resize_situation): 201 POST http://10.180.1.21:9696/networking/v2.0/security-group-rules 0.230s
2024-12-12 02:52:02.361 66388 INFO tempest.lib.common.rest_client [req-5883f901-760b-4e1e-b04c-29a7e4669472 req-5883f901-760b-4e1e-b04c-29a7e4669472 ] Request (ServerDiagnosticsV248Test:tearDownClass): 204 DELETE http://10.180.1.21/identity/v3/users/9b2a026629d944d38e3833f5395ffac6 0.109s
2024-12-12 02:52:02.361 66388 INFO tempest.lib.common.dynamic_creds [-] Deleting project and security group for project: dc92a65645af4597b853528d85706e2b
2024-12-12 02:52:02.367 66364 INFO tempest.lib.common.rest_client [req-5784122a-db54-4f2f-852d-2cc84f026b08 req-5784122a-db54-4f2f-852d-2cc84f026b08 ] Request (ListServerFiltersTestJSON:test_list_servers_filter_by_shutoff_status): 200 GET http://10.180.1.21/compute/v2.1/servers/42093232-a4e5-4cc3-ab1c-a0023a91e102 0.271s
2024-12-12 02:52:02.374 66418 INFO tempest.lib.common.rest_client [req-bcaca7bd-aadb-4753-a46c-75e62e23da7d req-bcaca7bd-aadb-4753-a46c-75e62e23da7d ] Request (ServerMetadataNegativeTestJSON:tearDownClass): 200 GET http://10.180.1.21/compute/v2.1/servers/914b187f-b05f-49d4-bf61-d536ef61934d 0.103s
2024-12-12 02:52:02.436 66424 INFO tempest.lib.common.rest_client [req-6e74d1db-f432-4647-8b65-52b9409b809d req-6e74d1db-f432-4647-8b65-52b9409b809d ] Request (SecurityGroupsTestJSON:test_server_security_groups): 200 GET http://10.180.1.21/compute/v2.1/servers/d16a99df-f092-4d56-9730-852883bbdb70 0.156s
2024-12-12 02:52:02.437 66388 INFO tempest.lib.common.rest_client [req-3310342b-9388-4980-a230-3d293c58cd74 req-3310342b-9388-4980-a230-3d293c58cd74 ] Request (ServerDiagnosticsV248Test:tearDownClass): 201 POST http://10.180.1.21/identity/v3/auth/tokens 0.075s
2024-12-12 02:52:02.453 66392 INFO tempest.lib.common.rest_client [req-7ffd7a38-a1af-4933-908c-6e54977bfd2d req-7ffd7a38-a1af-4933-908c-6e54977bfd2d ] Request (ServerAddressesNegativeTestJSON:tearDownClass): 200 GET http://10.180.1.21/compute/v2.1/servers/52670f9e-0cb7-4464-be9c-7b0d8346f60f 0.129s
2024-12-12 02:52:02.466 66398 INFO tempest.lib.common.rest_client [req-12c319e8-19cf-49f3-94aa-1272a9785b06 req-12c319e8-19cf-49f3-94aa-1272a9785b06 ] Request (ServersAdmin275Test:tearDownClass): 204 DELETE http://10.180.1.21/identity/v3/users/a592da4016e747a6b49cbee7cf84f2ef 0.173s
2024-12-12 02:52:02.491 66407 INFO tempest.lib.common.rest_client [req-3ce44efa-d2b6-4a49-ab2b-d788b360f8f4 req-3ce44efa-d2b6-4a49-ab2b-d788b360f8f4 ] Request (MigrationsAdminTest:test_list_migrations_in_flavor_resize_situation): 201 POST http://10.180.1.21:9696/networking/v2.0/security-group-rules 0.152s
2024-12-12 02:52:02.496 66376 INFO tempest.lib.common.rest_client [req-a7103aad-15e7-4062-ae13-a03f9cb6d5ff req-a7103aad-15e7-4062-ae13-a03f9cb6d5ff ] Request (ImagesNegativeTestJSON:test_create_image_from_deleted_server): 200 GET http://10.180.1.21/compute/v2.1/servers/afd02433-0912-44ef-8e0e-71d6ee8fbb41 0.146s
2024-12-12 02:52:02.513 66372 INFO tempest.lib.common.rest_client [req-0cf442ef-03c6-41f0-922e-d30b343a13cd req-0cf442ef-03c6-41f0-922e-d30b343a13cd ] Request (ServersTestMultiNic:_run_cleanups): 200 GET http://10.180.1.21/compute/v2.1/servers/0c5c5c06-0b5e-4e11-84b5-ca76828a0565 0.103s
2024-12-12 02:52:02.559 66398 INFO tempest.lib.common.rest_client [req-2bf730c9-e53e-4985-90a5-5acebe669de5 req-2bf730c9-e53e-4985-90a5-5acebe669de5 ] Request (ServersAdmin275Test:tearDownClass): 204 DELETE http://10.180.1.21/identity/v3/users/9d747cbb6f0d42fb8eab5c9d4a84d474 0.092s
2024-12-12 02:52:02.559 66398 INFO tempest.lib.common.dynamic_creds [-] Deleting project and security group for project: 0a3ed411fed44252bf8f4d59c8b1d5cb
2024-12-12 02:52:02.628 66398 INFO tempest.lib.common.rest_client [req-386ee738-9bda-47b4-8091-85fd5942fc44 req-386ee738-9bda-47b4-8091-85fd5942fc44 ] Request (ServersAdmin275Test:tearDownClass): 201 POST http://10.180.1.21/identity/v3/auth/tokens 0.069s
2024-12-12 02:52:02.629 66410 INFO tempest.lib.common.rest_client [req-a466b9b2-1399-4ce6-8bf0-2420f330b740 req-a466b9b2-1399-4ce6-8bf0-2420f330b740 ] Request (ServersAdminTestJSON:setUpClass): 200 GET http://10.180.1.21/compute/v2.1/servers/0a1a8539-940a-4a17-9826-82736be41892 0.069s
2024-12-12 02:52:02.657 66366 INFO tempest.lib.common.rest_client [req-e8e1a238-fafc-424b-8236-e6c679e186cf req-e8e1a238-fafc-424b-8236-e6c679e186cf ] Request (ListImageFiltersTestJSON:setUpClass): 200 GET http://10.180.1.21/compute/v2.1/servers/4fd2da5f-2867-4eeb-b7ab-8ffd7b096859 0.052s
2024-12-12 02:52:02.731 66384 INFO tempest.lib.common.rest_client [req-b995d65e-bbb9-4863-b410-d58dc40d1630 req-b995d65e-bbb9-4863-b410-d58dc40d1630 ] Request (ImagesTestJSON:test_create_image_from_suspended_server): 200 GET http://10.180.1.21/compute/v2.1/servers/946dad01-c012-457d-8bfe-6395ff0aaedf 0.066s
2024-12-12 02:52:02.734 66388 INFO tempest.lib.common.rest_client [req-00be8eb0-b913-420e-8c75-30dadb36fe05 req-00be8eb0-b913-420e-8c75-30dadb36fe05 ] Request (ServerDiagnosticsV248Test:tearDownClass): 200 GET http://10.180.1.21:9696/networking/v2.0/security-groups?tenant_id=dc92a65645af4597b853528d85706e2b&name=default 0.297s
