2024-12-12 04:08:15.851 66457 INFO tempest.lib.common.rest_client [req-2f605aa1-9c52-4b9d-96ac-bea8f418536c req-2f605aa1-9c52-4b9d-96ac-bea8f418536c ] Request (TenantUsagesTestJSON:setUpClass): 200 GET http://10.180.1.21/compute/v2.1/servers/fea7bf50-e185-424d-ac38-637d23505f24 2.033s
2024-12-12 04:08:15.858 66429 INFO tempest.lib.common.rest_client [req-38ca3ffa-82c6-422f-98e0-2849ae424c88 req-38ca3ffa-82c6-422f-98e0-2849ae424c88 ] Request (ServerRescueNegativeTestJSON:setUpClass): 201 POST http://10.180.1.21:9696/networking/v2.0/networks 0.472s
2024-12-12 04:08:15.877 66463 INFO tempest.lib.common.rest_client [req-60ae598e-b9e4-4ed2-b8b2-b3fc69672c48 req-60ae598e-b9e4-4ed2-b8b2-b3fc69672c48 ] Request (ServicesAdminNegativeTestJSON:setUpClass): 201 POST http://10.180.1.21/identity/v3/users 0.075s
2024-12-12 04:08:15.906 66463 INFO tempest.lib.common.rest_client [req-de598ef2-727b-4fe8-b45e-f5da75f7d7ac req-de598ef2-727b-4fe8-b45e-f5da75f7d7ac ] Request (ServicesAdminNegativeTestJSON:setUpClass): 200 GET http://10.180.1.21/identity/v3/roles 0.028s
2024-12-12 04:08:15.949 66463 INFO tempest.lib.common.rest_client [req-252c3d86-f632-4bf4-a9c8-85ee53c4d6a2 req-252c3d86-f632-4bf4-a9c8-85ee53c4d6a2 ] Request (ServicesAdminNegativeTestJSON:setUpClass): 204 PUT http://10.180.1.21/identity/v3/projects/7ffa6cd879e0456bbe701aa747cefe33/users/daa8bc4e14224ac6a7dd70907555cba2/roles/c4593e2c138149609756d677087e2cff 0.043s
2024-12-12 04:08:15.960 66447 INFO tempest.lib.common.rest_client [req-cf8e64f6-7a9e-4a44-9ccb-23d46f702827 req-cf8e64f6-7a9e-4a44-9ccb-23d46f702827 ] Request (SecurityGroupsTestAdminJSON:test_list_security_groups_list_all_tenants_filter): 200 POST http://10.180.1.21/compute/v2.1/os-security-groups 2.000s
2024-12-12 04:08:16.020 66463 INFO tempest.lib.common.rest_client [req-19823c27-b8e7-48c3-aadc-d07816323e0d req-19823c27-b8e7-48c3-aadc-d07816323e0d ] Request (ServicesAdminNegativeTestJSON:setUpClass): 200 GET http://10.180.1.21/identity/v3/roles 0.070s
2024-12-12 04:08:16.058 66463 INFO tempest.lib.common.rest_client [req-41a669db-58f7-4a5a-9d0d-dd569710fc2b req-41a669db-58f7-4a5a-9d0d-dd569710fc2b ] Request (ServicesAdminNegativeTestJSON:setUpClass): 204 PUT http://10.180.1.21/identity/v3/projects/7ffa6cd879e0456bbe701aa747cefe33/users/daa8bc4e14224ac6a7dd70907555cba2/roles/c4593e2c138149609756d677087e2cff 0.037s
2024-12-12 04:08:16.058 66463 INFO tempest.lib.common.dynamic_creds [-] Dynamic test user daa8bc4e14224ac6a7dd70907555cba2 is created with scope project and roles: ['admin']
2024-12-12 04:08:16.058 66463 INFO tempest.lib.common.dynamic_creds [-] Acquired dynamic creds: credentials: Credentials: {'domain_id': 'default', 'domain_name': 'Default', 'username': 'tempest-ServicesAdminNegativeTestJSON-264446325-project-admin', 'project_domain_id': 'default', 'project_domain_name': 'Default', 'project_id': '7ffa6cd879e0456bbe701aa747cefe33', 'project_name': 'tempest-ServicesAdminNegativeTestJSON-264446325', 'tenant_id': '7ffa6cd879e0456bbe701aa747cefe33', 'tenant_name': 'tempest-ServicesAdminNegativeTestJSON-264446325', 'user_domain_id': 'default', 'user_domain_name': 'Default', 'user_id': 'daa8bc4e14224ac6a7dd70907555cba2', 'system': None}, Network: None, Subnet: None, Router: None
2024-12-12 04:08:16.058 66463 INFO tempest.lib.common.dynamic_creds [-] Created isolated network resources for: credentials: Credentials: {'domain_id': 'default', 'domain_name': 'Default', 'username': 'tempest-ServicesAdminNegativeTestJSON-264446325-project-admin', 'project_domain_id': 'default', 'project_domain_name': 'Default', 'project_id': '7ffa6cd879e0456bbe701aa747cefe33', 'project_name': 'tempest-ServicesAdminNegativeTestJSON-264446325', 'tenant_id': '7ffa6cd879e0456bbe701aa747cefe33', 'tenant_name': 'tempest-ServicesAdminNegativeTestJSON-264446325', 'user_domain_id': 'default', 'user_domain_name': 'Default', 'user_id': 'daa8bc4e14224ac6a7dd70907555cba2', 'system': None}, Network: None, Subnet: None, Router: None
2024-12-12 04:08:16.135 66471 INFO tempest.lib.common.rest_client [req-f363ddae-4b3b-4dd6-a1f4-e90d3c8f4a47 req-f363ddae-4b3b-4dd6-a1f4-e90d3c8f4a47 ] Request (ImagesMetadataTestJSON:setUp): 200 PUT http://10.180.1.21/compute/v2.1/images/0a7f5617-3e7c-4ebd-a857-5e6856ebea4f/metadata 2.130s
2024-12-12 04:08:16.152 66463 INFO tempest.lib.common.rest_client [req-8f86116a-cebe-4bf6-ad9e-f0d09ac09db3 req-8f86116a-cebe-4bf6-ad9e-f0d09ac09db3 ] Request (ServicesAdminNegativeTestJSON:setUpClass): 201 POST http://10.180.1.21/identity/v3/auth/tokens 0.091s
2024-12-12 04:08:16.206 66477 INFO tempest.lib.common.rest_client [req-c176b1fb-c929-4507-8010-27186638d666 req-c176b1fb-c929-4507-8010-27186638d666 ] Request (ServersTestManualDisk:setUpClass): 200 GET http://10.180.1.21/compute/v2.1/servers/d3fa9507-4786-4b52-bf93-7228fcb4f496 2.114s
2024-12-12 04:08:16.221 66429 INFO tempest.lib.common.rest_client [req-fc1265d2-349a-425a-a978-d7209eaa258c req-fc1265d2-349a-425a-a978-d7209eaa258c ] Request (ServerRescueNegativeTestJSON:setUpClass): 201 POST http://10.180.1.21:9696/networking/v2.0/subnets 0.361s
2024-12-12 04:08:16.308 66479 INFO tempest.lib.common.rest_client [req-ec11e1b7-d1be-4547-8758-b691f6c0bb9f req-ec11e1b7-d1be-4547-8758-b691f6c0bb9f ] Request (ServerDiskConfigTestJSON:test_rebuild_server_with_auto_disk_config): 200 GET http://10.180.1.21/compute/v2.1/servers/971229e5-b0cc-4e93-b908-aff335b45786 2.295s
2024-12-12 04:08:16.317 66479 INFO tempest.common.waiters [-] State transition "BUILD/spawning" ==> "ACTIVE/None" after 27 second wait
2024-12-12 04:08:16.373 66439 INFO tempest.lib.common.rest_client [req-736b5f5c-713d-42eb-9721-a1ff4c457eff req-736b5f5c-713d-42eb-9721-a1ff4c457eff ] Request (ServerGroupTestJSON:test_create_delete_server_group_with_affinity_policy): 200 POST http://10.180.1.21/compute/v2.1/os-server-groups 2.217s
2024-12-12 04:08:16.382 66425 INFO tempest.lib.common.rest_client [req-53819378-2cc0-45be-96c9-f9692c7dd410 req-53819378-2cc0-45be-96c9-f9692c7dd410 ] Request (AggregatesAdminNegativeTestJSON:test_aggregate_get_details_with_invalid_id): 404 GET http://10.180.1.21/compute/v2.1/os-aggregates/-1 1.849s
2024-12-12 04:08:16.396 66419 INFO tempest.lib.common.rest_client [req-e6fea350-cbbf-4474-b3bd-e2204fa04421 req-e6fea350-cbbf-4474-b3bd-e2204fa04421 ] Request (HostsAdminNegativeTestJSON:test_update_nonexistent_host): 404 PUT http://10.180.1.21/compute/v2.1/os-hosts/nonexistent_hostname 1.849s
2024-12-12 04:08:16.430 66453 INFO tempest.lib.common.rest_client [req-ac43a3d3-8b00-473b-8bcc-aefc1694d18f req-ac43a3d3-8b00-473b-8bcc-aefc1694d18f ] Request (KeyPairsV2TestJSON:test_keypair_create_with_pub_key): 200 POST http://10.180.1.21/compute/v2.1/os-keypairs 1.865s
2024-12-12 04:08:16.443 66473 INFO tempest.lib.common.rest_client [req-953309ea-6993-47b4-bc4c-f14459998401 req-953309ea-6993-47b4-bc4c-f14459998401 ] Request (KeyPairsV22TestJSON:_run_cleanups): 204 DELETE http://10.180.1.21/compute/v2.1/os-keypairs/tempest-KeyPairsV22TestJSON-keypair-231854167 1.856s
2024-12-12 04:08:16.543 66419 INFO tempest.lib.common.rest_client [req-ead6a470-9b13-4cc2-a1f0-f87eafa962e9 req-ead6a470-9b13-4cc2-a1f0-f87eafa962e9 ] Request (HostsAdminNegativeTestJSON:tearDownClass): 204 DELETE http://10.180.1.21/identity/v3/users/7c00d2e73da542bd8beb8f3d53d9d0d7 0.140s
2024-12-12 04:08:16.650 66419 INFO tempest.lib.common.rest_client [req-683f5cfc-eb0e-4a67-bd3c-58c51e1f73e5 req-683f5cfc-eb0e-4a67-bd3c-58c51e1f73e5 ] Request (HostsAdminNegativeTestJSON:tearDownClass): 204 DELETE http://10.180.1.21/identity/v3/users/76002ca6310a41dbad51ed3bf06b73cb 0.107s
2024-12-12 04:08:16.651 66419 INFO tempest.lib.common.dynamic_creds [-] Deleting project and security group for project: 1924e78acb4f48f095e2cade6deeb076
2024-12-12 04:08:16.682 66435 INFO tempest.lib.common.rest_client [req-2649d342-4e47-45d5-a61b-f02ba9d3ca2c req-2649d342-4e47-45d5-a61b-f02ba9d3ca2c ] Request (ListImageFiltersTestJSON:setUpClass): 202 POST http://10.180.1.21/compute/v2.1/servers 2.069s
2024-12-12 04:08:16.731 66419 INFO tempest.lib.common.rest_client [req-bc30cb2c-bb08-4f3e-956c-f01407c22182 req-bc30cb2c-bb08-4f3e-956c-f01407c22182 ] Request (HostsAdminNegativeTestJSON:tearDownClass): 201 POST http://10.180.1.21/identity/v3/auth/tokens 0.079s
2024-12-12 04:08:16.742 66437 INFO tempest.lib.common.rest_client [req-19d3cb23-34d3-4e72-9523-7cb86728895b req-19d3cb23-34d3-4e72-9523-7cb86728895b ] Request (ServerActionsTestJSON:setUpClass): 202 POST http://10.180.1.21/compute/v2.1/servers 2.599s
2024-12-12 04:08:16.755 66435 INFO tempest.lib.common.rest_client [req-9349d72b-0a32-4d12-b333-e40806db43b3 req-9349d72b-0a32-4d12-b333-e40806db43b3 ] Request (ListImageFiltersTestJSON:setUpClass): 201 POST http://10.180.1.21/identity/v3/auth/tokens 0.069s
2024-12-12 04:08:16.755 66435 INFO tempest.lib.common.fixed_network [-] (ListImageFiltersTestJSON:setUpClass) Found network None available for tenant
2024-12-12 04:08:16.811 66461 INFO tempest.lib.common.rest_client [req-4f81d616-abcf-4af8-84fd-ccb14825e57d req-4f81d616-abcf-4af8-84fd-ccb14825e57d ] Request (ServerDiagnosticsV248Test:test_get_server_diagnostics): 200 GET http://10.180.1.21/compute/v2.1/servers/caea60b6-ea91-44da-ba88-90dbd6d9afa0 2.044s
2024-12-12 04:08:16.829 66441 INFO tempest.lib.common.rest_client [req-e89f988e-382c-4735-a380-9bf199eafe15 req-e89f988e-382c-4735-a380-9bf199eafe15 ] Request (ListServerFiltersTestJSON:setUpClass): 200 GET http://10.180.1.21/compute/v2.1/servers/ec62da43-efbd-47f1-a571-eee886593309 2.190s
2024-12-12 04:08:16.885 66467 INFO tempest.lib.common.rest_client [req-4a6f3a99-acab-4153-a289-9caf42cb5fb3 req-4a6f3a99-acab-4153-a289-9caf42cb5fb3 ] Request (ImagesNegativeTestJSON:test_create_image_from_deleted_server): 200 GET http://10.180.1.21/compute/v2.1/servers/9ca1c53f-a3c9-4e10-93d9-6968b27c950c 2.037s
2024-12-12 04:08:16.886 66423 INFO tempest.lib.common.rest_client [req-33a6eda3-24f9-43d0-ad2f-a04d559b85af req-33a6eda3-24f9-43d0-ad2f-a04d559b85af ] Request (ServersWithSpecificFlavorTestJSON:test_verify_created_server_ephemeral_disk): 200 GET http://10.180.1.21/compute/v2.1/servers/5447c9b9-b9ab-478d-a2b3-079f78ba37d9 2.005s
2024-12-12 04:08:16.928 66419 INFO tempest.lib.common.rest_client [req-058019a9-2160-4393-a6a3-ed804607e5a5 req-058019a9-2160-4393-a6a3-ed804607e5a5 ] Request (HostsAdminNegativeTestJSON:tearDownClass): 200 GET http://10.180.1.21:9696/networking/v2.0/security-groups?tenant_id=1924e78acb4f48f095e2cade6deeb076&name=default 0.197s
2024-12-12 04:08:16.957 66469 INFO tempest.lib.common.rest_client [req-d87fa703-63fe-4769-a87f-4c6962581390 req-d87fa703-63fe-4769-a87f-4c6962581390 ] Request (VolumesAssistedSnapshotsTest:test_volume_assisted_snapshot_create_delete): 200 GET http://10.180.1.21/compute/v2.1/servers/e584ee3d-0df5-4e22-b4d2-f061ed3558f2 1.992s
2024-12-12 04:08:17.014 66419 INFO tempest.lib.common.rest_client [req-f1288877-da75-4fdb-ace7-09ff33fc9e78 req-f1288877-da75-4fdb-ace7-09ff33fc9e78 ] Request (HostsAdminNegativeTestJSON:tearDownClass): 204 DELETE http://10.180.1.21:9696/networking/v2.0/security-groups/f6fefd0e-5bac-43c3-97ae-e04d3f4a62d6 0.085s
2024-12-12 04:08:17.019 66431 INFO tempest.lib.common.rest_client [req-c59cc3a3-d85e-4b3b-a378-f486734cb84f req-c59cc3a3-d85e-4b3b-a378-f486734cb84f ] Request (DeleteServersAdminTestJSON:test_admin_delete_servers_of_others): 200 GET http://10.180.1.21/compute/v2.1/servers/b7e2deae-fcf4-4feb-a1e9-a60ed65f3685 1.949s
2024-12-12 04:08:17.078 66421 INFO tempest.lib.common.rest_client [req-4f723668-c390-4af1-b2eb-7c483d2f6799 req-4f723668-c390-4af1-b2eb-7c483d2f6799 ] Request (ServersAdminNegativeTestJSON:test_migrate_server_invalid_state): 200 GET http://10.180.1.21/compute/v2.1/servers/0e032613-906c-4fbc-89ea-39b0dc80b83a 1.934s
2024-12-12 04:08:17.083 66419 INFO tempest.lib.common.rest_client [req-a466d442-3ffe-43a4-943a-f7250eea3781 req-a466d442-3ffe-43a4-943a-f7250eea3781 ] Request (HostsAdminNegativeTestJSON:tearDownClass): 204 DELETE http://10.180.1.21/identity/v3/projects/1924e78acb4f48f095e2cade6deeb076 0.069s
2024-12-12 04:08:17.084 66419 INFO tempest.lib.common.dynamic_creds [-] Deleting project and security group for project: 5863d12cc6994d7fba5a005fd2b6e2a5
2024-12-12 04:08:17.085 66421 INFO tempest.common.waiters [-] State transition "BUILD/scheduling" ==> "BUILD/None" after 6 second wait
2024-12-12 04:08:17.148 66429 INFO tempest.lib.common.rest_client [req-f162288f-de8d-4144-a914-10e42c9e8fa2 req-f162288f-de8d-4144-a914-10e42c9e8fa2 ] Request (ServerRescueNegativeTestJSON:setUpClass): 201 POST http://10.180.1.21:9696/networking/v2.0/routers 0.927s
2024-12-12 04:08:17.236 66433 INFO tempest.lib.common.rest_client [req-409ae7a4-4846-4abb-8026-312aee909fc0 req-409ae7a4-4846-4abb-8026-312aee909fc0 ] Request (QuotasAdminTestJSON:test_get_updated_quotas): 200 PUT http://10.180.1.21/compute/v2.1/os-quota-sets/ab3cb2880792434d9b32cc974f15dd86 2.054s
2024-12-12 04:08:17.332 66443 INFO tempest.lib.common.rest_client [req-0065512c-4869-4b5e-a051-631ddf1fb362 req-0065512c-4869-4b5e-a051-631ddf1fb362 ] Request (ServerExternalEventsTest:tearDownClass): 200 GET http://10.180.1.21/compute/v2.1/servers/99ed1e72-f45f-47cc-8515-45d1f92b9202 2.132s
2024-12-12 04:08:17.395 66459 INFO tempest.lib.common.rest_client [req-6def82a5-16e2-4da1-91ab-2ca4e368f6ed req-6def82a5-16e2-4da1-91ab-2ca4e368f6ed ] Request (FloatingIPsAssociationTestJSON:setUpClass): 200 GET http://10.180.1.21/compute/v2.1/servers/8f76ad59-db0e-402a-8a56-07d945dc5646 2.106s
2024-12-12 04:08:17.405 66459 INFO tempest.common.waiters [-] State transition "BUILD/scheduling" ==> "BUILD/None" after 6 second wait
2024-12-12 04:08:17.514 66419 INFO tempest.lib.common.rest_client [req-d3309b80-b9a0-438f-b182-ceff5a50738d req-d3309b80-b9a0-438f-b182-ceff5a50738d ] Request (HostsAdminNegativeTestJSON:tearDownClass): 200 GET http://10.180.1.21:9696/networking/v2.0/security-groups?tenant_id=5863d12cc6994d7fba5a005fd2b6e2a5&name=default 0.430s
2024-12-12 04:08:17.546 66445 INFO tempest.lib.common.rest_client [req-fe4883ff-a323-4b0d-9f51-657eebfdc8e3 req-fe4883ff-a323-4b0d-9f51-657eebfdc8e3 ] Request (MigrationsAdminTest:test_list_migrations_in_flavor_resize_situation): 200 GET http://10.180.1.21/compute/v2.1/servers/d6e0f5ce-2f94-4959-8290-50e3ddd78cb8 2.090s
2024-12-12 04:08:17.618 66465 INFO tempest.lib.common.rest_client [req-ab4a49ca-3bc1-458d-a414-b13b5fa0c809 req-ab4a49ca-3bc1-458d-a414-b13b5fa0c809 ] Request (ServersTestJSON:setUpClass): 200 GET http://10.180.1.21/compute/v2.1/servers/56874ccd-2cb3-4b9c-b2a0-c39da41f44bf 2.103s
2024-12-12 04:08:17.648 66419 INFO tempest.lib.common.rest_client [req-7ad80610-d9fe-41b3-b408-868c866921c4 req-7ad80610-d9fe-41b3-b408-868c866921c4 ] Request (HostsAdminNegativeTestJSON:tearDownClass): 204 DELETE http://10.180.1.21:9696/networking/v2.0/security-groups/116e18d1-c33e-4e46-abf2-bec2e4b1aa9d 0.134s
2024-12-12 04:08:17.672 66449 INFO tempest.lib.common.rest_client [req-b59c8291-323f-4019-b704-2d0bab456d9e req-b59c8291-323f-4019-b704-2d0bab456d9e ] Request (ServerActionsTestOtherA:setUpClass): 200 GET http://10.180.1.21/compute/v2.1/servers/0393f8aa-b5b8-4689-9ea6-39d0eeefc871 2.126s
2024-12-12 04:08:17.721 66475 INFO tempest.lib.common.rest_client [req-bf6e9f5b-034c-444e-b6f3-80873ef491fc req-bf6e9f5b-034c-444e-b6f3-80873ef491fc ] Request (DeleteServersTestJSON:test_delete_active_server): 202 POST http://10.180.1.21/compute/v2.1/servers 2.750s
2024-12-12 04:08:17.789 66419 INFO tempest.lib.common.rest_client [req-3eee7cc1-139b-4f02-96d0-4e1100a675f3 req-3eee7cc1-139b-4f02-96d0-4e1100a675f3 ] Request (HostsAdminNegativeTestJSON:tearDownClass): 204 DELETE http://10.180.1.21/identity/v3/projects/5863d12cc6994d7fba5a005fd2b6e2a5 0.141s
2024-12-12 04:08:17.807 66427 INFO tempest.lib.common.rest_client [req-2ac2c2ed-b6ef-4019-9d7d-fcf476b8cc61 req-2ac2c2ed-b6ef-4019-9d7d-fcf476b8cc61 ] Request (ServersAdmin275Test:test_rebuild_update_server_275): 200 GET http://10.180.1.21/compute/v2.1/servers/579b7927-f6f1-4c8e-a217-0687d3afe2b4 1.819s
2024-12-12 04:08:17.826 66427 INFO tempest.common.waiters [-] State transition "BUILD/spawning" ==> "ACTIVE/None" after 21 second wait
2024-12-12 04:08:17.885 66419 INFO tempest.lib.common.rest_client [req-42dab394-5f2a-414f-a66e-f7ccb687b68c req-42dab394-5f2a-414f-a66e-f7ccb687b68c ] Request (ServersTestMultiNic:setUpClass): 201 POST http://10.180.1.21/identity/v3/auth/tokens 0.093s
2024-12-12 04:08:17.913 66481 INFO tempest.lib.common.rest_client [req-45a5eee2-d469-4d92-9e41-c7e4641d8b48 req-45a5eee2-d469-4d92-9e41-c7e4641d8b48 ] Request (AttachInterfacesV270Test:tearDownClass): 200 GET http://10.180.1.21/compute/v2.1/servers/02b49447-a9b7-4211-aab7-109d315c2af6 1.859s
2024-12-12 04:08:17.928 66481 INFO tempest.common.waiters [-] State transition "ACTIVE/deleting" ==> "DELETED/None" after 2 second wait
2024-12-12 04:08:17.931 66419 INFO tempest.lib.common.rest_client [req-988cc58b-2b06-4a7a-88d6-349899bb266d req-988cc58b-2b06-4a7a-88d6-349899bb266d ] Request (ServersTestMultiNic:setUpClass): 201 POST http://10.180.1.21/identity/v3/auth/tokens 0.044s
2024-12-12 04:08:17.970 66455 INFO tempest.lib.common.rest_client [req-bec59b38-b568-472c-8318-dec32fecb6b6 req-bec59b38-b568-472c-8318-dec32fecb6b6 ] Request (SecurityGroupsTestJSON:test_list_security_groups_by_server): 200 GET http://10.180.1.21/compute/v2.1/servers/c67fa3ed-98e7-4a2d-a9c2-222148ef7a8d 1.838s
2024-12-12 04:08:17.972 66419 INFO tempest.lib.common.rest_client [req-d27c8293-c813-4933-9a9c-ba92a52a53ef req-d27c8293-c813-4933-9a9c-ba92a52a53ef ] Request (ServersTestMultiNic:setUpClass): 200 GET http://10.180.1.21/identity/v3/domains?name=Default 0.040s
2024-12-12 04:08:18.004 66419 INFO tempest.lib.common.rest_client [req-40261287-c749-4a0b-b2bf-f1a5d61219e3 req-40261287-c749-4a0b-b2bf-f1a5d61219e3 ] Request (ServersTestMultiNic:setUpClass): 201 POST http://10.180.1.21/identity/v3/projects 0.031s
2024-12-12 04:08:18.095 66419 INFO tempest.lib.common.rest_client [req-c9a24bd1-be8d-4191-b6fd-b6e452fc96ff req-c9a24bd1-be8d-4191-b6fd-b6e452fc96ff ] Request (ServersTestMultiNic:setUpClass): 201 POST http://10.180.1.21/identity/v3/users 0.089s
2024-12-12 04:08:18.116 66419 INFO tempest.lib.common.rest_client [req-a0fe67da-d91c-4b72-9adf-cf94cedff351 req-a0fe67da-d91c-4b72-9adf-cf94cedff351 ] Request (ServersTestMultiNic:setUpClass): 200 GET http://10.180.1.21/identity/v3/roles 0.021s
2024-12-12 04:08:18.142 66419 INFO tempest.lib.common.rest_client [req-2b9bec26-f1e3-4ca1-8c59-6e634fd612d4 req-2b9bec26-f1e3-4ca1-8c59-6e634fd612d4 ] Request (ServersTestMultiNic:setUpClass): 204 PUT http://10.180.1.21/identity/v3/projects/a88e03504b024699aee1408559735102/users/68dcf4621c2c4b029f3931f7174fd7cc/roles/c28d286489714965af1f3c2e6cfa5d14 0.025s
2024-12-12 04:08:18.142 66419 INFO tempest.lib.common.dynamic_creds [-] Dynamic test user 68dcf4621c2c4b029f3931f7174fd7cc is created with scope project and roles: ['member']
2024-12-12 04:08:18.142 66419 INFO tempest.lib.common.dynamic_creds [-] Acquired dynamic creds: credentials: Credentials: {'domain_id': 'default', 'domain_name': 'Default', 'username': 'tempest-ServersTestMultiNic-2106185028-project-member', 'project_domain_id': 'default', 'project_domain_name': 'Default', 'project_id': 'a88e03504b024699aee1408559735102', 'project_name': 'tempest-ServersTestMultiNic-2106185028', 'tenant_id': 'a88e03504b024699aee1408559735102', 'tenant_name': 'tempest-ServersTestMultiNic-2106185028', 'user_domain_id': 'default', 'user_domain_name': 'Default', 'user_id': '68dcf4621c2c4b029f3931f7174fd7cc', 'system': None}, Network: None, Subnet: None, Router: None
2024-12-12 04:08:18.210 66419 INFO tempest.lib.common.rest_client [req-a19d5be1-3cc2-404f-a359-aaf824bd84c8 req-a19d5be1-3cc2-404f-a359-aaf824bd84c8 ] Request (ServersTestMultiNic:setUpClass): 201 POST http://10.180.1.21/identity/v3/auth/tokens 0.067s
2024-12-12 04:08:18.216 66471 INFO tempest.lib.common.rest_client [req-a90afc85-41f0-44a6-b139-e7672337e9eb req-a90afc85-41f0-44a6-b139-e7672337e9eb ] Request (ImagesMetadataTestJSON:test_update_image_metadata): 200 POST http://10.180.1.21/compute/v2.1/images/0a7f5617-3e7c-4ebd-a857-5e6856ebea4f/metadata 2.080s
2024-12-12 04:08:18.355 66463 INFO tempest.lib.common.rest_client [req-2b457ccb-5ea0-4805-b737-6bf58fbeaf97 req-2b457ccb-5ea0-4805-b737-6bf58fbeaf97 ] Request (ServicesAdminNegativeTestJSON:test_get_service_by_invalid_params): 200 GET http://10.180.1.21/compute/v2.1/os-services 2.202s
2024-12-12 04:08:18.460 66479 INFO tempest.lib.common.rest_client [req-b87dbfe9-98a6-44a0-ad0b-b7f0a186a5fc req-b87dbfe9-98a6-44a0-ad0b-b7f0a186a5fc ] Request (ServerDiskConfigTestJSON:test_rebuild_server_with_auto_disk_config): 200 GET http://10.180.1.21/compute/v2.1/servers/971229e5-b0cc-4e93-b908-aff335b45786 2.142s
2024-12-12 04:08:18.500 66439 INFO tempest.lib.common.rest_client [req-4385d057-9e17-4e10-bf4d-383c27510da4 req-4385d057-9e17-4e10-bf4d-383c27510da4 ] Request (ServerGroupTestJSON:test_create_delete_server_group_with_affinity_policy): 204 DELETE http://10.180.1.21/compute/v2.1/os-server-groups/ef9149fa-22bb-492c-ada2-5673ce387ec4 2.126s
2024-12-12 04:08:18.510 66425 INFO tempest.lib.common.rest_client [req-0c30b6df-4b6b-49c0-96cb-2ae5dce1545c req-0c30b6df-4b6b-49c0-96cb-2ae5dce1545c ] Request (AggregatesAdminNegativeTestJSON:test_aggregate_list_as_user): 403 GET http://10.180.1.21/compute/v2.1/os-aggregates 2.126s
2024-12-12 04:08:18.527 66453 INFO tempest.lib.common.rest_client [req-06397304-e964-41a3-84ce-7107caafed01 req-06397304-e964-41a3-84ce-7107caafed01 ] Request (KeyPairsV2TestJSON:_run_cleanups): 202 DELETE http://10.180.1.21/compute/v2.1/os-keypairs/tempest-keypair-1999280208 2.095s
2024-12-12 04:08:18.557 66473 INFO tempest.lib.common.rest_client [req-30e1f9b4-39b6-4d4f-9dca-dcb51c4f6cb8 req-30e1f9b4-39b6-4d4f-9dca-dcb51c4f6cb8 ] Request (KeyPairsV22TestJSON:test_keypairsv22_create_list_show): 201 POST http://10.180.1.21/compute/v2.1/os-keypairs 2.112s
2024-12-12 04:08:18.589 66429 INFO tempest.lib.common.rest_client [req-b3686547-6598-4aa5-8e95-e61ed29ed3fd req-b3686547-6598-4aa5-8e95-e61ed29ed3fd ] Request (ServerRescueNegativeTestJSON:setUpClass): 200 PUT http://10.180.1.21:9696/networking/v2.0/routers/3da9437a-b257-4804-bcb8-c842019a6fdc/add_router_interface 1.440s
2024-12-12 04:08:18.589 66429 INFO tempest.lib.common.dynamic_creds [-] Created isolated network resources for: credentials: Credentials: {'domain_id': 'default', 'domain_name': 'Default', 'username': 'tempest-ServerRescueNegativeTestJSON-1293978352-project-member', 'project_domain_id': 'default', 'project_domain_name': 'Default', 'project_id': '5a7d191ed3854a309482d85da8cd2c6d', 'project_name': 'tempest-ServerRescueNegativeTestJSON-1293978352', 'tenant_id': '5a7d191ed3854a309482d85da8cd2c6d', 'tenant_name': 'tempest-ServerRescueNegativeTestJSON-1293978352', 'user_domain_id': 'default', 'user_domain_name': 'Default', 'user_id': '70d13a06dd654ab5a7d1cfdd3dba51f1', 'system': None}, Network: {'id': '98b33f7c-d8de-4684-9368-c7122149b775', 'name': 'tempest-ServerRescueNegativeTestJSON-1475215300-network', 'tenant_id': '5a7d191ed3854a309482d85da8cd2c6d', 'admin_state_up': True, 'mtu': 8950, 'status': 'ACTIVE', 'subnets': [], 'shared': False, 'project_id': '5a7d191ed3854a309482d85da8cd2c6d', 'port_security_enabled': True, 'router:external': False, 'provider:network_type': 'vlan', 'provider:physical_network': 'default', 'provider:segmentation_id': 464, 'availability_zone_hints': [], 'availability_zones': [], 'ipv4_address_scope': None, 'ipv6_address_scope': None, 'description': '', 'tags': [], 'created_at': '2024-12-12T04:08:15Z', 'updated_at': '2024-12-12T04:08:15Z', 'revision_number': 1}, Subnet: {'id': 'f98dbd77-7194-49d0-bcbb-06a8ece5da59', 'name': 'tempest-ServerRescueNegativeTestJSON-1475215300-subnet', 'tenant_id': '5a7d191ed3854a309482d85da8cd2c6d', 'network_id': '98b33f7c-d8de-4684-9368-c7122149b775', 'ip_version': 4, 'subnetpool_id': None, 'enable_dhcp': True, 'ipv6_ra_mode': None, 'ipv6_address_mode': None, 'gateway_ip': '192.168.128.1', 'cidr': '192.168.128.0/28', 'allocation_pools': [{'start': '192.168.128.2', 'end': '192.168.128.14'}], 'host_routes': [], 'dns_nameservers': [], 'description': '', 'router:external': False, 'service_types': [], 'tags': [], 'created_at': '2024-12-12T04:08:15Z', 'updated_at': '2024-12-12T04:08:15Z', 'revision_number': 0, 'project_id': '5a7d191ed3854a309482d85da8cd2c6d'}, Router: {'id': '3da9437a-b257-4804-bcb8-c842019a6fdc', 'name': 'tempest-ServerRescueNegativeTestJSON-1475215300-router', 'tenant_id': '5a7d191ed3854a309482d85da8cd2c6d', 'admin_state_up': True, 'status': 'ACTIVE', 'external_gateway_info': {'network_id': 'af4181f9-0a09-4513-8c8f-00b50cede199', 'external_fixed_ips': [{'subnet_id': '7d0f12a5-4ede-45c2-9449-40576789d889', 'ip_address': '10.180.180.192'}], 'enable_snat': True}, 'description': '', 'availability_zones': [], 'distributed': False, 'ha': False, 'availability_zone_hints': [], 'routes': [], 'flavor_id': None, 'tags': [], 'created_at': '2024-12-12T04:08:16Z', 'updated_at': '2024-12-12T04:08:16Z', 'revision_number': 2, 'project_id': '5a7d191ed3854a309482d85da8cd2c6d'}
2024-12-12 04:08:18.636 66451 INFO tempest.lib.common.rest_client [req-6dfc4d35-1403-4e45-a8cf-a42d93923f82 req-6dfc4d35-1403-4e45-a8cf-a42d93923f82 ] Request (ServerDiagnosticsNegativeTest:tearDownClass): 200 GET http://10.180.1.21/compute/v2.1/servers/44fd6042-0a74-447b-a749-ce955bb699f5 2.032s
2024-12-12 04:08:18.670 66419 INFO tempest.lib.common.rest_client [req-a2fcefc2-cb7e-46a8-915e-050771166522 req-a2fcefc2-cb7e-46a8-915e-050771166522 ] Request (ServersTestMultiNic:setUpClass): 201 POST http://10.180.1.21:9696/networking/v2.0/networks 0.460s
2024-12-12 04:08:18.683 66429 INFO tempest.lib.common.rest_client [req-d1b0b3c5-df3c-4a87-a4f2-efa639b50825 req-d1b0b3c5-df3c-4a87-a4f2-efa639b50825 ] Request (ServerRescueNegativeTestJSON:setUpClass): 201 POST http://10.180.1.21/identity/v3/auth/tokens 0.089s
2024-12-12 04:08:18.693 66437 INFO tempest.lib.common.rest_client [req-25b84c29-7475-4124-a02c-078e4845d3ae req-25b84c29-7475-4124-a02c-078e4845d3ae ] Request (ServerActionsTestJSON:setUpClass): 200 GET http://10.180.1.21/compute/v2.1/servers/af4e70dc-80ab-4d2e-a8ef-a9182e6f4742 1.948s
2024-12-12 04:08:18.720 66429 INFO tempest.lib.common.rest_client [req-27a815b5-e841-4f82-aa19-f68441ce02f5 req-27a815b5-e841-4f82-aa19-f68441ce02f5 ] Request (ServerRescueNegativeTestJSON:setUpClass): 201 POST http://10.180.1.21/identity/v3/auth/tokens 0.031s
2024-12-12 04:08:18.721 66429 INFO tempest.lib.common.fixed_network [-] (ServerRescueNegativeTestJSON:setUpClass) Found network {'id': '98b33f7c-d8de-4684-9368-c7122149b775', 'name': 'tempest-ServerRescueNegativeTestJSON-1475215300-network', 'tenant_id': '5a7d191ed3854a309482d85da8cd2c6d', 'admin_state_up': True, 'mtu': 8950, 'status': 'ACTIVE', 'subnets': [], 'shared': False, 'project_id': '5a7d191ed3854a309482d85da8cd2c6d', 'port_security_enabled': True, 'router:external': False, 'provider:network_type': 'vlan', 'provider:physical_network': 'default', 'provider:segmentation_id': 464, 'availability_zone_hints': [], 'availability_zones': [], 'ipv4_address_scope': None, 'ipv6_address_scope': None, 'description': '', 'tags': [], 'created_at': '2024-12-12T04:08:15Z', 'updated_at': '2024-12-12T04:08:15Z', 'revision_number': 1} available for tenant
2024-12-12 04:08:18.937 66435 INFO tempest.lib.common.rest_client [req-bd37bf26-3477-4061-8773-6157cc6e2d15 req-bd37bf26-3477-4061-8773-6157cc6e2d15 ] Request (ListImageFiltersTestJSON:setUpClass): 202 POST http://10.180.1.21/compute/v2.1/servers 2.181s
2024-12-12 04:08:18.975 66419 INFO tempest.lib.common.rest_client [req-4a0a7597-4da0-4722-a293-5b1af18cb744 req-4a0a7597-4da0-4722-a293-5b1af18cb744 ] Request (ServersTestMultiNic:setUpClass): 201 POST http://10.180.1.21:9696/networking/v2.0/subnets 0.304s
2024-12-12 04:08:19.103 66457 INFO tempest.lib.common.rest_client [req-eabb30a4-8467-46fb-a462-86b940f06512 req-eabb30a4-8467-46fb-a462-86b940f06512 ] Request (TenantUsagesTestJSON:setUpClass): 200 GET http://10.180.1.21/compute/v2.1/servers/fea7bf50-e185-424d-ac38-637d23505f24 2.238s
2024-12-12 04:08:19.114 66457 INFO tempest.common.waiters [-] State transition "BUILD/spawning" ==> "ACTIVE/None" after 28 second wait
2024-12-12 04:08:19.173 66477 INFO tempest.lib.common.rest_client [req-77e53346-b79a-4322-9295-c0b12637e792 req-77e53346-b79a-4322-9295-c0b12637e792 ] Request (ServersTestManualDisk:setUpClass): 200 GET http://10.180.1.21/compute/v2.1/servers/d3fa9507-4786-4b52-bf93-7228fcb4f496 1.959s
2024-12-12 04:08:19.287 66433 INFO tempest.lib.common.rest_client [req-18e92e15-f412-4c98-938f-b5a71b1c1a94 req-18e92e15-f412-4c98-938f-b5a71b1c1a94 ] Request (QuotasAdminTestJSON:test_get_updated_quotas): 200 GET http://10.180.1.21/compute/v2.1/os-quota-sets/ab3cb2880792434d9b32cc974f15dd86/detail 2.048s
2024-12-12 04:08:19.321 66433 INFO tempest.lib.common.rest_client [req-cc021553-2311-4b5d-adf4-04e82b0be824 req-cc021553-2311-4b5d-adf4-04e82b0be824 ] Request (QuotasAdminTestJSON:test_get_updated_quotas): 200 GET http://10.180.1.21/identity/v3/domains?name=Default 0.029s
2024-12-12 04:08:19.339 66475 INFO tempest.lib.common.rest_client [req-dd97cc19-3eb0-4721-9278-210ea10e36ec req-dd97cc19-3eb0-4721-9278-210ea10e36ec ] Request (DeleteServersTestJSON:test_delete_active_server): 200 GET http://10.180.1.21/compute/v2.1/servers/9650e1a7-4ca0-4d1c-b42d-72ae13345ce3 1.616s
2024-12-12 04:08:19.351 66433 INFO tempest.lib.common.rest_client [req-c997d0cf-1ca3-405e-ae91-73cdd5158ab8 req-c997d0cf-1ca3-405e-ae91-73cdd5158ab8 ] Request (QuotasAdminTestJSON:test_get_updated_quotas): 201 POST http://10.180.1.21/identity/v3/users 0.029s
2024-12-12 04:08:19.374 66433 INFO tempest.lib.common.rest_client [req-a1edf6a2-5e16-40df-8ebe-cae460a57810 req-a1edf6a2-5e16-40df-8ebe-cae460a57810 ] Request (QuotasAdminTestJSON:test_get_updated_quotas): 200 GET http://10.180.1.21/identity/v3/domains?name=Default 0.022s
2024-12-12 04:08:19.404 66461 INFO tempest.lib.common.rest_client [req-dcbde9bf-4a23-49d1-a108-a0116489633a req-dcbde9bf-4a23-49d1-a108-a0116489633a ] Request (ServerDiagnosticsV248Test:test_get_server_diagnostics): 200 GET http://10.180.1.21/compute/v2.1/servers/caea60b6-ea91-44da-ba88-90dbd6d9afa0 1.582s
2024-12-12 04:08:19.418 66461 INFO tempest.common.waiters [-] State transition "BUILD/spawning" ==> "ACTIVE/None" after 24 second wait
2024-12-12 04:08:19.614 66427 INFO tempest.lib.common.rest_client [req-928aaf97-c830-478a-932a-dbac131c2ee2 req-928aaf97-c830-478a-932a-dbac131c2ee2 ] Request (ServersAdmin275Test:test_rebuild_update_server_275): 202 POST http://10.180.1.21/compute/v2.1/servers/579b7927-f6f1-4c8e-a217-0687d3afe2b4/action 1.787s
2024-12-12 04:08:19.819 66441 INFO tempest.lib.common.rest_client [req-b73c83e3-cf00-4d3e-a344-157490bb4b34 req-b73c83e3-cf00-4d3e-a344-157490bb4b34 ] Request (ListServerFiltersTestJSON:setUpClass): 200 GET http://10.180.1.21/compute/v2.1/servers/ec62da43-efbd-47f1-a571-eee886593309 1.978s
2024-12-12 04:08:19.833 66441 INFO tempest.common.waiters [-] State transition "BUILD/spawning" ==> "ACTIVE/None" after 27 second wait
2024-12-12 04:08:19.852 66419 INFO tempest.lib.common.rest_client [req-77228763-35de-4e00-9209-2950c580d354 req-77228763-35de-4e00-9209-2950c580d354 ] Request (ServersTestMultiNic:setUpClass): 201 POST http://10.180.1.21:9696/networking/v2.0/routers 0.877s
2024-12-12 04:08:19.908 66467 INFO tempest.lib.common.rest_client [req-3fa56544-ecc4-4ce0-84c2-962feac204b7 req-3fa56544-ecc4-4ce0-84c2-962feac204b7 ] Request (ImagesNegativeTestJSON:test_create_image_from_deleted_server): 200 GET http://10.180.1.21/compute/v2.1/servers/9ca1c53f-a3c9-4e10-93d9-6968b27c950c 2.012s
2024-12-12 04:08:19.963 66447 INFO tempest.lib.common.rest_client [req-bb4b921a-758e-4d48-afd0-f98e9f2825b4 req-bb4b921a-758e-4d48-afd0-f98e9f2825b4 ] Request (SecurityGroupsTestAdminJSON:test_list_security_groups_list_all_tenants_filter): 200 GET http://10.180.1.21/compute/v2.1/os-security-groups?all_tenants=true 3.999s
2024-12-12 04:08:19.975 66423 INFO tempest.lib.common.rest_client [req-8cafd358-3171-421e-91b5-1909fb5c0091 req-8cafd358-3171-421e-91b5-1909fb5c0091 ] Request (ServersWithSpecificFlavorTestJSON:test_verify_created_server_ephemeral_disk): 200 GET http://10.180.1.21/compute/v2.1/servers/5447c9b9-b9ab-478d-a2b3-079f78ba37d9 2.071s
2024-12-12 04:08:19.988 66423 INFO tempest.common.waiters [-] State transition "BUILD/scheduling" ==> "BUILD/None" after 3 second wait
2024-12-12 04:08:20.019 66469 INFO tempest.lib.common.rest_client [req-9f82ee15-a5e8-49c2-b4a7-613bb3570616 req-9f82ee15-a5e8-49c2-b4a7-613bb3570616 ] Request (VolumesAssistedSnapshotsTest:test_volume_assisted_snapshot_create_delete): 200 GET http://10.180.1.21/compute/v2.1/servers/e584ee3d-0df5-4e22-b4d2-f061ed3558f2 2.055s
2024-12-12 04:08:20.027 66469 INFO tempest.common.waiters [-] State transition "BUILD/None" ==> "BUILD/scheduling" after 22 second wait
2024-12-12 04:08:20.043 66431 INFO tempest.lib.common.rest_client [req-9de3a2b1-c7a4-475a-b6b2-68dcab7a0765 req-9de3a2b1-c7a4-475a-b6b2-68dcab7a0765 ] Request (DeleteServersAdminTestJSON:test_admin_delete_servers_of_others): 200 GET http://10.180.1.21/compute/v2.1/servers/b7e2deae-fcf4-4feb-a1e9-a60ed65f3685 2.013s
2024-12-12 04:08:20.070 66421 INFO tempest.lib.common.rest_client [req-f4aeb166-8efa-45d3-83ee-d03eb28a8c09 req-f4aeb166-8efa-45d3-83ee-d03eb28a8c09 ] Request (ServersAdminNegativeTestJSON:test_migrate_server_invalid_state): 200 GET http://10.180.1.21/compute/v2.1/servers/0e032613-906c-4fbc-89ea-39b0dc80b83a 1.984s
2024-12-12 04:08:20.089 66471 INFO tempest.lib.common.rest_client [req-9d315381-e6d6-45b2-b11a-65f0f7011e61 req-9d315381-e6d6-45b2-b11a-65f0f7011e61 ] Request (ImagesMetadataTestJSON:test_update_image_metadata): 200 GET http://10.180.1.21/compute/v2.1/images/0a7f5617-3e7c-4ebd-a857-5e6856ebea4f/metadata 1.872s
2024-12-12 04:08:20.115 66463 INFO tempest.lib.common.rest_client [req-9406ec25-42e9-4119-b286-40f08c8f07dd req-9406ec25-42e9-4119-b286-40f08c8f07dd ] Request (ServicesAdminNegativeTestJSON:test_get_service_by_invalid_params): 200 GET http://10.180.1.21/compute/v2.1/os-services?xxx=nova-compute 1.757s
2024-12-12 04:08:20.165 66443 INFO tempest.lib.common.rest_client [req-0c1ebfbc-c8a3-464c-943b-5e0d9b1dc718 req-0c1ebfbc-c8a3-464c-943b-5e0d9b1dc718 ] Request (ServerExternalEventsTest:tearDownClass): 200 GET http://10.180.1.21/compute/v2.1/servers/99ed1e72-f45f-47cc-8515-45d1f92b9202 1.826s
2024-12-12 04:08:20.174 66443 INFO tempest.common.waiters [-] State transition "ACTIVE/deleting" ==> "DELETED/None" after 6 second wait
2024-12-12 04:08:20.192 66459 INFO tempest.lib.common.rest_client [req-ec507eac-2710-4efc-bb02-72d1905c2c1e req-ec507eac-2710-4efc-bb02-72d1905c2c1e ] Request (FloatingIPsAssociationTestJSON:setUpClass): 200 GET http://10.180.1.21/compute/v2.1/servers/8f76ad59-db0e-402a-8a56-07d945dc5646 1.786s
2024-12-12 04:08:20.196 66471 INFO tempest.lib.common.rest_client [req-468e876d-bff9-472f-b4f4-7f74137f7c1a req-468e876d-bff9-472f-b4f4-7f74137f7c1a ] Request (ImagesMetadataTestJSON:tearDownClass): 204 DELETE http://10.180.1.21/image/v2/images/0a7f5617-3e7c-4ebd-a857-5e6856ebea4f 0.101s
2024-12-12 04:08:20.209 66439 INFO tempest.lib.common.rest_client [req-3d843ba7-7a49-4cd3-bc26-5d5c6494e6ba req-3d843ba7-7a49-4cd3-bc26-5d5c6494e6ba ] Request (ServerGroupTestJSON:test_create_delete_server_group_with_affinity_policy): 200 GET http://10.180.1.21/compute/v2.1/os-server-groups 1.708s
2024-12-12 04:08:20.245 66425 INFO tempest.lib.common.rest_client [req-cf952d6e-980b-4960-a53b-620e5923d761 req-cf952d6e-980b-4960-a53b-620e5923d761 ] Request (AggregatesAdminNegativeTestJSON:test_aggregate_remove_host_as_user): 200 POST http://10.180.1.21/compute/v2.1/os-aggregates 1.734s
2024-12-12 04:08:20.290 66453 INFO tempest.lib.common.rest_client [req-c4d03562-6e99-4de6-8532-c009ea8a8164 req-c4d03562-6e99-4de6-8532-c009ea8a8164 ] Request (KeyPairsV2TestJSON:test_keypairs_create_list_delete): 200 POST http://10.180.1.21/compute/v2.1/os-keypairs 1.760s
2024-12-12 04:08:20.317 66471 INFO tempest.lib.common.rest_client [req-1df9d26b-ac31-4dcb-8f1f-4e82403614aa req-1df9d26b-ac31-4dcb-8f1f-4e82403614aa ] Request (ImagesMetadataTestJSON:tearDownClass): 204 DELETE http://10.180.1.21/identity/v3/users/8bab60aef4354732885503c799b75dbd 0.120s
2024-12-12 04:08:20.317 66471 INFO tempest.lib.common.dynamic_creds [-] Deleting project and security group for project: b3fbb433131c4f488bea80b8d43d8fcf
2024-12-12 04:08:20.373 66479 INFO tempest.lib.common.rest_client [req-c64594b9-343b-4649-b521-67def2d9c087 req-c64594b9-343b-4649-b521-67def2d9c087 ] Request (ServerDiskConfigTestJSON:test_rebuild_server_with_auto_disk_config): 202 POST http://10.180.1.21/compute/v2.1/servers/971229e5-b0cc-4e93-b908-aff335b45786/action 1.898s
2024-12-12 04:08:20.383 66473 INFO tempest.lib.common.rest_client [req-15eb0758-4ec3-4ee6-a65b-0f035d6493f0 req-15eb0758-4ec3-4ee6-a65b-0f035d6493f0 ] Request (KeyPairsV22TestJSON:test_keypairsv22_create_list_show): 200 GET http://10.180.1.21/compute/v2.1/os-keypairs/tempest-keypair-1027325248 1.824s
2024-12-12 04:08:20.399 66471 INFO tempest.lib.common.rest_client [req-455297e6-ba1c-4be6-a84a-b0aea8ba510b req-455297e6-ba1c-4be6-a84a-b0aea8ba510b ] Request (ImagesMetadataTestJSON:tearDownClass): 201 POST http://10.180.1.21/identity/v3/auth/tokens 0.081s
2024-12-12 04:08:20.437 66445 INFO tempest.lib.common.rest_client [req-c22d1446-cc17-43e7-b9f6-eca074a74e83 req-c22d1446-cc17-43e7-b9f6-eca074a74e83 ] Request (MigrationsAdminTest:test_list_migrations_in_flavor_resize_situation): 200 GET http://10.180.1.21/compute/v2.1/servers/d6e0f5ce-2f94-4959-8290-50e3ddd78cb8 1.884s
2024-12-12 04:08:20.467 66465 INFO tempest.lib.common.rest_client [req-61f02fea-c351-499d-87ad-5bfc3420ab0d req-61f02fea-c351-499d-87ad-5bfc3420ab0d ] Request (ServersTestJSON:setUpClass): 200 GET http://10.180.1.21/compute/v2.1/servers/56874ccd-2cb3-4b9c-b2a0-c39da41f44bf 1.840s
2024-12-12 04:08:20.475 66465 INFO tempest.common.waiters [-] State transition "BUILD/scheduling" ==> "BUILD/None" after 3 second wait
2024-12-12 04:08:20.517 66449 INFO tempest.lib.common.rest_client [req-84fe5f2a-a444-41d5-89bf-870b2ca9d789 req-84fe5f2a-a444-41d5-89bf-870b2ca9d789 ] Request (ServerActionsTestOtherA:setUpClass): 200 GET http://10.180.1.21/compute/v2.1/servers/0393f8aa-b5b8-4689-9ea6-39d0eeefc871 1.834s
2024-12-12 04:08:20.524 66449 INFO tempest.common.waiters [-] State transition "BUILD/scheduling" ==> "BUILD/None" after 3 second wait
2024-12-12 04:08:20.599 66481 INFO tempest.lib.common.rest_client [req-0574454d-c5c3-4b06-90c3-7ee948f524e5 req-0574454d-c5c3-4b06-90c3-7ee948f524e5 ] Request (AttachInterfacesV270Test:tearDownClass): 200 GET http://10.180.1.21/compute/v2.1/servers/02b49447-a9b7-4211-aab7-109d315c2af6 1.669s
2024-12-12 04:08:20.614 66471 INFO tempest.lib.common.rest_client [req-fcaaf27f-3543-4397-bfd6-6df677e7eedc req-fcaaf27f-3543-4397-bfd6-6df677e7eedc ] Request (ImagesMetadataTestJSON:tearDownClass): 200 GET http://10.180.1.21:9696/networking/v2.0/security-groups?tenant_id=b3fbb433131c4f488bea80b8d43d8fcf&name=default 0.215s
2024-12-12 04:08:20.651 66435 INFO tempest.lib.common.rest_client [req-93835e54-8919-4526-83c7-419ff41a858f req-93835e54-8919-4526-83c7-419ff41a858f ] Request (ListImageFiltersTestJSON:setUpClass): 200 GET http://10.180.1.21/compute/v2.1/servers/881b4d51-c47d-42f3-9d53-afb82101d16d 1.712s
2024-12-12 04:08:20.706 66455 INFO tempest.lib.common.rest_client [req-82119d84-9fd9-4916-979e-9f2a2d4170ed req-82119d84-9fd9-4916-979e-9f2a2d4170ed ] Request (SecurityGroupsTestJSON:test_list_security_groups_by_server): 200 GET http://10.180.1.21/compute/v2.1/servers/c67fa3ed-98e7-4a2d-a9c2-222148ef7a8d 1.724s
2024-12-12 04:08:20.771 66471 INFO tempest.lib.common.rest_client [req-faefec06-c29b-41d0-8e69-577d9a93d193 req-faefec06-c29b-41d0-8e69-577d9a93d193 ] Request (ImagesMetadataTestJSON:tearDownClass): 204 DELETE http://10.180.1.21:9696/networking/v2.0/security-groups/8147ba22-53b7-4b3b-a5cf-9df29d9b19f2 0.157s
2024-12-12 04:08:20.859 66471 INFO tempest.lib.common.rest_client [req-89540ce3-ae52-4e1a-8fff-127e7e4dd9a3 req-89540ce3-ae52-4e1a-8fff-127e7e4dd9a3 ] Request (ImagesMetadataTestJSON:tearDownClass): 204 DELETE http://10.180.1.21/identity/v3/projects/b3fbb433131c4f488bea80b8d43d8fcf 0.087s
2024-12-12 04:08:20.863 66457 INFO tempest.lib.common.rest_client [req-f8a0a54f-e932-4376-89cb-79af059a2049 req-f8a0a54f-e932-4376-89cb-79af059a2049 ] Request (TenantUsagesTestJSON:test_get_usage_tenant): 200 GET http://10.180.1.21/compute/v2.1/os-simple-tenant-usage/abb25d79895c45e88916d9aee576a36b?start=2024-12-11T04%3A08%3A19.115101&end=2024-12-13T04%3A08%3A19.115101 1.747s
2024-12-12 04:08:20.900 66419 INFO tempest.lib.common.rest_client [req-7c4df84a-b123-4eaf-994d-8ef6ab33ddd0 req-7c4df84a-b123-4eaf-994d-8ef6ab33ddd0 ] Request (ServersTestMultiNic:setUpClass): 200 PUT http://10.180.1.21:9696/networking/v2.0/routers/a7e263f0-83cc-4baf-be42-ddae182145e0/add_router_interface 1.047s
2024-12-12 04:08:20.900 66419 INFO tempest.lib.common.dynamic_creds [-] Created isolated network resources for: credentials: Credentials: {'domain_id': 'default', 'domain_name': 'Default', 'username': 'tempest-ServersTestMultiNic-2106185028-project-member', 'project_domain_id': 'default', 'project_domain_name': 'Default', 'project_id': 'a88e03504b024699aee1408559735102', 'project_name': 'tempest-ServersTestMultiNic-2106185028', 'tenant_id': 'a88e03504b024699aee1408559735102', 'tenant_name': 'tempest-ServersTestMultiNic-2106185028', 'user_domain_id': 'default', 'user_domain_name': 'Default', 'user_id': '68dcf4621c2c4b029f3931f7174fd7cc', 'system': None}, Network: {'id': '2d3f22fb-5960-4267-b4bb-d004d62787a9', 'name': 'tempest-ServersTestMultiNic-1620092629-network', 'tenant_id': 'a88e03504b024699aee1408559735102', 'admin_state_up': True, 'mtu': 8950, 'status': 'ACTIVE', 'subnets': [], 'shared': False, 'project_id': 'a88e03504b024699aee1408559735102', 'port_security_enabled': True, 'router:external': False, 'provider:network_type': 'vlan', 'provider:physical_network': 'default', 'provider:segmentation_id': 848, 'availability_zone_hints': [], 'availability_zones': [], 'ipv4_address_scope': None, 'ipv6_address_scope': None, 'description': '', 'tags': [], 'created_at': '2024-12-12T04:08:18Z', 'updated_at': '2024-12-12T04:08:18Z', 'revision_number': 1}, Subnet: {'id': '7ed0fec5-3541-4352-9e7d-9bce8e7c564e', 'name': 'tempest-ServersTestMultiNic-1620092629-subnet', 'tenant_id': 'a88e03504b024699aee1408559735102', 'network_id': '2d3f22fb-5960-4267-b4bb-d004d62787a9', 'ip_version': 4, 'subnetpool_id': None, 'enable_dhcp': True, 'ipv6_ra_mode': None, 'ipv6_address_mode': None, 'gateway_ip': '192.168.128.1', 'cidr': '192.168.128.0/28', 'allocation_pools': [{'start': '192.168.128.2', 'end': '192.168.128.14'}], 'host_routes': [], 'dns_nameservers': [], 'description': '', 'router:external': False, 'service_types': [], 'tags': [], 'created_at': '2024-12-12T04:08:18Z', 'updated_at': '2024-12-12T04:08:18Z', 'revision_number': 0, 'project_id': 'a88e03504b024699aee1408559735102'}, Router: {'id': 'a7e263f0-83cc-4baf-be42-ddae182145e0', 'name': 'tempest-ServersTestMultiNic-1620092629-router', 'tenant_id': 'a88e03504b024699aee1408559735102', 'admin_state_up': True, 'status': 'ACTIVE', 'external_gateway_info': {'network_id': 'af4181f9-0a09-4513-8c8f-00b50cede199', 'external_fixed_ips': [{'subnet_id': '7d0f12a5-4ede-45c2-9449-40576789d889', 'ip_address': '10.180.180.241'}], 'enable_snat': True}, 'description': '', 'availability_zones': [], 'distributed': False, 'ha': False, 'availability_zone_hints': [], 'routes': [], 'flavor_id': None, 'tags': [], 'created_at': '2024-12-12T04:08:19Z', 'updated_at': '2024-12-12T04:08:19Z', 'revision_number': 2, 'project_id': 'a88e03504b024699aee1408559735102'}
2024-12-12 04:08:20.931 66471 INFO tempest.lib.common.rest_client [req-623b362e-157d-4b23-b22e-727dffb265f6 req-623b362e-157d-4b23-b22e-727dffb265f6 ] Request (ServerActionsV293TestJSON:setUpClass): 201 POST http://10.180.1.21/identity/v3/auth/tokens 0.069s
2024-12-12 04:08:20.977 66429 INFO tempest.lib.common.rest_client [req-857e12a5-5d09-4819-a1da-d9e72b04c4b7 req-857e12a5-5d09-4819-a1da-d9e72b04c4b7 ] Request (ServerRescueNegativeTestJSON:setUpClass): 202 POST http://10.180.1.21/compute/v2.1/servers 2.255s
2024-12-12 04:08:21.012 66419 INFO tempest.lib.common.rest_client [req-206e6cb7-7a52-4b31-8f5c-7e0d399d45e1 req-206e6cb7-7a52-4b31-8f5c-7e0d399d45e1 ] Request (ServersTestMultiNic:setUpClass): 201 POST http://10.180.1.21/identity/v3/auth/tokens 0.109s
2024-12-12 04:08:21.025 66471 INFO tempest.lib.common.rest_client [req-721fb104-e649-47d5-abc5-5aa06f365253 req-721fb104-e649-47d5-abc5-5aa06f365253 ] Request (ServerActionsV293TestJSON:setUpClass): 201 POST http://10.180.1.21/identity/v3/auth/tokens 0.087s
2024-12-12 04:08:21.074 66433 INFO tempest.lib.common.rest_client [req-0053e5ad-1b17-430e-a7a3-154552626323 req-0053e5ad-1b17-430e-a7a3-154552626323 ] Request (QuotasAdminTestJSON:test_get_updated_quotas): 200 PUT http://10.180.1.21/compute/v2.1/os-quota-sets/ab3cb2880792434d9b32cc974f15dd86?user_id=4233b61e4fd7432982ba00220247bf2d 1.699s
2024-12-12 04:08:21.099 66471 INFO tempest.lib.common.rest_client [req-1e117868-f587-4405-b47c-e3ab395f0f7a req-1e117868-f587-4405-b47c-e3ab395f0f7a ] Request (ServerActionsV293TestJSON:setUpClass): 200 GET http://10.180.1.21/identity/v3/domains?name=Default 0.073s
2024-12-12 04:08:21.139 66471 INFO tempest.lib.common.rest_client [req-b599263a-387a-4894-a2db-de6fc3d3dc27 req-b599263a-387a-4894-a2db-de6fc3d3dc27 ] Request (ServerActionsV293TestJSON:setUpClass): 201 POST http://10.180.1.21/identity/v3/projects 0.039s
2024-12-12 04:08:21.157 66427 INFO tempest.lib.common.rest_client [req-921c7dd2-8bcd-4987-8fde-134ce9934184 req-921c7dd2-8bcd-4987-8fde-134ce9934184 ] Request (ServersAdmin275Test:test_rebuild_update_server_275): 200 GET http://10.180.1.21/compute/v2.1/servers/579b7927-f6f1-4c8e-a217-0687d3afe2b4 1.533s
2024-12-12 04:08:21.200 66471 INFO tempest.lib.common.rest_client [req-e83c5a3a-2f30-4147-bf8f-04ed6e691cad req-e83c5a3a-2f30-4147-bf8f-04ed6e691cad ] Request (ServerActionsV293TestJSON:setUpClass): 201 POST http://10.180.1.21/identity/v3/users 0.060s
2024-12-12 04:08:21.216 66451 INFO tempest.lib.common.rest_client [req-44330098-032c-4796-b6ff-43b6316fe833 req-44330098-032c-4796-b6ff-43b6316fe833 ] Request (ServerDiagnosticsNegativeTest:tearDownClass): 200 GET http://10.180.1.21/compute/v2.1/servers/44fd6042-0a74-447b-a749-ce955bb699f5 1.573s
2024-12-12 04:08:21.218 66471 INFO tempest.lib.common.rest_client [req-4b45d955-8922-4c82-9cbc-ed8d11831f0a req-4b45d955-8922-4c82-9cbc-ed8d11831f0a ] Request (ServerActionsV293TestJSON:setUpClass): 200 GET http://10.180.1.21/identity/v3/roles 0.017s
2024-12-12 04:08:21.250 66471 INFO tempest.lib.common.rest_client [req-189733e9-1274-4af9-81c3-fd167e84890b req-189733e9-1274-4af9-81c3-fd167e84890b ] Request (ServerActionsV293TestJSON:setUpClass): 204 PUT http://10.180.1.21/identity/v3/projects/722cdb3e471f407da54683d0a76a78b1/users/168d34eee1cd4f4a97bde5e22a313335/roles/c28d286489714965af1f3c2e6cfa5d14 0.032s
2024-12-12 04:08:21.250 66471 INFO tempest.lib.common.dynamic_creds [-] Dynamic test user 168d34eee1cd4f4a97bde5e22a313335 is created with scope project and roles: ['member']
2024-12-12 04:08:21.250 66471 INFO tempest.lib.common.dynamic_creds [-] Acquired dynamic creds: credentials: Credentials: {'domain_id': 'default', 'domain_name': 'Default', 'username': 'tempest-ServerActionsV293TestJSON-1345171308-project-member', 'project_domain_id': 'default', 'project_domain_name': 'Default', 'project_id': '722cdb3e471f407da54683d0a76a78b1', 'project_name': 'tempest-ServerActionsV293TestJSON-1345171308', 'tenant_id': '722cdb3e471f407da54683d0a76a78b1', 'tenant_name': 'tempest-ServerActionsV293TestJSON-1345171308', 'user_domain_id': 'default', 'user_domain_name': 'Default', 'user_id': '168d34eee1cd4f4a97bde5e22a313335', 'system': None}, Network: None, Subnet: None, Router: None
2024-12-12 04:08:21.261 66419 INFO tempest.lib.common.rest_client [req-6367a892-82f5-4844-b459-da4e615a1337 req-6367a892-82f5-4844-b459-da4e615a1337 ] Request (ServersTestMultiNic:test_verify_duplicate_network_nics): 201 POST http://10.180.1.21:9696/networking/v2.0/networks 0.247s
2024-12-12 04:08:21.267 66437 INFO tempest.lib.common.rest_client [req-e254cd93-48bc-4a65-b084-fa1f0a79f4d2 req-e254cd93-48bc-4a65-b084-fa1f0a79f4d2 ] Request (ServerActionsTestJSON:setUpClass): 200 GET http://10.180.1.21/compute/v2.1/servers/af4e70dc-80ab-4d2e-a8ef-a9182e6f4742 1.566s
2024-12-12 04:08:21.274 66437 INFO tempest.common.waiters [-] State transition "BUILD/scheduling" ==> "BUILD/None" after 3 second wait
2024-12-12 04:08:21.332 66471 INFO tempest.lib.common.rest_client [req-7ffa8739-da5b-49d1-a44c-1109d5d7d0e6 req-7ffa8739-da5b-49d1-a44c-1109d5d7d0e6 ] Request (ServerActionsV293TestJSON:setUpClass): 201 POST http://10.180.1.21/identity/v3/auth/tokens 0.082s
2024-12-12 04:08:21.414 66441 INFO tempest.lib.common.rest_client [req-edfa9700-d04f-4445-9ff2-f8075e5fb695 req-edfa9700-d04f-4445-9ff2-f8075e5fb695 ] Request (ListServerFiltersTestJSON:setUpClass): 200 GET http://10.180.1.21/compute/v2.1/servers/0abc93a7-6ac3-4f39-a289-4a831703794f 1.579s
2024-12-12 04:08:21.577 66447 INFO tempest.lib.common.rest_client [req-38a11596-2691-499d-8279-c3c8eee682ab req-38a11596-2691-499d-8279-c3c8eee682ab ] Request (SecurityGroupsTestAdminJSON:test_list_security_groups_list_all_tenants_filter): 200 GET http://10.180.1.21/compute/v2.1/os-security-groups?all_tenants=true 1.601s
