2024-12-12 04:07:56.731 66449 INFO tempest.lib.common.rest_client [req-5fce9239-05d8-40f1-8f1f-c2cc5c01773b req-5fce9239-05d8-40f1-8f1f-c2cc5c01773b ] Request (QuotasAdminTestV257:tearDownClass): 204 DELETE http://10.180.1.21:9696/networking/v2.0/security-groups/5b4dfa71-e721-455b-af90-d74f9a9c6741 0.394s
2024-12-12 04:07:56.752 66459 INFO tempest.lib.common.rest_client [req-5154e66b-d57a-432d-9aeb-734b1d190303 req-5154e66b-d57a-432d-9aeb-734b1d190303 ] Request (FloatingIPsAssociationTestJSON:setUpClass): 201 POST http://10.180.1.21/identity/v3/auth/tokens 0.109s
2024-12-12 04:07:56.833 66449 INFO tempest.lib.common.rest_client [req-852e2599-a0ec-48de-a2c7-2af8cfc802bb req-852e2599-a0ec-48de-a2c7-2af8cfc802bb ] Request (QuotasAdminTestV257:tearDownClass): 204 DELETE http://10.180.1.21/identity/v3/projects/4b97fc262ced46a9b01aa5975c665695 0.102s
2024-12-12 04:07:56.833 66449 INFO tempest.lib.common.dynamic_creds [-] Deleting project and security group for project: 2da3112e0fbd4ec1b925dad9475442cc
2024-12-12 04:07:56.914 66459 INFO tempest.lib.common.rest_client [req-89f22e2e-ce35-4bad-88c3-fc7f3085d16b req-89f22e2e-ce35-4bad-88c3-fc7f3085d16b ] Request (FloatingIPsAssociationTestJSON:setUpClass): 201 POST http://10.180.1.21/identity/v3/auth/tokens 0.159s
2024-12-12 04:07:56.955 66459 INFO tempest.lib.common.rest_client [req-8d9c11a6-007c-4361-8b8e-c400bd678f32 req-8d9c11a6-007c-4361-8b8e-c400bd678f32 ] Request (FloatingIPsAssociationTestJSON:setUpClass): 200 GET http://10.180.1.21/identity/v3/domains?name=Default 0.040s
2024-12-12 04:07:56.958 66463 INFO tempest.lib.common.rest_client [req-783862fc-f298-40d3-8e4d-22139d1f0d1c req-783862fc-f298-40d3-8e4d-22139d1f0d1c ] Request (FlavorsAccessNegativeTestJSON:test_flavor_non_admin_remove): 200 POST http://10.180.1.21/compute/v2.1/flavors/2144753142/action 1.796s
2024-12-12 04:07:56.976 66465 INFO tempest.lib.common.rest_client [req-2fce6b31-ae17-484e-8f4b-887b486f1818 req-2fce6b31-ae17-484e-8f4b-887b486f1818 ] Request (InstanceUsageAuditLogNegativeTestJSON:tearDownClass): 204 DELETE http://10.180.1.21:9696/networking/v2.0/security-groups/3894069b-96c2-4463-a554-34aefdbdf666 0.360s
2024-12-12 04:07:56.988 66475 INFO tempest.lib.common.rest_client [req-ef62a9e4-b429-4161-9868-b7e99636a04c req-ef62a9e4-b429-4161-9868-b7e99636a04c ] Request (HypervisorAdminNegativeUnderV252Test:tearDownClass): 200 GET http://10.180.1.21:9696/networking/v2.0/security-groups?tenant_id=da9ca2359b0f4640a4ee269c55a28bf8&name=default 0.476s
2024-12-12 04:07:57.008 66459 INFO tempest.lib.common.rest_client [req-db22bb92-48d8-4f22-897e-b9adbd0e06d7 req-db22bb92-48d8-4f22-897e-b9adbd0e06d7 ] Request (FloatingIPsAssociationTestJSON:setUpClass): 201 POST http://10.180.1.21/identity/v3/projects 0.052s
2024-12-12 04:07:57.037 66429 INFO tempest.lib.common.rest_client [req-24c939fd-dda5-481d-acf3-812182c1f45e req-24c939fd-dda5-481d-acf3-812182c1f45e ] Request (InstanceUsageAuditLogTestJSON:tearDownClass): 204 DELETE http://10.180.1.21:9696/networking/v2.0/security-groups/ea209834-abd8-4119-a6c0-93c633b5b6ec 0.604s
2024-12-12 04:07:57.059 66465 INFO tempest.lib.common.rest_client [req-c8638173-2efe-462b-8338-5ce922337603 req-c8638173-2efe-462b-8338-5ce922337603 ] Request (InstanceUsageAuditLogNegativeTestJSON:tearDownClass): 204 DELETE http://10.180.1.21/identity/v3/projects/8b1fb4a6d12b4150acc0978ab129ee27 0.082s
2024-12-12 04:07:57.059 66465 INFO tempest.lib.common.dynamic_creds [-] Deleting project and security group for project: f11292a43f7e4a6aaa21f421468740bc
2024-12-12 04:07:57.089 66457 INFO tempest.lib.common.rest_client [req-e5d85430-e9e5-4e40-9c72-664d773cf841 req-e5d85430-e9e5-4e40-9c72-664d773cf841 ] Request (TenantUsagesTestJSON:setUpClass): 200 GET http://10.180.1.21/compute/v2.1/servers/fea7bf50-e185-424d-ac38-637d23505f24 1.873s
2024-12-12 04:07:57.107 66459 INFO tempest.lib.common.rest_client [req-411a27c8-1717-47bd-bd5b-7736a8e4bea8 req-411a27c8-1717-47bd-bd5b-7736a8e4bea8 ] Request (FloatingIPsAssociationTestJSON:setUpClass): 201 POST http://10.180.1.21/identity/v3/users 0.099s
2024-12-12 04:07:57.136 66481 INFO tempest.lib.common.rest_client [req-cf941a38-e791-4d91-b64f-64b225c28ba5 req-cf941a38-e791-4d91-b64f-64b225c28ba5 ] Request (AttachInterfacesV270Test:test_create_get_list_interfaces): 200 GET http://10.180.1.21/compute/v2.1/servers/02b49447-a9b7-4211-aab7-109d315c2af6 1.939s
2024-12-12 04:07:57.141 66453 INFO tempest.lib.common.rest_client [req-2971180c-37cb-452f-b544-1367008439c6 req-2971180c-37cb-452f-b544-1367008439c6 ] Request (HypervisorAdminUnderV252Test:test_get_hypervisor_show_servers): 200 GET http://10.180.1.21/compute/v2.1/os-hypervisors/domain-c8.fc996f14-c53b-4953-92e3-bdfa48f5cc28/servers 1.864s
2024-12-12 04:07:57.149 66429 INFO tempest.lib.common.rest_client [req-1a6f8b54-f1c3-46e3-8f9c-d20bb722470d req-1a6f8b54-f1c3-46e3-8f9c-d20bb722470d ] Request (InstanceUsageAuditLogTestJSON:tearDownClass): 204 DELETE http://10.180.1.21/identity/v3/projects/b92620cec61745118e9212fef86c37c2 0.112s
2024-12-12 04:07:57.150 66429 INFO tempest.lib.common.dynamic_creds [-] Deleting project and security group for project: 13d6229be04f4f6f915030d9d624a988
2024-12-12 04:07:57.169 66459 INFO tempest.lib.common.rest_client [req-185c5a36-df78-490b-9512-b4b6ee099259 req-185c5a36-df78-490b-9512-b4b6ee099259 ] Request (FloatingIPsAssociationTestJSON:setUpClass): 200 GET http://10.180.1.21/identity/v3/roles 0.062s
2024-12-12 04:07:57.186 66449 INFO tempest.lib.common.rest_client [req-a95a14f4-b0f2-46af-bfa0-0866608e3c42 req-a95a14f4-b0f2-46af-bfa0-0866608e3c42 ] Request (QuotasAdminTestV257:tearDownClass): 200 GET http://10.180.1.21:9696/networking/v2.0/security-groups?tenant_id=2da3112e0fbd4ec1b925dad9475442cc&name=default 0.352s
2024-12-12 04:07:57.186 66471 INFO tempest.lib.common.rest_client [req-67ecdb6f-40ad-47f8-a7d0-6e26c45002e7 req-67ecdb6f-40ad-47f8-a7d0-6e26c45002e7 ] Request (ImagesMetadataTestJSON:test_get_image_metadata_item): 200 GET http://10.180.1.21/compute/v2.1/images/0a7f5617-3e7c-4ebd-a857-5e6856ebea4f/metadata/os_distro 1.701s
2024-12-12 04:07:57.204 66459 INFO tempest.lib.common.rest_client [req-24133809-7059-444e-98fc-83293be7ad64 req-24133809-7059-444e-98fc-83293be7ad64 ] Request (FloatingIPsAssociationTestJSON:setUpClass): 204 PUT http://10.180.1.21/identity/v3/projects/f80347f72aa04e56ac1f210bed3645cd/users/294d3f6352ce408bb92ef4072499750d/roles/c28d286489714965af1f3c2e6cfa5d14 0.034s
2024-12-12 04:07:57.204 66459 INFO tempest.lib.common.dynamic_creds [-] Dynamic test user 294d3f6352ce408bb92ef4072499750d is created with scope project and roles: ['member']
2024-12-12 04:07:57.204 66459 INFO tempest.lib.common.dynamic_creds [-] Acquired dynamic creds: credentials: Credentials: {'domain_id': 'default', 'domain_name': 'Default', 'username': 'tempest-FloatingIPsAssociationTestJSON-175864117-project-member', 'project_domain_id': 'default', 'project_domain_name': 'Default', 'project_id': 'f80347f72aa04e56ac1f210bed3645cd', 'project_name': 'tempest-FloatingIPsAssociationTestJSON-175864117', 'tenant_id': 'f80347f72aa04e56ac1f210bed3645cd', 'tenant_name': 'tempest-FloatingIPsAssociationTestJSON-175864117', 'user_domain_id': 'default', 'user_domain_name': 'Default', 'user_id': '294d3f6352ce408bb92ef4072499750d', 'system': None}, Network: None, Subnet: None, Router: None
2024-12-12 04:07:57.273 66459 INFO tempest.lib.common.rest_client [req-1ecc22e4-2f17-46a8-b489-cb87a380dd0e req-1ecc22e4-2f17-46a8-b489-cb87a380dd0e ] Request (FloatingIPsAssociationTestJSON:setUpClass): 201 POST http://10.180.1.21/identity/v3/auth/tokens 0.068s
2024-12-12 04:07:57.377 66475 INFO tempest.lib.common.rest_client [req-89688229-5e1b-43f9-a052-129232210964 req-89688229-5e1b-43f9-a052-129232210964 ] Request (HypervisorAdminNegativeUnderV252Test:tearDownClass): 204 DELETE http://10.180.1.21:9696/networking/v2.0/security-groups/857af22f-9c94-401d-95ba-036257938256 0.388s
2024-12-12 04:07:57.433 66449 INFO tempest.lib.common.rest_client [req-df4ba094-5d6f-47e5-abf0-7dec045c8745 req-df4ba094-5d6f-47e5-abf0-7dec045c8745 ] Request (QuotasAdminTestV257:tearDownClass): 204 DELETE http://10.180.1.21:9696/networking/v2.0/security-groups/4bb75e09-d816-4c9e-8feb-4542566e726d 0.246s
2024-12-12 04:07:57.447 66447 INFO tempest.lib.common.rest_client [req-8c003a5b-d39b-44f2-b434-0faf241a4de5 req-8c003a5b-d39b-44f2-b434-0faf241a4de5 ] Request (QuotasAdminTestV236:test_get_updated_quotas): 200 PUT http://10.180.1.21/compute/v2.1/os-quota-sets/f6f0952dd98a457d97fd295a1eba4f09 1.917s
2024-12-12 04:07:57.480 66475 INFO tempest.lib.common.rest_client [req-ab6cd65f-c6d9-43b9-81bd-be8fe82d6111 req-ab6cd65f-c6d9-43b9-81bd-be8fe82d6111 ] Request (HypervisorAdminNegativeUnderV252Test:tearDownClass): 204 DELETE http://10.180.1.21/identity/v3/projects/da9ca2359b0f4640a4ee269c55a28bf8 0.102s
2024-12-12 04:07:57.480 66475 INFO tempest.lib.common.dynamic_creds [-] Deleting project and security group for project: 0dfe3405a60b4c23af9ddcdad6adc5fb
2024-12-12 04:07:57.567 66449 INFO tempest.lib.common.rest_client [req-35725c50-f1f6-42b8-b634-d4d5e73d4baf req-35725c50-f1f6-42b8-b634-d4d5e73d4baf ] Request (QuotasAdminTestV257:tearDownClass): 204 DELETE http://10.180.1.21/identity/v3/projects/2da3112e0fbd4ec1b925dad9475442cc 0.134s
2024-12-12 04:07:57.636 66467 INFO tempest.lib.common.rest_client [req-87cd1b3d-23b9-4631-973e-57e0afdd892a req-87cd1b3d-23b9-4631-973e-57e0afdd892a ] Request (ImagesNegativeTestJSON:setUpClass): 201 POST http://10.180.1.21:9696/networking/v2.0/routers 2.557s
2024-12-12 04:07:57.643 66449 INFO tempest.lib.common.rest_client [req-3c00efae-6946-4da6-86eb-98528bd93bfd req-3c00efae-6946-4da6-86eb-98528bd93bfd ] Request (TenantUsagesNegativeTestJSON:setUpClass): 201 POST http://10.180.1.21/identity/v3/auth/tokens 0.072s
2024-12-12 04:07:57.677 66449 INFO tempest.lib.common.rest_client [req-ca3a5101-96ef-4422-81d1-402b9e0fb330 req-ca3a5101-96ef-4422-81d1-402b9e0fb330 ] Request (TenantUsagesNegativeTestJSON:setUpClass): 201 POST http://10.180.1.21/identity/v3/auth/tokens 0.032s
2024-12-12 04:07:57.713 66449 INFO tempest.lib.common.rest_client [req-19994be8-85e9-4526-802b-47a6bc517966 req-19994be8-85e9-4526-802b-47a6bc517966 ] Request (TenantUsagesNegativeTestJSON:setUpClass): 200 GET http://10.180.1.21/identity/v3/domains?name=Default 0.036s
2024-12-12 04:07:57.731 66421 INFO tempest.lib.common.rest_client [req-c88196b9-3a1a-48ee-a363-1c7c309fce84 req-c88196b9-3a1a-48ee-a363-1c7c309fce84 ] Request (ServersAdminNegativeTestJSON:setUpClass): 200 GET http://10.180.1.21/compute/v2.1/servers/2daf13f5-dc33-4483-b702-c8ebd859aa6a 2.131s
2024-12-12 04:07:57.737 66437 INFO tempest.lib.common.rest_client [req-41c59629-0b25-49d0-bdbe-473ab400830b req-41c59629-0b25-49d0-bdbe-473ab400830b ] Request (MultipleCreateNegativeTestJSON:test_min_count_less_than_one): 400 POST http://10.180.1.21/compute/v2.1/servers 2.039s
2024-12-12 04:07:57.748 66449 INFO tempest.lib.common.rest_client [req-63024350-afce-48b3-8008-68a81bace486 req-63024350-afce-48b3-8008-68a81bace486 ] Request (TenantUsagesNegativeTestJSON:setUpClass): 201 POST http://10.180.1.21/identity/v3/projects 0.034s
2024-12-12 04:07:57.786 66459 INFO tempest.lib.common.rest_client [req-b69c8436-2fbb-4a4f-8ecf-2cf345994fc0 req-b69c8436-2fbb-4a4f-8ecf-2cf345994fc0 ] Request (FloatingIPsAssociationTestJSON:setUpClass): 201 POST http://10.180.1.21:9696/networking/v2.0/networks 0.513s
2024-12-12 04:07:57.849 66449 INFO tempest.lib.common.rest_client [req-51353768-7a2b-47ac-a259-a8ceb371d09b req-51353768-7a2b-47ac-a259-a8ceb371d09b ] Request (TenantUsagesNegativeTestJSON:setUpClass): 201 POST http://10.180.1.21/identity/v3/users 0.101s
2024-12-12 04:07:57.855 66479 INFO tempest.lib.common.rest_client [req-def38b3e-b8f8-4264-adb5-3507a9c985f1 req-def38b3e-b8f8-4264-adb5-3507a9c985f1 ] Request (ServerDiskConfigTestJSON:test_rebuild_server_with_auto_disk_config): 200 GET http://10.180.1.21/compute/v2.1/servers/971229e5-b0cc-4e93-b908-aff335b45786 2.075s
2024-12-12 04:07:57.891 66437 INFO tempest.lib.common.rest_client [req-eb0c5f8e-0db9-409b-8053-86a416a75da7 req-eb0c5f8e-0db9-409b-8053-86a416a75da7 ] Request (MultipleCreateNegativeTestJSON:test_min_count_non_integer): 201 POST http://10.180.1.21/identity/v3/auth/tokens 0.144s
2024-12-12 04:07:57.892 66437 INFO tempest.lib.common.fixed_network [-] (MultipleCreateNegativeTestJSON:test_min_count_non_integer) Found network None available for tenant
2024-12-12 04:07:57.895 66465 INFO tempest.lib.common.rest_client [req-ae3d0657-b331-4e8d-a9d6-37653a8a5a9f req-ae3d0657-b331-4e8d-a9d6-37653a8a5a9f ] Request (InstanceUsageAuditLogNegativeTestJSON:tearDownClass): 200 GET http://10.180.1.21:9696/networking/v2.0/security-groups?tenant_id=f11292a43f7e4a6aaa21f421468740bc&name=default 0.835s
2024-12-12 04:07:57.912 66449 INFO tempest.lib.common.rest_client [req-cdd9f28f-77a5-4edb-bdae-2edb7348b65b req-cdd9f28f-77a5-4edb-bdae-2edb7348b65b ] Request (TenantUsagesNegativeTestJSON:setUpClass): 200 GET http://10.180.1.21/identity/v3/roles 0.062s
2024-12-12 04:07:57.950 66449 INFO tempest.lib.common.rest_client [req-939af357-6ff3-423e-9155-231c842b0ced req-939af357-6ff3-423e-9155-231c842b0ced ] Request (TenantUsagesNegativeTestJSON:setUpClass): 204 PUT http://10.180.1.21/identity/v3/projects/249c5b0c01a44acd9a78e265d35d5443/users/fce534641b3342f8aa51436511c304f0/roles/c28d286489714965af1f3c2e6cfa5d14 0.037s
2024-12-12 04:07:57.950 66449 INFO tempest.lib.common.dynamic_creds [-] Dynamic test user fce534641b3342f8aa51436511c304f0 is created with scope project and roles: ['member']
2024-12-12 04:07:57.950 66449 INFO tempest.lib.common.dynamic_creds [-] Acquired dynamic creds: credentials: Credentials: {'domain_id': 'default', 'domain_name': 'Default', 'username': 'tempest-TenantUsagesNegativeTestJSON-1216818301-project-member', 'project_domain_id': 'default', 'project_domain_name': 'Default', 'project_id': '249c5b0c01a44acd9a78e265d35d5443', 'project_name': 'tempest-TenantUsagesNegativeTestJSON-1216818301', 'tenant_id': '249c5b0c01a44acd9a78e265d35d5443', 'tenant_name': 'tempest-TenantUsagesNegativeTestJSON-1216818301', 'user_domain_id': 'default', 'user_domain_name': 'Default', 'user_id': 'fce534641b3342f8aa51436511c304f0', 'system': None}, Network: None, Subnet: None, Router: None
2024-12-12 04:07:57.950 66449 INFO tempest.lib.common.dynamic_creds [-] Created isolated network resources for: credentials: Credentials: {'domain_id': 'default', 'domain_name': 'Default', 'username': 'tempest-TenantUsagesNegativeTestJSON-1216818301-project-member', 'project_domain_id': 'default', 'project_domain_name': 'Default', 'project_id': '249c5b0c01a44acd9a78e265d35d5443', 'project_name': 'tempest-TenantUsagesNegativeTestJSON-1216818301', 'tenant_id': '249c5b0c01a44acd9a78e265d35d5443', 'tenant_name': 'tempest-TenantUsagesNegativeTestJSON-1216818301', 'user_domain_id': 'default', 'user_domain_name': 'Default', 'user_id': 'fce534641b3342f8aa51436511c304f0', 'system': None}, Network: None, Subnet: None, Router: None
2024-12-12 04:07:58.047 66449 INFO tempest.lib.common.rest_client [req-3df31069-5ffc-4b28-8d38-d4f3c5c66707 req-3df31069-5ffc-4b28-8d38-d4f3c5c66707 ] Request (TenantUsagesNegativeTestJSON:setUpClass): 201 POST http://10.180.1.21/identity/v3/auth/tokens 0.091s
2024-12-12 04:07:58.117 66449 INFO tempest.lib.common.rest_client [req-8ab5c24f-dbd6-4eda-b6a1-bee7ab1a4544 req-8ab5c24f-dbd6-4eda-b6a1-bee7ab1a4544 ] Request (TenantUsagesNegativeTestJSON:setUpClass): 201 POST http://10.180.1.21/identity/v3/projects 0.069s
2024-12-12 04:07:58.175 66449 INFO tempest.lib.common.rest_client [req-fc1bbbee-ea47-49b4-ab94-7e65ab0112ea req-fc1bbbee-ea47-49b4-ab94-7e65ab0112ea ] Request (TenantUsagesNegativeTestJSON:setUpClass): 201 POST http://10.180.1.21/identity/v3/users 0.058s
2024-12-12 04:07:58.191 66449 INFO tempest.lib.common.rest_client [req-a9023e8c-f057-4602-b9f8-d5fc1e73356f req-a9023e8c-f057-4602-b9f8-d5fc1e73356f ] Request (TenantUsagesNegativeTestJSON:setUpClass): 200 GET http://10.180.1.21/identity/v3/roles 0.015s
2024-12-12 04:07:58.207 66429 INFO tempest.lib.common.rest_client [req-0e5e026d-ae3f-44bd-9edc-dec88d9d2a04 req-0e5e026d-ae3f-44bd-9edc-dec88d9d2a04 ] Request (InstanceUsageAuditLogTestJSON:tearDownClass): 200 GET http://10.180.1.21:9696/networking/v2.0/security-groups?tenant_id=13d6229be04f4f6f915030d9d624a988&name=default 1.057s
2024-12-12 04:07:58.217 66449 INFO tempest.lib.common.rest_client [req-01dff189-6fdb-4ab8-a62d-725b833eb630 req-01dff189-6fdb-4ab8-a62d-725b833eb630 ] Request (TenantUsagesNegativeTestJSON:setUpClass): 204 PUT http://10.180.1.21/identity/v3/projects/4d874624e4b945879f462acc34d10ae6/users/06af41da33044d5791f9625ae662d42c/roles/c4593e2c138149609756d677087e2cff 0.025s
2024-12-12 04:07:58.256 66443 INFO tempest.lib.common.rest_client [req-2d4326d8-cc41-4d52-98ba-b3785040ceb3 req-2d4326d8-cc41-4d52-98ba-b3785040ceb3 ] Request (ServerExternalEventsTest:test_create_server_external_events): 200 GET http://10.180.1.21/compute/v2.1/servers/99ed1e72-f45f-47cc-8515-45d1f92b9202 2.662s
2024-12-12 04:07:58.262 66449 INFO tempest.lib.common.rest_client [req-c785393e-9e23-47e1-9856-53f4894708f8 req-c785393e-9e23-47e1-9856-53f4894708f8 ] Request (TenantUsagesNegativeTestJSON:setUpClass): 200 GET http://10.180.1.21/identity/v3/roles 0.045s
2024-12-12 04:07:58.281 66449 INFO tempest.lib.common.rest_client [req-ff097380-7dde-4bd9-ab99-86980533115f req-ff097380-7dde-4bd9-ab99-86980533115f ] Request (TenantUsagesNegativeTestJSON:setUpClass): 204 PUT http://10.180.1.21/identity/v3/projects/4d874624e4b945879f462acc34d10ae6/users/06af41da33044d5791f9625ae662d42c/roles/c4593e2c138149609756d677087e2cff 0.018s
2024-12-12 04:07:58.282 66449 INFO tempest.lib.common.dynamic_creds [-] Dynamic test user 06af41da33044d5791f9625ae662d42c is created with scope project and roles: ['admin']
2024-12-12 04:07:58.282 66449 INFO tempest.lib.common.dynamic_creds [-] Acquired dynamic creds: credentials: Credentials: {'domain_id': 'default', 'domain_name': 'Default', 'username': 'tempest-TenantUsagesNegativeTestJSON-1063913373-project-admin', 'project_domain_id': 'default', 'project_domain_name': 'Default', 'project_id': '4d874624e4b945879f462acc34d10ae6', 'project_name': 'tempest-TenantUsagesNegativeTestJSON-1063913373', 'tenant_id': '4d874624e4b945879f462acc34d10ae6', 'tenant_name': 'tempest-TenantUsagesNegativeTestJSON-1063913373', 'user_domain_id': 'default', 'user_domain_name': 'Default', 'user_id': '06af41da33044d5791f9625ae662d42c', 'system': None}, Network: None, Subnet: None, Router: None
2024-12-12 04:07:58.282 66449 INFO tempest.lib.common.dynamic_creds [-] Created isolated network resources for: credentials: Credentials: {'domain_id': 'default', 'domain_name': 'Default', 'username': 'tempest-TenantUsagesNegativeTestJSON-1063913373-project-admin', 'project_domain_id': 'default', 'project_domain_name': 'Default', 'project_id': '4d874624e4b945879f462acc34d10ae6', 'project_name': 'tempest-TenantUsagesNegativeTestJSON-1063913373', 'tenant_id': '4d874624e4b945879f462acc34d10ae6', 'tenant_name': 'tempest-TenantUsagesNegativeTestJSON-1063913373', 'user_domain_id': 'default', 'user_domain_name': 'Default', 'user_id': '06af41da33044d5791f9625ae662d42c', 'system': None}, Network: None, Subnet: None, Router: None
2024-12-12 04:07:58.336 66435 INFO tempest.lib.common.rest_client [req-648a6137-1c19-40f0-8f2f-ff8b5c192d94 req-648a6137-1c19-40f0-8f2f-ff8b5c192d94 ] Request (ListImageFiltersTestJSON:setUpClass): 204 PUT http://10.180.1.21/image/v2/images/163923c9-8fad-4dfd-998f-6a3497d5c464/file 0.873s
2024-12-12 04:07:58.347 66451 INFO tempest.lib.common.rest_client [req-3c3f5b7c-96b3-454b-834f-3babd30838ac req-3c3f5b7c-96b3-454b-834f-3babd30838ac ] Request (ServerDiagnosticsNegativeTest:test_get_server_diagnostics_by_non_admin): 200 GET http://10.180.1.21/compute/v2.1/servers/44fd6042-0a74-447b-a749-ce955bb699f5 2.335s
2024-12-12 04:07:58.384 66449 INFO tempest.lib.common.rest_client [req-efeebdbb-a59b-4612-a889-ce9bf6f7c314 req-efeebdbb-a59b-4612-a889-ce9bf6f7c314 ] Request (TenantUsagesNegativeTestJSON:setUpClass): 201 POST http://10.180.1.21/identity/v3/auth/tokens 0.097s
2024-12-12 04:07:58.432 66441 INFO tempest.lib.common.rest_client [req-17ea11b3-004f-425e-a630-e34ed4136b9b req-17ea11b3-004f-425e-a630-e34ed4136b9b ] Request (ListServerFiltersTestJSON:setUpClass): 200 GET http://10.180.1.21/compute/v2.1/servers/ec62da43-efbd-47f1-a571-eee886593309 2.332s
2024-12-12 04:07:58.439 66461 INFO tempest.lib.common.rest_client [req-b9525fa7-4f15-4219-992c-3d2c584e94f0 req-b9525fa7-4f15-4219-992c-3d2c584e94f0 ] Request (ServerDiagnosticsV248Test:test_get_server_diagnostics): 200 GET http://10.180.1.21/compute/v2.1/servers/caea60b6-ea91-44da-ba88-90dbd6d9afa0 2.381s
2024-12-12 04:07:58.455 66465 INFO tempest.lib.common.rest_client [req-7af7ea0e-7c1f-4a74-988c-e50c37c48ae0 req-7af7ea0e-7c1f-4a74-988c-e50c37c48ae0 ] Request (InstanceUsageAuditLogNegativeTestJSON:tearDownClass): 204 DELETE http://10.180.1.21:9696/networking/v2.0/security-groups/1936ede8-257c-41f6-bcf5-d02d93bde0fc 0.560s
2024-12-12 04:07:58.465 66425 INFO tempest.lib.common.rest_client [req-cdb3d1b9-af47-4b38-9444-09cda7e89e5c req-cdb3d1b9-af47-4b38-9444-09cda7e89e5c ] Request (AggregatesAdminNegativeTestJSON:test_aggregate_create_with_existent_aggregate_name): 409 POST http://10.180.1.21/compute/v2.1/os-aggregates 1.864s
2024-12-12 04:07:58.480 66475 INFO tempest.lib.common.rest_client [req-513e13f0-0357-458b-8e46-900af0c7c573 req-513e13f0-0357-458b-8e46-900af0c7c573 ] Request (HypervisorAdminNegativeUnderV252Test:tearDownClass): 200 GET http://10.180.1.21:9696/networking/v2.0/security-groups?tenant_id=0dfe3405a60b4c23af9ddcdad6adc5fb&name=default 1.000s
2024-12-12 04:07:58.569 66465 INFO tempest.lib.common.rest_client [req-7fc4ede9-9254-47e5-872c-6f0122c46b0d req-7fc4ede9-9254-47e5-872c-6f0122c46b0d ] Request (InstanceUsageAuditLogNegativeTestJSON:tearDownClass): 204 DELETE http://10.180.1.21/identity/v3/projects/f11292a43f7e4a6aaa21f421468740bc 0.113s
2024-12-12 04:07:58.574 66423 INFO tempest.lib.common.rest_client [req-2c23328d-70cd-4b2d-8386-beed5e2042d2 req-2c23328d-70cd-4b2d-8386-beed5e2042d2 ] Request (ServersWithSpecificFlavorTestJSON:test_verify_created_server_ephemeral_disk): 200 POST http://10.180.1.21/compute/v2.1/flavors 2.385s
2024-12-12 04:07:58.583 66469 INFO tempest.lib.common.rest_client [req-2786459b-9aa8-435a-8567-d7cbde1558e2 req-2786459b-9aa8-435a-8567-d7cbde1558e2 ] Request (VolumesAssistedSnapshotsTest:test_volume_assisted_snapshot_create_delete): 200 GET http://10.180.1.21/compute/v2.1/servers/e584ee3d-0df5-4e22-b4d2-f061ed3558f2 1.911s
2024-12-12 04:07:58.594 66419 INFO tempest.lib.common.rest_client [req-cb0bca9b-5ed5-44fb-a213-1542703553f7 req-cb0bca9b-5ed5-44fb-a213-1542703553f7 ] Request (HostsAdminNegativeTestJSON:test_show_host_detail_with_nonexistent_hostname): 404 GET http://10.180.1.21/compute/v2.1/os-hosts/nonexistent_hostname 1.916s
2024-12-12 04:07:58.603 66429 INFO tempest.lib.common.rest_client [req-f621bcee-cb83-4998-adcd-f2ae58ec69b6 req-f621bcee-cb83-4998-adcd-f2ae58ec69b6 ] Request (InstanceUsageAuditLogTestJSON:tearDownClass): 204 DELETE http://10.180.1.21:9696/networking/v2.0/security-groups/80f61764-87a3-425a-9a83-cdabb26ca737 0.395s
2024-12-12 04:07:58.605 66473 INFO tempest.lib.common.rest_client [req-4cbb856b-a4af-4c5b-9f83-9976b17011cc req-4cbb856b-a4af-4c5b-9f83-9976b17011cc ] Request (KeyPairsV22TestJSON:_run_cleanups): 204 DELETE http://10.180.1.21/compute/v2.1/os-keypairs/tempest-keypair-1709245532 1.932s
2024-12-12 04:07:58.614 66463 INFO tempest.lib.common.rest_client [req-ccf65e61-4f11-4dee-9866-c47741b53d51 req-ccf65e61-4f11-4dee-9866-c47741b53d51 ] Request (FlavorsAccessNegativeTestJSON:test_flavor_non_admin_remove): 403 POST http://10.180.1.21/compute/v2.1/flavors/2144753142/action 1.654s
2024-12-12 04:07:58.635 66465 INFO tempest.lib.common.rest_client [req-f4a57c5b-9db9-4d47-8287-b6687ba47a0f req-f4a57c5b-9db9-4d47-8287-b6687ba47a0f ] Request (ServersTestJSON:setUpClass): 201 POST http://10.180.1.21/identity/v3/auth/tokens 0.065s
2024-12-12 04:07:58.667 66465 INFO tempest.lib.common.rest_client [req-25ef8dde-333c-4c43-8c17-3fa77d67823f req-25ef8dde-333c-4c43-8c17-3fa77d67823f ] Request (ServersTestJSON:setUpClass): 201 POST http://10.180.1.21/identity/v3/auth/tokens 0.030s
2024-12-12 04:07:58.715 66429 INFO tempest.lib.common.rest_client [req-4942b2d9-8095-4376-9a2d-9639019320a3 req-4942b2d9-8095-4376-9a2d-9639019320a3 ] Request (InstanceUsageAuditLogTestJSON:tearDownClass): 204 DELETE http://10.180.1.21/identity/v3/projects/13d6229be04f4f6f915030d9d624a988 0.111s
2024-12-12 04:07:58.728 66427 INFO tempest.lib.common.rest_client [req-9c37221a-dd02-4656-af70-f18d6a76a2de req-9c37221a-dd02-4656-af70-f18d6a76a2de ] Request (ServersAdmin275Test:test_rebuild_update_server_275): 200 GET http://10.180.1.21/compute/v2.1/servers/579b7927-f6f1-4c8e-a217-0687d3afe2b4 1.654s
2024-12-12 04:07:58.740 66465 INFO tempest.lib.common.rest_client [req-6ee199a5-664c-49c8-9e26-ac164adbcd64 req-6ee199a5-664c-49c8-9e26-ac164adbcd64 ] Request (ServersTestJSON:setUpClass): 200 GET http://10.180.1.21/identity/v3/domains?name=Default 0.073s
2024-12-12 04:07:58.750 66459 INFO tempest.lib.common.rest_client [req-74b6e454-07ce-4864-964c-0f74293569a5 req-74b6e454-07ce-4864-964c-0f74293569a5 ] Request (FloatingIPsAssociationTestJSON:setUpClass): 201 POST http://10.180.1.21:9696/networking/v2.0/subnets 0.963s
2024-12-12 04:07:58.752 66453 INFO tempest.lib.common.rest_client [req-138a6569-8e1c-42da-872b-0d22cda34e3a req-138a6569-8e1c-42da-872b-0d22cda34e3a ] Request (HypervisorAdminUnderV252Test:test_search_hypervisor): 200 GET http://10.180.1.21/compute/v2.1/os-hypervisors 1.604s
2024-12-12 04:07:58.772 66429 INFO tempest.lib.common.rest_client [req-85c13dd6-a97e-49d3-aaff-c7b7b0dc0d23 req-85c13dd6-a97e-49d3-aaff-c7b7b0dc0d23 ] Request (QuotaClassesAdminTestJSON:setUpClass): 201 POST http://10.180.1.21/identity/v3/auth/tokens 0.055s
2024-12-12 04:07:58.808 66465 INFO tempest.lib.common.rest_client [req-0d24be81-989d-4eb4-9456-08e6ed808452 req-0d24be81-989d-4eb4-9456-08e6ed808452 ] Request (ServersTestJSON:setUpClass): 201 POST http://10.180.1.21/identity/v3/projects 0.067s
2024-12-12 04:07:58.839 66475 INFO tempest.lib.common.rest_client [req-a0fe1ccc-6e0c-4360-b74f-f53b6e752ea0 req-a0fe1ccc-6e0c-4360-b74f-f53b6e752ea0 ] Request (HypervisorAdminNegativeUnderV252Test:tearDownClass): 204 DELETE http://10.180.1.21:9696/networking/v2.0/security-groups/0b1d026d-7c93-4051-85a7-97c202fcf154 0.358s
2024-12-12 04:07:58.874 66429 INFO tempest.lib.common.rest_client [req-1f55229c-5fd7-493e-8e3e-8f379ffed225 req-1f55229c-5fd7-493e-8e3e-8f379ffed225 ] Request (QuotaClassesAdminTestJSON:setUpClass): 201 POST http://10.180.1.21/identity/v3/auth/tokens 0.099s
2024-12-12 04:07:58.901 66465 INFO tempest.lib.common.rest_client [req-c9358378-ea12-4917-ad9e-fac7102c7120 req-c9358378-ea12-4917-ad9e-fac7102c7120 ] Request (ServersTestJSON:setUpClass): 201 POST http://10.180.1.21/identity/v3/users 0.092s
2024-12-12 04:07:58.919 66471 INFO tempest.lib.common.rest_client [req-5b34c418-1848-42a5-a8ee-b99e7d264889 req-5b34c418-1848-42a5-a8ee-b99e7d264889 ] Request (ImagesMetadataTestJSON:setUp): 200 PUT http://10.180.1.21/compute/v2.1/images/0a7f5617-3e7c-4ebd-a857-5e6856ebea4f/metadata 1.731s
2024-12-12 04:07:58.935 66475 INFO tempest.lib.common.rest_client [req-2e8aaee2-3e2b-4122-b5c8-997085c6e4ea req-2e8aaee2-3e2b-4122-b5c8-997085c6e4ea ] Request (HypervisorAdminNegativeUnderV252Test:tearDownClass): 204 DELETE http://10.180.1.21/identity/v3/projects/0dfe3405a60b4c23af9ddcdad6adc5fb 0.096s
2024-12-12 04:07:58.958 66429 INFO tempest.lib.common.rest_client [req-66df5eb9-611a-4e19-b74a-171820ee4b08 req-66df5eb9-611a-4e19-b74a-171820ee4b08 ] Request (QuotaClassesAdminTestJSON:setUpClass): 200 GET http://10.180.1.21/identity/v3/domains?name=Default 0.083s
2024-12-12 04:07:58.985 66465 INFO tempest.lib.common.rest_client [req-da3b7c24-c98c-4b09-aef5-6dacf3eca33a req-da3b7c24-c98c-4b09-aef5-6dacf3eca33a ] Request (ServersTestJSON:setUpClass): 200 GET http://10.180.1.21/identity/v3/roles 0.083s
2024-12-12 04:07:58.988 66475 INFO tempest.lib.common.rest_client [req-8ca58b8a-21eb-4293-b72a-e08ca09c91dd req-8ca58b8a-21eb-4293-b72a-e08ca09c91dd ] Request (NetworksTest:setUpClass): 201 POST http://10.180.1.21/identity/v3/auth/tokens 0.051s
2024-12-12 04:07:59.003 66445 INFO tempest.lib.common.rest_client [req-4783225d-7881-43e0-b5c0-9cf570dea0cc req-4783225d-7881-43e0-b5c0-9cf570dea0cc ] Request (MigrationsAdminTest:test_list_migrations_in_flavor_resize_situation): 200 GET http://10.180.1.21/compute/v2.1/servers/d6e0f5ce-2f94-4959-8290-50e3ddd78cb8 2.059s
2024-12-12 04:07:59.032 66429 INFO tempest.lib.common.rest_client [req-48a5e66e-357f-4b76-9cd5-594bb4525f9b req-48a5e66e-357f-4b76-9cd5-594bb4525f9b ] Request (QuotaClassesAdminTestJSON:setUpClass): 201 POST http://10.180.1.21/identity/v3/projects 0.073s
2024-12-12 04:07:59.088 66465 INFO tempest.lib.common.rest_client [req-dbc9d299-a204-4259-9c14-7c80df86c3c7 req-dbc9d299-a204-4259-9c14-7c80df86c3c7 ] Request (ServersTestJSON:setUpClass): 204 PUT http://10.180.1.21/identity/v3/projects/7fc73a7e710740699197190d2471e66e/users/5f531f8c48d649d6a5cad826e89bbda7/roles/c28d286489714965af1f3c2e6cfa5d14 0.102s
2024-12-12 04:07:59.088 66465 INFO tempest.lib.common.dynamic_creds [-] Dynamic test user 5f531f8c48d649d6a5cad826e89bbda7 is created with scope project and roles: ['member']
2024-12-12 04:07:59.088 66465 INFO tempest.lib.common.dynamic_creds [-] Acquired dynamic creds: credentials: Credentials: {'domain_id': 'default', 'domain_name': 'Default', 'username': 'tempest-ServersTestJSON-345355090-project-member', 'project_domain_id': 'default', 'project_domain_name': 'Default', 'project_id': '7fc73a7e710740699197190d2471e66e', 'project_name': 'tempest-ServersTestJSON-345355090', 'tenant_id': '7fc73a7e710740699197190d2471e66e', 'tenant_name': 'tempest-ServersTestJSON-345355090', 'user_domain_id': 'default', 'user_domain_name': 'Default', 'user_id': '5f531f8c48d649d6a5cad826e89bbda7', 'system': None}, Network: None, Subnet: None, Router: None
2024-12-12 04:07:59.162 66475 INFO tempest.lib.common.rest_client [req-6667da03-2600-46ed-ad60-2fb529fb0c99 req-6667da03-2600-46ed-ad60-2fb529fb0c99 ] Request (NetworksTest:setUpClass): 201 POST http://10.180.1.21/identity/v3/auth/tokens 0.171s
2024-12-12 04:07:59.169 66447 INFO tempest.lib.common.rest_client [req-838d79dd-2c39-4935-8c01-9276ac7105b0 req-838d79dd-2c39-4935-8c01-9276ac7105b0 ] Request (QuotasAdminTestV236:test_get_updated_quotas): 200 GET http://10.180.1.21/compute/v2.1/os-quota-sets/f6f0952dd98a457d97fd295a1eba4f09/detail 1.719s
2024-12-12 04:07:59.176 66437 INFO tempest.lib.common.rest_client [req-a4dbf790-1ad5-4874-b811-79f4f3939699 req-a4dbf790-1ad5-4874-b811-79f4f3939699 ] Request (MultipleCreateNegativeTestJSON:test_min_count_non_integer): 400 POST http://10.180.1.21/compute/v2.1/servers 1.283s
2024-12-12 04:07:59.192 66465 INFO tempest.lib.common.rest_client [req-e46fac7a-3e6f-4005-9d39-ee3a7871e9aa req-e46fac7a-3e6f-4005-9d39-ee3a7871e9aa ] Request (ServersTestJSON:setUpClass): 201 POST http://10.180.1.21/identity/v3/auth/tokens 0.103s
2024-12-12 04:07:59.197 66429 INFO tempest.lib.common.rest_client [req-9f3b99d9-e1f4-4054-8ab9-856884837982 req-9f3b99d9-e1f4-4054-8ab9-856884837982 ] Request (QuotaClassesAdminTestJSON:setUpClass): 201 POST http://10.180.1.21/identity/v3/users 0.164s
2024-12-12 04:07:59.211 66439 INFO tempest.lib.common.rest_client [req-4e462ae0-4939-4d39-85ec-237712278f63 req-4e462ae0-4939-4d39-85ec-237712278f63 ] Request (ServerGroupTestJSON:setUpClass): 200 PUT http://10.180.1.21:9696/networking/v2.0/routers/96273d41-0f35-4e38-98d9-1d9668a14538/add_router_interface 4.694s
2024-12-12 04:07:59.211 66439 INFO tempest.lib.common.dynamic_creds [-] Created isolated network resources for: credentials: Credentials: {'domain_id': 'default', 'domain_name': 'Default', 'username': 'tempest-ServerGroupTestJSON-1194623295-project-member', 'project_domain_id': 'default', 'project_domain_name': 'Default', 'project_id': 'a6d8688cecda4b708eb3c3743eac2cda', 'project_name': 'tempest-ServerGroupTestJSON-1194623295', 'tenant_id': 'a6d8688cecda4b708eb3c3743eac2cda', 'tenant_name': 'tempest-ServerGroupTestJSON-1194623295', 'user_domain_id': 'default', 'user_domain_name': 'Default', 'user_id': 'e5a7d2fdd90c46ffa2f4f8cf3b941f4f', 'system': None}, Network: {'id': 'b64db68b-c94d-4b79-a625-11021d3bf7a9', 'name': 'tempest-ServerGroupTestJSON-404206685-network', 'tenant_id': 'a6d8688cecda4b708eb3c3743eac2cda', 'admin_state_up': True, 'mtu': 8950, 'status': 'ACTIVE', 'subnets': [], 'shared': False, 'project_id': 'a6d8688cecda4b708eb3c3743eac2cda', 'port_security_enabled': True, 'router:external': False, 'provider:network_type': 'vlan', 'provider:physical_network': 'default', 'provider:segmentation_id': 66, 'availability_zone_hints': [], 'availability_zones': [], 'ipv4_address_scope': None, 'ipv6_address_scope': None, 'description': '', 'tags': [], 'created_at': '2024-12-12T04:07:50Z', 'updated_at': '2024-12-12T04:07:50Z', 'revision_number': 1}, Subnet: {'id': '7eac4fae-f406-4437-b4a4-d2f17a2a387a', 'name': 'tempest-ServerGroupTestJSON-404206685-subnet', 'tenant_id': 'a6d8688cecda4b708eb3c3743eac2cda', 'network_id': 'b64db68b-c94d-4b79-a625-11021d3bf7a9', 'ip_version': 4, 'subnetpool_id': None, 'enable_dhcp': True, 'ipv6_ra_mode': None, 'ipv6_address_mode': None, 'gateway_ip': '192.168.128.1', 'cidr': '192.168.128.0/28', 'allocation_pools': [{'start': '192.168.128.2', 'end': '192.168.128.14'}], 'host_routes': [], 'dns_nameservers': [], 'description': '', 'router:external': False, 'service_types': [], 'tags': [], 'created_at': '2024-12-12T04:07:51Z', 'updated_at': '2024-12-12T04:07:51Z', 'revision_number': 0, 'project_id': 'a6d8688cecda4b708eb3c3743eac2cda'}, Router: {'id': '96273d41-0f35-4e38-98d9-1d9668a14538', 'name': 'tempest-ServerGroupTestJSON-404206685-router', 'tenant_id': 'a6d8688cecda4b708eb3c3743eac2cda', 'admin_state_up': True, 'status': 'ACTIVE', 'external_gateway_info': {'network_id': 'af4181f9-0a09-4513-8c8f-00b50cede199', 'external_fixed_ips': [{'subnet_id': '7d0f12a5-4ede-45c2-9449-40576789d889', 'ip_address': '10.180.180.246'}], 'enable_snat': True}, 'description': '', 'availability_zones': [], 'distributed': False, 'ha': False, 'availability_zone_hints': [], 'routes': [], 'flavor_id': None, 'tags': [], 'created_at': '2024-12-12T04:07:51Z', 'updated_at': '2024-12-12T04:07:52Z', 'revision_number': 2, 'project_id': 'a6d8688cecda4b708eb3c3743eac2cda'}
2024-12-12 04:07:59.217 66475 INFO tempest.lib.common.rest_client [req-2bfb36e7-c257-4e70-b7d1-439e6c6c500d req-2bfb36e7-c257-4e70-b7d1-439e6c6c500d ] Request (NetworksTest:setUpClass): 200 GET http://10.180.1.21/identity/v3/domains?name=Default 0.055s
2024-12-12 04:07:59.225 66447 INFO tempest.lib.common.rest_client [req-ba31d4e4-05d6-4dc6-8443-2c56bfe3fbb4 req-ba31d4e4-05d6-4dc6-8443-2c56bfe3fbb4 ] Request (QuotasAdminTestV236:test_get_updated_quotas): 200 GET http://10.180.1.21/identity/v3/domains?name=Default 0.050s
2024-12-12 04:07:59.251 66429 INFO tempest.lib.common.rest_client [req-3f62dedf-d565-4e57-bb9d-9d55f83744f3 req-3f62dedf-d565-4e57-bb9d-9d55f83744f3 ] Request (QuotaClassesAdminTestJSON:setUpClass): 200 GET http://10.180.1.21/identity/v3/roles 0.054s
2024-12-12 04:07:59.267 66457 INFO tempest.lib.common.rest_client [req-cc2beb5e-cd08-475a-a3ae-ac1009475324 req-cc2beb5e-cd08-475a-a3ae-ac1009475324 ] Request (TenantUsagesTestJSON:setUpClass): 200 GET http://10.180.1.21/compute/v2.1/servers/fea7bf50-e185-424d-ac38-637d23505f24 1.163s
2024-12-12 04:07:59.290 66437 INFO tempest.lib.common.rest_client [req-60ff9277-18bf-47b2-ab23-ab763b4f2961 req-60ff9277-18bf-47b2-ab23-ab763b4f2961 ] Request (MultipleCreateNegativeTestJSON:tearDownClass): 204 DELETE http://10.180.1.21/identity/v3/users/5f97dd9ae64640938db77df33c0d0d29 0.112s
2024-12-12 04:07:59.290 66437 INFO tempest.lib.common.dynamic_creds [-] Deleting project and security group for project: 4b3ea7b9f5964a509bc5a536dfbd934e
2024-12-12 04:07:59.354 66431 INFO tempest.lib.common.rest_client [req-a5ce5bac-a4d7-4cb4-9708-44a2ab79d9bd req-a5ce5bac-a4d7-4cb4-9708-44a2ab79d9bd ] Request (DeleteServersAdminTestJSON:test_admin_delete_servers_of_others): 200 GET http://10.180.1.21/compute/v2.1/servers/b7e2deae-fcf4-4feb-a1e9-a60ed65f3685 1.785s
2024-12-12 04:07:59.358 66439 INFO tempest.lib.common.rest_client [req-b726dfb4-ad56-4c9a-820a-5ee0bd605932 req-b726dfb4-ad56-4c9a-820a-5ee0bd605932 ] Request (ServerGroupTestJSON:setUpClass): 201 POST http://10.180.1.21/identity/v3/auth/tokens 0.141s
2024-12-12 04:07:59.397 66435 INFO tempest.lib.common.rest_client [req-37e003d2-50db-443e-a633-8dc944374ad7 req-37e003d2-50db-443e-a633-8dc944374ad7 ] Request (ListImageFiltersTestJSON:setUpClass): 200 GET http://10.180.1.21/compute/v2.1/images/163923c9-8fad-4dfd-998f-6a3497d5c464 1.060s
2024-12-12 04:07:59.448 66447 INFO tempest.lib.common.rest_client [req-59122844-9b8b-4cf8-afac-00b117ae767d req-59122844-9b8b-4cf8-afac-00b117ae767d ] Request (QuotasAdminTestV236:test_get_updated_quotas): 201 POST http://10.180.1.21/identity/v3/users 0.222s
2024-12-12 04:07:59.464 66475 INFO tempest.lib.common.rest_client [req-57b1e107-013d-4419-bba2-ee763282e5d0 req-57b1e107-013d-4419-bba2-ee763282e5d0 ] Request (NetworksTest:setUpClass): 201 POST http://10.180.1.21/identity/v3/projects 0.245s
2024-12-12 04:07:59.477 66429 INFO tempest.lib.common.rest_client [req-bfaecef4-ebc9-4d06-b0b9-ffc554e8124c req-bfaecef4-ebc9-4d06-b0b9-ffc554e8124c ] Request (QuotaClassesAdminTestJSON:setUpClass): 204 PUT http://10.180.1.21/identity/v3/projects/5e8da5c8f6374933a5c5d67214cce0be/users/68b77fa7c248456b814f21eafc1da6ee/roles/c28d286489714965af1f3c2e6cfa5d14 0.225s
2024-12-12 04:07:59.478 66429 INFO tempest.lib.common.dynamic_creds [-] Dynamic test user 68b77fa7c248456b814f21eafc1da6ee is created with scope project and roles: ['member']
2024-12-12 04:07:59.478 66429 INFO tempest.lib.common.dynamic_creds [-] Acquired dynamic creds: credentials: Credentials: {'domain_id': 'default', 'domain_name': 'Default', 'username': 'tempest-QuotaClassesAdminTestJSON-134154101-project-member', 'project_domain_id': 'default', 'project_domain_name': 'Default', 'project_id': '5e8da5c8f6374933a5c5d67214cce0be', 'project_name': 'tempest-QuotaClassesAdminTestJSON-134154101', 'tenant_id': '5e8da5c8f6374933a5c5d67214cce0be', 'tenant_name': 'tempest-QuotaClassesAdminTestJSON-134154101', 'user_domain_id': 'default', 'user_domain_name': 'Default', 'user_id': '68b77fa7c248456b814f21eafc1da6ee', 'system': None}, Network: None, Subnet: None, Router: None
2024-12-12 04:07:59.478 66429 INFO tempest.lib.common.dynamic_creds [-] Created isolated network resources for: credentials: Credentials: {'domain_id': 'default', 'domain_name': 'Default', 'username': 'tempest-QuotaClassesAdminTestJSON-134154101-project-member', 'project_domain_id': 'default', 'project_domain_name': 'Default', 'project_id': '5e8da5c8f6374933a5c5d67214cce0be', 'project_name': 'tempest-QuotaClassesAdminTestJSON-134154101', 'tenant_id': '5e8da5c8f6374933a5c5d67214cce0be', 'tenant_name': 'tempest-QuotaClassesAdminTestJSON-134154101', 'user_domain_id': 'default', 'user_domain_name': 'Default', 'user_id': '68b77fa7c248456b814f21eafc1da6ee', 'system': None}, Network: None, Subnet: None, Router: None
2024-12-12 04:07:59.485 66455 INFO tempest.lib.common.rest_client [req-783a5d3b-4084-4e96-9aca-784681548860 req-783a5d3b-4084-4e96-9aca-784681548860 ] Request (SecurityGroupsTestJSON:setUpClass): 200 PUT http://10.180.1.21:9696/networking/v2.0/routers/4088ff37-c320-440e-b074-175d8051be31/add_router_interface 4.684s
2024-12-12 04:07:59.486 66455 INFO tempest.lib.common.dynamic_creds [-] Created isolated network resources for: credentials: Credentials: {'domain_id': 'default', 'domain_name': 'Default', 'username': 'tempest-SecurityGroupsTestJSON-355364886-project-member', 'project_domain_id': 'default', 'project_domain_name': 'Default', 'project_id': '30bdec7b7a47457a9e30e219295c052e', 'project_name': 'tempest-SecurityGroupsTestJSON-355364886', 'tenant_id': '30bdec7b7a47457a9e30e219295c052e', 'tenant_name': 'tempest-SecurityGroupsTestJSON-355364886', 'user_domain_id': 'default', 'user_domain_name': 'Default', 'user_id': 'f358a36b56c54bcf9b393863a32369f2', 'system': None}, Network: {'id': 'e1ebbe51-d16a-41a6-8f01-3442513c584b', 'name': 'tempest-SecurityGroupsTestJSON-26824216-network', 'tenant_id': '30bdec7b7a47457a9e30e219295c052e', 'admin_state_up': True, 'mtu': 8950, 'status': 'ACTIVE', 'subnets': [], 'shared': False, 'project_id': '30bdec7b7a47457a9e30e219295c052e', 'port_security_enabled': True, 'router:external': False, 'provider:network_type': 'vlan', 'provider:physical_network': 'default', 'provider:segmentation_id': 853, 'availability_zone_hints': [], 'availability_zones': [], 'ipv4_address_scope': None, 'ipv6_address_scope': None, 'description': '', 'tags': [], 'created_at': '2024-12-12T04:07:50Z', 'updated_at': '2024-12-12T04:07:50Z', 'revision_number': 1}, Subnet: {'id': '63768ab7-a959-4810-bef9-9a622464ffa5', 'name': 'tempest-SecurityGroupsTestJSON-26824216-subnet', 'tenant_id': '30bdec7b7a47457a9e30e219295c052e', 'network_id': 'e1ebbe51-d16a-41a6-8f01-3442513c584b', 'ip_version': 4, 'subnetpool_id': None, 'enable_dhcp': True, 'ipv6_ra_mode': None, 'ipv6_address_mode': None, 'gateway_ip': '192.168.128.1', 'cidr': '192.168.128.0/28', 'allocation_pools': [{'start': '192.168.128.2', 'end': '192.168.128.14'}], 'host_routes': [], 'dns_nameservers': [], 'description': '', 'router:external': False, 'service_types': [], 'tags': [], 'created_at': '2024-12-12T04:07:51Z', 'updated_at': '2024-12-12T04:07:51Z', 'revision_number': 0, 'project_id': '30bdec7b7a47457a9e30e219295c052e'}, Router: {'id': '4088ff37-c320-440e-b074-175d8051be31', 'name': 'tempest-SecurityGroupsTestJSON-26824216-router', 'tenant_id': '30bdec7b7a47457a9e30e219295c052e', 'admin_state_up': True, 'status': 'ACTIVE', 'external_gateway_info': {'network_id': 'af4181f9-0a09-4513-8c8f-00b50cede199', 'external_fixed_ips': [{'subnet_id': '7d0f12a5-4ede-45c2-9449-40576789d889', 'ip_address': '10.180.180.201'}], 'enable_snat': True}, 'description': '', 'availability_zones': [], 'distributed': False, 'ha': False, 'availability_zone_hints': [], 'routes': [], 'flavor_id': None, 'tags': [], 'created_at': '2024-12-12T04:07:51Z', 'updated_at': '2024-12-12T04:07:53Z', 'revision_number': 2, 'project_id': '30bdec7b7a47457a9e30e219295c052e'}
2024-12-12 04:07:59.548 66437 INFO tempest.lib.common.rest_client [req-fef78296-f9da-4626-adfe-88fdf5bf207a req-fef78296-f9da-4626-adfe-88fdf5bf207a ] Request (MultipleCreateNegativeTestJSON:tearDownClass): 201 POST http://10.180.1.21/identity/v3/auth/tokens 0.258s
2024-12-12 04:07:59.585 66449 INFO tempest.lib.common.rest_client [req-5ff65996-8f3a-44aa-8938-5ae58d323c64 req-5ff65996-8f3a-44aa-8938-5ae58d323c64 ] Request (TenantUsagesNegativeTestJSON:test_get_usage_tenant_with_empty_tenant_id): 404 GET http://10.180.1.21/compute/v2.1/os-simple-tenant-usage/?start=2024-12-11T04%3A07%3A58.384936&end=2024-12-13T04%3A07%3A58.384936 1.199s
2024-12-12 04:07:59.597 66475 INFO tempest.lib.common.rest_client [req-26d471bc-91c3-4f55-816b-58f3918ca3fb req-26d471bc-91c3-4f55-816b-58f3918ca3fb ] Request (NetworksTest:setUpClass): 201 POST http://10.180.1.21/identity/v3/users 0.133s
2024-12-12 04:07:59.610 66447 INFO tempest.lib.common.rest_client [req-d0427c0c-3e49-4663-8e0e-946815ee67ad req-d0427c0c-3e49-4663-8e0e-946815ee67ad ] Request (QuotasAdminTestV236:test_get_updated_quotas): 200 GET http://10.180.1.21/identity/v3/domains?name=Default 0.161s
2024-12-12 04:07:59.623 66425 INFO tempest.lib.common.rest_client [req-5d6b4dbd-2498-4e19-8abd-30c43350d50b req-5d6b4dbd-2498-4e19-8abd-30c43350d50b ] Request (AggregatesAdminNegativeTestJSON:_run_cleanups): 200 DELETE http://10.180.1.21/compute/v2.1/os-aggregates/4 1.157s
2024-12-12 04:07:59.645 66423 INFO tempest.lib.common.rest_client [req-406bb8a8-b247-4148-aab4-3945f257f30c req-406bb8a8-b247-4148-aab4-3945f257f30c ] Request (ServersWithSpecificFlavorTestJSON:test_verify_created_server_ephemeral_disk): 200 GET http://10.180.1.21/compute/v2.1/flavors/42/os-extra_specs 1.069s
2024-12-12 04:07:59.648 66419 INFO tempest.lib.common.rest_client [req-cd92e9a3-31ad-41b3-a36e-00b65f45dd54 req-cd92e9a3-31ad-41b3-a36e-00b65f45dd54 ] Request (HostsAdminNegativeTestJSON:test_shutdown_host_with_non_admin_user): 403 GET http://10.180.1.21/compute/v2.1/os-hosts/devstack/shutdown 1.052s
2024-12-12 04:07:59.670 66429 INFO tempest.lib.common.rest_client [req-c9a16a83-7098-46bd-bc68-4584af4fd00f req-c9a16a83-7098-46bd-bc68-4584af4fd00f ] Request (QuotaClassesAdminTestJSON:setUpClass): 201 POST http://10.180.1.21/identity/v3/auth/tokens 0.186s
2024-12-12 04:07:59.695 66455 INFO tempest.lib.common.rest_client [req-7a528be1-9d02-4a09-b36c-b230b6b16a6a req-7a528be1-9d02-4a09-b36c-b230b6b16a6a ] Request (SecurityGroupsTestJSON:setUpClass): 201 POST http://10.180.1.21/identity/v3/auth/tokens 0.203s
2024-12-12 04:07:59.703 66473 INFO tempest.lib.common.rest_client [req-8c64b6a8-f0bf-419f-8742-f201865b22c0 req-8c64b6a8-f0bf-419f-8742-f201865b22c0 ] Request (KeyPairsV22TestJSON:test_keypair_create_with_pub_key): 201 POST http://10.180.1.21/compute/v2.1/os-keypairs 1.096s
2024-12-12 04:07:59.721 66481 INFO tempest.lib.common.rest_client [req-002e9b4b-2570-429f-b4ed-67323c4987b9 req-002e9b4b-2570-429f-b4ed-67323c4987b9 ] Request (AttachInterfacesV270Test:test_create_get_list_interfaces): 200 GET http://10.180.1.21/compute/v2.1/servers/02b49447-a9b7-4211-aab7-109d315c2af6 1.568s
2024-12-12 04:07:59.737 66475 INFO tempest.lib.common.rest_client [req-5221a69c-bdbf-4828-aef0-adb77316e257 req-5221a69c-bdbf-4828-aef0-adb77316e257 ] Request (NetworksTest:setUpClass): 200 GET http://10.180.1.21/identity/v3/roles 0.139s
2024-12-12 04:07:59.768 66429 INFO tempest.lib.common.rest_client [req-77c1ec98-cf70-41b0-a33c-2442d35301f7 req-77c1ec98-cf70-41b0-a33c-2442d35301f7 ] Request (QuotaClassesAdminTestJSON:setUpClass): 201 POST http://10.180.1.21/identity/v3/projects 0.097s
2024-12-12 04:07:59.787 66475 INFO tempest.lib.common.rest_client [req-c5e80d23-ee6d-4531-b006-4c2c6929743d req-c5e80d23-ee6d-4531-b006-4c2c6929743d ] Request (NetworksTest:setUpClass): 204 PUT http://10.180.1.21/identity/v3/projects/cbf0c194dde947f9809c3858b788204d/users/20bd6280616543b29ab1d900c19e3c48/roles/c28d286489714965af1f3c2e6cfa5d14 0.050s
2024-12-12 04:07:59.788 66475 INFO tempest.lib.common.dynamic_creds [-] Dynamic test user 20bd6280616543b29ab1d900c19e3c48 is created with scope project and roles: ['member']
2024-12-12 04:07:59.788 66475 INFO tempest.lib.common.dynamic_creds [-] Acquired dynamic creds: credentials: Credentials: {'domain_id': 'default', 'domain_name': 'Default', 'username': 'tempest-NetworksTest-117862973-project-member', 'project_domain_id': 'default', 'project_domain_name': 'Default', 'project_id': 'cbf0c194dde947f9809c3858b788204d', 'project_name': 'tempest-NetworksTest-117862973', 'tenant_id': 'cbf0c194dde947f9809c3858b788204d', 'tenant_name': 'tempest-NetworksTest-117862973', 'user_domain_id': 'default', 'user_domain_name': 'Default', 'user_id': '20bd6280616543b29ab1d900c19e3c48', 'system': None}, Network: None, Subnet: None, Router: None
2024-12-12 04:07:59.788 66475 INFO tempest.lib.common.dynamic_creds [-] Created isolated network resources for: credentials: Credentials: {'domain_id': 'default', 'domain_name': 'Default', 'username': 'tempest-NetworksTest-117862973-project-member', 'project_domain_id': 'default', 'project_domain_name': 'Default', 'project_id': 'cbf0c194dde947f9809c3858b788204d', 'project_name': 'tempest-NetworksTest-117862973', 'tenant_id': 'cbf0c194dde947f9809c3858b788204d', 'tenant_name': 'tempest-NetworksTest-117862973', 'user_domain_id': 'default', 'user_domain_name': 'Default', 'user_id': '20bd6280616543b29ab1d900c19e3c48', 'system': None}, Network: None, Subnet: None, Router: None
2024-12-12 04:07:59.862 66429 INFO tempest.lib.common.rest_client [req-9be8f2be-46ce-4b05-9073-81f03bc2147d req-9be8f2be-46ce-4b05-9073-81f03bc2147d ] Request (QuotaClassesAdminTestJSON:setUpClass): 201 POST http://10.180.1.21/identity/v3/users 0.093s
2024-12-12 04:07:59.951 66475 INFO tempest.lib.common.rest_client [req-b8114267-c7fc-4233-bc9a-f61ad200e4f1 req-b8114267-c7fc-4233-bc9a-f61ad200e4f1 ] Request (NetworksTest:setUpClass): 201 POST http://10.180.1.21/identity/v3/auth/tokens 0.156s
2024-12-12 04:07:59.962 66429 INFO tempest.lib.common.rest_client [req-77b5500e-a9ad-455e-aad2-e6ae4095d626 req-77b5500e-a9ad-455e-aad2-e6ae4095d626 ] Request (QuotaClassesAdminTestJSON:setUpClass): 200 GET http://10.180.1.21/identity/v3/roles 0.099s
2024-12-12 04:07:59.980 66463 INFO tempest.lib.common.rest_client [req-acef3611-14b1-47db-be47-94d6eb92eaff req-acef3611-14b1-47db-be47-94d6eb92eaff ] Request (FlavorsAccessNegativeTestJSON:_run_cleanups): 200 POST http://10.180.1.21/compute/v2.1/flavors/2144753142/action 1.366s
2024-12-12 04:07:59.995 66429 INFO tempest.lib.common.rest_client [req-fcc14a3b-72bd-4ecf-869f-0a7153d33a93 req-fcc14a3b-72bd-4ecf-869f-0a7153d33a93 ] Request (QuotaClassesAdminTestJSON:setUpClass): 204 PUT http://10.180.1.21/identity/v3/projects/7bb6afb08fe946679688b22ab19b392b/users/5879c3e3dab0461ba08357e8da326087/roles/c4593e2c138149609756d677087e2cff 0.032s
2024-12-12 04:08:00.000 66475 INFO tempest.lib.common.rest_client [req-f394ddc4-e7b6-44ae-8a92-0ce5d997dfda req-f394ddc4-e7b6-44ae-8a92-0ce5d997dfda ] Request (NetworksTest:setUpClass): 201 POST http://10.180.1.21/identity/v3/projects 0.049s
