2024-12-12 04:09:14.616 66445 INFO tempest.lib.common.rest_client [req-7afd4542-d37b-4fcb-938f-41934bc98057 req-7afd4542-d37b-4fcb-938f-41934bc98057 ] Request (MigrationsAdminTest:test_list_migrations_in_flavor_resize_situation): 200 GET http://10.180.1.21/compute/v2.1/servers/d6e0f5ce-2f94-4959-8290-50e3ddd78cb8 0.095s
2024-12-12 04:09:14.644 66425 INFO tempest.lib.common.rest_client [req-97eb39f6-b749-4127-9a5a-0434767e49e8 req-97eb39f6-b749-4127-9a5a-0434767e49e8 ] Request (AttachInterfacesTestJSON:test_create_list_show_delete_interfaces_by_fixed_ip): 200 GET http://10.180.1.21/compute/v2.1/servers/ff7d6d11-ae9a-4743-bc2e-a87b230dd25f 0.067s
2024-12-12 04:09:14.692 66461 INFO tempest.lib.common.rest_client [req-862b2d96-b275-4ee6-8893-a3c6ece40835 req-862b2d96-b275-4ee6-8893-a3c6ece40835 ] Request (ServerDiagnosticsV248Test:tearDownClass): 200 GET http://10.180.1.21:9696/networking/v2.0/security-groups?tenant_id=dc7b21886bd14f3e9ddcfbccfd06a2ab&name=default 0.168s
2024-12-12 04:09:14.696 66467 INFO tempest.lib.common.rest_client [req-3de5d3de-12af-437a-a985-71af944a5c9f req-3de5d3de-12af-437a-a985-71af944a5c9f ] Request (ImagesNegativeTestJSON:test_create_image_from_deleted_server): 200 GET http://10.180.1.21/compute/v2.1/servers/9ca1c53f-a3c9-4e10-93d9-6968b27c950c 0.058s
2024-12-12 04:09:14.756 66457 INFO tempest.lib.common.rest_client [req-dcb44116-16ca-43f5-a5ec-f86acc5e21c2 req-dcb44116-16ca-43f5-a5ec-f86acc5e21c2 ] Request (FloatingIPsTestJSON:tearDownClass): 204 DELETE http://10.180.1.21:9696/networking/v2.0/routers/beae5415-bd0e-46cf-a8a6-04fa274d52d6 0.486s
2024-12-12 04:09:14.759 66419 INFO tempest.lib.common.rest_client [req-bc077fbe-4c6a-4265-9c22-f9f2cf31fd2f req-bc077fbe-4c6a-4265-9c22-f9f2cf31fd2f ] Request (ServersTestMultiNic:test_verify_duplicate_network_nics): 200 GET http://10.180.1.21/compute/v2.1/servers/c1f64b71-da0f-4dea-ac86-69535f33fe2f 0.063s
2024-12-12 04:09:14.773 66455 INFO tempest.lib.common.rest_client [req-add69a7b-9764-4910-afa2-fb3e86359f39 req-add69a7b-9764-4910-afa2-fb3e86359f39 ] Request (SecurityGroupsTestJSON:test_server_security_groups): 200 GET http://10.180.1.21/compute/v2.1/servers/7fd6e7e6-ab96-43e0-ad2c-b92b0e00d1f9 0.062s
2024-12-12 04:09:14.817 66481 INFO tempest.lib.common.rest_client [req-d5a441d0-a48c-471d-9013-6df674e74049 req-d5a441d0-a48c-471d-9013-6df674e74049 ] Request (InstanceActionsV221TestJSON:test_get_list_deleted_instance_actions): 200 GET http://10.180.1.21/compute/v2.1/servers/a5a576ef-c335-4e2b-86d9-2aa761f433c4 0.066s
2024-12-12 04:09:14.840 66479 INFO tempest.lib.common.rest_client [req-fa80e01b-3dd6-4b30-bc48-f33ac158acaf req-fa80e01b-3dd6-4b30-bc48-f33ac158acaf ] Request (ServerDiskConfigTestJSON:test_rebuild_server_with_manual_disk_config): 200 GET http://10.180.1.21/compute/v2.1/servers/0f5605a1-ed47-441b-a530-be9e29189b4e 0.064s
2024-12-12 04:09:14.868 66461 INFO tempest.lib.common.rest_client [req-949e784b-42e0-4fba-86a6-ea953310b674 req-949e784b-42e0-4fba-86a6-ea953310b674 ] Request (ServerDiagnosticsV248Test:tearDownClass): 204 DELETE http://10.180.1.21:9696/networking/v2.0/security-groups/8abe0ca9-bbb9-4f95-92dd-5542921be713 0.175s
2024-12-12 04:09:14.884 66443 INFO tempest.lib.common.rest_client [req-8b6cfe73-361a-4f43-b2ff-1f8e01532f07 req-8b6cfe73-361a-4f43-b2ff-1f8e01532f07 ] Request (FloatingIPsAssociationNegativeTestJSON:setUpClass): 200 GET http://10.180.1.21/compute/v2.1/servers/92a6b23c-ca32-4367-879b-48ee21051ac4 0.055s
2024-12-12 04:09:14.910 66457 INFO tempest.lib.common.rest_client [req-96d7c00b-82c5-4b60-81b1-7afa88808e9a req-96d7c00b-82c5-4b60-81b1-7afa88808e9a ] Request (FloatingIPsTestJSON:tearDownClass): 204 DELETE http://10.180.1.21:9696/networking/v2.0/subnets/4ac944f0-d6d6-4c77-ba70-ad4c07b4d3aa 0.153s
2024-12-12 04:09:15.000 66461 INFO tempest.lib.common.rest_client [req-5d0e9413-0f7d-485f-a5de-8572d2ab241a req-5d0e9413-0f7d-485f-a5de-8572d2ab241a ] Request (ServerDiagnosticsV248Test:tearDownClass): 204 DELETE http://10.180.1.21/identity/v3/projects/dc7b21886bd14f3e9ddcfbccfd06a2ab 0.128s
2024-12-12 04:09:15.079 66461 INFO tempest.lib.common.rest_client [req-67292812-2239-4680-9601-464a65b15b84 req-67292812-2239-4680-9601-464a65b15b84 ] Request (FloatingIPDetailsNegativeTestJSON:setUpClass): 201 POST http://10.180.1.21/identity/v3/auth/tokens 0.077s
2024-12-12 04:09:15.113 66441 INFO tempest.lib.common.rest_client [req-b4d9b4f4-a6b7-4da8-897b-b313fdfb9edf req-b4d9b4f4-a6b7-4da8-897b-b313fdfb9edf ] Request (ListServerFiltersTestJSON:tearDownClass): 200 GET http://10.180.1.21/compute/v2.1/servers/ec62da43-efbd-47f1-a571-eee886593309 0.096s
2024-12-12 04:09:15.113 66461 INFO tempest.lib.common.rest_client [req-769ebd0a-baf2-433b-ac4b-0ed101ee7dbe req-769ebd0a-baf2-433b-ac4b-0ed101ee7dbe ] Request (FloatingIPDetailsNegativeTestJSON:setUpClass): 201 POST http://10.180.1.21/identity/v3/auth/tokens 0.032s
2024-12-12 04:09:15.141 66461 INFO tempest.lib.common.rest_client [req-ecf6e05b-522a-462e-a599-08fc7a0a5f6a req-ecf6e05b-522a-462e-a599-08fc7a0a5f6a ] Request (FloatingIPDetailsNegativeTestJSON:setUpClass): 200 GET http://10.180.1.21/identity/v3/domains?name=Default 0.027s
2024-12-12 04:09:15.174 66461 INFO tempest.lib.common.rest_client [req-26f611f0-fcac-46e9-b1fa-c894712bc3b2 req-26f611f0-fcac-46e9-b1fa-c894712bc3b2 ] Request (FloatingIPDetailsNegativeTestJSON:setUpClass): 201 POST http://10.180.1.21/identity/v3/projects 0.033s
2024-12-12 04:09:15.238 66461 INFO tempest.lib.common.rest_client [req-ec484e5d-1773-4f60-a122-c2382dc53e9e req-ec484e5d-1773-4f60-a122-c2382dc53e9e ] Request (FloatingIPDetailsNegativeTestJSON:setUpClass): 201 POST http://10.180.1.21/identity/v3/users 0.063s
2024-12-12 04:09:15.259 66461 INFO tempest.lib.common.rest_client [req-2d163b77-5dcc-424b-ba51-2eb6fad23619 req-2d163b77-5dcc-424b-ba51-2eb6fad23619 ] Request (FloatingIPDetailsNegativeTestJSON:setUpClass): 200 GET http://10.180.1.21/identity/v3/roles 0.020s
2024-12-12 04:09:15.263 66437 INFO tempest.lib.common.rest_client [req-7e2a8a36-7595-4bf0-8457-adefecbf77d5 req-7e2a8a36-7595-4bf0-8457-adefecbf77d5 ] Request (ServerActionsTestJSON:setUpClass): 200 GET http://10.180.1.21/compute/v2.1/servers/af4e70dc-80ab-4d2e-a8ef-a9182e6f4742 0.120s
2024-12-12 04:09:15.270 66457 INFO tempest.lib.common.rest_client [req-ee054265-730a-463a-948b-cda07a8c4601 req-ee054265-730a-463a-948b-cda07a8c4601 ] Request (FloatingIPsTestJSON:tearDownClass): 204 DELETE http://10.180.1.21:9696/networking/v2.0/networks/adb4d318-555c-47ce-af20-d9316b82641f 0.360s
2024-12-12 04:09:15.287 66461 INFO tempest.lib.common.rest_client [req-d7dd30f6-742b-4baa-b383-67badf0bdc07 req-d7dd30f6-742b-4baa-b383-67badf0bdc07 ] Request (FloatingIPDetailsNegativeTestJSON:setUpClass): 204 PUT http://10.180.1.21/identity/v3/projects/e0372d197ce349e3993458191c38a39b/users/064100d0f1dd4430a87752e51d06b7ef/roles/c28d286489714965af1f3c2e6cfa5d14 0.028s
2024-12-12 04:09:15.288 66461 INFO tempest.lib.common.dynamic_creds [-] Dynamic test user 064100d0f1dd4430a87752e51d06b7ef is created with scope project and roles: ['member']
2024-12-12 04:09:15.288 66461 INFO tempest.lib.common.dynamic_creds [-] Acquired dynamic creds: credentials: Credentials: {'domain_id': 'default', 'domain_name': 'Default', 'username': 'tempest-FloatingIPDetailsNegativeTestJSON-1878537943-project-member', 'project_domain_id': 'default', 'project_domain_name': 'Default', 'project_id': 'e0372d197ce349e3993458191c38a39b', 'project_name': 'tempest-FloatingIPDetailsNegativeTestJSON-1878537943', 'tenant_id': 'e0372d197ce349e3993458191c38a39b', 'tenant_name': 'tempest-FloatingIPDetailsNegativeTestJSON-1878537943', 'user_domain_id': 'default', 'user_domain_name': 'Default', 'user_id': '064100d0f1dd4430a87752e51d06b7ef', 'system': None}, Network: None, Subnet: None, Router: None
2024-12-12 04:09:15.316 66431 INFO tempest.lib.common.rest_client [req-1a16f958-5ff0-419b-baa2-d4dc99031ce3 req-1a16f958-5ff0-419b-baa2-d4dc99031ce3 ] Request (DeleteServersAdminTestJSON:test_delete_server_while_in_error_state): 200 GET http://10.180.1.21/compute/v2.1/servers/a3f70337-5323-420d-8eb4-f55093055017 0.120s
2024-12-12 04:09:15.336 66475 INFO tempest.lib.common.rest_client [req-5c1a8b14-40cc-493c-b12a-9ba4edadb24e req-5c1a8b14-40cc-493c-b12a-9ba4edadb24e ] Request (DeleteServersTestJSON:test_delete_active_server): 200 GET http://10.180.1.21/compute/v2.1/servers/9650e1a7-4ca0-4d1c-b42d-72ae13345ce3 0.164s
2024-12-12 04:09:15.354 66461 INFO tempest.lib.common.rest_client [req-19d13c7d-1e7b-41b2-a48b-dc1524be0bcc req-19d13c7d-1e7b-41b2-a48b-dc1524be0bcc ] Request (FloatingIPDetailsNegativeTestJSON:setUpClass): 201 POST http://10.180.1.21/identity/v3/auth/tokens 0.066s
2024-12-12 04:09:15.368 66439 INFO tempest.lib.common.rest_client [req-2d6672ba-3659-4438-8dcd-2975636cc3ab req-2d6672ba-3659-4438-8dcd-2975636cc3ab ] Request (ServerGroupTestJSON:test_create_server_with_scheduler_hint_group): 200 GET http://10.180.1.21/compute/v2.1/servers/a2b470ae-e305-46e1-b1b7-ea102aa31410 0.124s
2024-12-12 04:09:15.394 66447 INFO tempest.lib.common.rest_client [req-254703d0-28a4-41e0-9da9-409c730ec0bc req-254703d0-28a4-41e0-9da9-409c730ec0bc ] Request (InstanceActionsNegativeTestJSON:setUpClass): 200 GET http://10.180.1.21/compute/v2.1/servers/b9e6a0c8-4546-441b-9723-9299629a0797 0.129s
2024-12-12 04:09:15.404 66457 INFO tempest.lib.common.rest_client [req-30e54d46-0cb8-4dd0-826d-ebb8e6172c53 req-30e54d46-0cb8-4dd0-826d-ebb8e6172c53 ] Request (FloatingIPsTestJSON:tearDownClass): 204 DELETE http://10.180.1.21/identity/v3/users/316f7461f1054940b4e2279e2956da43 0.133s
2024-12-12 04:09:15.404 66457 INFO tempest.lib.common.dynamic_creds [-] Deleting project and security group for project: 6d324e55aa7a4a37bb45bed6ed3b7a39
2024-12-12 04:09:15.421 66433 INFO tempest.lib.common.rest_client [req-6f65c82d-b058-484f-93bc-4d504b5eaafc req-6f65c82d-b058-484f-93bc-4d504b5eaafc ] Request (ServerDiagnosticsTest:test_get_server_diagnostics): 200 GET http://10.180.1.21/compute/v2.1/servers/f47d6117-8bd2-4a5e-9b70-a50b91d43c22 0.107s
2024-12-12 04:09:15.452 66451 INFO tempest.lib.common.rest_client [req-0d4a53f7-36dd-4500-a480-86739bfb551f req-0d4a53f7-36dd-4500-a480-86739bfb551f ] Request (ImagesOneServerTestJSON:setUpClass): 200 GET http://10.180.1.21/compute/v2.1/servers/68ddca02-f367-45b8-898c-2dcbc3628ed8 0.125s
2024-12-12 04:09:15.464 66457 INFO tempest.lib.common.rest_client [req-8065f8bb-eb2c-4ebd-8d32-365c2db515b0 req-8065f8bb-eb2c-4ebd-8d32-365c2db515b0 ] Request (FloatingIPsTestJSON:tearDownClass): 200 GET http://10.180.1.21:9696/networking/v2.0/security-groups?tenant_id=6d324e55aa7a4a37bb45bed6ed3b7a39&name=default 0.060s
2024-12-12 04:09:15.498 66473 INFO tempest.lib.common.rest_client [req-3b6c49fc-dec6-4c5f-9672-6b113040e547 req-3b6c49fc-dec6-4c5f-9672-6b113040e547 ] Request (ServerMetadataNegativeTestJSON:setUpClass): 200 GET http://10.180.1.21/compute/v2.1/servers/b4bb066c-7c9b-44cc-a73f-aeaaea0b8d43 0.118s
2024-12-12 04:09:15.541 66471 INFO tempest.lib.common.rest_client [req-c3fe8e65-1147-4631-be84-d6dfc805c523 req-c3fe8e65-1147-4631-be84-d6dfc805c523 ] Request (ServerActionsV293TestJSON:setUpClass): 200 GET http://10.180.1.21/compute/v2.1/servers/9c69338b-0913-4f03-9989-d21ce7d5cc0d 0.148s
2024-12-12 04:09:15.555 66435 INFO tempest.lib.common.rest_client [req-1ec588e3-3c08-4e77-b980-2b0f6a56e1df req-1ec588e3-3c08-4e77-b980-2b0f6a56e1df ] Request (ListImageFiltersTestJSON:setUpClass): 200 GET http://10.180.1.21/compute/v2.1/servers/881b4d51-c47d-42f3-9d53-afb82101d16d 0.112s
2024-12-12 04:09:15.592 66457 INFO tempest.lib.common.rest_client [req-89719ff4-318d-4d20-81f7-83e88b69ca21 req-89719ff4-318d-4d20-81f7-83e88b69ca21 ] Request (FloatingIPsTestJSON:tearDownClass): 204 DELETE http://10.180.1.21:9696/networking/v2.0/security-groups/4c85b738-93a0-486f-a25a-89e83dbdc7a9 0.127s
2024-12-12 04:09:15.616 66421 INFO tempest.lib.common.rest_client [req-70decb5f-6be1-425f-857f-42e256aa3ebd req-70decb5f-6be1-425f-857f-42e256aa3ebd ] Request (ServersAdminNegativeTestJSON:tearDownClass): 200 GET http://10.180.1.21/compute/v2.1/servers/0e032613-906c-4fbc-89ea-39b0dc80b83a 0.172s
2024-12-12 04:09:15.627 66427 INFO tempest.lib.common.rest_client [req-27a86cb0-273f-47f2-9a2f-d1d2e0f43fdc req-27a86cb0-273f-47f2-9a2f-d1d2e0f43fdc ] Request (ServersAdmin275Test:tearDownClass): 200 GET http://10.180.1.21/compute/v2.1/servers/579b7927-f6f1-4c8e-a217-0687d3afe2b4 0.118s
2024-12-12 04:09:15.676 66429 INFO tempest.lib.common.rest_client [req-e3bcb5b2-ea80-4c43-b21a-6e8de1e76a05 req-e3bcb5b2-ea80-4c43-b21a-6e8de1e76a05 ] Request (ServerRescueNegativeTestJSON:setUpClass): 200 GET http://10.180.1.21/compute/v2.1/servers/8b9ab780-d137-461e-afa9-3a820bbfa265 0.082s
2024-12-12 04:09:15.678 66459 INFO tempest.lib.common.rest_client [req-d7f1b4fd-c260-4a45-9a78-5153824200a8 req-d7f1b4fd-c260-4a45-9a78-5153824200a8 ] Request (FloatingIPsAssociationTestJSON:test_associate_already_associated_floating_ip): 200 GET http://10.180.1.21/compute/v2.1/servers/466a79b6-421d-4246-9c1e-c50f87fed926 0.130s
2024-12-12 04:09:15.731 66457 INFO tempest.lib.common.rest_client [req-38786169-48cc-48ff-9c13-c17861cec3e9 req-38786169-48cc-48ff-9c13-c17861cec3e9 ] Request (FloatingIPsTestJSON:tearDownClass): 204 DELETE http://10.180.1.21/identity/v3/projects/6d324e55aa7a4a37bb45bed6ed3b7a39 0.138s
2024-12-12 04:09:15.738 66425 INFO tempest.lib.common.rest_client [req-04b9f440-2bee-4036-ba83-20dfda0db1c9 req-04b9f440-2bee-4036-ba83-20dfda0db1c9 ] Request (AttachInterfacesTestJSON:test_create_list_show_delete_interfaces_by_fixed_ip): 200 GET http://10.180.1.21/compute/v2.1/servers/ff7d6d11-ae9a-4743-bc2e-a87b230dd25f 0.083s
2024-12-12 04:09:15.748 66461 INFO tempest.lib.common.rest_client [req-a5e0290e-b194-4200-9b5c-d7893a53743c req-a5e0290e-b194-4200-9b5c-d7893a53743c ] Request (FloatingIPDetailsNegativeTestJSON:setUpClass): 201 POST http://10.180.1.21:9696/networking/v2.0/networks 0.393s
2024-12-12 04:09:15.764 66467 INFO tempest.lib.common.rest_client [req-30b1f591-297b-4472-8b26-963bd85ba2d2 req-30b1f591-297b-4472-8b26-963bd85ba2d2 ] Request (ImagesNegativeTestJSON:test_create_image_from_deleted_server): 404 GET http://10.180.1.21/compute/v2.1/servers/9ca1c53f-a3c9-4e10-93d9-6968b27c950c 0.061s
2024-12-12 04:09:15.791 66467 INFO tempest.lib.common.rest_client [req-3e08b002-42d9-4af4-bfbd-0223f612cfd4 req-3e08b002-42d9-4af4-bfbd-0223f612cfd4 ] Request (ImagesNegativeTestJSON:test_create_image_from_deleted_server): 404 POST http://10.180.1.21/compute/v2.1/servers/9ca1c53f-a3c9-4e10-93d9-6968b27c950c/action 0.027s
2024-12-12 04:09:15.826 66457 INFO tempest.lib.common.rest_client [req-7ae9a43b-da3f-4975-b140-b174f2e92f8a req-7ae9a43b-da3f-4975-b140-b174f2e92f8a ] Request (ServerAddressesTestJSON:setUpClass): 201 POST http://10.180.1.21/identity/v3/auth/tokens 0.093s
2024-12-12 04:09:15.850 66419 INFO tempest.lib.common.rest_client [req-3766ce54-6ae4-491d-b5cb-44d50e5b6330 req-3766ce54-6ae4-491d-b5cb-44d50e5b6330 ] Request (ServersTestMultiNic:test_verify_duplicate_network_nics): 200 GET http://10.180.1.21/compute/v2.1/servers/c1f64b71-da0f-4dea-ac86-69535f33fe2f 0.083s
2024-12-12 04:09:15.864 66457 INFO tempest.lib.common.rest_client [req-0ff6e9c2-43eb-49c1-9a8a-93b7b3d34c13 req-0ff6e9c2-43eb-49c1-9a8a-93b7b3d34c13 ] Request (ServerAddressesTestJSON:setUpClass): 201 POST http://10.180.1.21/identity/v3/auth/tokens 0.035s
2024-12-12 04:09:15.864 66445 INFO tempest.lib.common.rest_client [req-80fb353a-b599-4bc1-9d29-1e51e5f3fa42 req-80fb353a-b599-4bc1-9d29-1e51e5f3fa42 ] Request (MigrationsAdminTest:test_list_migrations_in_flavor_resize_situation): 200 GET http://10.180.1.21/compute/v2.1/servers/d6e0f5ce-2f94-4959-8290-50e3ddd78cb8 0.240s
2024-12-12 04:09:15.870 66467 INFO tempest.lib.common.rest_client [req-ffead65b-946b-46fd-9a33-22e22f515c20 req-ffead65b-946b-46fd-9a33-22e22f515c20 ] Request (ImagesNegativeTestJSON:test_create_image_from_invalid_server): 404 POST http://10.180.1.21/compute/v2.1/servers/tempest-invalid-2069455875/action 0.077s
2024-12-12 04:09:15.893 66457 INFO tempest.lib.common.rest_client [req-16675ad1-790f-41da-ae37-583a3d917135 req-16675ad1-790f-41da-ae37-583a3d917135 ] Request (ServerAddressesTestJSON:setUpClass): 200 GET http://10.180.1.21/identity/v3/domains?name=Default 0.029s
2024-12-12 04:09:15.916 66455 INFO tempest.lib.common.rest_client [req-e3827e07-5fee-4085-a82f-58de841541d0 req-e3827e07-5fee-4085-a82f-58de841541d0 ] Request (SecurityGroupsTestJSON:test_server_security_groups): 200 GET http://10.180.1.21/compute/v2.1/servers/7fd6e7e6-ab96-43e0-ad2c-b92b0e00d1f9 0.134s
2024-12-12 04:09:15.938 66457 INFO tempest.lib.common.rest_client [req-cce9783b-e541-45ed-a0b8-4aa9fcd7f511 req-cce9783b-e541-45ed-a0b8-4aa9fcd7f511 ] Request (ServerAddressesTestJSON:setUpClass): 201 POST http://10.180.1.21/identity/v3/projects 0.044s
2024-12-12 04:09:15.939 66481 INFO tempest.lib.common.rest_client [req-ac000359-80ce-44b5-803d-5d3cb7531304 req-ac000359-80ce-44b5-803d-5d3cb7531304 ] Request (InstanceActionsV221TestJSON:test_get_list_deleted_instance_actions): 200 GET http://10.180.1.21/compute/v2.1/servers/a5a576ef-c335-4e2b-86d9-2aa761f433c4 0.111s
2024-12-12 04:09:15.954 66467 INFO tempest.lib.common.rest_client [req-b01b714e-f859-46cc-80a9-ba0681ae0861 req-b01b714e-f859-46cc-80a9-ba0681ae0861 ] Request (ImagesNegativeTestJSON:test_create_image_specify_uuid_35_characters_or_less): 404 POST http://10.180.1.21/compute/v2.1/servers/aaaaaaaaaaaaaaaaaaaaaaaaaaaaaaaaaaa/action 0.081s
2024-12-12 04:09:15.983 66461 INFO tempest.lib.common.rest_client [req-00ef6654-a2c8-4a83-91b6-e30b5ee5ae47 req-00ef6654-a2c8-4a83-91b6-e30b5ee5ae47 ] Request (FloatingIPDetailsNegativeTestJSON:setUpClass): 201 POST http://10.180.1.21:9696/networking/v2.0/subnets 0.234s
2024-12-12 04:09:15.995 66479 INFO tempest.lib.common.rest_client [req-bd5754d2-f142-418b-9ebe-84471b1a1d3f req-bd5754d2-f142-418b-9ebe-84471b1a1d3f ] Request (ServerDiskConfigTestJSON:test_rebuild_server_with_manual_disk_config): 200 GET http://10.180.1.21/compute/v2.1/servers/0f5605a1-ed47-441b-a530-be9e29189b4e 0.147s
2024-12-12 04:09:15.999 66467 INFO tempest.lib.common.rest_client [req-ba274fbe-7c16-4457-bcec-97b6501d5e24 req-ba274fbe-7c16-4457-bcec-97b6501d5e24 ] Request (ImagesNegativeTestJSON:test_create_image_specify_uuid_37_characters_or_more): 404 POST http://10.180.1.21/compute/v2.1/servers/aaaaaaaaaaaaaaaaaaaaaaaaaaaaaaaaaaaaa/action 0.041s
2024-12-12 04:09:16.014 66457 INFO tempest.lib.common.rest_client [req-91576ed7-4b7b-40ff-ad72-f53cdd261295 req-91576ed7-4b7b-40ff-ad72-f53cdd261295 ] Request (ServerAddressesTestJSON:setUpClass): 201 POST http://10.180.1.21/identity/v3/users 0.075s
2024-12-12 04:09:16.014 66443 INFO tempest.lib.common.rest_client [req-eb6fb41c-055a-421b-a32c-4098b7c1b268 req-eb6fb41c-055a-421b-a32c-4098b7c1b268 ] Request (FloatingIPsAssociationNegativeTestJSON:setUpClass): 200 GET http://10.180.1.21/compute/v2.1/servers/92a6b23c-ca32-4367-879b-48ee21051ac4 0.122s
2024-12-12 04:09:16.027 66467 INFO tempest.lib.common.rest_client [req-2d344944-1c3a-4c24-9788-d524df31e17e req-2d344944-1c3a-4c24-9788-d524df31e17e ] Request (ImagesNegativeTestJSON:tearDownClass): 404 DELETE http://10.180.1.21/compute/v2.1/servers/9ca1c53f-a3c9-4e10-93d9-6968b27c950c 0.024s
2024-12-12 04:09:16.041 66457 INFO tempest.lib.common.rest_client [req-09a1df40-142d-46a8-b2d1-811202242c07 req-09a1df40-142d-46a8-b2d1-811202242c07 ] Request (ServerAddressesTestJSON:setUpClass): 200 GET http://10.180.1.21/identity/v3/roles 0.025s
2024-12-12 04:09:16.056 66467 INFO tempest.lib.common.rest_client [req-86e28a7a-8312-43e6-b24d-7e929d8f9b73 req-86e28a7a-8312-43e6-b24d-7e929d8f9b73 ] Request (ImagesNegativeTestJSON:tearDownClass): 404 GET http://10.180.1.21/compute/v2.1/servers/9ca1c53f-a3c9-4e10-93d9-6968b27c950c 0.028s
2024-12-12 04:09:16.080 66457 INFO tempest.lib.common.rest_client [req-e81d9f6e-92ae-44e1-9e6f-a2181292f341 req-e81d9f6e-92ae-44e1-9e6f-a2181292f341 ] Request (ServerAddressesTestJSON:setUpClass): 204 PUT http://10.180.1.21/identity/v3/projects/dabac72b82bd4fceb94d208c8c8e833d/users/83fd685fefd7420b869279f96bdb2f4c/roles/c28d286489714965af1f3c2e6cfa5d14 0.037s
2024-12-12 04:09:16.080 66457 INFO tempest.lib.common.dynamic_creds [-] Dynamic test user 83fd685fefd7420b869279f96bdb2f4c is created with scope project and roles: ['member']
2024-12-12 04:09:16.080 66457 INFO tempest.lib.common.dynamic_creds [-] Acquired dynamic creds: credentials: Credentials: {'domain_id': 'default', 'domain_name': 'Default', 'username': 'tempest-ServerAddressesTestJSON-531412790-project-member', 'project_domain_id': 'default', 'project_domain_name': 'Default', 'project_id': 'dabac72b82bd4fceb94d208c8c8e833d', 'project_name': 'tempest-ServerAddressesTestJSON-531412790', 'tenant_id': 'dabac72b82bd4fceb94d208c8c8e833d', 'tenant_name': 'tempest-ServerAddressesTestJSON-531412790', 'user_domain_id': 'default', 'user_domain_name': 'Default', 'user_id': '83fd685fefd7420b869279f96bdb2f4c', 'system': None}, Network: None, Subnet: None, Router: None
2024-12-12 04:09:16.141 66457 INFO tempest.lib.common.rest_client [req-9cbb139c-3b1f-4f40-ba05-a38fa1e4d13c req-9cbb139c-3b1f-4f40-ba05-a38fa1e4d13c ] Request (ServerAddressesTestJSON:setUpClass): 201 POST http://10.180.1.21/identity/v3/auth/tokens 0.060s
2024-12-12 04:09:16.200 66441 INFO tempest.lib.common.rest_client [req-3515664a-0fd6-4841-a71b-067e27d22361 req-3515664a-0fd6-4841-a71b-067e27d22361 ] Request (ListServerFiltersTestJSON:tearDownClass): 200 GET http://10.180.1.21/compute/v2.1/servers/ec62da43-efbd-47f1-a571-eee886593309 0.076s
2024-12-12 04:09:16.394 66431 INFO tempest.lib.common.rest_client [req-bce18ef4-44ff-4f6e-a090-829d7853b978 req-bce18ef4-44ff-4f6e-a090-829d7853b978 ] Request (DeleteServersAdminTestJSON:test_delete_server_while_in_error_state): 200 GET http://10.180.1.21/compute/v2.1/servers/a3f70337-5323-420d-8eb4-f55093055017 0.066s
2024-12-12 04:09:16.395 66437 INFO tempest.lib.common.rest_client [req-14c8d50b-e67d-4362-85c5-5212ac4374c0 req-14c8d50b-e67d-4362-85c5-5212ac4374c0 ] Request (ServerActionsTestJSON:setUpClass): 200 GET http://10.180.1.21/compute/v2.1/servers/af4e70dc-80ab-4d2e-a8ef-a9182e6f4742 0.120s
2024-12-12 04:09:16.405 66437 INFO tempest.common.waiters [-] State transition "BUILD/spawning" ==> "ACTIVE/None" after 58 second wait
2024-12-12 04:09:16.409 66457 INFO tempest.lib.common.rest_client [req-fb860151-5c81-4575-ab3f-194dcac1b560 req-fb860151-5c81-4575-ab3f-194dcac1b560 ] Request (ServerAddressesTestJSON:setUpClass): 201 POST http://10.180.1.21:9696/networking/v2.0/networks 0.267s
2024-12-12 04:09:16.449 66439 INFO tempest.lib.common.rest_client [req-0c154e8f-50fe-4884-872e-5805f5963db4 req-0c154e8f-50fe-4884-872e-5805f5963db4 ] Request (ServerGroupTestJSON:test_create_server_with_scheduler_hint_group): 200 GET http://10.180.1.21/compute/v2.1/servers/a2b470ae-e305-46e1-b1b7-ea102aa31410 0.072s
2024-12-12 04:09:16.498 66447 INFO tempest.lib.common.rest_client [req-c41a625c-a735-4264-b967-5df40eed818d req-c41a625c-a735-4264-b967-5df40eed818d ] Request (InstanceActionsNegativeTestJSON:setUpClass): 200 GET http://10.180.1.21/compute/v2.1/servers/b9e6a0c8-4546-441b-9723-9299629a0797 0.097s
2024-12-12 04:09:16.560 66437 INFO tempest.lib.common.rest_client [req-f3f2cb56-e69d-4053-8b87-ae2328b82d1a req-f3f2cb56-e69d-4053-8b87-ae2328b82d1a ] Request (ServerActionsTestJSON:setUpClass): 200 GET http://10.180.1.21/compute/v2.1/servers/af4e70dc-80ab-4d2e-a8ef-a9182e6f4742/os-interface 0.154s
2024-12-12 04:09:16.584 66475 INFO tempest.lib.common.rest_client [req-3dd3c9fe-551d-44df-aa66-61239405f115 req-3dd3c9fe-551d-44df-aa66-61239405f115 ] Request (DeleteServersTestJSON:test_delete_active_server): 200 GET http://10.180.1.21/compute/v2.1/servers/9650e1a7-4ca0-4d1c-b42d-72ae13345ce3 0.239s
2024-12-12 04:09:16.634 66433 INFO tempest.lib.common.rest_client [req-25a896b5-8dd6-4c12-bcc9-ebf0a08bb3db req-25a896b5-8dd6-4c12-bcc9-ebf0a08bb3db ] Request (ServerDiagnosticsTest:test_get_server_diagnostics): 200 GET http://10.180.1.21/compute/v2.1/servers/f47d6117-8bd2-4a5e-9b70-a50b91d43c22 0.202s
2024-12-12 04:09:16.656 66451 INFO tempest.lib.common.rest_client [req-ed35e167-41cb-4efb-8ffc-092a4233926c req-ed35e167-41cb-4efb-8ffc-092a4233926c ] Request (ImagesOneServerTestJSON:setUpClass): 200 GET http://10.180.1.21/compute/v2.1/servers/68ddca02-f367-45b8-898c-2dcbc3628ed8 0.195s
2024-12-12 04:09:16.690 66457 INFO tempest.lib.common.rest_client [req-7ccb02c4-683e-482a-b90c-68ee9518598f req-7ccb02c4-683e-482a-b90c-68ee9518598f ] Request (ServerAddressesTestJSON:setUpClass): 201 POST http://10.180.1.21:9696/networking/v2.0/subnets 0.281s
2024-12-12 04:09:16.714 66473 INFO tempest.lib.common.rest_client [req-175ffce7-b961-4116-a963-8717ee921ca6 req-175ffce7-b961-4116-a963-8717ee921ca6 ] Request (ServerMetadataNegativeTestJSON:setUpClass): 200 GET http://10.180.1.21/compute/v2.1/servers/b4bb066c-7c9b-44cc-a73f-aeaaea0b8d43 0.206s
2024-12-12 04:09:16.733 66471 INFO tempest.lib.common.rest_client [req-8594b056-9648-4878-a557-c2d1950d2d44 req-8594b056-9648-4878-a557-c2d1950d2d44 ] Request (ServerActionsV293TestJSON:setUpClass): 200 GET http://10.180.1.21/compute/v2.1/servers/9c69338b-0913-4f03-9989-d21ce7d5cc0d 0.183s
2024-12-12 04:09:16.779 66435 INFO tempest.lib.common.rest_client [req-ad4596e0-4e12-4285-9e8e-18eedfeaad7d req-ad4596e0-4e12-4285-9e8e-18eedfeaad7d ] Request (ListImageFiltersTestJSON:setUpClass): 200 GET http://10.180.1.21/compute/v2.1/servers/881b4d51-c47d-42f3-9d53-afb82101d16d 0.216s
2024-12-12 04:09:16.801 66421 INFO tempest.lib.common.rest_client [req-02863fe7-9c2c-40ab-9953-fa0b417f7e4a req-02863fe7-9c2c-40ab-9953-fa0b417f7e4a ] Request (ServersAdminNegativeTestJSON:tearDownClass): 200 GET http://10.180.1.21/compute/v2.1/servers/0e032613-906c-4fbc-89ea-39b0dc80b83a 0.177s
2024-12-12 04:09:16.850 66465 WARNING tempest.lib.common.ssh [-] Failed to establish authenticated ssh connection to cirros@10.180.180.249 ([Errno None] Unable to connect to port 22 on 10.180.180.249). Number attempts: 2. Retry after 3 seconds.: paramiko.ssh_exception.NoValidConnectionsError: [Errno None] Unable to connect to port 22 on 10.180.180.249
2024-12-12 04:09:16.856 66429 INFO tempest.lib.common.rest_client [req-0e304344-5c94-47aa-9a56-ccb0cc0094e4 req-0e304344-5c94-47aa-9a56-ccb0cc0094e4 ] Request (ServerRescueNegativeTestJSON:setUpClass): 200 GET http://10.180.1.21/compute/v2.1/servers/8b9ab780-d137-461e-afa9-3a820bbfa265 0.173s
2024-12-12 04:09:16.878 66427 INFO tempest.lib.common.rest_client [req-c17ebf72-7d16-4db7-a2d9-9b58fb4c8861 req-c17ebf72-7d16-4db7-a2d9-9b58fb4c8861 ] Request (ServersAdmin275Test:tearDownClass): 200 GET http://10.180.1.21/compute/v2.1/servers/579b7927-f6f1-4c8e-a217-0687d3afe2b4 0.239s
2024-12-12 04:09:16.934 66459 INFO tempest.lib.common.rest_client [req-f4010b8f-7dbc-4a18-89e7-7332764177fb req-f4010b8f-7dbc-4a18-89e7-7332764177fb ] Request (FloatingIPsAssociationTestJSON:test_associate_already_associated_floating_ip): 200 GET http://10.180.1.21/compute/v2.1/servers/466a79b6-421d-4246-9c1e-c50f87fed926 0.250s
2024-12-12 04:09:16.946 66425 INFO tempest.lib.common.rest_client [req-86eabf26-a87c-4fd6-b525-8f789d1bf26b req-86eabf26-a87c-4fd6-b525-8f789d1bf26b ] Request (AttachInterfacesTestJSON:test_create_list_show_delete_interfaces_by_fixed_ip): 200 GET http://10.180.1.21/compute/v2.1/servers/ff7d6d11-ae9a-4743-bc2e-a87b230dd25f 0.199s
2024-12-12 04:09:16.997 66419 INFO tempest.lib.common.rest_client [req-4f8d0054-5ae6-4e84-94aa-f77b461bb33c req-4f8d0054-5ae6-4e84-94aa-f77b461bb33c ] Request (ServersTestMultiNic:test_verify_duplicate_network_nics): 200 GET http://10.180.1.21/compute/v2.1/servers/c1f64b71-da0f-4dea-ac86-69535f33fe2f 0.134s
2024-12-12 04:09:17.161 66445 INFO tempest.lib.common.rest_client [req-82a917cb-5351-4928-8796-94070f3c996f req-82a917cb-5351-4928-8796-94070f3c996f ] Request (MigrationsAdminTest:test_list_migrations_in_flavor_resize_situation): 200 GET http://10.180.1.21/compute/v2.1/servers/d6e0f5ce-2f94-4959-8290-50e3ddd78cb8 0.287s
2024-12-12 04:09:17.219 66455 INFO tempest.lib.common.rest_client [req-231f7473-200e-4e19-b6ea-539d76f8fc57 req-231f7473-200e-4e19-b6ea-539d76f8fc57 ] Request (SecurityGroupsTestJSON:test_server_security_groups): 200 GET http://10.180.1.21/compute/v2.1/servers/7fd6e7e6-ab96-43e0-ad2c-b92b0e00d1f9 0.294s
2024-12-12 04:09:17.230 66481 INFO tempest.lib.common.rest_client [req-4554305d-c976-4f5a-9963-9393376c42e9 req-4554305d-c976-4f5a-9963-9393376c42e9 ] Request (InstanceActionsV221TestJSON:test_get_list_deleted_instance_actions): 200 GET http://10.180.1.21/compute/v2.1/servers/a5a576ef-c335-4e2b-86d9-2aa761f433c4 0.275s
2024-12-12 04:09:17.281 66479 INFO tempest.lib.common.rest_client [req-f721e3dc-9381-4e1d-b72b-bf33dac568b2 req-f721e3dc-9381-4e1d-b72b-bf33dac568b2 ] Request (ServerDiskConfigTestJSON:test_rebuild_server_with_manual_disk_config): 200 GET http://10.180.1.21/compute/v2.1/servers/0f5605a1-ed47-441b-a530-be9e29189b4e 0.278s
2024-12-12 04:09:17.287 66479 INFO tempest.common.waiters [-] State transition "BUILD/scheduling" ==> "BUILD/None" after 40 second wait
2024-12-12 04:09:17.294 66443 INFO tempest.lib.common.rest_client [req-1135c7b9-233c-4ab0-b1ec-e02cc4972e01 req-1135c7b9-233c-4ab0-b1ec-e02cc4972e01 ] Request (FloatingIPsAssociationNegativeTestJSON:setUpClass): 200 GET http://10.180.1.21/compute/v2.1/servers/92a6b23c-ca32-4367-879b-48ee21051ac4 0.273s
2024-12-12 04:09:17.353 66441 INFO tempest.lib.common.rest_client [req-d40a2b63-fde2-4dc4-adfd-c5f7df04cfbf req-d40a2b63-fde2-4dc4-adfd-c5f7df04cfbf ] Request (ListServerFiltersTestJSON:tearDownClass): 200 GET http://10.180.1.21/compute/v2.1/servers/ec62da43-efbd-47f1-a571-eee886593309 0.143s
2024-12-12 04:09:17.411 66461 INFO tempest.lib.common.rest_client [req-6f098635-51ff-4a5d-b4d7-2e44ba786a47 req-6f098635-51ff-4a5d-b4d7-2e44ba786a47 ] Request (FloatingIPDetailsNegativeTestJSON:setUpClass): 201 POST http://10.180.1.21:9696/networking/v2.0/routers 1.428s
2024-12-12 04:09:17.425 66449 WARNING tempest.lib.common.ssh [-] Failed to establish authenticated ssh connection to cirros@10.180.180.233 ([Errno None] Unable to connect to port 22 on 10.180.180.233). Number attempts: 2. Retry after 3 seconds.: paramiko.ssh_exception.NoValidConnectionsError: [Errno None] Unable to connect to port 22 on 10.180.180.233
2024-12-12 04:09:17.528 66439 INFO tempest.lib.common.rest_client [req-3b07b7a4-f9e8-4e07-b4c8-3fcbf787a8e6 req-3b07b7a4-f9e8-4e07-b4c8-3fcbf787a8e6 ] Request (ServerGroupTestJSON:test_create_server_with_scheduler_hint_group): 200 GET http://10.180.1.21/compute/v2.1/servers/a2b470ae-e305-46e1-b1b7-ea102aa31410 0.072s
2024-12-12 04:09:17.561 66467 INFO tempest.lib.common.rest_client [req-0b162a88-59ec-4662-b026-351db1be040b req-0b162a88-59ec-4662-b026-351db1be040b ] Request (ImagesNegativeTestJSON:tearDownClass): 200 PUT http://10.180.1.21:9696/networking/v2.0/routers/7de7ff20-6b63-49ac-8cf1-dabace9f6ea5/remove_router_interface 1.505s
2024-12-12 04:09:17.600 66431 INFO tempest.lib.common.rest_client [req-58ca67b1-0b67-4143-bd3b-3d9dc0d88424 req-58ca67b1-0b67-4143-bd3b-3d9dc0d88424 ] Request (DeleteServersAdminTestJSON:test_delete_server_while_in_error_state): 200 GET http://10.180.1.21/compute/v2.1/servers/a3f70337-5323-420d-8eb4-f55093055017 0.199s
2024-12-12 04:09:17.605 66447 INFO tempest.lib.common.rest_client [req-638c3548-b8df-451a-833b-bf4c9f5fc7b0 req-638c3548-b8df-451a-833b-bf4c9f5fc7b0 ] Request (InstanceActionsNegativeTestJSON:setUpClass): 200 GET http://10.180.1.21/compute/v2.1/servers/b9e6a0c8-4546-441b-9723-9299629a0797 0.095s
2024-12-12 04:09:17.711 66433 INFO tempest.lib.common.rest_client [req-ed4ea653-913b-4fa9-a1a2-38a7c41cc11b req-ed4ea653-913b-4fa9-a1a2-38a7c41cc11b ] Request (ServerDiagnosticsTest:test_get_server_diagnostics): 200 GET http://10.180.1.21/compute/v2.1/servers/f47d6117-8bd2-4a5e-9b70-a50b91d43c22 0.065s
2024-12-12 04:09:17.750 66437 INFO tempest.lib.common.rest_client [req-b2b22154-de4f-4d34-9e3f-87202d75631b req-b2b22154-de4f-4d34-9e3f-87202d75631b ] Request (ServerActionsTestJSON:setUpClass): 200 PUT http://10.180.1.21:9696/networking/v2.0/floatingips/82dff316-1248-4031-bd18-4c9507097cd3 1.188s
2024-12-12 04:09:17.751 66437 INFO tempest.lib.common.ssh [-] Creating ssh connection to '10.180.180.163:22' as 'cirros' with public key authentication
2024-12-12 04:09:17.775 66475 INFO tempest.lib.common.rest_client [req-310579b0-6008-45ec-a31d-cc4555105cb3 req-310579b0-6008-45ec-a31d-cc4555105cb3 ] Request (DeleteServersTestJSON:test_delete_active_server): 200 GET http://10.180.1.21/compute/v2.1/servers/9650e1a7-4ca0-4d1c-b42d-72ae13345ce3 0.182s
2024-12-12 04:09:17.777 66451 INFO tempest.lib.common.rest_client [req-1edf9710-5fdc-4a2e-ab42-de2d1a5aac25 req-1edf9710-5fdc-4a2e-ab42-de2d1a5aac25 ] Request (ImagesOneServerTestJSON:setUpClass): 200 GET http://10.180.1.21/compute/v2.1/servers/68ddca02-f367-45b8-898c-2dcbc3628ed8 0.113s
2024-12-12 04:09:17.840 66473 INFO tempest.lib.common.rest_client [req-41746b55-dc42-4cf1-a9cd-7fda5f52ae64 req-41746b55-dc42-4cf1-a9cd-7fda5f52ae64 ] Request (ServerMetadataNegativeTestJSON:setUpClass): 200 GET http://10.180.1.21/compute/v2.1/servers/b4bb066c-7c9b-44cc-a73f-aeaaea0b8d43 0.118s
2024-12-12 04:09:17.855 66471 INFO tempest.lib.common.rest_client [req-937a3b2c-df12-4d3d-b210-98c39a3119e5 req-937a3b2c-df12-4d3d-b210-98c39a3119e5 ] Request (ServerActionsV293TestJSON:setUpClass): 200 GET http://10.180.1.21/compute/v2.1/servers/9c69338b-0913-4f03-9989-d21ce7d5cc0d 0.114s
2024-12-12 04:09:17.921 66435 INFO tempest.lib.common.rest_client [req-89a45b42-0da1-4912-a350-de4d58bcdfdf req-89a45b42-0da1-4912-a350-de4d58bcdfdf ] Request (ListImageFiltersTestJSON:setUpClass): 200 GET http://10.180.1.21/compute/v2.1/servers/881b4d51-c47d-42f3-9d53-afb82101d16d 0.135s
2024-12-12 04:09:17.940 66421 INFO tempest.lib.common.rest_client [req-5c806366-5682-47f3-80c6-aa3c1a23b798 req-5c806366-5682-47f3-80c6-aa3c1a23b798 ] Request (ServersAdminNegativeTestJSON:tearDownClass): 200 GET http://10.180.1.21/compute/v2.1/servers/0e032613-906c-4fbc-89ea-39b0dc80b83a 0.130s
2024-12-12 04:09:18.010 66429 INFO tempest.lib.common.rest_client [req-caebcd3c-457e-4e78-9f30-a462abaede3a req-caebcd3c-457e-4e78-9f30-a462abaede3a ] Request (ServerRescueNegativeTestJSON:setUpClass): 200 GET http://10.180.1.21/compute/v2.1/servers/8b9ab780-d137-461e-afa9-3a820bbfa265 0.145s
2024-12-12 04:09:18.024 66427 INFO tempest.lib.common.rest_client [req-d0c9155a-0482-4246-993f-65e158815183 req-d0c9155a-0482-4246-993f-65e158815183 ] Request (ServersAdmin275Test:tearDownClass): 200 GET http://10.180.1.21/compute/v2.1/servers/579b7927-f6f1-4c8e-a217-0687d3afe2b4 0.132s
2024-12-12 04:09:18.050 66457 INFO tempest.lib.common.rest_client [req-d3fa1bdb-fcc6-47cb-a300-6bec6697aba2 req-d3fa1bdb-fcc6-47cb-a300-6bec6697aba2 ] Request (ServerAddressesTestJSON:setUpClass): 201 POST http://10.180.1.21:9696/networking/v2.0/routers 1.359s
2024-12-12 04:09:18.085 66459 INFO tempest.lib.common.rest_client [req-f4efcbda-b33b-4153-9357-184bdb9a6800 req-f4efcbda-b33b-4153-9357-184bdb9a6800 ] Request (FloatingIPsAssociationTestJSON:test_associate_already_associated_floating_ip): 200 GET http://10.180.1.21/compute/v2.1/servers/466a79b6-421d-4246-9c1e-c50f87fed926 0.143s
2024-12-12 04:09:18.108 66425 INFO tempest.lib.common.rest_client [req-f8143762-a653-410e-a003-76cd3cec9093 req-f8143762-a653-410e-a003-76cd3cec9093 ] Request (AttachInterfacesTestJSON:test_create_list_show_delete_interfaces_by_fixed_ip): 200 GET http://10.180.1.21/compute/v2.1/servers/ff7d6d11-ae9a-4743-bc2e-a87b230dd25f 0.154s
2024-12-12 04:09:18.167 66419 INFO tempest.lib.common.rest_client [req-9e2cd04a-c998-439a-bf86-3ae2670ea034 req-9e2cd04a-c998-439a-bf86-3ae2670ea034 ] Request (ServersTestMultiNic:test_verify_duplicate_network_nics): 200 GET http://10.180.1.21/compute/v2.1/servers/c1f64b71-da0f-4dea-ac86-69535f33fe2f 0.160s
2024-12-12 04:09:18.315 66455 INFO tempest.lib.common.rest_client [req-5a0843ba-7e1c-4125-b329-ec485f4cd198 req-5a0843ba-7e1c-4125-b329-ec485f4cd198 ] Request (SecurityGroupsTestJSON:test_server_security_groups): 200 GET http://10.180.1.21/compute/v2.1/servers/7fd6e7e6-ab96-43e0-ad2c-b92b0e00d1f9 0.083s
2024-12-12 04:09:18.327 66467 INFO tempest.lib.common.rest_client [req-f5b75666-18ee-403e-873a-c5a0989d24ee req-f5b75666-18ee-403e-873a-c5a0989d24ee ] Request (ImagesNegativeTestJSON:tearDownClass): 204 DELETE http://10.180.1.21:9696/networking/v2.0/routers/7de7ff20-6b63-49ac-8cf1-dabace9f6ea5 0.765s
2024-12-12 04:09:18.344 66445 INFO tempest.lib.common.rest_client [req-98ada190-8b96-49ea-b886-217e2135cf85 req-98ada190-8b96-49ea-b886-217e2135cf85 ] Request (MigrationsAdminTest:test_list_migrations_in_flavor_resize_situation): 200 GET http://10.180.1.21/compute/v2.1/servers/d6e0f5ce-2f94-4959-8290-50e3ddd78cb8 0.174s
2024-12-12 04:09:18.391 66481 INFO tempest.lib.common.rest_client [req-5968ffb9-6946-4acf-a5de-91cfd7111b4f req-5968ffb9-6946-4acf-a5de-91cfd7111b4f ] Request (InstanceActionsV221TestJSON:test_get_list_deleted_instance_actions): 200 GET http://10.180.1.21/compute/v2.1/servers/a5a576ef-c335-4e2b-86d9-2aa761f433c4 0.150s
2024-12-12 04:09:18.457 66479 INFO tempest.lib.common.rest_client [req-412d719a-5f7a-4cab-b740-f661cbd2e280 req-412d719a-5f7a-4cab-b740-f661cbd2e280 ] Request (ServerDiskConfigTestJSON:test_rebuild_server_with_manual_disk_config): 200 GET http://10.180.1.21/compute/v2.1/servers/0f5605a1-ed47-441b-a530-be9e29189b4e 0.169s
2024-12-12 04:09:18.476 66443 INFO tempest.lib.common.rest_client [req-869f5421-a06d-4a0b-a42d-bea58d47b28f req-869f5421-a06d-4a0b-a42d-bea58d47b28f ] Request (FloatingIPsAssociationNegativeTestJSON:setUpClass): 200 GET http://10.180.1.21/compute/v2.1/servers/92a6b23c-ca32-4367-879b-48ee21051ac4 0.174s
2024-12-12 04:09:18.532 66441 INFO tempest.lib.common.rest_client [req-fbf84cf5-1f39-4463-b586-57f21f758d2f req-fbf84cf5-1f39-4463-b586-57f21f758d2f ] Request (ListServerFiltersTestJSON:tearDownClass): 200 GET http://10.180.1.21/compute/v2.1/servers/ec62da43-efbd-47f1-a571-eee886593309 0.173s
2024-12-12 04:09:18.624 66439 INFO tempest.lib.common.rest_client [req-892fbac8-d55b-4cd4-9767-d767bb008af3 req-892fbac8-d55b-4cd4-9767-d767bb008af3 ] Request (ServerGroupTestJSON:test_create_server_with_scheduler_hint_group): 200 GET http://10.180.1.21/compute/v2.1/servers/a2b470ae-e305-46e1-b1b7-ea102aa31410 0.088s
2024-12-12 04:09:18.673 66431 INFO tempest.lib.common.rest_client [req-9b308c56-2b30-45c3-a799-e72be22a63f6 req-9b308c56-2b30-45c3-a799-e72be22a63f6 ] Request (DeleteServersAdminTestJSON:test_delete_server_while_in_error_state): 200 GET http://10.180.1.21/compute/v2.1/servers/a3f70337-5323-420d-8eb4-f55093055017 0.066s
2024-12-12 04:09:18.690 66467 INFO tempest.lib.common.rest_client [req-1f435fe8-7c85-46e9-935f-54ce2dd13787 req-1f435fe8-7c85-46e9-935f-54ce2dd13787 ] Request (ImagesNegativeTestJSON:tearDownClass): 204 DELETE http://10.180.1.21:9696/networking/v2.0/subnets/9b8a6688-83ae-46a7-988a-e5075420479f 0.362s
2024-12-12 04:09:18.705 66447 INFO tempest.lib.common.rest_client [req-92824f20-8398-4b6e-b3f9-493128637c46 req-92824f20-8398-4b6e-b3f9-493128637c46 ] Request (InstanceActionsNegativeTestJSON:setUpClass): 200 GET http://10.180.1.21/compute/v2.1/servers/b9e6a0c8-4546-441b-9723-9299629a0797 0.093s
2024-12-12 04:09:18.775 66433 INFO tempest.lib.common.rest_client [req-02b7b648-9b7d-4dec-9ca6-7e6ff85139eb req-02b7b648-9b7d-4dec-9ca6-7e6ff85139eb ] Request (ServerDiagnosticsTest:test_get_server_diagnostics): 200 GET http://10.180.1.21/compute/v2.1/servers/f47d6117-8bd2-4a5e-9b70-a50b91d43c22 0.054s
2024-12-12 04:09:18.848 66451 INFO tempest.lib.common.rest_client [req-0e14c8c8-177c-47aa-8782-0f404245feb3 req-0e14c8c8-177c-47aa-8782-0f404245feb3 ] Request (ImagesOneServerTestJSON:setUpClass): 200 GET http://10.180.1.21/compute/v2.1/servers/68ddca02-f367-45b8-898c-2dcbc3628ed8 0.061s
2024-12-12 04:09:18.914 66473 INFO tempest.lib.common.rest_client [req-7bd9cb18-7c15-45d7-acf5-fd96948fa2fc req-7bd9cb18-7c15-45d7-acf5-fd96948fa2fc ] Request (ServerMetadataNegativeTestJSON:setUpClass): 200 GET http://10.180.1.21/compute/v2.1/servers/b4bb066c-7c9b-44cc-a73f-aeaaea0b8d43 0.062s
2024-12-12 04:09:19.016 66471 INFO tempest.lib.common.rest_client [req-96537d50-f917-43e4-ad93-69f5a94801ac req-96537d50-f917-43e4-ad93-69f5a94801ac ] Request (ServerActionsV293TestJSON:setUpClass): 200 GET http://10.180.1.21/compute/v2.1/servers/9c69338b-0913-4f03-9989-d21ce7d5cc0d 0.149s
2024-12-12 04:09:19.021 66475 INFO tempest.lib.common.rest_client [req-303e5017-b7ed-4ff7-920e-0067e6c939f8 req-303e5017-b7ed-4ff7-920e-0067e6c939f8 ] Request (DeleteServersTestJSON:test_delete_active_server): 200 GET http://10.180.1.21/compute/v2.1/servers/9650e1a7-4ca0-4d1c-b42d-72ae13345ce3 0.238s
2024-12-12 04:09:19.026 66423 WARNING tempest.lib.common.ssh [-] Failed to establish authenticated ssh connection to cirros@10.180.180.211 ([Errno None] Unable to connect to port 22 on 10.180.180.211). Number attempts: 3. Retry after 4 seconds.: paramiko.ssh_exception.NoValidConnectionsError: [Errno None] Unable to connect to port 22 on 10.180.180.211
2024-12-12 04:09:19.087 66435 INFO tempest.lib.common.rest_client [req-fe020a2f-a3fe-4cfa-a633-42ccb3b25a34 req-fe020a2f-a3fe-4cfa-a633-42ccb3b25a34 ] Request (ListImageFiltersTestJSON:setUpClass): 200 GET http://10.180.1.21/compute/v2.1/servers/881b4d51-c47d-42f3-9d53-afb82101d16d 0.159s
2024-12-12 04:09:19.101 66457 INFO tempest.lib.common.rest_client [req-be4905d1-bd04-41a1-a88d-cede42ec53f9 req-be4905d1-bd04-41a1-a88d-cede42ec53f9 ] Request (ServerAddressesTestJSON:setUpClass): 200 PUT http://10.180.1.21:9696/networking/v2.0/routers/051d7ddb-2d06-4608-a7f6-1f241afb3899/add_router_interface 1.050s
2024-12-12 04:09:19.101 66457 INFO tempest.lib.common.dynamic_creds [-] Created isolated network resources for: credentials: Credentials: {'domain_id': 'default', 'domain_name': 'Default', 'username': 'tempest-ServerAddressesTestJSON-531412790-project-member', 'project_domain_id': 'default', 'project_domain_name': 'Default', 'project_id': 'dabac72b82bd4fceb94d208c8c8e833d', 'project_name': 'tempest-ServerAddressesTestJSON-531412790', 'tenant_id': 'dabac72b82bd4fceb94d208c8c8e833d', 'tenant_name': 'tempest-ServerAddressesTestJSON-531412790', 'user_domain_id': 'default', 'user_domain_name': 'Default', 'user_id': '83fd685fefd7420b869279f96bdb2f4c', 'system': None}, Network: {'id': '794b415a-846a-4e5e-b7de-d90400e828ba', 'name': 'tempest-ServerAddressesTestJSON-1714592030-network', 'tenant_id': 'dabac72b82bd4fceb94d208c8c8e833d', 'admin_state_up': True, 'mtu': 8950, 'status': 'ACTIVE', 'subnets': [], 'shared': False, 'project_id': 'dabac72b82bd4fceb94d208c8c8e833d', 'port_security_enabled': True, 'router:external': False, 'provider:network_type': 'vlan', 'provider:physical_network': 'default', 'provider:segmentation_id': 560, 'availability_zone_hints': [], 'availability_zones': [], 'ipv4_address_scope': None, 'ipv6_address_scope': None, 'description': '', 'tags': [], 'created_at': '2024-12-12T04:09:16Z', 'updated_at': '2024-12-12T04:09:16Z', 'revision_number': 1}, Subnet: {'id': 'f496a9aa-bd08-49bc-8023-f1d2f1e0aea8', 'name': 'tempest-ServerAddressesTestJSON-1714592030-subnet', 'tenant_id': 'dabac72b82bd4fceb94d208c8c8e833d', 'network_id': '794b415a-846a-4e5e-b7de-d90400e828ba', 'ip_version': 4, 'subnetpool_id': None, 'enable_dhcp': True, 'ipv6_ra_mode': None, 'ipv6_address_mode': None, 'gateway_ip': '192.168.128.1', 'cidr': '192.168.128.0/28', 'allocation_pools': [{'start': '192.168.128.2', 'end': '192.168.128.14'}], 'host_routes': [], 'dns_nameservers': [], 'description': '', 'router:external': False, 'service_types': [], 'tags': [], 'created_at': '2024-12-12T04:09:16Z', 'updated_at': '2024-12-12T04:09:16Z', 'revision_number': 0, 'project_id': 'dabac72b82bd4fceb94d208c8c8e833d'}, Router: {'id': '051d7ddb-2d06-4608-a7f6-1f241afb3899', 'name': 'tempest-ServerAddressesTestJSON-1714592030-router', 'tenant_id': 'dabac72b82bd4fceb94d208c8c8e833d', 'admin_state_up': True, 'status': 'ACTIVE', 'external_gateway_info': {'network_id': 'af4181f9-0a09-4513-8c8f-00b50cede199', 'external_fixed_ips': [{'subnet_id': '7d0f12a5-4ede-45c2-9449-40576789d889', 'ip_address': '10.180.180.210'}], 'enable_snat': True}, 'description': '', 'availability_zones': [], 'distributed': False, 'ha': False, 'availability_zone_hints': [], 'routes': [], 'flavor_id': None, 'tags': [], 'created_at': '2024-12-12T04:09:16Z', 'updated_at': '2024-12-12T04:09:17Z', 'revision_number': 2, 'project_id': 'dabac72b82bd4fceb94d208c8c8e833d'}
2024-12-12 04:09:19.110 66421 INFO tempest.lib.common.rest_client [req-6eb95c28-7c10-4e79-bb0a-dd8b8e1189a5 req-6eb95c28-7c10-4e79-bb0a-dd8b8e1189a5 ] Request (ServersAdminNegativeTestJSON:tearDownClass): 200 GET http://10.180.1.21/compute/v2.1/servers/0e032613-906c-4fbc-89ea-39b0dc80b83a 0.161s
2024-12-12 04:09:19.139 66429 INFO tempest.lib.common.rest_client [req-ecc80f31-ab1e-4b66-b607-9565a06103d4 req-ecc80f31-ab1e-4b66-b607-9565a06103d4 ] Request (ServerRescueNegativeTestJSON:setUpClass): 200 GET http://10.180.1.21/compute/v2.1/servers/8b9ab780-d137-461e-afa9-3a820bbfa265 0.116s
2024-12-12 04:09:19.182 66427 INFO tempest.lib.common.rest_client [req-4966c8f5-ef0e-4ec4-8371-3fcd727a633b req-4966c8f5-ef0e-4ec4-8371-3fcd727a633b ] Request (ServersAdmin275Test:tearDownClass): 200 GET http://10.180.1.21/compute/v2.1/servers/579b7927-f6f1-4c8e-a217-0687d3afe2b4 0.147s
2024-12-12 04:09:19.203 66459 INFO tempest.lib.common.rest_client [req-230b27ea-c19a-47fd-a72e-fa60abe81e9f req-230b27ea-c19a-47fd-a72e-fa60abe81e9f ] Request (FloatingIPsAssociationTestJSON:test_associate_already_associated_floating_ip): 200 GET http://10.180.1.21/compute/v2.1/servers/466a79b6-421d-4246-9c1e-c50f87fed926 0.109s
2024-12-12 04:09:19.227 66457 INFO tempest.lib.common.rest_client [req-280c282d-203b-407a-8e0a-47428547ad41 req-280c282d-203b-407a-8e0a-47428547ad41 ] Request (ServerAddressesTestJSON:setUpClass): 201 POST http://10.180.1.21/identity/v3/auth/tokens 0.113s
2024-12-12 04:09:19.255 66425 INFO tempest.lib.common.rest_client [req-59fd742e-cad3-43c2-8ee3-52b39efcd3f5 req-59fd742e-cad3-43c2-8ee3-52b39efcd3f5 ] Request (AttachInterfacesTestJSON:test_create_list_show_delete_interfaces_by_fixed_ip): 200 GET http://10.180.1.21/compute/v2.1/servers/ff7d6d11-ae9a-4743-bc2e-a87b230dd25f 0.138s
2024-12-12 04:09:19.264 66419 INFO tempest.lib.common.rest_client [req-83c2486a-fea2-4d23-b68a-44441795584a req-83c2486a-fea2-4d23-b68a-44441795584a ] Request (ServersTestMultiNic:test_verify_duplicate_network_nics): 200 GET http://10.180.1.21/compute/v2.1/servers/c1f64b71-da0f-4dea-ac86-69535f33fe2f 0.086s
2024-12-12 04:09:19.266 66467 INFO tempest.lib.common.rest_client [req-2a214aa5-3642-4edd-ac15-f9f344fb7a05 req-2a214aa5-3642-4edd-ac15-f9f344fb7a05 ] Request (ImagesNegativeTestJSON:tearDownClass): 204 DELETE http://10.180.1.21:9696/networking/v2.0/networks/0d6ee9d5-e674-42ea-bcd1-f84e70bf7185 0.576s
2024-12-12 04:09:19.276 66457 INFO tempest.lib.common.rest_client [req-a5c161ea-f834-440c-83db-d16a9d62e817 req-a5c161ea-f834-440c-83db-d16a9d62e817 ] Request (ServerAddressesTestJSON:setUpClass): 201 POST http://10.180.1.21/identity/v3/auth/tokens 0.043s
2024-12-12 04:09:19.277 66457 INFO tempest.lib.common.fixed_network [-] (ServerAddressesTestJSON:setUpClass) Found network {'id': '794b415a-846a-4e5e-b7de-d90400e828ba', 'name': 'tempest-ServerAddressesTestJSON-1714592030-network', 'tenant_id': 'dabac72b82bd4fceb94d208c8c8e833d', 'admin_state_up': True, 'mtu': 8950, 'status': 'ACTIVE', 'subnets': [], 'shared': False, 'project_id': 'dabac72b82bd4fceb94d208c8c8e833d', 'port_security_enabled': True, 'router:external': False, 'provider:network_type': 'vlan', 'provider:physical_network': 'default', 'provider:segmentation_id': 560, 'availability_zone_hints': [], 'availability_zones': [], 'ipv4_address_scope': None, 'ipv6_address_scope': None, 'description': '', 'tags': [], 'created_at': '2024-12-12T04:09:16Z', 'updated_at': '2024-12-12T04:09:16Z', 'revision_number': 1} available for tenant
2024-12-12 04:09:19.361 66467 INFO tempest.lib.common.rest_client [req-1e32d1d8-9969-42cb-bc41-299ffb3ac6ef req-1e32d1d8-9969-42cb-bc41-299ffb3ac6ef ] Request (ImagesNegativeTestJSON:tearDownClass): 204 DELETE http://10.180.1.21/identity/v3/users/0820ff28c3ae4d7987af69cf0d4e9aa0 0.095s
2024-12-12 04:09:19.362 66467 INFO tempest.lib.common.dynamic_creds [-] Deleting project and security group for project: 519c9d3cebe846ac832f287bbc11b948
2024-12-12 04:09:19.396 66455 INFO tempest.lib.common.rest_client [req-da6ab945-6e12-4f3b-9b7f-80b3f9b2847a req-da6ab945-6e12-4f3b-9b7f-80b3f9b2847a ] Request (SecurityGroupsTestJSON:test_server_security_groups): 200 GET http://10.180.1.21/compute/v2.1/servers/7fd6e7e6-ab96-43e0-ad2c-b92b0e00d1f9 0.072s
2024-12-12 04:09:19.416 66467 INFO tempest.lib.common.rest_client [req-202add42-2819-443b-99e9-8df88b4dd14e req-202add42-2819-443b-99e9-8df88b4dd14e ] Request (ImagesNegativeTestJSON:tearDownClass): 200 GET http://10.180.1.21:9696/networking/v2.0/security-groups?tenant_id=519c9d3cebe846ac832f287bbc11b948&name=default 0.054s
2024-12-12 04:09:19.533 66445 INFO tempest.lib.common.rest_client [req-e6089197-8443-4c76-bd69-b2e09f0a5557 req-e6089197-8443-4c76-bd69-b2e09f0a5557 ] Request (MigrationsAdminTest:test_list_migrations_in_flavor_resize_situation): 200 GET http://10.180.1.21/compute/v2.1/servers/d6e0f5ce-2f94-4959-8290-50e3ddd78cb8 0.179s
2024-12-12 04:09:19.551 66467 INFO tempest.lib.common.rest_client [req-114ee757-fdb1-486f-8dbd-1ec4625efe1e req-114ee757-fdb1-486f-8dbd-1ec4625efe1e ] Request (ImagesNegativeTestJSON:tearDownClass): 204 DELETE http://10.180.1.21:9696/networking/v2.0/security-groups/dd5882ef-cb9e-4f1e-83d5-4bffc302f7f1 0.132s
