2024-12-12 04:08:10.507 66475 INFO tempest.lib.common.rest_client [req-7a41e9c6-8d77-4df5-a22f-a787252d575c req-7a41e9c6-8d77-4df5-a22f-a787252d575c ] Request (DeleteServersTestJSON:setUpClass): 201 POST http://10.180.1.21:9696/networking/v2.0/subnets 0.295s
2024-12-12 04:08:10.532 66479 INFO tempest.lib.common.rest_client [req-f687ba6f-0494-4802-8d89-51bad576eed9 req-f687ba6f-0494-4802-8d89-51bad576eed9 ] Request (ServerDiskConfigTestJSON:test_rebuild_server_with_auto_disk_config): 200 GET http://10.180.1.21/compute/v2.1/servers/971229e5-b0cc-4e93-b908-aff335b45786 3.066s
2024-12-12 04:08:10.571 66423 INFO tempest.lib.common.rest_client [req-eb51b2f2-bd3c-4f58-baa4-55413911e9b0 req-eb51b2f2-bd3c-4f58-baa4-55413911e9b0 ] Request (ValidationResourcesFixture:setUp): 200 POST http://10.180.1.21/compute/v2.1/os-keypairs 3.102s
2024-12-12 04:08:10.599 66425 INFO tempest.lib.common.rest_client [req-b1955599-935b-4f24-ac3c-5c6075cb64d7 req-b1955599-935b-4f24-ac3c-5c6075cb64d7 ] Request (AggregatesAdminNegativeTestJSON:test_aggregate_get_details_as_user): 200 POST http://10.180.1.21/compute/v2.1/os-aggregates 3.110s
2024-12-12 04:08:10.605 66419 INFO tempest.lib.common.rest_client [req-4cba84c5-c417-4f7a-816c-21a45e622747 req-4cba84c5-c417-4f7a-816c-21a45e622747 ] Request (HostsAdminNegativeTestJSON:test_update_host_with_invalid_status): 400 PUT http://10.180.1.21/compute/v2.1/os-hosts/devstack 3.105s
2024-12-12 04:08:10.618 66453 INFO tempest.lib.common.rest_client [req-da001d14-3f51-4448-9ecf-64577c3f9deb req-da001d14-3f51-4448-9ecf-64577c3f9deb ] Request (KeyPairsV2TestJSON:_run_cleanups): 202 DELETE http://10.180.1.21/compute/v2.1/os-keypairs/tempest-keypair-1922100598 3.112s
2024-12-12 04:08:10.631 66473 INFO tempest.lib.common.rest_client [req-b37aebbf-ca39-4cc0-bb9c-9f06a453afb3 req-b37aebbf-ca39-4cc0-bb9c-9f06a453afb3 ] Request (KeyPairsV22TestJSON:test_keypairs_create_list_delete): 200 GET http://10.180.1.21/compute/v2.1/os-keypairs 3.088s
2024-12-12 04:08:10.724 66423 INFO tempest.lib.common.rest_client [req-38df92ad-ca20-420f-baae-b3367ee1067f req-38df92ad-ca20-420f-baae-b3367ee1067f ] Request (ValidationResourcesFixture:setUp): 201 POST http://10.180.1.21:9696/networking/v2.0/security-groups 0.151s
2024-12-12 04:08:10.859 66441 INFO tempest.lib.common.rest_client [req-a22022a2-9679-42e8-b4f7-61175aab65da req-a22022a2-9679-42e8-b4f7-61175aab65da ] Request (ListServerFiltersTestJSON:setUpClass): 200 GET http://10.180.1.21/compute/v2.1/servers/ec62da43-efbd-47f1-a571-eee886593309 3.285s
2024-12-12 04:08:10.869 66441 INFO tempest.common.waiters [-] State transition "BUILD/networking" ==> "BUILD/spawning" after 18 second wait
2024-12-12 04:08:10.900 66423 INFO tempest.lib.common.rest_client [req-75eae0a5-dd51-48d5-a3a3-a845b1aebe9a req-75eae0a5-dd51-48d5-a3a3-a845b1aebe9a ] Request (ValidationResourcesFixture:setUp): 201 POST http://10.180.1.21:9696/networking/v2.0/security-group-rules 0.175s
2024-12-12 04:08:10.923 66477 INFO tempest.lib.common.rest_client [req-02b0454a-075e-4cc4-bcdc-85aa55c6eefe req-02b0454a-075e-4cc4-bcdc-85aa55c6eefe ] Request (ServersTestManualDisk:setUpClass): 200 GET http://10.180.1.21/compute/v2.1/servers/d3fa9507-4786-4b52-bf93-7228fcb4f496 3.336s
2024-12-12 04:08:11.010 66461 INFO tempest.lib.common.rest_client [req-d6f2c327-f589-4741-b60b-04d85abe3cc4 req-d6f2c327-f589-4741-b60b-04d85abe3cc4 ] Request (ServerDiagnosticsV248Test:test_get_server_diagnostics): 200 GET http://10.180.1.21/compute/v2.1/servers/caea60b6-ea91-44da-ba88-90dbd6d9afa0 3.361s
2024-12-12 04:08:11.023 66461 INFO tempest.common.waiters [-] State transition "BUILD/None" ==> "BUILD/networking" after 16 second wait
2024-12-12 04:08:11.076 66467 INFO tempest.lib.common.rest_client [req-ccfd2ab1-fdf0-4b01-b36e-3ffc032c3271 req-ccfd2ab1-fdf0-4b01-b36e-3ffc032c3271 ] Request (ImagesNegativeTestJSON:test_create_image_from_deleted_server): 200 GET http://10.180.1.21/compute/v2.1/servers/9ca1c53f-a3c9-4e10-93d9-6968b27c950c 3.352s
2024-12-12 04:08:11.091 66429 INFO tempest.lib.common.rest_client [req-81009303-9b2f-4bce-8dbf-3791a56cc7ba req-81009303-9b2f-4bce-8dbf-3791a56cc7ba ] Request (QuotaClassesAdminTestJSON:test_update_default_quotas): 200 GET http://10.180.1.21/compute/v2.1/os-quota-class-sets/default 3.327s
2024-12-12 04:08:11.154 66469 INFO tempest.lib.common.rest_client [req-8b1a5cf3-7f16-4c3b-a9e9-e87af4e0f2f7 req-8b1a5cf3-7f16-4c3b-a9e9-e87af4e0f2f7 ] Request (VolumesAssistedSnapshotsTest:test_volume_assisted_snapshot_create_delete): 200 GET http://10.180.1.21/compute/v2.1/servers/e584ee3d-0df5-4e22-b4d2-f061ed3558f2 3.350s
2024-12-12 04:08:11.171 66463 INFO tempest.lib.common.rest_client [req-4a8bffa5-a5f6-42e7-bbad-82d1fd65cbd1 req-4a8bffa5-a5f6-42e7-bbad-82d1fd65cbd1 ] Request (FlavorsAccessNegativeTestJSON:_run_cleanups): 202 DELETE http://10.180.1.21/compute/v2.1/flavors/1713428637 3.366s
2024-12-12 04:08:11.230 66431 INFO tempest.lib.common.rest_client [req-d7e1d673-055a-4cbe-842f-b0a385f24a98 req-d7e1d673-055a-4cbe-842f-b0a385f24a98 ] Request (DeleteServersAdminTestJSON:test_admin_delete_servers_of_others): 200 GET http://10.180.1.21/compute/v2.1/servers/b7e2deae-fcf4-4feb-a1e9-a60ed65f3685 2.963s
2024-12-12 04:08:11.238 66431 INFO tempest.common.waiters [-] State transition "ACTIVE/deleting" ==> "DELETED/None" after 4 second wait
2024-12-12 04:08:11.353 66465 INFO tempest.lib.common.rest_client [req-a4208f3b-93d7-4b09-9f37-aef8ce3e0537 req-a4208f3b-93d7-4b09-9f37-aef8ce3e0537 ] Request (ServersTestJSON:setUpClass): 200 POST http://10.180.1.21/compute/v2.1/os-keypairs 3.034s
2024-12-12 04:08:11.403 66423 INFO tempest.lib.common.rest_client [req-c16f26f5-dea2-45bd-88ed-1809be4afb6e req-c16f26f5-dea2-45bd-88ed-1809be4afb6e ] Request (ValidationResourcesFixture:setUp): 201 POST http://10.180.1.21:9696/networking/v2.0/security-group-rules 0.503s
2024-12-12 04:08:11.427 66421 INFO tempest.lib.common.rest_client [req-50a6e681-f20a-486c-9c22-107c34ffe86f req-50a6e681-f20a-486c-9c22-107c34ffe86f ] Request (ServersAdminNegativeTestJSON:test_migrate_server_invalid_state): 200 GET http://10.180.1.21/compute/v2.1/servers/0e032613-906c-4fbc-89ea-39b0dc80b83a 2.822s
2024-12-12 04:08:11.537 66465 INFO tempest.lib.common.rest_client [req-93b3b715-6b60-4451-a221-c23353e95d07 req-93b3b715-6b60-4451-a221-c23353e95d07 ] Request (ServersTestJSON:setUpClass): 201 POST http://10.180.1.21:9696/networking/v2.0/security-groups 0.182s
2024-12-12 04:08:11.538 66459 INFO tempest.lib.common.rest_client [req-e0a50741-ddd3-412c-807e-a21adeea4a1a req-e0a50741-ddd3-412c-807e-a21adeea4a1a ] Request (FloatingIPsAssociationTestJSON:setUpClass): 200 GET http://10.180.1.21/compute/v2.1/servers/8f76ad59-db0e-402a-8a56-07d945dc5646 2.528s
2024-12-12 04:08:11.623 66437 INFO tempest.lib.common.rest_client [req-7370eae8-083d-49af-a5d8-6a9b5147a328 req-7370eae8-083d-49af-a5d8-6a9b5147a328 ] Request (ServerActionsTestJSON:setUpClass): 200 POST http://10.180.1.21/compute/v2.1/os-keypairs 2.387s
2024-12-12 04:08:11.724 66465 INFO tempest.lib.common.rest_client [req-cad48f91-233c-49d8-8795-3af947eab470 req-cad48f91-233c-49d8-8795-3af947eab470 ] Request (ServersTestJSON:setUpClass): 201 POST http://10.180.1.21:9696/networking/v2.0/security-group-rules 0.187s
2024-12-12 04:08:11.769 66481 INFO tempest.lib.common.rest_client [req-13a1fb9d-2918-4fe5-9c88-6cc998597ea5 req-13a1fb9d-2918-4fe5-9c88-6cc998597ea5 ] Request (AttachInterfacesV270Test:test_create_get_list_interfaces): 400 POST http://10.180.1.21/compute/v2.1/servers/02b49447-a9b7-4211-aab7-109d315c2af6/os-interface 5.561s
2024-12-12 04:08:11.846 66475 INFO tempest.lib.common.rest_client [req-59a0fbd4-3bdf-4077-87de-b56212fda39c req-59a0fbd4-3bdf-4077-87de-b56212fda39c ] Request (DeleteServersTestJSON:setUpClass): 201 POST http://10.180.1.21:9696/networking/v2.0/routers 1.339s
2024-12-12 04:08:11.922 66449 INFO tempest.lib.common.rest_client [req-004c65a9-6605-418f-9e33-d2923e321700 req-004c65a9-6605-418f-9e33-d2923e321700 ] Request (ServerActionsTestOtherA:setUpClass): 200 POST http://10.180.1.21/compute/v2.1/os-keypairs 2.439s
2024-12-12 04:08:11.984 66437 INFO tempest.lib.common.rest_client [req-26b97a6e-ff8b-4660-b44a-5ea2dd7c6c1a req-26b97a6e-ff8b-4660-b44a-5ea2dd7c6c1a ] Request (ServerActionsTestJSON:setUpClass): 201 POST http://10.180.1.21:9696/networking/v2.0/security-groups 0.359s
2024-12-12 04:08:11.996 66447 INFO tempest.lib.common.rest_client [req-75d2aabf-10fd-4b31-8a10-07146c1e282d req-75d2aabf-10fd-4b31-8a10-07146c1e282d ] Request (SecurityGroupsTestAdminJSON:test_list_security_groups_list_all_tenants_filter): 200 POST http://10.180.1.21/compute/v2.1/os-security-groups 2.639s
2024-12-12 04:08:12.032 66465 INFO tempest.lib.common.rest_client [req-ade992ab-c75e-45e0-9a4f-b4636c131c19 req-ade992ab-c75e-45e0-9a4f-b4636c131c19 ] Request (ServersTestJSON:setUpClass): 201 POST http://10.180.1.21:9696/networking/v2.0/security-group-rules 0.307s
2024-12-12 04:08:12.059 66427 INFO tempest.lib.common.rest_client [req-3cd50dbe-e40b-4335-80b7-f66332190fe7 req-3cd50dbe-e40b-4335-80b7-f66332190fe7 ] Request (ServersAdmin275Test:test_rebuild_update_server_275): 200 GET http://10.180.1.21/compute/v2.1/servers/579b7927-f6f1-4c8e-a217-0687d3afe2b4 2.381s
2024-12-12 04:08:12.072 66427 INFO tempest.common.waiters [-] State transition "BUILD/networking" ==> "BUILD/spawning" after 16 second wait
2024-12-12 04:08:12.238 66449 INFO tempest.lib.common.rest_client [req-f0894d7d-34e0-4cf3-afdb-53588c060ee3 req-f0894d7d-34e0-4cf3-afdb-53588c060ee3 ] Request (ServerActionsTestOtherA:setUpClass): 201 POST http://10.180.1.21:9696/networking/v2.0/security-groups 0.314s
2024-12-12 04:08:12.291 66437 INFO tempest.lib.common.rest_client [req-0014ad67-87fd-4920-b141-51f882ce9409 req-0014ad67-87fd-4920-b141-51f882ce9409 ] Request (ServerActionsTestJSON:setUpClass): 201 POST http://10.180.1.21:9696/networking/v2.0/security-group-rules 0.306s
2024-12-12 04:08:12.310 66471 INFO tempest.lib.common.rest_client [req-f571d8d0-164a-498d-b2b2-e83abf6c4606 req-f571d8d0-164a-498d-b2b2-e83abf6c4606 ] Request (ImagesMetadataTestJSON:test_set_image_metadata_item): 200 PUT http://10.180.1.21/compute/v2.1/images/0a7f5617-3e7c-4ebd-a857-5e6856ebea4f/metadata/os_version 2.520s
2024-12-12 04:08:12.318 66455 INFO tempest.lib.common.rest_client [req-50bebbf4-189b-45ee-812c-260d1d2b811b req-50bebbf4-189b-45ee-812c-260d1d2b811b ] Request (SecurityGroupsTestJSON:test_list_security_groups_by_server): 200 GET http://10.180.1.21/compute/v2.1/servers/c67fa3ed-98e7-4a2d-a9c2-222148ef7a8d 2.590s
2024-12-12 04:08:12.384 66423 INFO tempest.lib.common.rest_client [req-a2cb8b78-81ac-420f-a078-11dc91fc7568 req-a2cb8b78-81ac-420f-a078-11dc91fc7568 ] Request (ValidationResourcesFixture:setUp): 201 POST http://10.180.1.21:9696/networking/v2.0/floatingips 0.980s
2024-12-12 04:08:12.406 66443 INFO tempest.lib.common.rest_client [req-832e1064-043f-4102-ae5c-7b1760e0f1bb req-832e1064-043f-4102-ae5c-7b1760e0f1bb ] Request (ServerExternalEventsTest:tearDownClass): 204 DELETE http://10.180.1.21/compute/v2.1/servers/99ed1e72-f45f-47cc-8515-45d1f92b9202 2.245s
2024-12-12 04:08:12.446 66439 INFO tempest.lib.common.rest_client [req-37b518f4-05e0-4376-a411-501708658185 req-37b518f4-05e0-4376-a411-501708658185 ] Request (ServerGroupTestJSON:test_create_delete_multiple_server_groups_with_same_name_policy): 204 DELETE http://10.180.1.21/compute/v2.1/os-server-groups/f5c92549-ff2c-47e9-b343-4851eeaddf93 2.270s
2024-12-12 04:08:12.470 66449 INFO tempest.lib.common.rest_client [req-7e8862dd-4a6e-4a6f-8235-4d25c14a5838 req-7e8862dd-4a6e-4a6f-8235-4d25c14a5838 ] Request (ServerActionsTestOtherA:setUpClass): 201 POST http://10.180.1.21:9696/networking/v2.0/security-group-rules 0.232s
2024-12-12 04:08:12.516 66423 INFO tempest.lib.common.rest_client [req-3d5e89bf-5140-487d-87d3-0cdf3d01d9f5 req-3d5e89bf-5140-487d-87d3-0cdf3d01d9f5 ] Request (ServersWithSpecificFlavorTestJSON:test_verify_created_server_ephemeral_disk): 201 POST http://10.180.1.21/identity/v3/auth/tokens 0.130s
2024-12-12 04:08:12.517 66423 INFO tempest.lib.common.fixed_network [-] (ServersWithSpecificFlavorTestJSON:test_verify_created_server_ephemeral_disk) Found network {'id': '42722555-7d5a-481f-90c6-cb9b20e91207', 'name': 'tempest-ServersWithSpecificFlavorTestJSON-896011418-network', 'tenant_id': 'f39127adc7dc40869a82761b2b04daf6', 'admin_state_up': True, 'mtu': 8950, 'status': 'ACTIVE', 'subnets': [], 'shared': False, 'project_id': 'f39127adc7dc40869a82761b2b04daf6', 'port_security_enabled': True, 'router:external': False, 'provider:network_type': 'vlan', 'provider:physical_network': 'default', 'provider:segmentation_id': 471, 'availability_zone_hints': [], 'availability_zones': [], 'ipv4_address_scope': None, 'ipv6_address_scope': None, 'description': '', 'tags': [], 'created_at': '2024-12-12T04:07:40Z', 'updated_at': '2024-12-12T04:07:40Z', 'revision_number': 1} available for tenant
2024-12-12 04:08:12.557 66437 INFO tempest.lib.common.rest_client [req-1fcb4980-f034-4705-a24d-15c1d741f268 req-1fcb4980-f034-4705-a24d-15c1d741f268 ] Request (ServerActionsTestJSON:setUpClass): 201 POST http://10.180.1.21:9696/networking/v2.0/security-group-rules 0.266s
2024-12-12 04:08:12.564 66445 INFO tempest.lib.common.rest_client [req-b653a4dc-e950-4737-8ec6-f0ddc75871a4 req-b653a4dc-e950-4737-8ec6-f0ddc75871a4 ] Request (MigrationsAdminTest:test_list_migrations_in_flavor_resize_situation): 202 POST http://10.180.1.21/compute/v2.1/servers/d6e0f5ce-2f94-4959-8290-50e3ddd78cb8/action 2.562s
2024-12-12 04:08:12.597 66435 INFO tempest.lib.common.rest_client [req-c3ea1f7a-6a71-4a9d-9b65-78d2592d6fcf req-c3ea1f7a-6a71-4a9d-9b65-78d2592d6fcf ] Request (ListImageFiltersTestJSON:setUpClass): 200 GET http://10.180.1.21/compute/v2.1/images/96c24026-9ffb-4b75-ad5e-9760d15c7ca8 2.191s
2024-12-12 04:08:12.656 66451 INFO tempest.lib.common.rest_client [req-a660ae4a-281f-4407-9d8a-9e7aa79466b0 req-a660ae4a-281f-4407-9d8a-9e7aa79466b0 ] Request (ServerDiagnosticsNegativeTest:tearDownClass): 200 GET http://10.180.1.21/compute/v2.1/servers/44fd6042-0a74-447b-a749-ce955bb699f5 2.334s
2024-12-12 04:08:12.663 66425 INFO tempest.lib.common.rest_client [req-e9b93fa4-df1c-4a67-a0f0-4d58cc6bc088 req-e9b93fa4-df1c-4a67-a0f0-4d58cc6bc088 ] Request (AggregatesAdminNegativeTestJSON:test_aggregate_get_details_as_user): 403 GET http://10.180.1.21/compute/v2.1/os-aggregates/6 2.061s
2024-12-12 04:08:12.670 66419 INFO tempest.lib.common.rest_client [req-5284d2c3-3b8e-4564-a492-5b1011296300 req-5284d2c3-3b8e-4564-a492-5b1011296300 ] Request (HostsAdminNegativeTestJSON:test_update_host_with_non_admin_user): 403 PUT http://10.180.1.21/compute/v2.1/os-hosts/devstack 2.063s
2024-12-12 04:08:12.680 66449 INFO tempest.lib.common.rest_client [req-22ecb9f7-8b35-48f6-8c31-472a57e403c9 req-22ecb9f7-8b35-48f6-8c31-472a57e403c9 ] Request (ServerActionsTestOtherA:setUpClass): 201 POST http://10.180.1.21:9696/networking/v2.0/security-group-rules 0.209s
2024-12-12 04:08:12.707 66453 INFO tempest.lib.common.rest_client [req-72f439be-8999-4e2a-a018-d9106670786f req-72f439be-8999-4e2a-a018-d9106670786f ] Request (KeyPairsV2TestJSON:test_keypair_create_delete): 200 POST http://10.180.1.21/compute/v2.1/os-keypairs 2.087s
2024-12-12 04:08:12.723 66473 INFO tempest.lib.common.rest_client [req-6ad96d29-bd65-4caa-a212-02c6c4146b39 req-6ad96d29-bd65-4caa-a212-02c6c4146b39 ] Request (KeyPairsV22TestJSON:_run_cleanups): 204 DELETE http://10.180.1.21/compute/v2.1/os-keypairs/tempest-KeyPairsV22TestJSON-keypair-1128827120 2.089s
2024-12-12 04:08:12.772 66429 INFO tempest.lib.common.rest_client [req-247a063d-2529-4848-947e-400f51813010 req-247a063d-2529-4848-947e-400f51813010 ] Request (QuotaClassesAdminTestJSON:_run_cleanups): 200 PUT http://10.180.1.21/compute/v2.1/os-quota-class-sets/default 1.676s
2024-12-12 04:08:12.788 66463 INFO tempest.lib.common.rest_client [req-64a65f4e-89c0-4be6-8b4f-5e2869565099 req-64a65f4e-89c0-4be6-8b4f-5e2869565099 ] Request (FlavorsAccessNegativeTestJSON:_run_cleanups): 200 GET http://10.180.1.21/compute/v2.1/flavors/detail 1.616s
2024-12-12 04:08:12.808 66457 INFO tempest.lib.common.rest_client [req-0189fcbd-6339-41f8-88ac-0d3d4596b42a req-0189fcbd-6339-41f8-88ac-0d3d4596b42a ] Request (TenantUsagesTestJSON:setUpClass): 200 GET http://10.180.1.21/compute/v2.1/servers/fea7bf50-e185-424d-ac38-637d23505f24 2.340s
2024-12-12 04:08:12.891 66429 INFO tempest.lib.common.rest_client [req-245a6e05-fcbe-40bf-bd90-298fb69b6452 req-245a6e05-fcbe-40bf-bd90-298fb69b6452 ] Request (QuotaClassesAdminTestJSON:tearDownClass): 204 DELETE http://10.180.1.21/identity/v3/users/68b77fa7c248456b814f21eafc1da6ee 0.116s
2024-12-12 04:08:12.899 66463 INFO tempest.lib.common.rest_client [req-6df74cf2-fd5b-4725-89f2-09f194003fca req-6df74cf2-fd5b-4725-89f2-09f194003fca ] Request (FlavorsAccessNegativeTestJSON:tearDownClass): 204 DELETE http://10.180.1.21/identity/v3/users/3f6bde00c8864b7f9aba4ed1b67099a2 0.102s
2024-12-12 04:08:12.948 66481 INFO tempest.lib.common.rest_client [req-c74f1ea8-4b9a-48ff-b4c0-61855fc72d11 req-c74f1ea8-4b9a-48ff-b4c0-61855fc72d11 ] Request (AttachInterfacesV270Test:tearDownClass): 204 DELETE http://10.180.1.21/compute/v2.1/servers/02b49447-a9b7-4211-aab7-109d315c2af6 1.110s
2024-12-12 04:08:13.005 66479 INFO tempest.lib.common.rest_client [req-805fdf19-b6c5-40b1-8b6d-054a32e25de5 req-805fdf19-b6c5-40b1-8b6d-054a32e25de5 ] Request (ServerDiskConfigTestJSON:test_rebuild_server_with_auto_disk_config): 200 GET http://10.180.1.21/compute/v2.1/servers/971229e5-b0cc-4e93-b908-aff335b45786 1.464s
2024-12-12 04:08:13.026 66465 INFO tempest.lib.common.rest_client [req-96eb5728-c804-4635-ab71-57537e2b7d83 req-96eb5728-c804-4635-ab71-57537e2b7d83 ] Request (ServersTestJSON:setUpClass): 201 POST http://10.180.1.21:9696/networking/v2.0/floatingips 0.993s
2024-12-12 04:08:13.038 66429 INFO tempest.lib.common.rest_client [req-2d260a9c-bbe7-499a-a0ee-8f9cfad1e783 req-2d260a9c-bbe7-499a-a0ee-8f9cfad1e783 ] Request (QuotaClassesAdminTestJSON:tearDownClass): 204 DELETE http://10.180.1.21/identity/v3/users/5879c3e3dab0461ba08357e8da326087 0.146s
2024-12-12 04:08:13.039 66429 INFO tempest.lib.common.dynamic_creds [-] Deleting project and security group for project: 5e8da5c8f6374933a5c5d67214cce0be
2024-12-12 04:08:13.078 66477 INFO tempest.lib.common.rest_client [req-427e1f60-8185-4fb4-bde3-0dec2e5792c0 req-427e1f60-8185-4fb4-bde3-0dec2e5792c0 ] Request (ServersTestManualDisk:setUpClass): 200 GET http://10.180.1.21/compute/v2.1/servers/d3fa9507-4786-4b52-bf93-7228fcb4f496 1.135s
2024-12-12 04:08:13.091 66477 INFO tempest.common.waiters [-] State transition "BUILD/scheduling" ==> "BUILD/None" after 3 second wait
2024-12-12 04:08:13.149 66465 INFO tempest.lib.common.rest_client [req-c3f1f9df-c412-421e-bc46-5f34525f8e5d req-c3f1f9df-c412-421e-bc46-5f34525f8e5d ] Request (ServersTestJSON:setUpClass): 201 POST http://10.180.1.21/identity/v3/auth/tokens 0.118s
2024-12-12 04:08:13.149 66465 INFO tempest.lib.common.fixed_network [-] (ServersTestJSON:setUpClass) Found network {'id': 'c1e2cd14-d8dc-40e8-b7a4-92126c3dbddb', 'name': 'tempest-ServersTestJSON-2063276461-network', 'tenant_id': '7fc73a7e710740699197190d2471e66e', 'admin_state_up': True, 'mtu': 8950, 'status': 'ACTIVE', 'subnets': [], 'shared': False, 'project_id': '7fc73a7e710740699197190d2471e66e', 'port_security_enabled': True, 'router:external': False, 'provider:network_type': 'vlan', 'provider:physical_network': 'default', 'provider:segmentation_id': 771, 'availability_zone_hints': [], 'availability_zones': [], 'ipv4_address_scope': None, 'ipv6_address_scope': None, 'description': '', 'tags': [], 'created_at': '2024-12-12T04:08:00Z', 'updated_at': '2024-12-12T04:08:00Z', 'revision_number': 1} available for tenant
2024-12-12 04:08:13.198 66463 INFO tempest.lib.common.rest_client [req-111e8d8c-61fb-4302-b805-05ec7c63cbeb req-111e8d8c-61fb-4302-b805-05ec7c63cbeb ] Request (FlavorsAccessNegativeTestJSON:tearDownClass): 204 DELETE http://10.180.1.21/identity/v3/users/d33832a9353b4b1daf895f8c1b977619 0.298s
2024-12-12 04:08:13.221 66429 INFO tempest.lib.common.rest_client [req-a57c271d-ad9c-4576-8431-0a050d8de387 req-a57c271d-ad9c-4576-8431-0a050d8de387 ] Request (QuotaClassesAdminTestJSON:tearDownClass): 201 POST http://10.180.1.21/identity/v3/auth/tokens 0.182s
2024-12-12 04:08:13.312 66463 INFO tempest.lib.common.rest_client [req-b97b45ae-afc2-4b33-ab8e-d0659e60b935 req-b97b45ae-afc2-4b33-ab8e-d0659e60b935 ] Request (FlavorsAccessNegativeTestJSON:tearDownClass): 204 DELETE http://10.180.1.21/identity/v3/users/7824641a8a3c4ac9a4c6e8d8a6ec42a8 0.114s
2024-12-12 04:08:13.313 66463 INFO tempest.lib.common.dynamic_creds [-] Deleting project and security group for project: 933d7c2c982a46e8984206cd97111a0a
2024-12-12 04:08:13.374 66449 INFO tempest.lib.common.rest_client [req-f4107a01-acdf-45f3-ad2f-e7e69fc01ccd req-f4107a01-acdf-45f3-ad2f-e7e69fc01ccd ] Request (ServerActionsTestOtherA:setUpClass): 201 POST http://10.180.1.21:9696/networking/v2.0/floatingips 0.694s
2024-12-12 04:08:13.376 66463 INFO tempest.lib.common.rest_client [req-f8fbfdd6-e21a-43d8-b639-b1847a0b145d req-f8fbfdd6-e21a-43d8-b639-b1847a0b145d ] Request (FlavorsAccessNegativeTestJSON:tearDownClass): 201 POST http://10.180.1.21/identity/v3/auth/tokens 0.062s
2024-12-12 04:08:13.518 66449 INFO tempest.lib.common.rest_client [req-5aee5961-4056-4f4f-b1eb-7c1633ccfda8 req-5aee5961-4056-4f4f-b1eb-7c1633ccfda8 ] Request (ServerActionsTestOtherA:setUpClass): 201 POST http://10.180.1.21/identity/v3/auth/tokens 0.138s
2024-12-12 04:08:13.519 66449 INFO tempest.lib.common.fixed_network [-] (ServerActionsTestOtherA:setUpClass) Found network {'id': '3c237f5b-ad06-4947-8727-76a1b749c4ce', 'name': 'tempest-ServerActionsTestOtherA-122382911-network', 'tenant_id': 'a84eead18a2347c7a2928b395e4eb4a7', 'admin_state_up': True, 'mtu': 8950, 'status': 'ACTIVE', 'subnets': [], 'shared': False, 'project_id': 'a84eead18a2347c7a2928b395e4eb4a7', 'port_security_enabled': True, 'router:external': False, 'provider:network_type': 'vlan', 'provider:physical_network': 'default', 'provider:segmentation_id': 666, 'availability_zone_hints': [], 'availability_zones': [], 'ipv4_address_scope': None, 'ipv6_address_scope': None, 'description': '', 'tags': [], 'created_at': '2024-12-12T04:08:05Z', 'updated_at': '2024-12-12T04:08:05Z', 'revision_number': 1} available for tenant
2024-12-12 04:08:13.629 66441 INFO tempest.lib.common.rest_client [req-3feba972-d0c9-4625-ae77-e0858b68d797 req-3feba972-d0c9-4625-ae77-e0858b68d797 ] Request (ListServerFiltersTestJSON:setUpClass): 200 GET http://10.180.1.21/compute/v2.1/servers/ec62da43-efbd-47f1-a571-eee886593309 1.758s
2024-12-12 04:08:13.678 66429 INFO tempest.lib.common.rest_client [req-2aecd7b9-8fcc-423f-89c7-8e425e3be809 req-2aecd7b9-8fcc-423f-89c7-8e425e3be809 ] Request (QuotaClassesAdminTestJSON:tearDownClass): 200 GET http://10.180.1.21:9696/networking/v2.0/security-groups?tenant_id=5e8da5c8f6374933a5c5d67214cce0be&name=default 0.456s
2024-12-12 04:08:13.753 66461 INFO tempest.lib.common.rest_client [req-28f39755-ec69-4333-82c4-5a6f3f960682 req-28f39755-ec69-4333-82c4-5a6f3f960682 ] Request (ServerDiagnosticsV248Test:test_get_server_diagnostics): 200 GET http://10.180.1.21/compute/v2.1/servers/caea60b6-ea91-44da-ba88-90dbd6d9afa0 1.726s
2024-12-12 04:08:13.763 66461 INFO tempest.common.waiters [-] State transition "BUILD/networking" ==> "BUILD/spawning" after 18 second wait
2024-12-12 04:08:13.841 66467 INFO tempest.lib.common.rest_client [req-880b69b2-2687-415c-a6fd-4afa7b3295b1 req-880b69b2-2687-415c-a6fd-4afa7b3295b1 ] Request (ImagesNegativeTestJSON:test_create_image_from_deleted_server): 200 GET http://10.180.1.21/compute/v2.1/servers/9ca1c53f-a3c9-4e10-93d9-6968b27c950c 1.756s
2024-12-12 04:08:13.948 66469 INFO tempest.lib.common.rest_client [req-2408f006-604c-4ebe-a8c7-5ff395d917a4 req-2408f006-604c-4ebe-a8c7-5ff395d917a4 ] Request (VolumesAssistedSnapshotsTest:test_volume_assisted_snapshot_create_delete): 200 GET http://10.180.1.21/compute/v2.1/servers/e584ee3d-0df5-4e22-b4d2-f061ed3558f2 1.788s
2024-12-12 04:08:13.951 66447 INFO tempest.lib.common.rest_client [req-266e7d11-3db8-4cf5-bf4c-e77dbe4b7194 req-266e7d11-3db8-4cf5-bf4c-e77dbe4b7194 ] Request (SecurityGroupsTestAdminJSON:test_list_security_groups_list_all_tenants_filter): 200 POST http://10.180.1.21/compute/v2.1/os-security-groups 1.952s
2024-12-12 04:08:13.996 66463 INFO tempest.lib.common.rest_client [req-5b68fb4d-89ae-4094-92fd-67a3cb4f4944 req-5b68fb4d-89ae-4094-92fd-67a3cb4f4944 ] Request (FlavorsAccessNegativeTestJSON:tearDownClass): 200 GET http://10.180.1.21:9696/networking/v2.0/security-groups?tenant_id=933d7c2c982a46e8984206cd97111a0a&name=default 0.620s
2024-12-12 04:08:14.003 66471 INFO tempest.lib.common.rest_client [req-58afa0d6-2fda-4569-a4be-bd12c9b7c8c8 req-58afa0d6-2fda-4569-a4be-bd12c9b7c8c8 ] Request (ImagesMetadataTestJSON:test_set_image_metadata_item): 200 GET http://10.180.1.21/compute/v2.1/images/0a7f5617-3e7c-4ebd-a857-5e6856ebea4f/metadata 1.692s
2024-12-12 04:08:14.037 66437 INFO tempest.lib.common.rest_client [req-18c819ae-6b20-41b1-a45c-d88c218e9619 req-18c819ae-6b20-41b1-a45c-d88c218e9619 ] Request (ServerActionsTestJSON:setUpClass): 201 POST http://10.180.1.21:9696/networking/v2.0/floatingips 1.479s
2024-12-12 04:08:14.059 66431 INFO tempest.lib.common.rest_client [req-ee8a0222-259e-4786-8074-3d5a69294ae3 req-ee8a0222-259e-4786-8074-3d5a69294ae3 ] Request (DeleteServersAdminTestJSON:test_admin_delete_servers_of_others): 200 GET http://10.180.1.21/compute/v2.1/servers/b7e2deae-fcf4-4feb-a1e9-a60ed65f3685 1.819s
2024-12-12 04:08:14.072 66429 INFO tempest.lib.common.rest_client [req-9fd9eed7-1679-4686-914a-98e7df53a9b0 req-9fd9eed7-1679-4686-914a-98e7df53a9b0 ] Request (QuotaClassesAdminTestJSON:tearDownClass): 204 DELETE http://10.180.1.21:9696/networking/v2.0/security-groups/b4b9f253-1df3-4065-bcaf-a956ffb6c60b 0.394s
2024-12-12 04:08:14.133 66421 INFO tempest.lib.common.rest_client [req-5ea33cc3-a294-4cbc-b869-9637487a3b83 req-5ea33cc3-a294-4cbc-b869-9637487a3b83 ] Request (ServersAdminNegativeTestJSON:test_migrate_server_invalid_state): 200 GET http://10.180.1.21/compute/v2.1/servers/0e032613-906c-4fbc-89ea-39b0dc80b83a 1.692s
2024-12-12 04:08:14.141 66437 INFO tempest.lib.common.rest_client [req-81debed9-165b-4078-a841-a2448088916e req-81debed9-165b-4078-a841-a2448088916e ] Request (ServerActionsTestJSON:setUpClass): 201 POST http://10.180.1.21/identity/v3/auth/tokens 0.100s
2024-12-12 04:08:14.142 66437 INFO tempest.lib.common.fixed_network [-] (ServerActionsTestJSON:setUpClass) Found network {'id': '2cbd9bb5-c0aa-4308-95f6-8fa68337a7ac', 'name': 'tempest-ServerActionsTestJSON-1727541372-network', 'tenant_id': '57392c5ee6544a27a3992bb902fcc3e7', 'admin_state_up': True, 'mtu': 8950, 'status': 'ACTIVE', 'subnets': [], 'shared': False, 'project_id': '57392c5ee6544a27a3992bb902fcc3e7', 'port_security_enabled': True, 'router:external': False, 'provider:network_type': 'vlan', 'provider:physical_network': 'default', 'provider:segmentation_id': 143, 'availability_zone_hints': [], 'availability_zones': [], 'ipv4_address_scope': None, 'ipv6_address_scope': None, 'description': '', 'tags': [], 'created_at': '2024-12-12T04:08:01Z', 'updated_at': '2024-12-12T04:08:01Z', 'revision_number': 1} available for tenant
2024-12-12 04:08:14.150 66439 INFO tempest.lib.common.rest_client [req-1080752a-ca9a-4d72-802d-e20bf3f3d030 req-1080752a-ca9a-4d72-802d-e20bf3f3d030 ] Request (ServerGroupTestJSON:test_create_delete_multiple_server_groups_with_same_name_policy): 200 GET http://10.180.1.21/compute/v2.1/os-server-groups 1.703s
2024-12-12 04:08:14.150 66463 INFO tempest.lib.common.rest_client [req-d56e793c-f663-4cd7-89d2-b9f60151718a req-d56e793c-f663-4cd7-89d2-b9f60151718a ] Request (FlavorsAccessNegativeTestJSON:tearDownClass): 204 DELETE http://10.180.1.21:9696/networking/v2.0/security-groups/5a62cb59-8156-4fdd-ab19-4d2351397be6 0.153s
2024-12-12 04:08:14.173 66429 INFO tempest.lib.common.rest_client [req-905fd8f4-1a86-4e5a-bde1-fd0892e187f7 req-905fd8f4-1a86-4e5a-bde1-fd0892e187f7 ] Request (QuotaClassesAdminTestJSON:tearDownClass): 204 DELETE http://10.180.1.21/identity/v3/projects/5e8da5c8f6374933a5c5d67214cce0be 0.100s
2024-12-12 04:08:14.173 66429 INFO tempest.lib.common.dynamic_creds [-] Deleting project and security group for project: 7bb6afb08fe946679688b22ab19b392b
2024-12-12 04:08:14.187 66443 INFO tempest.lib.common.rest_client [req-d7119616-8252-498c-b497-5fb1173a59c0 req-d7119616-8252-498c-b497-5fb1173a59c0 ] Request (ServerExternalEventsTest:tearDownClass): 200 GET http://10.180.1.21/compute/v2.1/servers/99ed1e72-f45f-47cc-8515-45d1f92b9202 1.778s
2024-12-12 04:08:14.279 66459 INFO tempest.lib.common.rest_client [req-5ef3af05-59a8-4676-b795-8c11f1e52d07 req-5ef3af05-59a8-4676-b795-8c11f1e52d07 ] Request (FloatingIPsAssociationTestJSON:setUpClass): 200 GET http://10.180.1.21/compute/v2.1/servers/8f76ad59-db0e-402a-8a56-07d945dc5646 1.733s
2024-12-12 04:08:14.332 66463 INFO tempest.lib.common.rest_client [req-8aafe70a-85e0-4f33-84d3-124fa6efddf6 req-8aafe70a-85e0-4f33-84d3-124fa6efddf6 ] Request (FlavorsAccessNegativeTestJSON:tearDownClass): 204 DELETE http://10.180.1.21/identity/v3/projects/933d7c2c982a46e8984206cd97111a0a 0.181s
2024-12-12 04:08:14.332 66463 INFO tempest.lib.common.dynamic_creds [-] Deleting project and security group for project: 9a2a130c0b6142dc99e82e864e53e8bc
2024-12-12 04:08:14.411 66429 INFO tempest.lib.common.rest_client [req-4bed5940-1149-418f-a9c6-402ad346df98 req-4bed5940-1149-418f-a9c6-402ad346df98 ] Request (QuotaClassesAdminTestJSON:tearDownClass): 200 GET http://10.180.1.21:9696/networking/v2.0/security-groups?tenant_id=7bb6afb08fe946679688b22ab19b392b&name=default 0.238s
2024-12-12 04:08:14.447 66445 INFO tempest.lib.common.rest_client [req-67f526c3-fb37-47fa-8e74-7f899908db6e req-67f526c3-fb37-47fa-8e74-7f899908db6e ] Request (MigrationsAdminTest:test_list_migrations_in_flavor_resize_situation): 200 GET http://10.180.1.21/compute/v2.1/servers/d6e0f5ce-2f94-4959-8290-50e3ddd78cb8 1.883s
2024-12-12 04:08:14.489 66435 INFO tempest.lib.common.rest_client [req-1f530302-2e5b-47e6-b06f-38e4c172ff29 req-1f530302-2e5b-47e6-b06f-38e4c172ff29 ] Request (ListImageFiltersTestJSON:setUpClass): 200 GET http://10.180.1.21/compute/v2.1/images/96c24026-9ffb-4b75-ad5e-9760d15c7ca8 1.887s
2024-12-12 04:08:14.504 66463 INFO tempest.lib.common.rest_client [req-5df0876a-eb3f-4900-96e7-1db5ecbe3c05 req-5df0876a-eb3f-4900-96e7-1db5ecbe3c05 ] Request (FlavorsAccessNegativeTestJSON:tearDownClass): 200 GET http://10.180.1.21:9696/networking/v2.0/security-groups?tenant_id=9a2a130c0b6142dc99e82e864e53e8bc&name=default 0.171s
2024-12-12 04:08:14.526 66475 INFO tempest.lib.common.rest_client [req-7fcc0d84-1287-4ba5-b5f1-2f512ded9811 req-7fcc0d84-1287-4ba5-b5f1-2f512ded9811 ] Request (DeleteServersTestJSON:setUpClass): 200 PUT http://10.180.1.21:9696/networking/v2.0/routers/3d38a033-7da8-4066-b140-593dd6df058d/add_router_interface 2.680s
2024-12-12 04:08:14.527 66475 INFO tempest.lib.common.dynamic_creds [-] Created isolated network resources for: credentials: Credentials: {'domain_id': 'default', 'domain_name': 'Default', 'username': 'tempest-DeleteServersTestJSON-737574106-project-member', 'project_domain_id': 'default', 'project_domain_name': 'Default', 'project_id': 'd7c40206cb344021b5aee67471bdcc5d', 'project_name': 'tempest-DeleteServersTestJSON-737574106', 'tenant_id': 'd7c40206cb344021b5aee67471bdcc5d', 'tenant_name': 'tempest-DeleteServersTestJSON-737574106', 'user_domain_id': 'default', 'user_domain_name': 'Default', 'user_id': '6f97abd5adaf4000874d7be2b8812721', 'system': None}, Network: {'id': '03f4b938-8855-4098-993e-e1f088501db0', 'name': 'tempest-DeleteServersTestJSON-1249533728-network', 'tenant_id': 'd7c40206cb344021b5aee67471bdcc5d', 'admin_state_up': True, 'mtu': 8950, 'status': 'ACTIVE', 'subnets': [], 'shared': False, 'project_id': 'd7c40206cb344021b5aee67471bdcc5d', 'port_security_enabled': True, 'router:external': False, 'provider:network_type': 'vlan', 'provider:physical_network': 'default', 'provider:segmentation_id': 482, 'availability_zone_hints': [], 'availability_zones': [], 'ipv4_address_scope': None, 'ipv6_address_scope': None, 'description': '', 'tags': [], 'created_at': '2024-12-12T04:08:10Z', 'updated_at': '2024-12-12T04:08:10Z', 'revision_number': 1}, Subnet: {'id': '263a2ff4-1041-45f8-8f99-21f6aa96737f', 'name': 'tempest-DeleteServersTestJSON-1249533728-subnet', 'tenant_id': 'd7c40206cb344021b5aee67471bdcc5d', 'network_id': '03f4b938-8855-4098-993e-e1f088501db0', 'ip_version': 4, 'subnetpool_id': None, 'enable_dhcp': True, 'ipv6_ra_mode': None, 'ipv6_address_mode': None, 'gateway_ip': '192.168.128.1', 'cidr': '192.168.128.0/28', 'allocation_pools': [{'start': '192.168.128.2', 'end': '192.168.128.14'}], 'host_routes': [], 'dns_nameservers': [], 'description': '', 'router:external': False, 'service_types': [], 'tags': [], 'created_at': '2024-12-12T04:08:10Z', 'updated_at': '2024-12-12T04:08:10Z', 'revision_number': 0, 'project_id': 'd7c40206cb344021b5aee67471bdcc5d'}, Router: {'id': '3d38a033-7da8-4066-b140-593dd6df058d', 'name': 'tempest-DeleteServersTestJSON-1249533728-router', 'tenant_id': 'd7c40206cb344021b5aee67471bdcc5d', 'admin_state_up': True, 'status': 'ACTIVE', 'external_gateway_info': {'network_id': 'af4181f9-0a09-4513-8c8f-00b50cede199', 'external_fixed_ips': [{'subnet_id': '7d0f12a5-4ede-45c2-9449-40576789d889', 'ip_address': '10.180.180.216'}], 'enable_snat': True}, 'description': '', 'availability_zones': [], 'distributed': False, 'ha': False, 'availability_zone_hints': [], 'routes': [], 'flavor_id': None, 'tags': [], 'created_at': '2024-12-12T04:08:10Z', 'updated_at': '2024-12-12T04:08:11Z', 'revision_number': 2, 'project_id': 'd7c40206cb344021b5aee67471bdcc5d'}
2024-12-12 04:08:14.532 66425 INFO tempest.lib.common.rest_client [req-b023a2d1-57d0-461e-a5d2-294c30eb3d01 req-b023a2d1-57d0-461e-a5d2-294c30eb3d01 ] Request (AggregatesAdminNegativeTestJSON:_run_cleanups): 200 DELETE http://10.180.1.21/compute/v2.1/os-aggregates/6 1.868s
2024-12-12 04:08:14.541 66419 INFO tempest.lib.common.rest_client [req-9caef75a-96a6-4e15-89af-7f1428c2984f req-9caef75a-96a6-4e15-89af-7f1428c2984f ] Request (HostsAdminNegativeTestJSON:test_update_host_without_param): 400 PUT http://10.180.1.21/compute/v2.1/os-hosts/devstack 1.870s
2024-12-12 04:08:14.563 66453 INFO tempest.lib.common.rest_client [req-327dc8a5-f7b4-4fa3-b52b-10ac84eab998 req-327dc8a5-f7b4-4fa3-b52b-10ac84eab998 ] Request (KeyPairsV2TestJSON:_run_cleanups): 202 DELETE http://10.180.1.21/compute/v2.1/os-keypairs/tempest-keypair-909059186 1.855s
2024-12-12 04:08:14.582 66473 INFO tempest.lib.common.rest_client [req-5ad53788-7253-43eb-8846-f158a46ff1a3 req-5ad53788-7253-43eb-8846-f158a46ff1a3 ] Request (KeyPairsV22TestJSON:_run_cleanups): 204 DELETE http://10.180.1.21/compute/v2.1/os-keypairs/tempest-KeyPairsV22TestJSON-keypair-948619492 1.858s
2024-12-12 04:08:14.610 66435 INFO tempest.lib.common.rest_client [req-32a3cf70-367e-4f20-9d98-c46e72eb7f4b req-32a3cf70-367e-4f20-9d98-c46e72eb7f4b ] Request (ListImageFiltersTestJSON:setUpClass): 201 POST http://10.180.1.21/identity/v3/auth/tokens 0.109s
2024-12-12 04:08:14.611 66435 INFO tempest.lib.common.fixed_network [-] (ListImageFiltersTestJSON:setUpClass) Found network None available for tenant
2024-12-12 04:08:14.667 66463 INFO tempest.lib.common.rest_client [req-11be2c2b-1859-4ea2-8255-76db06a7396d req-11be2c2b-1859-4ea2-8255-76db06a7396d ] Request (FlavorsAccessNegativeTestJSON:tearDownClass): 204 DELETE http://10.180.1.21:9696/networking/v2.0/security-groups/3d18a297-424b-4160-83cf-cb69f0c06760 0.162s
2024-12-12 04:08:14.695 66429 INFO tempest.lib.common.rest_client [req-9084e00f-f64a-4322-a365-83d3a74c2d8d req-9084e00f-f64a-4322-a365-83d3a74c2d8d ] Request (QuotaClassesAdminTestJSON:tearDownClass): 204 DELETE http://10.180.1.21:9696/networking/v2.0/security-groups/0eaca777-adbd-424e-a627-aaa223c77469 0.283s
2024-12-12 04:08:14.758 66433 INFO tempest.lib.common.rest_client [req-f9574c5f-b37d-46cd-880c-c6e23aca2cfe req-f9574c5f-b37d-46cd-880c-c6e23aca2cfe ] Request (QuotasAdminTestJSON:test_get_default_quotas): 200 GET http://10.180.1.21/compute/v2.1/os-quota-sets/f208e6d509404619baf7714b22ad2ead/defaults 1.947s
2024-12-12 04:08:14.806 66475 INFO tempest.lib.common.rest_client [req-6ed5ef18-57f7-442c-b925-00d2d311cd6d req-6ed5ef18-57f7-442c-b925-00d2d311cd6d ] Request (DeleteServersTestJSON:setUpClass): 201 POST http://10.180.1.21/identity/v3/auth/tokens 0.275s
2024-12-12 04:08:14.878 66423 INFO tempest.lib.common.rest_client [req-2270f798-26f2-4e9f-af5c-169a8959a26b req-2270f798-26f2-4e9f-af5c-169a8959a26b ] Request (ServersWithSpecificFlavorTestJSON:test_verify_created_server_ephemeral_disk): 202 POST http://10.180.1.21/compute/v2.1/servers 2.361s
2024-12-12 04:08:14.882 66463 INFO tempest.lib.common.rest_client [req-1995cc05-7bf3-4202-ac38-a464449b3897 req-1995cc05-7bf3-4202-ac38-a464449b3897 ] Request (FlavorsAccessNegativeTestJSON:tearDownClass): 204 DELETE http://10.180.1.21/identity/v3/projects/9a2a130c0b6142dc99e82e864e53e8bc 0.215s
2024-12-12 04:08:14.882 66463 INFO tempest.lib.common.dynamic_creds [-] Deleting project and security group for project: e8f8ecf54d894190bbc58339daaed520
2024-12-12 04:08:14.894 66429 INFO tempest.lib.common.rest_client [req-ba34b0f4-8b88-4f51-83bf-21b97cc97350 req-ba34b0f4-8b88-4f51-83bf-21b97cc97350 ] Request (QuotaClassesAdminTestJSON:tearDownClass): 204 DELETE http://10.180.1.21/identity/v3/projects/7bb6afb08fe946679688b22ab19b392b 0.198s
2024-12-12 04:08:14.895 66429 INFO tempest.test [-] raised in ServersOnMultiNodesTest.setUpClass. Invoking tearDownClass.
2024-12-12 04:08:14.970 66475 INFO tempest.lib.common.rest_client [req-8c2b60e6-5df8-4e5d-b3e3-9b3250dd4465 req-8c2b60e6-5df8-4e5d-b3e3-9b3250dd4465 ] Request (DeleteServersTestJSON:test_delete_active_server): 201 POST http://10.180.1.21/identity/v3/auth/tokens 0.157s
2024-12-12 04:08:14.970 66475 INFO tempest.lib.common.fixed_network [-] (DeleteServersTestJSON:test_delete_active_server) Found network {'id': '03f4b938-8855-4098-993e-e1f088501db0', 'name': 'tempest-DeleteServersTestJSON-1249533728-network', 'tenant_id': 'd7c40206cb344021b5aee67471bdcc5d', 'admin_state_up': True, 'mtu': 8950, 'status': 'ACTIVE', 'subnets': [], 'shared': False, 'project_id': 'd7c40206cb344021b5aee67471bdcc5d', 'port_security_enabled': True, 'router:external': False, 'provider:network_type': 'vlan', 'provider:physical_network': 'default', 'provider:segmentation_id': 482, 'availability_zone_hints': [], 'availability_zones': [], 'ipv4_address_scope': None, 'ipv6_address_scope': None, 'description': '', 'tags': [], 'created_at': '2024-12-12T04:08:10Z', 'updated_at': '2024-12-12T04:08:10Z', 'revision_number': 1} available for tenant
2024-12-12 04:08:14.973 66427 INFO tempest.lib.common.rest_client [req-a16d7fde-2089-46af-be11-95d644b83976 req-a16d7fde-2089-46af-be11-95d644b83976 ] Request (ServersAdmin275Test:test_rebuild_update_server_275): 200 GET http://10.180.1.21/compute/v2.1/servers/579b7927-f6f1-4c8e-a217-0687d3afe2b4 1.900s
2024-12-12 04:08:15.043 66481 INFO tempest.lib.common.rest_client [req-42e5f502-cc81-40c6-9fae-d4d04a8129a7 req-42e5f502-cc81-40c6-9fae-d4d04a8129a7 ] Request (AttachInterfacesV270Test:tearDownClass): 200 GET http://10.180.1.21/compute/v2.1/servers/02b49447-a9b7-4211-aab7-109d315c2af6 2.094s
2024-12-12 04:08:15.045 66429 INFO tempest.lib.common.rest_client [req-f67a433e-ee47-4014-a1d0-7aef933d4b19 req-f67a433e-ee47-4014-a1d0-7aef933d4b19 ] Request (ServerRescueNegativeTestJSON:setUpClass): 201 POST http://10.180.1.21/identity/v3/auth/tokens 0.141s
2024-12-12 04:08:15.046 66433 INFO tempest.lib.common.rest_client [req-8f8d4811-08f6-4e46-9c8e-db58b6f5b34b req-8f8d4811-08f6-4e46-9c8e-db58b6f5b34b ] Request (QuotasAdminTestJSON:test_get_updated_quotas): 200 GET http://10.180.1.21/identity/v3/domains?name=Default 0.280s
2024-12-12 04:08:15.088 66429 INFO tempest.lib.common.rest_client [req-3273a799-3351-43dd-ad53-b56b2332f915 req-3273a799-3351-43dd-ad53-b56b2332f915 ] Request (ServerRescueNegativeTestJSON:setUpClass): 201 POST http://10.180.1.21/identity/v3/auth/tokens 0.040s
2024-12-12 04:08:15.099 66433 INFO tempest.lib.common.rest_client [req-30364d3a-c184-4e72-89d9-8a9841de9448 req-30364d3a-c184-4e72-89d9-8a9841de9448 ] Request (QuotasAdminTestJSON:test_get_updated_quotas): 201 POST http://10.180.1.21/identity/v3/projects 0.053s
2024-12-12 04:08:15.123 66455 INFO tempest.lib.common.rest_client [req-952bfbe3-5228-4a12-beb2-5187d6eb3271 req-952bfbe3-5228-4a12-beb2-5187d6eb3271 ] Request (SecurityGroupsTestJSON:test_list_security_groups_by_server): 200 GET http://10.180.1.21/compute/v2.1/servers/c67fa3ed-98e7-4a2d-a9c2-222148ef7a8d 1.795s
2024-12-12 04:08:15.160 66463 INFO tempest.lib.common.rest_client [req-7a6746fe-519f-49ee-90f5-dc415562214f req-7a6746fe-519f-49ee-90f5-dc415562214f ] Request (FlavorsAccessNegativeTestJSON:tearDownClass): 200 GET http://10.180.1.21:9696/networking/v2.0/security-groups?tenant_id=e8f8ecf54d894190bbc58339daaed520&name=default 0.277s
2024-12-12 04:08:15.177 66429 INFO tempest.lib.common.rest_client [req-c4405a90-0bdf-4ed7-be96-8db40af641bb req-c4405a90-0bdf-4ed7-be96-8db40af641bb ] Request (ServerRescueNegativeTestJSON:setUpClass): 200 GET http://10.180.1.21/identity/v3/domains?name=Default 0.089s
2024-12-12 04:08:15.182 66433 INFO tempest.lib.common.rest_client [req-ae10303c-2fe9-498b-80d7-957e5fc0e83c req-ae10303c-2fe9-498b-80d7-957e5fc0e83c ] Request (QuotasAdminTestJSON:test_get_updated_quotas): 200 GET http://10.180.1.21/identity/v3/domains?name=Default 0.082s
2024-12-12 04:08:15.216 66429 INFO tempest.lib.common.rest_client [req-ee97c32e-c8bd-46a8-a62f-6e15ee33ae4a req-ee97c32e-c8bd-46a8-a62f-6e15ee33ae4a ] Request (ServerRescueNegativeTestJSON:setUpClass): 201 POST http://10.180.1.21/identity/v3/projects 0.038s
2024-12-12 04:08:15.281 66429 INFO tempest.lib.common.rest_client [req-61ba57fd-3c09-44a8-bb86-1e9c23f93270 req-61ba57fd-3c09-44a8-bb86-1e9c23f93270 ] Request (ServerRescueNegativeTestJSON:setUpClass): 201 POST http://10.180.1.21/identity/v3/users 0.065s
2024-12-12 04:08:15.291 66463 INFO tempest.lib.common.rest_client [req-34a8d55c-5d11-4426-b379-2d890c179005 req-34a8d55c-5d11-4426-b379-2d890c179005 ] Request (FlavorsAccessNegativeTestJSON:tearDownClass): 204 DELETE http://10.180.1.21:9696/networking/v2.0/security-groups/5b51d1a7-bc5f-449c-8e6c-d1b2d27035ae 0.131s
2024-12-12 04:08:15.299 66429 INFO tempest.lib.common.rest_client [req-239b9daf-e8e8-425f-912a-00ad5fc93231 req-239b9daf-e8e8-425f-912a-00ad5fc93231 ] Request (ServerRescueNegativeTestJSON:setUpClass): 200 GET http://10.180.1.21/identity/v3/roles 0.017s
2024-12-12 04:08:15.326 66429 INFO tempest.lib.common.rest_client [req-952cfd7e-07c7-415c-bcfc-4ad988a4fdbf req-952cfd7e-07c7-415c-bcfc-4ad988a4fdbf ] Request (ServerRescueNegativeTestJSON:setUpClass): 204 PUT http://10.180.1.21/identity/v3/projects/5a7d191ed3854a309482d85da8cd2c6d/users/70d13a06dd654ab5a7d1cfdd3dba51f1/roles/c28d286489714965af1f3c2e6cfa5d14 0.026s
2024-12-12 04:08:15.326 66429 INFO tempest.lib.common.dynamic_creds [-] Dynamic test user 70d13a06dd654ab5a7d1cfdd3dba51f1 is created with scope project and roles: ['member']
2024-12-12 04:08:15.326 66429 INFO tempest.lib.common.dynamic_creds [-] Acquired dynamic creds: credentials: Credentials: {'domain_id': 'default', 'domain_name': 'Default', 'username': 'tempest-ServerRescueNegativeTestJSON-1293978352-project-member', 'project_domain_id': 'default', 'project_domain_name': 'Default', 'project_id': '5a7d191ed3854a309482d85da8cd2c6d', 'project_name': 'tempest-ServerRescueNegativeTestJSON-1293978352', 'tenant_id': '5a7d191ed3854a309482d85da8cd2c6d', 'tenant_name': 'tempest-ServerRescueNegativeTestJSON-1293978352', 'user_domain_id': 'default', 'user_domain_name': 'Default', 'user_id': '70d13a06dd654ab5a7d1cfdd3dba51f1', 'system': None}, Network: None, Subnet: None, Router: None
2024-12-12 04:08:15.366 66463 INFO tempest.lib.common.rest_client [req-c5c241d2-01a3-4a14-80e3-fcdc2e579e4b req-c5c241d2-01a3-4a14-80e3-fcdc2e579e4b ] Request (FlavorsAccessNegativeTestJSON:tearDownClass): 204 DELETE http://10.180.1.21/identity/v3/projects/e8f8ecf54d894190bbc58339daaed520 0.075s
2024-12-12 04:08:15.367 66463 INFO tempest.test [-] raised in UnshelveToHostMultiNodesTest.setUpClass. Invoking tearDownClass.
2024-12-12 04:08:15.386 66429 INFO tempest.lib.common.rest_client [req-ea1641b9-10f8-42ce-be33-054b812026ca req-ea1641b9-10f8-42ce-be33-054b812026ca ] Request (ServerRescueNegativeTestJSON:setUpClass): 201 POST http://10.180.1.21/identity/v3/auth/tokens 0.059s
2024-12-12 04:08:15.395 66463 INFO tempest.lib.common.rest_client [req-312d6ed2-d43a-4a99-a4e9-352dd6a2b125 req-312d6ed2-d43a-4a99-a4e9-352dd6a2b125 ] Request (ServicesAdminNegativeTestJSON:setUpClass): 201 POST http://10.180.1.21/identity/v3/auth/tokens 0.026s
2024-12-12 04:08:15.426 66463 INFO tempest.lib.common.rest_client [req-e50ddca9-13e2-4a72-a82a-64d3a1503983 req-e50ddca9-13e2-4a72-a82a-64d3a1503983 ] Request (ServicesAdminNegativeTestJSON:setUpClass): 201 POST http://10.180.1.21/identity/v3/auth/tokens 0.028s
2024-12-12 04:08:15.455 66463 INFO tempest.lib.common.rest_client [req-7a5b5237-a37e-4b71-97cb-937ced2fd713 req-7a5b5237-a37e-4b71-97cb-937ced2fd713 ] Request (ServicesAdminNegativeTestJSON:setUpClass): 200 GET http://10.180.1.21/identity/v3/domains?name=Default 0.028s
2024-12-12 04:08:15.487 66463 INFO tempest.lib.common.rest_client [req-1408abf3-39a9-4acf-8523-51271307ed9a req-1408abf3-39a9-4acf-8523-51271307ed9a ] Request (ServicesAdminNegativeTestJSON:setUpClass): 201 POST http://10.180.1.21/identity/v3/projects 0.032s
2024-12-12 04:08:15.512 66465 INFO tempest.lib.common.rest_client [req-5fe98218-46ba-475f-ac20-8a43dcff762a req-5fe98218-46ba-475f-ac20-8a43dcff762a ] Request (ServersTestJSON:setUpClass): 202 POST http://10.180.1.21/compute/v2.1/servers 2.362s
2024-12-12 04:08:15.544 66449 INFO tempest.lib.common.rest_client [req-e11159d1-bff0-4392-ad89-60c9f71442a6 req-e11159d1-bff0-4392-ad89-60c9f71442a6 ] Request (ServerActionsTestOtherA:setUpClass): 202 POST http://10.180.1.21/compute/v2.1/servers 2.024s
2024-12-12 04:08:15.544 66463 INFO tempest.lib.common.rest_client [req-2e73ef11-1f53-4d67-89e6-69ffeb670eb9 req-2e73ef11-1f53-4d67-89e6-69ffeb670eb9 ] Request (ServicesAdminNegativeTestJSON:setUpClass): 201 POST http://10.180.1.21/identity/v3/users 0.053s
2024-12-12 04:08:15.568 66463 INFO tempest.lib.common.rest_client [req-c4bb20d4-1921-456e-a136-9350ff4431aa req-c4bb20d4-1921-456e-a136-9350ff4431aa ] Request (ServicesAdminNegativeTestJSON:setUpClass): 200 GET http://10.180.1.21/identity/v3/roles 0.024s
2024-12-12 04:08:15.595 66451 INFO tempest.lib.common.rest_client [req-a0ccdb77-4c42-4738-8eac-efa3ca937113 req-a0ccdb77-4c42-4738-8eac-efa3ca937113 ] Request (ServerDiagnosticsNegativeTest:tearDownClass): 200 GET http://10.180.1.21/compute/v2.1/servers/44fd6042-0a74-447b-a749-ce955bb699f5 1.928s
2024-12-12 04:08:15.602 66451 INFO tempest.common.waiters [-] State transition "ACTIVE/deleting" ==> "DELETED/None" after 3 second wait
2024-12-12 04:08:15.609 66463 INFO tempest.lib.common.rest_client [req-4098d9e7-70d3-4816-a4de-690c13cd0cec req-4098d9e7-70d3-4816-a4de-690c13cd0cec ] Request (ServicesAdminNegativeTestJSON:setUpClass): 204 PUT http://10.180.1.21/identity/v3/projects/2afd2dc187fe4e71bbd868bc7176a6a9/users/8811216c03514d14bc4a633558822fc7/roles/c28d286489714965af1f3c2e6cfa5d14 0.040s
2024-12-12 04:08:15.611 66463 INFO tempest.lib.common.dynamic_creds [-] Dynamic test user 8811216c03514d14bc4a633558822fc7 is created with scope project and roles: ['member']
2024-12-12 04:08:15.611 66463 INFO tempest.lib.common.dynamic_creds [-] Acquired dynamic creds: credentials: Credentials: {'domain_id': 'default', 'domain_name': 'Default', 'username': 'tempest-ServicesAdminNegativeTestJSON-1771324536-project-member', 'project_domain_id': 'default', 'project_domain_name': 'Default', 'project_id': '2afd2dc187fe4e71bbd868bc7176a6a9', 'project_name': 'tempest-ServicesAdminNegativeTestJSON-1771324536', 'tenant_id': '2afd2dc187fe4e71bbd868bc7176a6a9', 'tenant_name': 'tempest-ServicesAdminNegativeTestJSON-1771324536', 'user_domain_id': 'default', 'user_domain_name': 'Default', 'user_id': '8811216c03514d14bc4a633558822fc7', 'system': None}, Network: None, Subnet: None, Router: None
2024-12-12 04:08:15.611 66463 INFO tempest.lib.common.dynamic_creds [-] Created isolated network resources for: credentials: Credentials: {'domain_id': 'default', 'domain_name': 'Default', 'username': 'tempest-ServicesAdminNegativeTestJSON-1771324536-project-member', 'project_domain_id': 'default', 'project_domain_name': 'Default', 'project_id': '2afd2dc187fe4e71bbd868bc7176a6a9', 'project_name': 'tempest-ServicesAdminNegativeTestJSON-1771324536', 'tenant_id': '2afd2dc187fe4e71bbd868bc7176a6a9', 'tenant_name': 'tempest-ServicesAdminNegativeTestJSON-1771324536', 'user_domain_id': 'default', 'user_domain_name': 'Default', 'user_id': '8811216c03514d14bc4a633558822fc7', 'system': None}, Network: None, Subnet: None, Router: None
2024-12-12 04:08:15.735 66463 INFO tempest.lib.common.rest_client [req-1dd6c13c-3baa-482e-a30f-511223465491 req-1dd6c13c-3baa-482e-a30f-511223465491 ] Request (ServicesAdminNegativeTestJSON:setUpClass): 201 POST http://10.180.1.21/identity/v3/auth/tokens 0.120s
2024-12-12 04:08:15.801 66463 INFO tempest.lib.common.rest_client [req-9be336aa-1085-4112-8b60-97b2bfddef58 req-9be336aa-1085-4112-8b60-97b2bfddef58 ] Request (ServicesAdminNegativeTestJSON:setUpClass): 201 POST http://10.180.1.21/identity/v3/projects 0.064s
