2024-12-12 04:08:45.516 66441 INFO tempest.lib.common.rest_client [req-0c5eb062-dfb1-4b71-9c77-10108f5c1bed req-0c5eb062-dfb1-4b71-9c77-10108f5c1bed ] Request (ListServerFiltersTestJSON:test_list_servers_filtered_by_ip): 200 GET http://10.180.1.21/compute/v2.1/servers/a3f0c9ac-b084-40d7-8442-43f72f1846c3 0.850s
2024-12-12 04:08:45.532 66479 INFO tempest.lib.common.rest_client [req-59c9a338-b8cc-4468-b7f0-ef39eda73eda req-59c9a338-b8cc-4468-b7f0-ef39eda73eda ] Request (ServerDiskConfigTestJSON:test_rebuild_server_with_manual_disk_config): 200 GET http://10.180.1.21/compute/v2.1/servers/0f5605a1-ed47-441b-a530-be9e29189b4e 0.832s
2024-12-12 04:08:45.560 66437 INFO tempest.lib.common.rest_client [req-01e09a7e-4fcd-4eb2-8f26-5660a1d6297d req-01e09a7e-4fcd-4eb2-8f26-5660a1d6297d ] Request (ServerActionsTestJSON:setUpClass): 200 GET http://10.180.1.21/compute/v2.1/servers/af4e70dc-80ab-4d2e-a8ef-a9182e6f4742 0.839s
2024-12-12 04:08:45.622 66451 INFO tempest.lib.common.rest_client [req-939e9832-9dd4-49e2-a5f0-185c4fcab822 req-939e9832-9dd4-49e2-a5f0-185c4fcab822 ] Request (ServicesAdminNegativeV253TestJSON:tearDownClass): 204 DELETE http://10.180.1.21:9696/networking/v2.0/security-groups/1614d48e-1208-4a03-b34d-28c33be3de4c 0.132s
2024-12-12 04:08:45.631 66461 INFO tempest.lib.common.rest_client [req-bd1cf926-280b-4ae5-ab85-831674c9b5a9 req-bd1cf926-280b-4ae5-ab85-831674c9b5a9 ] Request (ServerDiagnosticsV248Test:tearDownClass): 200 GET http://10.180.1.21/compute/v2.1/servers/caea60b6-ea91-44da-ba88-90dbd6d9afa0 0.633s
2024-12-12 04:08:45.636 66455 INFO tempest.lib.common.rest_client [req-4cc4765f-2415-4b60-88f1-fcdf53ac5a45 req-4cc4765f-2415-4b60-88f1-fcdf53ac5a45 ] Request (SecurityGroupsTestJSON:test_list_security_groups_by_server): 200 GET http://10.180.1.21/compute/v2.1/servers/c67fa3ed-98e7-4a2d-a9c2-222148ef7a8d 0.765s
2024-12-12 04:08:45.642 66455 INFO tempest.common.waiters [-] State transition "BUILD/spawning" ==> "ACTIVE/None" after 37 second wait
2024-12-12 04:08:45.683 66475 INFO tempest.lib.common.rest_client [req-d281ea8a-e101-4ac1-a41d-60cc1dac715e req-d281ea8a-e101-4ac1-a41d-60cc1dac715e ] Request (DeleteServersTestJSON:test_delete_active_server): 200 GET http://10.180.1.21/compute/v2.1/servers/9650e1a7-4ca0-4d1c-b42d-72ae13345ce3 0.623s
2024-12-12 04:08:45.707 66451 INFO tempest.lib.common.rest_client [req-8fc57809-942f-4621-9e2c-6f74dcb429a5 req-8fc57809-942f-4621-9e2c-6f74dcb429a5 ] Request (ServicesAdminNegativeV253TestJSON:tearDownClass): 204 DELETE http://10.180.1.21/identity/v3/projects/7e00c02f2a3c4104a7d08cfb3bcb35df 0.084s
2024-12-12 04:08:45.707 66451 INFO tempest.lib.common.dynamic_creds [-] Deleting project and security group for project: 1b87f1a13dd84058bb1b2dbb3ea0e97e
2024-12-12 04:08:45.763 66445 INFO tempest.lib.common.rest_client [req-e465faf4-d3a1-40fa-ae67-8270719aa070 req-e465faf4-d3a1-40fa-ae67-8270719aa070 ] Request (MigrationsAdminTest:test_list_migrations_in_flavor_resize_situation): 200 GET http://10.180.1.21/compute/v2.1/servers/d6e0f5ce-2f94-4959-8290-50e3ddd78cb8 0.665s
2024-12-12 04:08:45.772 66471 INFO tempest.lib.common.rest_client [req-a5c86e30-b538-4100-840b-3c754b2afdb9 req-a5c86e30-b538-4100-840b-3c754b2afdb9 ] Request (ServerActionsV293TestJSON:setUpClass): 200 GET http://10.180.1.21/volume/v3/volumes/280001ae-0005-4b73-8b26-e3a92049d78d 0.041s
2024-12-12 04:08:45.779 66471 INFO tempest.common.waiters [-] volume 280001ae-0005-4b73-8b26-e3a92049d78d reached available after waiting for 19.779921 seconds
2024-12-12 04:08:45.797 66453 INFO tempest.lib.common.rest_client [req-f396b83d-6e5c-49ea-ad60-04135f0f96f8 req-f396b83d-6e5c-49ea-ad60-04135f0f96f8 ] Request (SecurityGroupRulesNegativeTestJSON:tearDownClass): 202 DELETE http://10.180.1.21/compute/v2.1/os-security-groups/47cf5626-9cd4-4c37-8e6f-ecd05014209e 0.696s
2024-12-12 04:08:45.820 66423 INFO tempest.lib.common.rest_client [req-daa626dc-825d-40e4-bb53-db0566c9d057 req-daa626dc-825d-40e4-bb53-db0566c9d057 ] Request (ServersWithSpecificFlavorTestJSON:test_verify_created_server_ephemeral_disk): 200 GET http://10.180.1.21/compute/v2.1/servers/5447c9b9-b9ab-478d-a2b3-079f78ba37d9 0.712s
2024-12-12 04:08:45.848 66451 INFO tempest.lib.common.rest_client [req-7dd1ec7f-7a86-4ccf-bdb2-b0e34c86e874 req-7dd1ec7f-7a86-4ccf-bdb2-b0e34c86e874 ] Request (ServicesAdminNegativeV253TestJSON:tearDownClass): 200 GET http://10.180.1.21:9696/networking/v2.0/security-groups?tenant_id=1b87f1a13dd84058bb1b2dbb3ea0e97e&name=default 0.141s
2024-12-12 04:08:45.861 66447 INFO tempest.lib.common.rest_client [req-3717c23c-63c0-4a34-8667-eca78a48ce7b req-3717c23c-63c0-4a34-8667-eca78a48ce7b ] Request (InstanceActionsNegativeTestJSON:setUpClass): 200 GET http://10.180.1.21/compute/v2.1/servers/b9e6a0c8-4546-441b-9723-9299629a0797 0.706s
2024-12-12 04:08:45.884 66431 INFO tempest.lib.common.rest_client [req-403ee0de-851a-414e-a1a1-536eb8aa3ca8 req-403ee0de-851a-414e-a1a1-536eb8aa3ca8 ] Request (DeleteServersAdminTestJSON:test_delete_server_while_in_error_state): 200 GET http://10.180.1.21/compute/v2.1/servers/a3f70337-5323-420d-8eb4-f55093055017 0.629s
2024-12-12 04:08:45.947 66473 INFO tempest.lib.common.rest_client [req-85730dda-002e-4524-8dbe-0d76c6a3ac66 req-85730dda-002e-4524-8dbe-0d76c6a3ac66 ] Request (ServerMetadataNegativeTestJSON:setUpClass): 200 GET http://10.180.1.21/compute/v2.1/servers/b4bb066c-7c9b-44cc-a73f-aeaaea0b8d43 0.620s
2024-12-12 04:08:45.967 66433 INFO tempest.lib.common.rest_client [req-da6b93bb-a79a-4558-befd-136c2334ec2c req-da6b93bb-a79a-4558-befd-136c2334ec2c ] Request (ServerDiagnosticsTest:test_get_server_diagnostics): 200 GET http://10.180.1.21/compute/v2.1/servers/f47d6117-8bd2-4a5e-9b70-a50b91d43c22 0.592s
2024-12-12 04:08:45.970 66451 INFO tempest.lib.common.rest_client [req-a07b17d1-7b1e-40bb-ae75-3ef79f3ee798 req-a07b17d1-7b1e-40bb-ae75-3ef79f3ee798 ] Request (ServicesAdminNegativeV253TestJSON:tearDownClass): 204 DELETE http://10.180.1.21:9696/networking/v2.0/security-groups/516a7a85-6d80-478e-b6d1-1054a43fcb68 0.121s
2024-12-12 04:08:46.086 66451 INFO tempest.lib.common.rest_client [req-f0958e0b-6c3a-4416-b808-c9cc240a9c99 req-f0958e0b-6c3a-4416-b808-c9cc240a9c99 ] Request (ServicesAdminNegativeV253TestJSON:tearDownClass): 204 DELETE http://10.180.1.21/identity/v3/projects/1b87f1a13dd84058bb1b2dbb3ea0e97e 0.115s
2024-12-12 04:08:46.116 66469 INFO tempest.lib.common.rest_client [req-6cbd0b02-eab8-4c7e-b53e-72c9c6da457d req-6cbd0b02-eab8-4c7e-b53e-72c9c6da457d ] Request (SecurityGroupRulesTestJSON:test_security_group_rules_create_with_optional_group_id): 200 POST http://10.180.1.21/compute/v2.1/os-security-groups 0.723s
2024-12-12 04:08:46.119 66477 INFO tempest.lib.common.rest_client [req-efa56d55-79dd-4ed8-ba73-4a2604bce913 req-efa56d55-79dd-4ed8-ba73-4a2604bce913 ] Request (ServersTestManualDisk:setUpClass): 200 GET http://10.180.1.21/compute/v2.1/servers/d3fa9507-4786-4b52-bf93-7228fcb4f496 0.663s
2024-12-12 04:08:46.175 66451 INFO tempest.lib.common.rest_client [req-1bc0962d-7556-4aa8-9d56-c5b88b82bcfb req-1bc0962d-7556-4aa8-9d56-c5b88b82bcfb ] Request (ImagesOneServerTestJSON:setUpClass): 201 POST http://10.180.1.21/identity/v3/auth/tokens 0.087s
2024-12-12 04:08:46.184 66439 INFO tempest.lib.common.rest_client [req-38742179-0908-4500-8e4e-8909f93d1c83 req-38742179-0908-4500-8e4e-8909f93d1c83 ] Request (ServerGroupTestJSON:test_create_server_with_scheduler_hint_group): 200 GET http://10.180.1.21/compute/v2.1/servers/a2b470ae-e305-46e1-b1b7-ea102aa31410 0.661s
2024-12-12 04:08:46.213 66451 INFO tempest.lib.common.rest_client [req-02793317-4b12-44bd-beff-33a8b597d5be req-02793317-4b12-44bd-beff-33a8b597d5be ] Request (ImagesOneServerTestJSON:setUpClass): 201 POST http://10.180.1.21/identity/v3/auth/tokens 0.036s
2024-12-12 04:08:46.242 66451 INFO tempest.lib.common.rest_client [req-4e72fe99-bf4f-4436-af8f-6204b865763a req-4e72fe99-bf4f-4436-af8f-6204b865763a ] Request (ImagesOneServerTestJSON:setUpClass): 200 GET http://10.180.1.21/identity/v3/domains?name=Default 0.028s
2024-12-12 04:08:46.246 66441 INFO tempest.lib.common.rest_client [req-597eb1b5-0dc3-4db7-a5be-f1abe4a1841a req-597eb1b5-0dc3-4db7-a5be-f1abe4a1841a ] Request (ListServerFiltersTestJSON:test_list_servers_filtered_by_ip): 200 GET http://10.180.1.21/compute/v2.1/servers/ec62da43-efbd-47f1-a571-eee886593309 0.722s
2024-12-12 04:08:46.274 66451 INFO tempest.lib.common.rest_client [req-87d4fd5b-ff50-4e6f-8389-2a410115bff4 req-87d4fd5b-ff50-4e6f-8389-2a410115bff4 ] Request (ImagesOneServerTestJSON:setUpClass): 201 POST http://10.180.1.21/identity/v3/projects 0.032s
2024-12-12 04:08:46.334 66451 INFO tempest.lib.common.rest_client [req-07e1faac-036f-4d03-8feb-96004b784e06 req-07e1faac-036f-4d03-8feb-96004b784e06 ] Request (ImagesOneServerTestJSON:setUpClass): 201 POST http://10.180.1.21/identity/v3/users 0.059s
2024-12-12 04:08:46.355 66451 INFO tempest.lib.common.rest_client [req-9822d465-8217-42bf-8c5e-01b3016d71ea req-9822d465-8217-42bf-8c5e-01b3016d71ea ] Request (ImagesOneServerTestJSON:setUpClass): 200 GET http://10.180.1.21/identity/v3/roles 0.021s
2024-12-12 04:08:46.384 66421 INFO tempest.lib.common.rest_client [req-9aad1b69-d2a6-46bb-bf2b-756d0893e2b4 req-9aad1b69-d2a6-46bb-bf2b-756d0893e2b4 ] Request (ServersAdminNegativeTestJSON:test_migrate_server_invalid_state): 200 GET http://10.180.1.21/compute/v2.1/servers/0e032613-906c-4fbc-89ea-39b0dc80b83a 0.662s
2024-12-12 04:08:46.389 66451 INFO tempest.lib.common.rest_client [req-ab0cc394-3b5e-47cd-b192-9a84b3984b34 req-ab0cc394-3b5e-47cd-b192-9a84b3984b34 ] Request (ImagesOneServerTestJSON:setUpClass): 204 PUT http://10.180.1.21/identity/v3/projects/668a44c48477433aafdf1fb4c87402f3/users/fee673c5191c48daa77a2afafffb7efd/roles/c28d286489714965af1f3c2e6cfa5d14 0.033s
2024-12-12 04:08:46.389 66451 INFO tempest.lib.common.dynamic_creds [-] Dynamic test user fee673c5191c48daa77a2afafffb7efd is created with scope project and roles: ['member']
2024-12-12 04:08:46.389 66451 INFO tempest.lib.common.dynamic_creds [-] Acquired dynamic creds: credentials: Credentials: {'domain_id': 'default', 'domain_name': 'Default', 'username': 'tempest-ImagesOneServerTestJSON-1605643753-project-member', 'project_domain_id': 'default', 'project_domain_name': 'Default', 'project_id': '668a44c48477433aafdf1fb4c87402f3', 'project_name': 'tempest-ImagesOneServerTestJSON-1605643753', 'tenant_id': '668a44c48477433aafdf1fb4c87402f3', 'tenant_name': 'tempest-ImagesOneServerTestJSON-1605643753', 'user_domain_id': 'default', 'user_domain_name': 'Default', 'user_id': 'fee673c5191c48daa77a2afafffb7efd', 'system': None}, Network: None, Subnet: None, Router: None
2024-12-12 04:08:46.454 66451 INFO tempest.lib.common.rest_client [req-692a4d1b-7f3a-45b6-849e-4ce4056e2671 req-692a4d1b-7f3a-45b6-849e-4ce4056e2671 ] Request (ImagesOneServerTestJSON:setUpClass): 201 POST http://10.180.1.21/identity/v3/auth/tokens 0.064s
2024-12-12 04:08:46.463 66443 INFO tempest.lib.common.rest_client [req-cc476d27-4a9c-4ecb-b483-d9ad180ab6cf req-cc476d27-4a9c-4ecb-b483-d9ad180ab6cf ] Request (ServerExternalEventsTest:tearDownClass): 200 GET http://10.180.1.21/compute/v2.1/servers/99ed1e72-f45f-47cc-8515-45d1f92b9202 0.714s
2024-12-12 04:08:46.807 66455 INFO tempest.lib.common.rest_client [req-12006ec8-082f-4a53-b12e-dd964c0588f8 req-12006ec8-082f-4a53-b12e-dd964c0588f8 ] Request (SecurityGroupsTestJSON:test_list_security_groups_by_server): 202 POST http://10.180.1.21/compute/v2.1/servers/c67fa3ed-98e7-4a2d-a9c2-222148ef7a8d/action 1.165s
2024-12-12 04:08:46.975 66451 INFO tempest.lib.common.rest_client [req-833655cf-2ad4-463d-8a3f-8c93a1b702d6 req-833655cf-2ad4-463d-8a3f-8c93a1b702d6 ] Request (ImagesOneServerTestJSON:setUpClass): 201 POST http://10.180.1.21:9696/networking/v2.0/networks 0.521s
2024-12-12 04:08:46.986 66453 INFO tempest.lib.common.rest_client [req-207fceab-2780-434b-92fd-70d9a4742d97 req-207fceab-2780-434b-92fd-70d9a4742d97 ] Request (SecurityGroupRulesNegativeTestJSON:tearDownClass): 202 DELETE http://10.180.1.21/compute/v2.1/os-security-groups/43ea9554-494e-40bd-a746-27482a952ee9 1.188s
2024-12-12 04:08:47.123 66459 INFO tempest.lib.common.rest_client [req-10345b9e-3982-46ab-a5a2-16ee7bb403df req-10345b9e-3982-46ab-a5a2-16ee7bb403df ] Request (FloatingIPsAssociationTestJSON:setUpClass): 200 GET http://10.180.1.21/compute/v2.1/servers/8f76ad59-db0e-402a-8a56-07d945dc5646 1.182s
2024-12-12 04:08:47.130 66459 INFO tempest.common.waiters [-] State transition "BUILD/networking" ==> "BUILD/spawning" after 36 second wait
2024-12-12 04:08:47.180 66465 INFO tempest.lib.common.rest_client [req-8ba5a7af-d83c-4fc5-acf7-3241e860c1ed req-8ba5a7af-d83c-4fc5-acf7-3241e860c1ed ] Request (ServersTestJSON:setUpClass): 200 GET http://10.180.1.21/compute/v2.1/servers/56874ccd-2cb3-4b9c-b2a0-c39da41f44bf 1.223s
2024-12-12 04:08:47.180 66451 INFO tempest.lib.common.rest_client [req-2b286c4a-6806-402d-8a40-1160ae038ebd req-2b286c4a-6806-402d-8a40-1160ae038ebd ] Request (ImagesOneServerTestJSON:setUpClass): 201 POST http://10.180.1.21:9696/networking/v2.0/subnets 0.204s
2024-12-12 04:08:47.263 66471 INFO tempest.lib.common.rest_client [req-3d26b8fa-3e97-4f47-9c25-54c61828c425 req-3d26b8fa-3e97-4f47-9c25-54c61828c425 ] Request (ServerActionsV293TestJSON:setUpClass): 202 POST http://10.180.1.21/compute/v2.1/servers 1.483s
2024-12-12 04:08:47.399 66467 INFO tempest.lib.common.rest_client [req-2055a62e-4768-4db3-ab34-7efa36d1e443 req-2055a62e-4768-4db3-ab34-7efa36d1e443 ] Request (ImagesNegativeTestJSON:test_create_image_from_deleted_server): 200 GET http://10.180.1.21/compute/v2.1/servers/9ca1c53f-a3c9-4e10-93d9-6968b27c950c 1.354s
2024-12-12 04:08:47.452 66435 INFO tempest.lib.common.rest_client [req-3a4908da-416d-48d4-8949-bf14f21cc47a req-3a4908da-416d-48d4-8949-bf14f21cc47a ] Request (ListImageFiltersTestJSON:setUpClass): 200 GET http://10.180.1.21/compute/v2.1/servers/881b4d51-c47d-42f3-9d53-afb82101d16d 1.330s
2024-12-12 04:08:47.458 66435 INFO tempest.common.waiters [-] State transition "BUILD/scheduling" ==> "BUILD/None" after 27 second wait
2024-12-12 04:08:47.476 66469 INFO tempest.lib.common.rest_client [req-9c33c744-d706-478e-bba3-f9890bea0a4b req-9c33c744-d706-478e-bba3-f9890bea0a4b ] Request (SecurityGroupRulesTestJSON:test_security_group_rules_create_with_optional_group_id): 200 POST http://10.180.1.21/compute/v2.1/os-security-groups 1.354s
2024-12-12 04:08:47.505 66481 INFO tempest.lib.common.rest_client [req-50fe037c-3bfa-4c12-a138-411f7d275ab5 req-50fe037c-3bfa-4c12-a138-411f7d275ab5 ] Request (AttachInterfacesV270Test:tearDownClass): 404 GET http://10.180.1.21/compute/v2.1/servers/02b49447-a9b7-4211-aab7-109d315c2af6 1.316s
2024-12-12 04:08:47.510 66427 INFO tempest.lib.common.rest_client [req-17d81136-0c41-4ea3-bec8-2e7a47cada3e req-17d81136-0c41-4ea3-bec8-2e7a47cada3e ] Request (ServersAdmin275Test:tearDownClass): 200 GET http://10.180.1.21/compute/v2.1/servers/579b7927-f6f1-4c8e-a217-0687d3afe2b4 1.323s
2024-12-12 04:08:47.555 66429 INFO tempest.lib.common.rest_client [req-0a195aae-dca5-40a4-b249-df0d549dad40 req-0a195aae-dca5-40a4-b249-df0d549dad40 ] Request (ServerRescueNegativeTestJSON:setUpClass): 200 GET http://10.180.1.21/compute/v2.1/servers/8b9ab780-d137-461e-afa9-3a820bbfa265 1.319s
2024-12-12 04:08:47.566 66449 INFO tempest.lib.common.rest_client [req-19b935a7-897b-423a-8d85-3d6326a62e15 req-19b935a7-897b-423a-8d85-3d6326a62e15 ] Request (ServerActionsTestOtherA:setUpClass): 200 GET http://10.180.1.21/compute/v2.1/servers/0393f8aa-b5b8-4689-9ea6-39d0eeefc871 1.329s
2024-12-12 04:08:47.624 66425 INFO tempest.lib.common.rest_client [req-c7b553ce-9e35-434f-9a3b-21ccacec35fa req-c7b553ce-9e35-434f-9a3b-21ccacec35fa ] Request (AttachInterfacesTestJSON:test_create_list_show_delete_interfaces_by_fixed_ip): 200 GET http://10.180.1.21/compute/v2.1/servers/ff7d6d11-ae9a-4743-bc2e-a87b230dd25f 1.319s
2024-12-12 04:08:47.684 66457 INFO tempest.lib.common.rest_client [req-415e0842-7bc1-401b-a349-d6936a1aad19 req-415e0842-7bc1-401b-a349-d6936a1aad19 ] Request (TenantUsagesTestJSON:tearDownClass): 200 GET http://10.180.1.21/compute/v2.1/servers/fea7bf50-e185-424d-ac38-637d23505f24 1.280s
2024-12-12 04:08:47.737 66419 INFO tempest.lib.common.rest_client [req-a199197f-c3b3-4827-a9f3-3f1a8daaa47a req-a199197f-c3b3-4827-a9f3-3f1a8daaa47a ] Request (ServersTestMultiNic:test_verify_duplicate_network_nics): 200 GET http://10.180.1.21/compute/v2.1/servers/c1f64b71-da0f-4dea-ac86-69535f33fe2f 1.254s
2024-12-12 04:08:47.768 66441 INFO tempest.lib.common.rest_client [req-0739db34-8317-4b3b-b531-90bb5603426e req-0739db34-8317-4b3b-b531-90bb5603426e ] Request (ListServerFiltersTestJSON:test_list_servers_filtered_by_ip): 200 GET http://10.180.1.21/compute/v2.1/servers?ip=192.168.128.13 1.514s
2024-12-12 04:08:47.787 66479 INFO tempest.lib.common.rest_client [req-52147f12-aed2-4903-90fb-f7f796e7d356 req-52147f12-aed2-4903-90fb-f7f796e7d356 ] Request (ServerDiskConfigTestJSON:test_rebuild_server_with_manual_disk_config): 200 GET http://10.180.1.21/compute/v2.1/servers/0f5605a1-ed47-441b-a530-be9e29189b4e 1.245s
2024-12-12 04:08:47.835 66437 INFO tempest.lib.common.rest_client [req-0e6210a4-6536-4c57-8785-d82e35e318ba req-0e6210a4-6536-4c57-8785-d82e35e318ba ] Request (ServerActionsTestJSON:setUpClass): 200 GET http://10.180.1.21/compute/v2.1/servers/af4e70dc-80ab-4d2e-a8ef-a9182e6f4742 1.269s
2024-12-12 04:08:47.848 66461 INFO tempest.lib.common.rest_client [req-d279e4df-0ebb-4fd9-8d95-747d78fa660f req-d279e4df-0ebb-4fd9-8d95-747d78fa660f ] Request (ServerDiagnosticsV248Test:tearDownClass): 200 GET http://10.180.1.21/compute/v2.1/servers/caea60b6-ea91-44da-ba88-90dbd6d9afa0 1.204s
2024-12-12 04:08:47.916 66475 INFO tempest.lib.common.rest_client [req-21d95b1d-a647-47d2-993b-7b4d44dab3b0 req-21d95b1d-a647-47d2-993b-7b4d44dab3b0 ] Request (DeleteServersTestJSON:test_delete_active_server): 200 GET http://10.180.1.21/compute/v2.1/servers/9650e1a7-4ca0-4d1c-b42d-72ae13345ce3 1.225s
2024-12-12 04:08:47.993 66445 INFO tempest.lib.common.rest_client [req-fe845316-5ac8-429e-bf79-96dfc96d8964 req-fe845316-5ac8-429e-bf79-96dfc96d8964 ] Request (MigrationsAdminTest:test_list_migrations_in_flavor_resize_situation): 200 GET http://10.180.1.21/compute/v2.1/servers/d6e0f5ce-2f94-4959-8290-50e3ddd78cb8 1.220s
2024-12-12 04:08:48.002 66445 INFO tempest.common.waiters [-] State transition "RESIZE/resize_migrating" ==> "RESIZE/resize_migrated" after 34 second wait
2024-12-12 04:08:48.053 66423 INFO tempest.lib.common.rest_client [req-dbfdfa8f-3a04-4962-a965-cae639d43034 req-dbfdfa8f-3a04-4962-a965-cae639d43034 ] Request (ServersWithSpecificFlavorTestJSON:test_verify_created_server_ephemeral_disk): 200 GET http://10.180.1.21/compute/v2.1/servers/5447c9b9-b9ab-478d-a2b3-079f78ba37d9 1.222s
2024-12-12 04:08:48.117 66447 INFO tempest.lib.common.rest_client [req-c8131f1f-7830-447c-aa64-95ce3593c42f req-c8131f1f-7830-447c-aa64-95ce3593c42f ] Request (InstanceActionsNegativeTestJSON:setUpClass): 200 GET http://10.180.1.21/compute/v2.1/servers/b9e6a0c8-4546-441b-9723-9299629a0797 1.247s
2024-12-12 04:08:48.181 66431 INFO tempest.lib.common.rest_client [req-36f5704a-ce2d-43bc-8cde-62a059a2e2a4 req-36f5704a-ce2d-43bc-8cde-62a059a2e2a4 ] Request (DeleteServersAdminTestJSON:test_delete_server_while_in_error_state): 200 GET http://10.180.1.21/compute/v2.1/servers/a3f70337-5323-420d-8eb4-f55093055017 1.289s
2024-12-12 04:08:48.242 66473 INFO tempest.lib.common.rest_client [req-aa342155-ee13-4c15-b3f6-b1a0bdb6ba5b req-aa342155-ee13-4c15-b3f6-b1a0bdb6ba5b ] Request (ServerMetadataNegativeTestJSON:setUpClass): 200 GET http://10.180.1.21/compute/v2.1/servers/b4bb066c-7c9b-44cc-a73f-aeaaea0b8d43 1.283s
2024-12-12 04:08:48.276 66451 INFO tempest.lib.common.rest_client [req-383d475a-a23e-4392-bbb1-29709957f4d4 req-383d475a-a23e-4392-bbb1-29709957f4d4 ] Request (ImagesOneServerTestJSON:setUpClass): 201 POST http://10.180.1.21:9696/networking/v2.0/routers 1.095s
2024-12-12 04:08:48.304 66433 INFO tempest.lib.common.rest_client [req-f4027685-9812-42ca-b0c0-95d3bd8be658 req-f4027685-9812-42ca-b0c0-95d3bd8be658 ] Request (ServerDiagnosticsTest:test_get_server_diagnostics): 200 GET http://10.180.1.21/compute/v2.1/servers/f47d6117-8bd2-4a5e-9b70-a50b91d43c22 1.327s
2024-12-12 04:08:48.511 66453 INFO tempest.lib.common.rest_client [req-55bc7226-5a99-4247-b40a-91689518f00e req-55bc7226-5a99-4247-b40a-91689518f00e ] Request (SecurityGroupRulesNegativeTestJSON:tearDownClass): 202 DELETE http://10.180.1.21/compute/v2.1/os-security-groups/aea9bfb9-48b3-44af-9690-b426be65a63b 1.525s
2024-12-12 04:08:48.579 66481 INFO tempest.lib.common.rest_client [req-1c539b64-42f7-4476-9c8b-d18b3d674fab req-1c539b64-42f7-4476-9c8b-d18b3d674fab ] Request (AttachInterfacesV270Test:tearDownClass): 200 PUT http://10.180.1.21:9696/networking/v2.0/routers/82d51ad0-2fe6-4fbb-bee5-e25b3177af42/remove_router_interface 1.073s
2024-12-12 04:08:48.596 66455 INFO tempest.lib.common.rest_client [req-957ccaad-b933-4d9c-a5da-e16ceb3ecf51 req-957ccaad-b933-4d9c-a5da-e16ceb3ecf51 ] Request (SecurityGroupsTestJSON:test_list_security_groups_by_server): 202 POST http://10.180.1.21/compute/v2.1/servers/c67fa3ed-98e7-4a2d-a9c2-222148ef7a8d/action 1.788s
2024-12-12 04:08:48.669 66477 INFO tempest.lib.common.rest_client [req-f552e51f-70c2-4fd5-8bb3-122d7f661b3a req-f552e51f-70c2-4fd5-8bb3-122d7f661b3a ] Request (ServersTestManualDisk:setUpClass): 200 GET http://10.180.1.21/compute/v2.1/servers/d3fa9507-4786-4b52-bf93-7228fcb4f496 1.539s
2024-12-12 04:08:48.673 66439 INFO tempest.lib.common.rest_client [req-f6bf9534-e325-4853-be10-8bd4f574901f req-f6bf9534-e325-4853-be10-8bd4f574901f ] Request (ServerGroupTestJSON:test_create_server_with_scheduler_hint_group): 200 GET http://10.180.1.21/compute/v2.1/servers/a2b470ae-e305-46e1-b1b7-ea102aa31410 1.481s
2024-12-12 04:08:48.683 66477 INFO tempest.common.waiters [-] State transition "BUILD/spawning" ==> "ACTIVE/None" after 38 second wait
2024-12-12 04:08:48.737 66471 INFO tempest.lib.common.rest_client [req-7a058ce6-c1b8-4947-940b-be716988c55e req-7a058ce6-c1b8-4947-940b-be716988c55e ] Request (ServerActionsV293TestJSON:setUpClass): 200 GET http://10.180.1.21/compute/v2.1/servers/9c69338b-0913-4f03-9989-d21ce7d5cc0d 1.472s
2024-12-12 04:08:48.758 66443 INFO tempest.lib.common.rest_client [req-9514917f-cb8a-4b8f-9536-0e9321df72b4 req-9514917f-cb8a-4b8f-9536-0e9321df72b4 ] Request (ServerExternalEventsTest:tearDownClass): 404 GET http://10.180.1.21/compute/v2.1/servers/99ed1e72-f45f-47cc-8515-45d1f92b9202 1.288s
2024-12-12 04:08:48.856 66421 INFO tempest.lib.common.rest_client [req-274e44ef-5bed-466e-89ca-95c556edf9ee req-274e44ef-5bed-466e-89ca-95c556edf9ee ] Request (ServersAdminNegativeTestJSON:test_migrate_server_invalid_state): 200 GET http://10.180.1.21/compute/v2.1/servers/0e032613-906c-4fbc-89ea-39b0dc80b83a 1.465s
2024-12-12 04:08:48.862 66443 INFO tempest.lib.common.rest_client [req-e53f2168-71e7-49e4-b487-45b2700aba08 req-e53f2168-71e7-49e4-b487-45b2700aba08 ] Request (ServerExternalEventsTest:tearDownClass): 204 DELETE http://10.180.1.21/identity/v3/users/c918a9e57652479491c552d8711b2a85 0.103s
2024-12-12 04:08:48.985 66443 INFO tempest.lib.common.rest_client [req-e620c48c-b521-4ec5-9382-5718b66d2a9a req-e620c48c-b521-4ec5-9382-5718b66d2a9a ] Request (ServerExternalEventsTest:tearDownClass): 204 DELETE http://10.180.1.21/identity/v3/users/ef82a360f60e44bd9509a91dba9fe8fd 0.122s
2024-12-12 04:08:49.027 66469 INFO tempest.lib.common.rest_client [req-d2d49d58-a9e9-4a99-85d0-356f22606f46 req-d2d49d58-a9e9-4a99-85d0-356f22606f46 ] Request (SecurityGroupRulesTestJSON:test_security_group_rules_create_with_optional_group_id): 200 POST http://10.180.1.21/compute/v2.1/os-security-group-rules 1.547s
2024-12-12 04:08:49.032 66469 WARNING tempest.lib.common.rest_client [-] Deprecated: "tenant_id" property is deprecated for removal, use "project_id" instead
2024-12-12 04:08:49.061 66441 INFO tempest.lib.common.rest_client [req-f227b4fc-dcd3-4d16-8fdd-fb1cb5bba21d req-f227b4fc-dcd3-4d16-8fdd-fb1cb5bba21d ] Request (ListServerFiltersTestJSON:test_list_servers_filtered_by_ip_regex): 200 GET http://10.180.1.21/compute/v2.1/servers/0abc93a7-6ac3-4f39-a289-4a831703794f 1.289s
2024-12-12 04:08:49.118 66443 INFO tempest.lib.common.rest_client [req-41759944-d52a-415d-856e-a33691f76dd1 req-41759944-d52a-415d-856e-a33691f76dd1 ] Request (ServerExternalEventsTest:tearDownClass): 204 DELETE http://10.180.1.21/identity/v3/users/5a62b782c9cb49b69837b60e9f4cbc0e 0.132s
2024-12-12 04:08:49.118 66443 INFO tempest.lib.common.dynamic_creds [-] Deleting project and security group for project: dd3802ed6ddf4c8b9d514eecbed4ddeb
2024-12-12 04:08:49.155 66481 INFO tempest.lib.common.rest_client [req-4063f61d-9f46-41b1-addf-ad59a4e974c6 req-4063f61d-9f46-41b1-addf-ad59a4e974c6 ] Request (AttachInterfacesV270Test:tearDownClass): 204 DELETE http://10.180.1.21:9696/networking/v2.0/routers/82d51ad0-2fe6-4fbb-bee5-e25b3177af42 0.576s
2024-12-12 04:08:49.157 66465 INFO tempest.lib.common.rest_client [req-571c5915-2637-4807-9ecf-72ee24a49eb0 req-571c5915-2637-4807-9ecf-72ee24a49eb0 ] Request (ServersTestJSON:setUpClass): 200 GET http://10.180.1.21/compute/v2.1/servers/56874ccd-2cb3-4b9c-b2a0-c39da41f44bf 0.970s
2024-12-12 04:08:49.191 66443 INFO tempest.lib.common.rest_client [req-7b6d9a85-a641-461d-8313-c61edb03b910 req-7b6d9a85-a641-461d-8313-c61edb03b910 ] Request (ServerExternalEventsTest:tearDownClass): 201 POST http://10.180.1.21/identity/v3/auth/tokens 0.073s
2024-12-12 04:08:49.235 66467 INFO tempest.lib.common.rest_client [req-34e52b7c-a2fb-439a-b695-d0f0cd250469 req-34e52b7c-a2fb-439a-b695-d0f0cd250469 ] Request (ImagesNegativeTestJSON:test_create_image_from_deleted_server): 200 GET http://10.180.1.21/compute/v2.1/servers/9ca1c53f-a3c9-4e10-93d9-6968b27c950c 0.829s
2024-12-12 04:08:49.342 66435 INFO tempest.lib.common.rest_client [req-e3038f9b-590e-41c1-a38f-8061fbb38174 req-e3038f9b-590e-41c1-a38f-8061fbb38174 ] Request (ListImageFiltersTestJSON:setUpClass): 200 GET http://10.180.1.21/compute/v2.1/servers/881b4d51-c47d-42f3-9d53-afb82101d16d 0.882s
2024-12-12 04:08:49.346 66481 INFO tempest.lib.common.rest_client [req-359d3964-d903-48de-9218-b7f5e5da8cac req-359d3964-d903-48de-9218-b7f5e5da8cac ] Request (AttachInterfacesV270Test:tearDownClass): 204 DELETE http://10.180.1.21:9696/networking/v2.0/subnets/0ba290d1-0e9f-49c0-b9e7-3bfcb8293d9f 0.190s
2024-12-12 04:08:49.415 66427 INFO tempest.lib.common.rest_client [req-ff0f9239-f77b-42e6-b263-4e941f5ee6b3 req-ff0f9239-f77b-42e6-b263-4e941f5ee6b3 ] Request (ServersAdmin275Test:tearDownClass): 200 GET http://10.180.1.21/compute/v2.1/servers/579b7927-f6f1-4c8e-a217-0687d3afe2b4 0.894s
2024-12-12 04:08:49.424 66427 INFO tempest.common.waiters [-] State transition "ACTIVE/deleting" ==> "DELETED/None" after 6 second wait
2024-12-12 04:08:49.452 66459 INFO tempest.lib.common.rest_client [req-fa5f0359-9655-4ef7-b1c5-b9daf684489a req-fa5f0359-9655-4ef7-b1c5-b9daf684489a ] Request (FloatingIPsAssociationTestJSON:setUpClass): 200 GET http://10.180.1.21/compute/v2.1/servers/8f76ad59-db0e-402a-8a56-07d945dc5646 1.320s
2024-12-12 04:08:49.469 66429 INFO tempest.lib.common.rest_client [req-95890605-a2ea-4c10-9fcc-64faf0a52d60 req-95890605-a2ea-4c10-9fcc-64faf0a52d60 ] Request (ServerRescueNegativeTestJSON:setUpClass): 200 GET http://10.180.1.21/compute/v2.1/servers/8b9ab780-d137-461e-afa9-3a820bbfa265 0.905s
2024-12-12 04:08:49.515 66443 INFO tempest.lib.common.rest_client [req-32e0fcda-3dc9-401e-96ef-daa39cea918b req-32e0fcda-3dc9-401e-96ef-daa39cea918b ] Request (ServerExternalEventsTest:tearDownClass): 200 GET http://10.180.1.21:9696/networking/v2.0/security-groups?tenant_id=dd3802ed6ddf4c8b9d514eecbed4ddeb&name=default 0.323s
2024-12-12 04:08:49.528 66449 INFO tempest.lib.common.rest_client [req-4b3cf22a-7b23-4282-90bb-2dfd03bb6cb7 req-4b3cf22a-7b23-4282-90bb-2dfd03bb6cb7 ] Request (ServerActionsTestOtherA:setUpClass): 200 GET http://10.180.1.21/compute/v2.1/servers/0393f8aa-b5b8-4689-9ea6-39d0eeefc871 0.949s
2024-12-12 04:08:49.604 66425 INFO tempest.lib.common.rest_client [req-b227918a-4cf5-4f03-ab97-abef9122240d req-b227918a-4cf5-4f03-ab97-abef9122240d ] Request (AttachInterfacesTestJSON:test_create_list_show_delete_interfaces_by_fixed_ip): 200 GET http://10.180.1.21/compute/v2.1/servers/ff7d6d11-ae9a-4743-bc2e-a87b230dd25f 0.972s
2024-12-12 04:08:49.750 66443 INFO tempest.lib.common.rest_client [req-09aa34e2-9ecf-4940-9e63-5f7c105eddb4 req-09aa34e2-9ecf-4940-9e63-5f7c105eddb4 ] Request (ServerExternalEventsTest:tearDownClass): 204 DELETE http://10.180.1.21:9696/networking/v2.0/security-groups/9bfe25ea-0fe0-4987-bcfd-6191709c2f84 0.234s
2024-12-12 04:08:49.792 66477 INFO tempest.lib.common.rest_client [req-fcb17850-00a8-472e-85e8-ffc5ca756d4c req-fcb17850-00a8-472e-85e8-ffc5ca756d4c ] Request (ServersTestManualDisk:setUpClass): 200 GET http://10.180.1.21/compute/v2.1/servers/d3fa9507-4786-4b52-bf93-7228fcb4f496/os-interface 1.108s
2024-12-12 04:08:49.805 66455 INFO tempest.lib.common.rest_client [req-3a8cef24-48c1-4902-8d06-2c89a9e4048d req-3a8cef24-48c1-4902-8d06-2c89a9e4048d ] Request (SecurityGroupsTestJSON:test_list_security_groups_by_server): 200 GET http://10.180.1.21/compute/v2.1/servers/c67fa3ed-98e7-4a2d-a9c2-222148ef7a8d/os-security-groups 1.207s
2024-12-12 04:08:49.882 66443 INFO tempest.lib.common.rest_client [req-22ddf285-1904-4f78-ad43-b4dfd06cc885 req-22ddf285-1904-4f78-ad43-b4dfd06cc885 ] Request (ServerExternalEventsTest:tearDownClass): 204 DELETE http://10.180.1.21/identity/v3/projects/dd3802ed6ddf4c8b9d514eecbed4ddeb 0.131s
2024-12-12 04:08:49.882 66457 INFO tempest.lib.common.rest_client [req-04c6faba-2cf7-4dfc-8c8b-12bdc88db3ad req-04c6faba-2cf7-4dfc-8c8b-12bdc88db3ad ] Request (TenantUsagesTestJSON:tearDownClass): 200 GET http://10.180.1.21/compute/v2.1/servers/fea7bf50-e185-424d-ac38-637d23505f24 1.190s
2024-12-12 04:08:49.882 66443 INFO tempest.lib.common.dynamic_creds [-] Deleting project and security group for project: 4a15684130ea4055843a135643c44824
2024-12-12 04:08:49.903 66419 INFO tempest.lib.common.rest_client [req-e065ca5d-345b-477c-8555-23d8ddc355a3 req-e065ca5d-345b-477c-8555-23d8ddc355a3 ] Request (ServersTestMultiNic:test_verify_duplicate_network_nics): 200 GET http://10.180.1.21/compute/v2.1/servers/c1f64b71-da0f-4dea-ac86-69535f33fe2f 1.157s
2024-12-12 04:08:49.974 66437 INFO tempest.lib.common.rest_client [req-425141d7-6c2a-4d84-817c-2a3b94fa911d req-425141d7-6c2a-4d84-817c-2a3b94fa911d ] Request (ServerActionsTestJSON:setUpClass): 200 GET http://10.180.1.21/compute/v2.1/servers/af4e70dc-80ab-4d2e-a8ef-a9182e6f4742 1.129s
2024-12-12 04:08:49.986 66479 INFO tempest.lib.common.rest_client [req-b4bfdfd1-616a-47bf-96df-3db8554bb5de req-b4bfdfd1-616a-47bf-96df-3db8554bb5de ] Request (ServerDiskConfigTestJSON:test_rebuild_server_with_manual_disk_config): 200 GET http://10.180.1.21/compute/v2.1/servers/0f5605a1-ed47-441b-a530-be9e29189b4e 1.187s
2024-12-12 04:08:49.993 66443 INFO tempest.lib.common.rest_client [req-48b195e4-9f50-4a0f-b3e8-e7ecf186d669 req-48b195e4-9f50-4a0f-b3e8-e7ecf186d669 ] Request (ServerExternalEventsTest:tearDownClass): 200 GET http://10.180.1.21:9696/networking/v2.0/security-groups?tenant_id=4a15684130ea4055843a135643c44824&name=default 0.111s
2024-12-12 04:08:50.007 66481 INFO tempest.lib.common.rest_client [req-b2a253ce-8a58-458a-8ca9-451eb18200ee req-b2a253ce-8a58-458a-8ca9-451eb18200ee ] Request (AttachInterfacesV270Test:tearDownClass): 204 DELETE http://10.180.1.21:9696/networking/v2.0/networks/a3e75a57-ca1d-4b83-90f9-2498c8b78f46 0.661s
2024-12-12 04:08:50.073 66461 INFO tempest.lib.common.rest_client [req-161113b4-af95-4c29-92f8-0fa6264780db req-161113b4-af95-4c29-92f8-0fa6264780db ] Request (ServerDiagnosticsV248Test:tearDownClass): 200 GET http://10.180.1.21/compute/v2.1/servers/caea60b6-ea91-44da-ba88-90dbd6d9afa0 1.213s
2024-12-12 04:08:50.081 66475 INFO tempest.lib.common.rest_client [req-f003d531-3ba2-430a-9f9c-0e3c1ee88fdc req-f003d531-3ba2-430a-9f9c-0e3c1ee88fdc ] Request (DeleteServersTestJSON:test_delete_active_server): 200 GET http://10.180.1.21/compute/v2.1/servers/9650e1a7-4ca0-4d1c-b42d-72ae13345ce3 1.158s
2024-12-12 04:08:50.135 66481 INFO tempest.lib.common.rest_client [req-135ff1aa-7130-4af9-a536-c8e28373e7a2 req-135ff1aa-7130-4af9-a536-c8e28373e7a2 ] Request (AttachInterfacesV270Test:tearDownClass): 204 DELETE http://10.180.1.21/identity/v3/users/a18f5370a83e4ef6a6a57b3bb34ae24c 0.127s
2024-12-12 04:08:50.136 66481 INFO tempest.lib.common.dynamic_creds [-] Deleting project and security group for project: da63eb9e81a342e8b4afada3a06005aa
2024-12-12 04:08:50.232 66481 INFO tempest.lib.common.rest_client [req-f2d8bc50-be5d-46a8-8c4d-82616cbd8e49 req-f2d8bc50-be5d-46a8-8c4d-82616cbd8e49 ] Request (AttachInterfacesV270Test:tearDownClass): 200 GET http://10.180.1.21:9696/networking/v2.0/security-groups?tenant_id=da63eb9e81a342e8b4afada3a06005aa&name=default 0.096s
2024-12-12 04:08:50.327 66443 INFO tempest.lib.common.rest_client [req-ae85a5a0-d4bb-41a2-90ec-07091d344a08 req-ae85a5a0-d4bb-41a2-90ec-07091d344a08 ] Request (ServerExternalEventsTest:tearDownClass): 204 DELETE http://10.180.1.21:9696/networking/v2.0/security-groups/22f28b18-7349-4d76-822e-225d318ebe04 0.333s
2024-12-12 04:08:50.412 66451 INFO tempest.lib.common.rest_client [req-00527bf3-7959-4626-9c0b-0d8e2b5c4d0f req-00527bf3-7959-4626-9c0b-0d8e2b5c4d0f ] Request (ImagesOneServerTestJSON:setUpClass): 200 PUT http://10.180.1.21:9696/networking/v2.0/routers/ed4f97b6-86d6-456e-97af-7afc61aef2d2/add_router_interface 2.135s
2024-12-12 04:08:50.412 66451 INFO tempest.lib.common.dynamic_creds [-] Created isolated network resources for: credentials: Credentials: {'domain_id': 'default', 'domain_name': 'Default', 'username': 'tempest-ImagesOneServerTestJSON-1605643753-project-member', 'project_domain_id': 'default', 'project_domain_name': 'Default', 'project_id': '668a44c48477433aafdf1fb4c87402f3', 'project_name': 'tempest-ImagesOneServerTestJSON-1605643753', 'tenant_id': '668a44c48477433aafdf1fb4c87402f3', 'tenant_name': 'tempest-ImagesOneServerTestJSON-1605643753', 'user_domain_id': 'default', 'user_domain_name': 'Default', 'user_id': 'fee673c5191c48daa77a2afafffb7efd', 'system': None}, Network: {'id': '99d0937c-072a-4dd7-bab3-a70cb2611ea8', 'name': 'tempest-ImagesOneServerTestJSON-2051800130-network', 'tenant_id': '668a44c48477433aafdf1fb4c87402f3', 'admin_state_up': True, 'mtu': 8950, 'status': 'ACTIVE', 'subnets': [], 'shared': False, 'project_id': '668a44c48477433aafdf1fb4c87402f3', 'port_security_enabled': True, 'router:external': False, 'provider:network_type': 'vlan', 'provider:physical_network': 'default', 'provider:segmentation_id': 453, 'availability_zone_hints': [], 'availability_zones': [], 'ipv4_address_scope': None, 'ipv6_address_scope': None, 'description': '', 'tags': [], 'created_at': '2024-12-12T04:08:46Z', 'updated_at': '2024-12-12T04:08:46Z', 'revision_number': 1}, Subnet: {'id': '83e1f3e6-d460-476c-af75-c645311ffd5a', 'name': 'tempest-ImagesOneServerTestJSON-2051800130-subnet', 'tenant_id': '668a44c48477433aafdf1fb4c87402f3', 'network_id': '99d0937c-072a-4dd7-bab3-a70cb2611ea8', 'ip_version': 4, 'subnetpool_id': None, 'enable_dhcp': True, 'ipv6_ra_mode': None, 'ipv6_address_mode': None, 'gateway_ip': '192.168.128.1', 'cidr': '192.168.128.0/28', 'allocation_pools': [{'start': '192.168.128.2', 'end': '192.168.128.14'}], 'host_routes': [], 'dns_nameservers': [], 'description': '', 'router:external': False, 'service_types': [], 'tags': [], 'created_at': '2024-12-12T04:08:47Z', 'updated_at': '2024-12-12T04:08:47Z', 'revision_number': 0, 'project_id': '668a44c48477433aafdf1fb4c87402f3'}, Router: {'id': 'ed4f97b6-86d6-456e-97af-7afc61aef2d2', 'name': 'tempest-ImagesOneServerTestJSON-2051800130-router', 'tenant_id': '668a44c48477433aafdf1fb4c87402f3', 'admin_state_up': True, 'status': 'ACTIVE', 'external_gateway_info': {'network_id': 'af4181f9-0a09-4513-8c8f-00b50cede199', 'external_fixed_ips': [{'subnet_id': '7d0f12a5-4ede-45c2-9449-40576789d889', 'ip_address': '10.180.180.221'}], 'enable_snat': True}, 'description': '', 'availability_zones': [], 'distributed': False, 'ha': False, 'availability_zone_hints': [], 'routes': [], 'flavor_id': None, 'tags': [], 'created_at': '2024-12-12T04:08:47Z', 'updated_at': '2024-12-12T04:08:47Z', 'revision_number': 2, 'project_id': '668a44c48477433aafdf1fb4c87402f3'}
2024-12-12 04:08:50.436 66469 INFO tempest.lib.common.rest_client [req-2528cd0f-2615-4901-97c6-08c123cc352c req-2528cd0f-2615-4901-97c6-08c123cc352c ] Request (SecurityGroupRulesTestJSON:test_security_group_rules_delete_when_peer_group_deleted): 200 POST http://10.180.1.21/compute/v2.1/os-security-groups 1.402s
2024-12-12 04:08:50.440 66453 INFO tempest.lib.common.rest_client [req-a0134dcf-9c18-44a8-bc14-452e7664e714 req-a0134dcf-9c18-44a8-bc14-452e7664e714 ] Request (SecurityGroupRulesNegativeTestJSON:tearDownClass): 200 PUT http://10.180.1.21:9696/networking/v2.0/routers/811be1b6-9495-4641-b6fd-a170ee9d1d28/remove_router_interface 1.928s
2024-12-12 04:08:50.461 66443 INFO tempest.lib.common.rest_client [req-d2509e66-ace7-4578-b26c-48a5f5fd0660 req-d2509e66-ace7-4578-b26c-48a5f5fd0660 ] Request (ServerExternalEventsTest:tearDownClass): 204 DELETE http://10.180.1.21/identity/v3/projects/4a15684130ea4055843a135643c44824 0.134s
2024-12-12 04:08:50.462 66443 INFO tempest.lib.common.dynamic_creds [-] Deleting project and security group for project: f116ba2140b74fcfa50b4d869a016690
2024-12-12 04:08:50.501 66451 INFO tempest.lib.common.rest_client [req-4d3432f9-9aaa-4a23-88a9-8ed5c616a20f req-4d3432f9-9aaa-4a23-88a9-8ed5c616a20f ] Request (ImagesOneServerTestJSON:setUpClass): 201 POST http://10.180.1.21/identity/v3/auth/tokens 0.084s
2024-12-12 04:08:50.524 66423 INFO tempest.lib.common.rest_client [req-5ccdf39d-8621-4a8d-8ada-8985b82ab5cf req-5ccdf39d-8621-4a8d-8ada-8985b82ab5cf ] Request (ServersWithSpecificFlavorTestJSON:test_verify_created_server_ephemeral_disk): 200 GET http://10.180.1.21/compute/v2.1/servers/5447c9b9-b9ab-478d-a2b3-079f78ba37d9 1.464s
2024-12-12 04:08:50.526 66481 INFO tempest.lib.common.rest_client [req-8f85ab4b-5568-44c4-983d-3836ba1726a3 req-8f85ab4b-5568-44c4-983d-3836ba1726a3 ] Request (AttachInterfacesV270Test:tearDownClass): 204 DELETE http://10.180.1.21:9696/networking/v2.0/security-groups/90f1ef93-ff0f-4131-a568-befb79b711e3 0.293s
2024-12-12 04:08:50.547 66451 INFO tempest.lib.common.rest_client [req-38d7a415-374d-4a67-8565-612343690c3e req-38d7a415-374d-4a67-8565-612343690c3e ] Request (ImagesOneServerTestJSON:setUpClass): 201 POST http://10.180.1.21/identity/v3/auth/tokens 0.042s
2024-12-12 04:08:50.548 66451 INFO tempest.lib.common.fixed_network [-] (ImagesOneServerTestJSON:setUpClass) Found network {'id': '99d0937c-072a-4dd7-bab3-a70cb2611ea8', 'name': 'tempest-ImagesOneServerTestJSON-2051800130-network', 'tenant_id': '668a44c48477433aafdf1fb4c87402f3', 'admin_state_up': True, 'mtu': 8950, 'status': 'ACTIVE', 'subnets': [], 'shared': False, 'project_id': '668a44c48477433aafdf1fb4c87402f3', 'port_security_enabled': True, 'router:external': False, 'provider:network_type': 'vlan', 'provider:physical_network': 'default', 'provider:segmentation_id': 453, 'availability_zone_hints': [], 'availability_zones': [], 'ipv4_address_scope': None, 'ipv6_address_scope': None, 'description': '', 'tags': [], 'created_at': '2024-12-12T04:08:46Z', 'updated_at': '2024-12-12T04:08:46Z', 'revision_number': 1} available for tenant
2024-12-12 04:08:50.576 66445 INFO tempest.lib.common.rest_client [req-efdfd613-4e9f-404a-b101-8ced1edc7028 req-efdfd613-4e9f-404a-b101-8ced1edc7028 ] Request (MigrationsAdminTest:test_list_migrations_in_flavor_resize_situation): 200 GET http://10.180.1.21/compute/v2.1/servers/d6e0f5ce-2f94-4959-8290-50e3ddd78cb8 1.572s
2024-12-12 04:08:50.585 66445 INFO tempest.common.waiters [-] State transition "RESIZE/resize_migrated" ==> "RESIZE/resize_finish" after 36 second wait
2024-12-12 04:08:50.635 66447 INFO tempest.lib.common.rest_client [req-987a0106-81bb-42f1-8f89-c5c67b2b53e7 req-987a0106-81bb-42f1-8f89-c5c67b2b53e7 ] Request (InstanceActionsNegativeTestJSON:setUpClass): 200 GET http://10.180.1.21/compute/v2.1/servers/b9e6a0c8-4546-441b-9723-9299629a0797 1.507s
2024-12-12 04:08:50.636 66481 INFO tempest.lib.common.rest_client [req-9642ba7d-646e-4ba8-8728-77c5211630c5 req-9642ba7d-646e-4ba8-8728-77c5211630c5 ] Request (AttachInterfacesV270Test:tearDownClass): 204 DELETE http://10.180.1.21/identity/v3/projects/da63eb9e81a342e8b4afada3a06005aa 0.110s
2024-12-12 04:08:50.696 66443 INFO tempest.lib.common.rest_client [req-0a7f0c0c-4b9c-4c33-ae0c-6f2addc38c26 req-0a7f0c0c-4b9c-4c33-ae0c-6f2addc38c26 ] Request (ServerExternalEventsTest:tearDownClass): 200 GET http://10.180.1.21:9696/networking/v2.0/security-groups?tenant_id=f116ba2140b74fcfa50b4d869a016690&name=default 0.234s
2024-12-12 04:08:50.704 66431 INFO tempest.lib.common.rest_client [req-20a3de37-890b-49cf-b2b2-e5f7c3209d2d req-20a3de37-890b-49cf-b2b2-e5f7c3209d2d ] Request (DeleteServersAdminTestJSON:test_delete_server_while_in_error_state): 200 GET http://10.180.1.21/compute/v2.1/servers/a3f70337-5323-420d-8eb4-f55093055017 1.513s
2024-12-12 04:08:50.707 66481 INFO tempest.lib.common.rest_client [req-3998da75-19f7-4c61-91d0-7db1b4e4e562 req-3998da75-19f7-4c61-91d0-7db1b4e4e562 ] Request (InstanceActionsV221TestJSON:setUpClass): 201 POST http://10.180.1.21/identity/v3/auth/tokens 0.069s
2024-12-12 04:08:50.715 66441 INFO tempest.lib.common.rest_client [req-35475a24-6912-4bf2-b0ab-32156a0c01a1 req-35475a24-6912-4bf2-b0ab-32156a0c01a1 ] Request (ListServerFiltersTestJSON:test_list_servers_filtered_by_ip_regex): 200 GET http://10.180.1.21/compute/v2.1/servers/a3f0c9ac-b084-40d7-8442-43f72f1846c3 1.640s
2024-12-12 04:08:50.748 66481 INFO tempest.lib.common.rest_client [req-e2331e07-edff-4cac-8447-c77ac6fd66e4 req-e2331e07-edff-4cac-8447-c77ac6fd66e4 ] Request (InstanceActionsV221TestJSON:setUpClass): 201 POST http://10.180.1.21/identity/v3/auth/tokens 0.038s
2024-12-12 04:08:50.783 66433 INFO tempest.lib.common.rest_client [req-68da640f-412e-4060-95fe-bec8a9a8d013 req-68da640f-412e-4060-95fe-bec8a9a8d013 ] Request (ServerDiagnosticsTest:test_get_server_diagnostics): 200 GET http://10.180.1.21/compute/v2.1/servers/f47d6117-8bd2-4a5e-9b70-a50b91d43c22 1.471s
2024-12-12 04:08:50.785 66481 INFO tempest.lib.common.rest_client [req-b9f082a2-000e-45ed-b780-37c77ed096d1 req-b9f082a2-000e-45ed-b780-37c77ed096d1 ] Request (InstanceActionsV221TestJSON:setUpClass): 200 GET http://10.180.1.21/identity/v3/domains?name=Default 0.037s
2024-12-12 04:08:50.801 66473 INFO tempest.lib.common.rest_client [req-e74e066d-7b04-4ceb-8858-b322f109f749 req-e74e066d-7b04-4ceb-8858-b322f109f749 ] Request (ServerMetadataNegativeTestJSON:setUpClass): 200 GET http://10.180.1.21/compute/v2.1/servers/b4bb066c-7c9b-44cc-a73f-aeaaea0b8d43 1.553s
2024-12-12 04:08:50.834 66481 INFO tempest.lib.common.rest_client [req-39c222ab-fb86-4823-bdde-8fe77fdb88f7 req-39c222ab-fb86-4823-bdde-8fe77fdb88f7 ] Request (InstanceActionsV221TestJSON:setUpClass): 201 POST http://10.180.1.21/identity/v3/projects 0.048s
2024-12-12 04:08:50.845 66439 INFO tempest.lib.common.rest_client [req-1e8ad153-2211-44a8-9bd4-f78f176361c3 req-1e8ad153-2211-44a8-9bd4-f78f176361c3 ] Request (ServerGroupTestJSON:test_create_server_with_scheduler_hint_group): 200 GET http://10.180.1.21/compute/v2.1/servers/a2b470ae-e305-46e1-b1b7-ea102aa31410 1.159s
2024-12-12 04:08:50.870 66471 INFO tempest.lib.common.rest_client [req-480aa1e3-7128-4f08-95d3-8b860f3a104d req-480aa1e3-7128-4f08-95d3-8b860f3a104d ] Request (ServerActionsV293TestJSON:setUpClass): 200 GET http://10.180.1.21/compute/v2.1/servers/9c69338b-0913-4f03-9989-d21ce7d5cc0d 1.119s
2024-12-12 04:08:50.879 66443 INFO tempest.lib.common.rest_client [req-b2233158-0b4a-4302-a767-4c8bc2bdb6d4 req-b2233158-0b4a-4302-a767-4c8bc2bdb6d4 ] Request (ServerExternalEventsTest:tearDownClass): 204 DELETE http://10.180.1.21:9696/networking/v2.0/security-groups/3e054962-6be5-42ca-8f87-69ffe76078b2 0.182s
2024-12-12 04:08:50.917 66481 INFO tempest.lib.common.rest_client [req-9132d392-4496-4235-8f8c-6e8a059e3531 req-9132d392-4496-4235-8f8c-6e8a059e3531 ] Request (InstanceActionsV221TestJSON:setUpClass): 201 POST http://10.180.1.21/identity/v3/users 0.082s
2024-12-12 04:08:50.922 66477 INFO tempest.lib.common.rest_client [req-4e512a18-6e14-4d3c-8ce2-2488056ea11a req-4e512a18-6e14-4d3c-8ce2-2488056ea11a ] Request (ServersTestManualDisk:setUpClass): 200 PUT http://10.180.1.21:9696/networking/v2.0/floatingips/be8a95cf-789f-492f-8298-07a967103a9e 1.129s
2024-12-12 04:08:50.941 66481 INFO tempest.lib.common.rest_client [req-5de99da3-8381-4509-aa6d-c5be3034293f req-5de99da3-8381-4509-aa6d-c5be3034293f ] Request (InstanceActionsV221TestJSON:setUpClass): 200 GET http://10.180.1.21/identity/v3/roles 0.024s
2024-12-12 04:08:50.987 66481 INFO tempest.lib.common.rest_client [req-d4c82e4b-f6a5-4a69-bdde-afc15c3f5974 req-d4c82e4b-f6a5-4a69-bdde-afc15c3f5974 ] Request (InstanceActionsV221TestJSON:setUpClass): 204 PUT http://10.180.1.21/identity/v3/projects/44aef42c50134e45891e4286de6eaaa1/users/87c203cc0a9741b487ef9a1f73975c31/roles/c28d286489714965af1f3c2e6cfa5d14 0.046s
2024-12-12 04:08:50.988 66481 INFO tempest.lib.common.dynamic_creds [-] Dynamic test user 87c203cc0a9741b487ef9a1f73975c31 is created with scope project and roles: ['member']
2024-12-12 04:08:50.988 66481 INFO tempest.lib.common.dynamic_creds [-] Acquired dynamic creds: credentials: Credentials: {'domain_id': 'default', 'domain_name': 'Default', 'username': 'tempest-InstanceActionsV221TestJSON-736707415-project-member', 'project_domain_id': 'default', 'project_domain_name': 'Default', 'project_id': '44aef42c50134e45891e4286de6eaaa1', 'project_name': 'tempest-InstanceActionsV221TestJSON-736707415', 'tenant_id': '44aef42c50134e45891e4286de6eaaa1', 'tenant_name': 'tempest-InstanceActionsV221TestJSON-736707415', 'user_domain_id': 'default', 'user_domain_name': 'Default', 'user_id': '87c203cc0a9741b487ef9a1f73975c31', 'system': None}, Network: None, Subnet: None, Router: None
2024-12-12 04:08:51.000 66443 INFO tempest.lib.common.rest_client [req-d71fb6a9-adb5-45e1-8c0a-13d86aad7fb1 req-d71fb6a9-adb5-45e1-8c0a-13d86aad7fb1 ] Request (ServerExternalEventsTest:tearDownClass): 204 DELETE http://10.180.1.21/identity/v3/projects/f116ba2140b74fcfa50b4d869a016690 0.121s
2024-12-12 04:08:51.004 66421 INFO tempest.lib.common.rest_client [req-3d71ef55-31ac-4aa3-a4f5-9d122c983d45 req-3d71ef55-31ac-4aa3-a4f5-9d122c983d45 ] Request (ServersAdminNegativeTestJSON:test_migrate_server_invalid_state): 200 GET http://10.180.1.21/compute/v2.1/servers/0e032613-906c-4fbc-89ea-39b0dc80b83a 1.141s
2024-12-12 04:08:51.070 66455 INFO tempest.lib.common.rest_client [req-64a7b1fc-dbc5-4edf-8686-3a40c4ba5536 req-64a7b1fc-dbc5-4edf-8686-3a40c4ba5536 ] Request (SecurityGroupsTestJSON:test_security_group_create_get_delete): 200 POST http://10.180.1.21/compute/v2.1/os-security-groups 1.260s
2024-12-12 04:08:51.076 66465 INFO tempest.lib.common.rest_client [req-91678515-67f3-47fa-8ea6-d6e617bd156e req-91678515-67f3-47fa-8ea6-d6e617bd156e ] Request (ServersTestJSON:setUpClass): 200 GET http://10.180.1.21/compute/v2.1/servers/56874ccd-2cb3-4b9c-b2a0-c39da41f44bf 0.909s
2024-12-12 04:08:51.081 66453 INFO tempest.lib.common.rest_client [req-43c991dd-449d-413f-b023-00296d93b1de req-43c991dd-449d-413f-b023-00296d93b1de ] Request (SecurityGroupRulesNegativeTestJSON:tearDownClass): 204 DELETE http://10.180.1.21:9696/networking/v2.0/routers/811be1b6-9495-4641-b6fd-a170ee9d1d28 0.640s
2024-12-12 04:08:51.085 66443 INFO tempest.lib.common.rest_client [req-cad29f15-60c8-49b5-82ad-4c4b75e98d2e req-cad29f15-60c8-49b5-82ad-4c4b75e98d2e ] Request (FloatingIPsAssociationNegativeTestJSON:setUpClass): 201 POST http://10.180.1.21/identity/v3/auth/tokens 0.082s
2024-12-12 04:08:51.093 66481 INFO tempest.lib.common.rest_client [req-b0496f7c-47b8-4044-b00f-2036ceb27a57 req-b0496f7c-47b8-4044-b00f-2036ceb27a57 ] Request (InstanceActionsV221TestJSON:setUpClass): 201 POST http://10.180.1.21/identity/v3/auth/tokens 0.105s
2024-12-12 04:08:51.122 66443 INFO tempest.lib.common.rest_client [req-395fa7fd-ca80-4d8b-89d7-3776cda5b879 req-395fa7fd-ca80-4d8b-89d7-3776cda5b879 ] Request (FloatingIPsAssociationNegativeTestJSON:setUpClass): 201 POST http://10.180.1.21/identity/v3/auth/tokens 0.035s
2024-12-12 04:08:51.148 66443 INFO tempest.lib.common.rest_client [req-c04dc266-6e16-4651-b773-e9e75d51af14 req-c04dc266-6e16-4651-b773-e9e75d51af14 ] Request (FloatingIPsAssociationNegativeTestJSON:setUpClass): 200 GET http://10.180.1.21/identity/v3/domains?name=Default 0.025s
2024-12-12 04:08:51.157 66435 INFO tempest.lib.common.rest_client [req-c28007a5-eb5a-4b35-98f2-fefac302b6f8 req-c28007a5-eb5a-4b35-98f2-fefac302b6f8 ] Request (ListImageFiltersTestJSON:setUpClass): 200 GET http://10.180.1.21/compute/v2.1/servers/881b4d51-c47d-42f3-9d53-afb82101d16d 0.806s
2024-12-12 04:08:51.168 66467 INFO tempest.lib.common.rest_client [req-1b16b0b2-7619-4c12-a0ce-44492f7f149e req-1b16b0b2-7619-4c12-a0ce-44492f7f149e ] Request (ImagesNegativeTestJSON:test_create_image_from_deleted_server): 200 GET http://10.180.1.21/compute/v2.1/servers/9ca1c53f-a3c9-4e10-93d9-6968b27c950c 0.924s
2024-12-12 04:08:51.185 66443 INFO tempest.lib.common.rest_client [req-5ffef803-91f1-4bea-8cf4-3bcc607382f2 req-5ffef803-91f1-4bea-8cf4-3bcc607382f2 ] Request (FloatingIPsAssociationNegativeTestJSON:setUpClass): 201 POST http://10.180.1.21/identity/v3/projects 0.036s
2024-12-12 04:08:51.193 66453 INFO tempest.lib.common.rest_client [req-288e0724-3e4f-4f6d-9d65-70c089dced1d req-288e0724-3e4f-4f6d-9d65-70c089dced1d ] Request (SecurityGroupRulesNegativeTestJSON:tearDownClass): 204 DELETE http://10.180.1.21:9696/networking/v2.0/subnets/1dc78cf1-ff84-4c35-aff3-ed89c27ec3d8 0.112s
