2024-12-12 08:50:31.910 65947 INFO tempest.lib.common.dynamic_creds [-] Acquired dynamic creds: credentials: Credentials: {'domain_id': 'default', 'domain_name': 'Default', 'username': 'tempest-SecurityGroupsTestAdminJSON-1359704368-project-admin', 'project_domain_id': 'default', 'project_domain_name': 'Default', 'project_id': 'ae979fe568e24c0fa6dab971d6d7a1eb', 'project_name': 'tempest-SecurityGroupsTestAdminJSON-1359704368', 'tenant_id': 'ae979fe568e24c0fa6dab971d6d7a1eb', 'tenant_name': 'tempest-SecurityGroupsTestAdminJSON-1359704368', 'user_domain_id': 'default', 'user_domain_name': 'Default', 'user_id': '9af2ac5c62be42a59703c3308ac2a4bc', 'system': None}, Network: None, Subnet: None, Router: None
2024-12-12 08:50:31.910 65947 INFO tempest.lib.common.dynamic_creds [-] Created isolated network resources for: credentials: Credentials: {'domain_id': 'default', 'domain_name': 'Default', 'username': 'tempest-SecurityGroupsTestAdminJSON-1359704368-project-admin', 'project_domain_id': 'default', 'project_domain_name': 'Default', 'project_id': 'ae979fe568e24c0fa6dab971d6d7a1eb', 'project_name': 'tempest-SecurityGroupsTestAdminJSON-1359704368', 'tenant_id': 'ae979fe568e24c0fa6dab971d6d7a1eb', 'tenant_name': 'tempest-SecurityGroupsTestAdminJSON-1359704368', 'user_domain_id': 'default', 'user_domain_name': 'Default', 'user_id': '9af2ac5c62be42a59703c3308ac2a4bc', 'system': None}, Network: None, Subnet: None, Router: None
2024-12-12 08:50:31.978 65937 INFO tempest.lib.common.rest_client [req-99646842-0c30-4c0d-bd90-d9a6cc1049cc req-99646842-0c30-4c0d-bd90-d9a6cc1049cc ] Request (QuotasAdminTestV257:setUpClass): 201 POST http://10.180.1.21/identity/v3/auth/tokens 1.089s
2024-12-12 08:50:31.979 65937 WARNING tempest.lib.common.rest_client [-] Deprecated: "tenant_id" property is deprecated for removal, use "project_id" instead
2024-12-12 08:50:32.014 65935 INFO tempest.lib.common.rest_client [req-37cdb014-51d6-4395-86f8-837da2a2a45b req-37cdb014-51d6-4395-86f8-837da2a2a45b ] Request (AZAdminNegativeTestJSON:setUpClass): 201 POST http://10.180.1.21/identity/v3/auth/tokens 1.133s
2024-12-12 08:50:32.037 65923 INFO tempest.lib.common.rest_client [req-1e3298fe-4446-40db-8a42-6275c13f259b req-1e3298fe-4446-40db-8a42-6275c13f259b ] Request (HypervisorAdminTestJSON:tearDownClass): 201 POST http://10.180.1.21/identity/v3/auth/tokens 0.972s
2024-12-12 08:50:32.120 65911 INFO tempest.lib.common.rest_client [req-e89b7071-0864-484a-92cc-e97d842f5337 req-e89b7071-0864-484a-92cc-e97d842f5337 ] Request (AZAdminV2TestJSON:setUpClass): 201 POST http://10.180.1.21/identity/v3/auth/tokens 0.997s
2024-12-12 08:50:32.153 65941 INFO tempest.lib.common.rest_client [req-c214177f-0193-4c4b-afba-ec7e42fc221b req-c214177f-0193-4c4b-afba-ec7e42fc221b ] Request (FlavorsAdminTestJSON:test_create_list_flavor_without_extra_data): 200 GET http://10.180.1.21/compute/v2.1/flavors/detail 1.083s
2024-12-12 08:50:32.190 65917 INFO tempest.lib.common.rest_client [req-960f1335-093b-4721-a4ed-83fa07a0d343 req-960f1335-093b-4721-a4ed-83fa07a0d343 ] Request (ServersWithSpecificFlavorTestJSON:setUpClass): 201 POST http://10.180.1.21/identity/v3/auth/tokens 0.990s
2024-12-12 08:50:32.223 65943 INFO tempest.lib.common.rest_client [req-beb7cbb2-c869-4c4b-bc2b-526ed3f96490 req-beb7cbb2-c869-4c4b-bc2b-526ed3f96490 ] Request (AggregatesAdminNegativeTestJSON:setUpClass): 201 POST http://10.180.1.21/identity/v3/auth/tokens 1.016s
2024-12-12 08:50:32.262 65963 INFO tempest.lib.common.rest_client [req-f82ea04c-b821-4cab-b510-4f43f8c89e51 req-f82ea04c-b821-4cab-b510-4f43f8c89e51 ] Request (MigrationsAdminTest:setUpClass): 201 POST http://10.180.1.21/identity/v3/auth/tokens 1.003s
2024-12-12 08:50:32.294 65915 INFO tempest.lib.common.rest_client [req-624e64e6-80f4-4f62-8daa-7b3927eaf0b1 req-624e64e6-80f4-4f62-8daa-7b3927eaf0b1 ] Request (FlavorsAccessTestJSON:setUpClass): 201 POST http://10.180.1.21/identity/v3/auth/tokens 1.033s
2024-12-12 08:50:32.297 65915 WARNING tempest.lib.common.rest_client [-] Deprecated: "tenant_id" property is deprecated for removal, use "project_id" instead
2024-12-12 08:50:32.337 65973 INFO tempest.lib.common.rest_client [req-b3b93b3d-d54f-41e9-9272-fc590d625717 req-b3b93b3d-d54f-41e9-9272-fc590d625717 ] Request (HypervisorAdminV253TestBase:setUpClass): 201 POST http://10.180.1.21/identity/v3/auth/tokens 0.993s
2024-12-12 08:50:32.356 65945 INFO tempest.lib.common.rest_client [req-9c7597ad-f863-4269-948a-112b11e1d986 req-9c7597ad-f863-4269-948a-112b11e1d986 ] Request (ServersAdminNegativeTestJSON:setUpClass): 201 POST http://10.180.1.21/identity/v3/auth/tokens 0.883s
2024-12-12 08:50:32.357 65945 INFO tempest.lib.common.fixed_network [-] (ServersAdminNegativeTestJSON:setUpClass) Found network None available for tenant
2024-12-12 08:50:32.362 65965 INFO tempest.lib.common.rest_client [req-60929d78-0b21-4635-9174-e9063f3599a2 req-60929d78-0b21-4635-9174-e9063f3599a2 ] Request (KeyPairsNegativeTestJSON:tearDownClass): 200 GET http://10.180.1.21:9696/networking/v2.0/security-groups?tenant_id=97b2c82f0b424a37bb274a3fe03b71bb&name=default 1.181s
2024-12-12 08:50:32.368 65925 INFO tempest.lib.common.rest_client [req-8f80f1e0-c6a5-41c4-b10e-7830df9c2f87 req-8f80f1e0-c6a5-41c4-b10e-7830df9c2f87 ] Request (AbsoluteLimitsNegativeTestJSON:setUpClass): 201 POST http://10.180.1.21/identity/v3/auth/tokens 0.858s
2024-12-12 08:50:32.437 65929 INFO tempest.lib.common.rest_client [req-e39f6ff1-c9a3-4435-a42e-a2167047c904 req-e39f6ff1-c9a3-4435-a42e-a2167047c904 ] Request (InstanceUsageAuditLogNegativeTestJSON:setUpClass): 201 POST http://10.180.1.21/identity/v3/auth/tokens 0.879s
2024-12-12 08:50:32.448 65913 INFO tempest.lib.common.rest_client [req-dc42c7b6-262b-41d7-bc11-694f54bd0e89 req-dc42c7b6-262b-41d7-bc11-694f54bd0e89 ] Request (HostsAdminNegativeTestJSON:setUpClass): 200 GET http://10.180.1.21/compute/v2.1/os-hosts 1.330s
2024-12-12 08:50:32.483 65931 INFO tempest.lib.common.rest_client [req-13ea1933-8eea-4e4c-9c0c-17f5f2eb90e2 req-13ea1933-8eea-4e4c-9c0c-17f5f2eb90e2 ] Request (NetworksTest:setUpClass): 201 POST http://10.180.1.21/identity/v3/auth/tokens 0.905s
2024-12-12 08:50:32.501 65959 INFO tempest.lib.common.rest_client [req-87c26cad-3594-48ab-bef2-b6f0251ab6ed req-87c26cad-3594-48ab-bef2-b6f0251ab6ed ] Request (VolumesAssistedSnapshotsTest:setUpClass): 201 POST http://10.180.1.21/identity/v3/auth/tokens 0.882s
2024-12-12 08:50:32.518 65965 INFO tempest.lib.common.rest_client [req-268c2c53-e382-42af-9a5a-cb64716b6ac9 req-268c2c53-e382-42af-9a5a-cb64716b6ac9 ] Request (KeyPairsNegativeTestJSON:tearDownClass): 204 DELETE http://10.180.1.21:9696/networking/v2.0/security-groups/5b8186eb-d8e4-4b96-80c2-a0b2a18b381a 0.155s
2024-12-12 08:50:32.569 65939 INFO tempest.lib.common.rest_client [req-521b7984-7987-47e6-89c5-d4d59b9dad10 req-521b7984-7987-47e6-89c5-d4d59b9dad10 ] Request (KeyPairsV210TestJSON:setUpClass): 201 POST http://10.180.1.21/identity/v3/auth/tokens 0.905s
2024-12-12 08:50:32.591 65962 INFO tempest.lib.common.rest_client [req-1f59fdf5-94d0-4774-8355-becbd9be480b req-1f59fdf5-94d0-4774-8355-becbd9be480b ] Request (ServerDiagnosticsNegativeTest:setUpClass): 201 POST http://10.180.1.21/identity/v3/auth/tokens 0.920s
2024-12-12 08:50:32.622 65921 INFO tempest.lib.common.rest_client [req-2364b30b-e463-4184-b565-0f941732f6af req-2364b30b-e463-4184-b565-0f941732f6af ] Request (ServersNegativeTestJSON:setUpClass): 201 POST http://10.180.1.21/identity/v3/auth/tokens 0.879s
2024-12-12 08:50:32.646 65949 INFO tempest.lib.common.rest_client [req-9af82852-0c21-4ed7-b239-0fd3a4351b03 req-9af82852-0c21-4ed7-b239-0fd3a4351b03 ] Request (VolumesAdminNegativeTest:setUpClass): 201 POST http://10.180.1.21:9696/networking/v2.0/routers 0.854s
2024-12-12 08:50:32.650 65971 INFO tempest.lib.common.rest_client [req-1a1fc9e5-5c11-4b36-92b3-62530370cda7 req-1a1fc9e5-5c11-4b36-92b3-62530370cda7 ] Request (HypervisorAdminV228Test:setUpClass): 201 POST http://10.180.1.21/identity/v3/auth/tokens 0.923s
2024-12-12 08:50:32.662 65919 INFO tempest.lib.common.rest_client [req-0a673ce5-fe4f-4787-9118-d3a7078ce0b9 req-0a673ce5-fe4f-4787-9118-d3a7078ce0b9 ] Request (DeleteServersAdminTestJSON:test_admin_delete_servers_of_others): 200 GET http://10.180.1.21/compute/v2.1/servers/cf03f81c-1074-4856-ad6e-774d8ad0a7a0 1.211s
2024-12-12 08:50:32.710 65953 INFO tempest.lib.common.rest_client [req-71ae4d5f-88e7-4077-8648-4a39cca751eb req-71ae4d5f-88e7-4077-8648-4a39cca751eb ] Request (SecurityGroupRulesTestJSON:setUpClass): 201 POST http://10.180.1.21/identity/v3/auth/tokens 0.949s
2024-12-12 08:50:32.758 65969 INFO tempest.lib.common.rest_client [req-2d1d771e-f9d4-469c-8581-b88dd961c433 req-2d1d771e-f9d4-469c-8581-b88dd961c433 ] Request (ServerDiagnosticsV248Test:setUpClass): 201 POST http://10.180.1.21/identity/v3/auth/tokens 0.970s
2024-12-12 08:50:32.790 65957 INFO tempest.lib.common.rest_client [req-f8ce12fd-6750-49c4-8066-7dea2aa3f6c8 req-f8ce12fd-6750-49c4-8066-7dea2aa3f6c8 ] Request (FlavorsV255TestJSON:setUpClass): 201 POST http://10.180.1.21/identity/v3/auth/tokens 0.962s
2024-12-12 08:50:32.867 65947 INFO tempest.lib.common.rest_client [req-d6c9ce3b-28c0-421d-a2e0-369995d61645 req-d6c9ce3b-28c0-421d-a2e0-369995d61645 ] Request (SecurityGroupsTestAdminJSON:setUpClass): 201 POST http://10.180.1.21/identity/v3/auth/tokens 0.950s
2024-12-12 08:50:32.880 65967 INFO tempest.lib.common.rest_client [req-d488a938-c2e9-47e7-ad8a-24da190411dd req-d488a938-c2e9-47e7-ad8a-24da190411dd ] Request (FlavorsExtraSpecsTestJSON:setUpClass): 201 POST http://10.180.1.21/identity/v3/auth/tokens 0.975s
2024-12-12 08:50:32.888 65933 INFO tempest.lib.common.rest_client [req-4ae44d33-600f-44ae-9c56-7b66a47de97a req-4ae44d33-600f-44ae-9c56-7b66a47de97a ] Request (QuotaClassesAdminTestJSON:test_update_default_quotas): 200 PUT http://10.180.1.21/compute/v2.1/os-quota-class-sets/default 1.364s
2024-12-12 08:50:32.920 65955 INFO tempest.lib.common.rest_client [req-295d60b0-acda-448a-8147-08709fb36b82 req-295d60b0-acda-448a-8147-08709fb36b82 ] Request (TenantUsagesTestJSON:setUpClass): 201 POST http://10.180.1.21/identity/v3/auth/tokens 0.982s
2024-12-12 08:50:32.921 65955 INFO tempest.lib.common.fixed_network [-] (TenantUsagesTestJSON:setUpClass) Found network None available for tenant
2024-12-12 08:50:32.955 65917 INFO tempest.lib.common.rest_client [req-a1d41041-012f-4687-aa35-7bbbf7dce89e req-a1d41041-012f-4687-aa35-7bbbf7dce89e ] Request (ServersWithSpecificFlavorTestJSON:setUpClass): 201 POST http://10.180.1.21/identity/v3/projects 0.764s
2024-12-12 08:50:32.996 65951 INFO tempest.lib.common.rest_client [req-85f24a99-f6a6-44d7-9c11-286aba1e7c08 req-85f24a99-f6a6-44d7-9c11-286aba1e7c08 ] Request (HostsAdminTestJSON:test_list_hosts): 200 GET http://10.180.1.21/compute/v2.1/os-hosts 1.658s
2024-12-12 08:50:33.014 65925 INFO tempest.lib.common.rest_client [req-1f181d09-f09f-48e9-b080-f3739b69e12d req-1f181d09-f09f-48e9-b080-f3739b69e12d ] Request (AbsoluteLimitsNegativeTestJSON:setUpClass): 201 POST http://10.180.1.21/identity/v3/auth/tokens 0.643s
2024-12-12 08:50:33.039 65959 INFO tempest.lib.common.rest_client [req-c269a39d-75f9-431e-b480-12068e12b2cf req-c269a39d-75f9-431e-b480-12068e12b2cf ] Request (VolumesAssistedSnapshotsTest:setUpClass): 201 POST http://10.180.1.21/identity/v3/projects 0.538s
2024-12-12 08:50:33.075 65965 INFO tempest.lib.common.rest_client [req-0f9bd294-e495-4791-bfca-415970e81632 req-0f9bd294-e495-4791-bfca-415970e81632 ] Request (KeyPairsNegativeTestJSON:tearDownClass): 204 DELETE http://10.180.1.21/identity/v3/projects/97b2c82f0b424a37bb274a3fe03b71bb 0.557s
2024-12-12 08:50:33.076 65965 INFO tempest.test [-] raised in ServerPersonalityTestJSON.setUpClass. Invoking tearDownClass.
2024-12-12 08:50:33.092 65923 INFO tempest.lib.common.rest_client [req-051bb5d9-3506-4f49-813c-635520c22308 req-051bb5d9-3506-4f49-813c-635520c22308 ] Request (HypervisorAdminTestJSON:tearDownClass): 200 GET http://10.180.1.21:9696/networking/v2.0/security-groups?tenant_id=57beffff98944c73b586b2db263b2ebe&name=default 1.055s
2024-12-12 08:50:33.127 65921 INFO tempest.lib.common.rest_client [req-04834733-2ab7-4825-bc53-ed5d975c4de6 req-04834733-2ab7-4825-bc53-ed5d975c4de6 ] Request (ServersNegativeTestJSON:setUpClass): 200 GET http://10.180.1.21/identity/v3/domains?name=Default 0.505s
2024-12-12 08:50:33.128 65962 INFO tempest.lib.common.rest_client [req-76f34edb-1b8a-4e03-b08e-f9bd8cb633b1 req-76f34edb-1b8a-4e03-b08e-f9bd8cb633b1 ] Request (ServerDiagnosticsNegativeTest:test_get_server_diagnostics_by_non_admin): 201 POST http://10.180.1.21/identity/v3/auth/tokens 0.486s
2024-12-12 08:50:33.129 65962 INFO tempest.lib.common.fixed_network [-] (ServerDiagnosticsNegativeTest:test_get_server_diagnostics_by_non_admin) Found network None available for tenant
2024-12-12 08:50:33.176 65969 INFO tempest.lib.common.rest_client [req-e24c9d6c-5bc7-4522-a937-23de6a158e02 req-e24c9d6c-5bc7-4522-a937-23de6a158e02 ] Request (ServerDiagnosticsV248Test:test_get_server_diagnostics): 201 POST http://10.180.1.21/identity/v3/auth/tokens 0.355s
2024-12-12 08:50:33.176 65969 INFO tempest.lib.common.fixed_network [-] (ServerDiagnosticsV248Test:test_get_server_diagnostics) Found network None available for tenant
2024-12-12 08:50:33.217 65917 INFO tempest.lib.common.rest_client [req-448fd935-06c7-4461-9214-b1eafe26a75f req-448fd935-06c7-4461-9214-b1eafe26a75f ] Request (ServersWithSpecificFlavorTestJSON:setUpClass): 201 POST http://10.180.1.21/identity/v3/users 0.261s
2024-12-12 08:50:33.236 65935 INFO tempest.lib.common.rest_client [req-f57cd71d-bd49-4c6a-8902-32cfd55cc688 req-f57cd71d-bd49-4c6a-8902-32cfd55cc688 ] Request (AZAdminNegativeTestJSON:test_get_availability_zone_list_detail_with_non_admin_user): 403 GET http://10.180.1.21/compute/v2.1/os-availability-zone/detail 1.220s
2024-12-12 08:50:33.250 65925 INFO tempest.lib.common.rest_client [req-030d23b7-cbf5-47cb-b56b-d21f0c4ae1b9 req-030d23b7-cbf5-47cb-b56b-d21f0c4ae1b9 ] Request (AbsoluteLimitsNegativeTestJSON:setUpClass): 200 GET http://10.180.1.21/identity/v3/domains?name=Default 0.235s
2024-12-12 08:50:33.260 65923 INFO tempest.lib.common.rest_client [req-f88ce7ad-469c-4c26-8969-9a17cedd0021 req-f88ce7ad-469c-4c26-8969-9a17cedd0021 ] Request (HypervisorAdminTestJSON:tearDownClass): 204 DELETE http://10.180.1.21:9696/networking/v2.0/security-groups/0e267a87-2556-49c8-98e8-9c0cbfefc89b 0.167s
2024-12-12 08:50:33.269 65941 INFO tempest.lib.common.rest_client [req-96a620e2-09b5-4721-8c49-96eb0b1d2d8f req-96a620e2-09b5-4721-8c49-96eb0b1d2d8f ] Request (FlavorsAdminTestJSON:_run_cleanups): 202 DELETE http://10.180.1.21/compute/v2.1/flavors/1377131279 1.108s
2024-12-12 08:50:33.277 65959 INFO tempest.lib.common.rest_client [req-c72f0993-6aa6-4ec9-a9d0-0d6940e398a3 req-c72f0993-6aa6-4ec9-a9d0-0d6940e398a3 ] Request (VolumesAssistedSnapshotsTest:setUpClass): 201 POST http://10.180.1.21/identity/v3/users 0.238s
2024-12-12 08:50:33.307 65917 INFO tempest.lib.common.rest_client [req-ca19ad0a-a5a7-4bff-b143-2776b58457b9 req-ca19ad0a-a5a7-4bff-b143-2776b58457b9 ] Request (ServersWithSpecificFlavorTestJSON:setUpClass): 200 GET http://10.180.1.21/identity/v3/roles 0.089s
2024-12-12 08:50:33.314 65921 INFO tempest.lib.common.rest_client [req-4e18999e-05d1-4458-a11e-a8b688ed19bb req-4e18999e-05d1-4458-a11e-a8b688ed19bb ] Request (ServersNegativeTestJSON:setUpClass): 201 POST http://10.180.1.21/identity/v3/projects 0.186s
2024-12-12 08:50:33.322 65911 INFO tempest.lib.common.rest_client [req-b8a375eb-5334-41d2-b523-e483ac83eaef req-b8a375eb-5334-41d2-b523-e483ac83eaef ] Request (AZAdminV2TestJSON:test_get_availability_zone_list): 200 GET http://10.180.1.21/compute/v2.1/os-availability-zone 1.198s
2024-12-12 08:50:33.374 65925 INFO tempest.lib.common.rest_client [req-0914b7cd-3f2d-4d22-9687-aa3dd040b15c req-0914b7cd-3f2d-4d22-9687-aa3dd040b15c ] Request (AbsoluteLimitsNegativeTestJSON:setUpClass): 201 POST http://10.180.1.21/identity/v3/projects 0.124s
2024-12-12 08:50:33.411 65923 INFO tempest.lib.common.rest_client [req-62646a50-bb8f-49b2-8e08-e46a927cf68e req-62646a50-bb8f-49b2-8e08-e46a927cf68e ] Request (HypervisorAdminTestJSON:tearDownClass): 204 DELETE http://10.180.1.21/identity/v3/projects/57beffff98944c73b586b2db263b2ebe 0.150s
2024-12-12 08:50:33.411 65923 INFO tempest.lib.common.dynamic_creds [-] Deleting project and security group for project: 2b361ac839ce4381bafc50de34c604a9
2024-12-12 08:50:33.459 65959 INFO tempest.lib.common.rest_client [req-9074d2fb-1746-4eea-b7ff-41af73b60ed1 req-9074d2fb-1746-4eea-b7ff-41af73b60ed1 ] Request (VolumesAssistedSnapshotsTest:setUpClass): 200 GET http://10.180.1.21/identity/v3/roles 0.181s
2024-12-12 08:50:33.504 65923 INFO tempest.lib.common.rest_client [req-89823380-d52c-4d3e-b6e3-7887f5b927bc req-89823380-d52c-4d3e-b6e3-7887f5b927bc ] Request (HypervisorAdminTestJSON:tearDownClass): 200 GET http://10.180.1.21:9696/networking/v2.0/security-groups?tenant_id=2b361ac839ce4381bafc50de34c604a9&name=default 0.092s
2024-12-12 08:50:33.514 65943 INFO tempest.lib.common.rest_client [req-8eb2f2a1-aef1-475c-b3b5-02fa0a9557ff req-8eb2f2a1-aef1-475c-b3b5-02fa0a9557ff ] Request (AggregatesAdminNegativeTestJSON:setUpClass): 200 GET http://10.180.1.21/compute/v2.1/os-services?binary=nova-compute 1.290s
2024-12-12 08:50:33.517 65935 INFO tempest.lib.common.rest_client [req-091d5961-b7ac-478c-8ca0-d3ada7acc4ca req-091d5961-b7ac-478c-8ca0-d3ada7acc4ca ] Request (AZAdminNegativeTestJSON:tearDownClass): 204 DELETE http://10.180.1.21/identity/v3/users/f4e4c93cb45148c68b6c6824cf1a0ed7 0.226s
2024-12-12 08:50:33.555 65917 INFO tempest.lib.common.rest_client [req-19e7774c-cbeb-4ac1-ad34-35e9ed48c112 req-19e7774c-cbeb-4ac1-ad34-35e9ed48c112 ] Request (ServersWithSpecificFlavorTestJSON:setUpClass): 204 PUT http://10.180.1.21/identity/v3/projects/5b8e7684feb4428ab6801b6624da6288/users/f5a9bd77139b478c843fbab9c604c8ba/roles/64d7ef2da15549a994f0ad9aa4337af4 0.248s
2024-12-12 08:50:33.608 65921 INFO tempest.lib.common.rest_client [req-4df9b2ec-a578-4575-82ca-fdc4054c161b req-4df9b2ec-a578-4575-82ca-fdc4054c161b ] Request (ServersNegativeTestJSON:setUpClass): 201 POST http://10.180.1.21/identity/v3/users 0.293s
2024-12-12 08:50:33.629 65923 INFO tempest.lib.common.rest_client [req-52e7cf62-67f9-4e49-9189-feea233cf414 req-52e7cf62-67f9-4e49-9189-feea233cf414 ] Request (HypervisorAdminTestJSON:tearDownClass): 204 DELETE http://10.180.1.21:9696/networking/v2.0/security-groups/ff322dac-b41c-4536-afcd-11f252d26db4 0.124s
2024-12-12 08:50:33.635 65925 INFO tempest.lib.common.rest_client [req-a7df8492-61be-4727-91c6-da1cf1522d20 req-a7df8492-61be-4727-91c6-da1cf1522d20 ] Request (AbsoluteLimitsNegativeTestJSON:setUpClass): 201 POST http://10.180.1.21/identity/v3/users 0.260s
2024-12-12 08:50:33.661 65915 INFO tempest.lib.common.rest_client [req-febc3f13-e77f-40f3-9ba9-f29ffb2de701 req-febc3f13-e77f-40f3-9ba9-f29ffb2de701 ] Request (FlavorsAccessTestJSON:test_flavor_access_add_remove): 200 POST http://10.180.1.21/compute/v2.1/flavors 1.362s
2024-12-12 08:50:33.670 65959 INFO tempest.lib.common.rest_client [req-84ce5c42-9f20-408a-88d3-77e228007b88 req-84ce5c42-9f20-408a-88d3-77e228007b88 ] Request (VolumesAssistedSnapshotsTest:setUpClass): 204 PUT http://10.180.1.21/identity/v3/projects/3fecae3f71cc4cc9911549e602192304/users/46a411dc98d54d748c60f02c2e604ec2/roles/64d7ef2da15549a994f0ad9aa4337af4 0.209s
2024-12-12 08:50:33.710 65963 INFO tempest.lib.common.rest_client [req-74ca290e-0289-4f08-bf11-346e09f3103f req-74ca290e-0289-4f08-bf11-346e09f3103f ] Request (MigrationsAdminTest:test_list_migrations): 200 GET http://10.180.1.21/compute/v2.1/os-migrations 1.388s
2024-12-12 08:50:33.741 65917 INFO tempest.lib.common.rest_client [req-5f7b4ca8-8c8b-471c-8252-16b33e38527c req-5f7b4ca8-8c8b-471c-8252-16b33e38527c ] Request (ServersWithSpecificFlavorTestJSON:setUpClass): 200 GET http://10.180.1.21/identity/v3/roles 0.185s
2024-12-12 08:50:33.762 65935 INFO tempest.lib.common.rest_client [req-236a86c8-4d3f-47ba-a015-b670753546ca req-236a86c8-4d3f-47ba-a015-b670753546ca ] Request (AZAdminNegativeTestJSON:tearDownClass): 204 DELETE http://10.180.1.21/identity/v3/users/2ebcd18c7e2a43778b477fe24eaea4ae 0.244s
2024-12-12 08:50:33.762 65935 INFO tempest.lib.common.dynamic_creds [-] Deleting project and security group for project: e60115730ab84a3899ce1a247ea0c479
2024-12-12 08:50:33.771 65949 INFO tempest.lib.common.rest_client [req-9ab3b7c6-9b45-40e0-bbf7-7c53316d1487 req-9ab3b7c6-9b45-40e0-bbf7-7c53316d1487 ] Request (VolumesAdminNegativeTest:setUpClass): 200 PUT http://10.180.1.21:9696/networking/v2.0/routers/910d4523-078b-48a7-8749-26847a10ab60/add_router_interface 1.124s
2024-12-12 08:50:33.771 65949 INFO tempest.lib.common.dynamic_creds [-] Created isolated network resources for: credentials: Credentials: {'domain_id': 'default', 'domain_name': 'Default', 'username': 'tempest-VolumesAdminNegativeTest-1056009863-project-admin', 'project_domain_id': 'default', 'project_domain_name': 'Default', 'project_id': 'fab9a3d5bf7a49ceb0c2b817301ac2ca', 'project_name': 'tempest-VolumesAdminNegativeTest-1056009863', 'tenant_id': 'fab9a3d5bf7a49ceb0c2b817301ac2ca', 'tenant_name': 'tempest-VolumesAdminNegativeTest-1056009863', 'user_domain_id': 'default', 'user_domain_name': 'Default', 'user_id': '0a44ce9de1434299afbc3184b3816581', 'system': None}, Network: {'id': '86165054-57e7-4761-a079-3511509b1244', 'name': 'tempest-VolumesAdminNegativeTest-1951316093-network', 'tenant_id': 'fab9a3d5bf7a49ceb0c2b817301ac2ca', 'admin_state_up': True, 'mtu': 8950, 'status': 'ACTIVE', 'subnets': [], 'shared': False, 'project_id': 'fab9a3d5bf7a49ceb0c2b817301ac2ca', 'port_security_enabled': True, 'router:external': False, 'provider:network_type': 'vlan', 'provider:physical_network': 'default', 'provider:segmentation_id': 493, 'availability_zone_hints': [], 'availability_zones': [], 'ipv4_address_scope': None, 'ipv6_address_scope': None, 'description': '', 'tags': [], 'created_at': '2024-12-12T08:50:31Z', 'updated_at': '2024-12-12T08:50:31Z', 'revision_number': 1}, Subnet: {'id': 'b036a71d-7904-44e8-8228-64458b126cf7', 'name': 'tempest-VolumesAdminNegativeTest-1951316093-subnet', 'tenant_id': 'fab9a3d5bf7a49ceb0c2b817301ac2ca', 'network_id': '86165054-57e7-4761-a079-3511509b1244', 'ip_version': 4, 'subnetpool_id': None, 'enable_dhcp': True, 'ipv6_ra_mode': None, 'ipv6_address_mode': None, 'gateway_ip': '192.168.128.1', 'cidr': '192.168.128.0/28', 'allocation_pools': [{'start': '192.168.128.2', 'end': '192.168.128.14'}], 'host_routes': [], 'dns_nameservers': [], 'description': '', 'router:external': False, 'service_types': [], 'tags': [], 'created_at': '2024-12-12T08:50:31Z', 'updated_at': '2024-12-12T08:50:31Z', 'revision_number': 0, 'project_id': 'fab9a3d5bf7a49ceb0c2b817301ac2ca'}, Router: {'id': '910d4523-078b-48a7-8749-26847a10ab60', 'name': 'tempest-VolumesAdminNegativeTest-1951316093-router', 'tenant_id': 'fab9a3d5bf7a49ceb0c2b817301ac2ca', 'admin_state_up': True, 'status': 'ACTIVE', 'external_gateway_info': {'network_id': '29d35d75-55d6-4500-a3b6-cc2c37abd891', 'external_fixed_ips': [{'subnet_id': '5f17c552-6c81-4f6c-95b5-486a57f27dfb', 'ip_address': '10.180.180.206'}], 'enable_snat': True}, 'description': '', 'availability_zones': [], 'distributed': False, 'ha': False, 'availability_zone_hints': [], 'routes': [], 'flavor_id': None, 'tags': [], 'created_at': '2024-12-12T08:50:31Z', 'updated_at': '2024-12-12T08:50:32Z', 'revision_number': 2, 'project_id': 'fab9a3d5bf7a49ceb0c2b817301ac2ca'}
2024-12-12 08:50:33.803 65921 INFO tempest.lib.common.rest_client [req-9e0cc2fb-ab69-41b1-8116-5d843ab574ad req-9e0cc2fb-ab69-41b1-8116-5d843ab574ad ] Request (ServersNegativeTestJSON:setUpClass): 200 GET http://10.180.1.21/identity/v3/roles 0.194s
2024-12-12 08:50:33.822 65925 INFO tempest.lib.common.rest_client [req-9768ed87-df38-47d9-8027-ea10afada567 req-9768ed87-df38-47d9-8027-ea10afada567 ] Request (AbsoluteLimitsNegativeTestJSON:setUpClass): 200 GET http://10.180.1.21/identity/v3/roles 0.187s
2024-12-12 08:50:33.857 65923 INFO tempest.lib.common.rest_client [req-fb303a7e-c3b3-445c-a23d-51d1db530874 req-fb303a7e-c3b3-445c-a23d-51d1db530874 ] Request (HypervisorAdminTestJSON:tearDownClass): 204 DELETE http://10.180.1.21/identity/v3/projects/2b361ac839ce4381bafc50de34c604a9 0.228s
2024-12-12 08:50:33.858 65923 INFO tempest.test [-] raised in LiveAutoBlockMigrationV225Test.setUpClass. Invoking tearDownClass.
2024-12-12 08:50:33.860 65923 INFO tempest.test [-] raised in TestVolumeSwap.setUpClass. Invoking tearDownClass.
2024-12-12 08:50:33.862 65923 INFO tempest.test [-] raised in NoVNCConsoleTestJSON.setUpClass. Invoking tearDownClass.
2024-12-12 08:50:33.901 65959 INFO tempest.lib.common.rest_client [req-27baba58-bb9e-4848-93ca-851e556a451e req-27baba58-bb9e-4848-93ca-851e556a451e ] Request (VolumesAssistedSnapshotsTest:setUpClass): 200 GET http://10.180.1.21/identity/v3/roles 0.230s
2024-12-12 08:50:33.971 65917 INFO tempest.lib.common.rest_client [req-e1a06797-5858-41a9-86fd-73fd2a0d0bb6 req-e1a06797-5858-41a9-86fd-73fd2a0d0bb6 ] Request (ServersWithSpecificFlavorTestJSON:setUpClass): 204 PUT http://10.180.1.21/identity/v3/projects/5b8e7684feb4428ab6801b6624da6288/users/f5a9bd77139b478c843fbab9c604c8ba/roles/64d7ef2da15549a994f0ad9aa4337af4 0.227s
2024-12-12 08:50:33.971 65917 INFO tempest.lib.common.dynamic_creds [-] Dynamic test user f5a9bd77139b478c843fbab9c604c8ba is created with scope project and roles: ['admin']
2024-12-12 08:50:33.971 65917 INFO tempest.lib.common.dynamic_creds [-] Acquired dynamic creds: credentials: Credentials: {'domain_id': 'default', 'domain_name': 'Default', 'username': 'tempest-ServersWithSpecificFlavorTestJSON-1990617086-project-admin', 'project_domain_id': 'default', 'project_domain_name': 'Default', 'project_id': '5b8e7684feb4428ab6801b6624da6288', 'project_name': 'tempest-ServersWithSpecificFlavorTestJSON-1990617086', 'tenant_id': '5b8e7684feb4428ab6801b6624da6288', 'tenant_name': 'tempest-ServersWithSpecificFlavorTestJSON-1990617086', 'user_domain_id': 'default', 'user_domain_name': 'Default', 'user_id': 'f5a9bd77139b478c843fbab9c604c8ba', 'system': None}, Network: None, Subnet: None, Router: None
2024-12-12 08:50:33.992 65963 INFO tempest.lib.common.rest_client [req-7455219e-6486-4f69-a908-3fcc54575e5b req-7455219e-6486-4f69-a908-3fcc54575e5b ] Request (MigrationsAdminTest:test_list_migrations_in_flavor_resize_situation): 201 POST http://10.180.1.21/identity/v3/auth/tokens 0.273s
2024-12-12 08:50:33.992 65963 INFO tempest.lib.common.fixed_network [-] (MigrationsAdminTest:test_list_migrations_in_flavor_resize_situation) Found network None available for tenant
2024-12-12 08:50:34.011 65973 INFO tempest.lib.common.rest_client [req-48b4c92f-13fb-4044-a339-1d840022c99f req-48b4c92f-13fb-4044-a339-1d840022c99f ] Request (HypervisorAdminV253TestBase:test_list_show_detail_hypervisors): 200 GET http://10.180.1.21/compute/v2.1/os-hypervisors/detail?with_servers=True 1.672s
2024-12-12 08:50:34.025 65935 INFO tempest.lib.common.rest_client [req-cb8f990e-3198-45da-9de5-6a6d7cc083a5 req-cb8f990e-3198-45da-9de5-6a6d7cc083a5 ] Request (AZAdminNegativeTestJSON:tearDownClass): 201 POST http://10.180.1.21/identity/v3/auth/tokens 0.263s
2024-12-12 08:50:34.059 65921 INFO tempest.lib.common.rest_client [req-495df05c-049b-497f-81db-0d25d69e3547 req-495df05c-049b-497f-81db-0d25d69e3547 ] Request (ServersNegativeTestJSON:setUpClass): 204 PUT http://10.180.1.21/identity/v3/projects/ac9f2ac2639643e790fa1d913c4dc43f/users/13ce040e03434dd184b28745fc34f816/roles/1d47d5b2b5ee4c5e893228f4eea4b289 0.255s
2024-12-12 08:50:34.059 65921 INFO tempest.lib.common.dynamic_creds [-] Dynamic test user 13ce040e03434dd184b28745fc34f816 is created with scope project and roles: ['member']
2024-12-12 08:50:34.059 65921 INFO tempest.lib.common.dynamic_creds [-] Acquired dynamic creds: credentials: Credentials: {'domain_id': 'default', 'domain_name': 'Default', 'username': 'tempest-ServersNegativeTestJSON-425357262-project-member', 'project_domain_id': 'default', 'project_domain_name': 'Default', 'project_id': 'ac9f2ac2639643e790fa1d913c4dc43f', 'project_name': 'tempest-ServersNegativeTestJSON-425357262', 'tenant_id': 'ac9f2ac2639643e790fa1d913c4dc43f', 'tenant_name': 'tempest-ServersNegativeTestJSON-425357262', 'user_domain_id': 'default', 'user_domain_name': 'Default', 'user_id': '13ce040e03434dd184b28745fc34f816', 'system': None}, Network: None, Subnet: None, Router: None
2024-12-12 08:50:34.091 65949 INFO tempest.lib.common.rest_client [req-0218558b-f71b-455d-9bf2-37116eebd58a req-0218558b-f71b-455d-9bf2-37116eebd58a ] Request (VolumesAdminNegativeTest:setUpClass): 201 POST http://10.180.1.21/identity/v3/auth/tokens 0.277s
2024-12-12 08:50:34.112 65925 INFO tempest.lib.common.rest_client [req-8b600a4d-8c3d-4706-8f57-2b3cb5bc4da0 req-8b600a4d-8c3d-4706-8f57-2b3cb5bc4da0 ] Request (AbsoluteLimitsNegativeTestJSON:setUpClass): 204 PUT http://10.180.1.21/identity/v3/projects/64d629e7f9d141aaa9615f9379f45739/users/000230794c344e5b9aa6b05b19f85c34/roles/1d47d5b2b5ee4c5e893228f4eea4b289 0.287s
2024-12-12 08:50:34.112 65925 INFO tempest.lib.common.dynamic_creds [-] Dynamic test user 000230794c344e5b9aa6b05b19f85c34 is created with scope project and roles: ['member']
2024-12-12 08:50:34.112 65925 INFO tempest.lib.common.dynamic_creds [-] Acquired dynamic creds: credentials: Credentials: {'domain_id': 'default', 'domain_name': 'Default', 'username': 'tempest-AbsoluteLimitsNegativeTestJSON-307021305-project-member', 'project_domain_id': 'default', 'project_domain_name': 'Default', 'project_id': '64d629e7f9d141aaa9615f9379f45739', 'project_name': 'tempest-AbsoluteLimitsNegativeTestJSON-307021305', 'tenant_id': '64d629e7f9d141aaa9615f9379f45739', 'tenant_name': 'tempest-AbsoluteLimitsNegativeTestJSON-307021305', 'user_domain_id': 'default', 'user_domain_name': 'Default', 'user_id': '000230794c344e5b9aa6b05b19f85c34', 'system': None}, Network: None, Subnet: None, Router: None
2024-12-12 08:50:34.112 65925 INFO tempest.lib.common.dynamic_creds [-] Created isolated network resources for: credentials: Credentials: {'domain_id': 'default', 'domain_name': 'Default', 'username': 'tempest-AbsoluteLimitsNegativeTestJSON-307021305-project-member', 'project_domain_id': 'default', 'project_domain_name': 'Default', 'project_id': '64d629e7f9d141aaa9615f9379f45739', 'project_name': 'tempest-AbsoluteLimitsNegativeTestJSON-307021305', 'tenant_id': '64d629e7f9d141aaa9615f9379f45739', 'tenant_name': 'tempest-AbsoluteLimitsNegativeTestJSON-307021305', 'user_domain_id': 'default', 'user_domain_name': 'Default', 'user_id': '000230794c344e5b9aa6b05b19f85c34', 'system': None}, Network: None, Subnet: None, Router: None
2024-12-12 08:50:34.112 65923 INFO tempest.lib.common.rest_client [req-97094b6f-a5b7-4d14-a486-380f54561b49 req-97094b6f-a5b7-4d14-a486-380f54561b49 ] Request (ServerActionsTestOtherB:setUpClass): 201 POST http://10.180.1.21/identity/v3/auth/tokens 0.248s
2024-12-12 08:50:34.164 65959 INFO tempest.lib.common.rest_client [req-12330652-5d7e-437f-92f7-cb9f9b4c0f2e req-12330652-5d7e-437f-92f7-cb9f9b4c0f2e ] Request (VolumesAssistedSnapshotsTest:setUpClass): 204 PUT http://10.180.1.21/identity/v3/projects/3fecae3f71cc4cc9911549e602192304/users/46a411dc98d54d748c60f02c2e604ec2/roles/aa72823d6d7a44188c61592323b656f5 0.263s
2024-12-12 08:50:34.165 65959 INFO tempest.lib.common.dynamic_creds [-] Dynamic test user 46a411dc98d54d748c60f02c2e604ec2 is created with scope project and roles: ['admin', 'service']
2024-12-12 08:50:34.165 65959 INFO tempest.lib.common.dynamic_creds [-] Acquired dynamic creds: credentials: Credentials: {'domain_id': 'default', 'domain_name': 'Default', 'username': 'tempest-VolumesAssistedSnapshotsTest-391547426-project', 'project_domain_id': 'default', 'project_domain_name': 'Default', 'project_id': '3fecae3f71cc4cc9911549e602192304', 'project_name': 'tempest-VolumesAssistedSnapshotsTest-391547426', 'tenant_id': '3fecae3f71cc4cc9911549e602192304', 'tenant_name': 'tempest-VolumesAssistedSnapshotsTest-391547426', 'user_domain_id': 'default', 'user_domain_name': 'Default', 'user_id': '46a411dc98d54d748c60f02c2e604ec2', 'system': None}, Network: None, Subnet: None, Router: None
2024-12-12 08:50:34.204 65945 INFO tempest.lib.common.rest_client [req-7e5b0853-0d20-4dc4-b245-b9e098590b0c req-7e5b0853-0d20-4dc4-b245-b9e098590b0c ] Request (ServersAdminNegativeTestJSON:setUpClass): 202 POST http://10.180.1.21/compute/v2.1/servers 1.846s
2024-12-12 08:50:34.245 65929 INFO tempest.lib.common.rest_client [req-91bd204f-b84e-4fdc-a48d-dd1a3cacbc15 req-91bd204f-b84e-4fdc-a48d-dd1a3cacbc15 ] Request (InstanceUsageAuditLogNegativeTestJSON:test_get_instance_usage_audit_logs_with_invalid_time): 400 GET http://10.180.1.21/compute/v2.1/os-instance_usage_audit_log/invalid_time 1.807s
2024-12-12 08:50:34.262 65917 INFO tempest.lib.common.rest_client [req-95627369-8605-481e-b875-acf4647deb82 req-95627369-8605-481e-b875-acf4647deb82 ] Request (ServersWithSpecificFlavorTestJSON:setUpClass): 201 POST http://10.180.1.21:9696/networking/v2.0/networks 0.291s
2024-12-12 08:50:34.292 65923 INFO tempest.lib.common.rest_client [req-6544080c-cf71-4119-972b-88e2f8c2b782 req-6544080c-cf71-4119-972b-88e2f8c2b782 ] Request (ServerActionsTestOtherB:setUpClass): 201 POST http://10.180.1.21/identity/v3/auth/tokens 0.177s
2024-12-12 08:50:34.293 65921 INFO tempest.lib.common.rest_client [req-514387ab-d435-4046-bcc9-2159dda9c52e req-514387ab-d435-4046-bcc9-2159dda9c52e ] Request (ServersNegativeTestJSON:setUpClass): 201 POST http://10.180.1.21/identity/v3/auth/tokens 0.234s
2024-12-12 08:50:34.403 65925 INFO tempest.lib.common.rest_client [req-a0f7a1e7-e795-47ab-bc4a-1abb4db5f79e req-a0f7a1e7-e795-47ab-bc4a-1abb4db5f79e ] Request (AbsoluteLimitsNegativeTestJSON:setUpClass): 201 POST http://10.180.1.21/identity/v3/auth/tokens 0.288s
2024-12-12 08:50:34.412 65913 INFO tempest.lib.common.rest_client [req-60d59a73-c5d2-4283-9a00-e19d410a4513 req-60d59a73-c5d2-4283-9a00-e19d410a4513 ] Request (HostsAdminNegativeTestJSON:test_list_hosts_with_non_admin_user): 403 GET http://10.180.1.21/compute/v2.1/os-hosts 1.961s
2024-12-12 08:50:34.415 65935 INFO tempest.lib.common.rest_client [req-e7eb3820-14fc-4c66-afc4-e0c9f09101a9 req-e7eb3820-14fc-4c66-afc4-e0c9f09101a9 ] Request (AZAdminNegativeTestJSON:tearDownClass): 200 GET http://10.180.1.21:9696/networking/v2.0/security-groups?tenant_id=e60115730ab84a3899ce1a247ea0c479&name=default 0.389s
2024-12-12 08:50:34.427 65923 INFO tempest.lib.common.rest_client [req-1392ac8b-9ecb-443e-8957-b4583f0b5bb3 req-1392ac8b-9ecb-443e-8957-b4583f0b5bb3 ] Request (ServerActionsTestOtherB:setUpClass): 200 GET http://10.180.1.21/identity/v3/domains?name=Default 0.135s
2024-12-12 08:50:34.490 65923 INFO tempest.lib.common.rest_client [req-801ca76f-534c-45c2-87df-96aa325d03d0 req-801ca76f-534c-45c2-87df-96aa325d03d0 ] Request (ServerActionsTestOtherB:setUpClass): 201 POST http://10.180.1.21/identity/v3/projects 0.062s
2024-12-12 08:50:34.510 65959 INFO tempest.lib.common.rest_client [req-fdd36948-f507-4896-9e45-d31a17d98110 req-fdd36948-f507-4896-9e45-d31a17d98110 ] Request (VolumesAssistedSnapshotsTest:setUpClass): 201 POST http://10.180.1.21:9696/networking/v2.0/networks 0.344s
2024-12-12 08:50:34.562 65923 INFO tempest.lib.common.rest_client [req-1b102ab4-153d-4493-a052-90d75107b76c req-1b102ab4-153d-4493-a052-90d75107b76c ] Request (ServerActionsTestOtherB:setUpClass): 201 POST http://10.180.1.21/identity/v3/users 0.070s
2024-12-12 08:50:34.571 65939 INFO tempest.lib.common.rest_client [req-4d3a87be-a7e1-4161-ab6b-9a6b3b0d409a req-4d3a87be-a7e1-4161-ab6b-9a6b3b0d409a ] Request (KeyPairsV210TestJSON:test_admin_manage_keypairs_for_other_users): 201 POST http://10.180.1.21/compute/v2.1/os-keypairs 2.000s
2024-12-12 08:50:34.588 65923 INFO tempest.lib.common.rest_client [req-b1429b76-c675-4e9f-abd9-d02378a98ec3 req-b1429b76-c675-4e9f-abd9-d02378a98ec3 ] Request (ServerActionsTestOtherB:setUpClass): 200 GET http://10.180.1.21/identity/v3/roles 0.026s
2024-12-12 08:50:34.592 65935 INFO tempest.lib.common.rest_client [req-d50e5ecd-0ee8-4227-8e1e-39ed9e531812 req-d50e5ecd-0ee8-4227-8e1e-39ed9e531812 ] Request (AZAdminNegativeTestJSON:tearDownClass): 204 DELETE http://10.180.1.21:9696/networking/v2.0/security-groups/b71e691d-080e-4bb5-8f12-5d4f9053374c 0.176s
2024-12-12 08:50:34.596 65917 INFO tempest.lib.common.rest_client [req-de644dac-f316-47d8-82ce-7c9e52aa50ef req-de644dac-f316-47d8-82ce-7c9e52aa50ef ] Request (ServersWithSpecificFlavorTestJSON:setUpClass): 201 POST http://10.180.1.21:9696/networking/v2.0/subnets 0.333s
2024-12-12 08:50:34.616 65923 INFO tempest.lib.common.rest_client [req-9fca3d96-8034-4fe8-9994-e25ea95de635 req-9fca3d96-8034-4fe8-9994-e25ea95de635 ] Request (ServerActionsTestOtherB:setUpClass): 204 PUT http://10.180.1.21/identity/v3/projects/f5af512a3e1f469f9c4223575f326699/users/004e0c7876664758866c98c8f36663dd/roles/1d47d5b2b5ee4c5e893228f4eea4b289 0.027s
2024-12-12 08:50:34.616 65923 INFO tempest.lib.common.dynamic_creds [-] Dynamic test user 004e0c7876664758866c98c8f36663dd is created with scope project and roles: ['member']
2024-12-12 08:50:34.616 65923 INFO tempest.lib.common.dynamic_creds [-] Acquired dynamic creds: credentials: Credentials: {'domain_id': 'default', 'domain_name': 'Default', 'username': 'tempest-ServerActionsTestOtherB-208884208-project-member', 'project_domain_id': 'default', 'project_domain_name': 'Default', 'project_id': 'f5af512a3e1f469f9c4223575f326699', 'project_name': 'tempest-ServerActionsTestOtherB-208884208', 'tenant_id': 'f5af512a3e1f469f9c4223575f326699', 'tenant_name': 'tempest-ServerActionsTestOtherB-208884208', 'user_domain_id': 'default', 'user_domain_name': 'Default', 'user_id': '004e0c7876664758866c98c8f36663dd', 'system': None}, Network: None, Subnet: None, Router: None
2024-12-12 08:50:34.674 65971 INFO tempest.lib.common.rest_client [req-f0b6fe5b-8246-4af2-a58d-069464154129 req-f0b6fe5b-8246-4af2-a58d-069464154129 ] Request (HypervisorAdminV228Test:test_get_list_hypervisor_details): 200 GET http://10.180.1.21/compute/v2.1/os-hypervisors 2.023s
2024-12-12 08:50:34.717 65935 INFO tempest.lib.common.rest_client [req-663a5985-25c9-407f-8b37-06a35da435b5 req-663a5985-25c9-407f-8b37-06a35da435b5 ] Request (AZAdminNegativeTestJSON:tearDownClass): 204 DELETE http://10.180.1.21/identity/v3/projects/e60115730ab84a3899ce1a247ea0c479 0.124s
2024-12-12 08:50:34.717 65935 INFO tempest.lib.common.dynamic_creds [-] Deleting project and security group for project: 31dc3ca050d2469687e1fbdc76080774
2024-12-12 08:50:34.727 65921 INFO tempest.lib.common.rest_client [req-89bcea6c-5e12-45b6-b0a2-aff5a0bd8c80 req-89bcea6c-5e12-45b6-b0a2-aff5a0bd8c80 ] Request (ServersNegativeTestJSON:setUpClass): 201 POST http://10.180.1.21:9696/networking/v2.0/networks 0.433s
2024-12-12 08:50:34.782 65923 INFO tempest.lib.common.rest_client [req-cda3f4b2-2bc3-40f2-addf-d8a27b728d6b req-cda3f4b2-2bc3-40f2-addf-d8a27b728d6b ] Request (ServerActionsTestOtherB:setUpClass): 201 POST http://10.180.1.21/identity/v3/auth/tokens 0.166s
2024-12-12 08:50:34.867 65959 INFO tempest.lib.common.rest_client [req-40ab0109-bec6-4bd1-97bb-62bad203c716 req-40ab0109-bec6-4bd1-97bb-62bad203c716 ] Request (VolumesAssistedSnapshotsTest:setUpClass): 201 POST http://10.180.1.21:9696/networking/v2.0/subnets 0.356s
2024-12-12 08:50:34.926 65931 INFO tempest.lib.common.rest_client [req-765e5f9c-7533-4e0e-9db0-90b1c21026d0 req-765e5f9c-7533-4e0e-9db0-90b1c21026d0 ] Request (NetworksTest:test_get_network): 200 GET http://10.180.1.21/compute/v2.1/os-networks 2.440s
2024-12-12 08:50:35.032 65935 INFO tempest.lib.common.rest_client [req-024a5652-eaa4-4ab3-9b5d-3f595a6bccaa req-024a5652-eaa4-4ab3-9b5d-3f595a6bccaa ] Request (AZAdminNegativeTestJSON:tearDownClass): 200 GET http://10.180.1.21:9696/networking/v2.0/security-groups?tenant_id=31dc3ca050d2469687e1fbdc76080774&name=default 0.314s
2024-12-12 08:50:35.039 65957 INFO tempest.lib.common.rest_client [req-f66bcccb-5b1e-4e15-b206-b2dcd174990c req-f66bcccb-5b1e-4e15-b206-b2dcd174990c ] Request (FlavorsV255TestJSON:test_crud_flavor): 200 POST http://10.180.1.21/compute/v2.1/flavors 2.248s
2024-12-12 08:50:35.159 65921 INFO tempest.lib.common.rest_client [req-4e0929e4-6f1a-4841-ad16-b1e544274e98 req-4e0929e4-6f1a-4841-ad16-b1e544274e98 ] Request (ServersNegativeTestJSON:setUpClass): 201 POST http://10.180.1.21:9696/networking/v2.0/subnets 0.431s
2024-12-12 08:50:35.177 65953 INFO tempest.lib.common.rest_client [req-9ffc62df-f5ae-4c81-861e-3f2be2905885 req-9ffc62df-f5ae-4c81-861e-3f2be2905885 ] Request (SecurityGroupRulesTestJSON:test_security_group_rules_create): 200 POST http://10.180.1.21/compute/v2.1/os-security-groups 2.466s
2024-12-12 08:50:35.254 65923 INFO tempest.lib.common.rest_client [req-874ddc11-a8a8-49a3-ac16-f73411a84fa2 req-874ddc11-a8a8-49a3-ac16-f73411a84fa2 ] Request (ServerActionsTestOtherB:setUpClass): 201 POST http://10.180.1.21:9696/networking/v2.0/networks 0.471s
2024-12-12 08:50:35.256 65967 INFO tempest.lib.common.rest_client [req-0301dd21-98a0-4141-9111-4a24248606d6 req-0301dd21-98a0-4141-9111-4a24248606d6 ] Request (FlavorsExtraSpecsTestJSON:setUpClass): 200 POST http://10.180.1.21/compute/v2.1/flavors 2.375s
2024-12-12 08:50:35.268 65933 INFO tempest.lib.common.rest_client [req-961b816c-e982-4112-bccd-52b13ad95bb6 req-961b816c-e982-4112-bccd-52b13ad95bb6 ] Request (QuotaClassesAdminTestJSON:test_update_default_quotas): 200 GET http://10.180.1.21/compute/v2.1/os-quota-class-sets/default 2.377s
2024-12-12 08:50:35.286 65935 INFO tempest.lib.common.rest_client [req-030a70a3-c250-406e-a02c-513b437977d2 req-030a70a3-c250-406e-a02c-513b437977d2 ] Request (AZAdminNegativeTestJSON:tearDownClass): 204 DELETE http://10.180.1.21:9696/networking/v2.0/security-groups/e32d8e93-0156-4f86-bbe7-f705554d1a7d 0.253s
2024-12-12 08:50:35.356 65935 INFO tempest.lib.common.rest_client [req-414f3f9a-d769-4245-b443-8ecffb71204e req-414f3f9a-d769-4245-b443-8ecffb71204e ] Request (AZAdminNegativeTestJSON:tearDownClass): 204 DELETE http://10.180.1.21/identity/v3/projects/31dc3ca050d2469687e1fbdc76080774 0.069s
2024-12-12 08:50:35.419 65935 INFO tempest.lib.common.rest_client [req-233144fb-734e-4259-9775-62479c10a977 req-233144fb-734e-4259-9775-62479c10a977 ] Request (FlavorsV2TestJSON:setUpClass): 201 POST http://10.180.1.21/identity/v3/auth/tokens 0.061s
2024-12-12 08:50:35.455 65935 INFO tempest.lib.common.rest_client [req-1a5a030d-74ff-4902-ad8a-002251e5af4c req-1a5a030d-74ff-4902-ad8a-002251e5af4c ] Request (FlavorsV2TestJSON:setUpClass): 201 POST http://10.180.1.21/identity/v3/auth/tokens 0.034s
2024-12-12 08:50:35.481 65935 INFO tempest.lib.common.rest_client [req-3f9d5b17-4143-4398-bad4-1c6254478e7b req-3f9d5b17-4143-4398-bad4-1c6254478e7b ] Request (FlavorsV2TestJSON:setUpClass): 200 GET http://10.180.1.21/identity/v3/domains?name=Default 0.026s
2024-12-12 08:50:35.508 65935 INFO tempest.lib.common.rest_client [req-9262afe5-7002-4b20-a9e8-64a888cf0568 req-9262afe5-7002-4b20-a9e8-64a888cf0568 ] Request (FlavorsV2TestJSON:setUpClass): 201 POST http://10.180.1.21/identity/v3/projects 0.026s
2024-12-12 08:50:35.569 65935 INFO tempest.lib.common.rest_client [req-ad7627e8-bb16-4c4c-9bcc-bacfd62fb912 req-ad7627e8-bb16-4c4c-9bcc-bacfd62fb912 ] Request (FlavorsV2TestJSON:setUpClass): 201 POST http://10.180.1.21/identity/v3/users 0.060s
2024-12-12 08:50:35.590 65923 INFO tempest.lib.common.rest_client [req-05c825a7-54b4-4b8a-a2bc-4840569fd112 req-05c825a7-54b4-4b8a-a2bc-4840569fd112 ] Request (ServerActionsTestOtherB:setUpClass): 201 POST http://10.180.1.21:9696/networking/v2.0/subnets 0.335s
2024-12-12 08:50:35.598 65935 INFO tempest.lib.common.rest_client [req-e15b6c0a-a7df-416b-b334-9025767213a1 req-e15b6c0a-a7df-416b-b334-9025767213a1 ] Request (FlavorsV2TestJSON:setUpClass): 200 GET http://10.180.1.21/identity/v3/roles 0.029s
2024-12-12 08:50:35.626 65935 INFO tempest.lib.common.rest_client [req-84fe48b5-b581-4275-b90e-4a180b9f0897 req-84fe48b5-b581-4275-b90e-4a180b9f0897 ] Request (FlavorsV2TestJSON:setUpClass): 204 PUT http://10.180.1.21/identity/v3/projects/42b5080113d140c1a76f2c3884a1f5d6/users/3bf2cf8805de4a38b0198513913d6995/roles/1d47d5b2b5ee4c5e893228f4eea4b289 0.027s
2024-12-12 08:50:35.626 65935 INFO tempest.lib.common.dynamic_creds [-] Dynamic test user 3bf2cf8805de4a38b0198513913d6995 is created with scope project and roles: ['member']
2024-12-12 08:50:35.626 65935 INFO tempest.lib.common.dynamic_creds [-] Acquired dynamic creds: credentials: Credentials: {'domain_id': 'default', 'domain_name': 'Default', 'username': 'tempest-FlavorsV2TestJSON-1450434899-project-member', 'project_domain_id': 'default', 'project_domain_name': 'Default', 'project_id': '42b5080113d140c1a76f2c3884a1f5d6', 'project_name': 'tempest-FlavorsV2TestJSON-1450434899', 'tenant_id': '42b5080113d140c1a76f2c3884a1f5d6', 'tenant_name': 'tempest-FlavorsV2TestJSON-1450434899', 'user_domain_id': 'default', 'user_domain_name': 'Default', 'user_id': '3bf2cf8805de4a38b0198513913d6995', 'system': None}, Network: None, Subnet: None, Router: None
2024-12-12 08:50:35.626 65935 INFO tempest.lib.common.dynamic_creds [-] Created isolated network resources for: credentials: Credentials: {'domain_id': 'default', 'domain_name': 'Default', 'username': 'tempest-FlavorsV2TestJSON-1450434899-project-member', 'project_domain_id': 'default', 'project_domain_name': 'Default', 'project_id': '42b5080113d140c1a76f2c3884a1f5d6', 'project_name': 'tempest-FlavorsV2TestJSON-1450434899', 'tenant_id': '42b5080113d140c1a76f2c3884a1f5d6', 'tenant_name': 'tempest-FlavorsV2TestJSON-1450434899', 'user_domain_id': 'default', 'user_domain_name': 'Default', 'user_id': '3bf2cf8805de4a38b0198513913d6995', 'system': None}, Network: None, Subnet: None, Router: None
2024-12-12 08:50:35.705 65935 INFO tempest.lib.common.rest_client [req-5f8ec7f1-a94f-4570-9d72-162561985225 req-5f8ec7f1-a94f-4570-9d72-162561985225 ] Request (FlavorsV2TestJSON:setUpClass): 201 POST http://10.180.1.21/identity/v3/auth/tokens 0.075s
2024-12-12 08:50:35.726 65955 INFO tempest.lib.common.rest_client [req-51f30812-409d-4650-8287-265e9d9cfd69 req-51f30812-409d-4650-8287-265e9d9cfd69 ] Request (TenantUsagesTestJSON:setUpClass): 202 POST http://10.180.1.21/compute/v2.1/servers 2.805s
2024-12-12 08:50:35.735 65947 INFO tempest.lib.common.rest_client [req-d66bfff4-378a-4b24-851c-c489bee1f3b7 req-d66bfff4-378a-4b24-851c-c489bee1f3b7 ] Request (SecurityGroupsTestAdminJSON:test_list_security_groups_list_all_tenants_filter): 200 POST http://10.180.1.21/compute/v2.1/os-security-groups 2.864s
2024-12-12 08:50:35.750 65951 INFO tempest.lib.common.rest_client [req-060448d8-3229-4875-abde-f34e871bcf09 req-060448d8-3229-4875-abde-f34e871bcf09 ] Request (HostsAdminTestJSON:test_list_hosts_with_a_blank_zone): 200 GET http://10.180.1.21/compute/v2.1/os-hosts?zone= 2.694s
2024-12-12 08:50:35.988 65969 INFO tempest.lib.common.rest_client [req-25223344-5fe1-486a-8ded-140fc5afef09 req-25223344-5fe1-486a-8ded-140fc5afef09 ] Request (ServerDiagnosticsV248Test:test_get_server_diagnostics): 202 POST http://10.180.1.21/compute/v2.1/servers 2.811s
2024-12-12 08:50:36.010 65941 INFO tempest.lib.common.rest_client [req-008f9998-0a2c-49e1-895e-21b1a69f9048 req-008f9998-0a2c-49e1-895e-21b1a69f9048 ] Request (FlavorsAdminTestJSON:_run_cleanups): 200 GET http://10.180.1.21/compute/v2.1/flavors/detail 2.740s
2024-12-12 08:50:36.032 65911 INFO tempest.lib.common.rest_client [req-6e9e19fd-228b-46bd-80bc-b41a1f83be8c req-6e9e19fd-228b-46bd-80bc-b41a1f83be8c ] Request (AZAdminV2TestJSON:test_get_availability_zone_list_detail): 200 GET http://10.180.1.21/compute/v2.1/os-availability-zone/detail 2.659s
2024-12-12 08:50:36.059 65943 INFO tempest.lib.common.rest_client [req-5325ccf7-d9d1-41d0-aedc-2b2ae0eaa6ff req-5325ccf7-d9d1-41d0-aedc-2b2ae0eaa6ff ] Request (AggregatesAdminNegativeTestJSON:test_aggregate_add_existent_host): 200 POST http://10.180.1.21/compute/v2.1/os-aggregates 2.541s
2024-12-12 08:50:36.132 65917 INFO tempest.lib.common.rest_client [req-3049fefd-eac7-480e-a9e8-72e41753d710 req-3049fefd-eac7-480e-a9e8-72e41753d710 ] Request (ServersWithSpecificFlavorTestJSON:setUpClass): 201 POST http://10.180.1.21:9696/networking/v2.0/routers 1.535s
2024-12-12 08:50:36.155 65911 INFO tempest.lib.common.rest_client [req-808bf43f-3da7-4317-ba2f-c8022873be81 req-808bf43f-3da7-4317-ba2f-c8022873be81 ] Request (AZAdminV2TestJSON:tearDownClass): 204 DELETE http://10.180.1.21/identity/v3/users/ebf358202e6b4835a80d4790d956d12d 0.116s
2024-12-12 08:50:36.160 65959 INFO tempest.lib.common.rest_client [req-681880c3-5fe7-44a1-a4a7-3f4dc805fe40 req-681880c3-5fe7-44a1-a4a7-3f4dc805fe40 ] Request (VolumesAssistedSnapshotsTest:setUpClass): 201 POST http://10.180.1.21:9696/networking/v2.0/routers 1.292s
2024-12-12 08:50:36.196 65962 INFO tempest.lib.common.rest_client [req-f1181c23-343f-4292-b12c-300811b48f4f req-f1181c23-343f-4292-b12c-300811b48f4f ] Request (ServerDiagnosticsNegativeTest:test_get_server_diagnostics_by_non_admin): 202 POST http://10.180.1.21/compute/v2.1/servers 3.067s
2024-12-12 08:50:36.207 65915 INFO tempest.lib.common.rest_client [req-94a4b9b1-631b-46bd-b479-820581711b9c req-94a4b9b1-631b-46bd-b479-820581711b9c ] Request (FlavorsAccessTestJSON:test_flavor_access_add_remove): 200 POST http://10.180.1.21/compute/v2.1/flavors/1254464972/action 2.543s
2024-12-12 08:50:36.269 65911 INFO tempest.lib.common.rest_client [req-7a891d67-5304-4a5f-941a-ef14a5768bdd req-7a891d67-5304-4a5f-941a-ef14a5768bdd ] Request (AZAdminV2TestJSON:tearDownClass): 204 DELETE http://10.180.1.21/identity/v3/users/39a6f8e1a5b74ef6b1ca0479f1caea48 0.113s
2024-12-12 08:50:36.269 65911 INFO tempest.lib.common.dynamic_creds [-] Deleting project and security group for project: f966416efec3474c84139d923aa2b303
