2024-12-12 08:52:03.119 65969 INFO tempest.lib.common.rest_client [req-f4ab253e-0133-49bc-83cd-bef6538787da req-f4ab253e-0133-49bc-83cd-bef6538787da ] Request (MultipleCreateTestJSON:setUpClass): 201 POST http://10.180.1.21/identity/v3/auth/tokens 0.091s
2024-12-12 08:52:03.134 65913 INFO tempest.lib.common.rest_client [req-2a0bb81c-badd-4027-b416-e5524699e502 req-2a0bb81c-badd-4027-b416-e5524699e502 ] Request (ImagesNegativeTestJSON:test_create_image_from_deleted_server): 200 GET http://10.180.1.21/compute/v2.1/servers/bf540bc1-d046-4e73-85b4-2306575ff4bf 0.392s
2024-12-12 08:52:03.158 65953 INFO tempest.lib.common.rest_client [req-c7cde90b-a38a-465e-b117-747b65439dc1 req-c7cde90b-a38a-465e-b117-747b65439dc1 ] Request (AttachInterfacesV270Test:test_create_get_list_interfaces): 200 GET http://10.180.1.21/compute/v2.1/servers/3f92eae6-b888-4913-8db0-618e1aaa45bf 0.389s
2024-12-12 08:52:03.190 65969 INFO tempest.lib.common.rest_client [req-e824ce2d-ecfd-46a2-93f2-a77fc5409969 req-e824ce2d-ecfd-46a2-93f2-a77fc5409969 ] Request (MultipleCreateTestJSON:test_multiple_create): 201 POST http://10.180.1.21/identity/v3/auth/tokens 0.067s
2024-12-12 08:52:03.191 65969 INFO tempest.lib.common.fixed_network [-] (MultipleCreateTestJSON:test_multiple_create) Found network {'id': '2f88088b-617d-44ed-a299-931e959400b4', 'name': 'tempest-MultipleCreateTestJSON-2010786410-network', 'tenant_id': 'd4016e7fa102484a83e66beabdfce731', 'admin_state_up': True, 'mtu': 8950, 'status': 'ACTIVE', 'subnets': [], 'shared': False, 'project_id': 'd4016e7fa102484a83e66beabdfce731', 'port_security_enabled': True, 'router:external': False, 'provider:network_type': 'vlan', 'provider:physical_network': 'default', 'provider:segmentation_id': 192, 'availability_zone_hints': [], 'availability_zones': [], 'ipv4_address_scope': None, 'ipv6_address_scope': None, 'description': '', 'tags': [], 'created_at': '2024-12-12T08:52:00Z', 'updated_at': '2024-12-12T08:52:00Z', 'revision_number': 1} available for tenant
2024-12-12 08:52:03.207 65935 INFO tempest.lib.common.rest_client [req-51857f14-cbd5-48f1-8f84-6484327ec7a1 req-51857f14-cbd5-48f1-8f84-6484327ec7a1 ] Request (ServerMetadataNegativeTestJSON:setUpClass): 200 GET http://10.180.1.21/compute/v2.1/servers/105e3ba2-c810-4fbb-bf8e-8b7b2c00735a 0.411s
2024-12-12 08:52:03.254 65943 INFO tempest.lib.common.rest_client [req-88503f87-5d2b-4750-a427-837ee236cf44 req-88503f87-5d2b-4750-a427-837ee236cf44 ] Request (DeleteServersTestJSON:test_delete_active_server): 200 GET http://10.180.1.21/compute/v2.1/servers/c09064a5-1b6f-4a90-99a8-fc00c910cfa7 0.435s
2024-12-12 08:52:03.297 65931 INFO tempest.lib.common.rest_client [req-ae25d72a-d0b9-40dc-8460-4b217db326dc req-ae25d72a-d0b9-40dc-8460-4b217db326dc ] Request (SecurityGroupsTestJSON:test_server_security_groups): 200 GET http://10.180.1.21/compute/v2.1/servers/08388840-e801-45b9-8887-a5858263b00a 0.420s
2024-12-12 08:52:03.400 65929 INFO tempest.lib.common.rest_client [req-0b8afab0-e7a2-4ea0-8b04-d527f4c8e027 req-0b8afab0-e7a2-4ea0-8b04-d527f4c8e027 ] Request (ListImageFiltersTestJSON:setUpClass): 204 PUT http://10.180.1.21/image/v2/images/2dc731cd-c455-4bc7-a771-5ce4a814d8c4/file 0.722s
2024-12-12 08:52:03.550 65927 INFO tempest.lib.common.rest_client [req-0823815d-9289-4031-bade-d2ff9048c311 req-0823815d-9289-4031-bade-d2ff9048c311 ] Request (ImagesTestJSON:setUpClass): 201 POST http://10.180.1.21:9696/networking/v2.0/networks 0.500s
2024-12-12 08:52:03.593 65937 INFO tempest.lib.common.rest_client [req-f972b8f8-f2cd-4fa8-8c01-9f15686ca7ee req-f972b8f8-f2cd-4fa8-8c01-9f15686ca7ee ] Request (ListServersNegativeTestJSON:setUpClass): 200 GET http://10.180.1.21/compute/v2.1/servers/d66de16c-2f22-4324-a6c2-7f0030ad6b6e 0.631s
2024-12-12 08:52:03.686 65957 INFO tempest.lib.common.rest_client [req-ffe58d87-99cf-4bb0-a853-4bfd479c980a req-ffe58d87-99cf-4bb0-a853-4bfd479c980a ] Request (ServerAddressesTestJSON:setUpClass): 200 GET http://10.180.1.21/compute/v2.1/servers/24e9dd22-4939-4ea7-9fea-afac2e37722c 0.709s
2024-12-12 08:52:03.698 65957 INFO tempest.common.waiters [-] State transition "BUILD/None" ==> "BUILD/networking" after 34 second wait
2024-12-12 08:52:03.700 65911 INFO tempest.lib.common.rest_client [req-8b165504-3c84-44c2-b856-f910d6dfe8e3 req-8b165504-3c84-44c2-b856-f910d6dfe8e3 ] Request (ServersTestManualDisk:setUpClass): 200 GET http://10.180.1.21/compute/v2.1/servers/b5509412-69b2-4de3-a46a-41bfbb24bf6b 0.767s
2024-12-12 08:52:03.757 65933 INFO tempest.lib.common.rest_client [req-e9c73d20-f67d-434b-828f-6d96e4aaf70a req-e9c73d20-f67d-434b-828f-6d96e4aaf70a ] Request (ServerGroupTestJSON:test_create_server_with_scheduler_hint_group): 200 GET http://10.180.1.21/compute/v2.1/servers/31168214-21a0-4580-9363-cb96722eec4c 0.753s
2024-12-12 08:52:03.787 65915 INFO tempest.lib.common.rest_client [req-93efde19-cbad-43bb-805c-ed47735a7fae req-93efde19-cbad-43bb-805c-ed47735a7fae ] Request (ServersTestBootFromVolume:setUpClass): 200 GET http://10.180.1.21/compute/v2.1/servers/d9bfdb30-bad4-4cc8-8ae9-67aff2df00a6 0.751s
2024-12-12 08:52:03.821 65962 INFO tempest.lib.common.rest_client [req-07b8a928-3e48-4f1e-907d-5bcd325ca1f7 req-07b8a928-3e48-4f1e-907d-5bcd325ca1f7 ] Request (ServerShowV257Test:test_rebuild_server): 200 GET http://10.180.1.21/compute/v2.1/servers/45790b23-5401-4d8d-9c21-63342ce189c4 0.759s
2024-12-12 08:52:03.872 65927 INFO tempest.lib.common.rest_client [req-1654f9ff-1fba-49a6-a004-8fd70c69c2e1 req-1654f9ff-1fba-49a6-a004-8fd70c69c2e1 ] Request (ImagesTestJSON:setUpClass): 201 POST http://10.180.1.21:9696/networking/v2.0/subnets 0.321s
2024-12-12 08:52:03.960 65919 INFO tempest.lib.common.rest_client [req-decaf658-409d-477d-8bd5-3fc9f06598d8 req-decaf658-409d-477d-8bd5-3fc9f06598d8 ] Request (DeleteServersAdminTestJSON:test_delete_server_while_in_error_state): 200 GET http://10.180.1.21/compute/v2.1/servers/2c9f54be-e225-470a-a0cd-3af6b52a3a02 0.796s
2024-12-12 08:52:04.032 65939 INFO tempest.lib.common.rest_client [req-00970c56-c5c0-4ce0-808b-3b04593abceb req-00970c56-c5c0-4ce0-808b-3b04593abceb ] Request (FloatingIPsAssociationTestJSON:setUpClass): 200 GET http://10.180.1.21/compute/v2.1/servers/9a0b606b-2b47-4257-8722-e3933b63890b 0.805s
2024-12-12 08:52:04.066 65929 INFO tempest.lib.common.rest_client [req-fcfb819b-b600-4470-ad5b-e48dd6797ff5 req-fcfb819b-b600-4470-ad5b-e48dd6797ff5 ] Request (ListImageFiltersTestJSON:setUpClass): 200 GET http://10.180.1.21/compute/v2.1/images/2dc731cd-c455-4bc7-a771-5ce4a814d8c4 0.666s
2024-12-12 08:52:04.168 65921 INFO tempest.lib.common.rest_client [req-5df91b42-c752-427a-9b35-bd9761e1e746 req-5df91b42-c752-427a-9b35-bd9761e1e746 ] Request (ServersNegativeTestJSON:setUpClass): 200 GET http://10.180.1.21/compute/v2.1/servers/c72d4834-d20f-4995-a788-8a51ad8a447a 0.755s
2024-12-12 08:52:04.178 65921 INFO tempest.common.waiters [-] State transition "ACTIVE/deleting" ==> "DELETED/None" after 4 second wait
2024-12-12 08:52:04.316 65947 INFO tempest.lib.common.rest_client [req-22744ed8-b250-41bf-8aff-ac8f5d77aa04 req-22744ed8-b250-41bf-8aff-ac8f5d77aa04 ] Request (ServersAdminTestJSON:setUpClass): 200 GET http://10.180.1.21/compute/v2.1/servers/a72423b0-ebdf-48cc-a7f4-572c5fc398f3 0.754s
2024-12-12 08:52:04.324 65947 INFO tempest.common.waiters [-] State transition "BUILD/spawning" ==> "ACTIVE/None" after 52 second wait
2024-12-12 08:52:04.395 65969 INFO tempest.lib.common.rest_client [req-7d8e7431-c46e-4599-b462-706ae202d735 req-7d8e7431-c46e-4599-b462-706ae202d735 ] Request (MultipleCreateTestJSON:test_multiple_create): 202 POST http://10.180.1.21/compute/v2.1/servers 1.203s
2024-12-12 08:52:04.431 65963 INFO tempest.lib.common.rest_client [req-7450ec1c-4be8-47d3-a7d0-e50bccf891b3 req-7450ec1c-4be8-47d3-a7d0-e50bccf891b3 ] Request (MigrationsAdminTest:test_list_migrations_in_flavor_resize_situation): 200 GET http://10.180.1.21/compute/v2.1/servers/cbd7ef0e-8619-4b1e-a352-371976e32dbe 0.720s
2024-12-12 08:52:04.532 65925 INFO tempest.lib.common.rest_client [req-d5e02016-5a60-41ed-b21a-4373760747d1 req-d5e02016-5a60-41ed-b21a-4373760747d1 ] Request (ServersTestMultiNic:test_verify_duplicate_network_nics): 200 GET http://10.180.1.21/compute/v2.1/servers/f20c13d7-c359-497f-a373-6b079740c4c3 0.584s
2024-12-12 08:52:04.557 65971 INFO tempest.lib.common.rest_client [req-d416e338-b1bd-4f4f-b5a7-8580fd19dcc5 req-d416e338-b1bd-4f4f-b5a7-8580fd19dcc5 ] Request (ServerRescueTestJSONUnderV235:tearDownClass): 200 GET http://10.180.1.21/compute/v2.1/servers/39717793-ae0a-40bc-b0f0-59ffa48bfdbb 0.597s
2024-12-12 08:52:04.594 65945 INFO tempest.lib.common.rest_client [req-36374f34-c5a5-4f88-b9a0-2543e42bec1b req-36374f34-c5a5-4f88-b9a0-2543e42bec1b ] Request (ServersAdminNegativeTestJSON:tearDownClass): 200 GET http://10.180.1.21/compute/v2.1/servers/49698e96-7ce6-446b-9375-bd470d083d98 0.560s
2024-12-12 08:52:04.603 65929 INFO tempest.lib.common.rest_client [req-0c4152b6-c014-4b59-86e0-7535b4a8eff4 req-0c4152b6-c014-4b59-86e0-7535b4a8eff4 ] Request (ListImageFiltersTestJSON:setUpClass): 200 GET http://10.180.1.21/compute/v2.1/images/2dc731cd-c455-4bc7-a771-5ce4a814d8c4 0.534s
2024-12-12 08:52:04.647 65955 INFO tempest.lib.common.rest_client [req-ee646b03-4aff-4f0c-b6f2-26c7039a7a0d req-ee646b03-4aff-4f0c-b6f2-26c7039a7a0d ] Request (InstanceActionsV221TestJSON:test_get_list_deleted_instance_actions): 200 GET http://10.180.1.21/compute/v2.1/servers/4299a361-5be4-452f-b4f3-63673dff726c 0.574s
2024-12-12 08:52:04.659 65941 INFO tempest.lib.common.rest_client [req-a72cf134-3dd8-4ae7-b1de-e81e78a3565d req-a72cf134-3dd8-4ae7-b1de-e81e78a3565d ] Request (ServersTestJSON:setUpClass): 200 GET http://10.180.1.21/compute/v2.1/servers/7e70b527-551f-493f-9a1e-ff27c58124b1 0.561s
2024-12-12 08:52:04.666 65941 INFO tempest.common.waiters [-] State transition "BUILD/scheduling" ==> "BUILD/None" after 20 second wait
2024-12-12 08:52:04.690 65929 INFO tempest.lib.common.rest_client [req-349905a8-a3b7-41d7-81f0-6cb7fa7cd58c req-349905a8-a3b7-41d7-81f0-6cb7fa7cd58c ] Request (ListImageFiltersTestJSON:setUpClass): 201 POST http://10.180.1.21/identity/v3/auth/tokens 0.081s
2024-12-12 08:52:04.691 65929 INFO tempest.lib.common.fixed_network [-] (ListImageFiltersTestJSON:setUpClass) Found network None available for tenant
2024-12-12 08:52:04.716 65913 INFO tempest.lib.common.rest_client [req-1fa861af-e9ed-4054-835e-c1bb273b5ab4 req-1fa861af-e9ed-4054-835e-c1bb273b5ab4 ] Request (ImagesNegativeTestJSON:test_create_image_from_deleted_server): 200 GET http://10.180.1.21/compute/v2.1/servers/bf540bc1-d046-4e73-85b4-2306575ff4bf 0.572s
2024-12-12 08:52:04.736 65953 INFO tempest.lib.common.rest_client [req-ade0e04d-c42d-44d3-8b16-b98fbc5a0c7c req-ade0e04d-c42d-44d3-8b16-b98fbc5a0c7c ] Request (AttachInterfacesV270Test:test_create_get_list_interfaces): 200 GET http://10.180.1.21/compute/v2.1/servers/3f92eae6-b888-4913-8db0-618e1aaa45bf 0.565s
2024-12-12 08:52:04.771 65935 INFO tempest.lib.common.rest_client [req-fb17e45b-2712-468e-ad54-267311763988 req-fb17e45b-2712-468e-ad54-267311763988 ] Request (ServerMetadataNegativeTestJSON:setUpClass): 200 GET http://10.180.1.21/compute/v2.1/servers/105e3ba2-c810-4fbb-bf8e-8b7b2c00735a 0.552s
2024-12-12 08:52:04.797 65943 INFO tempest.lib.common.rest_client [req-b1e137e7-2567-43c5-af95-c50997f9bc3d req-b1e137e7-2567-43c5-af95-c50997f9bc3d ] Request (DeleteServersTestJSON:test_delete_active_server): 200 GET http://10.180.1.21/compute/v2.1/servers/c09064a5-1b6f-4a90-99a8-fc00c910cfa7 0.534s
2024-12-12 08:52:04.834 65931 INFO tempest.lib.common.rest_client [req-248ace8c-674b-4a53-9b0a-2fccf8db8282 req-248ace8c-674b-4a53-9b0a-2fccf8db8282 ] Request (SecurityGroupsTestJSON:test_server_security_groups): 200 GET http://10.180.1.21/compute/v2.1/servers/08388840-e801-45b9-8887-a5858263b00a 0.528s
2024-12-12 08:52:04.879 65969 INFO tempest.lib.common.rest_client [req-4a2778d1-9cce-4227-92a4-6a518c8d5105 req-4a2778d1-9cce-4227-92a4-6a518c8d5105 ] Request (MultipleCreateTestJSON:test_multiple_create): 200 GET http://10.180.1.21/compute/v2.1/servers 0.482s
2024-12-12 08:52:04.996 65937 INFO tempest.lib.common.rest_client [req-4414696a-ef92-4417-b394-a3a1b9daef94 req-4414696a-ef92-4417-b394-a3a1b9daef94 ] Request (ListServersNegativeTestJSON:setUpClass): 200 GET http://10.180.1.21/compute/v2.1/servers/d66de16c-2f22-4324-a6c2-7f0030ad6b6e 0.389s
2024-12-12 08:52:05.047 65947 INFO tempest.lib.common.rest_client [req-ecb16323-60a6-4adb-bfcd-53c53c6a1e09 req-ecb16323-60a6-4adb-bfcd-53c53c6a1e09 ] Request (ServersAdminTestJSON:setUpClass): 200 GET http://10.180.1.21/compute/v2.1/servers/ca4080d1-e1e4-4bed-a777-bf2414a20cb5 0.722s
2024-12-12 08:52:05.135 65947 INFO tempest.lib.common.rest_client [req-946f657e-8121-49b8-bd88-9ff53f13c338 req-946f657e-8121-49b8-bd88-9ff53f13c338 ] Request (ServersAdminTestJSON:test_create_server_with_scheduling_hint): 201 POST http://10.180.1.21/identity/v3/auth/tokens 0.078s
2024-12-12 08:52:05.136 65947 INFO tempest.lib.common.fixed_network [-] (ServersAdminTestJSON:test_create_server_with_scheduling_hint) Found network {'id': '333b854a-2de7-4d2b-a2b3-5c4b6d0bc39f', 'name': 'tempest-ServersAdminTestJSON-322162373-network', 'tenant_id': '89bdf053195d451184a91754918dfd1b', 'admin_state_up': True, 'mtu': 8950, 'status': 'ACTIVE', 'subnets': [], 'shared': False, 'project_id': '89bdf053195d451184a91754918dfd1b', 'port_security_enabled': True, 'router:external': False, 'provider:network_type': 'vlan', 'provider:physical_network': 'default', 'provider:segmentation_id': 961, 'availability_zone_hints': [], 'availability_zones': [], 'ipv4_address_scope': None, 'ipv6_address_scope': None, 'description': '', 'tags': [], 'created_at': '2024-12-12T08:50:56Z', 'updated_at': '2024-12-12T08:50:56Z', 'revision_number': 1} available for tenant
2024-12-12 08:52:05.200 65927 INFO tempest.lib.common.rest_client [req-2e3f486b-9614-45fe-ae06-74ed6f6a0283 req-2e3f486b-9614-45fe-ae06-74ed6f6a0283 ] Request (ImagesTestJSON:setUpClass): 201 POST http://10.180.1.21:9696/networking/v2.0/routers 1.328s
2024-12-12 08:52:05.387 65929 INFO tempest.lib.common.rest_client [req-56b96488-5621-4d3e-9cf1-cc90d1cf31d3 req-56b96488-5621-4d3e-9cf1-cc90d1cf31d3 ] Request (ListImageFiltersTestJSON:setUpClass): 202 POST http://10.180.1.21/compute/v2.1/servers 0.695s
2024-12-12 08:52:05.425 65929 INFO tempest.lib.common.rest_client [req-15c627cf-3cb3-4b06-a6a0-3f7b95762f77 req-15c627cf-3cb3-4b06-a6a0-3f7b95762f77 ] Request (ListImageFiltersTestJSON:setUpClass): 201 POST http://10.180.1.21/identity/v3/auth/tokens 0.032s
2024-12-12 08:52:05.425 65929 INFO tempest.lib.common.fixed_network [-] (ListImageFiltersTestJSON:setUpClass) Found network None available for tenant
2024-12-12 08:52:05.434 65957 INFO tempest.lib.common.rest_client [req-ffb90daa-c292-4366-9b06-cbec7c40f3cf req-ffb90daa-c292-4366-9b06-cbec7c40f3cf ] Request (ServerAddressesTestJSON:setUpClass): 200 GET http://10.180.1.21/compute/v2.1/servers/24e9dd22-4939-4ea7-9fea-afac2e37722c 0.735s
2024-12-12 08:52:05.442 65957 INFO tempest.common.waiters [-] State transition "BUILD/networking" ==> "BUILD/spawning" after 36 second wait
2024-12-12 08:52:05.549 65933 INFO tempest.lib.common.rest_client [req-faaedc0b-8f2b-4fcf-b5bf-e27304c5bd44 req-faaedc0b-8f2b-4fcf-b5bf-e27304c5bd44 ] Request (ServerGroupTestJSON:test_create_server_with_scheduler_hint_group): 200 GET http://10.180.1.21/compute/v2.1/servers/31168214-21a0-4580-9363-cb96722eec4c 0.784s
2024-12-12 08:52:05.596 65911 INFO tempest.lib.common.rest_client [req-d396f29b-5939-4bf0-9467-36ac949bf393 req-d396f29b-5939-4bf0-9467-36ac949bf393 ] Request (ServersTestManualDisk:setUpClass): 200 GET http://10.180.1.21/compute/v2.1/servers/b5509412-69b2-4de3-a46a-41bfbb24bf6b 0.888s
2024-12-12 08:52:05.623 65915 INFO tempest.lib.common.rest_client [req-22ad9ac4-3583-41a0-b1f7-cf5810cbd640 req-22ad9ac4-3583-41a0-b1f7-cf5810cbd640 ] Request (ServersTestBootFromVolume:setUpClass): 200 GET http://10.180.1.21/compute/v2.1/servers/d9bfdb30-bad4-4cc8-8ae9-67aff2df00a6 0.825s
2024-12-12 08:52:05.658 65962 INFO tempest.lib.common.rest_client [req-a4291578-aff5-4be4-8c00-18a639f6af54 req-a4291578-aff5-4be4-8c00-18a639f6af54 ] Request (ServerShowV257Test:test_rebuild_server): 200 GET http://10.180.1.21/compute/v2.1/servers/45790b23-5401-4d8d-9c21-63342ce189c4 0.826s
2024-12-12 08:52:05.712 65969 INFO tempest.lib.common.rest_client [req-354acb1e-0f95-4530-90b1-d61bd6815ed1 req-354acb1e-0f95-4530-90b1-d61bd6815ed1 ] Request (MultipleCreateTestJSON:test_multiple_create): 200 GET http://10.180.1.21/compute/v2.1/servers/4daacdb1-2bf0-4000-9483-ede74b2e96fe 0.831s
2024-12-12 08:52:05.785 65939 INFO tempest.lib.common.rest_client [req-6914f826-059b-4a44-9ca3-b212f3fc8735 req-6914f826-059b-4a44-9ca3-b212f3fc8735 ] Request (FloatingIPsAssociationTestJSON:setUpClass): 200 GET http://10.180.1.21/compute/v2.1/servers/9a0b606b-2b47-4257-8722-e3933b63890b 0.746s
2024-12-12 08:52:05.807 65919 INFO tempest.lib.common.rest_client [req-8627e850-86f3-495b-8a38-c12e844910ce req-8627e850-86f3-495b-8a38-c12e844910ce ] Request (DeleteServersAdminTestJSON:test_delete_server_while_in_error_state): 200 GET http://10.180.1.21/compute/v2.1/servers/2c9f54be-e225-470a-a0cd-3af6b52a3a02 0.836s
2024-12-12 08:52:05.889 65921 INFO tempest.lib.common.rest_client [req-72b883a8-93a9-40d1-aba4-107662dc75e0 req-72b883a8-93a9-40d1-aba4-107662dc75e0 ] Request (ServersNegativeTestJSON:setUpClass): 200 GET http://10.180.1.21/compute/v2.1/servers/c72d4834-d20f-4995-a788-8a51ad8a447a 0.710s
2024-12-12 08:52:06.225 65929 INFO tempest.lib.common.rest_client [req-af67d927-7eeb-4361-adac-cfa786e299be req-af67d927-7eeb-4361-adac-cfa786e299be ] Request (ListImageFiltersTestJSON:setUpClass): 202 POST http://10.180.1.21/compute/v2.1/servers 0.799s
2024-12-12 08:52:06.327 65927 INFO tempest.lib.common.rest_client [req-984c4622-cb4a-490c-9afc-66e9c434c390 req-984c4622-cb4a-490c-9afc-66e9c434c390 ] Request (ImagesTestJSON:setUpClass): 200 PUT http://10.180.1.21:9696/networking/v2.0/routers/368c9ad7-9b39-4ea5-a2a2-ee76231b5a7f/add_router_interface 1.126s
2024-12-12 08:52:06.327 65927 INFO tempest.lib.common.dynamic_creds [-] Created isolated network resources for: credentials: Credentials: {'domain_id': 'default', 'domain_name': 'Default', 'username': 'tempest-ImagesTestJSON-1631936047-project-member', 'project_domain_id': 'default', 'project_domain_name': 'Default', 'project_id': '95d435e146e148fd9636d470141aaba7', 'project_name': 'tempest-ImagesTestJSON-1631936047', 'tenant_id': '95d435e146e148fd9636d470141aaba7', 'tenant_name': 'tempest-ImagesTestJSON-1631936047', 'user_domain_id': 'default', 'user_domain_name': 'Default', 'user_id': 'c1ff522aeff54504bcabb2ad8a01933a', 'system': None}, Network: {'id': 'bb83bbea-72ec-4905-bce1-3eeec4e93081', 'name': 'tempest-ImagesTestJSON-1387447198-network', 'tenant_id': '95d435e146e148fd9636d470141aaba7', 'admin_state_up': True, 'mtu': 8950, 'status': 'ACTIVE', 'subnets': [], 'shared': False, 'project_id': '95d435e146e148fd9636d470141aaba7', 'port_security_enabled': True, 'router:external': False, 'provider:network_type': 'vlan', 'provider:physical_network': 'default', 'provider:segmentation_id': 237, 'availability_zone_hints': [], 'availability_zones': [], 'ipv4_address_scope': None, 'ipv6_address_scope': None, 'description': '', 'tags': [], 'created_at': '2024-12-12T08:52:03Z', 'updated_at': '2024-12-12T08:52:03Z', 'revision_number': 1}, Subnet: {'id': '34f29a5e-4c86-4e19-8ef3-cf13951a71c1', 'name': 'tempest-ImagesTestJSON-1387447198-subnet', 'tenant_id': '95d435e146e148fd9636d470141aaba7', 'network_id': 'bb83bbea-72ec-4905-bce1-3eeec4e93081', 'ip_version': 4, 'subnetpool_id': None, 'enable_dhcp': True, 'ipv6_ra_mode': None, 'ipv6_address_mode': None, 'gateway_ip': '192.168.128.1', 'cidr': '192.168.128.0/28', 'allocation_pools': [{'start': '192.168.128.2', 'end': '192.168.128.14'}], 'host_routes': [], 'dns_nameservers': [], 'description': '', 'router:external': False, 'service_types': [], 'tags': [], 'created_at': '2024-12-12T08:52:03Z', 'updated_at': '2024-12-12T08:52:03Z', 'revision_number': 0, 'project_id': '95d435e146e148fd9636d470141aaba7'}, Router: {'id': '368c9ad7-9b39-4ea5-a2a2-ee76231b5a7f', 'name': 'tempest-ImagesTestJSON-1387447198-router', 'tenant_id': '95d435e146e148fd9636d470141aaba7', 'admin_state_up': True, 'status': 'ACTIVE', 'external_gateway_info': {'network_id': '29d35d75-55d6-4500-a3b6-cc2c37abd891', 'external_fixed_ips': [{'subnet_id': '5f17c552-6c81-4f6c-95b5-486a57f27dfb', 'ip_address': '10.180.180.201'}], 'enable_snat': True}, 'description': '', 'availability_zones': [], 'distributed': False, 'ha': False, 'availability_zone_hints': [], 'routes': [], 'flavor_id': None, 'tags': [], 'created_at': '2024-12-12T08:52:03Z', 'updated_at': '2024-12-12T08:52:04Z', 'revision_number': 2, 'project_id': '95d435e146e148fd9636d470141aaba7'}
2024-12-12 08:52:06.374 65963 INFO tempest.lib.common.rest_client [req-df75757f-5441-4c5b-b611-a4eab372491a req-df75757f-5441-4c5b-b611-a4eab372491a ] Request (MigrationsAdminTest:test_list_migrations_in_flavor_resize_situation): 200 GET http://10.180.1.21/compute/v2.1/servers/cbd7ef0e-8619-4b1e-a352-371976e32dbe 0.933s
2024-12-12 08:52:06.384 65947 INFO tempest.lib.common.rest_client [req-a07e1918-c68a-47b4-b251-df0626f744e9 req-a07e1918-c68a-47b4-b251-df0626f744e9 ] Request (ServersAdminTestJSON:test_create_server_with_scheduling_hint): 202 POST http://10.180.1.21/compute/v2.1/servers 1.248s
2024-12-12 08:52:06.441 65927 INFO tempest.lib.common.rest_client [req-f9590635-8260-478a-aaa5-106f3f233644 req-f9590635-8260-478a-aaa5-106f3f233644 ] Request (ImagesTestJSON:setUpClass): 201 POST http://10.180.1.21/identity/v3/auth/tokens 0.108s
2024-12-12 08:52:06.464 65971 INFO tempest.lib.common.rest_client [req-40eed21b-ce65-4693-b308-82420b6db5fa req-40eed21b-ce65-4693-b308-82420b6db5fa ] Request (ServerRescueTestJSONUnderV235:tearDownClass): 200 GET http://10.180.1.21/compute/v2.1/servers/39717793-ae0a-40bc-b0f0-59ffa48bfdbb 0.900s
2024-12-12 08:52:06.483 65927 INFO tempest.lib.common.rest_client [req-310e6bcb-5d9a-4bec-bcc9-b978a0a0c2ba req-310e6bcb-5d9a-4bec-bcc9-b978a0a0c2ba ] Request (ImagesTestJSON:test_create_image_from_stopped_server): 201 POST http://10.180.1.21/identity/v3/auth/tokens 0.036s
2024-12-12 08:52:06.484 65927 INFO tempest.lib.common.fixed_network [-] (ImagesTestJSON:test_create_image_from_stopped_server) Found network {'id': 'bb83bbea-72ec-4905-bce1-3eeec4e93081', 'name': 'tempest-ImagesTestJSON-1387447198-network', 'tenant_id': '95d435e146e148fd9636d470141aaba7', 'admin_state_up': True, 'mtu': 8950, 'status': 'ACTIVE', 'subnets': [], 'shared': False, 'project_id': '95d435e146e148fd9636d470141aaba7', 'port_security_enabled': True, 'router:external': False, 'provider:network_type': 'vlan', 'provider:physical_network': 'default', 'provider:segmentation_id': 237, 'availability_zone_hints': [], 'availability_zones': [], 'ipv4_address_scope': None, 'ipv6_address_scope': None, 'description': '', 'tags': [], 'created_at': '2024-12-12T08:52:03Z', 'updated_at': '2024-12-12T08:52:03Z', 'revision_number': 1} available for tenant
2024-12-12 08:52:06.543 65945 INFO tempest.lib.common.rest_client [req-f89115da-a9d4-41b5-abdb-13b196ad3ef7 req-f89115da-a9d4-41b5-abdb-13b196ad3ef7 ] Request (ServersAdminNegativeTestJSON:tearDownClass): 200 GET http://10.180.1.21/compute/v2.1/servers/49698e96-7ce6-446b-9375-bd470d083d98 0.937s
2024-12-12 08:52:06.655 65955 INFO tempest.lib.common.rest_client [req-bfcf11a1-3b4c-4a46-b849-a0292dd95b73 req-bfcf11a1-3b4c-4a46-b849-a0292dd95b73 ] Request (InstanceActionsV221TestJSON:test_get_list_deleted_instance_actions): 200 GET http://10.180.1.21/compute/v2.1/servers/4299a361-5be4-452f-b4f3-63673dff726c 0.998s
2024-12-12 08:52:06.684 65925 INFO tempest.lib.common.rest_client [req-20f7eb56-ede7-4d54-8187-5128192ec8d9 req-20f7eb56-ede7-4d54-8187-5128192ec8d9 ] Request (ServersTestMultiNic:test_verify_duplicate_network_nics): 200 GET http://10.180.1.21/compute/v2.1/servers/f20c13d7-c359-497f-a373-6b079740c4c3 1.144s
2024-12-12 08:52:06.719 65941 INFO tempest.lib.common.rest_client [req-7bd2475e-7440-435b-808e-da54e430300c req-7bd2475e-7440-435b-808e-da54e430300c ] Request (ServersTestJSON:setUpClass): 200 GET http://10.180.1.21/compute/v2.1/servers/7e70b527-551f-493f-9a1e-ff27c58124b1 1.051s
2024-12-12 08:52:06.755 65913 INFO tempest.lib.common.rest_client [req-a4ec3606-9d13-4677-a6d4-10a6da1c72b3 req-a4ec3606-9d13-4677-a6d4-10a6da1c72b3 ] Request (ImagesNegativeTestJSON:test_create_image_from_deleted_server): 200 GET http://10.180.1.21/compute/v2.1/servers/bf540bc1-d046-4e73-85b4-2306575ff4bf 1.030s
2024-12-12 08:52:06.809 65935 INFO tempest.lib.common.rest_client [req-d9b06538-4cfb-4121-a978-4bb82bd01158 req-d9b06538-4cfb-4121-a978-4bb82bd01158 ] Request (ServerMetadataNegativeTestJSON:setUpClass): 200 GET http://10.180.1.21/compute/v2.1/servers/105e3ba2-c810-4fbb-bf8e-8b7b2c00735a 1.027s
2024-12-12 08:52:06.867 65943 INFO tempest.lib.common.rest_client [req-4af1f254-74cc-42b3-bffb-3117f018ffad req-4af1f254-74cc-42b3-bffb-3117f018ffad ] Request (DeleteServersTestJSON:test_delete_active_server): 200 GET http://10.180.1.21/compute/v2.1/servers/c09064a5-1b6f-4a90-99a8-fc00c910cfa7 1.055s
2024-12-12 08:52:06.924 65959 WARNING tempest.lib.common.ssh [-] Failed to establish authenticated ssh connection to cirros@10.180.180.199 ([Errno None] Unable to connect to port 22 on 10.180.180.199). Number attempts: 7. Retry after 8 seconds.: paramiko.ssh_exception.NoValidConnectionsError: [Errno None] Unable to connect to port 22 on 10.180.180.199
2024-12-12 08:52:06.935 65931 INFO tempest.lib.common.rest_client [req-e6566adc-2d30-4892-b1eb-aebd06774f85 req-e6566adc-2d30-4892-b1eb-aebd06774f85 ] Request (SecurityGroupsTestJSON:test_server_security_groups): 200 GET http://10.180.1.21/compute/v2.1/servers/08388840-e801-45b9-8887-a5858263b00a 1.091s
2024-12-12 08:52:06.948 65953 INFO tempest.lib.common.rest_client [req-72cfb1f5-4e98-43ca-b0ea-e18ad5b4ecdc req-72cfb1f5-4e98-43ca-b0ea-e18ad5b4ecdc ] Request (AttachInterfacesV270Test:test_create_get_list_interfaces): 200 GET http://10.180.1.21/compute/v2.1/servers/3f92eae6-b888-4913-8db0-618e1aaa45bf 1.202s
2024-12-12 08:52:06.956 65953 INFO tempest.common.waiters [-] State transition "BUILD/None" ==> "BUILD/block_device_mapping" after 34 second wait
2024-12-12 08:52:07.012 65929 INFO tempest.lib.common.rest_client [req-26fd9c02-4f09-4e27-8375-9fe19b7967c0 req-26fd9c02-4f09-4e27-8375-9fe19b7967c0 ] Request (ListImageFiltersTestJSON:setUpClass): 200 GET http://10.180.1.21/compute/v2.1/servers/9724e06a-066b-433d-bc5b-36d95039060f 0.785s
2024-12-12 08:52:07.014 65937 INFO tempest.lib.common.rest_client [req-fbfe5a07-068b-41bc-92b7-7f1ddd76b35e req-fbfe5a07-068b-41bc-92b7-7f1ddd76b35e ] Request (ListServersNegativeTestJSON:setUpClass): 200 GET http://10.180.1.21/compute/v2.1/servers/d66de16c-2f22-4324-a6c2-7f0030ad6b6e 1.009s
2024-12-12 08:52:07.077 65947 INFO tempest.lib.common.rest_client [req-a397e3f8-b036-4df9-b18a-ed2073bde7a5 req-a397e3f8-b036-4df9-b18a-ed2073bde7a5 ] Request (ServersAdminTestJSON:test_create_server_with_scheduling_hint): 200 GET http://10.180.1.21/compute/v2.1/servers/f5edc1aa-3f2f-4acc-8567-2d3b8e28badc 0.689s
2024-12-12 08:52:07.187 65957 INFO tempest.lib.common.rest_client [req-c665dfab-f721-495c-8316-e3c39e853521 req-c665dfab-f721-495c-8316-e3c39e853521 ] Request (ServerAddressesTestJSON:setUpClass): 200 GET http://10.180.1.21/compute/v2.1/servers/24e9dd22-4939-4ea7-9fea-afac2e37722c 0.742s
2024-12-12 08:52:07.259 65933 INFO tempest.lib.common.rest_client [req-b284264f-e99f-470a-aa2b-2e6a109b654e req-b284264f-e99f-470a-aa2b-2e6a109b654e ] Request (ServerGroupTestJSON:test_create_server_with_scheduler_hint_group): 200 GET http://10.180.1.21/compute/v2.1/servers/31168214-21a0-4580-9363-cb96722eec4c 0.699s
2024-12-12 08:52:07.533 65911 INFO tempest.lib.common.rest_client [req-5b300778-b487-42c1-bc20-35cb75743e17 req-5b300778-b487-42c1-bc20-35cb75743e17 ] Request (ServersTestManualDisk:setUpClass): 200 GET http://10.180.1.21/compute/v2.1/servers/b5509412-69b2-4de3-a46a-41bfbb24bf6b 0.925s
2024-12-12 08:52:07.582 65915 INFO tempest.lib.common.rest_client [req-76eb64d3-d9ec-4802-8b73-8e4c16286ca2 req-76eb64d3-d9ec-4802-8b73-8e4c16286ca2 ] Request (ServersTestBootFromVolume:setUpClass): 200 GET http://10.180.1.21/compute/v2.1/servers/d9bfdb30-bad4-4cc8-8ae9-67aff2df00a6 0.946s
2024-12-12 08:52:07.629 65917 WARNING tempest.lib.common.ssh [-] Failed to establish authenticated ssh connection to cirros@10.180.180.237 ([Errno None] Unable to connect to port 22 on 10.180.180.237). Number attempts: 6. Retry after 7 seconds.: paramiko.ssh_exception.NoValidConnectionsError: [Errno None] Unable to connect to port 22 on 10.180.180.237
2024-12-12 08:52:07.631 65962 INFO tempest.lib.common.rest_client [req-1773d7eb-192a-43d0-8cf2-fec49e7c4f52 req-1773d7eb-192a-43d0-8cf2-fec49e7c4f52 ] Request (ServerShowV257Test:test_rebuild_server): 200 GET http://10.180.1.21/compute/v2.1/servers/45790b23-5401-4d8d-9c21-63342ce189c4 0.962s
2024-12-12 08:52:07.670 65927 INFO tempest.lib.common.rest_client [req-d3e48fc3-440e-4f67-b664-1714efdd8bd9 req-d3e48fc3-440e-4f67-b664-1714efdd8bd9 ] Request (ImagesTestJSON:test_create_image_from_stopped_server): 202 POST http://10.180.1.21/compute/v2.1/servers 1.185s
2024-12-12 08:52:07.678 65969 INFO tempest.lib.common.rest_client [req-064cbe06-7960-4474-9c01-b02a3ba4bbca req-064cbe06-7960-4474-9c01-b02a3ba4bbca ] Request (MultipleCreateTestJSON:test_multiple_create): 200 GET http://10.180.1.21/compute/v2.1/servers/4daacdb1-2bf0-4000-9483-ede74b2e96fe 0.956s
2024-12-12 08:52:07.718 65939 INFO tempest.lib.common.rest_client [req-c34dad9b-aa27-4114-a7f7-ac17b1bb75da req-c34dad9b-aa27-4114-a7f7-ac17b1bb75da ] Request (FloatingIPsAssociationTestJSON:setUpClass): 200 GET http://10.180.1.21/compute/v2.1/servers/9a0b606b-2b47-4257-8722-e3933b63890b 0.921s
2024-12-12 08:52:07.781 65921 INFO tempest.lib.common.rest_client [req-6de9ec2b-4c69-443a-a42a-642ffecd41a5 req-6de9ec2b-4c69-443a-a42a-642ffecd41a5 ] Request (ServersNegativeTestJSON:setUpClass): 200 GET http://10.180.1.21/compute/v2.1/servers/c72d4834-d20f-4995-a788-8a51ad8a447a 0.882s
2024-12-12 08:52:07.818 65919 INFO tempest.lib.common.rest_client [req-d90c4f4c-308e-437b-813b-0fc74a16c6e4 req-d90c4f4c-308e-437b-813b-0fc74a16c6e4 ] Request (DeleteServersAdminTestJSON:test_delete_server_while_in_error_state): 200 GET http://10.180.1.21/compute/v2.1/servers/2c9f54be-e225-470a-a0cd-3af6b52a3a02 1.003s
2024-12-12 08:52:07.880 65963 INFO tempest.lib.common.rest_client [req-fa1cb882-107c-4860-9260-1393c78d41fb req-fa1cb882-107c-4860-9260-1393c78d41fb ] Request (MigrationsAdminTest:test_list_migrations_in_flavor_resize_situation): 200 GET http://10.180.1.21/compute/v2.1/servers/cbd7ef0e-8619-4b1e-a352-371976e32dbe 0.494s
2024-12-12 08:52:07.890 65971 INFO tempest.lib.common.rest_client [req-da474f74-a452-48c4-8e20-5145516f4056 req-da474f74-a452-48c4-8e20-5145516f4056 ] Request (ServerRescueTestJSONUnderV235:tearDownClass): 200 GET http://10.180.1.21/compute/v2.1/servers/39717793-ae0a-40bc-b0f0-59ffa48bfdbb 0.418s
2024-12-12 08:52:07.899 65971 INFO tempest.common.waiters [-] State transition "RESCUE/deleting" ==> "DELETED/None" after 5 second wait
2024-12-12 08:52:07.948 65945 INFO tempest.lib.common.rest_client [req-794ead6a-7610-4492-9fe5-50b0eb2bd988 req-794ead6a-7610-4492-9fe5-50b0eb2bd988 ] Request (ServersAdminNegativeTestJSON:tearDownClass): 200 GET http://10.180.1.21/compute/v2.1/servers/49698e96-7ce6-446b-9375-bd470d083d98 0.394s
2024-12-12 08:52:07.966 65955 INFO tempest.lib.common.rest_client [req-7861a621-f258-42a0-bf8c-e871b7c0332d req-7861a621-f258-42a0-bf8c-e871b7c0332d ] Request (InstanceActionsV221TestJSON:test_get_list_deleted_instance_actions): 200 GET http://10.180.1.21/compute/v2.1/servers/4299a361-5be4-452f-b4f3-63673dff726c 0.303s
2024-12-12 08:52:07.988 65927 INFO tempest.lib.common.rest_client [req-05af8d58-4074-4cbc-b48a-17ad4ae0c9bd req-05af8d58-4074-4cbc-b48a-17ad4ae0c9bd ] Request (ImagesTestJSON:test_create_image_from_stopped_server): 200 GET http://10.180.1.21/compute/v2.1/servers/8c102689-976b-40e4-8faf-1954e1a3dbd6 0.316s
2024-12-12 08:52:08.049 65941 INFO tempest.lib.common.rest_client [req-48e5d733-3421-4584-9a75-87cb0a80b658 req-48e5d733-3421-4584-9a75-87cb0a80b658 ] Request (ServersTestJSON:setUpClass): 200 GET http://10.180.1.21/compute/v2.1/servers/7e70b527-551f-493f-9a1e-ff27c58124b1 0.320s
2024-12-12 08:52:08.115 65913 INFO tempest.lib.common.rest_client [req-3b51ba92-85c9-4b94-aa64-a1826a3afbea req-3b51ba92-85c9-4b94-aa64-a1826a3afbea ] Request (ImagesNegativeTestJSON:test_create_image_from_deleted_server): 200 GET http://10.180.1.21/compute/v2.1/servers/bf540bc1-d046-4e73-85b4-2306575ff4bf 0.351s
2024-12-12 08:52:08.129 65925 INFO tempest.lib.common.rest_client [req-5a24f8a1-85eb-4eb8-a6ee-8a2e3033f241 req-5a24f8a1-85eb-4eb8-a6ee-8a2e3033f241 ] Request (ServersTestMultiNic:test_verify_duplicate_network_nics): 200 GET http://10.180.1.21/compute/v2.1/servers/f20c13d7-c359-497f-a373-6b079740c4c3 0.436s
2024-12-12 08:52:08.173 65935 INFO tempest.lib.common.rest_client [req-b86cb0db-8357-4174-bf3f-54a224282dcd req-b86cb0db-8357-4174-bf3f-54a224282dcd ] Request (ServerMetadataNegativeTestJSON:setUpClass): 200 GET http://10.180.1.21/compute/v2.1/servers/105e3ba2-c810-4fbb-bf8e-8b7b2c00735a 0.354s
2024-12-12 08:52:08.181 65943 INFO tempest.lib.common.rest_client [req-d32c711d-9c9d-4b51-b1c8-2b2c4fe71319 req-d32c711d-9c9d-4b51-b1c8-2b2c4fe71319 ] Request (DeleteServersTestJSON:test_delete_active_server): 200 GET http://10.180.1.21/compute/v2.1/servers/c09064a5-1b6f-4a90-99a8-fc00c910cfa7 0.305s
2024-12-12 08:52:08.243 65931 INFO tempest.lib.common.rest_client [req-0d837bcb-a8d1-49a2-a21a-cb5099c43a5f req-0d837bcb-a8d1-49a2-a21a-cb5099c43a5f ] Request (SecurityGroupsTestJSON:test_server_security_groups): 200 GET http://10.180.1.21/compute/v2.1/servers/08388840-e801-45b9-8887-a5858263b00a 0.300s
2024-12-12 08:52:08.294 65929 INFO tempest.lib.common.rest_client [req-2238568b-efa4-4651-a9a3-0c58e61c2b18 req-2238568b-efa4-4651-a9a3-0c58e61c2b18 ] Request (ListImageFiltersTestJSON:setUpClass): 200 GET http://10.180.1.21/compute/v2.1/servers/9724e06a-066b-433d-bc5b-36d95039060f 0.275s
2024-12-12 08:52:08.313 65953 INFO tempest.lib.common.rest_client [req-e7415c00-f416-4ad7-8141-9fb8c4568145 req-e7415c00-f416-4ad7-8141-9fb8c4568145 ] Request (AttachInterfacesV270Test:test_create_get_list_interfaces): 200 GET http://10.180.1.21/compute/v2.1/servers/3f92eae6-b888-4913-8db0-618e1aaa45bf 0.355s
2024-12-12 08:52:08.316 65937 INFO tempest.lib.common.rest_client [req-c1cf21b5-3ea2-4d3a-b9f5-bfd48e05e335 req-c1cf21b5-3ea2-4d3a-b9f5-bfd48e05e335 ] Request (ListServersNegativeTestJSON:setUpClass): 404 GET http://10.180.1.21/compute/v2.1/servers/d66de16c-2f22-4324-a6c2-7f0030ad6b6e 0.292s
2024-12-12 08:52:08.321 65953 INFO tempest.common.waiters [-] State transition "BUILD/block_device_mapping" ==> "BUILD/spawning" after 36 second wait
2024-12-12 08:52:08.368 65947 INFO tempest.lib.common.rest_client [req-036ade3b-5362-446f-885c-0baca4397c48 req-036ade3b-5362-446f-885c-0baca4397c48 ] Request (ServersAdminTestJSON:test_create_server_with_scheduling_hint): 200 GET http://10.180.1.21/compute/v2.1/servers/f5edc1aa-3f2f-4acc-8567-2d3b8e28badc 0.282s
2024-12-12 08:52:08.429 65933 INFO tempest.lib.common.rest_client [req-7a130b0b-3326-420e-956b-0d246c3dd726 req-7a130b0b-3326-420e-956b-0d246c3dd726 ] Request (ServerGroupTestJSON:test_create_server_with_scheduler_hint_group): 200 GET http://10.180.1.21/compute/v2.1/servers/31168214-21a0-4580-9363-cb96722eec4c 0.160s
2024-12-12 08:52:08.480 65957 INFO tempest.lib.common.rest_client [req-4ce88db5-9783-4028-bd04-e161c818fdfb req-4ce88db5-9783-4028-bd04-e161c818fdfb ] Request (ServerAddressesTestJSON:setUpClass): 200 GET http://10.180.1.21/compute/v2.1/servers/24e9dd22-4939-4ea7-9fea-afac2e37722c 0.282s
2024-12-12 08:52:08.495 65937 INFO tempest.lib.common.rest_client [req-68885cc2-3bd6-499b-959c-40e6c002ef25 req-68885cc2-3bd6-499b-959c-40e6c002ef25 ] Request (ListServersNegativeTestJSON:test_list_servers_by_changes_since_future_date): 200 GET http://10.180.1.21/compute/v2.1/servers?changes-since=2051-01-01T12%3A34%3A00Z&status=ACTIVE 0.177s
2024-12-12 08:52:08.516 65937 INFO tempest.lib.common.rest_client [req-b520ca74-c9fd-4317-8c32-872512cbcfd3 req-b520ca74-c9fd-4317-8c32-872512cbcfd3 ] Request (ListServersNegativeTestJSON:test_list_servers_by_changes_since_invalid_date): 400 GET http://10.180.1.21/compute/v2.1/servers?changes-since=2011%2F01%2F01 0.016s
2024-12-12 08:52:08.595 65937 INFO tempest.lib.common.rest_client [req-a7734b2b-0584-4b58-a577-5fefee63d6c3 req-a7734b2b-0584-4b58-a577-5fefee63d6c3 ] Request (ListServersNegativeTestJSON:test_list_servers_by_limits_greater_than_actual_count): 200 GET http://10.180.1.21/compute/v2.1/servers 0.078s
2024-12-12 08:52:08.846 65915 INFO tempest.lib.common.rest_client [req-ddadbe3c-3080-493d-b460-f45167cbc15e req-ddadbe3c-3080-493d-b460-f45167cbc15e ] Request (ServersTestBootFromVolume:setUpClass): 200 GET http://10.180.1.21/compute/v2.1/servers/d9bfdb30-bad4-4cc8-8ae9-67aff2df00a6 0.256s
2024-12-12 08:52:08.908 65937 INFO tempest.lib.common.rest_client [req-0d1ab513-ab51-4e44-a0e7-ca4f192abf0e req-0d1ab513-ab51-4e44-a0e7-ca4f192abf0e ] Request (ListServersNegativeTestJSON:test_list_servers_by_limits_greater_than_actual_count): 200 GET http://10.180.1.21/compute/v2.1/servers?limit=102 0.310s
2024-12-12 08:52:08.932 65911 INFO tempest.lib.common.rest_client [req-60f14517-2f7b-4a04-9e91-b484b3b30f28 req-60f14517-2f7b-4a04-9e91-b484b3b30f28 ] Request (ServersTestManualDisk:setUpClass): 200 GET http://10.180.1.21/compute/v2.1/servers/b5509412-69b2-4de3-a46a-41bfbb24bf6b 0.392s
2024-12-12 08:52:08.967 65962 INFO tempest.lib.common.rest_client [req-6a7b108d-64dd-4441-9bc2-d2b4ea37c2a3 req-6a7b108d-64dd-4441-9bc2-d2b4ea37c2a3 ] Request (ServerShowV257Test:test_rebuild_server): 200 GET http://10.180.1.21/compute/v2.1/servers/45790b23-5401-4d8d-9c21-63342ce189c4 0.326s
2024-12-12 08:52:09.001 65969 INFO tempest.lib.common.rest_client [req-8cfd684e-047f-47f3-8298-b42992283df2 req-8cfd684e-047f-47f3-8298-b42992283df2 ] Request (MultipleCreateTestJSON:test_multiple_create): 200 GET http://10.180.1.21/compute/v2.1/servers/4daacdb1-2bf0-4000-9483-ede74b2e96fe 0.316s
2024-12-12 08:52:09.028 65939 INFO tempest.lib.common.rest_client [req-d4284f0f-c1de-4014-8224-f0a63ab215e2 req-d4284f0f-c1de-4014-8224-f0a63ab215e2 ] Request (FloatingIPsAssociationTestJSON:setUpClass): 200 GET http://10.180.1.21/compute/v2.1/servers/9a0b606b-2b47-4257-8722-e3933b63890b 0.301s
2024-12-12 08:52:09.082 65921 INFO tempest.lib.common.rest_client [req-086d41ce-e71a-45b5-89e2-e982700164c3 req-086d41ce-e71a-45b5-89e2-e982700164c3 ] Request (ServersNegativeTestJSON:setUpClass): 200 GET http://10.180.1.21/compute/v2.1/servers/c72d4834-d20f-4995-a788-8a51ad8a447a 0.293s
2024-12-12 08:52:09.188 65919 INFO tempest.lib.common.rest_client [req-6253e0a8-8e44-4fc7-ad15-7014602733b5 req-6253e0a8-8e44-4fc7-ad15-7014602733b5 ] Request (DeleteServersAdminTestJSON:test_delete_server_while_in_error_state): 200 GET http://10.180.1.21/compute/v2.1/servers/2c9f54be-e225-470a-a0cd-3af6b52a3a02 0.357s
2024-12-12 08:52:09.228 65963 INFO tempest.lib.common.rest_client [req-15995bcb-b6d7-4df6-a9c4-93c9c8220936 req-15995bcb-b6d7-4df6-a9c4-93c9c8220936 ] Request (MigrationsAdminTest:test_list_migrations_in_flavor_resize_situation): 200 GET http://10.180.1.21/compute/v2.1/servers/cbd7ef0e-8619-4b1e-a352-371976e32dbe 0.339s
2024-12-12 08:52:09.233 65937 INFO tempest.lib.common.rest_client [req-6e2eb048-d75c-4ea0-8be2-7f2e334fb673 req-6e2eb048-d75c-4ea0-8be2-7f2e334fb673 ] Request (ListServersNegativeTestJSON:test_list_servers_by_limits_pass_negative_value): 400 GET http://10.180.1.21/compute/v2.1/servers?limit=-1 0.321s
2024-12-12 08:52:09.243 65971 INFO tempest.lib.common.rest_client [req-bca6fb2a-1b89-4e83-bcb3-686312d79550 req-bca6fb2a-1b89-4e83-bcb3-686312d79550 ] Request (ServerRescueTestJSONUnderV235:tearDownClass): 200 GET http://10.180.1.21/compute/v2.1/servers/39717793-ae0a-40bc-b0f0-59ffa48bfdbb 0.342s
2024-12-12 08:52:09.305 65945 INFO tempest.lib.common.rest_client [req-d29b30ec-4453-4971-b254-4bb5ed74c177 req-d29b30ec-4453-4971-b254-4bb5ed74c177 ] Request (ServersAdminNegativeTestJSON:tearDownClass): 200 GET http://10.180.1.21/compute/v2.1/servers/49698e96-7ce6-446b-9375-bd470d083d98 0.350s
2024-12-12 08:52:09.308 65955 INFO tempest.lib.common.rest_client [req-4e820584-1d45-4e00-a788-0a0c1c108978 req-4e820584-1d45-4e00-a788-0a0c1c108978 ] Request (InstanceActionsV221TestJSON:test_get_list_deleted_instance_actions): 200 GET http://10.180.1.21/compute/v2.1/servers/4299a361-5be4-452f-b4f3-63673dff726c 0.333s
2024-12-12 08:52:09.350 65927 INFO tempest.lib.common.rest_client [req-3691bde1-781e-4ae0-9378-537751b184c7 req-3691bde1-781e-4ae0-9378-537751b184c7 ] Request (ImagesTestJSON:test_create_image_from_stopped_server): 200 GET http://10.180.1.21/compute/v2.1/servers/8c102689-976b-40e4-8faf-1954e1a3dbd6 0.356s
2024-12-12 08:52:09.372 65941 INFO tempest.lib.common.rest_client [req-bc51076e-a4e0-4467-b655-db282adb8133 req-bc51076e-a4e0-4467-b655-db282adb8133 ] Request (ServersTestJSON:setUpClass): 200 GET http://10.180.1.21/compute/v2.1/servers/7e70b527-551f-493f-9a1e-ff27c58124b1 0.315s
2024-12-12 08:52:09.398 65913 INFO tempest.lib.common.rest_client [req-eaf36bb1-ecd0-4771-89d0-347a767f33af req-eaf36bb1-ecd0-4771-89d0-347a767f33af ] Request (ImagesNegativeTestJSON:test_create_image_from_deleted_server): 200 GET http://10.180.1.21/compute/v2.1/servers/bf540bc1-d046-4e73-85b4-2306575ff4bf 0.271s
2024-12-12 08:52:09.450 65935 INFO tempest.lib.common.rest_client [req-51919808-69c5-44c8-b5a4-38245af3f1dd req-51919808-69c5-44c8-b5a4-38245af3f1dd ] Request (ServerMetadataNegativeTestJSON:setUpClass): 200 GET http://10.180.1.21/compute/v2.1/servers/105e3ba2-c810-4fbb-bf8e-8b7b2c00735a 0.270s
2024-12-12 08:52:09.471 65925 INFO tempest.lib.common.rest_client [req-e6be06c7-2867-4209-8033-e1adce3fdf23 req-e6be06c7-2867-4209-8033-e1adce3fdf23 ] Request (ServersTestMultiNic:test_verify_duplicate_network_nics): 200 GET http://10.180.1.21/compute/v2.1/servers/f20c13d7-c359-497f-a373-6b079740c4c3 0.334s
2024-12-12 08:52:09.476 65937 INFO tempest.lib.common.rest_client [req-d8b1c3ab-5065-48ad-99a6-e03b056ed2b7 req-d8b1c3ab-5065-48ad-99a6-e03b056ed2b7 ] Request (ListServersNegativeTestJSON:test_list_servers_by_limits_pass_string): 400 GET http://10.180.1.21/compute/v2.1/servers?limit=testing 0.241s
2024-12-12 08:52:09.491 65943 INFO tempest.lib.common.rest_client [req-7c1006a7-c910-4ca2-8a4f-b686ce5884a3 req-7c1006a7-c910-4ca2-8a4f-b686ce5884a3 ] Request (DeleteServersTestJSON:test_delete_active_server): 200 GET http://10.180.1.21/compute/v2.1/servers/c09064a5-1b6f-4a90-99a8-fc00c910cfa7 0.301s
2024-12-12 08:52:09.519 65931 INFO tempest.lib.common.rest_client [req-cc5c2438-8f37-40b7-bfe9-602bcfe5d779 req-cc5c2438-8f37-40b7-bfe9-602bcfe5d779 ] Request (SecurityGroupsTestJSON:test_server_security_groups): 200 GET http://10.180.1.21/compute/v2.1/servers/08388840-e801-45b9-8887-a5858263b00a 0.264s
2024-12-12 08:52:09.531 65929 INFO tempest.lib.common.rest_client [req-73366ff9-e242-4ac9-8343-c438178bf689 req-73366ff9-e242-4ac9-8343-c438178bf689 ] Request (ListImageFiltersTestJSON:setUpClass): 200 GET http://10.180.1.21/compute/v2.1/servers/9724e06a-066b-433d-bc5b-36d95039060f 0.230s
2024-12-12 08:52:09.580 65947 INFO tempest.lib.common.rest_client [req-724be71e-bfea-4159-a654-a86ac9286bd4 req-724be71e-bfea-4159-a654-a86ac9286bd4 ] Request (ServersAdminTestJSON:test_create_server_with_scheduling_hint): 200 GET http://10.180.1.21/compute/v2.1/servers/f5edc1aa-3f2f-4acc-8567-2d3b8e28badc 0.204s
2024-12-12 08:52:09.622 65953 INFO tempest.lib.common.rest_client [req-0fb1af7b-c51e-47a5-9ca2-a80f1c3209bb req-0fb1af7b-c51e-47a5-9ca2-a80f1c3209bb ] Request (AttachInterfacesV270Test:test_create_get_list_interfaces): 200 GET http://10.180.1.21/compute/v2.1/servers/3f92eae6-b888-4913-8db0-618e1aaa45bf 0.299s
2024-12-12 08:52:09.624 65933 INFO tempest.lib.common.rest_client [req-17a5cafe-f209-426c-a6d8-4e314e1c961b req-17a5cafe-f209-426c-a6d8-4e314e1c961b ] Request (ServerGroupTestJSON:test_create_server_with_scheduler_hint_group): 200 GET http://10.180.1.21/compute/v2.1/servers/31168214-21a0-4580-9363-cb96722eec4c 0.188s
2024-12-12 08:52:09.635 65937 INFO tempest.lib.common.rest_client [req-90c8d9b3-cca6-48b0-a11c-681adb6bdfaf req-90c8d9b3-cca6-48b0-a11c-681adb6bdfaf ] Request (ListServersNegativeTestJSON:test_list_servers_by_non_existing_flavor): 200 GET http://10.180.1.21/compute/v2.1/servers?flavor=non_existing_flavor 0.158s
2024-12-12 08:52:09.687 65937 INFO tempest.lib.common.rest_client [req-a382272d-0835-4412-9376-7dfba68fa22d req-a382272d-0835-4412-9376-7dfba68fa22d ] Request (ListServersNegativeTestJSON:test_list_servers_by_non_existing_image): 200 GET http://10.180.1.21/compute/v2.1/servers?image=non_existing_image 0.049s
2024-12-12 08:52:09.713 65957 INFO tempest.lib.common.rest_client [req-51f7f5b0-326a-478d-aace-fb3b5792fc4b req-51f7f5b0-326a-478d-aace-fb3b5792fc4b ] Request (ServerAddressesTestJSON:setUpClass): 200 GET http://10.180.1.21/compute/v2.1/servers/24e9dd22-4939-4ea7-9fea-afac2e37722c 0.225s
2024-12-12 08:52:09.738 65937 INFO tempest.lib.common.rest_client [req-dfd33ce5-5e34-4f53-96c4-c4b8606bde60 req-dfd33ce5-5e34-4f53-96c4-c4b8606bde60 ] Request (ListServersNegativeTestJSON:test_list_servers_by_non_existing_server_name): 200 GET http://10.180.1.21/compute/v2.1/servers?name=non_existing_server_name 0.048s
2024-12-12 08:52:09.910 65915 INFO tempest.lib.common.rest_client [req-d55f1551-fadf-4eae-9ae7-9cfee7b72237 req-d55f1551-fadf-4eae-9ae7-9cfee7b72237 ] Request (ServersTestBootFromVolume:setUpClass): 200 GET http://10.180.1.21/compute/v2.1/servers/d9bfdb30-bad4-4cc8-8ae9-67aff2df00a6 0.052s
2024-12-12 08:52:09.931 65923 WARNING tempest.lib.common.ssh [-] Failed to establish authenticated ssh connection to cirros@10.180.180.142 ([Errno None] Unable to connect to port 22 on 10.180.180.142). Number attempts: 7. Retry after 8 seconds.: paramiko.ssh_exception.NoValidConnectionsError: [Errno None] Unable to connect to port 22 on 10.180.180.142
2024-12-12 08:52:09.968 65937 INFO tempest.lib.common.rest_client [req-920f5891-cadc-4724-8c3d-2d8d44a5e0e2 req-920f5891-cadc-4724-8c3d-2d8d44a5e0e2 ] Request (ListServersNegativeTestJSON:test_list_servers_detail_server_is_deleted): 200 GET http://10.180.1.21/compute/v2.1/servers/detail 0.227s
2024-12-12 08:52:09.983 65937 INFO tempest.lib.common.rest_client [req-c58f4651-8163-499d-982e-9ae4b4573fcd req-c58f4651-8163-499d-982e-9ae4b4573fcd ] Request (ListServersNegativeTestJSON:test_list_servers_status_non_existing): 200 GET http://10.180.1.21/compute/v2.1/servers?status=non_existing_status 0.008s
2024-12-12 08:52:10.032 65911 INFO tempest.lib.common.rest_client [req-fed95e03-966e-402b-8776-a3cdf44aa3d4 req-fed95e03-966e-402b-8776-a3cdf44aa3d4 ] Request (ServersTestManualDisk:setUpClass): 200 GET http://10.180.1.21/compute/v2.1/servers/b5509412-69b2-4de3-a46a-41bfbb24bf6b 0.093s
2024-12-12 08:52:10.034 65962 INFO tempest.lib.common.rest_client [req-798d0f77-5926-46cf-b1ef-21d033f178d6 req-798d0f77-5926-46cf-b1ef-21d033f178d6 ] Request (ServerShowV257Test:test_rebuild_server): 200 GET http://10.180.1.21/compute/v2.1/servers/45790b23-5401-4d8d-9c21-63342ce189c4 0.056s
2024-12-12 08:52:10.080 65937 INFO tempest.lib.common.rest_client [req-2a8ac679-1db5-465b-ad13-b17871f5493a req-2a8ac679-1db5-465b-ad13-b17871f5493a ] Request (ListServersNegativeTestJSON:test_list_servers_with_a_deleted_server): 200 GET http://10.180.1.21/compute/v2.1/servers 0.094s
2024-12-12 08:52:10.085 65969 INFO tempest.lib.common.rest_client [req-9e6c8b5e-a759-42d1-9477-a70fab2ff4f1 req-9e6c8b5e-a759-42d1-9477-a70fab2ff4f1 ] Request (MultipleCreateTestJSON:test_multiple_create): 200 GET http://10.180.1.21/compute/v2.1/servers/4daacdb1-2bf0-4000-9483-ede74b2e96fe 0.076s
2024-12-12 08:52:10.102 65937 INFO tempest.lib.common.rest_client [req-936914a4-f093-4f84-8118-df0330174968 req-936914a4-f093-4f84-8118-df0330174968 ] Request (ListServersNegativeTestJSON:tearDownClass): 404 DELETE http://10.180.1.21/compute/v2.1/servers/d66de16c-2f22-4324-a6c2-7f0030ad6b6e 0.018s
2024-12-12 08:52:10.131 65939 INFO tempest.lib.common.rest_client [req-42e323ca-6c8c-48f3-923a-9fbe79199b8b req-42e323ca-6c8c-48f3-923a-9fbe79199b8b ] Request (FloatingIPsAssociationTestJSON:setUpClass): 200 GET http://10.180.1.21/compute/v2.1/servers/9a0b606b-2b47-4257-8722-e3933b63890b 0.094s
2024-12-12 08:52:10.152 65921 INFO tempest.lib.common.rest_client [req-ef919de2-1f35-4d9b-bb88-19fe3bf9c415 req-ef919de2-1f35-4d9b-bb88-19fe3bf9c415 ] Request (ServersNegativeTestJSON:setUpClass): 200 GET http://10.180.1.21/compute/v2.1/servers/c72d4834-d20f-4995-a788-8a51ad8a447a 0.064s
2024-12-12 08:52:10.214 65937 INFO tempest.lib.common.rest_client [req-cd09e0d3-1a86-495e-8f43-7f23c11990d6 req-cd09e0d3-1a86-495e-8f43-7f23c11990d6 ] Request (ListServersNegativeTestJSON:tearDownClass): 204 DELETE http://10.180.1.21/compute/v2.1/servers/a384f44d-9fc3-4570-bac6-5e13c22d012c 0.111s
2024-12-12 08:52:10.288 65937 INFO tempest.lib.common.rest_client [req-00740e51-1901-4c34-a6f4-09ea5f707fbc req-00740e51-1901-4c34-a6f4-09ea5f707fbc ] Request (ListServersNegativeTestJSON:tearDownClass): 204 DELETE http://10.180.1.21/compute/v2.1/servers/69cfb9f6-e7ac-4e3b-b2d0-87614eb0c525 0.074s
