2024-12-12 08:50:39.890 65959 INFO tempest.lib.common.dynamic_creds [-] Created isolated network resources for: credentials: Credentials: {'domain_id': 'default', 'domain_name': 'Default', 'username': 'tempest-VolumesAssistedSnapshotsTest-391547426-project', 'project_domain_id': 'default', 'project_domain_name': 'Default', 'project_id': '3fecae3f71cc4cc9911549e602192304', 'project_name': 'tempest-VolumesAssistedSnapshotsTest-391547426', 'tenant_id': '3fecae3f71cc4cc9911549e602192304', 'tenant_name': 'tempest-VolumesAssistedSnapshotsTest-391547426', 'user_domain_id': 'default', 'user_domain_name': 'Default', 'user_id': '46a411dc98d54d748c60f02c2e604ec2', 'system': None}, Network: {'id': '92bef770-1171-4af2-9a96-10a10751c9d8', 'name': 'tempest-VolumesAssistedSnapshotsTest-1874752089-network', 'tenant_id': '3fecae3f71cc4cc9911549e602192304', 'admin_state_up': True, 'mtu': 8950, 'status': 'ACTIVE', 'subnets': [], 'shared': False, 'project_id': '3fecae3f71cc4cc9911549e602192304', 'port_security_enabled': True, 'router:external': False, 'provider:network_type': 'vlan', 'provider:physical_network': 'default', 'provider:segmentation_id': 996, 'availability_zone_hints': [], 'availability_zones': [], 'ipv4_address_scope': None, 'ipv6_address_scope': None, 'description': '', 'tags': [], 'created_at': '2024-12-12T08:50:34Z', 'updated_at': '2024-12-12T08:50:34Z', 'revision_number': 1}, Subnet: {'id': '0cd4ff3c-d8d0-49a9-8233-58967a2cf6f2', 'name': 'tempest-VolumesAssistedSnapshotsTest-1874752089-subnet', 'tenant_id': '3fecae3f71cc4cc9911549e602192304', 'network_id': '92bef770-1171-4af2-9a96-10a10751c9d8', 'ip_version': 4, 'subnetpool_id': None, 'enable_dhcp': True, 'ipv6_ra_mode': None, 'ipv6_address_mode': None, 'gateway_ip': '192.168.128.1', 'cidr': '192.168.128.0/28', 'allocation_pools': [{'start': '192.168.128.2', 'end': '192.168.128.14'}], 'host_routes': [], 'dns_nameservers': [], 'description': '', 'router:external': False, 'service_types': [], 'tags': [], 'created_at': '2024-12-12T08:50:34Z', 'updated_at': '2024-12-12T08:50:34Z', 'revision_number': 0, 'project_id': '3fecae3f71cc4cc9911549e602192304'}, Router: {'id': '8a91453f-fbe8-4d03-a354-eb42513fe8fa', 'name': 'tempest-VolumesAssistedSnapshotsTest-1874752089-router', 'tenant_id': '3fecae3f71cc4cc9911549e602192304', 'admin_state_up': True, 'status': 'ACTIVE', 'external_gateway_info': {'network_id': '29d35d75-55d6-4500-a3b6-cc2c37abd891', 'external_fixed_ips': [{'subnet_id': '5f17c552-6c81-4f6c-95b5-486a57f27dfb', 'ip_address': '10.180.180.253'}], 'enable_snat': True}, 'description': '', 'availability_zones': [], 'distributed': False, 'ha': False, 'availability_zone_hints': [], 'routes': [], 'flavor_id': None, 'tags': [], 'created_at': '2024-12-12T08:50:34Z', 'updated_at': '2024-12-12T08:50:35Z', 'revision_number': 2, 'project_id': '3fecae3f71cc4cc9911549e602192304'}
2024-12-12 08:50:39.920 65937 INFO tempest.lib.common.rest_client [req-488b934d-f071-4f0e-948a-88ff3f069f38 req-488b934d-f071-4f0e-948a-88ff3f069f38 ] Request (QuotasAdminTestV257:test_get_updated_quotas): 200 GET http://10.180.1.21/compute/v2.1/os-quota-sets/3c4cc71d48414a74a2059245575b6033/detail 0.914s
2024-12-12 08:50:39.920 65931 INFO tempest.lib.common.rest_client [req-d7b81e33-fc41-49d0-a979-15be6667099e req-d7b81e33-fc41-49d0-a979-15be6667099e ] Request (NetworksTest:tearDownClass): 200 GET http://10.180.1.21:9696/networking/v2.0/security-groups?tenant_id=dfed34c2b7294fcca6146ca6240cf339&name=default 0.329s
2024-12-12 08:50:39.934 65933 INFO tempest.lib.common.rest_client [req-2e8a6323-4272-4bd8-bf65-5e1aac0b17ad req-2e8a6323-4272-4bd8-bf65-5e1aac0b17ad ] Request (KeyPairsV22TestJSON:setUpClass): 201 POST http://10.180.1.21/identity/v3/auth/tokens 0.071s
2024-12-12 08:50:39.945 65929 INFO tempest.lib.common.rest_client [req-bff98666-904e-4864-bc87-7fe1742b7df4 req-bff98666-904e-4864-bc87-7fe1742b7df4 ] Request (InstanceUsageAuditLogNegativeTestJSON:tearDownClass): 200 GET http://10.180.1.21:9696/networking/v2.0/security-groups?tenant_id=e45a190e00e64529ad9d8b22f98cb93a&name=default 0.418s
2024-12-12 08:50:39.964 65933 INFO tempest.lib.common.rest_client [req-a63f9ecb-a4c9-4389-89e5-febc9f497c81 req-a63f9ecb-a4c9-4389-89e5-febc9f497c81 ] Request (KeyPairsV22TestJSON:setUpClass): 201 POST http://10.180.1.21/identity/v3/auth/tokens 0.027s
2024-12-12 08:50:40.009 65937 INFO tempest.lib.common.rest_client [req-f5d85d3d-67f2-4de9-8abc-85d356649cd9 req-f5d85d3d-67f2-4de9-8abc-85d356649cd9 ] Request (QuotasAdminTestV257:test_get_updated_quotas): 200 GET http://10.180.1.21/identity/v3/domains?name=Default 0.086s
2024-12-12 08:50:40.015 65953 INFO tempest.lib.common.rest_client [req-d239394e-c06b-4253-afd0-8f7eb93078f8 req-d239394e-c06b-4253-afd0-8f7eb93078f8 ] Request (SecurityGroupRulesTestJSON:test_security_group_rules_create_with_optional_cidr): 200 POST http://10.180.1.21/compute/v2.1/os-security-group-rules 1.263s
2024-12-12 08:50:40.021 65963 INFO tempest.lib.common.rest_client [req-228197aa-a6fd-4568-b1d2-9820fd6a1917 req-228197aa-a6fd-4568-b1d2-9820fd6a1917 ] Request (MigrationsAdminTest:test_list_migrations_in_flavor_resize_situation): 200 GET http://10.180.1.21/compute/v2.1/servers/cbd7ef0e-8619-4b1e-a352-371976e32dbe 1.000s
2024-12-12 08:50:40.031 65933 INFO tempest.lib.common.rest_client [req-4d2502bd-d3bf-451a-8f9a-b6ed24b19b6a req-4d2502bd-d3bf-451a-8f9a-b6ed24b19b6a ] Request (KeyPairsV22TestJSON:setUpClass): 200 GET http://10.180.1.21/identity/v3/domains?name=Default 0.066s
2024-12-12 08:50:40.034 65963 INFO tempest.common.waiters [-] State transition "BUILD/scheduling" ==> "BUILD/None" after 2 second wait
2024-12-12 08:50:40.053 65959 INFO tempest.lib.common.rest_client [req-5139d78b-b573-49b7-821f-dd6f108375c8 req-5139d78b-b573-49b7-821f-dd6f108375c8 ] Request (VolumesAssistedSnapshotsTest:setUpClass): 201 POST http://10.180.1.21/identity/v3/auth/tokens 0.092s
2024-12-12 08:50:40.054 65937 INFO tempest.lib.common.rest_client [req-db3f5969-a16f-4c06-a540-e3eed5466660 req-db3f5969-a16f-4c06-a540-e3eed5466660 ] Request (QuotasAdminTestV257:test_get_updated_quotas): 201 POST http://10.180.1.21/identity/v3/users 0.044s
2024-12-12 08:50:40.085 65933 INFO tempest.lib.common.rest_client [req-49995457-d9d6-49ce-b49d-d83b01f0ec8e req-49995457-d9d6-49ce-b49d-d83b01f0ec8e ] Request (KeyPairsV22TestJSON:setUpClass): 201 POST http://10.180.1.21/identity/v3/projects 0.053s
2024-12-12 08:50:40.112 65973 INFO tempest.lib.common.rest_client [req-5c7e1e2e-cb5a-4287-b262-9dd9fc03bd45 req-5c7e1e2e-cb5a-4287-b262-9dd9fc03bd45 ] Request (HypervisorAdminV253TestBase:tearDownClass): 200 GET http://10.180.1.21:9696/networking/v2.0/security-groups?tenant_id=9222072257ea4cf6861c1fec2ecdd866&name=default 0.367s
2024-12-12 08:50:40.136 65937 INFO tempest.lib.common.rest_client [req-26d99cd9-9162-4a5b-b570-1f935648a3ec req-26d99cd9-9162-4a5b-b570-1f935648a3ec ] Request (QuotasAdminTestV257:test_get_updated_quotas): 200 GET http://10.180.1.21/identity/v3/domains?name=Default 0.082s
2024-12-12 08:50:40.184 65917 INFO tempest.lib.common.rest_client [req-f6554d38-bff4-4b5a-9191-1c0be0984faf req-f6554d38-bff4-4b5a-9191-1c0be0984faf ] Request (ServersWithSpecificFlavorTestJSON:test_verify_created_server_ephemeral_disk): 200 GET http://10.180.1.21/compute/v2.1/flavors/42 1.001s
2024-12-12 08:50:40.206 65931 INFO tempest.lib.common.rest_client [req-bafa0df3-4877-4124-97a9-c79ede9c1cd2 req-bafa0df3-4877-4124-97a9-c79ede9c1cd2 ] Request (NetworksTest:tearDownClass): 204 DELETE http://10.180.1.21:9696/networking/v2.0/security-groups/38a0850a-3101-4a4e-ab76-91ac0941ff18 0.286s
2024-12-12 08:50:40.212 65915 INFO tempest.lib.common.rest_client [req-f507054a-955e-4919-9e3a-099f3a4c2975 req-f507054a-955e-4919-9e3a-099f3a4c2975 ] Request (FlavorsAccessTestJSON:test_flavor_access_add_remove): 200 GET http://10.180.1.21/compute/v2.1/flavors/detail 0.888s
2024-12-12 08:50:40.225 65933 INFO tempest.lib.common.rest_client [req-cb71fa86-3729-4d90-9677-c616874ad8da req-cb71fa86-3729-4d90-9677-c616874ad8da ] Request (KeyPairsV22TestJSON:setUpClass): 201 POST http://10.180.1.21/identity/v3/users 0.140s
2024-12-12 08:50:40.226 65913 INFO tempest.lib.common.rest_client [req-02d433ec-a163-4d1a-9eab-32bc80fae410 req-02d433ec-a163-4d1a-9eab-32bc80fae410 ] Request (HostsAdminNegativeTestJSON:test_show_host_detail_with_nonexistent_hostname): 404 GET http://10.180.1.21/compute/v2.1/os-hosts/nonexistent_hostname 0.895s
2024-12-12 08:50:40.234 65929 INFO tempest.lib.common.rest_client [req-0c1c4634-a4fe-4ecf-9bdf-8bf2427e3d4c req-0c1c4634-a4fe-4ecf-9bdf-8bf2427e3d4c ] Request (InstanceUsageAuditLogNegativeTestJSON:tearDownClass): 204 DELETE http://10.180.1.21:9696/networking/v2.0/security-groups/e27e4129-b491-412e-bdaa-4bbad5fac44e 0.286s
2024-12-12 08:50:40.246 65939 INFO tempest.lib.common.rest_client [req-f502fbac-024d-4bb6-9c20-f00dae5e6308 req-f502fbac-024d-4bb6-9c20-f00dae5e6308 ] Request (KeyPairsV210TestJSON:test_admin_manage_keypairs_for_other_users): 200 GET http://10.180.1.21/compute/v2.1/os-keypairs?user_id=ff8d044a4cfd4a6b809c33db63455537 0.868s
2024-12-12 08:50:40.247 65933 INFO tempest.lib.common.rest_client [req-7418b6aa-1967-4e24-93e9-7baa1f6431ef req-7418b6aa-1967-4e24-93e9-7baa1f6431ef ] Request (KeyPairsV22TestJSON:setUpClass): 200 GET http://10.180.1.21/identity/v3/roles 0.021s
2024-12-12 08:50:40.304 65931 INFO tempest.lib.common.rest_client [req-365b19b0-3452-4b3f-9271-8580437f933f req-365b19b0-3452-4b3f-9271-8580437f933f ] Request (NetworksTest:tearDownClass): 204 DELETE http://10.180.1.21/identity/v3/projects/dfed34c2b7294fcca6146ca6240cf339 0.097s
2024-12-12 08:50:40.313 65929 INFO tempest.lib.common.rest_client [req-e66670ff-45c4-4cf8-85c5-a87e415b8633 req-e66670ff-45c4-4cf8-85c5-a87e415b8633 ] Request (InstanceUsageAuditLogNegativeTestJSON:tearDownClass): 204 DELETE http://10.180.1.21/identity/v3/projects/e45a190e00e64529ad9d8b22f98cb93a 0.078s
2024-12-12 08:50:40.365 65931 INFO tempest.lib.common.rest_client [req-8431b506-9ad2-4519-b67a-4a6fd0e4d337 req-8431b506-9ad2-4519-b67a-4a6fd0e4d337 ] Request (SecurityGroupsTestJSON:setUpClass): 201 POST http://10.180.1.21/identity/v3/auth/tokens 0.060s
2024-12-12 08:50:40.391 65929 INFO tempest.lib.common.rest_client [req-3b1d8561-ad34-4e02-933f-d513d632c965 req-3b1d8561-ad34-4e02-933f-d513d632c965 ] Request (ServerExternalEventsTest:setUpClass): 201 POST http://10.180.1.21/identity/v3/auth/tokens 0.077s
2024-12-12 08:50:40.408 65933 INFO tempest.lib.common.rest_client [req-fa9aaa15-3241-4dac-9a9f-32ced4ff6f93 req-fa9aaa15-3241-4dac-9a9f-32ced4ff6f93 ] Request (KeyPairsV22TestJSON:setUpClass): 204 PUT http://10.180.1.21/identity/v3/projects/e47ac3bebac24cc6961d4ddda344e1bf/users/945d25640004459ea86686e1f77db764/roles/1d47d5b2b5ee4c5e893228f4eea4b289 0.160s
2024-12-12 08:50:40.408 65933 INFO tempest.lib.common.dynamic_creds [-] Dynamic test user 945d25640004459ea86686e1f77db764 is created with scope project and roles: ['member']
2024-12-12 08:50:40.408 65933 INFO tempest.lib.common.dynamic_creds [-] Acquired dynamic creds: credentials: Credentials: {'domain_id': 'default', 'domain_name': 'Default', 'username': 'tempest-KeyPairsV22TestJSON-802266891-project-member', 'project_domain_id': 'default', 'project_domain_name': 'Default', 'project_id': 'e47ac3bebac24cc6961d4ddda344e1bf', 'project_name': 'tempest-KeyPairsV22TestJSON-802266891', 'tenant_id': 'e47ac3bebac24cc6961d4ddda344e1bf', 'tenant_name': 'tempest-KeyPairsV22TestJSON-802266891', 'user_domain_id': 'default', 'user_domain_name': 'Default', 'user_id': '945d25640004459ea86686e1f77db764', 'system': None}, Network: None, Subnet: None, Router: None
2024-12-12 08:50:40.409 65933 INFO tempest.lib.common.dynamic_creds [-] Created isolated network resources for: credentials: Credentials: {'domain_id': 'default', 'domain_name': 'Default', 'username': 'tempest-KeyPairsV22TestJSON-802266891-project-member', 'project_domain_id': 'default', 'project_domain_name': 'Default', 'project_id': 'e47ac3bebac24cc6961d4ddda344e1bf', 'project_name': 'tempest-KeyPairsV22TestJSON-802266891', 'tenant_id': 'e47ac3bebac24cc6961d4ddda344e1bf', 'tenant_name': 'tempest-KeyPairsV22TestJSON-802266891', 'user_domain_id': 'default', 'user_domain_name': 'Default', 'user_id': '945d25640004459ea86686e1f77db764', 'system': None}, Network: None, Subnet: None, Router: None
2024-12-12 08:50:40.414 65973 INFO tempest.lib.common.rest_client [req-a8dbdd01-7039-47a1-a646-b46aee3c8474 req-a8dbdd01-7039-47a1-a646-b46aee3c8474 ] Request (HypervisorAdminV253TestBase:tearDownClass): 204 DELETE http://10.180.1.21:9696/networking/v2.0/security-groups/50df458d-64d7-4631-a5bd-68f091e4a762 0.301s
2024-12-12 08:50:40.443 65931 INFO tempest.lib.common.rest_client [req-f51dcd91-059d-4aa1-a21c-d62698f56c3c req-f51dcd91-059d-4aa1-a21c-d62698f56c3c ] Request (SecurityGroupsTestJSON:setUpClass): 201 POST http://10.180.1.21/identity/v3/auth/tokens 0.075s
2024-12-12 08:50:40.465 65929 INFO tempest.lib.common.rest_client [req-d665de07-2b94-434d-a26f-068ad5076ab8 req-d665de07-2b94-434d-a26f-068ad5076ab8 ] Request (ServerExternalEventsTest:setUpClass): 201 POST http://10.180.1.21/identity/v3/auth/tokens 0.069s
2024-12-12 08:50:40.504 65959 INFO tempest.lib.common.rest_client [req-f5796e35-9f27-40f3-94b8-522fe09020e2 req-f5796e35-9f27-40f3-94b8-522fe09020e2 ] Request (VolumesAssistedSnapshotsTest:test_volume_assisted_snapshot_create_delete): 202 POST http://10.180.1.21/volume/v3/volumes 0.449s
2024-12-12 08:50:40.518 65971 INFO tempest.lib.common.rest_client [req-957d78d0-1333-4b1c-ab45-504e60145189 req-957d78d0-1333-4b1c-ab45-504e60145189 ] Request (FloatingIPDetailsNegativeTestJSON:setUpClass): 201 POST http://10.180.1.21:9696/networking/v2.0/networks 0.729s
2024-12-12 08:50:40.542 65933 INFO tempest.lib.common.rest_client [req-03d6c23f-df48-4fea-a09c-36d02b27c6c2 req-03d6c23f-df48-4fea-a09c-36d02b27c6c2 ] Request (KeyPairsV22TestJSON:setUpClass): 201 POST http://10.180.1.21/identity/v3/auth/tokens 0.130s
2024-12-12 08:50:40.548 65973 INFO tempest.lib.common.rest_client [req-5b0ce81c-c362-4f18-ba49-113ba72130d2 req-5b0ce81c-c362-4f18-ba49-113ba72130d2 ] Request (HypervisorAdminV253TestBase:tearDownClass): 204 DELETE http://10.180.1.21/identity/v3/projects/9222072257ea4cf6861c1fec2ecdd866 0.134s
2024-12-12 08:50:40.559 65959 INFO tempest.lib.common.rest_client [req-de3c4e29-714f-468e-a31a-cace34754647 req-de3c4e29-714f-468e-a31a-cace34754647 ] Request (VolumesAssistedSnapshotsTest:test_volume_assisted_snapshot_create_delete): 200 GET http://10.180.1.21/volume/v3/volumes/faec7efd-669d-4d9b-bee2-e764544ac2d1 0.049s
2024-12-12 08:50:40.596 65931 INFO tempest.lib.common.rest_client [req-58d59e19-4505-44b4-83d1-34f2435d6be8 req-58d59e19-4505-44b4-83d1-34f2435d6be8 ] Request (SecurityGroupsTestJSON:setUpClass): 200 GET http://10.180.1.21/identity/v3/domains?name=Default 0.152s
2024-12-12 08:50:40.603 65929 INFO tempest.lib.common.rest_client [req-0f15cdee-0e8d-4af7-ad43-1d5161d95cd4 req-0f15cdee-0e8d-4af7-ad43-1d5161d95cd4 ] Request (ServerExternalEventsTest:setUpClass): 200 GET http://10.180.1.21/identity/v3/domains?name=Default 0.138s
2024-12-12 08:50:40.728 65973 INFO tempest.lib.common.rest_client [req-b6d87c3c-49ec-4c9d-a696-e2f845b6c627 req-b6d87c3c-49ec-4c9d-a696-e2f845b6c627 ] Request (InstanceUsageAuditLogTestJSON:setUpClass): 201 POST http://10.180.1.21/identity/v3/auth/tokens 0.178s
2024-12-12 08:50:40.737 65931 INFO tempest.lib.common.rest_client [req-4a17db4d-48f9-4334-98de-398a7dc0a204 req-4a17db4d-48f9-4334-98de-398a7dc0a204 ] Request (SecurityGroupsTestJSON:setUpClass): 201 POST http://10.180.1.21/identity/v3/projects 0.140s
2024-12-12 08:50:40.763 65929 INFO tempest.lib.common.rest_client [req-9c74de5e-1c63-4c9a-b807-01f735fead7c req-9c74de5e-1c63-4c9a-b807-01f735fead7c ] Request (ServerExternalEventsTest:setUpClass): 201 POST http://10.180.1.21/identity/v3/projects 0.159s
2024-12-12 08:50:40.791 65971 INFO tempest.lib.common.rest_client [req-55f7f6b7-711c-47fa-9173-a0a408c576cf req-55f7f6b7-711c-47fa-9173-a0a408c576cf ] Request (FloatingIPDetailsNegativeTestJSON:setUpClass): 201 POST http://10.180.1.21:9696/networking/v2.0/subnets 0.273s
2024-12-12 08:50:40.794 65921 INFO tempest.lib.common.rest_client [req-47eb8f04-6d8d-4e04-9ee3-1b988bd0486d req-47eb8f04-6d8d-4e04-9ee3-1b988bd0486d ] Request (ServersNegativeTestJSON:setUpClass): 200 PUT http://10.180.1.21:9696/networking/v2.0/routers/bdaa629e-d901-4c89-bed7-18ce320ace07/add_router_interface 3.801s
2024-12-12 08:50:40.794 65921 INFO tempest.lib.common.dynamic_creds [-] Created isolated network resources for: credentials: Credentials: {'domain_id': 'default', 'domain_name': 'Default', 'username': 'tempest-ServersNegativeTestJSON-425357262-project-member', 'project_domain_id': 'default', 'project_domain_name': 'Default', 'project_id': 'ac9f2ac2639643e790fa1d913c4dc43f', 'project_name': 'tempest-ServersNegativeTestJSON-425357262', 'tenant_id': 'ac9f2ac2639643e790fa1d913c4dc43f', 'tenant_name': 'tempest-ServersNegativeTestJSON-425357262', 'user_domain_id': 'default', 'user_domain_name': 'Default', 'user_id': '13ce040e03434dd184b28745fc34f816', 'system': None}, Network: {'id': '8bec07db-9204-4a2d-a3cc-c76676c9e887', 'name': 'tempest-ServersNegativeTestJSON-1314547665-network', 'tenant_id': 'ac9f2ac2639643e790fa1d913c4dc43f', 'admin_state_up': True, 'mtu': 8950, 'status': 'ACTIVE', 'subnets': [], 'shared': False, 'project_id': 'ac9f2ac2639643e790fa1d913c4dc43f', 'port_security_enabled': True, 'router:external': False, 'provider:network_type': 'vlan', 'provider:physical_network': 'default', 'provider:segmentation_id': 115, 'availability_zone_hints': [], 'availability_zones': [], 'ipv4_address_scope': None, 'ipv6_address_scope': None, 'description': '', 'tags': [], 'created_at': '2024-12-12T08:50:34Z', 'updated_at': '2024-12-12T08:50:34Z', 'revision_number': 1}, Subnet: {'id': '9f18ec08-dd2c-4aac-be45-e45bfad531cc', 'name': 'tempest-ServersNegativeTestJSON-1314547665-subnet', 'tenant_id': 'ac9f2ac2639643e790fa1d913c4dc43f', 'network_id': '8bec07db-9204-4a2d-a3cc-c76676c9e887', 'ip_version': 4, 'subnetpool_id': None, 'enable_dhcp': True, 'ipv6_ra_mode': None, 'ipv6_address_mode': None, 'gateway_ip': '192.168.128.1', 'cidr': '192.168.128.0/28', 'allocation_pools': [{'start': '192.168.128.2', 'end': '192.168.128.14'}], 'host_routes': [], 'dns_nameservers': [], 'description': '', 'router:external': False, 'service_types': [], 'tags': [], 'created_at': '2024-12-12T08:50:34Z', 'updated_at': '2024-12-12T08:50:34Z', 'revision_number': 0, 'project_id': 'ac9f2ac2639643e790fa1d913c4dc43f'}, Router: {'id': 'bdaa629e-d901-4c89-bed7-18ce320ace07', 'name': 'tempest-ServersNegativeTestJSON-1314547665-router', 'tenant_id': 'ac9f2ac2639643e790fa1d913c4dc43f', 'admin_state_up': True, 'status': 'ACTIVE', 'external_gateway_info': {'network_id': '29d35d75-55d6-4500-a3b6-cc2c37abd891', 'external_fixed_ips': [{'subnet_id': '5f17c552-6c81-4f6c-95b5-486a57f27dfb', 'ip_address': '10.180.180.221'}], 'enable_snat': True}, 'description': '', 'availability_zones': [], 'distributed': False, 'ha': False, 'availability_zone_hints': [], 'routes': [], 'flavor_id': None, 'tags': [], 'created_at': '2024-12-12T08:50:35Z', 'updated_at': '2024-12-12T08:50:36Z', 'revision_number': 2, 'project_id': 'ac9f2ac2639643e790fa1d913c4dc43f'}
2024-12-12 08:50:40.797 65943 INFO tempest.lib.common.rest_client [req-b1f1b404-0464-4434-b79e-766d805023d0 req-b1f1b404-0464-4434-b79e-766d805023d0 ] Request (AggregatesAdminNegativeTestJSON:_run_cleanups): 200 POST http://10.180.1.21/compute/v2.1/os-aggregates/1/action 1.372s
2024-12-12 08:50:40.827 65973 INFO tempest.lib.common.rest_client [req-3d626bcb-87a4-465c-aafb-2ebf935a6ea3 req-3d626bcb-87a4-465c-aafb-2ebf935a6ea3 ] Request (InstanceUsageAuditLogTestJSON:setUpClass): 201 POST http://10.180.1.21/identity/v3/auth/tokens 0.095s
2024-12-12 08:50:40.830 65957 INFO tempest.lib.common.rest_client [req-5cb32cdf-243b-4fe6-acac-78bde706acdd req-5cb32cdf-243b-4fe6-acac-78bde706acdd ] Request (FlavorsV255TestJSON:test_crud_flavor): 200 GET http://10.180.1.21/compute/v2.1/flavors 1.372s
2024-12-12 08:50:40.844 65967 INFO tempest.lib.common.rest_client [req-44071440-ce55-4667-af53-8cab144a9b17 req-44071440-ce55-4667-af53-8cab144a9b17 ] Request (FlavorsExtraSpecsTestJSON:test_flavor_non_admin_get_specific_key): 200 GET http://10.180.1.21/compute/v2.1/flavors/974023889/os-extra_specs/hw:numa_nodes 1.365s
2024-12-12 08:50:40.849 65931 INFO tempest.lib.common.rest_client [req-d51625c6-9de7-4691-8b2a-e7c258c2ac1c req-d51625c6-9de7-4691-8b2a-e7c258c2ac1c ] Request (SecurityGroupsTestJSON:setUpClass): 201 POST http://10.180.1.21/identity/v3/users 0.111s
2024-12-12 08:50:40.859 65935 INFO tempest.lib.common.rest_client [req-e40705c9-86f3-491a-ab90-267cd373b3fa req-e40705c9-86f3-491a-ab90-267cd373b3fa ] Request (FlavorsV2TestJSON:test_list_flavors_detailed_filter_by_min_disk): 200 GET http://10.180.1.21/compute/v2.1/flavors/42 1.369s
2024-12-12 08:50:40.869 65929 INFO tempest.lib.common.rest_client [req-f0da62e3-bce8-443c-b65f-d4c79285d7c9 req-f0da62e3-bce8-443c-b65f-d4c79285d7c9 ] Request (ServerExternalEventsTest:setUpClass): 201 POST http://10.180.1.21/identity/v3/users 0.105s
2024-12-12 08:50:40.909 65973 INFO tempest.lib.common.rest_client [req-7ce7a2e3-5ad2-48a3-b52c-264c9e643a87 req-7ce7a2e3-5ad2-48a3-b52c-264c9e643a87 ] Request (InstanceUsageAuditLogTestJSON:setUpClass): 200 GET http://10.180.1.21/identity/v3/domains?name=Default 0.081s
2024-12-12 08:50:40.933 65931 INFO tempest.lib.common.rest_client [req-87fd6b17-c6f0-4876-9b8b-34a6157405bc req-87fd6b17-c6f0-4876-9b8b-34a6157405bc ] Request (SecurityGroupsTestJSON:setUpClass): 200 GET http://10.180.1.21/identity/v3/roles 0.083s
2024-12-12 08:50:40.935 65949 INFO tempest.lib.common.rest_client [req-adc47ca4-afec-472f-98f9-dc749c745d54 req-adc47ca4-afec-472f-98f9-dc749c745d54 ] Request (VolumesAdminNegativeTest:test_update_attached_volume_with_nonexistent_volume_in_body): 202 POST http://10.180.1.21/compute/v2.1/servers 1.661s
2024-12-12 08:50:40.945 65921 INFO tempest.lib.common.rest_client [req-fd9b608d-4d0f-45fc-8f33-fe37d914c350 req-fd9b608d-4d0f-45fc-8f33-fe37d914c350 ] Request (ServersNegativeTestJSON:setUpClass): 201 POST http://10.180.1.21/identity/v3/auth/tokens 0.144s
2024-12-12 08:50:40.958 65929 INFO tempest.lib.common.rest_client [req-2095f04b-742e-4bbb-a405-151962e2c8d0 req-2095f04b-742e-4bbb-a405-151962e2c8d0 ] Request (ServerExternalEventsTest:setUpClass): 200 GET http://10.180.1.21/identity/v3/roles 0.088s
2024-12-12 08:50:40.984 65973 INFO tempest.lib.common.rest_client [req-3b774f7d-dec5-4315-8607-c4eefbf06cad req-3b774f7d-dec5-4315-8607-c4eefbf06cad ] Request (InstanceUsageAuditLogTestJSON:setUpClass): 201 POST http://10.180.1.21/identity/v3/projects 0.074s
2024-12-12 08:50:41.048 65931 INFO tempest.lib.common.rest_client [req-d49c435a-6c2f-459b-af00-f8f8d2ec447e req-d49c435a-6c2f-459b-af00-f8f8d2ec447e ] Request (SecurityGroupsTestJSON:setUpClass): 204 PUT http://10.180.1.21/identity/v3/projects/cd23a31565b2496f803c95eabb08981e/users/224ed363064142cca9a119fd720d18fd/roles/1d47d5b2b5ee4c5e893228f4eea4b289 0.115s
2024-12-12 08:50:41.048 65931 INFO tempest.lib.common.dynamic_creds [-] Dynamic test user 224ed363064142cca9a119fd720d18fd is created with scope project and roles: ['member']
2024-12-12 08:50:41.049 65931 INFO tempest.lib.common.dynamic_creds [-] Acquired dynamic creds: credentials: Credentials: {'domain_id': 'default', 'domain_name': 'Default', 'username': 'tempest-SecurityGroupsTestJSON-110132535-project-member', 'project_domain_id': 'default', 'project_domain_name': 'Default', 'project_id': 'cd23a31565b2496f803c95eabb08981e', 'project_name': 'tempest-SecurityGroupsTestJSON-110132535', 'tenant_id': 'cd23a31565b2496f803c95eabb08981e', 'tenant_name': 'tempest-SecurityGroupsTestJSON-110132535', 'user_domain_id': 'default', 'user_domain_name': 'Default', 'user_id': '224ed363064142cca9a119fd720d18fd', 'system': None}, Network: None, Subnet: None, Router: None
2024-12-12 08:50:41.097 65923 INFO tempest.lib.common.rest_client [req-3f9d05dc-8276-4ab9-9382-c657bc453bc9 req-3f9d05dc-8276-4ab9-9382-c657bc453bc9 ] Request (ServerActionsTestOtherB:setUpClass): 200 PUT http://10.180.1.21:9696/networking/v2.0/routers/69243943-c76b-4504-b68b-987183cd8900/add_router_interface 3.579s
2024-12-12 08:50:41.097 65923 INFO tempest.lib.common.dynamic_creds [-] Created isolated network resources for: credentials: Credentials: {'domain_id': 'default', 'domain_name': 'Default', 'username': 'tempest-ServerActionsTestOtherB-208884208-project-member', 'project_domain_id': 'default', 'project_domain_name': 'Default', 'project_id': 'f5af512a3e1f469f9c4223575f326699', 'project_name': 'tempest-ServerActionsTestOtherB-208884208', 'tenant_id': 'f5af512a3e1f469f9c4223575f326699', 'tenant_name': 'tempest-ServerActionsTestOtherB-208884208', 'user_domain_id': 'default', 'user_domain_name': 'Default', 'user_id': '004e0c7876664758866c98c8f36663dd', 'system': None}, Network: {'id': '94bd295c-7a95-4ae9-8468-34209c70d332', 'name': 'tempest-ServerActionsTestOtherB-786886130-network', 'tenant_id': 'f5af512a3e1f469f9c4223575f326699', 'admin_state_up': True, 'mtu': 8950, 'status': 'ACTIVE', 'subnets': [], 'shared': False, 'project_id': 'f5af512a3e1f469f9c4223575f326699', 'port_security_enabled': True, 'router:external': False, 'provider:network_type': 'vlan', 'provider:physical_network': 'default', 'provider:segmentation_id': 839, 'availability_zone_hints': [], 'availability_zones': [], 'ipv4_address_scope': None, 'ipv6_address_scope': None, 'description': '', 'tags': [], 'created_at': '2024-12-12T08:50:35Z', 'updated_at': '2024-12-12T08:50:35Z', 'revision_number': 1}, Subnet: {'id': '97ddd45c-702b-4488-926a-7835744bec3e', 'name': 'tempest-ServerActionsTestOtherB-786886130-subnet', 'tenant_id': 'f5af512a3e1f469f9c4223575f326699', 'network_id': '94bd295c-7a95-4ae9-8468-34209c70d332', 'ip_version': 4, 'subnetpool_id': None, 'enable_dhcp': True, 'ipv6_ra_mode': None, 'ipv6_address_mode': None, 'gateway_ip': '192.168.128.1', 'cidr': '192.168.128.0/28', 'allocation_pools': [{'start': '192.168.128.2', 'end': '192.168.128.14'}], 'host_routes': [], 'dns_nameservers': [], 'description': '', 'router:external': False, 'service_types': [], 'tags': [], 'created_at': '2024-12-12T08:50:35Z', 'updated_at': '2024-12-12T08:50:35Z', 'revision_number': 0, 'project_id': 'f5af512a3e1f469f9c4223575f326699'}, Router: {'id': '69243943-c76b-4504-b68b-987183cd8900', 'name': 'tempest-ServerActionsTestOtherB-786886130-router', 'tenant_id': 'f5af512a3e1f469f9c4223575f326699', 'admin_state_up': True, 'status': 'ACTIVE', 'external_gateway_info': {'network_id': '29d35d75-55d6-4500-a3b6-cc2c37abd891', 'external_fixed_ips': [{'subnet_id': '5f17c552-6c81-4f6c-95b5-486a57f27dfb', 'ip_address': '10.180.180.254'}], 'enable_snat': True}, 'description': '', 'availability_zones': [], 'distributed': False, 'ha': False, 'availability_zone_hints': [], 'routes': [], 'flavor_id': None, 'tags': [], 'created_at': '2024-12-12T08:50:35Z', 'updated_at': '2024-12-12T08:50:36Z', 'revision_number': 2, 'project_id': 'f5af512a3e1f469f9c4223575f326699'}
2024-12-12 08:50:41.104 65947 INFO tempest.lib.common.rest_client [req-c367fd1d-aabf-42ea-bd3b-5c3d5050b37a req-c367fd1d-aabf-42ea-bd3b-5c3d5050b37a ] Request (SecurityGroupsTestAdminJSON:test_list_security_groups_list_all_tenants_filter): 200 POST http://10.180.1.21/compute/v2.1/os-security-groups 1.519s
2024-12-12 08:50:41.111 65921 INFO tempest.lib.common.rest_client [req-b14c8be3-2bc6-414b-9a5c-b870270fc4a0 req-b14c8be3-2bc6-414b-9a5c-b870270fc4a0 ] Request (ServersNegativeTestJSON:setUpClass): 201 POST http://10.180.1.21/identity/v3/auth/tokens 0.157s
2024-12-12 08:50:41.112 65921 INFO tempest.lib.common.fixed_network [-] (ServersNegativeTestJSON:setUpClass) Found network {'id': '8bec07db-9204-4a2d-a3cc-c76676c9e887', 'name': 'tempest-ServersNegativeTestJSON-1314547665-network', 'tenant_id': 'ac9f2ac2639643e790fa1d913c4dc43f', 'admin_state_up': True, 'mtu': 8950, 'status': 'ACTIVE', 'subnets': [], 'shared': False, 'project_id': 'ac9f2ac2639643e790fa1d913c4dc43f', 'port_security_enabled': True, 'router:external': False, 'provider:network_type': 'vlan', 'provider:physical_network': 'default', 'provider:segmentation_id': 115, 'availability_zone_hints': [], 'availability_zones': [], 'ipv4_address_scope': None, 'ipv6_address_scope': None, 'description': '', 'tags': [], 'created_at': '2024-12-12T08:50:34Z', 'updated_at': '2024-12-12T08:50:34Z', 'revision_number': 1} available for tenant
2024-12-12 08:50:41.150 65941 INFO tempest.lib.common.rest_client [req-dbbca8b1-e64d-4f19-a6b5-1b3ae7101009 req-dbbca8b1-e64d-4f19-a6b5-1b3ae7101009 ] Request (FlavorsAdminTestJSON:_run_cleanups): 200 GET http://10.180.1.21/compute/v2.1/flavors/detail 1.444s
2024-12-12 08:50:41.150 65911 INFO tempest.lib.common.rest_client [req-787bd616-8c73-466b-b381-ea8b97cd6665 req-787bd616-8c73-466b-b381-ea8b97cd6665 ] Request (FlavorsExtraSpecsNegativeTestJSON:setUpClass): 200 POST http://10.180.1.21/compute/v2.1/flavors 1.479s
2024-12-12 08:50:41.170 65973 INFO tempest.lib.common.rest_client [req-887868c9-f784-45a2-9ba8-8c9434251820 req-887868c9-f784-45a2-9ba8-8c9434251820 ] Request (InstanceUsageAuditLogTestJSON:setUpClass): 201 POST http://10.180.1.21/identity/v3/users 0.186s
2024-12-12 08:50:41.174 65929 INFO tempest.lib.common.rest_client [req-1a11b37c-9613-4237-9195-84d11688a3f6 req-1a11b37c-9613-4237-9195-84d11688a3f6 ] Request (ServerExternalEventsTest:setUpClass): 204 PUT http://10.180.1.21/identity/v3/projects/571d8664621846ba8e5ae158b147ceef/users/b84028cc362a4d949b328a9f7a18fdde/roles/1d47d5b2b5ee4c5e893228f4eea4b289 0.215s
2024-12-12 08:50:41.174 65929 INFO tempest.lib.common.dynamic_creds [-] Dynamic test user b84028cc362a4d949b328a9f7a18fdde is created with scope project and roles: ['member']
2024-12-12 08:50:41.174 65929 INFO tempest.lib.common.dynamic_creds [-] Acquired dynamic creds: credentials: Credentials: {'domain_id': 'default', 'domain_name': 'Default', 'username': 'tempest-ServerExternalEventsTest-1112454648-project-member', 'project_domain_id': 'default', 'project_domain_name': 'Default', 'project_id': '571d8664621846ba8e5ae158b147ceef', 'project_name': 'tempest-ServerExternalEventsTest-1112454648', 'tenant_id': '571d8664621846ba8e5ae158b147ceef', 'tenant_name': 'tempest-ServerExternalEventsTest-1112454648', 'user_domain_id': 'default', 'user_domain_name': 'Default', 'user_id': 'b84028cc362a4d949b328a9f7a18fdde', 'system': None}, Network: None, Subnet: None, Router: None
2024-12-12 08:50:41.174 65929 INFO tempest.lib.common.dynamic_creds [-] Created isolated network resources for: credentials: Credentials: {'domain_id': 'default', 'domain_name': 'Default', 'username': 'tempest-ServerExternalEventsTest-1112454648-project-member', 'project_domain_id': 'default', 'project_domain_name': 'Default', 'project_id': '571d8664621846ba8e5ae158b147ceef', 'project_name': 'tempest-ServerExternalEventsTest-1112454648', 'tenant_id': '571d8664621846ba8e5ae158b147ceef', 'tenant_name': 'tempest-ServerExternalEventsTest-1112454648', 'user_domain_id': 'default', 'user_domain_name': 'Default', 'user_id': 'b84028cc362a4d949b328a9f7a18fdde', 'system': None}, Network: None, Subnet: None, Router: None
2024-12-12 08:50:41.228 65931 INFO tempest.lib.common.rest_client [req-f1ca028d-93bf-4a62-b4a0-f29d6fb54293 req-f1ca028d-93bf-4a62-b4a0-f29d6fb54293 ] Request (SecurityGroupsTestJSON:setUpClass): 201 POST http://10.180.1.21/identity/v3/auth/tokens 0.178s
2024-12-12 08:50:41.243 65923 INFO tempest.lib.common.rest_client [req-3c937862-9ccc-490b-8521-7779c541786e req-3c937862-9ccc-490b-8521-7779c541786e ] Request (ServerActionsTestOtherB:setUpClass): 201 POST http://10.180.1.21/identity/v3/auth/tokens 0.141s
2024-12-12 08:50:41.243 65973 INFO tempest.lib.common.rest_client [req-46908baf-4a1f-4cd7-afb4-6dc043825746 req-46908baf-4a1f-4cd7-afb4-6dc043825746 ] Request (InstanceUsageAuditLogTestJSON:setUpClass): 200 GET http://10.180.1.21/identity/v3/roles 0.072s
2024-12-12 08:50:41.307 65929 INFO tempest.lib.common.rest_client [req-eabdbca0-0b8c-4e27-81bd-2c6ed7c9b9a4 req-eabdbca0-0b8c-4e27-81bd-2c6ed7c9b9a4 ] Request (ServerExternalEventsTest:setUpClass): 201 POST http://10.180.1.21/identity/v3/auth/tokens 0.130s
2024-12-12 08:50:41.331 65973 INFO tempest.lib.common.rest_client [req-290c192e-19e2-4f2a-9f73-a33cbb38e6b0 req-290c192e-19e2-4f2a-9f73-a33cbb38e6b0 ] Request (InstanceUsageAuditLogTestJSON:setUpClass): 204 PUT http://10.180.1.21/identity/v3/projects/69acea491a894d38a9429ddb3691a826/users/16e97244074f4083bf153ee4b92923a5/roles/1d47d5b2b5ee4c5e893228f4eea4b289 0.087s
2024-12-12 08:50:41.332 65973 INFO tempest.lib.common.dynamic_creds [-] Dynamic test user 16e97244074f4083bf153ee4b92923a5 is created with scope project and roles: ['member']
2024-12-12 08:50:41.332 65973 INFO tempest.lib.common.dynamic_creds [-] Acquired dynamic creds: credentials: Credentials: {'domain_id': 'default', 'domain_name': 'Default', 'username': 'tempest-InstanceUsageAuditLogTestJSON-1561038172-project-member', 'project_domain_id': 'default', 'project_domain_name': 'Default', 'project_id': '69acea491a894d38a9429ddb3691a826', 'project_name': 'tempest-InstanceUsageAuditLogTestJSON-1561038172', 'tenant_id': '69acea491a894d38a9429ddb3691a826', 'tenant_name': 'tempest-InstanceUsageAuditLogTestJSON-1561038172', 'user_domain_id': 'default', 'user_domain_name': 'Default', 'user_id': '16e97244074f4083bf153ee4b92923a5', 'system': None}, Network: None, Subnet: None, Router: None
2024-12-12 08:50:41.332 65973 INFO tempest.lib.common.dynamic_creds [-] Created isolated network resources for: credentials: Credentials: {'domain_id': 'default', 'domain_name': 'Default', 'username': 'tempest-InstanceUsageAuditLogTestJSON-1561038172-project-member', 'project_domain_id': 'default', 'project_domain_name': 'Default', 'project_id': '69acea491a894d38a9429ddb3691a826', 'project_name': 'tempest-InstanceUsageAuditLogTestJSON-1561038172', 'tenant_id': '69acea491a894d38a9429ddb3691a826', 'tenant_name': 'tempest-InstanceUsageAuditLogTestJSON-1561038172', 'user_domain_id': 'default', 'user_domain_name': 'Default', 'user_id': '16e97244074f4083bf153ee4b92923a5', 'system': None}, Network: None, Subnet: None, Router: None
2024-12-12 08:50:41.387 65929 INFO tempest.lib.common.rest_client [req-de0622c5-ec94-49dc-b0ed-17a2fe27f34d req-de0622c5-ec94-49dc-b0ed-17a2fe27f34d ] Request (ServerExternalEventsTest:setUpClass): 201 POST http://10.180.1.21/identity/v3/projects 0.079s
2024-12-12 08:50:41.404 65973 INFO tempest.lib.common.rest_client [req-be18d170-f915-4ccf-8eb7-074f2276b590 req-be18d170-f915-4ccf-8eb7-074f2276b590 ] Request (InstanceUsageAuditLogTestJSON:setUpClass): 201 POST http://10.180.1.21/identity/v3/auth/tokens 0.069s
2024-12-12 08:50:41.437 65929 INFO tempest.lib.common.rest_client [req-c00460ba-1abc-45c0-a7fb-c8954a3ad627 req-c00460ba-1abc-45c0-a7fb-c8954a3ad627 ] Request (ServerExternalEventsTest:setUpClass): 201 POST http://10.180.1.21/identity/v3/users 0.049s
2024-12-12 08:50:41.452 65929 INFO tempest.lib.common.rest_client [req-8b6a391f-0f22-4079-b807-88e59362a5d9 req-8b6a391f-0f22-4079-b807-88e59362a5d9 ] Request (ServerExternalEventsTest:setUpClass): 200 GET http://10.180.1.21/identity/v3/roles 0.015s
2024-12-12 08:50:41.460 65973 INFO tempest.lib.common.rest_client [req-d19cc7d8-c1e9-4419-8b06-926c69dc2f3a req-d19cc7d8-c1e9-4419-8b06-926c69dc2f3a ] Request (InstanceUsageAuditLogTestJSON:setUpClass): 201 POST http://10.180.1.21/identity/v3/projects 0.055s
2024-12-12 08:50:41.476 65929 INFO tempest.lib.common.rest_client [req-c6b0de4c-28e3-49fc-9d7e-b1a7e96d4cde req-c6b0de4c-28e3-49fc-9d7e-b1a7e96d4cde ] Request (ServerExternalEventsTest:setUpClass): 204 PUT http://10.180.1.21/identity/v3/projects/2d88832f1d9844ddba3a4ac23c3d6334/users/cb0177587e994d028c7ae746417653b2/roles/64d7ef2da15549a994f0ad9aa4337af4 0.023s
2024-12-12 08:50:41.486 65919 INFO tempest.lib.common.rest_client [req-dccf3e43-426d-4f7f-ad3c-53b814ed8093 req-dccf3e43-426d-4f7f-ad3c-53b814ed8093 ] Request (DeleteServersAdminTestJSON:test_admin_delete_servers_of_others): 200 GET http://10.180.1.21/compute/v2.1/servers/cf03f81c-1074-4856-ad6e-774d8ad0a7a0 1.733s
2024-12-12 08:50:41.496 65945 INFO tempest.lib.common.rest_client [req-9b54472b-115b-42a7-83b4-3e77a865e7f6 req-9b54472b-115b-42a7-83b4-3e77a865e7f6 ] Request (ServersAdminNegativeTestJSON:setUpClass): 200 GET http://10.180.1.21/compute/v2.1/servers/a79b91e6-bd85-4bfe-bf5d-349dcda6268b 1.629s
2024-12-12 08:50:41.506 65945 INFO tempest.common.waiters [-] State transition "BUILD/networking" ==> "BUILD/spawning" after 5 second wait
2024-12-12 08:50:41.517 65929 INFO tempest.lib.common.rest_client [req-6b68ab20-9de7-405f-a5f5-3e725c8b226c req-6b68ab20-9de7-405f-a5f5-3e725c8b226c ] Request (ServerExternalEventsTest:setUpClass): 200 GET http://10.180.1.21/identity/v3/roles 0.041s
2024-12-12 08:50:41.518 65931 INFO tempest.lib.common.rest_client [req-4b1cdfbe-a889-4247-9ad2-2cf30c7f0231 req-4b1cdfbe-a889-4247-9ad2-2cf30c7f0231 ] Request (SecurityGroupsTestJSON:setUpClass): 201 POST http://10.180.1.21:9696/networking/v2.0/networks 0.289s
2024-12-12 08:50:41.538 65929 INFO tempest.lib.common.rest_client [req-0de91934-d2f6-42c7-94f5-99c6732bcad4 req-0de91934-d2f6-42c7-94f5-99c6732bcad4 ] Request (ServerExternalEventsTest:setUpClass): 204 PUT http://10.180.1.21/identity/v3/projects/2d88832f1d9844ddba3a4ac23c3d6334/users/cb0177587e994d028c7ae746417653b2/roles/64d7ef2da15549a994f0ad9aa4337af4 0.020s
2024-12-12 08:50:41.538 65929 INFO tempest.lib.common.dynamic_creds [-] Dynamic test user cb0177587e994d028c7ae746417653b2 is created with scope project and roles: ['admin']
2024-12-12 08:50:41.538 65929 INFO tempest.lib.common.dynamic_creds [-] Acquired dynamic creds: credentials: Credentials: {'domain_id': 'default', 'domain_name': 'Default', 'username': 'tempest-ServerExternalEventsTest-989797175-project-admin', 'project_domain_id': 'default', 'project_domain_name': 'Default', 'project_id': '2d88832f1d9844ddba3a4ac23c3d6334', 'project_name': 'tempest-ServerExternalEventsTest-989797175', 'tenant_id': '2d88832f1d9844ddba3a4ac23c3d6334', 'tenant_name': 'tempest-ServerExternalEventsTest-989797175', 'user_domain_id': 'default', 'user_domain_name': 'Default', 'user_id': 'cb0177587e994d028c7ae746417653b2', 'system': None}, Network: None, Subnet: None, Router: None
2024-12-12 08:50:41.538 65929 INFO tempest.lib.common.dynamic_creds [-] Created isolated network resources for: credentials: Credentials: {'domain_id': 'default', 'domain_name': 'Default', 'username': 'tempest-ServerExternalEventsTest-989797175-project-admin', 'project_domain_id': 'default', 'project_domain_name': 'Default', 'project_id': '2d88832f1d9844ddba3a4ac23c3d6334', 'project_name': 'tempest-ServerExternalEventsTest-989797175', 'tenant_id': '2d88832f1d9844ddba3a4ac23c3d6334', 'tenant_name': 'tempest-ServerExternalEventsTest-989797175', 'user_domain_id': 'default', 'user_domain_name': 'Default', 'user_id': 'cb0177587e994d028c7ae746417653b2', 'system': None}, Network: None, Subnet: None, Router: None
2024-12-12 08:50:41.547 65973 INFO tempest.lib.common.rest_client [req-8ec185b6-f299-4013-8436-8707df6bd005 req-8ec185b6-f299-4013-8436-8707df6bd005 ] Request (InstanceUsageAuditLogTestJSON:setUpClass): 201 POST http://10.180.1.21/identity/v3/users 0.085s
2024-12-12 08:50:41.634 65929 INFO tempest.lib.common.rest_client [req-eae25d9f-8bac-4ff5-b9e3-65f355dc201d req-eae25d9f-8bac-4ff5-b9e3-65f355dc201d ] Request (ServerExternalEventsTest:setUpClass): 201 POST http://10.180.1.21/identity/v3/auth/tokens 0.091s
2024-12-12 08:50:41.690 65973 INFO tempest.lib.common.rest_client [req-37a936e1-ffca-4de5-a630-68d0d842f179 req-37a936e1-ffca-4de5-a630-68d0d842f179 ] Request (InstanceUsageAuditLogTestJSON:setUpClass): 200 GET http://10.180.1.21/identity/v3/roles 0.142s
2024-12-12 08:50:41.696 65929 INFO tempest.lib.common.rest_client [req-b6794567-fe1c-45a9-8632-263490a53075 req-b6794567-fe1c-45a9-8632-263490a53075 ] Request (ServerExternalEventsTest:setUpClass): 201 POST http://10.180.1.21/identity/v3/projects 0.062s
2024-12-12 08:50:41.738 65931 INFO tempest.lib.common.rest_client [req-10ddf1ad-45dc-425c-837c-69662ddd4b26 req-10ddf1ad-45dc-425c-837c-69662ddd4b26 ] Request (SecurityGroupsTestJSON:setUpClass): 201 POST http://10.180.1.21:9696/networking/v2.0/subnets 0.219s
2024-12-12 08:50:41.746 65937 INFO tempest.lib.common.rest_client [req-ff22d608-58aa-422a-81c5-6e8502148c2e req-ff22d608-58aa-422a-81c5-6e8502148c2e ] Request (QuotasAdminTestV257:test_get_updated_quotas): 200 PUT http://10.180.1.21/compute/v2.1/os-quota-sets/3c4cc71d48414a74a2059245575b6033?user_id=7b39c9d242604188a7616b6c2774f985 1.609s
2024-12-12 08:50:41.753 65929 INFO tempest.lib.common.rest_client [req-2a796553-7f61-4c35-affd-a5f71898891e req-2a796553-7f61-4c35-affd-a5f71898891e ] Request (ServerExternalEventsTest:setUpClass): 201 POST http://10.180.1.21/identity/v3/users 0.056s
2024-12-12 08:50:41.761 65959 INFO tempest.lib.common.rest_client [req-cc4697ef-c9cb-4fd1-afb7-769572c37be0 req-cc4697ef-c9cb-4fd1-afb7-769572c37be0 ] Request (VolumesAssistedSnapshotsTest:test_volume_assisted_snapshot_create_delete): 200 GET http://10.180.1.21/volume/v3/volumes/faec7efd-669d-4d9b-bee2-e764544ac2d1 0.192s
2024-12-12 08:50:41.763 65973 INFO tempest.lib.common.rest_client [req-aeba611e-811a-414a-b891-cbbdb3db6e2f req-aeba611e-811a-414a-b891-cbbdb3db6e2f ] Request (InstanceUsageAuditLogTestJSON:setUpClass): 204 PUT http://10.180.1.21/identity/v3/projects/aab9d4e33f5f4a4ea86963f6e5eda894/users/0622b66ee6a443faa44c9340fc374476/roles/64d7ef2da15549a994f0ad9aa4337af4 0.073s
2024-12-12 08:50:41.770 65959 INFO tempest.common.waiters [-] volume faec7efd-669d-4d9b-bee2-e764544ac2d1 reached available after waiting for 1.770625 seconds
2024-12-12 08:50:41.779 65915 INFO tempest.lib.common.rest_client [req-eee979c3-ad53-4a45-a35e-dccb16f1ced7 req-eee979c3-ad53-4a45-a35e-dccb16f1ced7 ] Request (FlavorsAccessTestJSON:_run_cleanups): 202 DELETE http://10.180.1.21/compute/v2.1/flavors/1254464972 1.561s
2024-12-12 08:50:41.784 65913 INFO tempest.lib.common.rest_client [req-5eb926c4-271f-4208-9f72-4b3308c33c53 req-5eb926c4-271f-4208-9f72-4b3308c33c53 ] Request (HostsAdminNegativeTestJSON:test_shutdown_host_with_non_admin_user): 403 GET http://10.180.1.21/compute/v2.1/os-hosts/devstack/shutdown 1.555s
2024-12-12 08:50:41.815 65929 INFO tempest.lib.common.rest_client [req-eb4af0e0-a49c-4d63-ab87-49a100651639 req-eb4af0e0-a49c-4d63-ab87-49a100651639 ] Request (ServerExternalEventsTest:setUpClass): 200 GET http://10.180.1.21/identity/v3/roles 0.062s
2024-12-12 08:50:41.818 65973 INFO tempest.lib.common.rest_client [req-f127cd29-a640-451c-a03c-733c85fba7d2 req-f127cd29-a640-451c-a03c-733c85fba7d2 ] Request (InstanceUsageAuditLogTestJSON:setUpClass): 200 GET http://10.180.1.21/identity/v3/roles 0.054s
2024-12-12 08:50:41.850 65929 INFO tempest.lib.common.rest_client [req-4d2b1c2a-5be9-454a-8f13-492d979586ff req-4d2b1c2a-5be9-454a-8f13-492d979586ff ] Request (ServerExternalEventsTest:setUpClass): 204 PUT http://10.180.1.21/identity/v3/projects/09b4ee5d0b40464bbc0808385555adb5/users/5437fe8831374de885ecb0ecad70418b/roles/64d7ef2da15549a994f0ad9aa4337af4 0.034s
2024-12-12 08:50:41.899 65953 INFO tempest.lib.common.rest_client [req-2c1eb455-2c97-41bc-a6b0-0f11cd794034 req-2c1eb455-2c97-41bc-a6b0-0f11cd794034 ] Request (SecurityGroupRulesTestJSON:test_security_group_rules_create_with_optional_group_id): 200 POST http://10.180.1.21/compute/v2.1/os-security-groups 1.879s
2024-12-12 08:50:41.903 65973 INFO tempest.lib.common.rest_client [req-20188ec9-d037-4fd5-891c-e2ab978983da req-20188ec9-d037-4fd5-891c-e2ab978983da ] Request (InstanceUsageAuditLogTestJSON:setUpClass): 204 PUT http://10.180.1.21/identity/v3/projects/aab9d4e33f5f4a4ea86963f6e5eda894/users/0622b66ee6a443faa44c9340fc374476/roles/64d7ef2da15549a994f0ad9aa4337af4 0.084s
2024-12-12 08:50:41.903 65973 INFO tempest.lib.common.dynamic_creds [-] Dynamic test user 0622b66ee6a443faa44c9340fc374476 is created with scope project and roles: ['admin']
2024-12-12 08:50:41.904 65973 INFO tempest.lib.common.dynamic_creds [-] Acquired dynamic creds: credentials: Credentials: {'domain_id': 'default', 'domain_name': 'Default', 'username': 'tempest-InstanceUsageAuditLogTestJSON-266647874-project-admin', 'project_domain_id': 'default', 'project_domain_name': 'Default', 'project_id': 'aab9d4e33f5f4a4ea86963f6e5eda894', 'project_name': 'tempest-InstanceUsageAuditLogTestJSON-266647874', 'tenant_id': 'aab9d4e33f5f4a4ea86963f6e5eda894', 'tenant_name': 'tempest-InstanceUsageAuditLogTestJSON-266647874', 'user_domain_id': 'default', 'user_domain_name': 'Default', 'user_id': '0622b66ee6a443faa44c9340fc374476', 'system': None}, Network: None, Subnet: None, Router: None
2024-12-12 08:50:41.904 65973 INFO tempest.lib.common.dynamic_creds [-] Created isolated network resources for: credentials: Credentials: {'domain_id': 'default', 'domain_name': 'Default', 'username': 'tempest-InstanceUsageAuditLogTestJSON-266647874-project-admin', 'project_domain_id': 'default', 'project_domain_name': 'Default', 'project_id': 'aab9d4e33f5f4a4ea86963f6e5eda894', 'project_name': 'tempest-InstanceUsageAuditLogTestJSON-266647874', 'tenant_id': 'aab9d4e33f5f4a4ea86963f6e5eda894', 'tenant_name': 'tempest-InstanceUsageAuditLogTestJSON-266647874', 'user_domain_id': 'default', 'user_domain_name': 'Default', 'user_id': '0622b66ee6a443faa44c9340fc374476', 'system': None}, Network: None, Subnet: None, Router: None
2024-12-12 08:50:41.926 65939 INFO tempest.lib.common.rest_client [req-6ddad034-0ca8-4c4d-81f4-67837f34f992 req-6ddad034-0ca8-4c4d-81f4-67837f34f992 ] Request (KeyPairsV210TestJSON:_run_cleanups): 204 DELETE http://10.180.1.21/compute/v2.1/os-keypairs/tempest-KeyPairsV210TestJSON-keypair-1059748683 1.677s
2024-12-12 08:50:41.956 65929 INFO tempest.lib.common.rest_client [req-ed168a7f-d7bb-4431-bb6f-c53de7e75a70 req-ed168a7f-d7bb-4431-bb6f-c53de7e75a70 ] Request (ServerExternalEventsTest:setUpClass): 200 GET http://10.180.1.21/identity/v3/roles 0.105s
2024-12-12 08:50:41.973 65917 INFO tempest.lib.common.rest_client [req-a9dd2e1b-afb2-442f-a4dd-d6b65786727f req-a9dd2e1b-afb2-442f-a4dd-d6b65786727f ] Request (ServersWithSpecificFlavorTestJSON:test_verify_created_server_ephemeral_disk): 200 POST http://10.180.1.21/compute/v2.1/flavors 1.729s
2024-12-12 08:50:42.035 65973 INFO tempest.lib.common.rest_client [req-69a193c9-dbaf-4ce1-9cb2-97e9c0354c8c req-69a193c9-dbaf-4ce1-9cb2-97e9c0354c8c ] Request (InstanceUsageAuditLogTestJSON:setUpClass): 201 POST http://10.180.1.21/identity/v3/auth/tokens 0.127s
2024-12-12 08:50:42.053 65929 INFO tempest.lib.common.rest_client [req-9d27f4f8-0c34-40f9-85e0-945273a59e17 req-9d27f4f8-0c34-40f9-85e0-945273a59e17 ] Request (ServerExternalEventsTest:setUpClass): 204 PUT http://10.180.1.21/identity/v3/projects/09b4ee5d0b40464bbc0808385555adb5/users/5437fe8831374de885ecb0ecad70418b/roles/aa72823d6d7a44188c61592323b656f5 0.096s
2024-12-12 08:50:42.053 65929 INFO tempest.lib.common.dynamic_creds [-] Dynamic test user 5437fe8831374de885ecb0ecad70418b is created with scope project and roles: ['admin', 'service']
2024-12-12 08:50:42.053 65929 INFO tempest.lib.common.dynamic_creds [-] Acquired dynamic creds: credentials: Credentials: {'domain_id': 'default', 'domain_name': 'Default', 'username': 'tempest-ServerExternalEventsTest-644513601-project', 'project_domain_id': 'default', 'project_domain_name': 'Default', 'project_id': '09b4ee5d0b40464bbc0808385555adb5', 'project_name': 'tempest-ServerExternalEventsTest-644513601', 'tenant_id': '09b4ee5d0b40464bbc0808385555adb5', 'tenant_name': 'tempest-ServerExternalEventsTest-644513601', 'user_domain_id': 'default', 'user_domain_name': 'Default', 'user_id': '5437fe8831374de885ecb0ecad70418b', 'system': None}, Network: None, Subnet: None, Router: None
2024-12-12 08:50:42.053 65929 INFO tempest.lib.common.dynamic_creds [-] Created isolated network resources for: credentials: Credentials: {'domain_id': 'default', 'domain_name': 'Default', 'username': 'tempest-ServerExternalEventsTest-644513601-project', 'project_domain_id': 'default', 'project_domain_name': 'Default', 'project_id': '09b4ee5d0b40464bbc0808385555adb5', 'project_name': 'tempest-ServerExternalEventsTest-644513601', 'tenant_id': '09b4ee5d0b40464bbc0808385555adb5', 'tenant_name': 'tempest-ServerExternalEventsTest-644513601', 'user_domain_id': 'default', 'user_domain_name': 'Default', 'user_id': '5437fe8831374de885ecb0ecad70418b', 'system': None}, Network: None, Subnet: None, Router: None
2024-12-12 08:50:42.070 65955 INFO tempest.lib.common.rest_client [req-39a2366e-4b0c-4479-962d-d3f42236f688 req-39a2366e-4b0c-4479-962d-d3f42236f688 ] Request (TenantUsagesTestJSON:setUpClass): 200 GET http://10.180.1.21/compute/v2.1/servers/dab12e8d-e1ee-4b66-ade6-927924c76226 1.482s
2024-12-12 08:50:42.077 65955 INFO tempest.common.waiters [-] State transition "BUILD/None" ==> "BUILD/block_device_mapping" after 5 second wait
2024-12-12 08:50:42.101 65933 INFO tempest.lib.common.rest_client [req-a21b5f9b-75fd-41db-8ae2-2e72e7aeddac req-a21b5f9b-75fd-41db-8ae2-2e72e7aeddac ] Request (KeyPairsV22TestJSON:test_get_keypair_detail): 201 POST http://10.180.1.21/compute/v2.1/os-keypairs 1.556s
2024-12-12 08:50:42.149 65929 INFO tempest.lib.common.rest_client [req-51a4daf1-3c6d-40bd-a4f6-2409127e0bb9 req-51a4daf1-3c6d-40bd-a4f6-2409127e0bb9 ] Request (ServerExternalEventsTest:setUpClass): 201 POST http://10.180.1.21/identity/v3/auth/tokens 0.091s
