2024-12-12 08:51:21.436 65943 INFO tempest.lib.common.rest_client [req-856a0db8-341f-4f01-a554-3f6fba44a24a req-856a0db8-341f-4f01-a554-3f6fba44a24a ] Request (AggregatesAdminNegativeTestJSON:test_aggregate_remove_host_as_user): 200 POST http://10.180.1.21/compute/v2.1/os-aggregates 1.604s
2024-12-12 08:51:21.503 65953 INFO tempest.lib.common.rest_client [req-84e5762d-2e41-4f82-ade5-39076beaceaf req-84e5762d-2e41-4f82-ade5-39076beaceaf ] Request (SecurityGroupRulesTestJSON:tearDownClass): 204 DELETE http://10.180.1.21:9696/networking/v2.0/security-groups/aabfef93-8098-4c93-a7ab-52e19e644047 0.173s
2024-12-12 08:51:21.505 65933 INFO tempest.lib.common.rest_client [req-df912a11-1f12-4ef3-858e-fc0ddfa9576f req-df912a11-1f12-4ef3-858e-fc0ddfa9576f ] Request (ServerGroupTestJSON:setUpClass): 201 POST http://10.180.1.21/identity/v3/auth/tokens 0.078s
2024-12-12 08:51:21.505 65919 INFO tempest.lib.common.rest_client [req-b32d21e9-31f9-49f0-a868-5267e6354ecc req-b32d21e9-31f9-49f0-a868-5267e6354ecc ] Request (DeleteServersAdminTestJSON:test_delete_server_while_in_error_state): 200 GET http://10.180.1.21/compute/v2.1/servers/2c9f54be-e225-470a-a0cd-3af6b52a3a02 1.606s
2024-12-12 08:51:21.536 65941 INFO tempest.lib.common.rest_client [req-127e898b-59ec-48bb-8eee-c532ca3c847a req-127e898b-59ec-48bb-8eee-c532ca3c847a ] Request (FlavorsAdminTestJSON:_run_cleanups): 200 GET http://10.180.1.21/compute/v2.1/flavors/detail 1.394s
2024-12-12 08:51:21.542 65933 INFO tempest.lib.common.rest_client [req-35a0a469-c269-4e46-aac5-59f675a11b15 req-35a0a469-c269-4e46-aac5-59f675a11b15 ] Request (ServerGroupTestJSON:setUpClass): 201 POST http://10.180.1.21/identity/v3/auth/tokens 0.033s
2024-12-12 08:51:21.578 65933 INFO tempest.lib.common.rest_client [req-fa76fbd5-65cd-4605-a3ad-6425e0061126 req-fa76fbd5-65cd-4605-a3ad-6425e0061126 ] Request (ServerGroupTestJSON:setUpClass): 200 GET http://10.180.1.21/identity/v3/domains?name=Default 0.036s
2024-12-12 08:51:21.599 65953 INFO tempest.lib.common.rest_client [req-607c8fd0-2870-4b24-abe8-b3e4a8e08d83 req-607c8fd0-2870-4b24-abe8-b3e4a8e08d83 ] Request (SecurityGroupRulesTestJSON:tearDownClass): 204 DELETE http://10.180.1.21/identity/v3/projects/31712032729c42428a281752a9dc8dfa 0.096s
2024-12-12 08:51:21.626 65921 INFO tempest.lib.common.rest_client [req-edb55f0a-63a6-47e2-9b4e-20a496be8784 req-edb55f0a-63a6-47e2-9b4e-20a496be8784 ] Request (ServersNegativeTestJSON:setUpClass): 200 GET http://10.180.1.21/compute/v2.1/servers/c72d4834-d20f-4995-a788-8a51ad8a447a 1.429s
2024-12-12 08:51:21.636 65931 INFO tempest.lib.common.rest_client [req-b78c607a-6111-462f-bace-49c2a123cf49 req-b78c607a-6111-462f-bace-49c2a123cf49 ] Request (SecurityGroupsTestJSON:test_list_security_groups_by_server): 202 POST http://10.180.1.21/compute/v2.1/servers/8aeef358-e8ad-473e-b881-1650be5e7121/action 1.887s
2024-12-12 08:51:21.647 65921 INFO tempest.common.waiters [-] State transition "BUILD/scheduling" ==> "BUILD/None" after 10 second wait
2024-12-12 08:51:21.694 65967 INFO tempest.lib.common.rest_client [req-2488eca4-86e2-48e8-bf12-2985e59f6753 req-2488eca4-86e2-48e8-bf12-2985e59f6753 ] Request (VolumesGetTestJSON:test_volume_create_get_delete): 200 GET http://10.180.1.21/compute/v2.1/os-volumes/61f12f3e-8881-4ebe-8990-8e0363599e63 1.437s
2024-12-12 08:51:21.739 65941 INFO tempest.lib.common.rest_client [req-5886af8f-82b3-4a8b-baf8-cf9bbae0b886 req-5886af8f-82b3-4a8b-baf8-cf9bbae0b886 ] Request (FlavorsAdminTestJSON:tearDownClass): 204 DELETE http://10.180.1.21/identity/v3/users/1784ce3fd5284c4a932b97f2eade30f0 0.197s
2024-12-12 08:51:21.748 65933 INFO tempest.lib.common.rest_client [req-317ee121-7d52-4932-855d-4b0ff00bf578 req-317ee121-7d52-4932-855d-4b0ff00bf578 ] Request (ServerGroupTestJSON:setUpClass): 201 POST http://10.180.1.21/identity/v3/projects 0.170s
2024-12-12 08:51:21.784 65962 INFO tempest.lib.common.rest_client [req-44092394-6974-44cd-a634-d695797cd166 req-44092394-6974-44cd-a634-d695797cd166 ] Request (ServerDiagnosticsNegativeTest:tearDownClass): 200 GET http://10.180.1.21/compute/v2.1/servers/013b93d7-2e56-4673-88fa-9358ca07d68a 1.498s
2024-12-12 08:51:21.807 65953 INFO tempest.lib.common.rest_client [req-d9b8f3ae-b066-4209-86d1-277c30524696 req-d9b8f3ae-b066-4209-86d1-277c30524696 ] Request (AttachInterfacesV270Test:setUpClass): 201 POST http://10.180.1.21/identity/v3/auth/tokens 0.205s
2024-12-12 08:51:21.854 65933 INFO tempest.lib.common.rest_client [req-3dcc4d44-4c15-4b32-a5dc-eb6427b53e42 req-3dcc4d44-4c15-4b32-a5dc-eb6427b53e42 ] Request (ServerGroupTestJSON:setUpClass): 201 POST http://10.180.1.21/identity/v3/users 0.104s
2024-12-12 08:51:21.882 65969 INFO tempest.lib.common.rest_client [req-5f990e62-df21-4ae5-a3ed-d3913b137df1 req-5f990e62-df21-4ae5-a3ed-d3913b137df1 ] Request (ServerDiagnosticsV248Test:tearDownClass): 200 GET http://10.180.1.21/compute/v2.1/servers/b8cd31ce-22db-49c3-9b5c-13cf72a8d18e 1.490s
2024-12-12 08:51:21.885 65933 INFO tempest.lib.common.rest_client [req-e06a0bf5-7197-45f5-8bdb-d6c11d0a51e4 req-e06a0bf5-7197-45f5-8bdb-d6c11d0a51e4 ] Request (ServerGroupTestJSON:setUpClass): 200 GET http://10.180.1.21/identity/v3/roles 0.031s
2024-12-12 08:51:21.912 65941 INFO tempest.lib.common.rest_client [req-199df031-e08c-467f-a135-ad285e921f1e req-199df031-e08c-467f-a135-ad285e921f1e ] Request (FlavorsAdminTestJSON:tearDownClass): 204 DELETE http://10.180.1.21/identity/v3/users/e981fd448147484fbeed2daafa5ffb35 0.172s
2024-12-12 08:51:21.912 65941 INFO tempest.lib.common.dynamic_creds [-] Deleting project and security group for project: 283da3b09da6474589fee17a9b2336ce
2024-12-12 08:51:21.930 65939 INFO tempest.lib.common.rest_client [req-c16bffd7-df86-49bb-877d-48b14d9599e8 req-c16bffd7-df86-49bb-877d-48b14d9599e8 ] Request (QuotasAdminNegativeTest:test_create_server_when_memory_quota_is_full): 403 POST http://10.180.1.21/compute/v2.1/servers 1.698s
2024-12-12 08:51:21.982 65947 INFO tempest.lib.common.rest_client [req-1e47da3b-a942-48c6-9d5e-51fdfac439ac req-1e47da3b-a942-48c6-9d5e-51fdfac439ac ] Request (ServersAdminTestJSON:setUpClass): 200 GET http://10.180.1.21/compute/v2.1/servers/a72423b0-ebdf-48cc-a7f4-572c5fc398f3 1.521s
2024-12-12 08:51:21.991 65947 INFO tempest.common.waiters [-] State transition "BUILD/scheduling" ==> "BUILD/None" after 9 second wait
2024-12-12 08:51:21.999 65953 INFO tempest.lib.common.rest_client [req-ed9679bd-03f8-4195-89d8-34f7933414d1 req-ed9679bd-03f8-4195-89d8-34f7933414d1 ] Request (AttachInterfacesV270Test:setUpClass): 201 POST http://10.180.1.21/identity/v3/auth/tokens 0.142s
2024-12-12 08:51:22.008 65933 INFO tempest.lib.common.rest_client [req-dc303098-c0b9-4354-86a4-78e4b9961255 req-dc303098-c0b9-4354-86a4-78e4b9961255 ] Request (ServerGroupTestJSON:setUpClass): 204 PUT http://10.180.1.21/identity/v3/projects/72315a94a87b4fc5a51d46d99d6cf965/users/53ba8ab8d12f4bc3b9158789033f158d/roles/1d47d5b2b5ee4c5e893228f4eea4b289 0.123s
2024-12-12 08:51:22.009 65933 INFO tempest.lib.common.dynamic_creds [-] Dynamic test user 53ba8ab8d12f4bc3b9158789033f158d is created with scope project and roles: ['member']
2024-12-12 08:51:22.009 65933 INFO tempest.lib.common.dynamic_creds [-] Acquired dynamic creds: credentials: Credentials: {'domain_id': 'default', 'domain_name': 'Default', 'username': 'tempest-ServerGroupTestJSON-1908300963-project-member', 'project_domain_id': 'default', 'project_domain_name': 'Default', 'project_id': '72315a94a87b4fc5a51d46d99d6cf965', 'project_name': 'tempest-ServerGroupTestJSON-1908300963', 'tenant_id': '72315a94a87b4fc5a51d46d99d6cf965', 'tenant_name': 'tempest-ServerGroupTestJSON-1908300963', 'user_domain_id': 'default', 'user_domain_name': 'Default', 'user_id': '53ba8ab8d12f4bc3b9158789033f158d', 'system': None}, Network: None, Subnet: None, Router: None
2024-12-12 08:51:22.026 65925 INFO tempest.lib.common.rest_client [req-8264aca6-3b98-4243-9f0d-dc3f3d6e5eb4 req-8264aca6-3b98-4243-9f0d-dc3f3d6e5eb4 ] Request (ServersTestMultiNic:test_verify_duplicate_network_nics): 200 GET http://10.180.1.21/compute/v2.1/servers/f20c13d7-c359-497f-a373-6b079740c4c3 1.273s
2024-12-12 08:51:22.072 65953 INFO tempest.lib.common.rest_client [req-f4633d3f-45f5-4fe9-8749-7b044aba3eee req-f4633d3f-45f5-4fe9-8749-7b044aba3eee ] Request (AttachInterfacesV270Test:setUpClass): 200 GET http://10.180.1.21/identity/v3/domains?name=Default 0.071s
2024-12-12 08:51:22.097 65941 INFO tempest.lib.common.rest_client [req-5750a9c0-3d51-4b4f-b338-a933816d8347 req-5750a9c0-3d51-4b4f-b338-a933816d8347 ] Request (FlavorsAdminTestJSON:tearDownClass): 201 POST http://10.180.1.21/identity/v3/auth/tokens 0.185s
2024-12-12 08:51:22.108 65933 INFO tempest.lib.common.rest_client [req-3bfea1a7-14fb-49b5-bb6f-9c482eacf32c req-3bfea1a7-14fb-49b5-bb6f-9c482eacf32c ] Request (ServerGroupTestJSON:setUpClass): 201 POST http://10.180.1.21/identity/v3/auth/tokens 0.098s
2024-12-12 08:51:22.116 65935 INFO tempest.lib.common.rest_client [req-b3ee2948-336e-4ac6-addb-38820554f541 req-b3ee2948-336e-4ac6-addb-38820554f541 ] Request (FloatingIPsNegativeTestJSON:tearDownClass): 200 PUT http://10.180.1.21:9696/networking/v2.0/routers/b1fc1b28-91b2-4296-ade3-5fa369769251/remove_router_interface 2.243s
2024-12-12 08:51:22.138 65953 INFO tempest.lib.common.rest_client [req-f6fb985f-8845-42bb-8a86-a4b79cf74f7a req-f6fb985f-8845-42bb-8a86-a4b79cf74f7a ] Request (AttachInterfacesV270Test:setUpClass): 201 POST http://10.180.1.21/identity/v3/projects 0.066s
2024-12-12 08:51:22.155 65915 INFO tempest.lib.common.rest_client [req-624e0943-51a6-4338-9c76-4c170918ee03 req-624e0943-51a6-4338-9c76-4c170918ee03 ] Request (ServersTestBootFromVolume:setUpClass): 200 GET http://10.180.1.21/volume/v3/volumes/b55ab138-300d-4a32-93f7-cfaa1422f234 0.054s
2024-12-12 08:51:22.211 65955 INFO tempest.lib.common.rest_client [req-faf006cf-6d18-4373-b68a-2cb2b7a33cd9 req-faf006cf-6d18-4373-b68a-2cb2b7a33cd9 ] Request (TenantUsagesTestJSON:tearDownClass): 200 GET http://10.180.1.21/compute/v2.1/servers/dab12e8d-e1ee-4b66-ade6-927924c76226 1.380s
2024-12-12 08:51:22.278 65951 INFO tempest.lib.common.rest_client [req-f5c7a627-09f9-4197-b923-d158f36838a9 req-f5c7a627-09f9-4197-b923-d158f36838a9 ] Request (ImagesMetadataTestJSON:setUp): 200 PUT http://10.180.1.21/compute/v2.1/images/b9b8454a-dfc5-4698-bf8a-f6449d7a0b60/metadata 1.515s
2024-12-12 08:51:22.312 65953 INFO tempest.lib.common.rest_client [req-1cd903ce-6574-4e64-b34f-2cb330948229 req-1cd903ce-6574-4e64-b34f-2cb330948229 ] Request (AttachInterfacesV270Test:setUpClass): 201 POST http://10.180.1.21/identity/v3/users 0.173s
2024-12-12 08:51:22.330 65913 INFO tempest.lib.common.rest_client [req-b994f1e0-05f1-4cef-b6cb-ff713441f09b req-b994f1e0-05f1-4cef-b6cb-ff713441f09b ] Request (ImagesNegativeTestJSON:test_create_image_from_deleted_server): 200 GET http://10.180.1.21/compute/v2.1/servers/bf540bc1-d046-4e73-85b4-2306575ff4bf 1.495s
2024-12-12 08:51:22.334 65953 INFO tempest.lib.common.rest_client [req-43df9451-9f59-4aaa-af3c-ad1417d7edea req-43df9451-9f59-4aaa-af3c-ad1417d7edea ] Request (AttachInterfacesV270Test:setUpClass): 200 GET http://10.180.1.21/identity/v3/roles 0.022s
2024-12-12 08:51:22.395 65953 INFO tempest.lib.common.rest_client [req-54848d90-79b2-4ac7-8f20-464c716cb49c req-54848d90-79b2-4ac7-8f20-464c716cb49c ] Request (AttachInterfacesV270Test:setUpClass): 204 PUT http://10.180.1.21/identity/v3/projects/5a96ef1b9b8647e9bb122820f4e95572/users/197f1db4f3d94fb9ad36740facf11be7/roles/1d47d5b2b5ee4c5e893228f4eea4b289 0.060s
2024-12-12 08:51:22.395 65953 INFO tempest.lib.common.dynamic_creds [-] Dynamic test user 197f1db4f3d94fb9ad36740facf11be7 is created with scope project and roles: ['member']
2024-12-12 08:51:22.396 65953 INFO tempest.lib.common.dynamic_creds [-] Acquired dynamic creds: credentials: Credentials: {'domain_id': 'default', 'domain_name': 'Default', 'username': 'tempest-AttachInterfacesV270Test-216091697-project-member', 'project_domain_id': 'default', 'project_domain_name': 'Default', 'project_id': '5a96ef1b9b8647e9bb122820f4e95572', 'project_name': 'tempest-AttachInterfacesV270Test-216091697', 'tenant_id': '5a96ef1b9b8647e9bb122820f4e95572', 'tenant_name': 'tempest-AttachInterfacesV270Test-216091697', 'user_domain_id': 'default', 'user_domain_name': 'Default', 'user_id': '197f1db4f3d94fb9ad36740facf11be7', 'system': None}, Network: None, Subnet: None, Router: None
2024-12-12 08:51:22.465 65953 INFO tempest.lib.common.rest_client [req-ed717520-7b85-406d-ba66-a8d426181936 req-ed717520-7b85-406d-ba66-a8d426181936 ] Request (AttachInterfacesV270Test:setUpClass): 201 POST http://10.180.1.21/identity/v3/auth/tokens 0.069s
2024-12-12 08:51:22.483 65911 INFO tempest.lib.common.rest_client [req-35940fd6-5116-43fe-ac58-9532b9334b27 req-35940fd6-5116-43fe-ac58-9532b9334b27 ] Request (ServersTestManualDisk:setUpClass): 200 POST http://10.180.1.21/compute/v2.1/os-keypairs 1.558s
2024-12-12 08:51:22.585 65971 INFO tempest.lib.common.rest_client [req-9bd130a0-ddda-4c2a-844c-50eda232379d req-9bd130a0-ddda-4c2a-844c-50eda232379d ] Request (ServerRescueTestJSONUnderV235:setUpClass): 200 GET http://10.180.1.21/compute/v2.1/servers/39717793-ae0a-40bc-b0f0-59ffa48bfdbb 1.330s
2024-12-12 08:51:22.655 65927 INFO tempest.lib.common.rest_client [req-8f9eff60-6c3c-4b50-aedb-3583bbf88018 req-8f9eff60-6c3c-4b50-aedb-3583bbf88018 ] Request (ServerDiagnosticsTest:tearDownClass): 204 DELETE http://10.180.1.21/compute/v2.1/servers/ad322ef9-6cce-40fd-a9cc-47ffb555c1bc 1.276s
2024-12-12 08:51:22.676 65917 INFO tempest.lib.common.rest_client [req-c2c9bd7f-05ec-428b-9180-99b83d8b9ed5 req-c2c9bd7f-05ec-428b-9180-99b83d8b9ed5 ] Request (ServersWithSpecificFlavorTestJSON:test_verify_created_server_ephemeral_disk): 200 GET http://10.180.1.21/compute/v2.1/servers/db9a0aff-1f68-4e7b-b36a-b133d6f4c822 1.529s
2024-12-12 08:51:22.770 65941 INFO tempest.lib.common.rest_client [req-fc4dafc1-a9e0-496f-a36b-e2742b2e678b req-fc4dafc1-a9e0-496f-a36b-e2742b2e678b ] Request (FlavorsAdminTestJSON:tearDownClass): 200 GET http://10.180.1.21:9696/networking/v2.0/security-groups?tenant_id=283da3b09da6474589fee17a9b2336ce&name=default 0.671s
2024-12-12 08:51:22.799 65943 INFO tempest.lib.common.rest_client [req-bf29e6fc-65e8-4e13-9d0d-769eb298d2ef req-bf29e6fc-65e8-4e13-9d0d-769eb298d2ef ] Request (AggregatesAdminNegativeTestJSON:test_aggregate_remove_host_as_user): 200 POST http://10.180.1.21/compute/v2.1/os-aggregates/7/action 1.360s
2024-12-12 08:51:22.992 65911 INFO tempest.lib.common.rest_client [req-7e6ee0d1-49ac-4b28-8976-0c31c7d572a2 req-7e6ee0d1-49ac-4b28-8976-0c31c7d572a2 ] Request (ServersTestManualDisk:setUpClass): 201 POST http://10.180.1.21:9696/networking/v2.0/security-groups 0.507s
2024-12-12 08:51:23.094 65963 INFO tempest.lib.common.rest_client [req-5b3f0334-1fbc-4012-bf75-90a0712b803b req-5b3f0334-1fbc-4012-bf75-90a0712b803b ] Request (MigrationsAdminTest:test_list_migrations_in_flavor_resize_situation): 200 GET http://10.180.1.21/compute/v2.1/servers/cbd7ef0e-8619-4b1e-a352-371976e32dbe 1.511s
2024-12-12 08:51:23.137 65933 INFO tempest.lib.common.rest_client [req-b25352be-b172-492a-881a-b235a9fb1cb9 req-b25352be-b172-492a-881a-b235a9fb1cb9 ] Request (ServerGroupTestJSON:setUpClass): 201 POST http://10.180.1.21:9696/networking/v2.0/networks 1.028s
2024-12-12 08:51:23.177 65957 INFO tempest.lib.common.rest_client [req-fae5a0b4-314b-470f-9e59-19b838f4bee4 req-fae5a0b4-314b-470f-9e59-19b838f4bee4 ] Request (ServerAddressesTestJSON:setUpClass): 201 POST http://10.180.1.21:9696/networking/v2.0/routers 2.769s
2024-12-12 08:51:23.193 65967 INFO tempest.lib.common.rest_client [req-c7d5de94-12ba-472e-9d41-5645ff33db82 req-c7d5de94-12ba-472e-9d41-5645ff33db82 ] Request (VolumesGetTestJSON:tearDownClass): 202 DELETE http://10.180.1.21/compute/v2.1/os-volumes/61f12f3e-8881-4ebe-8990-8e0363599e63 1.491s
2024-12-12 08:51:23.199 65915 INFO tempest.lib.common.rest_client [req-4d0288d1-9254-4687-90d7-e126a0aa59bc req-4d0288d1-9254-4687-90d7-e126a0aa59bc ] Request (ServersTestBootFromVolume:setUpClass): 200 GET http://10.180.1.21/volume/v3/volumes/b55ab138-300d-4a32-93f7-cfaa1422f234 0.036s
2024-12-12 08:51:23.258 65941 INFO tempest.lib.common.rest_client [req-63bba206-d47a-4721-86ba-7937c9b50c80 req-63bba206-d47a-4721-86ba-7937c9b50c80 ] Request (FlavorsAdminTestJSON:tearDownClass): 204 DELETE http://10.180.1.21:9696/networking/v2.0/security-groups/59a45f68-b93c-4f6a-bcf8-afd2ac9d6cad 0.488s
2024-12-12 08:51:23.275 65949 WARNING tempest.lib.common.ssh [-] Failed to establish authenticated ssh connection to cirros@10.180.180.161 ([Errno None] Unable to connect to port 22 on 10.180.180.161). Number attempts: 3. Retry after 4 seconds.: paramiko.ssh_exception.NoValidConnectionsError: [Errno None] Unable to connect to port 22 on 10.180.180.161
2024-12-12 08:51:23.286 65911 INFO tempest.lib.common.rest_client [req-efb24ec1-0b95-4f90-be02-b03563acfffd req-efb24ec1-0b95-4f90-be02-b03563acfffd ] Request (ServersTestManualDisk:setUpClass): 201 POST http://10.180.1.21:9696/networking/v2.0/security-group-rules 0.293s
2024-12-12 08:51:23.301 65945 INFO tempest.lib.common.rest_client [req-4ca6e219-55f8-42c1-b18a-56df2ccae03b req-4ca6e219-55f8-42c1-b18a-56df2ccae03b ] Request (ServersAdminNegativeTestJSON:test_migrate_server_invalid_state): 200 GET http://10.180.1.21/compute/v2.1/servers/49698e96-7ce6-446b-9375-bd470d083d98 1.598s
2024-12-12 08:51:23.361 65941 INFO tempest.lib.common.rest_client [req-68c4b8c2-2d05-4839-af34-834b0832fd9f req-68c4b8c2-2d05-4839-af34-834b0832fd9f ] Request (FlavorsAdminTestJSON:tearDownClass): 204 DELETE http://10.180.1.21/identity/v3/projects/283da3b09da6474589fee17a9b2336ce 0.103s
2024-12-12 08:51:23.361 65941 INFO tempest.lib.common.dynamic_creds [-] Deleting project and security group for project: 429417eae8d542418b3abb30f4aeedc9
2024-12-12 08:51:23.468 65935 INFO tempest.lib.common.rest_client [req-104fabbd-901d-4731-86f4-c8c76d3f3eb3 req-104fabbd-901d-4731-86f4-c8c76d3f3eb3 ] Request (FloatingIPsNegativeTestJSON:tearDownClass): 204 DELETE http://10.180.1.21:9696/networking/v2.0/routers/b1fc1b28-91b2-4296-ade3-5fa369769251 1.352s
2024-12-12 08:51:23.492 65911 INFO tempest.lib.common.rest_client [req-a572754a-8f3e-468d-b60d-1ed8cc54f30b req-a572754a-8f3e-468d-b60d-1ed8cc54f30b ] Request (ServersTestManualDisk:setUpClass): 201 POST http://10.180.1.21:9696/networking/v2.0/security-group-rules 0.205s
2024-12-12 08:51:23.642 65935 INFO tempest.lib.common.rest_client [req-549e2a3d-58f5-4cfc-b6ab-ced2ef14c4d9 req-549e2a3d-58f5-4cfc-b6ab-ced2ef14c4d9 ] Request (FloatingIPsNegativeTestJSON:tearDownClass): 204 DELETE http://10.180.1.21:9696/networking/v2.0/subnets/fa7aa92d-5315-4b55-bafb-37e756baabde 0.173s
2024-12-12 08:51:23.669 65953 INFO tempest.lib.common.rest_client [req-1a7e3a7f-1a48-4662-a543-496c479b788e req-1a7e3a7f-1a48-4662-a543-496c479b788e ] Request (AttachInterfacesV270Test:setUpClass): 201 POST http://10.180.1.21:9696/networking/v2.0/networks 1.204s
2024-12-12 08:51:23.818 65937 INFO tempest.lib.common.rest_client [req-1858ec16-fd86-47be-8c27-ac301be9bbd1 req-1858ec16-fd86-47be-8c27-ac301be9bbd1 ] Request (ListServersNegativeTestJSON:setUpClass): 200 GET http://10.180.1.21/compute/v2.1/servers/69cfb9f6-e7ac-4e3b-b2d0-87614eb0c525 2.085s
2024-12-12 08:51:23.853 65923 WARNING tempest.lib.common.ssh [-] Failed to establish authenticated ssh connection to cirros@10.180.180.142 ([Errno None] Unable to connect to port 22 on 10.180.180.142). Number attempts: 1. Retry after 2 seconds.: paramiko.ssh_exception.NoValidConnectionsError: [Errno None] Unable to connect to port 22 on 10.180.180.142
2024-12-12 08:51:23.916 65959 WARNING tempest.lib.common.ssh [-] Failed to establish authenticated ssh connection to cirros@10.180.180.199 ([Errno None] Unable to connect to port 22 on 10.180.180.199). Number attempts: 2. Retry after 3 seconds.: paramiko.ssh_exception.NoValidConnectionsError: [Errno None] Unable to connect to port 22 on 10.180.180.199
2024-12-12 08:51:23.926 65941 INFO tempest.lib.common.rest_client [req-7c78970d-26e9-4e00-b20b-ca85d925f00a req-7c78970d-26e9-4e00-b20b-ca85d925f00a ] Request (FlavorsAdminTestJSON:tearDownClass): 200 GET http://10.180.1.21:9696/networking/v2.0/security-groups?tenant_id=429417eae8d542418b3abb30f4aeedc9&name=default 0.564s
2024-12-12 08:51:23.993 65935 INFO tempest.lib.common.rest_client [req-d12f53e7-209f-4138-99f1-b5a7a4ee8b16 req-d12f53e7-209f-4138-99f1-b5a7a4ee8b16 ] Request (FloatingIPsNegativeTestJSON:tearDownClass): 204 DELETE http://10.180.1.21:9696/networking/v2.0/networks/b6714b7a-5cc4-44c5-8fe8-e5a8eaef035c 0.351s
2024-12-12 08:51:23.997 65933 INFO tempest.lib.common.rest_client [req-3605f285-766a-4166-a022-521cbbf1be99 req-3605f285-766a-4166-a022-521cbbf1be99 ] Request (ServerGroupTestJSON:setUpClass): 201 POST http://10.180.1.21:9696/networking/v2.0/subnets 0.860s
2024-12-12 08:51:24.122 65939 INFO tempest.lib.common.rest_client [req-7d53691a-0643-4a6c-b263-23de9c969a9c req-7d53691a-0643-4a6c-b263-23de9c969a9c ] Request (QuotasAdminNegativeTest:_run_cleanups): 200 PUT http://10.180.1.21/compute/v2.1/os-quota-sets/2684f6ffa0394775b7e1f72e95de62c2 2.191s
2024-12-12 08:51:24.148 65931 INFO tempest.lib.common.rest_client [req-58cb6ce4-8e8b-4f4a-862e-4d6ca6504914 req-58cb6ce4-8e8b-4f4a-862e-4d6ca6504914 ] Request (SecurityGroupsTestJSON:test_list_security_groups_by_server): 202 POST http://10.180.1.21/compute/v2.1/servers/8aeef358-e8ad-473e-b881-1650be5e7121/action 2.511s
2024-12-12 08:51:24.168 65935 INFO tempest.lib.common.rest_client [req-67c1941a-544b-4435-a5e6-9325e6bf0f73 req-67c1941a-544b-4435-a5e6-9325e6bf0f73 ] Request (FloatingIPsNegativeTestJSON:tearDownClass): 204 DELETE http://10.180.1.21/identity/v3/users/3ca13dceef3d4940b1463be35ac94304 0.174s
2024-12-12 08:51:24.169 65935 INFO tempest.lib.common.dynamic_creds [-] Deleting project and security group for project: 7cee3634b30543e8ad92d420aa839b1e
2024-12-12 08:51:24.230 65929 INFO tempest.lib.common.rest_client [req-52b6cfa4-b70f-40b9-aefb-533a980f759f req-52b6cfa4-b70f-40b9-aefb-533a980f759f ] Request (ServerExternalEventsTest:tearDownClass): 200 GET http://10.180.1.21/compute/v2.1/servers/5a6b13f8-78f2-4269-bea2-382de8867386 2.176s
2024-12-12 08:51:24.236 65929 INFO tempest.common.waiters [-] State transition "ACTIVE/deleting" ==> "DELETED/None" after 9 second wait
2024-12-12 08:51:24.258 65915 INFO tempest.lib.common.rest_client [req-f1e7ce50-4a9f-42c1-9bab-f9c628c518f8 req-f1e7ce50-4a9f-42c1-9bab-f9c628c518f8 ] Request (ServersTestBootFromVolume:setUpClass): 200 GET http://10.180.1.21/volume/v3/volumes/b55ab138-300d-4a32-93f7-cfaa1422f234 0.051s
2024-12-12 08:51:24.276 65953 INFO tempest.lib.common.rest_client [req-e95b8367-acf1-45a5-84f8-87b72eff67ef req-e95b8367-acf1-45a5-84f8-87b72eff67ef ] Request (AttachInterfacesV270Test:setUpClass): 201 POST http://10.180.1.21:9696/networking/v2.0/subnets 0.606s
2024-12-12 08:51:24.311 65941 INFO tempest.lib.common.rest_client [req-cba3baf0-3daf-4247-95ef-997ffc431ff8 req-cba3baf0-3daf-4247-95ef-997ffc431ff8 ] Request (FlavorsAdminTestJSON:tearDownClass): 204 DELETE http://10.180.1.21:9696/networking/v2.0/security-groups/33af8722-73fe-46e0-a3f9-675a919f101d 0.385s
2024-12-12 08:51:24.326 65919 INFO tempest.lib.common.rest_client [req-9d4cbce6-1891-4790-8399-e35b7e84c562 req-9d4cbce6-1891-4790-8399-e35b7e84c562 ] Request (DeleteServersAdminTestJSON:test_delete_server_while_in_error_state): 200 GET http://10.180.1.21/compute/v2.1/servers/2c9f54be-e225-470a-a0cd-3af6b52a3a02 1.812s
2024-12-12 08:51:24.357 65935 INFO tempest.lib.common.rest_client [req-de1a6384-f914-450a-b076-b2d8e68ce49f req-de1a6384-f914-450a-b076-b2d8e68ce49f ] Request (FloatingIPsNegativeTestJSON:tearDownClass): 200 GET http://10.180.1.21:9696/networking/v2.0/security-groups?tenant_id=7cee3634b30543e8ad92d420aa839b1e&name=default 0.188s
2024-12-12 08:51:24.398 65921 INFO tempest.lib.common.rest_client [req-0d6c76e0-6c82-454e-9b3d-8aa32a887d1b req-0d6c76e0-6c82-454e-9b3d-8aa32a887d1b ] Request (ServersNegativeTestJSON:setUpClass): 200 GET http://10.180.1.21/compute/v2.1/servers/c72d4834-d20f-4995-a788-8a51ad8a447a 1.749s
2024-12-12 08:51:24.433 65941 INFO tempest.lib.common.rest_client [req-34fef3ce-028a-406e-96ed-bbe0eb42cae1 req-34fef3ce-028a-406e-96ed-bbe0eb42cae1 ] Request (FlavorsAdminTestJSON:tearDownClass): 204 DELETE http://10.180.1.21/identity/v3/projects/429417eae8d542418b3abb30f4aeedc9 0.122s
2024-12-12 08:51:24.492 65951 INFO tempest.lib.common.rest_client [req-314fed71-6823-44bf-9fdf-cf6c7755514e req-314fed71-6823-44bf-9fdf-cf6c7755514e ] Request (ImagesMetadataTestJSON:test_update_image_metadata): 200 POST http://10.180.1.21/compute/v2.1/images/b9b8454a-dfc5-4698-bf8a-f6449d7a0b60/metadata 2.212s
2024-12-12 08:51:24.505 65941 INFO tempest.lib.common.rest_client [req-c92b4372-bb74-40f5-bcb1-668c94d91e73 req-c92b4372-bb74-40f5-bcb1-668c94d91e73 ] Request (HypervisorAdminNegativeUnderV252Test:setUpClass): 201 POST http://10.180.1.21/identity/v3/auth/tokens 0.070s
2024-12-12 08:51:24.543 65941 INFO tempest.lib.common.rest_client [req-f2b3d463-783d-4faf-8b60-17cc2d9a9ec6 req-f2b3d463-783d-4faf-8b60-17cc2d9a9ec6 ] Request (HypervisorAdminNegativeUnderV252Test:setUpClass): 201 POST http://10.180.1.21/identity/v3/auth/tokens 0.035s
2024-12-12 08:51:24.581 65941 INFO tempest.lib.common.rest_client [req-762674fd-c9b1-469b-9c53-b68244d35933 req-762674fd-c9b1-469b-9c53-b68244d35933 ] Request (HypervisorAdminNegativeUnderV252Test:setUpClass): 200 GET http://10.180.1.21/identity/v3/domains?name=Default 0.037s
2024-12-12 08:51:24.605 65962 INFO tempest.lib.common.rest_client [req-099696f6-d551-4d90-8f73-e3026fd69f20 req-099696f6-d551-4d90-8f73-e3026fd69f20 ] Request (ServerDiagnosticsNegativeTest:tearDownClass): 200 GET http://10.180.1.21/compute/v2.1/servers/013b93d7-2e56-4673-88fa-9358ca07d68a 1.809s
2024-12-12 08:51:24.614 65943 INFO tempest.lib.common.rest_client [req-6b0714ed-4206-4113-946b-228cec5ed4a6 req-6b0714ed-4206-4113-946b-228cec5ed4a6 ] Request (AggregatesAdminNegativeTestJSON:test_aggregate_remove_host_as_user): 403 POST http://10.180.1.21/compute/v2.1/os-aggregates/7/action 1.813s
2024-12-12 08:51:24.618 65941 INFO tempest.lib.common.rest_client [req-1c37d8e0-3b47-4701-abcf-7bcb1e26ab96 req-1c37d8e0-3b47-4701-abcf-7bcb1e26ab96 ] Request (HypervisorAdminNegativeUnderV252Test:setUpClass): 201 POST http://10.180.1.21/identity/v3/projects 0.036s
2024-12-12 08:51:24.656 65927 INFO tempest.lib.common.rest_client [req-f5d7a2f2-29cb-4b92-9d24-ac48bcca32cc req-f5d7a2f2-29cb-4b92-9d24-ac48bcca32cc ] Request (ServerDiagnosticsTest:tearDownClass): 200 GET http://10.180.1.21/compute/v2.1/servers/ad322ef9-6cce-40fd-a9cc-47ffb555c1bc 2.001s
2024-12-12 08:51:24.695 65969 INFO tempest.lib.common.rest_client [req-4bbaa9a0-d0d9-48c2-b581-bc633dc67cbf req-4bbaa9a0-d0d9-48c2-b581-bc633dc67cbf ] Request (ServerDiagnosticsV248Test:tearDownClass): 200 GET http://10.180.1.21/compute/v2.1/servers/b8cd31ce-22db-49c3-9b5c-13cf72a8d18e 1.802s
2024-12-12 08:51:24.707 65969 INFO tempest.common.waiters [-] State transition "ACTIVE/deleting" ==> "DELETED/None" after 8 second wait
2024-12-12 08:51:24.709 65941 INFO tempest.lib.common.rest_client [req-0a39336f-ef52-42ad-b612-00d240e446c2 req-0a39336f-ef52-42ad-b612-00d240e446c2 ] Request (HypervisorAdminNegativeUnderV252Test:setUpClass): 201 POST http://10.180.1.21/identity/v3/users 0.091s
2024-12-12 08:51:24.714 65935 INFO tempest.lib.common.rest_client [req-2082f0ef-a111-4c3b-aaa4-122ee1fe4650 req-2082f0ef-a111-4c3b-aaa4-122ee1fe4650 ] Request (FloatingIPsNegativeTestJSON:tearDownClass): 204 DELETE http://10.180.1.21:9696/networking/v2.0/security-groups/3b66934e-01c5-44b4-b23e-b45e1451f578 0.357s
2024-12-12 08:51:24.724 65947 INFO tempest.lib.common.rest_client [req-60b2479c-2743-4bcd-91c5-2f866ddee65c req-60b2479c-2743-4bcd-91c5-2f866ddee65c ] Request (ServersAdminTestJSON:setUpClass): 200 GET http://10.180.1.21/compute/v2.1/servers/a72423b0-ebdf-48cc-a7f4-572c5fc398f3 1.732s
2024-12-12 08:51:24.733 65941 INFO tempest.lib.common.rest_client [req-5a41cbc4-be5d-4c3a-baa4-c863e7a01f31 req-5a41cbc4-be5d-4c3a-baa4-c863e7a01f31 ] Request (HypervisorAdminNegativeUnderV252Test:setUpClass): 200 GET http://10.180.1.21/identity/v3/roles 0.023s
2024-12-12 08:51:24.762 65925 INFO tempest.lib.common.rest_client [req-dbaf74b3-4507-4a49-aa9a-39e6a5390ee8 req-dbaf74b3-4507-4a49-aa9a-39e6a5390ee8 ] Request (ServersTestMultiNic:test_verify_duplicate_network_nics): 200 GET http://10.180.1.21/compute/v2.1/servers/f20c13d7-c359-497f-a373-6b079740c4c3 1.724s
2024-12-12 08:51:24.764 65967 INFO tempest.lib.common.rest_client [req-d5d3ada1-9dfb-4c28-9e8f-c70307d0b2c7 req-d5d3ada1-9dfb-4c28-9e8f-c70307d0b2c7 ] Request (VolumesGetTestJSON:tearDownClass): 404 GET http://10.180.1.21/compute/v2.1/os-volumes/61f12f3e-8881-4ebe-8990-8e0363599e63 1.571s
2024-12-12 08:51:24.773 65941 INFO tempest.lib.common.rest_client [req-dc814086-bf82-49bf-9c5c-4ee32d90e032 req-dc814086-bf82-49bf-9c5c-4ee32d90e032 ] Request (HypervisorAdminNegativeUnderV252Test:setUpClass): 204 PUT http://10.180.1.21/identity/v3/projects/31f55987422f4d93a436458e0dd6d501/users/45222f1d424c414f96d74eed720c919f/roles/1d47d5b2b5ee4c5e893228f4eea4b289 0.039s
2024-12-12 08:51:24.773 65941 INFO tempest.lib.common.dynamic_creds [-] Dynamic test user 45222f1d424c414f96d74eed720c919f is created with scope project and roles: ['member']
2024-12-12 08:51:24.773 65941 INFO tempest.lib.common.dynamic_creds [-] Acquired dynamic creds: credentials: Credentials: {'domain_id': 'default', 'domain_name': 'Default', 'username': 'tempest-HypervisorAdminNegativeUnderV252Test-1494226855-project-member', 'project_domain_id': 'default', 'project_domain_name': 'Default', 'project_id': '31f55987422f4d93a436458e0dd6d501', 'project_name': 'tempest-HypervisorAdminNegativeUnderV252Test-1494226855', 'tenant_id': '31f55987422f4d93a436458e0dd6d501', 'tenant_name': 'tempest-HypervisorAdminNegativeUnderV252Test-1494226855', 'user_domain_id': 'default', 'user_domain_name': 'Default', 'user_id': '45222f1d424c414f96d74eed720c919f', 'system': None}, Network: None, Subnet: None, Router: None
2024-12-12 08:51:24.774 65941 INFO tempest.lib.common.dynamic_creds [-] Created isolated network resources for: credentials: Credentials: {'domain_id': 'default', 'domain_name': 'Default', 'username': 'tempest-HypervisorAdminNegativeUnderV252Test-1494226855-project-member', 'project_domain_id': 'default', 'project_domain_name': 'Default', 'project_id': '31f55987422f4d93a436458e0dd6d501', 'project_name': 'tempest-HypervisorAdminNegativeUnderV252Test-1494226855', 'tenant_id': '31f55987422f4d93a436458e0dd6d501', 'tenant_name': 'tempest-HypervisorAdminNegativeUnderV252Test-1494226855', 'user_domain_id': 'default', 'user_domain_name': 'Default', 'user_id': '45222f1d424c414f96d74eed720c919f', 'system': None}, Network: None, Subnet: None, Router: None
2024-12-12 08:51:24.789 65911 INFO tempest.lib.common.rest_client [req-8bb218c5-4202-4af1-beb5-e4966528040c req-8bb218c5-4202-4af1-beb5-e4966528040c ] Request (ServersTestManualDisk:setUpClass): 201 POST http://10.180.1.21:9696/networking/v2.0/floatingips 1.296s
2024-12-12 08:51:24.815 65935 INFO tempest.lib.common.rest_client [req-52a3edb4-6cfb-471c-817b-8280da9643c2 req-52a3edb4-6cfb-471c-817b-8280da9643c2 ] Request (FloatingIPsNegativeTestJSON:tearDownClass): 204 DELETE http://10.180.1.21/identity/v3/projects/7cee3634b30543e8ad92d420aa839b1e 0.099s
2024-12-12 08:51:24.854 65913 INFO tempest.lib.common.rest_client [req-eadc269a-9b31-4062-8fc6-ced8406c27b5 req-eadc269a-9b31-4062-8fc6-ced8406c27b5 ] Request (ImagesNegativeTestJSON:test_create_image_from_deleted_server): 200 GET http://10.180.1.21/compute/v2.1/servers/bf540bc1-d046-4e73-85b4-2306575ff4bf 1.511s
2024-12-12 08:51:24.888 65955 INFO tempest.lib.common.rest_client [req-30e14da7-4cf4-4310-ba57-b7a5ba67209a req-30e14da7-4cf4-4310-ba57-b7a5ba67209a ] Request (TenantUsagesTestJSON:tearDownClass): 200 GET http://10.180.1.21/compute/v2.1/servers/dab12e8d-e1ee-4b66-ade6-927924c76226 1.667s
2024-12-12 08:51:24.948 65941 INFO tempest.lib.common.rest_client [req-2fbd6b8a-4e84-435b-86ce-d253a79fdce8 req-2fbd6b8a-4e84-435b-86ce-d253a79fdce8 ] Request (HypervisorAdminNegativeUnderV252Test:setUpClass): 201 POST http://10.180.1.21/identity/v3/auth/tokens 0.170s
2024-12-12 08:51:24.969 65971 INFO tempest.lib.common.rest_client [req-db1e2ddd-c962-4c0c-8d58-47effe2e6f2a req-db1e2ddd-c962-4c0c-8d58-47effe2e6f2a ] Request (ServerRescueTestJSONUnderV235:setUpClass): 200 GET http://10.180.1.21/compute/v2.1/servers/39717793-ae0a-40bc-b0f0-59ffa48bfdbb 1.373s
2024-12-12 08:51:25.024 65967 INFO tempest.lib.common.rest_client [req-1c0e02b0-7886-4036-828c-40820db73774 req-1c0e02b0-7886-4036-828c-40820db73774 ] Request (VolumesGetTestJSON:tearDownClass): 204 DELETE http://10.180.1.21/identity/v3/users/b4c2773f4c5946a8a51f896057c77141 0.259s
2024-12-12 08:51:25.025 65967 INFO tempest.lib.common.dynamic_creds [-] Deleting project and security group for project: a2840ac2e824489989ae6242e44247a1
2024-12-12 08:51:25.039 65911 INFO tempest.lib.common.rest_client [req-0b49bf5e-b6f9-4af2-8e81-b2eaba645ec8 req-0b49bf5e-b6f9-4af2-8e81-b2eaba645ec8 ] Request (ServersTestManualDisk:setUpClass): 201 POST http://10.180.1.21/identity/v3/auth/tokens 0.243s
2024-12-12 08:51:25.040 65911 INFO tempest.lib.common.fixed_network [-] (ServersTestManualDisk:setUpClass) Found network {'id': 'a923274f-2054-496d-b322-f9180acef266', 'name': 'tempest-ServersTestManualDisk-922949031-network', 'tenant_id': '88083756185349bbb00c994a4fbd39b8', 'admin_state_up': True, 'mtu': 8950, 'status': 'ACTIVE', 'subnets': [], 'shared': False, 'project_id': '88083756185349bbb00c994a4fbd39b8', 'port_security_enabled': True, 'router:external': False, 'provider:network_type': 'vlan', 'provider:physical_network': 'default', 'provider:segmentation_id': 386, 'availability_zone_hints': [], 'availability_zones': [], 'ipv4_address_scope': None, 'ipv6_address_scope': None, 'description': '', 'tags': [], 'created_at': '2024-12-12T08:51:14Z', 'updated_at': '2024-12-12T08:51:14Z', 'revision_number': 1} available for tenant
2024-12-12 08:51:25.089 65935 INFO tempest.lib.common.rest_client [req-f8f7405f-a3ee-4243-b254-54694de204b9 req-f8f7405f-a3ee-4243-b254-54694de204b9 ] Request (FloatingIPDetailsTestJSON:setUpClass): 201 POST http://10.180.1.21/identity/v3/auth/tokens 0.271s
2024-12-12 08:51:25.113 65967 INFO tempest.lib.common.rest_client [req-f2426b63-31b9-4be5-a930-da2d6e87ca23 req-f2426b63-31b9-4be5-a930-da2d6e87ca23 ] Request (VolumesGetTestJSON:tearDownClass): 201 POST http://10.180.1.21/identity/v3/auth/tokens 0.087s
2024-12-12 08:51:25.138 65941 INFO tempest.lib.common.rest_client [req-ef3b6854-a797-463a-938c-f14d2224cf88 req-ef3b6854-a797-463a-938c-f14d2224cf88 ] Request (HypervisorAdminNegativeUnderV252Test:setUpClass): 201 POST http://10.180.1.21/identity/v3/projects 0.189s
2024-12-12 08:51:25.160 65917 INFO tempest.lib.common.rest_client [req-d4eae007-a8bf-4c96-b564-cf8f67302cab req-d4eae007-a8bf-4c96-b564-cf8f67302cab ] Request (ServersWithSpecificFlavorTestJSON:test_verify_created_server_ephemeral_disk): 200 GET http://10.180.1.21/compute/v2.1/servers/db9a0aff-1f68-4e7b-b36a-b133d6f4c822 1.476s
2024-12-12 08:51:25.171 65939 INFO tempest.lib.common.rest_client [req-33693463-914a-410d-88c3-8eba0fe493cb req-33693463-914a-410d-88c3-8eba0fe493cb ] Request (QuotasAdminNegativeTest:test_update_quota_normal_user): 403 PUT http://10.180.1.21/compute/v2.1/os-quota-sets/2684f6ffa0394775b7e1f72e95de62c2 1.046s
2024-12-12 08:51:25.183 65917 INFO tempest.common.waiters [-] State transition "BUILD/spawning" ==> "ACTIVE/None" after 26 second wait
2024-12-12 08:51:25.224 65963 INFO tempest.lib.common.rest_client [req-e8036c37-174c-47ec-8563-2754a9eaa178 req-e8036c37-174c-47ec-8563-2754a9eaa178 ] Request (MigrationsAdminTest:test_list_migrations_in_flavor_resize_situation): 200 GET http://10.180.1.21/compute/v2.1/servers/cbd7ef0e-8619-4b1e-a352-371976e32dbe 1.118s
2024-12-12 08:51:25.263 65935 INFO tempest.lib.common.rest_client [req-abfa244d-a179-4dc7-b194-b4c54973c3bb req-abfa244d-a179-4dc7-b194-b4c54973c3bb ] Request (FloatingIPDetailsTestJSON:setUpClass): 201 POST http://10.180.1.21/identity/v3/auth/tokens 0.168s
2024-12-12 08:51:25.335 65945 INFO tempest.lib.common.rest_client [req-a14d67da-04d6-4fa3-bb9e-3854bdb4bb91 req-a14d67da-04d6-4fa3-bb9e-3854bdb4bb91 ] Request (ServersAdminNegativeTestJSON:test_migrate_server_invalid_state): 200 GET http://10.180.1.21/compute/v2.1/servers/49698e96-7ce6-446b-9375-bd470d083d98 1.024s
2024-12-12 08:51:25.361 65915 INFO tempest.lib.common.rest_client [req-537bc468-ffb5-4126-bcb9-643910ef4aba req-537bc468-ffb5-4126-bcb9-643910ef4aba ] Request (ServersTestBootFromVolume:setUpClass): 200 GET http://10.180.1.21/volume/v3/volumes/b55ab138-300d-4a32-93f7-cfaa1422f234 0.090s
2024-12-12 08:51:25.362 65941 INFO tempest.lib.common.rest_client [req-e614c8ca-b3f2-4bc6-ba24-cb0056c0b049 req-e614c8ca-b3f2-4bc6-ba24-cb0056c0b049 ] Request (HypervisorAdminNegativeUnderV252Test:setUpClass): 201 POST http://10.180.1.21/identity/v3/users 0.222s
2024-12-12 08:51:25.408 65935 INFO tempest.lib.common.rest_client [req-f3f750ff-922c-4bfd-bdd5-3182ad2c43e5 req-f3f750ff-922c-4bfd-bdd5-3182ad2c43e5 ] Request (FloatingIPDetailsTestJSON:setUpClass): 200 GET http://10.180.1.21/identity/v3/domains?name=Default 0.144s
2024-12-12 08:51:25.426 65951 INFO tempest.lib.common.rest_client [req-7b4f41ca-7fd9-4e21-b3f9-c85d227969e0 req-7b4f41ca-7fd9-4e21-b3f9-c85d227969e0 ] Request (ImagesMetadataTestJSON:test_update_image_metadata): 200 GET http://10.180.1.21/compute/v2.1/images/b9b8454a-dfc5-4698-bf8a-f6449d7a0b60/metadata 0.933s
2024-12-12 08:51:25.431 65941 INFO tempest.lib.common.rest_client [req-f347dd2f-b79b-4bf0-8bae-8bc06b6891a1 req-f347dd2f-b79b-4bf0-8bae-8bc06b6891a1 ] Request (HypervisorAdminNegativeUnderV252Test:setUpClass): 200 GET http://10.180.1.21/identity/v3/roles 0.069s
2024-12-12 08:51:25.472 65931 INFO tempest.lib.common.rest_client [req-da1a7442-692d-4f64-b59c-69115af0d83a req-da1a7442-692d-4f64-b59c-69115af0d83a ] Request (SecurityGroupsTestJSON:test_list_security_groups_by_server): 200 GET http://10.180.1.21/compute/v2.1/servers/8aeef358-e8ad-473e-b881-1650be5e7121/os-security-groups 1.323s
2024-12-12 08:51:25.516 65939 INFO tempest.lib.common.rest_client [req-f6c680a4-fd8d-4d54-8fb7-babd6844d9f6 req-f6c680a4-fd8d-4d54-8fb7-babd6844d9f6 ] Request (QuotasAdminNegativeTest:tearDownClass): 204 DELETE http://10.180.1.21/identity/v3/users/2564d046f2d4439ba506071267dd172c 0.342s
2024-12-12 08:51:25.530 65951 INFO tempest.lib.common.rest_client [req-ab42af61-ad14-4ae2-9327-98b59be0e029 req-ab42af61-ad14-4ae2-9327-98b59be0e029 ] Request (ImagesMetadataTestJSON:tearDownClass): 204 DELETE http://10.180.1.21/image/v2/images/b9b8454a-dfc5-4698-bf8a-f6449d7a0b60 0.097s
2024-12-12 08:51:25.536 65935 INFO tempest.lib.common.rest_client [req-5088c300-cba6-499d-8fbc-4fe89a7a9ccf req-5088c300-cba6-499d-8fbc-4fe89a7a9ccf ] Request (FloatingIPDetailsTestJSON:setUpClass): 201 POST http://10.180.1.21/identity/v3/projects 0.127s
2024-12-12 08:51:25.595 65943 INFO tempest.lib.common.rest_client [req-4c1aa822-6105-4536-9303-b0da17d42c73 req-4c1aa822-6105-4536-9303-b0da17d42c73 ] Request (AggregatesAdminNegativeTestJSON:_run_cleanups): 200 POST http://10.180.1.21/compute/v2.1/os-aggregates/7/action 0.981s
2024-12-12 08:51:25.607 65941 INFO tempest.lib.common.rest_client [req-367b25cd-e7ea-4197-9332-76137a946fb3 req-367b25cd-e7ea-4197-9332-76137a946fb3 ] Request (HypervisorAdminNegativeUnderV252Test:setUpClass): 204 PUT http://10.180.1.21/identity/v3/projects/bbcb1610eedb4cd8993843162643b11c/users/9afd58c558914dc789eef13a741d7db0/roles/64d7ef2da15549a994f0ad9aa4337af4 0.175s
2024-12-12 08:51:25.641 65939 INFO tempest.lib.common.rest_client [req-c764c640-adec-4d2e-b468-c4c563d96757 req-c764c640-adec-4d2e-b468-c4c563d96757 ] Request (QuotasAdminNegativeTest:tearDownClass): 204 DELETE http://10.180.1.21/identity/v3/users/16a468bcb2ca4a0ca96a63a9ab7f238c 0.125s
2024-12-12 08:51:25.641 65939 INFO tempest.lib.common.dynamic_creds [-] Deleting project and security group for project: 1d02276889b4433e9c714241739d3293
2024-12-12 08:51:25.699 65935 INFO tempest.lib.common.rest_client [req-41446428-6d7e-496a-926e-ece03257c6af req-41446428-6d7e-496a-926e-ece03257c6af ] Request (FloatingIPDetailsTestJSON:setUpClass): 201 POST http://10.180.1.21/identity/v3/users 0.160s
2024-12-12 08:51:25.717 65941 INFO tempest.lib.common.rest_client [req-f61bfbf9-f7bb-4194-a071-6f428de5ab02 req-f61bfbf9-f7bb-4194-a071-6f428de5ab02 ] Request (HypervisorAdminNegativeUnderV252Test:setUpClass): 200 GET http://10.180.1.21/identity/v3/roles 0.109s
2024-12-12 08:51:25.755 65951 INFO tempest.lib.common.rest_client [req-66680be2-e5e5-4863-af70-b1777ae6f76d req-66680be2-e5e5-4863-af70-b1777ae6f76d ] Request (ImagesMetadataTestJSON:tearDownClass): 204 DELETE http://10.180.1.21/identity/v3/users/cb53ecb592fa4b1d91b9b75ca057fb25 0.223s
2024-12-12 08:51:25.755 65951 INFO tempest.lib.common.dynamic_creds [-] Deleting project and security group for project: ae880e67e04f4727b929c9a0a99fcc66
2024-12-12 08:51:25.768 65937 INFO tempest.lib.common.rest_client [req-b9f8eae6-e529-4bb1-9d7c-f16521a6331e req-b9f8eae6-e529-4bb1-9d7c-f16521a6331e ] Request (ListServersNegativeTestJSON:setUpClass): 200 GET http://10.180.1.21/compute/v2.1/servers/69cfb9f6-e7ac-4e3b-b2d0-87614eb0c525 0.940s
2024-12-12 08:51:25.780 65939 INFO tempest.lib.common.rest_client [req-d074b1a8-d544-46e0-9abf-a42061b57368 req-d074b1a8-d544-46e0-9abf-a42061b57368 ] Request (QuotasAdminNegativeTest:tearDownClass): 201 POST http://10.180.1.21/identity/v3/auth/tokens 0.139s
2024-12-12 08:51:25.791 65957 INFO tempest.lib.common.rest_client [req-f2fff93f-ef0c-4d6b-b189-51c380feeb20 req-f2fff93f-ef0c-4d6b-b189-51c380feeb20 ] Request (ServerAddressesTestJSON:setUpClass): 200 PUT http://10.180.1.21:9696/networking/v2.0/routers/518e0e4f-a2ec-4e99-bfb3-210c2102f500/add_router_interface 2.613s
2024-12-12 08:51:25.791 65957 INFO tempest.lib.common.dynamic_creds [-] Created isolated network resources for: credentials: Credentials: {'domain_id': 'default', 'domain_name': 'Default', 'username': 'tempest-ServerAddressesTestJSON-438812927-project-member', 'project_domain_id': 'default', 'project_domain_name': 'Default', 'project_id': 'b2dac907de1042749b5d361eaab07e04', 'project_name': 'tempest-ServerAddressesTestJSON-438812927', 'tenant_id': 'b2dac907de1042749b5d361eaab07e04', 'tenant_name': 'tempest-ServerAddressesTestJSON-438812927', 'user_domain_id': 'default', 'user_domain_name': 'Default', 'user_id': '1ccd99f42d9a46c9aba03a7533eeb588', 'system': None}, Network: {'id': 'bad805d8-4a83-4fe3-9506-af1104a72b42', 'name': 'tempest-ServerAddressesTestJSON-85647121-network', 'tenant_id': 'b2dac907de1042749b5d361eaab07e04', 'admin_state_up': True, 'mtu': 8950, 'status': 'ACTIVE', 'subnets': [], 'shared': False, 'project_id': 'b2dac907de1042749b5d361eaab07e04', 'port_security_enabled': True, 'router:external': False, 'provider:network_type': 'vlan', 'provider:physical_network': 'default', 'provider:segmentation_id': 222, 'availability_zone_hints': [], 'availability_zones': [], 'ipv4_address_scope': None, 'ipv6_address_scope': None, 'description': '', 'tags': [], 'created_at': '2024-12-12T08:51:19Z', 'updated_at': '2024-12-12T08:51:19Z', 'revision_number': 1}, Subnet: {'id': '94af7b81-7b79-4adb-a940-1e7565efe861', 'name': 'tempest-ServerAddressesTestJSON-85647121-subnet', 'tenant_id': 'b2dac907de1042749b5d361eaab07e04', 'network_id': 'bad805d8-4a83-4fe3-9506-af1104a72b42', 'ip_version': 4, 'subnetpool_id': None, 'enable_dhcp': True, 'ipv6_ra_mode': None, 'ipv6_address_mode': None, 'gateway_ip': '192.168.128.1', 'cidr': '192.168.128.0/28', 'allocation_pools': [{'start': '192.168.128.2', 'end': '192.168.128.14'}], 'host_routes': [], 'dns_nameservers': [], 'description': '', 'router:external': False, 'service_types': [], 'tags': [], 'created_at': '2024-12-12T08:51:20Z', 'updated_at': '2024-12-12T08:51:20Z', 'revision_number': 0, 'project_id': 'b2dac907de1042749b5d361eaab07e04'}, Router: {'id': '518e0e4f-a2ec-4e99-bfb3-210c2102f500', 'name': 'tempest-ServerAddressesTestJSON-85647121-router', 'tenant_id': 'b2dac907de1042749b5d361eaab07e04', 'admin_state_up': True, 'status': 'ACTIVE', 'external_gateway_info': {'network_id': '29d35d75-55d6-4500-a3b6-cc2c37abd891', 'external_fixed_ips': [{'subnet_id': '5f17c552-6c81-4f6c-95b5-486a57f27dfb', 'ip_address': '10.180.180.147'}], 'enable_snat': True}, 'description': '', 'availability_zones': [], 'distributed': False, 'ha': False, 'availability_zone_hints': [], 'routes': [], 'flavor_id': None, 'tags': [], 'created_at': '2024-12-12T08:51:20Z', 'updated_at': '2024-12-12T08:51:21Z', 'revision_number': 2, 'project_id': 'b2dac907de1042749b5d361eaab07e04'}
2024-12-12 08:51:25.825 65935 INFO tempest.lib.common.rest_client [req-531868e6-fee3-4c1a-8a4a-a31cf215cfb0 req-531868e6-fee3-4c1a-8a4a-a31cf215cfb0 ] Request (FloatingIPDetailsTestJSON:setUpClass): 200 GET http://10.180.1.21/identity/v3/roles 0.126s
2024-12-12 08:51:25.844 65941 INFO tempest.lib.common.rest_client [req-e33b25ef-71d6-467f-b1c4-0d4679c017f1 req-e33b25ef-71d6-467f-b1c4-0d4679c017f1 ] Request (HypervisorAdminNegativeUnderV252Test:setUpClass): 204 PUT http://10.180.1.21/identity/v3/projects/bbcb1610eedb4cd8993843162643b11c/users/9afd58c558914dc789eef13a741d7db0/roles/64d7ef2da15549a994f0ad9aa4337af4 0.127s
2024-12-12 08:51:25.845 65941 INFO tempest.lib.common.dynamic_creds [-] Dynamic test user 9afd58c558914dc789eef13a741d7db0 is created with scope project and roles: ['admin']
2024-12-12 08:51:25.845 65941 INFO tempest.lib.common.dynamic_creds [-] Acquired dynamic creds: credentials: Credentials: {'domain_id': 'default', 'domain_name': 'Default', 'username': 'tempest-HypervisorAdminNegativeUnderV252Test-1219459845-project-admin', 'project_domain_id': 'default', 'project_domain_name': 'Default', 'project_id': 'bbcb1610eedb4cd8993843162643b11c', 'project_name': 'tempest-HypervisorAdminNegativeUnderV252Test-1219459845', 'tenant_id': 'bbcb1610eedb4cd8993843162643b11c', 'tenant_name': 'tempest-HypervisorAdminNegativeUnderV252Test-1219459845', 'user_domain_id': 'default', 'user_domain_name': 'Default', 'user_id': '9afd58c558914dc789eef13a741d7db0', 'system': None}, Network: None, Subnet: None, Router: None
2024-12-12 08:51:25.845 65941 INFO tempest.lib.common.dynamic_creds [-] Created isolated network resources for: credentials: Credentials: {'domain_id': 'default', 'domain_name': 'Default', 'username': 'tempest-HypervisorAdminNegativeUnderV252Test-1219459845-project-admin', 'project_domain_id': 'default', 'project_domain_name': 'Default', 'project_id': 'bbcb1610eedb4cd8993843162643b11c', 'project_name': 'tempest-HypervisorAdminNegativeUnderV252Test-1219459845', 'tenant_id': 'bbcb1610eedb4cd8993843162643b11c', 'tenant_name': 'tempest-HypervisorAdminNegativeUnderV252Test-1219459845', 'user_domain_id': 'default', 'user_domain_name': 'Default', 'user_id': '9afd58c558914dc789eef13a741d7db0', 'system': None}, Network: None, Subnet: None, Router: None
2024-12-12 08:51:25.898 65951 INFO tempest.lib.common.rest_client [req-46a2f7e6-36c5-4edb-b531-1a45f89ee513 req-46a2f7e6-36c5-4edb-b531-1a45f89ee513 ] Request (ImagesMetadataTestJSON:tearDownClass): 201 POST http://10.180.1.21/identity/v3/auth/tokens 0.142s
2024-12-12 08:51:25.932 65935 INFO tempest.lib.common.rest_client [req-8e68ae78-e60b-4e81-8cde-7013a8f5d5a0 req-8e68ae78-e60b-4e81-8cde-7013a8f5d5a0 ] Request (FloatingIPDetailsTestJSON:setUpClass): 204 PUT http://10.180.1.21/identity/v3/projects/ac998b1d8fa34d41892b0ad1c9271720/users/8a0c0eeb265e4b55a6c093807fdd1070/roles/1d47d5b2b5ee4c5e893228f4eea4b289 0.107s
2024-12-12 08:51:25.932 65935 INFO tempest.lib.common.dynamic_creds [-] Dynamic test user 8a0c0eeb265e4b55a6c093807fdd1070 is created with scope project and roles: ['member']
2024-12-12 08:51:25.933 65935 INFO tempest.lib.common.dynamic_creds [-] Acquired dynamic creds: credentials: Credentials: {'domain_id': 'default', 'domain_name': 'Default', 'username': 'tempest-FloatingIPDetailsTestJSON-813506344-project-member', 'project_domain_id': 'default', 'project_domain_name': 'Default', 'project_id': 'ac998b1d8fa34d41892b0ad1c9271720', 'project_name': 'tempest-FloatingIPDetailsTestJSON-813506344', 'tenant_id': 'ac998b1d8fa34d41892b0ad1c9271720', 'tenant_name': 'tempest-FloatingIPDetailsTestJSON-813506344', 'user_domain_id': 'default', 'user_domain_name': 'Default', 'user_id': '8a0c0eeb265e4b55a6c093807fdd1070', 'system': None}, Network: None, Subnet: None, Router: None
2024-12-12 08:51:25.942 65917 INFO tempest.lib.common.rest_client [req-230d1a43-28c2-4bea-9b55-28d693a92431 req-230d1a43-28c2-4bea-9b55-28d693a92431 ] Request (ServersWithSpecificFlavorTestJSON:test_verify_created_server_ephemeral_disk): 200 GET http://10.180.1.21/compute/v2.1/servers/db9a0aff-1f68-4e7b-b36a-b133d6f4c822/os-interface 0.758s
2024-12-12 08:51:25.994 65957 INFO tempest.lib.common.rest_client [req-4923620e-4477-4e0b-a1d4-4033d4113756 req-4923620e-4477-4e0b-a1d4-4033d4113756 ] Request (ServerAddressesTestJSON:setUpClass): 201 POST http://10.180.1.21/identity/v3/auth/tokens 0.197s
2024-12-12 08:51:26.006 65941 INFO tempest.lib.common.rest_client [req-d971bdeb-c517-4db1-b077-eaa7c57d36cc req-d971bdeb-c517-4db1-b077-eaa7c57d36cc ] Request (HypervisorAdminNegativeUnderV252Test:setUpClass): 201 POST http://10.180.1.21/identity/v3/auth/tokens 0.156s
2024-12-12 08:51:26.042 65967 INFO tempest.lib.common.rest_client [req-05f854be-b081-4796-8c15-63da1691b122 req-05f854be-b081-4796-8c15-63da1691b122 ] Request (VolumesGetTestJSON:tearDownClass): 200 GET http://10.180.1.21:9696/networking/v2.0/security-groups?tenant_id=a2840ac2e824489989ae6242e44247a1&name=default 0.928s
