2024-12-12 08:53:28.579 65925 INFO tempest.lib.common.rest_client [req-3a1e384e-934a-459d-b7e6-559d77fc3c8e req-3a1e384e-934a-459d-b7e6-559d77fc3c8e ] Request (ServersTestMultiNic:test_verify_multiple_nics_order): 200 GET http://10.180.1.21/compute/v2.1/servers/ce92335d-f8c5-4ee3-a5e8-3f65f805f64d 0.134s
2024-12-12 08:53:28.627 65929 INFO tempest.lib.common.rest_client [req-7f3c18d0-4a75-45b5-8e35-b3be67582e4c req-7f3c18d0-4a75-45b5-8e35-b3be67582e4c ] Request (ListImageFiltersTestJSON:setUpClass): 200 GET http://10.180.1.21/compute/v2.1/images/5dfbf128-199e-466d-a742-9f9b3e576cb3 0.153s
2024-12-12 08:53:28.692 65931 INFO tempest.lib.common.rest_client [req-308c0ad9-1037-4f5d-89ff-e5a7915b6fb3 req-308c0ad9-1037-4f5d-89ff-e5a7915b6fb3 ] Request (SecurityGroupsTestJSON:tearDownClass): 200 GET http://10.180.1.21/compute/v2.1/servers/8aeef358-e8ad-473e-b881-1650be5e7121 0.107s
2024-12-12 08:53:28.741 65953 INFO tempest.lib.common.rest_client [req-ce68b849-6804-4b74-9105-3cee6fb0dbac req-ce68b849-6804-4b74-9105-3cee6fb0dbac ] Request (ServerShowV254Test:test_rebuild_server): 200 GET http://10.180.1.21/compute/v2.1/servers/d37ff071-bef7-4acb-adc4-a0b776e09bcf 0.104s
2024-12-12 08:53:28.773 65947 INFO tempest.lib.common.rest_client [req-36924f59-bc30-4691-b42b-f4eb20495923 req-36924f59-bc30-4691-b42b-f4eb20495923 ] Request (ServersAdminTestJSON:test_inject_network_info): 202 POST http://10.180.1.21/compute/v2.1/servers 0.337s
2024-12-12 08:53:28.790 65949 INFO tempest.lib.common.rest_client [req-6996774a-5983-4b6e-8416-e360b361a346 req-6996774a-5983-4b6e-8416-e360b361a346 ] Request (VolumesAdminNegativeTest:test_update_attached_volume_with_nonexistent_volume_in_uri): 200 GET http://10.180.1.21/compute/v2.1/servers/ef6a1e6f-d58a-4fde-a47c-9fa7f0cf2814 0.153s
2024-12-12 08:53:28.831 65945 INFO tempest.lib.common.rest_client [req-92ef8524-32bd-4886-9729-ea881108ae94 req-92ef8524-32bd-4886-9729-ea881108ae94 ] Request (ServerShowV247Test:test_update_rebuild_list_server): 200 GET http://10.180.1.21/compute/v2.1/servers/86d72480-a612-458e-bab2-e929ca6eceba 0.137s
2024-12-12 08:53:28.847 65941 INFO tempest.lib.common.rest_client [req-f06280a4-7079-4d79-97c1-c004b16d6390 req-f06280a4-7079-4d79-97c1-c004b16d6390 ] Request (ServersTestJSON:tearDownClass): 200 GET http://10.180.1.21/compute/v2.1/servers/7e70b527-551f-493f-9a1e-ff27c58124b1 0.146s
2024-12-12 08:53:28.879 65923 INFO tempest.lib.common.rest_client [req-c2e84719-9dec-458c-b23c-58be3341194d req-c2e84719-9dec-458c-b23c-58be3341194d ] Request (ServerActionsTestOtherB:test_create_backup): 200 GET http://10.180.1.21/image/v2/images/3e30bed3-2ab3-4a7c-980e-4e35127617e7 0.016s
2024-12-12 08:53:28.886 65943 INFO tempest.lib.common.rest_client [req-19fadd8f-c00d-4ff9-9c01-5c6b19274884 req-19fadd8f-c00d-4ff9-9c01-5c6b19274884 ] Request (DeleteServersTestJSON:test_delete_server_while_in_attached_volume): 200 GET http://10.180.1.21/compute/v2.1/servers/c2c5d144-6db1-4322-a86c-5ca450b034a4 0.151s
2024-12-12 08:53:28.897 65917 INFO tempest.lib.common.rest_client [req-ab9c3be9-f140-4e49-966c-67ab82864475 req-ab9c3be9-f140-4e49-966c-67ab82864475 ] Request (ServersWithSpecificFlavorTestJSON:test_verify_created_server_ephemeral_disk): 200 GET http://10.180.1.21/compute/v2.1/servers/e193ef8f-e790-4a93-add2-af0f3896f8a8 0.142s
2024-12-12 08:53:28.931 65947 INFO tempest.lib.common.rest_client [req-13431775-7bf3-4b64-97c6-c80a5ae2f383 req-13431775-7bf3-4b64-97c6-c80a5ae2f383 ] Request (ServersAdminTestJSON:test_inject_network_info): 200 GET http://10.180.1.21/compute/v2.1/servers/1154fa7b-5d77-461e-96cb-d196bc6fd16d 0.156s
2024-12-12 08:53:28.958 65915 INFO tempest.lib.common.rest_client [req-a52bef97-ec7f-4f68-a84b-4673ad7378cd req-a52bef97-ec7f-4f68-a84b-4673ad7378cd ] Request (ServersTestBootFromVolume:tearDownClass): 200 GET http://10.180.1.21/compute/v2.1/servers/d9bfdb30-bad4-4cc8-8ae9-67aff2df00a6 0.164s
2024-12-12 08:53:28.991 65955 INFO tempest.lib.common.rest_client [req-9a15b81f-f90c-4e0a-8e24-24214df13cb6 req-9a15b81f-f90c-4e0a-8e24-24214df13cb6 ] Request (InstanceActionsV221TestJSON:test_get_list_deleted_instance_actions): 200 GET http://10.180.1.21/compute/v2.1/servers/4299a361-5be4-452f-b4f3-63673dff726c 0.139s
2024-12-12 08:53:29.058 65921 INFO tempest.lib.common.rest_client [req-630f4938-d040-4278-aa53-089f7db79c5e req-630f4938-d040-4278-aa53-089f7db79c5e ] Request (ServersNegativeTestJSON:tearDown): 200 GET http://10.180.1.21/compute/v2.1/servers/005007c7-b4dc-41b7-837c-4b8c5cc8feff 0.192s
2024-12-12 08:53:29.067 65919 INFO tempest.lib.common.rest_client [req-1e69b709-aaad-4840-bc4e-c98ffa8357b1 req-1e69b709-aaad-4840-bc4e-c98ffa8357b1 ] Request (ServersV294TestFqdnHostnames:setUpClass): 200 GET http://10.180.1.21/compute/v2.1/servers/6c96450f-c626-4bcb-a07d-3eee06e8a539 0.114s
2024-12-12 08:53:29.326 65963 INFO tempest.lib.common.rest_client [req-fba585f2-29d7-4a02-ae93-654c29930c2f req-fba585f2-29d7-4a02-ae93-654c29930c2f ] Request (MigrationsAdminTest:test_resize_server_revert_deleted_flavor): 200 GET http://10.180.1.21/compute/v2.1/servers/e647687b-eebb-4b16-8dda-6a7f9f99822c 0.136s
2024-12-12 08:53:29.360 65939 INFO tempest.lib.common.rest_client [req-f2da0d98-6b09-478e-a9b1-775791a8035e req-f2da0d98-6b09-478e-a9b1-775791a8035e ] Request (FloatingIPsAssociationTestJSON:test_associate_already_associated_floating_ip): 200 GET http://10.180.1.21/compute/v2.1/servers/7f2ca142-b6a4-4e7f-bb3c-4bfd911d45e5 0.131s
2024-12-12 08:53:29.390 65911 INFO tempest.lib.common.rest_client [req-20507e42-44ee-4104-9cd7-05abe7a2a5de req-20507e42-44ee-4104-9cd7-05abe7a2a5de ] Request (ServersTestManualDisk:tearDownClass): 200 GET http://10.180.1.21/compute/v2.1/servers/b5509412-69b2-4de3-a46a-41bfbb24bf6b 0.123s
2024-12-12 08:53:29.485 65913 INFO tempest.lib.common.rest_client [req-3028232d-60a6-4107-84f0-2efb203650ea req-3028232d-60a6-4107-84f0-2efb203650ea ] Request (AttachInterfacesTestJSON:test_create_list_show_delete_interfaces_by_fixed_ip): 200 GET http://10.180.1.21/compute/v2.1/servers/6f4534a2-3554-42e4-99c9-8e2891943389 0.065s
2024-12-12 08:53:29.512 65927 INFO tempest.lib.common.rest_client [req-0019684a-01d5-4338-a817-68b8f742befb req-0019684a-01d5-4338-a817-68b8f742befb ] Request (ImagesTestJSON:test_create_image_from_stopped_server): 200 GET http://10.180.1.21/compute/v2.1/servers/8c102689-976b-40e4-8faf-1954e1a3dbd6 0.116s
2024-12-12 08:53:29.558 65969 INFO tempest.lib.common.rest_client [req-e216aa3e-f437-4414-8a8c-e1f4a09e156b req-e216aa3e-f437-4414-8a8c-e1f4a09e156b ] Request (MultipleCreateTestJSON:_run_cleanups): 200 GET http://10.180.1.21/compute/v2.1/servers/b6d22d28-9442-4dcc-9905-961b2175ed95 0.097s
2024-12-12 08:53:29.575 65962 INFO tempest.lib.common.rest_client [req-35460c91-9716-4904-9a62-17f5e72170bd req-35460c91-9716-4904-9a62-17f5e72170bd ] Request (ServerShowV257Test:tearDownClass): 200 GET http://10.180.1.21/compute/v2.1/servers/45790b23-5401-4d8d-9c21-63342ce189c4 0.092s
2024-12-12 08:53:29.614 65935 INFO tempest.lib.common.rest_client [req-56314c80-163e-43dd-8e22-411f76e1856e req-56314c80-163e-43dd-8e22-411f76e1856e ] Request (ServerMetadataNegativeTestJSON:tearDownClass): 200 GET http://10.180.1.21/compute/v2.1/servers/105e3ba2-c810-4fbb-bf8e-8b7b2c00735a 0.088s
2024-12-12 08:53:29.648 65925 INFO tempest.lib.common.rest_client [req-b5d31e50-88c6-40ae-af67-315eff93cb82 req-b5d31e50-88c6-40ae-af67-315eff93cb82 ] Request (ServersTestMultiNic:test_verify_multiple_nics_order): 200 GET http://10.180.1.21/compute/v2.1/servers/ce92335d-f8c5-4ee3-a5e8-3f65f805f64d 0.056s
2024-12-12 08:53:29.666 65929 INFO tempest.lib.common.rest_client [req-1bea7dd2-f722-4f4a-a4cf-4a06c9eb68e3 req-1bea7dd2-f722-4f4a-a4cf-4a06c9eb68e3 ] Request (ListImageFiltersTestJSON:setUpClass): 200 GET http://10.180.1.21/compute/v2.1/images/5dfbf128-199e-466d-a742-9f9b3e576cb3 0.035s
2024-12-12 08:53:29.759 65931 INFO tempest.lib.common.rest_client [req-23f55285-4f95-47a9-9ab1-c6dd87b97e56 req-23f55285-4f95-47a9-9ab1-c6dd87b97e56 ] Request (SecurityGroupsTestJSON:tearDownClass): 200 GET http://10.180.1.21/compute/v2.1/servers/8aeef358-e8ad-473e-b881-1650be5e7121 0.060s
2024-12-12 08:53:29.802 65953 INFO tempest.lib.common.rest_client [req-a551e319-c89e-4814-b3c6-8c25dad8dbdc req-a551e319-c89e-4814-b3c6-8c25dad8dbdc ] Request (ServerShowV254Test:test_rebuild_server): 200 GET http://10.180.1.21/compute/v2.1/servers/d37ff071-bef7-4acb-adc4-a0b776e09bcf 0.052s
2024-12-12 08:53:29.846 65949 INFO tempest.lib.common.rest_client [req-c691f5cb-271d-49e0-8521-f94085664db6 req-c691f5cb-271d-49e0-8521-f94085664db6 ] Request (VolumesAdminNegativeTest:test_update_attached_volume_with_nonexistent_volume_in_uri): 200 GET http://10.180.1.21/compute/v2.1/servers/ef6a1e6f-d58a-4fde-a47c-9fa7f0cf2814 0.047s
2024-12-12 08:53:29.892 65945 INFO tempest.lib.common.rest_client [req-034f9784-7367-410c-ac45-b594c8697c11 req-034f9784-7367-410c-ac45-b594c8697c11 ] Request (ServerShowV247Test:test_update_rebuild_list_server): 200 GET http://10.180.1.21/compute/v2.1/servers/86d72480-a612-458e-bab2-e929ca6eceba 0.051s
2024-12-12 08:53:29.893 65923 INFO tempest.lib.common.rest_client [req-648067d0-773b-4622-800e-18cf544266ff req-648067d0-773b-4622-800e-18cf544266ff ] Request (ServerActionsTestOtherB:test_create_backup): 200 GET http://10.180.1.21/image/v2/images/3e30bed3-2ab3-4a7c-980e-4e35127617e7 0.013s
2024-12-12 08:53:29.915 65941 INFO tempest.lib.common.rest_client [req-33a9d218-3492-4278-a7a7-024dd7c34c0a req-33a9d218-3492-4278-a7a7-024dd7c34c0a ] Request (ServersTestJSON:tearDownClass): 200 GET http://10.180.1.21/compute/v2.1/servers/7e70b527-551f-493f-9a1e-ff27c58124b1 0.056s
2024-12-12 08:53:30.166 65943 INFO tempest.lib.common.rest_client [req-26df867c-c2dc-4f0d-a77f-2a693572c6ba req-26df867c-c2dc-4f0d-a77f-2a693572c6ba ] Request (DeleteServersTestJSON:test_delete_server_while_in_attached_volume): 200 GET http://10.180.1.21/compute/v2.1/servers/c2c5d144-6db1-4322-a86c-5ca450b034a4 0.270s
2024-12-12 08:53:30.175 65917 INFO tempest.lib.common.rest_client [req-9a2bf9dc-7a46-410e-a923-72707d1cecd7 req-9a2bf9dc-7a46-410e-a923-72707d1cecd7 ] Request (ServersWithSpecificFlavorTestJSON:test_verify_created_server_ephemeral_disk): 200 GET http://10.180.1.21/compute/v2.1/servers/e193ef8f-e790-4a93-add2-af0f3896f8a8 0.269s
2024-12-12 08:53:30.213 65947 INFO tempest.lib.common.rest_client [req-89e887f2-034c-4bfe-9cf2-77da5241b1e3 req-89e887f2-034c-4bfe-9cf2-77da5241b1e3 ] Request (ServersAdminTestJSON:test_inject_network_info): 200 GET http://10.180.1.21/compute/v2.1/servers/1154fa7b-5d77-461e-96cb-d196bc6fd16d 0.276s
2024-12-12 08:53:30.240 65915 INFO tempest.lib.common.rest_client [req-e5f1632a-e7dc-463b-97d6-d5c1f82375a2 req-e5f1632a-e7dc-463b-97d6-d5c1f82375a2 ] Request (ServersTestBootFromVolume:tearDownClass): 200 GET http://10.180.1.21/compute/v2.1/servers/d9bfdb30-bad4-4cc8-8ae9-67aff2df00a6 0.274s
2024-12-12 08:53:30.266 65955 INFO tempest.lib.common.rest_client [req-427d67e9-e2bf-4e6c-9a1b-f23b0b5bfe79 req-427d67e9-e2bf-4e6c-9a1b-f23b0b5bfe79 ] Request (InstanceActionsV221TestJSON:test_get_list_deleted_instance_actions): 200 GET http://10.180.1.21/compute/v2.1/servers/4299a361-5be4-452f-b4f3-63673dff726c 0.267s
2024-12-12 08:53:30.327 65919 INFO tempest.lib.common.rest_client [req-1e0e1745-47ee-400b-9221-177fc2ec3f46 req-1e0e1745-47ee-400b-9221-177fc2ec3f46 ] Request (ServersV294TestFqdnHostnames:setUpClass): 200 GET http://10.180.1.21/compute/v2.1/servers/6c96450f-c626-4bcb-a07d-3eee06e8a539 0.251s
2024-12-12 08:53:30.340 65921 INFO tempest.lib.common.rest_client [req-e80baa4c-65dc-470a-8334-e7bf103a93e6 req-e80baa4c-65dc-470a-8334-e7bf103a93e6 ] Request (ServersNegativeTestJSON:tearDown): 200 GET http://10.180.1.21/compute/v2.1/servers/005007c7-b4dc-41b7-837c-4b8c5cc8feff 0.274s
2024-12-12 08:53:30.492 65963 INFO tempest.lib.common.rest_client [req-39812493-8e96-43e6-88d9-88fefa305ac5 req-39812493-8e96-43e6-88d9-88fefa305ac5 ] Request (MigrationsAdminTest:test_resize_server_revert_deleted_flavor): 200 GET http://10.180.1.21/compute/v2.1/servers/e647687b-eebb-4b16-8dda-6a7f9f99822c 0.158s
2024-12-12 08:53:30.534 65939 INFO tempest.lib.common.rest_client [req-309604af-77d5-42ef-93b1-471614b27972 req-309604af-77d5-42ef-93b1-471614b27972 ] Request (FloatingIPsAssociationTestJSON:test_associate_already_associated_floating_ip): 200 GET http://10.180.1.21/compute/v2.1/servers/7f2ca142-b6a4-4e7f-bb3c-4bfd911d45e5 0.167s
2024-12-12 08:53:30.551 65911 INFO tempest.lib.common.rest_client [req-a25a1bf3-15c4-4b11-9bfc-630c82be7953 req-a25a1bf3-15c4-4b11-9bfc-630c82be7953 ] Request (ServersTestManualDisk:tearDownClass): 200 GET http://10.180.1.21/compute/v2.1/servers/b5509412-69b2-4de3-a46a-41bfbb24bf6b 0.154s
2024-12-12 08:53:30.592 65913 INFO tempest.lib.common.rest_client [req-e2836e3d-26ae-4e1a-bb0e-a742a33e52ee req-e2836e3d-26ae-4e1a-bb0e-a742a33e52ee ] Request (AttachInterfacesTestJSON:test_create_list_show_delete_interfaces_by_fixed_ip): 200 GET http://10.180.1.21/compute/v2.1/servers/6f4534a2-3554-42e4-99c9-8e2891943389 0.096s
2024-12-12 08:53:30.599 65913 INFO tempest.common.waiters [-] State transition "BUILD/None" ==> "BUILD/networking" after 56 second wait
2024-12-12 08:53:30.664 65969 INFO tempest.lib.common.rest_client [req-9a8fdf0d-dc54-4b8f-9e07-f690f069fe85 req-9a8fdf0d-dc54-4b8f-9e07-f690f069fe85 ] Request (MultipleCreateTestJSON:_run_cleanups): 200 GET http://10.180.1.21/compute/v2.1/servers/b6d22d28-9442-4dcc-9905-961b2175ed95 0.099s
2024-12-12 08:53:30.693 65927 INFO tempest.lib.common.rest_client [req-d2af0030-df75-4d22-af67-df9de8bb00ec req-d2af0030-df75-4d22-af67-df9de8bb00ec ] Request (ImagesTestJSON:test_create_image_from_stopped_server): 200 GET http://10.180.1.21/compute/v2.1/servers/8c102689-976b-40e4-8faf-1954e1a3dbd6 0.173s
2024-12-12 08:53:30.736 65962 INFO tempest.lib.common.rest_client [req-bb7f0a3c-7684-4211-a5a6-a393caf30699 req-bb7f0a3c-7684-4211-a5a6-a393caf30699 ] Request (ServerShowV257Test:tearDownClass): 200 GET http://10.180.1.21/compute/v2.1/servers/45790b23-5401-4d8d-9c21-63342ce189c4 0.152s
2024-12-12 08:53:30.756 65935 INFO tempest.lib.common.rest_client [req-23548b48-b0bf-4974-81f6-cb46f3450192 req-23548b48-b0bf-4974-81f6-cb46f3450192 ] Request (ServerMetadataNegativeTestJSON:tearDownClass): 200 GET http://10.180.1.21/compute/v2.1/servers/105e3ba2-c810-4fbb-bf8e-8b7b2c00735a 0.136s
2024-12-12 08:53:30.797 65929 INFO tempest.lib.common.rest_client [req-f053f9f0-74e1-4358-bde0-8e4433ef0e6a req-f053f9f0-74e1-4358-bde0-8e4433ef0e6a ] Request (ListImageFiltersTestJSON:setUpClass): 200 GET http://10.180.1.21/compute/v2.1/images/5dfbf128-199e-466d-a742-9f9b3e576cb3 0.128s
2024-12-12 08:53:30.804 65925 INFO tempest.lib.common.rest_client [req-04d2b299-f129-41ec-8dc9-a578453290f3 req-04d2b299-f129-41ec-8dc9-a578453290f3 ] Request (ServersTestMultiNic:test_verify_multiple_nics_order): 200 GET http://10.180.1.21/compute/v2.1/servers/ce92335d-f8c5-4ee3-a5e8-3f65f805f64d 0.149s
2024-12-12 08:53:30.888 65931 INFO tempest.lib.common.rest_client [req-59664b72-ab66-40dc-96a8-0ed67ace6afa req-59664b72-ab66-40dc-96a8-0ed67ace6afa ] Request (SecurityGroupsTestJSON:tearDownClass): 200 GET http://10.180.1.21/compute/v2.1/servers/8aeef358-e8ad-473e-b881-1650be5e7121 0.121s
2024-12-12 08:53:30.900 65953 INFO tempest.lib.common.rest_client [req-bdb416eb-4fef-4402-b0ba-d79c4ef1f6a1 req-bdb416eb-4fef-4402-b0ba-d79c4ef1f6a1 ] Request (ServerShowV254Test:test_rebuild_server): 200 GET http://10.180.1.21/compute/v2.1/servers/d37ff071-bef7-4acb-adc4-a0b776e09bcf 0.090s
2024-12-12 08:53:30.922 65923 INFO tempest.lib.common.rest_client [req-d29fad78-0748-43a8-82ab-7b360c689e0c req-d29fad78-0748-43a8-82ab-7b360c689e0c ] Request (ServerActionsTestOtherB:test_create_backup): 200 GET http://10.180.1.21/image/v2/images/3e30bed3-2ab3-4a7c-980e-4e35127617e7 0.028s
2024-12-12 08:53:30.991 65949 INFO tempest.lib.common.rest_client [req-c7cea44c-b5fa-4352-b69f-eb17db87fb72 req-c7cea44c-b5fa-4352-b69f-eb17db87fb72 ] Request (VolumesAdminNegativeTest:test_update_attached_volume_with_nonexistent_volume_in_uri): 200 GET http://10.180.1.21/compute/v2.1/servers/ef6a1e6f-d58a-4fde-a47c-9fa7f0cf2814 0.139s
2024-12-12 08:53:30.998 65945 INFO tempest.lib.common.rest_client [req-68e50c76-dae2-4ddf-8592-5e1472d7e50d req-68e50c76-dae2-4ddf-8592-5e1472d7e50d ] Request (ServerShowV247Test:test_update_rebuild_list_server): 200 GET http://10.180.1.21/compute/v2.1/servers/86d72480-a612-458e-bab2-e929ca6eceba 0.097s
2024-12-12 08:53:31.087 65941 INFO tempest.lib.common.rest_client [req-748b79f4-8ed6-4c0d-b7cd-46bf7f735313 req-748b79f4-8ed6-4c0d-b7cd-46bf7f735313 ] Request (ServersTestJSON:tearDownClass): 200 GET http://10.180.1.21/compute/v2.1/servers/7e70b527-551f-493f-9a1e-ff27c58124b1 0.164s
2024-12-12 08:53:31.252 65917 INFO tempest.lib.common.rest_client [req-162a1159-a391-4892-aab8-304f1c5b845b req-162a1159-a391-4892-aab8-304f1c5b845b ] Request (ServersWithSpecificFlavorTestJSON:test_verify_created_server_ephemeral_disk): 200 GET http://10.180.1.21/compute/v2.1/servers/e193ef8f-e790-4a93-add2-af0f3896f8a8 0.068s
2024-12-12 08:53:31.265 65943 INFO tempest.lib.common.rest_client [req-85bbfd1b-11de-4270-803b-fa6ef1b3cde9 req-85bbfd1b-11de-4270-803b-fa6ef1b3cde9 ] Request (DeleteServersTestJSON:test_delete_server_while_in_attached_volume): 200 GET http://10.180.1.21/compute/v2.1/servers/c2c5d144-6db1-4322-a86c-5ca450b034a4 0.092s
2024-12-12 08:53:31.316 65947 INFO tempest.lib.common.rest_client [req-3dffe18e-f7b7-4693-947c-855716e557d7 req-3dffe18e-f7b7-4693-947c-855716e557d7 ] Request (ServersAdminTestJSON:test_inject_network_info): 200 GET http://10.180.1.21/compute/v2.1/servers/1154fa7b-5d77-461e-96cb-d196bc6fd16d 0.096s
2024-12-12 08:53:31.332 65915 INFO tempest.lib.common.rest_client [req-c1f4c7e4-15d1-4931-bcb9-a3a043868356 req-c1f4c7e4-15d1-4931-bcb9-a3a043868356 ] Request (ServersTestBootFromVolume:tearDownClass): 200 GET http://10.180.1.21/compute/v2.1/servers/d9bfdb30-bad4-4cc8-8ae9-67aff2df00a6 0.084s
2024-12-12 08:53:31.387 65955 INFO tempest.lib.common.rest_client [req-3b1e2520-02f8-47cb-9bcc-d279e1d5fd7c req-3b1e2520-02f8-47cb-9bcc-d279e1d5fd7c ] Request (InstanceActionsV221TestJSON:test_get_list_deleted_instance_actions): 200 GET http://10.180.1.21/compute/v2.1/servers/4299a361-5be4-452f-b4f3-63673dff726c 0.111s
2024-12-12 08:53:31.412 65919 INFO tempest.lib.common.rest_client [req-47cb2a87-089d-4ec9-a830-b8dd5e248b55 req-47cb2a87-089d-4ec9-a830-b8dd5e248b55 ] Request (ServersV294TestFqdnHostnames:setUpClass): 200 GET http://10.180.1.21/compute/v2.1/servers/6c96450f-c626-4bcb-a07d-3eee06e8a539 0.074s
2024-12-12 08:53:31.467 65959 WARNING tempest.lib.common.ssh [-] Failed to establish authenticated ssh connection to cirros@10.180.180.199 ([Errno None] Unable to connect to port 22 on 10.180.180.199). Number attempts: 13. Retry after 14 seconds.: paramiko.ssh_exception.NoValidConnectionsError: [Errno None] Unable to connect to port 22 on 10.180.180.199
2024-12-12 08:53:31.515 65921 INFO tempest.lib.common.rest_client [req-2d391cb6-d812-41a7-b9dc-dcbf77be8a73 req-2d391cb6-d812-41a7-b9dc-dcbf77be8a73 ] Request (ServersNegativeTestJSON:tearDown): 200 GET http://10.180.1.21/compute/v2.1/servers/005007c7-b4dc-41b7-837c-4b8c5cc8feff 0.165s
2024-12-12 08:53:31.686 65963 INFO tempest.lib.common.rest_client [req-8f1874c6-b15f-4893-91f4-893096e0fc5e req-8f1874c6-b15f-4893-91f4-893096e0fc5e ] Request (MigrationsAdminTest:test_resize_server_revert_deleted_flavor): 200 GET http://10.180.1.21/compute/v2.1/servers/e647687b-eebb-4b16-8dda-6a7f9f99822c 0.182s
2024-12-12 08:53:31.687 65939 INFO tempest.lib.common.rest_client [req-39b83bf7-3a5c-4b3b-9849-9c35a94f80ed req-39b83bf7-3a5c-4b3b-9849-9c35a94f80ed ] Request (FloatingIPsAssociationTestJSON:test_associate_already_associated_floating_ip): 200 GET http://10.180.1.21/compute/v2.1/servers/7f2ca142-b6a4-4e7f-bb3c-4bfd911d45e5 0.146s
2024-12-12 08:53:31.771 65911 INFO tempest.lib.common.rest_client [req-fa660935-c32c-4935-9181-126aeda13615 req-fa660935-c32c-4935-9181-126aeda13615 ] Request (ServersTestManualDisk:tearDownClass): 200 GET http://10.180.1.21/compute/v2.1/servers/b5509412-69b2-4de3-a46a-41bfbb24bf6b 0.212s
2024-12-12 08:53:31.848 65969 INFO tempest.lib.common.rest_client [req-4ec0b954-b572-45b4-8f5b-1d11e4ca7621 req-4ec0b954-b572-45b4-8f5b-1d11e4ca7621 ] Request (MultipleCreateTestJSON:_run_cleanups): 200 GET http://10.180.1.21/compute/v2.1/servers/b6d22d28-9442-4dcc-9905-961b2175ed95 0.174s
2024-12-12 08:53:31.922 65913 INFO tempest.lib.common.rest_client [req-7a59063b-84b3-4108-81e3-4e7dc118b6b4 req-7a59063b-84b3-4108-81e3-4e7dc118b6b4 ] Request (AttachInterfacesTestJSON:test_create_list_show_delete_interfaces_by_fixed_ip): 200 GET http://10.180.1.21/compute/v2.1/servers/6f4534a2-3554-42e4-99c9-8e2891943389 0.321s
2024-12-12 08:53:31.936 65913 INFO tempest.common.waiters [-] State transition "BUILD/networking" ==> "BUILD/spawning" after 57 second wait
2024-12-12 08:53:31.946 65923 INFO tempest.lib.common.rest_client [req-bb2e8ca7-e2a8-4219-8054-de84917bc2fb req-bb2e8ca7-e2a8-4219-8054-de84917bc2fb ] Request (ServerActionsTestOtherB:test_create_backup): 200 GET http://10.180.1.21/image/v2/images/3e30bed3-2ab3-4a7c-980e-4e35127617e7 0.022s
2024-12-12 08:53:32.011 65927 INFO tempest.lib.common.rest_client [req-4f3922da-3719-40a8-bee6-f88f38d0e322 req-4f3922da-3719-40a8-bee6-f88f38d0e322 ] Request (ImagesTestJSON:test_create_image_from_stopped_server): 200 GET http://10.180.1.21/compute/v2.1/servers/8c102689-976b-40e4-8faf-1954e1a3dbd6 0.312s
2024-12-12 08:53:32.013 65962 INFO tempest.lib.common.rest_client [req-06d5b3ad-753c-4143-ace5-9daf9150bf1f req-06d5b3ad-753c-4143-ace5-9daf9150bf1f ] Request (ServerShowV257Test:tearDownClass): 200 GET http://10.180.1.21/compute/v2.1/servers/45790b23-5401-4d8d-9c21-63342ce189c4 0.267s
2024-12-12 08:53:32.020 65927 INFO tempest.common.waiters [-] State transition "BUILD/spawning" ==> "ACTIVE/None" after 85 second wait
2024-12-12 08:53:32.045 65929 INFO tempest.lib.common.rest_client [req-2183e6b5-7aea-4bdc-8fbd-50d3c92ecb95 req-2183e6b5-7aea-4bdc-8fbd-50d3c92ecb95 ] Request (ListImageFiltersTestJSON:setUpClass): 200 GET http://10.180.1.21/compute/v2.1/images/5dfbf128-199e-466d-a742-9f9b3e576cb3 0.243s
2024-12-12 08:53:32.073 65935 INFO tempest.lib.common.rest_client [req-741e515f-51bf-42e5-9b4b-f359375220e8 req-741e515f-51bf-42e5-9b4b-f359375220e8 ] Request (ServerMetadataNegativeTestJSON:tearDownClass): 200 GET http://10.180.1.21/compute/v2.1/servers/105e3ba2-c810-4fbb-bf8e-8b7b2c00735a 0.305s
2024-12-12 08:53:32.094 65925 INFO tempest.lib.common.rest_client [req-8ae7b85c-4f01-4c58-b366-7426982beb18 req-8ae7b85c-4f01-4c58-b366-7426982beb18 ] Request (ServersTestMultiNic:test_verify_multiple_nics_order): 200 GET http://10.180.1.21/compute/v2.1/servers/ce92335d-f8c5-4ee3-a5e8-3f65f805f64d 0.283s
2024-12-12 08:53:32.132 65931 INFO tempest.lib.common.rest_client [req-a42ff028-4110-4e34-b737-fe066ba9d78c req-a42ff028-4110-4e34-b737-fe066ba9d78c ] Request (SecurityGroupsTestJSON:tearDownClass): 200 GET http://10.180.1.21/compute/v2.1/servers/8aeef358-e8ad-473e-b881-1650be5e7121 0.233s
2024-12-12 08:53:32.145 65953 INFO tempest.lib.common.rest_client [req-eee7bdce-4642-415f-8d77-289ec17c4f34 req-eee7bdce-4642-415f-8d77-289ec17c4f34 ] Request (ServerShowV254Test:test_rebuild_server): 200 GET http://10.180.1.21/compute/v2.1/servers/d37ff071-bef7-4acb-adc4-a0b776e09bcf 0.229s
2024-12-12 08:53:32.202 65949 INFO tempest.lib.common.rest_client [req-8adac73a-d2f1-407c-a2ef-124096df7b12 req-8adac73a-d2f1-407c-a2ef-124096df7b12 ] Request (VolumesAdminNegativeTest:test_update_attached_volume_with_nonexistent_volume_in_uri): 200 GET http://10.180.1.21/compute/v2.1/servers/ef6a1e6f-d58a-4fde-a47c-9fa7f0cf2814 0.203s
2024-12-12 08:53:32.214 65945 INFO tempest.lib.common.rest_client [req-b2fe4934-bb01-4bad-a45a-aebd9357c90c req-b2fe4934-bb01-4bad-a45a-aebd9357c90c ] Request (ServerShowV247Test:test_update_rebuild_list_server): 200 GET http://10.180.1.21/compute/v2.1/servers/86d72480-a612-458e-bab2-e929ca6eceba 0.202s
2024-12-12 08:53:32.276 65927 INFO tempest.lib.common.rest_client [req-e54805c6-7e54-47dd-bec9-969a133aa336 req-e54805c6-7e54-47dd-bec9-969a133aa336 ] Request (ImagesTestJSON:test_create_image_from_stopped_server): 202 POST http://10.180.1.21/compute/v2.1/servers/8c102689-976b-40e4-8faf-1954e1a3dbd6/action 0.255s
2024-12-12 08:53:32.295 65941 INFO tempest.lib.common.rest_client [req-f48f7fa4-4db9-436d-9dff-fbc7214ab0e3 req-f48f7fa4-4db9-436d-9dff-fbc7214ab0e3 ] Request (ServersTestJSON:tearDownClass): 200 GET http://10.180.1.21/compute/v2.1/servers/7e70b527-551f-493f-9a1e-ff27c58124b1 0.197s
2024-12-12 08:53:32.332 65917 INFO tempest.lib.common.rest_client [req-f66f8511-3a0e-4976-8679-b6b189fbb012 req-f66f8511-3a0e-4976-8679-b6b189fbb012 ] Request (ServersWithSpecificFlavorTestJSON:test_verify_created_server_ephemeral_disk): 200 GET http://10.180.1.21/compute/v2.1/servers/e193ef8f-e790-4a93-add2-af0f3896f8a8 0.059s
2024-12-12 08:53:32.358 65943 INFO tempest.lib.common.rest_client [req-8d5e56f7-3406-472a-bfd6-0f73a8c01346 req-8d5e56f7-3406-472a-bfd6-0f73a8c01346 ] Request (DeleteServersTestJSON:test_delete_server_while_in_attached_volume): 200 GET http://10.180.1.21/compute/v2.1/servers/c2c5d144-6db1-4322-a86c-5ca450b034a4 0.085s
2024-12-12 08:53:32.428 65947 INFO tempest.lib.common.rest_client [req-248d1c3f-8810-4c47-8591-7fa818ab915c req-248d1c3f-8810-4c47-8591-7fa818ab915c ] Request (ServersAdminTestJSON:test_inject_network_info): 200 GET http://10.180.1.21/compute/v2.1/servers/1154fa7b-5d77-461e-96cb-d196bc6fd16d 0.105s
2024-12-12 08:53:32.516 65915 INFO tempest.lib.common.rest_client [req-5dc78e94-ae92-4410-b236-0b791bd8b207 req-5dc78e94-ae92-4410-b236-0b791bd8b207 ] Request (ServersTestBootFromVolume:tearDownClass): 200 GET http://10.180.1.21/compute/v2.1/servers/d9bfdb30-bad4-4cc8-8ae9-67aff2df00a6 0.173s
2024-12-12 08:53:32.592 65955 INFO tempest.lib.common.rest_client [req-c0c706b1-1ee4-473a-abaa-1cd7a242c932 req-c0c706b1-1ee4-473a-abaa-1cd7a242c932 ] Request (InstanceActionsV221TestJSON:test_get_list_deleted_instance_actions): 200 GET http://10.180.1.21/compute/v2.1/servers/4299a361-5be4-452f-b4f3-63673dff726c 0.194s
2024-12-12 08:53:32.600 65927 INFO tempest.lib.common.rest_client [req-c4965cf6-0654-4ff6-8a53-b5e4f139c46d req-c4965cf6-0654-4ff6-8a53-b5e4f139c46d ] Request (ImagesTestJSON:test_create_image_from_stopped_server): 200 GET http://10.180.1.21/compute/v2.1/servers/8c102689-976b-40e4-8faf-1954e1a3dbd6 0.323s
2024-12-12 08:53:32.658 65919 INFO tempest.lib.common.rest_client [req-23e4ffe5-f74e-423d-ad5e-05f9530e836c req-23e4ffe5-f74e-423d-ad5e-05f9530e836c ] Request (ServersV294TestFqdnHostnames:setUpClass): 200 GET http://10.180.1.21/compute/v2.1/servers/6c96450f-c626-4bcb-a07d-3eee06e8a539 0.229s
2024-12-12 08:53:32.830 65921 INFO tempest.lib.common.rest_client [req-f6fcd7e9-18e6-42ac-aa70-9362305d289e req-f6fcd7e9-18e6-42ac-aa70-9362305d289e ] Request (ServersNegativeTestJSON:tearDown): 200 GET http://10.180.1.21/compute/v2.1/servers/005007c7-b4dc-41b7-837c-4b8c5cc8feff 0.303s
2024-12-12 08:53:32.886 65963 INFO tempest.lib.common.rest_client [req-c8f602d0-80f7-4d2f-b35b-b8828e64f252 req-c8f602d0-80f7-4d2f-b35b-b8828e64f252 ] Request (MigrationsAdminTest:test_resize_server_revert_deleted_flavor): 200 GET http://10.180.1.21/compute/v2.1/servers/e647687b-eebb-4b16-8dda-6a7f9f99822c 0.188s
2024-12-12 08:53:32.966 65923 INFO tempest.lib.common.rest_client [req-792a3d81-45c1-4a08-bf8c-c9730018dffc req-792a3d81-45c1-4a08-bf8c-c9730018dffc ] Request (ServerActionsTestOtherB:test_create_backup): 200 GET http://10.180.1.21/image/v2/images/3e30bed3-2ab3-4a7c-980e-4e35127617e7 0.018s
2024-12-12 08:53:32.996 65911 INFO tempest.lib.common.rest_client [req-3262966a-29bb-43ce-9232-49241a360696 req-3262966a-29bb-43ce-9232-49241a360696 ] Request (ServersTestManualDisk:tearDownClass): 200 GET http://10.180.1.21/compute/v2.1/servers/b5509412-69b2-4de3-a46a-41bfbb24bf6b 0.215s
2024-12-12 08:53:33.004 65939 INFO tempest.lib.common.rest_client [req-da92fd75-c2e1-40c1-a0f3-ff5cc221e520 req-da92fd75-c2e1-40c1-a0f3-ff5cc221e520 ] Request (FloatingIPsAssociationTestJSON:test_associate_already_associated_floating_ip): 200 GET http://10.180.1.21/compute/v2.1/servers/7f2ca142-b6a4-4e7f-bb3c-4bfd911d45e5 0.307s
2024-12-12 08:53:33.073 65969 INFO tempest.lib.common.rest_client [req-c986038a-a8b3-459e-8988-ac86bf95523f req-c986038a-a8b3-459e-8988-ac86bf95523f ] Request (MultipleCreateTestJSON:_run_cleanups): 200 GET http://10.180.1.21/compute/v2.1/servers/b6d22d28-9442-4dcc-9905-961b2175ed95 0.216s
2024-12-12 08:53:33.114 65913 INFO tempest.lib.common.rest_client [req-c1431e58-d95f-4edb-8767-e5be15e43622 req-c1431e58-d95f-4edb-8767-e5be15e43622 ] Request (AttachInterfacesTestJSON:test_create_list_show_delete_interfaces_by_fixed_ip): 200 GET http://10.180.1.21/compute/v2.1/servers/6f4534a2-3554-42e4-99c9-8e2891943389 0.176s
2024-12-12 08:53:33.132 65962 INFO tempest.lib.common.rest_client [req-be87780c-e42b-48a8-aef8-c8f41362435b req-be87780c-e42b-48a8-aef8-c8f41362435b ] Request (ServerShowV257Test:tearDownClass): 200 GET http://10.180.1.21/compute/v2.1/servers/45790b23-5401-4d8d-9c21-63342ce189c4 0.107s
2024-12-12 08:53:33.152 65929 INFO tempest.lib.common.rest_client [req-762edc65-2731-46f1-9685-22bbc8760712 req-762edc65-2731-46f1-9685-22bbc8760712 ] Request (ListImageFiltersTestJSON:setUpClass): 200 GET http://10.180.1.21/compute/v2.1/images/5dfbf128-199e-466d-a742-9f9b3e576cb3 0.103s
2024-12-12 08:53:33.188 65935 INFO tempest.lib.common.rest_client [req-a2d9a6ae-735c-4587-a56c-c8c295352e15 req-a2d9a6ae-735c-4587-a56c-c8c295352e15 ] Request (ServerMetadataNegativeTestJSON:tearDownClass): 200 GET http://10.180.1.21/compute/v2.1/servers/105e3ba2-c810-4fbb-bf8e-8b7b2c00735a 0.107s
2024-12-12 08:53:33.201 65925 INFO tempest.lib.common.rest_client [req-7e074152-887e-40fc-8f54-9dae3a60c1aa req-7e074152-887e-40fc-8f54-9dae3a60c1aa ] Request (ServersTestMultiNic:test_verify_multiple_nics_order): 200 GET http://10.180.1.21/compute/v2.1/servers/ce92335d-f8c5-4ee3-a5e8-3f65f805f64d 0.100s
2024-12-12 08:53:33.244 65931 INFO tempest.lib.common.rest_client [req-fac2d7ed-81b6-48cc-a45f-f9a8d6ea2b7e req-fac2d7ed-81b6-48cc-a45f-f9a8d6ea2b7e ] Request (SecurityGroupsTestJSON:tearDownClass): 200 GET http://10.180.1.21/compute/v2.1/servers/8aeef358-e8ad-473e-b881-1650be5e7121 0.104s
2024-12-12 08:53:33.261 65953 INFO tempest.lib.common.rest_client [req-8794d6ef-82f0-4ffc-ad9c-9b9072cc4fe5 req-8794d6ef-82f0-4ffc-ad9c-9b9072cc4fe5 ] Request (ServerShowV254Test:test_rebuild_server): 200 GET http://10.180.1.21/compute/v2.1/servers/d37ff071-bef7-4acb-adc4-a0b776e09bcf 0.107s
2024-12-12 08:53:33.294 65949 INFO tempest.lib.common.rest_client [req-c83f4d4a-7544-4709-ac7f-1fcb62427695 req-c83f4d4a-7544-4709-ac7f-1fcb62427695 ] Request (VolumesAdminNegativeTest:test_update_attached_volume_with_nonexistent_volume_in_uri): 200 GET http://10.180.1.21/compute/v2.1/servers/ef6a1e6f-d58a-4fde-a47c-9fa7f0cf2814 0.081s
2024-12-12 08:53:33.316 65945 INFO tempest.lib.common.rest_client [req-4fdcf009-4f38-4703-8ec4-31ca3f7fcfd8 req-4fdcf009-4f38-4703-8ec4-31ca3f7fcfd8 ] Request (ServerShowV247Test:test_update_rebuild_list_server): 200 GET http://10.180.1.21/compute/v2.1/servers/86d72480-a612-458e-bab2-e929ca6eceba 0.094s
2024-12-12 08:53:33.325 65945 INFO tempest.common.waiters [-] State transition "BUILD/scheduling" ==> "BUILD/None" after 17 second wait
2024-12-12 08:53:33.369 65941 INFO tempest.lib.common.rest_client [req-6bc8be70-eb53-48a6-99a0-5bdd1508495a req-6bc8be70-eb53-48a6-99a0-5bdd1508495a ] Request (ServersTestJSON:tearDownClass): 200 GET http://10.180.1.21/compute/v2.1/servers/7e70b527-551f-493f-9a1e-ff27c58124b1 0.066s
2024-12-12 08:53:33.390 65917 INFO tempest.lib.common.rest_client [req-a3872a57-5be2-4c4c-be85-706adad72aa5 req-a3872a57-5be2-4c4c-be85-706adad72aa5 ] Request (ServersWithSpecificFlavorTestJSON:test_verify_created_server_ephemeral_disk): 200 GET http://10.180.1.21/compute/v2.1/servers/e193ef8f-e790-4a93-add2-af0f3896f8a8 0.051s
2024-12-12 08:53:33.425 65943 INFO tempest.lib.common.rest_client [req-bcd50e38-7916-4d30-a8aa-4daea5c332b1 req-bcd50e38-7916-4d30-a8aa-4daea5c332b1 ] Request (DeleteServersTestJSON:test_delete_server_while_in_attached_volume): 200 GET http://10.180.1.21/compute/v2.1/servers/c2c5d144-6db1-4322-a86c-5ca450b034a4 0.055s
2024-12-12 08:53:33.487 65947 INFO tempest.lib.common.rest_client [req-273035bd-5913-481b-ba2c-fac21cdf70f6 req-273035bd-5913-481b-ba2c-fac21cdf70f6 ] Request (ServersAdminTestJSON:test_inject_network_info): 200 GET http://10.180.1.21/compute/v2.1/servers/1154fa7b-5d77-461e-96cb-d196bc6fd16d 0.052s
2024-12-12 08:53:33.588 65915 INFO tempest.lib.common.rest_client [req-6f6b8f1f-9dbb-4f6d-a2a4-aab009ae5b23 req-6f6b8f1f-9dbb-4f6d-a2a4-aab009ae5b23 ] Request (ServersTestBootFromVolume:tearDownClass): 200 GET http://10.180.1.21/compute/v2.1/servers/d9bfdb30-bad4-4cc8-8ae9-67aff2df00a6 0.061s
2024-12-12 08:53:33.663 65955 INFO tempest.lib.common.rest_client [req-c7a66e2b-6df9-4242-9a44-18bce0e524d8 req-c7a66e2b-6df9-4242-9a44-18bce0e524d8 ] Request (InstanceActionsV221TestJSON:test_get_list_deleted_instance_actions): 200 GET http://10.180.1.21/compute/v2.1/servers/4299a361-5be4-452f-b4f3-63673dff726c 0.061s
2024-12-12 08:53:33.728 65919 INFO tempest.lib.common.rest_client [req-1df94cdd-5c2b-4e10-b64d-ee7cb58daf99 req-1df94cdd-5c2b-4e10-b64d-ee7cb58daf99 ] Request (ServersV294TestFqdnHostnames:setUpClass): 200 GET http://10.180.1.21/compute/v2.1/servers/6c96450f-c626-4bcb-a07d-3eee06e8a539 0.059s
2024-12-12 08:53:33.735 65927 INFO tempest.lib.common.rest_client [req-b65c1a8f-688a-4c3d-851c-a46ef19a466c req-b65c1a8f-688a-4c3d-851c-a46ef19a466c ] Request (ImagesTestJSON:test_create_image_from_stopped_server): 200 GET http://10.180.1.21/compute/v2.1/servers/8c102689-976b-40e4-8faf-1954e1a3dbd6 0.123s
2024-12-12 08:53:33.951 65921 INFO tempest.lib.common.rest_client [req-7a657287-f572-4714-acae-5af094e4e071 req-7a657287-f572-4714-acae-5af094e4e071 ] Request (ServersNegativeTestJSON:tearDown): 200 GET http://10.180.1.21/compute/v2.1/servers/005007c7-b4dc-41b7-837c-4b8c5cc8feff 0.114s
2024-12-12 08:53:34.071 65911 INFO tempest.lib.common.rest_client [req-d6ea2f4d-fed4-4f52-bb0d-f0dee76b4060 req-d6ea2f4d-fed4-4f52-bb0d-f0dee76b4060 ] Request (ServersTestManualDisk:tearDownClass): 200 GET http://10.180.1.21/compute/v2.1/servers/b5509412-69b2-4de3-a46a-41bfbb24bf6b 0.065s
2024-12-12 08:53:34.092 65963 INFO tempest.lib.common.rest_client [req-d17301cb-2c01-4695-8caa-bbda6b490c42 req-d17301cb-2c01-4695-8caa-bbda6b490c42 ] Request (MigrationsAdminTest:test_resize_server_revert_deleted_flavor): 200 GET http://10.180.1.21/compute/v2.1/servers/e647687b-eebb-4b16-8dda-6a7f9f99822c 0.196s
2024-12-12 08:53:34.137 65923 INFO tempest.lib.common.rest_client [req-9071c02b-cf05-418c-a0e2-506a27bc296e req-9071c02b-cf05-418c-a0e2-506a27bc296e ] Request (ServerActionsTestOtherB:test_create_backup): 200 GET http://10.180.1.21/image/v2/images/3e30bed3-2ab3-4a7c-980e-4e35127617e7 0.170s
2024-12-12 08:53:34.187 65969 INFO tempest.lib.common.rest_client [req-fcdb20bd-3f40-46a2-b291-61f90f66632a req-fcdb20bd-3f40-46a2-b291-61f90f66632a ] Request (MultipleCreateTestJSON:_run_cleanups): 200 GET http://10.180.1.21/compute/v2.1/servers/b6d22d28-9442-4dcc-9905-961b2175ed95 0.106s
2024-12-12 08:53:34.331 65939 INFO tempest.lib.common.rest_client [req-4da4ca92-369e-48fc-aa09-3983a138cd59 req-4da4ca92-369e-48fc-aa09-3983a138cd59 ] Request (FloatingIPsAssociationTestJSON:test_associate_already_associated_floating_ip): 200 GET http://10.180.1.21/compute/v2.1/servers/7f2ca142-b6a4-4e7f-bb3c-4bfd911d45e5 0.320s
2024-12-12 08:53:34.361 65913 INFO tempest.lib.common.rest_client [req-71b1a899-34d1-4edf-a932-cba3fbbc17c8 req-71b1a899-34d1-4edf-a932-cba3fbbc17c8 ] Request (AttachInterfacesTestJSON:test_create_list_show_delete_interfaces_by_fixed_ip): 200 GET http://10.180.1.21/compute/v2.1/servers/6f4534a2-3554-42e4-99c9-8e2891943389 0.240s
2024-12-12 08:53:34.407 65962 INFO tempest.lib.common.rest_client [req-fedd1747-45b5-461b-9379-e2407a7ce444 req-fedd1747-45b5-461b-9379-e2407a7ce444 ] Request (ServerShowV257Test:tearDownClass): 200 GET http://10.180.1.21/compute/v2.1/servers/45790b23-5401-4d8d-9c21-63342ce189c4 0.266s
2024-12-12 08:53:34.468 65935 INFO tempest.lib.common.rest_client [req-f5c22866-ac6e-4a29-bb2a-75c503448dac req-f5c22866-ac6e-4a29-bb2a-75c503448dac ] Request (ServerMetadataNegativeTestJSON:tearDownClass): 200 GET http://10.180.1.21/compute/v2.1/servers/105e3ba2-c810-4fbb-bf8e-8b7b2c00735a 0.273s
2024-12-12 08:53:34.528 65925 INFO tempest.lib.common.rest_client [req-b765d13a-ba73-46b2-9f5d-9378e3e8a7dd req-b765d13a-ba73-46b2-9f5d-9378e3e8a7dd ] Request (ServersTestMultiNic:test_verify_multiple_nics_order): 200 GET http://10.180.1.21/compute/v2.1/servers/ce92335d-f8c5-4ee3-a5e8-3f65f805f64d 0.320s
2024-12-12 08:53:34.601 65931 INFO tempest.lib.common.rest_client [req-cef6d7c5-ae95-4b43-b732-c6df314897ed req-cef6d7c5-ae95-4b43-b732-c6df314897ed ] Request (SecurityGroupsTestJSON:tearDownClass): 200 GET http://10.180.1.21/compute/v2.1/servers/8aeef358-e8ad-473e-b881-1650be5e7121 0.349s
2024-12-12 08:53:34.665 65953 INFO tempest.lib.common.rest_client [req-8ff7ead2-764a-44d8-80b5-7f01533bffaf req-8ff7ead2-764a-44d8-80b5-7f01533bffaf ] Request (ServerShowV254Test:test_rebuild_server): 200 GET http://10.180.1.21/compute/v2.1/servers/d37ff071-bef7-4acb-adc4-a0b776e09bcf 0.395s
2024-12-12 08:53:34.731 65949 INFO tempest.lib.common.rest_client [req-8b4c7871-922c-4110-b94d-7111bd8d5118 req-8b4c7871-922c-4110-b94d-7111bd8d5118 ] Request (VolumesAdminNegativeTest:test_update_attached_volume_with_nonexistent_volume_in_uri): 200 GET http://10.180.1.21/compute/v2.1/servers/ef6a1e6f-d58a-4fde-a47c-9fa7f0cf2814 0.429s
2024-12-12 08:53:34.739 65949 INFO tempest.common.waiters [-] State transition "BUILD/None" ==> "BUILD/networking" after 37 second wait
2024-12-12 08:53:34.790 65945 INFO tempest.lib.common.rest_client [req-522a6c4f-973c-433e-9588-57138e58d3f7 req-522a6c4f-973c-433e-9588-57138e58d3f7 ] Request (ServerShowV247Test:test_update_rebuild_list_server): 200 GET http://10.180.1.21/compute/v2.1/servers/86d72480-a612-458e-bab2-e929ca6eceba 0.463s
2024-12-12 08:53:34.856 65941 INFO tempest.lib.common.rest_client [req-57ff4e6c-c55d-4fae-a06e-31ae7383a901 req-57ff4e6c-c55d-4fae-a06e-31ae7383a901 ] Request (ServersTestJSON:tearDownClass): 200 GET http://10.180.1.21/compute/v2.1/servers/7e70b527-551f-493f-9a1e-ff27c58124b1 0.479s
2024-12-12 08:53:34.920 65917 INFO tempest.lib.common.rest_client [req-51734f26-7d83-4603-bb53-afb984494588 req-51734f26-7d83-4603-bb53-afb984494588 ] Request (ServersWithSpecificFlavorTestJSON:test_verify_created_server_ephemeral_disk): 200 GET http://10.180.1.21/compute/v2.1/servers/e193ef8f-e790-4a93-add2-af0f3896f8a8 0.523s
2024-12-12 08:53:34.994 65943 INFO tempest.lib.common.rest_client [req-ec9dc26f-9c72-4514-8feb-e158bd03ed98 req-ec9dc26f-9c72-4514-8feb-e158bd03ed98 ] Request (DeleteServersTestJSON:test_delete_server_while_in_attached_volume): 200 GET http://10.180.1.21/compute/v2.1/servers/c2c5d144-6db1-4322-a86c-5ca450b034a4 0.561s
2024-12-12 08:53:35.071 65947 INFO tempest.lib.common.rest_client [req-2ce04977-d08d-4477-ba2a-0320203a0160 req-2ce04977-d08d-4477-ba2a-0320203a0160 ] Request (ServersAdminTestJSON:test_inject_network_info): 200 GET http://10.180.1.21/compute/v2.1/servers/1154fa7b-5d77-461e-96cb-d196bc6fd16d 0.576s
2024-12-12 08:53:35.151 65915 INFO tempest.lib.common.rest_client [req-4a5b667a-40d7-4a70-9cef-ca46ff094191 req-4a5b667a-40d7-4a70-9cef-ca46ff094191 ] Request (ServersTestBootFromVolume:tearDownClass): 200 GET http://10.180.1.21/compute/v2.1/servers/d9bfdb30-bad4-4cc8-8ae9-67aff2df00a6 0.555s
2024-12-12 08:53:35.217 65955 INFO tempest.lib.common.rest_client [req-02442ebc-86e4-4d21-b0ca-32890fa30872 req-02442ebc-86e4-4d21-b0ca-32890fa30872 ] Request (InstanceActionsV221TestJSON:test_get_list_deleted_instance_actions): 200 GET http://10.180.1.21/compute/v2.1/servers/4299a361-5be4-452f-b4f3-63673dff726c 0.542s
2024-12-12 08:53:35.277 65919 INFO tempest.lib.common.rest_client [req-6b8b55ed-2979-4156-996d-b76b55a56deb req-6b8b55ed-2979-4156-996d-b76b55a56deb ] Request (ServersV294TestFqdnHostnames:setUpClass): 200 GET http://10.180.1.21/compute/v2.1/servers/6c96450f-c626-4bcb-a07d-3eee06e8a539 0.539s
2024-12-12 08:53:35.407 65927 INFO tempest.lib.common.rest_client [req-91d571ec-c4f2-457e-bb2c-3a27077eba60 req-91d571ec-c4f2-457e-bb2c-3a27077eba60 ] Request (ImagesTestJSON:test_create_image_from_stopped_server): 200 GET http://10.180.1.21/compute/v2.1/servers/8c102689-976b-40e4-8faf-1954e1a3dbd6 0.661s
2024-12-12 08:53:35.413 65927 INFO tempest.common.waiters [-] State transition "ACTIVE/powering-off" ==> "SHUTOFF/None" after 3 second wait
2024-12-12 08:53:35.537 65921 INFO tempest.lib.common.rest_client [req-ddd9a430-d41b-4a87-8256-30df7455ffa5 req-ddd9a430-d41b-4a87-8256-30df7455ffa5 ] Request (ServersNegativeTestJSON:tearDown): 200 GET http://10.180.1.21/compute/v2.1/servers/005007c7-b4dc-41b7-837c-4b8c5cc8feff 0.575s
2024-12-12 08:53:35.590 65911 INFO tempest.lib.common.rest_client [req-1ecb7540-f679-44d8-bf76-0b13418c4f9c req-1ecb7540-f679-44d8-bf76-0b13418c4f9c ] Request (ServersTestManualDisk:tearDownClass): 200 GET http://10.180.1.21/compute/v2.1/servers/b5509412-69b2-4de3-a46a-41bfbb24bf6b 0.512s
2024-12-12 08:53:35.692 65963 INFO tempest.lib.common.rest_client [req-69e8fb0c-3ab1-4a78-937a-3f853542def9 req-69e8fb0c-3ab1-4a78-937a-3f853542def9 ] Request (MigrationsAdminTest:test_resize_server_revert_deleted_flavor): 200 GET http://10.180.1.21/compute/v2.1/servers/e647687b-eebb-4b16-8dda-6a7f9f99822c 0.591s
2024-12-12 08:53:35.698 65963 INFO tempest.common.waiters [-] State transition "BUILD/spawning" ==> "ACTIVE/None" after 79 second wait
2024-12-12 08:53:35.748 65969 INFO tempest.lib.common.rest_client [req-bb13122c-91ad-46ef-a871-73c489476d57 req-bb13122c-91ad-46ef-a871-73c489476d57 ] Request (MultipleCreateTestJSON:_run_cleanups): 200 GET http://10.180.1.21/compute/v2.1/servers/b6d22d28-9442-4dcc-9905-961b2175ed95 0.547s
2024-12-12 08:53:35.850 65939 INFO tempest.lib.common.rest_client [req-816268b6-5d09-4ca9-b9c7-1872ff1b2899 req-816268b6-5d09-4ca9-b9c7-1872ff1b2899 ] Request (FloatingIPsAssociationTestJSON:test_associate_already_associated_floating_ip): 200 GET http://10.180.1.21/compute/v2.1/servers/7f2ca142-b6a4-4e7f-bb3c-4bfd911d45e5 0.512s
2024-12-12 08:53:35.962 65913 INFO tempest.lib.common.rest_client [req-c28e216e-9d24-43c7-ad31-6623796d2b51 req-c28e216e-9d24-43c7-ad31-6623796d2b51 ] Request (AttachInterfacesTestJSON:test_create_list_show_delete_interfaces_by_fixed_ip): 200 GET http://10.180.1.21/compute/v2.1/servers/6f4534a2-3554-42e4-99c9-8e2891943389 0.594s
2024-12-12 08:53:39.213 65923 INFO tempest.lib.common.rest_client [req-a5a4cbe8-d168-4dd9-a53b-43b509cc4a30 req-a5a4cbe8-d168-4dd9-a53b-43b509cc4a30 ] Request (ServerActionsTestOtherB:test_create_backup): 200 GET http://10.180.1.21/image/v2/images/3e30bed3-2ab3-4a7c-980e-4e35127617e7 4.075s
2024-12-12 08:53:39.244 65929 INFO tempest.lib.common.rest_client [req-00650eea-2add-40c5-8399-0d796fb722c8 req-00650eea-2add-40c5-8399-0d796fb722c8 ] Request (ListImageFiltersTestJSON:setUpClass): 200 GET http://10.180.1.21/compute/v2.1/images/5dfbf128-199e-466d-a742-9f9b3e576cb3 5.089s
2024-12-12 08:53:39.253 65923 INFO tempest.lib.common.rest_client [req-110b2490-35f2-44c6-8420-40ded3e95eb2 req-110b2490-35f2-44c6-8420-40ded3e95eb2 ] Request (ServerActionsTestOtherB:test_create_backup): 200 GET http://10.180.1.21/image/v2/images/3e30bed3-2ab3-4a7c-980e-4e35127617e7/tasks 0.039s
2024-12-12 08:53:39.269 65962 INFO tempest.lib.common.rest_client [req-4749a8ff-6206-4a96-9bcd-d57db9c02968 req-4749a8ff-6206-4a96-9bcd-d57db9c02968 ] Request (ServerShowV257Test:tearDownClass): 404 GET http://10.180.1.21/compute/v2.1/servers/45790b23-5401-4d8d-9c21-63342ce189c4 3.851s
2024-12-12 08:53:39.332 65935 INFO tempest.lib.common.rest_client [req-4ec359b3-f275-437a-ac54-48c2018d61c6 req-4ec359b3-f275-437a-ac54-48c2018d61c6 ] Request (ServerMetadataNegativeTestJSON:tearDownClass): 200 GET http://10.180.1.21/compute/v2.1/servers/105e3ba2-c810-4fbb-bf8e-8b7b2c00735a 3.855s
2024-12-12 08:53:39.378 65925 INFO tempest.lib.common.rest_client [req-8eccc724-23bb-4aac-9fcf-aab93e7bf669 req-8eccc724-23bb-4aac-9fcf-aab93e7bf669 ] Request (ServersTestMultiNic:test_verify_multiple_nics_order): 200 GET http://10.180.1.21/compute/v2.1/servers/ce92335d-f8c5-4ee3-a5e8-3f65f805f64d 3.837s
2024-12-12 08:53:39.381 65962 INFO tempest.lib.common.rest_client [req-007d32cc-a8b9-4c13-bc3c-425e74bbff60 req-007d32cc-a8b9-4c13-bc3c-425e74bbff60 ] Request (ServerShowV257Test:tearDownClass): 204 DELETE http://10.180.1.21/identity/v3/users/11f1143e8a064cc09f8bc428ef37137b 0.112s
2024-12-12 08:53:39.381 65962 INFO tempest.lib.common.dynamic_creds [-] Deleting project and security group for project: 4744e4ad9693480396a1ffc505389587
2024-12-12 08:53:39.432 65962 INFO tempest.lib.common.rest_client [req-c8b5f329-9552-4c84-948b-9e1fc4888674 req-c8b5f329-9552-4c84-948b-9e1fc4888674 ] Request (ServerShowV257Test:tearDownClass): 201 POST http://10.180.1.21/identity/v3/auth/tokens 0.051s
2024-12-12 08:53:39.434 65931 INFO tempest.lib.common.rest_client [req-de0b81ca-8148-4dcd-9ae1-eb62e371d902 req-de0b81ca-8148-4dcd-9ae1-eb62e371d902 ] Request (SecurityGroupsTestJSON:tearDownClass): 200 GET http://10.180.1.21/compute/v2.1/servers/8aeef358-e8ad-473e-b881-1650be5e7121 3.822s
2024-12-12 08:53:39.484 65953 INFO tempest.lib.common.rest_client [req-4211da1a-24a5-4663-80d4-c2d561ec4764 req-4211da1a-24a5-4663-80d4-c2d561ec4764 ] Request (ServerShowV254Test:test_rebuild_server): 200 GET http://10.180.1.21/compute/v2.1/servers/d37ff071-bef7-4acb-adc4-a0b776e09bcf 3.806s
2024-12-12 08:53:39.590 65962 INFO tempest.lib.common.rest_client [req-758cd714-1056-4040-8b52-668dc2ba2e31 req-758cd714-1056-4040-8b52-668dc2ba2e31 ] Request (ServerShowV257Test:tearDownClass): 200 GET http://10.180.1.21:9696/networking/v2.0/security-groups?tenant_id=4744e4ad9693480396a1ffc505389587&name=default 0.158s
2024-12-12 08:53:39.602 65923 INFO tempest.lib.common.rest_client [req-5fd4d9b2-97af-4d45-ac91-08bc8f6bd17a req-5fd4d9b2-97af-4d45-ac91-08bc8f6bd17a ] Request (ServerActionsTestOtherB:test_create_backup): 200 GET http://10.180.1.21/image/v2/images?status=active&sort_key=created_at&sort_dir=asc&image_type=backup&backup_type=daily&instance_uuid=8986a988-9d2f-4838-9d87-44753fe83c76 0.349s
2024-12-12 08:53:39.603 65927 INFO tempest.lib.common.rest_client [req-0fb0a81a-1472-4413-9bd4-f4336b206c0d req-0fb0a81a-1472-4413-9bd4-f4336b206c0d ] Request (ImagesTestJSON:test_create_image_from_stopped_server): 202 POST http://10.180.1.21/compute/v2.1/servers/8c102689-976b-40e4-8faf-1954e1a3dbd6/action 4.189s
2024-12-12 08:53:39.625 65963 INFO tempest.lib.common.rest_client [req-ad8b87bb-7c6e-46ec-ad33-f9246d64fe15 req-ad8b87bb-7c6e-46ec-ad33-f9246d64fe15 ] Request (MigrationsAdminTest:test_resize_server_revert_deleted_flavor): 200 GET http://10.180.1.21/compute/v2.1/servers/e647687b-eebb-4b16-8dda-6a7f9f99822c 3.926s
2024-12-12 08:53:39.681 65962 INFO tempest.lib.common.rest_client [req-14ece0db-6d52-4eff-b3f1-85d5b9493d37 req-14ece0db-6d52-4eff-b3f1-85d5b9493d37 ] Request (ServerShowV257Test:tearDownClass): 204 DELETE http://10.180.1.21:9696/networking/v2.0/security-groups/68808164-c365-4236-a09a-8127863b2dad 0.090s
2024-12-12 08:53:39.684 65945 INFO tempest.lib.common.rest_client [req-ec02f58c-7efe-4e80-a79e-1f7e36696a29 req-ec02f58c-7efe-4e80-a79e-1f7e36696a29 ] Request (ServerShowV247Test:test_update_rebuild_list_server): 200 GET http://10.180.1.21/compute/v2.1/servers/86d72480-a612-458e-bab2-e929ca6eceba 3.883s
2024-12-12 08:53:39.746 65962 INFO tempest.lib.common.rest_client [req-04164e34-afa9-421d-a3f4-7a465e0d8d4d req-04164e34-afa9-421d-a3f4-7a465e0d8d4d ] Request (ServerShowV257Test:tearDownClass): 204 DELETE http://10.180.1.21/identity/v3/projects/4744e4ad9693480396a1ffc505389587 0.064s
2024-12-12 08:53:39.754 65941 INFO tempest.lib.common.rest_client [req-ac35d943-5640-40f0-9136-3211f4d0eab0 req-ac35d943-5640-40f0-9136-3211f4d0eab0 ] Request (ServersTestJSON:tearDownClass): 200 GET http://10.180.1.21/compute/v2.1/servers/7e70b527-551f-493f-9a1e-ff27c58124b1 3.888s
2024-12-12 08:53:39.767 65949 INFO tempest.lib.common.rest_client [req-4d79a774-e9ec-47c8-8999-5805c9322b6f req-4d79a774-e9ec-47c8-8999-5805c9322b6f ] Request (VolumesAdminNegativeTest:test_update_attached_volume_with_nonexistent_volume_in_uri): 200 GET http://10.180.1.21/compute/v2.1/servers/ef6a1e6f-d58a-4fde-a47c-9fa7f0cf2814 4.026s
2024-12-12 08:53:39.774 65949 INFO tempest.common.waiters [-] State transition "BUILD/networking" ==> "BUILD/spawning" after 42 second wait
2024-12-12 08:53:39.806 65917 INFO tempest.lib.common.rest_client [req-ecbe71a9-9265-4459-9320-dc33e9b47a02 req-ecbe71a9-9265-4459-9320-dc33e9b47a02 ] Request (ServersWithSpecificFlavorTestJSON:test_verify_created_server_ephemeral_disk): 200 GET http://10.180.1.21/compute/v2.1/servers/e193ef8f-e790-4a93-add2-af0f3896f8a8 3.877s
2024-12-12 08:53:39.832 65943 INFO tempest.lib.common.rest_client [req-3c2feeff-57af-420a-a2ff-d99a5eb644ea req-3c2feeff-57af-420a-a2ff-d99a5eb644ea ] Request (DeleteServersTestJSON:test_delete_server_while_in_attached_volume): 200 GET http://10.180.1.21/compute/v2.1/servers/c2c5d144-6db1-4322-a86c-5ca450b034a4 3.829s
2024-12-12 08:53:39.841 65943 INFO tempest.common.waiters [-] State transition "BUILD/scheduling" ==> "BUILD/None" after 12 second wait
