2024-12-12 10:49:48.450 66063 WARNING tempest.lib.common.ssh [-] Failed to establish authenticated ssh connection to cirros@10.180.180.210 ([Errno None] Unable to connect to port 22 on 10.180.180.210). Number attempts: 4. Retry after 5 seconds.: paramiko.ssh_exception.NoValidConnectionsError: [Errno None] Unable to connect to port 22 on 10.180.180.210
2024-12-12 10:49:48.450 66035 INFO tempest.lib.common.rest_client [req-e3846fb1-9975-489a-b359-f1eeb56f6d2c req-e3846fb1-9975-489a-b359-f1eeb56f6d2c ] Request (DeleteServersTestJSON:test_delete_active_server): 200 GET http://10.180.1.21/compute/v2.1/servers/cc768a9e-0d11-49e0-8762-35dcaaf929fb 0.072s
2024-12-12 10:49:48.470 66015 INFO tempest.lib.common.rest_client [req-1a540988-f860-45ac-b7fc-9224f0e9dcf0 req-1a540988-f860-45ac-b7fc-9224f0e9dcf0 ] Request (ServerRescueNegativeTestJSON:setUpClass): 200 GET http://10.180.1.21/compute/v2.1/servers/d8401e2f-0d4c-4a7e-8577-04e3d68b1763 0.077s
2024-12-12 10:49:48.503 66011 INFO tempest.lib.common.rest_client [req-79389d09-d781-4e95-a853-f42e4cc9a80a req-79389d09-d781-4e95-a853-f42e4cc9a80a ] Request (AttachInterfacesUnderV243Test:test_add_remove_fixed_ip): 200 GET http://10.180.1.21/compute/v2.1/servers/35979957-c1a5-4250-a16d-0eb2907da195 0.079s
2024-12-12 10:49:48.519 66019 INFO tempest.lib.common.rest_client [req-6b8bef78-fad6-4008-b6d6-0273ac964a60 req-6b8bef78-fad6-4008-b6d6-0273ac964a60 ] Request (ImagesOneServerNegativeTestJSON:_run_cleanups): 200 GET http://10.180.1.21/compute/v2.1/servers/978f946b-172a-48d4-b9de-ee19dd0d1224 0.081s
2024-12-12 10:49:48.562 66007 INFO tempest.lib.common.rest_client [req-b8f90490-11d5-4a68-a62d-491214ac2ff2 req-b8f90490-11d5-4a68-a62d-491214ac2ff2 ] Request (FloatingIPsAssociationNegativeTestJSON:tearDownClass): 200 GET http://10.180.1.21/compute/v2.1/servers/18199893-4be7-41c8-b5a7-319a6c1da49f 0.052s
2024-12-12 10:49:48.630 66025 INFO tempest.lib.common.rest_client [req-b9ae9596-75f0-40a6-9056-0b8131d176c9 req-b9ae9596-75f0-40a6-9056-0b8131d176c9 ] Request (ImagesNegativeTestJSON:test_create_image_from_deleted_server): 200 GET http://10.180.1.21/compute/v2.1/servers/ff6920f6-d7f0-47db-af2b-7896c496fe32 0.055s
2024-12-12 10:49:48.910 66043 INFO tempest.lib.common.rest_client [req-79174fdd-7d32-4a18-85fa-01e99e3024a8 req-79174fdd-7d32-4a18-85fa-01e99e3024a8 ] Request (FloatingIPsNegativeTestJSON:setUpClass): 201 POST http://10.180.1.21:9696/networking/v2.0/routers 0.718s
2024-12-12 10:49:48.961 66049 INFO tempest.lib.common.rest_client [req-340a0e85-f468-40ab-aa9e-18327b3ff3cc req-340a0e85-f468-40ab-aa9e-18327b3ff3cc ] Request (ServerTagsTestJSON:setUpClass): 200 GET http://10.180.1.21/compute/v2.1/servers/3740794c-c7a8-4325-9234-0fe4f83cc465 0.064s
2024-12-12 10:49:49.029 66045 INFO tempest.lib.common.rest_client [req-4509b40a-7afa-474b-962c-66fb99e8cde1 req-4509b40a-7afa-474b-962c-66fb99e8cde1 ] Request (MigrationsAdminTest:test_resize_server_revert_deleted_flavor): 200 GET http://10.180.1.21/compute/v2.1/servers/85928b6a-7d30-4cf6-aa1b-36357a80a38c 0.090s
2024-12-12 10:49:49.084 66067 INFO tempest.lib.common.rest_client [req-95157e66-084f-4c94-a2dd-9f9e51a0e7a0 req-95157e66-084f-4c94-a2dd-9f9e51a0e7a0 ] Request (ServersTestJSON:test_create_server_with_ipv6_addr_only): 200 GET http://10.180.1.21/compute/v2.1/servers/626daee0-ec18-4366-af6a-6b07708dedb1 0.058s
2024-12-12 10:49:49.106 66031 INFO tempest.lib.common.rest_client [req-1c429fbf-e993-4b99-8aab-c42bbcbc9d20 req-1c429fbf-e993-4b99-8aab-c42bbcbc9d20 ] Request (ServerDiskConfigTestJSON:test_rebuild_server_with_auto_disk_config): 200 GET http://10.180.1.21/compute/v2.1/servers/66448535-e73a-4cf2-bc6f-f12e656ff3f1 0.175s
2024-12-12 10:49:49.114 66031 INFO tempest.common.waiters [-] State transition "REBUILD/rebuild_spawning" ==> "ACTIVE/None" after 11 second wait
2024-12-12 10:49:49.157 66029 INFO tempest.lib.common.rest_client [req-c120ebbd-d86d-4347-bdcb-c96428a2727c req-c120ebbd-d86d-4347-bdcb-c96428a2727c ] Request (ServerShowV247Test:test_update_rebuild_list_server): 200 GET http://10.180.1.21/compute/v2.1/servers/88838791-2153-498b-8048-7891a84aa8be 0.059s
2024-12-12 10:49:49.215 66039 INFO tempest.lib.common.rest_client [req-01b8549f-23dc-4c69-8e6e-4e072ce6430d req-01b8549f-23dc-4c69-8e6e-4e072ce6430d ] Request (ServersTestMultiNic:test_verify_duplicate_network_nics): 200 GET http://10.180.1.21/compute/v2.1/servers/0ea6eea2-4690-47d5-a489-d0d4773fc8b9 0.066s
2024-12-12 10:49:49.259 66031 INFO tempest.lib.common.rest_client [req-af2ac4a2-b38d-4c71-b862-d7f37d66e5d7 req-af2ac4a2-b38d-4c71-b862-d7f37d66e5d7 ] Request (ServerDiskConfigTestJSON:test_rebuild_server_with_auto_disk_config): 200 GET http://10.180.1.21/compute/v2.1/servers/66448535-e73a-4cf2-bc6f-f12e656ff3f1 0.144s
2024-12-12 10:49:49.272 66041 INFO tempest.lib.common.rest_client [req-18f9a828-e8f9-4c2a-a25d-ff360c8c2a3c req-18f9a828-e8f9-4c2a-a25d-ff360c8c2a3c ] Request (FloatingIPsAssociationTestJSON:test_associate_already_associated_floating_ip): 200 GET http://10.180.1.21/compute/v2.1/servers/3d6b91bf-2ac9-4b6b-80fc-065268b9ed22 0.070s
2024-12-12 10:49:49.320 66021 INFO tempest.lib.common.rest_client [req-f2c2125a-fbec-4fad-9a0a-bab6e5d787d1 req-f2c2125a-fbec-4fad-9a0a-bab6e5d787d1 ] Request (DeleteServersAdminTestJSON:test_delete_server_while_in_error_state): 200 GET http://10.180.1.21/compute/v2.1/servers/0a5926ae-9200-4b62-86f0-3efea856792e 0.061s
2024-12-12 10:49:49.360 66031 INFO tempest.lib.common.rest_client [req-aaac4e5b-5738-49b9-8415-bd268b3d1398 req-aaac4e5b-5738-49b9-8415-bd268b3d1398 ] Request (ServerDiskConfigTestJSON:_run_cleanups): 204 DELETE http://10.180.1.21/compute/v2.1/servers/66448535-e73a-4cf2-bc6f-f12e656ff3f1 0.091s
2024-12-12 10:49:49.428 66031 INFO tempest.lib.common.rest_client [req-66c7427a-d0ad-4b40-b9f8-efa3af4ba62d req-66c7427a-d0ad-4b40-b9f8-efa3af4ba62d ] Request (ServerDiskConfigTestJSON:test_rebuild_server_with_manual_disk_config): 201 POST http://10.180.1.21/identity/v3/auth/tokens 0.062s
2024-12-12 10:49:49.429 66031 INFO tempest.lib.common.fixed_network [-] (ServerDiskConfigTestJSON:test_rebuild_server_with_manual_disk_config) Found network {'id': '386283aa-4da1-436b-8fe8-fa275a0a6791', 'name': 'tempest-ServerDiskConfigTestJSON-228670312-network', 'tenant_id': '2dfcb2fdc1424cc3976b41b747c0888a', 'admin_state_up': True, 'mtu': 8950, 'status': 'ACTIVE', 'subnets': [], 'shared': False, 'project_id': '2dfcb2fdc1424cc3976b41b747c0888a', 'port_security_enabled': True, 'router:external': False, 'provider:network_type': 'vlan', 'provider:physical_network': 'default', 'provider:segmentation_id': 801, 'availability_zone_hints': [], 'availability_zones': [], 'ipv4_address_scope': None, 'ipv6_address_scope': None, 'description': '', 'tags': [], 'created_at': '2024-12-12T10:48:39Z', 'updated_at': '2024-12-12T10:48:39Z', 'revision_number': 1} available for tenant
2024-12-12 10:49:49.435 66051 INFO tempest.lib.common.rest_client [req-16fdd90a-64ce-4ce7-afd8-80ab5db52040 req-16fdd90a-64ce-4ce7-afd8-80ab5db52040 ] Request (ServersV294TestFqdnHostnames:setUpClass): 200 GET http://10.180.1.21/compute/v2.1/servers/b60445df-57f7-45aa-9aa5-b3282ac6e4e0 0.102s
2024-12-12 10:49:49.451 66065 INFO tempest.lib.common.rest_client [req-723e8428-26f7-4385-b128-3611debb697d req-723e8428-26f7-4385-b128-3611debb697d ] Request (MultipleCreateTestJSON:test_multiple_create): 200 GET http://10.180.1.21/compute/v2.1/servers/f641da2b-bf8b-46c6-bdff-52d7bcdc1ad1 0.153s
2024-12-12 10:49:49.490 66027 INFO tempest.lib.common.rest_client [req-dfc4e5e0-989c-4ec6-ae55-252cb861920f req-dfc4e5e0-989c-4ec6-ae55-252cb861920f ] Request (ImagesTestJSON:test_create_image_from_stopped_server): 200 GET http://10.180.1.21/compute/v2.1/servers/1f263cb1-15b3-4e8d-8cfa-dae622a1c186 0.136s
2024-12-12 10:49:49.550 66017 INFO tempest.lib.common.rest_client [req-bfd921b3-db55-4e81-8bfb-96b5dc1c146d req-bfd921b3-db55-4e81-8bfb-96b5dc1c146d ] Request (ServersAdminTestJSON:test_create_server_with_scheduling_hint): 200 GET http://10.180.1.21/compute/v2.1/servers/75d8232c-3dee-48f6-8abd-60581f4abd44 0.148s
2024-12-12 10:49:49.647 66009 INFO tempest.lib.common.rest_client [req-173f03a3-4033-4d34-99b1-435e35869706 req-173f03a3-4033-4d34-99b1-435e35869706 ] Request (SecurityGroupsTestJSON:test_list_security_groups_by_server): 200 GET http://10.180.1.21/compute/v2.1/servers/bcf8cd94-b380-41e6-8792-df66a2954952 0.268s
2024-12-12 10:49:49.657 66009 INFO tempest.common.waiters [-] State transition "BUILD/networking" ==> "BUILD/block_device_mapping" after 56 second wait
2024-12-12 10:49:49.717 66023 INFO tempest.lib.common.rest_client [req-1bf48da0-d64f-41e4-b9de-54b56b78cfd8 req-1bf48da0-d64f-41e4-b9de-54b56b78cfd8 ] Request (ListServerFiltersTestJSON:setUpClass): 200 GET http://10.180.1.21/compute/v2.1/servers/af5e70a2-df8f-424e-adcb-e88adc6e498b 0.281s
2024-12-12 10:49:49.787 66035 INFO tempest.lib.common.rest_client [req-3b67c6fb-26c6-4388-aad3-03ac694128da req-3b67c6fb-26c6-4388-aad3-03ac694128da ] Request (DeleteServersTestJSON:test_delete_active_server): 200 GET http://10.180.1.21/compute/v2.1/servers/cc768a9e-0d11-49e0-8762-35dcaaf929fb 0.326s
2024-12-12 10:49:49.845 66015 INFO tempest.lib.common.rest_client [req-f41a6b14-cd8a-4583-a7ad-c030f259e93a req-f41a6b14-cd8a-4583-a7ad-c030f259e93a ] Request (ServerRescueNegativeTestJSON:setUpClass): 200 GET http://10.180.1.21/compute/v2.1/servers/d8401e2f-0d4c-4a7e-8577-04e3d68b1763 0.367s
2024-12-12 10:49:49.902 66011 INFO tempest.lib.common.rest_client [req-43308e88-05a6-4982-a21e-0a72ef3546e3 req-43308e88-05a6-4982-a21e-0a72ef3546e3 ] Request (AttachInterfacesUnderV243Test:test_add_remove_fixed_ip): 200 GET http://10.180.1.21/compute/v2.1/servers/35979957-c1a5-4250-a16d-0eb2907da195 0.392s
2024-12-12 10:49:49.970 66019 INFO tempest.lib.common.rest_client [req-787a54b9-163c-4d65-a4fa-a7b81b2ff857 req-787a54b9-163c-4d65-a4fa-a7b81b2ff857 ] Request (ImagesOneServerNegativeTestJSON:_run_cleanups): 200 GET http://10.180.1.21/compute/v2.1/servers/978f946b-172a-48d4-b9de-ee19dd0d1224 0.445s
2024-12-12 10:49:49.989 66031 INFO tempest.lib.common.rest_client [req-2b156121-6d1c-49c9-8e1e-c21bde0f5fd6 req-2b156121-6d1c-49c9-8e1e-c21bde0f5fd6 ] Request (ServerDiskConfigTestJSON:test_rebuild_server_with_manual_disk_config): 202 POST http://10.180.1.21/compute/v2.1/servers 0.559s
2024-12-12 10:49:50.048 66007 INFO tempest.lib.common.rest_client [req-419428ae-46d2-4fd7-94d2-eb2d1e9d91da req-419428ae-46d2-4fd7-94d2-eb2d1e9d91da ] Request (FloatingIPsAssociationNegativeTestJSON:tearDownClass): 200 GET http://10.180.1.21/compute/v2.1/servers/18199893-4be7-41c8-b5a7-319a6c1da49f 0.479s
2024-12-12 10:49:50.062 66025 INFO tempest.lib.common.rest_client [req-b2c8e576-2ffe-4591-878a-339e39749e72 req-b2c8e576-2ffe-4591-878a-339e39749e72 ] Request (ImagesNegativeTestJSON:test_create_image_from_deleted_server): 200 GET http://10.180.1.21/compute/v2.1/servers/ff6920f6-d7f0-47db-af2b-7896c496fe32 0.423s
2024-12-12 10:49:50.103 66031 INFO tempest.lib.common.rest_client [req-e4d06e01-4e88-4dea-9518-71d507f0208d req-e4d06e01-4e88-4dea-9518-71d507f0208d ] Request (ServerDiskConfigTestJSON:test_rebuild_server_with_manual_disk_config): 200 GET http://10.180.1.21/compute/v2.1/servers/5021101b-d7d4-40a2-9568-004f45f3b02d 0.113s
2024-12-12 10:49:50.119 66049 INFO tempest.lib.common.rest_client [req-a3f2593b-0205-4933-bf5d-c4e22cd00096 req-a3f2593b-0205-4933-bf5d-c4e22cd00096 ] Request (ServerTagsTestJSON:setUpClass): 200 GET http://10.180.1.21/compute/v2.1/servers/3740794c-c7a8-4325-9234-0fe4f83cc465 0.147s
2024-12-12 10:49:50.168 66045 INFO tempest.lib.common.rest_client [req-803c77c9-60b5-4e03-9f64-54806a6f0dae req-803c77c9-60b5-4e03-9f64-54806a6f0dae ] Request (MigrationsAdminTest:test_resize_server_revert_deleted_flavor): 200 GET http://10.180.1.21/compute/v2.1/servers/85928b6a-7d30-4cf6-aa1b-36357a80a38c 0.132s
2024-12-12 10:49:50.183 66067 INFO tempest.lib.common.rest_client [req-970e3280-d1b4-4bed-91d9-4382208f5e8a req-970e3280-d1b4-4bed-91d9-4382208f5e8a ] Request (ServersTestJSON:test_create_server_with_ipv6_addr_only): 200 GET http://10.180.1.21/compute/v2.1/servers/626daee0-ec18-4366-af6a-6b07708dedb1 0.087s
2024-12-12 10:49:50.226 66029 INFO tempest.lib.common.rest_client [req-5427c9e8-a25a-4ac6-9578-618dba03621f req-5427c9e8-a25a-4ac6-9578-618dba03621f ] Request (ServerShowV247Test:test_update_rebuild_list_server): 200 GET http://10.180.1.21/compute/v2.1/servers/88838791-2153-498b-8048-7891a84aa8be 0.062s
2024-12-12 10:49:50.273 66043 INFO tempest.lib.common.rest_client [req-0e101a5d-acc8-4e5f-a6b9-0532e92a8f2f req-0e101a5d-acc8-4e5f-a6b9-0532e92a8f2f ] Request (FloatingIPsNegativeTestJSON:setUpClass): 200 PUT http://10.180.1.21:9696/networking/v2.0/routers/29a49ab9-1898-4330-9f92-65fb9fdc0d66/add_router_interface 1.362s
2024-12-12 10:49:50.273 66043 INFO tempest.lib.common.dynamic_creds [-] Created isolated network resources for: credentials: Credentials: {'domain_id': 'default', 'domain_name': 'Default', 'username': 'tempest-FloatingIPsNegativeTestJSON-964981172-project-member', 'project_domain_id': 'default', 'project_domain_name': 'Default', 'project_id': '6af85a23fb734f2da614b9d7f218888a', 'project_name': 'tempest-FloatingIPsNegativeTestJSON-964981172', 'tenant_id': '6af85a23fb734f2da614b9d7f218888a', 'tenant_name': 'tempest-FloatingIPsNegativeTestJSON-964981172', 'user_domain_id': 'default', 'user_domain_name': 'Default', 'user_id': '272f89b639c54a53a1b32279614378a5', 'system': None}, Network: {'id': '3c29707a-3283-4072-9b9a-944b382f46c0', 'name': 'tempest-FloatingIPsNegativeTestJSON-1082714444-network', 'tenant_id': '6af85a23fb734f2da614b9d7f218888a', 'admin_state_up': True, 'mtu': 8950, 'status': 'ACTIVE', 'subnets': [], 'shared': False, 'project_id': '6af85a23fb734f2da614b9d7f218888a', 'port_security_enabled': True, 'router:external': False, 'provider:network_type': 'vlan', 'provider:physical_network': 'default', 'provider:segmentation_id': 376, 'availability_zone_hints': [], 'availability_zones': [], 'ipv4_address_scope': None, 'ipv6_address_scope': None, 'description': '', 'tags': [], 'created_at': '2024-12-12T10:49:47Z', 'updated_at': '2024-12-12T10:49:48Z', 'revision_number': 1}, Subnet: {'id': '0787cf3b-20a5-474d-b80e-826f1b15d032', 'name': 'tempest-FloatingIPsNegativeTestJSON-1082714444-subnet', 'tenant_id': '6af85a23fb734f2da614b9d7f218888a', 'network_id': '3c29707a-3283-4072-9b9a-944b382f46c0', 'ip_version': 4, 'subnetpool_id': None, 'enable_dhcp': True, 'ipv6_ra_mode': None, 'ipv6_address_mode': None, 'gateway_ip': '192.168.128.1', 'cidr': '192.168.128.0/28', 'allocation_pools': [{'start': '192.168.128.2', 'end': '192.168.128.14'}], 'host_routes': [], 'dns_nameservers': [], 'description': '', 'router:external': False, 'service_types': [], 'tags': [], 'created_at': '2024-12-12T10:49:48Z', 'updated_at': '2024-12-12T10:49:48Z', 'revision_number': 0, 'project_id': '6af85a23fb734f2da614b9d7f218888a'}, Router: {'id': '29a49ab9-1898-4330-9f92-65fb9fdc0d66', 'name': 'tempest-FloatingIPsNegativeTestJSON-1082714444-router', 'tenant_id': '6af85a23fb734f2da614b9d7f218888a', 'admin_state_up': True, 'status': 'ACTIVE', 'external_gateway_info': {'network_id': 'fa5258f4-1ac6-48a8-866e-1185215245bb', 'external_fixed_ips': [{'subnet_id': '442d5a02-14c9-4da3-aeca-76520caac487', 'ip_address': '10.180.180.168'}], 'enable_snat': True}, 'description': '', 'availability_zones': [], 'distributed': False, 'ha': False, 'availability_zone_hints': [], 'routes': [], 'flavor_id': None, 'tags': [], 'created_at': '2024-12-12T10:49:48Z', 'updated_at': '2024-12-12T10:49:48Z', 'revision_number': 2, 'project_id': '6af85a23fb734f2da614b9d7f218888a'}
2024-12-12 10:49:50.287 66039 INFO tempest.lib.common.rest_client [req-ebdcbf43-4398-4747-9129-23a5296f6b06 req-ebdcbf43-4398-4747-9129-23a5296f6b06 ] Request (ServersTestMultiNic:test_verify_duplicate_network_nics): 200 GET http://10.180.1.21/compute/v2.1/servers/0ea6eea2-4690-47d5-a489-d0d4773fc8b9 0.065s
2024-12-12 10:49:50.343 66041 INFO tempest.lib.common.rest_client [req-ffe78d43-13dc-4e7e-a998-9e78e223bda3 req-ffe78d43-13dc-4e7e-a998-9e78e223bda3 ] Request (FloatingIPsAssociationTestJSON:test_associate_already_associated_floating_ip): 200 GET http://10.180.1.21/compute/v2.1/servers/3d6b91bf-2ac9-4b6b-80fc-065268b9ed22 0.060s
2024-12-12 10:49:50.364 66043 INFO tempest.lib.common.rest_client [req-6b9af05f-4180-4a5e-8c32-cc650d563479 req-6b9af05f-4180-4a5e-8c32-cc650d563479 ] Request (FloatingIPsNegativeTestJSON:setUpClass): 201 POST http://10.180.1.21/identity/v3/auth/tokens 0.088s
2024-12-12 10:49:50.400 66021 INFO tempest.lib.common.rest_client [req-a0e3b7b5-f5e8-41e2-bba7-c98c4b6cd77d req-a0e3b7b5-f5e8-41e2-bba7-c98c4b6cd77d ] Request (DeleteServersAdminTestJSON:test_delete_server_while_in_error_state): 200 GET http://10.180.1.21/compute/v2.1/servers/0a5926ae-9200-4b62-86f0-3efea856792e 0.070s
2024-12-12 10:49:50.483 66043 INFO tempest.lib.common.rest_client [req-35262d3c-59d7-458a-ad3a-9adce2dc9cbc req-35262d3c-59d7-458a-ad3a-9adce2dc9cbc ] Request (FloatingIPsNegativeTestJSON:setUpClass): 200 GET http://10.180.1.21/compute/v2.1/os-floating-ips 0.118s
2024-12-12 10:49:50.536 66051 INFO tempest.lib.common.rest_client [req-0fb2a1a0-fb61-430f-8e27-7dabf709c38f req-0fb2a1a0-fb61-430f-8e27-7dabf709c38f ] Request (ServersV294TestFqdnHostnames:setUpClass): 200 GET http://10.180.1.21/compute/v2.1/servers/b60445df-57f7-45aa-9aa5-b3282ac6e4e0 0.082s
2024-12-12 10:49:50.565 66043 INFO tempest.lib.common.rest_client [req-58c7600d-c947-4235-be17-3b95332553d0 req-58c7600d-c947-4235-be17-3b95332553d0 ] Request (FloatingIPsNegativeTestJSON:test_allocate_floating_ip_from_nonexistent_pool): 404 POST http://10.180.1.21/compute/v2.1/os-floating-ips 0.079s
2024-12-12 10:49:50.603 66065 INFO tempest.lib.common.rest_client [req-7ba521de-bae3-415e-b7d4-1697fad562aa req-7ba521de-bae3-415e-b7d4-1697fad562aa ] Request (MultipleCreateTestJSON:test_multiple_create): 200 GET http://10.180.1.21/compute/v2.1/servers/f641da2b-bf8b-46c6-bdff-52d7bcdc1ad1 0.139s
2024-12-12 10:49:50.623 66027 INFO tempest.lib.common.rest_client [req-9a88181e-b4a6-4249-8f91-06b22dc185b0 req-9a88181e-b4a6-4249-8f91-06b22dc185b0 ] Request (ImagesTestJSON:test_create_image_from_stopped_server): 200 GET http://10.180.1.21/compute/v2.1/servers/1f263cb1-15b3-4e8d-8cfa-dae622a1c186 0.123s
2024-12-12 10:49:50.658 66043 INFO tempest.lib.common.rest_client [req-c6d6b7e7-9552-48f1-9b8b-8af0a2e13269 req-c6d6b7e7-9552-48f1-9b8b-8af0a2e13269 ] Request (FloatingIPsNegativeTestJSON:test_delete_nonexistent_floating_ip): 404 DELETE http://10.180.1.21/compute/v2.1/os-floating-ips/973bcc2e-0456-4117-8f71-86ab2936836b 0.091s
2024-12-12 10:49:50.660 66017 INFO tempest.lib.common.rest_client [req-da5a9698-55e0-4a36-80cb-94afe1aff0db req-da5a9698-55e0-4a36-80cb-94afe1aff0db ] Request (ServersAdminTestJSON:test_create_server_with_scheduling_hint): 200 GET http://10.180.1.21/compute/v2.1/servers/75d8232c-3dee-48f6-8abd-60581f4abd44 0.102s
2024-12-12 10:49:50.787 66023 INFO tempest.lib.common.rest_client [req-ab78c905-6f70-49f1-8edc-029cb0e71589 req-ab78c905-6f70-49f1-8edc-029cb0e71589 ] Request (ListServerFiltersTestJSON:setUpClass): 200 GET http://10.180.1.21/compute/v2.1/servers/af5e70a2-df8f-424e-adcb-e88adc6e498b 0.061s
2024-12-12 10:49:50.799 66009 INFO tempest.lib.common.rest_client [req-71bdd27a-9965-4700-b0d0-41d3231f19ff req-71bdd27a-9965-4700-b0d0-41d3231f19ff ] Request (SecurityGroupsTestJSON:test_list_security_groups_by_server): 200 GET http://10.180.1.21/compute/v2.1/servers/bcf8cd94-b380-41e6-8792-df66a2954952 0.141s
2024-12-12 10:49:50.805 66009 INFO tempest.common.waiters [-] State transition "BUILD/block_device_mapping" ==> "BUILD/spawning" after 57 second wait
2024-12-12 10:49:50.892 66035 INFO tempest.lib.common.rest_client [req-0d367fc1-5eb6-4397-afb8-fb8210f22700 req-0d367fc1-5eb6-4397-afb8-fb8210f22700 ] Request (DeleteServersTestJSON:test_delete_active_server): 200 GET http://10.180.1.21/compute/v2.1/servers/cc768a9e-0d11-49e0-8762-35dcaaf929fb 0.098s
2024-12-12 10:49:50.927 66015 INFO tempest.lib.common.rest_client [req-f78d244f-6b25-444a-9192-1671cd04c4b6 req-f78d244f-6b25-444a-9192-1671cd04c4b6 ] Request (ServerRescueNegativeTestJSON:setUpClass): 200 GET http://10.180.1.21/compute/v2.1/servers/d8401e2f-0d4c-4a7e-8577-04e3d68b1763 0.074s
2024-12-12 10:49:50.991 66011 INFO tempest.lib.common.rest_client [req-17f2c446-dfd5-4ec6-831c-f358246f8b31 req-17f2c446-dfd5-4ec6-831c-f358246f8b31 ] Request (AttachInterfacesUnderV243Test:test_add_remove_fixed_ip): 200 GET http://10.180.1.21/compute/v2.1/servers/35979957-c1a5-4250-a16d-0eb2907da195 0.081s
2024-12-12 10:49:51.029 66019 INFO tempest.lib.common.rest_client [req-83864fc3-9c8f-4d37-aeb7-1b91b8769dab req-83864fc3-9c8f-4d37-aeb7-1b91b8769dab ] Request (ImagesOneServerNegativeTestJSON:_run_cleanups): 200 GET http://10.180.1.21/compute/v2.1/servers/978f946b-172a-48d4-b9de-ee19dd0d1224 0.049s
2024-12-12 10:49:51.147 66025 INFO tempest.lib.common.rest_client [req-73486861-9352-49a3-b55a-9a3f373c85d6 req-73486861-9352-49a3-b55a-9a3f373c85d6 ] Request (ImagesNegativeTestJSON:test_create_image_from_deleted_server): 200 GET http://10.180.1.21/compute/v2.1/servers/ff6920f6-d7f0-47db-af2b-7896c496fe32 0.076s
2024-12-12 10:49:51.161 66007 INFO tempest.lib.common.rest_client [req-6fda1ab0-5001-4243-ad81-9f2a855f5c7d req-6fda1ab0-5001-4243-ad81-9f2a855f5c7d ] Request (FloatingIPsAssociationNegativeTestJSON:tearDownClass): 200 GET http://10.180.1.21/compute/v2.1/servers/18199893-4be7-41c8-b5a7-319a6c1da49f 0.098s
2024-12-12 10:49:51.215 66031 INFO tempest.lib.common.rest_client [req-6e746205-1295-4aa2-932a-ff4b69a01fc2 req-6e746205-1295-4aa2-932a-ff4b69a01fc2 ] Request (ServerDiskConfigTestJSON:test_rebuild_server_with_manual_disk_config): 200 GET http://10.180.1.21/compute/v2.1/servers/5021101b-d7d4-40a2-9568-004f45f3b02d 0.103s
2024-12-12 10:49:51.230 66049 INFO tempest.lib.common.rest_client [req-c240c79d-bd45-4056-99ed-bdc5d9bfeaa5 req-c240c79d-bd45-4056-99ed-bdc5d9bfeaa5 ] Request (ServerTagsTestJSON:setUpClass): 200 GET http://10.180.1.21/compute/v2.1/servers/3740794c-c7a8-4325-9234-0fe4f83cc465 0.096s
2024-12-12 10:49:51.274 66045 INFO tempest.lib.common.rest_client [req-68291765-8486-4853-8522-69c60b416522 req-68291765-8486-4853-8522-69c60b416522 ] Request (MigrationsAdminTest:test_resize_server_revert_deleted_flavor): 200 GET http://10.180.1.21/compute/v2.1/servers/85928b6a-7d30-4cf6-aa1b-36357a80a38c 0.098s
2024-12-12 10:49:51.293 66067 INFO tempest.lib.common.rest_client [req-ff4d441b-c889-417f-ae86-73605ed000bb req-ff4d441b-c889-417f-ae86-73605ed000bb ] Request (ServersTestJSON:test_create_server_with_ipv6_addr_only): 200 GET http://10.180.1.21/compute/v2.1/servers/626daee0-ec18-4366-af6a-6b07708dedb1 0.100s
2024-12-12 10:49:51.325 66029 INFO tempest.lib.common.rest_client [req-a1786ec5-25e9-4235-8591-8e420d527b0e req-a1786ec5-25e9-4235-8591-8e420d527b0e ] Request (ServerShowV247Test:test_update_rebuild_list_server): 200 GET http://10.180.1.21/compute/v2.1/servers/88838791-2153-498b-8048-7891a84aa8be 0.088s
2024-12-12 10:49:51.344 66039 INFO tempest.lib.common.rest_client [req-b267d1a9-3ca4-42cf-b9de-a271cffc7f08 req-b267d1a9-3ca4-42cf-b9de-a271cffc7f08 ] Request (ServersTestMultiNic:test_verify_duplicate_network_nics): 200 GET http://10.180.1.21/compute/v2.1/servers/0ea6eea2-4690-47d5-a489-d0d4773fc8b9 0.048s
2024-12-12 10:49:51.353 66039 INFO tempest.common.waiters [-] State transition "BUILD/None" ==> "BUILD/networking" after 54 second wait
2024-12-12 10:49:51.416 66041 INFO tempest.lib.common.rest_client [req-9fc16004-d608-4c9d-a4fc-f408d33bca73 req-9fc16004-d608-4c9d-a4fc-f408d33bca73 ] Request (FloatingIPsAssociationTestJSON:test_associate_already_associated_floating_ip): 200 GET http://10.180.1.21/compute/v2.1/servers/3d6b91bf-2ac9-4b6b-80fc-065268b9ed22 0.060s
2024-12-12 10:49:51.463 66021 INFO tempest.lib.common.rest_client [req-07e232ea-b4fb-422a-aa38-70c3d6cbf922 req-07e232ea-b4fb-422a-aa38-70c3d6cbf922 ] Request (DeleteServersAdminTestJSON:test_delete_server_while_in_error_state): 200 GET http://10.180.1.21/compute/v2.1/servers/0a5926ae-9200-4b62-86f0-3efea856792e 0.055s
2024-12-12 10:49:51.524 66043 INFO tempest.lib.common.rest_client [req-2f7a374d-0381-4749-b6bb-4b49b532ea75 req-2f7a374d-0381-4749-b6bb-4b49b532ea75 ] Request (FloatingIPsNegativeTestJSON:tearDownClass): 200 PUT http://10.180.1.21:9696/networking/v2.0/routers/29a49ab9-1898-4330-9f92-65fb9fdc0d66/remove_router_interface 0.863s
2024-12-12 10:49:51.808 66051 INFO tempest.lib.common.rest_client [req-d2c8c3b7-763f-4251-8060-ff1c7fd300fb req-d2c8c3b7-763f-4251-8060-ff1c7fd300fb ] Request (ServersV294TestFqdnHostnames:setUpClass): 200 GET http://10.180.1.21/compute/v2.1/servers/b60445df-57f7-45aa-9aa5-b3282ac6e4e0 0.261s
2024-12-12 10:49:51.877 66027 INFO tempest.lib.common.rest_client [req-735a7ca5-1726-4bf9-85e1-64714c85e95c req-735a7ca5-1726-4bf9-85e1-64714c85e95c ] Request (ImagesTestJSON:test_create_image_from_stopped_server): 200 GET http://10.180.1.21/compute/v2.1/servers/1f263cb1-15b3-4e8d-8cfa-dae622a1c186 0.246s
2024-12-12 10:49:51.913 66065 INFO tempest.lib.common.rest_client [req-958d63ad-c73b-42ff-b101-15dc5ddc9e14 req-958d63ad-c73b-42ff-b101-15dc5ddc9e14 ] Request (MultipleCreateTestJSON:test_multiple_create): 200 GET http://10.180.1.21/compute/v2.1/servers/f641da2b-bf8b-46c6-bdff-52d7bcdc1ad1 0.299s
2024-12-12 10:49:51.920 66065 INFO tempest.common.waiters [-] State transition "BUILD/spawning" ==> "ACTIVE/None" after 7 second wait
2024-12-12 10:49:51.946 66017 INFO tempest.lib.common.rest_client [req-2d75084c-3a77-4937-b465-faf7f2b0b781 req-2d75084c-3a77-4937-b465-faf7f2b0b781 ] Request (ServersAdminTestJSON:test_create_server_with_scheduling_hint): 200 GET http://10.180.1.21/compute/v2.1/servers/75d8232c-3dee-48f6-8abd-60581f4abd44 0.280s
2024-12-12 10:49:51.972 66023 INFO tempest.lib.common.rest_client [req-e20b6d0d-ac07-4f7b-a87b-c7065c0e6803 req-e20b6d0d-ac07-4f7b-a87b-c7065c0e6803 ] Request (ListServerFiltersTestJSON:setUpClass): 200 GET http://10.180.1.21/compute/v2.1/servers/af5e70a2-df8f-424e-adcb-e88adc6e498b 0.178s
2024-12-12 10:49:52.052 66035 INFO tempest.lib.common.rest_client [req-813bca3d-2b87-4e64-a17c-4f76538904c0 req-813bca3d-2b87-4e64-a17c-4f76538904c0 ] Request (DeleteServersTestJSON:test_delete_active_server): 200 GET http://10.180.1.21/compute/v2.1/servers/cc768a9e-0d11-49e0-8762-35dcaaf929fb 0.146s
2024-12-12 10:49:52.078 66009 INFO tempest.lib.common.rest_client [req-1a234321-5ec3-41b7-ac8e-586dbff95b60 req-1a234321-5ec3-41b7-ac8e-586dbff95b60 ] Request (SecurityGroupsTestJSON:test_list_security_groups_by_server): 200 GET http://10.180.1.21/compute/v2.1/servers/bcf8cd94-b380-41e6-8792-df66a2954952 0.272s
2024-12-12 10:49:52.098 66033 WARNING tempest.lib.common.ssh [-] Failed to establish authenticated ssh connection to cirros@10.180.180.237 ([Errno None] Unable to connect to port 22 on 10.180.180.237). Number attempts: 8. Retry after 9 seconds.: paramiko.ssh_exception.NoValidConnectionsError: [Errno None] Unable to connect to port 22 on 10.180.180.237
2024-12-12 10:49:52.155 66065 INFO tempest.lib.common.rest_client [req-9e3c0e3d-ab15-493c-b724-9d4dc29ace58 req-9e3c0e3d-ab15-493c-b724-9d4dc29ace58 ] Request (MultipleCreateTestJSON:_run_cleanups): 204 DELETE http://10.180.1.21/compute/v2.1/servers/f641da2b-bf8b-46c6-bdff-52d7bcdc1ad1 0.234s
2024-12-12 10:49:52.156 66015 INFO tempest.lib.common.rest_client [req-9b2dae4e-403d-4e0f-988c-5a0aaec864ca req-9b2dae4e-403d-4e0f-988c-5a0aaec864ca ] Request (ServerRescueNegativeTestJSON:setUpClass): 200 GET http://10.180.1.21/compute/v2.1/servers/d8401e2f-0d4c-4a7e-8577-04e3d68b1763 0.220s
2024-12-12 10:49:52.219 66019 INFO tempest.lib.common.rest_client [req-c7d76a5a-a868-4175-a378-d90a50acc36e req-c7d76a5a-a868-4175-a378-d90a50acc36e ] Request (ImagesOneServerNegativeTestJSON:_run_cleanups): 200 GET http://10.180.1.21/compute/v2.1/servers/978f946b-172a-48d4-b9de-ee19dd0d1224 0.181s
2024-12-12 10:49:52.220 66011 INFO tempest.lib.common.rest_client [req-4dd4e6fb-5645-4305-bea8-e5105ced778a req-4dd4e6fb-5645-4305-bea8-e5105ced778a ] Request (AttachInterfacesUnderV243Test:test_add_remove_fixed_ip): 200 GET http://10.180.1.21/compute/v2.1/servers/35979957-c1a5-4250-a16d-0eb2907da195 0.222s
2024-12-12 10:49:52.241 66043 INFO tempest.lib.common.rest_client [req-77fbb38a-5910-4c0d-ab0b-cff0c91c59fa req-77fbb38a-5910-4c0d-ab0b-cff0c91c59fa ] Request (FloatingIPsNegativeTestJSON:tearDownClass): 204 DELETE http://10.180.1.21:9696/networking/v2.0/routers/29a49ab9-1898-4330-9f92-65fb9fdc0d66 0.716s
2024-12-12 10:49:52.280 66025 INFO tempest.lib.common.rest_client [req-1471888c-fe3a-4bc0-b3f2-7879c4b98c54 req-1471888c-fe3a-4bc0-b3f2-7879c4b98c54 ] Request (ImagesNegativeTestJSON:test_create_image_from_deleted_server): 200 GET http://10.180.1.21/compute/v2.1/servers/ff6920f6-d7f0-47db-af2b-7896c496fe32 0.123s
2024-12-12 10:49:52.315 66065 INFO tempest.lib.common.rest_client [req-0a789469-3af8-42a3-b8af-9fb92b5eda4b req-0a789469-3af8-42a3-b8af-9fb92b5eda4b ] Request (MultipleCreateTestJSON:_run_cleanups): 204 DELETE http://10.180.1.21/compute/v2.1/servers/87b3796c-2192-41de-a367-a40dec742c47 0.157s
2024-12-12 10:49:52.342 66007 INFO tempest.lib.common.rest_client [req-af1bd7de-2f78-467b-bab6-ce4fe980bfe0 req-af1bd7de-2f78-467b-bab6-ce4fe980bfe0 ] Request (FloatingIPsAssociationNegativeTestJSON:tearDownClass): 200 GET http://10.180.1.21/compute/v2.1/servers/18199893-4be7-41c8-b5a7-319a6c1da49f 0.171s
2024-12-12 10:49:52.369 66031 INFO tempest.lib.common.rest_client [req-eaf1d119-e6e8-41fe-895f-d17bfc52861c req-eaf1d119-e6e8-41fe-895f-d17bfc52861c ] Request (ServerDiskConfigTestJSON:test_rebuild_server_with_manual_disk_config): 200 GET http://10.180.1.21/compute/v2.1/servers/5021101b-d7d4-40a2-9568-004f45f3b02d 0.144s
2024-12-12 10:49:52.400 66049 INFO tempest.lib.common.rest_client [req-290f117b-14ba-4d2d-b0d2-2a5220ae1118 req-290f117b-14ba-4d2d-b0d2-2a5220ae1118 ] Request (ServerTagsTestJSON:setUpClass): 200 GET http://10.180.1.21/compute/v2.1/servers/3740794c-c7a8-4325-9234-0fe4f83cc465 0.161s
2024-12-12 10:49:52.422 66045 INFO tempest.lib.common.rest_client [req-43f8b4a7-129c-47f2-8747-e1ca3386d887 req-43f8b4a7-129c-47f2-8747-e1ca3386d887 ] Request (MigrationsAdminTest:test_resize_server_revert_deleted_flavor): 200 GET http://10.180.1.21/compute/v2.1/servers/85928b6a-7d30-4cf6-aa1b-36357a80a38c 0.140s
2024-12-12 10:49:52.445 66067 INFO tempest.lib.common.rest_client [req-abaa035c-9e79-4d0a-a0ac-fe260d13c836 req-abaa035c-9e79-4d0a-a0ac-fe260d13c836 ] Request (ServersTestJSON:test_create_server_with_ipv6_addr_only): 200 GET http://10.180.1.21/compute/v2.1/servers/626daee0-ec18-4366-af6a-6b07708dedb1 0.144s
2024-12-12 10:49:52.448 66043 INFO tempest.lib.common.rest_client [req-8b9e19c9-9c9d-45cd-8a56-41b982b949d5 req-8b9e19c9-9c9d-45cd-8a56-41b982b949d5 ] Request (FloatingIPsNegativeTestJSON:tearDownClass): 204 DELETE http://10.180.1.21:9696/networking/v2.0/subnets/0787cf3b-20a5-474d-b80e-826f1b15d032 0.206s
2024-12-12 10:49:52.497 66029 INFO tempest.lib.common.rest_client [req-884939f7-3728-4ad1-ad55-0f714c793118 req-884939f7-3728-4ad1-ad55-0f714c793118 ] Request (ServerShowV247Test:test_update_rebuild_list_server): 200 GET http://10.180.1.21/compute/v2.1/servers/88838791-2153-498b-8048-7891a84aa8be 0.164s
2024-12-12 10:49:52.576 66065 INFO tempest.lib.common.rest_client [req-0a02dfea-1fcc-4bcd-815c-916bed8fcc2d req-0a02dfea-1fcc-4bcd-815c-916bed8fcc2d ] Request (MultipleCreateTestJSON:_run_cleanups): 200 GET http://10.180.1.21/compute/v2.1/servers/f641da2b-bf8b-46c6-bdff-52d7bcdc1ad1 0.260s
2024-12-12 10:49:52.643 66041 INFO tempest.lib.common.rest_client [req-2914d10f-e6eb-4373-a6fc-7db85cc68354 req-2914d10f-e6eb-4373-a6fc-7db85cc68354 ] Request (FloatingIPsAssociationTestJSON:test_associate_already_associated_floating_ip): 200 GET http://10.180.1.21/compute/v2.1/servers/3d6b91bf-2ac9-4b6b-80fc-065268b9ed22 0.220s
2024-12-12 10:49:52.711 66021 INFO tempest.lib.common.rest_client [req-05310652-2afb-464a-9f1a-fa03fcb4f346 req-05310652-2afb-464a-9f1a-fa03fcb4f346 ] Request (DeleteServersAdminTestJSON:test_delete_server_while_in_error_state): 200 GET http://10.180.1.21/compute/v2.1/servers/0a5926ae-9200-4b62-86f0-3efea856792e 0.240s
2024-12-12 10:49:52.752 66039 INFO tempest.lib.common.rest_client [req-2d89aebb-8b07-40fe-a97c-f5a5b7be360f req-2d89aebb-8b07-40fe-a97c-f5a5b7be360f ] Request (ServersTestMultiNic:test_verify_duplicate_network_nics): 200 GET http://10.180.1.21/compute/v2.1/servers/0ea6eea2-4690-47d5-a489-d0d4773fc8b9 0.394s
2024-12-12 10:49:52.758 66039 INFO tempest.common.waiters [-] State transition "BUILD/networking" ==> "BUILD/spawning" after 55 second wait
2024-12-12 10:49:52.839 66043 INFO tempest.lib.common.rest_client [req-232daa3d-7d82-4f39-aacb-6e619baf348f req-232daa3d-7d82-4f39-aacb-6e619baf348f ] Request (FloatingIPsNegativeTestJSON:tearDownClass): 204 DELETE http://10.180.1.21:9696/networking/v2.0/networks/3c29707a-3283-4072-9b9a-944b382f46c0 0.391s
2024-12-12 10:49:52.900 66051 INFO tempest.lib.common.rest_client [req-d50bf235-13dd-4096-ad56-9ff20c6ab389 req-d50bf235-13dd-4096-ad56-9ff20c6ab389 ] Request (ServersV294TestFqdnHostnames:setUpClass): 200 GET http://10.180.1.21/compute/v2.1/servers/b60445df-57f7-45aa-9aa5-b3282ac6e4e0 0.079s
2024-12-12 10:49:52.952 66027 INFO tempest.lib.common.rest_client [req-c721ef39-45a8-4a85-807a-540ae951600f req-c721ef39-45a8-4a85-807a-540ae951600f ] Request (ImagesTestJSON:test_create_image_from_stopped_server): 200 GET http://10.180.1.21/compute/v2.1/servers/1f263cb1-15b3-4e8d-8cfa-dae622a1c186 0.061s
2024-12-12 10:49:52.961 66043 INFO tempest.lib.common.rest_client [req-e4bb171b-8879-41c3-91bf-7ea496fdfa5d req-e4bb171b-8879-41c3-91bf-7ea496fdfa5d ] Request (FloatingIPsNegativeTestJSON:tearDownClass): 204 DELETE http://10.180.1.21/identity/v3/users/272f89b639c54a53a1b32279614378a5 0.122s
2024-12-12 10:49:52.961 66043 INFO tempest.lib.common.dynamic_creds [-] Deleting project and security group for project: 6af85a23fb734f2da614b9d7f218888a
2024-12-12 10:49:52.995 66043 INFO tempest.lib.common.rest_client [req-b5f294e9-e275-49e1-9eab-bf09fc0252c5 req-b5f294e9-e275-49e1-9eab-bf09fc0252c5 ] Request (FloatingIPsNegativeTestJSON:tearDownClass): 200 GET http://10.180.1.21:9696/networking/v2.0/security-groups?tenant_id=6af85a23fb734f2da614b9d7f218888a&name=default 0.033s
2024-12-12 10:49:53.009 66017 INFO tempest.lib.common.rest_client [req-2bb82c22-cf40-44ec-9710-219d6265698b req-2bb82c22-cf40-44ec-9710-219d6265698b ] Request (ServersAdminTestJSON:test_create_server_with_scheduling_hint): 200 GET http://10.180.1.21/compute/v2.1/servers/75d8232c-3dee-48f6-8abd-60581f4abd44 0.053s
2024-12-12 10:49:53.029 66023 INFO tempest.lib.common.rest_client [req-9067aa19-c5ea-4847-88e1-ddc7fb568994 req-9067aa19-c5ea-4847-88e1-ddc7fb568994 ] Request (ListServerFiltersTestJSON:setUpClass): 200 GET http://10.180.1.21/compute/v2.1/servers/af5e70a2-df8f-424e-adcb-e88adc6e498b 0.049s
2024-12-12 10:49:53.088 66043 INFO tempest.lib.common.rest_client [req-d7025553-c35f-4ecc-b923-f95b33d751e0 req-d7025553-c35f-4ecc-b923-f95b33d751e0 ] Request (FloatingIPsNegativeTestJSON:tearDownClass): 204 DELETE http://10.180.1.21:9696/networking/v2.0/security-groups/3f2f2a4f-b9f8-41e1-9e72-4f6f7622c81d 0.092s
2024-12-12 10:49:53.129 66035 INFO tempest.lib.common.rest_client [req-438f147d-f748-46cb-9ea1-ec2d89cf5dac req-438f147d-f748-46cb-9ea1-ec2d89cf5dac ] Request (DeleteServersTestJSON:test_delete_active_server): 200 GET http://10.180.1.21/compute/v2.1/servers/cc768a9e-0d11-49e0-8762-35dcaaf929fb 0.067s
2024-12-12 10:49:53.208 66043 INFO tempest.lib.common.rest_client [req-a2d3dd1d-d539-4b14-81e6-cf06600a70e7 req-a2d3dd1d-d539-4b14-81e6-cf06600a70e7 ] Request (FloatingIPsNegativeTestJSON:tearDownClass): 204 DELETE http://10.180.1.21/identity/v3/projects/6af85a23fb734f2da614b9d7f218888a 0.120s
2024-12-12 10:49:53.209 66043 INFO tempest.test [-] raised in ServerStableDeviceRescueTestIDE.setUpClass. Invoking tearDownClass.
2024-12-12 10:49:53.229 66009 INFO tempest.lib.common.rest_client [req-3d661bc8-df4c-44d2-842f-623e6b59e8c0 req-3d661bc8-df4c-44d2-842f-623e6b59e8c0 ] Request (SecurityGroupsTestJSON:test_list_security_groups_by_server): 200 GET http://10.180.1.21/compute/v2.1/servers/bcf8cd94-b380-41e6-8792-df66a2954952 0.140s
2024-12-12 10:49:53.235 66015 INFO tempest.lib.common.rest_client [req-dc5ad41f-7686-4166-b637-34306e7f3645 req-dc5ad41f-7686-4166-b637-34306e7f3645 ] Request (ServerRescueNegativeTestJSON:setUpClass): 200 GET http://10.180.1.21/compute/v2.1/servers/d8401e2f-0d4c-4a7e-8577-04e3d68b1763 0.069s
2024-12-12 10:49:53.286 66019 INFO tempest.lib.common.rest_client [req-b01f74e8-618e-4930-8109-d76e4e123c4f req-b01f74e8-618e-4930-8109-d76e4e123c4f ] Request (ImagesOneServerNegativeTestJSON:_run_cleanups): 200 GET http://10.180.1.21/compute/v2.1/servers/978f946b-172a-48d4-b9de-ee19dd0d1224 0.059s
2024-12-12 10:49:53.288 66011 INFO tempest.lib.common.rest_client [req-7f725c64-6ad6-480f-b892-0b3a10610be1 req-7f725c64-6ad6-480f-b892-0b3a10610be1 ] Request (AttachInterfacesUnderV243Test:test_add_remove_fixed_ip): 200 GET http://10.180.1.21/compute/v2.1/servers/35979957-c1a5-4250-a16d-0eb2907da195 0.056s
2024-12-12 10:49:53.292 66019 INFO tempest.common.waiters [-] State transition "BUILD/scheduling" ==> "BUILD/None" after 33 second wait
2024-12-12 10:49:53.351 66025 INFO tempest.lib.common.rest_client [req-f80c5946-b586-49ff-a031-52608c34a864 req-f80c5946-b586-49ff-a031-52608c34a864 ] Request (ImagesNegativeTestJSON:test_create_image_from_deleted_server): 200 GET http://10.180.1.21/compute/v2.1/servers/ff6920f6-d7f0-47db-af2b-7896c496fe32 0.063s
2024-12-12 10:49:53.408 66007 INFO tempest.lib.common.rest_client [req-92f2e377-6384-4482-aa44-97a477536e5e req-92f2e377-6384-4482-aa44-97a477536e5e ] Request (FloatingIPsAssociationNegativeTestJSON:tearDownClass): 200 GET http://10.180.1.21/compute/v2.1/servers/18199893-4be7-41c8-b5a7-319a6c1da49f 0.058s
2024-12-12 10:49:53.432 66031 INFO tempest.lib.common.rest_client [req-80cf3e5b-346b-47f2-8f8a-bb9bca1986d2 req-80cf3e5b-346b-47f2-8f8a-bb9bca1986d2 ] Request (ServerDiskConfigTestJSON:test_rebuild_server_with_manual_disk_config): 200 GET http://10.180.1.21/compute/v2.1/servers/5021101b-d7d4-40a2-9568-004f45f3b02d 0.049s
2024-12-12 10:49:53.469 66049 INFO tempest.lib.common.rest_client [req-013fddb6-8a57-4e22-a8d2-4acd012ef8fc req-013fddb6-8a57-4e22-a8d2-4acd012ef8fc ] Request (ServerTagsTestJSON:setUpClass): 200 GET http://10.180.1.21/compute/v2.1/servers/3740794c-c7a8-4325-9234-0fe4f83cc465 0.056s
2024-12-12 10:49:53.481 66045 INFO tempest.lib.common.rest_client [req-e666d29f-b7f8-49b8-8c1c-6b5382a974fd req-e666d29f-b7f8-49b8-8c1c-6b5382a974fd ] Request (MigrationsAdminTest:test_resize_server_revert_deleted_flavor): 200 GET http://10.180.1.21/compute/v2.1/servers/85928b6a-7d30-4cf6-aa1b-36357a80a38c 0.049s
2024-12-12 10:49:53.512 66067 INFO tempest.lib.common.rest_client [req-c60e2632-6cac-4a89-ab77-2f7e408f8cca req-c60e2632-6cac-4a89-ab77-2f7e408f8cca ] Request (ServersTestJSON:test_create_server_with_ipv6_addr_only): 200 GET http://10.180.1.21/compute/v2.1/servers/626daee0-ec18-4366-af6a-6b07708dedb1 0.059s
2024-12-12 10:49:53.558 66029 INFO tempest.lib.common.rest_client [req-976d8f4c-c331-4e83-a581-c0eecc3574f8 req-976d8f4c-c331-4e83-a581-c0eecc3574f8 ] Request (ServerShowV247Test:test_update_rebuild_list_server): 200 GET http://10.180.1.21/compute/v2.1/servers/88838791-2153-498b-8048-7891a84aa8be 0.051s
2024-12-12 10:49:53.700 66041 INFO tempest.lib.common.rest_client [req-aa3f9598-3fe2-40b0-b966-8dc7372ea933 req-aa3f9598-3fe2-40b0-b966-8dc7372ea933 ] Request (FloatingIPsAssociationTestJSON:test_associate_already_associated_floating_ip): 200 GET http://10.180.1.21/compute/v2.1/servers/3d6b91bf-2ac9-4b6b-80fc-065268b9ed22 0.050s
2024-12-12 10:49:53.703 66065 INFO tempest.lib.common.rest_client [req-18f0e9a8-3383-4725-9395-68867c02e8a4 req-18f0e9a8-3383-4725-9395-68867c02e8a4 ] Request (MultipleCreateTestJSON:_run_cleanups): 200 GET http://10.180.1.21/compute/v2.1/servers/f641da2b-bf8b-46c6-bdff-52d7bcdc1ad1 0.120s
2024-12-12 10:49:53.771 66021 INFO tempest.lib.common.rest_client [req-19abb3b3-abac-493f-bdb4-d8626f625d94 req-19abb3b3-abac-493f-bdb4-d8626f625d94 ] Request (DeleteServersAdminTestJSON:test_delete_server_while_in_error_state): 200 GET http://10.180.1.21/compute/v2.1/servers/0a5926ae-9200-4b62-86f0-3efea856792e 0.048s
2024-12-12 10:49:53.776 66021 INFO tempest.common.waiters [-] State transition "BUILD/None" ==> "BUILD/networking" after 54 second wait
2024-12-12 10:49:53.827 66005 WARNING tempest.lib.common.ssh [-] Failed to establish authenticated ssh connection to cirros@10.180.180.207 ([Errno None] Unable to connect to port 22 on 10.180.180.207). Number attempts: 10. Retry after 11 seconds.: paramiko.ssh_exception.NoValidConnectionsError: [Errno None] Unable to connect to port 22 on 10.180.180.207
2024-12-12 10:49:53.856 66039 INFO tempest.lib.common.rest_client [req-eb63b8d2-ae70-4940-8b33-e0f2ae19ed1b req-eb63b8d2-ae70-4940-8b33-e0f2ae19ed1b ] Request (ServersTestMultiNic:test_verify_duplicate_network_nics): 200 GET http://10.180.1.21/compute/v2.1/servers/0ea6eea2-4690-47d5-a489-d0d4773fc8b9 0.097s
2024-12-12 10:49:53.890 66037 WARNING tempest.lib.common.ssh [-] Failed to establish authenticated ssh connection to cirros@10.180.180.136 ([Errno None] Unable to connect to port 22 on 10.180.180.136). Number attempts: 6. Retry after 7 seconds.: paramiko.ssh_exception.NoValidConnectionsError: [Errno None] Unable to connect to port 22 on 10.180.180.136
2024-12-12 10:49:53.968 66051 INFO tempest.lib.common.rest_client [req-e5b6cf4b-aa20-430b-bfcf-96c8d7adee50 req-e5b6cf4b-aa20-430b-bfcf-96c8d7adee50 ] Request (ServersV294TestFqdnHostnames:setUpClass): 200 GET http://10.180.1.21/compute/v2.1/servers/b60445df-57f7-45aa-9aa5-b3282ac6e4e0 0.054s
2024-12-12 10:49:54.006 66027 INFO tempest.lib.common.rest_client [req-4a0c3669-c7d4-4e8a-8d50-33fe595773a9 req-4a0c3669-c7d4-4e8a-8d50-33fe595773a9 ] Request (ImagesTestJSON:test_create_image_from_stopped_server): 200 GET http://10.180.1.21/compute/v2.1/servers/1f263cb1-15b3-4e8d-8cfa-dae622a1c186 0.046s
2024-12-12 10:49:54.066 66017 INFO tempest.lib.common.rest_client [req-8fc8a12c-dee4-4806-ba79-6f2e54ea39bf req-8fc8a12c-dee4-4806-ba79-6f2e54ea39bf ] Request (ServersAdminTestJSON:test_create_server_with_scheduling_hint): 200 GET http://10.180.1.21/compute/v2.1/servers/75d8232c-3dee-48f6-8abd-60581f4abd44 0.050s
2024-12-12 10:49:54.089 66023 INFO tempest.lib.common.rest_client [req-850cfc7a-2608-4851-9c76-2ffea97c7338 req-850cfc7a-2608-4851-9c76-2ffea97c7338 ] Request (ListServerFiltersTestJSON:setUpClass): 200 GET http://10.180.1.21/compute/v2.1/servers/af5e70a2-df8f-424e-adcb-e88adc6e498b 0.053s
2024-12-12 10:49:54.192 66035 INFO tempest.lib.common.rest_client [req-2623f3ab-da2d-43ed-8758-a4388ea76348 req-2623f3ab-da2d-43ed-8758-a4388ea76348 ] Request (DeleteServersTestJSON:test_delete_active_server): 200 GET http://10.180.1.21/compute/v2.1/servers/cc768a9e-0d11-49e0-8762-35dcaaf929fb 0.055s
2024-12-12 10:49:54.316 66015 INFO tempest.lib.common.rest_client [req-35fc87d8-ae3b-47ce-9d29-6fa8bb977842 req-35fc87d8-ae3b-47ce-9d29-6fa8bb977842 ] Request (ServerRescueNegativeTestJSON:setUpClass): 200 GET http://10.180.1.21/compute/v2.1/servers/d8401e2f-0d4c-4a7e-8577-04e3d68b1763 0.074s
2024-12-12 10:49:54.384 66009 INFO tempest.lib.common.rest_client [req-0f4d876b-089e-4cda-943e-1f6dabf63ffe req-0f4d876b-089e-4cda-943e-1f6dabf63ffe ] Request (SecurityGroupsTestJSON:test_list_security_groups_by_server): 200 GET http://10.180.1.21/compute/v2.1/servers/bcf8cd94-b380-41e6-8792-df66a2954952 0.147s
2024-12-12 10:49:54.385 66019 INFO tempest.lib.common.rest_client [req-8e002903-a376-411a-960f-48b1cfe7fcb0 req-8e002903-a376-411a-960f-48b1cfe7fcb0 ] Request (ImagesOneServerNegativeTestJSON:_run_cleanups): 200 GET http://10.180.1.21/compute/v2.1/servers/978f946b-172a-48d4-b9de-ee19dd0d1224 0.092s
2024-12-12 10:49:54.442 66011 INFO tempest.lib.common.rest_client [req-a735b7f2-a2dd-483d-8a7c-b9a4558fa099 req-a735b7f2-a2dd-483d-8a7c-b9a4558fa099 ] Request (AttachInterfacesUnderV243Test:test_add_remove_fixed_ip): 200 GET http://10.180.1.21/compute/v2.1/servers/35979957-c1a5-4250-a16d-0eb2907da195 0.147s
2024-12-12 10:49:54.481 66025 INFO tempest.lib.common.rest_client [req-905268f3-fbff-4566-bef0-40a0e4ece1e9 req-905268f3-fbff-4566-bef0-40a0e4ece1e9 ] Request (ImagesNegativeTestJSON:test_create_image_from_deleted_server): 200 GET http://10.180.1.21/compute/v2.1/servers/ff6920f6-d7f0-47db-af2b-7896c496fe32 0.122s
2024-12-12 10:49:54.509 66007 INFO tempest.lib.common.rest_client [req-26e770bb-4b46-4bbe-bcef-767511a9e03a req-26e770bb-4b46-4bbe-bcef-767511a9e03a ] Request (FloatingIPsAssociationNegativeTestJSON:tearDownClass): 200 GET http://10.180.1.21/compute/v2.1/servers/18199893-4be7-41c8-b5a7-319a6c1da49f 0.094s
2024-12-12 10:49:54.560 66031 INFO tempest.lib.common.rest_client [req-3470a3cb-1cae-461c-a99b-040908af40df req-3470a3cb-1cae-461c-a99b-040908af40df ] Request (ServerDiskConfigTestJSON:test_rebuild_server_with_manual_disk_config): 200 GET http://10.180.1.21/compute/v2.1/servers/5021101b-d7d4-40a2-9568-004f45f3b02d 0.122s
2024-12-12 10:49:54.578 66049 INFO tempest.lib.common.rest_client [req-c15eff84-0029-4d3a-85ed-bf965f0a8c65 req-c15eff84-0029-4d3a-85ed-bf965f0a8c65 ] Request (ServerTagsTestJSON:setUpClass): 200 GET http://10.180.1.21/compute/v2.1/servers/3740794c-c7a8-4325-9234-0fe4f83cc465 0.101s
2024-12-12 10:49:54.622 66045 INFO tempest.lib.common.rest_client [req-a41d1cc9-9b76-4917-86bf-159c9d58a4ce req-a41d1cc9-9b76-4917-86bf-159c9d58a4ce ] Request (MigrationsAdminTest:test_resize_server_revert_deleted_flavor): 200 GET http://10.180.1.21/compute/v2.1/servers/85928b6a-7d30-4cf6-aa1b-36357a80a38c 0.133s
2024-12-12 10:49:54.642 66067 INFO tempest.lib.common.rest_client [req-5c135c35-3763-44b9-ba0a-729193d834fa req-5c135c35-3763-44b9-ba0a-729193d834fa ] Request (ServersTestJSON:test_create_server_with_ipv6_addr_only): 200 GET http://10.180.1.21/compute/v2.1/servers/626daee0-ec18-4366-af6a-6b07708dedb1 0.122s
2024-12-12 10:49:54.678 66029 INFO tempest.lib.common.rest_client [req-4751b9df-32a8-47bd-9a0a-8b7ecbd9c2c9 req-4751b9df-32a8-47bd-9a0a-8b7ecbd9c2c9 ] Request (ServerShowV247Test:test_update_rebuild_list_server): 200 GET http://10.180.1.21/compute/v2.1/servers/88838791-2153-498b-8048-7891a84aa8be 0.113s
2024-12-12 10:49:54.784 66065 INFO tempest.lib.common.rest_client [req-c7789cc7-780b-4eb4-a19d-06830f7cdc7a req-c7789cc7-780b-4eb4-a19d-06830f7cdc7a ] Request (MultipleCreateTestJSON:_run_cleanups): 200 GET http://10.180.1.21/compute/v2.1/servers/f641da2b-bf8b-46c6-bdff-52d7bcdc1ad1 0.074s
2024-12-12 10:49:54.790 66041 INFO tempest.lib.common.rest_client [req-cb01f538-7439-4ee4-b802-22845e649831 req-cb01f538-7439-4ee4-b802-22845e649831 ] Request (FloatingIPsAssociationTestJSON:test_associate_already_associated_floating_ip): 200 GET http://10.180.1.21/compute/v2.1/servers/3d6b91bf-2ac9-4b6b-80fc-065268b9ed22 0.082s
2024-12-12 10:49:54.967 66021 INFO tempest.lib.common.rest_client [req-5f4daae8-9e66-4afe-83b7-da76d0e292c4 req-5f4daae8-9e66-4afe-83b7-da76d0e292c4 ] Request (DeleteServersAdminTestJSON:test_delete_server_while_in_error_state): 200 GET http://10.180.1.21/compute/v2.1/servers/0a5926ae-9200-4b62-86f0-3efea856792e 0.189s
2024-12-12 10:49:54.976 66021 INFO tempest.common.waiters [-] State transition "BUILD/networking" ==> "BUILD/block_device_mapping" after 55 second wait
2024-12-12 10:49:54.992 66039 INFO tempest.lib.common.rest_client [req-edb6194c-cbb1-448b-aa92-3c77807f1da1 req-edb6194c-cbb1-448b-aa92-3c77807f1da1 ] Request (ServersTestMultiNic:test_verify_duplicate_network_nics): 200 GET http://10.180.1.21/compute/v2.1/servers/0ea6eea2-4690-47d5-a489-d0d4773fc8b9 0.129s
2024-12-12 10:49:55.039 66051 INFO tempest.lib.common.rest_client [req-37dd2b4b-68fa-4b26-998e-97f0b2cce7e5 req-37dd2b4b-68fa-4b26-998e-97f0b2cce7e5 ] Request (ServersV294TestFqdnHostnames:setUpClass): 200 GET http://10.180.1.21/compute/v2.1/servers/b60445df-57f7-45aa-9aa5-b3282ac6e4e0 0.062s
2024-12-12 10:49:55.066 66027 INFO tempest.lib.common.rest_client [req-f36d123c-3d80-41b2-a57b-5e656d459603 req-f36d123c-3d80-41b2-a57b-5e656d459603 ] Request (ImagesTestJSON:test_create_image_from_stopped_server): 200 GET http://10.180.1.21/compute/v2.1/servers/1f263cb1-15b3-4e8d-8cfa-dae622a1c186 0.055s
2024-12-12 10:49:55.107 66059 WARNING tempest.lib.common.ssh [-] Failed to establish authenticated ssh connection to cirros@10.180.180.139 ([Errno None] Unable to connect to port 22 on 10.180.180.139). Number attempts: 5. Retry after 6 seconds.: paramiko.ssh_exception.NoValidConnectionsError: [Errno None] Unable to connect to port 22 on 10.180.180.139
2024-12-12 10:49:55.150 66017 INFO tempest.lib.common.rest_client [req-3238329f-d27d-49e0-a55f-2828f528b516 req-3238329f-d27d-49e0-a55f-2828f528b516 ] Request (ServersAdminTestJSON:test_create_server_with_scheduling_hint): 200 GET http://10.180.1.21/compute/v2.1/servers/75d8232c-3dee-48f6-8abd-60581f4abd44 0.077s
2024-12-12 10:49:55.157 66023 INFO tempest.lib.common.rest_client [req-54bf64be-b865-48c7-ad74-814a1db72f84 req-54bf64be-b865-48c7-ad74-814a1db72f84 ] Request (ListServerFiltersTestJSON:setUpClass): 200 GET http://10.180.1.21/compute/v2.1/servers/af5e70a2-df8f-424e-adcb-e88adc6e498b 0.059s
2024-12-12 10:49:55.170 66013 WARNING tempest.lib.common.ssh [-] Failed to establish authenticated ssh connection to cirros@10.180.180.129 ([Errno None] Unable to connect to port 22 on 10.180.180.129). Number attempts: 10. Retry after 11 seconds.: paramiko.ssh_exception.NoValidConnectionsError: [Errno None] Unable to connect to port 22 on 10.180.180.129
