2024-12-12 10:47:46.540 66035 INFO tempest.lib.common.rest_client [req-78f3f5d1-710f-4a29-bfec-7a2e187adae7 req-78f3f5d1-710f-4a29-bfec-7a2e187adae7 ] Request (FlavorsV261TestJSON:setUpClass): 204 PUT http://10.180.1.21/identity/v3/projects/75223dc687b7472bba4779f4d1805c02/users/2b2705467d464d9f84fd3302edcd29c0/roles/e863f5dbbdfd4ce488815b1a6d811c6f 0.215s
2024-12-12 10:47:46.540 66035 INFO tempest.lib.common.dynamic_creds [-] Dynamic test user 2b2705467d464d9f84fd3302edcd29c0 is created with scope project and roles: ['admin']
2024-12-12 10:47:46.540 66035 INFO tempest.lib.common.dynamic_creds [-] Acquired dynamic creds: credentials: Credentials: {'domain_id': 'default', 'domain_name': 'Default', 'username': 'tempest-FlavorsV261TestJSON-1375107242-project-admin', 'project_domain_id': 'default', 'project_domain_name': 'Default', 'project_id': '75223dc687b7472bba4779f4d1805c02', 'project_name': 'tempest-FlavorsV261TestJSON-1375107242', 'tenant_id': '75223dc687b7472bba4779f4d1805c02', 'tenant_name': 'tempest-FlavorsV261TestJSON-1375107242', 'user_domain_id': 'default', 'user_domain_name': 'Default', 'user_id': '2b2705467d464d9f84fd3302edcd29c0', 'system': None}, Network: None, Subnet: None, Router: None
2024-12-12 10:47:46.540 66035 INFO tempest.lib.common.dynamic_creds [-] Created isolated network resources for: credentials: Credentials: {'domain_id': 'default', 'domain_name': 'Default', 'username': 'tempest-FlavorsV261TestJSON-1375107242-project-admin', 'project_domain_id': 'default', 'project_domain_name': 'Default', 'project_id': '75223dc687b7472bba4779f4d1805c02', 'project_name': 'tempest-FlavorsV261TestJSON-1375107242', 'tenant_id': '75223dc687b7472bba4779f4d1805c02', 'tenant_name': 'tempest-FlavorsV261TestJSON-1375107242', 'user_domain_id': 'default', 'user_domain_name': 'Default', 'user_id': '2b2705467d464d9f84fd3302edcd29c0', 'system': None}, Network: None, Subnet: None, Router: None
2024-12-12 10:47:46.552 66013 INFO tempest.lib.common.rest_client [req-f712d639-6741-4af9-846e-c8fdf0fdb3c1 req-f712d639-6741-4af9-846e-c8fdf0fdb3c1 ] Request (VolumesAssistedSnapshotsTest:setUpClass): 201 POST http://10.180.1.21:9696/networking/v2.0/networks 0.170s
2024-12-12 10:47:46.579 66017 INFO tempest.lib.common.rest_client [req-006679bb-a92f-47b9-8184-747f2c862190 req-006679bb-a92f-47b9-8184-747f2c862190 ] Request (FlavorsExtraSpecsTestJSON:test_flavor_non_admin_get_all_keys): 200 GET http://10.180.1.21/compute/v2.1/flavors/1630904593/os-extra_specs 1.456s
2024-12-12 10:47:46.603 66025 INFO tempest.lib.common.rest_client [req-0bb7cce3-d279-45c5-aa65-e0fd272ceb77 req-0bb7cce3-d279-45c5-aa65-e0fd272ceb77 ] Request (HypervisorAdminUnderV252Test:test_search_hypervisor): 200 GET http://10.180.1.21/compute/v2.1/os-hypervisors/domain-c8.fc996f14-c53b-4953-92e3-bdfa48f5cc28/search 1.457s
2024-12-12 10:47:46.613 66048 INFO tempest.lib.common.rest_client [req-0dad77c5-33ae-454e-9dfa-4de66d296b85 req-0dad77c5-33ae-454e-9dfa-4de66d296b85 ] Request (QuotasAdminTestJSON:test_delete_quota): 202 DELETE http://10.180.1.21/compute/v2.1/os-quota-sets/3d5bfaa7441841c99ceb2fafb5858960 1.346s
2024-12-12 10:47:46.614 66051 INFO tempest.lib.common.rest_client [req-0e69857c-191d-46d9-842d-c6723bdcedc8 req-0e69857c-191d-46d9-842d-c6723bdcedc8 ] Request (FlavorsAdminTestJSON:setUpClass): 200 GET http://10.180.1.21/identity/v3/roles 0.147s
2024-12-12 10:47:46.630 66055 INFO tempest.lib.common.rest_client [req-7dd9b449-53fe-4324-bb9c-9c513db52142 req-7dd9b449-53fe-4324-bb9c-9c513db52142 ] Request (HypervisorAdminV228Test:tearDownClass): 204 DELETE http://10.180.1.21/identity/v3/users/b9c57fabbf1a4286aa0a6773aa0b7298 0.224s
2024-12-12 10:47:46.630 66055 INFO tempest.lib.common.dynamic_creds [-] Deleting project and security group for project: 9b6eb1ece5714b7c8f1c1fe20407004e
2024-12-12 10:47:46.639 66033 INFO tempest.lib.common.rest_client [req-85b06837-3d2b-450a-9692-afa89fad80f5 req-85b06837-3d2b-450a-9692-afa89fad80f5 ] Request (KeyPairsNegativeTestJSON:test_create_keypair_when_public_key_bits_exceeds_maximum): 400 POST http://10.180.1.21/compute/v2.1/os-keypairs 1.345s
2024-12-12 10:47:46.649 66029 INFO tempest.lib.common.rest_client [req-1cb02f05-b6a4-439f-8aa4-ee65a8d7816a req-1cb02f05-b6a4-439f-8aa4-ee65a8d7816a ] Request (KeyPairsV210TestJSON:test_admin_manage_keypairs_for_other_users): 200 GET http://10.180.1.21/compute/v2.1/os-keypairs/tempest-keypair-1672121524?user_id=6348d2aee1764ad5a08e7a812309b70f 1.233s
2024-12-12 10:47:46.670 66039 INFO tempest.lib.common.rest_client [req-67af020b-9d97-49b0-926d-46176c495b6b req-67af020b-9d97-49b0-926d-46176c495b6b ] Request (ImagesMetadataNegativeTestJSON:test_set_nonexistent_image_metadata_item): 404 PUT http://10.180.1.21/compute/v2.1/images/fa918484-dbd5-4007-8326-0950d1e6748e/metadata/os_distro 1.172s
2024-12-12 10:47:46.677 66065 INFO tempest.lib.common.rest_client [req-b3cab91f-7da6-47cc-b85a-43f8076a54a0 req-b3cab91f-7da6-47cc-b85a-43f8076a54a0 ] Request (InstanceUsageAuditLogTestJSON:tearDownClass): 201 POST http://10.180.1.21/identity/v3/auth/tokens 0.183s
2024-12-12 10:47:46.745 66057 INFO tempest.lib.common.rest_client [req-26dae79d-1a01-4c0b-9632-97d3e9cd6313 req-26dae79d-1a01-4c0b-9632-97d3e9cd6313 ] Request (FlavorsAccessNegativeTestJSON:test_add_flavor_access_duplicate): 200 POST http://10.180.1.21/compute/v2.1/flavors/1658066778/action 1.647s
2024-12-12 10:47:46.750 66035 INFO tempest.lib.common.rest_client [req-5a01c600-48d7-429c-8534-fdd9207bf897 req-5a01c600-48d7-429c-8534-fdd9207bf897 ] Request (FlavorsV261TestJSON:setUpClass): 201 POST http://10.180.1.21/identity/v3/auth/tokens 0.206s
2024-12-12 10:47:46.781 66051 INFO tempest.lib.common.rest_client [req-abbe2d37-88c9-4de0-9cb7-e708a49393c0 req-abbe2d37-88c9-4de0-9cb7-e708a49393c0 ] Request (FlavorsAdminTestJSON:setUpClass): 204 PUT http://10.180.1.21/identity/v3/projects/036ada14324c479ea3a19501a664bd23/users/7fef74b40b04481e88e17de8b578f0d6/roles/e863f5dbbdfd4ce488815b1a6d811c6f 0.166s
2024-12-12 10:47:46.805 66013 INFO tempest.lib.common.rest_client [req-44a353fd-b1cd-4ab8-9c21-ed843072472f req-44a353fd-b1cd-4ab8-9c21-ed843072472f ] Request (VolumesAssistedSnapshotsTest:setUpClass): 201 POST http://10.180.1.21:9696/networking/v2.0/subnets 0.253s
2024-12-12 10:47:46.828 66025 INFO tempest.lib.common.rest_client [req-de5994e8-e9c3-4d19-9ee3-e237c86ce0ad req-de5994e8-e9c3-4d19-9ee3-e237c86ce0ad ] Request (HypervisorAdminUnderV252Test:tearDownClass): 204 DELETE http://10.180.1.21/identity/v3/users/48838037816745958fa2df649d72e0b4 0.223s
2024-12-12 10:47:46.839 66055 INFO tempest.lib.common.rest_client [req-baf34893-ee1d-4706-8905-e1c66ffb1c4b req-baf34893-ee1d-4706-8905-e1c66ffb1c4b ] Request (HypervisorAdminV228Test:tearDownClass): 201 POST http://10.180.1.21/identity/v3/auth/tokens 0.208s
2024-12-12 10:47:46.943 66007 INFO tempest.lib.common.rest_client [req-6321c4f4-a280-43b5-a0cc-6b957f30dcb7 req-6321c4f4-a280-43b5-a0cc-6b957f30dcb7 ] Request (FlavorsAccessTestJSON:test_flavor_access_add_remove): 200 GET http://10.180.1.21/compute/v2.1/flavors/detail 1.393s
2024-12-12 10:47:46.965 66051 INFO tempest.lib.common.rest_client [req-5fbfd93d-bb32-4641-9c0b-27bff8d5ab9b req-5fbfd93d-bb32-4641-9c0b-27bff8d5ab9b ] Request (FlavorsAdminTestJSON:setUpClass): 200 GET http://10.180.1.21/identity/v3/roles 0.184s
2024-12-12 10:47:46.971 66027 INFO tempest.lib.common.rest_client [req-d5c8f490-e789-40a9-b266-6fef7a48f59b req-d5c8f490-e789-40a9-b266-6fef7a48f59b ] Request (HostsAdminTestJSON:test_list_hosts_with_nonexistent_zone): 200 GET http://10.180.1.21/compute/v2.1/os-hosts?zone=xxx 1.351s
2024-12-12 10:47:46.985 66063 INFO tempest.lib.common.rest_client [req-eb421a56-365e-498c-8262-145592dead87 req-eb421a56-365e-498c-8262-145592dead87 ] Request (ServicesAdminNegativeV253TestJSON:test_enable_service_with_invalid_service_id): 404 PUT http://10.180.1.21/compute/v2.1/os-services/4e7eb38e-016d-47da-9481-198dceb26a98 1.346s
2024-12-12 10:47:47.033 66025 INFO tempest.lib.common.rest_client [req-aec04040-b06b-456f-92b8-97f6f2086289 req-aec04040-b06b-456f-92b8-97f6f2086289 ] Request (HypervisorAdminUnderV252Test:tearDownClass): 204 DELETE http://10.180.1.21/identity/v3/users/3eb0e0d8a6824403a5a5d9a52712576c 0.205s
2024-12-12 10:47:47.033 66025 INFO tempest.lib.common.dynamic_creds [-] Deleting project and security group for project: ceaf323a076b4c279fbc90fd3221eeb0
2024-12-12 10:47:47.048 66051 INFO tempest.lib.common.rest_client [req-c233bae8-ad76-46b6-b541-330f04c85d69 req-c233bae8-ad76-46b6-b541-330f04c85d69 ] Request (FlavorsAdminTestJSON:setUpClass): 204 PUT http://10.180.1.21/identity/v3/projects/036ada14324c479ea3a19501a664bd23/users/7fef74b40b04481e88e17de8b578f0d6/roles/e863f5dbbdfd4ce488815b1a6d811c6f 0.082s
2024-12-12 10:47:47.049 66051 INFO tempest.lib.common.dynamic_creds [-] Dynamic test user 7fef74b40b04481e88e17de8b578f0d6 is created with scope project and roles: ['admin']
2024-12-12 10:47:47.049 66051 INFO tempest.lib.common.dynamic_creds [-] Acquired dynamic creds: credentials: Credentials: {'domain_id': 'default', 'domain_name': 'Default', 'username': 'tempest-FlavorsAdminTestJSON-1812017163-project-admin', 'project_domain_id': 'default', 'project_domain_name': 'Default', 'project_id': '036ada14324c479ea3a19501a664bd23', 'project_name': 'tempest-FlavorsAdminTestJSON-1812017163', 'tenant_id': '036ada14324c479ea3a19501a664bd23', 'tenant_name': 'tempest-FlavorsAdminTestJSON-1812017163', 'user_domain_id': 'default', 'user_domain_name': 'Default', 'user_id': '7fef74b40b04481e88e17de8b578f0d6', 'system': None}, Network: None, Subnet: None, Router: None
2024-12-12 10:47:47.049 66051 INFO tempest.lib.common.dynamic_creds [-] Created isolated network resources for: credentials: Credentials: {'domain_id': 'default', 'domain_name': 'Default', 'username': 'tempest-FlavorsAdminTestJSON-1812017163-project-admin', 'project_domain_id': 'default', 'project_domain_name': 'Default', 'project_id': '036ada14324c479ea3a19501a664bd23', 'project_name': 'tempest-FlavorsAdminTestJSON-1812017163', 'tenant_id': '036ada14324c479ea3a19501a664bd23', 'tenant_name': 'tempest-FlavorsAdminTestJSON-1812017163', 'user_domain_id': 'default', 'user_domain_name': 'Default', 'user_id': '7fef74b40b04481e88e17de8b578f0d6', 'system': None}, Network: None, Subnet: None, Router: None
2024-12-12 10:47:47.166 66049 INFO tempest.lib.common.rest_client [req-f0f8f9ba-0816-402c-acf6-dbb2cb5c3c5b req-f0f8f9ba-0816-402c-acf6-dbb2cb5c3c5b ] Request (TenantUsagesNegativeTestJSON:test_list_usage_all_tenants_with_non_admin_user): 403 GET http://10.180.1.21/compute/v2.1/os-simple-tenant-usage?start=2024-12-11T10%3A47%3A42.165585&end=2024-12-13T10%3A47%3A42.165585&detailed=1 1.449s
2024-12-12 10:47:47.172 66037 INFO tempest.lib.common.rest_client [req-b9dc7e21-c0e3-40ba-b08c-0f555687042f req-b9dc7e21-c0e3-40ba-b08c-0f555687042f ] Request (FlavorsExtraSpecsNegativeTestJSON:test_flavor_non_admin_set_keys): 403 POST http://10.180.1.21/compute/v2.1/flavors/1005383158/os-extra_specs 1.333s
2024-12-12 10:47:47.179 66065 INFO tempest.lib.common.rest_client [req-73cc77f3-2bcc-4b40-9b49-88dd749828cd req-73cc77f3-2bcc-4b40-9b49-88dd749828cd ] Request (InstanceUsageAuditLogTestJSON:tearDownClass): 200 GET http://10.180.1.21:9696/networking/v2.0/security-groups?tenant_id=4f896390ca5c473181c61bb797ebef0c&name=default 0.502s
2024-12-12 10:47:47.201 66025 INFO tempest.lib.common.rest_client [req-c924728a-96f4-4b0d-b37a-5eafa04f04ec req-c924728a-96f4-4b0d-b37a-5eafa04f04ec ] Request (HypervisorAdminUnderV252Test:tearDownClass): 201 POST http://10.180.1.21/identity/v3/auth/tokens 0.167s
2024-12-12 10:47:47.216 66053 INFO tempest.lib.common.rest_client [req-66f9d9a7-a15b-491c-a67a-8a6067d3b10c req-66f9d9a7-a15b-491c-a67a-8a6067d3b10c ] Request (FlavorsV255TestJSON:test_crud_flavor): 200 PUT http://10.180.1.21/compute/v2.1/flavors/518258788 1.332s
2024-12-12 10:47:47.216 66055 INFO tempest.lib.common.rest_client [req-7f2a0800-39fa-4ccc-a52e-7177a210b817 req-7f2a0800-39fa-4ccc-a52e-7177a210b817 ] Request (HypervisorAdminV228Test:tearDownClass): 200 GET http://10.180.1.21:9696/networking/v2.0/security-groups?tenant_id=9b6eb1ece5714b7c8f1c1fe20407004e&name=default 0.376s
2024-12-12 10:47:47.218 66015 INFO tempest.lib.common.rest_client [req-d1bee432-ce43-47a2-85d0-4c4ff9891d7e req-d1bee432-ce43-47a2-85d0-4c4ff9891d7e ] Request (AggregatesAdminNegativeTestJSON:test_aggregate_add_existent_host): 200 POST http://10.180.1.21/compute/v2.1/os-aggregates/1/action 1.626s
2024-12-12 10:47:47.232 66051 INFO tempest.lib.common.rest_client [req-c6d25042-54eb-43a3-a459-401eab5c42fc req-c6d25042-54eb-43a3-a459-401eab5c42fc ] Request (FlavorsAdminTestJSON:setUpClass): 201 POST http://10.180.1.21/identity/v3/auth/tokens 0.178s
2024-12-12 10:47:47.268 66049 INFO tempest.lib.common.rest_client [req-377127c0-9c2f-4846-a3f6-c72a31aa6246 req-377127c0-9c2f-4846-a3f6-c72a31aa6246 ] Request (TenantUsagesNegativeTestJSON:tearDownClass): 204 DELETE http://10.180.1.21/identity/v3/users/95b6c688148042ada71582b4e54828bd 0.100s
2024-12-12 10:47:47.283 66019 INFO tempest.lib.common.rest_client [req-8f9e8a02-0224-4a7c-943f-490452ddef03 req-8f9e8a02-0224-4a7c-943f-490452ddef03 ] Request (ImagesOneServerNegativeTestJSON:setUpClass): 200 GET http://10.180.1.21/compute/v2.1/servers/b960d026-6a8c-48f4-ab6c-164e08215425 1.327s
2024-12-12 10:47:47.289 66019 INFO tempest.common.waiters [-] State transition "BUILD/None" ==> "BUILD/networking" after 3 second wait
2024-12-12 10:47:47.360 66061 INFO tempest.lib.common.rest_client [req-705ce64c-bd11-42fa-8229-624f48090be1 req-705ce64c-bd11-42fa-8229-624f48090be1 ] Request (NetworksTest:test_list_all_networks): 200 GET http://10.180.1.21/compute/v2.1/os-networks 1.397s
2024-12-12 10:47:47.375 66059 INFO tempest.lib.common.rest_client [req-0c1c8a58-1cdc-46f5-a7cf-e47f97268427 req-0c1c8a58-1cdc-46f5-a7cf-e47f97268427 ] Request (HostsAdminNegativeTestJSON:test_reboot_host_with_non_admin_user): 403 GET http://10.180.1.21/compute/v2.1/os-hosts/devstack/reboot 1.228s
2024-12-12 10:47:47.384 66055 INFO tempest.lib.common.rest_client [req-57ffb77a-d7e0-42f3-84c6-b07d5d3bbe7b req-57ffb77a-d7e0-42f3-84c6-b07d5d3bbe7b ] Request (HypervisorAdminV228Test:tearDownClass): 204 DELETE http://10.180.1.21:9696/networking/v2.0/security-groups/cc78af93-7956-4f0e-8398-6232863fe2c0 0.168s
2024-12-12 10:47:47.388 66041 INFO tempest.lib.common.rest_client [req-3faf59f7-bba2-4f56-a70e-1db09ad90d77 req-3faf59f7-bba2-4f56-a70e-1db09ad90d77 ] Request (FlavorsV2TestJSON:test_list_flavors): 200 GET http://10.180.1.21/compute/v2.1/flavors/42 1.221s
2024-12-12 10:47:47.390 66065 INFO tempest.lib.common.rest_client [req-05344982-5ebd-4522-baf3-0b54fa1f7120 req-05344982-5ebd-4522-baf3-0b54fa1f7120 ] Request (InstanceUsageAuditLogTestJSON:tearDownClass): 204 DELETE http://10.180.1.21:9696/networking/v2.0/security-groups/1a0e1a7b-209d-44f2-8bad-bbe7c9b69561 0.210s
2024-12-12 10:47:47.431 66049 INFO tempest.lib.common.rest_client [req-e8d4e6be-8680-4936-b532-490eb751631f req-e8d4e6be-8680-4936-b532-490eb751631f ] Request (TenantUsagesNegativeTestJSON:tearDownClass): 204 DELETE http://10.180.1.21/identity/v3/users/3e4c60d5e0804d058951924e431f4abe 0.162s
2024-12-12 10:47:47.432 66049 INFO tempest.lib.common.dynamic_creds [-] Deleting project and security group for project: 42709b670f6b4de5a8b6490681f44729
2024-12-12 10:47:47.456 66061 INFO tempest.lib.common.rest_client [req-bf7dd62d-3702-45f6-af43-9594a42e1d6b req-bf7dd62d-3702-45f6-af43-9594a42e1d6b ] Request (NetworksTest:tearDownClass): 204 DELETE http://10.180.1.21/identity/v3/users/b59870610f244ddd82162501e7433837 0.089s
2024-12-12 10:47:47.481 66045 INFO tempest.lib.common.rest_client [req-d2344122-eb4d-4b00-a177-9e7f2a9b88a3 req-d2344122-eb4d-4b00-a177-9e7f2a9b88a3 ] Request (MigrationsAdminTest:test_list_migrations_in_flavor_resize_situation): 200 GET http://10.180.1.21/compute/v2.1/servers/c13205db-c3b6-4014-ba7e-340f800bdec0 1.251s
2024-12-12 10:47:47.538 66065 INFO tempest.lib.common.rest_client [req-a58a1c2e-22de-4f4d-b3f8-d5c0377ff8ee req-a58a1c2e-22de-4f4d-b3f8-d5c0377ff8ee ] Request (InstanceUsageAuditLogTestJSON:tearDownClass): 204 DELETE http://10.180.1.21/identity/v3/projects/4f896390ca5c473181c61bb797ebef0c 0.148s
2024-12-12 10:47:47.539 66065 INFO tempest.lib.common.dynamic_creds [-] Deleting project and security group for project: c27b51b339ac49fba3794be0142f1119
2024-12-12 10:47:47.545 66031 INFO tempest.lib.common.rest_client [req-b73f5196-57d6-48d5-895b-a5b07edc3e0f req-b73f5196-57d6-48d5-895b-a5b07edc3e0f ] Request (ServerDiagnosticsNegativeTest:test_get_server_diagnostics_by_non_admin): 200 GET http://10.180.1.21/compute/v2.1/servers/c289458a-b24c-46e4-add4-c786d52864d4 1.168s
2024-12-12 10:47:47.554 66055 INFO tempest.lib.common.rest_client [req-7dfdae20-4ffc-46a4-820b-acf6b5714866 req-7dfdae20-4ffc-46a4-820b-acf6b5714866 ] Request (HypervisorAdminV228Test:tearDownClass): 204 DELETE http://10.180.1.21/identity/v3/projects/9b6eb1ece5714b7c8f1c1fe20407004e 0.169s
2024-12-12 10:47:47.554 66055 INFO tempest.lib.common.dynamic_creds [-] Deleting project and security group for project: 39de4cd5490a44d5af6293a313bbc217
2024-12-12 10:47:47.591 66025 INFO tempest.lib.common.rest_client [req-102468b4-d0ff-4e2a-9059-6cd072476beb req-102468b4-d0ff-4e2a-9059-6cd072476beb ] Request (HypervisorAdminUnderV252Test:tearDownClass): 200 GET http://10.180.1.21:9696/networking/v2.0/security-groups?tenant_id=ceaf323a076b4c279fbc90fd3221eeb0&name=default 0.388s
2024-12-12 10:47:47.595 66049 INFO tempest.lib.common.rest_client [req-60c66501-1436-4e87-9665-db649079f312 req-60c66501-1436-4e87-9665-db649079f312 ] Request (TenantUsagesNegativeTestJSON:tearDownClass): 201 POST http://10.180.1.21/identity/v3/auth/tokens 0.163s
2024-12-12 10:47:47.628 66009 INFO tempest.lib.common.rest_client [req-21b0bf0c-ea96-4f78-8193-3c23f29672d4 req-21b0bf0c-ea96-4f78-8193-3c23f29672d4 ] Request (TenantUsagesTestJSON:setUpClass): 200 GET http://10.180.1.21/compute/v2.1/servers/9a577054-9963-4167-add1-428ff9587b6b 1.239s
2024-12-12 10:47:47.640 66043 INFO tempest.lib.common.rest_client [req-aa332734-9aa9-4c7f-9db4-6fefc10fac04 req-aa332734-9aa9-4c7f-9db4-6fefc10fac04 ] Request (QuotasAdminNegativeTest:test_create_server_when_cpu_quota_is_full): 403 POST http://10.180.1.21/compute/v2.1/servers 1.748s
2024-12-12 10:47:47.646 66061 INFO tempest.lib.common.rest_client [req-29f2f63f-365a-48f8-9ba0-521696f3fbea req-29f2f63f-365a-48f8-9ba0-521696f3fbea ] Request (NetworksTest:tearDownClass): 204 DELETE http://10.180.1.21/identity/v3/users/36f22ac454bf494186982bd62143f6d0 0.189s
2024-12-12 10:47:47.646 66061 INFO tempest.lib.common.dynamic_creds [-] Deleting project and security group for project: ba75c801ba6b4e48b9b64ba13d2579ff
2024-12-12 10:47:47.698 66065 INFO tempest.lib.common.rest_client [req-94a23038-ebaa-434a-ade1-3deb9b002069 req-94a23038-ebaa-434a-ade1-3deb9b002069 ] Request (InstanceUsageAuditLogTestJSON:tearDownClass): 200 GET http://10.180.1.21:9696/networking/v2.0/security-groups?tenant_id=c27b51b339ac49fba3794be0142f1119&name=default 0.158s
2024-12-12 10:47:47.703 66023 INFO tempest.lib.common.rest_client [req-4f7617f1-1d63-409d-872e-73453288ae2a req-4f7617f1-1d63-409d-872e-73453288ae2a ] Request (ImagesOneServerTestJSON:setUpClass): 200 GET http://10.180.1.21/compute/v2.1/servers/3c27d92d-5072-4d12-aa5e-60336dad1c41 1.221s
2024-12-12 10:47:47.740 66055 INFO tempest.lib.common.rest_client [req-736d5b1d-0cbf-4d57-94a2-80730dec3fac req-736d5b1d-0cbf-4d57-94a2-80730dec3fac ] Request (HypervisorAdminV228Test:tearDownClass): 200 GET http://10.180.1.21:9696/networking/v2.0/security-groups?tenant_id=39de4cd5490a44d5af6293a313bbc217&name=default 0.186s
2024-12-12 10:47:47.751 66061 INFO tempest.lib.common.rest_client [req-72a4d8e7-e6f4-4a11-abc1-234d551f96f3 req-72a4d8e7-e6f4-4a11-abc1-234d551f96f3 ] Request (NetworksTest:tearDownClass): 201 POST http://10.180.1.21/identity/v3/auth/tokens 0.104s
2024-12-12 10:47:47.755 66025 INFO tempest.lib.common.rest_client [req-7a4c1cce-baee-4a1f-886c-886736e0ef86 req-7a4c1cce-baee-4a1f-886c-886736e0ef86 ] Request (HypervisorAdminUnderV252Test:tearDownClass): 204 DELETE http://10.180.1.21:9696/networking/v2.0/security-groups/d3ca3104-c1a6-42f3-bded-a9215618fa47 0.163s
2024-12-12 10:47:47.763 66005 INFO tempest.lib.common.rest_client [req-51115f2d-4884-41e0-975a-7376d63516fd req-51115f2d-4884-41e0-975a-7376d63516fd ] Request (ServersWithSpecificFlavorTestJSON:test_verify_created_server_ephemeral_disk): 200 POST http://10.180.1.21/compute/v2.1/flavors 1.342s
2024-12-12 10:47:47.783 66017 INFO tempest.lib.common.rest_client [req-41351a9d-639b-4448-a28f-f5f32d521692 req-41351a9d-639b-4448-a28f-f5f32d521692 ] Request (FlavorsExtraSpecsTestJSON:test_flavor_non_admin_get_specific_key): 200 POST http://10.180.1.21/compute/v2.1/flavors/1630904593/os-extra_specs 1.148s
2024-12-12 10:47:47.811 66025 INFO tempest.lib.common.rest_client [req-99555e13-69af-4583-972c-552d3414559f req-99555e13-69af-4583-972c-552d3414559f ] Request (HypervisorAdminUnderV252Test:tearDownClass): 204 DELETE http://10.180.1.21/identity/v3/projects/ceaf323a076b4c279fbc90fd3221eeb0 0.056s
2024-12-12 10:47:47.811 66025 INFO tempest.lib.common.dynamic_creds [-] Deleting project and security group for project: 9521429e091043048ec2e76143550bc1
2024-12-12 10:47:47.814 66033 INFO tempest.lib.common.rest_client [req-08ca99a9-493d-438d-9e22-b536f0cbe0eb req-08ca99a9-493d-438d-9e22-b536f0cbe0eb ] Request (KeyPairsNegativeTestJSON:test_create_keypair_with_duplicate_name): 200 POST http://10.180.1.21/compute/v2.1/os-keypairs 1.173s
2024-12-12 10:47:47.844 66055 INFO tempest.lib.common.rest_client [req-6a2947d8-2c2d-4c9d-b6e1-b146ee1e1b09 req-6a2947d8-2c2d-4c9d-b6e1-b146ee1e1b09 ] Request (HypervisorAdminV228Test:tearDownClass): 204 DELETE http://10.180.1.21:9696/networking/v2.0/security-groups/8fef8ecb-b0f9-4735-a747-6ef69f1294be 0.104s
2024-12-12 10:47:47.847 66029 INFO tempest.lib.common.rest_client [req-486de126-d32e-4859-af5d-b26c9dc92334 req-486de126-d32e-4859-af5d-b26c9dc92334 ] Request (KeyPairsV210TestJSON:test_admin_manage_keypairs_for_other_users): 201 POST http://10.180.1.21/compute/v2.1/os-keypairs 1.195s
2024-12-12 10:47:47.861 66048 INFO tempest.lib.common.rest_client [req-62b3b3be-d6b0-4d4e-bad5-c1765239398b req-62b3b3be-d6b0-4d4e-bad5-c1765239398b ] Request (QuotasAdminTestJSON:test_delete_quota): 200 GET http://10.180.1.21/compute/v2.1/os-quota-sets/3d5bfaa7441841c99ceb2fafb5858960 1.248s
2024-12-12 10:47:47.867 66039 INFO tempest.lib.common.rest_client [req-7abec9dc-2c60-40cb-9378-e0e36611230d req-7abec9dc-2c60-40cb-9378-e0e36611230d ] Request (ImagesMetadataNegativeTestJSON:test_update_nonexistent_image_metadata): 404 POST http://10.180.1.21/compute/v2.1/images/4043c097-51c0-4862-811d-783e8f8844ff/metadata 1.195s
2024-12-12 10:47:47.905 66065 INFO tempest.lib.common.rest_client [req-c6218467-f225-4f9f-a8b6-48a1233b2470 req-c6218467-f225-4f9f-a8b6-48a1233b2470 ] Request (InstanceUsageAuditLogTestJSON:tearDownClass): 204 DELETE http://10.180.1.21:9696/networking/v2.0/security-groups/d3d8efbb-84b2-4dd9-b770-945747e66be2 0.207s
2024-12-12 10:47:47.937 66055 INFO tempest.lib.common.rest_client [req-f02bb62d-b534-4f74-92ce-cccd6a8a7496 req-f02bb62d-b534-4f74-92ce-cccd6a8a7496 ] Request (HypervisorAdminV228Test:tearDownClass): 204 DELETE http://10.180.1.21/identity/v3/projects/39de4cd5490a44d5af6293a313bbc217 0.092s
2024-12-12 10:47:47.949 66025 INFO tempest.lib.common.rest_client [req-316dbaa7-22af-4e15-880b-910fd1b3770f req-316dbaa7-22af-4e15-880b-910fd1b3770f ] Request (HypervisorAdminUnderV252Test:tearDownClass): 200 GET http://10.180.1.21:9696/networking/v2.0/security-groups?tenant_id=9521429e091043048ec2e76143550bc1&name=default 0.137s
2024-12-12 10:47:47.963 66013 INFO tempest.lib.common.rest_client [req-9d440ac7-e0a4-4e52-aebd-de5c56e4f6b3 req-9d440ac7-e0a4-4e52-aebd-de5c56e4f6b3 ] Request (VolumesAssistedSnapshotsTest:setUpClass): 201 POST http://10.180.1.21:9696/networking/v2.0/routers 1.157s
2024-12-12 10:47:47.972 66048 INFO tempest.lib.common.rest_client [req-7901993a-71b6-4137-9c4c-1fae694e1a86 req-7901993a-71b6-4137-9c4c-1fae694e1a86 ] Request (QuotasAdminTestJSON:_run_cleanups): 204 DELETE http://10.180.1.21/identity/v3/projects/3d5bfaa7441841c99ceb2fafb5858960 0.108s
2024-12-12 10:47:47.980 66049 INFO tempest.lib.common.rest_client [req-89f884c3-a7d5-422f-8608-fd04b06e8acc req-89f884c3-a7d5-422f-8608-fd04b06e8acc ] Request (TenantUsagesNegativeTestJSON:tearDownClass): 200 GET http://10.180.1.21:9696/networking/v2.0/security-groups?tenant_id=42709b670f6b4de5a8b6490681f44729&name=default 0.383s
2024-12-12 10:47:48.037 66061 INFO tempest.lib.common.rest_client [req-bb10cde4-b106-47c1-b723-68a62a641306 req-bb10cde4-b106-47c1-b723-68a62a641306 ] Request (NetworksTest:tearDownClass): 200 GET http://10.180.1.21:9696/networking/v2.0/security-groups?tenant_id=ba75c801ba6b4e48b9b64ba13d2579ff&name=default 0.285s
2024-12-12 10:47:48.088 66039 INFO tempest.lib.common.rest_client [req-8df75ef6-60ba-4db0-9a86-adc3e50a7d51 req-8df75ef6-60ba-4db0-9a86-adc3e50a7d51 ] Request (ImagesMetadataNegativeTestJSON:tearDownClass): 204 DELETE http://10.180.1.21/identity/v3/users/85412834d47141ffb36942c29519f73c 0.219s
2024-12-12 10:47:48.089 66039 INFO tempest.lib.common.dynamic_creds [-] Deleting project and security group for project: 42869fe10130468bac71e8d1c1eaf4dc
2024-12-12 10:47:48.140 66035 INFO tempest.lib.common.rest_client [req-3a9898a1-7e53-4789-867f-422e0e84d2c8 req-3a9898a1-7e53-4789-867f-422e0e84d2c8 ] Request (FlavorsV261TestJSON:test_crud_flavor): 200 POST http://10.180.1.21/compute/v2.1/flavors 1.389s
2024-12-12 10:47:48.149 66055 INFO tempest.lib.common.rest_client [req-0f8e63e3-cf07-415c-a84d-7871d7aadf74 req-0f8e63e3-cf07-415c-a84d-7871d7aadf74 ] Request (ServerActionsTestOtherA:setUpClass): 201 POST http://10.180.1.21/identity/v3/auth/tokens 0.207s
2024-12-12 10:47:48.157 66049 INFO tempest.lib.common.rest_client [req-dddcc869-ceb5-4268-bf43-13a3ddd9d3a2 req-dddcc869-ceb5-4268-bf43-13a3ddd9d3a2 ] Request (TenantUsagesNegativeTestJSON:tearDownClass): 204 DELETE http://10.180.1.21:9696/networking/v2.0/security-groups/403348c3-d4c7-410e-b8a9-dcc696fc3d0c 0.176s
2024-12-12 10:47:48.179 66025 INFO tempest.lib.common.rest_client [req-6554111b-4674-44c1-822b-009d97a14091 req-6554111b-4674-44c1-822b-009d97a14091 ] Request (HypervisorAdminUnderV252Test:tearDownClass): 204 DELETE http://10.180.1.21:9696/networking/v2.0/security-groups/03da326d-4f1d-4c8a-a671-0c266a738066 0.229s
2024-12-12 10:47:48.183 66061 INFO tempest.lib.common.rest_client [req-53f20a28-5f61-4de0-9288-797eab7d250f req-53f20a28-5f61-4de0-9288-797eab7d250f ] Request (NetworksTest:tearDownClass): 204 DELETE http://10.180.1.21:9696/networking/v2.0/security-groups/7c42f478-1f9a-4dba-82b7-c17440917098 0.145s
2024-12-12 10:47:48.192 66065 INFO tempest.lib.common.rest_client [req-c9712fe4-b8b2-4bdf-bb67-1c4abd1794ac req-c9712fe4-b8b2-4bdf-bb67-1c4abd1794ac ] Request (InstanceUsageAuditLogTestJSON:tearDownClass): 204 DELETE http://10.180.1.21/identity/v3/projects/c27b51b339ac49fba3794be0142f1119 0.286s
2024-12-12 10:47:48.203 66021 INFO tempest.lib.common.rest_client [req-85c3fe5d-3462-4a1f-8cb9-f31b7caef35e req-85c3fe5d-3462-4a1f-8cb9-f31b7caef35e ] Request (DeleteServersAdminTestJSON:test_admin_delete_servers_of_others): 200 GET http://10.180.1.21/compute/v2.1/servers/d8a25acf-2ebf-405d-8f1f-7efc38c0dc0b 1.343s
2024-12-12 10:47:48.245 66067 INFO tempest.lib.common.rest_client [req-bc362755-aaa8-47c7-9c5c-1dcf9f41639e req-bc362755-aaa8-47c7-9c5c-1dcf9f41639e ] Request (QuotasAdminTestV257:test_get_updated_quotas): 200 GET http://10.180.1.21/identity/v3/domains?name=Default 0.246s
2024-12-12 10:47:48.295 66057 INFO tempest.lib.common.rest_client [req-99ca47a0-5376-481d-a484-0b849a2c5b53 req-99ca47a0-5376-481d-a484-0b849a2c5b53 ] Request (FlavorsAccessNegativeTestJSON:test_add_flavor_access_duplicate): 409 POST http://10.180.1.21/compute/v2.1/flavors/1658066778/action 1.548s
2024-12-12 10:47:48.302 66039 INFO tempest.lib.common.rest_client [req-2c77e275-b754-4979-a2ee-403bf31dd77f req-2c77e275-b754-4979-a2ee-403bf31dd77f ] Request (ImagesMetadataNegativeTestJSON:tearDownClass): 201 POST http://10.180.1.21/identity/v3/auth/tokens 0.213s
2024-12-12 10:47:48.319 66063 INFO tempest.lib.common.rest_client [req-2a0b0715-6cb7-40db-b142-4643b7e742c2 req-2a0b0715-6cb7-40db-b142-4643b7e742c2 ] Request (ServicesAdminNegativeV253TestJSON:test_get_service_by_invalid_params): 200 GET http://10.180.1.21/compute/v2.1/os-services 1.332s
2024-12-12 10:47:48.324 66055 INFO tempest.lib.common.rest_client [req-dfa7f33a-ebd7-413e-947a-7c149f6008dd req-dfa7f33a-ebd7-413e-947a-7c149f6008dd ] Request (ServerActionsTestOtherA:setUpClass): 201 POST http://10.180.1.21/identity/v3/auth/tokens 0.172s
2024-12-12 10:47:48.349 66037 INFO tempest.lib.common.rest_client [req-96ae5c19-d0e0-403a-a29b-3055027ae01e req-96ae5c19-d0e0-403a-a29b-3055027ae01e ] Request (FlavorsExtraSpecsNegativeTestJSON:test_flavor_non_admin_unset_keys): 200 POST http://10.180.1.21/compute/v2.1/flavors/1005383158/os-extra_specs 1.176s
2024-12-12 10:47:48.356 66049 INFO tempest.lib.common.rest_client [req-1d72b582-6a69-4cb3-b55b-21ef509d42b9 req-1d72b582-6a69-4cb3-b55b-21ef509d42b9 ] Request (TenantUsagesNegativeTestJSON:tearDownClass): 204 DELETE http://10.180.1.21/identity/v3/projects/42709b670f6b4de5a8b6490681f44729 0.199s
2024-12-12 10:47:48.356 66049 INFO tempest.lib.common.dynamic_creds [-] Deleting project and security group for project: 1be23e744b8b4c23af2f5a0816fa5be0
2024-12-12 10:47:48.377 66053 INFO tempest.lib.common.rest_client [req-65e5e95b-2f2b-4961-87b7-43b7af7f9993 req-65e5e95b-2f2b-4961-87b7-43b7af7f9993 ] Request (FlavorsV255TestJSON:test_crud_flavor): 200 GET http://10.180.1.21/compute/v2.1/flavors/detail 1.159s
2024-12-12 10:47:48.387 66025 INFO tempest.lib.common.rest_client [req-6d7e6288-0691-40b6-88af-c5d8ac65503c req-6d7e6288-0691-40b6-88af-c5d8ac65503c ] Request (HypervisorAdminUnderV252Test:tearDownClass): 204 DELETE http://10.180.1.21/identity/v3/projects/9521429e091043048ec2e76143550bc1 0.208s
2024-12-12 10:47:48.388 66025 INFO tempest.test [-] raised in LiveMigrationRemoteConsolesV26Test.setUpClass. Invoking tearDownClass.
2024-12-12 10:47:48.432 66015 INFO tempest.lib.common.rest_client [req-b4a85062-2a90-4863-9ccd-d4426ff24515 req-b4a85062-2a90-4863-9ccd-d4426ff24515 ] Request (AggregatesAdminNegativeTestJSON:test_aggregate_add_existent_host): 409 POST http://10.180.1.21/compute/v2.1/os-aggregates/1/action 1.212s
2024-12-12 10:47:48.439 66065 INFO tempest.lib.common.rest_client [req-d3d100b9-74c2-4b0f-8cc8-b7bbf2ef4c98 req-d3d100b9-74c2-4b0f-8cc8-b7bbf2ef4c98 ] Request (SecurityGroupRulesNegativeTestJSON:setUpClass): 201 POST http://10.180.1.21/identity/v3/auth/tokens 0.246s
2024-12-12 10:47:48.479 66049 INFO tempest.lib.common.rest_client [req-4746a340-29bd-42d8-a131-f19a5d0e4b57 req-4746a340-29bd-42d8-a131-f19a5d0e4b57 ] Request (TenantUsagesNegativeTestJSON:tearDownClass): 200 GET http://10.180.1.21:9696/networking/v2.0/security-groups?tenant_id=1be23e744b8b4c23af2f5a0816fa5be0&name=default 0.122s
2024-12-12 10:47:48.487 66061 INFO tempest.lib.common.rest_client [req-603aa474-f280-4cfd-baa5-8a1ac14023b6 req-603aa474-f280-4cfd-baa5-8a1ac14023b6 ] Request (NetworksTest:tearDownClass): 204 DELETE http://10.180.1.21/identity/v3/projects/ba75c801ba6b4e48b9b64ba13d2579ff 0.303s
2024-12-12 10:47:48.488 66061 INFO tempest.lib.common.dynamic_creds [-] Deleting project and security group for project: 25482c9682d3478f94a2995e8c670d15
2024-12-12 10:47:48.531 66067 INFO tempest.lib.common.rest_client [req-ef625381-8fb9-4d1e-b14a-00492172d886 req-ef625381-8fb9-4d1e-b14a-00492172d886 ] Request (QuotasAdminTestV257:test_get_updated_quotas): 201 POST http://10.180.1.21/identity/v3/projects 0.286s
2024-12-12 10:47:48.586 66055 INFO tempest.lib.common.rest_client [req-b50cc891-a1f3-4381-ab93-12f85761f03a req-b50cc891-a1f3-4381-ab93-12f85761f03a ] Request (ServerActionsTestOtherA:setUpClass): 200 GET http://10.180.1.21/identity/v3/domains?name=Default 0.261s
2024-12-12 10:47:48.596 66025 INFO tempest.lib.common.rest_client [req-54be620e-a27a-4689-b873-5afe52f4facf req-54be620e-a27a-4689-b873-5afe52f4facf ] Request (FlavorsV2NegativeTest:setUpClass): 201 POST http://10.180.1.21/identity/v3/auth/tokens 0.203s
2024-12-12 10:47:48.656 66061 INFO tempest.lib.common.rest_client [req-e4db3f57-091a-459a-8d4f-cf42ee2471d8 req-e4db3f57-091a-459a-8d4f-cf42ee2471d8 ] Request (NetworksTest:tearDownClass): 200 GET http://10.180.1.21:9696/networking/v2.0/security-groups?tenant_id=25482c9682d3478f94a2995e8c670d15&name=default 0.168s
2024-12-12 10:47:48.682 66049 INFO tempest.lib.common.rest_client [req-cf14a0e4-caf4-4140-b8f3-62980bfdf7d2 req-cf14a0e4-caf4-4140-b8f3-62980bfdf7d2 ] Request (TenantUsagesNegativeTestJSON:tearDownClass): 204 DELETE http://10.180.1.21:9696/networking/v2.0/security-groups/3a68c6a3-a6e7-43ed-939d-81adf8563d36 0.202s
2024-12-12 10:47:48.697 66065 INFO tempest.lib.common.rest_client [req-60f70430-e173-4e47-b06e-29423f50f960 req-60f70430-e173-4e47-b06e-29423f50f960 ] Request (SecurityGroupRulesNegativeTestJSON:setUpClass): 201 POST http://10.180.1.21/identity/v3/auth/tokens 0.256s
2024-12-12 10:47:48.698 66051 INFO tempest.lib.common.rest_client [req-bc1f478b-958c-419c-b298-108e48fcfa69 req-bc1f478b-958c-419c-b298-108e48fcfa69 ] Request (FlavorsAdminTestJSON:test_create_flavor_using_string_ram): 200 POST http://10.180.1.21/compute/v2.1/flavors 1.465s
2024-12-12 10:47:48.730 66007 INFO tempest.lib.common.rest_client [req-6babb352-ea03-42e5-87b6-1c25fb783296 req-6babb352-ea03-42e5-87b6-1c25fb783296 ] Request (FlavorsAccessTestJSON:test_flavor_access_add_remove): 200 POST http://10.180.1.21/compute/v2.1/flavors/651555092/action 1.778s
2024-12-12 10:47:48.739 66039 INFO tempest.lib.common.rest_client [req-b04b5d3e-6b25-47b6-b54a-ed7b43d26352 req-b04b5d3e-6b25-47b6-b54a-ed7b43d26352 ] Request (ImagesMetadataNegativeTestJSON:tearDownClass): 200 GET http://10.180.1.21:9696/networking/v2.0/security-groups?tenant_id=42869fe10130468bac71e8d1c1eaf4dc&name=default 0.436s
2024-12-12 10:47:48.743 66055 INFO tempest.lib.common.rest_client [req-a0216bf6-47f7-451d-8fbd-168ea0cdab8c req-a0216bf6-47f7-451d-8fbd-168ea0cdab8c ] Request (ServerActionsTestOtherA:setUpClass): 201 POST http://10.180.1.21/identity/v3/projects 0.157s
2024-12-12 10:47:48.745 66059 INFO tempest.lib.common.rest_client [req-00216677-0529-44a4-b8da-f1e9ec026ebb req-00216677-0529-44a4-b8da-f1e9ec026ebb ] Request (HostsAdminNegativeTestJSON:test_reboot_nonexistent_host): 404 GET http://10.180.1.21/compute/v2.1/os-hosts/nonexistent_hostname/reboot 1.368s
2024-12-12 10:47:48.754 66067 INFO tempest.lib.common.rest_client [req-4b442537-4159-48be-abdc-aa96dc4be2ed req-4b442537-4159-48be-abdc-aa96dc4be2ed ] Request (QuotasAdminTestV257:test_get_updated_quotas): 200 GET http://10.180.1.21/identity/v3/domains?name=Default 0.222s
2024-12-12 10:47:48.759 66041 INFO tempest.lib.common.rest_client [req-26abacee-d7c9-4f26-87d8-5455cec8aa2b req-26abacee-d7c9-4f26-87d8-5455cec8aa2b ] Request (FlavorsV2TestJSON:test_list_flavors_detailed_filter_by_min_disk): 200 GET http://10.180.1.21/compute/v2.1/flavors/42 1.365s
2024-12-12 10:47:48.760 66011 INFO tempest.lib.common.rest_client [req-0a0425a6-e490-433f-ba25-cd27a9048878 req-0a0425a6-e490-433f-ba25-cd27a9048878 ] Request (ServerDiagnosticsTest:test_get_server_diagnostics): 200 GET http://10.180.1.21/compute/v2.1/servers/b45a5aa0-2dce-4ca7-8ba6-ce18ba08f922 1.459s
2024-12-12 10:47:48.766 66011 INFO tempest.common.waiters [-] State transition "BUILD/scheduling" ==> "BUILD/None" after 2 second wait
2024-12-12 10:47:48.770 66005 INFO tempest.lib.common.rest_client [req-711d3268-0178-4eac-8a2b-14ab69f1a2ce req-711d3268-0178-4eac-8a2b-14ab69f1a2ce ] Request (ServersWithSpecificFlavorTestJSON:test_verify_created_server_ephemeral_disk): 200 GET http://10.180.1.21/compute/v2.1/flavors/42/os-extra_specs 1.005s
2024-12-12 10:47:48.780 66017 INFO tempest.lib.common.rest_client [req-1d620beb-98f9-4c73-acef-a759f6b9e53c req-1d620beb-98f9-4c73-acef-a759f6b9e53c ] Request (FlavorsExtraSpecsTestJSON:test_flavor_non_admin_get_specific_key): 200 GET http://10.180.1.21/compute/v2.1/flavors/1630904593/os-extra_specs/hw:numa_nodes 0.996s
2024-12-12 10:47:48.795 66025 INFO tempest.lib.common.rest_client [req-eafd4314-4fdc-44aa-b56a-809ac2b5b429 req-eafd4314-4fdc-44aa-b56a-809ac2b5b429 ] Request (FlavorsV2NegativeTest:setUpClass): 201 POST http://10.180.1.21/identity/v3/auth/tokens 0.196s
2024-12-12 10:47:48.810 66033 INFO tempest.lib.common.rest_client [req-139e10e8-e268-457f-8da4-02ab8a5dd06f req-139e10e8-e268-457f-8da4-02ab8a5dd06f ] Request (KeyPairsNegativeTestJSON:test_create_keypair_with_duplicate_name): 409 POST http://10.180.1.21/compute/v2.1/os-keypairs 0.995s
2024-12-12 10:47:48.816 66065 INFO tempest.lib.common.rest_client [req-683f96dc-0efb-4bd4-9918-908a1287b3b9 req-683f96dc-0efb-4bd4-9918-908a1287b3b9 ] Request (SecurityGroupRulesNegativeTestJSON:setUpClass): 200 GET http://10.180.1.21/identity/v3/domains?name=Default 0.118s
2024-12-12 10:47:48.819 66029 INFO tempest.lib.common.rest_client [req-33f0045c-9f58-4352-ac48-3d62335791fb req-33f0045c-9f58-4352-ac48-3d62335791fb ] Request (KeyPairsV210TestJSON:test_admin_manage_keypairs_for_other_users): 200 GET http://10.180.1.21/compute/v2.1/os-keypairs?user_id=6348d2aee1764ad5a08e7a812309b70f 0.968s
2024-12-12 10:47:48.831 66049 INFO tempest.lib.common.rest_client [req-2cd53d67-e9db-43ff-8215-0fe19f82dfc0 req-2cd53d67-e9db-43ff-8215-0fe19f82dfc0 ] Request (TenantUsagesNegativeTestJSON:tearDownClass): 204 DELETE http://10.180.1.21/identity/v3/projects/1be23e744b8b4c23af2f5a0816fa5be0 0.149s
2024-12-12 10:47:48.855 66061 INFO tempest.lib.common.rest_client [req-ad5e153e-b34a-4882-9aa9-d3ad26c6ca84 req-ad5e153e-b34a-4882-9aa9-d3ad26c6ca84 ] Request (NetworksTest:tearDownClass): 204 DELETE http://10.180.1.21:9696/networking/v2.0/security-groups/d3c02493-fe31-46a0-a937-df74f4c4ae0b 0.197s
2024-12-12 10:47:48.865 66055 INFO tempest.lib.common.rest_client [req-7c8d6c13-7165-449f-8e05-c871cf6b4389 req-7c8d6c13-7165-449f-8e05-c871cf6b4389 ] Request (ServerActionsTestOtherA:setUpClass): 201 POST http://10.180.1.21/identity/v3/users 0.121s
2024-12-12 10:47:48.892 66025 INFO tempest.lib.common.rest_client [req-21a6d8d0-5baf-40df-a545-535f63a6bcec req-21a6d8d0-5baf-40df-a545-535f63a6bcec ] Request (FlavorsV2NegativeTest:setUpClass): 200 GET http://10.180.1.21/identity/v3/domains?name=Default 0.097s
2024-12-12 10:47:48.900 66039 INFO tempest.lib.common.rest_client [req-dafbd77b-2200-427d-bbf1-63d2b49c569c req-dafbd77b-2200-427d-bbf1-63d2b49c569c ] Request (ImagesMetadataNegativeTestJSON:tearDownClass): 204 DELETE http://10.180.1.21:9696/networking/v2.0/security-groups/c29952d2-2691-4526-8baa-b8c2ef21b701 0.160s
2024-12-12 10:47:48.910 66065 INFO tempest.lib.common.rest_client [req-0eb9f29c-98f4-4620-bc1d-827158bc2afa req-0eb9f29c-98f4-4620-bc1d-827158bc2afa ] Request (SecurityGroupRulesNegativeTestJSON:setUpClass): 201 POST http://10.180.1.21/identity/v3/projects 0.093s
2024-12-12 10:47:48.964 66035 INFO tempest.lib.common.rest_client [req-ae4797eb-f581-497e-b2a8-48d08a7ff2f2 req-ae4797eb-f581-497e-b2a8-48d08a7ff2f2 ] Request (FlavorsV261TestJSON:test_crud_flavor): 200 GET http://10.180.1.21/compute/v2.1/flavors/1943187008 0.821s
2024-12-12 10:47:48.978 66049 INFO tempest.lib.common.rest_client [req-0e6bb0ab-34fc-4ddd-8321-0ec1fbe14d98 req-0e6bb0ab-34fc-4ddd-8321-0ec1fbe14d98 ] Request (ServerAddressesNegativeTestJSON:setUpClass): 201 POST http://10.180.1.21/identity/v3/auth/tokens 0.145s
2024-12-12 10:47:48.999 66055 INFO tempest.lib.common.rest_client [req-a3668607-ed63-430d-aa29-5a2fa4cc9a17 req-a3668607-ed63-430d-aa29-5a2fa4cc9a17 ] Request (ServerActionsTestOtherA:setUpClass): 200 GET http://10.180.1.21/identity/v3/roles 0.133s
2024-12-12 10:47:49.055 66061 INFO tempest.lib.common.rest_client [req-16605df3-a751-43d2-a4e8-21840292001a req-16605df3-a751-43d2-a4e8-21840292001a ] Request (NetworksTest:tearDownClass): 204 DELETE http://10.180.1.21/identity/v3/projects/25482c9682d3478f94a2995e8c670d15 0.199s
2024-12-12 10:47:49.110 66019 INFO tempest.lib.common.rest_client [req-71684cac-ae68-4e2a-8af6-d53993b1cef3 req-71684cac-ae68-4e2a-8af6-d53993b1cef3 ] Request (ImagesOneServerNegativeTestJSON:setUpClass): 200 GET http://10.180.1.21/compute/v2.1/servers/b960d026-6a8c-48f4-ab6c-164e08215425 0.820s
2024-12-12 10:47:49.119 66019 INFO tempest.common.waiters [-] State transition "BUILD/networking" ==> "BUILD/spawning" after 5 second wait
2024-12-12 10:47:49.120 66025 INFO tempest.lib.common.rest_client [req-63301b29-9bf9-4afc-825d-7a32a87ca2df req-63301b29-9bf9-4afc-825d-7a32a87ca2df ] Request (FlavorsV2NegativeTest:setUpClass): 201 POST http://10.180.1.21/identity/v3/projects 0.228s
2024-12-12 10:47:49.181 66043 INFO tempest.lib.common.rest_client [req-c78447b3-e259-46a7-bb12-27e5621bc8fb req-c78447b3-e259-46a7-bb12-27e5621bc8fb ] Request (QuotasAdminNegativeTest:_run_cleanups): 200 PUT http://10.180.1.21/compute/v2.1/os-quota-sets/b64cdf1badc84923b32c475db8520a9a 1.540s
2024-12-12 10:47:49.202 66063 INFO tempest.lib.common.rest_client [req-fa436a50-5198-46c2-a7fd-9c5fc53b53df req-fa436a50-5198-46c2-a7fd-9c5fc53b53df ] Request (ServicesAdminNegativeV253TestJSON:test_get_service_by_invalid_params): 200 GET http://10.180.1.21/compute/v2.1/os-services?xxx=nova-compute 0.877s
2024-12-12 10:47:49.207 66037 INFO tempest.lib.common.rest_client [req-9fd0cd56-a6da-49ab-8d61-7681b4efe981 req-9fd0cd56-a6da-49ab-8d61-7681b4efe981 ] Request (FlavorsExtraSpecsNegativeTestJSON:test_flavor_non_admin_unset_keys): 403 DELETE http://10.180.1.21/compute/v2.1/flavors/1005383158/os-extra_specs/hw:numa_nodes 0.857s
2024-12-12 10:47:49.238 66053 INFO tempest.lib.common.rest_client [req-8115399e-2f8f-4fd6-aa04-e96192e26b18 req-8115399e-2f8f-4fd6-aa04-e96192e26b18 ] Request (FlavorsV255TestJSON:test_crud_flavor): 200 GET http://10.180.1.21/compute/v2.1/flavors 0.855s
2024-12-12 10:47:49.243 66065 INFO tempest.lib.common.rest_client [req-42531767-ff23-4080-bacf-cd5ba907b1c6 req-42531767-ff23-4080-bacf-cd5ba907b1c6 ] Request (SecurityGroupRulesNegativeTestJSON:setUpClass): 201 POST http://10.180.1.21/identity/v3/users 0.333s
2024-12-12 10:47:49.256 66039 INFO tempest.lib.common.rest_client [req-4a48ca29-6d5d-4984-a7ff-3527461bcba6 req-4a48ca29-6d5d-4984-a7ff-3527461bcba6 ] Request (ImagesMetadataNegativeTestJSON:tearDownClass): 204 DELETE http://10.180.1.21/identity/v3/projects/42869fe10130468bac71e8d1c1eaf4dc 0.356s
2024-12-12 10:47:49.294 66049 INFO tempest.lib.common.rest_client [req-3f353d97-294a-45ff-89ef-f53aa2b08bcf req-3f353d97-294a-45ff-89ef-f53aa2b08bcf ] Request (ServerAddressesNegativeTestJSON:setUpClass): 201 POST http://10.180.1.21/identity/v3/auth/tokens 0.313s
2024-12-12 10:47:49.316 66055 INFO tempest.lib.common.rest_client [req-d5f20ee1-f22f-471f-a88b-6ea264878e9e req-d5f20ee1-f22f-471f-a88b-6ea264878e9e ] Request (ServerActionsTestOtherA:setUpClass): 204 PUT http://10.180.1.21/identity/v3/projects/bf0cef8832bb429699a2c5f5fdff61ca/users/c847e8a37e8d4e549eb66532fba23cac/roles/15e7ddfa613c49029fcc688891fce488 0.316s
2024-12-12 10:47:49.316 66055 INFO tempest.lib.common.dynamic_creds [-] Dynamic test user c847e8a37e8d4e549eb66532fba23cac is created with scope project and roles: ['member']
2024-12-12 10:47:49.317 66055 INFO tempest.lib.common.dynamic_creds [-] Acquired dynamic creds: credentials: Credentials: {'domain_id': 'default', 'domain_name': 'Default', 'username': 'tempest-ServerActionsTestOtherA-1992794015-project-member', 'project_domain_id': 'default', 'project_domain_name': 'Default', 'project_id': 'bf0cef8832bb429699a2c5f5fdff61ca', 'project_name': 'tempest-ServerActionsTestOtherA-1992794015', 'tenant_id': 'bf0cef8832bb429699a2c5f5fdff61ca', 'tenant_name': 'tempest-ServerActionsTestOtherA-1992794015', 'user_domain_id': 'default', 'user_domain_name': 'Default', 'user_id': 'c847e8a37e8d4e549eb66532fba23cac', 'system': None}, Network: None, Subnet: None, Router: None
2024-12-12 10:47:49.340 66015 INFO tempest.lib.common.rest_client [req-460f0c5b-b960-4cbb-a96f-82049fdea1cb req-460f0c5b-b960-4cbb-a96f-82049fdea1cb ] Request (AggregatesAdminNegativeTestJSON:_run_cleanups): 200 POST http://10.180.1.21/compute/v2.1/os-aggregates/1/action 0.907s
2024-12-12 10:47:49.346 66061 INFO tempest.lib.common.rest_client [req-9c64237a-e4b6-4654-bc3f-e5ef8b578e26 req-9c64237a-e4b6-4654-bc3f-e5ef8b578e26 ] Request (ServersAaction247Test:setUpClass): 201 POST http://10.180.1.21/identity/v3/auth/tokens 0.289s
2024-12-12 10:47:49.367 66065 INFO tempest.lib.common.rest_client [req-84628f09-d22f-4cf9-8355-3823d340b24b req-84628f09-d22f-4cf9-8355-3823d340b24b ] Request (SecurityGroupRulesNegativeTestJSON:setUpClass): 200 GET http://10.180.1.21/identity/v3/roles 0.123s
2024-12-12 10:47:49.370 66025 INFO tempest.lib.common.rest_client [req-63157a20-27d5-453a-9ecb-626adc3f68bb req-63157a20-27d5-453a-9ecb-626adc3f68bb ] Request (FlavorsV2NegativeTest:setUpClass): 201 POST http://10.180.1.21/identity/v3/users 0.249s
2024-12-12 10:47:49.388 66039 INFO tempest.lib.common.rest_client [req-9a83ed78-07be-44fd-bbbe-290d686e06bf req-9a83ed78-07be-44fd-bbbe-290d686e06bf ] Request (SecurityGroupRulesTestJSON:setUpClass): 201 POST http://10.180.1.21/identity/v3/auth/tokens 0.130s
2024-12-12 10:47:49.389 66049 INFO tempest.lib.common.rest_client [req-8ef731e0-5f90-4b74-8a48-21840b054d57 req-8ef731e0-5f90-4b74-8a48-21840b054d57 ] Request (ServerAddressesNegativeTestJSON:setUpClass): 200 GET http://10.180.1.21/identity/v3/domains?name=Default 0.095s
2024-12-12 10:47:49.398 66045 INFO tempest.lib.common.rest_client [req-bdbddcc6-61f2-4223-b5b3-d0d31366e4c6 req-bdbddcc6-61f2-4223-b5b3-d0d31366e4c6 ] Request (MigrationsAdminTest:test_list_migrations_in_flavor_resize_situation): 200 GET http://10.180.1.21/compute/v2.1/servers/c13205db-c3b6-4014-ba7e-340f800bdec0 0.905s
2024-12-12 10:47:49.406 66045 INFO tempest.common.waiters [-] State transition "BUILD/scheduling" ==> "BUILD/None" after 2 second wait
2024-12-12 10:47:49.413 66013 INFO tempest.lib.common.rest_client [req-084579ab-8631-48b7-9535-a6158acaa283 req-084579ab-8631-48b7-9535-a6158acaa283 ] Request (VolumesAssistedSnapshotsTest:setUpClass): 200 PUT http://10.180.1.21:9696/networking/v2.0/routers/3c3ca700-8ed7-4313-a4d6-a413d09eebe0/add_router_interface 1.450s
2024-12-12 10:47:49.413 66013 INFO tempest.lib.common.dynamic_creds [-] Created isolated network resources for: credentials: Credentials: {'domain_id': 'default', 'domain_name': 'Default', 'username': 'tempest-VolumesAssistedSnapshotsTest-155450552-project', 'project_domain_id': 'default', 'project_domain_name': 'Default', 'project_id': 'c68ea6834db849a3949e4e58b4ad207b', 'project_name': 'tempest-VolumesAssistedSnapshotsTest-155450552', 'tenant_id': 'c68ea6834db849a3949e4e58b4ad207b', 'tenant_name': 'tempest-VolumesAssistedSnapshotsTest-155450552', 'user_domain_id': 'default', 'user_domain_name': 'Default', 'user_id': '3e530e2a465542a3a948d6784d18591a', 'system': None}, Network: {'id': '5fad1835-aaef-4b13-aa96-05d923dee925', 'name': 'tempest-VolumesAssistedSnapshotsTest-691629151-network', 'tenant_id': 'c68ea6834db849a3949e4e58b4ad207b', 'admin_state_up': True, 'mtu': 8950, 'status': 'ACTIVE', 'subnets': [], 'shared': False, 'project_id': 'c68ea6834db849a3949e4e58b4ad207b', 'port_security_enabled': True, 'router:external': False, 'provider:network_type': 'vlan', 'provider:physical_network': 'default', 'provider:segmentation_id': 574, 'availability_zone_hints': [], 'availability_zones': [], 'ipv4_address_scope': None, 'ipv6_address_scope': None, 'description': '', 'tags': [], 'created_at': '2024-12-12T10:47:46Z', 'updated_at': '2024-12-12T10:47:46Z', 'revision_number': 1}, Subnet: {'id': '841bc560-b261-48b6-b33d-143fedebcbb2', 'name': 'tempest-VolumesAssistedSnapshotsTest-691629151-subnet', 'tenant_id': 'c68ea6834db849a3949e4e58b4ad207b', 'network_id': '5fad1835-aaef-4b13-aa96-05d923dee925', 'ip_version': 4, 'subnetpool_id': None, 'enable_dhcp': True, 'ipv6_ra_mode': None, 'ipv6_address_mode': None, 'gateway_ip': '192.168.128.1', 'cidr': '192.168.128.0/28', 'allocation_pools': [{'start': '192.168.128.2', 'end': '192.168.128.14'}], 'host_routes': [], 'dns_nameservers': [], 'description': '', 'router:external': False, 'service_types': [], 'tags': [], 'created_at': '2024-12-12T10:47:46Z', 'updated_at': '2024-12-12T10:47:46Z', 'revision_number': 0, 'project_id': 'c68ea6834db849a3949e4e58b4ad207b'}, Router: {'id': '3c3ca700-8ed7-4313-a4d6-a413d09eebe0', 'name': 'tempest-VolumesAssistedSnapshotsTest-691629151-router', 'tenant_id': 'c68ea6834db849a3949e4e58b4ad207b', 'admin_state_up': True, 'status': 'ACTIVE', 'external_gateway_info': {'network_id': 'fa5258f4-1ac6-48a8-866e-1185215245bb', 'external_fixed_ips': [{'subnet_id': '442d5a02-14c9-4da3-aeca-76520caac487', 'ip_address': '10.180.180.215'}], 'enable_snat': True}, 'description': '', 'availability_zones': [], 'distributed': False, 'ha': False, 'availability_zone_hints': [], 'routes': [], 'flavor_id': None, 'tags': [], 'created_at': '2024-12-12T10:47:46Z', 'updated_at': '2024-12-12T10:47:47Z', 'revision_number': 2, 'project_id': 'c68ea6834db849a3949e4e58b4ad207b'}
2024-12-12 10:47:49.419 66055 INFO tempest.lib.common.rest_client [req-1b6bd85e-b77c-4741-98c3-238da1d787b3 req-1b6bd85e-b77c-4741-98c3-238da1d787b3 ] Request (ServerActionsTestOtherA:setUpClass): 201 POST http://10.180.1.21/identity/v3/auth/tokens 0.102s
2024-12-12 10:47:49.435 66061 INFO tempest.lib.common.rest_client [req-7a5ee0bb-fff9-4b00-8ce1-55f83928bfdf req-7a5ee0bb-fff9-4b00-8ce1-55f83928bfdf ] Request (ServersAaction247Test:setUpClass): 201 POST http://10.180.1.21/identity/v3/auth/tokens 0.086s
