2024-12-12 10:47:55.590 66025 INFO tempest.lib.common.rest_client [req-75ddad5f-f8e9-4f9c-87c5-68d63d0bc1e4 req-75ddad5f-f8e9-4f9c-87c5-68d63d0bc1e4 ] Request (ImagesMetadataTestJSON:setUpClass): 201 POST http://10.180.1.21/identity/v3/projects 0.158s
2024-12-12 10:47:55.609 66053 INFO tempest.lib.common.rest_client [req-f5eda56b-d106-41cf-a5cb-93561c61eade req-f5eda56b-d106-41cf-a5cb-93561c61eade ] Request (ServerExternalEventsTest:setUpClass): 201 POST http://10.180.1.21/identity/v3/auth/tokens 0.222s
2024-12-12 10:47:55.645 66033 INFO tempest.lib.common.rest_client [req-180f3210-7f5d-4a61-98b8-5843e04a2b2c req-180f3210-7f5d-4a61-98b8-5843e04a2b2c ] Request (ServersTestManualDisk:setUpClass): 201 POST http://10.180.1.21/identity/v3/users 0.178s
2024-12-12 10:47:55.667 66063 INFO tempest.lib.common.rest_client [req-ba924b9c-7ac2-4a83-9126-06593ab8caac req-ba924b9c-7ac2-4a83-9126-06593ab8caac ] Request (ServersTestBootFromVolume:setUpClass): 200 GET http://10.180.1.21/identity/v3/domains?name=Default 0.135s
2024-12-12 10:47:55.707 66017 INFO tempest.lib.common.rest_client [req-838a789e-0cb8-4556-83b8-406bff20c9dc req-838a789e-0cb8-4556-83b8-406bff20c9dc ] Request (FlavorsExtraSpecsTestJSON:tearDownClass): 204 DELETE http://10.180.1.21/identity/v3/users/e2e27f87cedd45c5bd492eb70b43ac50 0.181s
2024-12-12 10:47:55.707 66017 INFO tempest.lib.common.dynamic_creds [-] Deleting project and security group for project: 9bdf4618f7c44a74b0900edfc589bad9
2024-12-12 10:47:55.716 66035 INFO tempest.lib.common.rest_client [req-9125e07f-cb7a-4d0b-9444-d775642a1629 req-9125e07f-cb7a-4d0b-9444-d775642a1629 ] Request (FlavorsV261TestJSON:tearDownClass): 204 DELETE http://10.180.1.21/identity/v3/projects/75223dc687b7472bba4779f4d1805c02 0.142s
2024-12-12 10:47:55.768 66025 INFO tempest.lib.common.rest_client [req-a16dee5f-1383-4294-9c32-17a562ae8e38 req-a16dee5f-1383-4294-9c32-17a562ae8e38 ] Request (ImagesMetadataTestJSON:setUpClass): 201 POST http://10.180.1.21/identity/v3/users 0.177s
2024-12-12 10:47:55.774 66053 INFO tempest.lib.common.rest_client [req-953ff6a6-c83a-425f-b3a6-eb50e200392a req-953ff6a6-c83a-425f-b3a6-eb50e200392a ] Request (ServerExternalEventsTest:setUpClass): 201 POST http://10.180.1.21/identity/v3/projects 0.164s
2024-12-12 10:47:55.823 66033 INFO tempest.lib.common.rest_client [req-c629b25e-7ce4-46bb-ba49-b86f342232af req-c629b25e-7ce4-46bb-ba49-b86f342232af ] Request (ServersTestManualDisk:setUpClass): 200 GET http://10.180.1.21/identity/v3/roles 0.176s
2024-12-12 10:47:55.838 66063 INFO tempest.lib.common.rest_client [req-ae40495b-780d-4d47-89c1-3469e6e15a07 req-ae40495b-780d-4d47-89c1-3469e6e15a07 ] Request (ServersTestBootFromVolume:setUpClass): 201 POST http://10.180.1.21/identity/v3/projects 0.171s
2024-12-12 10:47:55.846 66067 INFO tempest.lib.common.rest_client [req-1a171083-8cfa-4ed8-a213-976d0805d670 req-1a171083-8cfa-4ed8-a213-976d0805d670 ] Request (QuotasAdminTestV257:tearDownClass): 200 GET http://10.180.1.21:9696/networking/v2.0/security-groups?tenant_id=bf424d04bacc4c299075bbb629eb120c&name=default 0.762s
2024-12-12 10:47:55.886 66017 INFO tempest.lib.common.rest_client [req-eaefd8c4-bd50-41c7-b95a-ea0523289974 req-eaefd8c4-bd50-41c7-b95a-ea0523289974 ] Request (FlavorsExtraSpecsTestJSON:tearDownClass): 201 POST http://10.180.1.21/identity/v3/auth/tokens 0.179s
2024-12-12 10:47:55.904 66035 INFO tempest.lib.common.rest_client [req-025d6040-061e-4ac3-a0f9-f31fad7d7db2 req-025d6040-061e-4ac3-a0f9-f31fad7d7db2 ] Request (SecurityGroupsTestAdminJSON:setUpClass): 201 POST http://10.180.1.21/identity/v3/auth/tokens 0.185s
2024-12-12 10:47:55.904 66025 INFO tempest.lib.common.rest_client [req-f5d797e5-bba5-4812-8075-54661c1899bd req-f5d797e5-bba5-4812-8075-54661c1899bd ] Request (ImagesMetadataTestJSON:setUpClass): 200 GET http://10.180.1.21/identity/v3/roles 0.136s
2024-12-12 10:47:55.926 66053 INFO tempest.lib.common.rest_client [req-839d7635-875e-4359-9c35-d1f26e304b21 req-839d7635-875e-4359-9c35-d1f26e304b21 ] Request (ServerExternalEventsTest:setUpClass): 201 POST http://10.180.1.21/identity/v3/users 0.152s
2024-12-12 10:47:55.930 66033 INFO tempest.lib.common.rest_client [req-8d77f9a9-4829-48cb-8bde-a066fb0ecde4 req-8d77f9a9-4829-48cb-8bde-a066fb0ecde4 ] Request (ServersTestManualDisk:setUpClass): 204 PUT http://10.180.1.21/identity/v3/projects/26761cc4bd3c4c4586af76b9250f8dd4/users/f4b360a0d4d64d078599d9d3b915c399/roles/15e7ddfa613c49029fcc688891fce488 0.106s
2024-12-12 10:47:55.930 66033 INFO tempest.lib.common.dynamic_creds [-] Dynamic test user f4b360a0d4d64d078599d9d3b915c399 is created with scope project and roles: ['member']
2024-12-12 10:47:55.931 66033 INFO tempest.lib.common.dynamic_creds [-] Acquired dynamic creds: credentials: Credentials: {'domain_id': 'default', 'domain_name': 'Default', 'username': 'tempest-ServersTestManualDisk-1811610994-project-member', 'project_domain_id': 'default', 'project_domain_name': 'Default', 'project_id': '26761cc4bd3c4c4586af76b9250f8dd4', 'project_name': 'tempest-ServersTestManualDisk-1811610994', 'tenant_id': '26761cc4bd3c4c4586af76b9250f8dd4', 'tenant_name': 'tempest-ServersTestManualDisk-1811610994', 'user_domain_id': 'default', 'user_domain_name': 'Default', 'user_id': 'f4b360a0d4d64d078599d9d3b915c399', 'system': None}, Network: None, Subnet: None, Router: None
2024-12-12 10:47:55.969 66037 INFO tempest.lib.common.rest_client [req-c6b0b3af-d3ae-4aff-a587-6de1378bdfd9 req-c6b0b3af-d3ae-4aff-a587-6de1378bdfd9 ] Request (FlavorsExtraSpecsNegativeTestJSON:tearDownClass): 204 DELETE http://10.180.1.21:9696/networking/v2.0/security-groups/73e501d6-4b58-4551-962d-bcd472551f93 0.717s
2024-12-12 10:47:55.985 66025 INFO tempest.lib.common.rest_client [req-8268ce1b-9700-4a36-a33d-57e0a0415abd req-8268ce1b-9700-4a36-a33d-57e0a0415abd ] Request (ImagesMetadataTestJSON:setUpClass): 204 PUT http://10.180.1.21/identity/v3/projects/9ddf2a6ac0c24ff9aa054838c4a8d46d/users/7dedb9ac850343adb9942d6c50cf48b8/roles/15e7ddfa613c49029fcc688891fce488 0.080s
2024-12-12 10:47:55.985 66025 INFO tempest.lib.common.dynamic_creds [-] Dynamic test user 7dedb9ac850343adb9942d6c50cf48b8 is created with scope project and roles: ['member']
2024-12-12 10:47:55.986 66025 INFO tempest.lib.common.dynamic_creds [-] Acquired dynamic creds: credentials: Credentials: {'domain_id': 'default', 'domain_name': 'Default', 'username': 'tempest-ImagesMetadataTestJSON-1521188363-project-member', 'project_domain_id': 'default', 'project_domain_name': 'Default', 'project_id': '9ddf2a6ac0c24ff9aa054838c4a8d46d', 'project_name': 'tempest-ImagesMetadataTestJSON-1521188363', 'tenant_id': '9ddf2a6ac0c24ff9aa054838c4a8d46d', 'tenant_name': 'tempest-ImagesMetadataTestJSON-1521188363', 'user_domain_id': 'default', 'user_domain_name': 'Default', 'user_id': '7dedb9ac850343adb9942d6c50cf48b8', 'system': None}, Network: None, Subnet: None, Router: None
2024-12-12 10:47:55.986 66025 INFO tempest.lib.common.dynamic_creds [-] Created isolated network resources for: credentials: Credentials: {'domain_id': 'default', 'domain_name': 'Default', 'username': 'tempest-ImagesMetadataTestJSON-1521188363-project-member', 'project_domain_id': 'default', 'project_domain_name': 'Default', 'project_id': '9ddf2a6ac0c24ff9aa054838c4a8d46d', 'project_name': 'tempest-ImagesMetadataTestJSON-1521188363', 'tenant_id': '9ddf2a6ac0c24ff9aa054838c4a8d46d', 'tenant_name': 'tempest-ImagesMetadataTestJSON-1521188363', 'user_domain_id': 'default', 'user_domain_name': 'Default', 'user_id': '7dedb9ac850343adb9942d6c50cf48b8', 'system': None}, Network: None, Subnet: None, Router: None
2024-12-12 10:47:55.996 66063 INFO tempest.lib.common.rest_client [req-402b7aab-5507-4bf7-a032-13cb0aea7102 req-402b7aab-5507-4bf7-a032-13cb0aea7102 ] Request (ServersTestBootFromVolume:setUpClass): 201 POST http://10.180.1.21/identity/v3/users 0.157s
2024-12-12 10:47:55.998 66027 INFO tempest.lib.common.rest_client [req-2d8d4db4-ae11-49c0-bedd-32b8d728fc92 req-2d8d4db4-ae11-49c0-bedd-32b8d728fc92 ] Request (HostsAdminTestJSON:tearDownClass): 200 GET http://10.180.1.21:9696/networking/v2.0/security-groups?tenant_id=82194a0a795446e8bfc483415cdb4589&name=default 0.793s
2024-12-12 10:47:55.997 66009 INFO tempest.lib.common.rest_client [req-59c7f26b-083d-4d18-8dea-b160e036d32a req-59c7f26b-083d-4d18-8dea-b160e036d32a ] Request (TenantUsagesTestJSON:setUpClass): 200 GET http://10.180.1.21/compute/v2.1/servers/9a577054-9963-4167-add1-428ff9587b6b 1.316s
2024-12-12 10:47:56.024 66007 INFO tempest.lib.common.rest_client [req-13f97cb0-6516-498e-82e7-462833343aa7 req-13f97cb0-6516-498e-82e7-462833343aa7 ] Request (FlavorsAccessTestJSON:tearDownClass): 204 DELETE http://10.180.1.21:9696/networking/v2.0/security-groups/055a17d4-64f8-4a39-83d7-b081e57d4d5e 0.786s
2024-12-12 10:47:56.057 66035 INFO tempest.lib.common.rest_client [req-8bbff3b1-49a5-4202-8de6-1fcb080edac0 req-8bbff3b1-49a5-4202-8de6-1fcb080edac0 ] Request (SecurityGroupsTestAdminJSON:setUpClass): 201 POST http://10.180.1.21/identity/v3/auth/tokens 0.151s
2024-12-12 10:47:56.075 66053 INFO tempest.lib.common.rest_client [req-06dabebd-2955-4e2f-a578-7bd2fcdf6618 req-06dabebd-2955-4e2f-a578-7bd2fcdf6618 ] Request (ServerExternalEventsTest:setUpClass): 200 GET http://10.180.1.21/identity/v3/roles 0.148s
2024-12-12 10:47:56.103 66033 INFO tempest.lib.common.rest_client [req-bae6078f-d9e1-4502-81b9-ad78d65ccb92 req-bae6078f-d9e1-4502-81b9-ad78d65ccb92 ] Request (ServersTestManualDisk:setUpClass): 201 POST http://10.180.1.21/identity/v3/auth/tokens 0.172s
2024-12-12 10:47:56.115 66021 INFO tempest.lib.common.rest_client [req-2dcf297f-5f50-40ec-8b64-558457e11d23 req-2dcf297f-5f50-40ec-8b64-558457e11d23 ] Request (DeleteServersAdminTestJSON:test_admin_delete_servers_of_others): 200 GET http://10.180.1.21/compute/v2.1/servers/d8a25acf-2ebf-405d-8f1f-7efc38c0dc0b 1.322s
2024-12-12 10:47:56.120 66059 INFO tempest.lib.common.rest_client [req-85b05beb-60e0-487b-ab4f-43dd6eca76a0 req-85b05beb-60e0-487b-ab4f-43dd6eca76a0 ] Request (HostsAdminNegativeTestJSON:test_update_host_without_param): 400 PUT http://10.180.1.21/compute/v2.1/os-hosts/devstack 1.250s
2024-12-12 10:47:56.146 66037 INFO tempest.lib.common.rest_client [req-dbd34ea5-64c8-497a-b383-058dae775449 req-dbd34ea5-64c8-497a-b383-058dae775449 ] Request (FlavorsExtraSpecsNegativeTestJSON:tearDownClass): 204 DELETE http://10.180.1.21/identity/v3/projects/583cf4a298ff480096d9933bcb9ee8b6 0.176s
2024-12-12 10:47:56.146 66037 INFO tempest.lib.common.dynamic_creds [-] Deleting project and security group for project: e302debd9eaa43ec860f138a3cdc551e
2024-12-12 10:47:56.174 66025 INFO tempest.lib.common.rest_client [req-fa876f35-56d8-428d-bad2-75ab647472bf req-fa876f35-56d8-428d-bad2-75ab647472bf ] Request (ImagesMetadataTestJSON:setUpClass): 201 POST http://10.180.1.21/identity/v3/auth/tokens 0.183s
2024-12-12 10:47:56.201 66063 INFO tempest.lib.common.rest_client [req-d760d4c2-068e-412e-a8c3-74008f48a496 req-d760d4c2-068e-412e-a8c3-74008f48a496 ] Request (ServersTestBootFromVolume:setUpClass): 200 GET http://10.180.1.21/identity/v3/roles 0.204s
2024-12-12 10:47:56.205 66043 INFO tempest.lib.common.rest_client [req-5af0434e-c4e8-49c3-9f57-6fa74f12f5aa req-5af0434e-c4e8-49c3-9f57-6fa74f12f5aa ] Request (QuotasAdminNegativeTest:test_create_server_when_memory_quota_is_full): 403 POST http://10.180.1.21/compute/v2.1/servers 1.498s
2024-12-12 10:47:56.220 66011 INFO tempest.lib.common.rest_client [req-a9cfb83c-5483-4b0b-9e3d-81fec4e80137 req-a9cfb83c-5483-4b0b-9e3d-81fec4e80137 ] Request (ServerDiagnosticsTest:test_get_server_diagnostics): 200 GET http://10.180.1.21/compute/v2.1/servers/b45a5aa0-2dce-4ca7-8ba6-ce18ba08f922 1.323s
2024-12-12 10:47:56.222 66051 INFO tempest.lib.common.rest_client [req-9dfbb5ff-8955-4e16-8c3a-e9eb397442f6 req-9dfbb5ff-8955-4e16-8c3a-e9eb397442f6 ] Request (FlavorsAdminTestJSON:test_create_flavor_with_none_id): 200 POST http://10.180.1.21/compute/v2.1/flavors 1.319s
2024-12-12 10:47:56.231 66035 INFO tempest.lib.common.rest_client [req-6c4fe86a-5568-401f-a119-8692610fedf3 req-6c4fe86a-5568-401f-a119-8692610fedf3 ] Request (SecurityGroupsTestAdminJSON:setUpClass): 200 GET http://10.180.1.21/identity/v3/domains?name=Default 0.172s
2024-12-12 10:47:56.247 66041 INFO tempest.lib.common.rest_client [req-2f666227-ff79-4409-9af6-6549666297de req-2f666227-ff79-4409-9af6-6549666297de ] Request (FlavorsV2TestJSON:test_list_flavors_filter_by_min_ram): 200 GET http://10.180.1.21/compute/v2.1/flavors?minRam=193 1.321s
2024-12-12 10:47:56.254 66015 INFO tempest.lib.common.rest_client [req-c5268de5-cd7f-4de5-a2fb-e22c1bd04edf req-c5268de5-cd7f-4de5-a2fb-e22c1bd04edf ] Request (AggregatesAdminNegativeTestJSON:test_aggregate_create_aggregate_name_length_less_than_1): 400 POST http://10.180.1.21/compute/v2.1/os-aggregates 0.973s
2024-12-12 10:47:56.266 66053 INFO tempest.lib.common.rest_client [req-23d8223a-c0f5-4e1f-944d-f7f5ccfda83a req-23d8223a-c0f5-4e1f-944d-f7f5ccfda83a ] Request (ServerExternalEventsTest:setUpClass): 204 PUT http://10.180.1.21/identity/v3/projects/ea610441e135403fb0c1f318df063959/users/7bd02721880c4d2e99b316eafd8f6bb1/roles/e863f5dbbdfd4ce488815b1a6d811c6f 0.191s
2024-12-12 10:47:56.272 66057 INFO tempest.lib.common.rest_client [req-6fae6da5-e26e-45c6-be35-5df12c426b70 req-6fae6da5-e26e-45c6-be35-5df12c426b70 ] Request (FlavorsAccessNegativeTestJSON:_run_cleanups): 202 DELETE http://10.180.1.21/compute/v2.1/flavors/386092443 0.881s
2024-12-12 10:47:56.275 66007 INFO tempest.lib.common.rest_client [req-10a2077e-3049-423c-b375-7bfd57ab4fbe req-10a2077e-3049-423c-b375-7bfd57ab4fbe ] Request (FlavorsAccessTestJSON:tearDownClass): 204 DELETE http://10.180.1.21/identity/v3/projects/8883528f1e3348da82730b5de0f3dbb3 0.250s
2024-12-12 10:47:56.275 66007 INFO tempest.lib.common.dynamic_creds [-] Deleting project and security group for project: dc63822604214769bb115aad83a1cfac
2024-12-12 10:47:56.389 66045 INFO tempest.lib.common.rest_client [req-79e92c3c-73f5-42a7-b0f8-3e3ba54f68a9 req-79e92c3c-73f5-42a7-b0f8-3e3ba54f68a9 ] Request (MigrationsAdminTest:test_list_migrations_in_flavor_resize_situation): 200 GET http://10.180.1.21/compute/v2.1/servers/c13205db-c3b6-4014-ba7e-340f800bdec0 0.761s
2024-12-12 10:47:56.393 66063 INFO tempest.lib.common.rest_client [req-7f698d47-443b-42c6-96fd-abbea1ad4e3a req-7f698d47-443b-42c6-96fd-abbea1ad4e3a ] Request (ServersTestBootFromVolume:setUpClass): 204 PUT http://10.180.1.21/identity/v3/projects/13571af11f1943288a40801b3d1d9516/users/341f02113d0d43bda236e0295a1defae/roles/15e7ddfa613c49029fcc688891fce488 0.191s
2024-12-12 10:47:56.393 66063 INFO tempest.lib.common.dynamic_creds [-] Dynamic test user 341f02113d0d43bda236e0295a1defae is created with scope project and roles: ['member']
2024-12-12 10:47:56.394 66063 INFO tempest.lib.common.dynamic_creds [-] Acquired dynamic creds: credentials: Credentials: {'domain_id': 'default', 'domain_name': 'Default', 'username': 'tempest-ServersTestBootFromVolume-924440638-project-member', 'project_domain_id': 'default', 'project_domain_name': 'Default', 'project_id': '13571af11f1943288a40801b3d1d9516', 'project_name': 'tempest-ServersTestBootFromVolume-924440638', 'tenant_id': '13571af11f1943288a40801b3d1d9516', 'tenant_name': 'tempest-ServersTestBootFromVolume-924440638', 'user_domain_id': 'default', 'user_domain_name': 'Default', 'user_id': '341f02113d0d43bda236e0295a1defae', 'system': None}, Network: None, Subnet: None, Router: None
2024-12-12 10:47:56.489 66027 INFO tempest.lib.common.rest_client [req-3fb17b54-8c75-45be-bb35-031c11dccc01 req-3fb17b54-8c75-45be-bb35-031c11dccc01 ] Request (HostsAdminTestJSON:tearDownClass): 204 DELETE http://10.180.1.21:9696/networking/v2.0/security-groups/812f6c87-87d9-4179-ad86-308fa3e14b14 0.490s
2024-12-12 10:47:56.501 66035 INFO tempest.lib.common.rest_client [req-1bba73e8-9c09-4744-ad78-68aec72421f1 req-1bba73e8-9c09-4744-ad78-68aec72421f1 ] Request (SecurityGroupsTestAdminJSON:setUpClass): 201 POST http://10.180.1.21/identity/v3/projects 0.269s
2024-12-12 10:47:56.511 66053 INFO tempest.lib.common.rest_client [req-99fa14e1-ab3b-4607-8e94-33a7dd1d571d req-99fa14e1-ab3b-4607-8e94-33a7dd1d571d ] Request (ServerExternalEventsTest:setUpClass): 200 GET http://10.180.1.21/identity/v3/roles 0.245s
2024-12-12 10:47:56.568 66063 INFO tempest.lib.common.rest_client [req-4e7d2a0b-cd43-45be-b10a-cf0b49a3e17d req-4e7d2a0b-cd43-45be-b10a-cf0b49a3e17d ] Request (ServersTestBootFromVolume:setUpClass): 201 POST http://10.180.1.21/identity/v3/auth/tokens 0.174s
2024-12-12 10:47:56.695 66013 INFO tempest.lib.common.rest_client [req-6b4a7067-88b3-4440-82f8-7abee2653831 req-6b4a7067-88b3-4440-82f8-7abee2653831 ] Request (VolumesAssistedSnapshotsTest:test_volume_assisted_snapshot_create_delete): 201 POST http://10.180.1.21:9696/networking/v2.0/floatingips 3.136s
2024-12-12 10:47:56.702 66067 INFO tempest.lib.common.rest_client [req-1d9e4986-7358-42c2-b57e-cb824497405d req-1d9e4986-7358-42c2-b57e-cb824497405d ] Request (QuotasAdminTestV257:tearDownClass): 204 DELETE http://10.180.1.21:9696/networking/v2.0/security-groups/ea50f458-4c3a-43b5-877d-40aab17ef9e5 0.855s
2024-12-12 10:47:56.717 66048 INFO tempest.lib.common.rest_client [req-a49c889a-25f6-4271-bf4e-88a8165205f8 req-a49c889a-25f6-4271-bf4e-88a8165205f8 ] Request (QuotasAdminTestJSON:test_get_updated_quotas): 200 GET http://10.180.1.21/compute/v2.1/os-quota-sets/72fc551c1ed4470aabaa61cbda5903b2/detail 1.468s
2024-12-12 10:47:56.746 66035 INFO tempest.lib.common.rest_client [req-7d9c0a13-261a-44ad-a4c0-c5a6c94235f0 req-7d9c0a13-261a-44ad-a4c0-c5a6c94235f0 ] Request (SecurityGroupsTestAdminJSON:setUpClass): 201 POST http://10.180.1.21/identity/v3/users 0.245s
2024-12-12 10:47:56.783 66029 INFO tempest.lib.common.rest_client [req-bbc19de3-bac5-4aac-96b1-b8bf63be01a3 req-bbc19de3-bac5-4aac-96b1-b8bf63be01a3 ] Request (AttachInterfacesV270Test:setUpClass): 201 POST http://10.180.1.21:9696/networking/v2.0/networks 1.629s
2024-12-12 10:47:56.797 66027 INFO tempest.lib.common.rest_client [req-5cd54fa4-3719-4e7b-996f-cf62dabfd276 req-5cd54fa4-3719-4e7b-996f-cf62dabfd276 ] Request (HostsAdminTestJSON:tearDownClass): 204 DELETE http://10.180.1.21/identity/v3/projects/82194a0a795446e8bfc483415cdb4589 0.307s
2024-12-12 10:47:56.860 66053 INFO tempest.lib.common.rest_client [req-40784a87-f7b4-45e2-8b3f-26fa7f7d318d req-40784a87-f7b4-45e2-8b3f-26fa7f7d318d ] Request (ServerExternalEventsTest:setUpClass): 204 PUT http://10.180.1.21/identity/v3/projects/ea610441e135403fb0c1f318df063959/users/7bd02721880c4d2e99b316eafd8f6bb1/roles/fe35bd2a852d418d85f7f9d1e88ac45d 0.348s
2024-12-12 10:47:56.860 66053 INFO tempest.lib.common.dynamic_creds [-] Dynamic test user 7bd02721880c4d2e99b316eafd8f6bb1 is created with scope project and roles: ['admin', 'service']
2024-12-12 10:47:56.860 66053 INFO tempest.lib.common.dynamic_creds [-] Acquired dynamic creds: credentials: Credentials: {'domain_id': 'default', 'domain_name': 'Default', 'username': 'tempest-ServerExternalEventsTest-232963126-project', 'project_domain_id': 'default', 'project_domain_name': 'Default', 'project_id': 'ea610441e135403fb0c1f318df063959', 'project_name': 'tempest-ServerExternalEventsTest-232963126', 'tenant_id': 'ea610441e135403fb0c1f318df063959', 'tenant_name': 'tempest-ServerExternalEventsTest-232963126', 'user_domain_id': 'default', 'user_domain_name': 'Default', 'user_id': '7bd02721880c4d2e99b316eafd8f6bb1', 'system': None}, Network: None, Subnet: None, Router: None
2024-12-12 10:47:56.861 66053 INFO tempest.lib.common.dynamic_creds [-] Created isolated network resources for: credentials: Credentials: {'domain_id': 'default', 'domain_name': 'Default', 'username': 'tempest-ServerExternalEventsTest-232963126-project', 'project_domain_id': 'default', 'project_domain_name': 'Default', 'project_id': 'ea610441e135403fb0c1f318df063959', 'project_name': 'tempest-ServerExternalEventsTest-232963126', 'tenant_id': 'ea610441e135403fb0c1f318df063959', 'tenant_name': 'tempest-ServerExternalEventsTest-232963126', 'user_domain_id': 'default', 'user_domain_name': 'Default', 'user_id': '7bd02721880c4d2e99b316eafd8f6bb1', 'system': None}, Network: None, Subnet: None, Router: None
2024-12-12 10:47:56.933 66017 INFO tempest.lib.common.rest_client [req-e48db077-ff6e-4b25-aa46-849952cac5de req-e48db077-ff6e-4b25-aa46-849952cac5de ] Request (FlavorsExtraSpecsTestJSON:tearDownClass): 200 GET http://10.180.1.21:9696/networking/v2.0/security-groups?tenant_id=9bdf4618f7c44a74b0900edfc589bad9&name=default 1.046s
2024-12-12 10:47:56.939 66013 INFO tempest.lib.common.rest_client [req-10e78d4e-1736-4d11-9a06-796f5bddc192 req-10e78d4e-1736-4d11-9a06-796f5bddc192 ] Request (VolumesAssistedSnapshotsTest:test_volume_assisted_snapshot_create_delete): 201 POST http://10.180.1.21/identity/v3/auth/tokens 0.239s
2024-12-12 10:47:56.940 66013 INFO tempest.lib.common.fixed_network [-] (VolumesAssistedSnapshotsTest:test_volume_assisted_snapshot_create_delete) Found network {'id': '9dc969eb-d06c-454a-a60e-0cc46cf17d8d', 'name': 'tempest-VolumesAssistedSnapshotsTest-1927969436-network', 'tenant_id': 'f21c1986b51e488a832f82b6753fa782', 'admin_state_up': True, 'mtu': 8950, 'status': 'ACTIVE', 'subnets': [], 'shared': False, 'project_id': 'f21c1986b51e488a832f82b6753fa782', 'port_security_enabled': True, 'router:external': False, 'provider:network_type': 'vlan', 'provider:physical_network': 'default', 'provider:segmentation_id': 931, 'availability_zone_hints': [], 'availability_zones': [], 'ipv4_address_scope': None, 'ipv6_address_scope': None, 'description': '', 'tags': [], 'created_at': '2024-12-12T10:47:38Z', 'updated_at': '2024-12-12T10:47:38Z', 'revision_number': 1} available for tenant
2024-12-12 10:47:56.960 66005 INFO tempest.lib.common.rest_client [req-4e6c7a8d-cc21-4257-bc5e-1c1e8e3edea0 req-4e6c7a8d-cc21-4257-bc5e-1c1e8e3edea0 ] Request (ValidationResourcesFixture:setUp): 201 POST http://10.180.1.21:9696/networking/v2.0/floatingips 3.328s
2024-12-12 10:47:56.974 66019 INFO tempest.lib.common.rest_client [req-21bcddc3-1692-4cfb-a625-3465731f4923 req-21bcddc3-1692-4cfb-a625-3465731f4923 ] Request (ImagesOneServerNegativeTestJSON:setUpClass): 200 GET http://10.180.1.21/compute/v2.1/servers/b960d026-6a8c-48f4-ab6c-164e08215425 1.243s
2024-12-12 10:47:57.065 66048 INFO tempest.lib.common.rest_client [req-d40c7212-72c2-4e16-b8e5-dadccf3ed9e4 req-d40c7212-72c2-4e16-b8e5-dadccf3ed9e4 ] Request (QuotasAdminTestJSON:test_get_updated_quotas): 200 GET http://10.180.1.21/identity/v3/domains?name=Default 0.338s
2024-12-12 10:47:57.091 66035 INFO tempest.lib.common.rest_client [req-76154a02-a141-4ec5-8f61-bc142eb4ecb1 req-76154a02-a141-4ec5-8f61-bc142eb4ecb1 ] Request (SecurityGroupsTestAdminJSON:setUpClass): 200 GET http://10.180.1.21/identity/v3/roles 0.344s
2024-12-12 10:47:57.137 66067 INFO tempest.lib.common.rest_client [req-def860d3-a88e-40ba-ac27-6655993326ab req-def860d3-a88e-40ba-ac27-6655993326ab ] Request (QuotasAdminTestV257:tearDownClass): 204 DELETE http://10.180.1.21/identity/v3/projects/bf424d04bacc4c299075bbb629eb120c 0.434s
2024-12-12 10:47:57.163 66027 INFO tempest.lib.common.rest_client [req-5a9114f9-d0da-4df8-a6c5-53fc1cfcfb92 req-5a9114f9-d0da-4df8-a6c5-53fc1cfcfb92 ] Request (ServerDiagnosticsV248Test:setUpClass): 201 POST http://10.180.1.21/identity/v3/auth/tokens 0.364s
2024-12-12 10:47:57.180 66037 INFO tempest.lib.common.rest_client [req-f2ea515c-7b5d-4dd7-9d0d-dce81ef9549e req-f2ea515c-7b5d-4dd7-9d0d-dce81ef9549e ] Request (FlavorsExtraSpecsNegativeTestJSON:tearDownClass): 200 GET http://10.180.1.21:9696/networking/v2.0/security-groups?tenant_id=e302debd9eaa43ec860f138a3cdc551e&name=default 1.034s
2024-12-12 10:47:57.185 66007 INFO tempest.lib.common.rest_client [req-2f882ffe-2e27-469f-bfef-a18c52347088 req-2f882ffe-2e27-469f-bfef-a18c52347088 ] Request (FlavorsAccessTestJSON:tearDownClass): 200 GET http://10.180.1.21:9696/networking/v2.0/security-groups?tenant_id=dc63822604214769bb115aad83a1cfac&name=default 0.909s
2024-12-12 10:47:57.251 66053 INFO tempest.lib.common.rest_client [req-b71f3472-058d-41b3-9d93-682190db28e8 req-b71f3472-058d-41b3-9d93-682190db28e8 ] Request (ServerExternalEventsTest:setUpClass): 201 POST http://10.180.1.21/identity/v3/auth/tokens 0.385s
2024-12-12 10:47:57.289 66005 INFO tempest.lib.common.rest_client [req-bd69f47d-654a-4388-b279-149b28ab7c44 req-bd69f47d-654a-4388-b279-149b28ab7c44 ] Request (ServersWithSpecificFlavorTestJSON:test_verify_created_server_ephemeral_disk): 201 POST http://10.180.1.21/identity/v3/auth/tokens 0.321s
2024-12-12 10:47:57.290 66005 INFO tempest.lib.common.fixed_network [-] (ServersWithSpecificFlavorTestJSON:test_verify_created_server_ephemeral_disk) Found network {'id': 'd39d04ba-1e98-4474-8074-cd4d2e947357', 'name': 'tempest-ServersWithSpecificFlavorTestJSON-1645739027-network', 'tenant_id': 'd948290cc45a43e9a8fbed6eb4cc9ab6', 'admin_state_up': True, 'mtu': 8950, 'status': 'ACTIVE', 'subnets': [], 'shared': False, 'project_id': 'd948290cc45a43e9a8fbed6eb4cc9ab6', 'port_security_enabled': True, 'router:external': False, 'provider:network_type': 'vlan', 'provider:physical_network': 'default', 'provider:segmentation_id': 30, 'availability_zone_hints': [], 'availability_zones': [], 'ipv4_address_scope': None, 'ipv6_address_scope': None, 'description': '', 'tags': [], 'created_at': '2024-12-12T10:47:35Z', 'updated_at': '2024-12-12T10:47:35Z', 'revision_number': 1} available for tenant
2024-12-12 10:47:57.310 66048 INFO tempest.lib.common.rest_client [req-884f2815-0dc9-4655-b497-ff83370b3f72 req-884f2815-0dc9-4655-b497-ff83370b3f72 ] Request (QuotasAdminTestJSON:test_get_updated_quotas): 201 POST http://10.180.1.21/identity/v3/users 0.245s
2024-12-12 10:47:57.323 66035 INFO tempest.lib.common.rest_client [req-37467a9f-5858-47b3-bc03-343899cc1d7c req-37467a9f-5858-47b3-bc03-343899cc1d7c ] Request (SecurityGroupsTestAdminJSON:setUpClass): 204 PUT http://10.180.1.21/identity/v3/projects/ac417bdbbb0c4a5da6e2db907920509a/users/bf2f2d98266648a19f1c593cd128c2c5/roles/15e7ddfa613c49029fcc688891fce488 0.231s
2024-12-12 10:47:57.323 66035 INFO tempest.lib.common.dynamic_creds [-] Dynamic test user bf2f2d98266648a19f1c593cd128c2c5 is created with scope project and roles: ['member']
2024-12-12 10:47:57.323 66035 INFO tempest.lib.common.dynamic_creds [-] Acquired dynamic creds: credentials: Credentials: {'domain_id': 'default', 'domain_name': 'Default', 'username': 'tempest-SecurityGroupsTestAdminJSON-1561679272-project-member', 'project_domain_id': 'default', 'project_domain_name': 'Default', 'project_id': 'ac417bdbbb0c4a5da6e2db907920509a', 'project_name': 'tempest-SecurityGroupsTestAdminJSON-1561679272', 'tenant_id': 'ac417bdbbb0c4a5da6e2db907920509a', 'tenant_name': 'tempest-SecurityGroupsTestAdminJSON-1561679272', 'user_domain_id': 'default', 'user_domain_name': 'Default', 'user_id': 'bf2f2d98266648a19f1c593cd128c2c5', 'system': None}, Network: None, Subnet: None, Router: None
2024-12-12 10:47:57.323 66035 INFO tempest.lib.common.dynamic_creds [-] Created isolated network resources for: credentials: Credentials: {'domain_id': 'default', 'domain_name': 'Default', 'username': 'tempest-SecurityGroupsTestAdminJSON-1561679272-project-member', 'project_domain_id': 'default', 'project_domain_name': 'Default', 'project_id': 'ac417bdbbb0c4a5da6e2db907920509a', 'project_name': 'tempest-SecurityGroupsTestAdminJSON-1561679272', 'tenant_id': 'ac417bdbbb0c4a5da6e2db907920509a', 'tenant_name': 'tempest-SecurityGroupsTestAdminJSON-1561679272', 'user_domain_id': 'default', 'user_domain_name': 'Default', 'user_id': 'bf2f2d98266648a19f1c593cd128c2c5', 'system': None}, Network: None, Subnet: None, Router: None
2024-12-12 10:47:57.376 66067 INFO tempest.lib.common.rest_client [req-b5319187-3a5c-479c-b0aa-cff4155c8b90 req-b5319187-3a5c-479c-b0aa-cff4155c8b90 ] Request (ServerGroup264TestJSON:setUpClass): 201 POST http://10.180.1.21/identity/v3/auth/tokens 0.237s
2024-12-12 10:47:57.389 66027 INFO tempest.lib.common.rest_client [req-28caaaeb-ce51-4c8d-804c-859e23bd197c req-28caaaeb-ce51-4c8d-804c-859e23bd197c ] Request (ServerDiagnosticsV248Test:setUpClass): 201 POST http://10.180.1.21/identity/v3/auth/tokens 0.224s
2024-12-12 10:47:57.430 66017 INFO tempest.lib.common.rest_client [req-3ec3e248-12a9-466e-b470-5a3bc1973b5e req-3ec3e248-12a9-466e-b470-5a3bc1973b5e ] Request (FlavorsExtraSpecsTestJSON:tearDownClass): 204 DELETE http://10.180.1.21:9696/networking/v2.0/security-groups/b4c9ff5f-1646-4f2c-a984-5f0503d1a6c1 0.496s
2024-12-12 10:47:57.452 66053 INFO tempest.lib.common.rest_client [req-c729c02d-e854-4539-885e-0cf865aa8392 req-c729c02d-e854-4539-885e-0cf865aa8392 ] Request (ServerExternalEventsTest:test_create_server_external_events): 201 POST http://10.180.1.21/identity/v3/auth/tokens 0.197s
2024-12-12 10:47:57.453 66053 INFO tempest.lib.common.fixed_network [-] (ServerExternalEventsTest:test_create_server_external_events) Found network None available for tenant
2024-12-12 10:47:57.467 66025 INFO tempest.lib.common.rest_client [req-b757fef7-7084-49ce-9eab-512186dea657 req-b757fef7-7084-49ce-9eab-512186dea657 ] Request (ImagesMetadataTestJSON:setUpClass): 201 POST http://10.180.1.21/image/v2/images 1.292s
2024-12-12 10:47:57.493 66048 INFO tempest.lib.common.rest_client [req-d96e3c79-7398-4825-b012-07e7df3de572 req-d96e3c79-7398-4825-b012-07e7df3de572 ] Request (QuotasAdminTestJSON:test_get_updated_quotas): 200 GET http://10.180.1.21/identity/v3/domains?name=Default 0.182s
2024-12-12 10:47:57.518 66067 INFO tempest.lib.common.rest_client [req-8c98a0ce-4016-45a2-b45f-53b697c53025 req-8c98a0ce-4016-45a2-b45f-53b697c53025 ] Request (ServerGroup264TestJSON:setUpClass): 201 POST http://10.180.1.21/identity/v3/auth/tokens 0.139s
2024-12-12 10:47:57.522 66031 INFO tempest.lib.common.rest_client [req-fbd1dfe8-833a-4983-953e-f6cc337057f2 req-fbd1dfe8-833a-4983-953e-f6cc337057f2 ] Request (ServerDiagnosticsNegativeTest:test_get_server_diagnostics_by_non_admin): 200 GET http://10.180.1.21/compute/v2.1/servers/c289458a-b24c-46e4-add4-c786d52864d4 1.648s
2024-12-12 10:47:57.537 66059 INFO tempest.lib.common.rest_client [req-3a9f10f4-309a-48ea-a805-78e3ab2d98ff req-3a9f10f4-309a-48ea-a805-78e3ab2d98ff ] Request (HostsAdminNegativeTestJSON:test_update_nonexistent_host): 404 PUT http://10.180.1.21/compute/v2.1/os-hosts/nonexistent_hostname 1.416s
2024-12-12 10:47:57.539 66027 INFO tempest.lib.common.rest_client [req-371a501a-7535-43e3-bbb6-01825fba5852 req-371a501a-7535-43e3-bbb6-01825fba5852 ] Request (ServerDiagnosticsV248Test:setUpClass): 200 GET http://10.180.1.21/identity/v3/domains?name=Default 0.149s
2024-12-12 10:47:57.540 66035 INFO tempest.lib.common.rest_client [req-ce096f60-0e53-4817-b1e1-a78618f53b49 req-ce096f60-0e53-4817-b1e1-a78618f53b49 ] Request (SecurityGroupsTestAdminJSON:setUpClass): 201 POST http://10.180.1.21/identity/v3/auth/tokens 0.210s
2024-12-12 10:47:57.545 66037 INFO tempest.lib.common.rest_client [req-60018f4d-b003-4c6f-b843-8a69ab9aec1f req-60018f4d-b003-4c6f-b843-8a69ab9aec1f ] Request (FlavorsExtraSpecsNegativeTestJSON:tearDownClass): 204 DELETE http://10.180.1.21:9696/networking/v2.0/security-groups/d66ee191-e5ce-4766-974a-42a070dde5e3 0.364s
2024-12-12 10:47:57.603 66033 INFO tempest.lib.common.rest_client [req-4814709a-a990-4215-9e8e-1f49acc5d044 req-4814709a-a990-4215-9e8e-1f49acc5d044 ] Request (ServersTestManualDisk:setUpClass): 201 POST http://10.180.1.21:9696/networking/v2.0/networks 1.499s
2024-12-12 10:47:57.605 66017 INFO tempest.lib.common.rest_client [req-b865bd42-ceda-4108-8852-ba6f52e6a462 req-b865bd42-ceda-4108-8852-ba6f52e6a462 ] Request (FlavorsExtraSpecsTestJSON:tearDownClass): 204 DELETE http://10.180.1.21/identity/v3/projects/9bdf4618f7c44a74b0900edfc589bad9 0.175s
2024-12-12 10:47:57.606 66017 INFO tempest.lib.common.dynamic_creds [-] Deleting project and security group for project: 00204c577b834499a363bd6fb47338b7
2024-12-12 10:47:57.619 66023 INFO tempest.lib.common.rest_client [req-57c6e418-51ac-4968-9d66-2c785fec8532 req-57c6e418-51ac-4968-9d66-2c785fec8532 ] Request (ImagesOneServerTestJSON:setUpClass): 200 GET http://10.180.1.21/compute/v2.1/servers/3c27d92d-5072-4d12-aa5e-60336dad1c41 1.576s
2024-12-12 10:47:57.626 66023 INFO tempest.common.waiters [-] State transition "BUILD/block_device_mapping" ==> "BUILD/spawning" after 12 second wait
2024-12-12 10:47:57.638 66051 INFO tempest.lib.common.rest_client [req-022a8dba-115b-4403-b8ed-c049d2f65f53 req-022a8dba-115b-4403-b8ed-c049d2f65f53 ] Request (FlavorsAdminTestJSON:_run_cleanups): 202 DELETE http://10.180.1.21/compute/v2.1/flavors/045e866e-7a2f-4a29-bdcf-e4c07e32478e 1.414s
2024-12-12 10:47:57.663 66067 INFO tempest.lib.common.rest_client [req-e3ab94d4-71b9-42c4-b4e1-e21f22f5b974 req-e3ab94d4-71b9-42c4-b4e1-e21f22f5b974 ] Request (ServerGroup264TestJSON:setUpClass): 200 GET http://10.180.1.21/identity/v3/domains?name=Default 0.144s
2024-12-12 10:47:57.682 66041 INFO tempest.lib.common.rest_client [req-c2c75887-5e86-4164-9555-5bf72db0aa5a req-c2c75887-5e86-4164-9555-5bf72db0aa5a ] Request (FlavorsV2TestJSON:test_list_flavors_limit_results): 200 GET http://10.180.1.21/compute/v2.1/flavors?limit=1 1.430s
2024-12-12 10:47:57.691 66015 INFO tempest.lib.common.rest_client [req-62488a17-f006-43b2-8a03-6b01702c60c1 req-62488a17-f006-43b2-8a03-6b01702c60c1 ] Request (AggregatesAdminNegativeTestJSON:test_aggregate_create_as_user): 403 POST http://10.180.1.21/compute/v2.1/os-aggregates 1.436s
2024-12-12 10:47:57.697 66007 INFO tempest.lib.common.rest_client [req-e2f1f227-767c-49bf-a700-0f1f5420085d req-e2f1f227-767c-49bf-a700-0f1f5420085d ] Request (FlavorsAccessTestJSON:tearDownClass): 204 DELETE http://10.180.1.21:9696/networking/v2.0/security-groups/bb4ef8ce-1218-4ecb-bf04-6ac38740dac9 0.509s
2024-12-12 10:47:57.705 66027 INFO tempest.lib.common.rest_client [req-1108ecfe-c2c5-4b46-a86a-27dc9707f396 req-1108ecfe-c2c5-4b46-a86a-27dc9707f396 ] Request (ServerDiagnosticsV248Test:setUpClass): 201 POST http://10.180.1.21/identity/v3/projects 0.166s
2024-12-12 10:47:57.710 66063 INFO tempest.lib.common.rest_client [req-bc2bc96f-cc1d-4f23-a9af-72430ba994e7 req-bc2bc96f-cc1d-4f23-a9af-72430ba994e7 ] Request (ServersTestBootFromVolume:setUpClass): 201 POST http://10.180.1.21:9696/networking/v2.0/networks 1.141s
2024-12-12 10:47:57.713 66057 INFO tempest.lib.common.rest_client [req-f1541cbf-70ba-412d-a715-0de23db9885a req-f1541cbf-70ba-412d-a715-0de23db9885a ] Request (FlavorsAccessNegativeTestJSON:_run_cleanups): 200 GET http://10.180.1.21/compute/v2.1/flavors/detail 1.440s
2024-12-12 10:47:57.740 66059 INFO tempest.lib.common.rest_client [req-c252af9d-dd8c-42f1-9caa-73e9cebba0c2 req-c252af9d-dd8c-42f1-9caa-73e9cebba0c2 ] Request (HostsAdminNegativeTestJSON:tearDownClass): 204 DELETE http://10.180.1.21/identity/v3/users/495f821bb4d84bbfa4a924df1df8fd12 0.201s
2024-12-12 10:47:57.787 66055 INFO tempest.lib.common.rest_client [req-d340af55-d79a-4b9e-805e-984873296b6a req-d340af55-d79a-4b9e-805e-984873296b6a ] Request (ServerActionsTestOtherA:setUpClass): 200 PUT http://10.180.1.21:9696/networking/v2.0/routers/8afc7027-f979-4595-ba79-b4fbe9eba348/add_router_interface 5.484s
2024-12-12 10:47:57.788 66055 INFO tempest.lib.common.dynamic_creds [-] Created isolated network resources for: credentials: Credentials: {'domain_id': 'default', 'domain_name': 'Default', 'username': 'tempest-ServerActionsTestOtherA-1992794015-project-member', 'project_domain_id': 'default', 'project_domain_name': 'Default', 'project_id': 'bf0cef8832bb429699a2c5f5fdff61ca', 'project_name': 'tempest-ServerActionsTestOtherA-1992794015', 'tenant_id': 'bf0cef8832bb429699a2c5f5fdff61ca', 'tenant_name': 'tempest-ServerActionsTestOtherA-1992794015', 'user_domain_id': 'default', 'user_domain_name': 'Default', 'user_id': 'c847e8a37e8d4e549eb66532fba23cac', 'system': None}, Network: {'id': 'ed082a3d-d387-4c87-bf7c-c767ea66c2b3', 'name': 'tempest-ServerActionsTestOtherA-888176045-network', 'tenant_id': 'bf0cef8832bb429699a2c5f5fdff61ca', 'admin_state_up': True, 'mtu': 8950, 'status': 'ACTIVE', 'subnets': [], 'shared': False, 'project_id': 'bf0cef8832bb429699a2c5f5fdff61ca', 'port_security_enabled': True, 'router:external': False, 'provider:network_type': 'vlan', 'provider:physical_network': 'default', 'provider:segmentation_id': 446, 'availability_zone_hints': [], 'availability_zones': [], 'ipv4_address_scope': None, 'ipv6_address_scope': None, 'description': '', 'tags': [], 'created_at': '2024-12-12T10:47:49Z', 'updated_at': '2024-12-12T10:47:49Z', 'revision_number': 1}, Subnet: {'id': 'c7e662dc-ba60-44fe-8a0a-d244baca4157', 'name': 'tempest-ServerActionsTestOtherA-888176045-subnet', 'tenant_id': 'bf0cef8832bb429699a2c5f5fdff61ca', 'network_id': 'ed082a3d-d387-4c87-bf7c-c767ea66c2b3', 'ip_version': 4, 'subnetpool_id': None, 'enable_dhcp': True, 'ipv6_ra_mode': None, 'ipv6_address_mode': None, 'gateway_ip': '192.168.128.1', 'cidr': '192.168.128.0/28', 'allocation_pools': [{'start': '192.168.128.2', 'end': '192.168.128.14'}], 'host_routes': [], 'dns_nameservers': [], 'description': '', 'router:external': False, 'service_types': [], 'tags': [], 'created_at': '2024-12-12T10:47:49Z', 'updated_at': '2024-12-12T10:47:49Z', 'revision_number': 0, 'project_id': 'bf0cef8832bb429699a2c5f5fdff61ca'}, Router: {'id': '8afc7027-f979-4595-ba79-b4fbe9eba348', 'name': 'tempest-ServerActionsTestOtherA-888176045-router', 'tenant_id': 'bf0cef8832bb429699a2c5f5fdff61ca', 'admin_state_up': True, 'status': 'ACTIVE', 'external_gateway_info': {'network_id': 'fa5258f4-1ac6-48a8-866e-1185215245bb', 'external_fixed_ips': [{'subnet_id': '442d5a02-14c9-4da3-aeca-76520caac487', 'ip_address': '10.180.180.152'}], 'enable_snat': True}, 'description': '', 'availability_zones': [], 'distributed': False, 'ha': False, 'availability_zone_hints': [], 'routes': [], 'flavor_id': None, 'tags': [], 'created_at': '2024-12-12T10:47:50Z', 'updated_at': '2024-12-12T10:47:51Z', 'revision_number': 2, 'project_id': 'bf0cef8832bb429699a2c5f5fdff61ca'}
2024-12-12 10:47:57.798 66035 INFO tempest.lib.common.rest_client [req-afefaef2-b897-4fef-9970-cdd460aeb1a7 req-afefaef2-b897-4fef-9970-cdd460aeb1a7 ] Request (SecurityGroupsTestAdminJSON:setUpClass): 201 POST http://10.180.1.21/identity/v3/projects 0.257s
2024-12-12 10:47:57.821 66061 INFO tempest.lib.common.rest_client [req-ec130e48-3723-4e7c-9780-ce9e2c392ae8 req-ec130e48-3723-4e7c-9780-ce9e2c392ae8 ] Request (ServersAaction247Test:test_create_backup): 200 GET http://10.180.1.21/compute/v2.1/servers/4a4872eb-4451-4de0-a3ad-604595924ad9 1.413s
2024-12-12 10:47:57.848 66037 INFO tempest.lib.common.rest_client [req-9661c69a-6d95-4d87-9dfc-fdf5db29e7cf req-9661c69a-6d95-4d87-9dfc-fdf5db29e7cf ] Request (FlavorsExtraSpecsNegativeTestJSON:tearDownClass): 204 DELETE http://10.180.1.21/identity/v3/projects/e302debd9eaa43ec860f138a3cdc551e 0.303s
2024-12-12 10:47:57.920 66067 INFO tempest.lib.common.rest_client [req-b06c8eb9-cc77-4b10-9f0d-be6f05aecee7 req-b06c8eb9-cc77-4b10-9f0d-be6f05aecee7 ] Request (ServerGroup264TestJSON:setUpClass): 201 POST http://10.180.1.21/identity/v3/projects 0.257s
2024-12-12 10:47:58.001 66027 INFO tempest.lib.common.rest_client [req-2039ac61-2e9b-49ae-bc0d-a81d4b69e53f req-2039ac61-2e9b-49ae-bc0d-a81d4b69e53f ] Request (ServerDiagnosticsV248Test:setUpClass): 201 POST http://10.180.1.21/identity/v3/users 0.295s
2024-12-12 10:47:58.007 66007 INFO tempest.lib.common.rest_client [req-beee8e5f-fb51-4270-a93d-4c8515950bd7 req-beee8e5f-fb51-4270-a93d-4c8515950bd7 ] Request (FlavorsAccessTestJSON:tearDownClass): 204 DELETE http://10.180.1.21/identity/v3/projects/dc63822604214769bb115aad83a1cfac 0.310s
2024-12-12 10:47:58.038 66065 INFO tempest.lib.common.rest_client [req-a1d6a435-321a-40d5-9fc6-c635f3801205 req-a1d6a435-321a-40d5-9fc6-c635f3801205 ] Request (SecurityGroupRulesNegativeTestJSON:setUpClass): 200 PUT http://10.180.1.21:9696/networking/v2.0/routers/f51b2094-1f11-4c6a-9b8c-06e417ae77f3/add_router_interface 4.462s
2024-12-12 10:47:58.038 66065 INFO tempest.lib.common.dynamic_creds [-] Created isolated network resources for: credentials: Credentials: {'domain_id': 'default', 'domain_name': 'Default', 'username': 'tempest-SecurityGroupRulesNegativeTestJSON-1755106183-project-member', 'project_domain_id': 'default', 'project_domain_name': 'Default', 'project_id': '18a78d1ffee84b749f7b941d35a95a37', 'project_name': 'tempest-SecurityGroupRulesNegativeTestJSON-1755106183', 'tenant_id': '18a78d1ffee84b749f7b941d35a95a37', 'tenant_name': 'tempest-SecurityGroupRulesNegativeTestJSON-1755106183', 'user_domain_id': 'default', 'user_domain_name': 'Default', 'user_id': '321ac3e599454676ae8d398825c36735', 'system': None}, Network: {'id': '6f8752ac-b63a-4f30-acd0-95dabc46bab4', 'name': 'tempest-SecurityGroupRulesNegativeTestJSON-1948548411-network', 'tenant_id': '18a78d1ffee84b749f7b941d35a95a37', 'admin_state_up': True, 'mtu': 8950, 'status': 'ACTIVE', 'subnets': [], 'shared': False, 'project_id': '18a78d1ffee84b749f7b941d35a95a37', 'port_security_enabled': True, 'router:external': False, 'provider:network_type': 'vlan', 'provider:physical_network': 'default', 'provider:segmentation_id': 363, 'availability_zone_hints': [], 'availability_zones': [], 'ipv4_address_scope': None, 'ipv6_address_scope': None, 'description': '', 'tags': [], 'created_at': '2024-12-12T10:47:50Z', 'updated_at': '2024-12-12T10:47:50Z', 'revision_number': 1}, Subnet: {'id': '60c51c50-923b-4dbd-bc89-fc0b192964e6', 'name': 'tempest-SecurityGroupRulesNegativeTestJSON-1948548411-subnet', 'tenant_id': '18a78d1ffee84b749f7b941d35a95a37', 'network_id': '6f8752ac-b63a-4f30-acd0-95dabc46bab4', 'ip_version': 4, 'subnetpool_id': None, 'enable_dhcp': True, 'ipv6_ra_mode': None, 'ipv6_address_mode': None, 'gateway_ip': '192.168.128.1', 'cidr': '192.168.128.0/28', 'allocation_pools': [{'start': '192.168.128.2', 'end': '192.168.128.14'}], 'host_routes': [], 'dns_nameservers': [], 'description': '', 'router:external': False, 'service_types': [], 'tags': [], 'created_at': '2024-12-12T10:47:50Z', 'updated_at': '2024-12-12T10:47:50Z', 'revision_number': 0, 'project_id': '18a78d1ffee84b749f7b941d35a95a37'}, Router: {'id': 'f51b2094-1f11-4c6a-9b8c-06e417ae77f3', 'name': 'tempest-SecurityGroupRulesNegativeTestJSON-1948548411-router', 'tenant_id': '18a78d1ffee84b749f7b941d35a95a37', 'admin_state_up': True, 'status': 'ACTIVE', 'external_gateway_info': {'network_id': 'fa5258f4-1ac6-48a8-866e-1185215245bb', 'external_fixed_ips': [{'subnet_id': '442d5a02-14c9-4da3-aeca-76520caac487', 'ip_address': '10.180.180.130'}], 'enable_snat': True}, 'description': '', 'availability_zones': [], 'distributed': False, 'ha': False, 'availability_zone_hints': [], 'routes': [], 'flavor_id': None, 'tags': [], 'created_at': '2024-12-12T10:47:51Z', 'updated_at': '2024-12-12T10:47:51Z', 'revision_number': 2, 'project_id': '18a78d1ffee84b749f7b941d35a95a37'}
2024-12-12 10:47:58.048 66029 INFO tempest.lib.common.rest_client [req-f239c37d-b5c2-4285-94e9-0cf4d6e00fef req-f239c37d-b5c2-4285-94e9-0cf4d6e00fef ] Request (AttachInterfacesV270Test:setUpClass): 201 POST http://10.180.1.21:9696/networking/v2.0/subnets 1.264s
2024-12-12 10:47:58.129 66059 INFO tempest.lib.common.rest_client [req-5ba74db5-ba82-401b-a617-c314fe7777c9 req-5ba74db5-ba82-401b-a617-c314fe7777c9 ] Request (HostsAdminNegativeTestJSON:tearDownClass): 204 DELETE http://10.180.1.21/identity/v3/users/99849ec11be14de7b94fb684b5272d66 0.387s
2024-12-12 10:47:58.129 66059 INFO tempest.lib.common.dynamic_creds [-] Deleting project and security group for project: 102bbd22fb5b4cd58b766ddc5b2c995a
2024-12-12 10:47:58.152 66043 INFO tempest.lib.common.rest_client [req-c530a163-e8f5-492a-abf3-187da0ccd7ea req-c530a163-e8f5-492a-abf3-187da0ccd7ea ] Request (QuotasAdminNegativeTest:_run_cleanups): 200 PUT http://10.180.1.21/compute/v2.1/os-quota-sets/b64cdf1badc84923b32c475db8520a9a 1.945s
2024-12-12 10:47:58.163 66055 INFO tempest.lib.common.rest_client [req-07e1ad93-0a6c-40c4-9625-2f3a39a7b311 req-07e1ad93-0a6c-40c4-9625-2f3a39a7b311 ] Request (ServerActionsTestOtherA:setUpClass): 201 POST http://10.180.1.21/identity/v3/auth/tokens 0.371s
2024-12-12 10:47:58.185 66037 INFO tempest.lib.common.rest_client [req-84026dbf-3717-43da-b684-b2996be9ffeb req-84026dbf-3717-43da-b684-b2996be9ffeb ] Request (InstanceUsageAuditLogNegativeTestJSON:setUpClass): 201 POST http://10.180.1.21/identity/v3/auth/tokens 0.335s
2024-12-12 10:47:58.190 66035 INFO tempest.lib.common.rest_client [req-14494c2f-ee89-4ec5-87ee-b29bd0dc3484 req-14494c2f-ee89-4ec5-87ee-b29bd0dc3484 ] Request (SecurityGroupsTestAdminJSON:setUpClass): 201 POST http://10.180.1.21/identity/v3/users 0.391s
2024-12-12 10:47:58.220 66067 INFO tempest.lib.common.rest_client [req-4d1516b1-f039-4c6e-b9f6-1006066306fe req-4d1516b1-f039-4c6e-b9f6-1006066306fe ] Request (ServerGroup264TestJSON:setUpClass): 201 POST http://10.180.1.21/identity/v3/users 0.299s
2024-12-12 10:47:58.231 66017 INFO tempest.lib.common.rest_client [req-2fbbd160-79d7-4f6f-aa83-68b849af5674 req-2fbbd160-79d7-4f6f-aa83-68b849af5674 ] Request (FlavorsExtraSpecsTestJSON:tearDownClass): 200 GET http://10.180.1.21:9696/networking/v2.0/security-groups?tenant_id=00204c577b834499a363bd6fb47338b7&name=default 0.625s
2024-12-12 10:47:58.237 66027 INFO tempest.lib.common.rest_client [req-84122b56-7177-4274-abed-f517d39d36c0 req-84122b56-7177-4274-abed-f517d39d36c0 ] Request (ServerDiagnosticsV248Test:setUpClass): 200 GET http://10.180.1.21/identity/v3/roles 0.236s
2024-12-12 10:47:58.259 66007 INFO tempest.lib.common.rest_client [req-908924df-7620-4a0b-8ba4-257ac7e490fa req-908924df-7620-4a0b-8ba4-257ac7e490fa ] Request (HypervisorAdminNegativeTestJSON:setUpClass): 201 POST http://10.180.1.21/identity/v3/auth/tokens 0.249s
2024-12-12 10:47:58.283 66059 INFO tempest.lib.common.rest_client [req-e1aad9ac-5a40-4d05-bda4-d2c55ee7f454 req-e1aad9ac-5a40-4d05-bda4-d2c55ee7f454 ] Request (HostsAdminNegativeTestJSON:tearDownClass): 201 POST http://10.180.1.21/identity/v3/auth/tokens 0.154s
2024-12-12 10:47:58.307 66037 INFO tempest.lib.common.rest_client [req-e553c860-3202-4a26-a0d8-5508d479ec8b req-e553c860-3202-4a26-a0d8-5508d479ec8b ] Request (InstanceUsageAuditLogNegativeTestJSON:setUpClass): 201 POST http://10.180.1.21/identity/v3/auth/tokens 0.119s
2024-12-12 10:47:58.315 66065 INFO tempest.lib.common.rest_client [req-e0d8f420-eec7-48f8-9880-18722968e15c req-e0d8f420-eec7-48f8-9880-18722968e15c ] Request (SecurityGroupRulesNegativeTestJSON:setUpClass): 201 POST http://10.180.1.21/identity/v3/auth/tokens 0.271s
2024-12-12 10:47:58.318 66035 INFO tempest.lib.common.rest_client [req-967916cc-ca37-47c5-af9e-135edcc2bf45 req-967916cc-ca37-47c5-af9e-135edcc2bf45 ] Request (SecurityGroupsTestAdminJSON:setUpClass): 200 GET http://10.180.1.21/identity/v3/roles 0.127s
2024-12-12 10:47:58.328 66067 INFO tempest.lib.common.rest_client [req-a78e3704-1e54-4e65-9356-9009f8ed4b63 req-a78e3704-1e54-4e65-9356-9009f8ed4b63 ] Request (ServerGroup264TestJSON:setUpClass): 200 GET http://10.180.1.21/identity/v3/roles 0.108s
2024-12-12 10:47:58.341 66027 INFO tempest.lib.common.rest_client [req-f0ff4fee-b742-411a-b705-2642d60aceb3 req-f0ff4fee-b742-411a-b705-2642d60aceb3 ] Request (ServerDiagnosticsV248Test:setUpClass): 204 PUT http://10.180.1.21/identity/v3/projects/cbca00b97ae845518c4cf3a05bdef628/users/4c66e29cb2234bfb92976ebff4a7e541/roles/15e7ddfa613c49029fcc688891fce488 0.104s
2024-12-12 10:47:58.342 66027 INFO tempest.lib.common.dynamic_creds [-] Dynamic test user 4c66e29cb2234bfb92976ebff4a7e541 is created with scope project and roles: ['member']
2024-12-12 10:47:58.343 66027 INFO tempest.lib.common.dynamic_creds [-] Acquired dynamic creds: credentials: Credentials: {'domain_id': 'default', 'domain_name': 'Default', 'username': 'tempest-ServerDiagnosticsV248Test-503996771-project-member', 'project_domain_id': 'default', 'project_domain_name': 'Default', 'project_id': 'cbca00b97ae845518c4cf3a05bdef628', 'project_name': 'tempest-ServerDiagnosticsV248Test-503996771', 'tenant_id': 'cbca00b97ae845518c4cf3a05bdef628', 'tenant_name': 'tempest-ServerDiagnosticsV248Test-503996771', 'user_domain_id': 'default', 'user_domain_name': 'Default', 'user_id': '4c66e29cb2234bfb92976ebff4a7e541', 'system': None}, Network: None, Subnet: None, Router: None
2024-12-12 10:47:58.343 66027 INFO tempest.lib.common.dynamic_creds [-] Created isolated network resources for: credentials: Credentials: {'domain_id': 'default', 'domain_name': 'Default', 'username': 'tempest-ServerDiagnosticsV248Test-503996771-project-member', 'project_domain_id': 'default', 'project_domain_name': 'Default', 'project_id': 'cbca00b97ae845518c4cf3a05bdef628', 'project_name': 'tempest-ServerDiagnosticsV248Test-503996771', 'tenant_id': 'cbca00b97ae845518c4cf3a05bdef628', 'tenant_name': 'tempest-ServerDiagnosticsV248Test-503996771', 'user_domain_id': 'default', 'user_domain_name': 'Default', 'user_id': '4c66e29cb2234bfb92976ebff4a7e541', 'system': None}, Network: None, Subnet: None, Router: None
2024-12-12 10:47:58.408 66017 INFO tempest.lib.common.rest_client [req-36b8f823-1dc0-4461-9917-19e8737be5de req-36b8f823-1dc0-4461-9917-19e8737be5de ] Request (FlavorsExtraSpecsTestJSON:tearDownClass): 204 DELETE http://10.180.1.21:9696/networking/v2.0/security-groups/dcbba042-8ff2-407a-a5e6-b92f7392c1ad 0.177s
2024-12-12 10:47:58.412 66007 INFO tempest.lib.common.rest_client [req-df06de54-3287-4a18-b1dd-cfee4ee8f2f8 req-df06de54-3287-4a18-b1dd-cfee4ee8f2f8 ] Request (HypervisorAdminNegativeTestJSON:setUpClass): 201 POST http://10.180.1.21/identity/v3/auth/tokens 0.151s
2024-12-12 10:47:58.434 66037 INFO tempest.lib.common.rest_client [req-b277b7c5-6d62-4e93-88d9-7b74b5c37dc1 req-b277b7c5-6d62-4e93-88d9-7b74b5c37dc1 ] Request (InstanceUsageAuditLogNegativeTestJSON:setUpClass): 200 GET http://10.180.1.21/identity/v3/domains?name=Default 0.127s
