2024-12-12 10:50:08.530 66021 INFO tempest.lib.common.rest_client [req-4a2754d5-4866-49f5-8feb-dc9c0ce2d000 req-4a2754d5-4866-49f5-8feb-dc9c0ce2d000 ] Request (DeleteServersAdminTestJSON:test_delete_server_while_in_error_state): 204 DELETE http://10.180.1.21/compute/v2.1/servers/0a5926ae-9200-4b62-86f0-3efea856792e 0.111s
2024-12-12 10:50:08.554 66039 INFO tempest.lib.common.rest_client [req-99025a72-29a8-449e-af31-b00e9e383643 req-99025a72-29a8-449e-af31-b00e9e383643 ] Request (ServersTestMultiNic:test_verify_duplicate_network_nics): 200 GET http://10.180.1.21/compute/v2.1/servers/0ea6eea2-4690-47d5-a489-d0d4773fc8b9/ips 0.088s
2024-12-12 10:50:08.561 66025 INFO tempest.lib.common.rest_client [req-d29e5b87-d460-448a-abb0-0220f4960ad0 req-d29e5b87-d460-448a-abb0-0220f4960ad0 ] Request (ImagesNegativeTestJSON:test_create_image_from_deleted_server): 200 GET http://10.180.1.21/compute/v2.1/servers/ff6920f6-d7f0-47db-af2b-7896c496fe32 0.139s
2024-12-12 10:50:08.615 66031 INFO tempest.lib.common.rest_client [req-acdc1e90-7151-4c30-82b1-48acb781085d req-acdc1e90-7151-4c30-82b1-48acb781085d ] Request (ServerDiskConfigTestJSON:test_rebuild_server_with_manual_disk_config): 200 GET http://10.180.1.21/compute/v2.1/servers/5021101b-d7d4-40a2-9568-004f45f3b02d 0.139s
2024-12-12 10:50:08.621 66049 INFO tempest.lib.common.rest_client [req-d6fc278a-1a8b-46ed-a95d-07ac0c0addd6 req-d6fc278a-1a8b-46ed-a95d-07ac0c0addd6 ] Request (ServerTagsTestJSON:setUpClass): 200 GET http://10.180.1.21/compute/v2.1/servers/3740794c-c7a8-4325-9234-0fe4f83cc465 0.141s
2024-12-12 10:50:08.673 66045 INFO tempest.lib.common.rest_client [req-2a2f6b9e-f573-4b34-bc64-a31d19825234 req-2a2f6b9e-f573-4b34-bc64-a31d19825234 ] Request (MigrationsAdminTest:test_resize_server_revert_deleted_flavor): 200 GET http://10.180.1.21/compute/v2.1/servers/85928b6a-7d30-4cf6-aa1b-36357a80a38c 0.134s
2024-12-12 10:50:08.717 66067 INFO tempest.lib.common.rest_client [req-6b5e163c-21cb-44b9-b390-00a1b572bb8e req-6b5e163c-21cb-44b9-b390-00a1b572bb8e ] Request (ServersTestJSON:test_create_server_with_ipv6_addr_only): 200 GET http://10.180.1.21/compute/v2.1/servers/626daee0-ec18-4366-af6a-6b07708dedb1 0.177s
2024-12-12 10:50:08.720 66021 INFO tempest.lib.common.rest_client [req-3dc9a72f-f04a-404c-bbf8-3443302abcd7 req-3dc9a72f-f04a-404c-bbf8-3443302abcd7 ] Request (DeleteServersAdminTestJSON:test_delete_server_while_in_error_state): 200 GET http://10.180.1.21/compute/v2.1/servers/0a5926ae-9200-4b62-86f0-3efea856792e 0.189s
2024-12-12 10:50:08.764 66035 INFO tempest.lib.common.rest_client [req-87aae66a-c027-4719-82ec-32a6a1b3e551 req-87aae66a-c027-4719-82ec-32a6a1b3e551 ] Request (DeleteServersTestJSON:test_delete_server_while_in_attached_volume): 200 GET http://10.180.1.21/compute/v2.1/servers/2d367982-ec8b-4f4c-b834-513d6f23889d 0.178s
2024-12-12 10:50:08.789 66039 INFO tempest.lib.common.rest_client [req-21ca0d82-b528-4bb2-b3a6-6f8299c71d8e req-21ca0d82-b528-4bb2-b3a6-6f8299c71d8e ] Request (ServersTestMultiNic:_run_cleanups): 204 DELETE http://10.180.1.21/compute/v2.1/servers/0ea6eea2-4690-47d5-a489-d0d4773fc8b9 0.233s
2024-12-12 10:50:08.813 66029 INFO tempest.lib.common.rest_client [req-bb8080e5-1ef3-46f1-a389-73ad0de3def2 req-bb8080e5-1ef3-46f1-a389-73ad0de3def2 ] Request (ServerShowV247Test:test_update_rebuild_list_server): 200 GET http://10.180.1.21/compute/v2.1/servers/88838791-2153-498b-8048-7891a84aa8be 0.179s
2024-12-12 10:50:08.842 66065 INFO tempest.lib.common.rest_client [req-b8e7fa1c-932b-4470-96e4-11733f87329f req-b8e7fa1c-932b-4470-96e4-11733f87329f ] Request (MultipleCreateTestJSON:_run_cleanups): 200 GET http://10.180.1.21/compute/v2.1/servers/f641da2b-bf8b-46c6-bdff-52d7bcdc1ad1 0.161s
2024-12-12 10:50:08.857 66009 INFO tempest.lib.common.rest_client [req-df6b5f36-3dea-4451-b4fc-a839621adc26 req-df6b5f36-3dea-4451-b4fc-a839621adc26 ] Request (SecurityGroupsTestJSON:test_server_security_groups): 200 GET http://10.180.1.21/compute/v2.1/servers/d41df122-2604-4e47-a2cf-ef5983b4a211 0.169s
2024-12-12 10:50:08.889 66051 INFO tempest.lib.common.rest_client [req-42503d8a-95b9-4863-85a3-c2b6b70e5087 req-42503d8a-95b9-4863-85a3-c2b6b70e5087 ] Request (ServersV294TestFqdnHostnames:setUpClass): 200 GET http://10.180.1.21/compute/v2.1/servers/b60445df-57f7-45aa-9aa5-b3282ac6e4e0 0.117s
2024-12-12 10:50:08.946 66039 INFO tempest.lib.common.rest_client [req-e6c13b93-8d6a-4830-81a4-d2ca3fcfb35e req-e6c13b93-8d6a-4830-81a4-d2ca3fcfb35e ] Request (ServersTestMultiNic:_run_cleanups): 200 GET http://10.180.1.21/compute/v2.1/servers/0ea6eea2-4690-47d5-a489-d0d4773fc8b9 0.157s
2024-12-12 10:50:09.105 66041 INFO tempest.lib.common.rest_client [req-bb3a7475-0877-4b99-8d7f-f6c6699c4e9a req-bb3a7475-0877-4b99-8d7f-f6c6699c4e9a ] Request (FloatingIPsAssociationTestJSON:test_associate_already_associated_floating_ip): 200 GET http://10.180.1.21/compute/v2.1/servers/3d6b91bf-2ac9-4b6b-80fc-065268b9ed22 0.093s
2024-12-12 10:50:09.125 66027 INFO tempest.lib.common.rest_client [req-52596a35-3140-4212-80b1-35a2c5167f63 req-52596a35-3140-4212-80b1-35a2c5167f63 ] Request (ImagesTestJSON:test_create_image_from_stopped_server): 200 GET http://10.180.1.21/compute/v2.1/servers/1f263cb1-15b3-4e8d-8cfa-dae622a1c186 0.055s
2024-12-12 10:50:09.185 66017 INFO tempest.lib.common.rest_client [req-ae1da489-7f5e-4ce6-947d-396f1b7be6cd req-ae1da489-7f5e-4ce6-947d-396f1b7be6cd ] Request (ServersAdminTestJSON:test_create_server_with_scheduling_hint): 200 GET http://10.180.1.21/compute/v2.1/servers/75d8232c-3dee-48f6-8abd-60581f4abd44 0.054s
2024-12-12 10:50:09.256 66023 INFO tempest.lib.common.rest_client [req-65c10b13-9faf-4688-bdab-ec0468b880b5 req-65c10b13-9faf-4688-bdab-ec0468b880b5 ] Request (ListServerFiltersTestJSON:setUpClass): 200 GET http://10.180.1.21/compute/v2.1/servers/af5e70a2-df8f-424e-adcb-e88adc6e498b 0.052s
2024-12-12 10:50:09.294 66015 INFO tempest.lib.common.rest_client [req-d08a4b8d-c178-414e-b59a-3014a413670b req-d08a4b8d-c178-414e-b59a-3014a413670b ] Request (ServerRescueNegativeTestJSON:setUpClass): 200 GET http://10.180.1.21/compute/v2.1/servers/d8401e2f-0d4c-4a7e-8577-04e3d68b1763 0.048s
2024-12-12 10:50:09.396 66019 INFO tempest.lib.common.rest_client [req-1ab070bb-cb95-44d5-8d4e-f7fc62cdd77f req-1ab070bb-cb95-44d5-8d4e-f7fc62cdd77f ] Request (ImagesOneServerNegativeTestJSON:_run_cleanups): 200 GET http://10.180.1.21/compute/v2.1/servers/978f946b-172a-48d4-b9de-ee19dd0d1224 0.051s
2024-12-12 10:50:09.612 66011 INFO tempest.lib.common.rest_client [req-74917bdc-b091-4893-9708-d28111ba5684 req-74917bdc-b091-4893-9708-d28111ba5684 ] Request (AttachInterfacesUnderV243Test:test_add_remove_fixed_ip): 200 GET http://10.180.1.21/compute/v2.1/servers/35979957-c1a5-4250-a16d-0eb2907da195 0.098s
2024-12-12 10:50:09.622 66025 INFO tempest.lib.common.rest_client [req-425372de-6068-4103-b5aa-4fa941cdc749 req-425372de-6068-4103-b5aa-4fa941cdc749 ] Request (ImagesNegativeTestJSON:test_create_image_from_deleted_server): 200 GET http://10.180.1.21/compute/v2.1/servers/ff6920f6-d7f0-47db-af2b-7896c496fe32 0.053s
2024-12-12 10:50:09.668 66031 INFO tempest.lib.common.rest_client [req-0d69acf3-2df8-4421-9157-55c81d3d8eb7 req-0d69acf3-2df8-4421-9157-55c81d3d8eb7 ] Request (ServerDiskConfigTestJSON:test_rebuild_server_with_manual_disk_config): 200 GET http://10.180.1.21/compute/v2.1/servers/5021101b-d7d4-40a2-9568-004f45f3b02d 0.047s
2024-12-12 10:50:09.682 66049 INFO tempest.lib.common.rest_client [req-8b643a0e-e654-4c4e-8f07-430c807ee5bf req-8b643a0e-e654-4c4e-8f07-430c807ee5bf ] Request (ServerTagsTestJSON:setUpClass): 200 GET http://10.180.1.21/compute/v2.1/servers/3740794c-c7a8-4325-9234-0fe4f83cc465 0.053s
2024-12-12 10:50:09.689 66049 INFO tempest.common.waiters [-] State transition "BUILD/scheduling" ==> "BUILD/None" after 40 second wait
2024-12-12 10:50:09.734 66045 INFO tempest.lib.common.rest_client [req-abb935a1-85ac-4645-b2a6-e241fa928229 req-abb935a1-85ac-4645-b2a6-e241fa928229 ] Request (MigrationsAdminTest:test_resize_server_revert_deleted_flavor): 200 GET http://10.180.1.21/compute/v2.1/servers/85928b6a-7d30-4cf6-aa1b-36357a80a38c 0.051s
2024-12-12 10:50:09.762 66013 WARNING tempest.lib.common.ssh [-] Failed to establish authenticated ssh connection to cirros@10.180.180.129 ([Errno None] Unable to connect to port 22 on 10.180.180.129). Number attempts: 11. Retry after 12 seconds.: paramiko.ssh_exception.NoValidConnectionsError: [Errno None] Unable to connect to port 22 on 10.180.180.129
2024-12-12 10:50:09.775 66067 INFO tempest.lib.common.rest_client [req-2d975914-7a28-4c01-aa9c-d49f27513368 req-2d975914-7a28-4c01-aa9c-d49f27513368 ] Request (ServersTestJSON:test_create_server_with_ipv6_addr_only): 200 GET http://10.180.1.21/compute/v2.1/servers/626daee0-ec18-4366-af6a-6b07708dedb1 0.051s
2024-12-12 10:50:09.824 66035 INFO tempest.lib.common.rest_client [req-e3ce8630-1b12-439f-89ba-c8d5ab4dd7ba req-e3ce8630-1b12-439f-89ba-c8d5ab4dd7ba ] Request (DeleteServersTestJSON:test_delete_server_while_in_attached_volume): 200 GET http://10.180.1.21/compute/v2.1/servers/2d367982-ec8b-4f4c-b834-513d6f23889d 0.052s
2024-12-12 10:50:09.845 66021 INFO tempest.lib.common.rest_client [req-41b2ce62-e5ba-489e-8981-ce3024ec52cd req-41b2ce62-e5ba-489e-8981-ce3024ec52cd ] Request (DeleteServersAdminTestJSON:test_delete_server_while_in_error_state): 200 GET http://10.180.1.21/compute/v2.1/servers/0a5926ae-9200-4b62-86f0-3efea856792e 0.118s
2024-12-12 10:50:09.874 66029 INFO tempest.lib.common.rest_client [req-f6ed5d76-151f-4e2c-b3d8-6a250d66ec42 req-f6ed5d76-151f-4e2c-b3d8-6a250d66ec42 ] Request (ServerShowV247Test:test_update_rebuild_list_server): 200 GET http://10.180.1.21/compute/v2.1/servers/88838791-2153-498b-8048-7891a84aa8be 0.051s
2024-12-12 10:50:09.903 66065 INFO tempest.lib.common.rest_client [req-1e8708a9-1038-42e1-8cda-38c4d50cafb2 req-1e8708a9-1038-42e1-8cda-38c4d50cafb2 ] Request (MultipleCreateTestJSON:_run_cleanups): 200 GET http://10.180.1.21/compute/v2.1/servers/f641da2b-bf8b-46c6-bdff-52d7bcdc1ad1 0.054s
2024-12-12 10:50:09.915 66009 INFO tempest.lib.common.rest_client [req-5c5f8737-e23d-4c8f-bc92-a48933e08fc5 req-5c5f8737-e23d-4c8f-bc92-a48933e08fc5 ] Request (SecurityGroupsTestJSON:test_server_security_groups): 200 GET http://10.180.1.21/compute/v2.1/servers/d41df122-2604-4e47-a2cf-ef5983b4a211 0.051s
2024-12-12 10:50:09.952 66051 INFO tempest.lib.common.rest_client [req-be12ae60-9e5e-4207-9530-9246d5550122 req-be12ae60-9e5e-4207-9530-9246d5550122 ] Request (ServersV294TestFqdnHostnames:setUpClass): 200 GET http://10.180.1.21/compute/v2.1/servers/b60445df-57f7-45aa-9aa5-b3282ac6e4e0 0.054s
2024-12-12 10:50:10.111 66039 INFO tempest.lib.common.rest_client [req-f9bb0685-f2c3-49bf-af8a-f977c4a015c3 req-f9bb0685-f2c3-49bf-af8a-f977c4a015c3 ] Request (ServersTestMultiNic:_run_cleanups): 200 GET http://10.180.1.21/compute/v2.1/servers/0ea6eea2-4690-47d5-a489-d0d4773fc8b9 0.157s
2024-12-12 10:50:10.192 66027 INFO tempest.lib.common.rest_client [req-2894db2b-69eb-43c6-b2fd-867d15308396 req-2894db2b-69eb-43c6-b2fd-867d15308396 ] Request (ImagesTestJSON:test_create_image_from_stopped_server): 200 GET http://10.180.1.21/compute/v2.1/servers/1f263cb1-15b3-4e8d-8cfa-dae622a1c186 0.060s
2024-12-12 10:50:10.214 66041 INFO tempest.lib.common.rest_client [req-4ea6559e-782c-44bc-97f9-930359deaa42 req-4ea6559e-782c-44bc-97f9-930359deaa42 ] Request (FloatingIPsAssociationTestJSON:test_associate_already_associated_floating_ip): 200 GET http://10.180.1.21/compute/v2.1/servers/3d6b91bf-2ac9-4b6b-80fc-065268b9ed22 0.101s
2024-12-12 10:50:10.240 66017 INFO tempest.lib.common.rest_client [req-d8555b06-8f5e-43b4-a429-2613682dfd2c req-d8555b06-8f5e-43b4-a429-2613682dfd2c ] Request (ServersAdminTestJSON:test_create_server_with_scheduling_hint): 200 GET http://10.180.1.21/compute/v2.1/servers/75d8232c-3dee-48f6-8abd-60581f4abd44 0.048s
2024-12-12 10:50:10.314 66023 INFO tempest.lib.common.rest_client [req-c195a0ed-34e1-4500-874b-f2515fb64455 req-c195a0ed-34e1-4500-874b-f2515fb64455 ] Request (ListServerFiltersTestJSON:setUpClass): 200 GET http://10.180.1.21/compute/v2.1/servers/af5e70a2-df8f-424e-adcb-e88adc6e498b 0.051s
2024-12-12 10:50:10.351 66015 INFO tempest.lib.common.rest_client [req-cf93abc1-eb8d-47f3-9303-fdac3f2be3e1 req-cf93abc1-eb8d-47f3-9303-fdac3f2be3e1 ] Request (ServerRescueNegativeTestJSON:setUpClass): 200 GET http://10.180.1.21/compute/v2.1/servers/d8401e2f-0d4c-4a7e-8577-04e3d68b1763 0.049s
2024-12-12 10:50:10.454 66019 INFO tempest.lib.common.rest_client [req-3dd205ca-4434-459d-aeb9-6d0f57c4f8c1 req-3dd205ca-4434-459d-aeb9-6d0f57c4f8c1 ] Request (ImagesOneServerNegativeTestJSON:_run_cleanups): 200 GET http://10.180.1.21/compute/v2.1/servers/978f946b-172a-48d4-b9de-ee19dd0d1224 0.050s
2024-12-12 10:50:10.699 66025 INFO tempest.lib.common.rest_client [req-91527eaf-84b4-4c8a-beb9-6d2ffeb8d737 req-91527eaf-84b4-4c8a-beb9-6d2ffeb8d737 ] Request (ImagesNegativeTestJSON:test_create_image_from_deleted_server): 200 GET http://10.180.1.21/compute/v2.1/servers/ff6920f6-d7f0-47db-af2b-7896c496fe32 0.068s
2024-12-12 10:50:10.758 66031 INFO tempest.lib.common.rest_client [req-d8a3d873-37d2-4bb2-a0ae-3f76f8e66f47 req-d8a3d873-37d2-4bb2-a0ae-3f76f8e66f47 ] Request (ServerDiskConfigTestJSON:test_rebuild_server_with_manual_disk_config): 200 GET http://10.180.1.21/compute/v2.1/servers/5021101b-d7d4-40a2-9568-004f45f3b02d 0.083s
2024-12-12 10:50:10.848 66049 INFO tempest.lib.common.rest_client [req-1c75435d-ca88-4223-948b-a41004f7713f req-1c75435d-ca88-4223-948b-a41004f7713f ] Request (ServerTagsTestJSON:setUpClass): 200 GET http://10.180.1.21/compute/v2.1/servers/3740794c-c7a8-4325-9234-0fe4f83cc465 0.158s
2024-12-12 10:50:10.878 66011 INFO tempest.lib.common.rest_client [req-859c7835-c72f-4624-bbac-6878d299589f req-859c7835-c72f-4624-bbac-6878d299589f ] Request (AttachInterfacesUnderV243Test:test_add_remove_fixed_ip): 200 GET http://10.180.1.21/compute/v2.1/servers/35979957-c1a5-4250-a16d-0eb2907da195 0.259s
2024-12-12 10:50:10.921 66045 INFO tempest.lib.common.rest_client [req-7874600a-7258-4359-ab14-a5c0efacff60 req-7874600a-7258-4359-ab14-a5c0efacff60 ] Request (MigrationsAdminTest:test_resize_server_revert_deleted_flavor): 200 GET http://10.180.1.21/compute/v2.1/servers/85928b6a-7d30-4cf6-aa1b-36357a80a38c 0.180s
2024-12-12 10:50:10.938 66067 INFO tempest.lib.common.rest_client [req-d3eb69f3-d4fb-404d-9d61-948bdbf7cc23 req-d3eb69f3-d4fb-404d-9d61-948bdbf7cc23 ] Request (ServersTestJSON:test_create_server_with_ipv6_addr_only): 200 GET http://10.180.1.21/compute/v2.1/servers/626daee0-ec18-4366-af6a-6b07708dedb1 0.156s
2024-12-12 10:50:10.976 66035 INFO tempest.lib.common.rest_client [req-452e8954-85af-46b0-9080-1359d3dbec01 req-452e8954-85af-46b0-9080-1359d3dbec01 ] Request (DeleteServersTestJSON:test_delete_server_while_in_attached_volume): 200 GET http://10.180.1.21/compute/v2.1/servers/2d367982-ec8b-4f4c-b834-513d6f23889d 0.144s
2024-12-12 10:50:11.045 66029 INFO tempest.lib.common.rest_client [req-5d19d60f-3805-4fe2-8651-9797a76668b4 req-5d19d60f-3805-4fe2-8651-9797a76668b4 ] Request (ServerShowV247Test:test_update_rebuild_list_server): 200 GET http://10.180.1.21/compute/v2.1/servers/88838791-2153-498b-8048-7891a84aa8be 0.164s
2024-12-12 10:50:11.114 66065 INFO tempest.lib.common.rest_client [req-1a6af692-0dcf-48d8-b57d-800dbd83ecde req-1a6af692-0dcf-48d8-b57d-800dbd83ecde ] Request (MultipleCreateTestJSON:_run_cleanups): 200 GET http://10.180.1.21/compute/v2.1/servers/f641da2b-bf8b-46c6-bdff-52d7bcdc1ad1 0.204s
2024-12-12 10:50:11.128 66021 INFO tempest.lib.common.rest_client [req-39859fb7-86de-402b-ae43-f3a4ea92638e req-39859fb7-86de-402b-ae43-f3a4ea92638e ] Request (DeleteServersAdminTestJSON:test_delete_server_while_in_error_state): 200 GET http://10.180.1.21/compute/v2.1/servers/0a5926ae-9200-4b62-86f0-3efea856792e 0.275s
2024-12-12 10:50:11.178 66009 INFO tempest.lib.common.rest_client [req-46807f6b-eb64-48e9-9613-aa450985ccb8 req-46807f6b-eb64-48e9-9613-aa450985ccb8 ] Request (SecurityGroupsTestJSON:test_server_security_groups): 200 GET http://10.180.1.21/compute/v2.1/servers/d41df122-2604-4e47-a2cf-ef5983b4a211 0.255s
2024-12-12 10:50:11.184 66051 INFO tempest.lib.common.rest_client [req-108ad58b-c11f-47aa-9d6f-cbd040df2da8 req-108ad58b-c11f-47aa-9d6f-cbd040df2da8 ] Request (ServersV294TestFqdnHostnames:setUpClass): 200 GET http://10.180.1.21/compute/v2.1/servers/b60445df-57f7-45aa-9aa5-b3282ac6e4e0 0.219s
2024-12-12 10:50:11.248 66027 INFO tempest.lib.common.rest_client [req-5af8d10c-e44d-4553-89b7-f65a1756961d req-5af8d10c-e44d-4553-89b7-f65a1756961d ] Request (ImagesTestJSON:test_create_image_from_stopped_server): 200 GET http://10.180.1.21/compute/v2.1/servers/1f263cb1-15b3-4e8d-8cfa-dae622a1c186 0.048s
2024-12-12 10:50:11.312 66039 INFO tempest.lib.common.rest_client [req-041c8b12-0460-4d6a-b26d-611c6544117d req-041c8b12-0460-4d6a-b26d-611c6544117d ] Request (ServersTestMultiNic:_run_cleanups): 200 GET http://10.180.1.21/compute/v2.1/servers/0ea6eea2-4690-47d5-a489-d0d4773fc8b9 0.191s
2024-12-12 10:50:11.361 66017 INFO tempest.lib.common.rest_client [req-5fe9d82c-8c4f-4841-aa5b-d4b424040aa7 req-5fe9d82c-8c4f-4841-aa5b-d4b424040aa7 ] Request (ServersAdminTestJSON:test_create_server_with_scheduling_hint): 200 GET http://10.180.1.21/compute/v2.1/servers/75d8232c-3dee-48f6-8abd-60581f4abd44 0.113s
2024-12-12 10:50:11.385 66041 INFO tempest.lib.common.rest_client [req-10dcda8b-ef9c-4579-b5e0-ce0206b6c72d req-10dcda8b-ef9c-4579-b5e0-ce0206b6c72d ] Request (FloatingIPsAssociationTestJSON:test_associate_already_associated_floating_ip): 200 GET http://10.180.1.21/compute/v2.1/servers/3d6b91bf-2ac9-4b6b-80fc-065268b9ed22 0.164s
2024-12-12 10:50:11.392 66041 INFO tempest.common.waiters [-] State transition "BUILD/spawning" ==> "ACTIVE/None" after 68 second wait
2024-12-12 10:50:11.406 66023 INFO tempest.lib.common.rest_client [req-d2b8660d-3d3a-4455-8e80-0900c8b6ef0e req-d2b8660d-3d3a-4455-8e80-0900c8b6ef0e ] Request (ListServerFiltersTestJSON:setUpClass): 200 GET http://10.180.1.21/compute/v2.1/servers/af5e70a2-df8f-424e-adcb-e88adc6e498b 0.085s
2024-12-12 10:50:11.427 66015 INFO tempest.lib.common.rest_client [req-d558d2f2-18b3-4dcf-8360-2d50c96da682 req-d558d2f2-18b3-4dcf-8360-2d50c96da682 ] Request (ServerRescueNegativeTestJSON:setUpClass): 200 GET http://10.180.1.21/compute/v2.1/servers/d8401e2f-0d4c-4a7e-8577-04e3d68b1763 0.069s
2024-12-12 10:50:11.512 66019 INFO tempest.lib.common.rest_client [req-d07f41dc-823a-43d3-bcb5-d76ef0876ad9 req-d07f41dc-823a-43d3-bcb5-d76ef0876ad9 ] Request (ImagesOneServerNegativeTestJSON:_run_cleanups): 200 GET http://10.180.1.21/compute/v2.1/servers/978f946b-172a-48d4-b9de-ee19dd0d1224 0.051s
2024-12-12 10:50:11.844 66025 INFO tempest.lib.common.rest_client [req-90e16950-c14b-48b0-97fb-418893f0152f req-90e16950-c14b-48b0-97fb-418893f0152f ] Request (ImagesNegativeTestJSON:test_create_image_from_deleted_server): 200 GET http://10.180.1.21/compute/v2.1/servers/ff6920f6-d7f0-47db-af2b-7896c496fe32 0.138s
2024-12-12 10:50:11.944 66031 INFO tempest.lib.common.rest_client [req-cddccb3c-bb1c-4ede-80e6-2c96deafba6a req-cddccb3c-bb1c-4ede-80e6-2c96deafba6a ] Request (ServerDiskConfigTestJSON:test_rebuild_server_with_manual_disk_config): 200 GET http://10.180.1.21/compute/v2.1/servers/5021101b-d7d4-40a2-9568-004f45f3b02d 0.178s
2024-12-12 10:50:12.007 66049 INFO tempest.lib.common.rest_client [req-bcb2375d-7c5e-4b51-94bc-4e22c69ff024 req-bcb2375d-7c5e-4b51-94bc-4e22c69ff024 ] Request (ServerTagsTestJSON:setUpClass): 200 GET http://10.180.1.21/compute/v2.1/servers/3740794c-c7a8-4325-9234-0fe4f83cc465 0.151s
2024-12-12 10:50:12.162 66011 INFO tempest.lib.common.rest_client [req-f950098c-0c3c-40b1-ab98-f52d6ecd77cb req-f950098c-0c3c-40b1-ab98-f52d6ecd77cb ] Request (AttachInterfacesUnderV243Test:test_add_remove_fixed_ip): 200 GET http://10.180.1.21/compute/v2.1/servers/35979957-c1a5-4250-a16d-0eb2907da195 0.272s
2024-12-12 10:50:12.236 66045 INFO tempest.lib.common.rest_client [req-614be63b-35b1-4237-ac87-bbd2675923a6 req-614be63b-35b1-4237-ac87-bbd2675923a6 ] Request (MigrationsAdminTest:test_resize_server_revert_deleted_flavor): 200 GET http://10.180.1.21/compute/v2.1/servers/85928b6a-7d30-4cf6-aa1b-36357a80a38c 0.307s
2024-12-12 10:50:12.289 66067 INFO tempest.lib.common.rest_client [req-ba67f041-40cf-4882-ad18-461cfaf6e99e req-ba67f041-40cf-4882-ad18-461cfaf6e99e ] Request (ServersTestJSON:test_create_server_with_ipv6_addr_only): 200 GET http://10.180.1.21/compute/v2.1/servers/626daee0-ec18-4366-af6a-6b07708dedb1 0.342s
2024-12-12 10:50:12.343 66035 INFO tempest.lib.common.rest_client [req-184a784c-d669-4073-a2c1-8941e3265652 req-184a784c-d669-4073-a2c1-8941e3265652 ] Request (DeleteServersTestJSON:test_delete_server_while_in_attached_volume): 200 GET http://10.180.1.21/compute/v2.1/servers/2d367982-ec8b-4f4c-b834-513d6f23889d 0.360s
2024-12-12 10:50:12.397 66029 INFO tempest.lib.common.rest_client [req-5fa144b6-accb-4e38-82ec-6def06a76dcc req-5fa144b6-accb-4e38-82ec-6def06a76dcc ] Request (ServerShowV247Test:test_update_rebuild_list_server): 200 GET http://10.180.1.21/compute/v2.1/servers/88838791-2153-498b-8048-7891a84aa8be 0.340s
2024-12-12 10:50:12.405 66029 INFO tempest.common.waiters [-] State transition "BUILD/scheduling" ==> "BUILD/None" after 38 second wait
2024-12-12 10:50:12.467 66065 INFO tempest.lib.common.rest_client [req-6ecf2dc0-5892-49bf-b9da-6ee8ee0f6bde req-6ecf2dc0-5892-49bf-b9da-6ee8ee0f6bde ] Request (MultipleCreateTestJSON:_run_cleanups): 200 GET http://10.180.1.21/compute/v2.1/servers/f641da2b-bf8b-46c6-bdff-52d7bcdc1ad1 0.342s
2024-12-12 10:50:12.530 66021 INFO tempest.lib.common.rest_client [req-dc3f1a7c-1677-463b-8fe7-47d24b5e4e89 req-dc3f1a7c-1677-463b-8fe7-47d24b5e4e89 ] Request (DeleteServersAdminTestJSON:test_delete_server_while_in_error_state): 200 GET http://10.180.1.21/compute/v2.1/servers/0a5926ae-9200-4b62-86f0-3efea856792e 0.396s
2024-12-12 10:50:12.536 66021 INFO tempest.common.waiters [-] State transition "ERROR/deleting" ==> "DELETED/None" after 4 second wait
2024-12-12 10:50:12.602 66009 INFO tempest.lib.common.rest_client [req-342aa9d8-1cc1-4fe8-8d4f-909610f749cf req-342aa9d8-1cc1-4fe8-8d4f-909610f749cf ] Request (SecurityGroupsTestJSON:test_server_security_groups): 200 GET http://10.180.1.21/compute/v2.1/servers/d41df122-2604-4e47-a2cf-ef5983b4a211 0.417s
2024-12-12 10:50:12.673 66051 INFO tempest.lib.common.rest_client [req-3e8314e5-3480-4682-bfcd-b45d4c89f7a9 req-3e8314e5-3480-4682-bfcd-b45d4c89f7a9 ] Request (ServersV294TestFqdnHostnames:setUpClass): 200 GET http://10.180.1.21/compute/v2.1/servers/b60445df-57f7-45aa-9aa5-b3282ac6e4e0 0.481s
2024-12-12 10:50:12.743 66027 INFO tempest.lib.common.rest_client [req-ae8b5ee8-bb2c-44e5-a370-a8b5fc34b191 req-ae8b5ee8-bb2c-44e5-a370-a8b5fc34b191 ] Request (ImagesTestJSON:test_create_image_from_stopped_server): 200 GET http://10.180.1.21/compute/v2.1/servers/1f263cb1-15b3-4e8d-8cfa-dae622a1c186 0.488s
2024-12-12 10:50:12.928 66039 INFO tempest.lib.common.rest_client [req-f675620e-6035-4f6e-8127-913eb85b1fd4 req-f675620e-6035-4f6e-8127-913eb85b1fd4 ] Request (ServersTestMultiNic:_run_cleanups): 200 GET http://10.180.1.21/compute/v2.1/servers/0ea6eea2-4690-47d5-a489-d0d4773fc8b9 0.609s
2024-12-12 10:50:12.988 66017 INFO tempest.lib.common.rest_client [req-5f2ff5e0-21ad-4fa5-a0a9-79cb797d250b req-5f2ff5e0-21ad-4fa5-a0a9-79cb797d250b ] Request (ServersAdminTestJSON:test_create_server_with_scheduling_hint): 200 GET http://10.180.1.21/compute/v2.1/servers/75d8232c-3dee-48f6-8abd-60581f4abd44 0.619s
2024-12-12 10:50:13.034 66023 INFO tempest.lib.common.rest_client [req-79ca63c4-c5ff-41d4-b292-a7f9f9ee17c3 req-79ca63c4-c5ff-41d4-b292-a7f9f9ee17c3 ] Request (ListServerFiltersTestJSON:setUpClass): 200 GET http://10.180.1.21/compute/v2.1/servers/af5e70a2-df8f-424e-adcb-e88adc6e498b 0.619s
2024-12-12 10:50:13.035 66041 INFO tempest.lib.common.rest_client [req-d3d826a6-4292-4087-b952-9d50561bab55 req-d3d826a6-4292-4087-b952-9d50561bab55 ] Request (FloatingIPsAssociationTestJSON:test_associate_already_associated_floating_ip): 202 POST http://10.180.1.21/compute/v2.1/servers/b20cb8cb-b813-40b3-8c78-bb413b702339/action 1.643s
2024-12-12 10:50:13.095 66015 INFO tempest.lib.common.rest_client [req-e4512e77-443f-44e7-bbd3-68d1d0864e2e req-e4512e77-443f-44e7-bbd3-68d1d0864e2e ] Request (ServerRescueNegativeTestJSON:setUpClass): 200 GET http://10.180.1.21/compute/v2.1/servers/d8401e2f-0d4c-4a7e-8577-04e3d68b1763 0.661s
2024-12-12 10:50:13.099 66019 INFO tempest.lib.common.rest_client [req-e6faf8ec-4c48-4299-ae76-141078d0b20b req-e6faf8ec-4c48-4299-ae76-141078d0b20b ] Request (ImagesOneServerNegativeTestJSON:_run_cleanups): 200 GET http://10.180.1.21/compute/v2.1/servers/978f946b-172a-48d4-b9de-ee19dd0d1224 0.580s
2024-12-12 10:50:13.158 66031 INFO tempest.lib.common.rest_client [req-de379007-451b-4e8b-b861-fdc5ed4d0092 req-de379007-451b-4e8b-b861-fdc5ed4d0092 ] Request (ServerDiskConfigTestJSON:test_rebuild_server_with_manual_disk_config): 200 GET http://10.180.1.21/compute/v2.1/servers/5021101b-d7d4-40a2-9568-004f45f3b02d 0.203s
2024-12-12 10:50:13.163 66025 INFO tempest.lib.common.rest_client [req-a1ee1680-3a1b-4143-b26b-34db93ab9b37 req-a1ee1680-3a1b-4143-b26b-34db93ab9b37 ] Request (ImagesNegativeTestJSON:test_create_image_from_deleted_server): 200 GET http://10.180.1.21/compute/v2.1/servers/ff6920f6-d7f0-47db-af2b-7896c496fe32 0.311s
2024-12-12 10:50:13.218 66049 INFO tempest.lib.common.rest_client [req-083d8fb6-c04c-455c-8f2f-c776a0af8851 req-083d8fb6-c04c-455c-8f2f-c776a0af8851 ] Request (ServerTagsTestJSON:setUpClass): 200 GET http://10.180.1.21/compute/v2.1/servers/3740794c-c7a8-4325-9234-0fe4f83cc465 0.203s
2024-12-12 10:50:13.335 66011 INFO tempest.lib.common.rest_client [req-168b55a6-76ac-4e24-bd57-6eed5aca5cf4 req-168b55a6-76ac-4e24-bd57-6eed5aca5cf4 ] Request (AttachInterfacesUnderV243Test:test_add_remove_fixed_ip): 200 GET http://10.180.1.21/compute/v2.1/servers/35979957-c1a5-4250-a16d-0eb2907da195 0.166s
2024-12-12 10:50:13.346 66055 WARNING tempest.lib.common.ssh [-] Failed to establish authenticated ssh connection to cirros@10.180.180.189 ([Errno None] Unable to connect to port 22 on 10.180.180.189). Number attempts: 10. Retry after 11 seconds.: paramiko.ssh_exception.NoValidConnectionsError: [Errno None] Unable to connect to port 22 on 10.180.180.189
2024-12-12 10:50:13.417 66045 INFO tempest.lib.common.rest_client [req-97822c04-156b-41d8-8f30-2ab48c9370de req-97822c04-156b-41d8-8f30-2ab48c9370de ] Request (MigrationsAdminTest:test_resize_server_revert_deleted_flavor): 200 GET http://10.180.1.21/compute/v2.1/servers/85928b6a-7d30-4cf6-aa1b-36357a80a38c 0.173s
2024-12-12 10:50:13.472 66067 INFO tempest.lib.common.rest_client [req-c385df6e-763b-4d83-8798-3417ddd2333e req-c385df6e-763b-4d83-8798-3417ddd2333e ] Request (ServersTestJSON:test_create_server_with_ipv6_addr_only): 200 GET http://10.180.1.21/compute/v2.1/servers/626daee0-ec18-4366-af6a-6b07708dedb1 0.174s
2024-12-12 10:50:13.516 66035 INFO tempest.lib.common.rest_client [req-c0ea29c5-723d-4951-a289-27c9a1838828 req-c0ea29c5-723d-4951-a289-27c9a1838828 ] Request (DeleteServersTestJSON:test_delete_server_while_in_attached_volume): 200 GET http://10.180.1.21/compute/v2.1/servers/2d367982-ec8b-4f4c-b834-513d6f23889d 0.166s
2024-12-12 10:50:13.565 66029 INFO tempest.lib.common.rest_client [req-e6371328-f114-403b-830f-6db371b8f014 req-e6371328-f114-403b-830f-6db371b8f014 ] Request (ServerShowV247Test:test_update_rebuild_list_server): 200 GET http://10.180.1.21/compute/v2.1/servers/88838791-2153-498b-8048-7891a84aa8be 0.158s
2024-12-12 10:50:13.622 66065 INFO tempest.lib.common.rest_client [req-1e0d714c-4e8e-415d-99a8-f31f3c1495f4 req-1e0d714c-4e8e-415d-99a8-f31f3c1495f4 ] Request (MultipleCreateTestJSON:_run_cleanups): 200 GET http://10.180.1.21/compute/v2.1/servers/f641da2b-bf8b-46c6-bdff-52d7bcdc1ad1 0.144s
2024-12-12 10:50:13.682 66021 INFO tempest.lib.common.rest_client [req-5bdcc4d7-9574-48a1-bd79-c54b08ade149 req-5bdcc4d7-9574-48a1-bd79-c54b08ade149 ] Request (DeleteServersAdminTestJSON:test_delete_server_while_in_error_state): 200 GET http://10.180.1.21/compute/v2.1/servers/0a5926ae-9200-4b62-86f0-3efea856792e 0.145s
2024-12-12 10:50:13.732 66009 INFO tempest.lib.common.rest_client [req-20c9416f-05c2-480c-a08b-7c9391096106 req-20c9416f-05c2-480c-a08b-7c9391096106 ] Request (SecurityGroupsTestJSON:test_server_security_groups): 200 GET http://10.180.1.21/compute/v2.1/servers/d41df122-2604-4e47-a2cf-ef5983b4a211 0.119s
2024-12-12 10:50:13.790 66051 INFO tempest.lib.common.rest_client [req-c65a312f-be9a-40a9-b308-296593bc5742 req-c65a312f-be9a-40a9-b308-296593bc5742 ] Request (ServersV294TestFqdnHostnames:setUpClass): 200 GET http://10.180.1.21/compute/v2.1/servers/b60445df-57f7-45aa-9aa5-b3282ac6e4e0 0.107s
2024-12-12 10:50:13.853 66027 INFO tempest.lib.common.rest_client [req-383b280b-24b0-4728-a4d8-dbce1e6c76b4 req-383b280b-24b0-4728-a4d8-dbce1e6c76b4 ] Request (ImagesTestJSON:test_create_image_from_stopped_server): 200 GET http://10.180.1.21/compute/v2.1/servers/1f263cb1-15b3-4e8d-8cfa-dae622a1c186 0.102s
2024-12-12 10:50:13.988 66039 INFO tempest.lib.common.rest_client [req-a9bff94c-76ae-468a-a645-7f0db31c2baa req-a9bff94c-76ae-468a-a645-7f0db31c2baa ] Request (ServersTestMultiNic:_run_cleanups): 200 GET http://10.180.1.21/compute/v2.1/servers/0ea6eea2-4690-47d5-a489-d0d4773fc8b9 0.050s
2024-12-12 10:50:14.058 66017 INFO tempest.lib.common.rest_client [req-806ac39a-70cf-4c52-9ee6-26ed85250961 req-806ac39a-70cf-4c52-9ee6-26ed85250961 ] Request (ServersAdminTestJSON:test_create_server_with_scheduling_hint): 200 GET http://10.180.1.21/compute/v2.1/servers/75d8232c-3dee-48f6-8abd-60581f4abd44 0.062s
2024-12-12 10:50:14.115 66023 INFO tempest.lib.common.rest_client [req-3ec9a2c1-a1c9-47ce-8d2e-4968e2b88253 req-3ec9a2c1-a1c9-47ce-8d2e-4968e2b88253 ] Request (ListServerFiltersTestJSON:setUpClass): 200 GET http://10.180.1.21/compute/v2.1/servers/af5e70a2-df8f-424e-adcb-e88adc6e498b 0.073s
2024-12-12 10:50:14.172 66015 INFO tempest.lib.common.rest_client [req-c89965c6-d599-40e0-91fd-1b57a28f5345 req-c89965c6-d599-40e0-91fd-1b57a28f5345 ] Request (ServerRescueNegativeTestJSON:setUpClass): 200 GET http://10.180.1.21/compute/v2.1/servers/d8401e2f-0d4c-4a7e-8577-04e3d68b1763 0.069s
2024-12-12 10:50:14.221 66019 INFO tempest.lib.common.rest_client [req-c2eb5dc9-67d2-435e-9b77-998ec8d6c843 req-c2eb5dc9-67d2-435e-9b77-998ec8d6c843 ] Request (ImagesOneServerNegativeTestJSON:_run_cleanups): 200 GET http://10.180.1.21/compute/v2.1/servers/978f946b-172a-48d4-b9de-ee19dd0d1224 0.113s
2024-12-12 10:50:14.266 66031 INFO tempest.lib.common.rest_client [req-1db14fe0-05f7-483e-a7eb-53bfa2f936aa req-1db14fe0-05f7-483e-a7eb-53bfa2f936aa ] Request (ServerDiskConfigTestJSON:test_rebuild_server_with_manual_disk_config): 200 GET http://10.180.1.21/compute/v2.1/servers/5021101b-d7d4-40a2-9568-004f45f3b02d 0.100s
2024-12-12 10:50:14.325 66025 INFO tempest.lib.common.rest_client [req-66246835-4123-4304-b051-1ec7a099514c req-66246835-4123-4304-b051-1ec7a099514c ] Request (ImagesNegativeTestJSON:test_create_image_from_deleted_server): 200 GET http://10.180.1.21/compute/v2.1/servers/ff6920f6-d7f0-47db-af2b-7896c496fe32 0.154s
2024-12-12 10:50:14.375 66049 INFO tempest.lib.common.rest_client [req-c319ef43-a9fa-483e-8c3c-89ee714f8f71 req-c319ef43-a9fa-483e-8c3c-89ee714f8f71 ] Request (ServerTagsTestJSON:setUpClass): 200 GET http://10.180.1.21/compute/v2.1/servers/3740794c-c7a8-4325-9234-0fe4f83cc465 0.149s
2024-12-12 10:50:14.750 66011 INFO tempest.lib.common.rest_client [req-e9a70586-f594-4a5f-af8b-dac883f7ea48 req-e9a70586-f594-4a5f-af8b-dac883f7ea48 ] Request (AttachInterfacesUnderV243Test:test_add_remove_fixed_ip): 200 GET http://10.180.1.21/compute/v2.1/servers/35979957-c1a5-4250-a16d-0eb2907da195 0.409s
2024-12-12 10:50:14.809 66045 INFO tempest.lib.common.rest_client [req-91c3440c-737a-4afc-a4b1-71be8d2e3e04 req-91c3440c-737a-4afc-a4b1-71be8d2e3e04 ] Request (MigrationsAdminTest:test_resize_server_revert_deleted_flavor): 200 GET http://10.180.1.21/compute/v2.1/servers/85928b6a-7d30-4cf6-aa1b-36357a80a38c 0.385s
2024-12-12 10:50:14.879 66067 INFO tempest.lib.common.rest_client [req-aedd8171-e480-48bd-a0f0-2a4fda9eb431 req-aedd8171-e480-48bd-a0f0-2a4fda9eb431 ] Request (ServersTestJSON:test_create_server_with_ipv6_addr_only): 200 GET http://10.180.1.21/compute/v2.1/servers/626daee0-ec18-4366-af6a-6b07708dedb1 0.400s
2024-12-12 10:50:14.936 66035 INFO tempest.lib.common.rest_client [req-cb1e4326-3c56-431c-a20b-edd43272ea73 req-cb1e4326-3c56-431c-a20b-edd43272ea73 ] Request (DeleteServersTestJSON:test_delete_server_while_in_attached_volume): 200 GET http://10.180.1.21/compute/v2.1/servers/2d367982-ec8b-4f4c-b834-513d6f23889d 0.413s
2024-12-12 10:50:15.005 66029 INFO tempest.lib.common.rest_client [req-cf1fd41b-8534-4edf-a635-1ca753c69560 req-cf1fd41b-8534-4edf-a635-1ca753c69560 ] Request (ServerShowV247Test:test_update_rebuild_list_server): 200 GET http://10.180.1.21/compute/v2.1/servers/88838791-2153-498b-8048-7891a84aa8be 0.430s
2024-12-12 10:50:15.013 66041 INFO tempest.lib.common.rest_client [req-51a5dcef-7ed7-4a6a-887b-cd3beb16b3c1 req-51a5dcef-7ed7-4a6a-887b-cd3beb16b3c1 ] Request (FloatingIPsAssociationTestJSON:test_associate_already_associated_floating_ip): 202 POST http://10.180.1.21/compute/v2.1/servers/3d6b91bf-2ac9-4b6b-80fc-065268b9ed22/action 1.977s
2024-12-12 10:50:15.060 66065 INFO tempest.lib.common.rest_client [req-a80ea727-8016-4796-b9cb-dd24ffad6d2e req-a80ea727-8016-4796-b9cb-dd24ffad6d2e ] Request (MultipleCreateTestJSON:_run_cleanups): 200 GET http://10.180.1.21/compute/v2.1/servers/f641da2b-bf8b-46c6-bdff-52d7bcdc1ad1 0.431s
2024-12-12 10:50:15.071 66021 INFO tempest.lib.common.rest_client [req-91162b17-d59c-42f3-ac54-8ab2fd843fd0 req-91162b17-d59c-42f3-ac54-8ab2fd843fd0 ] Request (DeleteServersAdminTestJSON:test_delete_server_while_in_error_state): 200 GET http://10.180.1.21/compute/v2.1/servers/0a5926ae-9200-4b62-86f0-3efea856792e 0.382s
2024-12-12 10:50:15.109 66009 INFO tempest.lib.common.rest_client [req-2725f26b-b407-4c80-9579-8614f5809bb0 req-2725f26b-b407-4c80-9579-8614f5809bb0 ] Request (SecurityGroupsTestJSON:test_server_security_groups): 200 GET http://10.180.1.21/compute/v2.1/servers/d41df122-2604-4e47-a2cf-ef5983b4a211 0.366s
2024-12-12 10:50:15.126 66051 INFO tempest.lib.common.rest_client [req-5fb00752-850d-4707-b71b-fde349a0bc80 req-5fb00752-850d-4707-b71b-fde349a0bc80 ] Request (ServersV294TestFqdnHostnames:setUpClass): 200 GET http://10.180.1.21/compute/v2.1/servers/b60445df-57f7-45aa-9aa5-b3282ac6e4e0 0.323s
2024-12-12 10:50:15.158 66027 INFO tempest.lib.common.rest_client [req-b6cee572-311f-4ca9-9471-410bec2ec251 req-b6cee572-311f-4ca9-9471-410bec2ec251 ] Request (ImagesTestJSON:test_create_image_from_stopped_server): 200 GET http://10.180.1.21/compute/v2.1/servers/1f263cb1-15b3-4e8d-8cfa-dae622a1c186 0.299s
2024-12-12 10:50:15.183 66039 INFO tempest.lib.common.rest_client [req-b2e07033-5f07-4522-ab63-9f3e591efd5a req-b2e07033-5f07-4522-ab63-9f3e591efd5a ] Request (ServersTestMultiNic:_run_cleanups): 200 GET http://10.180.1.21/compute/v2.1/servers/0ea6eea2-4690-47d5-a489-d0d4773fc8b9 0.187s
2024-12-12 10:50:15.189 66039 INFO tempest.common.waiters [-] State transition "ACTIVE/deleting" ==> "DELETED/None" after 7 second wait
2024-12-12 10:50:15.236 66017 INFO tempest.lib.common.rest_client [req-2fa9bc77-8232-4b6a-b859-ce6f7b7decd1 req-2fa9bc77-8232-4b6a-b859-ce6f7b7decd1 ] Request (ServersAdminTestJSON:test_create_server_with_scheduling_hint): 200 GET http://10.180.1.21/compute/v2.1/servers/75d8232c-3dee-48f6-8abd-60581f4abd44 0.171s
2024-12-12 10:50:15.293 66023 INFO tempest.lib.common.rest_client [req-3a1d0e7c-ca70-43af-a747-7224d5e05c63 req-3a1d0e7c-ca70-43af-a747-7224d5e05c63 ] Request (ListServerFiltersTestJSON:setUpClass): 200 GET http://10.180.1.21/compute/v2.1/servers/af5e70a2-df8f-424e-adcb-e88adc6e498b 0.171s
2024-12-12 10:50:15.331 66059 WARNING tempest.lib.common.ssh [-] Failed to establish authenticated ssh connection to cirros@10.180.180.139 ([Errno None] Unable to connect to port 22 on 10.180.180.139). Number attempts: 7. Retry after 8 seconds.: paramiko.ssh_exception.NoValidConnectionsError: [Errno None] Unable to connect to port 22 on 10.180.180.139
2024-12-12 10:50:15.340 66015 INFO tempest.lib.common.rest_client [req-651bcf3b-d6b2-4b38-9796-f01fed574f58 req-651bcf3b-d6b2-4b38-9796-f01fed574f58 ] Request (ServerRescueNegativeTestJSON:setUpClass): 200 GET http://10.180.1.21/compute/v2.1/servers/d8401e2f-0d4c-4a7e-8577-04e3d68b1763 0.159s
2024-12-12 10:50:15.355 66041 INFO tempest.lib.common.rest_client [req-16ed0022-784e-4092-b25f-8deedcc01f64 req-16ed0022-784e-4092-b25f-8deedcc01f64 ] Request (FloatingIPsAssociationTestJSON:test_associate_already_associated_floating_ip): 409 POST http://10.180.1.21/compute/v2.1/servers/b20cb8cb-b813-40b3-8c78-bb413b702339/action 0.340s
2024-12-12 10:50:15.387 66019 INFO tempest.lib.common.rest_client [req-6cbaa4ed-9c2d-4bbd-a0ee-a22fa495da52 req-6cbaa4ed-9c2d-4bbd-a0ee-a22fa495da52 ] Request (ImagesOneServerNegativeTestJSON:_run_cleanups): 200 GET http://10.180.1.21/compute/v2.1/servers/978f946b-172a-48d4-b9de-ee19dd0d1224 0.157s
2024-12-12 10:50:15.399 66031 INFO tempest.lib.common.rest_client [req-1a84c1d8-812e-4872-b406-bc664acc159a req-1a84c1d8-812e-4872-b406-bc664acc159a ] Request (ServerDiskConfigTestJSON:test_rebuild_server_with_manual_disk_config): 200 GET http://10.180.1.21/compute/v2.1/servers/5021101b-d7d4-40a2-9568-004f45f3b02d 0.122s
2024-12-12 10:50:15.439 66025 INFO tempest.lib.common.rest_client [req-c4aadfe8-4bae-487f-b849-94d174ea38c9 req-c4aadfe8-4bae-487f-b849-94d174ea38c9 ] Request (ImagesNegativeTestJSON:test_create_image_from_deleted_server): 200 GET http://10.180.1.21/compute/v2.1/servers/ff6920f6-d7f0-47db-af2b-7896c496fe32 0.107s
2024-12-12 10:50:15.507 66049 INFO tempest.lib.common.rest_client [req-443fcd05-e375-4ea7-bcd3-8abc93beebaa req-443fcd05-e375-4ea7-bcd3-8abc93beebaa ] Request (ServerTagsTestJSON:setUpClass): 200 GET http://10.180.1.21/compute/v2.1/servers/3740794c-c7a8-4325-9234-0fe4f83cc465 0.121s
2024-12-12 10:50:15.943 66011 INFO tempest.lib.common.rest_client [req-8d8eb34f-621e-4a16-b163-e9d5158abcf0 req-8d8eb34f-621e-4a16-b163-e9d5158abcf0 ] Request (AttachInterfacesUnderV243Test:test_add_remove_fixed_ip): 200 GET http://10.180.1.21/compute/v2.1/servers/35979957-c1a5-4250-a16d-0eb2907da195 0.185s
2024-12-12 10:50:15.950 66011 INFO tempest.common.waiters [-] State transition "BUILD/spawning" ==> "ACTIVE/None" after 72 second wait
2024-12-12 10:50:15.987 66045 INFO tempest.lib.common.rest_client [req-09fe4bef-b5db-456f-8c08-6a17caae5634 req-09fe4bef-b5db-456f-8c08-6a17caae5634 ] Request (MigrationsAdminTest:test_resize_server_revert_deleted_flavor): 200 GET http://10.180.1.21/compute/v2.1/servers/85928b6a-7d30-4cf6-aa1b-36357a80a38c 0.167s
2024-12-12 10:50:16.031 66067 INFO tempest.lib.common.rest_client [req-80e2d707-3341-4e1a-933a-384cc86d16d5 req-80e2d707-3341-4e1a-933a-384cc86d16d5 ] Request (ServersTestJSON:test_create_server_with_ipv6_addr_only): 200 GET http://10.180.1.21/compute/v2.1/servers/626daee0-ec18-4366-af6a-6b07708dedb1 0.144s
2024-12-12 10:50:16.034 66037 WARNING tempest.lib.common.ssh [-] Failed to establish authenticated ssh connection to cirros@10.180.180.136 ([Errno None] Unable to connect to port 22 on 10.180.180.136). Number attempts: 8. Retry after 9 seconds.: paramiko.ssh_exception.NoValidConnectionsError: [Errno None] Unable to connect to port 22 on 10.180.180.136
2024-12-12 10:50:16.084 66035 INFO tempest.lib.common.rest_client [req-6173b7a1-ae90-46a7-a101-59a5a1fd8e73 req-6173b7a1-ae90-46a7-a101-59a5a1fd8e73 ] Request (DeleteServersTestJSON:test_delete_server_while_in_attached_volume): 200 GET http://10.180.1.21/compute/v2.1/servers/2d367982-ec8b-4f4c-b834-513d6f23889d 0.140s
2024-12-12 10:50:16.174 66011 INFO tempest.lib.common.rest_client [req-52dad8cf-db2e-4632-ac46-797229609441 req-52dad8cf-db2e-4632-ac46-797229609441 ] Request (AttachInterfacesUnderV243Test:test_add_remove_fixed_ip): 200 GET http://10.180.1.21/compute/v2.1/servers/35979957-c1a5-4250-a16d-0eb2907da195/os-interface 0.223s
2024-12-12 10:50:16.212 66041 INFO tempest.lib.common.rest_client [req-adb93607-0943-4d57-9559-0900d591758f req-adb93607-0943-4d57-9559-0900d591758f ] Request (FloatingIPsAssociationTestJSON:_run_cleanups): 202 POST http://10.180.1.21/compute/v2.1/servers/3d6b91bf-2ac9-4b6b-80fc-065268b9ed22/action 0.856s
2024-12-12 10:50:16.231 66029 INFO tempest.lib.common.rest_client [req-1e29d96b-ffee-4719-acb3-0b3110e105cc req-1e29d96b-ffee-4719-acb3-0b3110e105cc ] Request (ServerShowV247Test:test_update_rebuild_list_server): 200 GET http://10.180.1.21/compute/v2.1/servers/88838791-2153-498b-8048-7891a84aa8be 0.212s
2024-12-12 10:50:16.274 66065 INFO tempest.lib.common.rest_client [req-6f0bde8d-5e53-418a-85f6-bf137470b575 req-6f0bde8d-5e53-418a-85f6-bf137470b575 ] Request (MultipleCreateTestJSON:_run_cleanups): 200 GET http://10.180.1.21/compute/v2.1/servers/f641da2b-bf8b-46c6-bdff-52d7bcdc1ad1 0.204s
2024-12-12 10:50:16.286 66021 INFO tempest.lib.common.rest_client [req-386247e6-c7d7-4add-9525-7ae77aff5ad8 req-386247e6-c7d7-4add-9525-7ae77aff5ad8 ] Request (DeleteServersAdminTestJSON:test_delete_server_while_in_error_state): 200 GET http://10.180.1.21/compute/v2.1/servers/0a5926ae-9200-4b62-86f0-3efea856792e 0.207s
2024-12-12 10:50:16.326 66009 INFO tempest.lib.common.rest_client [req-809f8c48-9842-4fe0-9cd3-4586d9b6bc70 req-809f8c48-9842-4fe0-9cd3-4586d9b6bc70 ] Request (SecurityGroupsTestJSON:test_server_security_groups): 200 GET http://10.180.1.21/compute/v2.1/servers/d41df122-2604-4e47-a2cf-ef5983b4a211 0.209s
2024-12-12 10:50:16.350 66051 INFO tempest.lib.common.rest_client [req-768ae806-9562-4a1c-ab58-fff84a4f0532 req-768ae806-9562-4a1c-ab58-fff84a4f0532 ] Request (ServersV294TestFqdnHostnames:setUpClass): 200 GET http://10.180.1.21/compute/v2.1/servers/b60445df-57f7-45aa-9aa5-b3282ac6e4e0 0.215s
2024-12-12 10:50:16.380 66027 INFO tempest.lib.common.rest_client [req-e629608a-ae4c-450c-9d09-bdbe89076fbf req-e629608a-ae4c-450c-9d09-bdbe89076fbf ] Request (ImagesTestJSON:test_create_image_from_stopped_server): 200 GET http://10.180.1.21/compute/v2.1/servers/1f263cb1-15b3-4e8d-8cfa-dae622a1c186 0.213s
2024-12-12 10:50:16.420 66039 INFO tempest.lib.common.rest_client [req-9f4e4086-89fd-4f4a-a979-b343cce0daa3 req-9f4e4086-89fd-4f4a-a979-b343cce0daa3 ] Request (ServersTestMultiNic:_run_cleanups): 200 GET http://10.180.1.21/compute/v2.1/servers/0ea6eea2-4690-47d5-a489-d0d4773fc8b9 0.230s
2024-12-12 10:50:16.459 66041 INFO tempest.lib.common.rest_client [req-b82e38bf-9145-4062-ae71-858a78288732 req-b82e38bf-9145-4062-ae71-858a78288732 ] Request (FloatingIPsAssociationTestJSON:_run_cleanups): 204 DELETE http://10.180.1.21/compute/v2.1/servers/3d6b91bf-2ac9-4b6b-80fc-065268b9ed22 0.246s
2024-12-12 10:50:16.468 66017 INFO tempest.lib.common.rest_client [req-05ea2f66-d5a1-4aac-ae32-01cb1644d93a req-05ea2f66-d5a1-4aac-ae32-01cb1644d93a ] Request (ServersAdminTestJSON:test_create_server_with_scheduling_hint): 200 GET http://10.180.1.21/compute/v2.1/servers/75d8232c-3dee-48f6-8abd-60581f4abd44 0.225s
2024-12-12 10:50:16.510 66023 INFO tempest.lib.common.rest_client [req-0bd25ca8-f91f-4a53-821d-8b7b9b424bc0 req-0bd25ca8-f91f-4a53-821d-8b7b9b424bc0 ] Request (ListServerFiltersTestJSON:setUpClass): 200 GET http://10.180.1.21/compute/v2.1/servers/af5e70a2-df8f-424e-adcb-e88adc6e498b 0.210s
2024-12-12 10:50:16.516 66015 INFO tempest.lib.common.rest_client [req-cddcefc2-bea6-4aea-981d-ea574778ced4 req-cddcefc2-bea6-4aea-981d-ea574778ced4 ] Request (ServerRescueNegativeTestJSON:setUpClass): 200 GET http://10.180.1.21/compute/v2.1/servers/d8401e2f-0d4c-4a7e-8577-04e3d68b1763 0.169s
2024-12-12 10:50:16.562 66019 INFO tempest.lib.common.rest_client [req-0fa27e78-9f3b-4887-90ed-034272aa6b05 req-0fa27e78-9f3b-4887-90ed-034272aa6b05 ] Request (ImagesOneServerNegativeTestJSON:_run_cleanups): 200 GET http://10.180.1.21/compute/v2.1/servers/978f946b-172a-48d4-b9de-ee19dd0d1224 0.168s
2024-12-12 10:50:16.571 66031 INFO tempest.lib.common.rest_client [req-84e50a6d-66f1-47f8-93c8-a264ddde58b1 req-84e50a6d-66f1-47f8-93c8-a264ddde58b1 ] Request (ServerDiskConfigTestJSON:test_rebuild_server_with_manual_disk_config): 200 GET http://10.180.1.21/compute/v2.1/servers/5021101b-d7d4-40a2-9568-004f45f3b02d 0.165s
2024-12-12 10:50:16.622 66025 INFO tempest.lib.common.rest_client [req-681a915a-59b1-405c-9d9d-d4e199551150 req-681a915a-59b1-405c-9d9d-d4e199551150 ] Request (ImagesNegativeTestJSON:test_create_image_from_deleted_server): 200 GET http://10.180.1.21/compute/v2.1/servers/ff6920f6-d7f0-47db-af2b-7896c496fe32 0.177s
2024-12-12 10:50:16.674 66049 INFO tempest.lib.common.rest_client [req-7690c5eb-3afa-4b24-aa3c-823f73b305ff req-7690c5eb-3afa-4b24-aa3c-823f73b305ff ] Request (ServerTagsTestJSON:setUpClass): 200 GET http://10.180.1.21/compute/v2.1/servers/3740794c-c7a8-4325-9234-0fe4f83cc465 0.158s
2024-12-12 10:50:16.778 66011 INFO tempest.lib.common.rest_client [req-8b18820b-8ec1-4f27-9fac-c1603b0fb29d req-8b18820b-8ec1-4f27-9fac-c1603b0fb29d ] Request (AttachInterfacesUnderV243Test:test_add_remove_fixed_ip): 200 PUT http://10.180.1.21:9696/networking/v2.0/floatingips/cfb14126-ac78-4783-aa59-3c1502adc685 0.602s
2024-12-12 10:50:16.919 66011 INFO tempest.lib.common.rest_client [req-0adadb09-2057-46f4-872e-a9cdcbb7e3a7 req-0adadb09-2057-46f4-872e-a9cdcbb7e3a7 ] Request (AttachInterfacesUnderV243Test:test_add_remove_fixed_ip): 200 GET http://10.180.1.21/compute/v2.1/servers/35979957-c1a5-4250-a16d-0eb2907da195 0.141s
2024-12-12 10:50:16.926 66011 INFO tempest.lib.common.ssh [-] Creating ssh connection to '10.180.180.172:22' as 'cirros' with public key authentication
2024-12-12 10:50:17.053 66045 INFO tempest.lib.common.rest_client [req-f7453fd9-9dbc-4337-9ee6-cf34c8f6ec01 req-f7453fd9-9dbc-4337-9ee6-cf34c8f6ec01 ] Request (MigrationsAdminTest:test_resize_server_revert_deleted_flavor): 200 GET http://10.180.1.21/compute/v2.1/servers/85928b6a-7d30-4cf6-aa1b-36357a80a38c 0.057s
2024-12-12 10:50:17.113 66067 INFO tempest.lib.common.rest_client [req-8ac94995-0e2a-4cb6-86f3-ae521923b0fa req-8ac94995-0e2a-4cb6-86f3-ae521923b0fa ] Request (ServersTestJSON:test_create_server_with_ipv6_addr_only): 200 GET http://10.180.1.21/compute/v2.1/servers/626daee0-ec18-4366-af6a-6b07708dedb1 0.075s
2024-12-12 10:50:17.172 66035 INFO tempest.lib.common.rest_client [req-1403d150-0f72-417a-ad13-9f704cffd35e req-1403d150-0f72-417a-ad13-9f704cffd35e ] Request (DeleteServersTestJSON:test_delete_server_while_in_attached_volume): 200 GET http://10.180.1.21/compute/v2.1/servers/2d367982-ec8b-4f4c-b834-513d6f23889d 0.080s
2024-12-12 10:50:17.186 66063 WARNING tempest.lib.common.ssh [-] Failed to establish authenticated ssh connection to cirros@10.180.180.210 ([Errno None] Unable to connect to port 22 on 10.180.180.210). Number attempts: 7. Retry after 8 seconds.: paramiko.ssh_exception.NoValidConnectionsError: [Errno None] Unable to connect to port 22 on 10.180.180.210
2024-12-12 10:50:17.294 66029 INFO tempest.lib.common.rest_client [req-60d5b3bb-2d7b-4f08-877b-37749f05d63a req-60d5b3bb-2d7b-4f08-877b-37749f05d63a ] Request (ServerShowV247Test:test_update_rebuild_list_server): 200 GET http://10.180.1.21/compute/v2.1/servers/88838791-2153-498b-8048-7891a84aa8be 0.054s
2024-12-12 10:50:17.357 66065 INFO tempest.lib.common.rest_client [req-14d7d204-3579-4485-b928-5fd9150d4112 req-14d7d204-3579-4485-b928-5fd9150d4112 ] Request (MultipleCreateTestJSON:_run_cleanups): 200 GET http://10.180.1.21/compute/v2.1/servers/f641da2b-bf8b-46c6-bdff-52d7bcdc1ad1 0.076s
2024-12-12 10:50:17.420 66021 INFO tempest.lib.common.rest_client [req-51fcb02e-9231-4971-8e2c-74c552dc59b1 req-51fcb02e-9231-4971-8e2c-74c552dc59b1 ] Request (DeleteServersAdminTestJSON:test_delete_server_while_in_error_state): 200 GET http://10.180.1.21/compute/v2.1/servers/0a5926ae-9200-4b62-86f0-3efea856792e 0.127s
2024-12-12 10:50:17.479 66009 INFO tempest.lib.common.rest_client [req-66bad804-b534-4867-a4cc-5a104cb42f7f req-66bad804-b534-4867-a4cc-5a104cb42f7f ] Request (SecurityGroupsTestJSON:test_server_security_groups): 200 GET http://10.180.1.21/compute/v2.1/servers/d41df122-2604-4e47-a2cf-ef5983b4a211 0.146s
2024-12-12 10:50:17.561 66051 INFO tempest.lib.common.rest_client [req-ff85b081-2ce6-40c4-a030-cbf8ad754208 req-ff85b081-2ce6-40c4-a030-cbf8ad754208 ] Request (ServersV294TestFqdnHostnames:setUpClass): 200 GET http://10.180.1.21/compute/v2.1/servers/b60445df-57f7-45aa-9aa5-b3282ac6e4e0 0.201s
2024-12-12 10:50:17.566 66041 INFO tempest.lib.common.rest_client [req-05aee15d-269a-42a9-bcc4-abb489cc343c req-05aee15d-269a-42a9-bcc4-abb489cc343c ] Request (FloatingIPsAssociationTestJSON:test_associate_disassociate_floating_ip): 202 POST http://10.180.1.21/compute/v2.1/servers/b20cb8cb-b813-40b3-8c78-bb413b702339/action 1.106s
2024-12-12 10:50:17.619 66027 INFO tempest.lib.common.rest_client [req-a19f62cf-9118-45d0-b33b-6e27a63f09bd req-a19f62cf-9118-45d0-b33b-6e27a63f09bd ] Request (ImagesTestJSON:test_create_image_from_stopped_server): 200 GET http://10.180.1.21/compute/v2.1/servers/1f263cb1-15b3-4e8d-8cfa-dae622a1c186 0.227s
2024-12-12 10:50:17.628 66027 INFO tempest.common.waiters [-] State transition "BUILD/scheduling" ==> "BUILD/None" after 41 second wait
2024-12-12 10:50:17.631 66039 INFO tempest.lib.common.rest_client [req-61b60fae-9f8d-41d2-99f1-c2266a5248bc req-61b60fae-9f8d-41d2-99f1-c2266a5248bc ] Request (ServersTestMultiNic:_run_cleanups): 200 GET http://10.180.1.21/compute/v2.1/servers/0ea6eea2-4690-47d5-a489-d0d4773fc8b9 0.202s
