2024-12-12 10:49:07.289 66067 INFO tempest.lib.common.rest_client [req-4a2035db-7275-47d5-8c9f-f419852707e9 req-4a2035db-7275-47d5-8c9f-f419852707e9 ] Request (ServersTestJSON:test_create_server_specify_multibyte_character_name): 200 GET http://10.180.1.21/compute/v2.1/servers/b24c43f6-39e4-4902-8e26-5634c9f52276 0.158s
2024-12-12 10:49:07.321 66041 INFO tempest.lib.common.rest_client [req-bc4aa34c-d1b7-4620-90e4-982f886de076 req-bc4aa34c-d1b7-4620-90e4-982f886de076 ] Request (FloatingIPsAssociationTestJSON:test_associate_already_associated_floating_ip): 200 GET http://10.180.1.21/compute/v2.1/servers/3d6b91bf-2ac9-4b6b-80fc-065268b9ed22 0.112s
2024-12-12 10:49:07.466 66037 INFO tempest.lib.common.rest_client [req-520bb2fd-3573-4946-9bba-e092f24efe4b req-520bb2fd-3573-4946-9bba-e092f24efe4b ] Request (VolumesAdminNegativeTest:test_update_attached_volume_with_nonexistent_volume_in_body): 200 GET http://10.180.1.21/compute/v2.1/servers/a84a6c96-9625-4f81-8781-09ee831d8bfe 0.246s
2024-12-12 10:49:07.506 66035 INFO tempest.lib.common.rest_client [req-37efc11c-c952-403f-b5b8-0c5da1bac1c6 req-37efc11c-c952-403f-b5b8-0c5da1bac1c6 ] Request (DeleteServersTestJSON:test_delete_active_server): 200 GET http://10.180.1.21/compute/v2.1/servers/cc768a9e-0d11-49e0-8762-35dcaaf929fb 0.250s
2024-12-12 10:49:07.516 66035 INFO tempest.common.waiters [-] State transition "BUILD/None" ==> "BUILD/block_device_mapping" after 30 second wait
2024-12-12 10:49:07.525 66011 INFO tempest.lib.common.rest_client [req-b0d0ef70-0a7c-4b31-8f9e-afc5e2b14ef2 req-b0d0ef70-0a7c-4b31-8f9e-afc5e2b14ef2 ] Request (AttachInterfacesUnderV243Test:test_add_remove_fixed_ip): 200 GET http://10.180.1.21/compute/v2.1/servers/35979957-c1a5-4250-a16d-0eb2907da195 0.252s
2024-12-12 10:49:07.572 66049 INFO tempest.lib.common.rest_client [req-e7b32dfb-5aee-4ea6-980a-7e289873bdf0 req-e7b32dfb-5aee-4ea6-980a-7e289873bdf0 ] Request (ServerAddressesNegativeTestJSON:tearDownClass): 200 GET http://10.180.1.21/compute/v2.1/servers/610060b3-65e4-410a-8073-5f07f3e0539c 0.253s
2024-12-12 10:49:07.586 66043 INFO tempest.lib.common.rest_client [req-8b9a870a-d47a-4114-a53a-f1427eb1c38e req-8b9a870a-d47a-4114-a53a-f1427eb1c38e ] Request (ServersAdmin275Test:_run_cleanups): 200 GET http://10.180.1.21/compute/v2.1/servers/602f4c47-5428-41df-bc84-9b903a03d3c6 0.252s
2024-12-12 10:49:07.594 66043 INFO tempest.common.waiters [-] State transition "REBUILD/rebuild_spawning" ==> "ACTIVE/None" after 11 second wait
2024-12-12 10:49:07.624 66059 INFO tempest.lib.common.rest_client [req-2d7c03b7-40f8-436d-992a-4d94dd3058c8 req-2d7c03b7-40f8-436d-992a-4d94dd3058c8 ] Request (AttachInterfacesTestJSON:test_create_list_show_delete_interfaces_by_fixed_ip): 200 GET http://10.180.1.21/compute/v2.1/servers/bb4f1b26-bf1a-49d9-98f9-73a58ebb23d5 0.252s
2024-12-12 10:49:07.640 66015 INFO tempest.lib.common.rest_client [req-b2437f75-2294-49ea-b09c-0df84e71344b req-b2437f75-2294-49ea-b09c-0df84e71344b ] Request (ServerRescueNegativeTestJSON:setUpClass): 200 GET http://10.180.1.21/compute/v2.1/servers/d8401e2f-0d4c-4a7e-8577-04e3d68b1763 0.259s
2024-12-12 10:49:07.684 66065 INFO tempest.lib.common.rest_client [req-7fe922a9-73e4-4223-b879-9e3560929f01 req-7fe922a9-73e4-4223-b879-9e3560929f01 ] Request (MultipleCreateTestJSON:test_multiple_create): 200 GET http://10.180.1.21/compute/v2.1/servers/87b3796c-2192-41de-a367-a40dec742c47 0.194s
2024-12-12 10:49:07.707 66023 INFO tempest.lib.common.rest_client [req-0a7af68f-c9af-47e9-95da-a30ebda23808 req-0a7af68f-c9af-47e9-95da-a30ebda23808 ] Request (ImagesOneServerTestJSON:tearDownClass): 200 GET http://10.180.1.21/compute/v2.1/servers/3c27d92d-5072-4d12-aa5e-60336dad1c41 0.159s
2024-12-12 10:49:07.713 66023 INFO tempest.common.waiters [-] State transition "ACTIVE/deleting" ==> "DELETED/None" after 3 second wait
2024-12-12 10:49:07.754 66063 INFO tempest.lib.common.rest_client [req-a5ddd464-a8a2-461c-a432-50bc23826b97 req-a5ddd464-a8a2-461c-a432-50bc23826b97 ] Request (ServersTestBootFromVolume:setUpClass): 200 GET http://10.180.1.21/compute/v2.1/servers/5b69dca5-4cf6-41ea-8dcc-3cb1515a22f9 0.144s
2024-12-12 10:49:07.761 66043 INFO tempest.lib.common.rest_client [req-b3cc822d-553b-46f9-b61c-18d1dbd3fc2a req-b3cc822d-553b-46f9-b61c-18d1dbd3fc2a ] Request (ServersAdmin275Test:tearDownClass): 204 DELETE http://10.180.1.21/compute/v2.1/servers/602f4c47-5428-41df-bc84-9b903a03d3c6 0.165s
2024-12-12 10:49:07.818 66031 INFO tempest.lib.common.rest_client [req-2b9ddd56-3676-41aa-b1ef-72b717962bf1 req-2b9ddd56-3676-41aa-b1ef-72b717962bf1 ] Request (ServerDiskConfigTestJSON:test_rebuild_server_with_auto_disk_config): 200 GET http://10.180.1.21/compute/v2.1/servers/66448535-e73a-4cf2-bc6f-f12e656ff3f1 0.161s
2024-12-12 10:49:07.829 66027 INFO tempest.lib.common.rest_client [req-e5bef22e-8d68-4390-ab4c-c88c982af7e4 req-e5bef22e-8d68-4390-ab4c-c88c982af7e4 ] Request (ServerDiagnosticsV248Test:tearDownClass): 200 GET http://10.180.1.21/compute/v2.1/servers/fe8200b4-0acd-4664-9b3d-b775ab421bd1 0.143s
2024-12-12 10:49:07.879 66043 INFO tempest.lib.common.rest_client [req-5cb5aa12-0157-4031-a30d-8cda6bef4b58 req-5cb5aa12-0157-4031-a30d-8cda6bef4b58 ] Request (ServersAdmin275Test:tearDownClass): 200 GET http://10.180.1.21/compute/v2.1/servers/602f4c47-5428-41df-bc84-9b903a03d3c6 0.117s
2024-12-12 10:49:07.948 66045 INFO tempest.lib.common.rest_client [req-b5e26941-540f-44c0-a32f-173e198e5113 req-b5e26941-540f-44c0-a32f-173e198e5113 ] Request (MigrationsAdminTest:test_list_migrations_in_flavor_resize_situation): 200 GET http://10.180.1.21/compute/v2.1/servers/c13205db-c3b6-4014-ba7e-340f800bdec0 0.143s
2024-12-12 10:49:08.012 66007 INFO tempest.lib.common.rest_client [req-b772bcee-94b0-4442-b64f-9a4c7f57d021 req-b772bcee-94b0-4442-b64f-9a4c7f57d021 ] Request (FloatingIPsAssociationNegativeTestJSON:setUpClass): 200 GET http://10.180.1.21/compute/v2.1/servers/18199893-4be7-41c8-b5a7-319a6c1da49f 0.090s
2024-12-12 10:49:08.039 66029 INFO tempest.lib.common.rest_client [req-3a25d5ea-82b2-4182-8ef1-87f00426b502 req-3a25d5ea-82b2-4182-8ef1-87f00426b502 ] Request (AttachInterfacesV270Test:tearDownClass): 200 GET http://10.180.1.21/compute/v2.1/servers/9cd6d08a-2810-4377-a731-c0dd895580b7 0.063s
2024-12-12 10:49:08.095 66025 INFO tempest.lib.common.rest_client [req-108a8cfc-b0db-42f0-b5b0-3e6eedc76741 req-108a8cfc-b0db-42f0-b5b0-3e6eedc76741 ] Request (ImagesNegativeTestJSON:test_create_image_from_deleted_server): 200 GET http://10.180.1.21/compute/v2.1/servers/ff6920f6-d7f0-47db-af2b-7896c496fe32 0.058s
2024-12-12 10:49:08.160 66051 INFO tempest.lib.common.rest_client [req-fa2646c2-ec94-4adc-a343-0f308221d28c req-fa2646c2-ec94-4adc-a343-0f308221d28c ] Request (ServersV294TestFqdnHostnames:setUpClass): 200 GET http://10.180.1.21/compute/v2.1/servers/b60445df-57f7-45aa-9aa5-b3282ac6e4e0 0.063s
2024-12-12 10:49:08.181 66053 INFO tempest.lib.common.rest_client [req-37a4cb3c-8b9d-4c2a-84ee-68c8a709c7d6 req-37a4cb3c-8b9d-4c2a-84ee-68c8a709c7d6 ] Request (ServerExternalEventsTest:tearDownClass): 200 GET http://10.180.1.21/compute/v2.1/servers/8e5909af-780c-4256-99ce-30e0824b4106 0.069s
2024-12-12 10:49:08.215 66039 INFO tempest.lib.common.rest_client [req-dff2c01b-77d9-46a4-beb3-bbdef915b097 req-dff2c01b-77d9-46a4-beb3-bbdef915b097 ] Request (ServersTestMultiNic:test_verify_duplicate_network_nics): 200 GET http://10.180.1.21/compute/v2.1/servers/0ea6eea2-4690-47d5-a489-d0d4773fc8b9 0.058s
2024-12-12 10:49:08.241 66019 INFO tempest.lib.common.rest_client [req-a70ca137-afc3-435c-871d-fa56b708adcc req-a70ca137-afc3-435c-871d-fa56b708adcc ] Request (ImagesOneServerNegativeTestJSON:_run_cleanups): 200 GET http://10.180.1.21/compute/v2.1/servers/b960d026-6a8c-48f4-ab6c-164e08215425 0.071s
2024-12-12 10:49:08.270 66021 INFO tempest.lib.common.rest_client [req-6851b630-65ff-49fe-ad06-9040eb1d8821 req-6851b630-65ff-49fe-ad06-9040eb1d8821 ] Request (DeleteServersAdminTestJSON:test_delete_server_while_in_error_state): 200 GET http://10.180.1.21/compute/v2.1/servers/0a5926ae-9200-4b62-86f0-3efea856792e 0.051s
2024-12-12 10:49:08.303 66017 INFO tempest.lib.common.rest_client [req-b81b79c6-4318-4b8f-9fe2-cb34eec2fb8a req-b81b79c6-4318-4b8f-9fe2-cb34eec2fb8a ] Request (ServersAdminTestJSON:test_create_server_with_scheduling_hint): 200 GET http://10.180.1.21/compute/v2.1/servers/75d8232c-3dee-48f6-8abd-60581f4abd44 0.071s
2024-12-12 10:49:08.336 66009 INFO tempest.lib.common.rest_client [req-b380cd44-fe62-4faf-aaa1-11c0c4e50dfe req-b380cd44-fe62-4faf-aaa1-11c0c4e50dfe ] Request (SecurityGroupsTestJSON:test_list_security_groups_by_server): 200 GET http://10.180.1.21/compute/v2.1/servers/bcf8cd94-b380-41e6-8792-df66a2954952 0.054s
2024-12-12 10:49:08.352 66067 INFO tempest.lib.common.rest_client [req-bfaae520-cb5e-42ae-b413-4d62d090bc53 req-bfaae520-cb5e-42ae-b413-4d62d090bc53 ] Request (ServersTestJSON:test_create_server_specify_multibyte_character_name): 200 GET http://10.180.1.21/compute/v2.1/servers/b24c43f6-39e4-4902-8e26-5634c9f52276 0.053s
2024-12-12 10:49:08.387 66041 INFO tempest.lib.common.rest_client [req-58503dc2-aa65-4ff4-b186-cbb68e6ecac8 req-58503dc2-aa65-4ff4-b186-cbb68e6ecac8 ] Request (FloatingIPsAssociationTestJSON:test_associate_already_associated_floating_ip): 200 GET http://10.180.1.21/compute/v2.1/servers/3d6b91bf-2ac9-4b6b-80fc-065268b9ed22 0.058s
2024-12-12 10:49:08.663 66037 INFO tempest.lib.common.rest_client [req-01fe528e-b509-4de7-a7c0-332148c6bc2e req-01fe528e-b509-4de7-a7c0-332148c6bc2e ] Request (VolumesAdminNegativeTest:test_update_attached_volume_with_nonexistent_volume_in_body): 200 GET http://10.180.1.21/compute/v2.1/servers/a84a6c96-9625-4f81-8781-09ee831d8bfe 0.187s
2024-12-12 10:49:08.665 66035 INFO tempest.lib.common.rest_client [req-0cbb7236-dca9-4086-b627-75b122174d95 req-0cbb7236-dca9-4086-b627-75b122174d95 ] Request (DeleteServersTestJSON:test_delete_active_server): 200 GET http://10.180.1.21/compute/v2.1/servers/cc768a9e-0d11-49e0-8762-35dcaaf929fb 0.148s
2024-12-12 10:49:08.672 66035 INFO tempest.common.waiters [-] State transition "BUILD/block_device_mapping" ==> "BUILD/spawning" after 31 second wait
2024-12-12 10:49:08.717 66011 INFO tempest.lib.common.rest_client [req-e95768a7-bf54-430a-865c-870301835d03 req-e95768a7-bf54-430a-865c-870301835d03 ] Request (AttachInterfacesUnderV243Test:test_add_remove_fixed_ip): 200 GET http://10.180.1.21/compute/v2.1/servers/35979957-c1a5-4250-a16d-0eb2907da195 0.184s
2024-12-12 10:49:08.724 66049 INFO tempest.lib.common.rest_client [req-78873984-cefb-4657-bdb8-a8598b1132cc req-78873984-cefb-4657-bdb8-a8598b1132cc ] Request (ServerAddressesNegativeTestJSON:tearDownClass): 200 GET http://10.180.1.21/compute/v2.1/servers/610060b3-65e4-410a-8073-5f07f3e0539c 0.142s
2024-12-12 10:49:08.765 66059 INFO tempest.lib.common.rest_client [req-4d193a3b-1de3-4349-956b-cccd9c5c87ce req-4d193a3b-1de3-4349-956b-cccd9c5c87ce ] Request (AttachInterfacesTestJSON:test_create_list_show_delete_interfaces_by_fixed_ip): 200 GET http://10.180.1.21/compute/v2.1/servers/bb4f1b26-bf1a-49d9-98f9-73a58ebb23d5 0.133s
2024-12-12 10:49:08.774 66015 INFO tempest.lib.common.rest_client [req-c59d26d7-826a-40fe-b3af-5ade750c1acf req-c59d26d7-826a-40fe-b3af-5ade750c1acf ] Request (ServerRescueNegativeTestJSON:setUpClass): 200 GET http://10.180.1.21/compute/v2.1/servers/d8401e2f-0d4c-4a7e-8577-04e3d68b1763 0.127s
2024-12-12 10:49:08.821 66065 INFO tempest.lib.common.rest_client [req-544d66c1-65f2-4c0d-914a-3232f54b985f req-544d66c1-65f2-4c0d-914a-3232f54b985f ] Request (MultipleCreateTestJSON:test_multiple_create): 200 GET http://10.180.1.21/compute/v2.1/servers/87b3796c-2192-41de-a367-a40dec742c47 0.129s
2024-12-12 10:49:08.835 66023 INFO tempest.lib.common.rest_client [req-6e2b999a-762a-4031-b911-9f8375ed2499 req-6e2b999a-762a-4031-b911-9f8375ed2499 ] Request (ImagesOneServerTestJSON:tearDownClass): 200 GET http://10.180.1.21/compute/v2.1/servers/3c27d92d-5072-4d12-aa5e-60336dad1c41 0.121s
2024-12-12 10:49:08.885 66063 INFO tempest.lib.common.rest_client [req-cba4e692-b171-4a60-a4e2-f473a8456518 req-cba4e692-b171-4a60-a4e2-f473a8456518 ] Request (ServersTestBootFromVolume:setUpClass): 200 GET http://10.180.1.21/compute/v2.1/servers/5b69dca5-4cf6-41ea-8dcc-3cb1515a22f9 0.123s
2024-12-12 10:49:08.895 66031 INFO tempest.lib.common.rest_client [req-2ac3cccb-4317-4946-80b2-cb7c41ce6bd2 req-2ac3cccb-4317-4946-80b2-cb7c41ce6bd2 ] Request (ServerDiskConfigTestJSON:test_rebuild_server_with_auto_disk_config): 200 GET http://10.180.1.21/compute/v2.1/servers/66448535-e73a-4cf2-bc6f-f12e656ff3f1 0.067s
2024-12-12 10:49:08.939 66027 INFO tempest.lib.common.rest_client [req-e9ccc63e-8adb-4a90-83fd-2d8466cc692e req-e9ccc63e-8adb-4a90-83fd-2d8466cc692e ] Request (ServerDiagnosticsV248Test:tearDownClass): 200 GET http://10.180.1.21/compute/v2.1/servers/fe8200b4-0acd-4664-9b3d-b775ab421bd1 0.101s
2024-12-12 10:49:08.952 66043 INFO tempest.lib.common.rest_client [req-fdce2e8b-c8c0-46f1-aadb-8779abf05a46 req-fdce2e8b-c8c0-46f1-aadb-8779abf05a46 ] Request (ServersAdmin275Test:tearDownClass): 200 GET http://10.180.1.21/compute/v2.1/servers/602f4c47-5428-41df-bc84-9b903a03d3c6 0.064s
2024-12-12 10:49:09.050 66045 INFO tempest.lib.common.rest_client [req-6aeaa672-2123-4ab5-9ab3-62ede843ff0d req-6aeaa672-2123-4ab5-9ab3-62ede843ff0d ] Request (MigrationsAdminTest:test_list_migrations_in_flavor_resize_situation): 200 GET http://10.180.1.21/compute/v2.1/servers/c13205db-c3b6-4014-ba7e-340f800bdec0 0.095s
2024-12-12 10:49:09.115 66029 INFO tempest.lib.common.rest_client [req-5ddf2a6c-918f-455f-8b38-a82d5fa35789 req-5ddf2a6c-918f-455f-8b38-a82d5fa35789 ] Request (AttachInterfacesV270Test:tearDownClass): 200 GET http://10.180.1.21/compute/v2.1/servers/9cd6d08a-2810-4377-a731-c0dd895580b7 0.066s
2024-12-12 10:49:09.131 66007 INFO tempest.lib.common.rest_client [req-453d114a-7c9b-43b5-b2f0-5a66d54bf5e3 req-453d114a-7c9b-43b5-b2f0-5a66d54bf5e3 ] Request (FloatingIPsAssociationNegativeTestJSON:setUpClass): 200 GET http://10.180.1.21/compute/v2.1/servers/18199893-4be7-41c8-b5a7-319a6c1da49f 0.110s
2024-12-12 10:49:09.160 66025 INFO tempest.lib.common.rest_client [req-b5ca5370-702e-4a82-ac84-525594f04378 req-b5ca5370-702e-4a82-ac84-525594f04378 ] Request (ImagesNegativeTestJSON:test_create_image_from_deleted_server): 200 GET http://10.180.1.21/compute/v2.1/servers/ff6920f6-d7f0-47db-af2b-7896c496fe32 0.057s
2024-12-12 10:49:09.221 66051 INFO tempest.lib.common.rest_client [req-b13344f2-3618-4262-ba5a-0992d1eace52 req-b13344f2-3618-4262-ba5a-0992d1eace52 ] Request (ServersV294TestFqdnHostnames:setUpClass): 200 GET http://10.180.1.21/compute/v2.1/servers/b60445df-57f7-45aa-9aa5-b3282ac6e4e0 0.051s
2024-12-12 10:49:09.246 66053 INFO tempest.lib.common.rest_client [req-1589bf5b-fef4-42d5-9622-6a693fcaa962 req-1589bf5b-fef4-42d5-9622-6a693fcaa962 ] Request (ServerExternalEventsTest:tearDownClass): 200 GET http://10.180.1.21/compute/v2.1/servers/8e5909af-780c-4256-99ce-30e0824b4106 0.050s
2024-12-12 10:49:09.272 66039 INFO tempest.lib.common.rest_client [req-118fb4ee-1bc9-42a3-b911-e9f6d3df57be req-118fb4ee-1bc9-42a3-b911-e9f6d3df57be ] Request (ServersTestMultiNic:test_verify_duplicate_network_nics): 200 GET http://10.180.1.21/compute/v2.1/servers/0ea6eea2-4690-47d5-a489-d0d4773fc8b9 0.050s
2024-12-12 10:49:09.302 66019 INFO tempest.lib.common.rest_client [req-593af80e-2c30-4dbc-9419-c099d28e0423 req-593af80e-2c30-4dbc-9419-c099d28e0423 ] Request (ImagesOneServerNegativeTestJSON:_run_cleanups): 200 GET http://10.180.1.21/compute/v2.1/servers/b960d026-6a8c-48f4-ab6c-164e08215425 0.052s
2024-12-12 10:49:09.321 66021 INFO tempest.lib.common.rest_client [req-575956a5-0340-4d79-8efa-aca049362108 req-575956a5-0340-4d79-8efa-aca049362108 ] Request (DeleteServersAdminTestJSON:test_delete_server_while_in_error_state): 200 GET http://10.180.1.21/compute/v2.1/servers/0a5926ae-9200-4b62-86f0-3efea856792e 0.046s
2024-12-12 10:49:09.359 66017 INFO tempest.lib.common.rest_client [req-0c75fe3f-1e35-4b4e-b7ac-9e7c7c3d455a req-0c75fe3f-1e35-4b4e-b7ac-9e7c7c3d455a ] Request (ServersAdminTestJSON:test_create_server_with_scheduling_hint): 200 GET http://10.180.1.21/compute/v2.1/servers/75d8232c-3dee-48f6-8abd-60581f4abd44 0.049s
2024-12-12 10:49:09.391 66009 INFO tempest.lib.common.rest_client [req-d11a757b-2f51-4cad-b4af-93c69920757c req-d11a757b-2f51-4cad-b4af-93c69920757c ] Request (SecurityGroupsTestJSON:test_list_security_groups_by_server): 200 GET http://10.180.1.21/compute/v2.1/servers/bcf8cd94-b380-41e6-8792-df66a2954952 0.048s
2024-12-12 10:49:09.406 66067 INFO tempest.lib.common.rest_client [req-34d401c5-ca92-441b-9416-d2401708d257 req-34d401c5-ca92-441b-9416-d2401708d257 ] Request (ServersTestJSON:test_create_server_specify_multibyte_character_name): 200 GET http://10.180.1.21/compute/v2.1/servers/b24c43f6-39e4-4902-8e26-5634c9f52276 0.047s
2024-12-12 10:49:09.412 66067 INFO tempest.common.waiters [-] State transition "BUILD/None" ==> "BUILD/networking" after 32 second wait
2024-12-12 10:49:09.443 66041 INFO tempest.lib.common.rest_client [req-0d0d4dd0-6bdb-41f9-9690-f0a40c16cc74 req-0d0d4dd0-6bdb-41f9-9690-f0a40c16cc74 ] Request (FloatingIPsAssociationTestJSON:test_associate_already_associated_floating_ip): 200 GET http://10.180.1.21/compute/v2.1/servers/3d6b91bf-2ac9-4b6b-80fc-065268b9ed22 0.049s
2024-12-12 10:49:09.825 66037 INFO tempest.lib.common.rest_client [req-cfd07ccd-4fd9-43a2-8397-18317b75fc24 req-cfd07ccd-4fd9-43a2-8397-18317b75fc24 ] Request (VolumesAdminNegativeTest:test_update_attached_volume_with_nonexistent_volume_in_body): 200 GET http://10.180.1.21/compute/v2.1/servers/a84a6c96-9625-4f81-8781-09ee831d8bfe 0.155s
2024-12-12 10:49:09.831 66035 INFO tempest.lib.common.rest_client [req-58a001cd-28ad-4c16-9b63-d256bf79ef67 req-58a001cd-28ad-4c16-9b63-d256bf79ef67 ] Request (DeleteServersTestJSON:test_delete_active_server): 200 GET http://10.180.1.21/compute/v2.1/servers/cc768a9e-0d11-49e0-8762-35dcaaf929fb 0.158s
2024-12-12 10:49:09.873 66011 INFO tempest.lib.common.rest_client [req-4bbe458d-dfb4-4c0d-891a-9d243335e437 req-4bbe458d-dfb4-4c0d-891a-9d243335e437 ] Request (AttachInterfacesUnderV243Test:test_add_remove_fixed_ip): 200 GET http://10.180.1.21/compute/v2.1/servers/35979957-c1a5-4250-a16d-0eb2907da195 0.148s
2024-12-12 10:49:09.896 66049 INFO tempest.lib.common.rest_client [req-43ecd4d0-a972-41e3-8d9e-075a7638292a req-43ecd4d0-a972-41e3-8d9e-075a7638292a ] Request (ServerAddressesNegativeTestJSON:tearDownClass): 200 GET http://10.180.1.21/compute/v2.1/servers/610060b3-65e4-410a-8073-5f07f3e0539c 0.165s
2024-12-12 10:49:09.923 66059 INFO tempest.lib.common.rest_client [req-38817387-ccc7-44b2-b76d-ed266834b8f3 req-38817387-ccc7-44b2-b76d-ed266834b8f3 ] Request (AttachInterfacesTestJSON:test_create_list_show_delete_interfaces_by_fixed_ip): 200 GET http://10.180.1.21/compute/v2.1/servers/bb4f1b26-bf1a-49d9-98f9-73a58ebb23d5 0.151s
2024-12-12 10:49:09.946 66015 INFO tempest.lib.common.rest_client [req-6637b8f1-f0f1-4ade-8e03-021ff93babf6 req-6637b8f1-f0f1-4ade-8e03-021ff93babf6 ] Request (ServerRescueNegativeTestJSON:setUpClass): 200 GET http://10.180.1.21/compute/v2.1/servers/d8401e2f-0d4c-4a7e-8577-04e3d68b1763 0.164s
2024-12-12 10:49:09.973 66065 INFO tempest.lib.common.rest_client [req-d9c148e7-7dfa-4841-a057-5bae8069ec46 req-d9c148e7-7dfa-4841-a057-5bae8069ec46 ] Request (MultipleCreateTestJSON:test_multiple_create): 200 GET http://10.180.1.21/compute/v2.1/servers/87b3796c-2192-41de-a367-a40dec742c47 0.144s
2024-12-12 10:49:10.001 66023 INFO tempest.lib.common.rest_client [req-81577016-d75d-44fe-a40d-8e80504e2b77 req-81577016-d75d-44fe-a40d-8e80504e2b77 ] Request (ImagesOneServerTestJSON:tearDownClass): 200 GET http://10.180.1.21/compute/v2.1/servers/3c27d92d-5072-4d12-aa5e-60336dad1c41 0.155s
2024-12-12 10:49:10.028 66063 INFO tempest.lib.common.rest_client [req-d33ec4fb-8eb1-4451-8874-b2760269c286 req-d33ec4fb-8eb1-4451-8874-b2760269c286 ] Request (ServersTestBootFromVolume:setUpClass): 200 GET http://10.180.1.21/compute/v2.1/servers/5b69dca5-4cf6-41ea-8dcc-3cb1515a22f9 0.136s
2024-12-12 10:49:10.051 66031 INFO tempest.lib.common.rest_client [req-aa288cd2-3546-478d-a0fe-0d9b32fb6a64 req-aa288cd2-3546-478d-a0fe-0d9b32fb6a64 ] Request (ServerDiskConfigTestJSON:test_rebuild_server_with_auto_disk_config): 200 GET http://10.180.1.21/compute/v2.1/servers/66448535-e73a-4cf2-bc6f-f12e656ff3f1 0.147s
2024-12-12 10:49:10.101 66027 INFO tempest.lib.common.rest_client [req-8cc34571-dc8a-468b-afcc-07c6478af768 req-8cc34571-dc8a-468b-afcc-07c6478af768 ] Request (ServerDiagnosticsV248Test:tearDownClass): 200 GET http://10.180.1.21/compute/v2.1/servers/fe8200b4-0acd-4664-9b3d-b775ab421bd1 0.152s
2024-12-12 10:49:10.115 66043 INFO tempest.lib.common.rest_client [req-740977a2-6892-47d7-8390-cd4beee71964 req-740977a2-6892-47d7-8390-cd4beee71964 ] Request (ServersAdmin275Test:tearDownClass): 200 GET http://10.180.1.21/compute/v2.1/servers/602f4c47-5428-41df-bc84-9b903a03d3c6 0.152s
2024-12-12 10:49:10.195 66029 INFO tempest.lib.common.rest_client [req-e34fbac2-b68f-49b4-b92f-fe9943226590 req-e34fbac2-b68f-49b4-b92f-fe9943226590 ] Request (AttachInterfacesV270Test:tearDownClass): 200 GET http://10.180.1.21/compute/v2.1/servers/9cd6d08a-2810-4377-a731-c0dd895580b7 0.071s
2024-12-12 10:49:10.216 66045 INFO tempest.lib.common.rest_client [req-695d4c47-eea9-4aef-add0-0f837471fea7 req-695d4c47-eea9-4aef-add0-0f837471fea7 ] Request (MigrationsAdminTest:test_list_migrations_in_flavor_resize_situation): 200 GET http://10.180.1.21/compute/v2.1/servers/c13205db-c3b6-4014-ba7e-340f800bdec0 0.158s
2024-12-12 10:49:10.483 66025 INFO tempest.lib.common.rest_client [req-71fd8622-b4bf-499b-8355-5557da79342f req-71fd8622-b4bf-499b-8355-5557da79342f ] Request (ImagesNegativeTestJSON:test_create_image_from_deleted_server): 200 GET http://10.180.1.21/compute/v2.1/servers/ff6920f6-d7f0-47db-af2b-7896c496fe32 0.316s
2024-12-12 10:49:10.554 66051 INFO tempest.lib.common.rest_client [req-e2a4db4b-d402-406a-9f25-8b64109ba97e req-e2a4db4b-d402-406a-9f25-8b64109ba97e ] Request (ServersV294TestFqdnHostnames:setUpClass): 200 GET http://10.180.1.21/compute/v2.1/servers/b60445df-57f7-45aa-9aa5-b3282ac6e4e0 0.324s
2024-12-12 10:49:10.562 66007 INFO tempest.lib.common.rest_client [req-597352c5-87c7-41da-853d-849d06d77870 req-597352c5-87c7-41da-853d-849d06d77870 ] Request (FloatingIPsAssociationNegativeTestJSON:setUpClass): 200 GET http://10.180.1.21/compute/v2.1/servers/18199893-4be7-41c8-b5a7-319a6c1da49f 0.424s
2024-12-12 10:49:10.613 66053 INFO tempest.lib.common.rest_client [req-8cd2a2f9-e201-4f1d-bfd5-4a65fbfc6cdd req-8cd2a2f9-e201-4f1d-bfd5-4a65fbfc6cdd ] Request (ServerExternalEventsTest:tearDownClass): 200 GET http://10.180.1.21/compute/v2.1/servers/8e5909af-780c-4256-99ce-30e0824b4106 0.360s
2024-12-12 10:49:10.622 66039 INFO tempest.lib.common.rest_client [req-a77b0592-cecb-45ee-9888-b7b1ee414407 req-a77b0592-cecb-45ee-9888-b7b1ee414407 ] Request (ServersTestMultiNic:test_verify_duplicate_network_nics): 200 GET http://10.180.1.21/compute/v2.1/servers/0ea6eea2-4690-47d5-a489-d0d4773fc8b9 0.343s
2024-12-12 10:49:10.682 66019 INFO tempest.lib.common.rest_client [req-13310c9e-b39f-4113-8622-f50a3e837e8d req-13310c9e-b39f-4113-8622-f50a3e837e8d ] Request (ImagesOneServerNegativeTestJSON:_run_cleanups): 200 GET http://10.180.1.21/compute/v2.1/servers/b960d026-6a8c-48f4-ab6c-164e08215425 0.372s
2024-12-12 10:49:10.683 66021 INFO tempest.lib.common.rest_client [req-e13c6a6c-7a47-44b7-ba04-d51809389056 req-e13c6a6c-7a47-44b7-ba04-d51809389056 ] Request (DeleteServersAdminTestJSON:test_delete_server_while_in_error_state): 200 GET http://10.180.1.21/compute/v2.1/servers/0a5926ae-9200-4b62-86f0-3efea856792e 0.354s
2024-12-12 10:49:10.743 66009 INFO tempest.lib.common.rest_client [req-5e9e4dfa-5be1-47a8-a675-e3930d96a588 req-5e9e4dfa-5be1-47a8-a675-e3930d96a588 ] Request (SecurityGroupsTestJSON:test_list_security_groups_by_server): 200 GET http://10.180.1.21/compute/v2.1/servers/bcf8cd94-b380-41e6-8792-df66a2954952 0.345s
2024-12-12 10:49:10.745 66017 INFO tempest.lib.common.rest_client [req-203de9a1-fccc-48f7-b267-e60f4f19814f req-203de9a1-fccc-48f7-b267-e60f4f19814f ] Request (ServersAdminTestJSON:test_create_server_with_scheduling_hint): 200 GET http://10.180.1.21/compute/v2.1/servers/75d8232c-3dee-48f6-8abd-60581f4abd44 0.378s
2024-12-12 10:49:10.815 66041 INFO tempest.lib.common.rest_client [req-e8a93882-78e0-48b7-a70b-3bf34ec63022 req-e8a93882-78e0-48b7-a70b-3bf34ec63022 ] Request (FloatingIPsAssociationTestJSON:test_associate_already_associated_floating_ip): 200 GET http://10.180.1.21/compute/v2.1/servers/3d6b91bf-2ac9-4b6b-80fc-065268b9ed22 0.365s
2024-12-12 10:49:10.895 66067 INFO tempest.lib.common.rest_client [req-abae1a95-3ba6-46bc-9137-f03eaaa149ee req-abae1a95-3ba6-46bc-9137-f03eaaa149ee ] Request (ServersTestJSON:test_create_server_specify_multibyte_character_name): 200 GET http://10.180.1.21/compute/v2.1/servers/b24c43f6-39e4-4902-8e26-5634c9f52276 0.481s
2024-12-12 10:49:10.902 66067 INFO tempest.common.waiters [-] State transition "BUILD/networking" ==> "BUILD/spawning" after 33 second wait
2024-12-12 10:49:10.937 66037 INFO tempest.lib.common.rest_client [req-3a988586-f84a-41aa-8626-08252e2608c3 req-3a988586-f84a-41aa-8626-08252e2608c3 ] Request (VolumesAdminNegativeTest:test_update_attached_volume_with_nonexistent_volume_in_body): 200 GET http://10.180.1.21/compute/v2.1/servers/a84a6c96-9625-4f81-8781-09ee831d8bfe 0.105s
2024-12-12 10:49:10.992 66035 INFO tempest.lib.common.rest_client [req-f9e2fb79-c84c-4968-bbbc-73242ded0e4f req-f9e2fb79-c84c-4968-bbbc-73242ded0e4f ] Request (DeleteServersTestJSON:test_delete_active_server): 200 GET http://10.180.1.21/compute/v2.1/servers/cc768a9e-0d11-49e0-8762-35dcaaf929fb 0.153s
2024-12-12 10:49:11.011 66011 INFO tempest.lib.common.rest_client [req-c8ade59f-90e3-470e-85e1-aaff22d4c060 req-c8ade59f-90e3-470e-85e1-aaff22d4c060 ] Request (AttachInterfacesUnderV243Test:test_add_remove_fixed_ip): 200 GET http://10.180.1.21/compute/v2.1/servers/35979957-c1a5-4250-a16d-0eb2907da195 0.131s
2024-12-12 10:49:11.053 66049 INFO tempest.lib.common.rest_client [req-5804b3ee-543d-4f8c-9ddf-dea131a64ef6 req-5804b3ee-543d-4f8c-9ddf-dea131a64ef6 ] Request (ServerAddressesNegativeTestJSON:tearDownClass): 200 GET http://10.180.1.21/compute/v2.1/servers/610060b3-65e4-410a-8073-5f07f3e0539c 0.147s
2024-12-12 10:49:11.066 66059 INFO tempest.lib.common.rest_client [req-fe8e51bc-e34a-42ff-bfe1-229ee95df6ff req-fe8e51bc-e34a-42ff-bfe1-229ee95df6ff ] Request (AttachInterfacesTestJSON:test_create_list_show_delete_interfaces_by_fixed_ip): 200 GET http://10.180.1.21/compute/v2.1/servers/bb4f1b26-bf1a-49d9-98f9-73a58ebb23d5 0.130s
2024-12-12 10:49:11.099 66015 INFO tempest.lib.common.rest_client [req-89383dea-9dc4-4c8f-a0d3-44530bce1df0 req-89383dea-9dc4-4c8f-a0d3-44530bce1df0 ] Request (ServerRescueNegativeTestJSON:setUpClass): 200 GET http://10.180.1.21/compute/v2.1/servers/d8401e2f-0d4c-4a7e-8577-04e3d68b1763 0.145s
2024-12-12 10:49:11.112 66065 INFO tempest.lib.common.rest_client [req-4ede813c-ea8c-40c9-9152-b1d90f8d4801 req-4ede813c-ea8c-40c9-9152-b1d90f8d4801 ] Request (MultipleCreateTestJSON:test_multiple_create): 200 GET http://10.180.1.21/compute/v2.1/servers/87b3796c-2192-41de-a367-a40dec742c47 0.130s
2024-12-12 10:49:11.161 66023 INFO tempest.lib.common.rest_client [req-27ff8eb7-b511-48a4-a725-a30bc635030b req-27ff8eb7-b511-48a4-a725-a30bc635030b ] Request (ImagesOneServerTestJSON:tearDownClass): 200 GET http://10.180.1.21/compute/v2.1/servers/3c27d92d-5072-4d12-aa5e-60336dad1c41 0.148s
2024-12-12 10:49:11.163 66063 INFO tempest.lib.common.rest_client [req-97a6d589-c2a0-4537-8d0c-882f5a9891c9 req-97a6d589-c2a0-4537-8d0c-882f5a9891c9 ] Request (ServersTestBootFromVolume:setUpClass): 200 GET http://10.180.1.21/compute/v2.1/servers/5b69dca5-4cf6-41ea-8dcc-3cb1515a22f9 0.125s
2024-12-12 10:49:11.212 66031 INFO tempest.lib.common.rest_client [req-5659ec56-d747-4aa5-b8cf-68d0f82dd60a req-5659ec56-d747-4aa5-b8cf-68d0f82dd60a ] Request (ServerDiskConfigTestJSON:test_rebuild_server_with_auto_disk_config): 200 GET http://10.180.1.21/compute/v2.1/servers/66448535-e73a-4cf2-bc6f-f12e656ff3f1 0.150s
2024-12-12 10:49:11.227 66027 INFO tempest.lib.common.rest_client [req-9e953324-f505-48cf-b357-1f3307889c98 req-9e953324-f505-48cf-b357-1f3307889c98 ] Request (ServerDiagnosticsV248Test:tearDownClass): 200 GET http://10.180.1.21/compute/v2.1/servers/fe8200b4-0acd-4664-9b3d-b775ab421bd1 0.116s
2024-12-12 10:49:11.278 66043 INFO tempest.lib.common.rest_client [req-ede23c3a-d1f2-417e-891a-183a132a1867 req-ede23c3a-d1f2-417e-891a-183a132a1867 ] Request (ServersAdmin275Test:tearDownClass): 200 GET http://10.180.1.21/compute/v2.1/servers/602f4c47-5428-41df-bc84-9b903a03d3c6 0.153s
2024-12-12 10:49:11.285 66029 INFO tempest.lib.common.rest_client [req-d7900601-b939-4dd7-a210-8bd92aab44ea req-d7900601-b939-4dd7-a210-8bd92aab44ea ] Request (AttachInterfacesV270Test:tearDownClass): 200 GET http://10.180.1.21/compute/v2.1/servers/9cd6d08a-2810-4377-a731-c0dd895580b7 0.080s
2024-12-12 10:49:11.376 66045 INFO tempest.lib.common.rest_client [req-341865bd-72f6-450b-9a76-b9346d9f7b18 req-341865bd-72f6-450b-9a76-b9346d9f7b18 ] Request (MigrationsAdminTest:test_list_migrations_in_flavor_resize_situation): 200 GET http://10.180.1.21/compute/v2.1/servers/c13205db-c3b6-4014-ba7e-340f800bdec0 0.153s
2024-12-12 10:49:11.546 66025 INFO tempest.lib.common.rest_client [req-3328252f-ce6e-4e09-8c62-7f3d11929bb6 req-3328252f-ce6e-4e09-8c62-7f3d11929bb6 ] Request (ImagesNegativeTestJSON:test_create_image_from_deleted_server): 200 GET http://10.180.1.21/compute/v2.1/servers/ff6920f6-d7f0-47db-af2b-7896c496fe32 0.053s
2024-12-12 10:49:11.648 66051 INFO tempest.lib.common.rest_client [req-41c5b011-d54a-48fb-b6b6-88564a15e605 req-41c5b011-d54a-48fb-b6b6-88564a15e605 ] Request (ServersV294TestFqdnHostnames:setUpClass): 200 GET http://10.180.1.21/compute/v2.1/servers/b60445df-57f7-45aa-9aa5-b3282ac6e4e0 0.082s
2024-12-12 10:49:11.684 66007 INFO tempest.lib.common.rest_client [req-34a1ba95-608a-4bf1-b862-dfa34a97c6aa req-34a1ba95-608a-4bf1-b862-dfa34a97c6aa ] Request (FloatingIPsAssociationNegativeTestJSON:setUpClass): 200 GET http://10.180.1.21/compute/v2.1/servers/18199893-4be7-41c8-b5a7-319a6c1da49f 0.115s
2024-12-12 10:49:11.698 66053 INFO tempest.lib.common.rest_client [req-62775455-1c16-4c4e-801f-272fe340ff63 req-62775455-1c16-4c4e-801f-272fe340ff63 ] Request (ServerExternalEventsTest:tearDownClass): 200 GET http://10.180.1.21/compute/v2.1/servers/8e5909af-780c-4256-99ce-30e0824b4106 0.077s
2024-12-12 10:49:11.729 66039 INFO tempest.lib.common.rest_client [req-09099550-94e8-4023-ae6f-d478c6969ea4 req-09099550-94e8-4023-ae6f-d478c6969ea4 ] Request (ServersTestMultiNic:test_verify_duplicate_network_nics): 200 GET http://10.180.1.21/compute/v2.1/servers/0ea6eea2-4690-47d5-a489-d0d4773fc8b9 0.098s
2024-12-12 10:49:11.746 66021 INFO tempest.lib.common.rest_client [req-dd13dec2-68ee-4403-87d0-2b8de0bb4039 req-dd13dec2-68ee-4403-87d0-2b8de0bb4039 ] Request (DeleteServersAdminTestJSON:test_delete_server_while_in_error_state): 200 GET http://10.180.1.21/compute/v2.1/servers/0a5926ae-9200-4b62-86f0-3efea856792e 0.056s
2024-12-12 10:49:11.778 66033 WARNING tempest.lib.common.ssh [-] Failed to establish authenticated ssh connection to cirros@10.180.180.237 ([Errno None] Unable to connect to port 22 on 10.180.180.237). Number attempts: 4. Retry after 5 seconds.: paramiko.ssh_exception.NoValidConnectionsError: [Errno None] Unable to connect to port 22 on 10.180.180.237
2024-12-12 10:49:11.782 66019 INFO tempest.lib.common.rest_client [req-7a33074f-af37-4a4c-b2cb-22e044b86d79 req-7a33074f-af37-4a4c-b2cb-22e044b86d79 ] Request (ImagesOneServerNegativeTestJSON:_run_cleanups): 200 GET http://10.180.1.21/compute/v2.1/servers/b960d026-6a8c-48f4-ab6c-164e08215425 0.092s
2024-12-12 10:49:11.802 66009 INFO tempest.lib.common.rest_client [req-31daea0e-87ac-4926-aca4-801adb0ab23a req-31daea0e-87ac-4926-aca4-801adb0ab23a ] Request (SecurityGroupsTestJSON:test_list_security_groups_by_server): 200 GET http://10.180.1.21/compute/v2.1/servers/bcf8cd94-b380-41e6-8792-df66a2954952 0.051s
2024-12-12 10:49:11.827 66017 INFO tempest.lib.common.rest_client [req-69968386-05ec-4da5-a18c-3f3c04e5d7eb req-69968386-05ec-4da5-a18c-3f3c04e5d7eb ] Request (ServersAdminTestJSON:test_create_server_with_scheduling_hint): 200 GET http://10.180.1.21/compute/v2.1/servers/75d8232c-3dee-48f6-8abd-60581f4abd44 0.075s
2024-12-12 10:49:11.872 66041 INFO tempest.lib.common.rest_client [req-30784ca9-394e-4a62-a3b6-75f6697bb0d8 req-30784ca9-394e-4a62-a3b6-75f6697bb0d8 ] Request (FloatingIPsAssociationTestJSON:test_associate_already_associated_floating_ip): 200 GET http://10.180.1.21/compute/v2.1/servers/3d6b91bf-2ac9-4b6b-80fc-065268b9ed22 0.049s
2024-12-12 10:49:12.007 66067 INFO tempest.lib.common.rest_client [req-838ddce9-cecc-4443-aac3-9d5002785f35 req-838ddce9-cecc-4443-aac3-9d5002785f35 ] Request (ServersTestJSON:test_create_server_specify_multibyte_character_name): 200 GET http://10.180.1.21/compute/v2.1/servers/b24c43f6-39e4-4902-8e26-5634c9f52276 0.103s
2024-12-12 10:49:12.043 66037 INFO tempest.lib.common.rest_client [req-75db58ec-bdaa-4b64-acb2-25357a8f922c req-75db58ec-bdaa-4b64-acb2-25357a8f922c ] Request (VolumesAdminNegativeTest:test_update_attached_volume_with_nonexistent_volume_in_body): 200 GET http://10.180.1.21/compute/v2.1/servers/a84a6c96-9625-4f81-8781-09ee831d8bfe 0.099s
2024-12-12 10:49:12.051 66037 INFO tempest.common.waiters [-] State transition "BUILD/spawning" ==> "ACTIVE/None" after 42 second wait
2024-12-12 10:49:12.094 66011 INFO tempest.lib.common.rest_client [req-ecf042de-e07a-4501-9781-b9bb4b2145be req-ecf042de-e07a-4501-9781-b9bb4b2145be ] Request (AttachInterfacesUnderV243Test:test_add_remove_fixed_ip): 200 GET http://10.180.1.21/compute/v2.1/servers/35979957-c1a5-4250-a16d-0eb2907da195 0.075s
2024-12-12 10:49:12.117 66035 INFO tempest.lib.common.rest_client [req-80acaebd-b80f-4e05-b684-7e8ef7987c0b req-80acaebd-b80f-4e05-b684-7e8ef7987c0b ] Request (DeleteServersTestJSON:test_delete_active_server): 200 GET http://10.180.1.21/compute/v2.1/servers/cc768a9e-0d11-49e0-8762-35dcaaf929fb 0.117s
2024-12-12 10:49:12.155 66037 INFO tempest.lib.common.rest_client [req-20979e84-9786-4e1d-baf5-3a9fc1ffe4e2 req-20979e84-9786-4e1d-baf5-3a9fc1ffe4e2 ] Request (VolumesAdminNegativeTest:test_update_attached_volume_with_nonexistent_volume_in_body): 200 GET http://10.180.1.21/compute/v2.1/servers/a84a6c96-9625-4f81-8781-09ee831d8bfe/os-interface 0.102s
2024-12-12 10:49:12.169 66049 INFO tempest.lib.common.rest_client [req-a509f6fa-63a5-4c15-9a12-6a716ce89f81 req-a509f6fa-63a5-4c15-9a12-6a716ce89f81 ] Request (ServerAddressesNegativeTestJSON:tearDownClass): 200 GET http://10.180.1.21/compute/v2.1/servers/610060b3-65e4-410a-8073-5f07f3e0539c 0.106s
2024-12-12 10:49:12.207 66059 INFO tempest.lib.common.rest_client [req-41cfd185-69e9-4416-8fc8-a48c5b2bacf3 req-41cfd185-69e9-4416-8fc8-a48c5b2bacf3 ] Request (AttachInterfacesTestJSON:test_create_list_show_delete_interfaces_by_fixed_ip): 200 GET http://10.180.1.21/compute/v2.1/servers/bb4f1b26-bf1a-49d9-98f9-73a58ebb23d5 0.133s
2024-12-12 10:49:12.213 66059 INFO tempest.common.waiters [-] State transition "BUILD/None" ==> "BUILD/networking" after 34 second wait
2024-12-12 10:49:12.218 66015 INFO tempest.lib.common.rest_client [req-771c3d0f-db9f-40c9-9a09-054ba6da6d45 req-771c3d0f-db9f-40c9-9a09-054ba6da6d45 ] Request (ServerRescueNegativeTestJSON:setUpClass): 200 GET http://10.180.1.21/compute/v2.1/servers/d8401e2f-0d4c-4a7e-8577-04e3d68b1763 0.110s
2024-12-12 10:49:12.254 66065 INFO tempest.lib.common.rest_client [req-04808805-aec7-48d6-998f-d426b3ff3089 req-04808805-aec7-48d6-998f-d426b3ff3089 ] Request (MultipleCreateTestJSON:test_multiple_create): 200 GET http://10.180.1.21/compute/v2.1/servers/87b3796c-2192-41de-a367-a40dec742c47 0.135s
2024-12-12 10:49:12.284 66023 INFO tempest.lib.common.rest_client [req-6fa34f11-ba1a-4222-838c-548bc51cb008 req-6fa34f11-ba1a-4222-838c-548bc51cb008 ] Request (ImagesOneServerTestJSON:tearDownClass): 200 GET http://10.180.1.21/compute/v2.1/servers/3c27d92d-5072-4d12-aa5e-60336dad1c41 0.117s
2024-12-12 10:49:12.304 66063 INFO tempest.lib.common.rest_client [req-7cdef0f5-2af8-476a-b217-2d13fe583a8e req-7cdef0f5-2af8-476a-b217-2d13fe583a8e ] Request (ServersTestBootFromVolume:setUpClass): 200 GET http://10.180.1.21/compute/v2.1/servers/5b69dca5-4cf6-41ea-8dcc-3cb1515a22f9 0.134s
2024-12-12 10:49:12.338 66031 INFO tempest.lib.common.rest_client [req-510d1624-167f-4266-8640-43721e5d2289 req-510d1624-167f-4266-8640-43721e5d2289 ] Request (ServerDiskConfigTestJSON:test_rebuild_server_with_auto_disk_config): 200 GET http://10.180.1.21/compute/v2.1/servers/66448535-e73a-4cf2-bc6f-f12e656ff3f1 0.117s
2024-12-12 10:49:12.360 66027 INFO tempest.lib.common.rest_client [req-258c6524-ba8b-43fc-9850-5240e046421c req-258c6524-ba8b-43fc-9850-5240e046421c ] Request (ServerDiagnosticsV248Test:tearDownClass): 200 GET http://10.180.1.21/compute/v2.1/servers/fe8200b4-0acd-4664-9b3d-b775ab421bd1 0.119s
2024-12-12 10:49:12.393 66043 INFO tempest.lib.common.rest_client [req-7140f843-c628-4af6-8e56-55a69e58d581 req-7140f843-c628-4af6-8e56-55a69e58d581 ] Request (ServersAdmin275Test:tearDownClass): 200 GET http://10.180.1.21/compute/v2.1/servers/602f4c47-5428-41df-bc84-9b903a03d3c6 0.104s
2024-12-12 10:49:12.401 66043 INFO tempest.common.waiters [-] State transition "ACTIVE/deleting" ==> "DELETED/None" after 5 second wait
2024-12-12 10:49:12.420 66029 INFO tempest.lib.common.rest_client [req-6d6b0279-dc9b-42f7-9507-812302533d00 req-6d6b0279-dc9b-42f7-9507-812302533d00 ] Request (AttachInterfacesV270Test:tearDownClass): 200 GET http://10.180.1.21/compute/v2.1/servers/9cd6d08a-2810-4377-a731-c0dd895580b7 0.124s
2024-12-12 10:49:12.498 66045 INFO tempest.lib.common.rest_client [req-4976f47d-6091-4c36-ad07-70c7d9fe933c req-4976f47d-6091-4c36-ad07-70c7d9fe933c ] Request (MigrationsAdminTest:test_list_migrations_in_flavor_resize_situation): 200 GET http://10.180.1.21/compute/v2.1/servers/c13205db-c3b6-4014-ba7e-340f800bdec0 0.114s
2024-12-12 10:49:12.600 66025 INFO tempest.lib.common.rest_client [req-361efb9b-2b11-49af-80e5-899dc46ec0b0 req-361efb9b-2b11-49af-80e5-899dc46ec0b0 ] Request (ImagesNegativeTestJSON:test_create_image_from_deleted_server): 200 GET http://10.180.1.21/compute/v2.1/servers/ff6920f6-d7f0-47db-af2b-7896c496fe32 0.047s
2024-12-12 10:49:12.738 66051 INFO tempest.lib.common.rest_client [req-e361388a-7354-44ef-99be-170d20f47bc9 req-e361388a-7354-44ef-99be-170d20f47bc9 ] Request (ServersV294TestFqdnHostnames:setUpClass): 200 GET http://10.180.1.21/compute/v2.1/servers/b60445df-57f7-45aa-9aa5-b3282ac6e4e0 0.077s
2024-12-12 10:49:12.812 66053 INFO tempest.lib.common.rest_client [req-349aa425-edc8-41e6-9eb9-a5949892fdbf req-349aa425-edc8-41e6-9eb9-a5949892fdbf ] Request (ServerExternalEventsTest:tearDownClass): 200 GET http://10.180.1.21/compute/v2.1/servers/8e5909af-780c-4256-99ce-30e0824b4106 0.108s
2024-12-12 10:49:12.831 66007 INFO tempest.lib.common.rest_client [req-551dcdae-6d08-4085-a6e4-ea63eeb29b32 req-551dcdae-6d08-4085-a6e4-ea63eeb29b32 ] Request (FloatingIPsAssociationNegativeTestJSON:setUpClass): 200 GET http://10.180.1.21/compute/v2.1/servers/18199893-4be7-41c8-b5a7-319a6c1da49f 0.140s
2024-12-12 10:49:12.868 66039 INFO tempest.lib.common.rest_client [req-7cece6b0-f87e-4b2b-854a-e416a9472e32 req-7cece6b0-f87e-4b2b-854a-e416a9472e32 ] Request (ServersTestMultiNic:test_verify_duplicate_network_nics): 200 GET http://10.180.1.21/compute/v2.1/servers/0ea6eea2-4690-47d5-a489-d0d4773fc8b9 0.132s
2024-12-12 10:49:12.889 66021 INFO tempest.lib.common.rest_client [req-c0e78821-28d7-419b-9b66-9e906200962d req-c0e78821-28d7-419b-9b66-9e906200962d ] Request (DeleteServersAdminTestJSON:test_delete_server_while_in_error_state): 200 GET http://10.180.1.21/compute/v2.1/servers/0a5926ae-9200-4b62-86f0-3efea856792e 0.136s
2024-12-12 10:49:12.942 66019 INFO tempest.lib.common.rest_client [req-0a61f0fa-a536-4108-af9a-0eb4a659ed25 req-0a61f0fa-a536-4108-af9a-0eb4a659ed25 ] Request (ImagesOneServerNegativeTestJSON:_run_cleanups): 200 GET http://10.180.1.21/compute/v2.1/servers/b960d026-6a8c-48f4-ab6c-164e08215425 0.153s
2024-12-12 10:49:12.956 66009 INFO tempest.lib.common.rest_client [req-11628636-71e9-4aeb-bb8d-b06fe51653f8 req-11628636-71e9-4aeb-bb8d-b06fe51653f8 ] Request (SecurityGroupsTestJSON:test_list_security_groups_by_server): 200 GET http://10.180.1.21/compute/v2.1/servers/bcf8cd94-b380-41e6-8792-df66a2954952 0.146s
2024-12-12 10:49:12.964 66009 INFO tempest.common.waiters [-] State transition "BUILD/scheduling" ==> "BUILD/None" after 19 second wait
2024-12-12 10:49:12.993 66017 INFO tempest.lib.common.rest_client [req-8d5c89eb-e58d-4e46-9eac-52bdee11dcb8 req-8d5c89eb-e58d-4e46-9eac-52bdee11dcb8 ] Request (ServersAdminTestJSON:test_create_server_with_scheduling_hint): 200 GET http://10.180.1.21/compute/v2.1/servers/75d8232c-3dee-48f6-8abd-60581f4abd44 0.158s
2024-12-12 10:49:13.009 66041 INFO tempest.lib.common.rest_client [req-776b0096-6f41-4aad-ba52-59feef9bf41d req-776b0096-6f41-4aad-ba52-59feef9bf41d ] Request (FloatingIPsAssociationTestJSON:test_associate_already_associated_floating_ip): 200 GET http://10.180.1.21/compute/v2.1/servers/3d6b91bf-2ac9-4b6b-80fc-065268b9ed22 0.129s
2024-12-12 10:49:13.125 66067 INFO tempest.lib.common.rest_client [req-743b2799-15ff-4d3c-ad02-47779b50032b req-743b2799-15ff-4d3c-ad02-47779b50032b ] Request (ServersTestJSON:test_create_server_specify_multibyte_character_name): 200 GET http://10.180.1.21/compute/v2.1/servers/b24c43f6-39e4-4902-8e26-5634c9f52276 0.111s
2024-12-12 10:49:13.169 66011 INFO tempest.lib.common.rest_client [req-0415db93-d669-4c9d-9b83-0b9b82bc18f3 req-0415db93-d669-4c9d-9b83-0b9b82bc18f3 ] Request (AttachInterfacesUnderV243Test:test_add_remove_fixed_ip): 200 GET http://10.180.1.21/compute/v2.1/servers/35979957-c1a5-4250-a16d-0eb2907da195 0.065s
2024-12-12 10:49:13.238 66049 INFO tempest.lib.common.rest_client [req-ea9ca000-ee22-4d71-8f61-ff37492b0412 req-ea9ca000-ee22-4d71-8f61-ff37492b0412 ] Request (ServerAddressesNegativeTestJSON:tearDownClass): 200 GET http://10.180.1.21/compute/v2.1/servers/610060b3-65e4-410a-8073-5f07f3e0539c 0.062s
2024-12-12 10:49:13.282 66037 INFO tempest.lib.common.rest_client [req-b0cb0946-10d3-41ef-86b6-ab6a4c00d3d3 req-b0cb0946-10d3-41ef-86b6-ab6a4c00d3d3 ] Request (VolumesAdminNegativeTest:test_update_attached_volume_with_nonexistent_volume_in_body): 200 PUT http://10.180.1.21:9696/networking/v2.0/floatingips/48db03ea-77d9-464f-82df-a689e4358c6f 1.125s
2024-12-12 10:49:13.283 66037 INFO tempest.lib.common.ssh [-] Creating ssh connection to '10.180.180.136:22' as 'cirros' with public key authentication
2024-12-12 10:49:13.291 66035 INFO tempest.lib.common.rest_client [req-1a935d9c-3f8a-4c19-8038-b469f270b8cf req-1a935d9c-3f8a-4c19-8038-b469f270b8cf ] Request (DeleteServersTestJSON:test_delete_active_server): 200 GET http://10.180.1.21/compute/v2.1/servers/cc768a9e-0d11-49e0-8762-35dcaaf929fb 0.167s
2024-12-12 10:49:13.341 66015 INFO tempest.lib.common.rest_client [req-6f820e02-569e-4e05-aa70-5c70a7d03f6c req-6f820e02-569e-4e05-aa70-5c70a7d03f6c ] Request (ServerRescueNegativeTestJSON:setUpClass): 200 GET http://10.180.1.21/compute/v2.1/servers/d8401e2f-0d4c-4a7e-8577-04e3d68b1763 0.112s
2024-12-12 10:49:13.395 66059 INFO tempest.lib.common.rest_client [req-309c2fad-e5b4-46e2-a679-155d82513f5e req-309c2fad-e5b4-46e2-a679-155d82513f5e ] Request (AttachInterfacesTestJSON:test_create_list_show_delete_interfaces_by_fixed_ip): 200 GET http://10.180.1.21/compute/v2.1/servers/bb4f1b26-bf1a-49d9-98f9-73a58ebb23d5 0.181s
2024-12-12 10:49:13.401 66065 INFO tempest.lib.common.rest_client [req-da783fe4-0344-46e5-9c8d-a6c4ab93ae1c req-da783fe4-0344-46e5-9c8d-a6c4ab93ae1c ] Request (MultipleCreateTestJSON:test_multiple_create): 200 GET http://10.180.1.21/compute/v2.1/servers/87b3796c-2192-41de-a367-a40dec742c47 0.132s
2024-12-12 10:49:13.403 66059 INFO tempest.common.waiters [-] State transition "BUILD/networking" ==> "BUILD/spawning" after 35 second wait
2024-12-12 10:49:13.463 66023 INFO tempest.lib.common.rest_client [req-f3048f96-a290-4407-93d6-7259054d910a req-f3048f96-a290-4407-93d6-7259054d910a ] Request (ImagesOneServerTestJSON:tearDownClass): 200 GET http://10.180.1.21/compute/v2.1/servers/3c27d92d-5072-4d12-aa5e-60336dad1c41 0.168s
2024-12-12 10:49:13.465 66063 INFO tempest.lib.common.rest_client [req-391e3e56-65a7-4422-84c6-251f0ef4632d req-391e3e56-65a7-4422-84c6-251f0ef4632d ] Request (ServersTestBootFromVolume:setUpClass): 200 GET http://10.180.1.21/compute/v2.1/servers/5b69dca5-4cf6-41ea-8dcc-3cb1515a22f9 0.154s
2024-12-12 10:49:13.516 66031 INFO tempest.lib.common.rest_client [req-d681513d-ce4c-4361-bb67-655b24846e55 req-d681513d-ce4c-4361-bb67-655b24846e55 ] Request (ServerDiskConfigTestJSON:test_rebuild_server_with_auto_disk_config): 200 GET http://10.180.1.21/compute/v2.1/servers/66448535-e73a-4cf2-bc6f-f12e656ff3f1 0.169s
2024-12-12 10:49:13.529 66027 INFO tempest.lib.common.rest_client [req-2656c3e9-3c7f-4092-8c88-c44d80df76ce req-2656c3e9-3c7f-4092-8c88-c44d80df76ce ] Request (ServerDiagnosticsV248Test:tearDownClass): 200 GET http://10.180.1.21/compute/v2.1/servers/fe8200b4-0acd-4664-9b3d-b775ab421bd1 0.159s
2024-12-12 10:49:13.592 66043 INFO tempest.lib.common.rest_client [req-d9e59ad9-9c42-45b1-804b-0d64ee335685 req-d9e59ad9-9c42-45b1-804b-0d64ee335685 ] Request (ServersAdmin275Test:tearDownClass): 200 GET http://10.180.1.21/compute/v2.1/servers/602f4c47-5428-41df-bc84-9b903a03d3c6 0.190s
2024-12-12 10:49:13.602 66029 INFO tempest.lib.common.rest_client [req-1efec20e-ed7e-4d34-9882-84a6fd7f3d6c req-1efec20e-ed7e-4d34-9882-84a6fd7f3d6c ] Request (AttachInterfacesV270Test:tearDownClass): 200 GET http://10.180.1.21/compute/v2.1/servers/9cd6d08a-2810-4377-a731-c0dd895580b7 0.170s
2024-12-12 10:49:13.664 66025 INFO tempest.lib.common.rest_client [req-b7ad4d6a-61cf-4cf0-9df6-0dd94aaa6eac req-b7ad4d6a-61cf-4cf0-9df6-0dd94aaa6eac ] Request (ImagesNegativeTestJSON:test_create_image_from_deleted_server): 200 GET http://10.180.1.21/compute/v2.1/servers/ff6920f6-d7f0-47db-af2b-7896c496fe32 0.057s
2024-12-12 10:49:13.725 66045 INFO tempest.lib.common.rest_client [req-31c333fc-7b60-4d4f-a1fa-3d96490614c9 req-31c333fc-7b60-4d4f-a1fa-3d96490614c9 ] Request (MigrationsAdminTest:test_list_migrations_in_flavor_resize_situation): 200 GET http://10.180.1.21/compute/v2.1/servers/c13205db-c3b6-4014-ba7e-340f800bdec0 0.221s
2024-12-12 10:49:13.809 66051 INFO tempest.lib.common.rest_client [req-526b56ff-8b7b-4911-9d79-4ac4fc1635bd req-526b56ff-8b7b-4911-9d79-4ac4fc1635bd ] Request (ServersV294TestFqdnHostnames:setUpClass): 200 GET http://10.180.1.21/compute/v2.1/servers/b60445df-57f7-45aa-9aa5-b3282ac6e4e0 0.057s
2024-12-12 10:49:13.878 66053 INFO tempest.lib.common.rest_client [req-fef96caa-98c7-4ee9-8ae3-95656f6c5c43 req-fef96caa-98c7-4ee9-8ae3-95656f6c5c43 ] Request (ServerExternalEventsTest:tearDownClass): 200 GET http://10.180.1.21/compute/v2.1/servers/8e5909af-780c-4256-99ce-30e0824b4106 0.058s
2024-12-12 10:49:13.933 66039 INFO tempest.lib.common.rest_client [req-9575895b-3b3d-470d-a2db-27d75980a6a1 req-9575895b-3b3d-470d-a2db-27d75980a6a1 ] Request (ServersTestMultiNic:test_verify_duplicate_network_nics): 200 GET http://10.180.1.21/compute/v2.1/servers/0ea6eea2-4690-47d5-a489-d0d4773fc8b9 0.057s
2024-12-12 10:49:13.946 66007 INFO tempest.lib.common.rest_client [req-c5a0e6e5-0a74-446b-8862-f9638e4c5de2 req-c5a0e6e5-0a74-446b-8862-f9638e4c5de2 ] Request (FloatingIPsAssociationNegativeTestJSON:setUpClass): 200 GET http://10.180.1.21/compute/v2.1/servers/18199893-4be7-41c8-b5a7-319a6c1da49f 0.107s
2024-12-12 10:49:13.954 66007 INFO tempest.common.waiters [-] State transition "BUILD/spawning" ==> "ACTIVE/None" after 36 second wait
2024-12-12 10:49:13.984 66021 INFO tempest.lib.common.rest_client [req-8cd0d1e3-d11e-4559-95e5-6fb618c67747 req-8cd0d1e3-d11e-4559-95e5-6fb618c67747 ] Request (DeleteServersAdminTestJSON:test_delete_server_while_in_error_state): 200 GET http://10.180.1.21/compute/v2.1/servers/0a5926ae-9200-4b62-86f0-3efea856792e 0.083s
2024-12-12 10:49:14.028 66019 INFO tempest.lib.common.rest_client [req-bf3c764b-cd8a-4c56-9b17-33caded5d3cf req-bf3c764b-cd8a-4c56-9b17-33caded5d3cf ] Request (ImagesOneServerNegativeTestJSON:_run_cleanups): 200 GET http://10.180.1.21/compute/v2.1/servers/b960d026-6a8c-48f4-ab6c-164e08215425 0.074s
2024-12-12 10:49:14.086 66009 INFO tempest.lib.common.rest_client [req-90135f82-6367-4526-9eba-d9887a5be67a req-90135f82-6367-4526-9eba-d9887a5be67a ] Request (SecurityGroupsTestJSON:test_list_security_groups_by_server): 200 GET http://10.180.1.21/compute/v2.1/servers/bcf8cd94-b380-41e6-8792-df66a2954952 0.120s
2024-12-12 10:49:14.144 66017 INFO tempest.lib.common.rest_client [req-87a33d7f-05fa-4da3-afd8-bf2d2f52a54d req-87a33d7f-05fa-4da3-afd8-bf2d2f52a54d ] Request (ServersAdminTestJSON:test_create_server_with_scheduling_hint): 200 GET http://10.180.1.21/compute/v2.1/servers/75d8232c-3dee-48f6-8abd-60581f4abd44 0.141s
2024-12-12 10:49:14.196 66041 INFO tempest.lib.common.rest_client [req-fe6729ac-4dd7-4ec9-b1f6-6ae74bb901e8 req-fe6729ac-4dd7-4ec9-b1f6-6ae74bb901e8 ] Request (FloatingIPsAssociationTestJSON:test_associate_already_associated_floating_ip): 200 GET http://10.180.1.21/compute/v2.1/servers/3d6b91bf-2ac9-4b6b-80fc-065268b9ed22 0.178s
2024-12-12 10:49:14.336 66067 INFO tempest.lib.common.rest_client [req-07369e73-85fd-4956-a2fa-629279d63d74 req-07369e73-85fd-4956-a2fa-629279d63d74 ] Request (ServersTestJSON:test_create_server_specify_multibyte_character_name): 200 GET http://10.180.1.21/compute/v2.1/servers/b24c43f6-39e4-4902-8e26-5634c9f52276 0.203s
