2024-12-12 10:49:36.173 66009 INFO tempest.lib.common.rest_client [req-dd5adfd4-3236-4f8a-8bf6-7d45912f51ae req-dd5adfd4-3236-4f8a-8bf6-7d45912f51ae ] Request (SecurityGroupsTestJSON:test_list_security_groups_by_server): 200 GET http://10.180.1.21/compute/v2.1/servers/bcf8cd94-b380-41e6-8792-df66a2954952 0.098s
2024-12-12 10:49:36.218 66017 INFO tempest.lib.common.rest_client [req-33805de6-8abc-406b-a9ad-ca8a35158be2 req-33805de6-8abc-406b-a9ad-ca8a35158be2 ] Request (ServersAdminTestJSON:test_create_server_with_scheduling_hint): 200 GET http://10.180.1.21/compute/v2.1/servers/75d8232c-3dee-48f6-8abd-60581f4abd44 0.068s
2024-12-12 10:49:36.493 66035 INFO tempest.lib.common.rest_client [req-f713b6e8-7e1c-4f89-a8a3-673a2965948d req-f713b6e8-7e1c-4f89-a8a3-673a2965948d ] Request (DeleteServersTestJSON:test_delete_active_server): 200 GET http://10.180.1.21/compute/v2.1/servers/cc768a9e-0d11-49e0-8762-35dcaaf929fb 0.263s
2024-12-12 10:49:36.502 66011 INFO tempest.lib.common.rest_client [req-fa0b5345-334a-4aa4-bd69-6cb5f0c485de req-fa0b5345-334a-4aa4-bd69-6cb5f0c485de ] Request (AttachInterfacesUnderV243Test:test_add_remove_fixed_ip): 200 GET http://10.180.1.21/compute/v2.1/servers/35979957-c1a5-4250-a16d-0eb2907da195 0.223s
2024-12-12 10:49:36.542 66015 INFO tempest.lib.common.rest_client [req-4f7011cd-a7a8-40a9-93a4-cb78248b9ebd req-4f7011cd-a7a8-40a9-93a4-cb78248b9ebd ] Request (ServerRescueNegativeTestJSON:setUpClass): 200 GET http://10.180.1.21/compute/v2.1/servers/d8401e2f-0d4c-4a7e-8577-04e3d68b1763 0.236s
2024-12-12 10:49:36.563 66007 INFO tempest.lib.common.rest_client [req-4ecd0ce6-598d-4714-97f5-67f51051e23a req-4ecd0ce6-598d-4714-97f5-67f51051e23a ] Request (FloatingIPsAssociationNegativeTestJSON:tearDownClass): 200 GET http://10.180.1.21/compute/v2.1/servers/18199893-4be7-41c8-b5a7-319a6c1da49f 0.230s
2024-12-12 10:49:36.624 66019 INFO tempest.lib.common.rest_client [req-f6fd0fe7-8836-4165-8ded-b0a6231d8b86 req-f6fd0fe7-8836-4165-8ded-b0a6231d8b86 ] Request (ImagesOneServerNegativeTestJSON:_run_cleanups): 200 GET http://10.180.1.21/compute/v2.1/servers/978f946b-172a-48d4-b9de-ee19dd0d1224 0.223s
2024-12-12 10:49:36.687 66023 INFO tempest.lib.common.rest_client [req-21776d5d-3a07-4a0f-8985-4ff8a1748b10 req-21776d5d-3a07-4a0f-8985-4ff8a1748b10 ] Request (ImagesOneServerTestJSON:tearDownClass): 200 GET http://10.180.1.21/compute/v2.1/servers/3c27d92d-5072-4d12-aa5e-60336dad1c41 0.213s
2024-12-12 10:49:36.691 66065 INFO tempest.lib.common.rest_client [req-dafba791-f3da-4227-bc58-1af609f336cd req-dafba791-f3da-4227-bc58-1af609f336cd ] Request (MultipleCreateTestJSON:test_multiple_create): 200 GET http://10.180.1.21/compute/v2.1/servers/87b3796c-2192-41de-a367-a40dec742c47 0.333s
2024-12-12 10:49:36.699 66065 INFO tempest.common.waiters [-] State transition "BUILD/networking" ==> "BUILD/block_device_mapping" after 44 second wait
2024-12-12 10:49:36.862 66045 INFO tempest.lib.common.rest_client [req-24750b20-04d6-4834-bcbf-b40e95c9f74e req-24750b20-04d6-4834-bcbf-b40e95c9f74e ] Request (MigrationsAdminTest:test_list_migrations_in_flavor_resize_situation): 200 GET http://10.180.1.21/compute/v2.1/servers/c13205db-c3b6-4014-ba7e-340f800bdec0 0.289s
2024-12-12 10:49:36.864 66025 INFO tempest.lib.common.rest_client [req-2e6f6ef8-23ba-4d67-b796-623ac121e859 req-2e6f6ef8-23ba-4d67-b796-623ac121e859 ] Request (ImagesNegativeTestJSON:test_create_image_from_deleted_server): 200 GET http://10.180.1.21/compute/v2.1/servers/ff6920f6-d7f0-47db-af2b-7896c496fe32 0.343s
2024-12-12 10:49:36.928 66043 INFO tempest.lib.common.rest_client [req-d010c556-83c6-44b4-b3b1-4555da7e433f req-d010c556-83c6-44b4-b3b1-4555da7e433f ] Request (ServersAdmin275Test:tearDownClass): 200 GET http://10.180.1.21/compute/v2.1/servers/602f4c47-5428-41df-bc84-9b903a03d3c6 0.353s
2024-12-12 10:49:36.971 66031 INFO tempest.lib.common.rest_client [req-c69db135-bb7c-4dc5-88b0-1814fa6c9228 req-c69db135-bb7c-4dc5-88b0-1814fa6c9228 ] Request (ServerDiskConfigTestJSON:test_rebuild_server_with_auto_disk_config): 200 GET http://10.180.1.21/compute/v2.1/servers/66448535-e73a-4cf2-bc6f-f12e656ff3f1 0.213s
2024-12-12 10:49:36.980 66049 INFO tempest.lib.common.rest_client [req-9eb9b603-bfa3-4c4b-98cd-4a4975fba303 req-9eb9b603-bfa3-4c4b-98cd-4a4975fba303 ] Request (ServerTagsTestJSON:setUpClass): 200 GET http://10.180.1.21/compute/v2.1/servers/3740794c-c7a8-4325-9234-0fe4f83cc465 0.167s
2024-12-12 10:49:37.035 66029 INFO tempest.lib.common.rest_client [req-bfc61876-57cb-485b-bd28-e0c42327afeb req-bfc61876-57cb-485b-bd28-e0c42327afeb ] Request (ServerShowV247Test:test_update_rebuild_list_server): 200 GET http://10.180.1.21/compute/v2.1/servers/88838791-2153-498b-8048-7891a84aa8be 0.094s
2024-12-12 10:49:37.040 66067 INFO tempest.lib.common.rest_client [req-63185705-2ca6-4b38-8146-54e251acd1a2 req-63185705-2ca6-4b38-8146-54e251acd1a2 ] Request (ServersTestJSON:test_create_server_with_ipv6_addr_only): 200 GET http://10.180.1.21/compute/v2.1/servers/626daee0-ec18-4366-af6a-6b07708dedb1 0.163s
2024-12-12 10:49:37.089 66039 INFO tempest.lib.common.rest_client [req-f2450d53-3c7f-4ff6-a0ee-f10af3631af8 req-f2450d53-3c7f-4ff6-a0ee-f10af3631af8 ] Request (ServersTestMultiNic:test_verify_duplicate_network_nics): 200 GET http://10.180.1.21/compute/v2.1/servers/0ea6eea2-4690-47d5-a489-d0d4773fc8b9 0.092s
2024-12-12 10:49:37.116 66051 INFO tempest.lib.common.rest_client [req-a6e86ff2-a144-4e51-90c3-d08706e8d2b9 req-a6e86ff2-a144-4e51-90c3-d08706e8d2b9 ] Request (ServersV294TestFqdnHostnames:setUpClass): 200 GET http://10.180.1.21/compute/v2.1/servers/b60445df-57f7-45aa-9aa5-b3282ac6e4e0 0.056s
2024-12-12 10:49:37.125 66051 INFO tempest.common.waiters [-] State transition "BUILD/scheduling" ==> "BUILD/None" after 33 second wait
2024-12-12 10:49:37.173 66041 INFO tempest.lib.common.rest_client [req-d4ea2eaa-d407-4012-a2a3-30060996d012 req-d4ea2eaa-d407-4012-a2a3-30060996d012 ] Request (FloatingIPsAssociationTestJSON:test_associate_already_associated_floating_ip): 200 GET http://10.180.1.21/compute/v2.1/servers/3d6b91bf-2ac9-4b6b-80fc-065268b9ed22 0.057s
2024-12-12 10:49:37.177 66021 INFO tempest.lib.common.rest_client [req-e1d04f74-fd42-4dc1-8704-313f5c287bcb req-e1d04f74-fd42-4dc1-8704-313f5c287bcb ] Request (DeleteServersAdminTestJSON:test_delete_server_while_in_error_state): 200 GET http://10.180.1.21/compute/v2.1/servers/0a5926ae-9200-4b62-86f0-3efea856792e 0.062s
2024-12-12 10:49:37.221 66027 INFO tempest.lib.common.rest_client [req-0ff9a632-518c-418f-82b5-7b45dca3254e req-0ff9a632-518c-418f-82b5-7b45dca3254e ] Request (ImagesTestJSON:test_create_image_from_stopped_server): 200 GET http://10.180.1.21/compute/v2.1/servers/1f263cb1-15b3-4e8d-8cfa-dae622a1c186 0.067s
2024-12-12 10:49:37.246 66009 INFO tempest.lib.common.rest_client [req-6ad12f51-d829-4eb0-9698-fae57474d92d req-6ad12f51-d829-4eb0-9698-fae57474d92d ] Request (SecurityGroupsTestJSON:test_list_security_groups_by_server): 200 GET http://10.180.1.21/compute/v2.1/servers/bcf8cd94-b380-41e6-8792-df66a2954952 0.064s
2024-12-12 10:49:37.286 66017 INFO tempest.lib.common.rest_client [req-915e2da1-c3e6-4f64-b51f-d8ff76f78a9e req-915e2da1-c3e6-4f64-b51f-d8ff76f78a9e ] Request (ServersAdminTestJSON:test_create_server_with_scheduling_hint): 200 GET http://10.180.1.21/compute/v2.1/servers/75d8232c-3dee-48f6-8abd-60581f4abd44 0.058s
2024-12-12 10:49:37.584 66035 INFO tempest.lib.common.rest_client [req-865fac47-3848-42bd-b2db-8b81c57ee61d req-865fac47-3848-42bd-b2db-8b81c57ee61d ] Request (DeleteServersTestJSON:test_delete_active_server): 200 GET http://10.180.1.21/compute/v2.1/servers/cc768a9e-0d11-49e0-8762-35dcaaf929fb 0.082s
2024-12-12 10:49:37.587 66011 INFO tempest.lib.common.rest_client [req-1831b3ef-c780-4bda-a1d2-fab05c494086 req-1831b3ef-c780-4bda-a1d2-fab05c494086 ] Request (AttachInterfacesUnderV243Test:test_add_remove_fixed_ip): 200 GET http://10.180.1.21/compute/v2.1/servers/35979957-c1a5-4250-a16d-0eb2907da195 0.078s
2024-12-12 10:49:37.638 66015 INFO tempest.lib.common.rest_client [req-35d6ad45-516f-4f9f-af43-ec3a64fd8a7a req-35d6ad45-516f-4f9f-af43-ec3a64fd8a7a ] Request (ServerRescueNegativeTestJSON:setUpClass): 200 GET http://10.180.1.21/compute/v2.1/servers/d8401e2f-0d4c-4a7e-8577-04e3d68b1763 0.086s
2024-12-12 10:49:37.654 66007 INFO tempest.lib.common.rest_client [req-1e4ce247-c8ff-4dab-8be5-13adba1c0d1a req-1e4ce247-c8ff-4dab-8be5-13adba1c0d1a ] Request (FloatingIPsAssociationNegativeTestJSON:tearDownClass): 200 GET http://10.180.1.21/compute/v2.1/servers/18199893-4be7-41c8-b5a7-319a6c1da49f 0.083s
2024-12-12 10:49:37.692 66019 INFO tempest.lib.common.rest_client [req-97ef75ab-b62e-4f32-8bd6-9a726da7d7e3 req-97ef75ab-b62e-4f32-8bd6-9a726da7d7e3 ] Request (ImagesOneServerNegativeTestJSON:_run_cleanups): 200 GET http://10.180.1.21/compute/v2.1/servers/978f946b-172a-48d4-b9de-ee19dd0d1224 0.061s
2024-12-12 10:49:37.784 66023 INFO tempest.lib.common.rest_client [req-40dcf4a1-0441-40f8-a440-de240560ebf1 req-40dcf4a1-0441-40f8-a440-de240560ebf1 ] Request (ImagesOneServerTestJSON:tearDownClass): 200 GET http://10.180.1.21/compute/v2.1/servers/3c27d92d-5072-4d12-aa5e-60336dad1c41 0.090s
2024-12-12 10:49:37.831 66065 INFO tempest.lib.common.rest_client [req-24cae0bd-a813-4811-a6a1-5653ebe7b195 req-24cae0bd-a813-4811-a6a1-5653ebe7b195 ] Request (MultipleCreateTestJSON:test_multiple_create): 200 GET http://10.180.1.21/compute/v2.1/servers/87b3796c-2192-41de-a367-a40dec742c47 0.131s
2024-12-12 10:49:37.837 66065 INFO tempest.common.waiters [-] State transition "BUILD/block_device_mapping" ==> "BUILD/spawning" after 45 second wait
2024-12-12 10:49:37.942 66025 INFO tempest.lib.common.rest_client [req-51159ed6-9fde-4ba0-bee3-aa9770055502 req-51159ed6-9fde-4ba0-bee3-aa9770055502 ] Request (ImagesNegativeTestJSON:test_create_image_from_deleted_server): 200 GET http://10.180.1.21/compute/v2.1/servers/ff6920f6-d7f0-47db-af2b-7896c496fe32 0.071s
2024-12-12 10:49:37.981 66045 INFO tempest.lib.common.rest_client [req-37d6c397-9740-48eb-aeb8-d7ef43f8a2b9 req-37d6c397-9740-48eb-aeb8-d7ef43f8a2b9 ] Request (MigrationsAdminTest:test_list_migrations_in_flavor_resize_situation): 200 GET http://10.180.1.21/compute/v2.1/servers/c13205db-c3b6-4014-ba7e-340f800bdec0 0.110s
2024-12-12 10:49:38.000 66043 INFO tempest.lib.common.rest_client [req-ea7c4cf3-1f7b-4212-8ea6-ece05317d165 req-ea7c4cf3-1f7b-4212-8ea6-ece05317d165 ] Request (ServersAdmin275Test:tearDownClass): 200 GET http://10.180.1.21/compute/v2.1/servers/602f4c47-5428-41df-bc84-9b903a03d3c6 0.059s
2024-12-12 10:49:38.052 66049 INFO tempest.lib.common.rest_client [req-d32708fe-560d-408d-a164-5fe691cf5f55 req-d32708fe-560d-408d-a164-5fe691cf5f55 ] Request (ServerTagsTestJSON:setUpClass): 200 GET http://10.180.1.21/compute/v2.1/servers/3740794c-c7a8-4325-9234-0fe4f83cc465 0.060s
2024-12-12 10:49:38.077 66031 INFO tempest.lib.common.rest_client [req-f8940feb-f0dc-44bf-9429-0d0b79392331 req-f8940feb-f0dc-44bf-9429-0d0b79392331 ] Request (ServerDiskConfigTestJSON:test_rebuild_server_with_auto_disk_config): 200 GET http://10.180.1.21/compute/v2.1/servers/66448535-e73a-4cf2-bc6f-f12e656ff3f1 0.098s
2024-12-12 10:49:38.084 66031 INFO tempest.common.waiters [-] State transition "BUILD/spawning" ==> "ACTIVE/None" after 50 second wait
2024-12-12 10:49:38.100 66029 INFO tempest.lib.common.rest_client [req-684c9979-53b5-4a4b-b193-234faa0c54c5 req-684c9979-53b5-4a4b-b193-234faa0c54c5 ] Request (ServerShowV247Test:test_update_rebuild_list_server): 200 GET http://10.180.1.21/compute/v2.1/servers/88838791-2153-498b-8048-7891a84aa8be 0.056s
2024-12-12 10:49:38.121 66067 INFO tempest.lib.common.rest_client [req-fc8418a0-618f-4def-a2b5-2278d289542a req-fc8418a0-618f-4def-a2b5-2278d289542a ] Request (ServersTestJSON:test_create_server_with_ipv6_addr_only): 200 GET http://10.180.1.21/compute/v2.1/servers/626daee0-ec18-4366-af6a-6b07708dedb1 0.074s
2024-12-12 10:49:38.167 66039 INFO tempest.lib.common.rest_client [req-c2e3f3c2-6ab2-4784-b209-8619347184ee req-c2e3f3c2-6ab2-4784-b209-8619347184ee ] Request (ServersTestMultiNic:test_verify_duplicate_network_nics): 200 GET http://10.180.1.21/compute/v2.1/servers/0ea6eea2-4690-47d5-a489-d0d4773fc8b9 0.072s
2024-12-12 10:49:38.221 66051 INFO tempest.lib.common.rest_client [req-55cb8b41-870e-4b59-8c69-8a7d98e47221 req-55cb8b41-870e-4b59-8c69-8a7d98e47221 ] Request (ServersV294TestFqdnHostnames:setUpClass): 200 GET http://10.180.1.21/compute/v2.1/servers/b60445df-57f7-45aa-9aa5-b3282ac6e4e0 0.095s
2024-12-12 10:49:38.289 66041 INFO tempest.lib.common.rest_client [req-a8d6fa62-87ba-4436-a15f-b80eb71c7d56 req-a8d6fa62-87ba-4436-a15f-b80eb71c7d56 ] Request (FloatingIPsAssociationTestJSON:test_associate_already_associated_floating_ip): 200 GET http://10.180.1.21/compute/v2.1/servers/3d6b91bf-2ac9-4b6b-80fc-065268b9ed22 0.107s
2024-12-12 10:49:38.342 66021 INFO tempest.lib.common.rest_client [req-c2851719-f7e7-40df-b1c4-2b6349793f33 req-c2851719-f7e7-40df-b1c4-2b6349793f33 ] Request (DeleteServersAdminTestJSON:test_delete_server_while_in_error_state): 200 GET http://10.180.1.21/compute/v2.1/servers/0a5926ae-9200-4b62-86f0-3efea856792e 0.155s
2024-12-12 10:49:38.384 66027 INFO tempest.lib.common.rest_client [req-b9d3db03-08b2-49cd-bd82-1e9b30d0b1c8 req-b9d3db03-08b2-49cd-bd82-1e9b30d0b1c8 ] Request (ImagesTestJSON:test_create_image_from_stopped_server): 200 GET http://10.180.1.21/compute/v2.1/servers/1f263cb1-15b3-4e8d-8cfa-dae622a1c186 0.155s
2024-12-12 10:49:38.408 66031 INFO tempest.lib.common.rest_client [req-0c5171e1-050e-49ec-8e8a-42e0315610ae req-0c5171e1-050e-49ec-8e8a-42e0315610ae ] Request (ServerDiskConfigTestJSON:test_rebuild_server_with_auto_disk_config): 200 GET http://10.180.1.21/compute/v2.1/servers/66448535-e73a-4cf2-bc6f-f12e656ff3f1 0.323s
2024-12-12 10:49:38.425 66009 INFO tempest.lib.common.rest_client [req-a5a4103a-9bfc-405f-a43c-6d48afaf42b0 req-a5a4103a-9bfc-405f-a43c-6d48afaf42b0 ] Request (SecurityGroupsTestJSON:test_list_security_groups_by_server): 200 GET http://10.180.1.21/compute/v2.1/servers/bcf8cd94-b380-41e6-8792-df66a2954952 0.172s
2024-12-12 10:49:38.450 66017 INFO tempest.lib.common.rest_client [req-69fee74b-1a21-4552-bc38-6f23d977c2fa req-69fee74b-1a21-4552-bc38-6f23d977c2fa ] Request (ServersAdminTestJSON:test_create_server_with_scheduling_hint): 200 GET http://10.180.1.21/compute/v2.1/servers/75d8232c-3dee-48f6-8abd-60581f4abd44 0.156s
2024-12-12 10:49:38.560 66031 INFO tempest.lib.common.rest_client [req-acadb164-fc0d-44e7-8ae6-52da43b16ec1 req-acadb164-fc0d-44e7-8ae6-52da43b16ec1 ] Request (ServerDiskConfigTestJSON:test_rebuild_server_with_auto_disk_config): 202 POST http://10.180.1.21/compute/v2.1/servers/66448535-e73a-4cf2-bc6f-f12e656ff3f1/action 0.145s
2024-12-12 10:49:38.660 66035 INFO tempest.lib.common.rest_client [req-bd07eb1f-1ff8-4c2a-9420-7648d9059911 req-bd07eb1f-1ff8-4c2a-9420-7648d9059911 ] Request (DeleteServersTestJSON:test_delete_active_server): 200 GET http://10.180.1.21/compute/v2.1/servers/cc768a9e-0d11-49e0-8762-35dcaaf929fb 0.061s
2024-12-12 10:49:38.664 66031 INFO tempest.lib.common.rest_client [req-4dafbd8a-a055-47bf-aac2-39932e92a40a req-4dafbd8a-a055-47bf-aac2-39932e92a40a ] Request (ServerDiskConfigTestJSON:test_rebuild_server_with_auto_disk_config): 200 GET http://10.180.1.21/compute/v2.1/servers/66448535-e73a-4cf2-bc6f-f12e656ff3f1 0.097s
2024-12-12 10:49:38.718 66011 INFO tempest.lib.common.rest_client [req-4c67ba7e-d206-4ee6-bb8c-3deb7607842c req-4c67ba7e-d206-4ee6-bb8c-3deb7607842c ] Request (AttachInterfacesUnderV243Test:test_add_remove_fixed_ip): 200 GET http://10.180.1.21/compute/v2.1/servers/35979957-c1a5-4250-a16d-0eb2907da195 0.118s
2024-12-12 10:49:38.719 66015 INFO tempest.lib.common.rest_client [req-e1f07962-bf1c-4c11-aa8e-424e32e47a49 req-e1f07962-bf1c-4c11-aa8e-424e32e47a49 ] Request (ServerRescueNegativeTestJSON:setUpClass): 200 GET http://10.180.1.21/compute/v2.1/servers/d8401e2f-0d4c-4a7e-8577-04e3d68b1763 0.069s
2024-12-12 10:49:38.768 66019 INFO tempest.lib.common.rest_client [req-8ca265d3-6859-4248-8fe2-d592250affcf req-8ca265d3-6859-4248-8fe2-d592250affcf ] Request (ImagesOneServerNegativeTestJSON:_run_cleanups): 200 GET http://10.180.1.21/compute/v2.1/servers/978f946b-172a-48d4-b9de-ee19dd0d1224 0.067s
2024-12-12 10:49:38.773 66007 INFO tempest.lib.common.rest_client [req-62d882f9-82f9-483e-9d1c-093e8d3858da req-62d882f9-82f9-483e-9d1c-093e8d3858da ] Request (FloatingIPsAssociationNegativeTestJSON:tearDownClass): 200 GET http://10.180.1.21/compute/v2.1/servers/18199893-4be7-41c8-b5a7-319a6c1da49f 0.112s
2024-12-12 10:49:38.813 66023 INFO tempest.lib.common.rest_client [req-3f501d05-5a9c-4266-8d83-dff717adcbd1 req-3f501d05-5a9c-4266-8d83-dff717adcbd1 ] Request (ImagesOneServerTestJSON:tearDownClass): 404 GET http://10.180.1.21/compute/v2.1/servers/3c27d92d-5072-4d12-aa5e-60336dad1c41 0.021s
2024-12-12 10:49:38.914 66059 WARNING tempest.lib.common.ssh [-] Failed to establish authenticated ssh connection to cirros@10.180.180.139 ([Errno None] Unable to connect to port 22 on 10.180.180.139). Number attempts: 3. Retry after 4 seconds.: paramiko.ssh_exception.NoValidConnectionsError: [Errno None] Unable to connect to port 22 on 10.180.180.139
2024-12-12 10:49:38.924 66065 INFO tempest.lib.common.rest_client [req-145fcbd9-0262-45bf-9469-92873f96157f req-145fcbd9-0262-45bf-9469-92873f96157f ] Request (MultipleCreateTestJSON:test_multiple_create): 200 GET http://10.180.1.21/compute/v2.1/servers/87b3796c-2192-41de-a367-a40dec742c47 0.086s
2024-12-12 10:49:39.006 66025 INFO tempest.lib.common.rest_client [req-64a79036-ede4-43b1-95cc-086ec5787775 req-64a79036-ede4-43b1-95cc-086ec5787775 ] Request (ImagesNegativeTestJSON:test_create_image_from_deleted_server): 200 GET http://10.180.1.21/compute/v2.1/servers/ff6920f6-d7f0-47db-af2b-7896c496fe32 0.057s
2024-12-12 10:49:39.012 66025 INFO tempest.common.waiters [-] State transition "ACTIVE/deleting" ==> "DELETED/None" after 4 second wait
2024-12-12 10:49:39.080 66043 INFO tempest.lib.common.rest_client [req-9dd4f45a-eae6-4b53-9ec4-191dbaed3adc req-9dd4f45a-eae6-4b53-9ec4-191dbaed3adc ] Request (ServersAdmin275Test:tearDownClass): 200 GET http://10.180.1.21/compute/v2.1/servers/602f4c47-5428-41df-bc84-9b903a03d3c6 0.070s
2024-12-12 10:49:39.093 66045 INFO tempest.lib.common.rest_client [req-4e46b1a6-0af4-4351-90f8-73696093ee68 req-4e46b1a6-0af4-4351-90f8-73696093ee68 ] Request (MigrationsAdminTest:test_list_migrations_in_flavor_resize_situation): 200 GET http://10.180.1.21/compute/v2.1/servers/c13205db-c3b6-4014-ba7e-340f800bdec0 0.105s
2024-12-12 10:49:39.137 66049 INFO tempest.lib.common.rest_client [req-8cee9578-56e1-483d-aeac-c53385121f10 req-8cee9578-56e1-483d-aeac-c53385121f10 ] Request (ServerTagsTestJSON:setUpClass): 200 GET http://10.180.1.21/compute/v2.1/servers/3740794c-c7a8-4325-9234-0fe4f83cc465 0.077s
2024-12-12 10:49:39.163 66029 INFO tempest.lib.common.rest_client [req-84d93122-7fac-4b2c-9901-7ee7d2631ddf req-84d93122-7fac-4b2c-9901-7ee7d2631ddf ] Request (ServerShowV247Test:test_update_rebuild_list_server): 200 GET http://10.180.1.21/compute/v2.1/servers/88838791-2153-498b-8048-7891a84aa8be 0.054s
2024-12-12 10:49:39.180 66067 INFO tempest.lib.common.rest_client [req-e1bd7970-6fe5-475d-a1d6-62865cd733c9 req-e1bd7970-6fe5-475d-a1d6-62865cd733c9 ] Request (ServersTestJSON:test_create_server_with_ipv6_addr_only): 200 GET http://10.180.1.21/compute/v2.1/servers/626daee0-ec18-4366-af6a-6b07708dedb1 0.051s
2024-12-12 10:49:39.233 66039 INFO tempest.lib.common.rest_client [req-ff04264c-914a-4400-9f6f-7a85dc29982b req-ff04264c-914a-4400-9f6f-7a85dc29982b ] Request (ServersTestMultiNic:test_verify_duplicate_network_nics): 200 GET http://10.180.1.21/compute/v2.1/servers/0ea6eea2-4690-47d5-a489-d0d4773fc8b9 0.056s
2024-12-12 10:49:39.284 66051 INFO tempest.lib.common.rest_client [req-cac71eb9-3b8c-4f4a-943f-ad84c84ad18e req-cac71eb9-3b8c-4f4a-943f-ad84c84ad18e ] Request (ServersV294TestFqdnHostnames:setUpClass): 200 GET http://10.180.1.21/compute/v2.1/servers/b60445df-57f7-45aa-9aa5-b3282ac6e4e0 0.054s
2024-12-12 10:49:39.352 66041 INFO tempest.lib.common.rest_client [req-b7bdbd82-9eb8-4fda-8486-fa4318ab9b6e req-b7bdbd82-9eb8-4fda-8486-fa4318ab9b6e ] Request (FloatingIPsAssociationTestJSON:test_associate_already_associated_floating_ip): 200 GET http://10.180.1.21/compute/v2.1/servers/3d6b91bf-2ac9-4b6b-80fc-065268b9ed22 0.053s
2024-12-12 10:49:39.405 66021 INFO tempest.lib.common.rest_client [req-f3ea16e0-2ee4-4e05-95f2-7283d9eef458 req-f3ea16e0-2ee4-4e05-95f2-7283d9eef458 ] Request (DeleteServersAdminTestJSON:test_delete_server_while_in_error_state): 200 GET http://10.180.1.21/compute/v2.1/servers/0a5926ae-9200-4b62-86f0-3efea856792e 0.056s
2024-12-12 10:49:39.440 66027 INFO tempest.lib.common.rest_client [req-f3d19992-d8c0-4b27-aa63-f42cec097211 req-f3d19992-d8c0-4b27-aa63-f42cec097211 ] Request (ImagesTestJSON:test_create_image_from_stopped_server): 200 GET http://10.180.1.21/compute/v2.1/servers/1f263cb1-15b3-4e8d-8cfa-dae622a1c186 0.049s
2024-12-12 10:49:39.485 66009 INFO tempest.lib.common.rest_client [req-281c2c9c-409f-4dec-becd-6e20d2956381 req-281c2c9c-409f-4dec-becd-6e20d2956381 ] Request (SecurityGroupsTestJSON:test_list_security_groups_by_server): 200 GET http://10.180.1.21/compute/v2.1/servers/bcf8cd94-b380-41e6-8792-df66a2954952 0.052s
2024-12-12 10:49:39.522 66017 INFO tempest.lib.common.rest_client [req-cdde2bea-03eb-46b5-83fb-184cb9bd547a req-cdde2bea-03eb-46b5-83fb-184cb9bd547a ] Request (ServersAdminTestJSON:test_create_server_with_scheduling_hint): 200 GET http://10.180.1.21/compute/v2.1/servers/75d8232c-3dee-48f6-8abd-60581f4abd44 0.065s
2024-12-12 10:49:39.663 66023 INFO tempest.lib.common.rest_client [req-dc20fb0c-82da-4eb7-b543-bff863f26a64 req-dc20fb0c-82da-4eb7-b543-bff863f26a64 ] Request (ImagesOneServerTestJSON:tearDownClass): 200 PUT http://10.180.1.21:9696/networking/v2.0/routers/6768f981-0705-4069-b6c2-483393660ad0/remove_router_interface 0.849s
2024-12-12 10:49:39.734 66035 INFO tempest.lib.common.rest_client [req-6a09dd92-8c5a-4ad8-ab40-6dd35180243e req-6a09dd92-8c5a-4ad8-ab40-6dd35180243e ] Request (DeleteServersTestJSON:test_delete_active_server): 200 GET http://10.180.1.21/compute/v2.1/servers/cc768a9e-0d11-49e0-8762-35dcaaf929fb 0.066s
2024-12-12 10:49:39.790 66015 INFO tempest.lib.common.rest_client [req-503dc5d4-6336-4a21-871b-25afd4370c4c req-503dc5d4-6336-4a21-871b-25afd4370c4c ] Request (ServerRescueNegativeTestJSON:setUpClass): 200 GET http://10.180.1.21/compute/v2.1/servers/d8401e2f-0d4c-4a7e-8577-04e3d68b1763 0.063s
2024-12-12 10:49:39.804 66015 INFO tempest.common.waiters [-] State transition "BUILD/scheduling" ==> "BUILD/None" after 34 second wait
2024-12-12 10:49:39.833 66031 INFO tempest.lib.common.rest_client [req-a5d71c47-3b08-4d95-aa5d-0ff0726bcfa6 req-a5d71c47-3b08-4d95-aa5d-0ff0726bcfa6 ] Request (ServerDiskConfigTestJSON:test_rebuild_server_with_auto_disk_config): 200 GET http://10.180.1.21/compute/v2.1/servers/66448535-e73a-4cf2-bc6f-f12e656ff3f1 0.161s
2024-12-12 10:49:39.851 66011 INFO tempest.lib.common.rest_client [req-f3bb20d1-df3e-4f7c-989d-aaae98982081 req-f3bb20d1-df3e-4f7c-989d-aaae98982081 ] Request (AttachInterfacesUnderV243Test:test_add_remove_fixed_ip): 200 GET http://10.180.1.21/compute/v2.1/servers/35979957-c1a5-4250-a16d-0eb2907da195 0.124s
2024-12-12 10:49:39.888 66019 INFO tempest.lib.common.rest_client [req-00168743-f8b4-4c87-8b5b-cd0c078ce08f req-00168743-f8b4-4c87-8b5b-cd0c078ce08f ] Request (ImagesOneServerNegativeTestJSON:_run_cleanups): 200 GET http://10.180.1.21/compute/v2.1/servers/978f946b-172a-48d4-b9de-ee19dd0d1224 0.113s
2024-12-12 10:49:39.901 66007 INFO tempest.lib.common.rest_client [req-e64faf70-4e6d-4708-994c-68c8a0b5372c req-e64faf70-4e6d-4708-994c-68c8a0b5372c ] Request (FloatingIPsAssociationNegativeTestJSON:tearDownClass): 200 GET http://10.180.1.21/compute/v2.1/servers/18199893-4be7-41c8-b5a7-319a6c1da49f 0.121s
2024-12-12 10:49:39.993 66023 INFO tempest.lib.common.rest_client [req-55df5e9e-9ddf-4556-b0d8-a468443730d3 req-55df5e9e-9ddf-4556-b0d8-a468443730d3 ] Request (ImagesOneServerTestJSON:tearDownClass): 204 DELETE http://10.180.1.21:9696/networking/v2.0/routers/6768f981-0705-4069-b6c2-483393660ad0 0.330s
2024-12-12 10:49:40.049 66065 INFO tempest.lib.common.rest_client [req-b5f0fcc3-50de-44c0-af25-844eedfbdd25 req-b5f0fcc3-50de-44c0-af25-844eedfbdd25 ] Request (MultipleCreateTestJSON:test_multiple_create): 200 GET http://10.180.1.21/compute/v2.1/servers/87b3796c-2192-41de-a367-a40dec742c47 0.118s
2024-12-12 10:49:40.079 66025 INFO tempest.lib.common.rest_client [req-49491fab-ebfa-4c13-812c-ab9e893b0859 req-49491fab-ebfa-4c13-812c-ab9e893b0859 ] Request (ImagesNegativeTestJSON:test_create_image_from_deleted_server): 200 GET http://10.180.1.21/compute/v2.1/servers/ff6920f6-d7f0-47db-af2b-7896c496fe32 0.067s
2024-12-12 10:49:40.185 66023 INFO tempest.lib.common.rest_client [req-b424b881-be3a-4239-956e-bbdf19861641 req-b424b881-be3a-4239-956e-bbdf19861641 ] Request (ImagesOneServerTestJSON:tearDownClass): 204 DELETE http://10.180.1.21:9696/networking/v2.0/subnets/60d24674-13fd-4006-9730-23057ae6df7c 0.191s
2024-12-12 10:49:40.191 66043 INFO tempest.lib.common.rest_client [req-6183186a-94db-4e10-a5c2-e4742a97e58d req-6183186a-94db-4e10-a5c2-e4742a97e58d ] Request (ServersAdmin275Test:tearDownClass): 200 GET http://10.180.1.21/compute/v2.1/servers/602f4c47-5428-41df-bc84-9b903a03d3c6 0.102s
2024-12-12 10:49:40.245 66045 INFO tempest.lib.common.rest_client [req-e519eb70-1399-49ac-a1eb-b092e0ad5b16 req-e519eb70-1399-49ac-a1eb-b092e0ad5b16 ] Request (MigrationsAdminTest:test_list_migrations_in_flavor_resize_situation): 200 GET http://10.180.1.21/compute/v2.1/servers/c13205db-c3b6-4014-ba7e-340f800bdec0 0.145s
2024-12-12 10:49:40.246 66049 INFO tempest.lib.common.rest_client [req-20bedeed-9b8e-44b1-8fa2-8d1ff4a82985 req-20bedeed-9b8e-44b1-8fa2-8d1ff4a82985 ] Request (ServerTagsTestJSON:setUpClass): 200 GET http://10.180.1.21/compute/v2.1/servers/3740794c-c7a8-4325-9234-0fe4f83cc465 0.100s
2024-12-12 10:49:40.262 66005 WARNING tempest.lib.common.ssh [-] Failed to establish authenticated ssh connection to cirros@10.180.180.207 ([Errno None] Unable to connect to port 22 on 10.180.180.207). Number attempts: 9. Retry after 10 seconds.: paramiko.ssh_exception.NoValidConnectionsError: [Errno None] Unable to connect to port 22 on 10.180.180.207
2024-12-12 10:49:40.307 66067 INFO tempest.lib.common.rest_client [req-bd9dac03-cf5d-4c4a-9186-4bec6ebb47c0 req-bd9dac03-cf5d-4c4a-9186-4bec6ebb47c0 ] Request (ServersTestJSON:test_create_server_with_ipv6_addr_only): 200 GET http://10.180.1.21/compute/v2.1/servers/626daee0-ec18-4366-af6a-6b07708dedb1 0.120s
2024-12-12 10:49:40.313 66029 INFO tempest.lib.common.rest_client [req-5582f9bc-bf5b-4b23-848c-e19a2dfbecd5 req-5582f9bc-bf5b-4b23-848c-e19a2dfbecd5 ] Request (ServerShowV247Test:test_update_rebuild_list_server): 200 GET http://10.180.1.21/compute/v2.1/servers/88838791-2153-498b-8048-7891a84aa8be 0.139s
2024-12-12 10:49:40.367 66039 INFO tempest.lib.common.rest_client [req-95eec312-b776-4328-8ead-e07c962fd8b8 req-95eec312-b776-4328-8ead-e07c962fd8b8 ] Request (ServersTestMultiNic:test_verify_duplicate_network_nics): 200 GET http://10.180.1.21/compute/v2.1/servers/0ea6eea2-4690-47d5-a489-d0d4773fc8b9 0.127s
2024-12-12 10:49:40.376 66051 INFO tempest.lib.common.rest_client [req-e518ea64-e8b5-4a27-a6ca-a1b813313dbb req-e518ea64-e8b5-4a27-a6ca-a1b813313dbb ] Request (ServersV294TestFqdnHostnames:setUpClass): 200 GET http://10.180.1.21/compute/v2.1/servers/b60445df-57f7-45aa-9aa5-b3282ac6e4e0 0.083s
2024-12-12 10:49:40.408 66041 INFO tempest.lib.common.rest_client [req-f809ea3b-ece0-4d16-bec9-e950a569ad5e req-f809ea3b-ece0-4d16-bec9-e950a569ad5e ] Request (FloatingIPsAssociationTestJSON:test_associate_already_associated_floating_ip): 200 GET http://10.180.1.21/compute/v2.1/servers/3d6b91bf-2ac9-4b6b-80fc-065268b9ed22 0.050s
2024-12-12 10:49:40.439 66023 INFO tempest.lib.common.rest_client [req-6aefbb63-ce8c-4c3a-8d71-19690fe9ce4c req-6aefbb63-ce8c-4c3a-8d71-19690fe9ce4c ] Request (ImagesOneServerTestJSON:tearDownClass): 204 DELETE http://10.180.1.21:9696/networking/v2.0/networks/64977dd2-bc7c-4161-bd42-293aeb6a56bf 0.254s
2024-12-12 10:49:40.468 66021 INFO tempest.lib.common.rest_client [req-4c7e7ba2-1395-4fc7-b5ba-ae6073eec2ec req-4c7e7ba2-1395-4fc7-b5ba-ae6073eec2ec ] Request (DeleteServersAdminTestJSON:test_delete_server_while_in_error_state): 200 GET http://10.180.1.21/compute/v2.1/servers/0a5926ae-9200-4b62-86f0-3efea856792e 0.053s
2024-12-12 10:49:40.498 66027 INFO tempest.lib.common.rest_client [req-ab04ab87-dc3e-4d03-9934-4bf443a27a8c req-ab04ab87-dc3e-4d03-9934-4bf443a27a8c ] Request (ImagesTestJSON:test_create_image_from_stopped_server): 200 GET http://10.180.1.21/compute/v2.1/servers/1f263cb1-15b3-4e8d-8cfa-dae622a1c186 0.048s
2024-12-12 10:49:40.515 66033 WARNING tempest.lib.common.ssh [-] Failed to establish authenticated ssh connection to cirros@10.180.180.237 ([Errno None] Unable to connect to port 22 on 10.180.180.237). Number attempts: 7. Retry after 8 seconds.: paramiko.ssh_exception.NoValidConnectionsError: [Errno None] Unable to connect to port 22 on 10.180.180.237
2024-12-12 10:49:40.541 66009 INFO tempest.lib.common.rest_client [req-78d109ba-e27b-4ec2-a4c2-99c2009148c3 req-78d109ba-e27b-4ec2-a4c2-99c2009148c3 ] Request (SecurityGroupsTestJSON:test_list_security_groups_by_server): 200 GET http://10.180.1.21/compute/v2.1/servers/bcf8cd94-b380-41e6-8792-df66a2954952 0.048s
2024-12-12 10:49:40.542 66023 INFO tempest.lib.common.rest_client [req-dc9874db-9250-4930-9954-2eecd1a537b8 req-dc9874db-9250-4930-9954-2eecd1a537b8 ] Request (ImagesOneServerTestJSON:tearDownClass): 204 DELETE http://10.180.1.21/identity/v3/users/9841ee244b5f47768313260c47a83edc 0.103s
2024-12-12 10:49:40.543 66023 INFO tempest.lib.common.dynamic_creds [-] Deleting project and security group for project: b4be9d6ca646444a9f3556a311bc8df1
2024-12-12 10:49:40.568 66023 INFO tempest.lib.common.rest_client [req-d63e114b-2e5f-46e1-8b39-b59de7c62cf0 req-d63e114b-2e5f-46e1-8b39-b59de7c62cf0 ] Request (ImagesOneServerTestJSON:tearDownClass): 200 GET http://10.180.1.21:9696/networking/v2.0/security-groups?tenant_id=b4be9d6ca646444a9f3556a311bc8df1&name=default 0.025s
2024-12-12 10:49:40.573 66017 INFO tempest.lib.common.rest_client [req-e7862e38-29cb-4c4c-8574-d488c760f144 req-e7862e38-29cb-4c4c-8574-d488c760f144 ] Request (ServersAdminTestJSON:test_create_server_with_scheduling_hint): 200 GET http://10.180.1.21/compute/v2.1/servers/75d8232c-3dee-48f6-8abd-60581f4abd44 0.045s
2024-12-12 10:49:40.642 66023 INFO tempest.lib.common.rest_client [req-ca167ff7-f5ee-4b19-9917-fb9ff5c69f82 req-ca167ff7-f5ee-4b19-9917-fb9ff5c69f82 ] Request (ImagesOneServerTestJSON:tearDownClass): 204 DELETE http://10.180.1.21:9696/networking/v2.0/security-groups/1c455cb6-2030-4597-8afe-98d9585eb5c7 0.073s
2024-12-12 10:49:40.720 66023 INFO tempest.lib.common.rest_client [req-c41a3b9e-6ff0-431b-b926-acf6e91feff6 req-c41a3b9e-6ff0-431b-b926-acf6e91feff6 ] Request (ImagesOneServerTestJSON:tearDownClass): 204 DELETE http://10.180.1.21/identity/v3/projects/b4be9d6ca646444a9f3556a311bc8df1 0.078s
2024-12-12 10:49:40.777 66023 INFO tempest.lib.common.rest_client [req-99188fb5-6e15-439b-b15d-9d5cf9bcb079 req-99188fb5-6e15-439b-b15d-9d5cf9bcb079 ] Request (ListServerFiltersTestJSON:setUpClass): 201 POST http://10.180.1.21/identity/v3/auth/tokens 0.056s
2024-12-12 10:49:40.797 66035 INFO tempest.lib.common.rest_client [req-505c7152-d37b-4384-a24a-af9dd3d71cd6 req-505c7152-d37b-4384-a24a-af9dd3d71cd6 ] Request (DeleteServersTestJSON:test_delete_active_server): 200 GET http://10.180.1.21/compute/v2.1/servers/cc768a9e-0d11-49e0-8762-35dcaaf929fb 0.056s
2024-12-12 10:49:40.806 66023 INFO tempest.lib.common.rest_client [req-a63cfa36-7378-4178-bf7b-aea77f9124da req-a63cfa36-7378-4178-bf7b-aea77f9124da ] Request (ListServerFiltersTestJSON:setUpClass): 201 POST http://10.180.1.21/identity/v3/auth/tokens 0.026s
2024-12-12 10:49:40.831 66023 INFO tempest.lib.common.rest_client [req-0e541cbb-5518-4d77-bf76-258282e0a866 req-0e541cbb-5518-4d77-bf76-258282e0a866 ] Request (ListServerFiltersTestJSON:setUpClass): 200 GET http://10.180.1.21/identity/v3/domains?name=Default 0.024s
2024-12-12 10:49:40.835 66063 WARNING tempest.lib.common.ssh [-] Failed to establish authenticated ssh connection to cirros@10.180.180.210 ([Errno None] Unable to connect to port 22 on 10.180.180.210). Number attempts: 3. Retry after 4 seconds.: paramiko.ssh_exception.NoValidConnectionsError: [Errno None] Unable to connect to port 22 on 10.180.180.210
2024-12-12 10:49:40.853 66015 INFO tempest.lib.common.rest_client [req-36c57720-8335-4ebf-959e-cdd75210c7d9 req-36c57720-8335-4ebf-959e-cdd75210c7d9 ] Request (ServerRescueNegativeTestJSON:setUpClass): 200 GET http://10.180.1.21/compute/v2.1/servers/d8401e2f-0d4c-4a7e-8577-04e3d68b1763 0.048s
2024-12-12 10:49:40.859 66023 INFO tempest.lib.common.rest_client [req-f6634c2f-86c9-46d3-bf5b-957d3cdd0df2 req-f6634c2f-86c9-46d3-bf5b-957d3cdd0df2 ] Request (ListServerFiltersTestJSON:setUpClass): 201 POST http://10.180.1.21/identity/v3/projects 0.028s
2024-12-12 10:49:40.908 66023 INFO tempest.lib.common.rest_client [req-c93170db-9597-4073-96e3-b0c4ea749161 req-c93170db-9597-4073-96e3-b0c4ea749161 ] Request (ListServerFiltersTestJSON:setUpClass): 201 POST http://10.180.1.21/identity/v3/users 0.048s
2024-12-12 10:49:40.910 66011 INFO tempest.lib.common.rest_client [req-6f532572-0b5d-44a6-ad31-adb899ee9d52 req-6f532572-0b5d-44a6-ad31-adb899ee9d52 ] Request (AttachInterfacesUnderV243Test:test_add_remove_fixed_ip): 200 GET http://10.180.1.21/compute/v2.1/servers/35979957-c1a5-4250-a16d-0eb2907da195 0.050s
2024-12-12 10:49:40.926 66023 INFO tempest.lib.common.rest_client [req-e64b16fd-9b02-4d39-89f9-bc9976ac05bf req-e64b16fd-9b02-4d39-89f9-bc9976ac05bf ] Request (ListServerFiltersTestJSON:setUpClass): 200 GET http://10.180.1.21/identity/v3/roles 0.017s
2024-12-12 10:49:40.950 66023 INFO tempest.lib.common.rest_client [req-31bd5088-52d3-4411-b6a8-06d327d02545 req-31bd5088-52d3-4411-b6a8-06d327d02545 ] Request (ListServerFiltersTestJSON:setUpClass): 204 PUT http://10.180.1.21/identity/v3/projects/b5186557ec26456ab1b568338c21e6b6/users/3ca9d4de678849fcab667332f378fcc9/roles/15e7ddfa613c49029fcc688891fce488 0.024s
2024-12-12 10:49:40.951 66023 INFO tempest.lib.common.dynamic_creds [-] Dynamic test user 3ca9d4de678849fcab667332f378fcc9 is created with scope project and roles: ['member']
2024-12-12 10:49:40.951 66023 INFO tempest.lib.common.dynamic_creds [-] Acquired dynamic creds: credentials: Credentials: {'domain_id': 'default', 'domain_name': 'Default', 'username': 'tempest-ListServerFiltersTestJSON-473427822-project-member', 'project_domain_id': 'default', 'project_domain_name': 'Default', 'project_id': 'b5186557ec26456ab1b568338c21e6b6', 'project_name': 'tempest-ListServerFiltersTestJSON-473427822', 'tenant_id': 'b5186557ec26456ab1b568338c21e6b6', 'tenant_name': 'tempest-ListServerFiltersTestJSON-473427822', 'user_domain_id': 'default', 'user_domain_name': 'Default', 'user_id': '3ca9d4de678849fcab667332f378fcc9', 'system': None}, Network: None, Subnet: None, Router: None
2024-12-12 10:49:40.962 66031 INFO tempest.lib.common.rest_client [req-db753b8b-68cf-4879-95b5-3e024dddcee6 req-db753b8b-68cf-4879-95b5-3e024dddcee6 ] Request (ServerDiskConfigTestJSON:test_rebuild_server_with_auto_disk_config): 200 GET http://10.180.1.21/compute/v2.1/servers/66448535-e73a-4cf2-bc6f-f12e656ff3f1 0.121s
2024-12-12 10:49:40.963 66019 INFO tempest.lib.common.rest_client [req-5df1d6db-474e-4794-8c15-f881d35c8395 req-5df1d6db-474e-4794-8c15-f881d35c8395 ] Request (ImagesOneServerNegativeTestJSON:_run_cleanups): 200 GET http://10.180.1.21/compute/v2.1/servers/978f946b-172a-48d4-b9de-ee19dd0d1224 0.068s
2024-12-12 10:49:41.003 66023 INFO tempest.lib.common.rest_client [req-31abc997-e4f7-4709-b534-855ba2cdfa62 req-31abc997-e4f7-4709-b534-855ba2cdfa62 ] Request (ListServerFiltersTestJSON:setUpClass): 201 POST http://10.180.1.21/identity/v3/auth/tokens 0.052s
2024-12-12 10:49:41.014 66007 INFO tempest.lib.common.rest_client [req-e73842b3-201f-44d7-9f41-adeb427f0d53 req-e73842b3-201f-44d7-9f41-adeb427f0d53 ] Request (FloatingIPsAssociationNegativeTestJSON:tearDownClass): 200 GET http://10.180.1.21/compute/v2.1/servers/18199893-4be7-41c8-b5a7-319a6c1da49f 0.104s
2024-12-12 10:49:41.162 66025 INFO tempest.lib.common.rest_client [req-8910da6e-ee6c-4c5c-8a5c-9ff77deeb937 req-8910da6e-ee6c-4c5c-8a5c-9ff77deeb937 ] Request (ImagesNegativeTestJSON:test_create_image_from_deleted_server): 200 GET http://10.180.1.21/compute/v2.1/servers/ff6920f6-d7f0-47db-af2b-7896c496fe32 0.072s
2024-12-12 10:49:41.175 66065 INFO tempest.lib.common.rest_client [req-af26ce8b-8e73-43bc-b86a-6489c6f03705 req-af26ce8b-8e73-43bc-b86a-6489c6f03705 ] Request (MultipleCreateTestJSON:test_multiple_create): 200 GET http://10.180.1.21/compute/v2.1/servers/87b3796c-2192-41de-a367-a40dec742c47 0.117s
2024-12-12 10:49:41.259 66023 INFO tempest.lib.common.rest_client [req-ab7d1433-1462-4308-a0ff-de17d006b662 req-ab7d1433-1462-4308-a0ff-de17d006b662 ] Request (ListServerFiltersTestJSON:setUpClass): 201 POST http://10.180.1.21:9696/networking/v2.0/networks 0.255s
2024-12-12 10:49:41.270 66043 INFO tempest.lib.common.rest_client [req-36a1e88a-b2ec-4fc1-8a4a-13dcc302614b req-36a1e88a-b2ec-4fc1-8a4a-13dcc302614b ] Request (ServersAdmin275Test:tearDownClass): 200 GET http://10.180.1.21/compute/v2.1/servers/602f4c47-5428-41df-bc84-9b903a03d3c6 0.069s
2024-12-12 10:49:41.344 66049 INFO tempest.lib.common.rest_client [req-7025f72d-1179-45de-bebd-3571807e09d7 req-7025f72d-1179-45de-bebd-3571807e09d7 ] Request (ServerTagsTestJSON:setUpClass): 200 GET http://10.180.1.21/compute/v2.1/servers/3740794c-c7a8-4325-9234-0fe4f83cc465 0.075s
2024-12-12 10:49:41.360 66045 INFO tempest.lib.common.rest_client [req-d919ac4a-735e-43f1-88a7-9cd5f4ca5098 req-d919ac4a-735e-43f1-88a7-9cd5f4ca5098 ] Request (MigrationsAdminTest:test_list_migrations_in_flavor_resize_situation): 200 GET http://10.180.1.21/compute/v2.1/servers/c13205db-c3b6-4014-ba7e-340f800bdec0 0.108s
2024-12-12 10:49:41.389 66067 INFO tempest.lib.common.rest_client [req-13adce19-0768-414c-a328-bcc24c1ebf33 req-13adce19-0768-414c-a328-bcc24c1ebf33 ] Request (ServersTestJSON:test_create_server_with_ipv6_addr_only): 200 GET http://10.180.1.21/compute/v2.1/servers/626daee0-ec18-4366-af6a-6b07708dedb1 0.076s
2024-12-12 10:49:41.417 66029 INFO tempest.lib.common.rest_client [req-784dfc05-ebab-41d7-808e-c3ce6135e8b8 req-784dfc05-ebab-41d7-808e-c3ce6135e8b8 ] Request (ServerShowV247Test:test_update_rebuild_list_server): 200 GET http://10.180.1.21/compute/v2.1/servers/88838791-2153-498b-8048-7891a84aa8be 0.093s
2024-12-12 10:49:41.437 66039 INFO tempest.lib.common.rest_client [req-cd39e7e1-510e-48b0-834e-b68ec8b9c429 req-cd39e7e1-510e-48b0-834e-b68ec8b9c429 ] Request (ServersTestMultiNic:test_verify_duplicate_network_nics): 200 GET http://10.180.1.21/compute/v2.1/servers/0ea6eea2-4690-47d5-a489-d0d4773fc8b9 0.061s
2024-12-12 10:49:41.482 66051 INFO tempest.lib.common.rest_client [req-df74a999-933d-48f8-a099-8387b4f44c42 req-df74a999-933d-48f8-a099-8387b4f44c42 ] Request (ServersV294TestFqdnHostnames:setUpClass): 200 GET http://10.180.1.21/compute/v2.1/servers/b60445df-57f7-45aa-9aa5-b3282ac6e4e0 0.095s
2024-12-12 10:49:41.485 66041 INFO tempest.lib.common.rest_client [req-e8c13b3c-7540-447f-8fcb-e82243756879 req-e8c13b3c-7540-447f-8fcb-e82243756879 ] Request (FloatingIPsAssociationTestJSON:test_associate_already_associated_floating_ip): 200 GET http://10.180.1.21/compute/v2.1/servers/3d6b91bf-2ac9-4b6b-80fc-065268b9ed22 0.065s
2024-12-12 10:49:41.488 66023 INFO tempest.lib.common.rest_client [req-bee9382d-318d-4c36-a018-f387ca73bc81 req-bee9382d-318d-4c36-a018-f387ca73bc81 ] Request (ListServerFiltersTestJSON:setUpClass): 201 POST http://10.180.1.21:9696/networking/v2.0/subnets 0.229s
2024-12-12 10:49:41.488 66023 INFO tempest.lib.common.dynamic_creds [-] Created isolated network resources for: credentials: Credentials: {'domain_id': 'default', 'domain_name': 'Default', 'username': 'tempest-ListServerFiltersTestJSON-473427822-project-member', 'project_domain_id': 'default', 'project_domain_name': 'Default', 'project_id': 'b5186557ec26456ab1b568338c21e6b6', 'project_name': 'tempest-ListServerFiltersTestJSON-473427822', 'tenant_id': 'b5186557ec26456ab1b568338c21e6b6', 'tenant_name': 'tempest-ListServerFiltersTestJSON-473427822', 'user_domain_id': 'default', 'user_domain_name': 'Default', 'user_id': '3ca9d4de678849fcab667332f378fcc9', 'system': None}, Network: {'id': '8248a8ab-98a9-453e-a93c-db8f21e8398a', 'name': 'tempest-ListServerFiltersTestJSON-801133279-network', 'tenant_id': 'b5186557ec26456ab1b568338c21e6b6', 'admin_state_up': True, 'mtu': 8950, 'status': 'ACTIVE', 'subnets': [], 'shared': False, 'project_id': 'b5186557ec26456ab1b568338c21e6b6', 'port_security_enabled': True, 'router:external': False, 'provider:network_type': 'vlan', 'provider:physical_network': 'default', 'provider:segmentation_id': 739, 'availability_zone_hints': [], 'availability_zones': [], 'ipv4_address_scope': None, 'ipv6_address_scope': None, 'description': '', 'tags': [], 'created_at': '2024-12-12T10:49:41Z', 'updated_at': '2024-12-12T10:49:41Z', 'revision_number': 1}, Subnet: {'id': 'de57091d-9fb8-47bd-a5ba-f921a459326c', 'name': 'tempest-ListServerFiltersTestJSON-801133279-subnet', 'tenant_id': 'b5186557ec26456ab1b568338c21e6b6', 'network_id': '8248a8ab-98a9-453e-a93c-db8f21e8398a', 'ip_version': 4, 'subnetpool_id': None, 'enable_dhcp': True, 'ipv6_ra_mode': None, 'ipv6_address_mode': None, 'gateway_ip': '192.168.128.1', 'cidr': '192.168.128.0/28', 'allocation_pools': [{'start': '192.168.128.2', 'end': '192.168.128.14'}], 'host_routes': [], 'dns_nameservers': [], 'description': '', 'router:external': False, 'service_types': [], 'tags': [], 'created_at': '2024-12-12T10:49:41Z', 'updated_at': '2024-12-12T10:49:41Z', 'revision_number': 0, 'project_id': 'b5186557ec26456ab1b568338c21e6b6'}, Router: None
2024-12-12 10:49:41.537 66021 INFO tempest.lib.common.rest_client [req-6880f615-5b21-4931-b397-4546154005f0 req-6880f615-5b21-4931-b397-4546154005f0 ] Request (DeleteServersAdminTestJSON:test_delete_server_while_in_error_state): 200 GET http://10.180.1.21/compute/v2.1/servers/0a5926ae-9200-4b62-86f0-3efea856792e 0.063s
2024-12-12 10:49:41.564 66027 INFO tempest.lib.common.rest_client [req-5f57f026-4066-4388-b1e1-66ce7c2a7796 req-5f57f026-4066-4388-b1e1-66ce7c2a7796 ] Request (ImagesTestJSON:test_create_image_from_stopped_server): 200 GET http://10.180.1.21/compute/v2.1/servers/1f263cb1-15b3-4e8d-8cfa-dae622a1c186 0.059s
2024-12-12 10:49:41.574 66023 INFO tempest.lib.common.rest_client [req-5f37b82d-a293-4a06-998d-c59932d0090e req-5f37b82d-a293-4a06-998d-c59932d0090e ] Request (ListServerFiltersTestJSON:setUpClass): 201 POST http://10.180.1.21/identity/v3/auth/tokens 0.076s
2024-12-12 10:49:41.603 66013 WARNING tempest.lib.common.ssh [-] Failed to establish authenticated ssh connection to cirros@10.180.180.129 ([Errno None] Unable to connect to port 22 on 10.180.180.129). Number attempts: 9. Retry after 10 seconds.: paramiko.ssh_exception.NoValidConnectionsError: [Errno None] Unable to connect to port 22 on 10.180.180.129
2024-12-12 10:49:41.606 66023 INFO tempest.lib.common.rest_client [req-f254316b-909d-4482-a515-6dcd618b6658 req-f254316b-909d-4482-a515-6dcd618b6658 ] Request (ListServerFiltersTestJSON:setUpClass): 201 POST http://10.180.1.21/identity/v3/auth/tokens 0.029s
2024-12-12 10:49:41.606 66023 INFO tempest.lib.common.fixed_network [-] (ListServerFiltersTestJSON:setUpClass) Found network {'id': '8248a8ab-98a9-453e-a93c-db8f21e8398a', 'name': 'tempest-ListServerFiltersTestJSON-801133279-network', 'tenant_id': 'b5186557ec26456ab1b568338c21e6b6', 'admin_state_up': True, 'mtu': 8950, 'status': 'ACTIVE', 'subnets': [], 'shared': False, 'project_id': 'b5186557ec26456ab1b568338c21e6b6', 'port_security_enabled': True, 'router:external': False, 'provider:network_type': 'vlan', 'provider:physical_network': 'default', 'provider:segmentation_id': 739, 'availability_zone_hints': [], 'availability_zones': [], 'ipv4_address_scope': None, 'ipv6_address_scope': None, 'description': '', 'tags': [], 'created_at': '2024-12-12T10:49:41Z', 'updated_at': '2024-12-12T10:49:41Z', 'revision_number': 1} available for tenant
2024-12-12 10:49:41.610 66009 INFO tempest.lib.common.rest_client [req-356694d0-a0dc-4844-bdf7-690455595d5a req-356694d0-a0dc-4844-bdf7-690455595d5a ] Request (SecurityGroupsTestJSON:test_list_security_groups_by_server): 200 GET http://10.180.1.21/compute/v2.1/servers/bcf8cd94-b380-41e6-8792-df66a2954952 0.062s
2024-12-12 10:49:41.633 66017 INFO tempest.lib.common.rest_client [req-37eb58fc-2afa-4849-b709-3663301d200f req-37eb58fc-2afa-4849-b709-3663301d200f ] Request (ServersAdminTestJSON:test_create_server_with_scheduling_hint): 200 GET http://10.180.1.21/compute/v2.1/servers/75d8232c-3dee-48f6-8abd-60581f4abd44 0.049s
2024-12-12 10:49:41.633 66023 INFO tempest.lib.common.rest_client [req-57dde6f5-9313-4b3c-902d-66d86810274e req-57dde6f5-9313-4b3c-902d-66d86810274e ] Request (ListServerFiltersTestJSON:setUpClass): 201 POST http://10.180.1.21/identity/v3/auth/tokens 0.025s
2024-12-12 10:49:41.634 66023 INFO tempest.lib.common.fixed_network [-] (ListServerFiltersTestJSON:setUpClass) Found network {'id': '8248a8ab-98a9-453e-a93c-db8f21e8398a', 'name': 'tempest-ListServerFiltersTestJSON-801133279-network', 'tenant_id': 'b5186557ec26456ab1b568338c21e6b6', 'admin_state_up': True, 'mtu': 8950, 'status': 'ACTIVE', 'subnets': [], 'shared': False, 'project_id': 'b5186557ec26456ab1b568338c21e6b6', 'port_security_enabled': True, 'router:external': False, 'provider:network_type': 'vlan', 'provider:physical_network': 'default', 'provider:segmentation_id': 739, 'availability_zone_hints': [], 'availability_zones': [], 'ipv4_address_scope': None, 'ipv6_address_scope': None, 'description': '', 'tags': [], 'created_at': '2024-12-12T10:49:41Z', 'updated_at': '2024-12-12T10:49:41Z', 'revision_number': 1} available for tenant
2024-12-12 10:49:41.881 66035 INFO tempest.lib.common.rest_client [req-ef142437-7699-4838-951d-ac464518b685 req-ef142437-7699-4838-951d-ac464518b685 ] Request (DeleteServersTestJSON:test_delete_active_server): 200 GET http://10.180.1.21/compute/v2.1/servers/cc768a9e-0d11-49e0-8762-35dcaaf929fb 0.077s
2024-12-12 10:49:41.925 66015 INFO tempest.lib.common.rest_client [req-8e6dc5dd-d509-4834-ba5d-736fab22e89c req-8e6dc5dd-d509-4834-ba5d-736fab22e89c ] Request (ServerRescueNegativeTestJSON:setUpClass): 200 GET http://10.180.1.21/compute/v2.1/servers/d8401e2f-0d4c-4a7e-8577-04e3d68b1763 0.065s
2024-12-12 10:49:41.958 66023 INFO tempest.lib.common.rest_client [req-0d80e867-f1a5-4504-bb17-320f6192a5e5 req-0d80e867-f1a5-4504-bb17-320f6192a5e5 ] Request (ListServerFiltersTestJSON:setUpClass): 202 POST http://10.180.1.21/compute/v2.1/servers 0.324s
2024-12-12 10:49:41.971 66011 INFO tempest.lib.common.rest_client [req-b7b79b33-43ef-4e44-9b07-273b6f6d05bc req-b7b79b33-43ef-4e44-9b07-273b6f6d05bc ] Request (AttachInterfacesUnderV243Test:test_add_remove_fixed_ip): 200 GET http://10.180.1.21/compute/v2.1/servers/35979957-c1a5-4250-a16d-0eb2907da195 0.051s
2024-12-12 10:49:41.997 66023 INFO tempest.lib.common.rest_client [req-4adc7532-27cf-4b59-948d-9aca95737187 req-4adc7532-27cf-4b59-948d-9aca95737187 ] Request (ListServerFiltersTestJSON:setUpClass): 201 POST http://10.180.1.21/identity/v3/auth/tokens 0.034s
2024-12-12 10:49:41.997 66023 INFO tempest.lib.common.fixed_network [-] (ListServerFiltersTestJSON:setUpClass) Found network {'id': '8248a8ab-98a9-453e-a93c-db8f21e8398a', 'name': 'tempest-ListServerFiltersTestJSON-801133279-network', 'tenant_id': 'b5186557ec26456ab1b568338c21e6b6', 'admin_state_up': True, 'mtu': 8950, 'status': 'ACTIVE', 'subnets': [], 'shared': False, 'project_id': 'b5186557ec26456ab1b568338c21e6b6', 'port_security_enabled': True, 'router:external': False, 'provider:network_type': 'vlan', 'provider:physical_network': 'default', 'provider:segmentation_id': 739, 'availability_zone_hints': [], 'availability_zones': [], 'ipv4_address_scope': None, 'ipv6_address_scope': None, 'description': '', 'tags': [], 'created_at': '2024-12-12T10:49:41Z', 'updated_at': '2024-12-12T10:49:41Z', 'revision_number': 1} available for tenant
2024-12-12 10:49:42.031 66019 INFO tempest.lib.common.rest_client [req-ac2e3fd2-92aa-4e5c-a979-5ffc77ec9340 req-ac2e3fd2-92aa-4e5c-a979-5ffc77ec9340 ] Request (ImagesOneServerNegativeTestJSON:_run_cleanups): 200 GET http://10.180.1.21/compute/v2.1/servers/978f946b-172a-48d4-b9de-ee19dd0d1224 0.060s
2024-12-12 10:49:42.086 66031 INFO tempest.lib.common.rest_client [req-4ac44229-af4e-48a0-8624-87fc5790cce7 req-4ac44229-af4e-48a0-8624-87fc5790cce7 ] Request (ServerDiskConfigTestJSON:test_rebuild_server_with_auto_disk_config): 200 GET http://10.180.1.21/compute/v2.1/servers/66448535-e73a-4cf2-bc6f-f12e656ff3f1 0.116s
2024-12-12 10:49:42.092 66031 INFO tempest.common.waiters [-] State transition "REBUILD/rebuilding" ==> "REBUILD/rebuild_spawning" after 4 second wait
2024-12-12 10:49:42.165 66007 INFO tempest.lib.common.rest_client [req-0e5233c9-3ffa-43c0-bf85-f98106e0bd11 req-0e5233c9-3ffa-43c0-bf85-f98106e0bd11 ] Request (FloatingIPsAssociationNegativeTestJSON:tearDownClass): 200 GET http://10.180.1.21/compute/v2.1/servers/18199893-4be7-41c8-b5a7-319a6c1da49f 0.141s
2024-12-12 10:49:42.232 66025 INFO tempest.lib.common.rest_client [req-f0da4adf-2e95-487b-a0d0-baad43540ea9 req-f0da4adf-2e95-487b-a0d0-baad43540ea9 ] Request (ImagesNegativeTestJSON:test_create_image_from_deleted_server): 200 GET http://10.180.1.21/compute/v2.1/servers/ff6920f6-d7f0-47db-af2b-7896c496fe32 0.063s
