2024-12-13 05:42:27.398 68275 INFO tempest.lib.common.rest_client [req-5585a357-e066-40a9-8a47-004d250b0df7 req-5585a357-e066-40a9-8a47-004d250b0df7 ] Request (SecurityGroupsTestJSON:test_list_security_groups_by_server): 200 GET http://10.180.1.21/compute/v2.1/servers/e5285ea1-c895-4ed9-b81d-fbaac9d45b66/os-security-groups 0.340s
2024-12-13 05:42:27.399 68279 INFO tempest.lib.common.rest_client [req-8be90964-ab08-4f0b-9a8a-74a50014e2f9 req-8be90964-ab08-4f0b-9a8a-74a50014e2f9 ] Request (AttachInterfacesV270Test:test_create_get_list_interfaces): 200 GET http://10.180.1.21/compute/v2.1/servers/38bb528d-e25b-468e-9d8c-bbfe8cf09ce9 0.319s
2024-12-13 05:42:27.463 68259 INFO tempest.lib.common.rest_client [req-a5555d94-3112-4e61-9fa7-de6ef443b496 req-a5555d94-3112-4e61-9fa7-de6ef443b496 ] Request (InstanceActionsV221TestJSON:test_get_list_deleted_instance_actions): 200 GET http://10.180.1.21/compute/v2.1/servers/b523b53f-5dd6-41e4-a097-3ac8cb9b09ac 0.257s
2024-12-13 05:42:27.477 68273 INFO tempest.lib.common.rest_client [req-5eb0b7ae-e8a2-4c84-9143-1fc9b6874d30 req-5eb0b7ae-e8a2-4c84-9143-1fc9b6874d30 ] Request (ServersAdmin275Test:tearDownClass): 200 GET http://10.180.1.21/compute/v2.1/servers/7fbe345a-3ce0-4e4d-9a64-aecade889565 0.330s
2024-12-13 05:42:27.527 68269 INFO tempest.lib.common.rest_client [req-404e4c1a-2b2a-49bc-97b5-586f59144096 req-404e4c1a-2b2a-49bc-97b5-586f59144096 ] Request (FloatingIPsAssociationNegativeTestJSON:setUpClass): 200 GET http://10.180.1.21/compute/v2.1/servers/d0244585-d683-4bf5-b9ca-790caff8b6f8 0.267s
2024-12-13 05:42:27.610 68241 INFO tempest.lib.common.rest_client [req-edb18078-a7fb-4c43-8a4b-18ba08a19b31 req-edb18078-a7fb-4c43-8a4b-18ba08a19b31 ] Request (ImagesOneServerTestJSON:test_create_delete_image): 204 DELETE http://10.180.1.21/compute/v2.1/images/09620c55-cfd4-48d7-9b73-d3b81ab7bedd 0.305s
2024-12-13 05:42:27.620 68271 INFO tempest.lib.common.rest_client [req-8ac199da-9d66-4814-a28f-e4501cc9d151 req-8ac199da-9d66-4814-a28f-e4501cc9d151 ] Request (ServerActionsTestJSON:setUpClass): 200 GET http://10.180.1.21/compute/v2.1/servers/49e0af98-e430-4d2f-ae10-e6aa178006cf 0.244s
2024-12-13 05:42:27.671 68277 INFO tempest.lib.common.rest_client [req-4438ab25-bbaf-4f6f-94d7-ab44d25d1c2d req-4438ab25-bbaf-4f6f-94d7-ab44d25d1c2d ] Request (ServersTestBootFromVolume:setUpClass): 200 GET http://10.180.1.21/compute/v2.1/servers/0f2d5b53-a0a8-4555-90b7-74546298b6d5 0.234s
2024-12-13 05:42:27.728 68261 INFO tempest.lib.common.rest_client [req-b54b0015-1b40-4328-b8f5-d425fdf7a414 req-b54b0015-1b40-4328-b8f5-d425fdf7a414 ] Request (ServerExternalEventsTest:test_create_server_external_events): 200 GET http://10.180.1.21/compute/v2.1/servers/c0c58aa9-d373-4b8a-a6dc-75d842c3f3a7 0.234s
2024-12-13 05:42:27.745 68275 INFO tempest.lib.common.rest_client [req-da83b750-3dc4-410a-95bf-4cd3c9b6c61c req-da83b750-3dc4-410a-95bf-4cd3c9b6c61c ] Request (SecurityGroupsTestJSON:test_security_group_create_get_delete): 200 POST http://10.180.1.21/compute/v2.1/os-security-groups 0.343s
2024-12-13 05:42:27.781 68251 INFO tempest.lib.common.rest_client [req-3caacce8-7653-4423-82fd-324649500eae req-3caacce8-7653-4423-82fd-324649500eae ] Request (AttachInterfacesTestJSON:test_create_list_show_delete_interfaces_by_fixed_ip): 200 GET http://10.180.1.21/compute/v2.1/servers/f6a97d93-1aaf-4c84-b46a-b6c24cfa9cde 0.212s
2024-12-13 05:42:27.800 68241 INFO tempest.lib.common.rest_client [req-add60a10-499a-4a95-9665-996f44506fa4 req-add60a10-499a-4a95-9665-996f44506fa4 ] Request (ImagesOneServerTestJSON:test_create_delete_image): 404 GET http://10.180.1.21/compute/v2.1/images/09620c55-cfd4-48d7-9b73-d3b81ab7bedd 0.190s
2024-12-13 05:42:27.862 68257 INFO tempest.lib.common.rest_client [req-a9babbbd-47dd-457f-a132-7b82fa88f927 req-a9babbbd-47dd-457f-a132-7b82fa88f927 ] Request (ServersNegativeTestJSON:setUpClass): 200 GET http://10.180.1.21/compute/v2.1/servers/3a9c7040-44b2-45a9-bbea-16995a643e08 0.242s
2024-12-13 05:42:27.863 68233 INFO tempest.lib.common.rest_client [req-28ae1496-925d-43cb-bbf1-4b14e8010593 req-28ae1496-925d-43cb-bbf1-4b14e8010593 ] Request (ServersAdminNegativeTestJSON:test_migrate_server_invalid_state): 200 GET http://10.180.1.21/compute/v2.1/servers/482d902a-48d3-4165-b346-9e4266f2c923 0.255s
2024-12-13 05:42:27.930 68283 INFO tempest.lib.common.rest_client [req-432d2e44-5e56-4787-9e7c-ee655a0f99a7 req-432d2e44-5e56-4787-9e7c-ee655a0f99a7 ] Request (MultipleCreateTestJSON:test_multiple_create): 200 GET http://10.180.1.21/compute/v2.1/servers/1050f2b2-a884-40d6-b519-a381df45f896 0.256s
2024-12-13 05:42:27.931 68237 INFO tempest.lib.common.rest_client [req-858e6124-48f0-499f-9f2f-04df91b9da6f req-858e6124-48f0-499f-9f2f-04df91b9da6f ] Request (ServersTestJSON:setUpClass): 200 GET http://10.180.1.21/compute/v2.1/servers/5ae6e0ed-3ded-432c-9efa-bdb576f5079b 0.206s
2024-12-13 05:42:27.966 68275 INFO tempest.lib.common.rest_client [req-d8896f94-1d2f-404b-b6e8-2bfd85ad761f req-d8896f94-1d2f-404b-b6e8-2bfd85ad761f ] Request (SecurityGroupsTestJSON:test_security_group_create_get_delete): 200 GET http://10.180.1.21/compute/v2.1/os-security-groups/09119349-82bd-478a-9f2e-8e1f5a6c2984 0.216s
2024-12-13 05:42:28.019 68293 INFO tempest.lib.common.rest_client [req-e3e4d7b0-0a44-4e1f-8779-8dd3b7a14404 req-e3e4d7b0-0a44-4e1f-8779-8dd3b7a14404 ] Request (ServersAdminTestJSON:setUpClass): 200 GET http://10.180.1.21/compute/v2.1/servers/fa858069-56fa-4de6-885c-670408b92daa 0.239s
2024-12-13 05:42:28.025 68293 INFO tempest.common.waiters [-] State transition "BUILD/None" ==> "BUILD/networking" after 48 second wait
2024-12-13 05:42:28.069 68265 INFO tempest.lib.common.rest_client [req-890fe266-2d94-438c-90e8-003fe89fbeb1 req-890fe266-2d94-438c-90e8-003fe89fbeb1 ] Request (ServersTestMultiNic:test_verify_duplicate_network_nics): 200 GET http://10.180.1.21/compute/v2.1/servers/eeb17f79-829d-40bf-b614-dac284c553f6 0.231s
2024-12-13 05:42:28.178 68275 INFO tempest.lib.common.rest_client [req-c003ae75-9ed2-44e9-8a14-235fc8e09dd6 req-c003ae75-9ed2-44e9-8a14-235fc8e09dd6 ] Request (SecurityGroupsTestJSON:test_security_group_create_get_delete): 202 DELETE http://10.180.1.21/compute/v2.1/os-security-groups/09119349-82bd-478a-9f2e-8e1f5a6c2984 0.210s
2024-12-13 05:42:28.269 68291 INFO tempest.lib.common.rest_client [req-99c02dce-f64f-4d7e-a60a-938ef0246f59 req-99c02dce-f64f-4d7e-a60a-938ef0246f59 ] Request (ServersTestFqdnHostnames:test_create_server_with_fqdn_name): 200 GET http://10.180.1.21/compute/v2.1/servers/b7395f42-7370-49c6-b975-05a3432f71d4 0.247s
2024-12-13 05:42:28.320 68253 INFO tempest.lib.common.rest_client [req-6e7603f1-af93-4690-ac42-5ff90fd7f3b9 req-6e7603f1-af93-4690-ac42-5ff90fd7f3b9 ] Request (ServersTestManualDisk:setUpClass): 200 GET http://10.180.1.21/compute/v2.1/servers/c4c6f28d-0842-4889-b5e3-ac85cf7f2d1e 0.199s
2024-12-13 05:42:28.380 68267 INFO tempest.lib.common.rest_client [req-46a713bd-7940-48e0-b9f5-8f3f1b4d80d9 req-46a713bd-7940-48e0-b9f5-8f3f1b4d80d9 ] Request (ImagesNegativeTestJSON:test_create_image_from_deleted_server): 200 GET http://10.180.1.21/compute/v2.1/servers/9a24af59-9f1d-4625-8cd2-728e7464f09a 0.254s
2024-12-13 05:42:28.396 68275 INFO tempest.lib.common.rest_client [req-cc3d067e-fca3-429a-af74-96152f6e04df req-cc3d067e-fca3-429a-af74-96152f6e04df ] Request (SecurityGroupsTestJSON:test_security_group_create_get_delete): 404 GET http://10.180.1.21/compute/v2.1/os-security-groups/09119349-82bd-478a-9f2e-8e1f5a6c2984 0.217s
2024-12-13 05:42:28.453 68235 INFO tempest.lib.common.rest_client [req-9afcc710-b010-4155-ae03-148c8255df53 req-9afcc710-b010-4155-ae03-148c8255df53 ] Request (ServerShowV247Test:test_update_rebuild_list_server): 200 GET http://10.180.1.21/compute/v2.1/servers/16a166da-44a9-4883-a4d0-981f3d256f1b 0.263s
2024-12-13 05:42:28.468 68241 INFO tempest.lib.common.rest_client [req-eea4686c-4fa3-40ac-bee6-849fe9fd2016 req-eea4686c-4fa3-40ac-bee6-849fe9fd2016 ] Request (ImagesOneServerTestJSON:test_create_image_specify_multibyte_character_image_name): 202 POST http://10.180.1.21/compute/v2.1/servers/7a889a3b-ffb0-434a-9655-5b703cb1ba4f/action 0.666s
2024-12-13 05:42:28.529 68295 INFO tempest.lib.common.rest_client [req-b577ac6c-b551-42e9-a464-455162f1d36f req-b577ac6c-b551-42e9-a464-455162f1d36f ] Request (ServerRescueNegativeTestJSON:setUpClass): 200 GET http://10.180.1.21/compute/v2.1/servers/29fdb461-3f61-48ef-b36b-9a2c094a86cd 0.293s
2024-12-13 05:42:28.570 68289 INFO tempest.lib.common.rest_client [req-bf0549de-59b7-4990-b299-26de212418b5 req-bf0549de-59b7-4990-b299-26de212418b5 ] Request (MigrationsAdminTest:test_list_migrations_in_flavor_resize_situation): 200 GET http://10.180.1.21/compute/v2.1/servers/53ceb216-7d63-4dfd-8185-1bf488665180 0.342s
2024-12-13 05:42:28.585 68247 INFO tempest.lib.common.rest_client [req-fa7642c5-2655-420b-9e8b-5a8833b85053 req-fa7642c5-2655-420b-9e8b-5a8833b85053 ] Request (ImagesOneServerNegativeTestJSON:_run_cleanups): 200 GET http://10.180.1.21/compute/v2.1/servers/e3fc8314-7f46-4c87-ac67-76133a853b0e 0.294s
2024-12-13 05:42:28.637 68249 INFO tempest.lib.common.rest_client [req-3e375e27-d239-4f77-b26f-8ee21878b81d req-3e375e27-d239-4f77-b26f-8ee21878b81d ] Request (FloatingIPsAssociationTestJSON:tearDownClass): 200 GET http://10.180.1.21/compute/v2.1/servers/615d9c66-fac7-48b9-8dad-1adf1e9d4e03 0.342s
2024-12-13 05:42:28.642 68243 INFO tempest.lib.common.rest_client [req-5a70e354-7fe3-4526-95a4-e35e0b936779 req-5a70e354-7fe3-4526-95a4-e35e0b936779 ] Request (DeleteServersAdminTestJSON:test_delete_server_while_in_error_state): 200 GET http://10.180.1.21/compute/v2.1/servers/44bcb5fd-4cd2-4bf4-bf80-71ddce99bf52 0.297s
2024-12-13 05:42:28.704 68279 INFO tempest.lib.common.rest_client [req-fb47da37-de37-4a66-aa8c-9eba2e76da18 req-fb47da37-de37-4a66-aa8c-9eba2e76da18 ] Request (AttachInterfacesV270Test:test_create_get_list_interfaces): 200 GET http://10.180.1.21/compute/v2.1/servers/38bb528d-e25b-468e-9d8c-bbfe8cf09ce9 0.290s
2024-12-13 05:42:28.736 68241 INFO tempest.lib.common.rest_client [req-a27f4dcd-bdec-47b7-84b5-cc18582f072c req-a27f4dcd-bdec-47b7-84b5-cc18582f072c ] Request (ImagesOneServerTestJSON:test_create_image_specify_multibyte_character_image_name): 200 GET http://10.180.1.21/compute/v2.1/images/a85e0808-2181-4a55-9335-dec31c96bdbe 0.267s
2024-12-13 05:42:28.757 68275 INFO tempest.lib.common.rest_client [req-c9c110fe-01e2-4af0-98ae-a0380ffd73d4 req-c9c110fe-01e2-4af0-98ae-a0380ffd73d4 ] Request (SecurityGroupsTestJSON:test_security_groups_create_list_delete): 200 POST http://10.180.1.21/compute/v2.1/os-security-groups 0.358s
2024-12-13 05:42:28.801 68259 INFO tempest.lib.common.rest_client [req-994ee728-4e0c-400b-898c-e54c6571dc66 req-994ee728-4e0c-400b-898c-e54c6571dc66 ] Request (InstanceActionsV221TestJSON:test_get_list_deleted_instance_actions): 200 GET http://10.180.1.21/compute/v2.1/servers/b523b53f-5dd6-41e4-a097-3ac8cb9b09ac 0.330s
2024-12-13 05:42:28.828 68273 INFO tempest.lib.common.rest_client [req-35b46144-2caf-4757-9e7f-713045e1107d req-35b46144-2caf-4757-9e7f-713045e1107d ] Request (ServersAdmin275Test:tearDownClass): 200 GET http://10.180.1.21/compute/v2.1/servers/7fbe345a-3ce0-4e4d-9a64-aecade889565 0.341s
2024-12-13 05:42:28.866 68269 INFO tempest.lib.common.rest_client [req-fcd1cabb-8414-491a-8dca-8acf160f21d2 req-fcd1cabb-8414-491a-8dca-8acf160f21d2 ] Request (FloatingIPsAssociationNegativeTestJSON:setUpClass): 200 GET http://10.180.1.21/compute/v2.1/servers/d0244585-d683-4bf5-b9ca-790caff8b6f8 0.329s
2024-12-13 05:42:28.926 68277 INFO tempest.lib.common.rest_client [req-b8243373-cb71-4e43-91e1-c51d172609e3 req-b8243373-cb71-4e43-91e1-c51d172609e3 ] Request (ServersTestBootFromVolume:setUpClass): 200 GET http://10.180.1.21/compute/v2.1/servers/0f2d5b53-a0a8-4555-90b7-74546298b6d5 0.246s
2024-12-13 05:42:28.979 68261 INFO tempest.lib.common.rest_client [req-e3af3ae1-4323-4624-8517-eff52344f72d req-e3af3ae1-4323-4624-8517-eff52344f72d ] Request (ServerExternalEventsTest:test_create_server_external_events): 200 GET http://10.180.1.21/compute/v2.1/servers/c0c58aa9-d373-4b8a-a6dc-75d842c3f3a7 0.244s
2024-12-13 05:42:29.028 68271 INFO tempest.lib.common.rest_client [req-15be5c06-9b2a-499f-9efb-56d0284647cd req-15be5c06-9b2a-499f-9efb-56d0284647cd ] Request (ServerActionsTestJSON:setUpClass): 200 GET http://10.180.1.21/compute/v2.1/servers/49e0af98-e430-4d2f-ae10-e6aa178006cf 0.402s
2024-12-13 05:42:29.078 68251 INFO tempest.lib.common.rest_client [req-841ff9fe-e05e-48e0-aa20-53c523c52ea8 req-841ff9fe-e05e-48e0-aa20-53c523c52ea8 ] Request (AttachInterfacesTestJSON:test_create_list_show_delete_interfaces_by_fixed_ip): 200 GET http://10.180.1.21/compute/v2.1/servers/f6a97d93-1aaf-4c84-b46a-b6c24cfa9cde 0.291s
2024-12-13 05:42:29.094 68239 WARNING tempest.lib.common.ssh [-] Failed to establish authenticated ssh connection to cirros@10.180.180.244 ([Errno None] Unable to connect to port 22 on 10.180.180.244). Number attempts: 6. Retry after 7 seconds.: paramiko.ssh_exception.NoValidConnectionsError: [Errno None] Unable to connect to port 22 on 10.180.180.244
2024-12-13 05:42:29.101 68275 INFO tempest.lib.common.rest_client [req-da30b8a4-7fdb-4096-9ec1-8cf88cb5df31 req-da30b8a4-7fdb-4096-9ec1-8cf88cb5df31 ] Request (SecurityGroupsTestJSON:test_security_groups_create_list_delete): 200 POST http://10.180.1.21/compute/v2.1/os-security-groups 0.341s
2024-12-13 05:42:29.125 68257 INFO tempest.lib.common.rest_client [req-54ff42f4-ec57-47a0-95c4-8dae43f928ba req-54ff42f4-ec57-47a0-95c4-8dae43f928ba ] Request (ServersNegativeTestJSON:setUpClass): 200 GET http://10.180.1.21/compute/v2.1/servers/3a9c7040-44b2-45a9-bbea-16995a643e08 0.255s
2024-12-13 05:42:29.174 68283 INFO tempest.lib.common.rest_client [req-1bcdb36c-9ce7-4614-ae21-041e5a528726 req-1bcdb36c-9ce7-4614-ae21-041e5a528726 ] Request (MultipleCreateTestJSON:test_multiple_create): 200 GET http://10.180.1.21/compute/v2.1/servers/1050f2b2-a884-40d6-b519-a381df45f896 0.236s
2024-12-13 05:42:29.198 68233 INFO tempest.lib.common.rest_client [req-4bb2c55f-74f4-4cc3-bacc-395d854995e0 req-4bb2c55f-74f4-4cc3-bacc-395d854995e0 ] Request (ServersAdminNegativeTestJSON:test_migrate_server_invalid_state): 200 GET http://10.180.1.21/compute/v2.1/servers/482d902a-48d3-4165-b346-9e4266f2c923 0.322s
2024-12-13 05:42:29.204 68233 INFO tempest.common.waiters [-] State transition "BUILD/spawning" ==> "ACTIVE/None" after 50 second wait
2024-12-13 05:42:29.215 68237 INFO tempest.lib.common.rest_client [req-812dbe95-9c7f-421a-8bb5-36ef84df9558 req-812dbe95-9c7f-421a-8bb5-36ef84df9558 ] Request (ServersTestJSON:setUpClass): 200 GET http://10.180.1.21/compute/v2.1/servers/5ae6e0ed-3ded-432c-9efa-bdb576f5079b 0.277s
2024-12-13 05:42:29.261 68265 INFO tempest.lib.common.rest_client [req-6a6314e1-1bef-444f-b712-54822bc5b19e req-6a6314e1-1bef-444f-b712-54822bc5b19e ] Request (ServersTestMultiNic:test_verify_duplicate_network_nics): 200 GET http://10.180.1.21/compute/v2.1/servers/eeb17f79-829d-40bf-b614-dac284c553f6 0.183s
2024-12-13 05:42:29.369 68293 INFO tempest.lib.common.rest_client [req-63a3fb6f-b4c5-4f5d-8659-c4578c0bdc1e req-63a3fb6f-b4c5-4f5d-8659-c4578c0bdc1e ] Request (ServersAdminTestJSON:setUpClass): 200 GET http://10.180.1.21/compute/v2.1/servers/fa858069-56fa-4de6-885c-670408b92daa 0.343s
2024-12-13 05:42:29.378 68293 INFO tempest.common.waiters [-] State transition "BUILD/networking" ==> "BUILD/spawning" after 49 second wait
2024-12-13 05:42:29.403 68275 INFO tempest.lib.common.rest_client [req-038e256a-2453-4730-9b31-ce4488247130 req-038e256a-2453-4730-9b31-ce4488247130 ] Request (SecurityGroupsTestJSON:test_security_groups_create_list_delete): 200 POST http://10.180.1.21/compute/v2.1/os-security-groups 0.299s
2024-12-13 05:42:29.459 68233 INFO tempest.lib.common.rest_client [req-ccb6b42b-d8ed-42ac-865a-f7798e6f4198 req-ccb6b42b-d8ed-42ac-865a-f7798e6f4198 ] Request (ServersAdminNegativeTestJSON:test_migrate_server_invalid_state): 202 POST http://10.180.1.21/compute/v2.1/servers/482d902a-48d3-4165-b346-9e4266f2c923/action 0.254s
2024-12-13 05:42:29.510 68291 INFO tempest.lib.common.rest_client [req-50f81f50-0bc7-4611-adaa-bdb3d81858d2 req-50f81f50-0bc7-4611-adaa-bdb3d81858d2 ] Request (ServersTestFqdnHostnames:test_create_server_with_fqdn_name): 200 GET http://10.180.1.21/compute/v2.1/servers/b7395f42-7370-49c6-b975-05a3432f71d4 0.233s
2024-12-13 05:42:29.522 68253 INFO tempest.lib.common.rest_client [req-7d42edcc-2168-4745-8122-190acc9bea3c req-7d42edcc-2168-4745-8122-190acc9bea3c ] Request (ServersTestManualDisk:setUpClass): 200 GET http://10.180.1.21/compute/v2.1/servers/c4c6f28d-0842-4889-b5e3-ac85cf7f2d1e 0.193s
2024-12-13 05:42:29.589 68267 INFO tempest.lib.common.rest_client [req-fd6dc96c-58e3-42da-b0a3-11a089873173 req-fd6dc96c-58e3-42da-b0a3-11a089873173 ] Request (ImagesNegativeTestJSON:test_create_image_from_deleted_server): 200 GET http://10.180.1.21/compute/v2.1/servers/9a24af59-9f1d-4625-8cd2-728e7464f09a 0.201s
2024-12-13 05:42:29.640 68275 INFO tempest.lib.common.rest_client [req-e0c98a7a-a9ed-419a-a8d2-f3621d227573 req-e0c98a7a-a9ed-419a-a8d2-f3621d227573 ] Request (SecurityGroupsTestJSON:test_security_groups_create_list_delete): 200 GET http://10.180.1.21/compute/v2.1/os-security-groups 0.233s
2024-12-13 05:42:29.701 68235 INFO tempest.lib.common.rest_client [req-8f8fd8cf-22fa-4339-b7a6-5539d130cd8c req-8f8fd8cf-22fa-4339-b7a6-5539d130cd8c ] Request (ServerShowV247Test:test_update_rebuild_list_server): 200 GET http://10.180.1.21/compute/v2.1/servers/16a166da-44a9-4883-a4d0-981f3d256f1b 0.234s
2024-12-13 05:42:29.755 68295 INFO tempest.lib.common.rest_client [req-9dc0c708-4499-4156-a63c-d00279e4c5aa req-9dc0c708-4499-4156-a63c-d00279e4c5aa ] Request (ServerRescueNegativeTestJSON:setUpClass): 200 GET http://10.180.1.21/compute/v2.1/servers/29fdb461-3f61-48ef-b36b-9a2c094a86cd 0.219s
2024-12-13 05:42:29.821 68233 INFO tempest.lib.common.rest_client [req-4aa076cc-a5dc-427f-ac09-796bd6dfe7e2 req-4aa076cc-a5dc-427f-ac09-796bd6dfe7e2 ] Request (ServersAdminNegativeTestJSON:test_migrate_server_invalid_state): 200 GET http://10.180.1.21/compute/v2.1/servers/482d902a-48d3-4165-b346-9e4266f2c923 0.361s
2024-12-13 05:42:29.884 68247 INFO tempest.lib.common.rest_client [req-85735931-9c30-4be1-9348-7a2f1e298d4b req-85735931-9c30-4be1-9348-7a2f1e298d4b ] Request (ImagesOneServerNegativeTestJSON:_run_cleanups): 200 GET http://10.180.1.21/compute/v2.1/servers/e3fc8314-7f46-4c87-ac67-76133a853b0e 0.291s
2024-12-13 05:42:29.916 68289 INFO tempest.lib.common.rest_client [req-35d48182-cd4c-475e-8499-eac933b9a245 req-35d48182-cd4c-475e-8499-eac933b9a245 ] Request (MigrationsAdminTest:test_list_migrations_in_flavor_resize_situation): 200 GET http://10.180.1.21/compute/v2.1/servers/53ceb216-7d63-4dfd-8185-1bf488665180 0.334s
2024-12-13 05:42:29.986 68249 INFO tempest.lib.common.rest_client [req-965f3ea1-4e81-4cc5-8d99-f7fc119dc204 req-965f3ea1-4e81-4cc5-8d99-f7fc119dc204 ] Request (FloatingIPsAssociationTestJSON:tearDownClass): 200 GET http://10.180.1.21/compute/v2.1/servers/615d9c66-fac7-48b9-8dad-1adf1e9d4e03 0.340s
2024-12-13 05:42:30.230 68275 INFO tempest.lib.common.rest_client [req-046331b3-c592-456a-8245-e5339834b4f9 req-046331b3-c592-456a-8245-e5339834b4f9 ] Request (SecurityGroupsTestJSON:test_security_groups_create_list_delete): 202 DELETE http://10.180.1.21/compute/v2.1/os-security-groups/3cb1639b-8429-443e-8922-cd9051a5136e 0.584s
2024-12-13 05:42:30.250 68243 INFO tempest.lib.common.rest_client [req-84c420b7-7c7a-40cd-bce5-9ba6c6cdd971 req-84c420b7-7c7a-40cd-bce5-9ba6c6cdd971 ] Request (DeleteServersAdminTestJSON:test_delete_server_while_in_error_state): 200 GET http://10.180.1.21/compute/v2.1/servers/44bcb5fd-4cd2-4bf4-bf80-71ddce99bf52 0.600s
2024-12-13 05:42:30.295 68241 INFO tempest.lib.common.rest_client [req-c836ea0e-5463-4ab1-9c1c-780276cf7e60 req-c836ea0e-5463-4ab1-9c1c-780276cf7e60 ] Request (ImagesOneServerTestJSON:test_create_image_specify_multibyte_character_image_name): 200 GET http://10.180.1.21/compute/v2.1/images/a85e0808-2181-4a55-9335-dec31c96bdbe 0.555s
2024-12-13 05:42:30.314 68279 INFO tempest.lib.common.rest_client [req-ad13e6d2-5101-4efe-beb0-162645186816 req-ad13e6d2-5101-4efe-beb0-162645186816 ] Request (AttachInterfacesV270Test:test_create_get_list_interfaces): 200 GET http://10.180.1.21/compute/v2.1/servers/38bb528d-e25b-468e-9d8c-bbfe8cf09ce9 0.601s
2024-12-13 05:42:30.353 68259 INFO tempest.lib.common.rest_client [req-53b29ee6-3483-4119-a42f-de563e6c5f10 req-53b29ee6-3483-4119-a42f-de563e6c5f10 ] Request (InstanceActionsV221TestJSON:test_get_list_deleted_instance_actions): 200 GET http://10.180.1.21/compute/v2.1/servers/b523b53f-5dd6-41e4-a097-3ac8cb9b09ac 0.544s
2024-12-13 05:42:30.384 68273 INFO tempest.lib.common.rest_client [req-55cb6a49-e044-4744-a813-d827ddc268b8 req-55cb6a49-e044-4744-a813-d827ddc268b8 ] Request (ServersAdmin275Test:tearDownClass): 200 GET http://10.180.1.21/compute/v2.1/servers/7fbe345a-3ce0-4e4d-9a64-aecade889565 0.541s
2024-12-13 05:42:30.399 68269 INFO tempest.lib.common.rest_client [req-daee1243-cdeb-4c65-94dc-aa723c39544f req-daee1243-cdeb-4c65-94dc-aa723c39544f ] Request (FloatingIPsAssociationNegativeTestJSON:setUpClass): 200 GET http://10.180.1.21/compute/v2.1/servers/d0244585-d683-4bf5-b9ca-790caff8b6f8 0.525s
2024-12-13 05:42:30.452 68277 INFO tempest.lib.common.rest_client [req-790fba6f-b1ba-4840-88d6-48fdeb35c629 req-790fba6f-b1ba-4840-88d6-48fdeb35c629 ] Request (ServersTestBootFromVolume:setUpClass): 200 GET http://10.180.1.21/compute/v2.1/servers/0f2d5b53-a0a8-4555-90b7-74546298b6d5 0.519s
2024-12-13 05:42:30.453 68261 INFO tempest.lib.common.rest_client [req-54bd9084-a5d9-4f3e-ac5d-0c7537fcae3b req-54bd9084-a5d9-4f3e-ac5d-0c7537fcae3b ] Request (ServerExternalEventsTest:test_create_server_external_events): 200 GET http://10.180.1.21/compute/v2.1/servers/c0c58aa9-d373-4b8a-a6dc-75d842c3f3a7 0.466s
2024-12-13 05:42:30.505 68251 INFO tempest.lib.common.rest_client [req-e45dfee1-1e18-4683-ba19-204cc80e330b req-e45dfee1-1e18-4683-ba19-204cc80e330b ] Request (AttachInterfacesTestJSON:test_create_list_show_delete_interfaces_by_fixed_ip): 200 GET http://10.180.1.21/compute/v2.1/servers/f6a97d93-1aaf-4c84-b46a-b6c24cfa9cde 0.419s
2024-12-13 05:42:30.569 68271 INFO tempest.lib.common.rest_client [req-f52de27f-4eb9-48f5-87e3-c0f5013ebe39 req-f52de27f-4eb9-48f5-87e3-c0f5013ebe39 ] Request (ServerActionsTestJSON:setUpClass): 200 GET http://10.180.1.21/compute/v2.1/servers/49e0af98-e430-4d2f-ae10-e6aa178006cf 0.534s
2024-12-13 05:42:30.581 68257 INFO tempest.lib.common.rest_client [req-75f0e4ed-9198-45bf-bddc-6da8823454d9 req-75f0e4ed-9198-45bf-bddc-6da8823454d9 ] Request (ServersNegativeTestJSON:setUpClass): 200 GET http://10.180.1.21/compute/v2.1/servers/3a9c7040-44b2-45a9-bbea-16995a643e08 0.449s
2024-12-13 05:42:30.621 68283 INFO tempest.lib.common.rest_client [req-a7b351cb-5c3d-4ed9-b6b9-110a44f4cb5e req-a7b351cb-5c3d-4ed9-b6b9-110a44f4cb5e ] Request (MultipleCreateTestJSON:test_multiple_create): 200 GET http://10.180.1.21/compute/v2.1/servers/1050f2b2-a884-40d6-b519-a381df45f896 0.440s
2024-12-13 05:42:30.628 68237 INFO tempest.lib.common.rest_client [req-6861b8b1-6d67-4ac1-8ef0-19e15766c66c req-6861b8b1-6d67-4ac1-8ef0-19e15766c66c ] Request (ServersTestJSON:setUpClass): 200 GET http://10.180.1.21/compute/v2.1/servers/5ae6e0ed-3ded-432c-9efa-bdb576f5079b 0.406s
2024-12-13 05:42:30.628 68283 INFO tempest.common.waiters [-] State transition "BUILD/scheduling" ==> "BUILD/None" after 30 second wait
2024-12-13 05:42:30.637 68275 INFO tempest.lib.common.rest_client [req-c82f61f8-c266-4c26-8ffb-e7678e01bcd6 req-c82f61f8-c266-4c26-8ffb-e7678e01bcd6 ] Request (SecurityGroupsTestJSON:test_security_groups_create_list_delete): 404 GET http://10.180.1.21/compute/v2.1/os-security-groups/3cb1639b-8429-443e-8922-cd9051a5136e 0.406s
2024-12-13 05:42:30.675 68265 INFO tempest.lib.common.rest_client [req-8be3d180-ce55-4bc4-b72b-f65152b354f0 req-8be3d180-ce55-4bc4-b72b-f65152b354f0 ] Request (ServersTestMultiNic:test_verify_duplicate_network_nics): 200 GET http://10.180.1.21/compute/v2.1/servers/eeb17f79-829d-40bf-b614-dac284c553f6 0.405s
2024-12-13 05:42:30.748 68293 INFO tempest.lib.common.rest_client [req-0192c62a-28f0-4b25-b8e8-8c8312856670 req-0192c62a-28f0-4b25-b8e8-8c8312856670 ] Request (ServersAdminTestJSON:setUpClass): 200 GET http://10.180.1.21/compute/v2.1/servers/fa858069-56fa-4de6-885c-670408b92daa 0.369s
2024-12-13 05:42:30.771 68291 INFO tempest.lib.common.rest_client [req-7c9bd492-cb00-4922-a4e4-54eac9cbe26b req-7c9bd492-cb00-4922-a4e4-54eac9cbe26b ] Request (ServersTestFqdnHostnames:test_create_server_with_fqdn_name): 200 GET http://10.180.1.21/compute/v2.1/servers/b7395f42-7370-49c6-b975-05a3432f71d4 0.254s
2024-12-13 05:42:30.789 68267 INFO tempest.lib.common.rest_client [req-0e4a358f-b7bf-45df-adaf-bd718ff1cafb req-0e4a358f-b7bf-45df-adaf-bd718ff1cafb ] Request (ImagesNegativeTestJSON:test_create_image_from_deleted_server): 404 GET http://10.180.1.21/compute/v2.1/servers/9a24af59-9f1d-4625-8cd2-728e7464f09a 0.191s
2024-12-13 05:42:30.795 68253 INFO tempest.lib.common.rest_client [req-e7553739-7af1-4400-95c6-d16e61592e92 req-e7553739-7af1-4400-95c6-d16e61592e92 ] Request (ServersTestManualDisk:setUpClass): 200 GET http://10.180.1.21/compute/v2.1/servers/c4c6f28d-0842-4889-b5e3-ac85cf7f2d1e 0.263s
2024-12-13 05:42:30.849 68235 INFO tempest.lib.common.rest_client [req-286af197-9680-4c05-ad40-44adf881f5c0 req-286af197-9680-4c05-ad40-44adf881f5c0 ] Request (ServerShowV247Test:test_update_rebuild_list_server): 200 GET http://10.180.1.21/compute/v2.1/servers/16a166da-44a9-4883-a4d0-981f3d256f1b 0.136s
2024-12-13 05:42:30.900 68275 INFO tempest.lib.common.rest_client [req-0e9f4a9f-6afd-4f4f-ae01-decb6723bc42 req-0e9f4a9f-6afd-4f4f-ae01-decb6723bc42 ] Request (SecurityGroupsTestJSON:test_security_groups_create_list_delete): 202 DELETE http://10.180.1.21/compute/v2.1/os-security-groups/183fa0a3-87f3-4c56-ad88-d1b859069d70 0.263s
2024-12-13 05:42:30.908 68295 INFO tempest.lib.common.rest_client [req-50936a6b-6c8c-4d5d-888d-11de4c4ed752 req-50936a6b-6c8c-4d5d-888d-11de4c4ed752 ] Request (ServerRescueNegativeTestJSON:setUpClass): 200 GET http://10.180.1.21/compute/v2.1/servers/29fdb461-3f61-48ef-b36b-9a2c094a86cd 0.146s
2024-12-13 05:42:30.920 68267 INFO tempest.lib.common.rest_client [req-d9c6411c-aea3-4258-b667-fa57dda32823 req-d9c6411c-aea3-4258-b667-fa57dda32823 ] Request (ImagesNegativeTestJSON:test_create_image_from_deleted_server): 404 POST http://10.180.1.21/compute/v2.1/servers/9a24af59-9f1d-4625-8cd2-728e7464f09a/action 0.131s
2024-12-13 05:42:30.987 68247 INFO tempest.lib.common.rest_client [req-f039d170-82ec-44f0-b458-b62782a09df2 req-f039d170-82ec-44f0-b458-b62782a09df2 ] Request (ImagesOneServerNegativeTestJSON:_run_cleanups): 200 GET http://10.180.1.21/compute/v2.1/servers/e3fc8314-7f46-4c87-ac67-76133a853b0e 0.091s
2024-12-13 05:42:31.015 68275 INFO tempest.lib.common.rest_client [req-57872a0d-c235-4627-94ea-05901796096e req-57872a0d-c235-4627-94ea-05901796096e ] Request (SecurityGroupsTestJSON:test_security_groups_create_list_delete): 404 GET http://10.180.1.21/compute/v2.1/os-security-groups/183fa0a3-87f3-4c56-ad88-d1b859069d70 0.114s
2024-12-13 05:42:31.022 68267 INFO tempest.lib.common.rest_client [req-9c5e64f7-10e2-4625-b278-b13901d85656 req-9c5e64f7-10e2-4625-b278-b13901d85656 ] Request (ImagesNegativeTestJSON:test_create_image_from_invalid_server): 404 POST http://10.180.1.21/compute/v2.1/servers/tempest-invalid-1580884037/action 0.100s
2024-12-13 05:42:31.039 68233 INFO tempest.lib.common.rest_client [req-43529623-0d7f-43d0-ab9a-fda10b93ff59 req-43529623-0d7f-43d0-ab9a-fda10b93ff59 ] Request (ServersAdminNegativeTestJSON:test_migrate_server_invalid_state): 200 GET http://10.180.1.21/compute/v2.1/servers/482d902a-48d3-4165-b346-9e4266f2c923 0.210s
2024-12-13 05:42:31.103 68249 INFO tempest.lib.common.rest_client [req-913c74a7-b4dd-4d4c-92ad-2c841a30b5d6 req-913c74a7-b4dd-4d4c-92ad-2c841a30b5d6 ] Request (FloatingIPsAssociationTestJSON:tearDownClass): 200 GET http://10.180.1.21/compute/v2.1/servers/615d9c66-fac7-48b9-8dad-1adf1e9d4e03 0.106s
2024-12-13 05:42:31.143 68289 INFO tempest.lib.common.rest_client [req-1e684c48-aee6-45c5-9332-2e4ba7af98bb req-1e684c48-aee6-45c5-9332-2e4ba7af98bb ] Request (MigrationsAdminTest:test_list_migrations_in_flavor_resize_situation): 200 GET http://10.180.1.21/compute/v2.1/servers/53ceb216-7d63-4dfd-8185-1bf488665180 0.218s
2024-12-13 05:42:31.150 68267 INFO tempest.lib.common.rest_client [req-ece37e75-f32a-4fc3-8b72-dbca338b9a22 req-ece37e75-f32a-4fc3-8b72-dbca338b9a22 ] Request (ImagesNegativeTestJSON:test_create_image_specify_uuid_35_characters_or_less): 404 POST http://10.180.1.21/compute/v2.1/servers/aaaaaaaaaaaaaaaaaaaaaaaaaaaaaaaaaaa/action 0.127s
2024-12-13 05:42:31.159 68267 INFO tempest.lib.common.rest_client [req-8e67a4ea-c5fc-4426-85b2-38f694829722 req-8e67a4ea-c5fc-4426-85b2-38f694829722 ] Request (ImagesNegativeTestJSON:test_create_image_specify_uuid_37_characters_or_more): 404 POST http://10.180.1.21/compute/v2.1/servers/aaaaaaaaaaaaaaaaaaaaaaaaaaaaaaaaaaaaa/action 0.007s
2024-12-13 05:42:31.179 68267 INFO tempest.lib.common.rest_client [req-b95dc949-7fc2-4b46-a779-325f0d10f4d4 req-b95dc949-7fc2-4b46-a779-325f0d10f4d4 ] Request (ImagesNegativeTestJSON:tearDownClass): 404 DELETE http://10.180.1.21/compute/v2.1/servers/9a24af59-9f1d-4625-8cd2-728e7464f09a 0.019s
2024-12-13 05:42:31.199 68275 INFO tempest.lib.common.rest_client [req-b11542ef-0e1b-44d5-b3ad-b608b807334d req-b11542ef-0e1b-44d5-b3ad-b608b807334d ] Request (SecurityGroupsTestJSON:test_security_groups_create_list_delete): 202 DELETE http://10.180.1.21/compute/v2.1/os-security-groups/e1d6cb49-d075-4b0c-b490-820ea95a101d 0.183s
2024-12-13 05:42:31.201 68267 INFO tempest.lib.common.rest_client [req-3b8a934c-d317-4e37-8cbc-be49e6542203 req-3b8a934c-d317-4e37-8cbc-be49e6542203 ] Request (ImagesNegativeTestJSON:tearDownClass): 404 GET http://10.180.1.21/compute/v2.1/servers/9a24af59-9f1d-4625-8cd2-728e7464f09a 0.021s
2024-12-13 05:42:31.227 68275 INFO tempest.lib.common.rest_client [req-9ab7330c-8a1a-41af-abc9-1455c1812d7f req-9ab7330c-8a1a-41af-abc9-1455c1812d7f ] Request (SecurityGroupsTestJSON:test_security_groups_create_list_delete): 404 GET http://10.180.1.21/compute/v2.1/os-security-groups/e1d6cb49-d075-4b0c-b490-820ea95a101d 0.028s
2024-12-13 05:42:31.325 68243 INFO tempest.lib.common.rest_client [req-f8e3479e-9927-4d67-b0ba-d03689f1d964 req-f8e3479e-9927-4d67-b0ba-d03689f1d964 ] Request (DeleteServersAdminTestJSON:test_delete_server_while_in_error_state): 200 GET http://10.180.1.21/compute/v2.1/servers/44bcb5fd-4cd2-4bf4-bf80-71ddce99bf52 0.068s
2024-12-13 05:42:31.356 68241 INFO tempest.lib.common.rest_client [req-0627b579-f556-49ad-8d67-7d3def7a507c req-0627b579-f556-49ad-8d67-7d3def7a507c ] Request (ImagesOneServerTestJSON:test_create_image_specify_multibyte_character_image_name): 200 GET http://10.180.1.21/compute/v2.1/images/a85e0808-2181-4a55-9335-dec31c96bdbe 0.058s
2024-12-13 05:42:31.386 68275 INFO tempest.lib.common.rest_client [req-38ca3f97-0df5-4a74-b5f7-9de2805899ba req-38ca3f97-0df5-4a74-b5f7-9de2805899ba ] Request (SecurityGroupsTestJSON:test_security_groups_create_list_delete): 200 GET http://10.180.1.21/compute/v2.1/os-security-groups 0.158s
2024-12-13 05:42:31.410 68279 INFO tempest.lib.common.rest_client [req-339ad1c9-0085-491a-ba0c-a7a7b9cb21b6 req-339ad1c9-0085-491a-ba0c-a7a7b9cb21b6 ] Request (AttachInterfacesV270Test:test_create_get_list_interfaces): 200 GET http://10.180.1.21/compute/v2.1/servers/38bb528d-e25b-468e-9d8c-bbfe8cf09ce9 0.082s
2024-12-13 05:42:31.463 68255 WARNING tempest.lib.common.ssh [-] Failed to establish authenticated ssh connection to cirros@10.180.180.224 ([Errno None] Unable to connect to port 22 on 10.180.180.224). Number attempts: 6. Retry after 7 seconds.: paramiko.ssh_exception.NoValidConnectionsError: [Errno None] Unable to connect to port 22 on 10.180.180.224
2024-12-13 05:42:31.465 68259 INFO tempest.lib.common.rest_client [req-2eb2be27-deae-45b3-bf82-c530e90a3f80 req-2eb2be27-deae-45b3-bf82-c530e90a3f80 ] Request (InstanceActionsV221TestJSON:test_get_list_deleted_instance_actions): 200 GET http://10.180.1.21/compute/v2.1/servers/b523b53f-5dd6-41e4-a097-3ac8cb9b09ac 0.102s
2024-12-13 05:42:31.551 68273 INFO tempest.lib.common.rest_client [req-465362db-2cf0-4849-87e9-5c346df0ca8b req-465362db-2cf0-4849-87e9-5c346df0ca8b ] Request (ServersAdmin275Test:tearDownClass): 200 GET http://10.180.1.21/compute/v2.1/servers/7fbe345a-3ce0-4e4d-9a64-aecade889565 0.157s
2024-12-13 05:42:31.621 68269 INFO tempest.lib.common.rest_client [req-d8d00b6b-8a9f-4899-b44b-658fb3aa18bd req-d8d00b6b-8a9f-4899-b44b-658fb3aa18bd ] Request (FloatingIPsAssociationNegativeTestJSON:setUpClass): 200 GET http://10.180.1.21/compute/v2.1/servers/d0244585-d683-4bf5-b9ca-790caff8b6f8 0.208s
2024-12-13 05:42:31.643 68275 INFO tempest.lib.common.rest_client [req-6580640b-5424-49ec-9528-1d5c82399ac0 req-6580640b-5424-49ec-9528-1d5c82399ac0 ] Request (SecurityGroupsTestJSON:test_server_security_groups): 200 POST http://10.180.1.21/compute/v2.1/os-security-groups 0.253s
2024-12-13 05:42:31.678 68277 INFO tempest.lib.common.rest_client [req-c761f273-ecbe-4c69-a524-df7bb5e3f27e req-c761f273-ecbe-4c69-a524-df7bb5e3f27e ] Request (ServersTestBootFromVolume:setUpClass): 200 GET http://10.180.1.21/compute/v2.1/servers/0f2d5b53-a0a8-4555-90b7-74546298b6d5 0.220s
2024-12-13 05:42:31.707 68261 INFO tempest.lib.common.rest_client [req-75088617-dfad-4b1c-9eab-9c4e4dd526b3 req-75088617-dfad-4b1c-9eab-9c4e4dd526b3 ] Request (ServerExternalEventsTest:test_create_server_external_events): 200 GET http://10.180.1.21/compute/v2.1/servers/c0c58aa9-d373-4b8a-a6dc-75d842c3f3a7 0.246s
2024-12-13 05:42:31.734 68251 INFO tempest.lib.common.rest_client [req-028a5a5a-32fc-4ea7-97d8-1d7bb059758d req-028a5a5a-32fc-4ea7-97d8-1d7bb059758d ] Request (AttachInterfacesTestJSON:test_create_list_show_delete_interfaces_by_fixed_ip): 200 GET http://10.180.1.21/compute/v2.1/servers/f6a97d93-1aaf-4c84-b46a-b6c24cfa9cde 0.219s
2024-12-13 05:42:31.797 68257 INFO tempest.lib.common.rest_client [req-47c757b8-af5c-4abb-81b2-494b32f6d6fe req-47c757b8-af5c-4abb-81b2-494b32f6d6fe ] Request (ServersNegativeTestJSON:setUpClass): 200 GET http://10.180.1.21/compute/v2.1/servers/3a9c7040-44b2-45a9-bbea-16995a643e08 0.207s
2024-12-13 05:42:31.877 68283 INFO tempest.lib.common.rest_client [req-69feb1ea-4395-4376-bc5b-dda4b27cd3f4 req-69feb1ea-4395-4376-bc5b-dda4b27cd3f4 ] Request (MultipleCreateTestJSON:test_multiple_create): 200 GET http://10.180.1.21/compute/v2.1/servers/1050f2b2-a884-40d6-b519-a381df45f896 0.248s
2024-12-13 05:42:31.885 68271 INFO tempest.lib.common.rest_client [req-62f91352-bc09-4714-8692-b7ad171c2402 req-62f91352-bc09-4714-8692-b7ad171c2402 ] Request (ServerActionsTestJSON:setUpClass): 200 GET http://10.180.1.21/compute/v2.1/servers/49e0af98-e430-4d2f-ae10-e6aa178006cf 0.305s
2024-12-13 05:42:31.947 68237 INFO tempest.lib.common.rest_client [req-3fde79ac-1f9c-49fa-8a8b-94bc67186dc7 req-3fde79ac-1f9c-49fa-8a8b-94bc67186dc7 ] Request (ServersTestJSON:setUpClass): 200 GET http://10.180.1.21/compute/v2.1/servers/5ae6e0ed-3ded-432c-9efa-bdb576f5079b 0.311s
2024-12-13 05:42:32.006 68265 INFO tempest.lib.common.rest_client [req-8b2d72d1-aa79-4ce0-9bfb-99a2a6e4e21c req-8b2d72d1-aa79-4ce0-9bfb-99a2a6e4e21c ] Request (ServersTestMultiNic:test_verify_duplicate_network_nics): 200 GET http://10.180.1.21/compute/v2.1/servers/eeb17f79-829d-40bf-b614-dac284c553f6 0.324s
2024-12-13 05:42:32.090 68275 INFO tempest.lib.common.rest_client [req-c563582b-2bfa-4e52-9f99-b7005ac26514 req-c563582b-2bfa-4e52-9f99-b7005ac26514 ] Request (SecurityGroupsTestJSON:test_server_security_groups): 200 POST http://10.180.1.21/compute/v2.1/os-security-groups 0.444s
2024-12-13 05:42:32.156 68275 INFO tempest.lib.common.rest_client [req-dbe8eacf-6bd5-4267-8de7-2a9ae2ac5c98 req-dbe8eacf-6bd5-4267-8de7-2a9ae2ac5c98 ] Request (SecurityGroupsTestJSON:test_server_security_groups): 201 POST http://10.180.1.21/identity/v3/auth/tokens 0.059s
2024-12-13 05:42:32.157 68275 INFO tempest.lib.common.fixed_network [-] (SecurityGroupsTestJSON:test_server_security_groups) Found network {'id': '9e5ba8c0-c7ea-469a-8a84-64d0998e6bd6', 'name': 'tempest-SecurityGroupsTestJSON-881290059-network', 'tenant_id': '69e6b147268a4021b69cf4efc59afc62', 'admin_state_up': True, 'mtu': 8950, 'status': 'ACTIVE', 'subnets': [], 'shared': False, 'project_id': '69e6b147268a4021b69cf4efc59afc62', 'port_security_enabled': True, 'router:external': False, 'provider:network_type': 'vlan', 'provider:physical_network': 'default', 'provider:segmentation_id': 989, 'availability_zone_hints': [], 'availability_zones': [], 'ipv4_address_scope': None, 'ipv6_address_scope': None, 'description': '', 'tags': [], 'created_at': '2024-12-13T05:41:14Z', 'updated_at': '2024-12-13T05:41:14Z', 'revision_number': 1} available for tenant
2024-12-13 05:42:32.171 68293 INFO tempest.lib.common.rest_client [req-e7454c5a-85ee-4f92-bc5d-dfb190b8294a req-e7454c5a-85ee-4f92-bc5d-dfb190b8294a ] Request (ServersAdminTestJSON:setUpClass): 200 GET http://10.180.1.21/compute/v2.1/servers/fa858069-56fa-4de6-885c-670408b92daa 0.417s
2024-12-13 05:42:32.234 68253 INFO tempest.lib.common.rest_client [req-82f81a55-fe8d-4941-b838-fbb71fc2c9e8 req-82f81a55-fe8d-4941-b838-fbb71fc2c9e8 ] Request (ServersTestManualDisk:setUpClass): 200 GET http://10.180.1.21/compute/v2.1/servers/c4c6f28d-0842-4889-b5e3-ac85cf7f2d1e 0.431s
2024-12-13 05:42:32.302 68235 INFO tempest.lib.common.rest_client [req-358db3f9-85f5-4a97-86c2-f7465934840e req-358db3f9-85f5-4a97-86c2-f7465934840e ] Request (ServerShowV247Test:test_update_rebuild_list_server): 200 GET http://10.180.1.21/compute/v2.1/servers/16a166da-44a9-4883-a4d0-981f3d256f1b 0.444s
2024-12-13 05:42:32.320 68291 INFO tempest.lib.common.rest_client [req-aae6847c-cbf7-42e0-a82d-d4752b608e80 req-aae6847c-cbf7-42e0-a82d-d4752b608e80 ] Request (ServersTestFqdnHostnames:test_create_server_with_fqdn_name): 200 GET http://10.180.1.21/compute/v2.1/servers/b7395f42-7370-49c6-b975-05a3432f71d4 0.542s
2024-12-13 05:42:32.350 68295 INFO tempest.lib.common.rest_client [req-ce6584be-211f-47b3-8280-2a4d576f1c87 req-ce6584be-211f-47b3-8280-2a4d576f1c87 ] Request (ServerRescueNegativeTestJSON:setUpClass): 200 GET http://10.180.1.21/compute/v2.1/servers/29fdb461-3f61-48ef-b36b-9a2c094a86cd 0.434s
2024-12-13 05:42:32.356 68295 INFO tempest.common.waiters [-] State transition "BUILD/None" ==> "BUILD/networking" after 52 second wait
2024-12-13 05:42:32.387 68247 INFO tempest.lib.common.rest_client [req-a7587478-ca50-406b-898a-ecb9cd36acb2 req-a7587478-ca50-406b-898a-ecb9cd36acb2 ] Request (ImagesOneServerNegativeTestJSON:_run_cleanups): 200 GET http://10.180.1.21/compute/v2.1/servers/e3fc8314-7f46-4c87-ac67-76133a853b0e 0.393s
2024-12-13 05:42:32.411 68267 INFO tempest.lib.common.rest_client [req-31c6219d-4c93-45d3-874c-5506faeb26c8 req-31c6219d-4c93-45d3-874c-5506faeb26c8 ] Request (ImagesNegativeTestJSON:tearDownClass): 200 PUT http://10.180.1.21:9696/networking/v2.0/routers/9f00dff7-2f42-4372-a280-df85e104694f/remove_router_interface 1.210s
2024-12-13 05:42:32.458 68249 INFO tempest.lib.common.rest_client [req-84e5cf60-75e3-423c-8699-ff3cf4d4ed7d req-84e5cf60-75e3-423c-8699-ff3cf4d4ed7d ] Request (FloatingIPsAssociationTestJSON:tearDownClass): 200 GET http://10.180.1.21/compute/v2.1/servers/615d9c66-fac7-48b9-8dad-1adf1e9d4e03 0.347s
2024-12-13 05:42:32.535 68233 INFO tempest.lib.common.rest_client [req-06489446-d58a-4f59-9d68-2370ca71a9f5 req-06489446-d58a-4f59-9d68-2370ca71a9f5 ] Request (ServersAdminNegativeTestJSON:test_migrate_server_invalid_state): 200 GET http://10.180.1.21/compute/v2.1/servers/482d902a-48d3-4165-b346-9e4266f2c923 0.488s
2024-12-13 05:42:32.542 68233 INFO tempest.common.waiters [-] State transition "ACTIVE/suspending" ==> "SUSPENDED/None" after 3 second wait
2024-12-13 05:42:32.616 68289 INFO tempest.lib.common.rest_client [req-ec6ca393-56f7-4978-bf1e-d6099e1396ff req-ec6ca393-56f7-4978-bf1e-d6099e1396ff ] Request (MigrationsAdminTest:test_list_migrations_in_flavor_resize_situation): 200 GET http://10.180.1.21/compute/v2.1/servers/53ceb216-7d63-4dfd-8185-1bf488665180 0.463s
2024-12-13 05:42:32.710 68243 INFO tempest.lib.common.rest_client [req-1d7c58fc-8c1d-49d0-9b47-5af350d4261a req-1d7c58fc-8c1d-49d0-9b47-5af350d4261a ] Request (DeleteServersAdminTestJSON:test_delete_server_while_in_error_state): 200 GET http://10.180.1.21/compute/v2.1/servers/44bcb5fd-4cd2-4bf4-bf80-71ddce99bf52 0.378s
2024-12-13 05:42:32.749 68241 INFO tempest.lib.common.rest_client [req-ef5c59b9-ecc8-4741-8acf-f259922930a4 req-ef5c59b9-ecc8-4741-8acf-f259922930a4 ] Request (ImagesOneServerTestJSON:test_create_image_specify_multibyte_character_image_name): 200 GET http://10.180.1.21/compute/v2.1/images/a85e0808-2181-4a55-9335-dec31c96bdbe 0.389s
2024-12-13 05:42:32.815 68279 INFO tempest.lib.common.rest_client [req-87fa391d-6ac8-45b9-a2e2-6933b3e4c597 req-87fa391d-6ac8-45b9-a2e2-6933b3e4c597 ] Request (AttachInterfacesV270Test:test_create_get_list_interfaces): 200 GET http://10.180.1.21/compute/v2.1/servers/38bb528d-e25b-468e-9d8c-bbfe8cf09ce9 0.393s
2024-12-13 05:42:32.887 68259 INFO tempest.lib.common.rest_client [req-34794ce9-96e7-4231-85a2-7b9ada1fc2d7 req-34794ce9-96e7-4231-85a2-7b9ada1fc2d7 ] Request (InstanceActionsV221TestJSON:test_get_list_deleted_instance_actions): 200 GET http://10.180.1.21/compute/v2.1/servers/b523b53f-5dd6-41e4-a097-3ac8cb9b09ac 0.411s
2024-12-13 05:42:32.934 68285 WARNING tempest.lib.common.ssh [-] Failed to establish authenticated ssh connection to cirros@10.180.180.182 ([Errno None] Unable to connect to port 22 on 10.180.180.182). Number attempts: 7. Retry after 8 seconds.: paramiko.ssh_exception.NoValidConnectionsError: [Errno None] Unable to connect to port 22 on 10.180.180.182
2024-12-13 05:42:33.035 68233 INFO tempest.lib.common.rest_client [req-28d769a7-9ff7-4ea8-8ac8-9072718f4f51 req-28d769a7-9ff7-4ea8-8ac8-9072718f4f51 ] Request (ServersAdminNegativeTestJSON:test_migrate_server_invalid_state): 409 POST http://10.180.1.21/compute/v2.1/servers/482d902a-48d3-4165-b346-9e4266f2c923/action 0.492s
2024-12-13 05:42:33.083 68275 INFO tempest.lib.common.rest_client [req-e5b86355-3688-4ece-b957-37a14ab1572f req-e5b86355-3688-4ece-b957-37a14ab1572f ] Request (SecurityGroupsTestJSON:test_server_security_groups): 202 POST http://10.180.1.21/compute/v2.1/servers 0.926s
2024-12-13 05:42:33.125 68267 INFO tempest.lib.common.rest_client [req-eb6835e5-8760-4fac-9207-211e00bd6d8d req-eb6835e5-8760-4fac-9207-211e00bd6d8d ] Request (ImagesNegativeTestJSON:tearDownClass): 204 DELETE http://10.180.1.21:9696/networking/v2.0/routers/9f00dff7-2f42-4372-a280-df85e104694f 0.713s
2024-12-13 05:42:33.128 68273 INFO tempest.lib.common.rest_client [req-e685f0ae-5810-4604-ba10-2b2e77c8dbc1 req-e685f0ae-5810-4604-ba10-2b2e77c8dbc1 ] Request (ServersAdmin275Test:tearDownClass): 200 GET http://10.180.1.21/compute/v2.1/servers/7fbe345a-3ce0-4e4d-9a64-aecade889565 0.567s
2024-12-13 05:42:33.151 68269 INFO tempest.lib.common.rest_client [req-af3607c8-ccb5-4976-8ac4-afb651865e06 req-af3607c8-ccb5-4976-8ac4-afb651865e06 ] Request (FloatingIPsAssociationNegativeTestJSON:setUpClass): 200 GET http://10.180.1.21/compute/v2.1/servers/d0244585-d683-4bf5-b9ca-790caff8b6f8 0.516s
2024-12-13 05:42:33.185 68277 INFO tempest.lib.common.rest_client [req-34844cf9-ffba-465a-9c7b-4fd5915741f7 req-34844cf9-ffba-465a-9c7b-4fd5915741f7 ] Request (ServersTestBootFromVolume:setUpClass): 200 GET http://10.180.1.21/compute/v2.1/servers/0f2d5b53-a0a8-4555-90b7-74546298b6d5 0.498s
2024-12-13 05:42:33.212 68261 INFO tempest.lib.common.rest_client [req-a0e46f1b-9f95-4829-8e53-45570e0f9d7d req-a0e46f1b-9f95-4829-8e53-45570e0f9d7d ] Request (ServerExternalEventsTest:test_create_server_external_events): 200 GET http://10.180.1.21/compute/v2.1/servers/c0c58aa9-d373-4b8a-a6dc-75d842c3f3a7 0.498s
2024-12-13 05:42:33.246 68251 INFO tempest.lib.common.rest_client [req-14071040-0abb-4a30-9496-a4449f1fd9ae req-14071040-0abb-4a30-9496-a4449f1fd9ae ] Request (AttachInterfacesTestJSON:test_create_list_show_delete_interfaces_by_fixed_ip): 200 GET http://10.180.1.21/compute/v2.1/servers/f6a97d93-1aaf-4c84-b46a-b6c24cfa9cde 0.505s
2024-12-13 05:42:33.294 68257 INFO tempest.lib.common.rest_client [req-702cf546-6d80-40fa-b8ba-2dfdf10e673d req-702cf546-6d80-40fa-b8ba-2dfdf10e673d ] Request (ServersNegativeTestJSON:setUpClass): 200 GET http://10.180.1.21/compute/v2.1/servers/3a9c7040-44b2-45a9-bbea-16995a643e08 0.484s
2024-12-13 05:42:33.309 68283 INFO tempest.lib.common.rest_client [req-5f74feee-f995-4412-9aa8-789f6f1c8276 req-5f74feee-f995-4412-9aa8-789f6f1c8276 ] Request (MultipleCreateTestJSON:test_multiple_create): 200 GET http://10.180.1.21/compute/v2.1/servers/1050f2b2-a884-40d6-b519-a381df45f896 0.423s
2024-12-13 05:42:33.364 68237 INFO tempest.lib.common.rest_client [req-c1d3fcf5-b202-4f9d-98cd-aa46592a6ee0 req-c1d3fcf5-b202-4f9d-98cd-aa46592a6ee0 ] Request (ServersTestJSON:setUpClass): 200 GET http://10.180.1.21/compute/v2.1/servers/5ae6e0ed-3ded-432c-9efa-bdb576f5079b 0.407s
2024-12-13 05:42:33.373 68267 INFO tempest.lib.common.rest_client [req-a75d9e53-a2c9-47f0-8308-1f21ca137868 req-a75d9e53-a2c9-47f0-8308-1f21ca137868 ] Request (ImagesNegativeTestJSON:tearDownClass): 204 DELETE http://10.180.1.21:9696/networking/v2.0/subnets/29e37aeb-ab0e-43f9-9651-a56d2f0bba61 0.247s
2024-12-13 05:42:33.431 68265 INFO tempest.lib.common.rest_client [req-554b715f-32d2-473c-9f3d-155d73859287 req-554b715f-32d2-473c-9f3d-155d73859287 ] Request (ServersTestMultiNic:test_verify_duplicate_network_nics): 200 GET http://10.180.1.21/compute/v2.1/servers/eeb17f79-829d-40bf-b614-dac284c553f6 0.418s
2024-12-13 05:42:33.436 68233 INFO tempest.lib.common.rest_client [req-fbc5e95d-b850-403d-a30c-f12f7b94812b req-fbc5e95d-b850-403d-a30c-f12f7b94812b ] Request (ServersAdminNegativeTestJSON:test_reset_state_server_invalid_state): 400 POST http://10.180.1.21/compute/v2.1/servers/964e7610-9650-42c8-a5f3-dc45716fe95c/action 0.399s
2024-12-13 05:42:33.441 68271 INFO tempest.lib.common.rest_client [req-ea497dcb-6b4a-4f21-8e56-40c80a25d23d req-ea497dcb-6b4a-4f21-8e56-40c80a25d23d ] Request (ServerActionsTestJSON:setUpClass): 200 GET http://10.180.1.21/compute/v2.1/servers/49e0af98-e430-4d2f-ae10-e6aa178006cf 0.545s
2024-12-13 05:42:33.454 68271 INFO tempest.common.waiters [-] State transition "BUILD/spawning" ==> "ACTIVE/None" after 54 second wait
2024-12-13 05:42:33.475 68275 INFO tempest.lib.common.rest_client [req-f8d77db1-c98d-4bc7-8a3f-a11e499b653f req-f8d77db1-c98d-4bc7-8a3f-a11e499b653f ] Request (SecurityGroupsTestJSON:test_server_security_groups): 200 GET http://10.180.1.21/compute/v2.1/servers/43057bad-1a1f-4d28-8ec3-c98b82d34b99 0.390s
2024-12-13 05:42:33.542 68253 INFO tempest.lib.common.rest_client [req-0b84698c-0557-48c2-b5d6-8d901a705e29 req-0b84698c-0557-48c2-b5d6-8d901a705e29 ] Request (ServersTestManualDisk:setUpClass): 200 GET http://10.180.1.21/compute/v2.1/servers/c4c6f28d-0842-4889-b5e3-ac85cf7f2d1e 0.293s
2024-12-13 05:42:33.606 68235 INFO tempest.lib.common.rest_client [req-0c7a7cca-1e45-45c9-a86b-a528874dae43 req-0c7a7cca-1e45-45c9-a86b-a528874dae43 ] Request (ServerShowV247Test:test_update_rebuild_list_server): 200 GET http://10.180.1.21/compute/v2.1/servers/16a166da-44a9-4883-a4d0-981f3d256f1b 0.294s
2024-12-13 05:42:33.606 68293 INFO tempest.lib.common.rest_client [req-c5fca2f7-b307-4aa1-88a1-e700a350dc2c req-c5fca2f7-b307-4aa1-88a1-e700a350dc2c ] Request (ServersAdminTestJSON:setUpClass): 200 GET http://10.180.1.21/compute/v2.1/servers/fa858069-56fa-4de6-885c-670408b92daa 0.423s
2024-12-13 05:42:33.826 68291 INFO tempest.lib.common.rest_client [req-99627110-75ad-4d01-88ff-09f08c296409 req-99627110-75ad-4d01-88ff-09f08c296409 ] Request (ServersTestFqdnHostnames:test_create_server_with_fqdn_name): 200 GET http://10.180.1.21/compute/v2.1/servers/b7395f42-7370-49c6-b975-05a3432f71d4 0.498s
2024-12-13 05:42:33.861 68295 INFO tempest.lib.common.rest_client [req-f5def122-ac35-4880-b365-da3df911f94b req-f5def122-ac35-4880-b365-da3df911f94b ] Request (ServerRescueNegativeTestJSON:setUpClass): 200 GET http://10.180.1.21/compute/v2.1/servers/29fdb461-3f61-48ef-b36b-9a2c094a86cd 0.503s
2024-12-13 05:42:33.871 68233 INFO tempest.lib.common.rest_client [req-914b14e3-be5a-4eba-9705-30a7ccd1466d req-914b14e3-be5a-4eba-9705-30a7ccd1466d ] Request (ServersAdminNegativeTestJSON:test_reset_state_server_invalid_type): 400 POST http://10.180.1.21/compute/v2.1/servers/964e7610-9650-42c8-a5f3-dc45716fe95c/action 0.434s
2024-12-13 05:42:33.871 68267 INFO tempest.lib.common.rest_client [req-83f15837-6d86-4dc0-a904-32643cd3d0e1 req-83f15837-6d86-4dc0-a904-32643cd3d0e1 ] Request (ImagesNegativeTestJSON:tearDownClass): 204 DELETE http://10.180.1.21:9696/networking/v2.0/networks/5720abbc-6653-4225-902c-cd12af22fed8 0.497s
2024-12-13 05:42:33.875 68295 INFO tempest.common.waiters [-] State transition "BUILD/networking" ==> "BUILD/block_device_mapping" after 53 second wait
2024-12-13 05:42:33.901 68247 INFO tempest.lib.common.rest_client [req-ad9ff52c-657b-4cd3-b977-84b7952bd960 req-ad9ff52c-657b-4cd3-b977-84b7952bd960 ] Request (ImagesOneServerNegativeTestJSON:_run_cleanups): 200 GET http://10.180.1.21/compute/v2.1/servers/e3fc8314-7f46-4c87-ac67-76133a853b0e 0.504s
2024-12-13 05:42:33.973 68271 INFO tempest.lib.common.rest_client [req-d8e3b5a6-b971-494d-9c64-93e89d2d87ef req-d8e3b5a6-b971-494d-9c64-93e89d2d87ef ] Request (ServerActionsTestJSON:setUpClass): 200 GET http://10.180.1.21/compute/v2.1/servers/49e0af98-e430-4d2f-ae10-e6aa178006cf/os-interface 0.518s
