2024-12-13 05:40:55.447 68281 INFO tempest.lib.common.dynamic_creds [-] Created isolated network resources for: credentials: Credentials: {'domain_id': 'default', 'domain_name': 'Default', 'username': 'tempest-VolumesAssistedSnapshotsTest-2101561057-project-member', 'project_domain_id': 'default', 'project_domain_name': 'Default', 'project_id': 'b1ecbbf10bd8402bb492c8181a078dff', 'project_name': 'tempest-VolumesAssistedSnapshotsTest-2101561057', 'tenant_id': 'b1ecbbf10bd8402bb492c8181a078dff', 'tenant_name': 'tempest-VolumesAssistedSnapshotsTest-2101561057', 'user_domain_id': 'default', 'user_domain_name': 'Default', 'user_id': '994d312f46584b7a9ce9e7cb22dc514d', 'system': None}, Network: {'id': 'c8b6a314-60cd-4160-975f-dfb799339f5f', 'name': 'tempest-VolumesAssistedSnapshotsTest-433656409-network', 'tenant_id': 'b1ecbbf10bd8402bb492c8181a078dff', 'admin_state_up': True, 'mtu': 8950, 'status': 'ACTIVE', 'subnets': [], 'shared': False, 'project_id': 'b1ecbbf10bd8402bb492c8181a078dff', 'port_security_enabled': True, 'router:external': False, 'provider:network_type': 'vlan', 'provider:physical_network': 'default', 'provider:segmentation_id': 913, 'availability_zone_hints': [], 'availability_zones': [], 'ipv4_address_scope': None, 'ipv6_address_scope': None, 'description': '', 'tags': [], 'created_at': '2024-12-13T05:40:52Z', 'updated_at': '2024-12-13T05:40:52Z', 'revision_number': 1}, Subnet: {'id': 'f1eb8578-588b-4102-8446-c850d3948fc4', 'name': 'tempest-VolumesAssistedSnapshotsTest-433656409-subnet', 'tenant_id': 'b1ecbbf10bd8402bb492c8181a078dff', 'network_id': 'c8b6a314-60cd-4160-975f-dfb799339f5f', 'ip_version': 4, 'subnetpool_id': None, 'enable_dhcp': True, 'ipv6_ra_mode': None, 'ipv6_address_mode': None, 'gateway_ip': '192.168.128.1', 'cidr': '192.168.128.0/28', 'allocation_pools': [{'start': '192.168.128.2', 'end': '192.168.128.14'}], 'host_routes': [], 'dns_nameservers': [], 'description': '', 'router:external': False, 'service_types': [], 'tags': [], 'created_at': '2024-12-13T05:40:52Z', 'updated_at': '2024-12-13T05:40:52Z', 'revision_number': 0, 'project_id': 'b1ecbbf10bd8402bb492c8181a078dff'}, Router: {'id': 'cf0b22af-2ef1-4aec-b9fe-54544ecf2c96', 'name': 'tempest-VolumesAssistedSnapshotsTest-433656409-router', 'tenant_id': 'b1ecbbf10bd8402bb492c8181a078dff', 'admin_state_up': True, 'status': 'ACTIVE', 'external_gateway_info': {'network_id': 'b05bb6c9-4df9-48ea-ae6b-5c58a186fca9', 'external_fixed_ips': [{'subnet_id': '8d78d62d-9999-4a7c-9826-331250f3897e', 'ip_address': '10.180.180.252'}], 'enable_snat': True}, 'description': '', 'availability_zones': [], 'distributed': False, 'ha': False, 'availability_zone_hints': [], 'routes': [], 'flavor_id': None, 'tags': [], 'created_at': '2024-12-13T05:40:52Z', 'updated_at': '2024-12-13T05:40:53Z', 'revision_number': 2, 'project_id': 'b1ecbbf10bd8402bb492c8181a078dff'}
2024-12-13 05:40:55.481 68257 INFO tempest.lib.common.rest_client [req-5e2de458-50a3-4f4f-b152-1e82b9ad2ceb req-5e2de458-50a3-4f4f-b152-1e82b9ad2ceb ] Request (ServicesAdminNegativeV253TestJSON:test_disable_log_reason_with_invalid_service_id): 404 PUT http://10.180.1.21/compute/v2.1/os-services/64f13e8b-cf63-4f9e-9078-808a45caae80 1.463s
2024-12-13 05:40:55.501 68261 INFO tempest.lib.common.rest_client [req-9246a400-3c60-452a-8431-281fe8155cdb req-9246a400-3c60-452a-8431-281fe8155cdb ] Request (AggregatesAdminNegativeTestJSON:setUpClass): 204 PUT http://10.180.1.21/identity/v3/projects/59272cf39dcc4569958649aa9793e270/users/353d006ec2434cde9c65229fe8162bed/roles/67670f6f4df54e87ace516ef177c5b72 0.463s
2024-12-13 05:40:55.501 68261 INFO tempest.lib.common.dynamic_creds [-] Dynamic test user 353d006ec2434cde9c65229fe8162bed is created with scope project and roles: ['admin']
2024-12-13 05:40:55.501 68261 INFO tempest.lib.common.dynamic_creds [-] Acquired dynamic creds: credentials: Credentials: {'domain_id': 'default', 'domain_name': 'Default', 'username': 'tempest-AggregatesAdminNegativeTestJSON-1628715486-project-admin', 'project_domain_id': 'default', 'project_domain_name': 'Default', 'project_id': '59272cf39dcc4569958649aa9793e270', 'project_name': 'tempest-AggregatesAdminNegativeTestJSON-1628715486', 'tenant_id': '59272cf39dcc4569958649aa9793e270', 'tenant_name': 'tempest-AggregatesAdminNegativeTestJSON-1628715486', 'user_domain_id': 'default', 'user_domain_name': 'Default', 'user_id': '353d006ec2434cde9c65229fe8162bed', 'system': None}, Network: None, Subnet: None, Router: None
2024-12-13 05:40:55.502 68261 INFO tempest.lib.common.dynamic_creds [-] Created isolated network resources for: credentials: Credentials: {'domain_id': 'default', 'domain_name': 'Default', 'username': 'tempest-AggregatesAdminNegativeTestJSON-1628715486-project-admin', 'project_domain_id': 'default', 'project_domain_name': 'Default', 'project_id': '59272cf39dcc4569958649aa9793e270', 'project_name': 'tempest-AggregatesAdminNegativeTestJSON-1628715486', 'tenant_id': '59272cf39dcc4569958649aa9793e270', 'tenant_name': 'tempest-AggregatesAdminNegativeTestJSON-1628715486', 'user_domain_id': 'default', 'user_domain_name': 'Default', 'user_id': '353d006ec2434cde9c65229fe8162bed', 'system': None}, Network: None, Subnet: None, Router: None
2024-12-13 05:40:55.505 68237 INFO tempest.lib.common.rest_client [req-d77c89b5-f7db-4d64-985b-cfba3ed5d8df req-d77c89b5-f7db-4d64-985b-cfba3ed5d8df ] Request (HostsAdminTestJSON:test_list_hosts_with_a_blank_zone): 200 GET http://10.180.1.21/compute/v2.1/os-hosts?zone= 1.077s
2024-12-13 05:40:55.521 68251 INFO tempest.lib.common.rest_client [req-c022b45f-1ede-4475-b0e7-1c12fb529d8e req-c022b45f-1ede-4475-b0e7-1c12fb529d8e ] Request (InstanceUsageAuditLogNegativeTestJSON:setUpClass): 201 POST http://10.180.1.21/identity/v3/auth/tokens 0.463s
2024-12-13 05:40:55.556 68265 INFO tempest.lib.common.rest_client [req-81baca58-e1e2-4a8c-86d4-f2c265a3a762 req-81baca58-e1e2-4a8c-86d4-f2c265a3a762 ] Request (ServerDiagnosticsNegativeTest:setUpClass): 204 PUT http://10.180.1.21/identity/v3/projects/183e69bc84094660bbaa0b6e1242cbe7/users/f565ea1a940c4ff9ba245218715f6ff2/roles/67670f6f4df54e87ace516ef177c5b72 0.464s
2024-12-13 05:40:55.556 68265 INFO tempest.lib.common.dynamic_creds [-] Dynamic test user f565ea1a940c4ff9ba245218715f6ff2 is created with scope project and roles: ['admin']
2024-12-13 05:40:55.556 68265 INFO tempest.lib.common.dynamic_creds [-] Acquired dynamic creds: credentials: Credentials: {'domain_id': 'default', 'domain_name': 'Default', 'username': 'tempest-ServerDiagnosticsNegativeTest-1845160605-project-admin', 'project_domain_id': 'default', 'project_domain_name': 'Default', 'project_id': '183e69bc84094660bbaa0b6e1242cbe7', 'project_name': 'tempest-ServerDiagnosticsNegativeTest-1845160605', 'tenant_id': '183e69bc84094660bbaa0b6e1242cbe7', 'tenant_name': 'tempest-ServerDiagnosticsNegativeTest-1845160605', 'user_domain_id': 'default', 'user_domain_name': 'Default', 'user_id': 'f565ea1a940c4ff9ba245218715f6ff2', 'system': None}, Network: None, Subnet: None, Router: None
2024-12-13 05:40:55.556 68265 INFO tempest.lib.common.dynamic_creds [-] Created isolated network resources for: credentials: Credentials: {'domain_id': 'default', 'domain_name': 'Default', 'username': 'tempest-ServerDiagnosticsNegativeTest-1845160605-project-admin', 'project_domain_id': 'default', 'project_domain_name': 'Default', 'project_id': '183e69bc84094660bbaa0b6e1242cbe7', 'project_name': 'tempest-ServerDiagnosticsNegativeTest-1845160605', 'tenant_id': '183e69bc84094660bbaa0b6e1242cbe7', 'tenant_name': 'tempest-ServerDiagnosticsNegativeTest-1845160605', 'user_domain_id': 'default', 'user_domain_name': 'Default', 'user_id': 'f565ea1a940c4ff9ba245218715f6ff2', 'system': None}, Network: None, Subnet: None, Router: None
2024-12-13 05:40:55.564 68283 INFO tempest.lib.common.rest_client [req-5adf3d1f-acae-46d1-acbb-f24798b344f8 req-5adf3d1f-acae-46d1-acbb-f24798b344f8 ] Request (AZAdminNegativeTestJSON:setUpClass): 204 PUT http://10.180.1.21/identity/v3/projects/5a6081a7b72c43aa8c9d887be4b33c77/users/abc0c98dbd7a443c9eedac52b1364149/roles/67670f6f4df54e87ace516ef177c5b72 0.460s
2024-12-13 05:40:55.564 68283 INFO tempest.lib.common.dynamic_creds [-] Dynamic test user abc0c98dbd7a443c9eedac52b1364149 is created with scope project and roles: ['admin']
2024-12-13 05:40:55.564 68283 INFO tempest.lib.common.dynamic_creds [-] Acquired dynamic creds: credentials: Credentials: {'domain_id': 'default', 'domain_name': 'Default', 'username': 'tempest-AZAdminNegativeTestJSON-330911571-project-admin', 'project_domain_id': 'default', 'project_domain_name': 'Default', 'project_id': '5a6081a7b72c43aa8c9d887be4b33c77', 'project_name': 'tempest-AZAdminNegativeTestJSON-330911571', 'tenant_id': '5a6081a7b72c43aa8c9d887be4b33c77', 'tenant_name': 'tempest-AZAdminNegativeTestJSON-330911571', 'user_domain_id': 'default', 'user_domain_name': 'Default', 'user_id': 'abc0c98dbd7a443c9eedac52b1364149', 'system': None}, Network: None, Subnet: None, Router: None
2024-12-13 05:40:55.564 68283 INFO tempest.lib.common.dynamic_creds [-] Created isolated network resources for: credentials: Credentials: {'domain_id': 'default', 'domain_name': 'Default', 'username': 'tempest-AZAdminNegativeTestJSON-330911571-project-admin', 'project_domain_id': 'default', 'project_domain_name': 'Default', 'project_id': '5a6081a7b72c43aa8c9d887be4b33c77', 'project_name': 'tempest-AZAdminNegativeTestJSON-330911571', 'tenant_id': '5a6081a7b72c43aa8c9d887be4b33c77', 'tenant_name': 'tempest-AZAdminNegativeTestJSON-330911571', 'user_domain_id': 'default', 'user_domain_name': 'Default', 'user_id': 'abc0c98dbd7a443c9eedac52b1364149', 'system': None}, Network: None, Subnet: None, Router: None
2024-12-13 05:40:55.606 68279 INFO tempest.lib.common.rest_client [req-4d8355a0-85d3-49b7-b26b-3c6d7110ae9b req-4d8355a0-85d3-49b7-b26b-3c6d7110ae9b ] Request (AZAdminV2TestJSON:setUpClass): 204 PUT http://10.180.1.21/identity/v3/projects/2f2559bedb1f45878205a4e33e79d178/users/d00da47294c9438eb71f13b8f6c14f92/roles/67670f6f4df54e87ace516ef177c5b72 0.485s
2024-12-13 05:40:55.606 68279 INFO tempest.lib.common.dynamic_creds [-] Dynamic test user d00da47294c9438eb71f13b8f6c14f92 is created with scope project and roles: ['admin']
2024-12-13 05:40:55.606 68279 INFO tempest.lib.common.dynamic_creds [-] Acquired dynamic creds: credentials: Credentials: {'domain_id': 'default', 'domain_name': 'Default', 'username': 'tempest-AZAdminV2TestJSON-1059135165-project-admin', 'project_domain_id': 'default', 'project_domain_name': 'Default', 'project_id': '2f2559bedb1f45878205a4e33e79d178', 'project_name': 'tempest-AZAdminV2TestJSON-1059135165', 'tenant_id': '2f2559bedb1f45878205a4e33e79d178', 'tenant_name': 'tempest-AZAdminV2TestJSON-1059135165', 'user_domain_id': 'default', 'user_domain_name': 'Default', 'user_id': 'd00da47294c9438eb71f13b8f6c14f92', 'system': None}, Network: None, Subnet: None, Router: None
2024-12-13 05:40:55.606 68279 INFO tempest.lib.common.dynamic_creds [-] Created isolated network resources for: credentials: Credentials: {'domain_id': 'default', 'domain_name': 'Default', 'username': 'tempest-AZAdminV2TestJSON-1059135165-project-admin', 'project_domain_id': 'default', 'project_domain_name': 'Default', 'project_id': '2f2559bedb1f45878205a4e33e79d178', 'project_name': 'tempest-AZAdminV2TestJSON-1059135165', 'tenant_id': '2f2559bedb1f45878205a4e33e79d178', 'tenant_name': 'tempest-AZAdminV2TestJSON-1059135165', 'user_domain_id': 'default', 'user_domain_name': 'Default', 'user_id': 'd00da47294c9438eb71f13b8f6c14f92', 'system': None}, Network: None, Subnet: None, Router: None
2024-12-13 05:40:55.618 68255 INFO tempest.lib.common.rest_client [req-b444f24f-bba5-4e8b-8a00-fdb26ef45525 req-b444f24f-bba5-4e8b-8a00-fdb26ef45525 ] Request (ServersWithSpecificFlavorTestJSON:setUpClass): 201 POST http://10.180.1.21:9696/networking/v2.0/routers 1.093s
2024-12-13 05:40:55.649 68287 INFO tempest.lib.common.rest_client [req-bdb447c4-9c73-49fc-928a-5026a53587da req-bdb447c4-9c73-49fc-928a-5026a53587da ] Request (FlavorsAccessNegativeTestJSON:setUpClass): 204 PUT http://10.180.1.21/identity/v3/projects/7f69814db30a4d33a0345d1648c4a3fc/users/de13da36bdaa47af80f5e5e6299b0460/roles/67670f6f4df54e87ace516ef177c5b72 0.514s
2024-12-13 05:40:55.649 68287 INFO tempest.lib.common.dynamic_creds [-] Dynamic test user de13da36bdaa47af80f5e5e6299b0460 is created with scope project and roles: ['admin']
2024-12-13 05:40:55.649 68287 INFO tempest.lib.common.dynamic_creds [-] Acquired dynamic creds: credentials: Credentials: {'domain_id': 'default', 'domain_name': 'Default', 'username': 'tempest-FlavorsAccessNegativeTestJSON-1438657665-project-admin', 'project_domain_id': 'default', 'project_domain_name': 'Default', 'project_id': '7f69814db30a4d33a0345d1648c4a3fc', 'project_name': 'tempest-FlavorsAccessNegativeTestJSON-1438657665', 'tenant_id': '7f69814db30a4d33a0345d1648c4a3fc', 'tenant_name': 'tempest-FlavorsAccessNegativeTestJSON-1438657665', 'user_domain_id': 'default', 'user_domain_name': 'Default', 'user_id': 'de13da36bdaa47af80f5e5e6299b0460', 'system': None}, Network: None, Subnet: None, Router: None
2024-12-13 05:40:55.649 68287 INFO tempest.lib.common.dynamic_creds [-] Created isolated network resources for: credentials: Credentials: {'domain_id': 'default', 'domain_name': 'Default', 'username': 'tempest-FlavorsAccessNegativeTestJSON-1438657665-project-admin', 'project_domain_id': 'default', 'project_domain_name': 'Default', 'project_id': '7f69814db30a4d33a0345d1648c4a3fc', 'project_name': 'tempest-FlavorsAccessNegativeTestJSON-1438657665', 'tenant_id': '7f69814db30a4d33a0345d1648c4a3fc', 'tenant_name': 'tempest-FlavorsAccessNegativeTestJSON-1438657665', 'user_domain_id': 'default', 'user_domain_name': 'Default', 'user_id': 'de13da36bdaa47af80f5e5e6299b0460', 'system': None}, Network: None, Subnet: None, Router: None
2024-12-13 05:40:55.709 68253 INFO tempest.lib.common.rest_client [req-56bed41e-9b90-409f-a19f-fecaf2857cdf req-56bed41e-9b90-409f-a19f-fecaf2857cdf ] Request (FlavorsExtraSpecsTestJSON:setUpClass): 201 POST http://10.180.1.21/identity/v3/auth/tokens 0.554s
2024-12-13 05:40:55.736 68273 INFO tempest.lib.common.rest_client [req-67fc3a2f-7d29-48d2-8de8-9298eed5102c req-67fc3a2f-7d29-48d2-8de8-9298eed5102c ] Request (QuotasSecurityGroupAdminNegativeTest:setUpClass): 204 PUT http://10.180.1.21/identity/v3/projects/b51b3b3f8f8a4cd6abc19a9a8c0506f0/users/66dbc95a610745498035ab76e47d4cee/roles/67670f6f4df54e87ace516ef177c5b72 0.540s
2024-12-13 05:40:55.736 68273 INFO tempest.lib.common.dynamic_creds [-] Dynamic test user 66dbc95a610745498035ab76e47d4cee is created with scope project and roles: ['admin']
2024-12-13 05:40:55.736 68273 INFO tempest.lib.common.dynamic_creds [-] Acquired dynamic creds: credentials: Credentials: {'domain_id': 'default', 'domain_name': 'Default', 'username': 'tempest-QuotasSecurityGroupAdminNegativeTest-2048582051-project-admin', 'project_domain_id': 'default', 'project_domain_name': 'Default', 'project_id': 'b51b3b3f8f8a4cd6abc19a9a8c0506f0', 'project_name': 'tempest-QuotasSecurityGroupAdminNegativeTest-2048582051', 'tenant_id': 'b51b3b3f8f8a4cd6abc19a9a8c0506f0', 'tenant_name': 'tempest-QuotasSecurityGroupAdminNegativeTest-2048582051', 'user_domain_id': 'default', 'user_domain_name': 'Default', 'user_id': '66dbc95a610745498035ab76e47d4cee', 'system': None}, Network: None, Subnet: None, Router: None
2024-12-13 05:40:55.737 68273 INFO tempest.lib.common.dynamic_creds [-] Created isolated network resources for: credentials: Credentials: {'domain_id': 'default', 'domain_name': 'Default', 'username': 'tempest-QuotasSecurityGroupAdminNegativeTest-2048582051-project-admin', 'project_domain_id': 'default', 'project_domain_name': 'Default', 'project_id': 'b51b3b3f8f8a4cd6abc19a9a8c0506f0', 'project_name': 'tempest-QuotasSecurityGroupAdminNegativeTest-2048582051', 'tenant_id': 'b51b3b3f8f8a4cd6abc19a9a8c0506f0', 'tenant_name': 'tempest-QuotasSecurityGroupAdminNegativeTest-2048582051', 'user_domain_id': 'default', 'user_domain_name': 'Default', 'user_id': '66dbc95a610745498035ab76e47d4cee', 'system': None}, Network: None, Subnet: None, Router: None
2024-12-13 05:40:55.793 68267 INFO tempest.lib.common.rest_client [req-eb0b3110-e92c-4e59-ad24-54778e2a4bd4 req-eb0b3110-e92c-4e59-ad24-54778e2a4bd4 ] Request (FlavorMetadataValidation:setUpClass): 204 PUT http://10.180.1.21/identity/v3/projects/f910d6a0c151441cbe25eb1056195a93/users/5a8dd35d96a14702b8192c74a437aefc/roles/67670f6f4df54e87ace516ef177c5b72 0.596s
2024-12-13 05:40:55.794 68267 INFO tempest.lib.common.dynamic_creds [-] Dynamic test user 5a8dd35d96a14702b8192c74a437aefc is created with scope project and roles: ['admin']
2024-12-13 05:40:55.794 68267 INFO tempest.lib.common.dynamic_creds [-] Acquired dynamic creds: credentials: Credentials: {'domain_id': 'default', 'domain_name': 'Default', 'username': 'tempest-FlavorMetadataValidation-690595520-project-admin', 'project_domain_id': 'default', 'project_domain_name': 'Default', 'project_id': 'f910d6a0c151441cbe25eb1056195a93', 'project_name': 'tempest-FlavorMetadataValidation-690595520', 'tenant_id': 'f910d6a0c151441cbe25eb1056195a93', 'tenant_name': 'tempest-FlavorMetadataValidation-690595520', 'user_domain_id': 'default', 'user_domain_name': 'Default', 'user_id': '5a8dd35d96a14702b8192c74a437aefc', 'system': None}, Network: None, Subnet: None, Router: None
2024-12-13 05:40:55.794 68267 INFO tempest.lib.common.dynamic_creds [-] Created isolated network resources for: credentials: Credentials: {'domain_id': 'default', 'domain_name': 'Default', 'username': 'tempest-FlavorMetadataValidation-690595520-project-admin', 'project_domain_id': 'default', 'project_domain_name': 'Default', 'project_id': 'f910d6a0c151441cbe25eb1056195a93', 'project_name': 'tempest-FlavorMetadataValidation-690595520', 'tenant_id': 'f910d6a0c151441cbe25eb1056195a93', 'tenant_name': 'tempest-FlavorMetadataValidation-690595520', 'user_domain_id': 'default', 'user_domain_name': 'Default', 'user_id': '5a8dd35d96a14702b8192c74a437aefc', 'system': None}, Network: None, Subnet: None, Router: None
2024-12-13 05:40:55.796 68243 INFO tempest.lib.common.rest_client [req-b284d8d7-91b5-43f7-9447-b0b0e25faaba req-b284d8d7-91b5-43f7-9447-b0b0e25faaba ] Request (DeleteServersAdminTestJSON:test_admin_delete_servers_of_others): 201 POST http://10.180.1.21/identity/v3/auth/tokens 0.597s
2024-12-13 05:40:55.796 68243 INFO tempest.lib.common.fixed_network [-] (DeleteServersAdminTestJSON:test_admin_delete_servers_of_others) Found network None available for tenant
2024-12-13 05:40:55.840 68277 INFO tempest.lib.common.rest_client [req-0cbea22a-269f-4b28-953e-7598efdb75e7 req-0cbea22a-269f-4b28-953e-7598efdb75e7 ] Request (HypervisorAdminUnderV252Test:setUpClass): 204 PUT http://10.180.1.21/identity/v3/projects/fae1017f9d9f47b18023e301c71a910c/users/8ac765ea42f34dc2bf92ea8c154ebd63/roles/67670f6f4df54e87ace516ef177c5b72 0.630s
2024-12-13 05:40:55.841 68277 INFO tempest.lib.common.dynamic_creds [-] Dynamic test user 8ac765ea42f34dc2bf92ea8c154ebd63 is created with scope project and roles: ['admin']
2024-12-13 05:40:55.841 68277 INFO tempest.lib.common.dynamic_creds [-] Acquired dynamic creds: credentials: Credentials: {'domain_id': 'default', 'domain_name': 'Default', 'username': 'tempest-HypervisorAdminUnderV252Test-258747856-project-admin', 'project_domain_id': 'default', 'project_domain_name': 'Default', 'project_id': 'fae1017f9d9f47b18023e301c71a910c', 'project_name': 'tempest-HypervisorAdminUnderV252Test-258747856', 'tenant_id': 'fae1017f9d9f47b18023e301c71a910c', 'tenant_name': 'tempest-HypervisorAdminUnderV252Test-258747856', 'user_domain_id': 'default', 'user_domain_name': 'Default', 'user_id': '8ac765ea42f34dc2bf92ea8c154ebd63', 'system': None}, Network: None, Subnet: None, Router: None
2024-12-13 05:40:55.841 68277 INFO tempest.lib.common.dynamic_creds [-] Created isolated network resources for: credentials: Credentials: {'domain_id': 'default', 'domain_name': 'Default', 'username': 'tempest-HypervisorAdminUnderV252Test-258747856-project-admin', 'project_domain_id': 'default', 'project_domain_name': 'Default', 'project_id': 'fae1017f9d9f47b18023e301c71a910c', 'project_name': 'tempest-HypervisorAdminUnderV252Test-258747856', 'tenant_id': 'fae1017f9d9f47b18023e301c71a910c', 'tenant_name': 'tempest-HypervisorAdminUnderV252Test-258747856', 'user_domain_id': 'default', 'user_domain_name': 'Default', 'user_id': '8ac765ea42f34dc2bf92ea8c154ebd63', 'system': None}, Network: None, Subnet: None, Router: None
2024-12-13 05:40:55.864 68235 INFO tempest.lib.common.rest_client [req-d9af0338-410f-4018-87ad-67ed469b7b7c req-d9af0338-410f-4018-87ad-67ed469b7b7c ] Request (ServerDiagnosticsTest:setUpClass): 201 POST http://10.180.1.21/identity/v3/auth/tokens 0.649s
2024-12-13 05:40:55.895 68259 INFO tempest.lib.common.rest_client [req-383cca20-af4c-4548-a815-3c7a8bf7be0e req-383cca20-af4c-4548-a815-3c7a8bf7be0e ] Request (HypervisorAdminV228Test:setUpClass): 204 PUT http://10.180.1.21/identity/v3/projects/f1d244d06365456e862ec884731222be/users/a5adac4e32c140878e5b63c03c6c6e17/roles/67670f6f4df54e87ace516ef177c5b72 0.642s
2024-12-13 05:40:55.895 68259 INFO tempest.lib.common.dynamic_creds [-] Dynamic test user a5adac4e32c140878e5b63c03c6c6e17 is created with scope project and roles: ['admin']
2024-12-13 05:40:55.895 68259 INFO tempest.lib.common.dynamic_creds [-] Acquired dynamic creds: credentials: Credentials: {'domain_id': 'default', 'domain_name': 'Default', 'username': 'tempest-HypervisorAdminV228Test-613149907-project-admin', 'project_domain_id': 'default', 'project_domain_name': 'Default', 'project_id': 'f1d244d06365456e862ec884731222be', 'project_name': 'tempest-HypervisorAdminV228Test-613149907', 'tenant_id': 'f1d244d06365456e862ec884731222be', 'tenant_name': 'tempest-HypervisorAdminV228Test-613149907', 'user_domain_id': 'default', 'user_domain_name': 'Default', 'user_id': 'a5adac4e32c140878e5b63c03c6c6e17', 'system': None}, Network: None, Subnet: None, Router: None
2024-12-13 05:40:55.895 68259 INFO tempest.lib.common.dynamic_creds [-] Created isolated network resources for: credentials: Credentials: {'domain_id': 'default', 'domain_name': 'Default', 'username': 'tempest-HypervisorAdminV228Test-613149907-project-admin', 'project_domain_id': 'default', 'project_domain_name': 'Default', 'project_id': 'f1d244d06365456e862ec884731222be', 'project_name': 'tempest-HypervisorAdminV228Test-613149907', 'tenant_id': 'f1d244d06365456e862ec884731222be', 'tenant_name': 'tempest-HypervisorAdminV228Test-613149907', 'user_domain_id': 'default', 'user_domain_name': 'Default', 'user_id': 'a5adac4e32c140878e5b63c03c6c6e17', 'system': None}, Network: None, Subnet: None, Router: None
2024-12-13 05:40:55.938 68295 INFO tempest.lib.common.rest_client [req-876d48eb-d383-4b0f-bc5d-98607bc6d376 req-876d48eb-d383-4b0f-bc5d-98607bc6d376 ] Request (FlavorsAccessTestJSON:setUpClass): 204 PUT http://10.180.1.21/identity/v3/projects/15f71fc81fe1478eacd38aabc71e3313/users/781f3b1f715446debb09cf4d15c8f24a/roles/67670f6f4df54e87ace516ef177c5b72 0.666s
2024-12-13 05:40:55.938 68295 INFO tempest.lib.common.dynamic_creds [-] Dynamic test user 781f3b1f715446debb09cf4d15c8f24a is created with scope project and roles: ['admin']
2024-12-13 05:40:55.938 68295 INFO tempest.lib.common.dynamic_creds [-] Acquired dynamic creds: credentials: Credentials: {'domain_id': 'default', 'domain_name': 'Default', 'username': 'tempest-FlavorsAccessTestJSON-1631729677-project-admin', 'project_domain_id': 'default', 'project_domain_name': 'Default', 'project_id': '15f71fc81fe1478eacd38aabc71e3313', 'project_name': 'tempest-FlavorsAccessTestJSON-1631729677', 'tenant_id': '15f71fc81fe1478eacd38aabc71e3313', 'tenant_name': 'tempest-FlavorsAccessTestJSON-1631729677', 'user_domain_id': 'default', 'user_domain_name': 'Default', 'user_id': '781f3b1f715446debb09cf4d15c8f24a', 'system': None}, Network: None, Subnet: None, Router: None
2024-12-13 05:40:55.938 68295 INFO tempest.lib.common.dynamic_creds [-] Created isolated network resources for: credentials: Credentials: {'domain_id': 'default', 'domain_name': 'Default', 'username': 'tempest-FlavorsAccessTestJSON-1631729677-project-admin', 'project_domain_id': 'default', 'project_domain_name': 'Default', 'project_id': '15f71fc81fe1478eacd38aabc71e3313', 'project_name': 'tempest-FlavorsAccessTestJSON-1631729677', 'tenant_id': '15f71fc81fe1478eacd38aabc71e3313', 'tenant_name': 'tempest-FlavorsAccessTestJSON-1631729677', 'user_domain_id': 'default', 'user_domain_name': 'Default', 'user_id': '781f3b1f715446debb09cf4d15c8f24a', 'system': None}, Network: None, Subnet: None, Router: None
2024-12-13 05:40:55.940 68245 INFO tempest.lib.common.rest_client [req-4988c7e0-b7ab-437a-9664-887b102228b7 req-4988c7e0-b7ab-437a-9664-887b102228b7 ] Request (FlavorsV261TestJSON:setUpClass): 201 POST http://10.180.1.21/identity/v3/auth/tokens 0.668s
2024-12-13 05:40:55.980 68271 INFO tempest.lib.common.rest_client [req-408a4c23-c8fe-4681-ab3b-98eb520b88d4 req-408a4c23-c8fe-4681-ab3b-98eb520b88d4 ] Request (QuotaClassesAdmin257Test:setUpClass): 204 PUT http://10.180.1.21/identity/v3/projects/4bb530534bac48a9b060ddb2f76a6c8a/users/1a97304d415b463aaf259f23eec94d3b/roles/67670f6f4df54e87ace516ef177c5b72 0.667s
2024-12-13 05:40:55.980 68271 INFO tempest.lib.common.dynamic_creds [-] Dynamic test user 1a97304d415b463aaf259f23eec94d3b is created with scope project and roles: ['admin']
2024-12-13 05:40:55.980 68271 INFO tempest.lib.common.dynamic_creds [-] Acquired dynamic creds: credentials: Credentials: {'domain_id': 'default', 'domain_name': 'Default', 'username': 'tempest-QuotaClassesAdmin257Test-224911773-project-admin', 'project_domain_id': 'default', 'project_domain_name': 'Default', 'project_id': '4bb530534bac48a9b060ddb2f76a6c8a', 'project_name': 'tempest-QuotaClassesAdmin257Test-224911773', 'tenant_id': '4bb530534bac48a9b060ddb2f76a6c8a', 'tenant_name': 'tempest-QuotaClassesAdmin257Test-224911773', 'user_domain_id': 'default', 'user_domain_name': 'Default', 'user_id': '1a97304d415b463aaf259f23eec94d3b', 'system': None}, Network: None, Subnet: None, Router: None
2024-12-13 05:40:55.980 68271 INFO tempest.lib.common.dynamic_creds [-] Created isolated network resources for: credentials: Credentials: {'domain_id': 'default', 'domain_name': 'Default', 'username': 'tempest-QuotaClassesAdmin257Test-224911773-project-admin', 'project_domain_id': 'default', 'project_domain_name': 'Default', 'project_id': '4bb530534bac48a9b060ddb2f76a6c8a', 'project_name': 'tempest-QuotaClassesAdmin257Test-224911773', 'tenant_id': '4bb530534bac48a9b060ddb2f76a6c8a', 'tenant_name': 'tempest-QuotaClassesAdmin257Test-224911773', 'user_domain_id': 'default', 'user_domain_name': 'Default', 'user_id': '1a97304d415b463aaf259f23eec94d3b', 'system': None}, Network: None, Subnet: None, Router: None
2024-12-13 05:40:56.017 68293 INFO tempest.lib.common.rest_client [req-9121f5c3-b7b7-4062-8ad0-21d66565e409 req-9121f5c3-b7b7-4062-8ad0-21d66565e409 ] Request (HypervisorAdminNegativeUnderV252Test:setUpClass): 201 POST http://10.180.1.21/identity/v3/auth/tokens 0.697s
2024-12-13 05:40:56.041 68285 INFO tempest.lib.common.rest_client [req-a86b81de-e7ba-4f98-bc34-3fdc7925fae2 req-a86b81de-e7ba-4f98-bc34-3fdc7925fae2 ] Request (ServersV294TestFqdnHostnames:setUpClass): 201 POST http://10.180.1.21/identity/v3/auth/tokens 0.707s
2024-12-13 05:40:56.068 68291 INFO tempest.lib.common.rest_client [req-c2c7d87d-d916-45b6-9d4e-b765300af693 req-c2c7d87d-d916-45b6-9d4e-b765300af693 ] Request (HostsAdminNegativeTestJSON:setUpClass): 204 PUT http://10.180.1.21/identity/v3/projects/bd6626c555b443899800c58351465e6c/users/342525361c2c482f86070e0e826a2765/roles/67670f6f4df54e87ace516ef177c5b72 0.706s
2024-12-13 05:40:56.068 68291 INFO tempest.lib.common.dynamic_creds [-] Dynamic test user 342525361c2c482f86070e0e826a2765 is created with scope project and roles: ['admin']
2024-12-13 05:40:56.069 68291 INFO tempest.lib.common.dynamic_creds [-] Acquired dynamic creds: credentials: Credentials: {'domain_id': 'default', 'domain_name': 'Default', 'username': 'tempest-HostsAdminNegativeTestJSON-24775016-project-admin', 'project_domain_id': 'default', 'project_domain_name': 'Default', 'project_id': 'bd6626c555b443899800c58351465e6c', 'project_name': 'tempest-HostsAdminNegativeTestJSON-24775016', 'tenant_id': 'bd6626c555b443899800c58351465e6c', 'tenant_name': 'tempest-HostsAdminNegativeTestJSON-24775016', 'user_domain_id': 'default', 'user_domain_name': 'Default', 'user_id': '342525361c2c482f86070e0e826a2765', 'system': None}, Network: None, Subnet: None, Router: None
2024-12-13 05:40:56.069 68291 INFO tempest.lib.common.dynamic_creds [-] Created isolated network resources for: credentials: Credentials: {'domain_id': 'default', 'domain_name': 'Default', 'username': 'tempest-HostsAdminNegativeTestJSON-24775016-project-admin', 'project_domain_id': 'default', 'project_domain_name': 'Default', 'project_id': 'bd6626c555b443899800c58351465e6c', 'project_name': 'tempest-HostsAdminNegativeTestJSON-24775016', 'tenant_id': 'bd6626c555b443899800c58351465e6c', 'tenant_name': 'tempest-HostsAdminNegativeTestJSON-24775016', 'user_domain_id': 'default', 'user_domain_name': 'Default', 'user_id': '342525361c2c482f86070e0e826a2765', 'system': None}, Network: None, Subnet: None, Router: None
2024-12-13 05:40:56.101 68233 INFO tempest.lib.common.rest_client [req-6389a54e-6020-4186-84cf-03d720ac7f8d req-6389a54e-6020-4186-84cf-03d720ac7f8d ] Request (ServersAdminNegativeTestJSON:setUpClass): 201 POST http://10.180.1.21/identity/v3/auth/tokens 0.721s
2024-12-13 05:40:56.102 68233 WARNING tempest.lib.common.rest_client [-] Deprecated: "tenant_id" property is deprecated for removal, use "project_id" instead
2024-12-13 05:40:56.127 68281 INFO tempest.lib.common.rest_client [req-9eaa343d-6bcd-4a15-9042-2a157528f03f req-9eaa343d-6bcd-4a15-9042-2a157528f03f ] Request (VolumesAssistedSnapshotsTest:setUpClass): 201 POST http://10.180.1.21/identity/v3/auth/tokens 0.674s
2024-12-13 05:40:56.160 68247 INFO tempest.lib.common.rest_client [req-1e5224a4-583c-40d8-aa62-4ded820a4292 req-1e5224a4-583c-40d8-aa62-4ded820a4292 ] Request (FloatingIPDetailsNegativeTestJSON:tearDownClass): 200 PUT http://10.180.1.21:9696/networking/v2.0/routers/2e069f7a-7ae8-4c75-a5a6-052cf929cd19/remove_router_interface 1.251s
2024-12-13 05:40:56.193 68289 INFO tempest.lib.common.rest_client [req-a1fb9d28-330f-4939-886c-e9be2aa7bba0 req-a1fb9d28-330f-4939-886c-e9be2aa7bba0 ] Request (MigrationsAdminTest:test_list_migrations): 200 GET http://10.180.1.21/compute/v2.1/os-migrations 1.316s
2024-12-13 05:40:56.195 68261 INFO tempest.lib.common.rest_client [req-3371dade-2044-4f20-9e65-0c4c09bfd4f4 req-3371dade-2044-4f20-9e65-0c4c09bfd4f4 ] Request (AggregatesAdminNegativeTestJSON:setUpClass): 201 POST http://10.180.1.21/identity/v3/auth/tokens 0.691s
2024-12-13 05:40:56.235 68265 INFO tempest.lib.common.rest_client [req-bab77b50-fc6b-4308-9383-21d28d2a2b4b req-bab77b50-fc6b-4308-9383-21d28d2a2b4b ] Request (ServerDiagnosticsNegativeTest:setUpClass): 201 POST http://10.180.1.21/identity/v3/auth/tokens 0.675s
2024-12-13 05:40:56.263 68283 INFO tempest.lib.common.rest_client [req-d32f30d4-3b31-40c2-a008-af543fed5896 req-d32f30d4-3b31-40c2-a008-af543fed5896 ] Request (AZAdminNegativeTestJSON:setUpClass): 201 POST http://10.180.1.21/identity/v3/auth/tokens 0.695s
2024-12-13 05:40:56.301 68279 INFO tempest.lib.common.rest_client [req-f2b100b4-4f1c-4dbc-9398-41704b8e2c27 req-f2b100b4-4f1c-4dbc-9398-41704b8e2c27 ] Request (AZAdminV2TestJSON:setUpClass): 201 POST http://10.180.1.21/identity/v3/auth/tokens 0.691s
2024-12-13 05:40:56.327 68287 INFO tempest.lib.common.rest_client [req-d25857dc-3e0a-40b9-a4aa-edb5e9b0d529 req-d25857dc-3e0a-40b9-a4aa-edb5e9b0d529 ] Request (FlavorsAccessNegativeTestJSON:setUpClass): 201 POST http://10.180.1.21/identity/v3/auth/tokens 0.673s
2024-12-13 05:40:56.356 68273 INFO tempest.lib.common.rest_client [req-a864487e-ea98-4006-afbc-95b5db926713 req-a864487e-ea98-4006-afbc-95b5db926713 ] Request (QuotasSecurityGroupAdminNegativeTest:setUpClass): 201 POST http://10.180.1.21/identity/v3/auth/tokens 0.615s
2024-12-13 05:40:56.358 68273 WARNING tempest.lib.common.rest_client [-] Deprecated: "tenant_id" property is deprecated for removal, use "project_id" instead
2024-12-13 05:40:56.390 68267 INFO tempest.lib.common.rest_client [req-94019540-5fc0-452d-a037-a5d9c9d4bcc7 req-94019540-5fc0-452d-a037-a5d9c9d4bcc7 ] Request (FlavorMetadataValidation:setUpClass): 201 POST http://10.180.1.21/identity/v3/auth/tokens 0.591s
2024-12-13 05:40:56.427 68277 INFO tempest.lib.common.rest_client [req-c14755a4-5003-4f1b-9992-204bc1a4bd68 req-c14755a4-5003-4f1b-9992-204bc1a4bd68 ] Request (HypervisorAdminUnderV252Test:setUpClass): 201 POST http://10.180.1.21/identity/v3/auth/tokens 0.581s
2024-12-13 05:40:56.453 68259 INFO tempest.lib.common.rest_client [req-9423ecc3-ae40-48d8-9f52-6b40ba6a3343 req-9423ecc3-ae40-48d8-9f52-6b40ba6a3343 ] Request (HypervisorAdminV228Test:setUpClass): 201 POST http://10.180.1.21/identity/v3/auth/tokens 0.554s
2024-12-13 05:40:56.477 68235 INFO tempest.lib.common.rest_client [req-4823286a-29b3-4f04-980d-2f9ece48bd11 req-4823286a-29b3-4f04-980d-2f9ece48bd11 ] Request (ServerDiagnosticsTest:test_get_server_diagnostics): 201 POST http://10.180.1.21/identity/v3/auth/tokens 0.557s
2024-12-13 05:40:56.477 68235 INFO tempest.lib.common.fixed_network [-] (ServerDiagnosticsTest:test_get_server_diagnostics) Found network None available for tenant
2024-12-13 05:40:56.511 68295 INFO tempest.lib.common.rest_client [req-5a9e177a-fc3d-48d6-9e0e-4dd2a66bc38a req-5a9e177a-fc3d-48d6-9e0e-4dd2a66bc38a ] Request (FlavorsAccessTestJSON:setUpClass): 201 POST http://10.180.1.21/identity/v3/auth/tokens 0.569s
2024-12-13 05:40:56.512 68295 WARNING tempest.lib.common.rest_client [-] Deprecated: "tenant_id" property is deprecated for removal, use "project_id" instead
2024-12-13 05:40:56.541 68271 INFO tempest.lib.common.rest_client [req-51154b86-7952-4e9e-a6eb-479a45d07878 req-51154b86-7952-4e9e-a6eb-479a45d07878 ] Request (QuotaClassesAdmin257Test:setUpClass): 201 POST http://10.180.1.21/identity/v3/auth/tokens 0.554s
2024-12-13 05:40:56.569 68291 INFO tempest.lib.common.rest_client [req-4aca8afa-43bf-46b3-be7e-de0b6ab2f855 req-4aca8afa-43bf-46b3-be7e-de0b6ab2f855 ] Request (HostsAdminNegativeTestJSON:setUpClass): 201 POST http://10.180.1.21/identity/v3/auth/tokens 0.497s
2024-12-13 05:40:56.574 68247 INFO tempest.lib.common.rest_client [req-ed12c382-8d0e-4cb4-81e8-13d1eba4bd02 req-ed12c382-8d0e-4cb4-81e8-13d1eba4bd02 ] Request (FloatingIPDetailsNegativeTestJSON:tearDownClass): 204 DELETE http://10.180.1.21:9696/networking/v2.0/routers/2e069f7a-7ae8-4c75-a5a6-052cf929cd19 0.414s
2024-12-13 05:40:56.595 68281 INFO tempest.lib.common.rest_client [req-5dfc5479-59a9-4975-91db-3f216deb5ec5 req-5dfc5479-59a9-4975-91db-3f216deb5ec5 ] Request (VolumesAssistedSnapshotsTest:setUpClass): 201 POST http://10.180.1.21/identity/v3/projects 0.467s
2024-12-13 05:40:56.616 68233 INFO tempest.lib.common.rest_client [req-78b0de6d-fbdd-4bdb-85e8-2e6563da8713 req-78b0de6d-fbdd-4bdb-85e8-2e6563da8713 ] Request (ServersAdminNegativeTestJSON:setUpClass): 201 POST http://10.180.1.21/identity/v3/auth/tokens 0.466s
2024-12-13 05:40:56.617 68233 INFO tempest.lib.common.fixed_network [-] (ServersAdminNegativeTestJSON:setUpClass) Found network None available for tenant
2024-12-13 05:40:56.673 68289 INFO tempest.lib.common.rest_client [req-d7d75beb-bf4b-4026-8d19-544a86e063d8 req-d7d75beb-bf4b-4026-8d19-544a86e063d8 ] Request (MigrationsAdminTest:test_list_migrations_in_flavor_resize_situation): 201 POST http://10.180.1.21/identity/v3/auth/tokens 0.469s
2024-12-13 05:40:56.674 68289 INFO tempest.lib.common.fixed_network [-] (MigrationsAdminTest:test_list_migrations_in_flavor_resize_situation) Found network None available for tenant
2024-12-13 05:40:56.691 68247 INFO tempest.lib.common.rest_client [req-1a56f9e1-ffe3-42e6-b317-1fa4ad18c2b7 req-1a56f9e1-ffe3-42e6-b317-1fa4ad18c2b7 ] Request (FloatingIPDetailsNegativeTestJSON:tearDownClass): 204 DELETE http://10.180.1.21:9696/networking/v2.0/subnets/e4e9ddb6-9432-45a2-8989-a32e487497bb 0.116s
2024-12-13 05:40:56.713 68255 INFO tempest.lib.common.rest_client [req-8b72b90b-4cd7-4ad8-b496-752af9783099 req-8b72b90b-4cd7-4ad8-b496-752af9783099 ] Request (ServersWithSpecificFlavorTestJSON:setUpClass): 200 PUT http://10.180.1.21:9696/networking/v2.0/routers/a09d5887-da00-4b99-b4f2-c12a1c036bb5/add_router_interface 1.095s
2024-12-13 05:40:56.713 68255 INFO tempest.lib.common.dynamic_creds [-] Created isolated network resources for: credentials: Credentials: {'domain_id': 'default', 'domain_name': 'Default', 'username': 'tempest-ServersWithSpecificFlavorTestJSON-564143915-project-admin', 'project_domain_id': 'default', 'project_domain_name': 'Default', 'project_id': '38613abcce38428495769597a73c8f6d', 'project_name': 'tempest-ServersWithSpecificFlavorTestJSON-564143915', 'tenant_id': '38613abcce38428495769597a73c8f6d', 'tenant_name': 'tempest-ServersWithSpecificFlavorTestJSON-564143915', 'user_domain_id': 'default', 'user_domain_name': 'Default', 'user_id': 'f3379254110942c4853da14d1efa774c', 'system': None}, Network: {'id': '48150eb5-b03f-4e47-b54e-77806e3f90dc', 'name': 'tempest-ServersWithSpecificFlavorTestJSON-609877518-network', 'tenant_id': '38613abcce38428495769597a73c8f6d', 'admin_state_up': True, 'mtu': 8950, 'status': 'ACTIVE', 'subnets': [], 'shared': False, 'project_id': '38613abcce38428495769597a73c8f6d', 'port_security_enabled': True, 'router:external': False, 'provider:network_type': 'vlan', 'provider:physical_network': 'default', 'provider:segmentation_id': 203, 'availability_zone_hints': [], 'availability_zones': [], 'ipv4_address_scope': None, 'ipv6_address_scope': None, 'description': '', 'tags': [], 'created_at': '2024-12-13T05:40:54Z', 'updated_at': '2024-12-13T05:40:54Z', 'revision_number': 1}, Subnet: {'id': '0dadde7c-0ec3-4f22-9d12-b31af8222bca', 'name': 'tempest-ServersWithSpecificFlavorTestJSON-609877518-subnet', 'tenant_id': '38613abcce38428495769597a73c8f6d', 'network_id': '48150eb5-b03f-4e47-b54e-77806e3f90dc', 'ip_version': 4, 'subnetpool_id': None, 'enable_dhcp': True, 'ipv6_ra_mode': None, 'ipv6_address_mode': None, 'gateway_ip': '192.168.128.1', 'cidr': '192.168.128.0/28', 'allocation_pools': [{'start': '192.168.128.2', 'end': '192.168.128.14'}], 'host_routes': [], 'dns_nameservers': [], 'description': '', 'router:external': False, 'service_types': [], 'tags': [], 'created_at': '2024-12-13T05:40:54Z', 'updated_at': '2024-12-13T05:40:54Z', 'revision_number': 0, 'project_id': '38613abcce38428495769597a73c8f6d'}, Router: {'id': 'a09d5887-da00-4b99-b4f2-c12a1c036bb5', 'name': 'tempest-ServersWithSpecificFlavorTestJSON-609877518-router', 'tenant_id': '38613abcce38428495769597a73c8f6d', 'admin_state_up': True, 'status': 'ACTIVE', 'external_gateway_info': {'network_id': 'b05bb6c9-4df9-48ea-ae6b-5c58a186fca9', 'external_fixed_ips': [{'subnet_id': '8d78d62d-9999-4a7c-9826-331250f3897e', 'ip_address': '10.180.180.130'}], 'enable_snat': True}, 'description': '', 'availability_zones': [], 'distributed': False, 'ha': False, 'availability_zone_hints': [], 'routes': [], 'flavor_id': None, 'tags': [], 'created_at': '2024-12-13T05:40:54Z', 'updated_at': '2024-12-13T05:40:55Z', 'revision_number': 2, 'project_id': '38613abcce38428495769597a73c8f6d'}
2024-12-13 05:40:56.723 68265 INFO tempest.lib.common.rest_client [req-34c6e3b7-1bf6-46bd-97a2-3b579592feef req-34c6e3b7-1bf6-46bd-97a2-3b579592feef ] Request (ServerDiagnosticsNegativeTest:test_get_server_diagnostics_by_non_admin): 201 POST http://10.180.1.21/identity/v3/auth/tokens 0.439s
2024-12-13 05:40:56.723 68265 INFO tempest.lib.common.fixed_network [-] (ServerDiagnosticsNegativeTest:test_get_server_diagnostics_by_non_admin) Found network None available for tenant
2024-12-13 05:40:56.753 68287 INFO tempest.lib.common.rest_client [req-566cec98-8270-4ec8-b99e-8a6b3a8530e3 req-566cec98-8270-4ec8-b99e-8a6b3a8530e3 ] Request (FlavorsAccessNegativeTestJSON:setUpClass): 201 POST http://10.180.1.21/identity/v3/projects 0.423s
2024-12-13 05:40:56.821 68281 INFO tempest.lib.common.rest_client [req-a485fb8c-680a-4dec-b871-c8a064b67a14 req-a485fb8c-680a-4dec-b871-c8a064b67a14 ] Request (VolumesAssistedSnapshotsTest:setUpClass): 201 POST http://10.180.1.21/identity/v3/users 0.226s
2024-12-13 05:40:56.847 68269 INFO tempest.lib.common.rest_client [req-4cb5a4f0-0f20-4e27-bd62-c53d4ab8fef4 req-4cb5a4f0-0f20-4e27-bd62-c53d4ab8fef4 ] Request (ServerDiagnosticsV248Test:test_get_server_diagnostics): 202 POST http://10.180.1.21/compute/v2.1/servers 1.914s
2024-12-13 05:40:56.847 68273 INFO tempest.lib.common.rest_client [req-ff6aedc4-f20e-4fc5-8d03-75120f6b87d9 req-ff6aedc4-f20e-4fc5-8d03-75120f6b87d9 ] Request (QuotasSecurityGroupAdminNegativeTest:tearDownClass): 204 DELETE http://10.180.1.21/identity/v3/users/f715d992c6f94d5cb9bd5d9f5ae87443 0.431s
2024-12-13 05:40:56.858 68239 INFO tempest.lib.common.rest_client [req-a71d7d6f-da22-4370-83d6-746bdec276d8 req-a71d7d6f-da22-4370-83d6-746bdec276d8 ] Request (KeyPairsNegativeTestJSON:test_create_keypair_with_long_keynames): 400 POST http://10.180.1.21/compute/v2.1/os-keypairs 1.920s
2024-12-13 05:40:56.893 68275 INFO tempest.lib.common.rest_client [req-5b8df3bd-10d6-4147-ab10-8f0ae149a03f req-5b8df3bd-10d6-4147-ab10-8f0ae149a03f ] Request (FlavorsV2TestJSON:test_list_flavors_detailed_filter_by_min_ram): 200 GET http://10.180.1.21/compute/v2.1/flavors/detail?minRam=193 1.932s
2024-12-13 05:40:56.915 68263 INFO tempest.lib.common.rest_client [req-1e3f4a9f-abf6-46fd-a4fc-8bf8ae2224ae req-1e3f4a9f-abf6-46fd-a4fc-8bf8ae2224ae ] Request (FlavorsAdminTestJSON:_run_cleanups): 202 DELETE http://10.180.1.21/compute/v2.1/flavors/2012923472 1.805s
2024-12-13 05:40:56.925 68255 INFO tempest.lib.common.rest_client [req-cb360a6d-944d-4d0c-a783-a5378432c47f req-cb360a6d-944d-4d0c-a783-a5378432c47f ] Request (ServersWithSpecificFlavorTestJSON:setUpClass): 201 POST http://10.180.1.21/identity/v3/auth/tokens 0.206s
2024-12-13 05:40:56.976 68287 INFO tempest.lib.common.rest_client [req-62d238f3-94a1-450f-af41-05db3c921715 req-62d238f3-94a1-450f-af41-05db3c921715 ] Request (FlavorsAccessNegativeTestJSON:setUpClass): 201 POST http://10.180.1.21/identity/v3/users 0.222s
2024-12-13 05:40:56.981 68281 INFO tempest.lib.common.rest_client [req-91d5f23d-a965-4cf3-b488-2b676244dc53 req-91d5f23d-a965-4cf3-b488-2b676244dc53 ] Request (VolumesAssistedSnapshotsTest:setUpClass): 200 GET http://10.180.1.21/identity/v3/roles 0.159s
2024-12-13 05:40:57.042 68273 INFO tempest.lib.common.rest_client [req-8df1c671-23bb-429c-b4a6-98aae6a2acc3 req-8df1c671-23bb-429c-b4a6-98aae6a2acc3 ] Request (QuotasSecurityGroupAdminNegativeTest:tearDownClass): 204 DELETE http://10.180.1.21/identity/v3/users/66dbc95a610745498035ab76e47d4cee 0.194s
2024-12-13 05:40:57.042 68273 INFO tempest.lib.common.dynamic_creds [-] Deleting project and security group for project: eebd4c829411453fb397fc64e1c3b54d
2024-12-13 05:40:57.054 68247 INFO tempest.lib.common.rest_client [req-f56edbe6-0c4e-40a3-9f87-602b51bf5897 req-f56edbe6-0c4e-40a3-9f87-602b51bf5897 ] Request (FloatingIPDetailsNegativeTestJSON:tearDownClass): 204 DELETE http://10.180.1.21:9696/networking/v2.0/networks/2d5b47f9-02e9-4b23-a698-1d5879c1dfea 0.363s
2024-12-13 05:40:57.139 68241 INFO tempest.lib.common.rest_client [req-f61466fa-3e23-4ced-9a6c-fec60d6b3b57 req-f61466fa-3e23-4ced-9a6c-fec60d6b3b57 ] Request (QuotasAdminNegativeTest:test_create_server_when_cpu_quota_is_full): 403 POST http://10.180.1.21/compute/v2.1/servers 2.730s
2024-12-13 05:40:57.168 68257 INFO tempest.lib.common.rest_client [req-5e2ff14d-556a-4f06-9f43-7d8841ca461b req-5e2ff14d-556a-4f06-9f43-7d8841ca461b ] Request (ServicesAdminNegativeV253TestJSON:test_disable_service_with_invalid_service_id): 404 PUT http://10.180.1.21/compute/v2.1/os-services/64f13e8b-cf63-4f9e-9078-808a45caae80 1.685s
2024-12-13 05:40:57.183 68281 INFO tempest.lib.common.rest_client [req-0af5c6b8-4793-46ab-8b87-a96291d8799d req-0af5c6b8-4793-46ab-8b87-a96291d8799d ] Request (VolumesAssistedSnapshotsTest:setUpClass): 204 PUT http://10.180.1.21/identity/v3/projects/d6f47beff5254abd8cf734e3720eac27/users/b18ac6aee7c045bcb1ea6afda2abcf9e/roles/67670f6f4df54e87ace516ef177c5b72 0.201s
2024-12-13 05:40:57.187 68237 INFO tempest.lib.common.rest_client [req-0eae5465-b166-4f21-9fcd-678a526ddd9d req-0eae5465-b166-4f21-9fcd-678a526ddd9d ] Request (HostsAdminTestJSON:test_list_hosts_with_nonexistent_zone): 200 GET http://10.180.1.21/compute/v2.1/os-hosts?zone=xxx 1.678s
2024-12-13 05:40:57.188 68287 INFO tempest.lib.common.rest_client [req-e5794f35-a49e-4c91-b48b-f9b657b9dd9c req-e5794f35-a49e-4c91-b48b-f9b657b9dd9c ] Request (FlavorsAccessNegativeTestJSON:setUpClass): 200 GET http://10.180.1.21/identity/v3/roles 0.212s
2024-12-13 05:40:57.241 68273 INFO tempest.lib.common.rest_client [req-dc2f043c-4303-45b8-b4a9-2629c5fb6667 req-dc2f043c-4303-45b8-b4a9-2629c5fb6667 ] Request (QuotasSecurityGroupAdminNegativeTest:tearDownClass): 201 POST http://10.180.1.21/identity/v3/auth/tokens 0.199s
2024-12-13 05:40:57.255 68281 INFO tempest.lib.common.rest_client [req-835ffb00-74f3-4ebf-9f0b-0963fea08846 req-835ffb00-74f3-4ebf-9f0b-0963fea08846 ] Request (VolumesAssistedSnapshotsTest:setUpClass): 200 GET http://10.180.1.21/identity/v3/roles 0.071s
2024-12-13 05:40:57.285 68247 INFO tempest.lib.common.rest_client [req-19c09513-f764-4787-9916-b76d2a5298a1 req-19c09513-f764-4787-9916-b76d2a5298a1 ] Request (FloatingIPDetailsNegativeTestJSON:tearDownClass): 204 DELETE http://10.180.1.21/identity/v3/users/e8a9c7f82abb4a0687b8d2a7a5dd0098 0.231s
2024-12-13 05:40:57.286 68247 INFO tempest.lib.common.dynamic_creds [-] Deleting project and security group for project: d52b0b1f14ff4e28b69ffa948c350c7d
2024-12-13 05:40:57.337 68287 INFO tempest.lib.common.rest_client [req-73f99375-e4c0-412c-ba81-298989d88100 req-73f99375-e4c0-412c-ba81-298989d88100 ] Request (FlavorsAccessNegativeTestJSON:setUpClass): 204 PUT http://10.180.1.21/identity/v3/projects/0362878d713b4e9ea589dec68a1d62f7/users/360421fd9ca043e68af1cf1fdfce6411/roles/d3126cd9e61d42d2b7e61f3430c0dc6e 0.148s
2024-12-13 05:40:57.338 68287 INFO tempest.lib.common.dynamic_creds [-] Dynamic test user 360421fd9ca043e68af1cf1fdfce6411 is created with scope project and roles: ['member']
2024-12-13 05:40:57.338 68287 INFO tempest.lib.common.dynamic_creds [-] Acquired dynamic creds: credentials: Credentials: {'domain_id': 'default', 'domain_name': 'Default', 'username': 'tempest-FlavorsAccessNegativeTestJSON-1512274306-project-member', 'project_domain_id': 'default', 'project_domain_name': 'Default', 'project_id': '0362878d713b4e9ea589dec68a1d62f7', 'project_name': 'tempest-FlavorsAccessNegativeTestJSON-1512274306', 'tenant_id': '0362878d713b4e9ea589dec68a1d62f7', 'tenant_name': 'tempest-FlavorsAccessNegativeTestJSON-1512274306', 'user_domain_id': 'default', 'user_domain_name': 'Default', 'user_id': '360421fd9ca043e68af1cf1fdfce6411', 'system': None}, Network: None, Subnet: None, Router: None
2024-12-13 05:40:57.338 68287 INFO tempest.lib.common.dynamic_creds [-] Created isolated network resources for: credentials: Credentials: {'domain_id': 'default', 'domain_name': 'Default', 'username': 'tempest-FlavorsAccessNegativeTestJSON-1512274306-project-member', 'project_domain_id': 'default', 'project_domain_name': 'Default', 'project_id': '0362878d713b4e9ea589dec68a1d62f7', 'project_name': 'tempest-FlavorsAccessNegativeTestJSON-1512274306', 'tenant_id': '0362878d713b4e9ea589dec68a1d62f7', 'tenant_name': 'tempest-FlavorsAccessNegativeTestJSON-1512274306', 'user_domain_id': 'default', 'user_domain_name': 'Default', 'user_id': '360421fd9ca043e68af1cf1fdfce6411', 'system': None}, Network: None, Subnet: None, Router: None
2024-12-13 05:40:57.342 68247 INFO tempest.lib.common.rest_client [req-63462a62-90b0-4971-aa42-0fc900da9ceb req-63462a62-90b0-4971-aa42-0fc900da9ceb ] Request (FloatingIPDetailsNegativeTestJSON:tearDownClass): 200 GET http://10.180.1.21:9696/networking/v2.0/security-groups?tenant_id=d52b0b1f14ff4e28b69ffa948c350c7d&name=default 0.056s
2024-12-13 05:40:57.394 68251 INFO tempest.lib.common.rest_client [req-6463ce29-ba9d-4bd2-a6d2-f761e7775f73 req-6463ce29-ba9d-4bd2-a6d2-f761e7775f73 ] Request (InstanceUsageAuditLogNegativeTestJSON:test_get_instance_usage_audit_logs_with_invalid_time): 400 GET http://10.180.1.21/compute/v2.1/os-instance_usage_audit_log/invalid_time 1.870s
2024-12-13 05:40:57.465 68247 INFO tempest.lib.common.rest_client [req-e764eab1-38e8-4585-a45d-defeb3fafa01 req-e764eab1-38e8-4585-a45d-defeb3fafa01 ] Request (FloatingIPDetailsNegativeTestJSON:tearDownClass): 204 DELETE http://10.180.1.21:9696/networking/v2.0/security-groups/a1c16d56-5f8e-417c-a519-06a15da2d4a3 0.122s
2024-12-13 05:40:57.495 68281 INFO tempest.lib.common.rest_client [req-3f49869f-23d9-4a30-bf35-9061dcc65255 req-3f49869f-23d9-4a30-bf35-9061dcc65255 ] Request (VolumesAssistedSnapshotsTest:setUpClass): 204 PUT http://10.180.1.21/identity/v3/projects/d6f47beff5254abd8cf734e3720eac27/users/b18ac6aee7c045bcb1ea6afda2abcf9e/roles/67670f6f4df54e87ace516ef177c5b72 0.240s
2024-12-13 05:40:57.496 68281 INFO tempest.lib.common.dynamic_creds [-] Dynamic test user b18ac6aee7c045bcb1ea6afda2abcf9e is created with scope project and roles: ['admin']
