2024-12-13 05:44:03.322 68281 INFO tempest.lib.common.rest_client [req-052b23c4-a77a-4a8c-990e-2af524693b08 req-052b23c4-a77a-4a8c-990e-2af524693b08 ] Request (VolumesAssistedSnapshotsTest:tearDownClass): 404 GET http://10.180.1.21/compute/v2.1/servers/41de1114-5e2c-41cb-85d2-91d387bd631c 1.310s
2024-12-13 05:44:03.343 68235 INFO tempest.lib.common.rest_client [req-0b677646-d457-4108-ac4b-edc8dad71b8e req-0b677646-d457-4108-ac4b-edc8dad71b8e ] Request (ServerShowV247Test:tearDownClass): 404 GET http://10.180.1.21/compute/v2.1/servers/16a166da-44a9-4883-a4d0-981f3d256f1b 1.263s
2024-12-13 05:44:03.384 68285 INFO tempest.lib.common.rest_client [req-6583edba-f6c3-45ca-af8a-86c937775719 req-6583edba-f6c3-45ca-af8a-86c937775719 ] Request (InstanceActionsTestJSON:setUpClass): 200 GET http://10.180.1.21/compute/v2.1/servers/4f51dbb5-d60d-46f0-9931-c5a60e5b0a59 1.268s
2024-12-13 05:44:03.482 68269 INFO tempest.lib.common.rest_client [req-24bd60cf-f257-4d24-b208-4e04cc77203b req-24bd60cf-f257-4d24-b208-4e04cc77203b ] Request (FloatingIPsAssociationNegativeTestJSON:test_associate_nonexistent_floating_ip): 404 POST http://10.180.1.21/compute/v2.1/servers/d0244585-d683-4bf5-b9ca-790caff8b6f8/action 1.340s
2024-12-13 05:44:03.540 68267 INFO tempest.lib.common.rest_client [req-ecc7e9c0-5c1b-49b6-93a4-1e75dc35a34f req-ecc7e9c0-5c1b-49b6-93a4-1e75dc35a34f ] Request (ServerMetadataTestJSON:setUp): 200 PUT http://10.180.1.21/compute/v2.1/servers/d9912b4a-3073-4db8-9362-ccafacf2802d/metadata 1.362s
2024-12-13 05:44:03.590 68249 INFO tempest.lib.common.rest_client [req-e7619371-98d3-495f-9fcf-9184b4b9c86a req-e7619371-98d3-495f-9fcf-9184b4b9c86a ] Request (ServerShowV257Test:test_rebuild_server): 200 GET http://10.180.1.21/compute/v2.1/servers/5410b69e-75c7-45d7-95a6-99c847419bf2 1.324s
2024-12-13 05:44:03.637 68247 INFO tempest.lib.common.rest_client [req-71ebb13d-83d6-4dbe-98ba-b8fc80a9fa7e req-71ebb13d-83d6-4dbe-98ba-b8fc80a9fa7e ] Request (ImagesOneServerNegativeTestJSON:_run_cleanups): 200 GET http://10.180.1.21/compute/v2.1/servers/b4252094-c7cd-4d61-aa1f-e1e9b0b85f5d 1.323s
2024-12-13 05:44:03.736 68257 INFO tempest.lib.common.rest_client [req-7f03e7e6-f0ff-4b2d-94ad-d67afd11dcc3 req-7f03e7e6-f0ff-4b2d-94ad-d67afd11dcc3 ] Request (ServersNegativeTestJSON:setUp): 200 GET http://10.180.1.21/compute/v2.1/servers/b963fd88-11ad-48ec-910c-e531c727961e 1.418s
2024-12-13 05:44:03.776 68257 INFO tempest.lib.common.rest_client [req-22018a5d-5d2d-4a20-a854-322a16df0767 req-22018a5d-5d2d-4a20-a854-322a16df0767 ] Request (ServersNegativeTestJSON:test_create_with_invalid_image): 201 POST http://10.180.1.21/identity/v3/auth/tokens 0.028s
2024-12-13 05:44:03.776 68257 INFO tempest.lib.common.fixed_network [-] (ServersNegativeTestJSON:test_create_with_invalid_image) Found network {'id': '03fccacf-2ca3-480a-984a-31dc543d9086', 'name': 'tempest-ServersNegativeTestJSON-2136483503-network', 'tenant_id': 'fb757229541c4350bfa4c4025f4c6212', 'admin_state_up': True, 'mtu': 8950, 'status': 'ACTIVE', 'subnets': [], 'shared': False, 'project_id': 'fb757229541c4350bfa4c4025f4c6212', 'port_security_enabled': True, 'router:external': False, 'provider:network_type': 'vlan', 'provider:physical_network': 'default', 'provider:segmentation_id': 463, 'availability_zone_hints': [], 'availability_zones': [], 'ipv4_address_scope': None, 'ipv6_address_scope': None, 'description': '', 'tags': [], 'created_at': '2024-12-13T05:41:12Z', 'updated_at': '2024-12-13T05:41:12Z', 'revision_number': 1} available for tenant
2024-12-13 05:44:03.784 68283 INFO tempest.lib.common.rest_client [req-9d8533fa-4f03-42bb-bd48-3b43fcf45ec2 req-9d8533fa-4f03-42bb-bd48-3b43fcf45ec2 ] Request (MultipleCreateTestJSON:test_multiple_create_with_reservation_return): 200 GET http://10.180.1.21/compute/v2.1/servers/fd3092bf-6577-4c5d-b638-1ef11f4b3c1e 1.424s
2024-12-13 05:44:03.861 68265 INFO tempest.lib.common.rest_client [req-96072a97-ef5f-4b33-ac71-40baf0ac080b req-96072a97-ef5f-4b33-ac71-40baf0ac080b ] Request (ServersTestMultiNic:_run_cleanups): 204 DELETE http://10.180.1.21/compute/v2.1/servers/eeb17f79-829d-40bf-b614-dac284c553f6 1.439s
2024-12-13 05:44:03.923 68277 INFO tempest.lib.common.rest_client [req-31b95c87-84aa-4007-bec8-0f0e8ad8c6db req-31b95c87-84aa-4007-bec8-0f0e8ad8c6db ] Request (ServersTestBootFromVolume:tearDownClass): 200 GET http://10.180.1.21/compute/v2.1/servers/0f2d5b53-a0a8-4555-90b7-74546298b6d5 1.501s
2024-12-13 05:44:03.987 68243 INFO tempest.lib.common.rest_client [req-dbfa2ffd-aa59-44bc-a24c-a0c5de89c097 req-dbfa2ffd-aa59-44bc-a24c-a0c5de89c097 ] Request (InstanceActionsNegativeTestJSON:setUpClass): 200 GET http://10.180.1.21/compute/v2.1/servers/330c9cd3-28a5-43f4-8795-3d65741a6075 1.519s
2024-12-13 05:44:04.054 68261 INFO tempest.lib.common.rest_client [req-e69ff2cd-2f84-4bb2-b75d-850681a089ee req-e69ff2cd-2f84-4bb2-b75d-850681a089ee ] Request (ServerExternalEventsTest:tearDownClass): 200 GET http://10.180.1.21/compute/v2.1/servers/c0c58aa9-d373-4b8a-a6dc-75d842c3f3a7 1.531s
2024-12-13 05:44:04.198 68239 WARNING tempest.lib.common.ssh [-] Failed to establish authenticated ssh connection to cirros@10.180.180.244 ([Errno None] Unable to connect to port 22 on 10.180.180.244). Number attempts: 13. Retry after 14 seconds.: paramiko.ssh_exception.NoValidConnectionsError: [Errno None] Unable to connect to port 22 on 10.180.180.244
2024-12-13 05:44:04.226 68237 INFO tempest.lib.common.rest_client [req-1a487420-1da1-4c12-834d-c03f7ee2df4f req-1a487420-1da1-4c12-834d-c03f7ee2df4f ] Request (ServersTestJSON:tearDownClass): 200 GET http://10.180.1.21/compute/v2.1/servers/5ae6e0ed-3ded-432c-9efa-bdb576f5079b 1.699s
2024-12-13 05:44:04.279 68295 INFO tempest.lib.common.rest_client [req-b75c6202-8db8-4758-ac8f-e905ae0b0f4e req-b75c6202-8db8-4758-ac8f-e905ae0b0f4e ] Request (ServerRescueNegativeTestJSON:test_rescued_vm_detach_volume): 200 GET http://10.180.1.21/compute/v2.1/servers/07811f49-9bcb-4a28-b740-20fae75c98b0 1.709s
2024-12-13 05:44:04.328 68241 INFO tempest.lib.common.rest_client [req-141a297e-8379-411a-91ec-b8a4894b0dd9 req-141a297e-8379-411a-91ec-b8a4894b0dd9 ] Request (AttachVolumeShelveTestJSON:test_attach_volume_shelved_or_offload_server): 200 GET http://10.180.1.21/compute/v2.1/servers/1d8df06a-c5e0-443c-b2c8-7e9a8f2e82f5 1.709s
2024-12-13 05:44:04.384 68275 INFO tempest.lib.common.rest_client [req-ff29be20-47c8-4168-917b-d30a700e8794 req-ff29be20-47c8-4168-917b-d30a700e8794 ] Request (SecurityGroupsTestJSON:test_server_security_groups): 400 DELETE http://10.180.1.21/compute/v2.1/os-security-groups/70e09ff3-5aff-4161-93a3-342985ff6983 1.328s
2024-12-13 05:44:04.433 68253 INFO tempest.lib.common.rest_client [req-0f0c09a3-3b9e-4690-861b-d715897a16ca req-0f0c09a3-3b9e-4690-861b-d715897a16ca ] Request (ServersTestManualDisk:test_list_servers): 200 GET http://10.180.1.21/compute/v2.1/servers 1.360s
2024-12-13 05:44:04.450 68281 INFO tempest.lib.common.rest_client [req-d0eb66b4-818c-4e6f-99bf-dacc4f4bfea1 req-d0eb66b4-818c-4e6f-99bf-dacc4f4bfea1 ] Request (VolumesAssistedSnapshotsTest:tearDownClass): 202 DELETE http://10.180.1.21/compute/v2.1/os-keypairs/tempest-keypair-1093244083 1.127s
2024-12-13 05:44:04.534 68235 INFO tempest.lib.common.rest_client [req-91dec6c0-69d6-4cb2-82d7-15305e017eed req-91dec6c0-69d6-4cb2-82d7-15305e017eed ] Request (ServerShowV247Test:tearDownClass): 204 DELETE http://10.180.1.21/compute/v2.1/servers/c43066a1-578d-4601-b350-1fdbd0a6a904 1.190s
2024-12-13 05:44:04.569 68281 INFO tempest.lib.common.rest_client [req-cc5eb0e9-de98-4b3f-a9ff-ef91cb0134bf req-cc5eb0e9-de98-4b3f-a9ff-ef91cb0134bf ] Request (VolumesAssistedSnapshotsTest:tearDownClass): 204 DELETE http://10.180.1.21:9696/networking/v2.0/security-groups/a61328d6-e728-439f-8c0c-8e0c3804c649 0.118s
2024-12-13 05:44:04.581 68281 INFO tempest.lib.common.rest_client [req-80f293c4-40c5-478c-b3aa-84e4dbadcaf7 req-80f293c4-40c5-478c-b3aa-84e4dbadcaf7 ] Request (VolumesAssistedSnapshotsTest:tearDownClass): 404 GET http://10.180.1.21:9696/networking/v2.0/security-groups/a61328d6-e728-439f-8c0c-8e0c3804c649 0.011s
2024-12-13 05:44:04.596 68259 INFO tempest.lib.common.rest_client [req-74e98755-309f-4e18-bec2-59ce96f68d43 req-74e98755-309f-4e18-bec2-59ce96f68d43 ] Request (ListServersNegativeTestJSON:setUpClass): 200 GET http://10.180.1.21/compute/v2.1/servers/6bee5b18-1b30-4fbe-90bf-9306fdc4bc66 1.233s
2024-12-13 05:44:04.646 68233 INFO tempest.lib.common.rest_client [req-d8a8aec6-943a-4437-a6a1-83cdbc0e1896 req-d8a8aec6-943a-4437-a6a1-83cdbc0e1896 ] Request (DeleteServersTestJSON:test_delete_active_server): 200 GET http://10.180.1.21/compute/v2.1/servers/51a314bf-bbaa-41fc-9cd6-d87206b00333 1.240s
2024-12-13 05:44:04.712 68293 INFO tempest.lib.common.rest_client [req-9c1f255e-1932-4724-8c6b-9b719ab734c5 req-9c1f255e-1932-4724-8c6b-9b719ab734c5 ] Request (ServersAdminTestJSON:test_inject_network_info): 200 GET http://10.180.1.21/compute/v2.1/servers/30e9bf11-4391-410c-bf48-86942adffc4e 1.245s
2024-12-13 05:44:04.737 68269 INFO tempest.lib.common.rest_client [req-b1b0533b-2da0-4337-87e2-ccf40fb29ee5 req-b1b0533b-2da0-4337-87e2-ccf40fb29ee5 ] Request (FloatingIPsAssociationNegativeTestJSON:test_dissociate_nonexistent_floating_ip): 404 POST http://10.180.1.21/compute/v2.1/servers/d0244585-d683-4bf5-b9ca-790caff8b6f8/action 1.253s
2024-12-13 05:44:04.773 68267 INFO tempest.lib.common.rest_client [req-8b35d0ec-5c82-4566-981f-77493ff0b132 req-8b35d0ec-5c82-4566-981f-77493ff0b132 ] Request (ServerMetadataTestJSON:test_list_server_metadata): 200 GET http://10.180.1.21/compute/v2.1/servers/d9912b4a-3073-4db8-9362-ccafacf2802d/metadata 1.232s
2024-12-13 05:44:04.778 68257 INFO tempest.lib.common.rest_client [req-e4292362-eee1-40c5-a754-671f26350f74 req-e4292362-eee1-40c5-a754-671f26350f74 ] Request (ServersNegativeTestJSON:test_create_with_invalid_image): 400 POST http://10.180.1.21/compute/v2.1/servers 1.001s
2024-12-13 05:44:04.863 68281 INFO tempest.lib.common.rest_client [req-28ee83bc-bce4-46e6-870e-dc4abfa3324b req-28ee83bc-bce4-46e6-870e-dc4abfa3324b ] Request (VolumesAssistedSnapshotsTest:tearDownClass): 204 DELETE http://10.180.1.21:9696/networking/v2.0/floatingips/409d6fd4-02f9-46ff-8f03-9292e69a9980 0.281s
2024-12-13 05:44:04.879 68281 INFO tempest.lib.common.rest_client [req-03762a49-6786-44e2-8855-d1f1d3ae3280 req-03762a49-6786-44e2-8855-d1f1d3ae3280 ] Request (VolumesAssistedSnapshotsTest:tearDownClass): 404 DELETE http://10.180.1.21/volume/v3/volumes/120c402c-a6d4-4744-8f01-6f5b82e9454d 0.015s
2024-12-13 05:44:04.894 68281 INFO tempest.lib.common.rest_client [req-7ab97be6-d51a-4e1c-a521-87016f457ae3 req-7ab97be6-d51a-4e1c-a521-87016f457ae3 ] Request (VolumesAssistedSnapshotsTest:tearDownClass): 404 GET http://10.180.1.21/volume/v3/volumes/120c402c-a6d4-4744-8f01-6f5b82e9454d 0.014s
2024-12-13 05:44:04.953 68265 INFO tempest.lib.common.rest_client [req-51b512ce-8036-4d42-afea-742f8ad6b082 req-51b512ce-8036-4d42-afea-742f8ad6b082 ] Request (ServersTestMultiNic:_run_cleanups): 200 GET http://10.180.1.21/compute/v2.1/servers/eeb17f79-829d-40bf-b614-dac284c553f6 1.091s
2024-12-13 05:44:05.088 68273 INFO tempest.lib.common.rest_client [req-0c7dda2e-b56e-45cf-9da8-fa9467497716 req-0c7dda2e-b56e-45cf-9da8-fa9467497716 ] Request (ListServerFiltersTestJSON:setUpClass): 200 GET http://10.180.1.21/compute/v2.1/servers/6e64e601-dfce-46e6-a6f2-ea1f39401c2c 0.823s
2024-12-13 05:44:05.138 68289 INFO tempest.lib.common.rest_client [req-0f4b11a1-7953-49a4-87e5-138c09b6452c req-0f4b11a1-7953-49a4-87e5-138c09b6452c ] Request (MigrationsAdminTest:test_resize_server_revert_deleted_flavor): 200 GET http://10.180.1.21/compute/v2.1/servers/d3e58ebd-5c8c-4ee3-8df3-cd7bd2be36be 0.827s
2024-12-13 05:44:05.215 68275 INFO tempest.lib.common.rest_client [req-ceffa970-e886-477a-9e67-2fd0588d3e26 req-ceffa970-e886-477a-9e67-2fd0588d3e26 ] Request (SecurityGroupsTestJSON:test_server_security_groups): 204 DELETE http://10.180.1.21/compute/v2.1/servers/43057bad-1a1f-4d28-8ec3-c98b82d34b99 0.831s
2024-12-13 05:44:05.280 68285 INFO tempest.lib.common.rest_client [req-55da7758-944d-420b-ac82-30ee50b363a1 req-55da7758-944d-420b-ac82-30ee50b363a1 ] Request (InstanceActionsTestJSON:setUpClass): 200 GET http://10.180.1.21/compute/v2.1/servers/4f51dbb5-d60d-46f0-9931-c5a60e5b0a59 0.889s
2024-12-13 05:44:05.496 68253 INFO tempest.lib.common.rest_client [req-8df72627-3543-424a-a25e-84b0bfec8840 req-8df72627-3543-424a-a25e-84b0bfec8840 ] Request (ServersTestManualDisk:test_list_servers_with_detail): 200 GET http://10.180.1.21/compute/v2.1/servers/detail 1.060s
2024-12-13 05:44:05.551 68235 INFO tempest.lib.common.rest_client [req-36d07eb6-2377-497c-9432-2f3ef0c03f8e req-36d07eb6-2377-497c-9432-2f3ef0c03f8e ] Request (ServerShowV247Test:tearDownClass): 200 GET http://10.180.1.21/compute/v2.1/servers/c43066a1-578d-4601-b350-1fdbd0a6a904 1.016s
2024-12-13 05:44:05.636 68249 INFO tempest.lib.common.rest_client [req-256a048e-a351-499d-9e79-add7d37d41ef req-256a048e-a351-499d-9e79-add7d37d41ef ] Request (ServerShowV257Test:test_rebuild_server): 200 GET http://10.180.1.21/compute/v2.1/servers/5410b69e-75c7-45d7-95a6-99c847419bf2 1.035s
2024-12-13 05:44:05.684 68247 INFO tempest.lib.common.rest_client [req-7c164e61-7acd-43bc-b2cb-0ee8fac27976 req-7c164e61-7acd-43bc-b2cb-0ee8fac27976 ] Request (ImagesOneServerNegativeTestJSON:_run_cleanups): 200 GET http://10.180.1.21/compute/v2.1/servers/b4252094-c7cd-4d61-aa1f-e1e9b0b85f5d 1.039s
2024-12-13 05:44:05.779 68269 INFO tempest.lib.common.rest_client [req-226cc804-c09d-4213-a2dd-fcb53856d666 req-226cc804-c09d-4213-a2dd-fcb53856d666 ] Request (FloatingIPsAssociationNegativeTestJSON:tearDownClass): 204 DELETE http://10.180.1.21/compute/v2.1/servers/d0244585-d683-4bf5-b9ca-790caff8b6f8 1.041s
2024-12-13 05:44:05.848 68267 INFO tempest.lib.common.rest_client [req-83269a4e-d682-40c8-91d9-d0d00542f2ac req-83269a4e-d682-40c8-91d9-d0d00542f2ac ] Request (ServerMetadataTestJSON:setUp): 200 PUT http://10.180.1.21/compute/v2.1/servers/d9912b4a-3073-4db8-9362-ccafacf2802d/metadata 1.073s
2024-12-13 05:44:05.933 68281 INFO tempest.lib.common.rest_client [req-227eea27-9af7-4fe0-b0e7-163b437e27ad req-227eea27-9af7-4fe0-b0e7-163b437e27ad ] Request (VolumesAssistedSnapshotsTest:tearDownClass): 200 PUT http://10.180.1.21:9696/networking/v2.0/routers/cf0b22af-2ef1-4aec-b9fe-54544ecf2c96/remove_router_interface 1.039s
2024-12-13 05:44:05.988 68257 INFO tempest.lib.common.rest_client [req-30e6f0de-324e-4943-a783-eedd4ba465f9 req-30e6f0de-324e-4943-a783-eedd4ba465f9 ] Request (ServersNegativeTestJSON:tearDown): 200 GET http://10.180.1.21/compute/v2.1/servers/b963fd88-11ad-48ec-910c-e531c727961e 1.209s
2024-12-13 05:44:06.053 68283 INFO tempest.lib.common.rest_client [req-89162795-33cb-49df-ab57-cea7d0fa6261 req-89162795-33cb-49df-ab57-cea7d0fa6261 ] Request (MultipleCreateTestJSON:test_multiple_create_with_reservation_return): 200 GET http://10.180.1.21/compute/v2.1/servers/fd3092bf-6577-4c5d-b638-1ef11f4b3c1e 1.262s
2024-12-13 05:44:06.125 68277 INFO tempest.lib.common.rest_client [req-9146066f-4608-43fc-b177-2d522f128bb8 req-9146066f-4608-43fc-b177-2d522f128bb8 ] Request (ServersTestBootFromVolume:tearDownClass): 200 GET http://10.180.1.21/compute/v2.1/servers/0f2d5b53-a0a8-4555-90b7-74546298b6d5 1.192s
2024-12-13 05:44:06.181 68243 INFO tempest.lib.common.rest_client [req-ce69aa66-14c4-4cd8-8af8-09c89b2e66f6 req-ce69aa66-14c4-4cd8-8af8-09c89b2e66f6 ] Request (InstanceActionsNegativeTestJSON:setUpClass): 200 GET http://10.180.1.21/compute/v2.1/servers/330c9cd3-28a5-43f4-8795-3d65741a6075 1.186s
2024-12-13 05:44:06.254 68261 INFO tempest.lib.common.rest_client [req-e3f8cb68-87ff-4077-830f-cf9289943c73 req-e3f8cb68-87ff-4077-830f-cf9289943c73 ] Request (ServerExternalEventsTest:tearDownClass): 200 GET http://10.180.1.21/compute/v2.1/servers/c0c58aa9-d373-4b8a-a6dc-75d842c3f3a7 1.192s
2024-12-13 05:44:06.371 68281 INFO tempest.lib.common.rest_client [req-1f7a8955-6209-47fb-ab96-d937fc498020 req-1f7a8955-6209-47fb-ab96-d937fc498020 ] Request (VolumesAssistedSnapshotsTest:tearDownClass): 204 DELETE http://10.180.1.21:9696/networking/v2.0/routers/cf0b22af-2ef1-4aec-b9fe-54544ecf2c96 0.438s
2024-12-13 05:44:06.387 68275 INFO tempest.lib.common.rest_client [req-9f1d6c09-33f5-44e4-973f-aec77a710e51 req-9f1d6c09-33f5-44e4-973f-aec77a710e51 ] Request (SecurityGroupsTestJSON:test_server_security_groups): 200 GET http://10.180.1.21/compute/v2.1/servers/43057bad-1a1f-4d28-8ec3-c98b82d34b99 1.171s
2024-12-13 05:44:06.444 68237 INFO tempest.lib.common.rest_client [req-1109dc3f-82cc-4f9c-99b1-c0d3fb2c58b8 req-1109dc3f-82cc-4f9c-99b1-c0d3fb2c58b8 ] Request (ServersTestJSON:tearDownClass): 200 GET http://10.180.1.21/compute/v2.1/servers/5ae6e0ed-3ded-432c-9efa-bdb576f5079b 1.207s
2024-12-13 05:44:06.502 68281 INFO tempest.lib.common.rest_client [req-43426657-062f-4ac1-a905-6d4dc34b14f4 req-43426657-062f-4ac1-a905-6d4dc34b14f4 ] Request (VolumesAssistedSnapshotsTest:tearDownClass): 204 DELETE http://10.180.1.21:9696/networking/v2.0/subnets/f1eb8578-588b-4102-8446-c850d3948fc4 0.130s
2024-12-13 05:44:06.504 68295 INFO tempest.lib.common.rest_client [req-5f80137e-bbb0-45be-9646-15426916f030 req-5f80137e-bbb0-45be-9646-15426916f030 ] Request (ServerRescueNegativeTestJSON:test_rescued_vm_detach_volume): 200 GET http://10.180.1.21/compute/v2.1/servers/07811f49-9bcb-4a28-b740-20fae75c98b0 1.217s
2024-12-13 05:44:06.561 68241 INFO tempest.lib.common.rest_client [req-bb8549f6-865c-4467-adf6-395ff06e5214 req-bb8549f6-865c-4467-adf6-395ff06e5214 ] Request (AttachVolumeShelveTestJSON:test_attach_volume_shelved_or_offload_server): 200 GET http://10.180.1.21/compute/v2.1/servers/1d8df06a-c5e0-443c-b2c8-7e9a8f2e82f5 1.225s
2024-12-13 05:44:06.566 68255 WARNING tempest.lib.common.ssh [-] Failed to establish authenticated ssh connection to cirros@10.180.180.224 ([Errno None] Unable to connect to port 22 on 10.180.180.224). Number attempts: 13. Retry after 14 seconds.: paramiko.ssh_exception.NoValidConnectionsError: [Errno None] Unable to connect to port 22 on 10.180.180.224
2024-12-13 05:44:06.582 68253 INFO tempest.lib.common.rest_client [req-29be15a3-1109-41c0-b10f-5f08b41956e5 req-29be15a3-1109-41c0-b10f-5f08b41956e5 ] Request (ServersTestManualDisk:test_verify_created_server_vcpus): 200 GET http://10.180.1.21/compute/v2.1/flavors/42 1.078s
2024-12-13 05:44:06.584 68253 INFO tempest.lib.common.ssh [-] Creating ssh connection to '10.180.180.152:22' as 'cirros' with public key authentication
2024-12-13 05:44:06.593 68253 INFO paramiko.transport [-] Connected (version 2.0, client dropbear_2020.81)
2024-12-13 05:44:06.637 68259 INFO tempest.lib.common.rest_client [req-e5e7546e-ecb7-4ddb-bb57-cdc10316a1ad req-e5e7546e-ecb7-4ddb-bb57-cdc10316a1ad ] Request (ListServersNegativeTestJSON:setUpClass): 200 GET http://10.180.1.21/compute/v2.1/servers/6bee5b18-1b30-4fbe-90bf-9306fdc4bc66 1.034s
2024-12-13 05:44:06.656 68253 INFO paramiko.transport [-] Authentication (publickey) successful!
2024-12-13 05:44:06.657 68253 INFO tempest.lib.common.ssh [-] ssh connection to cirros@10.180.180.152 successfully created
2024-12-13 05:44:06.701 68233 INFO tempest.lib.common.rest_client [req-5949e9e1-2628-4393-b0b1-a8b03ebfa5f3 req-5949e9e1-2628-4393-b0b1-a8b03ebfa5f3 ] Request (DeleteServersTestJSON:test_delete_active_server): 200 GET http://10.180.1.21/compute/v2.1/servers/51a314bf-bbaa-41fc-9cd6-d87206b00333 1.042s
2024-12-13 05:44:06.750 68293 INFO tempest.lib.common.rest_client [req-25cd4ea8-06d7-458d-aa46-9df1ea1a2ea4 req-25cd4ea8-06d7-458d-aa46-9df1ea1a2ea4 ] Request (ServersAdminTestJSON:test_inject_network_info): 200 GET http://10.180.1.21/compute/v2.1/servers/30e9bf11-4391-410c-bf48-86942adffc4e 1.029s
2024-12-13 05:44:06.929 68269 INFO tempest.lib.common.rest_client [req-b081d390-bffd-4b4c-821e-ab877b4672ee req-b081d390-bffd-4b4c-821e-ab877b4672ee ] Request (FloatingIPsAssociationNegativeTestJSON:tearDownClass): 200 GET http://10.180.1.21/compute/v2.1/servers/d0244585-d683-4bf5-b9ca-790caff8b6f8 1.149s
2024-12-13 05:44:07.016 68281 INFO tempest.lib.common.rest_client [req-01826cd2-f865-4a61-a5bd-6a703cff2444 req-01826cd2-f865-4a61-a5bd-6a703cff2444 ] Request (VolumesAssistedSnapshotsTest:tearDownClass): 204 DELETE http://10.180.1.21:9696/networking/v2.0/networks/c8b6a314-60cd-4160-975f-dfb799339f5f 0.513s
2024-12-13 05:44:07.024 68267 INFO tempest.lib.common.rest_client [req-e592de6c-da9b-41f9-9418-afdc688e0ec6 req-e592de6c-da9b-41f9-9418-afdc688e0ec6 ] Request (ServerMetadataTestJSON:test_set_server_metadata): 200 PUT http://10.180.1.21/compute/v2.1/servers/d9912b4a-3073-4db8-9362-ccafacf2802d/metadata 1.175s
2024-12-13 05:44:07.106 68251 INFO tempest.lib.common.rest_client [req-5209929b-6895-4972-8cc6-803cf6a9a497 req-5209929b-6895-4972-8cc6-803cf6a9a497 ] Request (AttachInterfacesTestJSON:test_create_list_show_delete_interfaces_by_fixed_ip): 200 POST http://10.180.1.21/compute/v2.1/servers/f6a97d93-1aaf-4c84-b46a-b6c24cfa9cde/os-interface 10.890s
2024-12-13 05:44:07.201 68265 INFO tempest.lib.common.rest_client [req-ff9ea10a-7ea7-4063-b759-e1c0a4f0ca19 req-ff9ea10a-7ea7-4063-b759-e1c0a4f0ca19 ] Request (ServersTestMultiNic:_run_cleanups): 200 GET http://10.180.1.21/compute/v2.1/servers/eeb17f79-829d-40bf-b614-dac284c553f6 1.239s
2024-12-13 05:44:07.288 68257 INFO tempest.lib.common.rest_client [req-c1c80715-4ddb-4840-9f92-33c867ec4286 req-c1c80715-4ddb-4840-9f92-33c867ec4286 ] Request (ServersNegativeTestJSON:setUp): 200 GET http://10.180.1.21/compute/v2.1/servers/b963fd88-11ad-48ec-910c-e531c727961e 1.291s
2024-12-13 05:44:07.342 68257 INFO tempest.lib.common.rest_client [req-b61eff2e-2cef-49f1-87c8-eb7d2b68d608 req-b61eff2e-2cef-49f1-87c8-eb7d2b68d608 ] Request (ServersNegativeTestJSON:test_create_with_invalid_network_uuid): 201 POST http://10.180.1.21/identity/v3/auth/tokens 0.041s
2024-12-13 05:44:07.342 68257 INFO tempest.lib.common.fixed_network [-] (ServersNegativeTestJSON:test_create_with_invalid_network_uuid) Found network {'id': '03fccacf-2ca3-480a-984a-31dc543d9086', 'name': 'tempest-ServersNegativeTestJSON-2136483503-network', 'tenant_id': 'fb757229541c4350bfa4c4025f4c6212', 'admin_state_up': True, 'mtu': 8950, 'status': 'ACTIVE', 'subnets': [], 'shared': False, 'project_id': 'fb757229541c4350bfa4c4025f4c6212', 'port_security_enabled': True, 'router:external': False, 'provider:network_type': 'vlan', 'provider:physical_network': 'default', 'provider:segmentation_id': 463, 'availability_zone_hints': [], 'availability_zones': [], 'ipv4_address_scope': None, 'ipv6_address_scope': None, 'description': '', 'tags': [], 'created_at': '2024-12-13T05:41:12Z', 'updated_at': '2024-12-13T05:41:12Z', 'revision_number': 1} available for tenant
2024-12-13 05:44:07.350 68289 INFO tempest.lib.common.rest_client [req-7732f056-0c8f-467d-a9b4-12869f644e2d req-7732f056-0c8f-467d-a9b4-12869f644e2d ] Request (MigrationsAdminTest:test_resize_server_revert_deleted_flavor): 200 GET http://10.180.1.21/compute/v2.1/servers/d3e58ebd-5c8c-4ee3-8df3-cd7bd2be36be 1.201s
2024-12-13 05:44:07.362 68273 INFO tempest.lib.common.rest_client [req-2f769d0f-eb80-4f01-b940-d91d719a02c1 req-2f769d0f-eb80-4f01-b940-d91d719a02c1 ] Request (ListServerFiltersTestJSON:setUpClass): 200 GET http://10.180.1.21/compute/v2.1/servers/6e64e601-dfce-46e6-a6f2-ea1f39401c2c 1.265s
2024-12-13 05:44:07.416 68285 INFO tempest.lib.common.rest_client [req-b2b37dc6-93de-448a-9817-82d1240d65c0 req-b2b37dc6-93de-448a-9817-82d1240d65c0 ] Request (InstanceActionsTestJSON:setUpClass): 200 GET http://10.180.1.21/compute/v2.1/servers/4f51dbb5-d60d-46f0-9931-c5a60e5b0a59 1.125s
2024-12-13 05:44:07.468 68235 INFO tempest.lib.common.rest_client [req-6b1d098d-f738-496f-a8a6-bc6d66723605 req-6b1d098d-f738-496f-a8a6-bc6d66723605 ] Request (ServerShowV247Test:tearDownClass): 200 GET http://10.180.1.21/compute/v2.1/servers/c43066a1-578d-4601-b350-1fdbd0a6a904 0.908s
2024-12-13 05:44:07.515 68249 INFO tempest.lib.common.rest_client [req-201830fd-aef9-466d-bfd3-ea25069adbf9 req-201830fd-aef9-466d-bfd3-ea25069adbf9 ] Request (ServerShowV257Test:test_rebuild_server): 200 GET http://10.180.1.21/compute/v2.1/servers/5410b69e-75c7-45d7-95a6-99c847419bf2 0.868s
2024-12-13 05:44:07.561 68253 INFO tempest.lib.common.rest_client [req-fce48bbb-2d26-43b0-930c-9de1fc3efa33 req-fce48bbb-2d26-43b0-930c-9de1fc3efa33 ] Request (ServersTestManualDisk:tearDownClass): 204 DELETE http://10.180.1.21/compute/v2.1/servers/c4c6f28d-0842-4889-b5e3-ac85cf7f2d1e 0.895s
2024-12-13 05:44:07.596 68247 INFO tempest.lib.common.rest_client [req-671627ea-8379-4d8a-b58a-fb9cfa640e90 req-671627ea-8379-4d8a-b58a-fb9cfa640e90 ] Request (ImagesOneServerNegativeTestJSON:_run_cleanups): 200 GET http://10.180.1.21/compute/v2.1/servers/b4252094-c7cd-4d61-aa1f-e1e9b0b85f5d 0.891s
2024-12-13 05:44:07.625 68267 INFO tempest.lib.common.rest_client [req-24f1116e-d632-45fb-8377-74da4244d5c0 req-24f1116e-d632-45fb-8377-74da4244d5c0 ] Request (ServerMetadataTestJSON:test_set_server_metadata): 200 GET http://10.180.1.21/compute/v2.1/servers/d9912b4a-3073-4db8-9362-ccafacf2802d/metadata 0.599s
2024-12-13 05:44:07.659 68283 INFO tempest.lib.common.rest_client [req-77155510-35b9-4407-8fcf-5791cdb04d42 req-77155510-35b9-4407-8fcf-5791cdb04d42 ] Request (MultipleCreateTestJSON:test_multiple_create_with_reservation_return): 200 GET http://10.180.1.21/compute/v2.1/servers/fd3092bf-6577-4c5d-b638-1ef11f4b3c1e 0.599s
2024-12-13 05:44:07.667 68283 INFO tempest.common.waiters [-] State transition "BUILD/scheduling" ==> "BUILD/None" after 23 second wait
2024-12-13 05:44:07.703 68251 INFO tempest.lib.common.rest_client [req-cef73db5-44b7-4864-a77a-6f07d6a0e602 req-cef73db5-44b7-4864-a77a-6f07d6a0e602 ] Request (AttachInterfacesTestJSON:test_create_list_show_delete_interfaces_by_fixed_ip): 200 GET http://10.180.1.21/compute/v2.1/servers/f6a97d93-1aaf-4c84-b46a-b6c24cfa9cde/os-interface/c14a6c33-ac35-4298-9187-d4856bb8ffc3 0.594s
2024-12-13 05:44:07.771 68243 INFO tempest.lib.common.rest_client [req-3356f990-4112-4be0-adc4-6933972af732 req-3356f990-4112-4be0-adc4-6933972af732 ] Request (InstanceActionsNegativeTestJSON:setUpClass): 200 GET http://10.180.1.21/compute/v2.1/servers/330c9cd3-28a5-43f4-8795-3d65741a6075 0.583s
2024-12-13 05:44:07.773 68277 INFO tempest.lib.common.rest_client [req-955d47df-2d6d-471c-b6c4-8b21d03f8659 req-955d47df-2d6d-471c-b6c4-8b21d03f8659 ] Request (ServersTestBootFromVolume:tearDownClass): 200 GET http://10.180.1.21/compute/v2.1/servers/0f2d5b53-a0a8-4555-90b7-74546298b6d5 0.641s
2024-12-13 05:44:07.791 68257 INFO tempest.lib.common.rest_client [req-aa905d20-9fe5-49ff-8b76-f313191eb4f4 req-aa905d20-9fe5-49ff-8b76-f313191eb4f4 ] Request (ServersNegativeTestJSON:test_create_with_invalid_network_uuid): 400 POST http://10.180.1.21/compute/v2.1/servers 0.448s
2024-12-13 05:44:07.831 68261 INFO tempest.lib.common.rest_client [req-da0c35c8-1421-43cb-8a0b-730d6d063508 req-da0c35c8-1421-43cb-8a0b-730d6d063508 ] Request (ServerExternalEventsTest:tearDownClass): 200 GET http://10.180.1.21/compute/v2.1/servers/c0c58aa9-d373-4b8a-a6dc-75d842c3f3a7 0.570s
2024-12-13 05:44:07.839 68271 WARNING tempest.lib.common.ssh [-] Failed to establish authenticated ssh connection to cirros@10.180.180.134 ([Errno None] Unable to connect to port 22 on 10.180.180.134). Number attempts: 11. Retry after 12 seconds.: paramiko.ssh_exception.NoValidConnectionsError: [Errno None] Unable to connect to port 22 on 10.180.180.134
2024-12-13 05:44:07.900 68237 INFO tempest.lib.common.rest_client [req-133fcd6f-8f07-4e53-b760-6c0c7c34a224 req-133fcd6f-8f07-4e53-b760-6c0c7c34a224 ] Request (ServersTestJSON:tearDownClass): 200 GET http://10.180.1.21/compute/v2.1/servers/5ae6e0ed-3ded-432c-9efa-bdb576f5079b 0.447s
2024-12-13 05:44:07.911 68237 INFO tempest.common.waiters [-] State transition "ACTIVE/deleting" ==> "DELETED/None" after 3 second wait
2024-12-13 05:44:08.162 68295 INFO tempest.lib.common.rest_client [req-d2a83675-14a3-4d44-8fe6-cd940ce0e579 req-d2a83675-14a3-4d44-8fe6-cd940ce0e579 ] Request (ServerRescueNegativeTestJSON:test_rescued_vm_detach_volume): 200 GET http://10.180.1.21/compute/v2.1/servers/07811f49-9bcb-4a28-b740-20fae75c98b0 0.650s
2024-12-13 05:44:08.201 68275 INFO tempest.lib.common.rest_client [req-876ce6de-ca6d-4e94-b053-dc6c84e2e888 req-876ce6de-ca6d-4e94-b053-dc6c84e2e888 ] Request (SecurityGroupsTestJSON:test_server_security_groups): 200 GET http://10.180.1.21/compute/v2.1/servers/43057bad-1a1f-4d28-8ec3-c98b82d34b99 0.805s
2024-12-13 05:44:08.273 68241 INFO tempest.lib.common.rest_client [req-062cb091-d810-4439-9d7c-e9b2a8f641a1 req-062cb091-d810-4439-9d7c-e9b2a8f641a1 ] Request (AttachVolumeShelveTestJSON:test_attach_volume_shelved_or_offload_server): 200 GET http://10.180.1.21/compute/v2.1/servers/1d8df06a-c5e0-443c-b2c8-7e9a8f2e82f5 0.702s
2024-12-13 05:44:08.310 68253 INFO tempest.lib.common.rest_client [req-df4d90ab-7397-4344-98e5-6089e0518344 req-df4d90ab-7397-4344-98e5-6089e0518344 ] Request (ServersTestManualDisk:tearDownClass): 200 GET http://10.180.1.21/compute/v2.1/servers/c4c6f28d-0842-4889-b5e3-ac85cf7f2d1e 0.749s
2024-12-13 05:44:08.357 68267 INFO tempest.lib.common.rest_client [req-5fd9ea0d-8526-4a49-acdd-ed547f3cf702 req-5fd9ea0d-8526-4a49-acdd-ed547f3cf702 ] Request (ServerMetadataTestJSON:setUp): 200 PUT http://10.180.1.21/compute/v2.1/servers/d9912b4a-3073-4db8-9362-ccafacf2802d/metadata 0.731s
2024-12-13 05:44:08.379 68259 INFO tempest.lib.common.rest_client [req-59be6091-18e2-4847-83b4-e196aec8ed6a req-59be6091-18e2-4847-83b4-e196aec8ed6a ] Request (ListServersNegativeTestJSON:setUpClass): 200 GET http://10.180.1.21/compute/v2.1/servers/6bee5b18-1b30-4fbe-90bf-9306fdc4bc66 0.730s
2024-12-13 05:44:08.443 68251 INFO tempest.lib.common.rest_client [req-edfb14ae-b1a8-4200-89a4-0264100bbf12 req-edfb14ae-b1a8-4200-89a4-0264100bbf12 ] Request (AttachInterfacesTestJSON:test_create_list_show_delete_interfaces_by_fixed_ip): 200 GET http://10.180.1.21/compute/v2.1/servers/f6a97d93-1aaf-4c84-b46a-b6c24cfa9cde/os-interface 0.737s
2024-12-13 05:44:08.454 68233 INFO tempest.lib.common.rest_client [req-c156182a-eea3-4484-a60f-8756352f54a6 req-c156182a-eea3-4484-a60f-8756352f54a6 ] Request (DeleteServersTestJSON:test_delete_active_server): 200 GET http://10.180.1.21/compute/v2.1/servers/51a314bf-bbaa-41fc-9cd6-d87206b00333 0.743s
2024-12-13 05:44:08.490 68293 INFO tempest.lib.common.rest_client [req-7addc706-1682-4781-a1f6-2b8a9ddb6808 req-7addc706-1682-4781-a1f6-2b8a9ddb6808 ] Request (ServersAdminTestJSON:test_inject_network_info): 200 GET http://10.180.1.21/compute/v2.1/servers/30e9bf11-4391-410c-bf48-86942adffc4e 0.730s
2024-12-13 05:44:08.542 68281 INFO tempest.lib.common.rest_client [req-33a1fe12-dfdb-4d64-9c31-8e20828fa2b1 req-33a1fe12-dfdb-4d64-9c31-8e20828fa2b1 ] Request (VolumesAssistedSnapshotsTest:tearDownClass): 200 PUT http://10.180.1.21:9696/networking/v2.0/routers/bae6f797-1745-405a-a0a2-7dd52bea8263/remove_router_interface 1.525s
2024-12-13 05:44:08.543 68269 INFO tempest.lib.common.rest_client [req-8b62aa14-c987-43e5-8713-8e33417e701d req-8b62aa14-c987-43e5-8713-8e33417e701d ] Request (FloatingIPsAssociationNegativeTestJSON:tearDownClass): 200 GET http://10.180.1.21/compute/v2.1/servers/d0244585-d683-4bf5-b9ca-790caff8b6f8 0.600s
2024-12-13 05:44:08.714 68257 INFO tempest.lib.common.rest_client [req-9f7a1df3-be8c-443f-b029-2399a7b4db0d req-9f7a1df3-be8c-443f-b029-2399a7b4db0d ] Request (ServersNegativeTestJSON:tearDown): 200 GET http://10.180.1.21/compute/v2.1/servers/b963fd88-11ad-48ec-910c-e531c727961e 0.922s
2024-12-13 05:44:08.767 68265 INFO tempest.lib.common.rest_client [req-e87ffe14-b5b8-4202-893d-cb27acb60a90 req-e87ffe14-b5b8-4202-893d-cb27acb60a90 ] Request (ServersTestMultiNic:_run_cleanups): 200 GET http://10.180.1.21/compute/v2.1/servers/eeb17f79-829d-40bf-b614-dac284c553f6 0.545s
2024-12-13 05:44:08.771 68267 INFO tempest.lib.common.rest_client [req-fbb2b75f-f12b-4d91-bc18-63d9c37fd45f req-fbb2b75f-f12b-4d91-bc18-63d9c37fd45f ] Request (ServerMetadataTestJSON:test_set_server_metadata_item): 200 PUT http://10.180.1.21/compute/v2.1/servers/d9912b4a-3073-4db8-9362-ccafacf2802d/metadata/nova 0.413s
2024-12-13 05:44:08.844 68289 INFO tempest.lib.common.rest_client [req-bbe0e719-7f71-425f-8344-2cf1ef65d06c req-bbe0e719-7f71-425f-8344-2cf1ef65d06c ] Request (MigrationsAdminTest:test_resize_server_revert_deleted_flavor): 200 GET http://10.180.1.21/compute/v2.1/servers/d3e58ebd-5c8c-4ee3-8df3-cd7bd2be36be 0.480s
2024-12-13 05:44:08.935 68285 INFO tempest.lib.common.rest_client [req-25d838da-9737-487e-aa67-0c1da038b609 req-25d838da-9737-487e-aa67-0c1da038b609 ] Request (InstanceActionsTestJSON:setUpClass): 200 GET http://10.180.1.21/compute/v2.1/servers/4f51dbb5-d60d-46f0-9931-c5a60e5b0a59 0.506s
2024-12-13 05:44:09.055 68251 INFO tempest.lib.common.rest_client [req-440e5970-7407-4623-960f-095758126372 req-440e5970-7407-4623-960f-095758126372 ] Request (AttachInterfacesTestJSON:test_create_list_show_delete_interfaces_by_fixed_ip): 200 GET http://10.180.1.21/compute/v2.1/servers/f6a97d93-1aaf-4c84-b46a-b6c24cfa9cde/os-interface/b4350b47-f7df-4c64-a24e-df2212e820ce 0.610s
2024-12-13 05:44:09.098 68273 INFO tempest.lib.common.rest_client [req-5ba37208-d207-4dd5-a929-7fd1d9cb17e8 req-5ba37208-d207-4dd5-a929-7fd1d9cb17e8 ] Request (ListServerFiltersTestJSON:setUpClass): 200 GET http://10.180.1.21/compute/v2.1/servers/6e64e601-dfce-46e6-a6f2-ea1f39401c2c 0.726s
2024-12-13 05:44:09.104 68273 INFO tempest.common.waiters [-] State transition "BUILD/spawning" ==> "ACTIVE/None" after 79 second wait
2024-12-13 05:44:09.166 68235 INFO tempest.lib.common.rest_client [req-43dbc17d-b43d-452b-8fd1-d0ba238a1bf9 req-43dbc17d-b43d-452b-8fd1-d0ba238a1bf9 ] Request (ServerShowV247Test:tearDownClass): 200 GET http://10.180.1.21/compute/v2.1/servers/c43066a1-578d-4601-b350-1fdbd0a6a904 0.689s
2024-12-13 05:44:09.177 68235 INFO tempest.common.waiters [-] State transition "ACTIVE/deleting" ==> "DELETED/None" after 4 second wait
2024-12-13 05:44:09.184 68249 INFO tempest.lib.common.rest_client [req-71705dba-3ab5-46e7-839d-2c53b101b0b9 req-71705dba-3ab5-46e7-839d-2c53b101b0b9 ] Request (ServerShowV257Test:test_rebuild_server): 200 GET http://10.180.1.21/compute/v2.1/servers/5410b69e-75c7-45d7-95a6-99c847419bf2 0.659s
2024-12-13 05:44:09.253 68247 INFO tempest.lib.common.rest_client [req-01f3b3b5-db03-4fee-bbac-74b6e483d258 req-01f3b3b5-db03-4fee-bbac-74b6e483d258 ] Request (ImagesOneServerNegativeTestJSON:_run_cleanups): 200 GET http://10.180.1.21/compute/v2.1/servers/b4252094-c7cd-4d61-aa1f-e1e9b0b85f5d 0.642s
2024-12-13 05:44:09.267 68283 INFO tempest.lib.common.rest_client [req-59881b82-4e44-40bd-ba90-a828775d060d req-59881b82-4e44-40bd-ba90-a828775d060d ] Request (MultipleCreateTestJSON:test_multiple_create_with_reservation_return): 200 GET http://10.180.1.21/compute/v2.1/servers/fd3092bf-6577-4c5d-b638-1ef11f4b3c1e 0.599s
2024-12-13 05:44:09.294 68267 INFO tempest.lib.common.rest_client [req-edc706bf-d583-44b9-8d65-4b507629563a req-edc706bf-d583-44b9-8d65-4b507629563a ] Request (ServerMetadataTestJSON:test_set_server_metadata_item): 200 GET http://10.180.1.21/compute/v2.1/servers/d9912b4a-3073-4db8-9362-ccafacf2802d/metadata 0.522s
2024-12-13 05:44:09.372 68243 INFO tempest.lib.common.rest_client [req-0c2ebd11-d29e-4675-8546-514f7b2eb07f req-0c2ebd11-d29e-4675-8546-514f7b2eb07f ] Request (InstanceActionsNegativeTestJSON:setUpClass): 200 GET http://10.180.1.21/compute/v2.1/servers/330c9cd3-28a5-43f4-8795-3d65741a6075 0.588s
2024-12-13 05:44:09.469 68257 INFO tempest.lib.common.rest_client [req-da8eb45c-424f-4268-83d5-1be440879cba req-da8eb45c-424f-4268-83d5-1be440879cba ] Request (ServersNegativeTestJSON:setUp): 200 GET http://10.180.1.21/compute/v2.1/servers/b963fd88-11ad-48ec-910c-e531c727961e 0.742s
2024-12-13 05:44:09.475 68277 INFO tempest.lib.common.rest_client [req-c87088e3-fe2b-4a06-a7f8-6cdfead42434 req-c87088e3-fe2b-4a06-a7f8-6cdfead42434 ] Request (ServersTestBootFromVolume:tearDownClass): 200 GET http://10.180.1.21/compute/v2.1/servers/0f2d5b53-a0a8-4555-90b7-74546298b6d5 0.689s
2024-12-13 05:44:09.518 68257 INFO tempest.lib.common.rest_client [req-fcc5ae47-8a7c-4acb-87c7-9c87d499901a req-fcc5ae47-8a7c-4acb-87c7-9c87d499901a ] Request (ServersNegativeTestJSON:test_create_with_non_existent_keypair): 201 POST http://10.180.1.21/identity/v3/auth/tokens 0.038s
2024-12-13 05:44:09.518 68257 INFO tempest.lib.common.fixed_network [-] (ServersNegativeTestJSON:test_create_with_non_existent_keypair) Found network {'id': '03fccacf-2ca3-480a-984a-31dc543d9086', 'name': 'tempest-ServersNegativeTestJSON-2136483503-network', 'tenant_id': 'fb757229541c4350bfa4c4025f4c6212', 'admin_state_up': True, 'mtu': 8950, 'status': 'ACTIVE', 'subnets': [], 'shared': False, 'project_id': 'fb757229541c4350bfa4c4025f4c6212', 'port_security_enabled': True, 'router:external': False, 'provider:network_type': 'vlan', 'provider:physical_network': 'default', 'provider:segmentation_id': 463, 'availability_zone_hints': [], 'availability_zones': [], 'ipv4_address_scope': None, 'ipv6_address_scope': None, 'description': '', 'tags': [], 'created_at': '2024-12-13T05:41:12Z', 'updated_at': '2024-12-13T05:41:12Z', 'revision_number': 1} available for tenant
2024-12-13 05:44:09.542 68281 INFO tempest.lib.common.rest_client [req-20301604-2c49-45ba-94b9-4719bb9e3419 req-20301604-2c49-45ba-94b9-4719bb9e3419 ] Request (VolumesAssistedSnapshotsTest:tearDownClass): 204 DELETE http://10.180.1.21:9696/networking/v2.0/routers/bae6f797-1745-405a-a0a2-7dd52bea8263 0.999s
2024-12-13 05:44:09.561 68261 INFO tempest.lib.common.rest_client [req-74f61344-4f03-4226-a1d4-e728003334b5 req-74f61344-4f03-4226-a1d4-e728003334b5 ] Request (ServerExternalEventsTest:tearDownClass): 200 GET http://10.180.1.21/compute/v2.1/servers/c0c58aa9-d373-4b8a-a6dc-75d842c3f3a7 0.718s
2024-12-13 05:44:09.580 68237 INFO tempest.lib.common.rest_client [req-db946677-e036-4660-8b67-faf5b5b758b6 req-db946677-e036-4660-8b67-faf5b5b758b6 ] Request (ServersTestJSON:tearDownClass): 200 GET http://10.180.1.21/compute/v2.1/servers/5ae6e0ed-3ded-432c-9efa-bdb576f5079b 0.668s
2024-12-13 05:44:09.655 68251 INFO tempest.lib.common.rest_client [req-336e92cd-1245-4952-8db1-f17e373f4b0c req-336e92cd-1245-4952-8db1-f17e373f4b0c ] Request (AttachInterfacesTestJSON:test_create_list_show_delete_interfaces_by_fixed_ip): 202 DELETE http://10.180.1.21/compute/v2.1/servers/f6a97d93-1aaf-4c84-b46a-b6c24cfa9cde/os-interface/c14a6c33-ac35-4298-9187-d4856bb8ffc3 0.598s
2024-12-13 05:44:09.695 68273 INFO tempest.lib.common.rest_client [req-368a474f-f762-4cf8-ad49-1040488d4d4d req-368a474f-f762-4cf8-ad49-1040488d4d4d ] Request (ListServerFiltersTestJSON:setUpClass): 200 GET http://10.180.1.21/compute/v2.1/servers/35539f0e-e341-4d34-85ba-a1cff208b323 0.586s
2024-12-13 05:44:09.719 68295 INFO tempest.lib.common.rest_client [req-254efb60-e9b7-4c9a-9a28-d27f5683dc81 req-254efb60-e9b7-4c9a-9a28-d27f5683dc81 ] Request (ServerRescueNegativeTestJSON:test_rescued_vm_detach_volume): 200 GET http://10.180.1.21/compute/v2.1/servers/07811f49-9bcb-4a28-b740-20fae75c98b0 0.543s
2024-12-13 05:44:09.775 68275 INFO tempest.lib.common.rest_client [req-86f576e8-141f-4f97-827f-4cb41f2e5427 req-86f576e8-141f-4f97-827f-4cb41f2e5427 ] Request (SecurityGroupsTestJSON:test_server_security_groups): 200 GET http://10.180.1.21/compute/v2.1/servers/43057bad-1a1f-4d28-8ec3-c98b82d34b99 0.560s
2024-12-13 05:44:09.783 68281 INFO tempest.lib.common.rest_client [req-d5cfa047-1b5e-4062-ab5b-c17fe2f7104c req-d5cfa047-1b5e-4062-ab5b-c17fe2f7104c ] Request (VolumesAssistedSnapshotsTest:tearDownClass): 204 DELETE http://10.180.1.21:9696/networking/v2.0/subnets/1d1c46c5-20cf-4f09-be29-5f3435e5a9c2 0.240s
2024-12-13 05:44:09.790 68275 INFO tempest.common.waiters [-] State transition "ACTIVE/deleting" ==> "DELETED/None" after 3 second wait
2024-12-13 05:44:09.797 68241 INFO tempest.lib.common.rest_client [req-7416e1b6-575c-49e4-badb-46b1affa4f95 req-7416e1b6-575c-49e4-badb-46b1affa4f95 ] Request (AttachVolumeShelveTestJSON:test_attach_volume_shelved_or_offload_server): 200 GET http://10.180.1.21/compute/v2.1/servers/1d8df06a-c5e0-443c-b2c8-7e9a8f2e82f5 0.516s
2024-12-13 05:44:09.843 68267 INFO tempest.lib.common.rest_client [req-62b77a96-b66f-4892-ba88-6781b6b86c2e req-62b77a96-b66f-4892-ba88-6781b6b86c2e ] Request (ServerMetadataTestJSON:setUp): 200 PUT http://10.180.1.21/compute/v2.1/servers/d9912b4a-3073-4db8-9362-ccafacf2802d/metadata 0.547s
2024-12-13 05:44:10.026 68253 INFO tempest.lib.common.rest_client [req-4a1ab5fc-5b8e-4f00-b020-42c5de45e981 req-4a1ab5fc-5b8e-4f00-b020-42c5de45e981 ] Request (ServersTestManualDisk:tearDownClass): 200 GET http://10.180.1.21/compute/v2.1/servers/c4c6f28d-0842-4889-b5e3-ac85cf7f2d1e 0.704s
2024-12-13 05:44:10.105 68233 INFO tempest.lib.common.rest_client [req-0161de92-8cc3-4792-a9be-f230149a31ad req-0161de92-8cc3-4792-a9be-f230149a31ad ] Request (DeleteServersTestJSON:test_delete_active_server): 200 GET http://10.180.1.21/compute/v2.1/servers/51a314bf-bbaa-41fc-9cd6-d87206b00333 0.640s
2024-12-13 05:44:10.112 68233 INFO tempest.common.waiters [-] State transition "BUILD/scheduling" ==> "BUILD/None" after 14 second wait
2024-12-13 05:44:10.191 68293 INFO tempest.lib.common.rest_client [req-be56ca70-96c7-4700-af5e-a776a9d6f323 req-be56ca70-96c7-4700-af5e-a776a9d6f323 ] Request (ServersAdminTestJSON:test_inject_network_info): 200 GET http://10.180.1.21/compute/v2.1/servers/30e9bf11-4391-410c-bf48-86942adffc4e 0.694s
2024-12-13 05:44:10.197 68259 INFO tempest.lib.common.rest_client [req-5b5bef30-ddd8-44c4-9af6-4ec320b59947 req-5b5bef30-ddd8-44c4-9af6-4ec320b59947 ] Request (ListServersNegativeTestJSON:setUpClass): 200 GET http://10.180.1.21/compute/v2.1/servers/6bee5b18-1b30-4fbe-90bf-9306fdc4bc66 0.809s
2024-12-13 05:44:10.205 68259 INFO tempest.common.waiters [-] State transition "BUILD/None" ==> "BUILD/block_device_mapping" after 79 second wait
2024-12-13 05:44:10.305 68269 INFO tempest.lib.common.rest_client [req-a17c2302-337e-4ca5-ade2-72dec10298e8 req-a17c2302-337e-4ca5-ade2-72dec10298e8 ] Request (FloatingIPsAssociationNegativeTestJSON:tearDownClass): 200 GET http://10.180.1.21/compute/v2.1/servers/d0244585-d683-4bf5-b9ca-790caff8b6f8 0.751s
2024-12-13 05:44:10.313 68269 INFO tempest.common.waiters [-] State transition "ACTIVE/deleting" ==> "DELETED/None" after 4 second wait
2024-12-13 05:44:10.471 68251 INFO tempest.lib.common.rest_client [req-ada36b13-652f-4589-b5b4-732564994e4f req-ada36b13-652f-4589-b5b4-732564994e4f ] Request (AttachInterfacesTestJSON:test_create_list_show_delete_interfaces_by_fixed_ip): 200 GET http://10.180.1.21/compute/v2.1/servers/f6a97d93-1aaf-4c84-b46a-b6c24cfa9cde/os-interface 0.815s
2024-12-13 05:44:10.482 68257 INFO tempest.lib.common.rest_client [req-9dfeb640-04e8-42dd-8fdc-d77adfdfdb4f req-9dfeb640-04e8-42dd-8fdc-d77adfdfdb4f ] Request (ServersNegativeTestJSON:test_create_with_non_existent_keypair): 400 POST http://10.180.1.21/compute/v2.1/servers 0.964s
2024-12-13 05:44:10.489 68281 INFO tempest.lib.common.rest_client [req-3cdb1077-e516-4d13-8c98-0dbbcc7e9ef9 req-3cdb1077-e516-4d13-8c98-0dbbcc7e9ef9 ] Request (VolumesAssistedSnapshotsTest:tearDownClass): 204 DELETE http://10.180.1.21:9696/networking/v2.0/networks/6831b3a4-f6db-4c0a-b4b6-7e5e79d94ff1 0.706s
2024-12-13 05:44:10.557 68265 INFO tempest.lib.common.rest_client [req-d0581979-fc5e-4d9d-8666-dbba98934497 req-d0581979-fc5e-4d9d-8666-dbba98934497 ] Request (ServersTestMultiNic:_run_cleanups): 200 GET http://10.180.1.21/compute/v2.1/servers/eeb17f79-829d-40bf-b614-dac284c553f6 0.780s
2024-12-13 05:44:10.563 68265 INFO tempest.common.waiters [-] State transition "ACTIVE/deleting" ==> "DELETED/None" after 6 second wait
2024-12-13 05:44:10.633 68267 INFO tempest.lib.common.rest_client [req-c9ea8039-43c6-4efa-a7d9-32f1f402900f req-c9ea8039-43c6-4efa-a7d9-32f1f402900f ] Request (ServerMetadataTestJSON:test_update_metadata_empty_body): 200 POST http://10.180.1.21/compute/v2.1/servers/d9912b4a-3073-4db8-9362-ccafacf2802d/metadata 0.788s
2024-12-13 05:44:10.833 68273 INFO tempest.lib.common.rest_client [req-5a41e618-d588-4dcd-b04c-2886c501b403 req-5a41e618-d588-4dcd-b04c-2886c501b403 ] Request (ListServerFiltersTestJSON:setUpClass): 200 GET http://10.180.1.21/compute/v2.1/servers/33630811-b576-401a-9356-a80ea5a1750c 1.126s
2024-12-13 05:44:10.852 68289 INFO tempest.lib.common.rest_client [req-a9643a93-dbf5-42ea-bf41-d6e7d1663d5e req-a9643a93-dbf5-42ea-bf41-d6e7d1663d5e ] Request (MigrationsAdminTest:test_resize_server_revert_deleted_flavor): 200 GET http://10.180.1.21/compute/v2.1/servers/d3e58ebd-5c8c-4ee3-8df3-cd7bd2be36be 0.997s
2024-12-13 05:44:10.905 68285 INFO tempest.lib.common.rest_client [req-2fa4900a-dadd-464c-8376-a13b825bcc48 req-2fa4900a-dadd-464c-8376-a13b825bcc48 ] Request (InstanceActionsTestJSON:setUpClass): 200 GET http://10.180.1.21/compute/v2.1/servers/4f51dbb5-d60d-46f0-9931-c5a60e5b0a59 0.961s
2024-12-13 05:44:10.931 68235 INFO tempest.lib.common.rest_client [req-9dfdfb92-80bd-4765-95bc-94d4255315e0 req-9dfdfb92-80bd-4765-95bc-94d4255315e0 ] Request (ServerShowV247Test:tearDownClass): 200 GET http://10.180.1.21/compute/v2.1/servers/c43066a1-578d-4601-b350-1fdbd0a6a904 0.752s
2024-12-13 05:44:10.984 68249 INFO tempest.lib.common.rest_client [req-27fd07e5-7005-4026-bbbd-7024173631b0 req-27fd07e5-7005-4026-bbbd-7024173631b0 ] Request (ServerShowV257Test:test_rebuild_server): 200 GET http://10.180.1.21/compute/v2.1/servers/5410b69e-75c7-45d7-95a6-99c847419bf2 0.791s
2024-12-13 05:44:10.993 68249 INFO tempest.common.waiters [-] State transition "BUILD/scheduling" ==> "BUILD/None" after 19 second wait
2024-12-13 05:44:11.007 68247 INFO tempest.lib.common.rest_client [req-4e5266d7-a4c5-4ad2-a043-6070f5b96869 req-4e5266d7-a4c5-4ad2-a043-6070f5b96869 ] Request (ImagesOneServerNegativeTestJSON:_run_cleanups): 200 GET http://10.180.1.21/compute/v2.1/servers/b4252094-c7cd-4d61-aa1f-e1e9b0b85f5d 0.743s
2024-12-13 05:44:11.045 68283 INFO tempest.lib.common.rest_client [req-2f6d1d2e-2de6-481a-8390-56d7eb4ec51a req-2f6d1d2e-2de6-481a-8390-56d7eb4ec51a ] Request (MultipleCreateTestJSON:test_multiple_create_with_reservation_return): 200 GET http://10.180.1.21/compute/v2.1/servers/fd3092bf-6577-4c5d-b638-1ef11f4b3c1e 0.768s
2024-12-13 05:44:11.069 68243 INFO tempest.lib.common.rest_client [req-05c6e317-03c9-4a89-90fe-884b6d7910e3 req-05c6e317-03c9-4a89-90fe-884b6d7910e3 ] Request (InstanceActionsNegativeTestJSON:setUpClass): 200 GET http://10.180.1.21/compute/v2.1/servers/330c9cd3-28a5-43f4-8795-3d65741a6075 0.686s
2024-12-13 05:44:11.138 68277 INFO tempest.lib.common.rest_client [req-8a046d08-71a0-411f-92d4-3a2f9611d233 req-8a046d08-71a0-411f-92d4-3a2f9611d233 ] Request (ServersTestBootFromVolume:tearDownClass): 200 GET http://10.180.1.21/compute/v2.1/servers/0f2d5b53-a0a8-4555-90b7-74546298b6d5 0.655s
2024-12-13 05:44:11.208 68261 INFO tempest.lib.common.rest_client [req-9e1c9c9e-adc9-44d2-b573-1f80136dce6c req-9e1c9c9e-adc9-44d2-b573-1f80136dce6c ] Request (ServerExternalEventsTest:tearDownClass): 200 GET http://10.180.1.21/compute/v2.1/servers/c0c58aa9-d373-4b8a-a6dc-75d842c3f3a7 0.635s
2024-12-13 05:44:11.212 68257 INFO tempest.lib.common.rest_client [req-64794115-9710-4251-b4b3-9307d41989a8 req-64794115-9710-4251-b4b3-9307d41989a8 ] Request (ServersNegativeTestJSON:tearDown): 200 GET http://10.180.1.21/compute/v2.1/servers/b963fd88-11ad-48ec-910c-e531c727961e 0.729s
2024-12-13 05:44:11.245 68267 INFO tempest.lib.common.rest_client [req-acf0f1fd-2081-4128-8de9-2d2c8bfb6951 req-acf0f1fd-2081-4128-8de9-2d2c8bfb6951 ] Request (ServerMetadataTestJSON:test_update_metadata_empty_body): 200 GET http://10.180.1.21/compute/v2.1/servers/d9912b4a-3073-4db8-9362-ccafacf2802d/metadata 0.611s
2024-12-13 05:44:11.261 68237 INFO tempest.lib.common.rest_client [req-010a3b34-befc-4e99-8ae6-1f97ad7593d9 req-010a3b34-befc-4e99-8ae6-1f97ad7593d9 ] Request (ServersTestJSON:tearDownClass): 200 GET http://10.180.1.21/compute/v2.1/servers/5ae6e0ed-3ded-432c-9efa-bdb576f5079b 0.671s
2024-12-13 05:44:11.290 68281 INFO tempest.lib.common.rest_client [req-a14fc05d-3ad7-487c-a79c-971a8047e1c7 req-a14fc05d-3ad7-487c-a79c-971a8047e1c7 ] Request (VolumesAssistedSnapshotsTest:tearDownClass): 200 PUT http://10.180.1.21:9696/networking/v2.0/routers/cc00d979-f6ae-4f91-bf25-8f2ffacc072a/remove_router_interface 0.801s
2024-12-13 05:44:11.296 68295 INFO tempest.lib.common.rest_client [req-1fab1df9-c834-422c-8934-51491b5f0a27 req-1fab1df9-c834-422c-8934-51491b5f0a27 ] Request (ServerRescueNegativeTestJSON:test_rescued_vm_detach_volume): 200 GET http://10.180.1.21/compute/v2.1/servers/07811f49-9bcb-4a28-b740-20fae75c98b0 0.564s
2024-12-13 05:44:11.323 68275 INFO tempest.lib.common.rest_client [req-279496c7-fe9a-4457-90fc-64cca56cdacd req-279496c7-fe9a-4457-90fc-64cca56cdacd ] Request (SecurityGroupsTestJSON:test_server_security_groups): 200 GET http://10.180.1.21/compute/v2.1/servers/43057bad-1a1f-4d28-8ec3-c98b82d34b99 0.532s
2024-12-13 05:44:11.352 68241 INFO tempest.lib.common.rest_client [req-59a1d6c4-348e-4e0d-be70-facf9d95ca8b req-59a1d6c4-348e-4e0d-be70-facf9d95ca8b ] Request (AttachVolumeShelveTestJSON:test_attach_volume_shelved_or_offload_server): 200 GET http://10.180.1.21/compute/v2.1/servers/1d8df06a-c5e0-443c-b2c8-7e9a8f2e82f5 0.544s
2024-12-13 05:44:11.410 68253 INFO tempest.lib.common.rest_client [req-bed1072d-fe7c-4772-83b4-2c18cc7651f8 req-bed1072d-fe7c-4772-83b4-2c18cc7651f8 ] Request (ServersTestManualDisk:tearDownClass): 200 GET http://10.180.1.21/compute/v2.1/servers/c4c6f28d-0842-4889-b5e3-ac85cf7f2d1e 0.375s
2024-12-13 05:44:11.493 68233 INFO tempest.lib.common.rest_client [req-fdae95b5-6fcf-4329-ace0-3b67ead8ea19 req-fdae95b5-6fcf-4329-ace0-3b67ead8ea19 ] Request (DeleteServersTestJSON:test_delete_active_server): 200 GET http://10.180.1.21/compute/v2.1/servers/51a314bf-bbaa-41fc-9cd6-d87206b00333 0.380s
