2024-12-13 05:42:13.292 68261 INFO tempest.lib.common.dynamic_creds [-] Acquired dynamic creds: credentials: Credentials: {'domain_id': 'default', 'domain_name': 'Default', 'username': 'tempest-ServerExternalEventsTest-780491684-project-member', 'project_domain_id': 'default', 'project_domain_name': 'Default', 'project_id': '8de58e2b60e44441ad4cceb8afea6e60', 'project_name': 'tempest-ServerExternalEventsTest-780491684', 'tenant_id': '8de58e2b60e44441ad4cceb8afea6e60', 'tenant_name': 'tempest-ServerExternalEventsTest-780491684', 'user_domain_id': 'default', 'user_domain_name': 'Default', 'user_id': 'de85a5e24fe5475884bbeb89f986038d', 'system': None}, Network: None, Subnet: None, Router: None
2024-12-13 05:42:13.292 68261 INFO tempest.lib.common.dynamic_creds [-] Created isolated network resources for: credentials: Credentials: {'domain_id': 'default', 'domain_name': 'Default', 'username': 'tempest-ServerExternalEventsTest-780491684-project-member', 'project_domain_id': 'default', 'project_domain_name': 'Default', 'project_id': '8de58e2b60e44441ad4cceb8afea6e60', 'project_name': 'tempest-ServerExternalEventsTest-780491684', 'tenant_id': '8de58e2b60e44441ad4cceb8afea6e60', 'tenant_name': 'tempest-ServerExternalEventsTest-780491684', 'user_domain_id': 'default', 'user_domain_name': 'Default', 'user_id': 'de85a5e24fe5475884bbeb89f986038d', 'system': None}, Network: None, Subnet: None, Router: None
2024-12-13 05:42:13.303 68241 INFO tempest.lib.common.rest_client [req-9bfe90eb-a31d-4398-8aec-36d895150dd4 req-9bfe90eb-a31d-4398-8aec-36d895150dd4 ] Request (ImagesOneServerTestJSON:test_create_delete_image): 200 GET http://10.180.1.21/compute/v2.1/images/09620c55-cfd4-48d7-9b73-d3b81ab7bedd 1.518s
2024-12-13 05:42:13.309 68259 INFO tempest.lib.common.rest_client [req-28a65240-0030-4e26-86eb-8d5699627aad req-28a65240-0030-4e26-86eb-8d5699627aad ] Request (InstanceActionsV221TestJSON:test_get_list_deleted_instance_actions): 200 GET http://10.180.1.21/compute/v2.1/servers/b523b53f-5dd6-41e4-a097-3ac8cb9b09ac 1.560s
2024-12-13 05:42:13.332 68287 INFO tempest.lib.common.rest_client [req-8683b4c9-fba7-4190-b538-9d3550ba1440 req-8683b4c9-fba7-4190-b538-9d3550ba1440 ] Request (FloatingIPDetailsTestJSON:tearDownClass): 204 DELETE http://10.180.1.21/identity/v3/users/44da5ea9c96f4bac973f772479869416 0.151s
2024-12-13 05:42:13.332 68287 INFO tempest.lib.common.dynamic_creds [-] Deleting project and security group for project: ac73446fa3274f2fb8273d7df3d19d26
2024-12-13 05:42:13.334 68269 INFO tempest.lib.common.rest_client [req-5d729241-642e-4b50-99fb-098ecb7ac6ca req-5d729241-642e-4b50-99fb-098ecb7ac6ca ] Request (ServerDiagnosticsV248Test:tearDownClass): 200 GET http://10.180.1.21:9696/networking/v2.0/security-groups?tenant_id=e7828e8777474238b86a07b10c049c8b&name=default 0.180s
2024-12-13 05:42:13.372 68287 INFO tempest.lib.common.rest_client [req-d9df5680-ec2a-4831-81d9-d75a3589f35e req-d9df5680-ec2a-4831-81d9-d75a3589f35e ] Request (FloatingIPDetailsTestJSON:tearDownClass): 200 GET http://10.180.1.21:9696/networking/v2.0/security-groups?tenant_id=ac73446fa3274f2fb8273d7df3d19d26&name=default 0.040s
2024-12-13 05:42:13.375 68245 INFO tempest.lib.common.rest_client [req-d48283d9-a7a8-41d6-ae92-1aadb7034d94 req-d48283d9-a7a8-41d6-ae92-1aadb7034d94 ] Request (ImagesMetadataTestJSON:tearDownClass): 200 GET http://10.180.1.21:9696/networking/v2.0/security-groups?tenant_id=d8d81080e4f448b7a094e7c094d6df89&name=default 0.296s
2024-12-13 05:42:13.384 68263 INFO tempest.lib.common.rest_client [req-cca4b7a2-f639-4f3f-a9d9-76d249a6cd00 req-cca4b7a2-f639-4f3f-a9d9-76d249a6cd00 ] Request (HypervisorAdminTestJSON:setUpClass): 201 POST http://10.180.1.21/identity/v3/users 0.159s
2024-12-13 05:42:13.386 68271 INFO tempest.lib.common.rest_client [req-a9c50065-9e66-4476-a959-28bfbb2cbaf9 req-a9c50065-9e66-4476-a959-28bfbb2cbaf9 ] Request (ServerActionsTestJSON:setUpClass): 200 GET http://10.180.1.21/compute/v2.1/servers/49e0af98-e430-4d2f-ae10-e6aa178006cf 1.427s
2024-12-13 05:42:13.396 68233 INFO tempest.lib.common.rest_client [req-8804da7e-947b-4354-9870-c30ddba43465 req-8804da7e-947b-4354-9870-c30ddba43465 ] Request (ServersAdminNegativeTestJSON:test_migrate_server_invalid_state): 200 GET http://10.180.1.21/compute/v2.1/servers/482d902a-48d3-4165-b346-9e4266f2c923 1.522s
2024-12-13 05:42:13.398 68261 INFO tempest.lib.common.rest_client [req-9ee09836-3958-432f-b310-bc0b8bac1f54 req-9ee09836-3958-432f-b310-bc0b8bac1f54 ] Request (ServerExternalEventsTest:setUpClass): 201 POST http://10.180.1.21/identity/v3/auth/tokens 0.103s
2024-12-13 05:42:13.412 68263 INFO tempest.lib.common.rest_client [req-db2173b1-779c-4ae8-b2e2-da78e8e5bf69 req-db2173b1-779c-4ae8-b2e2-da78e8e5bf69 ] Request (HypervisorAdminTestJSON:setUpClass): 200 GET http://10.180.1.21/identity/v3/roles 0.027s
2024-12-13 05:42:13.435 68261 INFO tempest.lib.common.rest_client [req-3434901c-a342-411e-9654-bc4abb207534 req-3434901c-a342-411e-9654-bc4abb207534 ] Request (ServerExternalEventsTest:setUpClass): 201 POST http://10.180.1.21/identity/v3/projects 0.036s
2024-12-13 05:42:13.441 68263 INFO tempest.lib.common.rest_client [req-e96c818d-40de-42d5-ab83-e1cc88b03dc3 req-e96c818d-40de-42d5-ab83-e1cc88b03dc3 ] Request (HypervisorAdminTestJSON:setUpClass): 204 PUT http://10.180.1.21/identity/v3/projects/c64f4d353911442fa374c0ba7ca4c0a9/users/b58ec517a91343cfb8eee5a66c110371/roles/d3126cd9e61d42d2b7e61f3430c0dc6e 0.028s
2024-12-13 05:42:13.441 68263 INFO tempest.lib.common.dynamic_creds [-] Dynamic test user b58ec517a91343cfb8eee5a66c110371 is created with scope project and roles: ['member']
2024-12-13 05:42:13.441 68263 INFO tempest.lib.common.dynamic_creds [-] Acquired dynamic creds: credentials: Credentials: {'domain_id': 'default', 'domain_name': 'Default', 'username': 'tempest-HypervisorAdminTestJSON-2088435536-project-member', 'project_domain_id': 'default', 'project_domain_name': 'Default', 'project_id': 'c64f4d353911442fa374c0ba7ca4c0a9', 'project_name': 'tempest-HypervisorAdminTestJSON-2088435536', 'tenant_id': 'c64f4d353911442fa374c0ba7ca4c0a9', 'tenant_name': 'tempest-HypervisorAdminTestJSON-2088435536', 'user_domain_id': 'default', 'user_domain_name': 'Default', 'user_id': 'b58ec517a91343cfb8eee5a66c110371', 'system': None}, Network: None, Subnet: None, Router: None
2024-12-13 05:42:13.442 68263 INFO tempest.lib.common.dynamic_creds [-] Created isolated network resources for: credentials: Credentials: {'domain_id': 'default', 'domain_name': 'Default', 'username': 'tempest-HypervisorAdminTestJSON-2088435536-project-member', 'project_domain_id': 'default', 'project_domain_name': 'Default', 'project_id': 'c64f4d353911442fa374c0ba7ca4c0a9', 'project_name': 'tempest-HypervisorAdminTestJSON-2088435536', 'tenant_id': 'c64f4d353911442fa374c0ba7ca4c0a9', 'tenant_name': 'tempest-HypervisorAdminTestJSON-2088435536', 'user_domain_id': 'default', 'user_domain_name': 'Default', 'user_id': 'b58ec517a91343cfb8eee5a66c110371', 'system': None}, Network: None, Subnet: None, Router: None
2024-12-13 05:42:13.457 68277 INFO tempest.lib.common.rest_client [req-1b2508ce-b802-468a-958e-e57a258c70ee req-1b2508ce-b802-468a-958e-e57a258c70ee ] Request (ServersTestBootFromVolume:setUpClass): 200 GET http://10.180.1.21/compute/v2.1/servers/0f2d5b53-a0a8-4555-90b7-74546298b6d5 1.444s
2024-12-13 05:42:13.470 68251 INFO tempest.lib.common.rest_client [req-5e7fe742-cf70-4c17-ba45-044d2dc00559 req-5e7fe742-cf70-4c17-ba45-044d2dc00559 ] Request (AttachInterfacesTestJSON:test_create_list_show_delete_interfaces_by_fixed_ip): 200 GET http://10.180.1.21/compute/v2.1/servers/f6a97d93-1aaf-4c84-b46a-b6c24cfa9cde 1.428s
2024-12-13 05:42:13.508 68287 INFO tempest.lib.common.rest_client [req-ead6918e-a3bd-44da-ac34-c1df764b8403 req-ead6918e-a3bd-44da-ac34-c1df764b8403 ] Request (FloatingIPDetailsTestJSON:tearDownClass): 204 DELETE http://10.180.1.21:9696/networking/v2.0/security-groups/40d7d1f9-011f-4e78-b0ff-0b48dabee7d6 0.135s
2024-12-13 05:42:13.512 68245 INFO tempest.lib.common.rest_client [req-dce7ee48-e8f9-4740-8f96-4cd2e3aa69db req-dce7ee48-e8f9-4740-8f96-4cd2e3aa69db ] Request (ImagesMetadataTestJSON:tearDownClass): 204 DELETE http://10.180.1.21:9696/networking/v2.0/security-groups/30b1ac53-fc0d-410c-b4f9-e8ddebadc0e7 0.136s
2024-12-13 05:42:13.527 68263 INFO tempest.lib.common.rest_client [req-f50b90d7-435a-4aa7-b86e-d61c9626d461 req-f50b90d7-435a-4aa7-b86e-d61c9626d461 ] Request (HypervisorAdminTestJSON:setUpClass): 201 POST http://10.180.1.21/identity/v3/auth/tokens 0.082s
2024-12-13 05:42:13.534 68261 INFO tempest.lib.common.rest_client [req-10b319f8-0084-40c1-b3f4-6efb201b2f8e req-10b319f8-0084-40c1-b3f4-6efb201b2f8e ] Request (ServerExternalEventsTest:setUpClass): 201 POST http://10.180.1.21/identity/v3/users 0.098s
2024-12-13 05:42:13.535 68269 INFO tempest.lib.common.rest_client [req-7478ea00-3e47-41b4-9056-cb98e00bf6b2 req-7478ea00-3e47-41b4-9056-cb98e00bf6b2 ] Request (ServerDiagnosticsV248Test:tearDownClass): 204 DELETE http://10.180.1.21:9696/networking/v2.0/security-groups/e32ec307-0f06-44e4-9418-79a1d80b00f2 0.201s
2024-12-13 05:42:13.537 68257 INFO tempest.lib.common.rest_client [req-6ca62cad-8f47-445b-9949-07c3aec46c03 req-6ca62cad-8f47-445b-9949-07c3aec46c03 ] Request (ServersNegativeTestJSON:setUpClass): 200 GET http://10.180.1.21/compute/v2.1/servers/3a9c7040-44b2-45a9-bbea-16995a643e08 1.420s
2024-12-13 05:42:13.541 68283 INFO tempest.lib.common.rest_client [req-186bec76-e379-4ca7-99cf-5f277f853572 req-186bec76-e379-4ca7-99cf-5f277f853572 ] Request (MultipleCreateTestJSON:test_multiple_create): 200 GET http://10.180.1.21/compute/v2.1/servers/1050f2b2-a884-40d6-b519-a381df45f896 1.448s
2024-12-13 05:42:13.602 68287 INFO tempest.lib.common.rest_client [req-0f987297-0a31-4298-b9ca-a63c311cd834 req-0f987297-0a31-4298-b9ca-a63c311cd834 ] Request (FloatingIPDetailsTestJSON:tearDownClass): 204 DELETE http://10.180.1.21/identity/v3/projects/ac73446fa3274f2fb8273d7df3d19d26 0.094s
2024-12-13 05:42:13.605 68237 INFO tempest.lib.common.rest_client [req-95b98b0c-1447-4860-8dcd-852c4c97f6ca req-95b98b0c-1447-4860-8dcd-852c4c97f6ca ] Request (ServersTestJSON:setUpClass): 200 GET http://10.180.1.21/compute/v2.1/servers/5ae6e0ed-3ded-432c-9efa-bdb576f5079b 1.445s
2024-12-13 05:42:13.626 68245 INFO tempest.lib.common.rest_client [req-261e5c5c-bf87-436b-873e-c432265a2634 req-261e5c5c-bf87-436b-873e-c432265a2634 ] Request (ImagesMetadataTestJSON:tearDownClass): 204 DELETE http://10.180.1.21/identity/v3/projects/d8d81080e4f448b7a094e7c094d6df89 0.114s
2024-12-13 05:42:13.639 68291 INFO tempest.lib.common.rest_client [req-dafb11fc-d62c-4f55-b7ef-cc34d6dc0df8 req-dafb11fc-d62c-4f55-b7ef-cc34d6dc0df8 ] Request (ServersTestFqdnHostnames:test_create_server_with_fqdn_name): 200 GET http://10.180.1.21/compute/v2.1/servers/b7395f42-7370-49c6-b975-05a3432f71d4 1.432s
2024-12-13 05:42:13.679 68267 INFO tempest.lib.common.rest_client [req-edd1f4d8-9580-4718-a42a-b64da98155f9 req-edd1f4d8-9580-4718-a42a-b64da98155f9 ] Request (ImagesNegativeTestJSON:test_create_image_from_deleted_server): 200 GET http://10.180.1.21/compute/v2.1/servers/9a24af59-9f1d-4625-8cd2-728e7464f09a 1.393s
2024-12-13 05:42:13.687 68261 INFO tempest.lib.common.rest_client [req-4dd9165a-280a-47c9-adc2-3aad9fb6f751 req-4dd9165a-280a-47c9-adc2-3aad9fb6f751 ] Request (ServerExternalEventsTest:setUpClass): 200 GET http://10.180.1.21/identity/v3/roles 0.152s
2024-12-13 05:42:13.703 68293 INFO tempest.lib.common.rest_client [req-1280fd48-7cec-41a2-a5fb-e666561a8e1c req-1280fd48-7cec-41a2-a5fb-e666561a8e1c ] Request (ServersAdminTestJSON:setUpClass): 200 GET http://10.180.1.21/compute/v2.1/servers/fa858069-56fa-4de6-885c-670408b92daa 1.359s
2024-12-13 05:42:13.704 68263 INFO tempest.lib.common.rest_client [req-fa48b9e6-b0de-46ac-a6ce-585bc2de0a3e req-fa48b9e6-b0de-46ac-a6ce-585bc2de0a3e ] Request (HypervisorAdminTestJSON:setUpClass): 201 POST http://10.180.1.21/identity/v3/projects 0.177s
2024-12-13 05:42:13.751 68269 INFO tempest.lib.common.rest_client [req-529736b7-76bc-4657-86f1-f93d13f724f2 req-529736b7-76bc-4657-86f1-f93d13f724f2 ] Request (ServerDiagnosticsV248Test:tearDownClass): 204 DELETE http://10.180.1.21/identity/v3/projects/e7828e8777474238b86a07b10c049c8b 0.215s
2024-12-13 05:42:13.759 68287 INFO tempest.lib.common.rest_client [req-4236ee92-532f-4d6c-a04a-92fdeecd6d1e req-4236ee92-532f-4d6c-a04a-92fdeecd6d1e ] Request (MultipleCreateNegativeTestJSON:setUpClass): 201 POST http://10.180.1.21/identity/v3/auth/tokens 0.155s
2024-12-13 05:42:13.822 68245 INFO tempest.lib.common.rest_client [req-f11f85a9-ab39-4fdd-ad46-db119b9b5ded req-f11f85a9-ab39-4fdd-ad46-db119b9b5ded ] Request (ServersListShow296Test:setUpClass): 201 POST http://10.180.1.21/identity/v3/auth/tokens 0.194s
2024-12-13 05:42:13.849 68261 INFO tempest.lib.common.rest_client [req-3330acb5-c750-4465-a7c7-6c961fd08b2d req-3330acb5-c750-4465-a7c7-6c961fd08b2d ] Request (ServerExternalEventsTest:setUpClass): 204 PUT http://10.180.1.21/identity/v3/projects/4adb7bb13549416ab70495503848adb4/users/8972ca6e9a4441a79b0ae601da66b9d4/roles/67670f6f4df54e87ace516ef177c5b72 0.162s
2024-12-13 05:42:13.855 68263 INFO tempest.lib.common.rest_client [req-e2d12978-d660-4a64-ba7d-d53bd3305241 req-e2d12978-d660-4a64-ba7d-d53bd3305241 ] Request (HypervisorAdminTestJSON:setUpClass): 201 POST http://10.180.1.21/identity/v3/users 0.150s
2024-12-13 05:42:13.917 68269 INFO tempest.lib.common.rest_client [req-c6c6e0fd-a903-451c-b612-03bd6a97d658 req-c6c6e0fd-a903-451c-b612-03bd6a97d658 ] Request (FloatingIPsAssociationNegativeTestJSON:setUpClass): 201 POST http://10.180.1.21/identity/v3/auth/tokens 0.165s
2024-12-13 05:42:13.928 68287 INFO tempest.lib.common.rest_client [req-e9b92677-134f-41a6-919c-e3953e7febab req-e9b92677-134f-41a6-919c-e3953e7febab ] Request (MultipleCreateNegativeTestJSON:setUpClass): 201 POST http://10.180.1.21/identity/v3/auth/tokens 0.166s
2024-12-13 05:42:13.945 68261 INFO tempest.lib.common.rest_client [req-7cf5a4dc-9b62-4bf5-9d2f-c9a64afb3972 req-7cf5a4dc-9b62-4bf5-9d2f-c9a64afb3972 ] Request (ServerExternalEventsTest:setUpClass): 200 GET http://10.180.1.21/identity/v3/roles 0.095s
2024-12-13 05:42:13.945 68245 INFO tempest.lib.common.rest_client [req-5a05976e-410b-43db-87b0-348165fce7ad req-5a05976e-410b-43db-87b0-348165fce7ad ] Request (ServersListShow296Test:setUpClass): 201 POST http://10.180.1.21/identity/v3/auth/tokens 0.116s
2024-12-13 05:42:13.961 68263 INFO tempest.lib.common.rest_client [req-d245871e-4811-48c0-9a89-5ee466df9d0e req-d245871e-4811-48c0-9a89-5ee466df9d0e ] Request (HypervisorAdminTestJSON:setUpClass): 200 GET http://10.180.1.21/identity/v3/roles 0.105s
2024-12-13 05:42:13.977 68269 INFO tempest.lib.common.rest_client [req-dfa784b6-1b52-4688-be58-2278519aa641 req-dfa784b6-1b52-4688-be58-2278519aa641 ] Request (FloatingIPsAssociationNegativeTestJSON:setUpClass): 201 POST http://10.180.1.21/identity/v3/auth/tokens 0.054s
2024-12-13 05:42:13.988 68287 INFO tempest.lib.common.rest_client [req-63c434e1-6eac-4b0e-8794-770d77e954a3 req-63c434e1-6eac-4b0e-8794-770d77e954a3 ] Request (MultipleCreateNegativeTestJSON:setUpClass): 200 GET http://10.180.1.21/identity/v3/domains?name=Default 0.059s
2024-12-13 05:42:13.994 68261 INFO tempest.lib.common.rest_client [req-2ef58595-d320-46fb-af6f-e607d297c88e req-2ef58595-d320-46fb-af6f-e607d297c88e ] Request (ServerExternalEventsTest:setUpClass): 204 PUT http://10.180.1.21/identity/v3/projects/4adb7bb13549416ab70495503848adb4/users/8972ca6e9a4441a79b0ae601da66b9d4/roles/67670f6f4df54e87ace516ef177c5b72 0.049s
2024-12-13 05:42:13.995 68261 INFO tempest.lib.common.dynamic_creds [-] Dynamic test user 8972ca6e9a4441a79b0ae601da66b9d4 is created with scope project and roles: ['admin']
2024-12-13 05:42:13.995 68261 INFO tempest.lib.common.dynamic_creds [-] Acquired dynamic creds: credentials: Credentials: {'domain_id': 'default', 'domain_name': 'Default', 'username': 'tempest-ServerExternalEventsTest-720328914-project-admin', 'project_domain_id': 'default', 'project_domain_name': 'Default', 'project_id': '4adb7bb13549416ab70495503848adb4', 'project_name': 'tempest-ServerExternalEventsTest-720328914', 'tenant_id': '4adb7bb13549416ab70495503848adb4', 'tenant_name': 'tempest-ServerExternalEventsTest-720328914', 'user_domain_id': 'default', 'user_domain_name': 'Default', 'user_id': '8972ca6e9a4441a79b0ae601da66b9d4', 'system': None}, Network: None, Subnet: None, Router: None
2024-12-13 05:42:13.995 68261 INFO tempest.lib.common.dynamic_creds [-] Created isolated network resources for: credentials: Credentials: {'domain_id': 'default', 'domain_name': 'Default', 'username': 'tempest-ServerExternalEventsTest-720328914-project-admin', 'project_domain_id': 'default', 'project_domain_name': 'Default', 'project_id': '4adb7bb13549416ab70495503848adb4', 'project_name': 'tempest-ServerExternalEventsTest-720328914', 'tenant_id': '4adb7bb13549416ab70495503848adb4', 'tenant_name': 'tempest-ServerExternalEventsTest-720328914', 'user_domain_id': 'default', 'user_domain_name': 'Default', 'user_id': '8972ca6e9a4441a79b0ae601da66b9d4', 'system': None}, Network: None, Subnet: None, Router: None
2024-12-13 05:42:14.048 68245 INFO tempest.lib.common.rest_client [req-6ede18b4-cab7-4d7b-95ef-bf5f3954f11b req-6ede18b4-cab7-4d7b-95ef-bf5f3954f11b ] Request (ServersListShow296Test:setUpClass): 200 GET http://10.180.1.21/identity/v3/domains?name=Default 0.102s
2024-12-13 05:42:14.057 68263 INFO tempest.lib.common.rest_client [req-85bf60b2-5584-4271-b070-6453944a1361 req-85bf60b2-5584-4271-b070-6453944a1361 ] Request (HypervisorAdminTestJSON:setUpClass): 204 PUT http://10.180.1.21/identity/v3/projects/a2ae0080f3b842adb76bb28a942eb167/users/a753f7420f074c34aeeb1c549afff513/roles/67670f6f4df54e87ace516ef177c5b72 0.096s
2024-12-13 05:42:14.108 68269 INFO tempest.lib.common.rest_client [req-73359f49-be04-4358-9348-bd75e456312c req-73359f49-be04-4358-9348-bd75e456312c ] Request (FloatingIPsAssociationNegativeTestJSON:setUpClass): 200 GET http://10.180.1.21/identity/v3/domains?name=Default 0.130s
2024-12-13 05:42:14.124 68287 INFO tempest.lib.common.rest_client [req-8f5b3bd7-1a08-4cda-b7ac-5efc405b5156 req-8f5b3bd7-1a08-4cda-b7ac-5efc405b5156 ] Request (MultipleCreateNegativeTestJSON:setUpClass): 201 POST http://10.180.1.21/identity/v3/projects 0.136s
2024-12-13 05:42:14.185 68245 INFO tempest.lib.common.rest_client [req-9f65fd33-c845-47c9-8c9d-19a93540d3ce req-9f65fd33-c845-47c9-8c9d-19a93540d3ce ] Request (ServersListShow296Test:setUpClass): 201 POST http://10.180.1.21/identity/v3/projects 0.137s
2024-12-13 05:42:14.188 68261 INFO tempest.lib.common.rest_client [req-5bbc7358-4b47-46be-90cb-8c247732e8e5 req-5bbc7358-4b47-46be-90cb-8c247732e8e5 ] Request (ServerExternalEventsTest:setUpClass): 201 POST http://10.180.1.21/identity/v3/auth/tokens 0.188s
2024-12-13 05:42:14.223 68289 INFO tempest.lib.common.rest_client [req-ee0f3e9a-ef8c-46bc-9bed-200f471816e0 req-ee0f3e9a-ef8c-46bc-9bed-200f471816e0 ] Request (MigrationsAdminTest:test_list_migrations_in_flavor_resize_situation): 200 GET http://10.180.1.21/compute/v2.1/servers/53ceb216-7d63-4dfd-8185-1bf488665180 1.864s
2024-12-13 05:42:14.230 68289 INFO tempest.common.waiters [-] State transition "RESIZE/resize_migrated" ==> "RESIZE/resize_finish" after 35 second wait
2024-12-13 05:42:14.237 68275 INFO tempest.lib.common.rest_client [req-7930cd5e-b2b8-4805-bce7-5c1443fa7423 req-7930cd5e-b2b8-4805-bce7-5c1443fa7423 ] Request (SecurityGroupsTestJSON:test_list_security_groups_by_server): 200 GET http://10.180.1.21/compute/v2.1/servers/e5285ea1-c895-4ed9-b81d-fbaac9d45b66 1.841s
2024-12-13 05:42:14.242 68263 INFO tempest.lib.common.rest_client [req-60ff452f-b65b-46b0-80a3-1bb54f2f1b81 req-60ff452f-b65b-46b0-80a3-1bb54f2f1b81 ] Request (HypervisorAdminTestJSON:setUpClass): 200 GET http://10.180.1.21/identity/v3/roles 0.183s
2024-12-13 05:42:14.244 68275 INFO tempest.common.waiters [-] State transition "BUILD/None" ==> "BUILD/block_device_mapping" after 37 second wait
2024-12-13 05:42:14.253 68269 INFO tempest.lib.common.rest_client [req-74397326-398c-4a1a-b7a0-0b8b26979b65 req-74397326-398c-4a1a-b7a0-0b8b26979b65 ] Request (FloatingIPsAssociationNegativeTestJSON:setUpClass): 201 POST http://10.180.1.21/identity/v3/projects 0.145s
2024-12-13 05:42:14.268 68287 INFO tempest.lib.common.rest_client [req-aefc8224-9172-4913-89bc-e63e9e224c36 req-aefc8224-9172-4913-89bc-e63e9e224c36 ] Request (MultipleCreateNegativeTestJSON:setUpClass): 201 POST http://10.180.1.21/identity/v3/users 0.143s
2024-12-13 05:42:14.312 68253 INFO tempest.lib.common.rest_client [req-4691df9c-7744-4a52-9c1b-e105cba2a071 req-4691df9c-7744-4a52-9c1b-e105cba2a071 ] Request (ServersTestManualDisk:setUpClass): 200 GET http://10.180.1.21/compute/v2.1/servers/c4c6f28d-0842-4889-b5e3-ac85cf7f2d1e 1.900s
2024-12-13 05:42:14.328 68245 INFO tempest.lib.common.rest_client [req-df1a5240-f87b-47d8-b19b-06ea8aa95685 req-df1a5240-f87b-47d8-b19b-06ea8aa95685 ] Request (ServersListShow296Test:setUpClass): 201 POST http://10.180.1.21/identity/v3/users 0.142s
2024-12-13 05:42:14.333 68265 INFO tempest.lib.common.rest_client [req-6b5d8733-b810-4e84-ac1a-0f8c8e489b8e req-6b5d8733-b810-4e84-ac1a-0f8c8e489b8e ] Request (ServicesAdminTestJSON:test_get_service_by_host_name): 200 GET http://10.180.1.21/compute/v2.1/os-services?host=devstack 1.285s
2024-12-13 05:42:14.339 68247 INFO tempest.lib.common.rest_client [req-878edf6f-0a3f-4cfc-8f04-9e736e3ef567 req-878edf6f-0a3f-4cfc-8f04-9e736e3ef567 ] Request (ImagesOneServerNegativeTestJSON:_run_cleanups): 200 GET http://10.180.1.21/compute/v2.1/servers/e3fc8314-7f46-4c87-ac67-76133a853b0e 1.877s
2024-12-13 05:42:14.352 68261 INFO tempest.lib.common.rest_client [req-5c793f20-dadb-455a-ab86-f080fc35fa85 req-5c793f20-dadb-455a-ab86-f080fc35fa85 ] Request (ServerExternalEventsTest:setUpClass): 201 POST http://10.180.1.21/identity/v3/projects 0.163s
2024-12-13 05:42:14.353 68263 INFO tempest.lib.common.rest_client [req-62c2600b-6c80-4af4-9282-7265dadd14a9 req-62c2600b-6c80-4af4-9282-7265dadd14a9 ] Request (HypervisorAdminTestJSON:setUpClass): 204 PUT http://10.180.1.21/identity/v3/projects/a2ae0080f3b842adb76bb28a942eb167/users/a753f7420f074c34aeeb1c549afff513/roles/67670f6f4df54e87ace516ef177c5b72 0.108s
2024-12-13 05:42:14.353 68263 INFO tempest.lib.common.dynamic_creds [-] Dynamic test user a753f7420f074c34aeeb1c549afff513 is created with scope project and roles: ['admin']
2024-12-13 05:42:14.354 68263 INFO tempest.lib.common.dynamic_creds [-] Acquired dynamic creds: credentials: Credentials: {'domain_id': 'default', 'domain_name': 'Default', 'username': 'tempest-HypervisorAdminTestJSON-479684056-project-admin', 'project_domain_id': 'default', 'project_domain_name': 'Default', 'project_id': 'a2ae0080f3b842adb76bb28a942eb167', 'project_name': 'tempest-HypervisorAdminTestJSON-479684056', 'tenant_id': 'a2ae0080f3b842adb76bb28a942eb167', 'tenant_name': 'tempest-HypervisorAdminTestJSON-479684056', 'user_domain_id': 'default', 'user_domain_name': 'Default', 'user_id': 'a753f7420f074c34aeeb1c549afff513', 'system': None}, Network: None, Subnet: None, Router: None
2024-12-13 05:42:14.354 68263 INFO tempest.lib.common.dynamic_creds [-] Created isolated network resources for: credentials: Credentials: {'domain_id': 'default', 'domain_name': 'Default', 'username': 'tempest-HypervisorAdminTestJSON-479684056-project-admin', 'project_domain_id': 'default', 'project_domain_name': 'Default', 'project_id': 'a2ae0080f3b842adb76bb28a942eb167', 'project_name': 'tempest-HypervisorAdminTestJSON-479684056', 'tenant_id': 'a2ae0080f3b842adb76bb28a942eb167', 'tenant_name': 'tempest-HypervisorAdminTestJSON-479684056', 'user_domain_id': 'default', 'user_domain_name': 'Default', 'user_id': 'a753f7420f074c34aeeb1c549afff513', 'system': None}, Network: None, Subnet: None, Router: None
2024-12-13 05:42:14.417 68269 INFO tempest.lib.common.rest_client [req-5dc79c4d-c3a4-4679-9fdb-5278a01c6864 req-5dc79c4d-c3a4-4679-9fdb-5278a01c6864 ] Request (FloatingIPsAssociationNegativeTestJSON:setUpClass): 201 POST http://10.180.1.21/identity/v3/users 0.163s
2024-12-13 05:42:14.436 68245 INFO tempest.lib.common.rest_client [req-1c1feab9-3895-4c3f-b95d-e82537d00b52 req-1c1feab9-3895-4c3f-b95d-e82537d00b52 ] Request (ServersListShow296Test:setUpClass): 200 GET http://10.180.1.21/identity/v3/roles 0.107s
2024-12-13 05:42:14.442 68287 INFO tempest.lib.common.rest_client [req-b76dcb10-eeb2-40a3-bfd4-2e1232eb3c63 req-b76dcb10-eeb2-40a3-bfd4-2e1232eb3c63 ] Request (MultipleCreateNegativeTestJSON:setUpClass): 200 GET http://10.180.1.21/identity/v3/roles 0.174s
2024-12-13 05:42:14.461 68261 INFO tempest.lib.common.rest_client [req-bab7ff4d-63f9-4cec-9436-ec9505f65755 req-bab7ff4d-63f9-4cec-9436-ec9505f65755 ] Request (ServerExternalEventsTest:setUpClass): 201 POST http://10.180.1.21/identity/v3/users 0.109s
2024-12-13 05:42:14.474 68269 INFO tempest.lib.common.rest_client [req-366f7eb3-9974-4fed-84c5-1334f491b964 req-366f7eb3-9974-4fed-84c5-1334f491b964 ] Request (FloatingIPsAssociationNegativeTestJSON:setUpClass): 200 GET http://10.180.1.21/identity/v3/roles 0.056s
2024-12-13 05:42:14.475 68235 INFO tempest.lib.common.rest_client [req-779f83e9-cc4e-446e-a9a0-e01e682fa0fb req-779f83e9-cc4e-446e-a9a0-e01e682fa0fb ] Request (ServerShowV247Test:test_update_rebuild_list_server): 202 POST http://10.180.1.21/compute/v2.1/servers 1.208s
2024-12-13 05:42:14.505 68245 INFO tempest.lib.common.rest_client [req-3bcd4a02-00a6-4bf2-9fb2-1c4dc221f34e req-3bcd4a02-00a6-4bf2-9fb2-1c4dc221f34e ] Request (ServersListShow296Test:setUpClass): 204 PUT http://10.180.1.21/identity/v3/projects/7bd527d0095d4059b65921bd84024c4b/users/8252da294d5c4607b229018151a5a93e/roles/d3126cd9e61d42d2b7e61f3430c0dc6e 0.069s
2024-12-13 05:42:14.505 68245 INFO tempest.lib.common.dynamic_creds [-] Dynamic test user 8252da294d5c4607b229018151a5a93e is created with scope project and roles: ['member']
2024-12-13 05:42:14.505 68245 INFO tempest.lib.common.dynamic_creds [-] Acquired dynamic creds: credentials: Credentials: {'domain_id': 'default', 'domain_name': 'Default', 'username': 'tempest-ServersListShow296Test-779975365-project-member', 'project_domain_id': 'default', 'project_domain_name': 'Default', 'project_id': '7bd527d0095d4059b65921bd84024c4b', 'project_name': 'tempest-ServersListShow296Test-779975365', 'tenant_id': '7bd527d0095d4059b65921bd84024c4b', 'tenant_name': 'tempest-ServersListShow296Test-779975365', 'user_domain_id': 'default', 'user_domain_name': 'Default', 'user_id': '8252da294d5c4607b229018151a5a93e', 'system': None}, Network: None, Subnet: None, Router: None
2024-12-13 05:42:14.505 68245 INFO tempest.lib.common.dynamic_creds [-] Created isolated network resources for: credentials: Credentials: {'domain_id': 'default', 'domain_name': 'Default', 'username': 'tempest-ServersListShow296Test-779975365-project-member', 'project_domain_id': 'default', 'project_domain_name': 'Default', 'project_id': '7bd527d0095d4059b65921bd84024c4b', 'project_name': 'tempest-ServersListShow296Test-779975365', 'tenant_id': '7bd527d0095d4059b65921bd84024c4b', 'tenant_name': 'tempest-ServersListShow296Test-779975365', 'user_domain_id': 'default', 'user_domain_name': 'Default', 'user_id': '8252da294d5c4607b229018151a5a93e', 'system': None}, Network: None, Subnet: None, Router: None
2024-12-13 05:42:14.518 68263 INFO tempest.lib.common.rest_client [req-7574a9fd-80be-47c3-81fc-e42b248f3307 req-7574a9fd-80be-47c3-81fc-e42b248f3307 ] Request (HypervisorAdminTestJSON:setUpClass): 201 POST http://10.180.1.21/identity/v3/auth/tokens 0.158s
2024-12-13 05:42:14.546 68295 INFO tempest.lib.common.rest_client [req-f4d89b9b-024f-4e5a-a0ee-8fd67eeee2e9 req-f4d89b9b-024f-4e5a-a0ee-8fd67eeee2e9 ] Request (ServerRescueNegativeTestJSON:setUpClass): 200 GET http://10.180.1.21/compute/v2.1/servers/29fdb461-3f61-48ef-b36b-9a2c094a86cd 0.432s
2024-12-13 05:42:14.553 68287 INFO tempest.lib.common.rest_client [req-d6207f16-0d35-41ba-b977-3f56d090d4a4 req-d6207f16-0d35-41ba-b977-3f56d090d4a4 ] Request (MultipleCreateNegativeTestJSON:setUpClass): 204 PUT http://10.180.1.21/identity/v3/projects/47ffd8f592704722b27cc5e9269f940c/users/8227051cea5e42cabf5787e0e1c88e27/roles/d3126cd9e61d42d2b7e61f3430c0dc6e 0.110s
2024-12-13 05:42:14.553 68287 INFO tempest.lib.common.dynamic_creds [-] Dynamic test user 8227051cea5e42cabf5787e0e1c88e27 is created with scope project and roles: ['member']
2024-12-13 05:42:14.553 68287 INFO tempest.lib.common.dynamic_creds [-] Acquired dynamic creds: credentials: Credentials: {'domain_id': 'default', 'domain_name': 'Default', 'username': 'tempest-MultipleCreateNegativeTestJSON-1233872273-project-member', 'project_domain_id': 'default', 'project_domain_name': 'Default', 'project_id': '47ffd8f592704722b27cc5e9269f940c', 'project_name': 'tempest-MultipleCreateNegativeTestJSON-1233872273', 'tenant_id': '47ffd8f592704722b27cc5e9269f940c', 'tenant_name': 'tempest-MultipleCreateNegativeTestJSON-1233872273', 'user_domain_id': 'default', 'user_domain_name': 'Default', 'user_id': '8227051cea5e42cabf5787e0e1c88e27', 'system': None}, Network: None, Subnet: None, Router: None
2024-12-13 05:42:14.554 68287 INFO tempest.lib.common.dynamic_creds [-] Created isolated network resources for: credentials: Credentials: {'domain_id': 'default', 'domain_name': 'Default', 'username': 'tempest-MultipleCreateNegativeTestJSON-1233872273-project-member', 'project_domain_id': 'default', 'project_domain_name': 'Default', 'project_id': '47ffd8f592704722b27cc5e9269f940c', 'project_name': 'tempest-MultipleCreateNegativeTestJSON-1233872273', 'tenant_id': '47ffd8f592704722b27cc5e9269f940c', 'tenant_name': 'tempest-MultipleCreateNegativeTestJSON-1233872273', 'user_domain_id': 'default', 'user_domain_name': 'Default', 'user_id': '8227051cea5e42cabf5787e0e1c88e27', 'system': None}, Network: None, Subnet: None, Router: None
2024-12-13 05:42:14.570 68261 INFO tempest.lib.common.rest_client [req-487c57b3-30b5-4674-b673-a68bb8d01fce req-487c57b3-30b5-4674-b673-a68bb8d01fce ] Request (ServerExternalEventsTest:setUpClass): 200 GET http://10.180.1.21/identity/v3/roles 0.108s
2024-12-13 05:42:14.607 68269 INFO tempest.lib.common.rest_client [req-1547bee1-1975-43d4-af02-d737cd3ee91c req-1547bee1-1975-43d4-af02-d737cd3ee91c ] Request (FloatingIPsAssociationNegativeTestJSON:setUpClass): 204 PUT http://10.180.1.21/identity/v3/projects/f47a40a4839e4a549e519e37f660c652/users/79be756138e54213b3e39c93a585a85d/roles/d3126cd9e61d42d2b7e61f3430c0dc6e 0.133s
2024-12-13 05:42:14.607 68269 INFO tempest.lib.common.dynamic_creds [-] Dynamic test user 79be756138e54213b3e39c93a585a85d is created with scope project and roles: ['member']
2024-12-13 05:42:14.608 68269 INFO tempest.lib.common.dynamic_creds [-] Acquired dynamic creds: credentials: Credentials: {'domain_id': 'default', 'domain_name': 'Default', 'username': 'tempest-FloatingIPsAssociationNegativeTestJSON-1316506159-project-member', 'project_domain_id': 'default', 'project_domain_name': 'Default', 'project_id': 'f47a40a4839e4a549e519e37f660c652', 'project_name': 'tempest-FloatingIPsAssociationNegativeTestJSON-1316506159', 'tenant_id': 'f47a40a4839e4a549e519e37f660c652', 'tenant_name': 'tempest-FloatingIPsAssociationNegativeTestJSON-1316506159', 'user_domain_id': 'default', 'user_domain_name': 'Default', 'user_id': '79be756138e54213b3e39c93a585a85d', 'system': None}, Network: None, Subnet: None, Router: None
2024-12-13 05:42:14.623 68279 INFO tempest.lib.common.rest_client [req-43cf7971-02f8-4020-8b50-d982547774a4 req-43cf7971-02f8-4020-8b50-d982547774a4 ] Request (AttachInterfacesV270Test:test_create_get_list_interfaces): 200 GET http://10.180.1.21/compute/v2.1/servers/38bb528d-e25b-468e-9d8c-bbfe8cf09ce9 0.431s
2024-12-13 05:42:14.645 68245 INFO tempest.lib.common.rest_client [req-5cf1ecd5-be90-41b1-b926-78d408c51301 req-5cf1ecd5-be90-41b1-b926-78d408c51301 ] Request (ServersListShow296Test:setUpClass): 201 POST http://10.180.1.21/identity/v3/auth/tokens 0.137s
2024-12-13 05:42:14.673 68287 INFO tempest.lib.common.rest_client [req-f5682d7d-7c25-440a-aedc-a08c5387a8c1 req-f5682d7d-7c25-440a-aedc-a08c5387a8c1 ] Request (MultipleCreateNegativeTestJSON:setUpClass): 201 POST http://10.180.1.21/identity/v3/auth/tokens 0.115s
2024-12-13 05:42:14.680 68243 INFO tempest.lib.common.rest_client [req-2feb5000-6bfb-438a-890d-3ffc3bd78571 req-2feb5000-6bfb-438a-890d-3ffc3bd78571 ] Request (DeleteServersAdminTestJSON:test_delete_server_while_in_error_state): 200 GET http://10.180.1.21/compute/v2.1/servers/44bcb5fd-4cd2-4bf4-bf80-71ddce99bf52 0.437s
2024-12-13 05:42:14.696 68269 INFO tempest.lib.common.rest_client [req-cf91a9c7-bb59-432c-b0bc-0d98e649c9ff req-cf91a9c7-bb59-432c-b0bc-0d98e649c9ff ] Request (FloatingIPsAssociationNegativeTestJSON:setUpClass): 201 POST http://10.180.1.21/identity/v3/auth/tokens 0.088s
2024-12-13 05:42:14.703 68261 INFO tempest.lib.common.rest_client [req-0ec4e48b-4e32-4cb8-bae1-546e32061116 req-0ec4e48b-4e32-4cb8-bae1-546e32061116 ] Request (ServerExternalEventsTest:setUpClass): 204 PUT http://10.180.1.21/identity/v3/projects/3ac956fb386942d79f7b74c1db19092d/users/4d0750d2f4fd4adcabe92ecada222692/roles/67670f6f4df54e87ace516ef177c5b72 0.132s
2024-12-13 05:42:14.743 68245 INFO tempest.lib.common.rest_client [req-86295290-91ce-45be-86de-d1f3d65675aa req-86295290-91ce-45be-86de-d1f3d65675aa ] Request (ServersListShow296Test:test_list_show_server_296): 201 POST http://10.180.1.21/identity/v3/auth/tokens 0.094s
2024-12-13 05:42:14.743 68245 INFO tempest.lib.common.fixed_network [-] (ServersListShow296Test:test_list_show_server_296) Found network None available for tenant
2024-12-13 05:42:14.746 68287 INFO tempest.lib.common.rest_client [req-097e13e4-9f44-48b7-8f43-fed03e4921d0 req-097e13e4-9f44-48b7-8f43-fed03e4921d0 ] Request (MultipleCreateNegativeTestJSON:test_max_count_less_than_min_count): 201 POST http://10.180.1.21/identity/v3/auth/tokens 0.067s
2024-12-13 05:42:14.747 68287 INFO tempest.lib.common.fixed_network [-] (MultipleCreateNegativeTestJSON:test_max_count_less_than_min_count) Found network None available for tenant
2024-12-13 05:42:14.751 68273 INFO tempest.lib.common.rest_client [req-088f246f-bb28-43af-a966-2e91f22148bd req-088f246f-bb28-43af-a966-2e91f22148bd ] Request (ServersAdmin275Test:tearDownClass): 200 GET http://10.180.1.21/compute/v2.1/servers/7fbe345a-3ce0-4e4d-9a64-aecade889565 0.480s
2024-12-13 05:42:14.790 68241 INFO tempest.lib.common.rest_client [req-1e1aada6-0b53-4848-9b4a-41afb9205a7d req-1e1aada6-0b53-4848-9b4a-41afb9205a7d ] Request (ImagesOneServerTestJSON:test_create_delete_image): 200 GET http://10.180.1.21/compute/v2.1/images/09620c55-cfd4-48d7-9b73-d3b81ab7bedd 0.482s
2024-12-13 05:42:14.795 68261 INFO tempest.lib.common.rest_client [req-b8ac8efa-a6d9-4b97-85d2-8eb2f8c1bc7f req-b8ac8efa-a6d9-4b97-85d2-8eb2f8c1bc7f ] Request (ServerExternalEventsTest:setUpClass): 200 GET http://10.180.1.21/identity/v3/roles 0.092s
2024-12-13 05:42:14.826 68261 INFO tempest.lib.common.rest_client [req-5e8a7549-ca8b-4826-9583-91a630bf7e81 req-5e8a7549-ca8b-4826-9583-91a630bf7e81 ] Request (ServerExternalEventsTest:setUpClass): 204 PUT http://10.180.1.21/identity/v3/projects/3ac956fb386942d79f7b74c1db19092d/users/4d0750d2f4fd4adcabe92ecada222692/roles/7e6ab1be8e09477fb5bdaa7d4a25b67c 0.030s
2024-12-13 05:42:14.826 68261 INFO tempest.lib.common.dynamic_creds [-] Dynamic test user 4d0750d2f4fd4adcabe92ecada222692 is created with scope project and roles: ['admin', 'service']
2024-12-13 05:42:14.826 68261 INFO tempest.lib.common.dynamic_creds [-] Acquired dynamic creds: credentials: Credentials: {'domain_id': 'default', 'domain_name': 'Default', 'username': 'tempest-ServerExternalEventsTest-340824571-project', 'project_domain_id': 'default', 'project_domain_name': 'Default', 'project_id': '3ac956fb386942d79f7b74c1db19092d', 'project_name': 'tempest-ServerExternalEventsTest-340824571', 'tenant_id': '3ac956fb386942d79f7b74c1db19092d', 'tenant_name': 'tempest-ServerExternalEventsTest-340824571', 'user_domain_id': 'default', 'user_domain_name': 'Default', 'user_id': '4d0750d2f4fd4adcabe92ecada222692', 'system': None}, Network: None, Subnet: None, Router: None
2024-12-13 05:42:14.826 68261 INFO tempest.lib.common.dynamic_creds [-] Created isolated network resources for: credentials: Credentials: {'domain_id': 'default', 'domain_name': 'Default', 'username': 'tempest-ServerExternalEventsTest-340824571-project', 'project_domain_id': 'default', 'project_domain_name': 'Default', 'project_id': '3ac956fb386942d79f7b74c1db19092d', 'project_name': 'tempest-ServerExternalEventsTest-340824571', 'tenant_id': '3ac956fb386942d79f7b74c1db19092d', 'tenant_name': 'tempest-ServerExternalEventsTest-340824571', 'user_domain_id': 'default', 'user_domain_name': 'Default', 'user_id': '4d0750d2f4fd4adcabe92ecada222692', 'system': None}, Network: None, Subnet: None, Router: None
2024-12-13 05:42:14.872 68259 INFO tempest.lib.common.rest_client [req-21f0b430-537a-4561-bbf2-dffad1b2d2ed req-21f0b430-537a-4561-bbf2-dffad1b2d2ed ] Request (InstanceActionsV221TestJSON:test_get_list_deleted_instance_actions): 200 GET http://10.180.1.21/compute/v2.1/servers/b523b53f-5dd6-41e4-a097-3ac8cb9b09ac 0.551s
2024-12-13 05:42:14.893 68265 INFO tempest.lib.common.rest_client [req-96994d47-1186-4958-bdd7-fc2e586bcba5 req-96994d47-1186-4958-bdd7-fc2e586bcba5 ] Request (ServicesAdminTestJSON:test_get_service_by_service_binary_name): 200 GET http://10.180.1.21/compute/v2.1/os-services?binary=nova-compute 0.557s
2024-12-13 05:42:14.938 68261 INFO tempest.lib.common.rest_client [req-2aef7451-8b05-4a52-ab43-d1963289dff4 req-2aef7451-8b05-4a52-ab43-d1963289dff4 ] Request (ServerExternalEventsTest:setUpClass): 201 POST http://10.180.1.21/identity/v3/auth/tokens 0.107s
2024-12-13 05:42:14.984 68271 INFO tempest.lib.common.rest_client [req-4f092b10-eefc-4493-863a-65302b3f1b96 req-4f092b10-eefc-4493-863a-65302b3f1b96 ] Request (ServerActionsTestJSON:setUpClass): 200 GET http://10.180.1.21/compute/v2.1/servers/49e0af98-e430-4d2f-ae10-e6aa178006cf 0.587s
2024-12-13 05:42:15.011 68261 INFO tempest.lib.common.rest_client [req-b834f3d1-b7f3-4e17-90a6-63182d6ca44a req-b834f3d1-b7f3-4e17-90a6-63182d6ca44a ] Request (ServerExternalEventsTest:test_create_server_external_events): 201 POST http://10.180.1.21/identity/v3/auth/tokens 0.068s
2024-12-13 05:42:15.011 68261 INFO tempest.lib.common.fixed_network [-] (ServerExternalEventsTest:test_create_server_external_events) Found network None available for tenant
2024-12-13 05:42:15.060 68233 INFO tempest.lib.common.rest_client [req-a39df3b6-61a8-416c-a8f0-eadd493685e7 req-a39df3b6-61a8-416c-a8f0-eadd493685e7 ] Request (ServersAdminNegativeTestJSON:test_migrate_server_invalid_state): 200 GET http://10.180.1.21/compute/v2.1/servers/482d902a-48d3-4165-b346-9e4266f2c923 0.654s
2024-12-13 05:42:15.130 68277 INFO tempest.lib.common.rest_client [req-145e7f9b-1e65-4a86-a47f-78c29a6ae6f9 req-145e7f9b-1e65-4a86-a47f-78c29a6ae6f9 ] Request (ServersTestBootFromVolume:setUpClass): 200 GET http://10.180.1.21/compute/v2.1/servers/0f2d5b53-a0a8-4555-90b7-74546298b6d5 0.661s
2024-12-13 05:42:15.172 68269 INFO tempest.lib.common.rest_client [req-5287c920-4ad7-490f-8cdc-7edab448d020 req-5287c920-4ad7-490f-8cdc-7edab448d020 ] Request (FloatingIPsAssociationNegativeTestJSON:setUpClass): 201 POST http://10.180.1.21:9696/networking/v2.0/networks 0.475s
2024-12-13 05:42:15.419 68235 INFO tempest.lib.common.rest_client [req-137622a7-d503-4c54-a2f8-c02bd572f845 req-137622a7-d503-4c54-a2f8-c02bd572f845 ] Request (ServerShowV247Test:test_update_rebuild_list_server): 200 PUT http://10.180.1.21/compute/v2.1/servers/16a166da-44a9-4883-a4d0-981f3d256f1b 0.943s
2024-12-13 05:42:15.422 68269 INFO tempest.lib.common.rest_client [req-0bdf04ed-d7df-4242-bde5-edd45dd8ec49 req-0bdf04ed-d7df-4242-bde5-edd45dd8ec49 ] Request (FloatingIPsAssociationNegativeTestJSON:setUpClass): 201 POST http://10.180.1.21:9696/networking/v2.0/subnets 0.249s
2024-12-13 05:42:15.495 68251 INFO tempest.lib.common.rest_client [req-e3467fa8-2b5b-4dd6-b6c0-6a29f360510c req-e3467fa8-2b5b-4dd6-b6c0-6a29f360510c ] Request (AttachInterfacesTestJSON:test_create_list_show_delete_interfaces_by_fixed_ip): 200 GET http://10.180.1.21/compute/v2.1/servers/f6a97d93-1aaf-4c84-b46a-b6c24cfa9cde 1.016s
2024-12-13 05:42:15.559 68249 INFO tempest.lib.common.rest_client [req-3bb57290-fb1e-4adb-a2fd-99a5dcff33d2 req-3bb57290-fb1e-4adb-a2fd-99a5dcff33d2 ] Request (FloatingIPsAssociationTestJSON:test_associate_disassociate_floating_ip): 202 POST http://10.180.1.21/compute/v2.1/servers/3d9fc231-5c72-4cd7-96d5-58bf8b0ea341/action 2.376s
2024-12-13 05:42:15.612 68257 INFO tempest.lib.common.rest_client [req-398c34ed-0de5-4ff5-a53c-0fdde746eea3 req-398c34ed-0de5-4ff5-a53c-0fdde746eea3 ] Request (ServersNegativeTestJSON:setUpClass): 200 GET http://10.180.1.21/compute/v2.1/servers/3a9c7040-44b2-45a9-bbea-16995a643e08 1.064s
2024-12-13 05:42:15.655 68263 INFO tempest.lib.common.rest_client [req-bff5df58-8b4f-4b25-b2a5-9a0a37feef89 req-bff5df58-8b4f-4b25-b2a5-9a0a37feef89 ] Request (HypervisorAdminTestJSON:test_get_hypervisor_list): 200 GET http://10.180.1.21/compute/v2.1/os-hypervisors 1.136s
2024-12-13 05:42:15.685 68283 INFO tempest.lib.common.rest_client [req-f1fb3d9d-a279-4a30-9211-82be5b4b360a req-f1fb3d9d-a279-4a30-9211-82be5b4b360a ] Request (MultipleCreateTestJSON:test_multiple_create): 200 GET http://10.180.1.21/compute/v2.1/servers/1050f2b2-a884-40d6-b519-a381df45f896 1.134s
2024-12-13 05:42:15.730 68237 INFO tempest.lib.common.rest_client [req-adfc0e72-2611-4436-ae7f-c33c0ca4534a req-adfc0e72-2611-4436-ae7f-c33c0ca4534a ] Request (ServersTestJSON:setUpClass): 200 GET http://10.180.1.21/compute/v2.1/servers/5ae6e0ed-3ded-432c-9efa-bdb576f5079b 1.115s
2024-12-13 05:42:15.811 68267 INFO tempest.lib.common.rest_client [req-3e49b537-19b1-4a56-99bb-556edf4671bb req-3e49b537-19b1-4a56-99bb-556edf4671bb ] Request (ImagesNegativeTestJSON:test_create_image_from_deleted_server): 200 GET http://10.180.1.21/compute/v2.1/servers/9a24af59-9f1d-4625-8cd2-728e7464f09a 1.123s
2024-12-13 05:42:15.885 68293 INFO tempest.lib.common.rest_client [req-dac1eade-14fb-4e5a-bbfc-1e7a52b0f0a1 req-dac1eade-14fb-4e5a-bbfc-1e7a52b0f0a1 ] Request (ServersAdminTestJSON:setUpClass): 200 GET http://10.180.1.21/compute/v2.1/servers/fa858069-56fa-4de6-885c-670408b92daa 1.172s
2024-12-13 05:42:15.988 68291 INFO tempest.lib.common.rest_client [req-4bef177c-b936-48b0-87c6-e30f5d6f8608 req-4bef177c-b936-48b0-87c6-e30f5d6f8608 ] Request (ServersTestFqdnHostnames:test_create_server_with_fqdn_name): 200 GET http://10.180.1.21/compute/v2.1/servers/b7395f42-7370-49c6-b975-05a3432f71d4 1.341s
2024-12-13 05:42:16.072 68287 INFO tempest.lib.common.rest_client [req-a93c238c-a493-455d-b65b-b2ab3a3859fc req-a93c238c-a493-455d-b65b-b2ab3a3859fc ] Request (MultipleCreateNegativeTestJSON:test_max_count_less_than_min_count): 400 POST http://10.180.1.21/compute/v2.1/servers 1.324s
2024-12-13 05:42:16.099 68265 INFO tempest.lib.common.rest_client [req-366e65cc-e6c5-463b-a710-3be84376289f req-366e65cc-e6c5-463b-a710-3be84376289f ] Request (ServicesAdminTestJSON:test_list_services): 200 GET http://10.180.1.21/compute/v2.1/os-services 1.203s
2024-12-13 05:42:16.121 68287 INFO tempest.lib.common.rest_client [req-74e38aaf-e898-4c02-8f3c-af5f55dec312 req-74e38aaf-e898-4c02-8f3c-af5f55dec312 ] Request (MultipleCreateNegativeTestJSON:test_max_count_less_than_one): 201 POST http://10.180.1.21/identity/v3/auth/tokens 0.040s
2024-12-13 05:42:16.121 68287 INFO tempest.lib.common.fixed_network [-] (MultipleCreateNegativeTestJSON:test_max_count_less_than_one) Found network None available for tenant
2024-12-13 05:42:16.130 68245 INFO tempest.lib.common.rest_client [req-fe0410b6-fb76-4c3d-836e-22e7a3b4a0a9 req-fe0410b6-fb76-4c3d-836e-22e7a3b4a0a9 ] Request (ServersListShow296Test:test_list_show_server_296): 202 POST http://10.180.1.21/compute/v2.1/servers 1.386s
2024-12-13 05:42:16.272 68265 INFO tempest.lib.common.rest_client [req-4f59526b-e0f6-4af0-a766-d61f88455ad2 req-4f59526b-e0f6-4af0-a766-d61f88455ad2 ] Request (ServicesAdminTestJSON:tearDownClass): 204 DELETE http://10.180.1.21/identity/v3/users/58fb29fcedce4fea9267e5277176383c 0.169s
2024-12-13 05:42:16.365 68289 INFO tempest.lib.common.rest_client [req-fa24193d-5031-4129-ac9d-299615bf0b2d req-fa24193d-5031-4129-ac9d-299615bf0b2d ] Request (MigrationsAdminTest:test_list_migrations_in_flavor_resize_situation): 200 GET http://10.180.1.21/compute/v2.1/servers/53ceb216-7d63-4dfd-8185-1bf488665180 1.130s
2024-12-13 05:42:16.383 68265 INFO tempest.lib.common.rest_client [req-6dd7ba99-06dc-4e64-9674-a55e1bd1d9af req-6dd7ba99-06dc-4e64-9674-a55e1bd1d9af ] Request (ServicesAdminTestJSON:tearDownClass): 204 DELETE http://10.180.1.21/identity/v3/users/308552b794cf40c68062f1b1600d8bdc 0.110s
2024-12-13 05:42:16.383 68265 INFO tempest.lib.common.dynamic_creds [-] Deleting project and security group for project: ce8c2b5e23a04704aeb6b9ee777f97a6
2024-12-13 05:42:16.447 68265 INFO tempest.lib.common.rest_client [req-896c7733-f6b1-478d-a79f-781452db0134 req-896c7733-f6b1-478d-a79f-781452db0134 ] Request (ServicesAdminTestJSON:tearDownClass): 201 POST http://10.180.1.21/identity/v3/auth/tokens 0.064s
2024-12-13 05:42:16.504 68261 INFO tempest.lib.common.rest_client [req-8c1ef6ac-ead4-4528-8f98-4c1361cc886b req-8c1ef6ac-ead4-4528-8f98-4c1361cc886b ] Request (ServerExternalEventsTest:test_create_server_external_events): 202 POST http://10.180.1.21/compute/v2.1/servers 1.492s
2024-12-13 05:42:16.515 68275 INFO tempest.lib.common.rest_client [req-bcf149c1-e4a9-4f19-95fc-7fbe0faee28e req-bcf149c1-e4a9-4f19-95fc-7fbe0faee28e ] Request (SecurityGroupsTestJSON:test_list_security_groups_by_server): 200 GET http://10.180.1.21/compute/v2.1/servers/e5285ea1-c895-4ed9-b81d-fbaac9d45b66 1.270s
2024-12-13 05:42:16.523 68275 INFO tempest.common.waiters [-] State transition "BUILD/block_device_mapping" ==> "BUILD/spawning" after 39 second wait
2024-12-13 05:42:16.573 68253 INFO tempest.lib.common.rest_client [req-a8e30e81-2adc-40a1-9545-ec0a306f7a5a req-a8e30e81-2adc-40a1-9545-ec0a306f7a5a ] Request (ServersTestManualDisk:setUpClass): 200 GET http://10.180.1.21/compute/v2.1/servers/c4c6f28d-0842-4889-b5e3-ac85cf7f2d1e 1.250s
2024-12-13 05:42:16.604 68247 INFO tempest.lib.common.rest_client [req-afc2400d-f125-4125-997c-bc5d3f546d5a req-afc2400d-f125-4125-997c-bc5d3f546d5a ] Request (ImagesOneServerNegativeTestJSON:_run_cleanups): 200 GET http://10.180.1.21/compute/v2.1/servers/e3fc8314-7f46-4c87-ac67-76133a853b0e 1.255s
2024-12-13 05:42:16.628 68269 INFO tempest.lib.common.rest_client [req-777e32cb-4032-496b-a1d7-5cf236b71361 req-777e32cb-4032-496b-a1d7-5cf236b71361 ] Request (FloatingIPsAssociationNegativeTestJSON:setUpClass): 201 POST http://10.180.1.21:9696/networking/v2.0/routers 1.206s
2024-12-13 05:42:16.640 68235 INFO tempest.lib.common.rest_client [req-e5f6c49e-1b04-4b51-87dc-c0eb7db3f9de req-e5f6c49e-1b04-4b51-87dc-c0eb7db3f9de ] Request (ServerShowV247Test:test_update_rebuild_list_server): 200 GET http://10.180.1.21/compute/v2.1/servers/16a166da-44a9-4883-a4d0-981f3d256f1b 1.205s
2024-12-13 05:42:16.674 68265 INFO tempest.lib.common.rest_client [req-5a9b33b7-c28e-4cc6-8481-838d76b654bb req-5a9b33b7-c28e-4cc6-8481-838d76b654bb ] Request (ServicesAdminTestJSON:tearDownClass): 200 GET http://10.180.1.21:9696/networking/v2.0/security-groups?tenant_id=ce8c2b5e23a04704aeb6b9ee777f97a6&name=default 0.226s
2024-12-13 05:42:16.711 68295 INFO tempest.lib.common.rest_client [req-ccb1f8fc-6aec-4f0c-b8d4-a54fbdb17f3b req-ccb1f8fc-6aec-4f0c-b8d4-a54fbdb17f3b ] Request (ServerRescueNegativeTestJSON:setUpClass): 200 GET http://10.180.1.21/compute/v2.1/servers/29fdb461-3f61-48ef-b36b-9a2c094a86cd 1.151s
2024-12-13 05:42:16.776 68249 INFO tempest.lib.common.rest_client [req-ae1de424-8ec0-473d-930d-f2ad2675f816 req-ae1de424-8ec0-473d-930d-f2ad2675f816 ] Request (FloatingIPsAssociationTestJSON:test_associate_disassociate_floating_ip): 200 GET http://10.180.1.21/compute/v2.1/os-floating-ips/a48e4846-7f36-4b62-b405-142705b1f53e 1.217s
2024-12-13 05:42:16.789 68265 INFO tempest.lib.common.rest_client [req-f28296ad-e89c-4e81-b76e-de3a4befa153 req-f28296ad-e89c-4e81-b76e-de3a4befa153 ] Request (ServicesAdminTestJSON:tearDownClass): 204 DELETE http://10.180.1.21:9696/networking/v2.0/security-groups/bda97c5d-a722-46ae-9ef5-0ced01fe4688 0.114s
2024-12-13 05:42:16.817 68279 INFO tempest.lib.common.rest_client [req-6180ebb2-9c90-4dd5-91b4-9ad7d5870c26 req-6180ebb2-9c90-4dd5-91b4-9ad7d5870c26 ] Request (AttachInterfacesV270Test:test_create_get_list_interfaces): 200 GET http://10.180.1.21/compute/v2.1/servers/38bb528d-e25b-468e-9d8c-bbfe8cf09ce9 1.182s
2024-12-13 05:42:16.820 68263 INFO tempest.lib.common.rest_client [req-011e6616-f5ac-4428-a16b-2c790e705d8a req-011e6616-f5ac-4428-a16b-2c790e705d8a ] Request (HypervisorAdminTestJSON:test_get_hypervisor_list_details): 200 GET http://10.180.1.21/compute/v2.1/os-hypervisors/detail 1.162s
2024-12-13 05:42:16.884 68243 INFO tempest.lib.common.rest_client [req-1ffdb656-69b5-4764-a339-96d1bcdb5d68 req-1ffdb656-69b5-4764-a339-96d1bcdb5d68 ] Request (DeleteServersAdminTestJSON:test_delete_server_while_in_error_state): 200 GET http://10.180.1.21/compute/v2.1/servers/44bcb5fd-4cd2-4bf4-bf80-71ddce99bf52 1.195s
2024-12-13 05:42:16.916 68265 INFO tempest.lib.common.rest_client [req-86d7c24f-0b67-4f58-aae9-ae8a9514ccb3 req-86d7c24f-0b67-4f58-aae9-ae8a9514ccb3 ] Request (ServicesAdminTestJSON:tearDownClass): 204 DELETE http://10.180.1.21/identity/v3/projects/ce8c2b5e23a04704aeb6b9ee777f97a6 0.126s
2024-12-13 05:42:16.917 68265 INFO tempest.lib.common.dynamic_creds [-] Deleting project and security group for project: 35851d068006445a89c3fd90f6009c20
