2024-12-13 05:42:21.935 68263 INFO tempest.lib.common.dynamic_creds [-] Dynamic test user 6708da7ac9b54f8ea30f0a3a38a1e78e is created with scope project and roles: ['member']
2024-12-13 05:42:21.936 68263 INFO tempest.lib.common.dynamic_creds [-] Acquired dynamic creds: credentials: Credentials: {'domain_id': 'default', 'domain_name': 'Default', 'username': 'tempest-NetworksTest-78984710-project-member', 'project_domain_id': 'default', 'project_domain_name': 'Default', 'project_id': 'bc17b2b3d78441939075bb590c826a08', 'project_name': 'tempest-NetworksTest-78984710', 'tenant_id': 'bc17b2b3d78441939075bb590c826a08', 'tenant_name': 'tempest-NetworksTest-78984710', 'user_domain_id': 'default', 'user_domain_name': 'Default', 'user_id': '6708da7ac9b54f8ea30f0a3a38a1e78e', 'system': None}, Network: None, Subnet: None, Router: None
2024-12-13 05:42:21.936 68263 INFO tempest.lib.common.dynamic_creds [-] Created isolated network resources for: credentials: Credentials: {'domain_id': 'default', 'domain_name': 'Default', 'username': 'tempest-NetworksTest-78984710-project-member', 'project_domain_id': 'default', 'project_domain_name': 'Default', 'project_id': 'bc17b2b3d78441939075bb590c826a08', 'project_name': 'tempest-NetworksTest-78984710', 'tenant_id': 'bc17b2b3d78441939075bb590c826a08', 'tenant_name': 'tempest-NetworksTest-78984710', 'user_domain_id': 'default', 'user_domain_name': 'Default', 'user_id': '6708da7ac9b54f8ea30f0a3a38a1e78e', 'system': None}, Network: None, Subnet: None, Router: None
2024-12-13 05:42:22.028 68247 INFO tempest.lib.common.rest_client [req-e08b0821-c499-4bd6-937d-f4414a57b43d req-e08b0821-c499-4bd6-937d-f4414a57b43d ] Request (ImagesOneServerNegativeTestJSON:_run_cleanups): 200 GET http://10.180.1.21/compute/v2.1/servers/e3fc8314-7f46-4c87-ac67-76133a853b0e 0.348s
2024-12-13 05:42:22.039 68263 INFO tempest.lib.common.rest_client [req-d32f0e81-d8d1-41c2-a9ce-8d64c20c444e req-d32f0e81-d8d1-41c2-a9ce-8d64c20c444e ] Request (NetworksTest:setUpClass): 201 POST http://10.180.1.21/identity/v3/auth/tokens 0.100s
2024-12-13 05:42:22.113 68235 INFO tempest.lib.common.rest_client [req-ee66de83-b0fd-4e83-83cb-5ea62746dc14 req-ee66de83-b0fd-4e83-83cb-5ea62746dc14 ] Request (ServerShowV247Test:test_update_rebuild_list_server): 200 GET http://10.180.1.21/compute/v2.1/servers/16a166da-44a9-4883-a4d0-981f3d256f1b 0.422s
2024-12-13 05:42:22.127 68263 INFO tempest.lib.common.rest_client [req-8f04249e-6651-449a-9391-76afdcc5d36a req-8f04249e-6651-449a-9391-76afdcc5d36a ] Request (NetworksTest:setUpClass): 201 POST http://10.180.1.21/identity/v3/projects 0.088s
2024-12-13 05:42:22.190 68263 INFO tempest.lib.common.rest_client [req-501bfdc4-331f-4274-b710-10ddd1cf25be req-501bfdc4-331f-4274-b710-10ddd1cf25be ] Request (NetworksTest:setUpClass): 201 POST http://10.180.1.21/identity/v3/users 0.061s
2024-12-13 05:42:22.209 68263 INFO tempest.lib.common.rest_client [req-ec38f1a6-6d31-481b-b62c-a54ea5b3677a req-ec38f1a6-6d31-481b-b62c-a54ea5b3677a ] Request (NetworksTest:setUpClass): 200 GET http://10.180.1.21/identity/v3/roles 0.018s
2024-12-13 05:42:22.210 68295 INFO tempest.lib.common.rest_client [req-0a787894-5f42-4293-b737-030ea4b4c60a req-0a787894-5f42-4293-b737-030ea4b4c60a ] Request (ServerRescueNegativeTestJSON:setUpClass): 200 GET http://10.180.1.21/compute/v2.1/servers/29fdb461-3f61-48ef-b36b-9a2c094a86cd 0.449s
2024-12-13 05:42:22.243 68263 INFO tempest.lib.common.rest_client [req-f6cc6c64-8ee4-470b-b533-2dbeb9616446 req-f6cc6c64-8ee4-470b-b533-2dbeb9616446 ] Request (NetworksTest:setUpClass): 204 PUT http://10.180.1.21/identity/v3/projects/59876e8a844e4bbc9354ee0dbc6d150d/users/7f2d94a87f624ba5baa1de319ba3dd06/roles/67670f6f4df54e87ace516ef177c5b72 0.034s
2024-12-13 05:42:22.280 68249 INFO tempest.lib.common.rest_client [req-ebec862c-5171-4a91-bfdf-8eb020e32419 req-ebec862c-5171-4a91-bfdf-8eb020e32419 ] Request (FloatingIPsAssociationTestJSON:tearDownClass): 200 GET http://10.180.1.21/compute/v2.1/servers/615d9c66-fac7-48b9-8dad-1adf1e9d4e03 0.481s
2024-12-13 05:42:22.290 68263 INFO tempest.lib.common.rest_client [req-6ff1ab59-f935-4b48-b600-486a5b576a38 req-6ff1ab59-f935-4b48-b600-486a5b576a38 ] Request (NetworksTest:setUpClass): 200 GET http://10.180.1.21/identity/v3/roles 0.047s
2024-12-13 05:42:22.314 68263 INFO tempest.lib.common.rest_client [req-917e155a-f768-4e4a-94a3-1a76940642bb req-917e155a-f768-4e4a-94a3-1a76940642bb ] Request (NetworksTest:setUpClass): 204 PUT http://10.180.1.21/identity/v3/projects/59876e8a844e4bbc9354ee0dbc6d150d/users/7f2d94a87f624ba5baa1de319ba3dd06/roles/67670f6f4df54e87ace516ef177c5b72 0.023s
2024-12-13 05:42:22.314 68263 INFO tempest.lib.common.dynamic_creds [-] Dynamic test user 7f2d94a87f624ba5baa1de319ba3dd06 is created with scope project and roles: ['admin']
2024-12-13 05:42:22.314 68263 INFO tempest.lib.common.dynamic_creds [-] Acquired dynamic creds: credentials: Credentials: {'domain_id': 'default', 'domain_name': 'Default', 'username': 'tempest-NetworksTest-1146842842-project-admin', 'project_domain_id': 'default', 'project_domain_name': 'Default', 'project_id': '59876e8a844e4bbc9354ee0dbc6d150d', 'project_name': 'tempest-NetworksTest-1146842842', 'tenant_id': '59876e8a844e4bbc9354ee0dbc6d150d', 'tenant_name': 'tempest-NetworksTest-1146842842', 'user_domain_id': 'default', 'user_domain_name': 'Default', 'user_id': '7f2d94a87f624ba5baa1de319ba3dd06', 'system': None}, Network: None, Subnet: None, Router: None
2024-12-13 05:42:22.314 68263 INFO tempest.lib.common.dynamic_creds [-] Created isolated network resources for: credentials: Credentials: {'domain_id': 'default', 'domain_name': 'Default', 'username': 'tempest-NetworksTest-1146842842-project-admin', 'project_domain_id': 'default', 'project_domain_name': 'Default', 'project_id': '59876e8a844e4bbc9354ee0dbc6d150d', 'project_name': 'tempest-NetworksTest-1146842842', 'tenant_id': '59876e8a844e4bbc9354ee0dbc6d150d', 'tenant_name': 'tempest-NetworksTest-1146842842', 'user_domain_id': 'default', 'user_domain_name': 'Default', 'user_id': '7f2d94a87f624ba5baa1de319ba3dd06', 'system': None}, Network: None, Subnet: None, Router: None
2024-12-13 05:42:22.346 68279 INFO tempest.lib.common.rest_client [req-78e6d3f1-69d2-452a-b766-0dad4b311f11 req-78e6d3f1-69d2-452a-b766-0dad4b311f11 ] Request (AttachInterfacesV270Test:test_create_get_list_interfaces): 200 GET http://10.180.1.21/compute/v2.1/servers/38bb528d-e25b-468e-9d8c-bbfe8cf09ce9 0.513s
2024-12-13 05:42:22.374 68285 WARNING tempest.lib.common.ssh [-] Failed to establish authenticated ssh connection to cirros@10.180.180.182 ([Errno None] Unable to connect to port 22 on 10.180.180.182). Number attempts: 6. Retry after 7 seconds.: paramiko.ssh_exception.NoValidConnectionsError: [Errno None] Unable to connect to port 22 on 10.180.180.182
2024-12-13 05:42:22.423 68263 INFO tempest.lib.common.rest_client [req-c7f20555-6ea8-43a9-9fd4-44f6f4e30848 req-c7f20555-6ea8-43a9-9fd4-44f6f4e30848 ] Request (NetworksTest:setUpClass): 201 POST http://10.180.1.21/identity/v3/auth/tokens 0.105s
2024-12-13 05:42:22.427 68243 INFO tempest.lib.common.rest_client [req-6a00760c-f2d8-4898-a70a-7995eb53661f req-6a00760c-f2d8-4898-a70a-7995eb53661f ] Request (DeleteServersAdminTestJSON:test_delete_server_while_in_error_state): 200 GET http://10.180.1.21/compute/v2.1/servers/44bcb5fd-4cd2-4bf4-bf80-71ddce99bf52 0.571s
2024-12-13 05:42:22.464 68241 INFO tempest.lib.common.rest_client [req-4181580d-f687-4cfd-b1ca-245dc05dec41 req-4181580d-f687-4cfd-b1ca-245dc05dec41 ] Request (ImagesOneServerTestJSON:test_create_delete_image): 200 GET http://10.180.1.21/compute/v2.1/images/09620c55-cfd4-48d7-9b73-d3b81ab7bedd 0.565s
2024-12-13 05:42:22.540 68273 INFO tempest.lib.common.rest_client [req-757ab44a-4fa0-48ae-a9ff-71175cdeb4b0 req-757ab44a-4fa0-48ae-a9ff-71175cdeb4b0 ] Request (ServersAdmin275Test:tearDownClass): 200 GET http://10.180.1.21/compute/v2.1/servers/7fbe345a-3ce0-4e4d-9a64-aecade889565 0.589s
2024-12-13 05:42:22.624 68265 INFO tempest.lib.common.rest_client [req-180d4a2c-76f3-41ed-9cff-3556b106bcf6 req-180d4a2c-76f3-41ed-9cff-3556b106bcf6 ] Request (ServersTestMultiNic:test_verify_duplicate_network_nics): 202 POST http://10.180.1.21/compute/v2.1/servers 1.032s
2024-12-13 05:42:22.688 68259 INFO tempest.lib.common.rest_client [req-dc5d0140-706f-4870-bd4f-fbb0fe0c5808 req-dc5d0140-706f-4870-bd4f-fbb0fe0c5808 ] Request (InstanceActionsV221TestJSON:test_get_list_deleted_instance_actions): 200 GET http://10.180.1.21/compute/v2.1/servers/b523b53f-5dd6-41e4-a097-3ac8cb9b09ac 0.656s
2024-12-13 05:42:22.705 68271 INFO tempest.lib.common.rest_client [req-406393b9-6e87-47f9-b119-8d7120edd561 req-406393b9-6e87-47f9-b119-8d7120edd561 ] Request (ServerActionsTestJSON:setUpClass): 200 GET http://10.180.1.21/compute/v2.1/servers/49e0af98-e430-4d2f-ae10-e6aa178006cf 0.718s
2024-12-13 05:42:22.711 68271 INFO tempest.common.waiters [-] State transition "BUILD/networking" ==> "BUILD/spawning" after 43 second wait
2024-12-13 05:42:22.737 68269 INFO tempest.lib.common.rest_client [req-f7cd1121-e1e0-4ece-b6c1-fe2e2d5c6f4a req-f7cd1121-e1e0-4ece-b6c1-fe2e2d5c6f4a ] Request (FloatingIPsAssociationNegativeTestJSON:setUpClass): 200 GET http://10.180.1.21/compute/v2.1/servers/d0244585-d683-4bf5-b9ca-790caff8b6f8 0.433s
2024-12-13 05:42:22.790 68277 INFO tempest.lib.common.rest_client [req-fc04b13c-776a-4179-b156-68dbfc398ac2 req-fc04b13c-776a-4179-b156-68dbfc398ac2 ] Request (ServersTestBootFromVolume:setUpClass): 200 GET http://10.180.1.21/compute/v2.1/servers/0f2d5b53-a0a8-4555-90b7-74546298b6d5 0.420s
2024-12-13 05:42:22.818 68233 INFO tempest.lib.common.rest_client [req-6581ac35-9d6c-4d91-82ea-f01be9b95fcc req-6581ac35-9d6c-4d91-82ea-f01be9b95fcc ] Request (ServersAdminNegativeTestJSON:test_migrate_server_invalid_state): 200 GET http://10.180.1.21/compute/v2.1/servers/482d902a-48d3-4165-b346-9e4266f2c923 0.478s
2024-12-13 05:42:22.847 68261 INFO tempest.lib.common.rest_client [req-05a25370-b06d-4ec3-bbc0-083444873385 req-05a25370-b06d-4ec3-bbc0-083444873385 ] Request (ServerExternalEventsTest:test_create_server_external_events): 200 GET http://10.180.1.21/compute/v2.1/servers/c0c58aa9-d373-4b8a-a6dc-75d842c3f3a7 0.440s
2024-12-13 05:42:22.906 68251 INFO tempest.lib.common.rest_client [req-a42b9e5b-a2f0-4fcf-88f1-dc9449fc479d req-a42b9e5b-a2f0-4fcf-88f1-dc9449fc479d ] Request (AttachInterfacesTestJSON:test_create_list_show_delete_interfaces_by_fixed_ip): 200 GET http://10.180.1.21/compute/v2.1/servers/f6a97d93-1aaf-4c84-b46a-b6c24cfa9cde 0.478s
2024-12-13 05:42:22.968 68257 INFO tempest.lib.common.rest_client [req-57828507-ed6a-4a6e-8821-6e0fc42bd0ce req-57828507-ed6a-4a6e-8821-6e0fc42bd0ce ] Request (ServersNegativeTestJSON:setUpClass): 200 GET http://10.180.1.21/compute/v2.1/servers/3a9c7040-44b2-45a9-bbea-16995a643e08 0.504s
2024-12-13 05:42:23.023 68283 INFO tempest.lib.common.rest_client [req-33866aa8-701c-42c0-8057-ee917b457a6d req-33866aa8-701c-42c0-8057-ee917b457a6d ] Request (MultipleCreateTestJSON:test_multiple_create): 200 GET http://10.180.1.21/compute/v2.1/servers/1050f2b2-a884-40d6-b519-a381df45f896 0.531s
2024-12-13 05:42:23.089 68263 INFO tempest.lib.common.rest_client [req-5a5566fa-d1ab-4ed7-9491-2dc0792ccde8 req-5a5566fa-d1ab-4ed7-9491-2dc0792ccde8 ] Request (NetworksTest:test_get_network): 200 GET http://10.180.1.21/compute/v2.1/os-networks 0.663s
2024-12-13 05:42:23.105 68237 INFO tempest.lib.common.rest_client [req-b4b69990-d4c0-40c3-9e60-71739e29051a req-b4b69990-d4c0-40c3-9e60-71739e29051a ] Request (ServersTestJSON:setUpClass): 200 GET http://10.180.1.21/compute/v2.1/servers/5ae6e0ed-3ded-432c-9efa-bdb576f5079b 0.560s
2024-12-13 05:42:23.155 68293 INFO tempest.lib.common.rest_client [req-02afd472-1e58-469c-80fc-d2307cb852d2 req-02afd472-1e58-469c-80fc-d2307cb852d2 ] Request (ServersAdminTestJSON:setUpClass): 200 GET http://10.180.1.21/compute/v2.1/servers/fa858069-56fa-4de6-885c-670408b92daa 0.598s
2024-12-13 05:42:23.164 68265 INFO tempest.lib.common.rest_client [req-c2bc987d-632b-4a5f-a735-913c4e4d21be req-c2bc987d-632b-4a5f-a735-913c4e4d21be ] Request (ServersTestMultiNic:test_verify_duplicate_network_nics): 200 GET http://10.180.1.21/compute/v2.1/servers/eeb17f79-829d-40bf-b614-dac284c553f6 0.538s
2024-12-13 05:42:23.227 68291 INFO tempest.lib.common.rest_client [req-8da383c6-c3c3-4577-b831-ab5ed4ae753d req-8da383c6-c3c3-4577-b831-ab5ed4ae753d ] Request (ServersTestFqdnHostnames:test_create_server_with_fqdn_name): 200 GET http://10.180.1.21/compute/v2.1/servers/b7395f42-7370-49c6-b975-05a3432f71d4 0.591s
2024-12-13 05:42:23.232 68267 INFO tempest.lib.common.rest_client [req-19f61ea2-c3d3-4cf4-b405-2b0abc6cc33b req-19f61ea2-c3d3-4cf4-b405-2b0abc6cc33b ] Request (ImagesNegativeTestJSON:test_create_image_from_deleted_server): 200 GET http://10.180.1.21/compute/v2.1/servers/9a24af59-9f1d-4625-8cd2-728e7464f09a 0.598s
2024-12-13 05:42:23.371 68275 INFO tempest.lib.common.rest_client [req-ba1b9d14-054b-4ee5-be14-0ee0a21291ed req-ba1b9d14-054b-4ee5-be14-0ee0a21291ed ] Request (SecurityGroupsTestJSON:test_list_security_groups_by_server): 200 GET http://10.180.1.21/compute/v2.1/servers/e5285ea1-c895-4ed9-b81d-fbaac9d45b66 0.570s
2024-12-13 05:42:23.384 68289 INFO tempest.lib.common.rest_client [req-98d87bc8-3c4a-464b-80eb-9294dca55930 req-98d87bc8-3c4a-464b-80eb-9294dca55930 ] Request (MigrationsAdminTest:test_list_migrations_in_flavor_resize_situation): 200 GET http://10.180.1.21/compute/v2.1/servers/53ceb216-7d63-4dfd-8185-1bf488665180 0.583s
2024-12-13 05:42:23.437 68253 INFO tempest.lib.common.rest_client [req-f7b67a84-a6a7-4cc2-99b3-477645b5d9b0 req-f7b67a84-a6a7-4cc2-99b3-477645b5d9b0 ] Request (ServersTestManualDisk:setUpClass): 200 GET http://10.180.1.21/compute/v2.1/servers/c4c6f28d-0842-4889-b5e3-ac85cf7f2d1e 0.550s
2024-12-13 05:42:23.468 68247 INFO tempest.lib.common.rest_client [req-1ba32b5b-3aea-4226-8e19-25ae27257f32 req-1ba32b5b-3aea-4226-8e19-25ae27257f32 ] Request (ImagesOneServerNegativeTestJSON:_run_cleanups): 200 GET http://10.180.1.21/compute/v2.1/servers/e3fc8314-7f46-4c87-ac67-76133a853b0e 0.432s
2024-12-13 05:42:23.511 68263 INFO tempest.lib.common.rest_client [req-a3941679-c659-40e6-b235-7ec8258db4bc req-a3941679-c659-40e6-b235-7ec8258db4bc ] Request (NetworksTest:test_get_network): 200 GET http://10.180.1.21/compute/v2.1/os-networks/b05bb6c9-4df9-48ea-ae6b-5c58a186fca9 0.422s
2024-12-13 05:42:23.532 68235 INFO tempest.lib.common.rest_client [req-fa8375ed-3a58-4bb5-ad93-cd069ad80d1c req-fa8375ed-3a58-4bb5-ad93-cd069ad80d1c ] Request (ServerShowV247Test:test_update_rebuild_list_server): 200 GET http://10.180.1.21/compute/v2.1/servers/16a166da-44a9-4883-a4d0-981f3d256f1b 0.405s
2024-12-13 05:42:23.565 68295 INFO tempest.lib.common.rest_client [req-0f46d697-eda4-4c95-a4ec-48803c1dc58d req-0f46d697-eda4-4c95-a4ec-48803c1dc58d ] Request (ServerRescueNegativeTestJSON:setUpClass): 200 GET http://10.180.1.21/compute/v2.1/servers/29fdb461-3f61-48ef-b36b-9a2c094a86cd 0.349s
2024-12-13 05:42:23.589 68249 INFO tempest.lib.common.rest_client [req-3ead21c1-e63a-4c0a-afb6-a1a4a6a0af28 req-3ead21c1-e63a-4c0a-afb6-a1a4a6a0af28 ] Request (FloatingIPsAssociationTestJSON:tearDownClass): 200 GET http://10.180.1.21/compute/v2.1/servers/615d9c66-fac7-48b9-8dad-1adf1e9d4e03 0.301s
2024-12-13 05:42:23.645 68243 INFO tempest.lib.common.rest_client [req-bbf89e96-b947-4aca-ac44-5d7d0ed0e65b req-bbf89e96-b947-4aca-ac44-5d7d0ed0e65b ] Request (DeleteServersAdminTestJSON:test_delete_server_while_in_error_state): 200 GET http://10.180.1.21/compute/v2.1/servers/44bcb5fd-4cd2-4bf4-bf80-71ddce99bf52 0.206s
2024-12-13 05:42:23.653 68279 INFO tempest.lib.common.rest_client [req-093c5aa0-2fe0-4f75-8726-a08f7d248748 req-093c5aa0-2fe0-4f75-8726-a08f7d248748 ] Request (AttachInterfacesV270Test:test_create_get_list_interfaces): 200 GET http://10.180.1.21/compute/v2.1/servers/38bb528d-e25b-468e-9d8c-bbfe8cf09ce9 0.297s
2024-12-13 05:42:23.677 68241 INFO tempest.lib.common.rest_client [req-3a459f30-2623-41b4-82c2-5c4a5744e9bc req-3a459f30-2623-41b4-82c2-5c4a5744e9bc ] Request (ImagesOneServerTestJSON:test_create_delete_image): 200 GET http://10.180.1.21/compute/v2.1/images/09620c55-cfd4-48d7-9b73-d3b81ab7bedd 0.209s
2024-12-13 05:42:23.743 68273 INFO tempest.lib.common.rest_client [req-ec4bbc68-8b2d-4e82-9d78-e4946db43511 req-ec4bbc68-8b2d-4e82-9d78-e4946db43511 ] Request (ServersAdmin275Test:tearDownClass): 200 GET http://10.180.1.21/compute/v2.1/servers/7fbe345a-3ce0-4e4d-9a64-aecade889565 0.193s
2024-12-13 05:42:23.788 68241 INFO tempest.lib.common.rest_client [req-5f134a1a-d5b7-4f82-ad0e-eb8fa983e946 req-5f134a1a-d5b7-4f82-ad0e-eb8fa983e946 ] Request (ImagesOneServerTestJSON:test_create_delete_image): 200 GET http://10.180.1.21/compute/v2.1/images/09620c55-cfd4-48d7-9b73-d3b81ab7bedd 0.107s
2024-12-13 05:42:23.839 68263 INFO tempest.lib.common.rest_client [req-a7ae1b88-300a-49d1-a619-7e20fd7d2eb8 req-a7ae1b88-300a-49d1-a619-7e20fd7d2eb8 ] Request (NetworksTest:test_list_all_networks): 200 GET http://10.180.1.21/compute/v2.1/os-networks 0.325s
2024-12-13 05:42:23.846 68259 INFO tempest.lib.common.rest_client [req-cf107b22-f0ef-4897-ac26-2b7f308c69b1 req-cf107b22-f0ef-4897-ac26-2b7f308c69b1 ] Request (InstanceActionsV221TestJSON:test_get_list_deleted_instance_actions): 200 GET http://10.180.1.21/compute/v2.1/servers/b523b53f-5dd6-41e4-a097-3ac8cb9b09ac 0.146s
2024-12-13 05:42:23.899 68269 INFO tempest.lib.common.rest_client [req-daa69e63-c271-48e3-b03c-45e7bff60022 req-daa69e63-c271-48e3-b03c-45e7bff60022 ] Request (FloatingIPsAssociationNegativeTestJSON:setUpClass): 200 GET http://10.180.1.21/compute/v2.1/servers/d0244585-d683-4bf5-b9ca-790caff8b6f8 0.154s
2024-12-13 05:42:23.953 68263 INFO tempest.lib.common.rest_client [req-f5b657c7-8612-4911-92a7-4c0bce3bbfb6 req-f5b657c7-8612-4911-92a7-4c0bce3bbfb6 ] Request (NetworksTest:tearDownClass): 204 DELETE http://10.180.1.21/identity/v3/users/6708da7ac9b54f8ea30f0a3a38a1e78e 0.110s
2024-12-13 05:42:23.987 68271 INFO tempest.lib.common.rest_client [req-5b5b9e6a-66a8-4f17-8671-7c0ca22d7ccc req-5b5b9e6a-66a8-4f17-8671-7c0ca22d7ccc ] Request (ServerActionsTestJSON:setUpClass): 200 GET http://10.180.1.21/compute/v2.1/servers/49e0af98-e430-4d2f-ae10-e6aa178006cf 0.271s
2024-12-13 05:42:24.043 68263 INFO tempest.lib.common.rest_client [req-e8e7a4a1-e7fe-4bf1-ba27-0b639186741a req-e8e7a4a1-e7fe-4bf1-ba27-0b639186741a ] Request (NetworksTest:tearDownClass): 204 DELETE http://10.180.1.21/identity/v3/users/7f2d94a87f624ba5baa1de319ba3dd06 0.090s
2024-12-13 05:42:24.043 68263 INFO tempest.lib.common.dynamic_creds [-] Deleting project and security group for project: 59876e8a844e4bbc9354ee0dbc6d150d
2024-12-13 05:42:24.047 68277 INFO tempest.lib.common.rest_client [req-3a2e5cf0-bc10-4637-9000-0fd2bf9cb3e5 req-3a2e5cf0-bc10-4637-9000-0fd2bf9cb3e5 ] Request (ServersTestBootFromVolume:setUpClass): 200 GET http://10.180.1.21/compute/v2.1/servers/0f2d5b53-a0a8-4555-90b7-74546298b6d5 0.248s
2024-12-13 05:42:24.070 68241 INFO tempest.lib.common.rest_client [req-0f891dd9-e788-4c1c-98d2-f414cc9765b4 req-0f891dd9-e788-4c1c-98d2-f414cc9765b4 ] Request (ImagesOneServerTestJSON:test_create_delete_image): 200 GET http://10.180.1.21/compute/v2.1/servers/7a889a3b-ffb0-434a-9655-5b703cb1ba4f 0.277s
2024-12-13 05:42:24.105 68263 INFO tempest.lib.common.rest_client [req-e0f66765-cb24-41b6-bbf0-c264da455938 req-e0f66765-cb24-41b6-bbf0-c264da455938 ] Request (NetworksTest:tearDownClass): 201 POST http://10.180.1.21/identity/v3/auth/tokens 0.062s
2024-12-13 05:42:24.128 68261 INFO tempest.lib.common.rest_client [req-69e71164-4e39-45f9-87c5-984e08fd69bb req-69e71164-4e39-45f9-87c5-984e08fd69bb ] Request (ServerExternalEventsTest:test_create_server_external_events): 200 GET http://10.180.1.21/compute/v2.1/servers/c0c58aa9-d373-4b8a-a6dc-75d842c3f3a7 0.273s
2024-12-13 05:42:24.150 68233 INFO tempest.lib.common.rest_client [req-e28b1cd8-f2e5-4614-8b67-4bf7cd5d0b5c req-e28b1cd8-f2e5-4614-8b67-4bf7cd5d0b5c ] Request (ServersAdminNegativeTestJSON:test_migrate_server_invalid_state): 200 GET http://10.180.1.21/compute/v2.1/servers/482d902a-48d3-4165-b346-9e4266f2c923 0.321s
2024-12-13 05:42:24.176 68251 INFO tempest.lib.common.rest_client [req-7e3ad928-53d5-4a2a-92dc-212c1c0c3055 req-7e3ad928-53d5-4a2a-92dc-212c1c0c3055 ] Request (AttachInterfacesTestJSON:test_create_list_show_delete_interfaces_by_fixed_ip): 200 GET http://10.180.1.21/compute/v2.1/servers/f6a97d93-1aaf-4c84-b46a-b6c24cfa9cde 0.262s
2024-12-13 05:42:24.206 68257 INFO tempest.lib.common.rest_client [req-a52080dd-d6f8-46cb-9b94-f1c58d7bba66 req-a52080dd-d6f8-46cb-9b94-f1c58d7bba66 ] Request (ServersNegativeTestJSON:setUpClass): 200 GET http://10.180.1.21/compute/v2.1/servers/3a9c7040-44b2-45a9-bbea-16995a643e08 0.230s
2024-12-13 05:42:24.235 68283 INFO tempest.lib.common.rest_client [req-d1674937-c925-4080-a320-983f853304ba req-d1674937-c925-4080-a320-983f853304ba ] Request (MultipleCreateTestJSON:test_multiple_create): 200 GET http://10.180.1.21/compute/v2.1/servers/1050f2b2-a884-40d6-b519-a381df45f896 0.206s
2024-12-13 05:42:24.250 68237 INFO tempest.lib.common.rest_client [req-71892a43-06c2-4a53-a767-095a936e4f96 req-71892a43-06c2-4a53-a767-095a936e4f96 ] Request (ServersTestJSON:setUpClass): 200 GET http://10.180.1.21/compute/v2.1/servers/5ae6e0ed-3ded-432c-9efa-bdb576f5079b 0.135s
2024-12-13 05:42:24.286 68293 INFO tempest.lib.common.rest_client [req-8998fdc6-6b68-440d-b4ad-e81297669ee9 req-8998fdc6-6b68-440d-b4ad-e81297669ee9 ] Request (ServersAdminTestJSON:setUpClass): 200 GET http://10.180.1.21/compute/v2.1/servers/fa858069-56fa-4de6-885c-670408b92daa 0.122s
2024-12-13 05:42:24.295 68263 INFO tempest.lib.common.rest_client [req-4aee8f31-3dd2-4580-afd9-d9428711dd75 req-4aee8f31-3dd2-4580-afd9-d9428711dd75 ] Request (NetworksTest:tearDownClass): 200 GET http://10.180.1.21:9696/networking/v2.0/security-groups?tenant_id=59876e8a844e4bbc9354ee0dbc6d150d&name=default 0.189s
2024-12-13 05:42:24.299 68265 INFO tempest.lib.common.rest_client [req-46f3cf1c-c161-4356-93ab-b1f42dde0a47 req-46f3cf1c-c161-4356-93ab-b1f42dde0a47 ] Request (ServersTestMultiNic:test_verify_duplicate_network_nics): 200 GET http://10.180.1.21/compute/v2.1/servers/eeb17f79-829d-40bf-b614-dac284c553f6 0.126s
2024-12-13 05:42:24.334 68291 INFO tempest.lib.common.rest_client [req-0a998499-a7b2-4336-983b-a747c00cb443 req-0a998499-a7b2-4336-983b-a747c00cb443 ] Request (ServersTestFqdnHostnames:test_create_server_with_fqdn_name): 200 GET http://10.180.1.21/compute/v2.1/servers/b7395f42-7370-49c6-b975-05a3432f71d4 0.095s
2024-12-13 05:42:24.361 68267 INFO tempest.lib.common.rest_client [req-e1bbce89-71d2-4e76-a711-4b13db685862 req-e1bbce89-71d2-4e76-a711-4b13db685862 ] Request (ImagesNegativeTestJSON:test_create_image_from_deleted_server): 200 GET http://10.180.1.21/compute/v2.1/servers/9a24af59-9f1d-4625-8cd2-728e7464f09a 0.115s
2024-12-13 05:42:24.370 68263 INFO tempest.lib.common.rest_client [req-2469293f-baf0-47eb-9352-4609c979303d req-2469293f-baf0-47eb-9352-4609c979303d ] Request (NetworksTest:tearDownClass): 204 DELETE http://10.180.1.21:9696/networking/v2.0/security-groups/fa87bb22-35b9-4daa-9999-bc896f3bcb64 0.075s
2024-12-13 05:42:24.430 68263 INFO tempest.lib.common.rest_client [req-7e1e4e9d-4aa3-4891-99a2-1e40efdc3695 req-7e1e4e9d-4aa3-4891-99a2-1e40efdc3695 ] Request (NetworksTest:tearDownClass): 204 DELETE http://10.180.1.21/identity/v3/projects/59876e8a844e4bbc9354ee0dbc6d150d 0.060s
2024-12-13 05:42:24.431 68263 INFO tempest.lib.common.dynamic_creds [-] Deleting project and security group for project: bc17b2b3d78441939075bb590c826a08
2024-12-13 05:42:24.515 68275 INFO tempest.lib.common.rest_client [req-05584134-3ad9-463c-9a9f-a65e4fbde214 req-05584134-3ad9-463c-9a9f-a65e4fbde214 ] Request (SecurityGroupsTestJSON:test_list_security_groups_by_server): 200 GET http://10.180.1.21/compute/v2.1/servers/e5285ea1-c895-4ed9-b81d-fbaac9d45b66 0.136s
2024-12-13 05:42:24.569 68253 INFO tempest.lib.common.rest_client [req-4a337ec2-4c78-48db-a250-0f5a70bdc928 req-4a337ec2-4c78-48db-a250-0f5a70bdc928 ] Request (ServersTestManualDisk:setUpClass): 200 GET http://10.180.1.21/compute/v2.1/servers/c4c6f28d-0842-4889-b5e3-ac85cf7f2d1e 0.121s
2024-12-13 05:42:24.571 68263 INFO tempest.lib.common.rest_client [req-77b53d90-8331-4a5c-81b4-5eb5c280bf76 req-77b53d90-8331-4a5c-81b4-5eb5c280bf76 ] Request (NetworksTest:tearDownClass): 200 GET http://10.180.1.21:9696/networking/v2.0/security-groups?tenant_id=bc17b2b3d78441939075bb590c826a08&name=default 0.139s
2024-12-13 05:42:24.571 68289 INFO tempest.lib.common.rest_client [req-6836d9b1-2920-446b-8b54-95a68bfd0fd5 req-6836d9b1-2920-446b-8b54-95a68bfd0fd5 ] Request (MigrationsAdminTest:test_list_migrations_in_flavor_resize_situation): 200 GET http://10.180.1.21/compute/v2.1/servers/53ceb216-7d63-4dfd-8185-1bf488665180 0.176s
2024-12-13 05:42:24.632 68235 INFO tempest.lib.common.rest_client [req-77265445-e98c-4ac7-952e-b0a389263e7e req-77265445-e98c-4ac7-952e-b0a389263e7e ] Request (ServerShowV247Test:test_update_rebuild_list_server): 200 GET http://10.180.1.21/compute/v2.1/servers/16a166da-44a9-4883-a4d0-981f3d256f1b 0.092s
2024-12-13 05:42:24.636 68247 INFO tempest.lib.common.rest_client [req-6cc7c15f-00e7-4ad6-bcfd-d519c494ec62 req-6cc7c15f-00e7-4ad6-bcfd-d519c494ec62 ] Request (ImagesOneServerNegativeTestJSON:_run_cleanups): 200 GET http://10.180.1.21/compute/v2.1/servers/e3fc8314-7f46-4c87-ac67-76133a853b0e 0.161s
2024-12-13 05:42:24.684 68295 INFO tempest.lib.common.rest_client [req-fe13b12b-81d5-4f32-bd6c-26251c593d2d req-fe13b12b-81d5-4f32-bd6c-26251c593d2d ] Request (ServerRescueNegativeTestJSON:setUpClass): 200 GET http://10.180.1.21/compute/v2.1/servers/29fdb461-3f61-48ef-b36b-9a2c094a86cd 0.113s
2024-12-13 05:42:24.712 68249 INFO tempest.lib.common.rest_client [req-e7912d6a-bbdb-4c89-acc5-8fa42d109dac req-e7912d6a-bbdb-4c89-acc5-8fa42d109dac ] Request (FloatingIPsAssociationTestJSON:tearDownClass): 200 GET http://10.180.1.21/compute/v2.1/servers/615d9c66-fac7-48b9-8dad-1adf1e9d4e03 0.116s
2024-12-13 05:42:24.720 68263 INFO tempest.lib.common.rest_client [req-2a721bc4-d44b-48d7-a89e-4e97efba3142 req-2a721bc4-d44b-48d7-a89e-4e97efba3142 ] Request (NetworksTest:tearDownClass): 204 DELETE http://10.180.1.21:9696/networking/v2.0/security-groups/58988835-2acf-4b3e-96d9-1c0fbc4fee12 0.149s
2024-12-13 05:42:24.771 68243 INFO tempest.lib.common.rest_client [req-c695f336-27ef-46d0-8d65-2695178a0839 req-c695f336-27ef-46d0-8d65-2695178a0839 ] Request (DeleteServersAdminTestJSON:test_delete_server_while_in_error_state): 200 GET http://10.180.1.21/compute/v2.1/servers/44bcb5fd-4cd2-4bf4-bf80-71ddce99bf52 0.118s
2024-12-13 05:42:24.782 68279 INFO tempest.lib.common.rest_client [req-46bb68c8-f9bf-456b-bbaf-a8b4fb7e2f71 req-46bb68c8-f9bf-456b-bbaf-a8b4fb7e2f71 ] Request (AttachInterfacesV270Test:test_create_get_list_interfaces): 200 GET http://10.180.1.21/compute/v2.1/servers/38bb528d-e25b-468e-9d8c-bbfe8cf09ce9 0.110s
2024-12-13 05:42:24.827 68263 INFO tempest.lib.common.rest_client [req-ab5c94dc-7e66-46a7-8c6e-3517b34bbb0e req-ab5c94dc-7e66-46a7-8c6e-3517b34bbb0e ] Request (NetworksTest:tearDownClass): 204 DELETE http://10.180.1.21/identity/v3/projects/bc17b2b3d78441939075bb590c826a08 0.106s
2024-12-13 05:42:24.842 68273 INFO tempest.lib.common.rest_client [req-c44fd75c-370d-4e13-b3d8-4678df857b40 req-c44fd75c-370d-4e13-b3d8-4678df857b40 ] Request (ServersAdmin275Test:tearDownClass): 200 GET http://10.180.1.21/compute/v2.1/servers/7fbe345a-3ce0-4e4d-9a64-aecade889565 0.083s
2024-12-13 05:42:24.900 68263 INFO tempest.lib.common.rest_client [req-b51fc4cd-c6b7-453e-9a02-fbab4b5dc09c req-b51fc4cd-c6b7-453e-9a02-fbab4b5dc09c ] Request (ListImageFiltersNegativeTestJSON:setUpClass): 201 POST http://10.180.1.21/identity/v3/auth/tokens 0.071s
2024-12-13 05:42:24.924 68259 INFO tempest.lib.common.rest_client [req-55f532c1-0eeb-428e-9081-c90db47e27e1 req-55f532c1-0eeb-428e-9081-c90db47e27e1 ] Request (InstanceActionsV221TestJSON:test_get_list_deleted_instance_actions): 200 GET http://10.180.1.21/compute/v2.1/servers/b523b53f-5dd6-41e4-a097-3ac8cb9b09ac 0.070s
2024-12-13 05:42:24.932 68263 INFO tempest.lib.common.rest_client [req-072a81af-e528-4d97-b022-9720741cc0e5 req-072a81af-e528-4d97-b022-9720741cc0e5 ] Request (ListImageFiltersNegativeTestJSON:setUpClass): 201 POST http://10.180.1.21/identity/v3/auth/tokens 0.030s
2024-12-13 05:42:24.964 68269 INFO tempest.lib.common.rest_client [req-ed86f0e3-229b-4899-9483-adf58a5f6a59 req-ed86f0e3-229b-4899-9483-adf58a5f6a59 ] Request (FloatingIPsAssociationNegativeTestJSON:setUpClass): 200 GET http://10.180.1.21/compute/v2.1/servers/d0244585-d683-4bf5-b9ca-790caff8b6f8 0.058s
2024-12-13 05:42:24.979 68263 INFO tempest.lib.common.rest_client [req-36888b54-31ea-4068-a50b-fd731e9d60a8 req-36888b54-31ea-4068-a50b-fd731e9d60a8 ] Request (ListImageFiltersNegativeTestJSON:setUpClass): 200 GET http://10.180.1.21/identity/v3/domains?name=Default 0.046s
2024-12-13 05:42:25.007 68263 INFO tempest.lib.common.rest_client [req-c92e990f-e730-491d-8f51-10d322687907 req-c92e990f-e730-491d-8f51-10d322687907 ] Request (ListImageFiltersNegativeTestJSON:setUpClass): 201 POST http://10.180.1.21/identity/v3/projects 0.027s
2024-12-13 05:42:25.061 68263 INFO tempest.lib.common.rest_client [req-a001cbf3-e144-476c-901b-8cdf48bba92f req-a001cbf3-e144-476c-901b-8cdf48bba92f ] Request (ListImageFiltersNegativeTestJSON:setUpClass): 201 POST http://10.180.1.21/identity/v3/users 0.053s
2024-12-13 05:42:25.079 68263 INFO tempest.lib.common.rest_client [req-98beb61c-3a1f-4040-9ed4-73b5dcd3dc6b req-98beb61c-3a1f-4040-9ed4-73b5dcd3dc6b ] Request (ListImageFiltersNegativeTestJSON:setUpClass): 200 GET http://10.180.1.21/identity/v3/roles 0.017s
2024-12-13 05:42:25.089 68271 INFO tempest.lib.common.rest_client [req-5d487f62-a5de-4924-a6a2-5a3706736750 req-5d487f62-a5de-4924-a6a2-5a3706736750 ] Request (ServerActionsTestJSON:setUpClass): 200 GET http://10.180.1.21/compute/v2.1/servers/49e0af98-e430-4d2f-ae10-e6aa178006cf 0.096s
2024-12-13 05:42:25.100 68277 INFO tempest.lib.common.rest_client [req-10552c7c-08e1-47d0-a43f-cb89bc7d547f req-10552c7c-08e1-47d0-a43f-cb89bc7d547f ] Request (ServersTestBootFromVolume:setUpClass): 200 GET http://10.180.1.21/compute/v2.1/servers/0f2d5b53-a0a8-4555-90b7-74546298b6d5 0.047s
2024-12-13 05:42:25.103 68263 INFO tempest.lib.common.rest_client [req-bcbee819-cc32-4fe5-a863-967da87c9cf2 req-bcbee819-cc32-4fe5-a863-967da87c9cf2 ] Request (ListImageFiltersNegativeTestJSON:setUpClass): 204 PUT http://10.180.1.21/identity/v3/projects/eba0e65e8d1e42fbbe644946e0e1c82d/users/646a0d06781640998f8b02298c1ebc5f/roles/d3126cd9e61d42d2b7e61f3430c0dc6e 0.024s
2024-12-13 05:42:25.103 68263 INFO tempest.lib.common.dynamic_creds [-] Dynamic test user 646a0d06781640998f8b02298c1ebc5f is created with scope project and roles: ['member']
2024-12-13 05:42:25.104 68263 INFO tempest.lib.common.dynamic_creds [-] Acquired dynamic creds: credentials: Credentials: {'domain_id': 'default', 'domain_name': 'Default', 'username': 'tempest-ListImageFiltersNegativeTestJSON-478685220-project-member', 'project_domain_id': 'default', 'project_domain_name': 'Default', 'project_id': 'eba0e65e8d1e42fbbe644946e0e1c82d', 'project_name': 'tempest-ListImageFiltersNegativeTestJSON-478685220', 'tenant_id': 'eba0e65e8d1e42fbbe644946e0e1c82d', 'tenant_name': 'tempest-ListImageFiltersNegativeTestJSON-478685220', 'user_domain_id': 'default', 'user_domain_name': 'Default', 'user_id': '646a0d06781640998f8b02298c1ebc5f', 'system': None}, Network: None, Subnet: None, Router: None
2024-12-13 05:42:25.104 68263 INFO tempest.lib.common.dynamic_creds [-] Created isolated network resources for: credentials: Credentials: {'domain_id': 'default', 'domain_name': 'Default', 'username': 'tempest-ListImageFiltersNegativeTestJSON-478685220-project-member', 'project_domain_id': 'default', 'project_domain_name': 'Default', 'project_id': 'eba0e65e8d1e42fbbe644946e0e1c82d', 'project_name': 'tempest-ListImageFiltersNegativeTestJSON-478685220', 'tenant_id': 'eba0e65e8d1e42fbbe644946e0e1c82d', 'tenant_name': 'tempest-ListImageFiltersNegativeTestJSON-478685220', 'user_domain_id': 'default', 'user_domain_name': 'Default', 'user_id': '646a0d06781640998f8b02298c1ebc5f', 'system': None}, Network: None, Subnet: None, Router: None
2024-12-13 05:42:25.168 68263 INFO tempest.lib.common.rest_client [req-4aa519d2-d6fc-4ebd-84b4-c3e6fcb8828d req-4aa519d2-d6fc-4ebd-84b4-c3e6fcb8828d ] Request (ListImageFiltersNegativeTestJSON:setUpClass): 201 POST http://10.180.1.21/identity/v3/auth/tokens 0.062s
2024-12-13 05:42:25.179 68241 INFO tempest.lib.common.rest_client [req-4cbc9ee2-e830-44d0-a8d6-342a17395ec7 req-4cbc9ee2-e830-44d0-a8d6-342a17395ec7 ] Request (ImagesOneServerTestJSON:test_create_delete_image): 200 GET http://10.180.1.21/compute/v2.1/servers/7a889a3b-ffb0-434a-9655-5b703cb1ba4f 0.101s
2024-12-13 05:42:25.190 68261 INFO tempest.lib.common.rest_client [req-8a41a3cb-eae2-46b2-bb52-1b630343bf36 req-8a41a3cb-eae2-46b2-bb52-1b630343bf36 ] Request (ServerExternalEventsTest:test_create_server_external_events): 200 GET http://10.180.1.21/compute/v2.1/servers/c0c58aa9-d373-4b8a-a6dc-75d842c3f3a7 0.052s
2024-12-13 05:42:25.277 68263 INFO tempest.lib.common.rest_client [req-020b592c-a763-46fb-b0ad-56ae4518d317 req-020b592c-a763-46fb-b0ad-56ae4518d317 ] Request (ListImageFiltersNegativeTestJSON:test_get_nonexistent_image): 404 GET http://10.180.1.21/compute/v2.1/images/4f30e9aa-ff3b-4179-b6c0-f821338eebf0 0.106s
2024-12-13 05:42:25.282 68233 INFO tempest.lib.common.rest_client [req-cbb074c5-c43b-4dd5-9c11-c2b0de97cbe0 req-cbb074c5-c43b-4dd5-9c11-c2b0de97cbe0 ] Request (ServersAdminNegativeTestJSON:test_migrate_server_invalid_state): 200 GET http://10.180.1.21/compute/v2.1/servers/482d902a-48d3-4165-b346-9e4266f2c923 0.125s
2024-12-13 05:42:25.339 68251 INFO tempest.lib.common.rest_client [req-788fb456-e3ca-4761-b07c-fb491d40d6cc req-788fb456-e3ca-4761-b07c-fb491d40d6cc ] Request (AttachInterfacesTestJSON:test_create_list_show_delete_interfaces_by_fixed_ip): 200 GET http://10.180.1.21/compute/v2.1/servers/f6a97d93-1aaf-4c84-b46a-b6c24cfa9cde 0.155s
2024-12-13 05:42:25.345 68257 INFO tempest.lib.common.rest_client [req-0e1272fc-49db-416a-a72d-d1d5a123b1be req-0e1272fc-49db-416a-a72d-d1d5a123b1be ] Request (ServersNegativeTestJSON:setUpClass): 200 GET http://10.180.1.21/compute/v2.1/servers/3a9c7040-44b2-45a9-bbea-16995a643e08 0.129s
2024-12-13 05:42:25.384 68263 INFO tempest.lib.common.rest_client [req-6511c474-ef70-485a-a0ef-4a438e997054 req-6511c474-ef70-485a-a0ef-4a438e997054 ] Request (ListImageFiltersNegativeTestJSON:tearDownClass): 204 DELETE http://10.180.1.21/identity/v3/users/646a0d06781640998f8b02298c1ebc5f 0.105s
2024-12-13 05:42:25.384 68263 INFO tempest.lib.common.dynamic_creds [-] Deleting project and security group for project: eba0e65e8d1e42fbbe644946e0e1c82d
2024-12-13 05:42:25.397 68283 INFO tempest.lib.common.rest_client [req-4e570bed-65da-4713-b34e-b782561b32df req-4e570bed-65da-4713-b34e-b782561b32df ] Request (MultipleCreateTestJSON:test_multiple_create): 200 GET http://10.180.1.21/compute/v2.1/servers/1050f2b2-a884-40d6-b519-a381df45f896 0.155s
2024-12-13 05:42:25.417 68237 INFO tempest.lib.common.rest_client [req-e9bfd7d3-4039-43c1-a5d0-811fabcc2e9c req-e9bfd7d3-4039-43c1-a5d0-811fabcc2e9c ] Request (ServersTestJSON:setUpClass): 200 GET http://10.180.1.21/compute/v2.1/servers/5ae6e0ed-3ded-432c-9efa-bdb576f5079b 0.159s
2024-12-13 05:42:25.458 68293 INFO tempest.lib.common.rest_client [req-4fe68b0d-3721-458a-b3a2-aa0b9e8d129e req-4fe68b0d-3721-458a-b3a2-aa0b9e8d129e ] Request (ServersAdminTestJSON:setUpClass): 200 GET http://10.180.1.21/compute/v2.1/servers/fa858069-56fa-4de6-885c-670408b92daa 0.164s
2024-12-13 05:42:25.459 68263 INFO tempest.lib.common.rest_client [req-76bdae64-d96f-4616-8627-09de048c4bbf req-76bdae64-d96f-4616-8627-09de048c4bbf ] Request (ListImageFiltersNegativeTestJSON:tearDownClass): 201 POST http://10.180.1.21/identity/v3/auth/tokens 0.074s
2024-12-13 05:42:25.472 68265 INFO tempest.lib.common.rest_client [req-af7c5475-07c3-4d2a-a84b-031919569334 req-af7c5475-07c3-4d2a-a84b-031919569334 ] Request (ServersTestMultiNic:test_verify_duplicate_network_nics): 200 GET http://10.180.1.21/compute/v2.1/servers/eeb17f79-829d-40bf-b614-dac284c553f6 0.166s
2024-12-13 05:42:25.508 68291 INFO tempest.lib.common.rest_client [req-35d3f1bd-54b1-48bb-bd15-5db7cd5f3866 req-35d3f1bd-54b1-48bb-bd15-5db7cd5f3866 ] Request (ServersTestFqdnHostnames:test_create_server_with_fqdn_name): 200 GET http://10.180.1.21/compute/v2.1/servers/b7395f42-7370-49c6-b975-05a3432f71d4 0.167s
2024-12-13 05:42:25.515 68291 INFO tempest.common.waiters [-] State transition "BUILD/None" ==> "BUILD/networking" after 45 second wait
2024-12-13 05:42:25.537 68267 INFO tempest.lib.common.rest_client [req-aa32fd51-a441-495a-91f8-023dc021a43d req-aa32fd51-a441-495a-91f8-023dc021a43d ] Request (ImagesNegativeTestJSON:test_create_image_from_deleted_server): 200 GET http://10.180.1.21/compute/v2.1/servers/9a24af59-9f1d-4625-8cd2-728e7464f09a 0.165s
2024-12-13 05:42:25.648 68253 INFO tempest.lib.common.rest_client [req-90070ba7-705d-4eff-9984-a517ade12fe9 req-90070ba7-705d-4eff-9984-a517ade12fe9 ] Request (ServersTestManualDisk:setUpClass): 200 GET http://10.180.1.21/compute/v2.1/servers/c4c6f28d-0842-4889-b5e3-ac85cf7f2d1e 0.072s
2024-12-13 05:42:25.677 68263 INFO tempest.lib.common.rest_client [req-b3a559fc-feae-4c3f-aae0-56b8bf83b494 req-b3a559fc-feae-4c3f-aae0-56b8bf83b494 ] Request (ListImageFiltersNegativeTestJSON:tearDownClass): 200 GET http://10.180.1.21:9696/networking/v2.0/security-groups?tenant_id=eba0e65e8d1e42fbbe644946e0e1c82d&name=default 0.218s
2024-12-13 05:42:25.696 68275 INFO tempest.lib.common.rest_client [req-e120fbd7-2777-40c8-a275-493883e8b000 req-e120fbd7-2777-40c8-a275-493883e8b000 ] Request (SecurityGroupsTestJSON:test_list_security_groups_by_server): 200 GET http://10.180.1.21/compute/v2.1/servers/e5285ea1-c895-4ed9-b81d-fbaac9d45b66 0.171s
2024-12-13 05:42:25.704 68275 INFO tempest.common.waiters [-] State transition "BUILD/spawning" ==> "ACTIVE/None" after 48 second wait
2024-12-13 05:42:25.786 68289 INFO tempest.lib.common.rest_client [req-82f5af55-48e5-4000-ac22-2bbe38dd9bc1 req-82f5af55-48e5-4000-ac22-2bbe38dd9bc1 ] Request (MigrationsAdminTest:test_list_migrations_in_flavor_resize_situation): 200 GET http://10.180.1.21/compute/v2.1/servers/53ceb216-7d63-4dfd-8185-1bf488665180 0.206s
2024-12-13 05:42:25.792 68235 INFO tempest.lib.common.rest_client [req-b096ae87-b1b8-434b-a5c8-c77dc822d927 req-b096ae87-b1b8-434b-a5c8-c77dc822d927 ] Request (ServerShowV247Test:test_update_rebuild_list_server): 200 GET http://10.180.1.21/compute/v2.1/servers/16a166da-44a9-4883-a4d0-981f3d256f1b 0.149s
2024-12-13 05:42:25.833 68263 INFO tempest.lib.common.rest_client [req-3cad4469-ab2b-49ef-b3f6-53333fad055e req-3cad4469-ab2b-49ef-b3f6-53333fad055e ] Request (ListImageFiltersNegativeTestJSON:tearDownClass): 204 DELETE http://10.180.1.21:9696/networking/v2.0/security-groups/70e04f09-2ae1-4723-bf6c-68f29585556f 0.155s
2024-12-13 05:42:25.862 68295 INFO tempest.lib.common.rest_client [req-650de937-451f-49c8-a27e-4cac5a620e15 req-650de937-451f-49c8-a27e-4cac5a620e15 ] Request (ServerRescueNegativeTestJSON:setUpClass): 200 GET http://10.180.1.21/compute/v2.1/servers/29fdb461-3f61-48ef-b36b-9a2c094a86cd 0.167s
2024-12-13 05:42:25.871 68247 INFO tempest.lib.common.rest_client [req-f93ab818-40ae-4186-9508-72ef8664dded req-f93ab818-40ae-4186-9508-72ef8664dded ] Request (ImagesOneServerNegativeTestJSON:_run_cleanups): 200 GET http://10.180.1.21/compute/v2.1/servers/e3fc8314-7f46-4c87-ac67-76133a853b0e 0.224s
2024-12-13 05:42:25.929 68263 INFO tempest.lib.common.rest_client [req-3c50fa51-9c6d-4613-b59e-81ff2db3c11c req-3c50fa51-9c6d-4613-b59e-81ff2db3c11c ] Request (ListImageFiltersNegativeTestJSON:tearDownClass): 204 DELETE http://10.180.1.21/identity/v3/projects/eba0e65e8d1e42fbbe644946e0e1c82d 0.096s
2024-12-13 05:42:25.930 68263 INFO tempest.test [-] raised in AttachVolumeMultiAttachTest.setUpClass. Invoking tearDownClass.
2024-12-13 05:42:25.951 68249 INFO tempest.lib.common.rest_client [req-fbdcb60a-e7a8-4cd4-88bd-ee2e52f0c7fd req-fbdcb60a-e7a8-4cd4-88bd-ee2e52f0c7fd ] Request (FloatingIPsAssociationTestJSON:tearDownClass): 200 GET http://10.180.1.21/compute/v2.1/servers/615d9c66-fac7-48b9-8dad-1adf1e9d4e03 0.230s
2024-12-13 05:42:26.014 68243 INFO tempest.lib.common.rest_client [req-b9b4b351-1345-47f8-b325-d9828c381213 req-b9b4b351-1345-47f8-b325-d9828c381213 ] Request (DeleteServersAdminTestJSON:test_delete_server_while_in_error_state): 200 GET http://10.180.1.21/compute/v2.1/servers/44bcb5fd-4cd2-4bf4-bf80-71ddce99bf52 0.235s
2024-12-13 05:42:26.071 68279 INFO tempest.lib.common.rest_client [req-b9611867-4108-4dd6-b1ce-327019249e64 req-b9611867-4108-4dd6-b1ce-327019249e64 ] Request (AttachInterfacesV270Test:test_create_get_list_interfaces): 200 GET http://10.180.1.21/compute/v2.1/servers/38bb528d-e25b-468e-9d8c-bbfe8cf09ce9 0.280s
2024-12-13 05:42:26.138 68273 INFO tempest.lib.common.rest_client [req-8a17f820-b1f5-49a6-9368-84b0042a4d60 req-8a17f820-b1f5-49a6-9368-84b0042a4d60 ] Request (ServersAdmin275Test:tearDownClass): 200 GET http://10.180.1.21/compute/v2.1/servers/7fbe345a-3ce0-4e4d-9a64-aecade889565 0.286s
2024-12-13 05:42:26.198 68259 INFO tempest.lib.common.rest_client [req-8701e42d-02d0-43ba-b3cf-21ec82b5bfea req-8701e42d-02d0-43ba-b3cf-21ec82b5bfea ] Request (InstanceActionsV221TestJSON:test_get_list_deleted_instance_actions): 200 GET http://10.180.1.21/compute/v2.1/servers/b523b53f-5dd6-41e4-a097-3ac8cb9b09ac 0.265s
2024-12-13 05:42:26.252 68269 INFO tempest.lib.common.rest_client [req-302a081e-0e58-4736-a913-2a45aabfff04 req-302a081e-0e58-4736-a913-2a45aabfff04 ] Request (FloatingIPsAssociationNegativeTestJSON:setUpClass): 200 GET http://10.180.1.21/compute/v2.1/servers/d0244585-d683-4bf5-b9ca-790caff8b6f8 0.281s
2024-12-13 05:42:26.364 68271 INFO tempest.lib.common.rest_client [req-d80c6bd2-a282-4da9-97cb-9399d8a44f72 req-d80c6bd2-a282-4da9-97cb-9399d8a44f72 ] Request (ServerActionsTestJSON:setUpClass): 200 GET http://10.180.1.21/compute/v2.1/servers/49e0af98-e430-4d2f-ae10-e6aa178006cf 0.265s
2024-12-13 05:42:26.392 68275 INFO tempest.lib.common.rest_client [req-8a5d2dec-fa85-44ab-bf91-5946d69aac45 req-8a5d2dec-fa85-44ab-bf91-5946d69aac45 ] Request (SecurityGroupsTestJSON:test_list_security_groups_by_server): 202 POST http://10.180.1.21/compute/v2.1/servers/e5285ea1-c895-4ed9-b81d-fbaac9d45b66/action 0.686s
2024-12-13 05:42:26.429 68277 INFO tempest.lib.common.rest_client [req-165e28b3-09ed-4998-a3c0-81227659ed01 req-165e28b3-09ed-4998-a3c0-81227659ed01 ] Request (ServersTestBootFromVolume:setUpClass): 200 GET http://10.180.1.21/compute/v2.1/servers/0f2d5b53-a0a8-4555-90b7-74546298b6d5 0.321s
2024-12-13 05:42:26.485 68261 INFO tempest.lib.common.rest_client [req-9202b388-ec2d-4f37-b890-c000bf7774a2 req-9202b388-ec2d-4f37-b890-c000bf7774a2 ] Request (ServerExternalEventsTest:test_create_server_external_events): 200 GET http://10.180.1.21/compute/v2.1/servers/c0c58aa9-d373-4b8a-a6dc-75d842c3f3a7 0.288s
2024-12-13 05:42:26.515 68241 INFO tempest.lib.common.rest_client [req-283f8259-f002-423b-bbae-3881db07d3a1 req-283f8259-f002-423b-bbae-3881db07d3a1 ] Request (ImagesOneServerTestJSON:test_create_delete_image): 200 GET http://10.180.1.21/compute/v2.1/servers/7a889a3b-ffb0-434a-9655-5b703cb1ba4f 0.326s
2024-12-13 05:42:26.522 68241 INFO tempest.common.waiters [-] State transition "ACTIVE/image_uploading" ==> "ACTIVE/None" after 2 second wait
2024-12-13 05:42:26.562 68251 INFO tempest.lib.common.rest_client [req-082f89c6-56d6-4226-8261-64e13f3d3603 req-082f89c6-56d6-4226-8261-64e13f3d3603 ] Request (AttachInterfacesTestJSON:test_create_list_show_delete_interfaces_by_fixed_ip): 200 GET http://10.180.1.21/compute/v2.1/servers/f6a97d93-1aaf-4c84-b46a-b6c24cfa9cde 0.214s
2024-12-13 05:42:26.600 68233 INFO tempest.lib.common.rest_client [req-f8ae8b39-2613-49d4-b6c1-0450dbb0db43 req-f8ae8b39-2613-49d4-b6c1-0450dbb0db43 ] Request (ServersAdminNegativeTestJSON:test_migrate_server_invalid_state): 200 GET http://10.180.1.21/compute/v2.1/servers/482d902a-48d3-4165-b346-9e4266f2c923 0.310s
2024-12-13 05:42:26.613 68257 INFO tempest.lib.common.rest_client [req-3b2b4eb4-e042-48c4-953a-7db82bea30a3 req-3b2b4eb4-e042-48c4-953a-7db82bea30a3 ] Request (ServersNegativeTestJSON:setUpClass): 200 GET http://10.180.1.21/compute/v2.1/servers/3a9c7040-44b2-45a9-bbea-16995a643e08 0.259s
2024-12-13 05:42:26.668 68283 INFO tempest.lib.common.rest_client [req-1120eaa0-0f40-4b92-a46d-1c3d73aac0af req-1120eaa0-0f40-4b92-a46d-1c3d73aac0af ] Request (MultipleCreateTestJSON:test_multiple_create): 200 GET http://10.180.1.21/compute/v2.1/servers/1050f2b2-a884-40d6-b519-a381df45f896 0.261s
2024-12-13 05:42:26.718 68237 INFO tempest.lib.common.rest_client [req-716f717c-7943-41cf-8cfc-cfabfb939049 req-716f717c-7943-41cf-8cfc-cfabfb939049 ] Request (ServersTestJSON:setUpClass): 200 GET http://10.180.1.21/compute/v2.1/servers/5ae6e0ed-3ded-432c-9efa-bdb576f5079b 0.290s
2024-12-13 05:42:26.772 68293 INFO tempest.lib.common.rest_client [req-68407fe0-ae65-47ea-a2a2-aa3b23bbd4d3 req-68407fe0-ae65-47ea-a2a2-aa3b23bbd4d3 ] Request (ServersAdminTestJSON:setUpClass): 200 GET http://10.180.1.21/compute/v2.1/servers/fa858069-56fa-4de6-885c-670408b92daa 0.304s
2024-12-13 05:42:26.828 68265 INFO tempest.lib.common.rest_client [req-35ecfa53-7ca8-45f8-9a15-1070e2d2a885 req-35ecfa53-7ca8-45f8-9a15-1070e2d2a885 ] Request (ServersTestMultiNic:test_verify_duplicate_network_nics): 200 GET http://10.180.1.21/compute/v2.1/servers/eeb17f79-829d-40bf-b614-dac284c553f6 0.348s
2024-12-13 05:42:26.983 68281 WARNING tempest.lib.common.ssh [-] Failed to establish authenticated ssh connection to cirros@10.180.180.225 ([Errno None] Unable to connect to port 22 on 10.180.180.225). Number attempts: 6. Retry after 7 seconds.: paramiko.ssh_exception.NoValidConnectionsError: [Errno None] Unable to connect to port 22 on 10.180.180.225
2024-12-13 05:42:27.013 68291 INFO tempest.lib.common.rest_client [req-8de09ce9-e50d-4218-b71b-0b91481aca25 req-8de09ce9-e50d-4218-b71b-0b91481aca25 ] Request (ServersTestFqdnHostnames:test_create_server_with_fqdn_name): 200 GET http://10.180.1.21/compute/v2.1/servers/b7395f42-7370-49c6-b975-05a3432f71d4 0.497s
2024-12-13 05:42:27.022 68291 INFO tempest.common.waiters [-] State transition "BUILD/networking" ==> "BUILD/spawning" after 47 second wait
2024-12-13 05:42:27.050 68241 INFO tempest.lib.common.rest_client [req-ed1eb710-709e-4a61-992a-e20abc79271f req-ed1eb710-709e-4a61-992a-e20abc79271f ] Request (ImagesOneServerTestJSON:test_create_delete_image): 200 GET http://10.180.1.21/compute/v2.1/images/190a21b2-8ff5-444e-86c3-88185b9f8cea 0.527s
2024-12-13 05:42:27.058 68275 INFO tempest.lib.common.rest_client [req-2e47b6d2-13e3-4761-9cc1-c03f210b1dd7 req-2e47b6d2-13e3-4761-9cc1-c03f210b1dd7 ] Request (SecurityGroupsTestJSON:test_list_security_groups_by_server): 202 POST http://10.180.1.21/compute/v2.1/servers/e5285ea1-c895-4ed9-b81d-fbaac9d45b66/action 0.666s
2024-12-13 05:42:27.114 68253 INFO tempest.lib.common.rest_client [req-a4dfa441-33e9-46f6-8b07-a3a87e8d1c28 req-a4dfa441-33e9-46f6-8b07-a3a87e8d1c28 ] Request (ServersTestManualDisk:setUpClass): 200 GET http://10.180.1.21/compute/v2.1/servers/c4c6f28d-0842-4889-b5e3-ac85cf7f2d1e 0.456s
2024-12-13 05:42:27.119 68267 INFO tempest.lib.common.rest_client [req-425dd30d-5fd6-4545-a374-c8f1cd675c66 req-425dd30d-5fd6-4545-a374-c8f1cd675c66 ] Request (ImagesNegativeTestJSON:test_create_image_from_deleted_server): 200 GET http://10.180.1.21/compute/v2.1/servers/9a24af59-9f1d-4625-8cd2-728e7464f09a 0.568s
2024-12-13 05:42:27.174 68235 INFO tempest.lib.common.rest_client [req-e22c13a8-832a-4672-8574-742bf8df50d6 req-e22c13a8-832a-4672-8574-742bf8df50d6 ] Request (ServerShowV247Test:test_update_rebuild_list_server): 200 GET http://10.180.1.21/compute/v2.1/servers/16a166da-44a9-4883-a4d0-981f3d256f1b 0.373s
2024-12-13 05:42:27.218 68289 INFO tempest.lib.common.rest_client [req-591ba751-f5cc-46f5-9573-ad9c397c1b40 req-591ba751-f5cc-46f5-9573-ad9c397c1b40 ] Request (MigrationsAdminTest:test_list_migrations_in_flavor_resize_situation): 200 GET http://10.180.1.21/compute/v2.1/servers/53ceb216-7d63-4dfd-8185-1bf488665180 0.420s
2024-12-13 05:42:27.229 68295 INFO tempest.lib.common.rest_client [req-3e188f8d-1597-497e-b947-8d92e226d794 req-3e188f8d-1597-497e-b947-8d92e226d794 ] Request (ServerRescueNegativeTestJSON:setUpClass): 200 GET http://10.180.1.21/compute/v2.1/servers/29fdb461-3f61-48ef-b36b-9a2c094a86cd 0.359s
2024-12-13 05:42:27.284 68247 INFO tempest.lib.common.rest_client [req-6cfb7c56-434e-43c5-848f-c4f02cc9f6ee req-6cfb7c56-434e-43c5-848f-c4f02cc9f6ee ] Request (ImagesOneServerNegativeTestJSON:_run_cleanups): 200 GET http://10.180.1.21/compute/v2.1/servers/e3fc8314-7f46-4c87-ac67-76133a853b0e 0.402s
2024-12-13 05:42:27.288 68249 INFO tempest.lib.common.rest_client [req-ebffde1a-6cb8-4741-a50f-a3d423d682ff req-ebffde1a-6cb8-4741-a50f-a3d423d682ff ] Request (FloatingIPsAssociationTestJSON:tearDownClass): 200 GET http://10.180.1.21/compute/v2.1/servers/615d9c66-fac7-48b9-8dad-1adf1e9d4e03 0.330s
2024-12-13 05:42:27.303 68241 INFO tempest.lib.common.rest_client [req-a7203cbd-e21d-43e8-8213-da82e0ef2158 req-a7203cbd-e21d-43e8-8213-da82e0ef2158 ] Request (ImagesOneServerTestJSON:test_create_delete_image): 200 GET http://10.180.1.21/compute/v2.1/flavors/42 0.247s
2024-12-13 05:42:27.337 68243 INFO tempest.lib.common.rest_client [req-b07293fd-6923-4788-9ae2-0bd62be8b546 req-b07293fd-6923-4788-9ae2-0bd62be8b546 ] Request (DeleteServersAdminTestJSON:test_delete_server_while_in_error_state): 200 GET http://10.180.1.21/compute/v2.1/servers/44bcb5fd-4cd2-4bf4-bf80-71ddce99bf52 0.316s
