2025-04-03 07:40:28.999 69019 INFO tempest.lib.common.rest_client [req-fd8d40d5-c00a-43d5-9104-0768484062c4 req-fd8d40d5-c00a-43d5-9104-0768484062c4 ] Request (ImagesOneServerTestJSON:tearDownClass): 200 GET http://10.180.1.21/compute/v2.1/servers/b95b8194-54c5-45d3-b2ed-bf61f1b2ce02 0.212s
2025-04-03 07:40:29.037 69033 INFO tempest.lib.common.rest_client [req-62a1db46-cd9b-4f38-9fd0-aec338fc1fda req-62a1db46-cd9b-4f38-9fd0-aec338fc1fda ] Request (SecurityGroupsTestJSON:test_server_security_groups): 200 GET http://10.180.1.21/compute/v2.1/servers/0008a177-17d4-4d2d-8dd7-a0c5a0e7b25b 0.195s
2025-04-03 07:40:29.047 68985 INFO tempest.lib.common.rest_client [req-569aaa2d-2b0c-4224-bdbb-097530886185 req-569aaa2d-2b0c-4224-bdbb-097530886185 ] Request (ServerShowV247Test:test_show_server): 201 POST http://10.180.1.21/identity/v3/auth/tokens 0.060s
2025-04-03 07:40:29.047 68985 INFO tempest.lib.common.fixed_network [-] (ServerShowV247Test:test_show_server) Found network None available for tenant
2025-04-03 07:40:29.057 69010 INFO tempest.lib.common.rest_client [req-0365929b-471c-4e65-8e5c-399d77117855 req-0365929b-471c-4e65-8e5c-399d77117855 ] Request (ImagesOneServerNegativeTestJSON:test_create_second_image_when_first_image_is_being_saved): 409 POST http://10.180.1.21/compute/v2.1/servers/257b370c-a0ec-4003-ae40-82e4bbfc7306/action 0.154s
2025-04-03 07:40:29.090 68997 INFO tempest.lib.common.rest_client [req-592bb5a3-efd9-497d-9579-324d3b30039e req-592bb5a3-efd9-497d-9579-324d3b30039e ] Request (ServerGroupTestJSON:test_create_server_with_scheduler_hint_group): 200 GET http://10.180.1.21/compute/v2.1/servers/0fce1340-0d03-4183-94cb-971773bbbeda 0.186s
2025-04-03 07:40:29.123 69002 INFO tempest.lib.common.rest_client [req-c0f74110-93c5-49fe-be52-a38729133045 req-c0f74110-93c5-49fe-be52-a38729133045 ] Request (ServerTagsTestJSON:setUpClass): 200 GET http://10.180.1.21/compute/v2.1/servers/7c6c018b-cd4d-4df4-90dc-51c119f8da67 0.167s
2025-04-03 07:40:29.260 69010 INFO tempest.lib.common.rest_client [req-6d8098be-8f64-4b78-8218-9a5a44bf7557 req-6d8098be-8f64-4b78-8218-9a5a44bf7557 ] Request (ImagesOneServerNegativeTestJSON:test_create_second_image_when_first_image_is_being_saved): 204 DELETE http://10.180.1.21/compute/v2.1/images/94c6d4e9-9ccb-4bbf-8116-a259f3a64e5c 0.203s
2025-04-03 07:40:29.329 68989 INFO tempest.lib.common.rest_client [req-76ea707c-8d84-40c4-818d-a1088b201169 req-76ea707c-8d84-40c4-818d-a1088b201169 ] Request (ServerDiskConfigTestJSON:test_rebuild_server_with_auto_disk_config): 200 GET http://10.180.1.21/compute/v2.1/servers/34aae64f-f45c-463b-921c-fec60cb69b7a 0.237s
2025-04-03 07:40:29.418 68979 INFO tempest.lib.common.rest_client [req-5e5674d0-cd07-4743-b12e-6ed1be91cf9d req-5e5674d0-cd07-4743-b12e-6ed1be91cf9d ] Request (FloatingIPsAssociationNegativeTestJSON:tearDownClass): 200 GET http://10.180.1.21/compute/v2.1/servers/b20c6322-d999-406a-ac2a-1484449a4b57 0.203s
2025-04-03 07:40:29.446 68985 INFO tempest.lib.common.rest_client [req-08313929-fd5f-4a54-b59c-5b540462d881 req-08313929-fd5f-4a54-b59c-5b540462d881 ] Request (ServerShowV247Test:test_show_server): 202 POST http://10.180.1.21/compute/v2.1/servers 0.398s
2025-04-03 07:40:29.513 68991 INFO tempest.lib.common.rest_client [req-97a9fb6f-4612-47be-8357-329decb16b64 req-97a9fb6f-4612-47be-8357-329decb16b64 ] Request (DeleteServersAdminTestJSON:test_delete_server_while_in_error_state): 200 GET http://10.180.1.21/compute/v2.1/servers/ea89d16d-6564-4b98-84c8-4a21acc9013e 0.189s
2025-04-03 07:40:29.554 69010 INFO tempest.lib.common.rest_client [req-6cf4c6f5-07c1-49f1-9a5a-a820b8349735 req-6cf4c6f5-07c1-49f1-9a5a-a820b8349735 ] Request (ImagesOneServerNegativeTestJSON:tearDown): 200 GET http://10.180.1.21/compute/v2.1/servers/257b370c-a0ec-4003-ae40-82e4bbfc7306 0.293s
2025-04-03 07:40:29.606 69013 INFO tempest.lib.common.rest_client [req-e33b1c7a-ab76-49b9-bec7-219f7bea8692 req-e33b1c7a-ab76-49b9-bec7-219f7bea8692 ] Request (ListImageFiltersTestJSON:setUpClass): 200 GET http://10.180.1.21/compute/v2.1/images/d54a33f6-04c2-4126-9c57-568f9b1a8208 0.233s
2025-04-03 07:40:29.623 69039 INFO tempest.lib.common.rest_client [req-fb361f02-6364-4e12-9abd-9b88aaaf2a2c req-fb361f02-6364-4e12-9abd-9b88aaaf2a2c ] Request (ServersV294TestFqdnHostnames:setUpClass): 200 GET http://10.180.1.21/compute/v2.1/servers/9d6b1846-83aa-4561-9fef-10dbfcb0a48d 0.283s
2025-04-03 07:40:29.633 69039 INFO tempest.common.waiters [-] State transition "BUILD/spawning" ==> "ACTIVE/None" after 44 second wait
2025-04-03 07:40:29.669 69005 INFO tempest.lib.common.rest_client [req-856413cd-91ae-4500-aa17-f5827d8094d2 req-856413cd-91ae-4500-aa17-f5827d8094d2 ] Request (ServersAdminTestJSON:test_create_server_with_scheduling_hint): 200 GET http://10.180.1.21/compute/v2.1/servers/7dc809d4-cb23-40ae-a9f2-7eb9450d9e0c 0.284s
2025-04-03 07:40:29.704 68985 INFO tempest.lib.common.rest_client [req-588d1d9e-a8a0-459d-9c20-abbfec6895a6 req-588d1d9e-a8a0-459d-9c20-abbfec6895a6 ] Request (ServerShowV247Test:test_show_server): 200 GET http://10.180.1.21/compute/v2.1/servers/156a0cb7-ab99-4774-ba4f-ece171cf74f5 0.255s
2025-04-03 07:40:29.771 68987 INFO tempest.lib.common.rest_client [req-49ac4b27-f96c-4839-97ce-7e1945b04b5d req-49ac4b27-f96c-4839-97ce-7e1945b04b5d ] Request (DeleteServersTestJSON:test_delete_server_while_in_attached_volume): 200 GET http://10.180.1.21/compute/v2.1/servers/7416ff97-a858-47d9-ab62-3a891b8f4fa0 0.247s
2025-04-03 07:40:29.772 68985 INFO tempest.lib.common.rest_client [req-cc7f8991-9526-4630-a5ee-3869dd9689ae req-cc7f8991-9526-4630-a5ee-3869dd9689ae ] Request (ServerShowV247Test:test_update_rebuild_list_server): 201 POST http://10.180.1.21/identity/v3/auth/tokens 0.054s
2025-04-03 07:40:29.772 68985 INFO tempest.lib.common.fixed_network [-] (ServerShowV247Test:test_update_rebuild_list_server) Found network None available for tenant
2025-04-03 07:40:29.773 69035 INFO tempest.lib.common.rest_client [req-bd85d3ee-1a1b-4afd-b103-8df060fb88f7 req-bd85d3ee-1a1b-4afd-b103-8df060fb88f7 ] Request (InstanceActionsTestJSON:tearDownClass): 200 GET http://10.180.1.21/compute/v2.1/servers/f4ffcd33-acb1-4e44-9a89-f10b57d732bb 0.310s
2025-04-03 07:40:29.833 68995 INFO tempest.lib.common.rest_client [req-8e921e77-8c36-4473-8391-20adb33b88b0 req-8e921e77-8c36-4473-8391-20adb33b88b0 ] Request (ImagesNegativeTestJSON:test_create_image_from_deleted_server): 200 GET http://10.180.1.21/compute/v2.1/servers/722005fb-bc16-4103-955c-c9a27d33a234 0.240s
2025-04-03 07:40:29.886 69011 INFO tempest.lib.common.rest_client [req-147b81f0-4a41-410d-acfc-304ccf248dde req-147b81f0-4a41-410d-acfc-304ccf248dde ] Request (ImagesTestJSON:test_create_image_from_suspended_server): 200 GET http://10.180.1.21/compute/v2.1/servers/cbe6bafc-b68c-40b7-9cfe-2399794c8054 0.238s
2025-04-03 07:40:29.901 69039 INFO tempest.lib.common.rest_client [req-29736198-b9c6-460e-89ac-270fd2a39b7e req-29736198-b9c6-460e-89ac-270fd2a39b7e ] Request (ServersV294TestFqdnHostnames:setUpClass): 200 GET http://10.180.1.21/compute/v2.1/servers/9d6b1846-83aa-4561-9fef-10dbfcb0a48d/os-interface 0.267s
2025-04-03 07:40:29.997 69027 INFO tempest.lib.common.rest_client [req-1d2d16ab-9654-4b1f-a5df-cb7e70835430 req-1d2d16ab-9654-4b1f-a5df-cb7e70835430 ] Request (ServersListShow2100Test:test_list_show_rebuild_update_server_2100): 200 GET http://10.180.1.21/compute/v2.1/servers/cf37337b-52e3-497c-9bef-0e1bf1c40c98 0.252s
2025-04-03 07:40:30.058 69029 INFO tempest.lib.common.rest_client [req-209a486a-c64c-463d-ac58-bdcc926ea4f9 req-209a486a-c64c-463d-ac58-bdcc926ea4f9 ] Request (ServerActionsTestOtherB:setUpClass): 200 GET http://10.180.1.21/compute/v2.1/servers/68b24323-6432-4cbd-9ea7-b231fb008990 0.261s
2025-04-03 07:40:30.107 68981 WARNING tempest.lib.common.ssh [-] Failed to establish authenticated ssh connection to cirros@10.180.180.148 ([Errno None] Unable to connect to port 22 on 10.180.180.148). Number attempts: 6. Retry after 7 seconds.: paramiko.ssh_exception.NoValidConnectionsError: [Errno None] Unable to connect to port 22 on 10.180.180.148
2025-04-03 07:40:30.117 68985 INFO tempest.lib.common.rest_client [req-ef961755-92d0-4d44-9979-b81327047d7d req-ef961755-92d0-4d44-9979-b81327047d7d ] Request (ServerShowV247Test:test_update_rebuild_list_server): 202 POST http://10.180.1.21/compute/v2.1/servers 0.344s
2025-04-03 07:40:30.197 69015 INFO tempest.lib.common.rest_client [req-eed02931-8aa9-4cb3-a62a-9b76b792fbde req-eed02931-8aa9-4cb3-a62a-9b76b792fbde ] Request (ServerRescueNegativeTestJSON:setUpClass): 200 GET http://10.180.1.21/compute/v2.1/servers/7197b66f-d579-475e-9b82-62a4434475e3 0.208s
2025-04-03 07:40:30.239 69037 INFO tempest.lib.common.rest_client [req-7a9d16d7-02d3-4a74-9c5a-0038e3f654f1 req-7a9d16d7-02d3-4a74-9c5a-0038e3f654f1 ] Request (MultipleCreateTestJSON:test_multiple_create): 200 GET http://10.180.1.21/compute/v2.1/servers/5d7fc271-ecee-48d1-937b-f06fe7833c6f 0.307s
2025-04-03 07:40:30.278 69019 INFO tempest.lib.common.rest_client [req-2ebbbbf9-f302-4ac5-a08f-76c0e82a2f98 req-2ebbbbf9-f302-4ac5-a08f-76c0e82a2f98 ] Request (ImagesOneServerTestJSON:tearDownClass): 200 GET http://10.180.1.21/compute/v2.1/servers/b95b8194-54c5-45d3-b2ed-bf61f1b2ce02 0.269s
2025-04-03 07:40:30.292 69033 INFO tempest.lib.common.rest_client [req-3feb8fca-9db4-4959-a3bc-b91e6d1c7c3e req-3feb8fca-9db4-4959-a3bc-b91e6d1c7c3e ] Request (SecurityGroupsTestJSON:test_server_security_groups): 200 GET http://10.180.1.21/compute/v2.1/servers/0008a177-17d4-4d2d-8dd7-a0c5a0e7b25b 0.242s
2025-04-03 07:40:30.319 68985 INFO tempest.lib.common.rest_client [req-d70f4b49-7355-480e-8ee5-5c01ba39360e req-d70f4b49-7355-480e-8ee5-5c01ba39360e ] Request (ServerShowV247Test:test_update_rebuild_list_server): 200 PUT http://10.180.1.21/compute/v2.1/servers/f08f2c03-0005-4f65-b368-a84a7e838ca8 0.200s
2025-04-03 07:40:30.335 68997 INFO tempest.lib.common.rest_client [req-ed9c57ec-0d73-4303-b5c7-65e3c8593cb4 req-ed9c57ec-0d73-4303-b5c7-65e3c8593cb4 ] Request (ServerGroupTestJSON:test_create_server_with_scheduler_hint_group): 200 GET http://10.180.1.21/compute/v2.1/servers/0fce1340-0d03-4183-94cb-971773bbbeda 0.232s
2025-04-03 07:40:30.382 68985 INFO tempest.lib.common.rest_client [req-cbf8cc08-0a24-4f69-888b-a8ba6189a774 req-cbf8cc08-0a24-4f69-888b-a8ba6189a774 ] Request (ServerShowV247Test:test_update_rebuild_list_server): 200 GET http://10.180.1.21/compute/v2.1/servers/f08f2c03-0005-4f65-b368-a84a7e838ca8 0.051s
2025-04-03 07:40:30.395 69002 INFO tempest.lib.common.rest_client [req-0cac25b0-e13e-4048-bf07-9f5b7ea00717 req-0cac25b0-e13e-4048-bf07-9f5b7ea00717 ] Request (ServerTagsTestJSON:setUpClass): 200 GET http://10.180.1.21/compute/v2.1/servers/7c6c018b-cd4d-4df4-90dc-51c119f8da67 0.253s
2025-04-03 07:40:30.691 68989 INFO tempest.lib.common.rest_client [req-867833e2-4ab7-46d3-940e-24284df6e30b req-867833e2-4ab7-46d3-940e-24284df6e30b ] Request (ServerDiskConfigTestJSON:test_rebuild_server_with_auto_disk_config): 200 GET http://10.180.1.21/compute/v2.1/servers/34aae64f-f45c-463b-921c-fec60cb69b7a 0.350s
2025-04-03 07:40:30.710 68979 INFO tempest.lib.common.rest_client [req-a4083847-2984-41de-993c-221ca6b4dbb8 req-a4083847-2984-41de-993c-221ca6b4dbb8 ] Request (FloatingIPsAssociationNegativeTestJSON:tearDownClass): 200 GET http://10.180.1.21/compute/v2.1/servers/b20c6322-d999-406a-ac2a-1484449a4b57 0.283s
2025-04-03 07:40:30.805 68991 INFO tempest.lib.common.rest_client [req-f2c5a33a-42f3-4c0a-b412-8e7ad4d77614 req-f2c5a33a-42f3-4c0a-b412-8e7ad4d77614 ] Request (DeleteServersAdminTestJSON:test_delete_server_while_in_error_state): 200 GET http://10.180.1.21/compute/v2.1/servers/ea89d16d-6564-4b98-84c8-4a21acc9013e 0.283s
2025-04-03 07:40:30.860 69013 INFO tempest.lib.common.rest_client [req-6e4c9482-973e-4ebe-a11e-9b0bc53b7625 req-6e4c9482-973e-4ebe-a11e-9b0bc53b7625 ] Request (ListImageFiltersTestJSON:setUpClass): 200 GET http://10.180.1.21/compute/v2.1/images/d54a33f6-04c2-4126-9c57-568f9b1a8208 0.250s
2025-04-03 07:40:30.872 69010 INFO tempest.lib.common.rest_client [req-4c8fc8de-ba32-45d4-b159-e4c42caf7d0d req-4c8fc8de-ba32-45d4-b159-e4c42caf7d0d ] Request (ImagesOneServerNegativeTestJSON:tearDown): 200 GET http://10.180.1.21/compute/v2.1/servers/257b370c-a0ec-4003-ae40-82e4bbfc7306 0.309s
2025-04-03 07:40:30.879 69010 INFO tempest.common.waiters [-] State transition "ACTIVE/image_snapshot_pending" ==> "ACTIVE/image_pending_upload" after 1 second wait
2025-04-03 07:40:30.919 69005 INFO tempest.lib.common.rest_client [req-9169a9a2-ffd8-4f0d-a478-250bd4963b75 req-9169a9a2-ffd8-4f0d-a478-250bd4963b75 ] Request (ServersAdminTestJSON:test_create_server_with_scheduling_hint): 200 GET http://10.180.1.21/compute/v2.1/servers/7dc809d4-cb23-40ae-a9f2-7eb9450d9e0c 0.242s
2025-04-03 07:40:30.942 69035 INFO tempest.lib.common.rest_client [req-466f1a7d-b5a7-4bb8-a395-e6cb91b76f9c req-466f1a7d-b5a7-4bb8-a395-e6cb91b76f9c ] Request (InstanceActionsTestJSON:tearDownClass): 404 GET http://10.180.1.21/compute/v2.1/servers/f4ffcd33-acb1-4e44-9a89-f10b57d732bb 0.161s
2025-04-03 07:40:30.944 68987 INFO tempest.lib.common.rest_client [req-59848d41-b605-441d-bf41-9d1c853fdd20 req-59848d41-b605-441d-bf41-9d1c853fdd20 ] Request (DeleteServersTestJSON:test_delete_server_while_in_attached_volume): 200 GET http://10.180.1.21/compute/v2.1/servers/7416ff97-a858-47d9-ab62-3a891b8f4fa0 0.165s
2025-04-03 07:40:31.025 68995 INFO tempest.lib.common.rest_client [req-9f497e72-1d6b-4817-9951-e60b3936b1fe req-9f497e72-1d6b-4817-9951-e60b3936b1fe ] Request (ImagesNegativeTestJSON:test_create_image_from_deleted_server): 200 GET http://10.180.1.21/compute/v2.1/servers/722005fb-bc16-4103-955c-c9a27d33a234 0.183s
2025-04-03 07:40:31.031 69039 INFO tempest.lib.common.rest_client [req-f46b8e0b-ef4c-4997-b505-329cc8e85352 req-f46b8e0b-ef4c-4997-b505-329cc8e85352 ] Request (ServersV294TestFqdnHostnames:setUpClass): 200 PUT http://10.180.1.21:9696/networking/v2.0/floatingips/16f160ea-7255-4d6a-afe4-e179e434c524 1.128s
2025-04-03 07:40:31.035 69011 INFO tempest.lib.common.rest_client [req-de7f2078-5022-4e1c-8fa0-d8626b4b6659 req-de7f2078-5022-4e1c-8fa0-d8626b4b6659 ] Request (ImagesTestJSON:test_create_image_from_suspended_server): 200 GET http://10.180.1.21/compute/v2.1/servers/cbe6bafc-b68c-40b7-9cfe-2399794c8054 0.141s
2025-04-03 07:40:31.102 69027 INFO tempest.lib.common.rest_client [req-45c733ad-18cc-4070-b4e7-8648a8370dc0 req-45c733ad-18cc-4070-b4e7-8648a8370dc0 ] Request (ServersListShow2100Test:test_list_show_rebuild_update_server_2100): 200 GET http://10.180.1.21/compute/v2.1/servers/cf37337b-52e3-497c-9bef-0e1bf1c40c98 0.087s
2025-04-03 07:40:31.183 69029 INFO tempest.lib.common.rest_client [req-3c28d1cc-8613-4d74-8986-26176807b8f5 req-3c28d1cc-8613-4d74-8986-26176807b8f5 ] Request (ServerActionsTestOtherB:setUpClass): 200 GET http://10.180.1.21/compute/v2.1/servers/68b24323-6432-4cbd-9ea7-b231fb008990 0.114s
2025-04-03 07:40:31.194 68993 WARNING tempest.lib.common.ssh [-] Failed to establish authenticated ssh connection to cirros@10.180.180.227 ([Errno None] Unable to connect to port 22 on 10.180.180.227). Number attempts: 1. Retry after 2 seconds.: paramiko.ssh_exception.NoValidConnectionsError: [Errno None] Unable to connect to port 22 on 10.180.180.227
2025-04-03 07:40:31.198 69039 INFO tempest.lib.common.rest_client [req-5f3f80b8-2ed9-4074-b48c-e1f6c0f5005a req-5f3f80b8-2ed9-4074-b48c-e1f6c0f5005a ] Request (ServersV294TestFqdnHostnames:setUpClass): 200 GET http://10.180.1.21/compute/v2.1/servers/9d6b1846-83aa-4561-9fef-10dbfcb0a48d 0.166s
2025-04-03 07:40:31.210 69039 INFO tempest.api.compute.base [-] Attempting to verify tagged devices in server 9d6b1846-83aa-4561-9fef-10dbfcb0a48d via the metadata service: http://169.254.169.254/openstack/latest/meta_data.json
2025-04-03 07:40:31.211 69039 INFO tempest.lib.common.ssh [-] Creating ssh connection to '10.180.180.245:22' as 'cirros' with public key authentication
2025-04-03 07:40:31.277 69015 INFO tempest.lib.common.rest_client [req-614fb53e-47b9-4201-8117-de82af99d974 req-614fb53e-47b9-4201-8117-de82af99d974 ] Request (ServerRescueNegativeTestJSON:setUpClass): 200 GET http://10.180.1.21/compute/v2.1/servers/7197b66f-d579-475e-9b82-62a4434475e3 0.066s
2025-04-03 07:40:31.362 69037 INFO tempest.lib.common.rest_client [req-4c9c1be2-a1fe-4d4a-8069-3f0a7518d5da req-4c9c1be2-a1fe-4d4a-8069-3f0a7518d5da ] Request (MultipleCreateTestJSON:test_multiple_create): 200 GET http://10.180.1.21/compute/v2.1/servers/5d7fc271-ecee-48d1-937b-f06fe7833c6f 0.113s
2025-04-03 07:40:31.362 69019 INFO tempest.lib.common.rest_client [req-4c267305-d937-44ff-9a28-85741b70b2ff req-4c267305-d937-44ff-9a28-85741b70b2ff ] Request (ImagesOneServerTestJSON:tearDownClass): 200 GET http://10.180.1.21/compute/v2.1/servers/b95b8194-54c5-45d3-b2ed-bf61f1b2ce02 0.076s
2025-04-03 07:40:31.422 69033 INFO tempest.lib.common.rest_client [req-310f0aea-00a4-4f20-b859-bce4b19d598e req-310f0aea-00a4-4f20-b859-bce4b19d598e ] Request (SecurityGroupsTestJSON:test_server_security_groups): 200 GET http://10.180.1.21/compute/v2.1/servers/0008a177-17d4-4d2d-8dd7-a0c5a0e7b25b 0.120s
2025-04-03 07:40:31.426 68997 INFO tempest.lib.common.rest_client [req-c33ccfc5-2a22-452c-a5a8-e371f1e5a7ae req-c33ccfc5-2a22-452c-a5a8-e371f1e5a7ae ] Request (ServerGroupTestJSON:test_create_server_with_scheduler_hint_group): 200 GET http://10.180.1.21/compute/v2.1/servers/0fce1340-0d03-4183-94cb-971773bbbeda 0.081s
2025-04-03 07:40:31.429 69033 INFO tempest.common.waiters [-] State transition "BUILD/scheduling" ==> "BUILD/None" after 21 second wait
2025-04-03 07:40:31.483 68985 INFO tempest.lib.common.rest_client [req-c79b83de-60f5-40b7-8d55-9f2f5f28fa03 req-c79b83de-60f5-40b7-8d55-9f2f5f28fa03 ] Request (ServerShowV247Test:test_update_rebuild_list_server): 200 GET http://10.180.1.21/compute/v2.1/servers/f08f2c03-0005-4f65-b368-a84a7e838ca8 0.089s
2025-04-03 07:40:31.491 69002 INFO tempest.lib.common.rest_client [req-5fe1b2bb-2e15-4bdd-8d86-0bc0f63f168a req-5fe1b2bb-2e15-4bdd-8d86-0bc0f63f168a ] Request (ServerTagsTestJSON:setUpClass): 200 GET http://10.180.1.21/compute/v2.1/servers/7c6c018b-cd4d-4df4-90dc-51c119f8da67 0.085s
2025-04-03 07:40:31.768 68989 INFO tempest.lib.common.rest_client [req-afafd002-1e1e-4093-9ba3-f94dd1b62944 req-afafd002-1e1e-4093-9ba3-f94dd1b62944 ] Request (ServerDiskConfigTestJSON:test_rebuild_server_with_auto_disk_config): 200 GET http://10.180.1.21/compute/v2.1/servers/34aae64f-f45c-463b-921c-fec60cb69b7a 0.070s
2025-04-03 07:40:31.791 68979 INFO tempest.lib.common.rest_client [req-0fdcd6c8-8379-4d99-8473-d3751c3e92bb req-0fdcd6c8-8379-4d99-8473-d3751c3e92bb ] Request (FloatingIPsAssociationNegativeTestJSON:tearDownClass): 200 GET http://10.180.1.21/compute/v2.1/servers/b20c6322-d999-406a-ac2a-1484449a4b57 0.073s
2025-04-03 07:40:31.927 68991 INFO tempest.lib.common.rest_client [req-de1bd8cd-99da-4136-afc8-b6d55c7d4163 req-de1bd8cd-99da-4136-afc8-b6d55c7d4163 ] Request (DeleteServersAdminTestJSON:test_delete_server_while_in_error_state): 200 GET http://10.180.1.21/compute/v2.1/servers/ea89d16d-6564-4b98-84c8-4a21acc9013e 0.114s
2025-04-03 07:40:31.949 69013 INFO tempest.lib.common.rest_client [req-5e22b442-b157-4ad4-8790-779a5ba51f3b req-5e22b442-b157-4ad4-8790-779a5ba51f3b ] Request (ListImageFiltersTestJSON:setUpClass): 200 GET http://10.180.1.21/compute/v2.1/images/d54a33f6-04c2-4126-9c57-568f9b1a8208 0.084s
2025-04-03 07:40:32.011 69005 INFO tempest.lib.common.rest_client [req-3e6eed62-5558-4522-a235-541cea65fa2c req-3e6eed62-5558-4522-a235-541cea65fa2c ] Request (ServersAdminTestJSON:test_create_server_with_scheduling_hint): 200 GET http://10.180.1.21/compute/v2.1/servers/7dc809d4-cb23-40ae-a9f2-7eb9450d9e0c 0.084s
2025-04-03 07:40:32.048 69035 INFO tempest.lib.common.rest_client [req-c27317da-643d-479f-81ce-6adccfcee729 req-c27317da-643d-479f-81ce-6adccfcee729 ] Request (InstanceActionsTestJSON:tearDownClass): 200 PUT http://10.180.1.21:9696/networking/v2.0/routers/1fab4ae9-3a7d-4a6f-bb5d-c60fed5c95f7/remove_router_interface 1.105s
2025-04-03 07:40:32.075 68987 INFO tempest.lib.common.rest_client [req-3c2511a3-76c1-41b6-bdd0-2d2ccd6bcbc3 req-3c2511a3-76c1-41b6-bdd0-2d2ccd6bcbc3 ] Request (DeleteServersTestJSON:test_delete_server_while_in_attached_volume): 200 GET http://10.180.1.21/compute/v2.1/servers/7416ff97-a858-47d9-ab62-3a891b8f4fa0 0.122s
2025-04-03 07:40:32.089 68983 WARNING tempest.lib.common.ssh [-] Failed to establish authenticated ssh connection to cirros@10.180.180.228 ([Errno None] Unable to connect to port 22 on 10.180.180.228). Number attempts: 7. Retry after 8 seconds.: paramiko.ssh_exception.NoValidConnectionsError: [Errno None] Unable to connect to port 22 on 10.180.180.228
2025-04-03 07:40:32.118 69010 INFO tempest.lib.common.rest_client [req-fefb19f3-13d2-4181-a32c-8d2bc27f7174 req-fefb19f3-13d2-4181-a32c-8d2bc27f7174 ] Request (ImagesOneServerNegativeTestJSON:tearDown): 200 GET http://10.180.1.21/compute/v2.1/servers/257b370c-a0ec-4003-ae40-82e4bbfc7306 0.237s
2025-04-03 07:40:32.145 68995 INFO tempest.lib.common.rest_client [req-13e33982-20a4-4a6b-acb2-5bb1190d58e4 req-13e33982-20a4-4a6b-acb2-5bb1190d58e4 ] Request (ImagesNegativeTestJSON:test_create_image_from_deleted_server): 200 GET http://10.180.1.21/compute/v2.1/servers/722005fb-bc16-4103-955c-c9a27d33a234 0.108s
2025-04-03 07:40:32.180 69011 INFO tempest.lib.common.rest_client [req-6c9233ed-30e8-4222-9b34-25a164f6dfd8 req-6c9233ed-30e8-4222-9b34-25a164f6dfd8 ] Request (ImagesTestJSON:test_create_image_from_suspended_server): 200 GET http://10.180.1.21/compute/v2.1/servers/cbe6bafc-b68c-40b7-9cfe-2399794c8054 0.133s
2025-04-03 07:40:32.226 69027 INFO tempest.lib.common.rest_client [req-5cdda075-76bb-42f8-a4ef-4310497e1f0c req-5cdda075-76bb-42f8-a4ef-4310497e1f0c ] Request (ServersListShow2100Test:test_list_show_rebuild_update_server_2100): 200 GET http://10.180.1.21/compute/v2.1/servers/cf37337b-52e3-497c-9bef-0e1bf1c40c98 0.111s
2025-04-03 07:40:32.248 69029 INFO tempest.lib.common.rest_client [req-f70584d5-6a02-45bb-88c7-bf75ee6cc2bf req-f70584d5-6a02-45bb-88c7-bf75ee6cc2bf ] Request (ServerActionsTestOtherB:setUpClass): 200 GET http://10.180.1.21/compute/v2.1/servers/68b24323-6432-4cbd-9ea7-b231fb008990 0.052s
2025-04-03 07:40:32.336 69015 INFO tempest.lib.common.rest_client [req-b63d9fe1-1ce1-4190-a9f1-18ac8351b801 req-b63d9fe1-1ce1-4190-a9f1-18ac8351b801 ] Request (ServerRescueNegativeTestJSON:setUpClass): 200 GET http://10.180.1.21/compute/v2.1/servers/7197b66f-d579-475e-9b82-62a4434475e3 0.052s
2025-04-03 07:40:32.454 69019 INFO tempest.lib.common.rest_client [req-aa8f570e-041e-4f54-9365-9cfcc8c8ea54 req-aa8f570e-041e-4f54-9365-9cfcc8c8ea54 ] Request (ImagesOneServerTestJSON:tearDownClass): 200 GET http://10.180.1.21/compute/v2.1/servers/b95b8194-54c5-45d3-b2ed-bf61f1b2ce02 0.079s
2025-04-03 07:40:32.506 69033 INFO tempest.lib.common.rest_client [req-41981465-5485-4c9e-a4ad-a2a1b071a4f4 req-41981465-5485-4c9e-a4ad-a2a1b071a4f4 ] Request (SecurityGroupsTestJSON:test_server_security_groups): 200 GET http://10.180.1.21/compute/v2.1/servers/0008a177-17d4-4d2d-8dd7-a0c5a0e7b25b 0.076s
2025-04-03 07:40:32.544 69037 INFO tempest.lib.common.rest_client [req-e5ed5f84-f555-4b8f-8c7b-45dee1785a6b req-e5ed5f84-f555-4b8f-8c7b-45dee1785a6b ] Request (MultipleCreateTestJSON:test_multiple_create): 200 GET http://10.180.1.21/compute/v2.1/servers/5d7fc271-ecee-48d1-937b-f06fe7833c6f 0.175s
2025-04-03 07:40:32.547 69035 INFO tempest.lib.common.rest_client [req-f0f75ed5-72e8-43db-9ecb-c6349affd046 req-f0f75ed5-72e8-43db-9ecb-c6349affd046 ] Request (InstanceActionsTestJSON:tearDownClass): 204 DELETE http://10.180.1.21:9696/networking/v2.0/routers/1fab4ae9-3a7d-4a6f-bb5d-c60fed5c95f7 0.498s
2025-04-03 07:40:32.568 68997 INFO tempest.lib.common.rest_client [req-60e8c7cc-3d52-4eb4-bce5-821425bba323 req-60e8c7cc-3d52-4eb4-bce5-821425bba323 ] Request (ServerGroupTestJSON:test_create_server_with_scheduler_hint_group): 200 GET http://10.180.1.21/compute/v2.1/servers/0fce1340-0d03-4183-94cb-971773bbbeda 0.134s
2025-04-03 07:40:32.626 68985 INFO tempest.lib.common.rest_client [req-76efcaae-7e56-4370-b16e-2882b729270b req-76efcaae-7e56-4370-b16e-2882b729270b ] Request (ServerShowV247Test:test_update_rebuild_list_server): 200 GET http://10.180.1.21/compute/v2.1/servers/f08f2c03-0005-4f65-b368-a84a7e838ca8 0.133s
2025-04-03 07:40:32.663 69002 INFO tempest.lib.common.rest_client [req-293cb757-9055-4190-a679-cb8c5e2830fb req-293cb757-9055-4190-a679-cb8c5e2830fb ] Request (ServerTagsTestJSON:setUpClass): 200 GET http://10.180.1.21/compute/v2.1/servers/7c6c018b-cd4d-4df4-90dc-51c119f8da67 0.163s
2025-04-03 07:40:32.858 69003 WARNING tempest.lib.common.ssh [-] Failed to establish authenticated ssh connection to cirros@10.180.180.214 ([Errno None] Unable to connect to port 22 on 10.180.180.214). Number attempts: 5. Retry after 6 seconds.: paramiko.ssh_exception.NoValidConnectionsError: [Errno None] Unable to connect to port 22 on 10.180.180.214
2025-04-03 07:40:32.884 68989 INFO tempest.lib.common.rest_client [req-a41b73d0-b004-4e5c-974b-1ddd1df603b3 req-a41b73d0-b004-4e5c-974b-1ddd1df603b3 ] Request (ServerDiskConfigTestJSON:test_rebuild_server_with_auto_disk_config): 200 GET http://10.180.1.21/compute/v2.1/servers/34aae64f-f45c-463b-921c-fec60cb69b7a 0.108s
2025-04-03 07:40:32.893 69035 INFO tempest.lib.common.rest_client [req-adc484a8-5992-44f0-a23c-fd6e0959623c req-adc484a8-5992-44f0-a23c-fd6e0959623c ] Request (InstanceActionsTestJSON:tearDownClass): 204 DELETE http://10.180.1.21:9696/networking/v2.0/subnets/0257cf72-f7fc-4f2a-88d4-c75e00903c65 0.346s
2025-04-03 07:40:32.903 68979 INFO tempest.lib.common.rest_client [req-ec8e6ddb-3bd2-4e0a-80ae-6ce53f4311af req-ec8e6ddb-3bd2-4e0a-80ae-6ce53f4311af ] Request (FloatingIPsAssociationNegativeTestJSON:tearDownClass): 200 GET http://10.180.1.21/compute/v2.1/servers/b20c6322-d999-406a-ac2a-1484449a4b57 0.101s
2025-04-03 07:40:33.015 69013 INFO tempest.lib.common.rest_client [req-7dc40191-a4d4-481e-8c3c-f8a88fb9159f req-7dc40191-a4d4-481e-8c3c-f8a88fb9159f ] Request (ListImageFiltersTestJSON:setUpClass): 200 GET http://10.180.1.21/compute/v2.1/images/d54a33f6-04c2-4126-9c57-568f9b1a8208 0.062s
2025-04-03 07:40:33.021 68991 INFO tempest.lib.common.rest_client [req-eeaafa45-f31a-4fc2-8156-4521aabe9dd9 req-eeaafa45-f31a-4fc2-8156-4521aabe9dd9 ] Request (DeleteServersAdminTestJSON:test_delete_server_while_in_error_state): 200 GET http://10.180.1.21/compute/v2.1/servers/ea89d16d-6564-4b98-84c8-4a21acc9013e 0.080s
2025-04-03 07:40:33.077 69005 INFO tempest.lib.common.rest_client [req-4fb3614d-d397-42e9-9864-c3d32badc579 req-4fb3614d-d397-42e9-9864-c3d32badc579 ] Request (ServersAdminTestJSON:test_create_server_with_scheduling_hint): 200 GET http://10.180.1.21/compute/v2.1/servers/7dc809d4-cb23-40ae-a9f2-7eb9450d9e0c 0.056s
2025-04-03 07:40:33.160 68987 INFO tempest.lib.common.rest_client [req-db7c3431-3ecc-4320-ac63-db0d76362807 req-db7c3431-3ecc-4320-ac63-db0d76362807 ] Request (DeleteServersTestJSON:test_delete_server_while_in_attached_volume): 200 GET http://10.180.1.21/compute/v2.1/servers/7416ff97-a858-47d9-ab62-3a891b8f4fa0 0.072s
2025-04-03 07:40:33.178 69021 WARNING tempest.lib.common.ssh [-] Failed to establish authenticated ssh connection to cirros@10.180.180.236 ([Errno None] Unable to connect to port 22 on 10.180.180.236). Number attempts: 8. Retry after 9 seconds.: paramiko.ssh_exception.NoValidConnectionsError: [Errno None] Unable to connect to port 22 on 10.180.180.236
2025-04-03 07:40:33.244 68995 INFO tempest.lib.common.rest_client [req-fc297fb9-f075-490b-8d22-46be234ef5ce req-fc297fb9-f075-490b-8d22-46be234ef5ce ] Request (ImagesNegativeTestJSON:test_create_image_from_deleted_server): 200 GET http://10.180.1.21/compute/v2.1/servers/722005fb-bc16-4103-955c-c9a27d33a234 0.089s
2025-04-03 07:40:33.290 69010 INFO tempest.lib.common.rest_client [req-38673aee-1b78-4b52-bc19-1d1763270615 req-38673aee-1b78-4b52-bc19-1d1763270615 ] Request (ImagesOneServerNegativeTestJSON:tearDown): 200 GET http://10.180.1.21/compute/v2.1/servers/257b370c-a0ec-4003-ae40-82e4bbfc7306 0.154s
2025-04-03 07:40:33.302 69010 INFO tempest.common.waiters [-] State transition "ACTIVE/image_pending_upload" ==> "ACTIVE/image_uploading" after 4 second wait
2025-04-03 07:40:33.327 69011 INFO tempest.lib.common.rest_client [req-af4186f1-1294-4438-8245-0a702d04a761 req-af4186f1-1294-4438-8245-0a702d04a761 ] Request (ImagesTestJSON:test_create_image_from_suspended_server): 200 GET http://10.180.1.21/compute/v2.1/servers/cbe6bafc-b68c-40b7-9cfe-2399794c8054 0.137s
2025-04-03 07:40:33.390 69027 INFO tempest.lib.common.rest_client [req-9bc85d00-d30b-4af8-9419-51cd6c02ccab req-9bc85d00-d30b-4af8-9419-51cd6c02ccab ] Request (ServersListShow2100Test:test_list_show_rebuild_update_server_2100): 200 GET http://10.180.1.21/compute/v2.1/servers/cf37337b-52e3-497c-9bef-0e1bf1c40c98 0.148s
2025-04-03 07:40:33.408 69029 INFO tempest.lib.common.rest_client [req-27e7ee9f-25e2-4b7b-8132-d2812a9a9f64 req-27e7ee9f-25e2-4b7b-8132-d2812a9a9f64 ] Request (ServerActionsTestOtherB:setUpClass): 200 GET http://10.180.1.21/compute/v2.1/servers/68b24323-6432-4cbd-9ea7-b231fb008990 0.153s
2025-04-03 07:40:33.417 69029 INFO tempest.common.waiters [-] State transition "BUILD/None" ==> "BUILD/networking" after 41 second wait
2025-04-03 07:40:33.456 69035 INFO tempest.lib.common.rest_client [req-0dae0e29-f439-4858-b4e7-7f860bdeb37c req-0dae0e29-f439-4858-b4e7-7f860bdeb37c ] Request (InstanceActionsTestJSON:tearDownClass): 204 DELETE http://10.180.1.21:9696/networking/v2.0/networks/d6f64f6c-9caa-4e7d-a075-83b095eb0214 0.562s
2025-04-03 07:40:33.466 69015 INFO tempest.lib.common.rest_client [req-f7bbfec0-ec1a-4c23-aa52-8fe1b76874d9 req-f7bbfec0-ec1a-4c23-aa52-8fe1b76874d9 ] Request (ServerRescueNegativeTestJSON:setUpClass): 200 GET http://10.180.1.21/compute/v2.1/servers/7197b66f-d579-475e-9b82-62a4434475e3 0.122s
2025-04-03 07:40:33.555 69019 INFO tempest.lib.common.rest_client [req-3dfc7184-50c9-4420-9c79-6d15e6a88626 req-3dfc7184-50c9-4420-9c79-6d15e6a88626 ] Request (ImagesOneServerTestJSON:tearDownClass): 200 GET http://10.180.1.21/compute/v2.1/servers/b95b8194-54c5-45d3-b2ed-bf61f1b2ce02 0.091s
2025-04-03 07:40:33.570 69033 INFO tempest.lib.common.rest_client [req-190b54c5-126d-425d-901e-9e1ef221f142 req-190b54c5-126d-425d-901e-9e1ef221f142 ] Request (SecurityGroupsTestJSON:test_server_security_groups): 200 GET http://10.180.1.21/compute/v2.1/servers/0008a177-17d4-4d2d-8dd7-a0c5a0e7b25b 0.055s
2025-04-03 07:40:33.652 68997 INFO tempest.lib.common.rest_client [req-4678152b-88db-4982-a0d9-c066998af54a req-4678152b-88db-4982-a0d9-c066998af54a ] Request (ServerGroupTestJSON:test_create_server_with_scheduler_hint_group): 200 GET http://10.180.1.21/compute/v2.1/servers/0fce1340-0d03-4183-94cb-971773bbbeda 0.072s
2025-04-03 07:40:33.726 69037 INFO tempest.lib.common.rest_client [req-836edcd4-e2ff-4059-90db-f86107644074 req-836edcd4-e2ff-4059-90db-f86107644074 ] Request (MultipleCreateTestJSON:test_multiple_create): 200 GET http://10.180.1.21/compute/v2.1/servers/5d7fc271-ecee-48d1-937b-f06fe7833c6f 0.173s
2025-04-03 07:40:33.738 68985 INFO tempest.lib.common.rest_client [req-d3e35631-6092-4477-8771-59f59aa1c8d0 req-d3e35631-6092-4477-8771-59f59aa1c8d0 ] Request (ServerShowV247Test:test_update_rebuild_list_server): 200 GET http://10.180.1.21/compute/v2.1/servers/f08f2c03-0005-4f65-b368-a84a7e838ca8 0.089s
2025-04-03 07:40:33.794 69002 INFO tempest.lib.common.rest_client [req-d3de9aa2-abfb-4ec1-9c73-2cd3766473e5 req-d3de9aa2-abfb-4ec1-9c73-2cd3766473e5 ] Request (ServerTagsTestJSON:setUpClass): 200 GET http://10.180.1.21/compute/v2.1/servers/7c6c018b-cd4d-4df4-90dc-51c119f8da67 0.119s
2025-04-03 07:40:33.906 69035 INFO tempest.lib.common.rest_client [req-7f1d12d0-68bb-46e5-be9e-c8e77e2c01e7 req-7f1d12d0-68bb-46e5-be9e-c8e77e2c01e7 ] Request (InstanceActionsTestJSON:tearDownClass): 204 DELETE http://10.180.1.21/identity/v3/users/9ae919f9e6874c869d7515d49229eeae 0.449s
2025-04-03 07:40:33.907 69035 INFO tempest.lib.common.dynamic_creds [-] Deleting project and security group for project: 3bb4ef27ca1c466598533c34cacd632d
2025-04-03 07:40:33.966 68989 INFO tempest.lib.common.rest_client [req-d756dfdf-284a-4ef4-b6b9-99f3a410f526 req-d756dfdf-284a-4ef4-b6b9-99f3a410f526 ] Request (ServerDiskConfigTestJSON:test_rebuild_server_with_auto_disk_config): 200 GET http://10.180.1.21/compute/v2.1/servers/34aae64f-f45c-463b-921c-fec60cb69b7a 0.071s
2025-04-03 07:40:33.983 69035 INFO tempest.lib.common.rest_client [req-f23176fa-abf5-4417-9791-4dfafe29cc75 req-f23176fa-abf5-4417-9791-4dfafe29cc75 ] Request (InstanceActionsTestJSON:tearDownClass): 200 GET http://10.180.1.21:9696/networking/v2.0/security-groups?tenant_id=3bb4ef27ca1c466598533c34cacd632d&name=default 0.076s
2025-04-03 07:40:34.007 68979 INFO tempest.lib.common.rest_client [req-af77df65-8e2c-4799-9279-1d7244d1a53d req-af77df65-8e2c-4799-9279-1d7244d1a53d ] Request (FloatingIPsAssociationNegativeTestJSON:tearDownClass): 200 GET http://10.180.1.21/compute/v2.1/servers/b20c6322-d999-406a-ac2a-1484449a4b57 0.094s
2025-04-03 07:40:34.082 69013 INFO tempest.lib.common.rest_client [req-52b101df-b26e-4db0-8adf-2afca80e145b req-52b101df-b26e-4db0-8adf-2afca80e145b ] Request (ListImageFiltersTestJSON:setUpClass): 200 GET http://10.180.1.21/compute/v2.1/images/d54a33f6-04c2-4126-9c57-568f9b1a8208 0.062s
2025-04-03 07:40:34.151 69005 INFO tempest.lib.common.rest_client [req-1f22b6d8-28ed-4820-b773-23bc975e7a4b req-1f22b6d8-28ed-4820-b773-23bc975e7a4b ] Request (ServersAdminTestJSON:test_create_server_with_scheduling_hint): 200 GET http://10.180.1.21/compute/v2.1/servers/7dc809d4-cb23-40ae-a9f2-7eb9450d9e0c 0.065s
2025-04-03 07:40:34.153 68991 INFO tempest.lib.common.rest_client [req-2a96fe06-0f3e-4a77-a3a9-d6dab9bd0d26 req-2a96fe06-0f3e-4a77-a3a9-d6dab9bd0d26 ] Request (DeleteServersAdminTestJSON:test_delete_server_while_in_error_state): 200 GET http://10.180.1.21/compute/v2.1/servers/ea89d16d-6564-4b98-84c8-4a21acc9013e 0.124s
2025-04-03 07:40:34.155 69035 INFO tempest.lib.common.rest_client [req-54a6a602-aec1-41ea-bd38-7601d0954767 req-54a6a602-aec1-41ea-bd38-7601d0954767 ] Request (InstanceActionsTestJSON:tearDownClass): 204 DELETE http://10.180.1.21:9696/networking/v2.0/security-groups/952834af-b141-4fc4-bf23-420df9fbc08e 0.171s
2025-04-03 07:40:34.225 68987 INFO tempest.lib.common.rest_client [req-6cdcd5a5-762b-47b2-a107-188290f3c866 req-6cdcd5a5-762b-47b2-a107-188290f3c866 ] Request (DeleteServersTestJSON:test_delete_server_while_in_attached_volume): 200 GET http://10.180.1.21/compute/v2.1/servers/7416ff97-a858-47d9-ab62-3a891b8f4fa0 0.056s
2025-04-03 07:40:34.265 68993 WARNING tempest.lib.common.ssh [-] Failed to establish authenticated ssh connection to cirros@10.180.180.227 ([Errno None] Unable to connect to port 22 on 10.180.180.227). Number attempts: 2. Retry after 3 seconds.: paramiko.ssh_exception.NoValidConnectionsError: [Errno None] Unable to connect to port 22 on 10.180.180.227
2025-04-03 07:40:34.311 69035 INFO tempest.lib.common.rest_client [req-d19b016f-475b-47de-8fa6-401708d155df req-d19b016f-475b-47de-8fa6-401708d155df ] Request (InstanceActionsTestJSON:tearDownClass): 204 DELETE http://10.180.1.21/identity/v3/projects/3bb4ef27ca1c466598533c34cacd632d 0.155s
2025-04-03 07:40:34.342 68995 INFO tempest.lib.common.rest_client [req-a7e6e26d-e663-4685-abdc-0bd75387d5ea req-a7e6e26d-e663-4685-abdc-0bd75387d5ea ] Request (ImagesNegativeTestJSON:test_create_image_from_deleted_server): 200 GET http://10.180.1.21/compute/v2.1/servers/722005fb-bc16-4103-955c-c9a27d33a234 0.090s
2025-04-03 07:40:34.376 69035 INFO tempest.lib.common.rest_client [req-98a2f9c4-5a64-481d-b15e-a4188eadcd55 req-98a2f9c4-5a64-481d-b15e-a4188eadcd55 ] Request (ListServersNegativeTestJSON:setUpClass): 201 POST http://10.180.1.21/identity/v3/auth/tokens 0.064s
2025-04-03 07:40:34.399 69011 INFO tempest.lib.common.rest_client [req-fa0339ac-6af2-4167-a953-dd10f9ed586e req-fa0339ac-6af2-4167-a953-dd10f9ed586e ] Request (ImagesTestJSON:test_create_image_from_suspended_server): 200 GET http://10.180.1.21/compute/v2.1/servers/cbe6bafc-b68c-40b7-9cfe-2399794c8054 0.060s
2025-04-03 07:40:34.406 69035 INFO tempest.lib.common.rest_client [req-e3931b11-fc2b-40cb-8a0e-6129a75d5f5b req-e3931b11-fc2b-40cb-8a0e-6129a75d5f5b ] Request (ListServersNegativeTestJSON:setUpClass): 201 POST http://10.180.1.21/identity/v3/auth/tokens 0.026s
2025-04-03 07:40:34.431 69010 INFO tempest.lib.common.rest_client [req-61c2b823-efda-4034-aafe-c66792249c12 req-61c2b823-efda-4034-aafe-c66792249c12 ] Request (ImagesOneServerNegativeTestJSON:tearDown): 200 GET http://10.180.1.21/compute/v2.1/servers/257b370c-a0ec-4003-ae40-82e4bbfc7306 0.127s
2025-04-03 07:40:34.434 69035 INFO tempest.lib.common.rest_client [req-454747c8-cadb-4559-9a57-c7df56ceb77f req-454747c8-cadb-4559-9a57-c7df56ceb77f ] Request (ListServersNegativeTestJSON:setUpClass): 200 GET http://10.180.1.21/identity/v3/domains?name=Default 0.028s
2025-04-03 07:40:34.465 69035 INFO tempest.lib.common.rest_client [req-2542ff21-637c-4201-a39d-5db8fdcc7f8f req-2542ff21-637c-4201-a39d-5db8fdcc7f8f ] Request (ListServersNegativeTestJSON:setUpClass): 201 POST http://10.180.1.21/identity/v3/projects 0.025s
2025-04-03 07:40:34.497 69027 INFO tempest.lib.common.rest_client [req-461088bf-0225-4ccc-8ee6-d76cc32e7ed7 req-461088bf-0225-4ccc-8ee6-d76cc32e7ed7 ] Request (ServersListShow2100Test:test_list_show_rebuild_update_server_2100): 200 GET http://10.180.1.21/compute/v2.1/servers/cf37337b-52e3-497c-9bef-0e1bf1c40c98 0.085s
2025-04-03 07:40:34.537 69035 INFO tempest.lib.common.rest_client [req-f0138c76-9dce-4562-8017-e4ca88ebf132 req-f0138c76-9dce-4562-8017-e4ca88ebf132 ] Request (ListServersNegativeTestJSON:setUpClass): 201 POST http://10.180.1.21/identity/v3/users 0.071s
2025-04-03 07:40:34.551 69015 INFO tempest.lib.common.rest_client [req-80d0babd-37f1-4f16-942f-c817c23f3042 req-80d0babd-37f1-4f16-942f-c817c23f3042 ] Request (ServerRescueNegativeTestJSON:setUpClass): 200 GET http://10.180.1.21/compute/v2.1/servers/7197b66f-d579-475e-9b82-62a4434475e3 0.078s
2025-04-03 07:40:34.565 69035 INFO tempest.lib.common.rest_client [req-eb8b27ab-173d-4caf-bda9-f80ab9271ea9 req-eb8b27ab-173d-4caf-bda9-f80ab9271ea9 ] Request (ListServersNegativeTestJSON:setUpClass): 200 GET http://10.180.1.21/identity/v3/roles 0.027s
2025-04-03 07:40:34.602 69035 INFO tempest.lib.common.rest_client [req-8c007e0c-3649-4f42-81cb-41d3815c2a71 req-8c007e0c-3649-4f42-81cb-41d3815c2a71 ] Request (ListServersNegativeTestJSON:setUpClass): 204 PUT http://10.180.1.21/identity/v3/projects/be84e8cdf6584100a6fff07988aa063c/users/41bff0812c634de8bf18c5b54ec4f7e9/roles/5eb98e3548d9448a9cd90011429d6ee0 0.036s
2025-04-03 07:40:34.602 69035 INFO tempest.lib.common.dynamic_creds [-] Dynamic test user 41bff0812c634de8bf18c5b54ec4f7e9 is created with scope project and roles: ['member']
2025-04-03 07:40:34.603 69035 INFO tempest.lib.common.dynamic_creds [-] Acquired dynamic creds: credentials: Credentials: {'domain_id': 'default', 'domain_name': 'Default', 'username': 'tempest-ListServersNegativeTestJSON-1791999274-project-member', 'project_domain_id': 'default', 'project_domain_name': 'Default', 'project_id': 'be84e8cdf6584100a6fff07988aa063c', 'project_name': 'tempest-ListServersNegativeTestJSON-1791999274', 'tenant_id': 'be84e8cdf6584100a6fff07988aa063c', 'tenant_name': 'tempest-ListServersNegativeTestJSON-1791999274', 'user_domain_id': 'default', 'user_domain_name': 'Default', 'user_id': '41bff0812c634de8bf18c5b54ec4f7e9', 'system': None}, Network: None, Subnet: None, Router: None
2025-04-03 07:40:34.609 69029 INFO tempest.lib.common.rest_client [req-2fb13889-6f02-40e3-aa9d-839a19fea530 req-2fb13889-6f02-40e3-aa9d-839a19fea530 ] Request (ServerActionsTestOtherB:setUpClass): 200 GET http://10.180.1.21/compute/v2.1/servers/68b24323-6432-4cbd-9ea7-b231fb008990 0.190s
2025-04-03 07:40:34.616 69029 INFO tempest.common.waiters [-] State transition "BUILD/networking" ==> "BUILD/spawning" after 42 second wait
2025-04-03 07:40:34.681 69035 INFO tempest.lib.common.rest_client [req-31ee1107-250c-4166-a4de-de3732df27ec req-31ee1107-250c-4166-a4de-de3732df27ec ] Request (ListServersNegativeTestJSON:setUpClass): 201 POST http://10.180.1.21/identity/v3/auth/tokens 0.077s
2025-04-03 07:40:34.737 69033 INFO tempest.lib.common.rest_client [req-a7123032-a479-41af-ae4d-f9dc41958aa3 req-a7123032-a479-41af-ae4d-f9dc41958aa3 ] Request (SecurityGroupsTestJSON:test_server_security_groups): 200 GET http://10.180.1.21/compute/v2.1/servers/0008a177-17d4-4d2d-8dd7-a0c5a0e7b25b 0.160s
2025-04-03 07:40:34.737 69019 INFO tempest.lib.common.rest_client [req-eb64c8ab-24b0-4dec-b4ab-0c95eba819a2 req-eb64c8ab-24b0-4dec-b4ab-0c95eba819a2 ] Request (ImagesOneServerTestJSON:tearDownClass): 200 GET http://10.180.1.21/compute/v2.1/servers/b95b8194-54c5-45d3-b2ed-bf61f1b2ce02 0.172s
2025-04-03 07:40:34.806 68997 INFO tempest.lib.common.rest_client [req-115cf3dc-02a4-4b52-8ee7-3a0e34150e0a req-115cf3dc-02a4-4b52-8ee7-3a0e34150e0a ] Request (ServerGroupTestJSON:test_create_server_with_scheduler_hint_group): 200 GET http://10.180.1.21/compute/v2.1/servers/0fce1340-0d03-4183-94cb-971773bbbeda 0.140s
2025-04-03 07:40:34.872 68985 INFO tempest.lib.common.rest_client [req-52be0e31-c49c-49d4-9bbd-b80243fc272f req-52be0e31-c49c-49d4-9bbd-b80243fc272f ] Request (ServerShowV247Test:test_update_rebuild_list_server): 200 GET http://10.180.1.21/compute/v2.1/servers/f08f2c03-0005-4f65-b368-a84a7e838ca8 0.122s
2025-04-03 07:40:34.929 69037 INFO tempest.lib.common.rest_client [req-c51e3241-1a88-41b9-b486-0924e910b612 req-c51e3241-1a88-41b9-b486-0924e910b612 ] Request (MultipleCreateTestJSON:test_multiple_create): 200 GET http://10.180.1.21/compute/v2.1/servers/5d7fc271-ecee-48d1-937b-f06fe7833c6f 0.194s
2025-04-03 07:40:34.941 69002 INFO tempest.lib.common.rest_client [req-73b3a20a-8339-4b16-bed6-5a5d3fec6fb3 req-73b3a20a-8339-4b16-bed6-5a5d3fec6fb3 ] Request (ServerTagsTestJSON:setUpClass): 200 GET http://10.180.1.21/compute/v2.1/servers/7c6c018b-cd4d-4df4-90dc-51c119f8da67 0.135s
2025-04-03 07:40:35.066 68989 INFO tempest.lib.common.rest_client [req-b2e1fa74-3a5a-4afd-9e0c-1b2c7b34e686 req-b2e1fa74-3a5a-4afd-9e0c-1b2c7b34e686 ] Request (ServerDiskConfigTestJSON:test_rebuild_server_with_auto_disk_config): 200 GET http://10.180.1.21/compute/v2.1/servers/34aae64f-f45c-463b-921c-fec60cb69b7a 0.090s
2025-04-03 07:40:35.105 68979 INFO tempest.lib.common.rest_client [req-6c4ad88e-861a-49da-a5ca-c5f7f3e62ee6 req-6c4ad88e-861a-49da-a5ca-c5f7f3e62ee6 ] Request (FloatingIPsAssociationNegativeTestJSON:tearDownClass): 200 GET http://10.180.1.21/compute/v2.1/servers/b20c6322-d999-406a-ac2a-1484449a4b57 0.090s
2025-04-03 07:40:35.128 69013 INFO tempest.lib.common.rest_client [req-66bbe7c9-2f8a-40d2-aef6-c2294bab0b97 req-66bbe7c9-2f8a-40d2-aef6-c2294bab0b97 ] Request (ListImageFiltersTestJSON:setUpClass): 200 GET http://10.180.1.21/compute/v2.1/images/d54a33f6-04c2-4126-9c57-568f9b1a8208 0.041s
2025-04-03 07:40:35.143 69035 INFO tempest.lib.common.rest_client [req-4aa6c6d5-854e-43bb-af4b-d9758ec05c76 req-4aa6c6d5-854e-43bb-af4b-d9758ec05c76 ] Request (ListServersNegativeTestJSON:setUpClass): 201 POST http://10.180.1.21:9696/networking/v2.0/networks 0.461s
2025-04-03 07:40:35.225 69005 INFO tempest.lib.common.rest_client [req-4efff1f5-037d-4e42-a82c-78ec0f78e2ef req-4efff1f5-037d-4e42-a82c-78ec0f78e2ef ] Request (ServersAdminTestJSON:test_create_server_with_scheduling_hint): 200 GET http://10.180.1.21/compute/v2.1/servers/7dc809d4-cb23-40ae-a9f2-7eb9450d9e0c 0.065s
2025-04-03 07:40:35.236 68991 INFO tempest.lib.common.rest_client [req-cd6d5909-2da8-4087-83fd-c12cb0f142b9 req-cd6d5909-2da8-4087-83fd-c12cb0f142b9 ] Request (DeleteServersAdminTestJSON:test_delete_server_while_in_error_state): 200 GET http://10.180.1.21/compute/v2.1/servers/ea89d16d-6564-4b98-84c8-4a21acc9013e 0.075s
2025-04-03 07:40:35.284 68987 INFO tempest.lib.common.rest_client [req-fc312c3b-6420-48a6-b285-76b1d586ef4a req-fc312c3b-6420-48a6-b285-76b1d586ef4a ] Request (DeleteServersTestJSON:test_delete_server_while_in_attached_volume): 200 GET http://10.180.1.21/compute/v2.1/servers/7416ff97-a858-47d9-ab62-3a891b8f4fa0 0.051s
2025-04-03 07:40:35.290 69039 WARNING tempest.lib.common.ssh [-] Failed to establish authenticated ssh connection to cirros@10.180.180.245 ([Errno None] Unable to connect to port 22 on 10.180.180.245). Number attempts: 1. Retry after 2 seconds.: paramiko.ssh_exception.NoValidConnectionsError: [Errno None] Unable to connect to port 22 on 10.180.180.245
2025-04-03 07:40:35.380 68995 INFO tempest.lib.common.rest_client [req-b366522b-2361-4509-8650-dabc9d3e03c2 req-b366522b-2361-4509-8650-dabc9d3e03c2 ] Request (ImagesNegativeTestJSON:test_create_image_from_deleted_server): 404 GET http://10.180.1.21/compute/v2.1/servers/722005fb-bc16-4103-955c-c9a27d33a234 0.026s
2025-04-03 07:40:35.404 68995 INFO tempest.lib.common.rest_client [req-c6f2ce16-7a56-4735-8334-11cbd8586ff2 req-c6f2ce16-7a56-4735-8334-11cbd8586ff2 ] Request (ImagesNegativeTestJSON:test_create_image_from_deleted_server): 404 POST http://10.180.1.21/compute/v2.1/servers/722005fb-bc16-4103-955c-c9a27d33a234/action 0.023s
2025-04-03 07:40:35.419 68995 INFO tempest.lib.common.rest_client [req-b1aff446-358c-4e12-9a82-4c41548cb8a4 req-b1aff446-358c-4e12-9a82-4c41548cb8a4 ] Request (ImagesNegativeTestJSON:test_create_image_from_invalid_server): 404 POST http://10.180.1.21/compute/v2.1/servers/tempest-invalid-802414281/action 0.009s
2025-04-03 07:40:35.429 68995 INFO tempest.lib.common.rest_client [req-06838986-e41c-43c6-9bf7-ae43b9f3c1ff req-06838986-e41c-43c6-9bf7-ae43b9f3c1ff ] Request (ImagesNegativeTestJSON:test_create_image_specify_uuid_35_characters_or_less): 404 POST http://10.180.1.21/compute/v2.1/servers/aaaaaaaaaaaaaaaaaaaaaaaaaaaaaaaaaaa/action 0.009s
2025-04-03 07:40:35.439 68995 INFO tempest.lib.common.rest_client [req-af33c34b-b044-434e-bf49-9c2a3b9a3dae req-af33c34b-b044-434e-bf49-9c2a3b9a3dae ] Request (ImagesNegativeTestJSON:test_create_image_specify_uuid_37_characters_or_more): 404 POST http://10.180.1.21/compute/v2.1/servers/aaaaaaaaaaaaaaaaaaaaaaaaaaaaaaaaaaaaa/action 0.008s
2025-04-03 07:40:35.445 69035 INFO tempest.lib.common.rest_client [req-7c11a336-516f-46fe-a07e-147af1d0db4b req-7c11a336-516f-46fe-a07e-147af1d0db4b ] Request (ListServersNegativeTestJSON:setUpClass): 201 POST http://10.180.1.21:9696/networking/v2.0/subnets 0.301s
2025-04-03 07:40:35.462 68995 INFO tempest.lib.common.rest_client [req-c2eec50b-7d45-41da-affc-cc6d6583b209 req-c2eec50b-7d45-41da-affc-cc6d6583b209 ] Request (ImagesNegativeTestJSON:tearDownClass): 404 DELETE http://10.180.1.21/compute/v2.1/servers/722005fb-bc16-4103-955c-c9a27d33a234 0.021s
2025-04-03 07:40:35.472 69011 INFO tempest.lib.common.rest_client [req-e5ab3af3-4daa-4c93-9715-2b713340452f req-e5ab3af3-4daa-4c93-9715-2b713340452f ] Request (ImagesTestJSON:test_create_image_from_suspended_server): 200 GET http://10.180.1.21/compute/v2.1/servers/cbe6bafc-b68c-40b7-9cfe-2399794c8054 0.064s
2025-04-03 07:40:35.510 68995 INFO tempest.lib.common.rest_client [req-726713e2-114f-4f72-b645-7965844cab3e req-726713e2-114f-4f72-b645-7965844cab3e ] Request (ImagesNegativeTestJSON:tearDownClass): 404 GET http://10.180.1.21/compute/v2.1/servers/722005fb-bc16-4103-955c-c9a27d33a234 0.048s
2025-04-03 07:40:35.554 69010 INFO tempest.lib.common.rest_client [req-121e9fed-72d1-4372-94ef-94680c7870bb req-121e9fed-72d1-4372-94ef-94680c7870bb ] Request (ImagesOneServerNegativeTestJSON:tearDown): 200 GET http://10.180.1.21/compute/v2.1/servers/257b370c-a0ec-4003-ae40-82e4bbfc7306 0.108s
2025-04-03 07:40:35.587 69027 INFO tempest.lib.common.rest_client [req-abc84f06-6c38-4c37-b0f8-74794fd663a1 req-abc84f06-6c38-4c37-b0f8-74794fd663a1 ] Request (ServersListShow2100Test:test_list_show_rebuild_update_server_2100): 200 GET http://10.180.1.21/compute/v2.1/servers/cf37337b-52e3-497c-9bef-0e1bf1c40c98 0.076s
2025-04-03 07:40:35.620 69015 INFO tempest.lib.common.rest_client [req-b490b7a2-3397-475e-9ec6-8d0ed95d4a9c req-b490b7a2-3397-475e-9ec6-8d0ed95d4a9c ] Request (ServerRescueNegativeTestJSON:setUpClass): 200 GET http://10.180.1.21/compute/v2.1/servers/7197b66f-d579-475e-9b82-62a4434475e3 0.059s
2025-04-03 07:40:35.730 69029 INFO tempest.lib.common.rest_client [req-4da81b51-77f4-4b6d-9fb4-26d0738a55e4 req-4da81b51-77f4-4b6d-9fb4-26d0738a55e4 ] Request (ServerActionsTestOtherB:setUpClass): 200 GET http://10.180.1.21/compute/v2.1/servers/68b24323-6432-4cbd-9ea7-b231fb008990 0.113s
2025-04-03 07:40:35.833 69033 INFO tempest.lib.common.rest_client [req-69351a46-d028-4ff4-939f-0e313406f23f req-69351a46-d028-4ff4-939f-0e313406f23f ] Request (SecurityGroupsTestJSON:test_server_security_groups): 200 GET http://10.180.1.21/compute/v2.1/servers/0008a177-17d4-4d2d-8dd7-a0c5a0e7b25b 0.088s
2025-04-03 07:40:35.862 69019 INFO tempest.lib.common.rest_client [req-c2f510ef-9d82-4776-904c-7b6a9224929e req-c2f510ef-9d82-4776-904c-7b6a9224929e ] Request (ImagesOneServerTestJSON:tearDownClass): 200 GET http://10.180.1.21/compute/v2.1/servers/b95b8194-54c5-45d3-b2ed-bf61f1b2ce02 0.115s
2025-04-03 07:40:35.891 68997 INFO tempest.lib.common.rest_client [req-ec0168b1-63e8-440e-8f07-468e02927a2e req-ec0168b1-63e8-440e-8f07-468e02927a2e ] Request (ServerGroupTestJSON:test_create_server_with_scheduler_hint_group): 200 GET http://10.180.1.21/compute/v2.1/servers/0fce1340-0d03-4183-94cb-971773bbbeda 0.070s
2025-04-03 07:40:35.938 68985 INFO tempest.lib.common.rest_client [req-06ba3475-a7f1-4826-9a4e-252d8ced46da req-06ba3475-a7f1-4826-9a4e-252d8ced46da ] Request (ServerShowV247Test:test_update_rebuild_list_server): 200 GET http://10.180.1.21/compute/v2.1/servers/f08f2c03-0005-4f65-b368-a84a7e838ca8 0.056s
