2025-04-03 07:41:42.285 69031 INFO tempest.lib.common.rest_client [req-4026ba75-d324-48ef-b336-30e9cd56f03e req-4026ba75-d324-48ef-b336-30e9cd56f03e ] Request (VolumesAdminNegativeTest:test_update_attached_volume_with_nonexistent_volume_in_uri): 200 GET http://10.180.1.21/compute/v2.1/servers/b05184fc-bf45-4930-ab8a-ac1bb9140689 0.063s
2025-04-03 07:41:42.359 69013 INFO tempest.lib.common.rest_client [req-17ebca57-c257-4d0e-8c15-fc81173bb99f req-17ebca57-c257-4d0e-8c15-fc81173bb99f ] Request (ListImageFiltersTestJSON:tearDownClass): 200 GET http://10.180.1.21/compute/v2.1/servers/422ee922-8a6e-48ff-a2c3-16581bd1ec3f 0.070s
2025-04-03 07:41:42.390 69003 INFO tempest.lib.common.rest_client [req-243e3553-4190-44f1-aa5f-66e5c300a3f1 req-243e3553-4190-44f1-aa5f-66e5c300a3f1 ] Request (ServerActionsTestOtherA:test_rebuild_server_in_stop_state): 200 GET http://10.180.1.21/compute/v2.1/servers/d701e4ea-597d-40b5-a1f9-9ccf47f74f0e 0.049s
2025-04-03 07:41:42.444 69019 INFO tempest.lib.common.rest_client [req-46b8c11e-f82c-4696-8eda-bd336814ac7d req-46b8c11e-f82c-4696-8eda-bd336814ac7d ] Request (ServerAddressesTestJSON:setUpClass): 200 GET http://10.180.1.21/compute/v2.1/servers/f67709b6-7bc9-408c-8ae3-b9479df5fcc2 0.049s
2025-04-03 07:41:42.659 68987 INFO tempest.lib.common.rest_client [req-d328288d-f83d-49a7-b09c-73f64d46e790 req-d328288d-f83d-49a7-b09c-73f64d46e790 ] Request (DeleteServersTestJSON:test_delete_server_while_in_attached_volume): 200 GET http://10.180.1.21/compute/v2.1/servers/7416ff97-a858-47d9-ab62-3a891b8f4fa0 0.065s
2025-04-03 07:41:42.730 69017 INFO tempest.lib.common.rest_client [req-4676ba8e-a201-4fa0-bb32-6de59b770362 req-4676ba8e-a201-4fa0-bb32-6de59b770362 ] Request (VolumesAssistedSnapshotsTest:tearDownClass): 200 GET http://10.180.1.21/compute/v2.1/servers/ec6e3393-17d9-47ca-94c3-4bb1ccf243d3 0.060s
2025-04-03 07:41:42.731 68993 INFO tempest.lib.common.rest_client [req-c0d94632-1d55-40f1-b92d-062c9d6d04c0 req-c0d94632-1d55-40f1-b92d-062c9d6d04c0 ] Request (ServerActionsV293TestJSON:tearDownClass): 200 PUT http://10.180.1.21:9696/networking/v2.0/routers/b206c36c-0cf9-4eb5-9721-909b9c3e873d/remove_router_interface 0.643s
2025-04-03 07:41:42.808 69010 INFO tempest.lib.common.rest_client [req-611ca032-ea1d-4038-b050-567fb95b111b req-611ca032-ea1d-4038-b050-567fb95b111b ] Request (ImagesOneServerNegativeTestJSON:_run_cleanups): 200 GET http://10.180.1.21/compute/v2.1/servers/f55776b0-f24f-4ae9-8809-d37f87a02000 0.052s
2025-04-03 07:41:42.901 69011 INFO tempest.lib.common.rest_client [req-141427ae-54dd-47f7-af66-47a12923c185 req-141427ae-54dd-47f7-af66-47a12923c185 ] Request (ImagesTestJSON:test_create_server_from_snapshot): 200 GET http://10.180.1.21/compute/v2.1/servers/43f73085-f2af-4a16-9d87-68f27ec58b18 0.072s
2025-04-03 07:41:42.906 69015 INFO tempest.lib.common.rest_client [req-67c700ce-d499-4d75-bc2b-78c2b0a79ccc req-67c700ce-d499-4d75-bc2b-78c2b0a79ccc ] Request (ServerRescueNegativeTestJSON:test_rescued_vm_attach_volume): 200 GET http://10.180.1.21/compute/v2.1/servers/b791d5aa-64c2-4a4e-b202-1f9ba6ae071a 0.121s
2025-04-03 07:41:42.952 69005 INFO tempest.lib.common.rest_client [req-e36cbc4e-0a01-44d7-a220-40d588380477 req-e36cbc4e-0a01-44d7-a220-40d588380477 ] Request (ServersAdminTestJSON:test_inject_network_info): 200 GET http://10.180.1.21/compute/v2.1/servers/307cf1c1-fb29-4f4b-9b79-1788b3942a30 0.090s
2025-04-03 07:41:43.000 68979 INFO tempest.lib.common.rest_client [req-ed5d86b7-a257-4164-a51c-7145f284cf33 req-ed5d86b7-a257-4164-a51c-7145f284cf33 ] Request (ServersAaction247Test:test_create_backup): 200 GET http://10.180.1.21/compute/v2.1/servers/666ad21a-26f5-48db-a1ad-ab91ef7b405f 0.088s
2025-04-03 07:41:43.012 68985 INFO tempest.lib.common.rest_client [req-91d32faa-6e36-4422-8330-58dd12e79b07 req-91d32faa-6e36-4422-8330-58dd12e79b07 ] Request (ServerShowV247Test:test_update_rebuild_list_server): 200 GET http://10.180.1.21/compute/v2.1/servers/f08f2c03-0005-4f65-b368-a84a7e838ca8 0.083s
2025-04-03 07:41:43.021 68985 INFO tempest.common.waiters [-] State transition "BUILD/spawning" ==> "ACTIVE/None" after 73 second wait
2025-04-03 07:41:43.058 68991 INFO tempest.lib.common.rest_client [req-cc62fdcc-05ce-4cf8-8dea-1b5a5b9bf334 req-cc62fdcc-05ce-4cf8-8dea-1b5a5b9bf334 ] Request (MigrationsAdminTest:test_list_migrations_in_flavor_resize_situation): 200 GET http://10.180.1.21/compute/v2.1/servers/edf3f0b4-a424-4de7-8abb-20a17e8454fc 0.083s
2025-04-03 07:41:43.067 68995 INFO tempest.lib.common.rest_client [req-30b0d20f-ad8d-4aa0-ac0d-96531e78325e req-30b0d20f-ad8d-4aa0-ac0d-96531e78325e ] Request (ListServerFiltersTestJSON:setUpClass): 200 GET http://10.180.1.21/compute/v2.1/servers/148238a9-ed65-4cf0-a9d1-95e1ef9dc67a 0.071s
2025-04-03 07:41:43.130 69002 INFO tempest.lib.common.rest_client [req-7d0b267c-7661-49a5-a7a9-99bfa74fb6f9 req-7d0b267c-7661-49a5-a7a9-99bfa74fb6f9 ] Request (ServerShowV257Test:test_rebuild_server): 200 GET http://10.180.1.21/compute/v2.1/servers/6eb4d70c-0d28-4004-880c-30a56ee06ed5 0.064s
2025-04-03 07:41:43.162 69039 WARNING tempest.lib.common.ssh [-] Failed to establish authenticated ssh connection to cirros@10.180.180.245 ([Errno None] Unable to connect to port 22 on 10.180.180.245). Number attempts: 9. Retry after 10 seconds.: paramiko.ssh_exception.NoValidConnectionsError: [Errno None] Unable to connect to port 22 on 10.180.180.245
2025-04-03 07:41:43.209 69033 INFO tempest.lib.common.rest_client [req-b21a7e5a-b97a-4fe3-9b55-70b460bb5b5a req-b21a7e5a-b97a-4fe3-9b55-70b460bb5b5a ] Request (SecurityGroupsTestJSON:test_server_security_groups): 200 GET http://10.180.1.21/compute/v2.1/servers/0008a177-17d4-4d2d-8dd7-a0c5a0e7b25b 0.136s
2025-04-03 07:41:43.244 68993 INFO tempest.lib.common.rest_client [req-721c6848-bddf-4bcc-abbf-4972977e6226 req-721c6848-bddf-4bcc-abbf-4972977e6226 ] Request (ServerActionsV293TestJSON:tearDownClass): 204 DELETE http://10.180.1.21:9696/networking/v2.0/routers/b206c36c-0cf9-4eb5-9721-909b9c3e873d 0.513s
2025-04-03 07:41:43.263 68985 INFO tempest.lib.common.rest_client [req-72299182-8078-478a-8bd3-d15c70bb3ead req-72299182-8078-478a-8bd3-d15c70bb3ead ] Request (ServerShowV247Test:test_update_rebuild_list_server): 202 POST http://10.180.1.21/compute/v2.1/servers/f08f2c03-0005-4f65-b368-a84a7e838ca8/action 0.241s
2025-04-03 07:41:43.266 69035 INFO tempest.lib.common.rest_client [req-c356f39c-cae4-4a01-82c4-fcfc8cbef60f req-c356f39c-cae4-4a01-82c4-fcfc8cbef60f ] Request (ListServersNegativeTestJSON:setUpClass): 200 GET http://10.180.1.21/compute/v2.1/servers/63b4a81a-cbb3-45d0-bbaa-c0664b96dbd0 0.130s
2025-04-03 07:41:43.323 68989 INFO tempest.lib.common.rest_client [req-5bfe784d-d504-46d9-98c0-a25ed309b446 req-5bfe784d-d504-46d9-98c0-a25ed309b446 ] Request (ServerDiskConfigTestJSON:test_rebuild_server_with_manual_disk_config): 200 GET http://10.180.1.21/compute/v2.1/servers/97226033-61c4-4512-b9dd-04688f44aa35 0.122s
2025-04-03 07:41:43.333 69027 INFO tempest.lib.common.rest_client [req-c04b6b2f-c1b5-41e7-8d9b-cda3d768b1a0 req-c04b6b2f-c1b5-41e7-8d9b-cda3d768b1a0 ] Request (ServersListShow2100Test:tearDownClass): 200 GET http://10.180.1.21/compute/v2.1/servers/cf37337b-52e3-497c-9bef-0e1bf1c40c98 0.168s
2025-04-03 07:41:43.378 69037 INFO tempest.lib.common.rest_client [req-8e39d29a-bcb4-42cc-8aa8-d6e95d718eda req-8e39d29a-bcb4-42cc-8aa8-d6e95d718eda ] Request (MultipleCreateTestJSON:test_multiple_create_with_reservation_return): 200 GET http://10.180.1.21/compute/v2.1/servers/0203869a-fca5-4e60-b1a4-b85a0a355968 0.155s
2025-04-03 07:41:43.386 68985 INFO tempest.lib.common.rest_client [req-4f8943ba-f3ca-4666-bca5-3d07a5be2d39 req-4f8943ba-f3ca-4666-bca5-3d07a5be2d39 ] Request (ServerShowV247Test:test_update_rebuild_list_server): 200 GET http://10.180.1.21/compute/v2.1/servers/f08f2c03-0005-4f65-b368-a84a7e838ca8 0.116s
2025-04-03 07:41:43.418 68993 INFO tempest.lib.common.rest_client [req-d2e986d2-e0a4-48fb-a0f5-d6e96001062c req-d2e986d2-e0a4-48fb-a0f5-d6e96001062c ] Request (ServerActionsV293TestJSON:tearDownClass): 204 DELETE http://10.180.1.21:9696/networking/v2.0/subnets/80657062-4c6c-4e5c-8021-509a7d75a4e4 0.173s
2025-04-03 07:41:43.446 69031 INFO tempest.lib.common.rest_client [req-978d60f7-1338-4ebd-a480-09f2ff1b12e9 req-978d60f7-1338-4ebd-a480-09f2ff1b12e9 ] Request (VolumesAdminNegativeTest:test_update_attached_volume_with_nonexistent_volume_in_uri): 200 GET http://10.180.1.21/compute/v2.1/servers/b05184fc-bf45-4930-ab8a-ac1bb9140689 0.150s
2025-04-03 07:41:43.449 68997 INFO tempest.lib.common.rest_client [req-f8fe358c-192d-40fe-9125-d38851f75338 req-f8fe358c-192d-40fe-9125-d38851f75338 ] Request (ServerGroupTestJSON:_run_cleanups): 200 GET http://10.180.1.21/compute/v2.1/servers/0fce1340-0d03-4183-94cb-971773bbbeda 0.166s
2025-04-03 07:41:43.508 69013 INFO tempest.lib.common.rest_client [req-aaa5f839-195a-45ae-a4f4-1ea605897866 req-aaa5f839-195a-45ae-a4f4-1ea605897866 ] Request (ListImageFiltersTestJSON:tearDownClass): 200 GET http://10.180.1.21/compute/v2.1/servers/422ee922-8a6e-48ff-a2c3-16581bd1ec3f 0.140s
2025-04-03 07:41:43.527 69003 INFO tempest.lib.common.rest_client [req-c574d17d-0b0e-4018-91da-3d4ea0dcda99 req-c574d17d-0b0e-4018-91da-3d4ea0dcda99 ] Request (ServerActionsTestOtherA:test_rebuild_server_in_stop_state): 200 GET http://10.180.1.21/compute/v2.1/servers/d701e4ea-597d-40b5-a1f9-9ccf47f74f0e 0.127s
2025-04-03 07:41:43.565 69019 INFO tempest.lib.common.rest_client [req-e01d6e0e-5ef0-41b9-9143-55c793fbacc2 req-e01d6e0e-5ef0-41b9-9143-55c793fbacc2 ] Request (ServerAddressesTestJSON:setUpClass): 200 GET http://10.180.1.21/compute/v2.1/servers/f67709b6-7bc9-408c-8ae3-b9479df5fcc2 0.112s
2025-04-03 07:41:43.742 68987 INFO tempest.lib.common.rest_client [req-48163d57-7ade-4080-a66a-f3fd19edae93 req-48163d57-7ade-4080-a66a-f3fd19edae93 ] Request (DeleteServersTestJSON:test_delete_server_while_in_attached_volume): 200 GET http://10.180.1.21/compute/v2.1/servers/7416ff97-a858-47d9-ab62-3a891b8f4fa0 0.073s
2025-04-03 07:41:43.825 69017 INFO tempest.lib.common.rest_client [req-585444cb-3e6a-4d70-a070-b0a16adc0fe1 req-585444cb-3e6a-4d70-a070-b0a16adc0fe1 ] Request (VolumesAssistedSnapshotsTest:tearDownClass): 200 GET http://10.180.1.21/compute/v2.1/servers/ec6e3393-17d9-47ca-94c3-4bb1ccf243d3 0.087s
2025-04-03 07:41:43.878 69010 INFO tempest.lib.common.rest_client [req-928ea4e1-6c2c-42f4-89ab-e1e0e1f3fd01 req-928ea4e1-6c2c-42f4-89ab-e1e0e1f3fd01 ] Request (ImagesOneServerNegativeTestJSON:_run_cleanups): 200 GET http://10.180.1.21/compute/v2.1/servers/f55776b0-f24f-4ae9-8809-d37f87a02000 0.063s
2025-04-03 07:41:43.943 68993 INFO tempest.lib.common.rest_client [req-0b1d5f11-f528-430c-a4a8-9f6e99d51f5e req-0b1d5f11-f528-430c-a4a8-9f6e99d51f5e ] Request (ServerActionsV293TestJSON:tearDownClass): 204 DELETE http://10.180.1.21:9696/networking/v2.0/networks/e01744c4-7bd9-44ee-b485-cb563684680f 0.525s
2025-04-03 07:41:43.983 69011 INFO tempest.lib.common.rest_client [req-3e8797a0-6985-483c-a464-eb137efcf5b5 req-3e8797a0-6985-483c-a464-eb137efcf5b5 ] Request (ImagesTestJSON:test_create_server_from_snapshot): 200 GET http://10.180.1.21/compute/v2.1/servers/43f73085-f2af-4a16-9d87-68f27ec58b18 0.069s
2025-04-03 07:41:44.039 69005 INFO tempest.lib.common.rest_client [req-d1b8b8bd-a268-434f-b5a3-85992d45ad90 req-d1b8b8bd-a268-434f-b5a3-85992d45ad90 ] Request (ServersAdminTestJSON:test_inject_network_info): 200 GET http://10.180.1.21/compute/v2.1/servers/307cf1c1-fb29-4f4b-9b79-1788b3942a30 0.077s
2025-04-03 07:41:44.041 69015 INFO tempest.lib.common.rest_client [req-38c25677-f1aa-4901-b3ad-5eeb27eb3399 req-38c25677-f1aa-4901-b3ad-5eeb27eb3399 ] Request (ServerRescueNegativeTestJSON:test_rescued_vm_attach_volume): 200 GET http://10.180.1.21/compute/v2.1/servers/b791d5aa-64c2-4a4e-b202-1f9ba6ae071a 0.124s
2025-04-03 07:41:44.053 68993 INFO tempest.lib.common.rest_client [req-26e371ab-05be-42f2-b236-f6034e655026 req-26e371ab-05be-42f2-b236-f6034e655026 ] Request (ServerActionsV293TestJSON:tearDownClass): 204 DELETE http://10.180.1.21/identity/v3/users/cd38a52052eb49af9dbf53fc3ec883e0 0.109s
2025-04-03 07:41:44.054 68993 INFO tempest.lib.common.dynamic_creds [-] Deleting project and security group for project: d6a164e46df84c4bac84d6e86d894b7a
2025-04-03 07:41:44.093 68993 INFO tempest.lib.common.rest_client [req-4a5b7627-0579-46c7-aba7-7a29a75a1254 req-4a5b7627-0579-46c7-aba7-7a29a75a1254 ] Request (ServerActionsV293TestJSON:tearDownClass): 200 GET http://10.180.1.21:9696/networking/v2.0/security-groups?tenant_id=d6a164e46df84c4bac84d6e86d894b7a&name=default 0.039s
2025-04-03 07:41:44.094 68979 INFO tempest.lib.common.rest_client [req-35efc7ac-850b-4a23-824f-3b82d1892544 req-35efc7ac-850b-4a23-824f-3b82d1892544 ] Request (ServersAaction247Test:test_create_backup): 200 GET http://10.180.1.21/compute/v2.1/servers/666ad21a-26f5-48db-a1ad-ab91ef7b405f 0.083s
2025-04-03 07:41:44.124 68991 INFO tempest.lib.common.rest_client [req-ab630b30-1220-4f7b-9f01-8da409a06805 req-ab630b30-1220-4f7b-9f01-8da409a06805 ] Request (MigrationsAdminTest:test_list_migrations_in_flavor_resize_situation): 200 GET http://10.180.1.21/compute/v2.1/servers/edf3f0b4-a424-4de7-8abb-20a17e8454fc 0.059s
2025-04-03 07:41:44.145 68995 INFO tempest.lib.common.rest_client [req-0565c2d6-77c4-4f6b-bbdd-4ac07397d841 req-0565c2d6-77c4-4f6b-bbdd-4ac07397d841 ] Request (ListServerFiltersTestJSON:setUpClass): 200 GET http://10.180.1.21/compute/v2.1/servers/148238a9-ed65-4cf0-a9d1-95e1ef9dc67a 0.069s
2025-04-03 07:41:44.207 69002 INFO tempest.lib.common.rest_client [req-a1b3d90d-dbf1-435b-a9d0-d772ae461831 req-a1b3d90d-dbf1-435b-a9d0-d772ae461831 ] Request (ServerShowV257Test:test_rebuild_server): 200 GET http://10.180.1.21/compute/v2.1/servers/6eb4d70c-0d28-4004-880c-30a56ee06ed5 0.059s
2025-04-03 07:41:44.212 68993 INFO tempest.lib.common.rest_client [req-af810218-f78b-4c3f-9d2b-2eecfe72f86e req-af810218-f78b-4c3f-9d2b-2eecfe72f86e ] Request (ServerActionsV293TestJSON:tearDownClass): 204 DELETE http://10.180.1.21:9696/networking/v2.0/security-groups/b7e54f81-7a21-41d5-8b30-6ae3fdb850eb 0.118s
2025-04-03 07:41:44.278 69033 INFO tempest.lib.common.rest_client [req-5283d0ea-e7c9-41fd-9121-935ea6347e15 req-5283d0ea-e7c9-41fd-9121-935ea6347e15 ] Request (SecurityGroupsTestJSON:test_server_security_groups): 200 GET http://10.180.1.21/compute/v2.1/servers/0008a177-17d4-4d2d-8dd7-a0c5a0e7b25b 0.059s
2025-04-03 07:41:44.312 68993 INFO tempest.lib.common.rest_client [req-77f3dc2b-ac3f-4d7e-ac0a-a9a569375555 req-77f3dc2b-ac3f-4d7e-ac0a-a9a569375555 ] Request (ServerActionsV293TestJSON:tearDownClass): 204 DELETE http://10.180.1.21/identity/v3/projects/d6a164e46df84c4bac84d6e86d894b7a 0.099s
2025-04-03 07:41:44.374 68993 INFO tempest.lib.common.rest_client [req-853497c5-a68f-4c92-ada1-869abc871591 req-853497c5-a68f-4c92-ada1-869abc871591 ] Request (ServersTestJSON:setUpClass): 201 POST http://10.180.1.21/identity/v3/auth/tokens 0.059s
2025-04-03 07:41:44.391 68989 INFO tempest.lib.common.rest_client [req-f2c69f66-50a2-4ca0-b98f-fef63c1f4358 req-f2c69f66-50a2-4ca0-b98f-fef63c1f4358 ] Request (ServerDiskConfigTestJSON:test_rebuild_server_with_manual_disk_config): 200 GET http://10.180.1.21/compute/v2.1/servers/97226033-61c4-4512-b9dd-04688f44aa35 0.059s
2025-04-03 07:41:44.400 69035 INFO tempest.lib.common.rest_client [req-4f1b4776-e73a-48cb-b5f2-fec064cd7686 req-4f1b4776-e73a-48cb-b5f2-fec064cd7686 ] Request (ListServersNegativeTestJSON:setUpClass): 200 GET http://10.180.1.21/compute/v2.1/servers/63b4a81a-cbb3-45d0-bbaa-c0664b96dbd0 0.123s
2025-04-03 07:41:44.406 68993 INFO tempest.lib.common.rest_client [req-84ae3ef9-0cfe-44b1-8ae7-ac5a0a12e597 req-84ae3ef9-0cfe-44b1-8ae7-ac5a0a12e597 ] Request (ServersTestJSON:setUpClass): 201 POST http://10.180.1.21/identity/v3/auth/tokens 0.029s
2025-04-03 07:41:44.410 69035 INFO tempest.common.waiters [-] State transition "BUILD/None" ==> "BUILD/networking" after 64 second wait
2025-04-03 07:41:44.432 68993 INFO tempest.lib.common.rest_client [req-408d749f-b35d-45be-a129-4ca457a1dc70 req-408d749f-b35d-45be-a129-4ca457a1dc70 ] Request (ServersTestJSON:setUpClass): 200 GET http://10.180.1.21/identity/v3/domains?name=Default 0.025s
2025-04-03 07:41:44.463 69037 INFO tempest.lib.common.rest_client [req-08348e8b-d009-4d49-915f-e7c9dc604363 req-08348e8b-d009-4d49-915f-e7c9dc604363 ] Request (MultipleCreateTestJSON:test_multiple_create_with_reservation_return): 200 GET http://10.180.1.21/compute/v2.1/servers/0203869a-fca5-4e60-b1a4-b85a0a355968 0.076s
2025-04-03 07:41:44.467 68993 INFO tempest.lib.common.rest_client [req-4108b0fc-5a8a-48b2-bb27-45e8d521b655 req-4108b0fc-5a8a-48b2-bb27-45e8d521b655 ] Request (ServersTestJSON:setUpClass): 201 POST http://10.180.1.21/identity/v3/projects 0.034s
2025-04-03 07:41:44.467 69027 INFO tempest.lib.common.rest_client [req-2efa774d-0287-46fb-9d65-1d10dd590715 req-2efa774d-0287-46fb-9d65-1d10dd590715 ] Request (ServersListShow2100Test:tearDownClass): 200 GET http://10.180.1.21/compute/v2.1/servers/cf37337b-52e3-497c-9bef-0e1bf1c40c98 0.119s
2025-04-03 07:41:44.522 69031 INFO tempest.lib.common.rest_client [req-61c61564-2676-4df9-b989-1661cd526567 req-61c61564-2676-4df9-b989-1661cd526567 ] Request (VolumesAdminNegativeTest:test_update_attached_volume_with_nonexistent_volume_in_uri): 200 GET http://10.180.1.21/compute/v2.1/servers/b05184fc-bf45-4930-ab8a-ac1bb9140689 0.065s
2025-04-03 07:41:44.528 68985 INFO tempest.lib.common.rest_client [req-28069574-2673-47d0-9a17-9859a67a2b0b req-28069574-2673-47d0-9a17-9859a67a2b0b ] Request (ServerShowV247Test:test_update_rebuild_list_server): 200 GET http://10.180.1.21/compute/v2.1/servers/f08f2c03-0005-4f65-b368-a84a7e838ca8 0.132s
2025-04-03 07:41:44.536 68993 INFO tempest.lib.common.rest_client [req-d1a47c15-94db-4375-ab7e-01eb69808bdf req-d1a47c15-94db-4375-ab7e-01eb69808bdf ] Request (ServersTestJSON:setUpClass): 201 POST http://10.180.1.21/identity/v3/users 0.069s
2025-04-03 07:41:44.563 68993 INFO tempest.lib.common.rest_client [req-c5415d14-104a-4980-a389-f2bcd79ddf06 req-c5415d14-104a-4980-a389-f2bcd79ddf06 ] Request (ServersTestJSON:setUpClass): 200 GET http://10.180.1.21/identity/v3/roles 0.026s
2025-04-03 07:41:44.592 68997 INFO tempest.lib.common.rest_client [req-a464516c-292c-46c3-9e3b-97a3b58351a9 req-a464516c-292c-46c3-9e3b-97a3b58351a9 ] Request (ServerGroupTestJSON:_run_cleanups): 200 GET http://10.180.1.21/compute/v2.1/servers/0fce1340-0d03-4183-94cb-971773bbbeda 0.133s
2025-04-03 07:41:44.595 69013 INFO tempest.lib.common.rest_client [req-f748f581-bd7e-465c-a7cf-ca0158b9a669 req-f748f581-bd7e-465c-a7cf-ca0158b9a669 ] Request (ListImageFiltersTestJSON:tearDownClass): 200 GET http://10.180.1.21/compute/v2.1/servers/422ee922-8a6e-48ff-a2c3-16581bd1ec3f 0.077s
2025-04-03 07:41:44.601 68993 INFO tempest.lib.common.rest_client [req-f5e05b1c-2d31-4093-88a2-44a89355f1b8 req-f5e05b1c-2d31-4093-88a2-44a89355f1b8 ] Request (ServersTestJSON:setUpClass): 204 PUT http://10.180.1.21/identity/v3/projects/d3222856d03444d287f35dd48c83a8b9/users/9bb983e7a44b418d9a117727ec067cec/roles/5eb98e3548d9448a9cd90011429d6ee0 0.038s
2025-04-03 07:41:44.601 68993 INFO tempest.lib.common.dynamic_creds [-] Dynamic test user 9bb983e7a44b418d9a117727ec067cec is created with scope project and roles: ['member']
2025-04-03 07:41:44.602 68993 INFO tempest.lib.common.dynamic_creds [-] Acquired dynamic creds: credentials: Credentials: {'domain_id': 'default', 'domain_name': 'Default', 'username': 'tempest-ServersTestJSON-918543284-project-member', 'project_domain_id': 'default', 'project_domain_name': 'Default', 'project_id': 'd3222856d03444d287f35dd48c83a8b9', 'project_name': 'tempest-ServersTestJSON-918543284', 'tenant_id': 'd3222856d03444d287f35dd48c83a8b9', 'tenant_name': 'tempest-ServersTestJSON-918543284', 'user_domain_id': 'default', 'user_domain_name': 'Default', 'user_id': '9bb983e7a44b418d9a117727ec067cec', 'system': None}, Network: None, Subnet: None, Router: None
2025-04-03 07:41:44.651 69003 INFO tempest.lib.common.rest_client [req-deb7f11e-da38-4a3c-a2dd-56b6c2385ec0 req-deb7f11e-da38-4a3c-a2dd-56b6c2385ec0 ] Request (ServerActionsTestOtherA:test_rebuild_server_in_stop_state): 200 GET http://10.180.1.21/compute/v2.1/servers/d701e4ea-597d-40b5-a1f9-9ccf47f74f0e 0.114s
2025-04-03 07:41:44.655 69019 INFO tempest.lib.common.rest_client [req-c11ccd9c-f0de-4a04-9943-88734d3cdb18 req-c11ccd9c-f0de-4a04-9943-88734d3cdb18 ] Request (ServerAddressesTestJSON:setUpClass): 200 GET http://10.180.1.21/compute/v2.1/servers/f67709b6-7bc9-408c-8ae3-b9479df5fcc2 0.078s
2025-04-03 07:41:44.661 68993 INFO tempest.lib.common.rest_client [req-c5f13f1e-1945-4d2c-abe7-718878ae0c1e req-c5f13f1e-1945-4d2c-abe7-718878ae0c1e ] Request (ServersTestJSON:setUpClass): 201 POST http://10.180.1.21/identity/v3/auth/tokens 0.059s
2025-04-03 07:41:44.663 69019 INFO tempest.common.waiters [-] State transition "BUILD/scheduling" ==> "BUILD/None" after 47 second wait
2025-04-03 07:41:44.927 69017 INFO tempest.lib.common.rest_client [req-0f0e3a07-2cac-4b11-909c-8877f0279be2 req-0f0e3a07-2cac-4b11-909c-8877f0279be2 ] Request (VolumesAssistedSnapshotsTest:tearDownClass): 200 GET http://10.180.1.21/compute/v2.1/servers/ec6e3393-17d9-47ca-94c3-4bb1ccf243d3 0.090s
2025-04-03 07:41:45.004 69010 INFO tempest.lib.common.rest_client [req-a2a3d540-0268-48c1-8fbf-b946353f9138 req-a2a3d540-0268-48c1-8fbf-b946353f9138 ] Request (ImagesOneServerNegativeTestJSON:_run_cleanups): 200 GET http://10.180.1.21/compute/v2.1/servers/f55776b0-f24f-4ae9-8809-d37f87a02000 0.117s
2025-04-03 07:41:45.005 68993 INFO tempest.lib.common.rest_client [req-c4d06baf-3a58-4684-88ac-d347eb72d8e7 req-c4d06baf-3a58-4684-88ac-d347eb72d8e7 ] Request (ServersTestJSON:setUpClass): 201 POST http://10.180.1.21:9696/networking/v2.0/networks 0.343s
2025-04-03 07:41:45.057 69011 INFO tempest.lib.common.rest_client [req-8f3a40bc-ea48-41ce-ad3e-fb701fd51cca req-8f3a40bc-ea48-41ce-ad3e-fb701fd51cca ] Request (ImagesTestJSON:test_create_server_from_snapshot): 200 GET http://10.180.1.21/compute/v2.1/servers/43f73085-f2af-4a16-9d87-68f27ec58b18 0.067s
2025-04-03 07:41:45.071 68987 INFO tempest.lib.common.rest_client [req-173aa3f3-4376-456a-a784-6320e52cb79e req-173aa3f3-4376-456a-a784-6320e52cb79e ] Request (DeleteServersTestJSON:test_delete_server_while_in_attached_volume): 200 GET http://10.180.1.21/compute/v2.1/servers/7416ff97-a858-47d9-ab62-3a891b8f4fa0 0.320s
2025-04-03 07:41:45.115 69005 INFO tempest.lib.common.rest_client [req-2158d8fe-690a-4292-916f-e5903690eeb0 req-2158d8fe-690a-4292-916f-e5903690eeb0 ] Request (ServersAdminTestJSON:test_inject_network_info): 200 GET http://10.180.1.21/compute/v2.1/servers/307cf1c1-fb29-4f4b-9b79-1788b3942a30 0.067s
2025-04-03 07:41:45.123 69005 INFO tempest.common.waiters [-] State transition "BUILD/scheduling" ==> "BUILD/None" after 39 second wait
2025-04-03 07:41:45.166 68993 INFO tempest.lib.common.rest_client [req-c7122a24-19fe-4d86-adfc-3cf8c76d4b07 req-c7122a24-19fe-4d86-adfc-3cf8c76d4b07 ] Request (ServersTestJSON:setUpClass): 201 POST http://10.180.1.21:9696/networking/v2.0/subnets 0.161s
2025-04-03 07:41:45.175 68979 INFO tempest.lib.common.rest_client [req-6df0849a-2fb0-4e80-ab75-f2d07e5ddc50 req-6df0849a-2fb0-4e80-ab75-f2d07e5ddc50 ] Request (ServersAaction247Test:test_create_backup): 200 GET http://10.180.1.21/compute/v2.1/servers/666ad21a-26f5-48db-a1ad-ab91ef7b405f 0.069s
2025-04-03 07:41:45.192 69015 INFO tempest.lib.common.rest_client [req-99cf3571-9127-48f4-ba42-6744a793b7c1 req-99cf3571-9127-48f4-ba42-6744a793b7c1 ] Request (ServerRescueNegativeTestJSON:test_rescued_vm_attach_volume): 200 GET http://10.180.1.21/compute/v2.1/servers/b791d5aa-64c2-4a4e-b202-1f9ba6ae071a 0.143s
2025-04-03 07:41:45.236 68991 INFO tempest.lib.common.rest_client [req-2577cf62-15a5-47b5-be42-7a1f08561522 req-2577cf62-15a5-47b5-be42-7a1f08561522 ] Request (MigrationsAdminTest:test_list_migrations_in_flavor_resize_situation): 200 GET http://10.180.1.21/compute/v2.1/servers/edf3f0b4-a424-4de7-8abb-20a17e8454fc 0.104s
2025-04-03 07:41:45.251 68995 INFO tempest.lib.common.rest_client [req-9a7caf04-cc3e-4d5d-8600-8ee3a47a6101 req-9a7caf04-cc3e-4d5d-8600-8ee3a47a6101 ] Request (ListServerFiltersTestJSON:setUpClass): 200 GET http://10.180.1.21/compute/v2.1/servers/148238a9-ed65-4cf0-a9d1-95e1ef9dc67a 0.099s
2025-04-03 07:41:45.288 69002 INFO tempest.lib.common.rest_client [req-8e75c3c8-8151-46fe-a1ef-a32f6adef376 req-8e75c3c8-8151-46fe-a1ef-a32f6adef376 ] Request (ServerShowV257Test:test_rebuild_server): 200 GET http://10.180.1.21/compute/v2.1/servers/6eb4d70c-0d28-4004-880c-30a56ee06ed5 0.071s
2025-04-03 07:41:45.365 69033 INFO tempest.lib.common.rest_client [req-cd14cbc6-9020-40cf-a23e-d06d923018a8 req-cd14cbc6-9020-40cf-a23e-d06d923018a8 ] Request (SecurityGroupsTestJSON:test_server_security_groups): 200 GET http://10.180.1.21/compute/v2.1/servers/0008a177-17d4-4d2d-8dd7-a0c5a0e7b25b 0.076s
2025-04-03 07:41:45.485 68989 INFO tempest.lib.common.rest_client [req-e8774d30-cd24-4183-b4de-c2d5478cff6b req-e8774d30-cd24-4183-b4de-c2d5478cff6b ] Request (ServerDiskConfigTestJSON:test_rebuild_server_with_manual_disk_config): 200 GET http://10.180.1.21/compute/v2.1/servers/97226033-61c4-4512-b9dd-04688f44aa35 0.086s
2025-04-03 07:41:45.540 69037 INFO tempest.lib.common.rest_client [req-f9b312dd-87d0-4436-86e0-67ff699759fe req-f9b312dd-87d0-4436-86e0-67ff699759fe ] Request (MultipleCreateTestJSON:test_multiple_create_with_reservation_return): 200 GET http://10.180.1.21/compute/v2.1/servers/0203869a-fca5-4e60-b1a4-b85a0a355968 0.068s
2025-04-03 07:41:45.560 69035 INFO tempest.lib.common.rest_client [req-c0caeae3-c164-4ea3-b0ef-b7611b9b05c8 req-c0caeae3-c164-4ea3-b0ef-b7611b9b05c8 ] Request (ListServersNegativeTestJSON:setUpClass): 200 GET http://10.180.1.21/compute/v2.1/servers/63b4a81a-cbb3-45d0-bbaa-c0664b96dbd0 0.149s
2025-04-03 07:41:45.568 69035 INFO tempest.common.waiters [-] State transition "BUILD/networking" ==> "BUILD/spawning" after 65 second wait
2025-04-03 07:41:45.624 69031 INFO tempest.lib.common.rest_client [req-4bb6ac9b-38bf-4cf9-ab89-5f258b72372f req-4bb6ac9b-38bf-4cf9-ab89-5f258b72372f ] Request (VolumesAdminNegativeTest:test_update_attached_volume_with_nonexistent_volume_in_uri): 200 GET http://10.180.1.21/compute/v2.1/servers/b05184fc-bf45-4930-ab8a-ac1bb9140689 0.093s
2025-04-03 07:41:45.648 69027 INFO tempest.lib.common.rest_client [req-18692257-572d-40b0-a081-3f016efba2de req-18692257-572d-40b0-a081-3f016efba2de ] Request (ServersListShow2100Test:tearDownClass): 200 GET http://10.180.1.21/compute/v2.1/servers/cf37337b-52e3-497c-9bef-0e1bf1c40c98 0.166s
2025-04-03 07:41:45.681 68985 INFO tempest.lib.common.rest_client [req-42330b2d-c5ae-414f-a3bd-11b2dd28cf1a req-42330b2d-c5ae-414f-a3bd-11b2dd28cf1a ] Request (ServerShowV247Test:test_update_rebuild_list_server): 200 GET http://10.180.1.21/compute/v2.1/servers/f08f2c03-0005-4f65-b368-a84a7e838ca8 0.142s
2025-04-03 07:41:45.730 68997 INFO tempest.lib.common.rest_client [req-8d2dad45-2bca-471c-9255-0664e019ff44 req-8d2dad45-2bca-471c-9255-0664e019ff44 ] Request (ServerGroupTestJSON:_run_cleanups): 200 GET http://10.180.1.21/compute/v2.1/servers/0fce1340-0d03-4183-94cb-971773bbbeda 0.128s
2025-04-03 07:41:45.760 69013 INFO tempest.lib.common.rest_client [req-3a0ac80e-8818-4365-9691-1bb5abeea4eb req-3a0ac80e-8818-4365-9691-1bb5abeea4eb ] Request (ListImageFiltersTestJSON:tearDownClass): 200 GET http://10.180.1.21/compute/v2.1/servers/422ee922-8a6e-48ff-a2c3-16581bd1ec3f 0.156s
2025-04-03 07:41:45.793 69003 INFO tempest.lib.common.rest_client [req-8edc9bee-2ac3-4ac0-8a87-60df64f551db req-8edc9bee-2ac3-4ac0-8a87-60df64f551db ] Request (ServerActionsTestOtherA:test_rebuild_server_in_stop_state): 200 GET http://10.180.1.21/compute/v2.1/servers/d701e4ea-597d-40b5-a1f9-9ccf47f74f0e 0.134s
2025-04-03 07:41:45.839 69019 INFO tempest.lib.common.rest_client [req-580a8e0a-7759-4f3d-95c7-795e295f85b6 req-580a8e0a-7759-4f3d-95c7-795e295f85b6 ] Request (ServerAddressesTestJSON:setUpClass): 200 GET http://10.180.1.21/compute/v2.1/servers/f67709b6-7bc9-408c-8ae3-b9479df5fcc2 0.174s
2025-04-03 07:41:46.029 69017 INFO tempest.lib.common.rest_client [req-d617b678-5ba6-4efe-84de-5b2732a0a482 req-d617b678-5ba6-4efe-84de-5b2732a0a482 ] Request (VolumesAssistedSnapshotsTest:tearDownClass): 200 GET http://10.180.1.21/compute/v2.1/servers/ec6e3393-17d9-47ca-94c3-4bb1ccf243d3 0.082s
2025-04-03 07:41:46.075 69010 INFO tempest.lib.common.rest_client [req-716bf2a6-8090-4f9e-9f57-1aca3d144d51 req-716bf2a6-8090-4f9e-9f57-1aca3d144d51 ] Request (ImagesOneServerNegativeTestJSON:_run_cleanups): 200 GET http://10.180.1.21/compute/v2.1/servers/f55776b0-f24f-4ae9-8809-d37f87a02000 0.062s
2025-04-03 07:41:46.104 68993 INFO tempest.lib.common.rest_client [req-9fe80484-1dbf-4c56-9503-083910e5e891 req-9fe80484-1dbf-4c56-9503-083910e5e891 ] Request (ServersTestJSON:setUpClass): 201 POST http://10.180.1.21:9696/networking/v2.0/routers 0.937s
2025-04-03 07:41:46.137 69021 WARNING tempest.lib.common.ssh [-] Failed to establish authenticated ssh connection to cirros@10.180.180.236 ([Errno None] Unable to connect to port 22 on 10.180.180.236). Number attempts: 13. Retry after 14 seconds.: paramiko.ssh_exception.NoValidConnectionsError: [Errno None] Unable to connect to port 22 on 10.180.180.236
2025-04-03 07:41:46.382 69011 INFO tempest.lib.common.rest_client [req-5f421fd7-83b5-4690-a778-deb149075145 req-5f421fd7-83b5-4690-a778-deb149075145 ] Request (ImagesTestJSON:test_create_server_from_snapshot): 200 GET http://10.180.1.21/compute/v2.1/servers/43f73085-f2af-4a16-9d87-68f27ec58b18 0.315s
2025-04-03 07:41:46.390 68987 INFO tempest.lib.common.rest_client [req-5cbc5a6b-9967-4aeb-9eb6-994914b42671 req-5cbc5a6b-9967-4aeb-9eb6-994914b42671 ] Request (DeleteServersTestJSON:test_delete_server_while_in_attached_volume): 200 GET http://10.180.1.21/compute/v2.1/servers/7416ff97-a858-47d9-ab62-3a891b8f4fa0 0.306s
2025-04-03 07:41:46.453 69005 INFO tempest.lib.common.rest_client [req-43d7863b-ea73-4bdd-984f-df3cccf4f3af req-43d7863b-ea73-4bdd-984f-df3cccf4f3af ] Request (ServersAdminTestJSON:test_inject_network_info): 200 GET http://10.180.1.21/compute/v2.1/servers/307cf1c1-fb29-4f4b-9b79-1788b3942a30 0.329s
2025-04-03 07:41:46.457 68979 INFO tempest.lib.common.rest_client [req-95c3179c-b061-4132-8e32-07cebf1aad5d req-95c3179c-b061-4132-8e32-07cebf1aad5d ] Request (ServersAaction247Test:test_create_backup): 200 GET http://10.180.1.21/compute/v2.1/servers/666ad21a-26f5-48db-a1ad-ab91ef7b405f 0.269s
2025-04-03 07:41:46.520 68991 INFO tempest.lib.common.rest_client [req-312231d0-0242-4c63-acf3-f560a64aca09 req-312231d0-0242-4c63-acf3-f560a64aca09 ] Request (MigrationsAdminTest:test_list_migrations_in_flavor_resize_situation): 200 GET http://10.180.1.21/compute/v2.1/servers/edf3f0b4-a424-4de7-8abb-20a17e8454fc 0.271s
2025-04-03 07:41:46.559 69015 INFO tempest.lib.common.rest_client [req-24b2037e-f950-43a5-a6d0-4929d1e7f862 req-24b2037e-f950-43a5-a6d0-4929d1e7f862 ] Request (ServerRescueNegativeTestJSON:test_rescued_vm_attach_volume): 200 GET http://10.180.1.21/compute/v2.1/servers/b791d5aa-64c2-4a4e-b202-1f9ba6ae071a 0.356s
2025-04-03 07:41:46.579 68995 INFO tempest.lib.common.rest_client [req-73c77cbe-2771-4ad8-9dd2-05ab46604a44 req-73c77cbe-2771-4ad8-9dd2-05ab46604a44 ] Request (ListServerFiltersTestJSON:setUpClass): 200 GET http://10.180.1.21/compute/v2.1/servers/148238a9-ed65-4cf0-a9d1-95e1ef9dc67a 0.319s
2025-04-03 07:41:46.617 69002 INFO tempest.lib.common.rest_client [req-4613e08a-1f70-430a-8adc-6445015ec96d req-4613e08a-1f70-430a-8adc-6445015ec96d ] Request (ServerShowV257Test:test_rebuild_server): 200 GET http://10.180.1.21/compute/v2.1/servers/6eb4d70c-0d28-4004-880c-30a56ee06ed5 0.320s
2025-04-03 07:41:46.648 69033 INFO tempest.lib.common.rest_client [req-925c63eb-a2d9-4587-8818-f34c228929d4 req-925c63eb-a2d9-4587-8818-f34c228929d4 ] Request (SecurityGroupsTestJSON:test_server_security_groups): 200 GET http://10.180.1.21/compute/v2.1/servers/0008a177-17d4-4d2d-8dd7-a0c5a0e7b25b 0.272s
2025-04-03 07:41:46.671 68989 INFO tempest.lib.common.rest_client [req-e9906d59-681a-480d-b135-7345b4ab12d0 req-e9906d59-681a-480d-b135-7345b4ab12d0 ] Request (ServerDiskConfigTestJSON:test_rebuild_server_with_manual_disk_config): 200 GET http://10.180.1.21/compute/v2.1/servers/97226033-61c4-4512-b9dd-04688f44aa35 0.177s
2025-04-03 07:41:46.768 69035 INFO tempest.lib.common.rest_client [req-e062ed04-acbf-47cf-a4a1-d7dc80d247de req-e062ed04-acbf-47cf-a4a1-d7dc80d247de ] Request (ListServersNegativeTestJSON:setUpClass): 200 GET http://10.180.1.21/compute/v2.1/servers/63b4a81a-cbb3-45d0-bbaa-c0664b96dbd0 0.200s
2025-04-03 07:41:46.827 69031 INFO tempest.lib.common.rest_client [req-4f03bf74-befd-4250-8932-95d21b47677f req-4f03bf74-befd-4250-8932-95d21b47677f ] Request (VolumesAdminNegativeTest:test_update_attached_volume_with_nonexistent_volume_in_uri): 200 GET http://10.180.1.21/compute/v2.1/servers/b05184fc-bf45-4930-ab8a-ac1bb9140689 0.191s
2025-04-03 07:41:46.904 69027 INFO tempest.lib.common.rest_client [req-cb3dd544-f107-41a0-a8d6-7b9900b05320 req-cb3dd544-f107-41a0-a8d6-7b9900b05320 ] Request (ServersListShow2100Test:tearDownClass): 200 GET http://10.180.1.21/compute/v2.1/servers/cf37337b-52e3-497c-9bef-0e1bf1c40c98 0.240s
2025-04-03 07:41:46.954 69037 INFO tempest.lib.common.rest_client [req-441acb61-8901-4dba-b056-10f321d27fa6 req-441acb61-8901-4dba-b056-10f321d27fa6 ] Request (MultipleCreateTestJSON:test_multiple_create_with_reservation_return): 200 GET http://10.180.1.21/compute/v2.1/servers/0203869a-fca5-4e60-b1a4-b85a0a355968 0.395s
2025-04-03 07:41:46.976 68985 INFO tempest.lib.common.rest_client [req-1aa2a24b-8672-49fe-b893-11afdb8a9c87 req-1aa2a24b-8672-49fe-b893-11afdb8a9c87 ] Request (ServerShowV247Test:test_update_rebuild_list_server): 200 GET http://10.180.1.21/compute/v2.1/servers/f08f2c03-0005-4f65-b368-a84a7e838ca8 0.277s
2025-04-03 07:41:46.985 68985 INFO tempest.common.waiters [-] State transition "REBUILD/rebuilding" ==> "REBUILD/rebuild_spawning" after 3 second wait
2025-04-03 07:41:47.013 68997 INFO tempest.lib.common.rest_client [req-6bebd908-552b-4329-8c12-056b8331a094 req-6bebd908-552b-4329-8c12-056b8331a094 ] Request (ServerGroupTestJSON:_run_cleanups): 200 GET http://10.180.1.21/compute/v2.1/servers/0fce1340-0d03-4183-94cb-971773bbbeda 0.272s
2025-04-03 07:41:47.041 69013 INFO tempest.lib.common.rest_client [req-1421c5d7-bb45-4194-90da-ee70c0d6ed8f req-1421c5d7-bb45-4194-90da-ee70c0d6ed8f ] Request (ListImageFiltersTestJSON:tearDownClass): 200 GET http://10.180.1.21/compute/v2.1/servers/422ee922-8a6e-48ff-a2c3-16581bd1ec3f 0.272s
2025-04-03 07:41:47.062 69003 INFO tempest.lib.common.rest_client [req-bdac4cb1-7305-452e-9c16-0e37b9451487 req-bdac4cb1-7305-452e-9c16-0e37b9451487 ] Request (ServerActionsTestOtherA:test_rebuild_server_in_stop_state): 200 GET http://10.180.1.21/compute/v2.1/servers/d701e4ea-597d-40b5-a1f9-9ccf47f74f0e 0.262s
2025-04-03 07:41:47.087 69019 INFO tempest.lib.common.rest_client [req-26fd2c34-742b-4dfd-b092-cac6e296f608 req-26fd2c34-742b-4dfd-b092-cac6e296f608 ] Request (ServerAddressesTestJSON:setUpClass): 200 GET http://10.180.1.21/compute/v2.1/servers/f67709b6-7bc9-408c-8ae3-b9479df5fcc2 0.237s
2025-04-03 07:41:47.127 69017 INFO tempest.lib.common.rest_client [req-db1ecea3-ae6d-4bcd-aaa7-4d6d55b7d5f3 req-db1ecea3-ae6d-4bcd-aaa7-4d6d55b7d5f3 ] Request (VolumesAssistedSnapshotsTest:tearDownClass): 200 GET http://10.180.1.21/compute/v2.1/servers/ec6e3393-17d9-47ca-94c3-4bb1ccf243d3 0.090s
2025-04-03 07:41:47.140 69010 INFO tempest.lib.common.rest_client [req-677e215e-9ce5-4d56-a1d5-727411907211 req-677e215e-9ce5-4d56-a1d5-727411907211 ] Request (ImagesOneServerNegativeTestJSON:_run_cleanups): 200 GET http://10.180.1.21/compute/v2.1/servers/f55776b0-f24f-4ae9-8809-d37f87a02000 0.049s
2025-04-03 07:41:47.143 68993 INFO tempest.lib.common.rest_client [req-65d4ee92-ac91-41b1-ad0d-6acb82e483dc req-65d4ee92-ac91-41b1-ad0d-6acb82e483dc ] Request (ServersTestJSON:setUpClass): 200 PUT http://10.180.1.21:9696/networking/v2.0/routers/e83d8779-aa45-4dea-ad3b-93235cd2ef61/add_router_interface 1.038s
2025-04-03 07:41:47.143 68993 INFO tempest.lib.common.dynamic_creds [-] Created isolated network resources for: credentials: Credentials: {'domain_id': 'default', 'domain_name': 'Default', 'username': 'tempest-ServersTestJSON-918543284-project-member', 'project_domain_id': 'default', 'project_domain_name': 'Default', 'project_id': 'd3222856d03444d287f35dd48c83a8b9', 'project_name': 'tempest-ServersTestJSON-918543284', 'tenant_id': 'd3222856d03444d287f35dd48c83a8b9', 'tenant_name': 'tempest-ServersTestJSON-918543284', 'user_domain_id': 'default', 'user_domain_name': 'Default', 'user_id': '9bb983e7a44b418d9a117727ec067cec', 'system': None}, Network: {'id': 'f1534fee-1d57-4dcd-a939-68a674859ded', 'name': 'tempest-ServersTestJSON-1571961802-network', 'tenant_id': 'd3222856d03444d287f35dd48c83a8b9', 'admin_state_up': True, 'mtu': 8950, 'status': 'ACTIVE', 'subnets': [], 'shared': False, 'project_id': 'd3222856d03444d287f35dd48c83a8b9', 'port_security_enabled': True, 'router:external': False, 'provider:network_type': 'vlan', 'provider:physical_network': 'default', 'provider:segmentation_id': 313, 'availability_zone_hints': [], 'availability_zones': [], 'ipv4_address_scope': None, 'ipv6_address_scope': None, 'description': '', 'tags': [], 'created_at': '2025-04-03T07:41:44Z', 'updated_at': '2025-04-03T07:41:44Z', 'revision_number': 1}, Subnet: {'id': 'bb36a94f-a67b-43c5-bced-4292e419b5c6', 'name': 'tempest-ServersTestJSON-1571961802-subnet', 'tenant_id': 'd3222856d03444d287f35dd48c83a8b9', 'network_id': 'f1534fee-1d57-4dcd-a939-68a674859ded', 'ip_version': 4, 'subnetpool_id': None, 'enable_dhcp': True, 'ipv6_ra_mode': None, 'ipv6_address_mode': None, 'gateway_ip': '192.168.128.1', 'cidr': '192.168.128.0/28', 'allocation_pools': [{'start': '192.168.128.2', 'end': '192.168.128.14'}], 'host_routes': [], 'dns_nameservers': [], 'description': '', 'router:external': False, 'service_types': [], 'tags': [], 'created_at': '2025-04-03T07:41:45Z', 'updated_at': '2025-04-03T07:41:45Z', 'revision_number': 0, 'project_id': 'd3222856d03444d287f35dd48c83a8b9'}, Router: {'id': 'e83d8779-aa45-4dea-ad3b-93235cd2ef61', 'name': 'tempest-ServersTestJSON-1571961802-router', 'tenant_id': 'd3222856d03444d287f35dd48c83a8b9', 'admin_state_up': True, 'status': 'ACTIVE', 'external_gateway_info': {'network_id': 'd1501442-ff6e-46b8-9a4e-5a52306a2c4e', 'external_fixed_ips': [{'subnet_id': 'ff09c67e-b126-43ce-946e-023fb8b9883c', 'ip_address': '10.180.180.157'}], 'enable_snat': True}, 'description': '', 'availability_zones': [], 'distributed': False, 'ha': False, 'availability_zone_hints': [], 'routes': [], 'flavor_id': None, 'tags': [], 'created_at': '2025-04-03T07:41:45Z', 'updated_at': '2025-04-03T07:41:45Z', 'revision_number': 2, 'project_id': 'd3222856d03444d287f35dd48c83a8b9'}
2025-04-03 07:41:47.230 68993 INFO tempest.lib.common.rest_client [req-1a88b362-e536-4179-97c5-1ea012b83759 req-1a88b362-e536-4179-97c5-1ea012b83759 ] Request (ServersTestJSON:setUpClass): 201 POST http://10.180.1.21/identity/v3/auth/tokens 0.083s
2025-04-03 07:41:47.243 68993 INFO tempest.lib.common.rest_client [req-5a4386b7-108d-4289-9df6-b9844b68acb8 req-5a4386b7-108d-4289-9df6-b9844b68acb8 ] Request (ServersTestJSON:setUpClass): 200 GET http://10.180.1.21/identity/v3/projects/d3222856d03444d287f35dd48c83a8b9 0.012s
2025-04-03 07:41:47.243 68993 INFO tempest.lib.common.dynamic_creds [-] Using the existing project d3222856d03444d287f35dd48c83a8b9 for scope project and roles: ['reader']
2025-04-03 07:41:47.272 68993 INFO tempest.lib.common.rest_client [req-acd406d8-7732-44b3-935a-75646313b2ce req-acd406d8-7732-44b3-935a-75646313b2ce ] Request (ServersTestJSON:setUpClass): 201 POST http://10.180.1.21/identity/v3/users 0.028s
2025-04-03 07:41:47.289 69029 WARNING tempest.lib.common.ssh [-] Failed to establish authenticated ssh connection to cirros@10.180.180.211 ([Errno None] Unable to connect to port 22 on 10.180.180.211). Number attempts: 8. Retry after 9 seconds.: paramiko.ssh_exception.NoValidConnectionsError: [Errno None] Unable to connect to port 22 on 10.180.180.211
2025-04-03 07:41:47.295 68993 INFO tempest.lib.common.rest_client [req-451b445e-8ec7-4c3c-9265-f3ebeedf5e0b req-451b445e-8ec7-4c3c-9265-f3ebeedf5e0b ] Request (ServersTestJSON:setUpClass): 200 GET http://10.180.1.21/identity/v3/roles 0.022s
2025-04-03 07:41:47.319 68993 INFO tempest.lib.common.rest_client [req-592f0868-d4ce-424b-a093-87f017f638bd req-592f0868-d4ce-424b-a093-87f017f638bd ] Request (ServersTestJSON:setUpClass): 204 PUT http://10.180.1.21/identity/v3/projects/d3222856d03444d287f35dd48c83a8b9/users/0f62033ba15441a29db62e0e99e09f9a/roles/1d10877e173c4f4c9584cf6683a8f82a 0.024s
2025-04-03 07:41:47.319 68993 INFO tempest.lib.common.dynamic_creds [-] Dynamic test user 0f62033ba15441a29db62e0e99e09f9a is created with scope project and roles: ['reader']
2025-04-03 07:41:47.320 68993 INFO tempest.lib.common.dynamic_creds [-] Acquired dynamic creds: credentials: Credentials: {'domain_id': 'default', 'domain_name': 'Default', 'username': 'tempest-ServersTestJSON-918543284-project-reader', 'project_domain_id': 'default', 'project_domain_name': 'Default', 'project_id': 'd3222856d03444d287f35dd48c83a8b9', 'project_name': 'tempest-ServersTestJSON-918543284', 'tenant_id': 'd3222856d03444d287f35dd48c83a8b9', 'tenant_name': 'tempest-ServersTestJSON-918543284', 'user_domain_id': 'default', 'user_domain_name': 'Default', 'user_id': '0f62033ba15441a29db62e0e99e09f9a', 'system': None}, Network: None, Subnet: None, Router: None
2025-04-03 07:41:47.320 68993 INFO tempest.lib.common.dynamic_creds [-] Network resources are not created for requested scope: project and credentials: Credentials: {'domain_id': 'default', 'domain_name': 'Default', 'username': 'tempest-ServersTestJSON-918543284-project-reader', 'project_domain_id': 'default', 'project_domain_name': 'Default', 'project_id': 'd3222856d03444d287f35dd48c83a8b9', 'project_name': 'tempest-ServersTestJSON-918543284', 'tenant_id': 'd3222856d03444d287f35dd48c83a8b9', 'tenant_name': 'tempest-ServersTestJSON-918543284', 'user_domain_id': 'default', 'user_domain_name': 'Default', 'user_id': '0f62033ba15441a29db62e0e99e09f9a', 'system': None}, Network: None, Subnet: None, Router: None
2025-04-03 07:41:47.382 68993 INFO tempest.lib.common.rest_client [req-e789b817-0441-4bcd-a662-f95bdf113326 req-e789b817-0441-4bcd-a662-f95bdf113326 ] Request (ServersTestJSON:setUpClass): 201 POST http://10.180.1.21/identity/v3/auth/tokens 0.059s
2025-04-03 07:41:47.450 68993 INFO tempest.lib.common.rest_client [req-b56367f0-4fc6-4b2f-ac15-d82b90218ff4 req-b56367f0-4fc6-4b2f-ac15-d82b90218ff4 ] Request (ServersTestJSON:test_create_server_specify_multibyte_character_name): 201 POST http://10.180.1.21/identity/v3/auth/tokens 0.064s
2025-04-03 07:41:47.450 68993 INFO tempest.lib.common.fixed_network [-] (ServersTestJSON:test_create_server_specify_multibyte_character_name) Found network {'id': 'f1534fee-1d57-4dcd-a939-68a674859ded', 'name': 'tempest-ServersTestJSON-1571961802-network', 'tenant_id': 'd3222856d03444d287f35dd48c83a8b9', 'admin_state_up': True, 'mtu': 8950, 'status': 'ACTIVE', 'subnets': [], 'shared': False, 'project_id': 'd3222856d03444d287f35dd48c83a8b9', 'port_security_enabled': True, 'router:external': False, 'provider:network_type': 'vlan', 'provider:physical_network': 'default', 'provider:segmentation_id': 313, 'availability_zone_hints': [], 'availability_zones': [], 'ipv4_address_scope': None, 'ipv6_address_scope': None, 'description': '', 'tags': [], 'created_at': '2025-04-03T07:41:44Z', 'updated_at': '2025-04-03T07:41:44Z', 'revision_number': 1} available for tenant
2025-04-03 07:41:47.467 69011 INFO tempest.lib.common.rest_client [req-d8e1f9e6-7862-42ee-8278-7d78d2a1e5db req-d8e1f9e6-7862-42ee-8278-7d78d2a1e5db ] Request (ImagesTestJSON:test_create_server_from_snapshot): 200 GET http://10.180.1.21/compute/v2.1/servers/43f73085-f2af-4a16-9d87-68f27ec58b18 0.073s
2025-04-03 07:41:47.475 68987 INFO tempest.lib.common.rest_client [req-2674edeb-b5b1-4710-9efb-f3f4fb0ccda5 req-2674edeb-b5b1-4710-9efb-f3f4fb0ccda5 ] Request (DeleteServersTestJSON:test_delete_server_while_in_attached_volume): 200 GET http://10.180.1.21/compute/v2.1/servers/7416ff97-a858-47d9-ab62-3a891b8f4fa0 0.076s
2025-04-03 07:41:47.532 69005 INFO tempest.lib.common.rest_client [req-97ef542f-ac3e-4aba-9252-f018a343e48e req-97ef542f-ac3e-4aba-9252-f018a343e48e ] Request (ServersAdminTestJSON:test_inject_network_info): 200 GET http://10.180.1.21/compute/v2.1/servers/307cf1c1-fb29-4f4b-9b79-1788b3942a30 0.067s
2025-04-03 07:41:47.594 68979 INFO tempest.lib.common.rest_client [req-4e5040db-f7a3-4295-93ff-0260c055ebf0 req-4e5040db-f7a3-4295-93ff-0260c055ebf0 ] Request (ServersAaction247Test:test_create_backup): 200 GET http://10.180.1.21/compute/v2.1/servers/666ad21a-26f5-48db-a1ad-ab91ef7b405f 0.125s
2025-04-03 07:41:47.649 68991 INFO tempest.lib.common.rest_client [req-9d9fd3c8-4bb4-4811-9cc0-7bd55e5a121b req-9d9fd3c8-4bb4-4811-9cc0-7bd55e5a121b ] Request (MigrationsAdminTest:test_list_migrations_in_flavor_resize_situation): 200 GET http://10.180.1.21/compute/v2.1/servers/edf3f0b4-a424-4de7-8abb-20a17e8454fc 0.118s
2025-04-03 07:41:47.840 69015 INFO tempest.lib.common.rest_client [req-00c3f044-9216-4060-9651-723be2935437 req-00c3f044-9216-4060-9651-723be2935437 ] Request (ServerRescueNegativeTestJSON:test_rescued_vm_attach_volume): 200 GET http://10.180.1.21/compute/v2.1/servers/b791d5aa-64c2-4a4e-b202-1f9ba6ae071a 0.271s
2025-04-03 07:41:47.922 68995 INFO tempest.lib.common.rest_client [req-894f7536-17a5-446e-beb2-1a896178b316 req-894f7536-17a5-446e-beb2-1a896178b316 ] Request (ListServerFiltersTestJSON:setUpClass): 200 GET http://10.180.1.21/compute/v2.1/servers/148238a9-ed65-4cf0-a9d1-95e1ef9dc67a 0.336s
2025-04-03 07:41:47.974 68993 INFO tempest.lib.common.rest_client [req-43b3da3a-317f-4b7e-b206-0df303d4a1c0 req-43b3da3a-317f-4b7e-b206-0df303d4a1c0 ] Request (ServersTestJSON:test_create_server_specify_multibyte_character_name): 202 POST http://10.180.1.21/compute/v2.1/servers 0.523s
2025-04-03 07:41:47.990 69002 INFO tempest.lib.common.rest_client [req-c5b79009-c65b-4768-a757-b5bf4aa96ccb req-c5b79009-c65b-4768-a757-b5bf4aa96ccb ] Request (ServerShowV257Test:test_rebuild_server): 200 GET http://10.180.1.21/compute/v2.1/servers/6eb4d70c-0d28-4004-880c-30a56ee06ed5 0.364s
2025-04-03 07:41:48.054 68989 INFO tempest.lib.common.rest_client [req-dd77adb1-5d78-4823-8ed9-775002f363a4 req-dd77adb1-5d78-4823-8ed9-775002f363a4 ] Request (ServerDiskConfigTestJSON:test_rebuild_server_with_manual_disk_config): 200 GET http://10.180.1.21/compute/v2.1/servers/97226033-61c4-4512-b9dd-04688f44aa35 0.374s
2025-04-03 07:41:48.058 69033 INFO tempest.lib.common.rest_client [req-1d2da4b4-7bc4-4d92-8145-37ddcfaec25e req-1d2da4b4-7bc4-4d92-8145-37ddcfaec25e ] Request (SecurityGroupsTestJSON:test_server_security_groups): 200 GET http://10.180.1.21/compute/v2.1/servers/0008a177-17d4-4d2d-8dd7-a0c5a0e7b25b 0.402s
2025-04-03 07:41:48.125 69031 INFO tempest.lib.common.rest_client [req-de3cde92-4457-46f8-8b37-82d8981b3610 req-de3cde92-4457-46f8-8b37-82d8981b3610 ] Request (VolumesAdminNegativeTest:test_update_attached_volume_with_nonexistent_volume_in_uri): 200 GET http://10.180.1.21/compute/v2.1/servers/b05184fc-bf45-4930-ab8a-ac1bb9140689 0.289s
2025-04-03 07:41:48.152 69027 INFO tempest.lib.common.rest_client [req-4b5d1e6b-98fa-43c8-97d6-8ffcf68d432c req-4b5d1e6b-98fa-43c8-97d6-8ffcf68d432c ] Request (ServersListShow2100Test:tearDownClass): 404 GET http://10.180.1.21/compute/v2.1/servers/cf37337b-52e3-497c-9bef-0e1bf1c40c98 0.213s
2025-04-03 07:41:48.185 69035 INFO tempest.lib.common.rest_client [req-80a2ed8e-0861-4277-94a4-3aa457b2af9f req-80a2ed8e-0861-4277-94a4-3aa457b2af9f ] Request (ListServersNegativeTestJSON:setUpClass): 200 GET http://10.180.1.21/compute/v2.1/servers/63b4a81a-cbb3-45d0-bbaa-c0664b96dbd0 0.401s
2025-04-03 07:41:48.212 69037 INFO tempest.lib.common.rest_client [req-4d4f011a-6a01-49c5-8199-18c669759d2b req-4d4f011a-6a01-49c5-8199-18c669759d2b ] Request (MultipleCreateTestJSON:test_multiple_create_with_reservation_return): 200 GET http://10.180.1.21/compute/v2.1/servers/0203869a-fca5-4e60-b1a4-b85a0a355968 0.249s
2025-04-03 07:41:48.234 68993 INFO tempest.lib.common.rest_client [req-2048005e-f712-4dd2-a32d-a06ceadfcd97 req-2048005e-f712-4dd2-a32d-a06ceadfcd97 ] Request (ServersTestJSON:test_create_server_specify_multibyte_character_name): 200 GET http://10.180.1.21/compute/v2.1/servers/9fa99497-8d77-4c8c-acf4-5ac01e173823 0.257s
2025-04-03 07:41:48.270 68985 INFO tempest.lib.common.rest_client [req-66b28ab7-e3a4-4b68-b406-352412f07213 req-66b28ab7-e3a4-4b68-b406-352412f07213 ] Request (ServerShowV247Test:test_update_rebuild_list_server): 200 GET http://10.180.1.21/compute/v2.1/servers/f08f2c03-0005-4f65-b368-a84a7e838ca8 0.284s
2025-04-03 07:41:48.309 69027 INFO tempest.lib.common.rest_client [req-c1dd89ce-bfff-46fd-8805-1b76ada0c8ec req-c1dd89ce-bfff-46fd-8805-1b76ada0c8ec ] Request (ServersListShow2100Test:tearDownClass): 204 DELETE http://10.180.1.21/identity/v3/users/a8318572993d417eb04340d59c319a49 0.156s
2025-04-03 07:41:48.310 69027 INFO tempest.lib.common.dynamic_creds [-] Deleting project and security group for project: 09db37a8d2f947eda7ea094590dff4cb
2025-04-03 07:41:48.320 68997 INFO tempest.lib.common.rest_client [req-e1ba45d7-de1c-4e40-a447-0f63e089adcb req-e1ba45d7-de1c-4e40-a447-0f63e089adcb ] Request (ServerGroupTestJSON:_run_cleanups): 200 GET http://10.180.1.21/compute/v2.1/servers/0fce1340-0d03-4183-94cb-971773bbbeda 0.298s
