2025-04-03 07:40:08.956 68979 INFO tempest.lib.common.rest_client [req-8813cbb9-b00d-438f-82ee-dcf4afbed5dc req-8813cbb9-b00d-438f-82ee-dcf4afbed5dc ] Request (FloatingIPsAssociationNegativeTestJSON:setUpClass): 200 GET http://10.180.1.21/compute/v2.1/servers/b20c6322-d999-406a-ac2a-1484449a4b57 1.044s
2025-04-03 07:40:09.018 69002 INFO tempest.lib.common.rest_client [req-949b6a90-e3a6-46e6-8574-83a5c9d6b656 req-949b6a90-e3a6-46e6-8574-83a5c9d6b656 ] Request (ServerTagsTestJSON:setUpClass): 200 GET http://10.180.1.21/compute/v2.1/servers/7c6c018b-cd4d-4df4-90dc-51c119f8da67 1.042s
2025-04-03 07:40:09.035 69015 INFO tempest.lib.common.rest_client [req-d73062ca-bed3-44fe-9bb3-75a20a9fa069 req-d73062ca-bed3-44fe-9bb3-75a20a9fa069 ] Request (FloatingIPDetailsTestJSON:test_get_floating_ip_details): 200 POST http://10.180.1.21/compute/v2.1/os-floating-ips 1.154s
2025-04-03 07:40:09.074 69039 INFO tempest.lib.common.rest_client [req-86d8f24b-aa17-4568-8b47-0ab3775cdd6d req-86d8f24b-aa17-4568-8b47-0ab3775cdd6d ] Request (ServersV294TestFqdnHostnames:setUpClass): 200 GET http://10.180.1.21/compute/v2.1/servers/9d6b1846-83aa-4561-9fef-10dbfcb0a48d 1.096s
2025-04-03 07:40:09.133 69013 INFO tempest.lib.common.rest_client [req-68c9c0cd-a331-4ed8-af14-0d3299935f40 req-68c9c0cd-a331-4ed8-af14-0d3299935f40 ] Request (ListImageFiltersTestJSON:setUpClass): 200 GET http://10.180.1.21/compute/v2.1/servers/422ee922-8a6e-48ff-a2c3-16581bd1ec3f 1.086s
2025-04-03 07:40:09.152 69033 INFO tempest.lib.common.rest_client [req-17982013-80a5-4d26-b5d7-e3ff8e61b0c5 req-17982013-80a5-4d26-b5d7-e3ff8e61b0c5 ] Request (SecurityGroupsTestJSON:test_server_security_groups): 200 POST http://10.180.1.21/compute/v2.1/os-security-groups 1.158s
2025-04-03 07:40:09.171 68997 INFO tempest.lib.common.rest_client [req-ef34e25b-6f36-44fb-98e4-f56ed4b0220c req-ef34e25b-6f36-44fb-98e4-f56ed4b0220c ] Request (ServerGroupTestJSON:test_create_delete_multiple_server_groups_with_same_name_policy): 200 GET http://10.180.1.21/compute/v2.1/os-server-groups 1.083s
2025-04-03 07:40:09.220 68989 INFO tempest.lib.common.rest_client [req-95d0c13f-90cc-40b5-b232-1e52503e7615 req-95d0c13f-90cc-40b5-b232-1e52503e7615 ] Request (ServerDiskConfigTestJSON:test_rebuild_server_with_auto_disk_config): 200 GET http://10.180.1.21/compute/v2.1/servers/34aae64f-f45c-463b-921c-fec60cb69b7a 1.124s
2025-04-03 07:40:09.230 69033 INFO tempest.lib.common.rest_client [req-c057ad6e-3cc0-4d05-9c37-5b9dbff226e6 req-c057ad6e-3cc0-4d05-9c37-5b9dbff226e6 ] Request (SecurityGroupsTestJSON:test_server_security_groups): 201 POST http://10.180.1.21/identity/v3/auth/tokens 0.067s
2025-04-03 07:40:09.231 69033 INFO tempest.lib.common.fixed_network [-] (SecurityGroupsTestJSON:test_server_security_groups) Found network {'id': '606c833f-6080-48e0-8d95-ac887dc2f5a8', 'name': 'tempest-SecurityGroupsTestJSON-1102309104-network', 'tenant_id': '6f1cac7b894949fca59bed7820aa9163', 'admin_state_up': True, 'mtu': 8950, 'status': 'ACTIVE', 'subnets': [], 'shared': False, 'project_id': '6f1cac7b894949fca59bed7820aa9163', 'port_security_enabled': True, 'router:external': False, 'provider:network_type': 'vlan', 'provider:physical_network': 'default', 'provider:segmentation_id': 656, 'availability_zone_hints': [], 'availability_zones': [], 'ipv4_address_scope': None, 'ipv6_address_scope': None, 'description': '', 'tags': [], 'created_at': '2025-04-03T07:39:09Z', 'updated_at': '2025-04-03T07:39:09Z', 'revision_number': 1} available for tenant
2025-04-03 07:40:09.241 69019 INFO tempest.lib.common.rest_client [req-c742600c-0de0-4e10-af6d-62de2caa6ddd req-c742600c-0de0-4e10-af6d-62de2caa6ddd ] Request (ImagesOneServerTestJSON:tearDownClass): 204 DELETE http://10.180.1.21/compute/v2.1/servers/b95b8194-54c5-45d3-b2ed-bf61f1b2ce02 1.172s
2025-04-03 07:40:09.275 69005 INFO tempest.lib.common.rest_client [req-be19f0c2-bdc2-4333-93f7-b53f8318dc1b req-be19f0c2-bdc2-4333-93f7-b53f8318dc1b ] Request (ServersAdminTestJSON:test_create_server_with_scheduling_hint): 200 GET http://10.180.1.21/compute/v2.1/servers/7dc809d4-cb23-40ae-a9f2-7eb9450d9e0c 1.089s
2025-04-03 07:40:09.297 68985 INFO tempest.lib.common.rest_client [req-8194da20-44fe-4076-acd9-c07609062b04 req-8194da20-44fe-4076-acd9-c07609062b04 ] Request (ServerDiagnosticsNegativeTest:tearDownClass): 200 GET http://10.180.1.21/compute/v2.1/servers/d91b778c-ac38-4998-aa7f-625c3fb8a722 1.056s
2025-04-03 07:40:09.326 69035 INFO tempest.lib.common.rest_client [req-3ce0d3f5-5cbe-48d4-a244-200f16e2c00e req-3ce0d3f5-5cbe-48d4-a244-200f16e2c00e ] Request (InstanceActionsTestJSON:tearDownClass): 200 GET http://10.180.1.21/compute/v2.1/servers/f4ffcd33-acb1-4e44-9a89-f10b57d732bb 1.012s
2025-04-03 07:40:09.343 69010 INFO tempest.lib.common.rest_client [req-9f6f103b-c6b1-4746-a072-4d65dcb5bf73 req-9f6f103b-c6b1-4746-a072-4d65dcb5bf73 ] Request (ImagesOneServerNegativeTestJSON:setUpClass): 200 GET http://10.180.1.21/compute/v2.1/servers/257b370c-a0ec-4003-ae40-82e4bbfc7306 0.965s
2025-04-03 07:40:09.363 69007 INFO tempest.lib.common.rest_client [req-cfe5b697-e37a-4ba4-9bbd-03fc7251c1fe req-cfe5b697-e37a-4ba4-9bbd-03fc7251c1fe ] Request (VolumesNegativeTest:test_volume_delete_nonexistent_volume_id): 404 DELETE http://10.180.1.21/compute/v2.1/os-volumes/4a012bc7-4514-48b1-9da0-efc1bdb40469 0.712s
2025-04-03 07:40:09.392 68987 INFO tempest.lib.common.rest_client [req-40e43227-ada7-46ee-b2f6-00db81f2ecdc req-40e43227-ada7-46ee-b2f6-00db81f2ecdc ] Request (DeleteServersTestJSON:test_delete_server_while_in_attached_volume): 200 GET http://10.180.1.21/compute/v2.1/servers/7416ff97-a858-47d9-ab62-3a891b8f4fa0 0.740s
2025-04-03 07:40:09.416 68995 INFO tempest.lib.common.rest_client [req-d0bb0c89-b0f8-48d5-b798-86caf86da3b9 req-d0bb0c89-b0f8-48d5-b798-86caf86da3b9 ] Request (ImagesNegativeTestJSON:test_create_image_from_deleted_server): 200 GET http://10.180.1.21/compute/v2.1/servers/722005fb-bc16-4103-955c-c9a27d33a234 0.514s
2025-04-03 07:40:09.424 68995 INFO tempest.common.waiters [-] State transition "ACTIVE/deleting" ==> "DELETED/None" after 3 second wait
2025-04-03 07:40:09.458 69027 INFO tempest.lib.common.rest_client [req-a727a457-0a72-444d-9993-d79ef6ce47e1 req-a727a457-0a72-444d-9993-d79ef6ce47e1 ] Request (ServersListShow2100Test:test_list_show_rebuild_update_server_2100): 200 GET http://10.180.1.21/compute/v2.1/servers/cf37337b-52e3-497c-9bef-0e1bf1c40c98 0.460s
2025-04-03 07:40:09.504 69015 INFO tempest.lib.common.rest_client [req-18c421d7-1966-40dd-9ebf-b331f1ba650f req-18c421d7-1966-40dd-9ebf-b331f1ba650f ] Request (FloatingIPDetailsTestJSON:test_get_floating_ip_details): 200 GET http://10.180.1.21/compute/v2.1/os-floating-ips/d317de2c-3603-4ecd-9ff7-ba9fa5b7c817 0.467s
2025-04-03 07:40:09.511 69011 INFO tempest.lib.common.rest_client [req-ccf61184-33cf-4b85-8dc3-33e4d31a9815 req-ccf61184-33cf-4b85-8dc3-33e4d31a9815 ] Request (ImagesTestJSON:test_create_image_from_suspended_server): 200 GET http://10.180.1.21/compute/v2.1/servers/cbe6bafc-b68c-40b7-9cfe-2399794c8054 0.459s
2025-04-03 07:40:09.555 69037 INFO tempest.lib.common.rest_client [req-7cdc9f70-6ccc-4637-91f1-0aafb2fb55bb req-7cdc9f70-6ccc-4637-91f1-0aafb2fb55bb ] Request (MultipleCreateTestJSON:test_multiple_create): 200 GET http://10.180.1.21/compute/v2.1/servers/5d7fc271-ecee-48d1-937b-f06fe7833c6f 0.494s
2025-04-03 07:40:09.572 68993 INFO tempest.lib.common.rest_client [req-e3b42014-0993-456b-8a58-f733d4a448b7 req-e3b42014-0993-456b-8a58-f733d4a448b7 ] Request (ServerActionsV293TestJSON:setUpClass): 200 GET http://10.180.1.21/compute/v2.1/servers/441b72ec-7140-4386-aad4-32be0f4772d8 0.430s
2025-04-03 07:40:09.594 68997 INFO tempest.lib.common.rest_client [req-b77c0a0c-d81b-4fb9-9948-51277226e902 req-b77c0a0c-d81b-4fb9-9948-51277226e902 ] Request (ServerGroupTestJSON:test_create_delete_multiple_server_groups_with_same_name_policy): 204 DELETE http://10.180.1.21/compute/v2.1/os-server-groups/408e241e-728b-4427-9173-d2c74ab47bd9 0.421s
2025-04-03 07:40:09.610 69029 INFO tempest.lib.common.rest_client [req-2ada7cb2-3641-49da-8235-7c18a5830d69 req-2ada7cb2-3641-49da-8235-7c18a5830d69 ] Request (ServerActionsTestOtherB:setUpClass): 200 GET http://10.180.1.21/compute/v2.1/servers/68b24323-6432-4cbd-9ea7-b231fb008990 0.449s
2025-04-03 07:40:09.747 69019 INFO tempest.lib.common.rest_client [req-eaa996d5-041d-493d-af23-bf8095ee53f8 req-eaa996d5-041d-493d-af23-bf8095ee53f8 ] Request (ImagesOneServerTestJSON:tearDownClass): 200 GET http://10.180.1.21/compute/v2.1/servers/b95b8194-54c5-45d3-b2ed-bf61f1b2ce02 0.506s
2025-04-03 07:40:09.773 69007 INFO tempest.lib.common.rest_client [req-cac36692-f42f-4d7d-b7c0-71012cabcec5 req-cac36692-f42f-4d7d-b7c0-71012cabcec5 ] Request (VolumesNegativeTest:test_volume_get_nonexistent_volume_id): 404 GET http://10.180.1.21/compute/v2.1/os-volumes/9c1c1cf6-317e-4573-99ee-8bdaf12e5ae0 0.408s
2025-04-03 07:40:09.910 69007 INFO tempest.lib.common.rest_client [req-25c920f0-2936-41b9-9fae-89106c742d70 req-25c920f0-2936-41b9-9fae-89106c742d70 ] Request (VolumesNegativeTest:tearDownClass): 204 DELETE http://10.180.1.21/identity/v3/users/9ebe6b07d5e84890aab40a83e2f04831 0.131s
2025-04-03 07:40:09.910 69007 INFO tempest.lib.common.dynamic_creds [-] Deleting project and security group for project: e20e19fba5c14ae1a600a29db33f6a2c
2025-04-03 07:40:09.996 69007 INFO tempest.lib.common.rest_client [req-c626c2ee-1922-46df-9a41-5885bf80b66e req-c626c2ee-1922-46df-9a41-5885bf80b66e ] Request (VolumesNegativeTest:tearDownClass): 201 POST http://10.180.1.21/identity/v3/auth/tokens 0.085s
2025-04-03 07:40:10.056 69033 INFO tempest.lib.common.rest_client [req-21712171-c767-4df0-835e-26b648ae3b3c req-21712171-c767-4df0-835e-26b648ae3b3c ] Request (SecurityGroupsTestJSON:test_server_security_groups): 202 POST http://10.180.1.21/compute/v2.1/servers 0.824s
2025-04-03 07:40:10.070 68997 INFO tempest.lib.common.rest_client [req-47abbf93-ccc2-47be-919a-03f2332fd06c req-47abbf93-ccc2-47be-919a-03f2332fd06c ] Request (ServerGroupTestJSON:test_create_delete_multiple_server_groups_with_same_name_policy): 200 GET http://10.180.1.21/compute/v2.1/os-server-groups 0.475s
2025-04-03 07:40:10.074 69003 WARNING tempest.lib.common.ssh [-] Failed to establish authenticated ssh connection to cirros@10.180.180.214 ([Errno None] Unable to connect to port 22 on 10.180.180.214). Number attempts: 2. Retry after 3 seconds.: paramiko.ssh_exception.NoValidConnectionsError: [Errno None] Unable to connect to port 22 on 10.180.180.214
2025-04-03 07:40:10.201 69007 INFO tempest.lib.common.rest_client [req-fa332efc-6854-4714-8b51-61c9e09b4563 req-fa332efc-6854-4714-8b51-61c9e09b4563 ] Request (VolumesNegativeTest:tearDownClass): 200 GET http://10.180.1.21:9696/networking/v2.0/security-groups?tenant_id=e20e19fba5c14ae1a600a29db33f6a2c&name=default 0.205s
2025-04-03 07:40:10.221 69015 INFO tempest.lib.common.rest_client [req-de532c3b-6c4a-4799-9639-3861e148ab88 req-de532c3b-6c4a-4799-9639-3861e148ab88 ] Request (FloatingIPDetailsTestJSON:_run_cleanups): 202 DELETE http://10.180.1.21/compute/v2.1/os-floating-ips/d317de2c-3603-4ecd-9ff7-ba9fa5b7c817 0.715s
2025-04-03 07:40:10.238 68991 INFO tempest.lib.common.rest_client [req-fe7e7080-0a35-46c3-8a39-974980937db9 req-fe7e7080-0a35-46c3-8a39-974980937db9 ] Request (DeleteServersAdminTestJSON:test_delete_server_while_in_error_state): 200 GET http://10.180.1.21/compute/v2.1/servers/ea89d16d-6564-4b98-84c8-4a21acc9013e 0.387s
2025-04-03 07:40:10.277 69007 INFO tempest.lib.common.rest_client [req-cd50eb3d-bc94-426a-904a-8e9f2ab7f7a9 req-cd50eb3d-bc94-426a-904a-8e9f2ab7f7a9 ] Request (VolumesNegativeTest:tearDownClass): 204 DELETE http://10.180.1.21:9696/networking/v2.0/security-groups/7a0eb2fe-0840-47cf-8e4c-d0d2a0a77a90 0.075s
2025-04-03 07:40:10.301 69002 INFO tempest.lib.common.rest_client [req-0ce94cfe-cbba-4997-8ac6-fbc82d0b83af req-0ce94cfe-cbba-4997-8ac6-fbc82d0b83af ] Request (ServerTagsTestJSON:setUpClass): 200 GET http://10.180.1.21/compute/v2.1/servers/7c6c018b-cd4d-4df4-90dc-51c119f8da67 0.267s
2025-04-03 07:40:10.342 69033 INFO tempest.lib.common.rest_client [req-35212579-eb56-4317-add6-d5d5ca921b44 req-35212579-eb56-4317-add6-d5d5ca921b44 ] Request (SecurityGroupsTestJSON:test_server_security_groups): 200 GET http://10.180.1.21/compute/v2.1/servers/0008a177-17d4-4d2d-8dd7-a0c5a0e7b25b 0.284s
2025-04-03 07:40:10.348 69007 INFO tempest.lib.common.rest_client [req-b62d6372-f595-4ebc-b18b-825e24370c80 req-b62d6372-f595-4ebc-b18b-825e24370c80 ] Request (VolumesNegativeTest:tearDownClass): 204 DELETE http://10.180.1.21/identity/v3/projects/e20e19fba5c14ae1a600a29db33f6a2c 0.070s
2025-04-03 07:40:10.376 68979 INFO tempest.lib.common.rest_client [req-09c850b9-5c91-47a8-b645-1644260aa713 req-09c850b9-5c91-47a8-b645-1644260aa713 ] Request (FloatingIPsAssociationNegativeTestJSON:setUpClass): 200 GET http://10.180.1.21/compute/v2.1/servers/b20c6322-d999-406a-ac2a-1484449a4b57 0.409s
2025-04-03 07:40:10.399 68997 INFO tempest.lib.common.rest_client [req-ea13d21e-2daa-4523-923b-2d31fb008260 req-ea13d21e-2daa-4523-923b-2d31fb008260 ] Request (ServerGroupTestJSON:test_create_delete_server_group_with_affinity_policy): 200 POST http://10.180.1.21/compute/v2.1/os-server-groups 0.325s
2025-04-03 07:40:10.436 69039 INFO tempest.lib.common.rest_client [req-472ea2c1-7848-4c49-8ca4-34c4082d737a req-472ea2c1-7848-4c49-8ca4-34c4082d737a ] Request (ServersV294TestFqdnHostnames:setUpClass): 200 GET http://10.180.1.21/compute/v2.1/servers/9d6b1846-83aa-4561-9fef-10dbfcb0a48d 0.348s
2025-04-03 07:40:10.451 69013 INFO tempest.lib.common.rest_client [req-06c6ad9a-73d9-47d5-97b6-b2344a4dfe6d req-06c6ad9a-73d9-47d5-97b6-b2344a4dfe6d ] Request (ListImageFiltersTestJSON:setUpClass): 200 GET http://10.180.1.21/compute/v2.1/servers/422ee922-8a6e-48ff-a2c3-16581bd1ec3f 0.310s
2025-04-03 07:40:10.461 69013 INFO tempest.common.waiters [-] State transition "BUILD/None" ==> "BUILD/networking" after 35 second wait
2025-04-03 07:40:10.521 68989 INFO tempest.lib.common.rest_client [req-8b815488-cc84-4184-9ee0-a4c29fd48821 req-8b815488-cc84-4184-9ee0-a4c29fd48821 ] Request (ServerDiskConfigTestJSON:test_rebuild_server_with_auto_disk_config): 200 GET http://10.180.1.21/compute/v2.1/servers/34aae64f-f45c-463b-921c-fec60cb69b7a 0.292s
2025-04-03 07:40:10.543 69015 INFO tempest.lib.common.rest_client [req-3ad963ed-34bf-46c0-af19-78e62f332a62 req-3ad963ed-34bf-46c0-af19-78e62f332a62 ] Request (FloatingIPDetailsTestJSON:test_list_floating_ips): 200 GET http://10.180.1.21/compute/v2.1/os-floating-ips 0.320s
2025-04-03 07:40:10.577 69005 INFO tempest.lib.common.rest_client [req-980e3b4a-1b2a-494a-bd42-78d8a4c763ad req-980e3b4a-1b2a-494a-bd42-78d8a4c763ad ] Request (ServersAdminTestJSON:test_create_server_with_scheduling_hint): 200 GET http://10.180.1.21/compute/v2.1/servers/7dc809d4-cb23-40ae-a9f2-7eb9450d9e0c 0.292s
2025-04-03 07:40:10.644 69035 INFO tempest.lib.common.rest_client [req-3b05d506-e43b-4e56-a7cb-33c222375839 req-3b05d506-e43b-4e56-a7cb-33c222375839 ] Request (InstanceActionsTestJSON:tearDownClass): 200 GET http://10.180.1.21/compute/v2.1/servers/f4ffcd33-acb1-4e44-9a89-f10b57d732bb 0.310s
2025-04-03 07:40:10.652 68985 INFO tempest.lib.common.rest_client [req-3051c912-a2d7-4f37-82ca-0c5262b41545 req-3051c912-a2d7-4f37-82ca-0c5262b41545 ] Request (ServerDiagnosticsNegativeTest:tearDownClass): 200 GET http://10.180.1.21/compute/v2.1/servers/d91b778c-ac38-4998-aa7f-625c3fb8a722 0.346s
2025-04-03 07:40:10.696 69010 INFO tempest.lib.common.rest_client [req-cd466f73-6362-455e-830c-341e6c4ff919 req-cd466f73-6362-455e-830c-341e6c4ff919 ] Request (ImagesOneServerNegativeTestJSON:setUpClass): 200 GET http://10.180.1.21/compute/v2.1/servers/257b370c-a0ec-4003-ae40-82e4bbfc7306 0.345s
2025-04-03 07:40:10.707 68987 INFO tempest.lib.common.rest_client [req-da5a0757-8dd7-4a60-9511-16c3ea3a30ca req-da5a0757-8dd7-4a60-9511-16c3ea3a30ca ] Request (DeleteServersTestJSON:test_delete_server_while_in_attached_volume): 200 GET http://10.180.1.21/compute/v2.1/servers/7416ff97-a858-47d9-ab62-3a891b8f4fa0 0.307s
2025-04-03 07:40:10.734 68997 INFO tempest.lib.common.rest_client [req-d2c90946-df5f-456b-8ae6-13e7665446da req-d2c90946-df5f-456b-8ae6-13e7665446da ] Request (ServerGroupTestJSON:test_create_delete_server_group_with_affinity_policy): 204 DELETE http://10.180.1.21/compute/v2.1/os-server-groups/78f81b08-f619-4290-a3c2-f1b1c08e9b7e 0.333s
2025-04-03 07:40:10.764 68995 INFO tempest.lib.common.rest_client [req-dc6aebae-4def-47a0-8a28-09a566d34a2c req-dc6aebae-4def-47a0-8a28-09a566d34a2c ] Request (ImagesNegativeTestJSON:test_create_image_from_deleted_server): 200 GET http://10.180.1.21/compute/v2.1/servers/722005fb-bc16-4103-955c-c9a27d33a234 0.340s
2025-04-03 07:40:10.813 69027 INFO tempest.lib.common.rest_client [req-693cc666-aff8-4cb5-af1a-50d99bf2e1ad req-693cc666-aff8-4cb5-af1a-50d99bf2e1ad ] Request (ServersListShow2100Test:test_list_show_rebuild_update_server_2100): 200 GET http://10.180.1.21/compute/v2.1/servers/cf37337b-52e3-497c-9bef-0e1bf1c40c98 0.339s
2025-04-03 07:40:10.830 69011 INFO tempest.lib.common.rest_client [req-f7be1625-2889-4958-98fe-c9192107d732 req-f7be1625-2889-4958-98fe-c9192107d732 ] Request (ImagesTestJSON:test_create_image_from_suspended_server): 200 GET http://10.180.1.21/compute/v2.1/servers/cbe6bafc-b68c-40b7-9cfe-2399794c8054 0.311s
2025-04-03 07:40:10.883 69037 INFO tempest.lib.common.rest_client [req-b201c4a8-98ee-44a9-a38b-f2107ec50865 req-b201c4a8-98ee-44a9-a38b-f2107ec50865 ] Request (MultipleCreateTestJSON:test_multiple_create): 200 GET http://10.180.1.21/compute/v2.1/servers/5d7fc271-ecee-48d1-937b-f06fe7833c6f 0.318s
2025-04-03 07:40:10.940 68993 INFO tempest.lib.common.rest_client [req-b50e7780-e451-40b2-ac6e-b4ed1c572cc8 req-b50e7780-e451-40b2-ac6e-b4ed1c572cc8 ] Request (ServerActionsV293TestJSON:setUpClass): 200 GET http://10.180.1.21/compute/v2.1/servers/441b72ec-7140-4386-aad4-32be0f4772d8 0.358s
2025-04-03 07:40:10.998 69029 INFO tempest.lib.common.rest_client [req-30101a8d-6de9-443e-a1cd-9cc093710534 req-30101a8d-6de9-443e-a1cd-9cc093710534 ] Request (ServerActionsTestOtherB:setUpClass): 200 GET http://10.180.1.21/compute/v2.1/servers/68b24323-6432-4cbd-9ea7-b231fb008990 0.379s
2025-04-03 07:40:11.007 68997 INFO tempest.lib.common.rest_client [req-6101f43a-ec6a-4780-af10-34a2aeebf2d4 req-6101f43a-ec6a-4780-af10-34a2aeebf2d4 ] Request (ServerGroupTestJSON:test_create_delete_server_group_with_affinity_policy): 200 GET http://10.180.1.21/compute/v2.1/os-server-groups 0.273s
2025-04-03 07:40:11.033 69021 WARNING tempest.lib.common.ssh [-] Failed to establish authenticated ssh connection to cirros@10.180.180.236 ([Errno None] Unable to connect to port 22 on 10.180.180.236). Number attempts: 6. Retry after 7 seconds.: paramiko.ssh_exception.NoValidConnectionsError: [Errno None] Unable to connect to port 22 on 10.180.180.236
2025-04-03 07:40:11.140 69019 INFO tempest.lib.common.rest_client [req-c73a2040-5b30-4ced-924d-352b1d158418 req-c73a2040-5b30-4ced-924d-352b1d158418 ] Request (ImagesOneServerTestJSON:tearDownClass): 200 GET http://10.180.1.21/compute/v2.1/servers/b95b8194-54c5-45d3-b2ed-bf61f1b2ce02 0.385s
2025-04-03 07:40:11.199 68997 INFO tempest.lib.common.rest_client [req-2a0c9e02-1aaf-4717-915e-ab94120adb16 req-2a0c9e02-1aaf-4717-915e-ab94120adb16 ] Request (ServerGroupTestJSON:test_create_delete_server_group_with_anti_affinity_policy): 200 POST http://10.180.1.21/compute/v2.1/os-server-groups 0.186s
2025-04-03 07:40:11.219 69015 INFO tempest.lib.common.rest_client [req-ca6e6e2c-55be-45ae-8f58-36c822a2f67e req-ca6e6e2c-55be-45ae-8f58-36c822a2f67e ] Request (FloatingIPDetailsTestJSON:tearDownClass): 202 DELETE http://10.180.1.21/compute/v2.1/os-floating-ips/1e0f3821-2e24-437e-b976-eab9d66d1637 0.669s
2025-04-03 07:40:11.227 68997 INFO tempest.lib.common.rest_client [req-3140b79a-3ebf-4ea0-8d39-15077cdac876 req-3140b79a-3ebf-4ea0-8d39-15077cdac876 ] Request (ServerGroupTestJSON:test_create_delete_server_group_with_anti_affinity_policy): 204 DELETE http://10.180.1.21/compute/v2.1/os-server-groups/8bb759df-a9e3-44ef-8512-1d080fd2e39e 0.026s
2025-04-03 07:40:11.240 68997 INFO tempest.lib.common.rest_client [req-6228963e-e7bf-4112-b997-e10dfbb84448 req-6228963e-e7bf-4112-b997-e10dfbb84448 ] Request (ServerGroupTestJSON:test_create_delete_server_group_with_anti_affinity_policy): 200 GET http://10.180.1.21/compute/v2.1/os-server-groups 0.013s
2025-04-03 07:40:11.322 68997 INFO tempest.lib.common.rest_client [req-94334b24-6e4a-42d8-93f7-4d0381280f17 req-94334b24-6e4a-42d8-93f7-4d0381280f17 ] Request (ServerGroupTestJSON:test_create_server_with_scheduler_hint_group): 201 POST http://10.180.1.21/identity/v3/auth/tokens 0.076s
2025-04-03 07:40:11.323 68997 INFO tempest.lib.common.fixed_network [-] (ServerGroupTestJSON:test_create_server_with_scheduler_hint_group) Found network {'id': 'ba16d6ee-164e-4f80-bcdb-fd3b948bb6f8', 'name': 'tempest-ServerGroupTestJSON-828159410-network', 'tenant_id': 'c1936c07063e401b9db555ba004eb05f', 'admin_state_up': True, 'mtu': 8950, 'status': 'ACTIVE', 'subnets': [], 'shared': False, 'project_id': 'c1936c07063e401b9db555ba004eb05f', 'port_security_enabled': True, 'router:external': False, 'provider:network_type': 'vlan', 'provider:physical_network': 'default', 'provider:segmentation_id': 884, 'availability_zone_hints': [], 'availability_zones': [], 'ipv4_address_scope': None, 'ipv6_address_scope': None, 'description': '', 'tags': [], 'created_at': '2025-04-03T07:40:02Z', 'updated_at': '2025-04-03T07:40:02Z', 'revision_number': 1} available for tenant
2025-04-03 07:40:11.661 68991 INFO tempest.lib.common.rest_client [req-552a5253-b474-4e85-8b7b-fcf5182db948 req-552a5253-b474-4e85-8b7b-fcf5182db948 ] Request (DeleteServersAdminTestJSON:test_delete_server_while_in_error_state): 200 GET http://10.180.1.21/compute/v2.1/servers/ea89d16d-6564-4b98-84c8-4a21acc9013e 0.411s
2025-04-03 07:40:11.668 68991 INFO tempest.common.waiters [-] State transition "BUILD/spawning" ==> "ACTIVE/None" after 40 second wait
2025-04-03 07:40:11.727 69002 INFO tempest.lib.common.rest_client [req-b48b263b-e719-4917-8c06-cf4b299b05e0 req-b48b263b-e719-4917-8c06-cf4b299b05e0 ] Request (ServerTagsTestJSON:setUpClass): 200 GET http://10.180.1.21/compute/v2.1/servers/7c6c018b-cd4d-4df4-90dc-51c119f8da67 0.416s
2025-04-03 07:40:11.929 68983 WARNING tempest.lib.common.ssh [-] Failed to establish authenticated ssh connection to cirros@10.180.180.228 ([Errno None] Unable to connect to port 22 on 10.180.180.228). Number attempts: 5. Retry after 6 seconds.: paramiko.ssh_exception.NoValidConnectionsError: [Errno None] Unable to connect to port 22 on 10.180.180.228
2025-04-03 07:40:11.929 68981 WARNING tempest.lib.common.ssh [-] Failed to establish authenticated ssh connection to cirros@10.180.180.148 ([Errno None] Unable to connect to port 22 on 10.180.180.148). Number attempts: 4. Retry after 5 seconds.: paramiko.ssh_exception.NoValidConnectionsError: [Errno None] Unable to connect to port 22 on 10.180.180.148
2025-04-03 07:40:11.998 69015 INFO tempest.lib.common.rest_client [req-0f0ece6d-b9c3-4ab5-a86d-8d9fe5e156c8 req-0f0ece6d-b9c3-4ab5-a86d-8d9fe5e156c8 ] Request (FloatingIPDetailsTestJSON:tearDownClass): 202 DELETE http://10.180.1.21/compute/v2.1/os-floating-ips/42be6aac-47e9-4d94-882e-9ab056eeed89 0.778s
2025-04-03 07:40:12.053 69033 INFO tempest.lib.common.rest_client [req-d1a68ee8-a064-48c0-975f-5807a7b84673 req-d1a68ee8-a064-48c0-975f-5807a7b84673 ] Request (SecurityGroupsTestJSON:test_server_security_groups): 200 GET http://10.180.1.21/compute/v2.1/servers/0008a177-17d4-4d2d-8dd7-a0c5a0e7b25b 0.702s
2025-04-03 07:40:12.158 68979 INFO tempest.lib.common.rest_client [req-075bf16e-6c5a-4846-b6e3-ce5fa55fec5b req-075bf16e-6c5a-4846-b6e3-ce5fa55fec5b ] Request (FloatingIPsAssociationNegativeTestJSON:setUpClass): 200 GET http://10.180.1.21/compute/v2.1/servers/b20c6322-d999-406a-ac2a-1484449a4b57 0.772s
2025-04-03 07:40:12.216 69039 INFO tempest.lib.common.rest_client [req-dcd0dff7-a664-4f2b-84c6-eae98a3f5e2f req-dcd0dff7-a664-4f2b-84c6-eae98a3f5e2f ] Request (ServersV294TestFqdnHostnames:setUpClass): 200 GET http://10.180.1.21/compute/v2.1/servers/9d6b1846-83aa-4561-9fef-10dbfcb0a48d 0.767s
2025-04-03 07:40:12.233 68997 INFO tempest.lib.common.rest_client [req-36fcc165-4d99-4f5f-a26b-13c31d8005f5 req-36fcc165-4d99-4f5f-a26b-13c31d8005f5 ] Request (ServerGroupTestJSON:test_create_server_with_scheduler_hint_group): 202 POST http://10.180.1.21/compute/v2.1/servers 0.910s
2025-04-03 07:40:12.286 68989 INFO tempest.lib.common.rest_client [req-9b17590d-b30e-4f9d-b6a4-c9054b3bb4ff req-9b17590d-b30e-4f9d-b6a4-c9054b3bb4ff ] Request (ServerDiskConfigTestJSON:test_rebuild_server_with_auto_disk_config): 200 GET http://10.180.1.21/compute/v2.1/servers/34aae64f-f45c-463b-921c-fec60cb69b7a 0.757s
2025-04-03 07:40:12.324 69013 INFO tempest.lib.common.rest_client [req-5631cc70-b45b-4d3a-985f-7d2041a4c843 req-5631cc70-b45b-4d3a-985f-7d2041a4c843 ] Request (ListImageFiltersTestJSON:setUpClass): 200 GET http://10.180.1.21/compute/v2.1/servers/422ee922-8a6e-48ff-a2c3-16581bd1ec3f 0.861s
2025-04-03 07:40:12.331 69013 INFO tempest.common.waiters [-] State transition "BUILD/networking" ==> "BUILD/spawning" after 37 second wait
2025-04-03 07:40:12.352 69005 INFO tempest.lib.common.rest_client [req-78416594-f878-4a95-8392-4ab6a3956308 req-78416594-f878-4a95-8392-4ab6a3956308 ] Request (ServersAdminTestJSON:test_create_server_with_scheduling_hint): 200 GET http://10.180.1.21/compute/v2.1/servers/7dc809d4-cb23-40ae-a9f2-7eb9450d9e0c 0.767s
2025-04-03 07:40:12.385 69035 INFO tempest.lib.common.rest_client [req-9f612ea1-a23b-491e-9895-e5db35ee088a req-9f612ea1-a23b-491e-9895-e5db35ee088a ] Request (InstanceActionsTestJSON:tearDownClass): 200 GET http://10.180.1.21/compute/v2.1/servers/f4ffcd33-acb1-4e44-9a89-f10b57d732bb 0.732s
2025-04-03 07:40:12.409 68985 INFO tempest.lib.common.rest_client [req-70696274-3645-4749-881c-5ce1bf3695a0 req-70696274-3645-4749-881c-5ce1bf3695a0 ] Request (ServerDiagnosticsNegativeTest:tearDownClass): 200 GET http://10.180.1.21/compute/v2.1/servers/d91b778c-ac38-4998-aa7f-625c3fb8a722 0.748s
2025-04-03 07:40:12.436 68991 INFO tempest.lib.common.rest_client [req-8185dcaf-f2b7-424a-a76a-74939ffe6adf req-8185dcaf-f2b7-424a-a76a-74939ffe6adf ] Request (DeleteServersAdminTestJSON:test_delete_server_while_in_error_state): 202 POST http://10.180.1.21/compute/v2.1/servers/ea89d16d-6564-4b98-84c8-4a21acc9013e/action 0.767s
2025-04-03 07:40:12.455 69010 INFO tempest.lib.common.rest_client [req-d0486a54-ac74-45cc-b52a-1e5288483822 req-d0486a54-ac74-45cc-b52a-1e5288483822 ] Request (ImagesOneServerNegativeTestJSON:setUpClass): 200 GET http://10.180.1.21/compute/v2.1/servers/257b370c-a0ec-4003-ae40-82e4bbfc7306 0.750s
2025-04-03 07:40:12.486 68987 INFO tempest.lib.common.rest_client [req-ca2d30df-baf4-4737-b511-9b45dbd400d7 req-ca2d30df-baf4-4737-b511-9b45dbd400d7 ] Request (DeleteServersTestJSON:test_delete_server_while_in_attached_volume): 200 GET http://10.180.1.21/compute/v2.1/servers/7416ff97-a858-47d9-ab62-3a891b8f4fa0 0.770s
2025-04-03 07:40:12.510 68995 INFO tempest.lib.common.rest_client [req-f323b626-4b32-485f-8e52-49e5a9e0800e req-f323b626-4b32-485f-8e52-49e5a9e0800e ] Request (ImagesNegativeTestJSON:test_create_image_from_deleted_server): 200 GET http://10.180.1.21/compute/v2.1/servers/722005fb-bc16-4103-955c-c9a27d33a234 0.736s
2025-04-03 07:40:12.554 69027 INFO tempest.lib.common.rest_client [req-e40355bc-786f-4933-bc34-f67fae0ebd6b req-e40355bc-786f-4933-bc34-f67fae0ebd6b ] Request (ServersListShow2100Test:test_list_show_rebuild_update_server_2100): 200 GET http://10.180.1.21/compute/v2.1/servers/cf37337b-52e3-497c-9bef-0e1bf1c40c98 0.724s
2025-04-03 07:40:12.568 69011 INFO tempest.lib.common.rest_client [req-8e919458-7225-4da5-81a0-dc64e74b7193 req-8e919458-7225-4da5-81a0-dc64e74b7193 ] Request (ImagesTestJSON:test_create_image_from_suspended_server): 200 GET http://10.180.1.21/compute/v2.1/servers/cbe6bafc-b68c-40b7-9cfe-2399794c8054 0.731s
2025-04-03 07:40:12.631 69037 INFO tempest.lib.common.rest_client [req-12fd23d3-c878-4336-a070-ae989e7020f2 req-12fd23d3-c878-4336-a070-ae989e7020f2 ] Request (MultipleCreateTestJSON:test_multiple_create): 200 GET http://10.180.1.21/compute/v2.1/servers/5d7fc271-ecee-48d1-937b-f06fe7833c6f 0.739s
2025-04-03 07:40:12.683 68993 INFO tempest.lib.common.rest_client [req-63849db0-006a-4bf2-8bb1-103f226cbf4a req-63849db0-006a-4bf2-8bb1-103f226cbf4a ] Request (ServerActionsV293TestJSON:setUpClass): 200 GET http://10.180.1.21/compute/v2.1/servers/441b72ec-7140-4386-aad4-32be0f4772d8 0.730s
2025-04-03 07:40:12.736 69029 INFO tempest.lib.common.rest_client [req-52fe6f7c-f9b7-421f-a46d-8f24bf6392f7 req-52fe6f7c-f9b7-421f-a46d-8f24bf6392f7 ] Request (ServerActionsTestOtherB:setUpClass): 200 GET http://10.180.1.21/compute/v2.1/servers/68b24323-6432-4cbd-9ea7-b231fb008990 0.728s
2025-04-03 07:40:12.805 69019 INFO tempest.lib.common.rest_client [req-456078f3-315e-49f8-912a-0e769d9cb5b3 req-456078f3-315e-49f8-912a-0e769d9cb5b3 ] Request (ImagesOneServerTestJSON:tearDownClass): 200 GET http://10.180.1.21/compute/v2.1/servers/b95b8194-54c5-45d3-b2ed-bf61f1b2ce02 0.654s
2025-04-03 07:40:12.857 68997 INFO tempest.lib.common.rest_client [req-fd2acaa2-a86e-4d46-82ff-8a49738e7810 req-fd2acaa2-a86e-4d46-82ff-8a49738e7810 ] Request (ServerGroupTestJSON:test_create_server_with_scheduler_hint_group): 200 GET http://10.180.1.21/compute/v2.1/servers/0fce1340-0d03-4183-94cb-971773bbbeda 0.622s
2025-04-03 07:40:12.991 68991 INFO tempest.lib.common.rest_client [req-75c2698f-f702-4ef0-b29e-74e520e419e8 req-75c2698f-f702-4ef0-b29e-74e520e419e8 ] Request (DeleteServersAdminTestJSON:test_delete_server_while_in_error_state): 200 GET http://10.180.1.21/compute/v2.1/servers/ea89d16d-6564-4b98-84c8-4a21acc9013e 0.555s
2025-04-03 07:40:13.057 69015 INFO tempest.lib.common.rest_client [req-1fed9228-8b3b-4059-ba17-106f7fe883f0 req-1fed9228-8b3b-4059-ba17-106f7fe883f0 ] Request (FloatingIPDetailsTestJSON:tearDownClass): 202 DELETE http://10.180.1.21/compute/v2.1/os-floating-ips/72ee31d5-8248-4fd4-a06c-9371c87a892e 1.058s
2025-04-03 07:40:13.091 69002 INFO tempest.lib.common.rest_client [req-d588da5f-61fd-40e8-844b-ee53de8ed845 req-d588da5f-61fd-40e8-844b-ee53de8ed845 ] Request (ServerTagsTestJSON:setUpClass): 200 GET http://10.180.1.21/compute/v2.1/servers/7c6c018b-cd4d-4df4-90dc-51c119f8da67 0.348s
2025-04-03 07:40:13.101 69002 INFO tempest.common.waiters [-] State transition "BUILD/scheduling" ==> "BUILD/None" after 19 second wait
2025-04-03 07:40:13.144 69033 INFO tempest.lib.common.rest_client [req-0edb6eb5-5fa8-400d-8dea-3eb090414593 req-0edb6eb5-5fa8-400d-8dea-3eb090414593 ] Request (SecurityGroupsTestJSON:test_server_security_groups): 200 GET http://10.180.1.21/compute/v2.1/servers/0008a177-17d4-4d2d-8dd7-a0c5a0e7b25b 0.083s
2025-04-03 07:40:13.146 68991 INFO tempest.lib.common.rest_client [req-962be8bb-c656-465a-9162-28501d95829f req-962be8bb-c656-465a-9162-28501d95829f ] Request (DeleteServersAdminTestJSON:test_delete_server_while_in_error_state): 204 DELETE http://10.180.1.21/compute/v2.1/servers/ea89d16d-6564-4b98-84c8-4a21acc9013e 0.144s
2025-04-03 07:40:13.319 68991 INFO tempest.lib.common.rest_client [req-7c9e590e-e9f5-4731-ac89-0443fd7d6d20 req-7c9e590e-e9f5-4731-ac89-0443fd7d6d20 ] Request (DeleteServersAdminTestJSON:test_delete_server_while_in_error_state): 200 GET http://10.180.1.21/compute/v2.1/servers/ea89d16d-6564-4b98-84c8-4a21acc9013e 0.173s
2025-04-03 07:40:13.340 68979 INFO tempest.lib.common.rest_client [req-c9ecfacb-e5f0-45fe-ab06-560f08928e71 req-c9ecfacb-e5f0-45fe-ab06-560f08928e71 ] Request (FloatingIPsAssociationNegativeTestJSON:setUpClass): 200 GET http://10.180.1.21/compute/v2.1/servers/b20c6322-d999-406a-ac2a-1484449a4b57 0.170s
2025-04-03 07:40:13.351 68979 INFO tempest.common.waiters [-] State transition "BUILD/spawning" ==> "ACTIVE/None" after 41 second wait
2025-04-03 07:40:13.385 69039 INFO tempest.lib.common.rest_client [req-b8d5ffb4-8568-416d-99e8-528a6d9e5829 req-b8d5ffb4-8568-416d-99e8-528a6d9e5829 ] Request (ServersV294TestFqdnHostnames:setUpClass): 200 GET http://10.180.1.21/compute/v2.1/servers/9d6b1846-83aa-4561-9fef-10dbfcb0a48d 0.155s
2025-04-03 07:40:13.405 68989 INFO tempest.lib.common.rest_client [req-cc925445-8606-449f-b52d-4ebb37f552f5 req-cc925445-8606-449f-b52d-4ebb37f552f5 ] Request (ServerDiskConfigTestJSON:test_rebuild_server_with_auto_disk_config): 200 GET http://10.180.1.21/compute/v2.1/servers/34aae64f-f45c-463b-921c-fec60cb69b7a 0.110s
2025-04-03 07:40:13.544 69013 INFO tempest.lib.common.rest_client [req-00886493-bd81-40f2-91a9-cb447537b3c5 req-00886493-bd81-40f2-91a9-cb447537b3c5 ] Request (ListImageFiltersTestJSON:setUpClass): 200 GET http://10.180.1.21/compute/v2.1/servers/422ee922-8a6e-48ff-a2c3-16581bd1ec3f 0.212s
2025-04-03 07:40:13.610 69005 INFO tempest.lib.common.rest_client [req-a73099f0-7144-42e9-b74b-14ac96ebf6e8 req-a73099f0-7144-42e9-b74b-14ac96ebf6e8 ] Request (ServersAdminTestJSON:test_create_server_with_scheduling_hint): 200 GET http://10.180.1.21/compute/v2.1/servers/7dc809d4-cb23-40ae-a9f2-7eb9450d9e0c 0.249s
2025-04-03 07:40:13.697 69035 INFO tempest.lib.common.rest_client [req-fecd4ce2-9c6c-4538-9322-0dbabd319b4c req-fecd4ce2-9c6c-4538-9322-0dbabd319b4c ] Request (InstanceActionsTestJSON:tearDownClass): 200 GET http://10.180.1.21/compute/v2.1/servers/f4ffcd33-acb1-4e44-9a89-f10b57d732bb 0.305s
2025-04-03 07:40:13.772 68985 INFO tempest.lib.common.rest_client [req-35d36cdc-be33-4199-a40e-12845a015e4a req-35d36cdc-be33-4199-a40e-12845a015e4a ] Request (ServerDiagnosticsNegativeTest:tearDownClass): 200 GET http://10.180.1.21/compute/v2.1/servers/d91b778c-ac38-4998-aa7f-625c3fb8a722 0.356s
2025-04-03 07:40:14.034 69010 INFO tempest.lib.common.rest_client [req-da2ec13d-cf37-4a55-b78a-a80bcb0f955f req-da2ec13d-cf37-4a55-b78a-a80bcb0f955f ] Request (ImagesOneServerNegativeTestJSON:setUpClass): 200 GET http://10.180.1.21/compute/v2.1/servers/257b370c-a0ec-4003-ae40-82e4bbfc7306 0.571s
2025-04-03 07:40:14.044 69010 INFO tempest.common.waiters [-] State transition "BUILD/None" ==> "BUILD/networking" after 39 second wait
2025-04-03 07:40:14.085 68987 INFO tempest.lib.common.rest_client [req-ef3a1a38-98f6-46e8-a1a2-21b0c29d423a req-ef3a1a38-98f6-46e8-a1a2-21b0c29d423a ] Request (DeleteServersTestJSON:test_delete_server_while_in_attached_volume): 200 GET http://10.180.1.21/compute/v2.1/servers/7416ff97-a858-47d9-ab62-3a891b8f4fa0 0.591s
2025-04-03 07:40:14.152 68995 INFO tempest.lib.common.rest_client [req-5b784e94-ef33-4c2c-9c8f-2b5a44ee17b0 req-5b784e94-ef33-4c2c-9c8f-2b5a44ee17b0 ] Request (ImagesNegativeTestJSON:test_create_image_from_deleted_server): 200 GET http://10.180.1.21/compute/v2.1/servers/722005fb-bc16-4103-955c-c9a27d33a234 0.632s
2025-04-03 07:40:14.237 69027 INFO tempest.lib.common.rest_client [req-a5c2c9ec-bd3a-4391-b044-0d3ff61a4d3c req-a5c2c9ec-bd3a-4391-b044-0d3ff61a4d3c ] Request (ServersListShow2100Test:test_list_show_rebuild_update_server_2100): 200 GET http://10.180.1.21/compute/v2.1/servers/cf37337b-52e3-497c-9bef-0e1bf1c40c98 0.660s
2025-04-03 07:40:14.296 69011 INFO tempest.lib.common.rest_client [req-24726e92-39f0-40d8-82e2-de55426552c4 req-24726e92-39f0-40d8-82e2-de55426552c4 ] Request (ImagesTestJSON:test_create_image_from_suspended_server): 200 GET http://10.180.1.21/compute/v2.1/servers/cbe6bafc-b68c-40b7-9cfe-2399794c8054 0.717s
2025-04-03 07:40:14.364 69037 INFO tempest.lib.common.rest_client [req-788d9ce9-8e53-4ef8-bcad-15b1fda62a13 req-788d9ce9-8e53-4ef8-bcad-15b1fda62a13 ] Request (MultipleCreateTestJSON:test_multiple_create): 200 GET http://10.180.1.21/compute/v2.1/servers/5d7fc271-ecee-48d1-937b-f06fe7833c6f 0.724s
2025-04-03 07:40:14.382 69015 INFO tempest.lib.common.rest_client [req-0083ab44-ed71-41bd-aeca-b87726e8112f req-0083ab44-ed71-41bd-aeca-b87726e8112f ] Request (FloatingIPDetailsTestJSON:tearDownClass): 200 PUT http://10.180.1.21:9696/networking/v2.0/routers/41219129-47a6-4ab7-a798-eb7ccca7cd02/remove_router_interface 1.325s
2025-04-03 07:40:14.439 68993 INFO tempest.lib.common.rest_client [req-58f59129-eeb8-4d7b-bf0c-747bfae297e4 req-58f59129-eeb8-4d7b-bf0c-747bfae297e4 ] Request (ServerActionsV293TestJSON:setUpClass): 200 GET http://10.180.1.21/compute/v2.1/servers/441b72ec-7140-4386-aad4-32be0f4772d8 0.744s
2025-04-03 07:40:14.471 68979 INFO tempest.lib.common.rest_client [req-5fcf5c6b-7b93-4444-aef2-8aa09df4d78a req-5fcf5c6b-7b93-4444-aef2-8aa09df4d78a ] Request (FloatingIPsAssociationNegativeTestJSON:test_associate_ip_to_server_with_floating_ip): 200 POST http://10.180.1.21/compute/v2.1/os-floating-ips 1.119s
2025-04-03 07:40:14.493 69029 INFO tempest.lib.common.rest_client [req-da04e7d0-451d-4318-9337-9a69126f0ae0 req-da04e7d0-451d-4318-9337-9a69126f0ae0 ] Request (ServerActionsTestOtherB:setUpClass): 200 GET http://10.180.1.21/compute/v2.1/servers/68b24323-6432-4cbd-9ea7-b231fb008990 0.748s
2025-04-03 07:40:14.539 69019 INFO tempest.lib.common.rest_client [req-621011dd-4167-4966-9fb2-e45b877f0854 req-621011dd-4167-4966-9fb2-e45b877f0854 ] Request (ImagesOneServerTestJSON:tearDownClass): 200 GET http://10.180.1.21/compute/v2.1/servers/b95b8194-54c5-45d3-b2ed-bf61f1b2ce02 0.726s
2025-04-03 07:40:14.546 68997 INFO tempest.lib.common.rest_client [req-2662bd98-8898-4b32-9355-25fee791a442 req-2662bd98-8898-4b32-9355-25fee791a442 ] Request (ServerGroupTestJSON:test_create_server_with_scheduler_hint_group): 200 GET http://10.180.1.21/compute/v2.1/servers/0fce1340-0d03-4183-94cb-971773bbbeda 0.678s
2025-04-03 07:40:14.553 69019 INFO tempest.common.waiters [-] State transition "ACTIVE/deleting" ==> "DELETED/None" after 5 second wait
2025-04-03 07:40:14.607 69002 INFO tempest.lib.common.rest_client [req-e4e57534-93ec-42c7-a4a7-31284b3dad46 req-e4e57534-93ec-42c7-a4a7-31284b3dad46 ] Request (ServerTagsTestJSON:setUpClass): 200 GET http://10.180.1.21/compute/v2.1/servers/7c6c018b-cd4d-4df4-90dc-51c119f8da67 0.506s
2025-04-03 07:40:14.608 69033 INFO tempest.lib.common.rest_client [req-dab5d469-0bbc-4e62-a7c9-226fed9257c4 req-dab5d469-0bbc-4e62-a7c9-226fed9257c4 ] Request (SecurityGroupsTestJSON:test_server_security_groups): 200 GET http://10.180.1.21/compute/v2.1/servers/0008a177-17d4-4d2d-8dd7-a0c5a0e7b25b 0.452s
2025-04-03 07:40:14.702 69039 INFO tempest.lib.common.rest_client [req-eef0fcd3-8b62-4602-aaf8-9c293da9053e req-eef0fcd3-8b62-4602-aaf8-9c293da9053e ] Request (ServersV294TestFqdnHostnames:setUpClass): 200 GET http://10.180.1.21/compute/v2.1/servers/9d6b1846-83aa-4561-9fef-10dbfcb0a48d 0.305s
2025-04-03 07:40:14.757 69015 INFO tempest.lib.common.rest_client [req-ee506c37-a78c-4c65-9ab3-ea9b79b20a78 req-ee506c37-a78c-4c65-9ab3-ea9b79b20a78 ] Request (FloatingIPDetailsTestJSON:tearDownClass): 204 DELETE http://10.180.1.21:9696/networking/v2.0/routers/41219129-47a6-4ab7-a798-eb7ccca7cd02 0.374s
2025-04-03 07:40:14.761 68989 INFO tempest.lib.common.rest_client [req-d84f34d7-048b-4aa0-a7f5-9ccec4786587 req-d84f34d7-048b-4aa0-a7f5-9ccec4786587 ] Request (ServerDiskConfigTestJSON:test_rebuild_server_with_auto_disk_config): 200 GET http://10.180.1.21/compute/v2.1/servers/34aae64f-f45c-463b-921c-fec60cb69b7a 0.348s
2025-04-03 07:40:14.778 68991 INFO tempest.lib.common.rest_client [req-78037d19-6f34-45bd-bd50-edab9ee290d0 req-78037d19-6f34-45bd-bd50-edab9ee290d0 ] Request (DeleteServersAdminTestJSON:test_delete_server_while_in_error_state): 200 GET http://10.180.1.21/compute/v2.1/servers/ea89d16d-6564-4b98-84c8-4a21acc9013e 0.452s
2025-04-03 07:40:14.915 69015 INFO tempest.lib.common.rest_client [req-c382bf3f-6fc1-4aec-971a-dc83771e5508 req-c382bf3f-6fc1-4aec-971a-dc83771e5508 ] Request (FloatingIPDetailsTestJSON:tearDownClass): 204 DELETE http://10.180.1.21:9696/networking/v2.0/subnets/f3caeca3-d798-4ca5-8e67-2b7e68306d98 0.157s
2025-04-03 07:40:14.942 69013 INFO tempest.lib.common.rest_client [req-18116a01-50db-496c-b6d6-a93e5eaf0a0c req-18116a01-50db-496c-b6d6-a93e5eaf0a0c ] Request (ListImageFiltersTestJSON:setUpClass): 200 GET http://10.180.1.21/compute/v2.1/servers/422ee922-8a6e-48ff-a2c3-16581bd1ec3f 0.388s
2025-04-03 07:40:15.007 69005 INFO tempest.lib.common.rest_client [req-6e154b65-6f22-46ac-85fe-0e89800ff4d4 req-6e154b65-6f22-46ac-85fe-0e89800ff4d4 ] Request (ServersAdminTestJSON:test_create_server_with_scheduling_hint): 200 GET http://10.180.1.21/compute/v2.1/servers/7dc809d4-cb23-40ae-a9f2-7eb9450d9e0c 0.388s
2025-04-03 07:40:15.074 69035 INFO tempest.lib.common.rest_client [req-b02699e2-0854-4e1e-aa8e-b92d333e5edf req-b02699e2-0854-4e1e-aa8e-b92d333e5edf ] Request (InstanceActionsTestJSON:tearDownClass): 200 GET http://10.180.1.21/compute/v2.1/servers/f4ffcd33-acb1-4e44-9a89-f10b57d732bb 0.368s
2025-04-03 07:40:15.139 68985 INFO tempest.lib.common.rest_client [req-efa015cf-ff20-4d1c-934c-b01c42185922 req-efa015cf-ff20-4d1c-934c-b01c42185922 ] Request (ServerDiagnosticsNegativeTest:tearDownClass): 200 GET http://10.180.1.21/compute/v2.1/servers/d91b778c-ac38-4998-aa7f-625c3fb8a722 0.350s
2025-04-03 07:40:15.263 69015 INFO tempest.lib.common.rest_client [req-0534e96c-4fc3-4eee-897a-80ec36b74042 req-0534e96c-4fc3-4eee-897a-80ec36b74042 ] Request (FloatingIPDetailsTestJSON:tearDownClass): 204 DELETE http://10.180.1.21:9696/networking/v2.0/networks/d03f8712-268c-4fc7-87a0-3b96bc2653e7 0.348s
2025-04-03 07:40:15.418 69015 INFO tempest.lib.common.rest_client [req-8dc84938-d5ba-4346-83ad-91b2565a09f5 req-8dc84938-d5ba-4346-83ad-91b2565a09f5 ] Request (FloatingIPDetailsTestJSON:tearDownClass): 204 DELETE http://10.180.1.21/identity/v3/users/d71b039e821543aba4c15bc93edbd819 0.155s
2025-04-03 07:40:15.419 69015 INFO tempest.lib.common.dynamic_creds [-] Deleting project and security group for project: c6d6077d17a54525ab9a3cfc8ef8b7f4
2025-04-03 07:40:15.459 69015 INFO tempest.lib.common.rest_client [req-5afe18c9-e9c8-439f-bbb6-ea751c601a05 req-5afe18c9-e9c8-439f-bbb6-ea751c601a05 ] Request (FloatingIPDetailsTestJSON:tearDownClass): 200 GET http://10.180.1.21:9696/networking/v2.0/security-groups?tenant_id=c6d6077d17a54525ab9a3cfc8ef8b7f4&name=default 0.040s
2025-04-03 07:40:15.500 69010 INFO tempest.lib.common.rest_client [req-7c8be702-391c-4d13-9c21-ecb28bfe39bb req-7c8be702-391c-4d13-9c21-ecb28bfe39bb ] Request (ImagesOneServerNegativeTestJSON:setUpClass): 200 GET http://10.180.1.21/compute/v2.1/servers/257b370c-a0ec-4003-ae40-82e4bbfc7306 0.454s
2025-04-03 07:40:15.509 69010 INFO tempest.common.waiters [-] State transition "BUILD/networking" ==> "BUILD/spawning" after 40 second wait
2025-04-03 07:40:15.571 68987 INFO tempest.lib.common.rest_client [req-d5d65fb1-169d-4228-a202-1449d118c246 req-d5d65fb1-169d-4228-a202-1449d118c246 ] Request (DeleteServersTestJSON:test_delete_server_while_in_attached_volume): 200 GET http://10.180.1.21/compute/v2.1/servers/7416ff97-a858-47d9-ab62-3a891b8f4fa0 0.478s
2025-04-03 07:40:15.593 69015 INFO tempest.lib.common.rest_client [req-be1d1a92-9174-47da-aade-21f489e6cd4b req-be1d1a92-9174-47da-aade-21f489e6cd4b ] Request (FloatingIPDetailsTestJSON:tearDownClass): 204 DELETE http://10.180.1.21:9696/networking/v2.0/security-groups/8c7a499c-1875-44d6-b288-e37c02a8c3dd 0.133s
2025-04-03 07:40:15.658 68995 INFO tempest.lib.common.rest_client [req-3ed8b968-81a3-4f85-a3f4-5231e1495234 req-3ed8b968-81a3-4f85-a3f4-5231e1495234 ] Request (ImagesNegativeTestJSON:test_create_image_from_deleted_server): 200 GET http://10.180.1.21/compute/v2.1/servers/722005fb-bc16-4103-955c-c9a27d33a234 0.497s
2025-04-03 07:40:15.720 69015 INFO tempest.lib.common.rest_client [req-894fac9f-9b6a-4901-93e7-83f35aac0e2c req-894fac9f-9b6a-4901-93e7-83f35aac0e2c ] Request (FloatingIPDetailsTestJSON:tearDownClass): 204 DELETE http://10.180.1.21/identity/v3/projects/c6d6077d17a54525ab9a3cfc8ef8b7f4 0.126s
2025-04-03 07:40:15.738 69027 INFO tempest.lib.common.rest_client [req-cd31cc9e-ded4-44de-90d3-f9ad6cbebd2e req-cd31cc9e-ded4-44de-90d3-f9ad6cbebd2e ] Request (ServersListShow2100Test:test_list_show_rebuild_update_server_2100): 200 GET http://10.180.1.21/compute/v2.1/servers/cf37337b-52e3-497c-9bef-0e1bf1c40c98 0.485s
2025-04-03 07:40:15.791 69011 INFO tempest.lib.common.rest_client [req-a046ba0f-cc34-4d48-99ca-317f2bbd0671 req-a046ba0f-cc34-4d48-99ca-317f2bbd0671 ] Request (ImagesTestJSON:test_create_image_from_suspended_server): 200 GET http://10.180.1.21/compute/v2.1/servers/cbe6bafc-b68c-40b7-9cfe-2399794c8054 0.483s
2025-04-03 07:40:15.804 69011 INFO tempest.common.waiters [-] State transition "BUILD/scheduling" ==> "BUILD/None" after 19 second wait
2025-04-03 07:40:15.814 69015 INFO tempest.lib.common.rest_client [req-9a67b6de-ea97-4477-b276-a8572a4d4fdd req-9a67b6de-ea97-4477-b276-a8572a4d4fdd ] Request (ServerRescueNegativeTestJSON:setUpClass): 201 POST http://10.180.1.21/identity/v3/auth/tokens 0.093s
2025-04-03 07:40:15.843 69015 INFO tempest.lib.common.rest_client [req-e73d2d9e-825d-45c6-b8db-cc1e79480183 req-e73d2d9e-825d-45c6-b8db-cc1e79480183 ] Request (ServerRescueNegativeTestJSON:setUpClass): 201 POST http://10.180.1.21/identity/v3/auth/tokens 0.025s
2025-04-03 07:40:15.844 69037 INFO tempest.lib.common.rest_client [req-fd35dbc4-3941-4ad6-ad31-ebc9dd2892e0 req-fd35dbc4-3941-4ad6-ad31-ebc9dd2892e0 ] Request (MultipleCreateTestJSON:test_multiple_create): 200 GET http://10.180.1.21/compute/v2.1/servers/5d7fc271-ecee-48d1-937b-f06fe7833c6f 0.469s
2025-04-03 07:40:15.879 69015 INFO tempest.lib.common.rest_client [req-36c287d3-ec8e-49af-8d4d-bd67cbd895ea req-36c287d3-ec8e-49af-8d4d-bd67cbd895ea ] Request (ServerRescueNegativeTestJSON:setUpClass): 200 GET http://10.180.1.21/identity/v3/domains?name=Default 0.035s
2025-04-03 07:40:15.907 69015 INFO tempest.lib.common.rest_client [req-7bd6e95e-9a70-4d81-9c31-387ce2657841 req-7bd6e95e-9a70-4d81-9c31-387ce2657841 ] Request (ServerRescueNegativeTestJSON:setUpClass): 201 POST http://10.180.1.21/identity/v3/projects 0.027s
2025-04-03 07:40:15.913 68993 INFO tempest.lib.common.rest_client [req-35fa5e8c-d350-4d10-a1d2-1aa91277374f req-35fa5e8c-d350-4d10-a1d2-1aa91277374f ] Request (ServerActionsV293TestJSON:setUpClass): 200 GET http://10.180.1.21/compute/v2.1/servers/441b72ec-7140-4386-aad4-32be0f4772d8 0.461s
2025-04-03 07:40:15.922 68993 INFO tempest.common.waiters [-] State transition "BUILD/None" ==> "BUILD/networking" after 32 second wait
2025-04-03 07:40:15.966 69029 INFO tempest.lib.common.rest_client [req-6d6a003f-d20c-47c4-ab01-997b1475d4bc req-6d6a003f-d20c-47c4-ab01-997b1475d4bc ] Request (ServerActionsTestOtherB:setUpClass): 200 GET http://10.180.1.21/compute/v2.1/servers/68b24323-6432-4cbd-9ea7-b231fb008990 0.465s
2025-04-03 07:40:15.977 69015 INFO tempest.lib.common.rest_client [req-8be02a44-692c-4c23-9fff-cf2e61e7aea3 req-8be02a44-692c-4c23-9fff-cf2e61e7aea3 ] Request (ServerRescueNegativeTestJSON:setUpClass): 201 POST http://10.180.1.21/identity/v3/users 0.069s
2025-04-03 07:40:16.004 69015 INFO tempest.lib.common.rest_client [req-fd2ef7e7-7eaa-4e63-b1ab-6fabef45a811 req-fd2ef7e7-7eaa-4e63-b1ab-6fabef45a811 ] Request (ServerRescueNegativeTestJSON:setUpClass): 200 GET http://10.180.1.21/identity/v3/roles 0.027s
2025-04-03 07:40:16.029 69019 INFO tempest.lib.common.rest_client [req-1fde38cb-f78c-4985-893a-8a5ecb528b7e req-1fde38cb-f78c-4985-893a-8a5ecb528b7e ] Request (ImagesOneServerTestJSON:tearDownClass): 200 GET http://10.180.1.21/compute/v2.1/servers/b95b8194-54c5-45d3-b2ed-bf61f1b2ce02 0.475s
2025-04-03 07:40:16.038 69015 INFO tempest.lib.common.rest_client [req-8b0bcdcd-70c3-44d1-97dc-b030430f09b4 req-8b0bcdcd-70c3-44d1-97dc-b030430f09b4 ] Request (ServerRescueNegativeTestJSON:setUpClass): 204 PUT http://10.180.1.21/identity/v3/projects/9947b1acb5014043ba04d17781ffb803/users/75c2bbd7753c421385ffcc8981d006b8/roles/5eb98e3548d9448a9cd90011429d6ee0 0.033s
2025-04-03 07:40:16.038 69015 INFO tempest.lib.common.dynamic_creds [-] Dynamic test user 75c2bbd7753c421385ffcc8981d006b8 is created with scope project and roles: ['member']
2025-04-03 07:40:16.039 69015 INFO tempest.lib.common.dynamic_creds [-] Acquired dynamic creds: credentials: Credentials: {'domain_id': 'default', 'domain_name': 'Default', 'username': 'tempest-ServerRescueNegativeTestJSON-1083001386-project-member', 'project_domain_id': 'default', 'project_domain_name': 'Default', 'project_id': '9947b1acb5014043ba04d17781ffb803', 'project_name': 'tempest-ServerRescueNegativeTestJSON-1083001386', 'tenant_id': '9947b1acb5014043ba04d17781ffb803', 'tenant_name': 'tempest-ServerRescueNegativeTestJSON-1083001386', 'user_domain_id': 'default', 'user_domain_name': 'Default', 'user_id': '75c2bbd7753c421385ffcc8981d006b8', 'system': None}, Network: None, Subnet: None, Router: None
2025-04-03 07:40:16.086 68997 INFO tempest.lib.common.rest_client [req-21908e34-38e7-4494-a2b5-35afafb9a577 req-21908e34-38e7-4494-a2b5-35afafb9a577 ] Request (ServerGroupTestJSON:test_create_server_with_scheduler_hint_group): 200 GET http://10.180.1.21/compute/v2.1/servers/0fce1340-0d03-4183-94cb-971773bbbeda 0.523s
2025-04-03 07:40:16.104 69015 INFO tempest.lib.common.rest_client [req-5fbf8dad-f79d-439c-9f86-ac0a6253a572 req-5fbf8dad-f79d-439c-9f86-ac0a6253a572 ] Request (ServerRescueNegativeTestJSON:setUpClass): 201 POST http://10.180.1.21/identity/v3/auth/tokens 0.065s
2025-04-03 07:40:16.119 68979 INFO tempest.lib.common.rest_client [req-2b295222-b744-4c80-8418-1aca57ca5b28 req-2b295222-b744-4c80-8418-1aca57ca5b28 ] Request (FloatingIPsAssociationNegativeTestJSON:test_associate_ip_to_server_with_floating_ip): 202 POST http://10.180.1.21/compute/v2.1/servers/b20c6322-d999-406a-ac2a-1484449a4b57/action 1.646s
2025-04-03 07:40:16.139 69033 INFO tempest.lib.common.rest_client [req-c043d62a-3bbc-4405-983e-2698ecd3f742 req-c043d62a-3bbc-4405-983e-2698ecd3f742 ] Request (SecurityGroupsTestJSON:test_server_security_groups): 200 GET http://10.180.1.21/compute/v2.1/servers/0008a177-17d4-4d2d-8dd7-a0c5a0e7b25b 0.522s
