2025-04-03 07:41:01.567 69033 INFO tempest.lib.common.rest_client [req-cd5a4cef-881b-4b2a-91be-10c697a3afd5 req-cd5a4cef-881b-4b2a-91be-10c697a3afd5 ] Request (SecurityGroupsTestJSON:test_server_security_groups): 200 GET http://10.180.1.21/compute/v2.1/servers/0008a177-17d4-4d2d-8dd7-a0c5a0e7b25b 0.213s
2025-04-03 07:41:01.574 69033 INFO tempest.common.waiters [-] State transition "BUILD/None" ==> "BUILD/networking" after 51 second wait
2025-04-03 07:41:02.002 68989 INFO tempest.lib.common.rest_client [req-aed1b106-42fd-4e41-bd25-74db9a53a4bf req-aed1b106-42fd-4e41-bd25-74db9a53a4bf ] Request (ServerDiskConfigTestJSON:test_rebuild_server_with_auto_disk_config): 202 POST http://10.180.1.21/compute/v2.1/servers/34aae64f-f45c-463b-921c-fec60cb69b7a/action 0.628s
2025-04-03 07:41:02.067 69019 INFO tempest.lib.common.rest_client [req-952fb1f1-de66-4dc1-8f04-055068b59704 req-952fb1f1-de66-4dc1-8f04-055068b59704 ] Request (ServerAddressesTestJSON:setUpClass): 200 GET http://10.180.1.21/compute/v2.1/servers/f67709b6-7bc9-408c-8ae3-b9479df5fcc2 0.659s
2025-04-03 07:41:02.134 69027 INFO tempest.lib.common.rest_client [req-a79a0598-07c6-432b-8488-95423e41d34f req-a79a0598-07c6-432b-8488-95423e41d34f ] Request (ServersListShow2100Test:test_list_show_rebuild_update_server_2100): 200 GET http://10.180.1.21/compute/v2.1/servers/cf37337b-52e3-497c-9bef-0e1bf1c40c98 0.603s
2025-04-03 07:41:02.146 69027 INFO tempest.common.waiters [-] State transition "REBUILD/rebuilding" ==> "REBUILD/rebuild_spawning" after 4 second wait
2025-04-03 07:41:02.185 68997 INFO tempest.lib.common.rest_client [req-8c287aac-7388-4914-9f66-57fcd18f928a req-8c287aac-7388-4914-9f66-57fcd18f928a ] Request (ServerGroupTestJSON:test_create_server_with_scheduler_hint_group): 200 GET http://10.180.1.21/compute/v2.1/servers/0fce1340-0d03-4183-94cb-971773bbbeda 0.634s
2025-04-03 07:41:02.235 68979 INFO tempest.lib.common.rest_client [req-392d0ef6-55b7-488e-a58e-d1e78c10c77a req-392d0ef6-55b7-488e-a58e-d1e78c10c77a ] Request (ServersAaction247Test:test_create_backup): 200 GET http://10.180.1.21/compute/v2.1/servers/666ad21a-26f5-48db-a1ad-ab91ef7b405f 0.623s
2025-04-03 07:41:02.289 68985 INFO tempest.lib.common.rest_client [req-243aff26-078d-486d-8a85-9511486b7e4f req-243aff26-078d-486d-8a85-9511486b7e4f ] Request (ServerShowV247Test:test_update_rebuild_list_server): 200 GET http://10.180.1.21/compute/v2.1/servers/f08f2c03-0005-4f65-b368-a84a7e838ca8 0.627s
2025-04-03 07:41:02.338 68991 INFO tempest.lib.common.rest_client [req-a13e259a-4dc7-4214-a523-a1e0738e9085 req-a13e259a-4dc7-4214-a523-a1e0738e9085 ] Request (MigrationsAdminTest:test_list_migrations_in_flavor_resize_situation): 200 GET http://10.180.1.21/compute/v2.1/servers/edf3f0b4-a424-4de7-8abb-20a17e8454fc 0.612s
2025-04-03 07:41:02.386 68995 INFO tempest.lib.common.rest_client [req-a13c895f-3a52-46e4-9fb1-c47b482c5095 req-a13c895f-3a52-46e4-9fb1-c47b482c5095 ] Request (ListServerFiltersTestJSON:setUpClass): 200 GET http://10.180.1.21/compute/v2.1/servers/148238a9-ed65-4cf0-a9d1-95e1ef9dc67a 0.608s
2025-04-03 07:41:02.438 69010 INFO tempest.lib.common.rest_client [req-9322c4eb-ef32-4e23-aad1-c8d81dc48174 req-9322c4eb-ef32-4e23-aad1-c8d81dc48174 ] Request (ImagesOneServerNegativeTestJSON:_run_cleanups): 200 GET http://10.180.1.21/compute/v2.1/servers/257b370c-a0ec-4003-ae40-82e4bbfc7306 0.580s
2025-04-03 07:41:02.521 68989 INFO tempest.lib.common.rest_client [req-62e661ad-c0bd-476e-a801-7abebab1fb62 req-62e661ad-c0bd-476e-a801-7abebab1fb62 ] Request (ServerDiskConfigTestJSON:test_rebuild_server_with_auto_disk_config): 200 GET http://10.180.1.21/compute/v2.1/servers/34aae64f-f45c-463b-921c-fec60cb69b7a 0.514s
2025-04-03 07:41:02.643 69005 INFO tempest.lib.common.rest_client [req-b901ba14-f0c0-4406-b036-60e1448d002d req-b901ba14-f0c0-4406-b036-60e1448d002d ] Request (ServersAdminTestJSON:test_create_server_with_scheduling_hint): 200 GET http://10.180.1.21/compute/v2.1/servers/7dc809d4-cb23-40ae-a9f2-7eb9450d9e0c 0.625s
2025-04-03 07:41:02.741 68987 INFO tempest.lib.common.rest_client [req-8bf359c6-da7b-47a9-bf26-8dbcfb44ca79 req-8bf359c6-da7b-47a9-bf26-8dbcfb44ca79 ] Request (DeleteServersTestJSON:test_delete_server_while_in_attached_volume): 200 GET http://10.180.1.21/compute/v2.1/servers/7416ff97-a858-47d9-ab62-3a891b8f4fa0 0.683s
2025-04-03 07:41:02.784 69035 INFO tempest.lib.common.rest_client [req-8c389af6-6d97-47ab-807e-994d250a6f2d req-8c389af6-6d97-47ab-807e-994d250a6f2d ] Request (ListServersNegativeTestJSON:setUpClass): 200 GET http://10.180.1.21/compute/v2.1/servers/63b4a81a-cbb3-45d0-bbaa-c0664b96dbd0 0.709s
2025-04-03 07:41:02.818 69011 INFO tempest.lib.common.rest_client [req-8dfade7b-2cf2-4131-b3b1-bfba43c3019e req-8dfade7b-2cf2-4131-b3b1-bfba43c3019e ] Request (ImagesTestJSON:test_create_image_from_suspended_server): 200 GET http://10.180.1.21/compute/v2.1/images/3b1afde1-61da-4c0f-b9e1-fa8c954de4be 0.724s
2025-04-03 07:41:02.866 69015 INFO tempest.lib.common.rest_client [req-a696ce52-4dec-4b51-9055-a7c6cff2b971 req-a696ce52-4dec-4b51-9055-a7c6cff2b971 ] Request (ServerRescueNegativeTestJSON:setUpClass): 200 GET http://10.180.1.21/compute/v2.1/servers/7197b66f-d579-475e-9b82-62a4434475e3 0.586s
2025-04-03 07:41:02.940 69037 INFO tempest.lib.common.rest_client [req-0eb8c861-addc-4265-9828-4be9860ae20c req-0eb8c861-addc-4265-9828-4be9860ae20c ] Request (MultipleCreateTestJSON:_run_cleanups): 200 GET http://10.180.1.21/compute/v2.1/servers/bb5fa243-0368-4620-92c6-864d58bc3824 0.575s
2025-04-03 07:41:03.007 69031 INFO tempest.lib.common.rest_client [req-e47d445b-58ba-4e25-ab27-293994ec50e1 req-e47d445b-58ba-4e25-ab27-293994ec50e1 ] Request (VolumesAdminNegativeTest:test_update_attached_volume_with_nonexistent_volume_in_body): 200 POST http://10.180.1.21/compute/v2.1/servers/7838a338-f8b7-4878-8b34-186f61c77e16/os-volume_attachments 1.784s
2025-04-03 07:41:03.036 69031 INFO tempest.lib.common.rest_client [req-9b8fa78f-c42b-46b4-a68b-f11a065f5c05 req-9b8fa78f-c42b-46b4-a68b-f11a065f5c05 ] Request (VolumesAdminNegativeTest:test_update_attached_volume_with_nonexistent_volume_in_body): 200 GET http://10.180.1.21/volume/v3/volumes/5d62d499-d8dc-4b84-8f8c-a7f20faf6494 0.028s
2025-04-03 07:41:03.046 69013 INFO tempest.lib.common.rest_client [req-2530ec33-43ff-48e5-bd66-a91cbed78da0 req-2530ec33-43ff-48e5-bd66-a91cbed78da0 ] Request (ListImageFiltersTestJSON:setUpClass): 200 GET http://10.180.1.21/compute/v2.1/servers/422ee922-8a6e-48ff-a2c3-16581bd1ec3f 0.569s
2025-04-03 07:41:03.094 69002 INFO tempest.lib.common.rest_client [req-1773951d-7dc0-44ee-8d70-69c35255ace3 req-1773951d-7dc0-44ee-8d70-69c35255ace3 ] Request (ServerTagsTestJSON:tearDownClass): 200 GET http://10.180.1.21/compute/v2.1/servers/7c6c018b-cd4d-4df4-90dc-51c119f8da67 0.561s
2025-04-03 07:41:03.162 69019 INFO tempest.lib.common.rest_client [req-5a7ef965-354e-404a-b8bf-9e8b3d809b62 req-5a7ef965-354e-404a-b8bf-9e8b3d809b62 ] Request (ServerAddressesTestJSON:setUpClass): 200 GET http://10.180.1.21/compute/v2.1/servers/f67709b6-7bc9-408c-8ae3-b9479df5fcc2 0.087s
2025-04-03 07:41:03.222 69033 INFO tempest.lib.common.rest_client [req-0c42bc8c-7ab8-4d75-9eeb-73529d6a2972 req-0c42bc8c-7ab8-4d75-9eeb-73529d6a2972 ] Request (SecurityGroupsTestJSON:test_server_security_groups): 200 GET http://10.180.1.21/compute/v2.1/servers/0008a177-17d4-4d2d-8dd7-a0c5a0e7b25b 0.647s
2025-04-03 07:41:03.229 69033 INFO tempest.common.waiters [-] State transition "BUILD/networking" ==> "BUILD/spawning" after 53 second wait
2025-04-03 07:41:03.236 69027 INFO tempest.lib.common.rest_client [req-d960c9e4-db11-4315-add1-a085098a9d22 req-d960c9e4-db11-4315-add1-a085098a9d22 ] Request (ServersListShow2100Test:test_list_show_rebuild_update_server_2100): 200 GET http://10.180.1.21/compute/v2.1/servers/cf37337b-52e3-497c-9bef-0e1bf1c40c98 0.089s
2025-04-03 07:41:03.284 68997 INFO tempest.lib.common.rest_client [req-fd656461-2034-4c51-b62b-862478a2ffc0 req-fd656461-2034-4c51-b62b-862478a2ffc0 ] Request (ServerGroupTestJSON:test_create_server_with_scheduler_hint_group): 200 GET http://10.180.1.21/compute/v2.1/servers/0fce1340-0d03-4183-94cb-971773bbbeda 0.089s
2025-04-03 07:41:03.306 68979 INFO tempest.lib.common.rest_client [req-52583b9e-36df-46fa-b349-02bb06ec390e req-52583b9e-36df-46fa-b349-02bb06ec390e ] Request (ServersAaction247Test:test_create_backup): 200 GET http://10.180.1.21/compute/v2.1/servers/666ad21a-26f5-48db-a1ad-ab91ef7b405f 0.061s
2025-04-03 07:41:03.359 68985 INFO tempest.lib.common.rest_client [req-419cacbc-2a0a-4f62-92e5-9ea3e8efc85a req-419cacbc-2a0a-4f62-92e5-9ea3e8efc85a ] Request (ServerShowV247Test:test_update_rebuild_list_server): 200 GET http://10.180.1.21/compute/v2.1/servers/f08f2c03-0005-4f65-b368-a84a7e838ca8 0.059s
2025-04-03 07:41:03.422 68991 INFO tempest.lib.common.rest_client [req-f4b8b1d2-7b9d-46e9-a056-c22179c793ac req-f4b8b1d2-7b9d-46e9-a056-c22179c793ac ] Request (MigrationsAdminTest:test_list_migrations_in_flavor_resize_situation): 200 GET http://10.180.1.21/compute/v2.1/servers/edf3f0b4-a424-4de7-8abb-20a17e8454fc 0.077s
2025-04-03 07:41:03.462 68995 INFO tempest.lib.common.rest_client [req-e1559ad0-cbd5-4bd7-8351-6ec4e6abb037 req-e1559ad0-cbd5-4bd7-8351-6ec4e6abb037 ] Request (ListServerFiltersTestJSON:setUpClass): 200 GET http://10.180.1.21/compute/v2.1/servers/148238a9-ed65-4cf0-a9d1-95e1ef9dc67a 0.069s
2025-04-03 07:41:03.523 69010 INFO tempest.lib.common.rest_client [req-d1509a95-489b-45d7-b417-fae289caf7ec req-d1509a95-489b-45d7-b417-fae289caf7ec ] Request (ImagesOneServerNegativeTestJSON:_run_cleanups): 200 GET http://10.180.1.21/compute/v2.1/servers/257b370c-a0ec-4003-ae40-82e4bbfc7306 0.077s
2025-04-03 07:41:03.689 68989 INFO tempest.lib.common.rest_client [req-12ab3ee8-5ab7-4be2-8dcb-fd6f8ca2f980 req-12ab3ee8-5ab7-4be2-8dcb-fd6f8ca2f980 ] Request (ServerDiskConfigTestJSON:test_rebuild_server_with_auto_disk_config): 200 GET http://10.180.1.21/compute/v2.1/servers/34aae64f-f45c-463b-921c-fec60cb69b7a 0.160s
2025-04-03 07:41:03.795 69005 INFO tempest.lib.common.rest_client [req-b9984537-2f90-46a2-9820-6e90657c3157 req-b9984537-2f90-46a2-9820-6e90657c3157 ] Request (ServersAdminTestJSON:test_create_server_with_scheduling_hint): 200 GET http://10.180.1.21/compute/v2.1/servers/7dc809d4-cb23-40ae-a9f2-7eb9450d9e0c 0.142s
2025-04-03 07:41:03.856 69035 INFO tempest.lib.common.rest_client [req-532f922a-9a51-4674-818b-2145554c9303 req-532f922a-9a51-4674-818b-2145554c9303 ] Request (ListServersNegativeTestJSON:setUpClass): 200 GET http://10.180.1.21/compute/v2.1/servers/63b4a81a-cbb3-45d0-bbaa-c0664b96dbd0 0.063s
2025-04-03 07:41:03.874 68987 INFO tempest.lib.common.rest_client [req-fbce434f-a480-4796-890d-8a2df116efa4 req-fbce434f-a480-4796-890d-8a2df116efa4 ] Request (DeleteServersTestJSON:test_delete_server_while_in_attached_volume): 200 GET http://10.180.1.21/compute/v2.1/servers/7416ff97-a858-47d9-ab62-3a891b8f4fa0 0.123s
2025-04-03 07:41:03.903 69011 INFO tempest.lib.common.rest_client [req-2c7a5309-0fd2-473b-a8b8-55a4c4becb15 req-2c7a5309-0fd2-473b-a8b8-55a4c4becb15 ] Request (ImagesTestJSON:test_create_image_from_suspended_server): 200 GET http://10.180.1.21/compute/v2.1/images/3b1afde1-61da-4c0f-b9e1-fa8c954de4be 0.080s
2025-04-03 07:41:03.929 69015 INFO tempest.lib.common.rest_client [req-53599ac7-7621-4a22-acac-95b5d6b146c4 req-53599ac7-7621-4a22-acac-95b5d6b146c4 ] Request (ServerRescueNegativeTestJSON:setUpClass): 200 GET http://10.180.1.21/compute/v2.1/servers/7197b66f-d579-475e-9b82-62a4434475e3 0.055s
2025-04-03 07:41:04.019 69037 INFO tempest.lib.common.rest_client [req-f6be2567-e013-41fb-82ac-1630d0050409 req-f6be2567-e013-41fb-82ac-1630d0050409 ] Request (MultipleCreateTestJSON:_run_cleanups): 200 GET http://10.180.1.21/compute/v2.1/servers/bb5fa243-0368-4620-92c6-864d58bc3824 0.069s
2025-04-03 07:41:04.077 69031 INFO tempest.lib.common.rest_client [req-4ea098eb-9a9b-401f-ab3a-499b4b254a48 req-4ea098eb-9a9b-401f-ab3a-499b4b254a48 ] Request (VolumesAdminNegativeTest:test_update_attached_volume_with_nonexistent_volume_in_body): 200 GET http://10.180.1.21/volume/v3/volumes/5d62d499-d8dc-4b84-8f8c-a7f20faf6494 0.033s
2025-04-03 07:41:04.179 69002 INFO tempest.lib.common.rest_client [req-e55812a2-2ad4-4259-96e5-567e653cffdb req-e55812a2-2ad4-4259-96e5-567e653cffdb ] Request (ServerTagsTestJSON:tearDownClass): 200 GET http://10.180.1.21/compute/v2.1/servers/7c6c018b-cd4d-4df4-90dc-51c119f8da67 0.073s
2025-04-03 07:41:04.182 69013 INFO tempest.lib.common.rest_client [req-b4584990-a36a-4a7d-95c6-3d3e3a3b6313 req-b4584990-a36a-4a7d-95c6-3d3e3a3b6313 ] Request (ListImageFiltersTestJSON:setUpClass): 200 GET http://10.180.1.21/compute/v2.1/servers/422ee922-8a6e-48ff-a2c3-16581bd1ec3f 0.125s
2025-04-03 07:41:04.189 69013 INFO tempest.common.waiters [-] State transition "ACTIVE/image_uploading" ==> "ACTIVE/None" after 3 second wait
2025-04-03 07:41:04.229 69019 INFO tempest.lib.common.rest_client [req-a0eec3f4-64f1-4faf-a514-bb6ed288a074 req-a0eec3f4-64f1-4faf-a514-bb6ed288a074 ] Request (ServerAddressesTestJSON:setUpClass): 200 GET http://10.180.1.21/compute/v2.1/servers/f67709b6-7bc9-408c-8ae3-b9479df5fcc2 0.055s
2025-04-03 07:41:04.325 69033 INFO tempest.lib.common.rest_client [req-9836985f-4e36-42a7-99df-371582772a84 req-9836985f-4e36-42a7-99df-371582772a84 ] Request (SecurityGroupsTestJSON:test_server_security_groups): 200 GET http://10.180.1.21/compute/v2.1/servers/0008a177-17d4-4d2d-8dd7-a0c5a0e7b25b 0.095s
2025-04-03 07:41:04.406 69027 INFO tempest.lib.common.rest_client [req-4bce3faa-83c6-47e6-9ccf-7f3ad6243987 req-4bce3faa-83c6-47e6-9ccf-7f3ad6243987 ] Request (ServersListShow2100Test:test_list_show_rebuild_update_server_2100): 200 GET http://10.180.1.21/compute/v2.1/servers/cf37337b-52e3-497c-9bef-0e1bf1c40c98 0.154s
2025-04-03 07:41:04.464 68997 INFO tempest.lib.common.rest_client [req-f5f6a002-9ba5-448f-9296-144b2fba6089 req-f5f6a002-9ba5-448f-9296-144b2fba6089 ] Request (ServerGroupTestJSON:test_create_server_with_scheduler_hint_group): 200 GET http://10.180.1.21/compute/v2.1/servers/0fce1340-0d03-4183-94cb-971773bbbeda 0.172s
2025-04-03 07:41:04.518 68979 INFO tempest.lib.common.rest_client [req-f31282e7-5648-483e-b24a-54d5fb7a3ffe req-f31282e7-5648-483e-b24a-54d5fb7a3ffe ] Request (ServersAaction247Test:test_create_backup): 200 GET http://10.180.1.21/compute/v2.1/servers/666ad21a-26f5-48db-a1ad-ab91ef7b405f 0.199s
2025-04-03 07:41:04.580 68985 INFO tempest.lib.common.rest_client [req-09ec24d7-062f-4bd1-99f2-50f44aed6ef3 req-09ec24d7-062f-4bd1-99f2-50f44aed6ef3 ] Request (ServerShowV247Test:test_update_rebuild_list_server): 200 GET http://10.180.1.21/compute/v2.1/servers/f08f2c03-0005-4f65-b368-a84a7e838ca8 0.211s
2025-04-03 07:41:04.601 69003 WARNING tempest.lib.common.ssh [-] Failed to establish authenticated ssh connection to cirros@10.180.180.214 ([Errno None] Unable to connect to port 22 on 10.180.180.214). Number attempts: 8. Retry after 9 seconds.: paramiko.ssh_exception.NoValidConnectionsError: [Errno None] Unable to connect to port 22 on 10.180.180.214
2025-04-03 07:41:04.632 68991 INFO tempest.lib.common.rest_client [req-a62c326f-a4ff-478c-9348-b53247940d75 req-a62c326f-a4ff-478c-9348-b53247940d75 ] Request (MigrationsAdminTest:test_list_migrations_in_flavor_resize_situation): 200 GET http://10.180.1.21/compute/v2.1/servers/edf3f0b4-a424-4de7-8abb-20a17e8454fc 0.201s
2025-04-03 07:41:04.645 69013 INFO tempest.lib.common.rest_client [req-513d7435-1d42-4e0c-93b4-6c5f85fc55a6 req-513d7435-1d42-4e0c-93b4-6c5f85fc55a6 ] Request (ListImageFiltersTestJSON:setUpClass): 202 POST http://10.180.1.21/compute/v2.1/servers/a51104e6-ed7a-49ed-89ca-37ed9d35950d/action 0.455s
2025-04-03 07:41:04.694 68995 INFO tempest.lib.common.rest_client [req-5ddd8814-1844-48df-bc51-5c5a15e64666 req-5ddd8814-1844-48df-bc51-5c5a15e64666 ] Request (ListServerFiltersTestJSON:setUpClass): 200 GET http://10.180.1.21/compute/v2.1/servers/148238a9-ed65-4cf0-a9d1-95e1ef9dc67a 0.219s
2025-04-03 07:41:04.718 69010 INFO tempest.lib.common.rest_client [req-f46df451-0f04-4fe5-b5ce-da3e18872d63 req-f46df451-0f04-4fe5-b5ce-da3e18872d63 ] Request (ImagesOneServerNegativeTestJSON:_run_cleanups): 200 GET http://10.180.1.21/compute/v2.1/servers/257b370c-a0ec-4003-ae40-82e4bbfc7306 0.182s
2025-04-03 07:41:04.733 69013 INFO tempest.lib.common.rest_client [req-ec0df4d6-03bf-43e0-9969-4e861b9ce636 req-ec0df4d6-03bf-43e0-9969-4e861b9ce636 ] Request (ListImageFiltersTestJSON:setUpClass): 200 GET http://10.180.1.21/compute/v2.1/images/dcc39a2c-2141-4e4b-81a6-18a1a1cdc04c 0.086s
2025-04-03 07:41:04.825 68989 INFO tempest.lib.common.rest_client [req-ca6d6408-5500-4934-b73c-d6a85a1b4f5c req-ca6d6408-5500-4934-b73c-d6a85a1b4f5c ] Request (ServerDiskConfigTestJSON:test_rebuild_server_with_auto_disk_config): 200 GET http://10.180.1.21/compute/v2.1/servers/34aae64f-f45c-463b-921c-fec60cb69b7a 0.125s
2025-04-03 07:41:04.860 68981 WARNING tempest.lib.common.ssh [-] Failed to establish authenticated ssh connection to cirros@10.180.180.148 ([Errno None] Unable to connect to port 22 on 10.180.180.148). Number attempts: 9. Retry after 10 seconds.: paramiko.ssh_exception.NoValidConnectionsError: [Errno None] Unable to connect to port 22 on 10.180.180.148
2025-04-03 07:41:04.905 69005 INFO tempest.lib.common.rest_client [req-f34fe1f3-f470-4174-b34b-645032184213 req-f34fe1f3-f470-4174-b34b-645032184213 ] Request (ServersAdminTestJSON:test_create_server_with_scheduling_hint): 200 GET http://10.180.1.21/compute/v2.1/servers/7dc809d4-cb23-40ae-a9f2-7eb9450d9e0c 0.103s
2025-04-03 07:41:04.916 69035 INFO tempest.lib.common.rest_client [req-3e2d9880-ef37-4ed4-b8c1-5cf03921ba26 req-3e2d9880-ef37-4ed4-b8c1-5cf03921ba26 ] Request (ListServersNegativeTestJSON:setUpClass): 200 GET http://10.180.1.21/compute/v2.1/servers/63b4a81a-cbb3-45d0-bbaa-c0664b96dbd0 0.052s
2025-04-03 07:41:04.977 69011 INFO tempest.lib.common.rest_client [req-a83e6265-16f7-40ca-8229-15758ae00694 req-a83e6265-16f7-40ca-8229-15758ae00694 ] Request (ImagesTestJSON:test_create_image_from_suspended_server): 200 GET http://10.180.1.21/compute/v2.1/images/3b1afde1-61da-4c0f-b9e1-fa8c954de4be 0.069s
2025-04-03 07:41:05.038 69015 INFO tempest.lib.common.rest_client [req-584b9224-446a-4bb9-be8c-2753e84c37d0 req-584b9224-446a-4bb9-be8c-2753e84c37d0 ] Request (ServerRescueNegativeTestJSON:setUpClass): 200 GET http://10.180.1.21/compute/v2.1/servers/7197b66f-d579-475e-9b82-62a4434475e3 0.100s
2025-04-03 07:41:05.051 68987 INFO tempest.lib.common.rest_client [req-b9cd1a48-1e3a-4e26-ae1f-2625ce86034a req-b9cd1a48-1e3a-4e26-ae1f-2625ce86034a ] Request (DeleteServersTestJSON:test_delete_server_while_in_attached_volume): 200 GET http://10.180.1.21/compute/v2.1/servers/7416ff97-a858-47d9-ab62-3a891b8f4fa0 0.165s
2025-04-03 07:41:05.093 69037 INFO tempest.lib.common.rest_client [req-73641a33-10b7-4c28-ac21-fce84125d0e5 req-73641a33-10b7-4c28-ac21-fce84125d0e5 ] Request (MultipleCreateTestJSON:_run_cleanups): 200 GET http://10.180.1.21/compute/v2.1/servers/bb5fa243-0368-4620-92c6-864d58bc3824 0.066s
2025-04-03 07:41:05.115 69031 INFO tempest.lib.common.rest_client [req-9d003c38-e4b7-436e-86b8-095ed284016e req-9d003c38-e4b7-436e-86b8-095ed284016e ] Request (VolumesAdminNegativeTest:test_update_attached_volume_with_nonexistent_volume_in_body): 200 GET http://10.180.1.21/volume/v3/volumes/5d62d499-d8dc-4b84-8f8c-a7f20faf6494 0.030s
2025-04-03 07:41:05.254 69002 INFO tempest.lib.common.rest_client [req-93fd2e72-8564-4213-aaf6-9740a0877a37 req-93fd2e72-8564-4213-aaf6-9740a0877a37 ] Request (ServerTagsTestJSON:tearDownClass): 200 GET http://10.180.1.21/compute/v2.1/servers/7c6c018b-cd4d-4df4-90dc-51c119f8da67 0.065s
2025-04-03 07:41:05.301 69019 INFO tempest.lib.common.rest_client [req-8d1d1687-b6c4-4fde-827d-a577bc70e056 req-8d1d1687-b6c4-4fde-827d-a577bc70e056 ] Request (ServerAddressesTestJSON:setUpClass): 200 GET http://10.180.1.21/compute/v2.1/servers/f67709b6-7bc9-408c-8ae3-b9479df5fcc2 0.064s
2025-04-03 07:41:05.424 69033 INFO tempest.lib.common.rest_client [req-70e728bc-3a2f-4f4d-986c-d7b96d87b1a9 req-70e728bc-3a2f-4f4d-986c-d7b96d87b1a9 ] Request (SecurityGroupsTestJSON:test_server_security_groups): 200 GET http://10.180.1.21/compute/v2.1/servers/0008a177-17d4-4d2d-8dd7-a0c5a0e7b25b 0.090s
2025-04-03 07:41:05.486 69027 INFO tempest.lib.common.rest_client [req-5ed42d6c-8867-4feb-b848-6f3cedbc6ec4 req-5ed42d6c-8867-4feb-b848-6f3cedbc6ec4 ] Request (ServersListShow2100Test:test_list_show_rebuild_update_server_2100): 200 GET http://10.180.1.21/compute/v2.1/servers/cf37337b-52e3-497c-9bef-0e1bf1c40c98 0.067s
2025-04-03 07:41:05.588 68979 INFO tempest.lib.common.rest_client [req-8a2c6280-49ba-4915-bbf4-a76abc367649 req-8a2c6280-49ba-4915-bbf4-a76abc367649 ] Request (ServersAaction247Test:test_create_backup): 200 GET http://10.180.1.21/compute/v2.1/servers/666ad21a-26f5-48db-a1ad-ab91ef7b405f 0.060s
2025-04-03 07:41:05.603 68997 INFO tempest.lib.common.rest_client [req-781f27dd-c2a5-447e-b981-d2b3985c84a1 req-781f27dd-c2a5-447e-b981-d2b3985c84a1 ] Request (ServerGroupTestJSON:test_create_server_with_scheduler_hint_group): 200 GET http://10.180.1.21/compute/v2.1/servers/0fce1340-0d03-4183-94cb-971773bbbeda 0.131s
2025-04-03 07:41:05.611 68997 INFO tempest.common.waiters [-] State transition "BUILD/None" ==> "BUILD/networking" after 53 second wait
2025-04-03 07:41:05.655 68985 INFO tempest.lib.common.rest_client [req-b8785f7a-cade-4901-902b-e45ef1daba52 req-b8785f7a-cade-4901-902b-e45ef1daba52 ] Request (ServerShowV247Test:test_update_rebuild_list_server): 200 GET http://10.180.1.21/compute/v2.1/servers/f08f2c03-0005-4f65-b368-a84a7e838ca8 0.064s
2025-04-03 07:41:05.711 68991 INFO tempest.lib.common.rest_client [req-7d59cde9-6708-482c-8aca-2edee12d0271 req-7d59cde9-6708-482c-8aca-2edee12d0271 ] Request (MigrationsAdminTest:test_list_migrations_in_flavor_resize_situation): 200 GET http://10.180.1.21/compute/v2.1/servers/edf3f0b4-a424-4de7-8abb-20a17e8454fc 0.069s
2025-04-03 07:41:05.763 68995 INFO tempest.lib.common.rest_client [req-8c6073a7-aed4-449a-b2e4-4277c8529502 req-8c6073a7-aed4-449a-b2e4-4277c8529502 ] Request (ListServerFiltersTestJSON:setUpClass): 200 GET http://10.180.1.21/compute/v2.1/servers/148238a9-ed65-4cf0-a9d1-95e1ef9dc67a 0.058s
2025-04-03 07:41:05.794 69010 INFO tempest.lib.common.rest_client [req-9b0d1e18-77a0-44f9-8127-f55454ee354d req-9b0d1e18-77a0-44f9-8127-f55454ee354d ] Request (ImagesOneServerNegativeTestJSON:_run_cleanups): 200 GET http://10.180.1.21/compute/v2.1/servers/257b370c-a0ec-4003-ae40-82e4bbfc7306 0.069s
2025-04-03 07:41:05.801 69013 INFO tempest.lib.common.rest_client [req-d9da1511-192e-4137-a677-c21729b71e17 req-d9da1511-192e-4137-a677-c21729b71e17 ] Request (ListImageFiltersTestJSON:setUpClass): 200 GET http://10.180.1.21/compute/v2.1/images/dcc39a2c-2141-4e4b-81a6-18a1a1cdc04c 0.062s
2025-04-03 07:41:05.935 68989 INFO tempest.lib.common.rest_client [req-f4ff78d9-b639-4b6a-a64e-d20265ce316f req-f4ff78d9-b639-4b6a-a64e-d20265ce316f ] Request (ServerDiskConfigTestJSON:test_rebuild_server_with_auto_disk_config): 200 GET http://10.180.1.21/compute/v2.1/servers/34aae64f-f45c-463b-921c-fec60cb69b7a 0.100s
2025-04-03 07:41:05.946 68989 INFO tempest.common.waiters [-] State transition "REBUILD/rebuilding" ==> "REBUILD/rebuild_spawning" after 3 second wait
2025-04-03 07:41:06.002 69035 INFO tempest.lib.common.rest_client [req-11f06023-8e94-48df-9998-2308be6bcb29 req-11f06023-8e94-48df-9998-2308be6bcb29 ] Request (ListServersNegativeTestJSON:setUpClass): 200 GET http://10.180.1.21/compute/v2.1/servers/63b4a81a-cbb3-45d0-bbaa-c0664b96dbd0 0.078s
2025-04-03 07:41:06.025 69005 INFO tempest.lib.common.rest_client [req-944b55f1-09a7-4c91-a6ea-a8cee5862fd1 req-944b55f1-09a7-4c91-a6ea-a8cee5862fd1 ] Request (ServersAdminTestJSON:test_create_server_with_scheduling_hint): 200 GET http://10.180.1.21/compute/v2.1/servers/7dc809d4-cb23-40ae-a9f2-7eb9450d9e0c 0.112s
2025-04-03 07:41:06.032 69005 INFO tempest.common.waiters [-] State transition "BUILD/spawning" ==> "ACTIVE/None" after 63 second wait
2025-04-03 07:41:06.043 69011 INFO tempest.lib.common.rest_client [req-ebf4f23e-3ff5-49d6-9b26-d0f386e2f385 req-ebf4f23e-3ff5-49d6-9b26-d0f386e2f385 ] Request (ImagesTestJSON:test_create_image_from_suspended_server): 200 GET http://10.180.1.21/compute/v2.1/images/3b1afde1-61da-4c0f-b9e1-fa8c954de4be 0.059s
2025-04-03 07:41:06.100 69005 INFO tempest.lib.common.rest_client [req-8be9d041-351d-48cf-a820-76da18306b0c req-8be9d041-351d-48cf-a820-76da18306b0c ] Request (ServersAdminTestJSON:test_inject_network_info): 201 POST http://10.180.1.21/identity/v3/auth/tokens 0.064s
2025-04-03 07:41:06.101 69005 INFO tempest.lib.common.fixed_network [-] (ServersAdminTestJSON:test_inject_network_info) Found network {'id': 'a6534cc2-d676-440e-bb78-badb2633395f', 'name': 'tempest-ServersAdminTestJSON-1795784036-network', 'tenant_id': '9e9ed49f6f9342b49a3878a962276104', 'admin_state_up': True, 'mtu': 8950, 'status': 'ACTIVE', 'subnets': [], 'shared': False, 'project_id': '9e9ed49f6f9342b49a3878a962276104', 'port_security_enabled': True, 'router:external': False, 'provider:network_type': 'vlan', 'provider:physical_network': 'default', 'provider:segmentation_id': 33, 'availability_zone_hints': [], 'availability_zones': [], 'ipv4_address_scope': None, 'ipv6_address_scope': None, 'description': '', 'tags': [], 'created_at': '2025-04-03T07:39:05Z', 'updated_at': '2025-04-03T07:39:05Z', 'revision_number': 1} available for tenant
2025-04-03 07:41:06.103 69015 INFO tempest.lib.common.rest_client [req-47f79971-0ad3-40b3-8a1a-81fffbf25873 req-47f79971-0ad3-40b3-8a1a-81fffbf25873 ] Request (ServerRescueNegativeTestJSON:setUpClass): 200 GET http://10.180.1.21/compute/v2.1/servers/7197b66f-d579-475e-9b82-62a4434475e3 0.057s
2025-04-03 07:41:06.160 69031 INFO tempest.lib.common.rest_client [req-bef72fd9-5441-463e-9202-bc16abf0b198 req-bef72fd9-5441-463e-9202-bc16abf0b198 ] Request (VolumesAdminNegativeTest:test_update_attached_volume_with_nonexistent_volume_in_body): 200 GET http://10.180.1.21/volume/v3/volumes/5d62d499-d8dc-4b84-8f8c-a7f20faf6494 0.038s
2025-04-03 07:41:06.166 68987 INFO tempest.lib.common.rest_client [req-8de1f53d-b043-43f8-9062-5f781f50090e req-8de1f53d-b043-43f8-9062-5f781f50090e ] Request (DeleteServersTestJSON:test_delete_server_while_in_attached_volume): 200 GET http://10.180.1.21/compute/v2.1/servers/7416ff97-a858-47d9-ab62-3a891b8f4fa0 0.107s
2025-04-03 07:41:06.242 69037 INFO tempest.lib.common.rest_client [req-ed312bf3-118e-4661-8670-d69e9bc0085f req-ed312bf3-118e-4661-8670-d69e9bc0085f ] Request (MultipleCreateTestJSON:_run_cleanups): 200 GET http://10.180.1.21/compute/v2.1/servers/bb5fa243-0368-4620-92c6-864d58bc3824 0.140s
2025-04-03 07:41:06.329 69002 INFO tempest.lib.common.rest_client [req-70a1a389-4d86-4c18-a26b-b51dd4f0c368 req-70a1a389-4d86-4c18-a26b-b51dd4f0c368 ] Request (ServerTagsTestJSON:tearDownClass): 200 GET http://10.180.1.21/compute/v2.1/servers/7c6c018b-cd4d-4df4-90dc-51c119f8da67 0.064s
2025-04-03 07:41:06.381 69019 INFO tempest.lib.common.rest_client [req-caba509b-8ea9-4613-9f47-ddd1f5f26e31 req-caba509b-8ea9-4613-9f47-ddd1f5f26e31 ] Request (ServerAddressesTestJSON:setUpClass): 200 GET http://10.180.1.21/compute/v2.1/servers/f67709b6-7bc9-408c-8ae3-b9479df5fcc2 0.071s
2025-04-03 07:41:06.394 69005 INFO tempest.lib.common.rest_client [req-4e5906ee-3920-4c14-8c95-d18b5b458dbb req-4e5906ee-3920-4c14-8c95-d18b5b458dbb ] Request (ServersAdminTestJSON:test_inject_network_info): 202 POST http://10.180.1.21/compute/v2.1/servers 0.292s
2025-04-03 07:41:06.435 69005 INFO tempest.lib.common.rest_client [req-8a79dee1-41b8-44ae-b3af-1cdf7327b242 req-8a79dee1-41b8-44ae-b3af-1cdf7327b242 ] Request (ServersAdminTestJSON:test_inject_network_info): 200 GET http://10.180.1.21/compute/v2.1/servers/307cf1c1-fb29-4f4b-9b79-1788b3942a30 0.039s
2025-04-03 07:41:06.452 68993 WARNING tempest.lib.common.ssh [-] Failed to establish authenticated ssh connection to cirros@10.180.180.227 ([Errno None] Unable to connect to port 22 on 10.180.180.227). Number attempts: 6. Retry after 7 seconds.: paramiko.ssh_exception.NoValidConnectionsError: [Errno None] Unable to connect to port 22 on 10.180.180.227
2025-04-03 07:41:06.545 69033 INFO tempest.lib.common.rest_client [req-72354788-6301-4862-9f8a-35151af58284 req-72354788-6301-4862-9f8a-35151af58284 ] Request (SecurityGroupsTestJSON:test_server_security_groups): 200 GET http://10.180.1.21/compute/v2.1/servers/0008a177-17d4-4d2d-8dd7-a0c5a0e7b25b 0.112s
2025-04-03 07:41:06.575 69027 INFO tempest.lib.common.rest_client [req-9503d0c8-1b76-4104-b328-323b2f96f761 req-9503d0c8-1b76-4104-b328-323b2f96f761 ] Request (ServersListShow2100Test:test_list_show_rebuild_update_server_2100): 200 GET http://10.180.1.21/compute/v2.1/servers/cf37337b-52e3-497c-9bef-0e1bf1c40c98 0.075s
2025-04-03 07:41:06.668 68979 INFO tempest.lib.common.rest_client [req-4aa36ef9-b073-4453-8fe1-3ac0619b5f5d req-4aa36ef9-b073-4453-8fe1-3ac0619b5f5d ] Request (ServersAaction247Test:test_create_backup): 200 GET http://10.180.1.21/compute/v2.1/servers/666ad21a-26f5-48db-a1ad-ab91ef7b405f 0.070s
2025-04-03 07:41:06.731 68985 INFO tempest.lib.common.rest_client [req-7aabeef1-793f-4097-9297-74ad3b713211 req-7aabeef1-793f-4097-9297-74ad3b713211 ] Request (ServerShowV247Test:test_update_rebuild_list_server): 200 GET http://10.180.1.21/compute/v2.1/servers/f08f2c03-0005-4f65-b368-a84a7e838ca8 0.065s
2025-04-03 07:41:06.734 68997 INFO tempest.lib.common.rest_client [req-1fd904c0-4092-44d0-8ee5-ea7d141d24b5 req-1fd904c0-4092-44d0-8ee5-ea7d141d24b5 ] Request (ServerGroupTestJSON:test_create_server_with_scheduler_hint_group): 200 GET http://10.180.1.21/compute/v2.1/servers/0fce1340-0d03-4183-94cb-971773bbbeda 0.122s
2025-04-03 07:41:06.743 68997 INFO tempest.common.waiters [-] State transition "BUILD/networking" ==> "BUILD/spawning" after 54 second wait
2025-04-03 07:41:06.791 68991 INFO tempest.lib.common.rest_client [req-c9ff3bf6-0be1-4c37-b451-a0c2c46cec36 req-c9ff3bf6-0be1-4c37-b451-a0c2c46cec36 ] Request (MigrationsAdminTest:test_list_migrations_in_flavor_resize_situation): 200 GET http://10.180.1.21/compute/v2.1/servers/edf3f0b4-a424-4de7-8abb-20a17e8454fc 0.069s
2025-04-03 07:41:06.836 68995 INFO tempest.lib.common.rest_client [req-1b59d379-4639-498c-8ba9-7e5983f577cb req-1b59d379-4639-498c-8ba9-7e5983f577cb ] Request (ListServerFiltersTestJSON:setUpClass): 200 GET http://10.180.1.21/compute/v2.1/servers/148238a9-ed65-4cf0-a9d1-95e1ef9dc67a 0.063s
2025-04-03 07:41:06.868 69013 INFO tempest.lib.common.rest_client [req-1f6e5b0f-af2d-4ebd-80cf-720f2e7226ad req-1f6e5b0f-af2d-4ebd-80cf-720f2e7226ad ] Request (ListImageFiltersTestJSON:setUpClass): 200 GET http://10.180.1.21/compute/v2.1/images/dcc39a2c-2141-4e4b-81a6-18a1a1cdc04c 0.063s
2025-04-03 07:41:06.876 69010 INFO tempest.lib.common.rest_client [req-aaeb34ea-0a4c-4ea0-9ac8-8a7ad5e48f46 req-aaeb34ea-0a4c-4ea0-9ac8-8a7ad5e48f46 ] Request (ImagesOneServerNegativeTestJSON:_run_cleanups): 200 GET http://10.180.1.21/compute/v2.1/servers/257b370c-a0ec-4003-ae40-82e4bbfc7306 0.072s
2025-04-03 07:41:06.969 69029 WARNING tempest.lib.common.ssh [-] Failed to establish authenticated ssh connection to cirros@10.180.180.211 ([Errno None] Unable to connect to port 22 on 10.180.180.211). Number attempts: 4. Retry after 5 seconds.: paramiko.ssh_exception.NoValidConnectionsError: [Errno None] Unable to connect to port 22 on 10.180.180.211
2025-04-03 07:41:07.050 68989 INFO tempest.lib.common.rest_client [req-fca01093-2608-4cfa-96db-d948e42f6559 req-fca01093-2608-4cfa-96db-d948e42f6559 ] Request (ServerDiskConfigTestJSON:test_rebuild_server_with_auto_disk_config): 200 GET http://10.180.1.21/compute/v2.1/servers/34aae64f-f45c-463b-921c-fec60cb69b7a 0.102s
2025-04-03 07:41:07.076 69035 INFO tempest.lib.common.rest_client [req-bbb6aba7-d59b-4901-bcf8-ce21107bd7d8 req-bbb6aba7-d59b-4901-bcf8-ce21107bd7d8 ] Request (ListServersNegativeTestJSON:setUpClass): 200 GET http://10.180.1.21/compute/v2.1/servers/63b4a81a-cbb3-45d0-bbaa-c0664b96dbd0 0.065s
2025-04-03 07:41:07.083 69035 INFO tempest.common.waiters [-] State transition "BUILD/scheduling" ==> "BUILD/None" after 27 second wait
2025-04-03 07:41:07.087 69011 INFO tempest.lib.common.rest_client [req-a0620b14-2229-41dc-82f6-2da4e9221849 req-a0620b14-2229-41dc-82f6-2da4e9221849 ] Request (ImagesTestJSON:test_create_image_from_suspended_server): 200 GET http://10.180.1.21/compute/v2.1/images/3b1afde1-61da-4c0f-b9e1-fa8c954de4be 0.040s
2025-04-03 07:41:07.194 69015 INFO tempest.lib.common.rest_client [req-d3a08356-04ab-4448-8bd5-4e95b0c54dbc req-d3a08356-04ab-4448-8bd5-4e95b0c54dbc ] Request (ServerRescueNegativeTestJSON:setUpClass): 200 GET http://10.180.1.21/compute/v2.1/servers/7197b66f-d579-475e-9b82-62a4434475e3 0.079s
2025-04-03 07:41:07.219 69031 INFO tempest.lib.common.rest_client [req-8bbdc1c9-e5ba-4695-9055-17027f743eed req-8bbdc1c9-e5ba-4695-9055-17027f743eed ] Request (VolumesAdminNegativeTest:test_update_attached_volume_with_nonexistent_volume_in_body): 200 GET http://10.180.1.21/volume/v3/volumes/5d62d499-d8dc-4b84-8f8c-a7f20faf6494 0.049s
2025-04-03 07:41:07.308 68987 INFO tempest.lib.common.rest_client [req-d290b8c3-37e6-4613-b549-fab6675e5239 req-d290b8c3-37e6-4613-b549-fab6675e5239 ] Request (DeleteServersTestJSON:test_delete_server_while_in_attached_volume): 200 GET http://10.180.1.21/compute/v2.1/servers/7416ff97-a858-47d9-ab62-3a891b8f4fa0 0.133s
2025-04-03 07:41:07.329 69037 INFO tempest.lib.common.rest_client [req-a4ef7ef5-e3af-461c-9a8c-09ba83f83d0e req-a4ef7ef5-e3af-461c-9a8c-09ba83f83d0e ] Request (MultipleCreateTestJSON:_run_cleanups): 200 GET http://10.180.1.21/compute/v2.1/servers/bb5fa243-0368-4620-92c6-864d58bc3824 0.077s
2025-04-03 07:41:07.417 69002 INFO tempest.lib.common.rest_client [req-6586bd4d-8e34-4b39-917d-c635b14ed82c req-6586bd4d-8e34-4b39-917d-c635b14ed82c ] Request (ServerTagsTestJSON:tearDownClass): 200 GET http://10.180.1.21/compute/v2.1/servers/7c6c018b-cd4d-4df4-90dc-51c119f8da67 0.078s
2025-04-03 07:41:07.451 69019 INFO tempest.lib.common.rest_client [req-2c97fa93-f19e-4a3c-9bf9-154300edb03a req-2c97fa93-f19e-4a3c-9bf9-154300edb03a ] Request (ServerAddressesTestJSON:setUpClass): 200 GET http://10.180.1.21/compute/v2.1/servers/f67709b6-7bc9-408c-8ae3-b9479df5fcc2 0.061s
2025-04-03 07:41:07.509 69005 INFO tempest.lib.common.rest_client [req-8bbf257a-bb45-4630-8aab-50a82c385f7c req-8bbf257a-bb45-4630-8aab-50a82c385f7c ] Request (ServersAdminTestJSON:test_inject_network_info): 200 GET http://10.180.1.21/compute/v2.1/servers/307cf1c1-fb29-4f4b-9b79-1788b3942a30 0.066s
2025-04-03 07:41:07.673 69027 INFO tempest.lib.common.rest_client [req-16012e0c-7106-4b34-a5e2-938bf333225c req-16012e0c-7106-4b34-a5e2-938bf333225c ] Request (ServersListShow2100Test:test_list_show_rebuild_update_server_2100): 200 GET http://10.180.1.21/compute/v2.1/servers/cf37337b-52e3-497c-9bef-0e1bf1c40c98 0.085s
2025-04-03 07:41:07.680 69033 INFO tempest.lib.common.rest_client [req-a1ccf434-479c-4a9e-978c-737462e391dc req-a1ccf434-479c-4a9e-978c-737462e391dc ] Request (SecurityGroupsTestJSON:test_server_security_groups): 200 GET http://10.180.1.21/compute/v2.1/servers/0008a177-17d4-4d2d-8dd7-a0c5a0e7b25b 0.124s
2025-04-03 07:41:07.686 69027 INFO tempest.common.waiters [-] State transition "REBUILD/rebuild_spawning" ==> "ACTIVE/None" after 9 second wait
2025-04-03 07:41:07.743 68979 INFO tempest.lib.common.rest_client [req-26322165-3258-4898-b9cf-979c2f1ff454 req-26322165-3258-4898-b9cf-979c2f1ff454 ] Request (ServersAaction247Test:test_create_backup): 200 GET http://10.180.1.21/compute/v2.1/servers/666ad21a-26f5-48db-a1ad-ab91ef7b405f 0.063s
2025-04-03 07:41:07.789 69027 INFO tempest.lib.common.rest_client [req-f4fbf4e6-5a1c-4035-840d-abf4a078291a req-f4fbf4e6-5a1c-4035-840d-abf4a078291a ] Request (ServersListShow2100Test:tearDownClass): 204 DELETE http://10.180.1.21/compute/v2.1/servers/cf37337b-52e3-497c-9bef-0e1bf1c40c98 0.099s
2025-04-03 07:41:07.806 68985 INFO tempest.lib.common.rest_client [req-9bfecf08-9735-4dc0-958e-2156add429dc req-9bfecf08-9735-4dc0-958e-2156add429dc ] Request (ServerShowV247Test:test_update_rebuild_list_server): 200 GET http://10.180.1.21/compute/v2.1/servers/f08f2c03-0005-4f65-b368-a84a7e838ca8 0.065s
2025-04-03 07:41:07.888 69027 INFO tempest.lib.common.rest_client [req-963c5785-c429-438b-8fe4-37c93b567818 req-963c5785-c429-438b-8fe4-37c93b567818 ] Request (ServersListShow2100Test:tearDownClass): 200 GET http://10.180.1.21/compute/v2.1/servers/cf37337b-52e3-497c-9bef-0e1bf1c40c98 0.099s
2025-04-03 07:41:07.902 68997 INFO tempest.lib.common.rest_client [req-bbd7f339-0c7d-4fc1-8c71-88fad834b1ea req-bbd7f339-0c7d-4fc1-8c71-88fad834b1ea ] Request (ServerGroupTestJSON:test_create_server_with_scheduler_hint_group): 200 GET http://10.180.1.21/compute/v2.1/servers/0fce1340-0d03-4183-94cb-971773bbbeda 0.157s
2025-04-03 07:41:07.937 68991 INFO tempest.lib.common.rest_client [req-45a0b710-b69d-4752-93ca-2efc1dd0f74a req-45a0b710-b69d-4752-93ca-2efc1dd0f74a ] Request (MigrationsAdminTest:test_list_migrations_in_flavor_resize_situation): 200 GET http://10.180.1.21/compute/v2.1/servers/edf3f0b4-a424-4de7-8abb-20a17e8454fc 0.130s
2025-04-03 07:41:07.955 68995 INFO tempest.lib.common.rest_client [req-36ac55f2-5de5-4345-9f00-f01472dbd78e req-36ac55f2-5de5-4345-9f00-f01472dbd78e ] Request (ListServerFiltersTestJSON:setUpClass): 200 GET http://10.180.1.21/compute/v2.1/servers/148238a9-ed65-4cf0-a9d1-95e1ef9dc67a 0.106s
2025-04-03 07:41:07.970 69013 INFO tempest.lib.common.rest_client [req-742a92a1-200a-4db1-acbd-3497c9f68c60 req-742a92a1-200a-4db1-acbd-3497c9f68c60 ] Request (ListImageFiltersTestJSON:setUpClass): 200 GET http://10.180.1.21/compute/v2.1/images/dcc39a2c-2141-4e4b-81a6-18a1a1cdc04c 0.097s
2025-04-03 07:41:08.010 69010 INFO tempest.lib.common.rest_client [req-795fe1f4-24b6-4d4c-979b-ed65caa9b7e1 req-795fe1f4-24b6-4d4c-979b-ed65caa9b7e1 ] Request (ImagesOneServerNegativeTestJSON:_run_cleanups): 200 GET http://10.180.1.21/compute/v2.1/servers/257b370c-a0ec-4003-ae40-82e4bbfc7306 0.124s
2025-04-03 07:41:08.152 69035 INFO tempest.lib.common.rest_client [req-585920e5-827f-4e0a-b65c-05806546ff5b req-585920e5-827f-4e0a-b65c-05806546ff5b ] Request (ListServersNegativeTestJSON:setUpClass): 200 GET http://10.180.1.21/compute/v2.1/servers/63b4a81a-cbb3-45d0-bbaa-c0664b96dbd0 0.067s
2025-04-03 07:41:08.182 68989 INFO tempest.lib.common.rest_client [req-820472b8-6449-49ed-953a-081966311609 req-820472b8-6449-49ed-953a-081966311609 ] Request (ServerDiskConfigTestJSON:test_rebuild_server_with_auto_disk_config): 200 GET http://10.180.1.21/compute/v2.1/servers/34aae64f-f45c-463b-921c-fec60cb69b7a 0.123s
2025-04-03 07:41:08.186 69011 INFO tempest.lib.common.rest_client [req-01a5dfd0-cc94-42dd-8fc6-4996cf057c6d req-01a5dfd0-cc94-42dd-8fc6-4996cf057c6d ] Request (ImagesTestJSON:test_create_image_from_suspended_server): 200 GET http://10.180.1.21/compute/v2.1/images/3b1afde1-61da-4c0f-b9e1-fa8c954de4be 0.093s
2025-04-03 07:41:08.258 69031 INFO tempest.lib.common.rest_client [req-c0dc9b72-792e-47c8-9027-443e84f9d59d req-c0dc9b72-792e-47c8-9027-443e84f9d59d ] Request (VolumesAdminNegativeTest:test_update_attached_volume_with_nonexistent_volume_in_body): 200 GET http://10.180.1.21/volume/v3/volumes/5d62d499-d8dc-4b84-8f8c-a7f20faf6494 0.030s
2025-04-03 07:41:08.273 69015 INFO tempest.lib.common.rest_client [req-cfd38639-69e9-466d-9849-ccd88d063a0c req-cfd38639-69e9-466d-9849-ccd88d063a0c ] Request (ServerRescueNegativeTestJSON:setUpClass): 200 GET http://10.180.1.21/compute/v2.1/servers/7197b66f-d579-475e-9b82-62a4434475e3 0.059s
2025-04-03 07:41:08.420 69037 INFO tempest.lib.common.rest_client [req-b622c287-aa03-4a80-890c-b662698a77ac req-b622c287-aa03-4a80-890c-b662698a77ac ] Request (MultipleCreateTestJSON:_run_cleanups): 200 GET http://10.180.1.21/compute/v2.1/servers/bb5fa243-0368-4620-92c6-864d58bc3824 0.082s
2025-04-03 07:41:08.440 68987 INFO tempest.lib.common.rest_client [req-b93c3112-4a9d-43eb-b6aa-460b5daa28f5 req-b93c3112-4a9d-43eb-b6aa-460b5daa28f5 ] Request (DeleteServersTestJSON:test_delete_server_while_in_attached_volume): 200 GET http://10.180.1.21/compute/v2.1/servers/7416ff97-a858-47d9-ab62-3a891b8f4fa0 0.123s
2025-04-03 07:41:08.448 68987 INFO tempest.common.waiters [-] State transition "BUILD/spawning" ==> "ACTIVE/None" after 59 second wait
2025-04-03 07:41:08.516 69002 INFO tempest.lib.common.rest_client [req-5d0432cb-6e87-422e-9076-d5ae53fb1691 req-5d0432cb-6e87-422e-9076-d5ae53fb1691 ] Request (ServerTagsTestJSON:tearDownClass): 200 GET http://10.180.1.21/compute/v2.1/servers/7c6c018b-cd4d-4df4-90dc-51c119f8da67 0.083s
2025-04-03 07:41:08.528 69019 INFO tempest.lib.common.rest_client [req-c9efc59f-c449-4e86-90a0-84792167f2f8 req-c9efc59f-c449-4e86-90a0-84792167f2f8 ] Request (ServerAddressesTestJSON:setUpClass): 200 GET http://10.180.1.21/compute/v2.1/servers/f67709b6-7bc9-408c-8ae3-b9479df5fcc2 0.067s
2025-04-03 07:41:08.587 69005 INFO tempest.lib.common.rest_client [req-74d180f3-ab09-4091-b562-47a17eb1189a req-74d180f3-ab09-4091-b562-47a17eb1189a ] Request (ServersAdminTestJSON:test_inject_network_info): 200 GET http://10.180.1.21/compute/v2.1/servers/307cf1c1-fb29-4f4b-9b79-1788b3942a30 0.065s
2025-04-03 07:41:08.630 68987 INFO tempest.lib.common.rest_client [req-f9cc05b0-e648-4ad7-b980-d715a58b8a5a req-f9cc05b0-e648-4ad7-b980-d715a58b8a5a ] Request (DeleteServersTestJSON:test_delete_server_while_in_attached_volume): 202 POST http://10.180.1.21/volume/v3/volumes 0.181s
2025-04-03 07:41:08.662 68987 INFO tempest.lib.common.rest_client [req-50f0401b-666c-4e7f-995c-a1d7d03588b1 req-50f0401b-666c-4e7f-995c-a1d7d03588b1 ] Request (DeleteServersTestJSON:test_delete_server_while_in_attached_volume): 200 GET http://10.180.1.21/volume/v3/volumes/7fa1af1f-d08b-4f95-af90-86f9ff65e060 0.026s
2025-04-03 07:41:08.817 68979 INFO tempest.lib.common.rest_client [req-a508c0fb-bcab-4438-be44-1f1bf2f91294 req-a508c0fb-bcab-4438-be44-1f1bf2f91294 ] Request (ServersAaction247Test:test_create_backup): 200 GET http://10.180.1.21/compute/v2.1/servers/666ad21a-26f5-48db-a1ad-ab91ef7b405f 0.061s
2025-04-03 07:41:08.837 69033 INFO tempest.lib.common.rest_client [req-384423b2-b2de-4e85-8e77-c642dd67fbc3 req-384423b2-b2de-4e85-8e77-c642dd67fbc3 ] Request (SecurityGroupsTestJSON:test_server_security_groups): 200 GET http://10.180.1.21/compute/v2.1/servers/0008a177-17d4-4d2d-8dd7-a0c5a0e7b25b 0.149s
2025-04-03 07:41:08.875 68985 INFO tempest.lib.common.rest_client [req-5cc8a21d-a061-40ab-b9df-7ded90fcaf94 req-5cc8a21d-a061-40ab-b9df-7ded90fcaf94 ] Request (ServerShowV247Test:test_update_rebuild_list_server): 200 GET http://10.180.1.21/compute/v2.1/servers/f08f2c03-0005-4f65-b368-a84a7e838ca8 0.058s
2025-04-03 07:41:08.980 69027 INFO tempest.lib.common.rest_client [req-ad964b9c-da75-438d-bb61-2ce5b5245584 req-ad964b9c-da75-438d-bb61-2ce5b5245584 ] Request (ServersListShow2100Test:tearDownClass): 200 GET http://10.180.1.21/compute/v2.1/servers/cf37337b-52e3-497c-9bef-0e1bf1c40c98 0.078s
2025-04-03 07:41:09.013 68997 INFO tempest.lib.common.rest_client [req-a3784770-ec79-424e-ad42-02438fba4852 req-a3784770-ec79-424e-ad42-02438fba4852 ] Request (ServerGroupTestJSON:test_create_server_with_scheduler_hint_group): 200 GET http://10.180.1.21/compute/v2.1/servers/0fce1340-0d03-4183-94cb-971773bbbeda 0.102s
2025-04-03 07:41:09.027 68991 INFO tempest.lib.common.rest_client [req-43d76630-e910-4cb6-84a8-5e70669f9317 req-43d76630-e910-4cb6-84a8-5e70669f9317 ] Request (MigrationsAdminTest:test_list_migrations_in_flavor_resize_situation): 200 GET http://10.180.1.21/compute/v2.1/servers/edf3f0b4-a424-4de7-8abb-20a17e8454fc 0.083s
2025-04-03 07:41:09.063 68995 INFO tempest.lib.common.rest_client [req-beeacde4-2475-4441-b379-4b6d855bfe74 req-beeacde4-2475-4441-b379-4b6d855bfe74 ] Request (ListServerFiltersTestJSON:setUpClass): 200 GET http://10.180.1.21/compute/v2.1/servers/148238a9-ed65-4cf0-a9d1-95e1ef9dc67a 0.099s
2025-04-03 07:41:09.068 69013 INFO tempest.lib.common.rest_client [req-78422395-9700-44ad-a61a-cc80758627e9 req-78422395-9700-44ad-a61a-cc80758627e9 ] Request (ListImageFiltersTestJSON:setUpClass): 200 GET http://10.180.1.21/compute/v2.1/images/dcc39a2c-2141-4e4b-81a6-18a1a1cdc04c 0.093s
2025-04-03 07:41:09.091 69010 INFO tempest.lib.common.rest_client [req-92514ab5-e979-45b8-b44a-b15c61425224 req-92514ab5-e979-45b8-b44a-b15c61425224 ] Request (ImagesOneServerNegativeTestJSON:_run_cleanups): 404 GET http://10.180.1.21/compute/v2.1/servers/257b370c-a0ec-4003-ae40-82e4bbfc7306 0.070s
2025-04-03 07:41:09.127 69010 INFO tempest.lib.common.rest_client [req-e7f249f8-636d-4136-b76c-71180d8098bf req-e7f249f8-636d-4136-b76c-71180d8098bf ] Request (ImagesOneServerNegativeTestJSON:_run_cleanups): 200 POST http://10.180.1.21/compute/v2.1/os-keypairs 0.035s
2025-04-03 07:41:09.216 69035 INFO tempest.lib.common.rest_client [req-5882b72c-9024-40ec-a526-bb2fa6c076dd req-5882b72c-9024-40ec-a526-bb2fa6c076dd ] Request (ListServersNegativeTestJSON:setUpClass): 200 GET http://10.180.1.21/compute/v2.1/servers/63b4a81a-cbb3-45d0-bbaa-c0664b96dbd0 0.054s
2025-04-03 07:41:09.251 69011 INFO tempest.lib.common.rest_client [req-075b9024-89e2-4c20-a7b9-9222262a3d7a req-075b9024-89e2-4c20-a7b9-9222262a3d7a ] Request (ImagesTestJSON:test_create_image_from_suspended_server): 200 GET http://10.180.1.21/compute/v2.1/images/3b1afde1-61da-4c0f-b9e1-fa8c954de4be 0.056s
2025-04-03 07:41:09.269 69010 INFO tempest.lib.common.rest_client [req-eac1be22-e4a6-4787-95ed-d9d6074e0da6 req-eac1be22-e4a6-4787-95ed-d9d6074e0da6 ] Request (ImagesOneServerNegativeTestJSON:_run_cleanups): 201 POST http://10.180.1.21:9696/networking/v2.0/security-groups 0.140s
2025-04-03 07:41:09.304 69031 INFO tempest.lib.common.rest_client [req-20c354c0-5722-4e4b-a576-75222bc2146b req-20c354c0-5722-4e4b-a576-75222bc2146b ] Request (VolumesAdminNegativeTest:test_update_attached_volume_with_nonexistent_volume_in_body): 200 GET http://10.180.1.21/volume/v3/volumes/5d62d499-d8dc-4b84-8f8c-a7f20faf6494 0.038s
2025-04-03 07:41:09.322 68989 INFO tempest.lib.common.rest_client [req-dd17efaf-43a8-4ba8-a09d-b08f623bbe04 req-dd17efaf-43a8-4ba8-a09d-b08f623bbe04 ] Request (ServerDiskConfigTestJSON:test_rebuild_server_with_auto_disk_config): 200 GET http://10.180.1.21/compute/v2.1/servers/34aae64f-f45c-463b-921c-fec60cb69b7a 0.132s
2025-04-03 07:41:09.341 69015 INFO tempest.lib.common.rest_client [req-5c2ac940-a21a-4e92-aaec-59a7b4ebbc06 req-5c2ac940-a21a-4e92-aaec-59a7b4ebbc06 ] Request (ServerRescueNegativeTestJSON:setUpClass): 200 GET http://10.180.1.21/compute/v2.1/servers/7197b66f-d579-475e-9b82-62a4434475e3 0.057s
2025-04-03 07:41:09.445 69010 INFO tempest.lib.common.rest_client [req-a3eb9413-9ebb-43c1-ad01-16efcbda0ba5 req-a3eb9413-9ebb-43c1-ad01-16efcbda0ba5 ] Request (ImagesOneServerNegativeTestJSON:_run_cleanups): 201 POST http://10.180.1.21:9696/networking/v2.0/security-group-rules 0.175s
2025-04-03 07:41:09.529 69037 INFO tempest.lib.common.rest_client [req-9c77f27a-34da-4312-81a9-19d02b892350 req-9c77f27a-34da-4312-81a9-19d02b892350 ] Request (MultipleCreateTestJSON:_run_cleanups): 200 GET http://10.180.1.21/compute/v2.1/servers/bb5fa243-0368-4620-92c6-864d58bc3824 0.099s
2025-04-03 07:41:09.570 69010 INFO tempest.lib.common.rest_client [req-d89e07d1-2182-4897-b9a8-fcfa1d9aedbd req-d89e07d1-2182-4897-b9a8-fcfa1d9aedbd ] Request (ImagesOneServerNegativeTestJSON:_run_cleanups): 201 POST http://10.180.1.21:9696/networking/v2.0/security-group-rules 0.124s
2025-04-03 07:41:09.604 69019 INFO tempest.lib.common.rest_client [req-953f211b-fe21-4693-b326-fc52a4a3b4d6 req-953f211b-fe21-4693-b326-fc52a4a3b4d6 ] Request (ServerAddressesTestJSON:setUpClass): 200 GET http://10.180.1.21/compute/v2.1/servers/f67709b6-7bc9-408c-8ae3-b9479df5fcc2 0.066s
2025-04-03 07:41:09.607 69002 INFO tempest.lib.common.rest_client [req-b5fe5883-9741-48ae-9e5e-cbf73ac075af req-b5fe5883-9741-48ae-9e5e-cbf73ac075af ] Request (ServerTagsTestJSON:tearDownClass): 200 GET http://10.180.1.21/compute/v2.1/servers/7c6c018b-cd4d-4df4-90dc-51c119f8da67 0.081s
2025-04-03 07:41:09.666 69005 INFO tempest.lib.common.rest_client [req-e2b62707-f1c5-4fc5-a718-16c198bccd23 req-e2b62707-f1c5-4fc5-a718-16c198bccd23 ] Request (ServersAdminTestJSON:test_inject_network_info): 200 GET http://10.180.1.21/compute/v2.1/servers/307cf1c1-fb29-4f4b-9b79-1788b3942a30 0.070s
2025-04-03 07:41:09.706 68987 INFO tempest.lib.common.rest_client [req-a9b24154-4013-4f02-b416-33186d2dc66f req-a9b24154-4013-4f02-b416-33186d2dc66f ] Request (DeleteServersTestJSON:test_delete_server_while_in_attached_volume): 200 GET http://10.180.1.21/volume/v3/volumes/7fa1af1f-d08b-4f95-af90-86f9ff65e060 0.035s
2025-04-03 07:41:09.713 68987 INFO tempest.common.waiters [-] volume 7fa1af1f-d08b-4f95-af90-86f9ff65e060 reached available after waiting for 1.713236 seconds
2025-04-03 07:41:09.848 68983 WARNING tempest.lib.common.ssh [-] Failed to establish authenticated ssh connection to cirros@10.180.180.228 ([Errno None] Unable to connect to port 22 on 10.180.180.228). Number attempts: 10. Retry after 11 seconds.: paramiko.ssh_exception.NoValidConnectionsError: [Errno None] Unable to connect to port 22 on 10.180.180.228
2025-04-03 07:41:09.895 68979 INFO tempest.lib.common.rest_client [req-275c19e8-b61f-4320-99fc-c667f9156d59 req-275c19e8-b61f-4320-99fc-c667f9156d59 ] Request (ServersAaction247Test:test_create_backup): 200 GET http://10.180.1.21/compute/v2.1/servers/666ad21a-26f5-48db-a1ad-ab91ef7b405f 0.062s
2025-04-03 07:41:10.006 69033 INFO tempest.lib.common.rest_client [req-9d32ec2f-3795-4299-835c-7a8299e5dc9c req-9d32ec2f-3795-4299-835c-7a8299e5dc9c ] Request (SecurityGroupsTestJSON:test_server_security_groups): 200 GET http://10.180.1.21/compute/v2.1/servers/0008a177-17d4-4d2d-8dd7-a0c5a0e7b25b 0.158s
