2025-04-03 07:39:21.677 68979 INFO tempest.lib.common.dynamic_creds [-] Dynamic test user 9cbad08f40b0402b808dcea6b8be1d0d is created with scope project and roles: ['member']
2025-04-03 07:39:21.678 68979 INFO tempest.lib.common.dynamic_creds [-] Acquired dynamic creds: credentials: Credentials: {'domain_id': 'default', 'domain_name': 'Default', 'username': 'tempest-FloatingIPsAssociationNegativeTestJSON-232515856-project-member', 'project_domain_id': 'default', 'project_domain_name': 'Default', 'project_id': '1a9e32b7ee9640959e02c772803899d8', 'project_name': 'tempest-FloatingIPsAssociationNegativeTestJSON-232515856', 'tenant_id': '1a9e32b7ee9640959e02c772803899d8', 'tenant_name': 'tempest-FloatingIPsAssociationNegativeTestJSON-232515856', 'user_domain_id': 'default', 'user_domain_name': 'Default', 'user_id': '9cbad08f40b0402b808dcea6b8be1d0d', 'system': None}, Network: None, Subnet: None, Router: None
2025-04-03 07:39:21.780 68979 INFO tempest.lib.common.rest_client [req-310f88e4-1278-4c42-85ee-9f1d506f9910 req-310f88e4-1278-4c42-85ee-9f1d506f9910 ] Request (FloatingIPsAssociationNegativeTestJSON:setUpClass): 201 POST http://10.180.1.21/identity/v3/auth/tokens 0.101s
2025-04-03 07:39:21.822 69021 INFO tempest.lib.common.rest_client [req-d3caff30-bc16-4f87-9f5c-09dc595d8ea8 req-d3caff30-bc16-4f87-9f5c-09dc595d8ea8 ] Request (ServersTestFqdnHostnames:test_create_server_with_fqdn_name): 200 GET http://10.180.1.21/compute/v2.1/servers/51cf3ba5-5a4c-49d2-b955-b4e84a6df37d 2.660s
2025-04-03 07:39:21.911 69031 INFO tempest.lib.common.rest_client [req-9d76265a-d91c-44ff-b4b1-51576e496956 req-9d76265a-d91c-44ff-b4b1-51576e496956 ] Request (VolumesAdminNegativeTest:test_update_attached_volume_with_nonexistent_volume_in_body): 200 GET http://10.180.1.21/compute/v2.1/servers/7838a338-f8b7-4878-8b34-186f61c77e16 2.246s
2025-04-03 07:39:21.922 69031 INFO tempest.common.waiters [-] State transition "BUILD/spawning" ==> "ACTIVE/None" after 22 second wait
2025-04-03 07:39:21.971 69010 INFO tempest.lib.common.rest_client [req-5feb31f4-533d-4976-a63a-0ef0fe8683ea req-5feb31f4-533d-4976-a63a-0ef0fe8683ea ] Request (HypervisorAdminV228Test:test_get_list_hypervisor_details): 200 GET http://10.180.1.21/compute/v2.1/os-hypervisors 2.292s
2025-04-03 07:39:21.991 69017 INFO tempest.lib.common.rest_client [req-4b97d093-cb4b-4722-9483-bfbac0b4f40f req-4b97d093-cb4b-4722-9483-bfbac0b4f40f ] Request (VolumesAssistedSnapshotsTest:test_volume_assisted_snapshot_create_delete): 200 GET http://10.180.1.21/compute/v2.1/servers/ec6e3393-17d9-47ca-94c3-4bb1ccf243d3 2.292s
2025-04-03 07:39:22.003 69017 INFO tempest.common.waiters [-] State transition "BUILD/None" ==> "BUILD/block_device_mapping" after 18 second wait
2025-04-03 07:39:22.071 69005 INFO tempest.lib.common.rest_client [req-9c1ddad5-6c4e-4d77-aafa-d7e129baac40 req-9c1ddad5-6c4e-4d77-aafa-d7e129baac40 ] Request (ServersAdminTestJSON:setUpClass): 200 PUT http://10.180.1.21:9696/networking/v2.0/routers/474ab4a8-c8a4-4a5e-a50f-5d4a92c8d5c3/add_router_interface 3.877s
2025-04-03 07:39:22.071 69005 INFO tempest.lib.common.dynamic_creds [-] Created isolated network resources for: credentials: Credentials: {'domain_id': 'default', 'domain_name': 'Default', 'username': 'tempest-ServersAdminTestJSON-13025614-project-admin', 'project_domain_id': 'default', 'project_domain_name': 'Default', 'project_id': '9b8a6dfa246446419485efa051bfc573', 'project_name': 'tempest-ServersAdminTestJSON-13025614', 'tenant_id': '9b8a6dfa246446419485efa051bfc573', 'tenant_name': 'tempest-ServersAdminTestJSON-13025614', 'user_domain_id': 'default', 'user_domain_name': 'Default', 'user_id': '82ad9af8365040f696e473fa3fc9a9bc', 'system': None}, Network: {'id': 'c7529f16-e34c-4bfa-8a64-2c4aa047fc1f', 'name': 'tempest-ServersAdminTestJSON-288410652-network', 'tenant_id': '9b8a6dfa246446419485efa051bfc573', 'admin_state_up': True, 'mtu': 8950, 'status': 'ACTIVE', 'subnets': [], 'shared': False, 'project_id': '9b8a6dfa246446419485efa051bfc573', 'port_security_enabled': True, 'router:external': False, 'provider:network_type': 'vlan', 'provider:physical_network': 'default', 'provider:segmentation_id': 983, 'availability_zone_hints': [], 'availability_zones': [], 'ipv4_address_scope': None, 'ipv6_address_scope': None, 'description': '', 'tags': [], 'created_at': '2025-04-03T07:39:14Z', 'updated_at': '2025-04-03T07:39:14Z', 'revision_number': 1}, Subnet: {'id': 'f5e588e3-ce77-4ca3-8438-2c845159ab22', 'name': 'tempest-ServersAdminTestJSON-288410652-subnet', 'tenant_id': '9b8a6dfa246446419485efa051bfc573', 'network_id': 'c7529f16-e34c-4bfa-8a64-2c4aa047fc1f', 'ip_version': 4, 'subnetpool_id': None, 'enable_dhcp': True, 'ipv6_ra_mode': None, 'ipv6_address_mode': None, 'gateway_ip': '192.168.128.1', 'cidr': '192.168.128.0/28', 'allocation_pools': [{'start': '192.168.128.2', 'end': '192.168.128.14'}], 'host_routes': [], 'dns_nameservers': [], 'description': '', 'router:external': False, 'service_types': [], 'tags': [], 'created_at': '2025-04-03T07:39:14Z', 'updated_at': '2025-04-03T07:39:14Z', 'revision_number': 0, 'project_id': '9b8a6dfa246446419485efa051bfc573'}, Router: {'id': '474ab4a8-c8a4-4a5e-a50f-5d4a92c8d5c3', 'name': 'tempest-ServersAdminTestJSON-288410652-router', 'tenant_id': '9b8a6dfa246446419485efa051bfc573', 'admin_state_up': True, 'status': 'ACTIVE', 'external_gateway_info': {'network_id': 'd1501442-ff6e-46b8-9a4e-5a52306a2c4e', 'external_fixed_ips': [{'subnet_id': 'ff09c67e-b126-43ce-946e-023fb8b9883c', 'ip_address': '10.180.180.229'}], 'enable_snat': True}, 'description': '', 'availability_zones': [], 'distributed': False, 'ha': False, 'availability_zone_hints': [], 'routes': [], 'flavor_id': None, 'tags': [], 'created_at': '2025-04-03T07:39:15Z', 'updated_at': '2025-04-03T07:39:16Z', 'revision_number': 2, 'project_id': '9b8a6dfa246446419485efa051bfc573'}
2025-04-03 07:39:22.089 68987 INFO tempest.lib.common.rest_client [req-b5a68ce4-dba6-45c5-bb73-1abef20fadda req-b5a68ce4-dba6-45c5-bb73-1abef20fadda ] Request (DeleteServersTestJSON:test_delete_active_server): 200 GET http://10.180.1.21/compute/v2.1/servers/71bc73f9-6db5-4882-9923-a28402436117 2.195s
2025-04-03 07:39:22.105 69035 INFO tempest.lib.common.rest_client [req-dbb75754-96f1-49a3-8a5e-20dfa72f9d47 req-dbb75754-96f1-49a3-8a5e-20dfa72f9d47 ] Request (InstanceActionsTestJSON:setUpClass): 200 PUT http://10.180.1.21:9696/networking/v2.0/routers/1fab4ae9-3a7d-4a6f-bb5d-c60fed5c95f7/add_router_interface 3.712s
2025-04-03 07:39:22.105 69035 INFO tempest.lib.common.dynamic_creds [-] Created isolated network resources for: credentials: Credentials: {'domain_id': 'default', 'domain_name': 'Default', 'username': 'tempest-InstanceActionsTestJSON-412544682-project-member', 'project_domain_id': 'default', 'project_domain_name': 'Default', 'project_id': '3bb4ef27ca1c466598533c34cacd632d', 'project_name': 'tempest-InstanceActionsTestJSON-412544682', 'tenant_id': '3bb4ef27ca1c466598533c34cacd632d', 'tenant_name': 'tempest-InstanceActionsTestJSON-412544682', 'user_domain_id': 'default', 'user_domain_name': 'Default', 'user_id': '9ae919f9e6874c869d7515d49229eeae', 'system': None}, Network: {'id': 'd6f64f6c-9caa-4e7d-a075-83b095eb0214', 'name': 'tempest-InstanceActionsTestJSON-71064586-network', 'tenant_id': '3bb4ef27ca1c466598533c34cacd632d', 'admin_state_up': True, 'mtu': 8950, 'status': 'ACTIVE', 'subnets': [], 'shared': False, 'project_id': '3bb4ef27ca1c466598533c34cacd632d', 'port_security_enabled': True, 'router:external': False, 'provider:network_type': 'vlan', 'provider:physical_network': 'default', 'provider:segmentation_id': 452, 'availability_zone_hints': [], 'availability_zones': [], 'ipv4_address_scope': None, 'ipv6_address_scope': None, 'description': '', 'tags': [], 'created_at': '2025-04-03T07:39:13Z', 'updated_at': '2025-04-03T07:39:14Z', 'revision_number': 1}, Subnet: {'id': '0257cf72-f7fc-4f2a-88d4-c75e00903c65', 'name': 'tempest-InstanceActionsTestJSON-71064586-subnet', 'tenant_id': '3bb4ef27ca1c466598533c34cacd632d', 'network_id': 'd6f64f6c-9caa-4e7d-a075-83b095eb0214', 'ip_version': 4, 'subnetpool_id': None, 'enable_dhcp': True, 'ipv6_ra_mode': None, 'ipv6_address_mode': None, 'gateway_ip': '192.168.128.1', 'cidr': '192.168.128.0/28', 'allocation_pools': [{'start': '192.168.128.2', 'end': '192.168.128.14'}], 'host_routes': [], 'dns_nameservers': [], 'description': '', 'router:external': False, 'service_types': [], 'tags': [], 'created_at': '2025-04-03T07:39:14Z', 'updated_at': '2025-04-03T07:39:14Z', 'revision_number': 0, 'project_id': '3bb4ef27ca1c466598533c34cacd632d'}, Router: {'id': '1fab4ae9-3a7d-4a6f-bb5d-c60fed5c95f7', 'name': 'tempest-InstanceActionsTestJSON-71064586-router', 'tenant_id': '3bb4ef27ca1c466598533c34cacd632d', 'admin_state_up': True, 'status': 'ACTIVE', 'external_gateway_info': {'network_id': 'd1501442-ff6e-46b8-9a4e-5a52306a2c4e', 'external_fixed_ips': [{'subnet_id': 'ff09c67e-b126-43ce-946e-023fb8b9883c', 'ip_address': '10.180.180.143'}], 'enable_snat': True}, 'description': '', 'availability_zones': [], 'distributed': False, 'ha': False, 'availability_zone_hints': [], 'routes': [], 'flavor_id': None, 'tags': [], 'created_at': '2025-04-03T07:39:15Z', 'updated_at': '2025-04-03T07:39:16Z', 'revision_number': 2, 'project_id': '3bb4ef27ca1c466598533c34cacd632d'}
2025-04-03 07:39:22.125 69002 INFO tempest.lib.common.rest_client [req-36cfac92-0a0c-4690-87c0-e8202c2554d4 req-36cfac92-0a0c-4690-87c0-e8202c2554d4 ] Request (ImagesDeleteNegativeTestJSON:test_delete_image_blank_id): 404 DELETE http://10.180.1.21/compute/v2.1/images/ 2.037s
2025-04-03 07:39:22.184 69019 INFO tempest.lib.common.rest_client [req-d657b18f-e782-40bb-bc5d-b66f8ed8493c req-d657b18f-e782-40bb-bc5d-b66f8ed8493c ] Request (ImagesOneServerTestJSON:test_create_delete_image): 200 GET http://10.180.1.21/compute/v2.1/images/a993c0e4-e54d-4deb-8e52-f01673babdfa 1.893s
2025-04-03 07:39:22.204 69005 INFO tempest.lib.common.rest_client [req-184efcf8-2822-46bc-b2fb-865da74a77ad req-184efcf8-2822-46bc-b2fb-865da74a77ad ] Request (ServersAdminTestJSON:setUpClass): 201 POST http://10.180.1.21/identity/v3/auth/tokens 0.130s
2025-04-03 07:39:22.216 69035 INFO tempest.lib.common.rest_client [req-15a84d28-176b-42de-a345-0210cd83842a req-15a84d28-176b-42de-a345-0210cd83842a ] Request (InstanceActionsTestJSON:setUpClass): 201 POST http://10.180.1.21/identity/v3/auth/tokens 0.104s
2025-04-03 07:39:22.244 69037 INFO tempest.lib.common.rest_client [req-59224060-5219-4b87-9cab-ecb64961f834 req-59224060-5219-4b87-9cab-ecb64961f834 ] Request (KeyPairsV22TestJSON:test_keypairs_create_list_delete): 201 POST http://10.180.1.21/compute/v2.1/os-keypairs 1.897s
2025-04-03 07:39:22.292 69035 INFO tempest.lib.common.rest_client [req-8e9cb51e-fa92-4760-97ac-2d99764103a7 req-8e9cb51e-fa92-4760-97ac-2d99764103a7 ] Request (InstanceActionsTestJSON:setUpClass): 201 POST http://10.180.1.21/identity/v3/auth/tokens 0.071s
2025-04-03 07:39:22.293 69035 INFO tempest.lib.common.fixed_network [-] (InstanceActionsTestJSON:setUpClass) Found network {'id': 'd6f64f6c-9caa-4e7d-a075-83b095eb0214', 'name': 'tempest-InstanceActionsTestJSON-71064586-network', 'tenant_id': '3bb4ef27ca1c466598533c34cacd632d', 'admin_state_up': True, 'mtu': 8950, 'status': 'ACTIVE', 'subnets': [], 'shared': False, 'project_id': '3bb4ef27ca1c466598533c34cacd632d', 'port_security_enabled': True, 'router:external': False, 'provider:network_type': 'vlan', 'provider:physical_network': 'default', 'provider:segmentation_id': 452, 'availability_zone_hints': [], 'availability_zones': [], 'ipv4_address_scope': None, 'ipv6_address_scope': None, 'description': '', 'tags': [], 'created_at': '2025-04-03T07:39:13Z', 'updated_at': '2025-04-03T07:39:14Z', 'revision_number': 1} available for tenant
2025-04-03 07:39:22.294 69007 INFO tempest.lib.common.rest_client [req-3e6d0a7f-2589-4675-a00f-81ba5c0e4e4f req-3e6d0a7f-2589-4675-a00f-81ba5c0e4e4f ] Request (FlavorsAccessNegativeTestJSON:test_flavor_non_admin_remove): 200 POST http://10.180.1.21/compute/v2.1/flavors/992756586/action 2.122s
2025-04-03 07:39:22.313 69005 INFO tempest.lib.common.rest_client [req-b9b9c4ab-26ff-438d-84ca-56d16812a568 req-b9b9c4ab-26ff-438d-84ca-56d16812a568 ] Request (ServersAdminTestJSON:setUpClass): 201 POST http://10.180.1.21/identity/v3/auth/tokens 0.102s
2025-04-03 07:39:22.314 69005 INFO tempest.lib.common.fixed_network [-] (ServersAdminTestJSON:setUpClass) Found network {'id': 'a6534cc2-d676-440e-bb78-badb2633395f', 'name': 'tempest-ServersAdminTestJSON-1795784036-network', 'tenant_id': '9e9ed49f6f9342b49a3878a962276104', 'admin_state_up': True, 'mtu': 8950, 'status': 'ACTIVE', 'subnets': [], 'shared': False, 'project_id': '9e9ed49f6f9342b49a3878a962276104', 'port_security_enabled': True, 'router:external': False, 'provider:network_type': 'vlan', 'provider:physical_network': 'default', 'provider:segmentation_id': 33, 'availability_zone_hints': [], 'availability_zones': [], 'ipv4_address_scope': None, 'ipv6_address_scope': None, 'description': '', 'tags': [], 'created_at': '2025-04-03T07:39:05Z', 'updated_at': '2025-04-03T07:39:05Z', 'revision_number': 1} available for tenant
2025-04-03 07:39:22.358 68993 INFO tempest.lib.common.rest_client [req-44ae7918-f85d-441d-9abe-e70605c1b751 req-44ae7918-f85d-441d-9abe-e70605c1b751 ] Request (ServerActionsV293TestJSON:setUpClass): 200 GET http://10.180.1.21/volume/v3/volumes/73c1fb06-0735-431b-9907-1bf4e5f37d62 0.052s
2025-04-03 07:39:22.398 68997 INFO tempest.lib.common.rest_client [req-b6ea7d9d-b07e-4fc2-907f-11462a14f091 req-b6ea7d9d-b07e-4fc2-907f-11462a14f091 ] Request (FlavorsAdminTestJSON:test_create_list_flavor_without_extra_data): 200 GET http://10.180.1.21/compute/v2.1/flavors/detail 2.037s
2025-04-03 07:39:22.404 69003 INFO tempest.lib.common.rest_client [req-89dac61f-bcd0-423e-a0af-392f9e0fcbb8 req-89dac61f-bcd0-423e-a0af-392f9e0fcbb8 ] Request (ServerActionsTestOtherA:setUpClass): 200 POST http://10.180.1.21/compute/v2.1/os-keypairs 1.972s
2025-04-03 07:39:22.517 68979 INFO tempest.lib.common.rest_client [req-142cc9e9-0262-4f9d-8d80-3cb52f1f0a4f req-142cc9e9-0262-4f9d-8d80-3cb52f1f0a4f ] Request (FloatingIPsAssociationNegativeTestJSON:setUpClass): 201 POST http://10.180.1.21:9696/networking/v2.0/networks 0.736s
2025-04-03 07:39:22.602 69027 INFO tempest.lib.common.rest_client [req-1a66e198-e7ec-4f91-b70d-3179dd47678b req-1a66e198-e7ec-4f91-b70d-3179dd47678b ] Request (TenantUsagesTestJSON:setUpClass): 200 GET http://10.180.1.21/compute/v2.1/servers/0438bf69-1fe2-4c9d-b7fc-8985c13696e2 2.004s
2025-04-03 07:39:22.612 69027 INFO tempest.common.waiters [-] State transition "BUILD/spawning" ==> "ACTIVE/None" after 22 second wait
2025-04-03 07:39:22.633 68999 INFO tempest.lib.common.rest_client [req-4de4cf56-a1db-4994-a4fa-4eadbfbabd7c req-4de4cf56-a1db-4994-a4fa-4eadbfbabd7c ] Request (FloatingIPsTestJSON:tearDownClass): 200 PUT http://10.180.1.21:9696/networking/v2.0/routers/4e304637-4a7c-4b58-a232-010622bec344/remove_router_interface 2.513s
2025-04-03 07:39:22.947 69003 INFO tempest.lib.common.rest_client [req-09e3de15-0574-4a16-8891-6708adcf78f9 req-09e3de15-0574-4a16-8891-6708adcf78f9 ] Request (ServerActionsTestOtherA:setUpClass): 201 POST http://10.180.1.21:9696/networking/v2.0/security-groups 0.540s
2025-04-03 07:39:22.985 69033 INFO tempest.lib.common.rest_client [req-6a54f539-3373-4bb8-a075-b70c64ad169d req-6a54f539-3373-4bb8-a075-b70c64ad169d ] Request (SecurityGroupsTestJSON:test_list_security_groups_by_server): 200 POST http://10.180.1.21/compute/v2.1/os-security-groups 2.025s
2025-04-03 07:39:23.065 69033 INFO tempest.lib.common.rest_client [req-3261f918-0545-433c-b7f9-ca0a5bd105e6 req-3261f918-0545-433c-b7f9-ca0a5bd105e6 ] Request (SecurityGroupsTestJSON:test_list_security_groups_by_server): 201 POST http://10.180.1.21/identity/v3/auth/tokens 0.070s
2025-04-03 07:39:23.065 69033 INFO tempest.lib.common.fixed_network [-] (SecurityGroupsTestJSON:test_list_security_groups_by_server) Found network {'id': '606c833f-6080-48e0-8d95-ac887dc2f5a8', 'name': 'tempest-SecurityGroupsTestJSON-1102309104-network', 'tenant_id': '6f1cac7b894949fca59bed7820aa9163', 'admin_state_up': True, 'mtu': 8950, 'status': 'ACTIVE', 'subnets': [], 'shared': False, 'project_id': '6f1cac7b894949fca59bed7820aa9163', 'port_security_enabled': True, 'router:external': False, 'provider:network_type': 'vlan', 'provider:physical_network': 'default', 'provider:segmentation_id': 656, 'availability_zone_hints': [], 'availability_zones': [], 'ipv4_address_scope': None, 'ipv6_address_scope': None, 'description': '', 'tags': [], 'created_at': '2025-04-03T07:39:09Z', 'updated_at': '2025-04-03T07:39:09Z', 'revision_number': 1} available for tenant
2025-04-03 07:39:23.104 69029 INFO tempest.lib.common.rest_client [req-53921331-ae76-4283-b6a7-03350202d8ad req-53921331-ae76-4283-b6a7-03350202d8ad ] Request (SecurityGroupRulesTestJSON:test_security_group_rules_list): 200 GET http://10.180.1.21/compute/v2.1/os-security-groups/190dcb51-66b1-4990-88b6-75ac4ec7199e 2.001s
2025-04-03 07:39:23.245 68979 INFO tempest.lib.common.rest_client [req-69d42af9-5154-4d6e-8b12-7c1bf9620a78 req-69d42af9-5154-4d6e-8b12-7c1bf9620a78 ] Request (FloatingIPsAssociationNegativeTestJSON:setUpClass): 201 POST http://10.180.1.21:9696/networking/v2.0/subnets 0.727s
2025-04-03 07:39:23.409 68993 INFO tempest.lib.common.rest_client [req-c3ad1028-de8c-4b82-a6a6-8c3dcf8fbc97 req-c3ad1028-de8c-4b82-a6a6-8c3dcf8fbc97 ] Request (ServerActionsV293TestJSON:setUpClass): 200 GET http://10.180.1.21/volume/v3/volumes/73c1fb06-0735-431b-9907-1bf4e5f37d62 0.038s
2025-04-03 07:39:23.427 69003 INFO tempest.lib.common.rest_client [req-72c66e74-0c59-4c8c-9a7c-1875b7f1a4eb req-72c66e74-0c59-4c8c-9a7c-1875b7f1a4eb ] Request (ServerActionsTestOtherA:setUpClass): 201 POST http://10.180.1.21:9696/networking/v2.0/security-group-rules 0.480s
2025-04-03 07:39:23.461 69013 INFO tempest.lib.common.rest_client [req-9bad9dee-ca96-4ee5-bd44-56f6e2497a5a req-9bad9dee-ca96-4ee5-bd44-56f6e2497a5a ] Request (ListImageFiltersTestJSON:setUpClass): 204 PUT http://10.180.1.21/image/v2/images/8e379bb9-7870-46d1-9a4a-e0656cca5e58/file 0.817s
2025-04-03 07:39:23.464 68981 INFO tempest.lib.common.rest_client [req-7b7b64b8-94b7-4286-9c8e-e44d76af125a req-7b7b64b8-94b7-4286-9c8e-e44d76af125a ] Request (ServerActionsTestJSON:setUpClass): 202 POST http://10.180.1.21/compute/v2.1/servers 2.577s
2025-04-03 07:39:23.486 69041 INFO tempest.lib.common.rest_client [req-1ac257cd-0fce-4a9a-819d-9292979aaa8e req-1ac257cd-0fce-4a9a-819d-9292979aaa8e ] Request (ImagesMetadataNegativeTestJSON:test_set_nonexistent_image_metadata): 404 PUT http://10.180.1.21/compute/v2.1/images/c3940bd3-fa14-4967-a11d-32381cd87b12/metadata 2.351s
2025-04-03 07:39:23.539 68989 INFO tempest.lib.common.rest_client [req-5efb05b6-ed42-40e9-b7e7-123a080e8b8f req-5efb05b6-ed42-40e9-b7e7-123a080e8b8f ] Request (AggregatesAdminNegativeTestJSON:_run_cleanups): 200 DELETE http://10.180.1.21/compute/v2.1/os-aggregates/4 2.346s
2025-04-03 07:39:23.565 68995 INFO tempest.lib.common.rest_client [req-e7d0db13-aedc-4bf7-adf6-15a74cc9be56 req-e7d0db13-aedc-4bf7-adf6-15a74cc9be56 ] Request (ImagesNegativeTestJSON:setUpClass): 201 POST http://10.180.1.21:9696/networking/v2.0/routers 2.529s
2025-04-03 07:39:23.796 69011 INFO tempest.lib.common.rest_client [req-d194be11-7ff8-4ebf-a970-8ee27490ff67 req-d194be11-7ff8-4ebf-a970-8ee27490ff67 ] Request (ImagesTestJSON:test_create_image_from_stopped_server): 200 GET http://10.180.1.21/compute/v2.1/servers/052896f2-2f6f-479d-a161-88e6f3513515 2.690s
2025-04-03 07:39:23.802 69003 INFO tempest.lib.common.rest_client [req-ed4720a1-f953-48be-8e34-c2fe600a82b6 req-ed4720a1-f953-48be-8e34-c2fe600a82b6 ] Request (ServerActionsTestOtherA:setUpClass): 201 POST http://10.180.1.21:9696/networking/v2.0/security-group-rules 0.373s
2025-04-03 07:39:23.908 68991 INFO tempest.lib.common.rest_client [req-5b239764-7b0f-4093-8a34-844970392c9d req-5b239764-7b0f-4093-8a34-844970392c9d ] Request (DeleteServersAdminTestJSON:test_admin_delete_servers_of_others): 200 GET http://10.180.1.21/compute/v2.1/servers/38805c56-25d5-4164-914f-83dc983d765c 2.375s
2025-04-03 07:39:23.999 68983 INFO tempest.lib.common.rest_client [req-62b12a32-9b46-44aa-8f4d-464b83adde2c req-62b12a32-9b46-44aa-8f4d-464b83adde2c ] Request (ServersWithSpecificFlavorTestJSON:test_verify_created_server_ephemeral_disk): 200 GET http://10.180.1.21/compute/v2.1/servers/70493bb9-72a0-4f3f-a7b3-b53460d35046 2.307s
2025-04-03 07:39:24.009 68983 INFO tempest.common.waiters [-] State transition "BUILD/None" ==> "BUILD/networking" after 14 second wait
2025-04-03 07:39:24.134 68985 INFO tempest.lib.common.rest_client [req-983441da-1d4b-4238-9c32-1dbcd47f67dd req-983441da-1d4b-4238-9c32-1dbcd47f67dd ] Request (ServerDiagnosticsNegativeTest:test_get_server_diagnostics_by_non_admin): 202 POST http://10.180.1.21/compute/v2.1/servers 2.787s
2025-04-03 07:39:24.151 68999 INFO tempest.lib.common.rest_client [req-b29831b9-f45d-4717-9b64-3de14deab11e req-b29831b9-f45d-4717-9b64-3de14deab11e ] Request (FloatingIPsTestJSON:tearDownClass): 204 DELETE http://10.180.1.21:9696/networking/v2.0/routers/4e304637-4a7c-4b58-a232-010622bec344 1.517s
2025-04-03 07:39:24.167 69010 INFO tempest.lib.common.rest_client [req-9595a6d9-f3f5-4018-907e-6cf4ada621f7 req-9595a6d9-f3f5-4018-907e-6cf4ada621f7 ] Request (HypervisorAdminV228Test:test_get_list_hypervisor_details): 200 GET http://10.180.1.21/compute/v2.1/os-hypervisors/1 2.194s
2025-04-03 07:39:24.193 69002 INFO tempest.lib.common.rest_client [req-f5457c58-7d82-4d3e-b019-6884c08bc6a6 req-f5457c58-7d82-4d3e-b019-6884c08bc6a6 ] Request (ImagesDeleteNegativeTestJSON:test_delete_image_negative_image_id): 404 DELETE http://10.180.1.21/compute/v2.1/images/-1 2.066s
2025-04-03 07:39:24.218 69037 INFO tempest.lib.common.rest_client [req-adcd90ec-ce02-4e14-8a01-6b3852b2c3ac req-adcd90ec-ce02-4e14-8a01-6b3852b2c3ac ] Request (KeyPairsV22TestJSON:test_keypairs_create_list_delete): 200 GET http://10.180.1.21/compute/v2.1/os-keypairs 1.972s
2025-04-03 07:39:24.229 69031 INFO tempest.lib.common.rest_client [req-b02f0d1d-52f1-48f8-abf7-b32a70dcbef0 req-b02f0d1d-52f1-48f8-abf7-b32a70dcbef0 ] Request (VolumesAdminNegativeTest:test_update_attached_volume_with_nonexistent_volume_in_body): 200 GET http://10.180.1.21/compute/v2.1/servers/7838a338-f8b7-4878-8b34-186f61c77e16/os-interface 2.306s
2025-04-03 07:39:24.237 69007 INFO tempest.lib.common.rest_client [req-2463ff9b-7afb-40cf-97be-21535616a5ec req-2463ff9b-7afb-40cf-97be-21535616a5ec ] Request (FlavorsAccessNegativeTestJSON:test_flavor_non_admin_remove): 403 POST http://10.180.1.21/compute/v2.1/flavors/992756586/action 1.941s
2025-04-03 07:39:24.313 69010 INFO tempest.lib.common.rest_client [req-db99dd99-919b-40ba-9e65-cd6b845963b9 req-db99dd99-919b-40ba-9e65-cd6b845963b9 ] Request (HypervisorAdminV228Test:tearDownClass): 204 DELETE http://10.180.1.21/identity/v3/users/324f6b0398794b119d332bc2b6289f0d 0.138s
2025-04-03 07:39:24.424 69010 INFO tempest.lib.common.rest_client [req-c4b97023-1391-4f67-af18-72a98ff0ef8e req-c4b97023-1391-4f67-af18-72a98ff0ef8e ] Request (HypervisorAdminV228Test:tearDownClass): 204 DELETE http://10.180.1.21/identity/v3/users/eb71681b693a4dffad7ce28086d56c3d 0.111s
2025-04-03 07:39:24.424 69010 INFO tempest.lib.common.dynamic_creds [-] Deleting project and security group for project: e5797acce0ff45e8b9c58cc20a995063
2025-04-03 07:39:24.458 68993 INFO tempest.lib.common.rest_client [req-a9014624-9184-4bd4-a763-96d030f017fb req-a9014624-9184-4bd4-a763-96d030f017fb ] Request (ServerActionsV293TestJSON:setUpClass): 200 GET http://10.180.1.21/volume/v3/volumes/73c1fb06-0735-431b-9907-1bf4e5f37d62 0.040s
2025-04-03 07:39:24.489 69010 INFO tempest.lib.common.rest_client [req-075dd93c-e585-4415-8848-5234e9e758f6 req-075dd93c-e585-4415-8848-5234e9e758f6 ] Request (HypervisorAdminV228Test:tearDownClass): 201 POST http://10.180.1.21/identity/v3/auth/tokens 0.064s
2025-04-03 07:39:24.665 68999 INFO tempest.lib.common.rest_client [req-e597e826-3479-4325-b153-783e882fc439 req-e597e826-3479-4325-b153-783e882fc439 ] Request (FloatingIPsTestJSON:tearDownClass): 204 DELETE http://10.180.1.21:9696/networking/v2.0/subnets/eb1393d2-fd43-47b3-a564-b4d16ee4c2a9 0.514s
2025-04-03 07:39:25.271 69010 INFO tempest.lib.common.rest_client [req-391b2473-741e-4840-b11e-141cdc20513b req-391b2473-741e-4840-b11e-141cdc20513b ] Request (HypervisorAdminV228Test:tearDownClass): 200 GET http://10.180.1.21:9696/networking/v2.0/security-groups?tenant_id=e5797acce0ff45e8b9c58cc20a995063&name=default 0.782s
2025-04-03 07:39:25.583 69003 INFO tempest.lib.common.rest_client [req-b417785e-f995-473c-9791-c47847fdc3df req-b417785e-f995-473c-9791-c47847fdc3df ] Request (ServerActionsTestOtherA:setUpClass): 201 POST http://10.180.1.21:9696/networking/v2.0/floatingips 1.779s
2025-04-03 07:39:25.656 68993 INFO tempest.lib.common.rest_client [req-e2d71880-de81-461a-b94b-5da9d0eddb15 req-e2d71880-de81-461a-b94b-5da9d0eddb15 ] Request (ServerActionsV293TestJSON:setUpClass): 200 GET http://10.180.1.21/volume/v3/volumes/73c1fb06-0735-431b-9907-1bf4e5f37d62 0.186s
2025-04-03 07:39:25.713 69003 INFO tempest.lib.common.rest_client [req-c70c98bd-cc9e-4fb9-84e5-457ea480e823 req-c70c98bd-cc9e-4fb9-84e5-457ea480e823 ] Request (ServerActionsTestOtherA:setUpClass): 201 POST http://10.180.1.21/identity/v3/auth/tokens 0.128s
2025-04-03 07:39:25.714 69003 INFO tempest.lib.common.fixed_network [-] (ServerActionsTestOtherA:setUpClass) Found network {'id': '4a04b562-580c-4bc2-bb38-67a444c5d0e4', 'name': 'tempest-ServerActionsTestOtherA-753693350-network', 'tenant_id': 'c7e2477deac44ebd85f2df594bfee6af', 'admin_state_up': True, 'mtu': 8950, 'status': 'ACTIVE', 'subnets': [], 'shared': False, 'project_id': 'c7e2477deac44ebd85f2df594bfee6af', 'port_security_enabled': True, 'router:external': False, 'provider:network_type': 'vlan', 'provider:physical_network': 'default', 'provider:segmentation_id': 986, 'availability_zone_hints': [], 'availability_zones': [], 'ipv4_address_scope': None, 'ipv6_address_scope': None, 'description': '', 'tags': [], 'created_at': '2025-04-03T07:39:12Z', 'updated_at': '2025-04-03T07:39:13Z', 'revision_number': 1} available for tenant
2025-04-03 07:39:25.783 69035 INFO tempest.lib.common.rest_client [req-b4658d6f-9d84-43a3-b930-7efe9803e4b7 req-b4658d6f-9d84-43a3-b930-7efe9803e4b7 ] Request (InstanceActionsTestJSON:setUpClass): 202 POST http://10.180.1.21/compute/v2.1/servers 3.489s
2025-04-03 07:39:25.788 69005 INFO tempest.lib.common.rest_client [req-9581b4df-ca59-42c4-8ee3-43395a5f5cb2 req-9581b4df-ca59-42c4-8ee3-43395a5f5cb2 ] Request (ServersAdminTestJSON:setUpClass): 202 POST http://10.180.1.21/compute/v2.1/servers 3.472s
2025-04-03 07:39:25.845 68997 INFO tempest.lib.common.rest_client [req-d63fc2c4-d6f3-423c-94f8-949355921b57 req-d63fc2c4-d6f3-423c-94f8-949355921b57 ] Request (FlavorsAdminTestJSON:_run_cleanups): 202 DELETE http://10.180.1.21/compute/v2.1/flavors/1434876240 3.438s
2025-04-03 07:39:25.853 69010 INFO tempest.lib.common.rest_client [req-15fb1817-f1ab-45d9-b66f-515778b408de req-15fb1817-f1ab-45d9-b66f-515778b408de ] Request (HypervisorAdminV228Test:tearDownClass): 204 DELETE http://10.180.1.21:9696/networking/v2.0/security-groups/52724ee0-b814-4c94-a85c-0c7a64c205c7 0.581s
2025-04-03 07:39:25.913 69005 INFO tempest.lib.common.rest_client [req-a9ab671b-db50-4019-b3a2-b468ae0ec7ad req-a9ab671b-db50-4019-b3a2-b468ae0ec7ad ] Request (ServersAdminTestJSON:setUpClass): 201 POST http://10.180.1.21/identity/v3/auth/tokens 0.114s
2025-04-03 07:39:25.913 69005 INFO tempest.lib.common.fixed_network [-] (ServersAdminTestJSON:setUpClass) Found network {'id': 'a6534cc2-d676-440e-bb78-badb2633395f', 'name': 'tempest-ServersAdminTestJSON-1795784036-network', 'tenant_id': '9e9ed49f6f9342b49a3878a962276104', 'admin_state_up': True, 'mtu': 8950, 'status': 'ACTIVE', 'subnets': [], 'shared': False, 'project_id': '9e9ed49f6f9342b49a3878a962276104', 'port_security_enabled': True, 'router:external': False, 'provider:network_type': 'vlan', 'provider:physical_network': 'default', 'provider:segmentation_id': 33, 'availability_zone_hints': [], 'availability_zones': [], 'ipv4_address_scope': None, 'ipv6_address_scope': None, 'description': '', 'tags': [], 'created_at': '2025-04-03T07:39:05Z', 'updated_at': '2025-04-03T07:39:05Z', 'revision_number': 1} available for tenant
2025-04-03 07:39:26.038 69010 INFO tempest.lib.common.rest_client [req-d38136e4-8f42-4e56-8f14-4cb40496dc85 req-d38136e4-8f42-4e56-8f14-4cb40496dc85 ] Request (HypervisorAdminV228Test:tearDownClass): 204 DELETE http://10.180.1.21/identity/v3/projects/e5797acce0ff45e8b9c58cc20a995063 0.185s
2025-04-03 07:39:26.039 69010 INFO tempest.lib.common.dynamic_creds [-] Deleting project and security group for project: 83664f3e3fe848a4a92c475b1d3f80d3
2025-04-03 07:39:26.045 68979 INFO tempest.lib.common.rest_client [req-1c1485de-561e-4677-865c-969d078bff99 req-1c1485de-561e-4677-865c-969d078bff99 ] Request (FloatingIPsAssociationNegativeTestJSON:setUpClass): 201 POST http://10.180.1.21:9696/networking/v2.0/routers 2.799s
2025-04-03 07:39:26.067 68999 INFO tempest.lib.common.rest_client [req-cd2999ec-fd01-460b-8865-4b8f5f02e600 req-cd2999ec-fd01-460b-8865-4b8f5f02e600 ] Request (FloatingIPsTestJSON:tearDownClass): 204 DELETE http://10.180.1.21:9696/networking/v2.0/networks/221d28ae-b79e-484d-83f2-27d83a4ec350 1.401s
2025-04-03 07:39:26.072 69027 INFO tempest.lib.common.rest_client [req-6d3a4df6-19c2-4f0d-b025-fdd6c1566c67 req-6d3a4df6-19c2-4f0d-b025-fdd6c1566c67 ] Request (TenantUsagesTestJSON:test_get_usage_tenant): 200 GET http://10.180.1.21/compute/v2.1/os-simple-tenant-usage/a8d0b6703853451ba7c945bae6c6ede6?start=2025-04-02T07%3A39%3A22.612860&end=2025-04-04T07%3A39%3A22.612860 3.459s
2025-04-03 07:39:26.212 69039 INFO tempest.lib.common.rest_client [req-85593ff4-9b43-448b-b411-4c7678b0ffd8 req-85593ff4-9b43-448b-b411-4c7678b0ffd8 ] Request (ServerDiagnosticsTest:tearDownClass): 200 GET http://10.180.1.21/compute/v2.1/servers/62b574b2-52da-4288-a48f-42c99825127a 3.540s
2025-04-03 07:39:26.225 69039 INFO tempest.common.waiters [-] State transition "ACTIVE/deleting" ==> "DELETED/None" after 5 second wait
2025-04-03 07:39:26.227 68999 INFO tempest.lib.common.rest_client [req-73f58d31-da98-433d-a284-85ec12320f23 req-73f58d31-da98-433d-a284-85ec12320f23 ] Request (FloatingIPsTestJSON:tearDownClass): 204 DELETE http://10.180.1.21/identity/v3/users/ea62135f8fb042b38a2264a2fca8f29a 0.159s
2025-04-03 07:39:26.227 68999 INFO tempest.lib.common.dynamic_creds [-] Deleting project and security group for project: 868e9c107db746e5acf94ed2ab744f1b
2025-04-03 07:39:26.247 69023 INFO tempest.lib.common.rest_client [req-c8785dd9-35c8-475b-924e-4b0cfa87a1ff req-c8785dd9-35c8-475b-924e-4b0cfa87a1ff ] Request (ServerExternalEventsTest:test_create_server_external_events): 200 GET http://10.180.1.21/compute/v2.1/servers/9e8f21f5-5332-4543-91e7-b1f5057f16d6 3.767s
2025-04-03 07:39:26.256 69023 INFO tempest.common.waiters [-] State transition "BUILD/spawning" ==> "ACTIVE/None" after 26 second wait
2025-04-03 07:39:26.309 68999 INFO tempest.lib.common.rest_client [req-90c9c077-a2d9-436c-8c2c-d4c83ed780e5 req-90c9c077-a2d9-436c-8c2c-d4c83ed780e5 ] Request (FloatingIPsTestJSON:tearDownClass): 200 GET http://10.180.1.21:9696/networking/v2.0/security-groups?tenant_id=868e9c107db746e5acf94ed2ab744f1b&name=default 0.082s
2025-04-03 07:39:26.474 69021 INFO tempest.lib.common.rest_client [req-27dc1f27-35f6-41c7-ab4b-6d7c5b4bd31a req-27dc1f27-35f6-41c7-ab4b-6d7c5b4bd31a ] Request (ServersTestFqdnHostnames:test_create_server_with_fqdn_name): 200 GET http://10.180.1.21/compute/v2.1/servers/51cf3ba5-5a4c-49d2-b955-b4e84a6df37d 3.644s
2025-04-03 07:39:26.478 69010 INFO tempest.lib.common.rest_client [req-3f43e462-625c-47ea-8e3d-2ed07f6e56da req-3f43e462-625c-47ea-8e3d-2ed07f6e56da ] Request (HypervisorAdminV228Test:tearDownClass): 200 GET http://10.180.1.21:9696/networking/v2.0/security-groups?tenant_id=83664f3e3fe848a4a92c475b1d3f80d3&name=default 0.438s
2025-04-03 07:39:26.482 68999 INFO tempest.lib.common.rest_client [req-ccb173fc-fe8a-430c-a7b2-3efc76d06723 req-ccb173fc-fe8a-430c-a7b2-3efc76d06723 ] Request (FloatingIPsTestJSON:tearDownClass): 204 DELETE http://10.180.1.21:9696/networking/v2.0/security-groups/d5332f70-5d09-4525-b6a3-16e17b75882d 0.172s
2025-04-03 07:39:26.482 69021 INFO tempest.common.waiters [-] State transition "BUILD/spawning" ==> "ACTIVE/None" after 24 second wait
2025-04-03 07:39:26.604 69031 INFO tempest.lib.common.rest_client [req-b2291b75-cefa-454b-bb75-f3b300120b35 req-b2291b75-cefa-454b-bb75-f3b300120b35 ] Request (VolumesAdminNegativeTest:test_update_attached_volume_with_nonexistent_volume_in_body): 200 PUT http://10.180.1.21:9696/networking/v2.0/floatingips/54ddd8b5-fc12-4497-97cd-0f62fc4b091a 2.370s
2025-04-03 07:39:26.605 69031 INFO tempest.lib.common.ssh [-] Creating ssh connection to '10.180.180.130:22' as 'cirros' with public key authentication
2025-04-03 07:39:26.661 69017 INFO tempest.lib.common.rest_client [req-85da0f63-654e-4799-9310-4e654d4d0e13 req-85da0f63-654e-4799-9310-4e654d4d0e13 ] Request (VolumesAssistedSnapshotsTest:test_volume_assisted_snapshot_create_delete): 200 GET http://10.180.1.21/compute/v2.1/servers/ec6e3393-17d9-47ca-94c3-4bb1ccf243d3 3.656s
2025-04-03 07:39:26.671 68999 INFO tempest.lib.common.rest_client [req-fb9eee46-e997-44db-bf9d-37c6252b30fa req-fb9eee46-e997-44db-bf9d-37c6252b30fa ] Request (FloatingIPsTestJSON:tearDownClass): 204 DELETE http://10.180.1.21/identity/v3/projects/868e9c107db746e5acf94ed2ab744f1b 0.189s
2025-04-03 07:39:26.671 69017 INFO tempest.common.waiters [-] State transition "BUILD/block_device_mapping" ==> "BUILD/spawning" after 22 second wait
2025-04-03 07:39:26.686 68995 INFO tempest.lib.common.rest_client [req-976d00df-bebc-4d99-94ce-cfd6cd64c236 req-976d00df-bebc-4d99-94ce-cfd6cd64c236 ] Request (ImagesNegativeTestJSON:setUpClass): 200 PUT http://10.180.1.21:9696/networking/v2.0/routers/ea574ab7-7c99-40bd-a2fe-456a4fcdfce5/add_router_interface 3.121s
2025-04-03 07:39:26.686 68995 INFO tempest.lib.common.dynamic_creds [-] Created isolated network resources for: credentials: Credentials: {'domain_id': 'default', 'domain_name': 'Default', 'username': 'tempest-ImagesNegativeTestJSON-122560527-project-member', 'project_domain_id': 'default', 'project_domain_name': 'Default', 'project_id': '498277eb112b4b54962a3ef511f0e0bc', 'project_name': 'tempest-ImagesNegativeTestJSON-122560527', 'tenant_id': '498277eb112b4b54962a3ef511f0e0bc', 'tenant_name': 'tempest-ImagesNegativeTestJSON-122560527', 'user_domain_id': 'default', 'user_domain_name': 'Default', 'user_id': '961a2806351f444b896ed4906bb2f739', 'system': None}, Network: {'id': 'f24b38b6-cad9-49f2-8f57-bf377db97cec', 'name': 'tempest-ImagesNegativeTestJSON-1096551647-network', 'tenant_id': '498277eb112b4b54962a3ef511f0e0bc', 'admin_state_up': True, 'mtu': 8950, 'status': 'ACTIVE', 'subnets': [], 'shared': False, 'project_id': '498277eb112b4b54962a3ef511f0e0bc', 'port_security_enabled': True, 'router:external': False, 'provider:network_type': 'vlan', 'provider:physical_network': 'default', 'provider:segmentation_id': 20, 'availability_zone_hints': [], 'availability_zones': [], 'ipv4_address_scope': None, 'ipv6_address_scope': None, 'description': '', 'tags': [], 'created_at': '2025-04-03T07:39:20Z', 'updated_at': '2025-04-03T07:39:20Z', 'revision_number': 1}, Subnet: {'id': 'd6f053de-b6de-46f6-932d-1b3263fdb5ae', 'name': 'tempest-ImagesNegativeTestJSON-1096551647-subnet', 'tenant_id': '498277eb112b4b54962a3ef511f0e0bc', 'network_id': 'f24b38b6-cad9-49f2-8f57-bf377db97cec', 'ip_version': 4, 'subnetpool_id': None, 'enable_dhcp': True, 'ipv6_ra_mode': None, 'ipv6_address_mode': None, 'gateway_ip': '192.168.128.1', 'cidr': '192.168.128.0/28', 'allocation_pools': [{'start': '192.168.128.2', 'end': '192.168.128.14'}], 'host_routes': [], 'dns_nameservers': [], 'description': '', 'router:external': False, 'service_types': [], 'tags': [], 'created_at': '2025-04-03T07:39:20Z', 'updated_at': '2025-04-03T07:39:20Z', 'revision_number': 0, 'project_id': '498277eb112b4b54962a3ef511f0e0bc'}, Router: {'id': 'ea574ab7-7c99-40bd-a2fe-456a4fcdfce5', 'name': 'tempest-ImagesNegativeTestJSON-1096551647-router', 'tenant_id': '498277eb112b4b54962a3ef511f0e0bc', 'admin_state_up': True, 'status': 'ACTIVE', 'external_gateway_info': {'network_id': 'd1501442-ff6e-46b8-9a4e-5a52306a2c4e', 'external_fixed_ips': [{'subnet_id': 'ff09c67e-b126-43ce-946e-023fb8b9883c', 'ip_address': '10.180.180.144'}], 'enable_snat': True}, 'description': '', 'availability_zones': [], 'distributed': False, 'ha': False, 'availability_zone_hints': [], 'routes': [], 'flavor_id': None, 'tags': [], 'created_at': '2025-04-03T07:39:21Z', 'updated_at': '2025-04-03T07:39:22Z', 'revision_number': 2, 'project_id': '498277eb112b4b54962a3ef511f0e0bc'}
2025-04-03 07:39:26.710 68993 INFO tempest.lib.common.rest_client [req-4eeb2b36-7ce2-44be-ba82-1d333bb91e3c req-4eeb2b36-7ce2-44be-ba82-1d333bb91e3c ] Request (ServerActionsV293TestJSON:setUpClass): 200 GET http://10.180.1.21/volume/v3/volumes/73c1fb06-0735-431b-9907-1bf4e5f37d62 0.038s
2025-04-03 07:39:26.759 68987 INFO tempest.lib.common.rest_client [req-a11d98a8-2176-48b6-9163-6e84e26c6e0a req-a11d98a8-2176-48b6-9163-6e84e26c6e0a ] Request (DeleteServersTestJSON:test_delete_active_server): 200 GET http://10.180.1.21/compute/v2.1/servers/71bc73f9-6db5-4882-9923-a28402436117 3.651s
2025-04-03 07:39:26.766 68999 INFO tempest.lib.common.rest_client [req-f0a1748b-4909-4c05-8b9b-1364cb684f56 req-f0a1748b-4909-4c05-8b9b-1364cb684f56 ] Request (FloatingIPsNegativeTestJSON:setUpClass): 201 POST http://10.180.1.21/identity/v3/auth/tokens 0.093s
2025-04-03 07:39:26.785 68995 INFO tempest.lib.common.rest_client [req-a529b834-c85e-46ec-b989-1bd72740cf97 req-a529b834-c85e-46ec-b989-1bd72740cf97 ] Request (ImagesNegativeTestJSON:setUpClass): 201 POST http://10.180.1.21/identity/v3/auth/tokens 0.094s
2025-04-03 07:39:26.808 68999 INFO tempest.lib.common.rest_client [req-fa3df37a-d690-42d9-9f2e-e843fbe6e44e req-fa3df37a-d690-42d9-9f2e-e843fbe6e44e ] Request (FloatingIPsNegativeTestJSON:setUpClass): 201 POST http://10.180.1.21/identity/v3/auth/tokens 0.038s
2025-04-03 07:39:26.814 69010 INFO tempest.lib.common.rest_client [req-5d4096ab-b2f3-431d-81ea-2207cc69f24d req-5d4096ab-b2f3-431d-81ea-2207cc69f24d ] Request (HypervisorAdminV228Test:tearDownClass): 204 DELETE http://10.180.1.21:9696/networking/v2.0/security-groups/2154f5c8-55ac-4064-a278-82a5ba09dae9 0.335s
2025-04-03 07:39:26.825 68995 INFO tempest.lib.common.rest_client [req-9880f77d-e066-41f0-921b-53af744a2107 req-9880f77d-e066-41f0-921b-53af744a2107 ] Request (ImagesNegativeTestJSON:test_create_image_from_deleted_server): 201 POST http://10.180.1.21/identity/v3/auth/tokens 0.035s
2025-04-03 07:39:26.825 68995 INFO tempest.lib.common.fixed_network [-] (ImagesNegativeTestJSON:test_create_image_from_deleted_server) Found network {'id': 'f24b38b6-cad9-49f2-8f57-bf377db97cec', 'name': 'tempest-ImagesNegativeTestJSON-1096551647-network', 'tenant_id': '498277eb112b4b54962a3ef511f0e0bc', 'admin_state_up': True, 'mtu': 8950, 'status': 'ACTIVE', 'subnets': [], 'shared': False, 'project_id': '498277eb112b4b54962a3ef511f0e0bc', 'port_security_enabled': True, 'router:external': False, 'provider:network_type': 'vlan', 'provider:physical_network': 'default', 'provider:segmentation_id': 20, 'availability_zone_hints': [], 'availability_zones': [], 'ipv4_address_scope': None, 'ipv6_address_scope': None, 'description': '', 'tags': [], 'created_at': '2025-04-03T07:39:20Z', 'updated_at': '2025-04-03T07:39:20Z', 'revision_number': 1} available for tenant
2025-04-03 07:39:26.841 68999 INFO tempest.lib.common.rest_client [req-6ed55ec8-e36d-4a9f-b2b3-f381579554a0 req-6ed55ec8-e36d-4a9f-b2b3-f381579554a0 ] Request (FloatingIPsNegativeTestJSON:setUpClass): 200 GET http://10.180.1.21/identity/v3/domains?name=Default 0.033s
2025-04-03 07:39:26.881 68999 INFO tempest.lib.common.rest_client [req-ae90d0fc-1c49-47fd-8caf-c9d016a38311 req-ae90d0fc-1c49-47fd-8caf-c9d016a38311 ] Request (FloatingIPsNegativeTestJSON:setUpClass): 201 POST http://10.180.1.21/identity/v3/projects 0.039s
2025-04-03 07:39:26.915 69010 INFO tempest.lib.common.rest_client [req-fb2bdf19-ce0c-4d7e-8798-bfe2675c387e req-fb2bdf19-ce0c-4d7e-8798-bfe2675c387e ] Request (HypervisorAdminV228Test:tearDownClass): 204 DELETE http://10.180.1.21/identity/v3/projects/83664f3e3fe848a4a92c475b1d3f80d3 0.100s
2025-04-03 07:39:26.977 69010 INFO tempest.lib.common.rest_client [req-6aaf55ef-f1c7-4f58-95d2-fbcfb7e599d8 req-6aaf55ef-f1c7-4f58-95d2-fbcfb7e599d8 ] Request (ImagesOneServerNegativeTestJSON:setUpClass): 201 POST http://10.180.1.21/identity/v3/auth/tokens 0.060s
2025-04-03 07:39:26.995 69029 INFO tempest.lib.common.rest_client [req-18cf9f0e-8f0b-4cd0-b81a-5d7801431ca9 req-18cf9f0e-8f0b-4cd0-b81a-5d7801431ca9 ] Request (SecurityGroupRulesTestJSON:_run_cleanups): 202 DELETE http://10.180.1.21/compute/v2.1/os-security-group-rules/b2909e76-b186-497b-8535-f7769bc0e70d 3.883s
2025-04-03 07:39:27.005 68999 INFO tempest.lib.common.rest_client [req-fccf2d27-431a-48a7-b11f-27b3562d9ebf req-fccf2d27-431a-48a7-b11f-27b3562d9ebf ] Request (FloatingIPsNegativeTestJSON:setUpClass): 201 POST http://10.180.1.21/identity/v3/users 0.124s
2025-04-03 07:39:27.020 69010 INFO tempest.lib.common.rest_client [req-b87c95f2-e3e0-4b66-bf3e-2c90c082affc req-b87c95f2-e3e0-4b66-bf3e-2c90c082affc ] Request (ImagesOneServerNegativeTestJSON:setUpClass): 201 POST http://10.180.1.21/identity/v3/auth/tokens 0.037s
2025-04-03 07:39:27.043 68999 INFO tempest.lib.common.rest_client [req-f0817717-3816-477a-b9cb-f27387ca71b2 req-f0817717-3816-477a-b9cb-f27387ca71b2 ] Request (FloatingIPsNegativeTestJSON:setUpClass): 200 GET http://10.180.1.21/identity/v3/roles 0.037s
2025-04-03 07:39:27.048 69010 INFO tempest.lib.common.rest_client [req-20313d75-483c-4e21-9467-cc72ac15a838 req-20313d75-483c-4e21-9467-cc72ac15a838 ] Request (ImagesOneServerNegativeTestJSON:setUpClass): 200 GET http://10.180.1.21/identity/v3/domains?name=Default 0.028s
2025-04-03 07:39:27.053 69019 INFO tempest.lib.common.rest_client [req-c82978af-66cd-4c09-a3ef-543939396231 req-c82978af-66cd-4c09-a3ef-543939396231 ] Request (ImagesOneServerTestJSON:test_create_delete_image): 200 GET http://10.180.1.21/compute/v2.1/images/a993c0e4-e54d-4deb-8e52-f01673babdfa 3.862s
2025-04-03 07:39:27.077 68999 INFO tempest.lib.common.rest_client [req-530438f1-9a6f-4c1d-a0cb-0ce75fcf5699 req-530438f1-9a6f-4c1d-a0cb-0ce75fcf5699 ] Request (FloatingIPsNegativeTestJSON:setUpClass): 204 PUT http://10.180.1.21/identity/v3/projects/63fbc27712ef45359a767e6c38ec840c/users/0282265790fd46c7bb3a271ade0085c1/roles/5eb98e3548d9448a9cd90011429d6ee0 0.033s
2025-04-03 07:39:27.077 68999 INFO tempest.lib.common.dynamic_creds [-] Dynamic test user 0282265790fd46c7bb3a271ade0085c1 is created with scope project and roles: ['member']
2025-04-03 07:39:27.077 68999 INFO tempest.lib.common.dynamic_creds [-] Acquired dynamic creds: credentials: Credentials: {'domain_id': 'default', 'domain_name': 'Default', 'username': 'tempest-FloatingIPsNegativeTestJSON-993584399-project-member', 'project_domain_id': 'default', 'project_domain_name': 'Default', 'project_id': '63fbc27712ef45359a767e6c38ec840c', 'project_name': 'tempest-FloatingIPsNegativeTestJSON-993584399', 'tenant_id': '63fbc27712ef45359a767e6c38ec840c', 'tenant_name': 'tempest-FloatingIPsNegativeTestJSON-993584399', 'user_domain_id': 'default', 'user_domain_name': 'Default', 'user_id': '0282265790fd46c7bb3a271ade0085c1', 'system': None}, Network: None, Subnet: None, Router: None
2025-04-03 07:39:27.078 69010 INFO tempest.lib.common.rest_client [req-6cfefb68-c4a4-441a-84f7-9817d1593197 req-6cfefb68-c4a4-441a-84f7-9817d1593197 ] Request (ImagesOneServerNegativeTestJSON:setUpClass): 201 POST http://10.180.1.21/identity/v3/projects 0.029s
2025-04-03 07:39:27.088 69033 INFO tempest.lib.common.rest_client [req-58fc2c36-5fc7-4ff0-9767-305e1dd15f31 req-58fc2c36-5fc7-4ff0-9767-305e1dd15f31 ] Request (SecurityGroupsTestJSON:test_list_security_groups_by_server): 202 POST http://10.180.1.21/compute/v2.1/servers 4.022s
2025-04-03 07:39:27.100 69013 INFO tempest.lib.common.rest_client [req-f18b8938-88fa-4297-9bd6-75a76f8dc97a req-f18b8938-88fa-4297-9bd6-75a76f8dc97a ] Request (ListImageFiltersTestJSON:setUpClass): 200 GET http://10.180.1.21/compute/v2.1/images/8e379bb9-7870-46d1-9a4a-e0656cca5e58 3.638s
2025-04-03 07:39:27.135 68999 INFO tempest.lib.common.rest_client [req-4fd99b6b-94ba-42f8-9360-881b37c78891 req-4fd99b6b-94ba-42f8-9360-881b37c78891 ] Request (FloatingIPsNegativeTestJSON:setUpClass): 201 POST http://10.180.1.21/identity/v3/auth/tokens 0.057s
2025-04-03 07:39:27.135 69041 INFO tempest.lib.common.rest_client [req-ca08c3ef-1088-4a23-89da-e51f58b2e667 req-ca08c3ef-1088-4a23-89da-e51f58b2e667 ] Request (ImagesMetadataNegativeTestJSON:test_set_nonexistent_image_metadata_item): 404 PUT http://10.180.1.21/compute/v2.1/images/4a402879-b7d0-4f09-856b-d4b0cca39d46/metadata/os_distro 3.647s
2025-04-03 07:39:27.153 69010 INFO tempest.lib.common.rest_client [req-d71ecc00-b40e-49da-bfce-bb9ff3302974 req-d71ecc00-b40e-49da-bfce-bb9ff3302974 ] Request (ImagesOneServerNegativeTestJSON:setUpClass): 201 POST http://10.180.1.21/identity/v3/users 0.074s
2025-04-03 07:39:27.165 68981 INFO tempest.lib.common.rest_client [req-c3212698-f09e-432e-95bf-ef2b3f9407b7 req-c3212698-f09e-432e-95bf-ef2b3f9407b7 ] Request (ServerActionsTestJSON:setUpClass): 200 GET http://10.180.1.21/compute/v2.1/servers/b862b802-c379-483e-9238-fa69b1eec7b3 3.699s
2025-04-03 07:39:27.179 69010 INFO tempest.lib.common.rest_client [req-42e8abe2-bc0d-4366-9ffd-e4b55e64c7f0 req-42e8abe2-bc0d-4366-9ffd-e4b55e64c7f0 ] Request (ImagesOneServerNegativeTestJSON:setUpClass): 200 GET http://10.180.1.21/identity/v3/roles 0.025s
2025-04-03 07:39:27.192 68989 INFO tempest.lib.common.rest_client [req-e7ee2f21-067a-4d84-bb33-7d4f6aad0261 req-e7ee2f21-067a-4d84-bb33-7d4f6aad0261 ] Request (AggregatesAdminNegativeTestJSON:test_aggregate_delete_as_user): 200 POST http://10.180.1.21/compute/v2.1/os-aggregates 3.651s
2025-04-03 07:39:27.231 69010 INFO tempest.lib.common.rest_client [req-cf0890fd-2790-412f-a755-0ad16d8d3583 req-cf0890fd-2790-412f-a755-0ad16d8d3583 ] Request (ImagesOneServerNegativeTestJSON:setUpClass): 204 PUT http://10.180.1.21/identity/v3/projects/4e5ae36aa3154ab5a42f9cd07b964af9/users/4500502ea0e64cf39be45be37944b461/roles/5eb98e3548d9448a9cd90011429d6ee0 0.052s
2025-04-03 07:39:27.231 69010 INFO tempest.lib.common.dynamic_creds [-] Dynamic test user 4500502ea0e64cf39be45be37944b461 is created with scope project and roles: ['member']
2025-04-03 07:39:27.231 69010 INFO tempest.lib.common.dynamic_creds [-] Acquired dynamic creds: credentials: Credentials: {'domain_id': 'default', 'domain_name': 'Default', 'username': 'tempest-ImagesOneServerNegativeTestJSON-1800537799-project-member', 'project_domain_id': 'default', 'project_domain_name': 'Default', 'project_id': '4e5ae36aa3154ab5a42f9cd07b964af9', 'project_name': 'tempest-ImagesOneServerNegativeTestJSON-1800537799', 'tenant_id': '4e5ae36aa3154ab5a42f9cd07b964af9', 'tenant_name': 'tempest-ImagesOneServerNegativeTestJSON-1800537799', 'user_domain_id': 'default', 'user_domain_name': 'Default', 'user_id': '4500502ea0e64cf39be45be37944b461', 'system': None}, Network: None, Subnet: None, Router: None
2025-04-03 07:39:27.245 69002 INFO tempest.lib.common.rest_client [req-4f50a21a-8782-4c0c-ae57-505ca3959c77 req-4f50a21a-8782-4c0c-ae57-505ca3959c77 ] Request (ImagesDeleteNegativeTestJSON:test_delete_image_non_hex_string_id): 404 DELETE http://10.180.1.21/compute/v2.1/images/e44e9471-847b-4966-a185-445f6ce3405j 3.050s
2025-04-03 07:39:27.272 69037 INFO tempest.lib.common.rest_client [req-dfe7a2b9-53e4-4e43-a9e5-f5d4f58f31c9 req-dfe7a2b9-53e4-4e43-a9e5-f5d4f58f31c9 ] Request (KeyPairsV22TestJSON:_run_cleanups): 204 DELETE http://10.180.1.21/compute/v2.1/os-keypairs/tempest-KeyPairsV22TestJSON-keypair-1835197037 3.052s
2025-04-03 07:39:27.307 68985 INFO tempest.lib.common.rest_client [req-28f5c0f9-5592-4009-bac3-eb6e32b15aa5 req-28f5c0f9-5592-4009-bac3-eb6e32b15aa5 ] Request (ServerDiagnosticsNegativeTest:test_get_server_diagnostics_by_non_admin): 200 GET http://10.180.1.21/compute/v2.1/servers/d91b778c-ac38-4998-aa7f-625c3fb8a722 3.169s
2025-04-03 07:39:27.340 69010 INFO tempest.lib.common.rest_client [req-05e4a33f-609e-4aab-927d-835d123d1fb5 req-05e4a33f-609e-4aab-927d-835d123d1fb5 ] Request (ImagesOneServerNegativeTestJSON:setUpClass): 201 POST http://10.180.1.21/identity/v3/auth/tokens 0.108s
2025-04-03 07:39:27.441 69007 INFO tempest.lib.common.rest_client [req-7eab598b-1a56-4a2e-bc5f-d2e7e697bca5 req-7eab598b-1a56-4a2e-bc5f-d2e7e697bca5 ] Request (FlavorsAccessNegativeTestJSON:_run_cleanups): 200 POST http://10.180.1.21/compute/v2.1/flavors/992756586/action 3.202s
2025-04-03 07:39:27.462 68991 INFO tempest.lib.common.rest_client [req-7873dda9-53e7-47f1-a9e4-b64163855032 req-7873dda9-53e7-47f1-a9e4-b64163855032 ] Request (DeleteServersAdminTestJSON:test_admin_delete_servers_of_others): 404 GET http://10.180.1.21/compute/v2.1/servers/38805c56-25d5-4164-914f-83dc983d765c 2.541s
2025-04-03 07:39:27.524 69011 INFO tempest.lib.common.rest_client [req-26d6e94c-c711-44b7-9c0c-44bcd7f073e7 req-26d6e94c-c711-44b7-9c0c-44bcd7f073e7 ] Request (ImagesTestJSON:test_create_image_from_stopped_server): 200 GET http://10.180.1.21/compute/v2.1/servers/052896f2-2f6f-479d-a161-88e6f3513515 2.711s
