2025-04-03 07:39:17.850 68993 INFO tempest.lib.common.rest_client [req-a36819d5-2d51-4df0-80ec-530e252551a2 req-a36819d5-2d51-4df0-80ec-530e252551a2 ] Request (ServerActionsV293TestJSON:setUpClass): 201 POST http://10.180.1.21:9696/networking/v2.0/security-group-rules 0.328s
2025-04-03 07:39:18.075 69002 INFO tempest.lib.common.rest_client [req-21bae2a1-d987-4c9a-be00-8f0e3fbc9a97 req-21bae2a1-d987-4c9a-be00-8f0e3fbc9a97 ] Request (HostsAdminNegativeTestJSON:tearDownClass): 200 GET http://10.180.1.21:9696/networking/v2.0/security-groups?tenant_id=d78e43b6746a467babd429e70a740268&name=default 0.996s
2025-04-03 07:39:18.092 68995 INFO tempest.lib.common.rest_client [req-217aeec1-4b09-463b-a432-49d267396622 req-217aeec1-4b09-463b-a432-49d267396622 ] Request (QuotaClassesAdminTestJSON:tearDownClass): 204 DELETE http://10.180.1.21:9696/networking/v2.0/security-groups/33a028e1-dc37-46d6-8dbe-54739fd7ad1b 0.427s
2025-04-03 07:39:18.106 69010 INFO tempest.lib.common.rest_client [req-152da624-52c0-41cb-baff-9c21ef666d74 req-152da624-52c0-41cb-baff-9c21ef666d74 ] Request (FlavorsExtraSpecsTestJSON:tearDownClass): 204 DELETE http://10.180.1.21:9696/networking/v2.0/security-groups/71704591-2f41-4692-8c67-d5e16ea37989 0.462s
2025-04-03 07:39:18.129 68981 INFO tempest.lib.common.rest_client [req-c56c09cd-e862-45a8-80b2-ac9b1f1172b6 req-c56c09cd-e862-45a8-80b2-ac9b1f1172b6 ] Request (ServerActionsTestJSON:setUpClass): 201 POST http://10.180.1.21:9696/networking/v2.0/security-group-rules 0.898s
2025-04-03 07:39:18.149 69021 INFO tempest.lib.common.rest_client [req-d5fce5e5-7d19-441c-a680-a1fe14939e30 req-d5fce5e5-7d19-441c-a680-a1fe14939e30 ] Request (ServersTestFqdnHostnames:test_create_server_with_fqdn_name): 200 GET http://10.180.1.21/compute/v2.1/servers/51cf3ba5-5a4c-49d2-b955-b4e84a6df37d 2.748s
2025-04-03 07:39:18.169 68985 INFO tempest.lib.common.rest_client [req-6cfb6834-508b-475f-99bf-5688515c18d1 req-6cfb6834-508b-475f-99bf-5688515c18d1 ] Request (QuotasAdminNegativeTest:tearDownClass): 200 GET http://10.180.1.21:9696/networking/v2.0/security-groups?tenant_id=8d123503c6a94a74a554d83813042632&name=default 1.093s
2025-04-03 07:39:18.193 69005 INFO tempest.lib.common.rest_client [req-e62e95e4-1768-4cbc-bd89-75e3677734f2 req-e62e95e4-1768-4cbc-bd89-75e3677734f2 ] Request (ServersAdminTestJSON:setUpClass): 201 POST http://10.180.1.21:9696/networking/v2.0/routers 2.804s
2025-04-03 07:39:18.202 69037 INFO tempest.lib.common.rest_client [req-7bf0e395-22e8-476c-a912-0f50e2f5d7c8 req-7bf0e395-22e8-476c-a912-0f50e2f5d7c8 ] Request (KeyPairsV22TestJSON:test_keypairs_create_list_delete): 201 POST http://10.180.1.21/compute/v2.1/os-keypairs 2.503s
2025-04-03 07:39:18.228 68997 INFO tempest.lib.common.rest_client [req-b9ad9149-5bfd-4cf8-b2e2-fb17d9312dd8 req-b9ad9149-5bfd-4cf8-b2e2-fb17d9312dd8 ] Request (FlavorsAdminTestJSON:test_create_list_flavor_without_extra_data): 200 POST http://10.180.1.21/compute/v2.1/flavors 2.489s
2025-04-03 07:39:18.242 69010 INFO tempest.lib.common.rest_client [req-640cdf81-0c8a-473c-ac68-36ca2f5df158 req-640cdf81-0c8a-473c-ac68-36ca2f5df158 ] Request (FlavorsExtraSpecsTestJSON:tearDownClass): 204 DELETE http://10.180.1.21/identity/v3/projects/22f1f3f642bd47759cf0ac60f2d274f7 0.135s
2025-04-03 07:39:18.240 68995 INFO tempest.lib.common.rest_client [req-59493da0-6de7-44c5-a4d7-b8a46047decb req-59493da0-6de7-44c5-a4d7-b8a46047decb ] Request (QuotaClassesAdminTestJSON:tearDownClass): 204 DELETE http://10.180.1.21/identity/v3/projects/c4aac65a93b24d41923845202843ff71 0.147s
2025-04-03 07:39:18.245 68995 INFO tempest.test [-] raised in TestMultiAttachVolumeSwap.setUpClass. Invoking tearDownClass.
2025-04-03 07:39:18.319 69010 INFO tempest.lib.common.rest_client [req-ec3b33e0-9420-43b1-aca7-48b0eb06e4d3 req-ec3b33e0-9420-43b1-aca7-48b0eb06e4d3 ] Request (HypervisorAdminV228Test:setUpClass): 201 POST http://10.180.1.21/identity/v3/auth/tokens 0.075s
2025-04-03 07:39:18.362 69010 INFO tempest.lib.common.rest_client [req-39bf4d65-c492-4a58-bc90-9084d6c3d034 req-39bf4d65-c492-4a58-bc90-9084d6c3d034 ] Request (HypervisorAdminV228Test:setUpClass): 201 POST http://10.180.1.21/identity/v3/auth/tokens 0.040s
2025-04-03 07:39:18.365 68995 INFO tempest.lib.common.rest_client [req-aae0b95d-6394-4361-920b-4e79cc2b24b1 req-aae0b95d-6394-4361-920b-4e79cc2b24b1 ] Request (ImagesNegativeTestJSON:setUpClass): 201 POST http://10.180.1.21/identity/v3/auth/tokens 0.115s
2025-04-03 07:39:18.388 69010 INFO tempest.lib.common.rest_client [req-5a66995c-a6d2-4af1-8333-d25f06b5a33e req-5a66995c-a6d2-4af1-8333-d25f06b5a33e ] Request (HypervisorAdminV228Test:setUpClass): 200 GET http://10.180.1.21/identity/v3/domains?name=Default 0.025s
2025-04-03 07:39:18.393 69035 INFO tempest.lib.common.rest_client [req-0f32cd98-d834-402b-84c4-25d2c34d0266 req-0f32cd98-d834-402b-84c4-25d2c34d0266 ] Request (InstanceActionsTestJSON:setUpClass): 201 POST http://10.180.1.21:9696/networking/v2.0/routers 3.181s
2025-04-03 07:39:18.396 68995 INFO tempest.lib.common.rest_client [req-18be82b0-83cc-466f-ab40-5485cc0c7c1f req-18be82b0-83cc-466f-ab40-5485cc0c7c1f ] Request (ImagesNegativeTestJSON:setUpClass): 201 POST http://10.180.1.21/identity/v3/auth/tokens 0.028s
2025-04-03 07:39:18.420 69010 INFO tempest.lib.common.rest_client [req-c5f80f89-3b8b-4b2b-89bb-daaad6cefcdc req-c5f80f89-3b8b-4b2b-89bb-daaad6cefcdc ] Request (HypervisorAdminV228Test:setUpClass): 201 POST http://10.180.1.21/identity/v3/projects 0.032s
2025-04-03 07:39:18.430 68995 INFO tempest.lib.common.rest_client [req-9b9b4f82-34d5-4f31-8801-c099366a7708 req-9b9b4f82-34d5-4f31-8801-c099366a7708 ] Request (ImagesNegativeTestJSON:setUpClass): 200 GET http://10.180.1.21/identity/v3/domains?name=Default 0.034s
2025-04-03 07:39:18.492 69002 INFO tempest.lib.common.rest_client [req-5539bfaa-f47f-4f5f-bbe7-d12929f6c0d2 req-5539bfaa-f47f-4f5f-bbe7-d12929f6c0d2 ] Request (HostsAdminNegativeTestJSON:tearDownClass): 204 DELETE http://10.180.1.21:9696/networking/v2.0/security-groups/c9b3e4d6-6d9c-48c7-8007-5fba639d0f11 0.416s
2025-04-03 07:39:18.500 69010 INFO tempest.lib.common.rest_client [req-686a96fd-4eb0-46aa-ad16-9d9d12229b31 req-686a96fd-4eb0-46aa-ad16-9d9d12229b31 ] Request (HypervisorAdminV228Test:setUpClass): 201 POST http://10.180.1.21/identity/v3/users 0.080s
2025-04-03 07:39:18.501 68995 INFO tempest.lib.common.rest_client [req-8cfb4d8a-ec0b-47e9-8f93-bce0019ff57f req-8cfb4d8a-ec0b-47e9-8f93-bce0019ff57f ] Request (ImagesNegativeTestJSON:setUpClass): 201 POST http://10.180.1.21/identity/v3/projects 0.070s
2025-04-03 07:39:18.554 69029 INFO tempest.lib.common.rest_client [req-3dce5920-49a3-4f26-8020-57f82f918c95 req-3dce5920-49a3-4f26-8020-57f82f918c95 ] Request (SecurityGroupRulesTestJSON:test_security_group_rules_list): 200 POST http://10.180.1.21/compute/v2.1/os-security-group-rules 3.006s
2025-04-03 07:39:18.618 69002 INFO tempest.lib.common.rest_client [req-e112406d-4953-4230-9185-abb32551df66 req-e112406d-4953-4230-9185-abb32551df66 ] Request (HostsAdminNegativeTestJSON:tearDownClass): 204 DELETE http://10.180.1.21/identity/v3/projects/d78e43b6746a467babd429e70a740268 0.126s
2025-04-03 07:39:18.619 69002 INFO tempest.lib.common.dynamic_creds [-] Deleting project and security group for project: 99dab546dd154e648c91736a3a1e34c4
2025-04-03 07:39:18.639 69031 INFO tempest.lib.common.rest_client [req-a7c108d3-33e4-4a3f-9727-b6e182a99be2 req-a7c108d3-33e4-4a3f-9727-b6e182a99be2 ] Request (VolumesAdminNegativeTest:test_update_attached_volume_with_nonexistent_volume_in_body): 200 GET http://10.180.1.21/compute/v2.1/servers/7838a338-f8b7-4878-8b34-186f61c77e16 2.641s
2025-04-03 07:39:18.689 69017 INFO tempest.lib.common.rest_client [req-12b3a40b-f0a1-48b6-a4bb-50371794a7b2 req-12b3a40b-f0a1-48b6-a4bb-50371794a7b2 ] Request (VolumesAssistedSnapshotsTest:test_volume_assisted_snapshot_create_delete): 200 GET http://10.180.1.21/compute/v2.1/servers/ec6e3393-17d9-47ca-94c3-4bb1ccf243d3 2.605s
2025-04-03 07:39:18.708 69010 INFO tempest.lib.common.rest_client [req-ce08ef4e-3b6d-4910-b5c0-5040b8b68534 req-ce08ef4e-3b6d-4910-b5c0-5040b8b68534 ] Request (HypervisorAdminV228Test:setUpClass): 200 GET http://10.180.1.21/identity/v3/roles 0.207s
2025-04-03 07:39:18.749 68995 INFO tempest.lib.common.rest_client [req-086c64e1-5020-48e1-9ce9-f8f741c87a0a req-086c64e1-5020-48e1-9ce9-f8f741c87a0a ] Request (ImagesNegativeTestJSON:setUpClass): 201 POST http://10.180.1.21/identity/v3/users 0.247s
2025-04-03 07:39:18.807 68985 INFO tempest.lib.common.rest_client [req-bd0d0d4d-0f4f-42b4-97d4-ec6fec4da11e req-bd0d0d4d-0f4f-42b4-97d4-ec6fec4da11e ] Request (QuotasAdminNegativeTest:tearDownClass): 204 DELETE http://10.180.1.21:9696/networking/v2.0/security-groups/26744f2a-2826-4103-b991-19e224da8637 0.638s
2025-04-03 07:39:18.856 68979 INFO tempest.lib.common.rest_client [req-7809611d-a279-4ddc-bb33-ab2f55d097e7 req-7809611d-a279-4ddc-bb33-ab2f55d097e7 ] Request (TenantUsagesNegativeTestJSON:test_list_usage_all_tenants_with_non_admin_user): 403 GET http://10.180.1.21/compute/v2.1/os-simple-tenant-usage?start=2025-04-02T07%3A39%3A11.255022&end=2025-04-04T07%3A39%3A11.255022&detailed=1 2.425s
2025-04-03 07:39:18.861 68981 INFO tempest.lib.common.rest_client [req-590b1b44-9e5d-487b-a03b-056992bd68c9 req-590b1b44-9e5d-487b-a03b-056992bd68c9 ] Request (ServerActionsTestJSON:setUpClass): 201 POST http://10.180.1.21:9696/networking/v2.0/security-group-rules 0.732s
2025-04-03 07:39:18.872 68995 INFO tempest.lib.common.rest_client [req-fc6558af-2574-4a28-a53b-3fd9e0cf0361 req-fc6558af-2574-4a28-a53b-3fd9e0cf0361 ] Request (ImagesNegativeTestJSON:setUpClass): 200 GET http://10.180.1.21/identity/v3/roles 0.123s
2025-04-03 07:39:18.878 69010 INFO tempest.lib.common.rest_client [req-4423ad63-4b85-40a4-a66a-156da8b27a8c req-4423ad63-4b85-40a4-a66a-156da8b27a8c ] Request (HypervisorAdminV228Test:setUpClass): 204 PUT http://10.180.1.21/identity/v3/projects/83664f3e3fe848a4a92c475b1d3f80d3/users/324f6b0398794b119d332bc2b6289f0d/roles/5eb98e3548d9448a9cd90011429d6ee0 0.170s
2025-04-03 07:39:18.878 69010 INFO tempest.lib.common.dynamic_creds [-] Dynamic test user 324f6b0398794b119d332bc2b6289f0d is created with scope project and roles: ['member']
2025-04-03 07:39:18.879 69010 INFO tempest.lib.common.dynamic_creds [-] Acquired dynamic creds: credentials: Credentials: {'domain_id': 'default', 'domain_name': 'Default', 'username': 'tempest-HypervisorAdminV228Test-1890692062-project-member', 'project_domain_id': 'default', 'project_domain_name': 'Default', 'project_id': '83664f3e3fe848a4a92c475b1d3f80d3', 'project_name': 'tempest-HypervisorAdminV228Test-1890692062', 'tenant_id': '83664f3e3fe848a4a92c475b1d3f80d3', 'tenant_name': 'tempest-HypervisorAdminV228Test-1890692062', 'user_domain_id': 'default', 'user_domain_name': 'Default', 'user_id': '324f6b0398794b119d332bc2b6289f0d', 'system': None}, Network: None, Subnet: None, Router: None
2025-04-03 07:39:18.879 69010 INFO tempest.lib.common.dynamic_creds [-] Created isolated network resources for: credentials: Credentials: {'domain_id': 'default', 'domain_name': 'Default', 'username': 'tempest-HypervisorAdminV228Test-1890692062-project-member', 'project_domain_id': 'default', 'project_domain_name': 'Default', 'project_id': '83664f3e3fe848a4a92c475b1d3f80d3', 'project_name': 'tempest-HypervisorAdminV228Test-1890692062', 'tenant_id': '83664f3e3fe848a4a92c475b1d3f80d3', 'tenant_name': 'tempest-HypervisorAdminV228Test-1890692062', 'user_domain_id': 'default', 'user_domain_name': 'Default', 'user_id': '324f6b0398794b119d332bc2b6289f0d', 'system': None}, Network: None, Subnet: None, Router: None
2025-04-03 07:39:18.889 69041 INFO tempest.lib.common.rest_client [req-22323a61-fd4f-49fa-a73b-254ccc16dc80 req-22323a61-fd4f-49fa-a73b-254ccc16dc80 ] Request (ImagesMetadataNegativeTestJSON:test_get_nonexistent_image_metadata_item): 404 GET http://10.180.1.21/compute/v2.1/images/cf784dbc-d2dd-45d2-a262-0091ca735d67/metadata/os_version 2.351s
2025-04-03 07:39:18.909 69002 INFO tempest.lib.common.rest_client [req-1a46a2c4-f69b-40ad-90ad-fbce606af9d1 req-1a46a2c4-f69b-40ad-90ad-fbce606af9d1 ] Request (HostsAdminNegativeTestJSON:tearDownClass): 200 GET http://10.180.1.21:9696/networking/v2.0/security-groups?tenant_id=99dab546dd154e648c91736a3a1e34c4&name=default 0.291s
2025-04-03 07:39:18.937 69013 INFO tempest.lib.common.rest_client [req-2e62120c-2cc6-45d3-9ded-e0298054f84f req-2e62120c-2cc6-45d3-9ded-e0298054f84f ] Request (ListImageFiltersTestJSON:setUpClass): 200 GET http://10.180.1.21/compute/v2.1/images/5a67c6d6-9d05-459a-ad35-29c7c8f655f2 2.163s
2025-04-03 07:39:18.965 68989 INFO tempest.lib.common.rest_client [req-2ec94a6c-ebbf-423b-8c91-00a1dc3c92cc req-2ec94a6c-ebbf-423b-8c91-00a1dc3c92cc ] Request (AggregatesAdminNegativeTestJSON:test_aggregate_create_with_existent_aggregate_name): 200 POST http://10.180.1.21/compute/v2.1/os-aggregates 2.148s
2025-04-03 07:39:18.973 68985 INFO tempest.lib.common.rest_client [req-358d5f8a-dfd4-42c5-b64d-39e6fba819a0 req-358d5f8a-dfd4-42c5-b64d-39e6fba819a0 ] Request (QuotasAdminNegativeTest:tearDownClass): 204 DELETE http://10.180.1.21/identity/v3/projects/8d123503c6a94a74a554d83813042632 0.165s
2025-04-03 07:39:18.973 68985 INFO tempest.lib.common.dynamic_creds [-] Deleting project and security group for project: aa653be8f9f74514a3a8db9e138c2ab7
2025-04-03 07:39:18.981 68979 INFO tempest.lib.common.rest_client [req-c414c62f-d9da-472a-b25a-1591ab585118 req-c414c62f-d9da-472a-b25a-1591ab585118 ] Request (TenantUsagesNegativeTestJSON:tearDownClass): 204 DELETE http://10.180.1.21/identity/v3/users/2907df45a3d34288addd41f8ec321955 0.122s
2025-04-03 07:39:19.062 69010 INFO tempest.lib.common.rest_client [req-b1627529-317e-406e-ae1f-b68cb8460c59 req-b1627529-317e-406e-ae1f-b68cb8460c59 ] Request (HypervisorAdminV228Test:setUpClass): 201 POST http://10.180.1.21/identity/v3/auth/tokens 0.176s
2025-04-03 07:39:19.111 68995 INFO tempest.lib.common.rest_client [req-6f55cc66-b901-4360-8f98-d8faf68a25db req-6f55cc66-b901-4360-8f98-d8faf68a25db ] Request (ImagesNegativeTestJSON:setUpClass): 204 PUT http://10.180.1.21/identity/v3/projects/498277eb112b4b54962a3ef511f0e0bc/users/961a2806351f444b896ed4906bb2f739/roles/5eb98e3548d9448a9cd90011429d6ee0 0.238s
2025-04-03 07:39:19.111 68995 INFO tempest.lib.common.dynamic_creds [-] Dynamic test user 961a2806351f444b896ed4906bb2f739 is created with scope project and roles: ['member']
2025-04-03 07:39:19.111 68995 INFO tempest.lib.common.dynamic_creds [-] Acquired dynamic creds: credentials: Credentials: {'domain_id': 'default', 'domain_name': 'Default', 'username': 'tempest-ImagesNegativeTestJSON-122560527-project-member', 'project_domain_id': 'default', 'project_domain_name': 'Default', 'project_id': '498277eb112b4b54962a3ef511f0e0bc', 'project_name': 'tempest-ImagesNegativeTestJSON-122560527', 'tenant_id': '498277eb112b4b54962a3ef511f0e0bc', 'tenant_name': 'tempest-ImagesNegativeTestJSON-122560527', 'user_domain_id': 'default', 'user_domain_name': 'Default', 'user_id': '961a2806351f444b896ed4906bb2f739', 'system': None}, Network: None, Subnet: None, Router: None
2025-04-03 07:39:19.125 69039 INFO tempest.lib.common.rest_client [req-de1580a4-e08d-4110-be4f-419484ed9cd1 req-de1580a4-e08d-4110-be4f-419484ed9cd1 ] Request (ServerDiagnosticsTest:tearDownClass): 204 DELETE http://10.180.1.21/compute/v2.1/servers/62b574b2-52da-4288-a48f-42c99825127a 2.205s
2025-04-03 07:39:19.192 69010 INFO tempest.lib.common.rest_client [req-6d059a8b-6f3e-467e-8c3b-9bfd396c0c93 req-6d059a8b-6f3e-467e-8c3b-9bfd396c0c93 ] Request (HypervisorAdminV228Test:setUpClass): 201 POST http://10.180.1.21/identity/v3/projects 0.130s
2025-04-03 07:39:19.268 68995 INFO tempest.lib.common.rest_client [req-edd5cb48-606a-4fa7-92f9-19df629570f2 req-edd5cb48-606a-4fa7-92f9-19df629570f2 ] Request (ImagesNegativeTestJSON:setUpClass): 201 POST http://10.180.1.21/identity/v3/auth/tokens 0.156s
2025-04-03 07:39:19.283 68979 INFO tempest.lib.common.rest_client [req-36d204b6-16eb-425c-96fc-2c099c81ca26 req-36d204b6-16eb-425c-96fc-2c099c81ca26 ] Request (TenantUsagesNegativeTestJSON:tearDownClass): 204 DELETE http://10.180.1.21/identity/v3/users/f96e6039949d4a839adc38b7aa5f1ad0 0.301s
2025-04-03 07:39:19.283 68979 INFO tempest.lib.common.dynamic_creds [-] Deleting project and security group for project: 1b23c95e9b6843109d630af39063e494
2025-04-03 07:39:19.350 69010 INFO tempest.lib.common.rest_client [req-4d297905-75ee-4d5b-a3fe-68cef64ccffc req-4d297905-75ee-4d5b-a3fe-68cef64ccffc ] Request (HypervisorAdminV228Test:setUpClass): 201 POST http://10.180.1.21/identity/v3/users 0.157s
2025-04-03 07:39:19.354 68979 INFO tempest.lib.common.rest_client [req-f8bac36e-731d-4ed3-83a0-ec6fb80a260b req-f8bac36e-731d-4ed3-83a0-ec6fb80a260b ] Request (TenantUsagesNegativeTestJSON:tearDownClass): 201 POST http://10.180.1.21/identity/v3/auth/tokens 0.070s
2025-04-03 07:39:19.374 69010 INFO tempest.lib.common.rest_client [req-230b5281-42d4-40ef-bfed-818c94399da2 req-230b5281-42d4-40ef-bfed-818c94399da2 ] Request (HypervisorAdminV228Test:setUpClass): 200 GET http://10.180.1.21/identity/v3/roles 0.022s
2025-04-03 07:39:19.394 69002 INFO tempest.lib.common.rest_client [req-31d57e9b-5dba-451c-96d8-d42beff08975 req-31d57e9b-5dba-451c-96d8-d42beff08975 ] Request (HostsAdminNegativeTestJSON:tearDownClass): 204 DELETE http://10.180.1.21:9696/networking/v2.0/security-groups/b64a88f7-266e-40bc-8ff7-d9b9e491b3f3 0.483s
2025-04-03 07:39:19.398 69010 INFO tempest.lib.common.rest_client [req-968e288f-cf4e-4da4-9cf7-2dc2166d7189 req-968e288f-cf4e-4da4-9cf7-2dc2166d7189 ] Request (HypervisorAdminV228Test:setUpClass): 204 PUT http://10.180.1.21/identity/v3/projects/e5797acce0ff45e8b9c58cc20a995063/users/eb71681b693a4dffad7ce28086d56c3d/roles/4e3736bdcbde42e4bb3b3e824f0135c5 0.024s
2025-04-03 07:39:19.504 69010 INFO tempest.lib.common.rest_client [req-31d622de-24fb-49e8-a1c6-c08ae28f8085 req-31d622de-24fb-49e8-a1c6-c08ae28f8085 ] Request (HypervisorAdminV228Test:setUpClass): 200 GET http://10.180.1.21/identity/v3/roles 0.105s
2025-04-03 07:39:19.506 68985 INFO tempest.lib.common.rest_client [req-b5dd2216-c928-433c-b69b-3170c140e9cf req-b5dd2216-c928-433c-b69b-3170c140e9cf ] Request (QuotasAdminNegativeTest:tearDownClass): 200 GET http://10.180.1.21:9696/networking/v2.0/security-groups?tenant_id=aa653be8f9f74514a3a8db9e138c2ab7&name=default 0.529s
2025-04-03 07:39:19.524 69002 INFO tempest.lib.common.rest_client [req-d742dca6-8287-41da-9947-2ebfa9bd10db req-d742dca6-8287-41da-9947-2ebfa9bd10db ] Request (HostsAdminNegativeTestJSON:tearDownClass): 204 DELETE http://10.180.1.21/identity/v3/projects/99dab546dd154e648c91736a3a1e34c4 0.129s
2025-04-03 07:39:19.568 69010 INFO tempest.lib.common.rest_client [req-3e0ecb00-9ac3-4612-8c32-d6c54856abf1 req-3e0ecb00-9ac3-4612-8c32-d6c54856abf1 ] Request (HypervisorAdminV228Test:setUpClass): 204 PUT http://10.180.1.21/identity/v3/projects/e5797acce0ff45e8b9c58cc20a995063/users/eb71681b693a4dffad7ce28086d56c3d/roles/4e3736bdcbde42e4bb3b3e824f0135c5 0.064s
2025-04-03 07:39:19.569 69010 INFO tempest.lib.common.dynamic_creds [-] Dynamic test user eb71681b693a4dffad7ce28086d56c3d is created with scope project and roles: ['admin']
2025-04-03 07:39:19.570 69010 INFO tempest.lib.common.dynamic_creds [-] Acquired dynamic creds: credentials: Credentials: {'domain_id': 'default', 'domain_name': 'Default', 'username': 'tempest-HypervisorAdminV228Test-1314915260-project-admin', 'project_domain_id': 'default', 'project_domain_name': 'Default', 'project_id': 'e5797acce0ff45e8b9c58cc20a995063', 'project_name': 'tempest-HypervisorAdminV228Test-1314915260', 'tenant_id': 'e5797acce0ff45e8b9c58cc20a995063', 'tenant_name': 'tempest-HypervisorAdminV228Test-1314915260', 'user_domain_id': 'default', 'user_domain_name': 'Default', 'user_id': 'eb71681b693a4dffad7ce28086d56c3d', 'system': None}, Network: None, Subnet: None, Router: None
2025-04-03 07:39:19.570 69010 INFO tempest.lib.common.dynamic_creds [-] Created isolated network resources for: credentials: Credentials: {'domain_id': 'default', 'domain_name': 'Default', 'username': 'tempest-HypervisorAdminV228Test-1314915260-project-admin', 'project_domain_id': 'default', 'project_domain_name': 'Default', 'project_id': 'e5797acce0ff45e8b9c58cc20a995063', 'project_name': 'tempest-HypervisorAdminV228Test-1314915260', 'tenant_id': 'e5797acce0ff45e8b9c58cc20a995063', 'tenant_name': 'tempest-HypervisorAdminV228Test-1314915260', 'user_domain_id': 'default', 'user_domain_name': 'Default', 'user_id': 'eb71681b693a4dffad7ce28086d56c3d', 'system': None}, Network: None, Subnet: None, Router: None
2025-04-03 07:39:19.586 69027 INFO tempest.lib.common.rest_client [req-220bed5c-255d-43d8-aaee-58dbb030c68b req-220bed5c-255d-43d8-aaee-58dbb030c68b ] Request (TenantUsagesTestJSON:setUpClass): 200 GET http://10.180.1.21/compute/v2.1/servers/0438bf69-1fe2-4c9d-b7fc-8985c13696e2 2.336s
2025-04-03 07:39:19.594 69002 INFO tempest.lib.common.rest_client [req-665f4753-6238-4a57-94c8-b8362b3d42d6 req-665f4753-6238-4a57-94c8-b8362b3d42d6 ] Request (ImagesDeleteNegativeTestJSON:setUpClass): 201 POST http://10.180.1.21/identity/v3/auth/tokens 0.068s
2025-04-03 07:39:19.667 69002 INFO tempest.lib.common.rest_client [req-f3119333-c6d4-4a54-bff6-91d03795b1d8 req-f3119333-c6d4-4a54-bff6-91d03795b1d8 ] Request (ImagesDeleteNegativeTestJSON:setUpClass): 201 POST http://10.180.1.21/identity/v3/auth/tokens 0.069s
2025-04-03 07:39:19.677 69010 INFO tempest.lib.common.rest_client [req-e66ba799-c664-4e35-b75d-a3b23e8f5b8b req-e66ba799-c664-4e35-b75d-a3b23e8f5b8b ] Request (HypervisorAdminV228Test:setUpClass): 201 POST http://10.180.1.21/identity/v3/auth/tokens 0.103s
2025-04-03 07:39:19.705 69002 INFO tempest.lib.common.rest_client [req-277c0680-ed11-4815-9d53-e3889dd36f81 req-277c0680-ed11-4815-9d53-e3889dd36f81 ] Request (ImagesDeleteNegativeTestJSON:setUpClass): 200 GET http://10.180.1.21/identity/v3/domains?name=Default 0.037s
2025-04-03 07:39:19.755 69002 INFO tempest.lib.common.rest_client [req-7c8654a7-414b-409d-8ad9-bae09c391c8b req-7c8654a7-414b-409d-8ad9-bae09c391c8b ] Request (ImagesDeleteNegativeTestJSON:setUpClass): 201 POST http://10.180.1.21/identity/v3/projects 0.049s
2025-04-03 07:39:19.836 68979 INFO tempest.lib.common.rest_client [req-6540d52d-47f7-4b3f-a264-3dd39640d3c8 req-6540d52d-47f7-4b3f-a264-3dd39640d3c8 ] Request (TenantUsagesNegativeTestJSON:tearDownClass): 200 GET http://10.180.1.21:9696/networking/v2.0/security-groups?tenant_id=1b23c95e9b6843109d630af39063e494&name=default 0.482s
2025-04-03 07:39:19.861 69002 INFO tempest.lib.common.rest_client [req-289578a4-43f5-4113-9953-9408a9d7b9fb req-289578a4-43f5-4113-9953-9408a9d7b9fb ] Request (ImagesDeleteNegativeTestJSON:setUpClass): 201 POST http://10.180.1.21/identity/v3/users 0.103s
2025-04-03 07:39:19.892 68987 INFO tempest.lib.common.rest_client [req-515fb8c8-03e4-4575-8674-754769c48ae1 req-515fb8c8-03e4-4575-8674-754769c48ae1 ] Request (DeleteServersTestJSON:test_delete_active_server): 202 POST http://10.180.1.21/compute/v2.1/servers 3.643s
2025-04-03 07:39:19.899 69002 INFO tempest.lib.common.rest_client [req-d688b097-35ef-4e7a-a439-ddf6b60571fd req-d688b097-35ef-4e7a-a439-ddf6b60571fd ] Request (ImagesDeleteNegativeTestJSON:setUpClass): 200 GET http://10.180.1.21/identity/v3/roles 0.037s
2025-04-03 07:39:19.957 69002 INFO tempest.lib.common.rest_client [req-537bcf4d-e4f0-4fdf-b9e7-b8558e084b5e req-537bcf4d-e4f0-4fdf-b9e7-b8558e084b5e ] Request (ImagesDeleteNegativeTestJSON:setUpClass): 204 PUT http://10.180.1.21/identity/v3/projects/416e64f1b0494c6fba3a13040a0625ca/users/bcc5ae8e8dd9485288bfe0889c51a3d5/roles/5eb98e3548d9448a9cd90011429d6ee0 0.058s
2025-04-03 07:39:19.957 69002 INFO tempest.lib.common.dynamic_creds [-] Dynamic test user bcc5ae8e8dd9485288bfe0889c51a3d5 is created with scope project and roles: ['member']
2025-04-03 07:39:19.957 69002 INFO tempest.lib.common.dynamic_creds [-] Acquired dynamic creds: credentials: Credentials: {'domain_id': 'default', 'domain_name': 'Default', 'username': 'tempest-ImagesDeleteNegativeTestJSON-952323525-project-member', 'project_domain_id': 'default', 'project_domain_name': 'Default', 'project_id': '416e64f1b0494c6fba3a13040a0625ca', 'project_name': 'tempest-ImagesDeleteNegativeTestJSON-952323525', 'tenant_id': '416e64f1b0494c6fba3a13040a0625ca', 'tenant_name': 'tempest-ImagesDeleteNegativeTestJSON-952323525', 'user_domain_id': 'default', 'user_domain_name': 'Default', 'user_id': 'bcc5ae8e8dd9485288bfe0889c51a3d5', 'system': None}, Network: None, Subnet: None, Router: None
2025-04-03 07:39:19.958 69002 INFO tempest.lib.common.dynamic_creds [-] Created isolated network resources for: credentials: Credentials: {'domain_id': 'default', 'domain_name': 'Default', 'username': 'tempest-ImagesDeleteNegativeTestJSON-952323525-project-member', 'project_domain_id': 'default', 'project_domain_name': 'Default', 'project_id': '416e64f1b0494c6fba3a13040a0625ca', 'project_name': 'tempest-ImagesDeleteNegativeTestJSON-952323525', 'tenant_id': '416e64f1b0494c6fba3a13040a0625ca', 'tenant_name': 'tempest-ImagesDeleteNegativeTestJSON-952323525', 'user_domain_id': 'default', 'user_domain_name': 'Default', 'user_id': 'bcc5ae8e8dd9485288bfe0889c51a3d5', 'system': None}, Network: None, Subnet: None, Router: None
2025-04-03 07:39:19.987 68985 INFO tempest.lib.common.rest_client [req-247eb7b0-1ede-4929-974b-09b23c38d8bc req-247eb7b0-1ede-4929-974b-09b23c38d8bc ] Request (QuotasAdminNegativeTest:tearDownClass): 204 DELETE http://10.180.1.21:9696/networking/v2.0/security-groups/086ffe06-a108-4f65-95ea-8ac980b0c0b3 0.481s
2025-04-03 07:39:20.085 69002 INFO tempest.lib.common.rest_client [req-676940bd-1f97-4888-b5e9-ac2c018cc2eb req-676940bd-1f97-4888-b5e9-ac2c018cc2eb ] Request (ImagesDeleteNegativeTestJSON:setUpClass): 201 POST http://10.180.1.21/identity/v3/auth/tokens 0.123s
2025-04-03 07:39:20.091 69011 INFO tempest.lib.common.rest_client [req-e335a984-5296-47d5-9fc9-117d78bbdd0f req-e335a984-5296-47d5-9fc9-117d78bbdd0f ] Request (ImagesTestJSON:test_create_image_from_stopped_server): 200 GET http://10.180.1.21/compute/v2.1/servers/052896f2-2f6f-479d-a161-88e6f3513515 2.663s
2025-04-03 07:39:20.104 68979 INFO tempest.lib.common.rest_client [req-28a466bb-e8fe-48c6-93ff-ce54eb536a43 req-28a466bb-e8fe-48c6-93ff-ce54eb536a43 ] Request (TenantUsagesNegativeTestJSON:tearDownClass): 204 DELETE http://10.180.1.21:9696/networking/v2.0/security-groups/9dec3a99-a8e9-4456-b34e-175a1132dd54 0.267s
2025-04-03 07:39:20.119 68999 INFO tempest.lib.common.rest_client [req-812ce107-105a-4d3e-99ce-0828d9109276 req-812ce107-105a-4d3e-99ce-0828d9109276 ] Request (FloatingIPsTestJSON:_run_cleanups): 404 DELETE http://10.180.1.21/compute/v2.1/os-floating-ips/a03a6868-824b-428f-b19e-1d643420388e 2.613s
2025-04-03 07:39:20.131 68993 INFO tempest.lib.common.rest_client [req-a324a302-b75d-41ef-b002-99a71b1f1e01 req-a324a302-b75d-41ef-b002-99a71b1f1e01 ] Request (ServerActionsV293TestJSON:setUpClass): 201 POST http://10.180.1.21:9696/networking/v2.0/floatingips 2.281s
2025-04-03 07:39:20.167 69007 INFO tempest.lib.common.rest_client [req-bc4bc706-fd84-4187-be93-6ba9112316bf req-bc4bc706-fd84-4187-be93-6ba9112316bf ] Request (FlavorsAccessNegativeTestJSON:test_flavor_non_admin_remove): 200 POST http://10.180.1.21/compute/v2.1/flavors 2.622s
2025-04-03 07:39:20.182 68985 INFO tempest.lib.common.rest_client [req-c8d989b2-03ca-471e-b7a9-f5855db154eb req-c8d989b2-03ca-471e-b7a9-f5855db154eb ] Request (QuotasAdminNegativeTest:tearDownClass): 204 DELETE http://10.180.1.21/identity/v3/projects/aa653be8f9f74514a3a8db9e138c2ab7 0.194s
2025-04-03 07:39:20.212 69003 INFO tempest.lib.common.rest_client [req-b215cfaf-ddc1-4626-ab5e-f10392993846 req-b215cfaf-ddc1-4626-ab5e-f10392993846 ] Request (ServerActionsTestOtherA:setUpClass): 200 PUT http://10.180.1.21:9696/networking/v2.0/routers/a5af6ae4-3108-4989-afdb-4c67f2917220/add_router_interface 3.689s
2025-04-03 07:39:20.212 69003 INFO tempest.lib.common.dynamic_creds [-] Created isolated network resources for: credentials: Credentials: {'domain_id': 'default', 'domain_name': 'Default', 'username': 'tempest-ServerActionsTestOtherA-1649840506-project-member', 'project_domain_id': 'default', 'project_domain_name': 'Default', 'project_id': 'c7e2477deac44ebd85f2df594bfee6af', 'project_name': 'tempest-ServerActionsTestOtherA-1649840506', 'tenant_id': 'c7e2477deac44ebd85f2df594bfee6af', 'tenant_name': 'tempest-ServerActionsTestOtherA-1649840506', 'user_domain_id': 'default', 'user_domain_name': 'Default', 'user_id': '7b314863068845ac8e90d3aebe42082e', 'system': None}, Network: {'id': '4a04b562-580c-4bc2-bb38-67a444c5d0e4', 'name': 'tempest-ServerActionsTestOtherA-753693350-network', 'tenant_id': 'c7e2477deac44ebd85f2df594bfee6af', 'admin_state_up': True, 'mtu': 8950, 'status': 'ACTIVE', 'subnets': [], 'shared': False, 'project_id': 'c7e2477deac44ebd85f2df594bfee6af', 'port_security_enabled': True, 'router:external': False, 'provider:network_type': 'vlan', 'provider:physical_network': 'default', 'provider:segmentation_id': 986, 'availability_zone_hints': [], 'availability_zones': [], 'ipv4_address_scope': None, 'ipv6_address_scope': None, 'description': '', 'tags': [], 'created_at': '2025-04-03T07:39:12Z', 'updated_at': '2025-04-03T07:39:13Z', 'revision_number': 1}, Subnet: {'id': '73d95a68-3ca7-44b7-bef0-0b785a124da2', 'name': 'tempest-ServerActionsTestOtherA-753693350-subnet', 'tenant_id': 'c7e2477deac44ebd85f2df594bfee6af', 'network_id': '4a04b562-580c-4bc2-bb38-67a444c5d0e4', 'ip_version': 4, 'subnetpool_id': None, 'enable_dhcp': True, 'ipv6_ra_mode': None, 'ipv6_address_mode': None, 'gateway_ip': '192.168.128.1', 'cidr': '192.168.128.0/28', 'allocation_pools': [{'start': '192.168.128.2', 'end': '192.168.128.14'}], 'host_routes': [], 'dns_nameservers': [], 'description': '', 'router:external': False, 'service_types': [], 'tags': [], 'created_at': '2025-04-03T07:39:13Z', 'updated_at': '2025-04-03T07:39:13Z', 'revision_number': 0, 'project_id': 'c7e2477deac44ebd85f2df594bfee6af'}, Router: {'id': 'a5af6ae4-3108-4989-afdb-4c67f2917220', 'name': 'tempest-ServerActionsTestOtherA-753693350-router', 'tenant_id': 'c7e2477deac44ebd85f2df594bfee6af', 'admin_state_up': True, 'status': 'ACTIVE', 'external_gateway_info': {'network_id': 'd1501442-ff6e-46b8-9a4e-5a52306a2c4e', 'external_fixed_ips': [{'subnet_id': 'ff09c67e-b126-43ce-946e-023fb8b9883c', 'ip_address': '10.180.180.212'}], 'enable_snat': True}, 'description': '', 'availability_zones': [], 'distributed': False, 'ha': False, 'availability_zone_hints': [], 'routes': [], 'flavor_id': None, 'tags': [], 'created_at': '2025-04-03T07:39:14Z', 'updated_at': '2025-04-03T07:39:15Z', 'revision_number': 2, 'project_id': 'c7e2477deac44ebd85f2df594bfee6af'}
2025-04-03 07:39:20.257 68993 INFO tempest.lib.common.rest_client [req-1b12cdb8-e886-4cd9-9a46-66890eedc4fc req-1b12cdb8-e886-4cd9-9a46-66890eedc4fc ] Request (ServerActionsV293TestJSON:setUpClass): 201 POST http://10.180.1.21/identity/v3/auth/tokens 0.119s
2025-04-03 07:39:20.257 68993 INFO tempest.lib.common.fixed_network [-] (ServerActionsV293TestJSON:setUpClass) Found network {'id': 'e01744c4-7bd9-44ee-b485-cb563684680f', 'name': 'tempest-ServerActionsV293TestJSON-580286186-network', 'tenant_id': 'd6a164e46df84c4bac84d6e86d894b7a', 'admin_state_up': True, 'mtu': 8950, 'status': 'ACTIVE', 'subnets': [], 'shared': False, 'project_id': 'd6a164e46df84c4bac84d6e86d894b7a', 'port_security_enabled': True, 'router:external': False, 'provider:network_type': 'vlan', 'provider:physical_network': 'default', 'provider:segmentation_id': 106, 'availability_zone_hints': [], 'availability_zones': [], 'ipv4_address_scope': None, 'ipv6_address_scope': None, 'description': '', 'tags': [], 'created_at': '2025-04-03T07:39:06Z', 'updated_at': '2025-04-03T07:39:06Z', 'revision_number': 1} available for tenant
2025-04-03 07:39:20.278 68979 INFO tempest.lib.common.rest_client [req-4b1ba48f-255b-4de0-a0c4-51dbb9c0658f req-4b1ba48f-255b-4de0-a0c4-51dbb9c0658f ] Request (TenantUsagesNegativeTestJSON:tearDownClass): 204 DELETE http://10.180.1.21/identity/v3/projects/1b23c95e9b6843109d630af39063e494 0.173s
2025-04-03 07:39:20.278 68979 INFO tempest.lib.common.dynamic_creds [-] Deleting project and security group for project: 885bd45d21a34c9da5836027931c6f63
2025-04-03 07:39:20.289 69019 INFO tempest.lib.common.rest_client [req-58e05e72-c0da-40ff-9b10-a3fcc132db63 req-58e05e72-c0da-40ff-9b10-a3fcc132db63 ] Request (ImagesOneServerTestJSON:test_create_delete_image): 202 POST http://10.180.1.21/compute/v2.1/servers/b95b8194-54c5-45d3-b2ed-bf61f1b2ce02/action 2.998s
2025-04-03 07:39:20.345 69037 INFO tempest.lib.common.rest_client [req-9d80f04a-b11d-4dad-8690-bd3d10e61242 req-9d80f04a-b11d-4dad-8690-bd3d10e61242 ] Request (KeyPairsV22TestJSON:test_keypairs_create_list_delete): 201 POST http://10.180.1.21/compute/v2.1/os-keypairs 2.141s
2025-04-03 07:39:20.352 68985 INFO tempest.lib.common.rest_client [req-4fff5878-9966-4b84-9304-8d09bf40eebb req-4fff5878-9966-4b84-9304-8d09bf40eebb ] Request (ServerDiagnosticsNegativeTest:setUpClass): 201 POST http://10.180.1.21/identity/v3/auth/tokens 0.167s
2025-04-03 07:39:20.355 68997 INFO tempest.lib.common.rest_client [req-a3467996-bf25-42c9-bd59-2eb4ed45f1dd req-a3467996-bf25-42c9-bd59-2eb4ed45f1dd ] Request (FlavorsAdminTestJSON:test_create_list_flavor_without_extra_data): 200 GET http://10.180.1.21/compute/v2.1/flavors/1434876240 2.125s
2025-04-03 07:39:20.430 69003 INFO tempest.lib.common.rest_client [req-c1e3590d-da5b-4322-8f83-cab89216cbea req-c1e3590d-da5b-4322-8f83-cab89216cbea ] Request (ServerActionsTestOtherA:setUpClass): 201 POST http://10.180.1.21/identity/v3/auth/tokens 0.213s
2025-04-03 07:39:20.430 68985 INFO tempest.lib.common.rest_client [req-eed3579d-bae7-42f8-af79-3b831efe302c req-eed3579d-bae7-42f8-af79-3b831efe302c ] Request (ServerDiagnosticsNegativeTest:setUpClass): 201 POST http://10.180.1.21/identity/v3/auth/tokens 0.077s
2025-04-03 07:39:20.462 68985 INFO tempest.lib.common.rest_client [req-f10b7421-56be-4be2-9f92-2d57572238c0 req-f10b7421-56be-4be2-9f92-2d57572238c0 ] Request (ServerDiagnosticsNegativeTest:setUpClass): 200 GET http://10.180.1.21/identity/v3/domains?name=Default 0.031s
2025-04-03 07:39:20.498 68985 INFO tempest.lib.common.rest_client [req-86a3655d-3804-421a-8490-31b49410800a req-86a3655d-3804-421a-8490-31b49410800a ] Request (ServerDiagnosticsNegativeTest:setUpClass): 201 POST http://10.180.1.21/identity/v3/projects 0.036s
2025-04-03 07:39:20.504 68995 INFO tempest.lib.common.rest_client [req-5d787d95-3738-423b-a629-ee193cdfa963 req-5d787d95-3738-423b-a629-ee193cdfa963 ] Request (ImagesNegativeTestJSON:setUpClass): 201 POST http://10.180.1.21:9696/networking/v2.0/networks 1.236s
2025-04-03 07:39:20.519 68991 INFO tempest.lib.common.rest_client [req-5898f427-2044-4050-9f2c-7b487439844c req-5898f427-2044-4050-9f2c-7b487439844c ] Request (DeleteServersAdminTestJSON:test_admin_delete_servers_of_others): 200 GET http://10.180.1.21/compute/v2.1/servers/38805c56-25d5-4164-914f-83dc983d765c 2.198s
2025-04-03 07:39:20.531 68991 INFO tempest.common.waiters [-] State transition "ACTIVE/deleting" ==> "DELETED/None" after 3 second wait
2025-04-03 07:39:20.623 68985 INFO tempest.lib.common.rest_client [req-999668fe-b460-46cf-86ab-a87db0850b4f req-999668fe-b460-46cf-86ab-a87db0850b4f ] Request (ServerDiagnosticsNegativeTest:setUpClass): 201 POST http://10.180.1.21/identity/v3/users 0.124s
2025-04-03 07:39:20.649 68979 INFO tempest.lib.common.rest_client [req-8cea6800-2513-47b3-ae8c-c40051d0748e req-8cea6800-2513-47b3-ae8c-c40051d0748e ] Request (TenantUsagesNegativeTestJSON:tearDownClass): 200 GET http://10.180.1.21:9696/networking/v2.0/security-groups?tenant_id=885bd45d21a34c9da5836027931c6f63&name=default 0.370s
2025-04-03 07:39:20.659 68985 INFO tempest.lib.common.rest_client [req-9c73dafa-bb19-4fbf-ad6d-995674603f65 req-9c73dafa-bb19-4fbf-ad6d-995674603f65 ] Request (ServerDiagnosticsNegativeTest:setUpClass): 200 GET http://10.180.1.21/identity/v3/roles 0.034s
2025-04-03 07:39:20.682 68983 INFO tempest.lib.common.rest_client [req-903ddbe6-3606-47c9-a917-8b358e81fdfb req-903ddbe6-3606-47c9-a917-8b358e81fdfb ] Request (ServersWithSpecificFlavorTestJSON:test_verify_created_server_ephemeral_disk): 200 GET http://10.180.1.21/compute/v2.1/servers/70493bb9-72a0-4f3f-a7b3-b53460d35046 2.294s
2025-04-03 07:39:20.699 68985 INFO tempest.lib.common.rest_client [req-fac17aca-7021-44fb-bf22-b61caa03c643 req-fac17aca-7021-44fb-bf22-b61caa03c643 ] Request (ServerDiagnosticsNegativeTest:setUpClass): 204 PUT http://10.180.1.21/identity/v3/projects/4c6db560b33e4c7295cb064407300bf3/users/1a36eebded434852a47d1c5812769c44/roles/5eb98e3548d9448a9cd90011429d6ee0 0.039s
2025-04-03 07:39:20.699 68985 INFO tempest.lib.common.dynamic_creds [-] Dynamic test user 1a36eebded434852a47d1c5812769c44 is created with scope project and roles: ['member']
2025-04-03 07:39:20.699 68985 INFO tempest.lib.common.dynamic_creds [-] Acquired dynamic creds: credentials: Credentials: {'domain_id': 'default', 'domain_name': 'Default', 'username': 'tempest-ServerDiagnosticsNegativeTest-1639145542-project-member', 'project_domain_id': 'default', 'project_domain_name': 'Default', 'project_id': '4c6db560b33e4c7295cb064407300bf3', 'project_name': 'tempest-ServerDiagnosticsNegativeTest-1639145542', 'tenant_id': '4c6db560b33e4c7295cb064407300bf3', 'tenant_name': 'tempest-ServerDiagnosticsNegativeTest-1639145542', 'user_domain_id': 'default', 'user_domain_name': 'Default', 'user_id': '1a36eebded434852a47d1c5812769c44', 'system': None}, Network: None, Subnet: None, Router: None
2025-04-03 07:39:20.700 68985 INFO tempest.lib.common.dynamic_creds [-] Created isolated network resources for: credentials: Credentials: {'domain_id': 'default', 'domain_name': 'Default', 'username': 'tempest-ServerDiagnosticsNegativeTest-1639145542-project-member', 'project_domain_id': 'default', 'project_domain_name': 'Default', 'project_id': '4c6db560b33e4c7295cb064407300bf3', 'project_name': 'tempest-ServerDiagnosticsNegativeTest-1639145542', 'tenant_id': '4c6db560b33e4c7295cb064407300bf3', 'tenant_name': 'tempest-ServerDiagnosticsNegativeTest-1639145542', 'user_domain_id': 'default', 'user_domain_name': 'Default', 'user_id': '1a36eebded434852a47d1c5812769c44', 'system': None}, Network: None, Subnet: None, Router: None
2025-04-03 07:39:20.782 68985 INFO tempest.lib.common.rest_client [req-d5bc57b5-eb1c-44c8-8635-cb137ac2e550 req-d5bc57b5-eb1c-44c8-8635-cb137ac2e550 ] Request (ServerDiagnosticsNegativeTest:setUpClass): 201 POST http://10.180.1.21/identity/v3/auth/tokens 0.077s
2025-04-03 07:39:20.805 68981 INFO tempest.lib.common.rest_client [req-5996aaad-cbb1-48ec-b8d1-3d1eda1f940f req-5996aaad-cbb1-48ec-b8d1-3d1eda1f940f ] Request (ServerActionsTestJSON:setUpClass): 201 POST http://10.180.1.21:9696/networking/v2.0/floatingips 1.943s
2025-04-03 07:39:20.876 68985 INFO tempest.lib.common.rest_client [req-8e1e3f5c-9ad4-47c2-9814-492d4d13ec35 req-8e1e3f5c-9ad4-47c2-9814-492d4d13ec35 ] Request (ServerDiagnosticsNegativeTest:setUpClass): 201 POST http://10.180.1.21/identity/v3/projects 0.093s
2025-04-03 07:39:20.884 68981 INFO tempest.lib.common.rest_client [req-7b8f10a1-8218-4c5c-b140-e19d84c14bf1 req-7b8f10a1-8218-4c5c-b140-e19d84c14bf1 ] Request (ServerActionsTestJSON:setUpClass): 201 POST http://10.180.1.21/identity/v3/auth/tokens 0.077s
2025-04-03 07:39:20.885 68981 INFO tempest.lib.common.fixed_network [-] (ServerActionsTestJSON:setUpClass) Found network {'id': 'f9a63015-86ed-4901-a7fb-86d68079efbb', 'name': 'tempest-ServerActionsTestJSON-207226257-network', 'tenant_id': '86b7a180a3564cca955c100cbbdbd51e', 'admin_state_up': True, 'mtu': 8950, 'status': 'ACTIVE', 'subnets': [], 'shared': False, 'project_id': '86b7a180a3564cca955c100cbbdbd51e', 'port_security_enabled': True, 'router:external': False, 'provider:network_type': 'vlan', 'provider:physical_network': 'default', 'provider:segmentation_id': 753, 'availability_zone_hints': [], 'availability_zones': [], 'ipv4_address_scope': None, 'ipv6_address_scope': None, 'description': '', 'tags': [], 'created_at': '2025-04-03T07:39:06Z', 'updated_at': '2025-04-03T07:39:07Z', 'revision_number': 1} available for tenant
2025-04-03 07:39:20.957 69033 INFO tempest.lib.common.rest_client [req-2e20e44c-79e3-4393-bc86-6f49a8e2ad11 req-2e20e44c-79e3-4393-bc86-6f49a8e2ad11 ] Request (SecurityGroupsTestJSON:test_list_security_groups_by_server): 200 POST http://10.180.1.21/compute/v2.1/os-security-groups 3.361s
2025-04-03 07:39:20.958 68985 INFO tempest.lib.common.rest_client [req-4762422f-0f61-46a8-b383-9f47ae2b9bb0 req-4762422f-0f61-46a8-b383-9f47ae2b9bb0 ] Request (ServerDiagnosticsNegativeTest:setUpClass): 201 POST http://10.180.1.21/identity/v3/users 0.082s
2025-04-03 07:39:20.991 68985 INFO tempest.lib.common.rest_client [req-9375fdde-7078-4b0b-8454-a259455756c6 req-9375fdde-7078-4b0b-8454-a259455756c6 ] Request (ServerDiagnosticsNegativeTest:setUpClass): 200 GET http://10.180.1.21/identity/v3/roles 0.032s
2025-04-03 07:39:21.033 68985 INFO tempest.lib.common.rest_client [req-2a01b444-c703-42fd-bffb-439dabaa5431 req-2a01b444-c703-42fd-bffb-439dabaa5431 ] Request (ServerDiagnosticsNegativeTest:setUpClass): 204 PUT http://10.180.1.21/identity/v3/projects/8779c9b4bec14daa9aa7804303a5c0c5/users/8aced92b9a284fcabcae4fa588b63fc2/roles/4e3736bdcbde42e4bb3b3e824f0135c5 0.042s
2025-04-03 07:39:21.034 68995 INFO tempest.lib.common.rest_client [req-0077493b-f04e-4e35-9d82-c409a84c6484 req-0077493b-f04e-4e35-9d82-c409a84c6484 ] Request (ImagesNegativeTestJSON:setUpClass): 201 POST http://10.180.1.21:9696/networking/v2.0/subnets 0.529s
2025-04-03 07:39:21.091 68985 INFO tempest.lib.common.rest_client [req-a02d1ad5-c41f-4a87-b35d-1ebae47c4913 req-a02d1ad5-c41f-4a87-b35d-1ebae47c4913 ] Request (ServerDiagnosticsNegativeTest:setUpClass): 200 GET http://10.180.1.21/identity/v3/roles 0.057s
2025-04-03 07:39:21.098 68979 INFO tempest.lib.common.rest_client [req-d54703d6-0d37-4189-99a4-761a4e08d37b req-d54703d6-0d37-4189-99a4-761a4e08d37b ] Request (TenantUsagesNegativeTestJSON:tearDownClass): 204 DELETE http://10.180.1.21:9696/networking/v2.0/security-groups/8ceff1ae-a6bc-426c-92b9-d1919c5cd8d5 0.448s
2025-04-03 07:39:21.100 69029 INFO tempest.lib.common.rest_client [req-34d4ba6d-05f0-4b22-a9d2-45074d8f528c req-34d4ba6d-05f0-4b22-a9d2-45074d8f528c ] Request (SecurityGroupRulesTestJSON:test_security_group_rules_list): 200 POST http://10.180.1.21/compute/v2.1/os-security-group-rules 2.544s
2025-04-03 07:39:21.130 69041 INFO tempest.lib.common.rest_client [req-81801c31-87ee-4a09-bdd6-d2b445f2a908 req-81801c31-87ee-4a09-bdd6-d2b445f2a908 ] Request (ImagesMetadataNegativeTestJSON:test_list_nonexistent_image_metadata): 404 GET http://10.180.1.21/compute/v2.1/images/147220c5-f43b-4a42-b397-d5a1e2cfd973/metadata 2.239s
2025-04-03 07:39:21.131 68985 INFO tempest.lib.common.rest_client [req-4d11a8af-5b5f-4893-8b83-e0d4c862bf27 req-4d11a8af-5b5f-4893-8b83-e0d4c862bf27 ] Request (ServerDiagnosticsNegativeTest:setUpClass): 204 PUT http://10.180.1.21/identity/v3/projects/8779c9b4bec14daa9aa7804303a5c0c5/users/8aced92b9a284fcabcae4fa588b63fc2/roles/4e3736bdcbde42e4bb3b3e824f0135c5 0.040s
2025-04-03 07:39:21.132 68985 INFO tempest.lib.common.dynamic_creds [-] Dynamic test user 8aced92b9a284fcabcae4fa588b63fc2 is created with scope project and roles: ['admin']
2025-04-03 07:39:21.132 68985 INFO tempest.lib.common.dynamic_creds [-] Acquired dynamic creds: credentials: Credentials: {'domain_id': 'default', 'domain_name': 'Default', 'username': 'tempest-ServerDiagnosticsNegativeTest-652026639-project-admin', 'project_domain_id': 'default', 'project_domain_name': 'Default', 'project_id': '8779c9b4bec14daa9aa7804303a5c0c5', 'project_name': 'tempest-ServerDiagnosticsNegativeTest-652026639', 'tenant_id': '8779c9b4bec14daa9aa7804303a5c0c5', 'tenant_name': 'tempest-ServerDiagnosticsNegativeTest-652026639', 'user_domain_id': 'default', 'user_domain_name': 'Default', 'user_id': '8aced92b9a284fcabcae4fa588b63fc2', 'system': None}, Network: None, Subnet: None, Router: None
2025-04-03 07:39:21.132 68985 INFO tempest.lib.common.dynamic_creds [-] Created isolated network resources for: credentials: Credentials: {'domain_id': 'default', 'domain_name': 'Default', 'username': 'tempest-ServerDiagnosticsNegativeTest-652026639-project-admin', 'project_domain_id': 'default', 'project_domain_name': 'Default', 'project_id': '8779c9b4bec14daa9aa7804303a5c0c5', 'project_name': 'tempest-ServerDiagnosticsNegativeTest-652026639', 'tenant_id': '8779c9b4bec14daa9aa7804303a5c0c5', 'tenant_name': 'tempest-ServerDiagnosticsNegativeTest-652026639', 'user_domain_id': 'default', 'user_domain_name': 'Default', 'user_id': '8aced92b9a284fcabcae4fa588b63fc2', 'system': None}, Network: None, Subnet: None, Router: None
2025-04-03 07:39:21.168 69013 INFO tempest.lib.common.rest_client [req-91121ff2-6113-4fe7-9a28-2fe6dec41ec6 req-91121ff2-6113-4fe7-9a28-2fe6dec41ec6 ] Request (ListImageFiltersTestJSON:setUpClass): 200 GET http://10.180.1.21/compute/v2.1/images/5a67c6d6-9d05-459a-ad35-29c7c8f655f2 2.226s
2025-04-03 07:39:21.192 68989 INFO tempest.lib.common.rest_client [req-8795e62a-7f7f-46ea-9026-97cd68c66aae req-8795e62a-7f7f-46ea-9026-97cd68c66aae ] Request (AggregatesAdminNegativeTestJSON:test_aggregate_create_with_existent_aggregate_name): 409 POST http://10.180.1.21/compute/v2.1/os-aggregates 2.223s
2025-04-03 07:39:21.200 68979 INFO tempest.lib.common.rest_client [req-75748dbd-0d5d-4647-8f0d-7b3ac85b5eb9 req-75748dbd-0d5d-4647-8f0d-7b3ac85b5eb9 ] Request (TenantUsagesNegativeTestJSON:tearDownClass): 204 DELETE http://10.180.1.21/identity/v3/projects/885bd45d21a34c9da5836027931c6f63 0.102s
2025-04-03 07:39:21.226 68993 INFO tempest.lib.common.rest_client [req-027f4826-5a7f-4bcd-9c73-ed0124a58438 req-027f4826-5a7f-4bcd-9c73-ed0124a58438 ] Request (ServerActionsV293TestJSON:setUpClass): 202 POST http://10.180.1.21/volume/v3/volumes 0.968s
2025-04-03 07:39:21.280 68985 INFO tempest.lib.common.rest_client [req-0dcdfe77-9e1b-4e6b-bb0b-fe8b1707ce4a req-0dcdfe77-9e1b-4e6b-bb0b-fe8b1707ce4a ] Request (ServerDiagnosticsNegativeTest:setUpClass): 201 POST http://10.180.1.21/identity/v3/auth/tokens 0.143s
2025-04-03 07:39:21.290 68993 INFO tempest.lib.common.rest_client [req-2fc5c57f-bdb0-4e54-8e26-ff8ddec1783b req-2fc5c57f-bdb0-4e54-8e26-ff8ddec1783b ] Request (ServerActionsV293TestJSON:setUpClass): 200 GET http://10.180.1.21/volume/v3/volumes/73c1fb06-0735-431b-9907-1bf4e5f37d62 0.050s
2025-04-03 07:39:21.291 68979 INFO tempest.lib.common.rest_client [req-16fa9d47-5571-45c5-bfcf-69e5c2aae820 req-16fa9d47-5571-45c5-bfcf-69e5c2aae820 ] Request (FloatingIPsAssociationNegativeTestJSON:setUpClass): 201 POST http://10.180.1.21/identity/v3/auth/tokens 0.088s
2025-04-03 07:39:21.345 68985 INFO tempest.lib.common.rest_client [req-b9c7b95b-8591-46ea-84a5-91c3c4cf5526 req-b9c7b95b-8591-46ea-84a5-91c3c4cf5526 ] Request (ServerDiagnosticsNegativeTest:test_get_server_diagnostics_by_non_admin): 201 POST http://10.180.1.21/identity/v3/auth/tokens 0.060s
2025-04-03 07:39:21.345 68985 INFO tempest.lib.common.fixed_network [-] (ServerDiagnosticsNegativeTest:test_get_server_diagnostics_by_non_admin) Found network None available for tenant
2025-04-03 07:39:21.373 68979 INFO tempest.lib.common.rest_client [req-e6ce9b64-8fbc-4761-bf72-00ce255b144d req-e6ce9b64-8fbc-4761-bf72-00ce255b144d ] Request (FloatingIPsAssociationNegativeTestJSON:setUpClass): 201 POST http://10.180.1.21/identity/v3/auth/tokens 0.080s
2025-04-03 07:39:21.403 68979 INFO tempest.lib.common.rest_client [req-fa53e8e6-11e2-408e-b924-40018700532c req-fa53e8e6-11e2-408e-b924-40018700532c ] Request (FloatingIPsAssociationNegativeTestJSON:setUpClass): 200 GET http://10.180.1.21/identity/v3/domains?name=Default 0.029s
2025-04-03 07:39:21.465 68979 INFO tempest.lib.common.rest_client [req-0f44d7e2-8aa0-42e3-aa6a-3bd02c2a3f1b req-0f44d7e2-8aa0-42e3-aa6a-3bd02c2a3f1b ] Request (FloatingIPsAssociationNegativeTestJSON:setUpClass): 201 POST http://10.180.1.21/identity/v3/projects 0.061s
2025-04-03 07:39:21.470 69023 INFO tempest.lib.common.rest_client [req-01ac3279-699c-4f4d-9531-60444cf3ded6 req-01ac3279-699c-4f4d-9531-60444cf3ded6 ] Request (ServerExternalEventsTest:test_create_server_external_events): 200 GET http://10.180.1.21/compute/v2.1/servers/9e8f21f5-5332-4543-91e7-b1f5057f16d6 2.725s
2025-04-03 07:39:21.536 68979 INFO tempest.lib.common.rest_client [req-a5e9ed81-8d41-480b-ab30-41d7db8714bd req-a5e9ed81-8d41-480b-ab30-41d7db8714bd ] Request (FloatingIPsAssociationNegativeTestJSON:setUpClass): 201 POST http://10.180.1.21/identity/v3/users 0.070s
2025-04-03 07:39:21.622 68979 INFO tempest.lib.common.rest_client [req-be0e313d-1e26-4c74-8fa9-9628c6fe1b25 req-be0e313d-1e26-4c74-8fa9-9628c6fe1b25 ] Request (FloatingIPsAssociationNegativeTestJSON:setUpClass): 200 GET http://10.180.1.21/identity/v3/roles 0.086s
2025-04-03 07:39:21.643 69013 INFO tempest.lib.common.rest_client [req-c21d8dc4-2e03-4603-9315-b8bcfe6a37a8 req-c21d8dc4-2e03-4603-9315-b8bcfe6a37a8 ] Request (ListImageFiltersTestJSON:setUpClass): 201 POST http://10.180.1.21/image/v2/images 0.466s
2025-04-03 07:39:21.661 69039 INFO tempest.lib.common.rest_client [req-ea925170-2018-4dad-99ef-fc6fe2b6c235 req-ea925170-2018-4dad-99ef-fc6fe2b6c235 ] Request (ServerDiagnosticsTest:tearDownClass): 200 GET http://10.180.1.21/compute/v2.1/servers/62b574b2-52da-4288-a48f-42c99825127a 2.535s
2025-04-03 07:39:21.677 68979 INFO tempest.lib.common.rest_client [req-4c981a1d-d4fb-4b70-b28c-50178433fcf3 req-4c981a1d-d4fb-4b70-b28c-50178433fcf3 ] Request (FloatingIPsAssociationNegativeTestJSON:setUpClass): 204 PUT http://10.180.1.21/identity/v3/projects/1a9e32b7ee9640959e02c772803899d8/users/9cbad08f40b0402b808dcea6b8be1d0d/roles/5eb98e3548d9448a9cd90011429d6ee0 0.054s
