2025-04-17 04:50:01.736 68617 INFO tempest.lib.common.rest_client [req-69579b0c-1621-4059-a2ff-9f3aacfeba7d req-69579b0c-1621-4059-a2ff-9f3aacfeba7d ] Request (ServersTestBootFromVolume:setUpClass): 200 GET http://10.180.1.21/compute/v2.1/servers/9ab68d2f-1a57-465d-8f18-bb3a81946499 0.702s
2025-04-17 04:50:01.777 68561 INFO tempest.lib.common.rest_client [req-f357c323-2d02-43d0-93a0-d54851d1c35d req-f357c323-2d02-43d0-93a0-d54851d1c35d ] Request (ImagesDeleteNegativeTestJSON:tearDownClass): 201 POST http://10.180.1.21/identity/v3/auth/tokens 0.062s
2025-04-17 04:50:01.793 68611 INFO tempest.lib.common.rest_client [req-2e92a8d2-626c-4f52-a8a0-0470b789953f req-2e92a8d2-626c-4f52-a8a0-0470b789953f ] Request (AttachInterfacesUnderV243Test:test_add_remove_fixed_ip): 200 GET http://10.180.1.21/compute/v2.1/servers/25eddb82-c2b3-499f-afe0-5141b4624342 0.852s
2025-04-17 04:50:01.968 68585 INFO tempest.lib.common.rest_client [req-9abdc2b5-56bb-406b-bef4-18a8857a69c5 req-9abdc2b5-56bb-406b-bef4-18a8857a69c5 ] Request (MultipleCreateTestJSON:test_multiple_create): 200 GET http://10.180.1.21/compute/v2.1/servers/3653a48c-6da3-488a-9b7c-b722032e71ce 0.815s
2025-04-17 04:50:02.007 68603 INFO tempest.lib.common.rest_client [req-f39131f6-7f29-4f56-b0e2-a252dc31dbbb req-f39131f6-7f29-4f56-b0e2-a252dc31dbbb ] Request (SecurityGroupsTestAdminJSON:_run_cleanups): 202 DELETE http://10.180.1.21/compute/v2.1/os-security-groups/d652c65a-cfde-4316-b4ce-089e5de2daac 0.807s
2025-04-17 04:50:02.029 68561 INFO tempest.lib.common.rest_client [req-4e93afce-1a72-481d-8f98-ad07da28ae44 req-4e93afce-1a72-481d-8f98-ad07da28ae44 ] Request (ImagesDeleteNegativeTestJSON:tearDownClass): 200 GET http://10.180.1.21:9696/networking/v2.0/security-groups?tenant_id=c6c2789b8f414e1c9c5e13cae75779bf&name=default 0.251s
2025-04-17 04:50:02.047 68621 INFO tempest.lib.common.rest_client [req-c265083c-6901-4b7f-9985-9efcf336a2e7 req-c265083c-6901-4b7f-9985-9efcf336a2e7 ] Request (DeleteServersTestJSON:test_delete_active_server): 200 GET http://10.180.1.21/compute/v2.1/servers/8be63333-3269-4158-8476-a3032a185131 0.828s
2025-04-17 04:50:02.067 68591 INFO tempest.lib.common.rest_client [req-ad4409ff-2402-4a4c-beec-d293550362ff req-ad4409ff-2402-4a4c-beec-d293550362ff ] Request (DeleteServersAdminTestJSON:test_delete_server_while_in_error_state): 200 GET http://10.180.1.21/compute/v2.1/servers/ac165200-e27f-4d58-83db-419b21a80862 0.837s
2025-04-17 04:50:02.073 68595 INFO tempest.lib.common.rest_client [req-60b09c80-466d-450f-86e5-25a40e1f83b4 req-60b09c80-466d-450f-86e5-25a40e1f83b4 ] Request (FlavorsExtraSpecsNegativeTestJSON:test_flavor_non_admin_unset_keys): 403 DELETE http://10.180.1.21/compute/v2.1/flavors/765259735/os-extra_specs/hw:numa_nodes 0.764s
2025-04-17 04:50:02.101 68563 INFO tempest.lib.common.rest_client [req-f1fdccd5-ce6a-463f-9d0c-f9c2116211b3 req-f1fdccd5-ce6a-463f-9d0c-f9c2116211b3 ] Request (FloatingIPsAssociationTestJSON:setUpClass): 200 GET http://10.180.1.21/compute/v2.1/servers/5667b56a-9abd-4e9d-83cf-04be5c8ddbb0 0.808s
2025-04-17 04:50:02.139 68623 INFO tempest.lib.common.rest_client [req-a6cab69f-fe24-4522-8038-0c6162a79fb4 req-a6cab69f-fe24-4522-8038-0c6162a79fb4 ] Request (ServerDiagnosticsV248Test:test_get_server_diagnostics): 200 GET http://10.180.1.21/compute/v2.1/servers/13b2d77c-448b-4558-b5ef-005064806213 0.778s
2025-04-17 04:50:02.157 68599 INFO tempest.lib.common.rest_client [req-a9889cae-f47f-48b6-8fe6-c68d1f9fa0a3 req-a9889cae-f47f-48b6-8fe6-c68d1f9fa0a3 ] Request (FlavorsAdminTestJSON:_run_cleanups): 202 DELETE http://10.180.1.21/compute/v2.1/flavors/596986045 0.547s
2025-04-17 04:50:02.164 68619 INFO tempest.lib.common.rest_client [req-729614af-843b-49ed-b8a8-9b4f45f10219 req-729614af-843b-49ed-b8a8-9b4f45f10219 ] Request (ServerActionsTestOtherA:setUpClass): 200 GET http://10.180.1.21/compute/v2.1/servers/3289ea9a-950e-4baa-8423-c00250207ef9 0.750s
2025-04-17 04:50:02.202 68561 INFO tempest.lib.common.rest_client [req-edb52f0a-85e5-43a1-9553-6e33161f1253 req-edb52f0a-85e5-43a1-9553-6e33161f1253 ] Request (ImagesDeleteNegativeTestJSON:tearDownClass): 204 DELETE http://10.180.1.21:9696/networking/v2.0/security-groups/f62506e2-6a4c-481a-9b7d-083efa782cca 0.173s
2025-04-17 04:50:02.207 68579 INFO tempest.lib.common.rest_client [req-ad2ed079-c938-4510-a1fd-4a06142b75a3 req-ad2ed079-c938-4510-a1fd-4a06142b75a3 ] Request (TenantUsagesTestJSON:setUpClass): 200 GET http://10.180.1.21/compute/v2.1/servers/81731456-9c86-4e6f-ae95-7b7455f322d4 0.561s
2025-04-17 04:50:02.269 68565 INFO tempest.lib.common.rest_client [req-d630d4e7-da41-4f78-80e4-24dc94fbfc1b req-d630d4e7-da41-4f78-80e4-24dc94fbfc1b ] Request (AttachInterfacesTestJSON:test_create_list_show_delete_interfaces_by_fixed_ip): 200 GET http://10.180.1.21/compute/v2.1/servers/fd2ab355-0a3a-4a65-9f10-4ea3ba40dc28 0.388s
2025-04-17 04:50:02.302 68561 INFO tempest.lib.common.rest_client [req-27044478-637f-42b4-aefa-46984e55c6a9 req-27044478-637f-42b4-aefa-46984e55c6a9 ] Request (ImagesDeleteNegativeTestJSON:tearDownClass): 204 DELETE http://10.180.1.21/identity/v3/projects/c6c2789b8f414e1c9c5e13cae75779bf 0.099s
2025-04-17 04:50:02.342 68583 INFO tempest.lib.common.rest_client [req-1dff0d4e-4eee-493d-a10b-3b0d9e9408d2 req-1dff0d4e-4eee-493d-a10b-3b0d9e9408d2 ] Request (ImagesOneServerTestJSON:setUpClass): 200 GET http://10.180.1.21/compute/v2.1/servers/167d0f09-4566-46f2-ab98-2acbc5810ce4 0.562s
2025-04-17 04:50:02.461 68575 INFO tempest.lib.common.rest_client [req-c4d8b99d-6ccf-40ef-bbcf-9bdbd8ce7263 req-c4d8b99d-6ccf-40ef-bbcf-9bdbd8ce7263 ] Request (ServersWithSpecificFlavorTestJSON:test_verify_created_server_ephemeral_disk): 200 GET http://10.180.1.21/compute/v2.1/servers/97cb5db2-5a4a-4a17-afde-3af1c15ae733 0.462s
2025-04-17 04:50:02.487 68607 INFO tempest.lib.common.rest_client [req-40697010-12ad-41b3-b60f-0440065f5bb3 req-40697010-12ad-41b3-b60f-0440065f5bb3 ] Request (ServersNegativeTestJSON:setUpClass): 201 POST http://10.180.1.21:9696/networking/v2.0/routers 1.083s
2025-04-17 04:50:02.488 68603 INFO tempest.lib.common.rest_client [req-b903e3a3-4c36-4376-942d-622743ef2ca7 req-b903e3a3-4c36-4376-942d-622743ef2ca7 ] Request (SecurityGroupsTestAdminJSON:_run_cleanups): 202 DELETE http://10.180.1.21/compute/v2.1/os-security-groups/50f900ad-2cfa-4231-bba5-019321d8a790 0.481s
2025-04-17 04:50:02.514 68595 INFO tempest.lib.common.rest_client [req-546c46d1-8b54-489b-a43b-ce7f4c615c7e req-546c46d1-8b54-489b-a43b-ce7f4c615c7e ] Request (FlavorsExtraSpecsNegativeTestJSON:test_flavor_non_admin_update_specific_key): 200 POST http://10.180.1.21/compute/v2.1/flavors/765259735/os-extra_specs 0.439s
2025-04-17 04:50:02.517 68571 INFO tempest.lib.common.rest_client [req-26462e98-5c07-452f-9e12-e0706bc694c1 req-26462e98-5c07-452f-9e12-e0706bc694c1 ] Request (VolumesAdminNegativeTest:test_update_attached_volume_with_nonexistent_volume_in_body): 200 GET http://10.180.1.21/compute/v2.1/servers/35669e1a-cb77-42be-9e1d-7300ea872d5f 0.448s
2025-04-17 04:50:02.567 68569 INFO tempest.lib.common.rest_client [req-ce7acc03-64fd-432c-adea-04b5cf899409 req-ce7acc03-64fd-432c-adea-04b5cf899409 ] Request (InstanceActionsV221TestJSON:test_get_list_deleted_instance_actions): 200 GET http://10.180.1.21/compute/v2.1/servers/157e19df-fe8f-4287-9c5a-03eefdf05aa4 0.461s
2025-04-17 04:50:02.581 68599 INFO tempest.lib.common.rest_client [req-c84b5d73-45cb-4f92-ba39-44e5bc3b3445 req-c84b5d73-45cb-4f92-ba39-44e5bc3b3445 ] Request (FlavorsAdminTestJSON:_run_cleanups): 200 GET http://10.180.1.21/compute/v2.1/flavors/detail 0.424s
2025-04-17 04:50:02.589 68573 INFO tempest.lib.common.rest_client [req-a4d12e99-bda3-407c-be6e-85b3c1db613a req-a4d12e99-bda3-407c-be6e-85b3c1db613a ] Request (ServerMetadataNegativeTestJSON:setUpClass): 200 GET http://10.180.1.21/compute/v2.1/servers/3bc646fe-4a97-4fff-a5ae-54b62a292c21 0.436s
2025-04-17 04:50:02.646 68587 INFO tempest.lib.common.rest_client [req-10ed6c82-0400-4b78-a63a-6f26920236a8 req-10ed6c82-0400-4b78-a63a-6f26920236a8 ] Request (ServersV294TestFqdnHostnames:setUpClass): 200 GET http://10.180.1.21/compute/v2.1/servers/a4fed27d-e797-42d1-b738-8f24ebd708ac 0.420s
2025-04-17 04:50:02.648 68615 INFO tempest.lib.common.rest_client [req-1b5c4dc9-304b-4a5e-a701-9f454c505e57 req-1b5c4dc9-304b-4a5e-a701-9f454c505e57 ] Request (ImagesTestJSON:test_create_image_from_stopped_server): 200 GET http://10.180.1.21/compute/v2.1/servers/2b30ba17-99e9-44bc-bd78-73fe5d6cab05 0.359s
2025-04-17 04:50:02.797 68577 INFO tempest.lib.common.rest_client [req-b77d7abd-7478-441f-8c2f-970aeebee075 req-b77d7abd-7478-441f-8c2f-970aeebee075 ] Request (FloatingIPsAssociationNegativeTestJSON:setUpClass): 200 GET http://10.180.1.21/compute/v2.1/servers/42977331-21c5-4169-889f-37dfbb10b6ef 0.371s
2025-04-17 04:50:02.798 68581 INFO tempest.lib.common.rest_client [req-f99ea7d2-a627-404d-8edf-d588930c203b req-f99ea7d2-a627-404d-8edf-d588930c203b ] Request (MigrationsAdminTest:test_list_migrations_in_flavor_resize_situation): 200 GET http://10.180.1.21/compute/v2.1/servers/9cda9e61-a903-4156-b797-121d7142c021 0.363s
2025-04-17 04:50:02.883 68609 INFO tempest.lib.common.rest_client [req-6eb7923c-0100-466b-a202-29a70ce0fbe6 req-6eb7923c-0100-466b-a202-29a70ce0fbe6 ] Request (VolumesAssistedSnapshotsTest:test_volume_assisted_snapshot_create_delete): 200 GET http://10.180.1.21/compute/v2.1/servers/85d9f1dc-0d1e-44e0-92cc-7d7511acb786 0.392s
2025-04-17 04:50:02.890 68595 INFO tempest.lib.common.rest_client [req-b829165a-db59-4a28-b1fb-f59b06b0a8c7 req-b829165a-db59-4a28-b1fb-f59b06b0a8c7 ] Request (FlavorsExtraSpecsNegativeTestJSON:test_flavor_non_admin_update_specific_key): 403 PUT http://10.180.1.21/compute/v2.1/flavors/765259735/os-extra_specs/hw:numa_nodes 0.375s
2025-04-17 04:50:02.942 68603 INFO tempest.lib.common.rest_client [req-fffd465a-da78-4cb8-9407-eecb265bb63e req-fffd465a-da78-4cb8-9407-eecb265bb63e ] Request (SecurityGroupsTestAdminJSON:_run_cleanups): 202 DELETE http://10.180.1.21/compute/v2.1/os-security-groups/eb046744-9541-435a-b8a1-28e72e741794 0.454s
2025-04-17 04:50:02.950 68605 INFO tempest.lib.common.rest_client [req-262cd954-807a-4067-bb7b-6d8928ae7141 req-262cd954-807a-4067-bb7b-6d8928ae7141 ] Request (ListImageFiltersTestJSON:setUpClass): 200 GET http://10.180.1.21/compute/v2.1/servers/ada46260-9977-4009-a4f1-c08f2222b6e8 0.409s
2025-04-17 04:50:02.969 68599 INFO tempest.lib.common.rest_client [req-b366e69e-caf1-4392-8b43-d0fc0e4ebd58 req-b366e69e-caf1-4392-8b43-d0fc0e4ebd58 ] Request (FlavorsAdminTestJSON:test_list_public_flavor_with_other_user): 200 POST http://10.180.1.21/compute/v2.1/flavors 0.378s
2025-04-17 04:50:03.033 68597 INFO tempest.lib.common.rest_client [req-4ac5c572-8d53-4cc4-b06b-d3074f37fb98 req-4ac5c572-8d53-4cc4-b06b-d3074f37fb98 ] Request (ServerDiskConfigTestJSON:test_rebuild_server_with_auto_disk_config): 200 GET http://10.180.1.21/compute/v2.1/servers/9170a530-958f-46ec-a36c-d19baac1869c 0.440s
2025-04-17 04:50:03.093 68601 INFO tempest.lib.common.rest_client [req-4f899945-f629-4e61-9444-89f112046175 req-4f899945-f629-4e61-9444-89f112046175 ] Request (ImagesNegativeTestJSON:test_create_image_from_deleted_server): 200 GET http://10.180.1.21/compute/v2.1/servers/b081435b-64e1-4baa-a634-a2f22a3d9a29 0.490s
2025-04-17 04:50:03.100 68589 INFO tempest.lib.common.rest_client [req-a930b9d0-084b-42c1-a1a9-9882ab81b103 req-a930b9d0-084b-42c1-a1a9-9882ab81b103 ] Request (ServerDiagnosticsTest:test_get_server_diagnostics): 200 GET http://10.180.1.21/compute/v2.1/servers/c2cb0b72-896b-46c6-bb41-90cded35468b 0.541s
2025-04-17 04:50:03.100 68603 INFO tempest.lib.common.rest_client [req-c938b45e-4e50-4a23-bfbc-12e9e9f3abd0 req-c938b45e-4e50-4a23-bfbc-12e9e9f3abd0 ] Request (SecurityGroupsTestAdminJSON:tearDownClass): 204 DELETE http://10.180.1.21/identity/v3/users/c4410ee956c640fea0d2f310168473e1 0.157s
2025-04-17 04:50:03.163 68567 INFO tempest.lib.common.rest_client [req-ebb40973-eaa2-49c2-bdb3-0c31fedb9549 req-ebb40973-eaa2-49c2-bdb3-0c31fedb9549 ] Request (ServersAaction247Test:test_create_backup): 200 GET http://10.180.1.21/compute/v2.1/servers/650fcdae-dc95-4191-9696-3b6f004bdb62 0.477s
2025-04-17 04:50:03.185 68617 INFO tempest.lib.common.rest_client [req-6875c7e6-a48f-4e7f-ae22-53985a6246a3 req-6875c7e6-a48f-4e7f-ae22-53985a6246a3 ] Request (ServersTestBootFromVolume:setUpClass): 200 GET http://10.180.1.21/compute/v2.1/servers/9ab68d2f-1a57-465d-8f18-bb3a81946499 0.439s
2025-04-17 04:50:03.202 68595 INFO tempest.lib.common.rest_client [req-c64e8a12-d5a9-4edc-8b67-098c7f1bd894 req-c64e8a12-d5a9-4edc-8b67-098c7f1bd894 ] Request (FlavorsExtraSpecsNegativeTestJSON:test_flavor_unset_nonexistent_key): 404 DELETE http://10.180.1.21/compute/v2.1/flavors/765259735/os-extra_specs/hw:cpu_thread_policy 0.310s
2025-04-17 04:50:03.219 68599 INFO tempest.lib.common.rest_client [req-b587c735-d3da-45e9-b124-fd6c89eecd76 req-b587c735-d3da-45e9-b124-fd6c89eecd76 ] Request (FlavorsAdminTestJSON:test_list_public_flavor_with_other_user): 200 GET http://10.180.1.21/compute/v2.1/flavors/detail 0.246s
2025-04-17 04:50:03.233 68603 INFO tempest.lib.common.rest_client [req-d6efb103-b13c-4639-a3d6-8a757876cb9a req-d6efb103-b13c-4639-a3d6-8a757876cb9a ] Request (SecurityGroupsTestAdminJSON:tearDownClass): 204 DELETE http://10.180.1.21/identity/v3/users/d27dd2e017cd4781a95e12abb250c741 0.132s
2025-04-17 04:50:03.233 68603 INFO tempest.lib.common.dynamic_creds [-] Deleting project and security group for project: d99c255c9cd14a6095d6b00e7e2a0715
2025-04-17 04:50:03.305 68611 INFO tempest.lib.common.rest_client [req-5024a182-da5d-4ab7-b8b6-623e37688833 req-5024a182-da5d-4ab7-b8b6-623e37688833 ] Request (AttachInterfacesUnderV243Test:test_add_remove_fixed_ip): 200 GET http://10.180.1.21/compute/v2.1/servers/25eddb82-c2b3-499f-afe0-5141b4624342 0.496s
2025-04-17 04:50:03.321 68603 INFO tempest.lib.common.rest_client [req-7227f93a-b0c7-42de-a82f-97b5571c0463 req-7227f93a-b0c7-42de-a82f-97b5571c0463 ] Request (SecurityGroupsTestAdminJSON:tearDownClass): 201 POST http://10.180.1.21/identity/v3/auth/tokens 0.088s
2025-04-17 04:50:03.342 68585 INFO tempest.lib.common.rest_client [req-1739baeb-a654-448f-bea4-1f52eb622a4a req-1739baeb-a654-448f-bea4-1f52eb622a4a ] Request (MultipleCreateTestJSON:test_multiple_create): 200 GET http://10.180.1.21/compute/v2.1/servers/3653a48c-6da3-488a-9b7c-b722032e71ce 0.364s
2025-04-17 04:50:03.356 68621 INFO tempest.lib.common.rest_client [req-6135fdd8-ca00-435c-a8aa-017440fac730 req-6135fdd8-ca00-435c-a8aa-017440fac730 ] Request (DeleteServersTestJSON:test_delete_active_server): 200 GET http://10.180.1.21/compute/v2.1/servers/8be63333-3269-4158-8476-a3032a185131 0.296s
2025-04-17 04:50:03.399 68591 INFO tempest.lib.common.rest_client [req-1dedb52e-e669-44aa-9c2f-c4188556dd01 req-1dedb52e-e669-44aa-9c2f-c4188556dd01 ] Request (DeleteServersAdminTestJSON:test_delete_server_while_in_error_state): 200 GET http://10.180.1.21/compute/v2.1/servers/ac165200-e27f-4d58-83db-419b21a80862 0.322s
2025-04-17 04:50:03.426 68563 INFO tempest.lib.common.rest_client [req-ecab833d-8577-4364-a15d-73fd7211b791 req-ecab833d-8577-4364-a15d-73fd7211b791 ] Request (FloatingIPsAssociationTestJSON:setUpClass): 200 GET http://10.180.1.21/compute/v2.1/servers/5667b56a-9abd-4e9d-83cf-04be5c8ddbb0 0.307s
2025-04-17 04:50:03.436 68603 INFO tempest.lib.common.rest_client [req-f2675703-0eda-4558-8ee7-e546f7c386c8 req-f2675703-0eda-4558-8ee7-e546f7c386c8 ] Request (SecurityGroupsTestAdminJSON:tearDownClass): 200 GET http://10.180.1.21:9696/networking/v2.0/security-groups?tenant_id=d99c255c9cd14a6095d6b00e7e2a0715&name=default 0.114s
2025-04-17 04:50:03.485 68619 INFO tempest.lib.common.rest_client [req-830f4654-0a3e-4f85-b289-13f18ec2bd36 req-830f4654-0a3e-4f85-b289-13f18ec2bd36 ] Request (ServerActionsTestOtherA:setUpClass): 200 GET http://10.180.1.21/compute/v2.1/servers/3289ea9a-950e-4baa-8423-c00250207ef9 0.314s
2025-04-17 04:50:03.490 68623 INFO tempest.lib.common.rest_client [req-6b1b7c24-6225-4e7b-9af7-a2870d4d43e9 req-6b1b7c24-6225-4e7b-9af7-a2870d4d43e9 ] Request (ServerDiagnosticsV248Test:test_get_server_diagnostics): 200 GET http://10.180.1.21/compute/v2.1/servers/13b2d77c-448b-4558-b5ef-005064806213 0.342s
2025-04-17 04:50:03.496 68595 INFO tempest.lib.common.rest_client [req-a82b3466-fe28-4fec-8406-31efc674875b req-a82b3466-fe28-4fec-8406-31efc674875b ] Request (FlavorsExtraSpecsNegativeTestJSON:test_flavor_update_mismatch_key): 400 PUT http://10.180.1.21/compute/v2.1/flavors/765259735/os-extra_specs/hw:numa_nodes 0.290s
2025-04-17 04:50:03.515 68599 INFO tempest.lib.common.rest_client [req-d3b9f584-6ff9-4c81-b0d6-1d9eec0ed02c req-d3b9f584-6ff9-4c81-b0d6-1d9eec0ed02c ] Request (FlavorsAdminTestJSON:_run_cleanups): 202 DELETE http://10.180.1.21/compute/v2.1/flavors/314083078 0.290s
2025-04-17 04:50:03.557 68579 INFO tempest.lib.common.rest_client [req-55a88d70-0517-4662-986e-0ad5f62a2c35 req-55a88d70-0517-4662-986e-0ad5f62a2c35 ] Request (TenantUsagesTestJSON:setUpClass): 200 GET http://10.180.1.21/compute/v2.1/servers/81731456-9c86-4e6f-ae95-7b7455f322d4 0.340s
2025-04-17 04:50:03.575 68603 INFO tempest.lib.common.rest_client [req-c7c65947-90fa-4c31-a9f8-00fff7fcf905 req-c7c65947-90fa-4c31-a9f8-00fff7fcf905 ] Request (SecurityGroupsTestAdminJSON:tearDownClass): 204 DELETE http://10.180.1.21:9696/networking/v2.0/security-groups/e81822fb-0f4f-468f-9593-c2309ef50d38 0.139s
2025-04-17 04:50:03.578 68565 INFO tempest.lib.common.rest_client [req-0a5c4d25-ee0f-4b54-b63c-fbddf1b0c392 req-0a5c4d25-ee0f-4b54-b63c-fbddf1b0c392 ] Request (AttachInterfacesTestJSON:test_create_list_show_delete_interfaces_by_fixed_ip): 200 GET http://10.180.1.21/compute/v2.1/servers/fd2ab355-0a3a-4a65-9f10-4ea3ba40dc28 0.300s
2025-04-17 04:50:03.654 68603 INFO tempest.lib.common.rest_client [req-bc2831ac-1161-4508-8bcd-135313ad360a req-bc2831ac-1161-4508-8bcd-135313ad360a ] Request (SecurityGroupsTestAdminJSON:tearDownClass): 204 DELETE http://10.180.1.21/identity/v3/projects/d99c255c9cd14a6095d6b00e7e2a0715 0.077s
2025-04-17 04:50:03.654 68603 INFO tempest.lib.common.dynamic_creds [-] Deleting project and security group for project: ef6baf62266e4931b228d41938d429a3
2025-04-17 04:50:03.720 68607 INFO tempest.lib.common.rest_client [req-c85531fd-7e8c-46e5-9a54-cfd5b94c7905 req-c85531fd-7e8c-46e5-9a54-cfd5b94c7905 ] Request (ServersNegativeTestJSON:setUpClass): 200 PUT http://10.180.1.21:9696/networking/v2.0/routers/9105dcc1-99da-4f25-af15-b14d17187042/add_router_interface 1.232s
2025-04-17 04:50:03.720 68607 INFO tempest.lib.common.dynamic_creds [-] Created isolated network resources for: credentials: Credentials: {'domain_id': 'default', 'domain_name': 'Default', 'username': 'tempest-ServersNegativeTestJSON-1233658316-project-member', 'project_domain_id': 'default', 'project_domain_name': 'Default', 'project_id': '3001ae6201de49688c9cbe2ddaea7b74', 'project_name': 'tempest-ServersNegativeTestJSON-1233658316', 'tenant_id': '3001ae6201de49688c9cbe2ddaea7b74', 'tenant_name': 'tempest-ServersNegativeTestJSON-1233658316', 'user_domain_id': 'default', 'user_domain_name': 'Default', 'user_id': '38e2715bf61842fa8fe2698cfca3c544', 'system': None}, Network: {'id': '96442157-a297-47e8-b54e-d8c4d4c2d4ed', 'name': 'tempest-ServersNegativeTestJSON-2010145692-network', 'tenant_id': '3001ae6201de49688c9cbe2ddaea7b74', 'admin_state_up': True, 'mtu': 8950, 'status': 'ACTIVE', 'subnets': [], 'shared': False, 'project_id': '3001ae6201de49688c9cbe2ddaea7b74', 'port_security_enabled': True, 'router:external': False, 'provider:network_type': 'vlan', 'provider:physical_network': 'default', 'provider:segmentation_id': 471, 'is_default': False, 'availability_zone_hints': [], 'availability_zones': [], 'ipv4_address_scope': None, 'ipv6_address_scope': None, 'description': '', 'tags': [], 'created_at': '2025-04-17T04:50:01Z', 'updated_at': '2025-04-17T04:50:01Z', 'revision_number': 1}, Subnet: {'id': 'fdb5467a-d33b-4a04-8d93-cd3026bdedb6', 'name': 'tempest-ServersNegativeTestJSON-2010145692-subnet', 'tenant_id': '3001ae6201de49688c9cbe2ddaea7b74', 'network_id': '96442157-a297-47e8-b54e-d8c4d4c2d4ed', 'ip_version': 4, 'subnetpool_id': None, 'enable_dhcp': True, 'ipv6_ra_mode': None, 'ipv6_address_mode': None, 'gateway_ip': '192.168.128.1', 'cidr': '192.168.128.0/28', 'allocation_pools': [{'start': '192.168.128.2', 'end': '192.168.128.14'}], 'host_routes': [], 'dns_nameservers': [], 'description': '', 'service_types': [], 'tags': [], 'created_at': '2025-04-17T04:50:01Z', 'updated_at': '2025-04-17T04:50:01Z', 'revision_number': 0, 'project_id': '3001ae6201de49688c9cbe2ddaea7b74'}, Router: {'id': '9105dcc1-99da-4f25-af15-b14d17187042', 'name': 'tempest-ServersNegativeTestJSON-2010145692-router', 'tenant_id': '3001ae6201de49688c9cbe2ddaea7b74', 'admin_state_up': True, 'status': 'ACTIVE', 'external_gateway_info': {'network_id': '3abf66ba-a288-4245-965d-843bb0536b56', 'external_fixed_ips': [{'subnet_id': '20b85306-2924-4d2b-aab1-1c5c77beb839', 'ip_address': '10.180.180.192'}], 'enable_snat': True}, 'description': '', 'availability_zones': [], 'distributed': False, 'ha': False, 'availability_zone_hints': [], 'routes': [], 'flavor_id': None, 'tags': [], 'created_at': '2025-04-17T04:50:01Z', 'updated_at': '2025-04-17T04:50:02Z', 'revision_number': 2, 'project_id': '3001ae6201de49688c9cbe2ddaea7b74'}
2025-04-17 04:50:03.726 68603 INFO tempest.lib.common.rest_client [req-616597a5-dc12-4b9b-9c9b-5906c1cb7d4b req-616597a5-dc12-4b9b-9c9b-5906c1cb7d4b ] Request (SecurityGroupsTestAdminJSON:tearDownClass): 200 GET http://10.180.1.21:9696/networking/v2.0/security-groups?tenant_id=ef6baf62266e4931b228d41938d429a3&name=default 0.072s
2025-04-17 04:50:03.733 68583 INFO tempest.lib.common.rest_client [req-0968a886-f6c1-4a80-9fa7-8628bf94c9cb req-0968a886-f6c1-4a80-9fa7-8628bf94c9cb ] Request (ImagesOneServerTestJSON:setUpClass): 200 GET http://10.180.1.21/compute/v2.1/servers/167d0f09-4566-46f2-ab98-2acbc5810ce4 0.382s
2025-04-17 04:50:03.737 68595 INFO tempest.lib.common.rest_client [req-ff46be08-9590-4ecd-b53f-55b72761044e req-ff46be08-9590-4ecd-b53f-55b72761044e ] Request (FlavorsExtraSpecsNegativeTestJSON:test_flavor_update_more_key): 400 PUT http://10.180.1.21/compute/v2.1/flavors/765259735/os-extra_specs/hw:numa_nodes 0.237s
2025-04-17 04:50:03.738 68575 INFO tempest.lib.common.rest_client [req-f388727e-b7c7-4373-a40c-7e566353a228 req-f388727e-b7c7-4373-a40c-7e566353a228 ] Request (ServersWithSpecificFlavorTestJSON:test_verify_created_server_ephemeral_disk): 200 GET http://10.180.1.21/compute/v2.1/servers/97cb5db2-5a4a-4a17-afde-3af1c15ae733 0.267s
2025-04-17 04:50:03.755 68599 INFO tempest.lib.common.rest_client [req-0c277c07-f22e-4ed7-bbf0-dd052ee4998f req-0c277c07-f22e-4ed7-bbf0-dd052ee4998f ] Request (FlavorsAdminTestJSON:_run_cleanups): 200 GET http://10.180.1.21/compute/v2.1/flavors/detail 0.240s
2025-04-17 04:50:03.789 68571 INFO tempest.lib.common.rest_client [req-b5a4f841-a8de-4474-ae69-cf5e7b5cd48b req-b5a4f841-a8de-4474-ae69-cf5e7b5cd48b ] Request (VolumesAdminNegativeTest:test_update_attached_volume_with_nonexistent_volume_in_body): 200 GET http://10.180.1.21/compute/v2.1/servers/35669e1a-cb77-42be-9e1d-7300ea872d5f 0.262s
2025-04-17 04:50:03.798 68607 INFO tempest.lib.common.rest_client [req-6e6aebb3-f4a3-4645-8692-fb48551d3f8b req-6e6aebb3-f4a3-4645-8692-fb48551d3f8b ] Request (ServersNegativeTestJSON:setUpClass): 201 POST http://10.180.1.21/identity/v3/auth/tokens 0.074s
2025-04-17 04:50:03.813 68569 INFO tempest.lib.common.rest_client [req-4b4a9fc5-ab18-4a26-98f3-9fb353e85380 req-4b4a9fc5-ab18-4a26-98f3-9fb353e85380 ] Request (InstanceActionsV221TestJSON:test_get_list_deleted_instance_actions): 200 GET http://10.180.1.21/compute/v2.1/servers/157e19df-fe8f-4287-9c5a-03eefdf05aa4 0.235s
2025-04-17 04:50:03.832 68607 INFO tempest.lib.common.rest_client [req-1579c558-16bc-4724-85c4-168c7d751ef5 req-1579c558-16bc-4724-85c4-168c7d751ef5 ] Request (ServersNegativeTestJSON:setUpClass): 201 POST http://10.180.1.21/identity/v3/auth/tokens 0.027s
2025-04-17 04:50:03.832 68607 INFO tempest.lib.common.fixed_network [-] (ServersNegativeTestJSON:setUpClass) Found network {'id': '96442157-a297-47e8-b54e-d8c4d4c2d4ed', 'name': 'tempest-ServersNegativeTestJSON-2010145692-network', 'tenant_id': '3001ae6201de49688c9cbe2ddaea7b74', 'admin_state_up': True, 'mtu': 8950, 'status': 'ACTIVE', 'subnets': [], 'shared': False, 'project_id': '3001ae6201de49688c9cbe2ddaea7b74', 'port_security_enabled': True, 'router:external': False, 'provider:network_type': 'vlan', 'provider:physical_network': 'default', 'provider:segmentation_id': 471, 'is_default': False, 'availability_zone_hints': [], 'availability_zones': [], 'ipv4_address_scope': None, 'ipv6_address_scope': None, 'description': '', 'tags': [], 'created_at': '2025-04-17T04:50:01Z', 'updated_at': '2025-04-17T04:50:01Z', 'revision_number': 1} available for tenant
2025-04-17 04:50:03.833 68603 INFO tempest.lib.common.rest_client [req-0aeb71c2-cde8-4d87-afb1-34ef91bbcf94 req-0aeb71c2-cde8-4d87-afb1-34ef91bbcf94 ] Request (SecurityGroupsTestAdminJSON:tearDownClass): 204 DELETE http://10.180.1.21:9696/networking/v2.0/security-groups/4705293e-6f09-4022-80b9-72c7dedd88af 0.106s
2025-04-17 04:50:03.850 68573 INFO tempest.lib.common.rest_client [req-6c1217c7-39a7-4844-80d0-598a63012678 req-6c1217c7-39a7-4844-80d0-598a63012678 ] Request (ServerMetadataNegativeTestJSON:setUpClass): 200 GET http://10.180.1.21/compute/v2.1/servers/3bc646fe-4a97-4fff-a5ae-54b62a292c21 0.250s
2025-04-17 04:50:03.875 68615 INFO tempest.lib.common.rest_client [req-035a10f2-95c8-4046-be34-986b08384018 req-035a10f2-95c8-4046-be34-986b08384018 ] Request (ImagesTestJSON:test_create_image_from_stopped_server): 200 GET http://10.180.1.21/compute/v2.1/servers/2b30ba17-99e9-44bc-bd78-73fe5d6cab05 0.219s
2025-04-17 04:50:03.885 68599 INFO tempest.lib.common.rest_client [req-656a85bb-5f7e-4e61-a850-c9ae4f09f1bf req-656a85bb-5f7e-4e61-a850-c9ae4f09f1bf ] Request (FlavorsAdminTestJSON:tearDownClass): 204 DELETE http://10.180.1.21/identity/v3/users/22dc047a13b84df99042e42df18bb06f 0.123s
2025-04-17 04:50:03.893 68595 INFO tempest.lib.common.rest_client [req-8f62b92a-3c9c-4aeb-adcb-3cc597c2a04e req-8f62b92a-3c9c-4aeb-adcb-3cc597c2a04e ] Request (FlavorsExtraSpecsNegativeTestJSON:tearDownClass): 202 DELETE http://10.180.1.21/compute/v2.1/flavors/765259735 0.154s
2025-04-17 04:50:03.896 68603 INFO tempest.lib.common.rest_client [req-1092fa64-3e81-4718-8bcc-e549e1dc8278 req-1092fa64-3e81-4718-8bcc-e549e1dc8278 ] Request (SecurityGroupsTestAdminJSON:tearDownClass): 204 DELETE http://10.180.1.21/identity/v3/projects/ef6baf62266e4931b228d41938d429a3 0.062s
2025-04-17 04:50:03.906 68587 INFO tempest.lib.common.rest_client [req-28f8c180-f269-4d30-b529-add1b2920674 req-28f8c180-f269-4d30-b529-add1b2920674 ] Request (ServersV294TestFqdnHostnames:setUpClass): 200 GET http://10.180.1.21/compute/v2.1/servers/a4fed27d-e797-42d1-b738-8f24ebd708ac 0.247s
2025-04-17 04:50:03.927 68603 INFO tempest.lib.common.rest_client [req-f5e77eb8-0ce1-494d-a5a9-6029b4ff657e req-f5e77eb8-0ce1-494d-a5a9-6029b4ff657e ] Request (ServerExternalEventsTest:setUpClass): 201 POST http://10.180.1.21/identity/v3/auth/tokens 0.030s
2025-04-17 04:50:03.986 68599 INFO tempest.lib.common.rest_client [req-b7078070-d2d7-48d7-98c2-4dd408ab76f0 req-b7078070-d2d7-48d7-98c2-4dd408ab76f0 ] Request (FlavorsAdminTestJSON:tearDownClass): 204 DELETE http://10.180.1.21/identity/v3/users/9b4e85e7a1084876987c50da1acdfa78 0.101s
2025-04-17 04:50:03.987 68599 INFO tempest.lib.common.dynamic_creds [-] Deleting project and security group for project: 457bd15d42424a0495c8a6d76b50cf9f
2025-04-17 04:50:03.992 68603 INFO tempest.lib.common.rest_client [req-ce2a770c-e6e1-4009-ad20-437012805857 req-ce2a770c-e6e1-4009-ad20-437012805857 ] Request (ServerExternalEventsTest:setUpClass): 201 POST http://10.180.1.21/identity/v3/auth/tokens 0.061s
2025-04-17 04:50:04.044 68577 INFO tempest.lib.common.rest_client [req-f59ca61b-c5a3-4723-944a-344bca1a9ea3 req-f59ca61b-c5a3-4723-944a-344bca1a9ea3 ] Request (FloatingIPsAssociationNegativeTestJSON:setUpClass): 200 GET http://10.180.1.21/compute/v2.1/servers/42977331-21c5-4169-889f-37dfbb10b6ef 0.238s
2025-04-17 04:50:04.045 68603 INFO tempest.lib.common.rest_client [req-6e3d3e1e-892d-4922-bac1-259daef6a6e3 req-6e3d3e1e-892d-4922-bac1-259daef6a6e3 ] Request (ServerExternalEventsTest:setUpClass): 200 GET http://10.180.1.21/identity/v3/domains?name=Default 0.053s
2025-04-17 04:50:04.049 68599 INFO tempest.lib.common.rest_client [req-513a0e34-7662-4c40-9978-442beb3dfa90 req-513a0e34-7662-4c40-9978-442beb3dfa90 ] Request (FlavorsAdminTestJSON:tearDownClass): 201 POST http://10.180.1.21/identity/v3/auth/tokens 0.062s
2025-04-17 04:50:04.054 68581 INFO tempest.lib.common.rest_client [req-1a967efd-b2ad-4361-be83-c557b6e1093f req-1a967efd-b2ad-4361-be83-c557b6e1093f ] Request (MigrationsAdminTest:test_list_migrations_in_flavor_resize_situation): 200 GET http://10.180.1.21/compute/v2.1/servers/9cda9e61-a903-4156-b797-121d7142c021 0.246s
2025-04-17 04:50:04.068 68595 INFO tempest.lib.common.rest_client [req-f149ac69-3de4-49ff-8033-3cf25a46be4b req-f149ac69-3de4-49ff-8033-3cf25a46be4b ] Request (FlavorsExtraSpecsNegativeTestJSON:tearDownClass): 200 GET http://10.180.1.21/compute/v2.1/flavors/detail 0.175s
2025-04-17 04:50:04.070 68603 INFO tempest.lib.common.rest_client [req-9e356c44-7ce2-4b9c-91fc-323c5e2d5304 req-9e356c44-7ce2-4b9c-91fc-323c5e2d5304 ] Request (ServerExternalEventsTest:setUpClass): 201 POST http://10.180.1.21/identity/v3/projects 0.024s
2025-04-17 04:50:04.127 68609 INFO tempest.lib.common.rest_client [req-55d3e134-c574-4da0-a402-67930d833d60 req-55d3e134-c574-4da0-a402-67930d833d60 ] Request (VolumesAssistedSnapshotsTest:test_volume_assisted_snapshot_create_delete): 200 GET http://10.180.1.21/compute/v2.1/servers/85d9f1dc-0d1e-44e0-92cc-7d7511acb786 0.233s
2025-04-17 04:50:04.167 68603 INFO tempest.lib.common.rest_client [req-b8697c6d-717d-4baf-ad8d-e34a3a04b4cd req-b8697c6d-717d-4baf-ad8d-e34a3a04b4cd ] Request (ServerExternalEventsTest:setUpClass): 201 POST http://10.180.1.21/identity/v3/users 0.097s
2025-04-17 04:50:04.183 68605 INFO tempest.lib.common.rest_client [req-c3773272-0946-4d61-89a7-04726b1e3419 req-c3773272-0946-4d61-89a7-04726b1e3419 ] Request (ListImageFiltersTestJSON:setUpClass): 200 GET http://10.180.1.21/compute/v2.1/servers/ada46260-9977-4009-a4f1-c08f2222b6e8 0.218s
2025-04-17 04:50:04.237 68595 INFO tempest.lib.common.rest_client [req-6d29a711-9786-4a81-a3dc-6082bf800b7b req-6d29a711-9786-4a81-a3dc-6082bf800b7b ] Request (FlavorsExtraSpecsNegativeTestJSON:tearDownClass): 204 DELETE http://10.180.1.21/identity/v3/users/b3d34a4a1a564b828b7da7508afc41c1 0.159s
2025-04-17 04:50:04.265 68597 INFO tempest.lib.common.rest_client [req-3e2d34e2-bf21-44dc-a858-6c01190bb6c4 req-3e2d34e2-bf21-44dc-a858-6c01190bb6c4 ] Request (ServerDiskConfigTestJSON:test_rebuild_server_with_auto_disk_config): 200 GET http://10.180.1.21/compute/v2.1/servers/9170a530-958f-46ec-a36c-d19baac1869c 0.215s
2025-04-17 04:50:04.305 68603 INFO tempest.lib.common.rest_client [req-f667b160-8b2e-4a8a-8d46-dfb275b973e5 req-f667b160-8b2e-4a8a-8d46-dfb275b973e5 ] Request (ServerExternalEventsTest:setUpClass): 200 GET http://10.180.1.21/identity/v3/roles 0.137s
2025-04-17 04:50:04.327 68599 INFO tempest.lib.common.rest_client [req-a4fb6032-aab6-49f0-8bb3-98d76dbda460 req-a4fb6032-aab6-49f0-8bb3-98d76dbda460 ] Request (FlavorsAdminTestJSON:tearDownClass): 200 GET http://10.180.1.21:9696/networking/v2.0/security-groups?tenant_id=457bd15d42424a0495c8a6d76b50cf9f&name=default 0.277s
2025-04-17 04:50:04.340 68601 INFO tempest.lib.common.rest_client [req-b58f27e1-f77c-43a5-98f1-aee6d6d9358c req-b58f27e1-f77c-43a5-98f1-aee6d6d9358c ] Request (ImagesNegativeTestJSON:test_create_image_from_deleted_server): 200 GET http://10.180.1.21/compute/v2.1/servers/b081435b-64e1-4baa-a634-a2f22a3d9a29 0.233s
2025-04-17 04:50:04.341 68595 INFO tempest.lib.common.rest_client [req-072aa00a-9b23-4f93-b2c7-baf871f89771 req-072aa00a-9b23-4f93-b2c7-baf871f89771 ] Request (FlavorsExtraSpecsNegativeTestJSON:tearDownClass): 204 DELETE http://10.180.1.21/identity/v3/users/8751eb5c829f4a759b79d62fcdd64624 0.103s
2025-04-17 04:50:04.341 68595 INFO tempest.lib.common.dynamic_creds [-] Deleting project and security group for project: ed42ca6e275b4d628c1750a81d79478d
2025-04-17 04:50:04.379 68603 INFO tempest.lib.common.rest_client [req-0d23ba05-49f7-45f6-845b-0a05c24ddca5 req-0d23ba05-49f7-45f6-845b-0a05c24ddca5 ] Request (ServerExternalEventsTest:setUpClass): 204 PUT http://10.180.1.21/identity/v3/projects/56a180cc5f534a0689bc33445c1cbb1c/users/b0d5c589228041a9b53083703b91d296/roles/080d8e9effb547b18453dd7594c6e4e9 0.074s
2025-04-17 04:50:04.379 68603 INFO tempest.lib.common.dynamic_creds [-] Dynamic test user b0d5c589228041a9b53083703b91d296 is created with scope project and roles: ['member']
2025-04-17 04:50:04.380 68603 INFO tempest.lib.common.dynamic_creds [-] Acquired dynamic creds: credentials: Credentials: {'domain_id': 'default', 'domain_name': 'Default', 'username': 'tempest-ServerExternalEventsTest-17229807-project-member', 'project_domain_id': 'default', 'project_domain_name': 'Default', 'project_id': '56a180cc5f534a0689bc33445c1cbb1c', 'project_name': 'tempest-ServerExternalEventsTest-17229807', 'tenant_id': '56a180cc5f534a0689bc33445c1cbb1c', 'tenant_name': 'tempest-ServerExternalEventsTest-17229807', 'user_domain_id': 'default', 'user_domain_name': 'Default', 'user_id': 'b0d5c589228041a9b53083703b91d296', 'system': None}, Network: None, Subnet: None, Router: None
2025-04-17 04:50:04.380 68603 INFO tempest.lib.common.dynamic_creds [-] Created isolated network resources for: credentials: Credentials: {'domain_id': 'default', 'domain_name': 'Default', 'username': 'tempest-ServerExternalEventsTest-17229807-project-member', 'project_domain_id': 'default', 'project_domain_name': 'Default', 'project_id': '56a180cc5f534a0689bc33445c1cbb1c', 'project_name': 'tempest-ServerExternalEventsTest-17229807', 'tenant_id': '56a180cc5f534a0689bc33445c1cbb1c', 'tenant_name': 'tempest-ServerExternalEventsTest-17229807', 'user_domain_id': 'default', 'user_domain_name': 'Default', 'user_id': 'b0d5c589228041a9b53083703b91d296', 'system': None}, Network: None, Subnet: None, Router: None
2025-04-17 04:50:04.399 68595 INFO tempest.lib.common.rest_client [req-84969eff-d219-4883-8a29-7a81db661b65 req-84969eff-d219-4883-8a29-7a81db661b65 ] Request (FlavorsExtraSpecsNegativeTestJSON:tearDownClass): 201 POST http://10.180.1.21/identity/v3/auth/tokens 0.058s
2025-04-17 04:50:04.421 68599 INFO tempest.lib.common.rest_client [req-5ae87762-f81b-4bca-a1c8-3a69d05c11c5 req-5ae87762-f81b-4bca-a1c8-3a69d05c11c5 ] Request (FlavorsAdminTestJSON:tearDownClass): 204 DELETE http://10.180.1.21:9696/networking/v2.0/security-groups/333d7586-64a3-4771-93b2-2a78926ef409 0.093s
2025-04-17 04:50:04.450 68603 INFO tempest.lib.common.rest_client [req-d95863d3-59cd-49f0-8b9d-57be3b0f388f req-d95863d3-59cd-49f0-8b9d-57be3b0f388f ] Request (ServerExternalEventsTest:setUpClass): 201 POST http://10.180.1.21/identity/v3/auth/tokens 0.067s
2025-04-17 04:50:04.535 68599 INFO tempest.lib.common.rest_client [req-5fba0e1e-3781-41a0-95dd-1888b85ec19b req-5fba0e1e-3781-41a0-95dd-1888b85ec19b ] Request (FlavorsAdminTestJSON:tearDownClass): 204 DELETE http://10.180.1.21/identity/v3/projects/457bd15d42424a0495c8a6d76b50cf9f 0.114s
2025-04-17 04:50:04.536 68599 INFO tempest.lib.common.dynamic_creds [-] Deleting project and security group for project: 84ce66bc054c47a9a2ec040c08ed5289
2025-04-17 04:50:04.556 68589 INFO tempest.lib.common.rest_client [req-856581ad-a126-4b14-a320-d6d2f53aa4f2 req-856581ad-a126-4b14-a320-d6d2f53aa4f2 ] Request (ServerDiagnosticsTest:test_get_server_diagnostics): 200 GET http://10.180.1.21/compute/v2.1/servers/c2cb0b72-896b-46c6-bb41-90cded35468b 0.448s
2025-04-17 04:50:04.581 68603 INFO tempest.lib.common.rest_client [req-43109dba-9ad0-48f8-9e23-579cfc7ef855 req-43109dba-9ad0-48f8-9e23-579cfc7ef855 ] Request (ServerExternalEventsTest:setUpClass): 201 POST http://10.180.1.21/identity/v3/projects 0.130s
2025-04-17 04:50:04.611 68567 INFO tempest.lib.common.rest_client [req-abad5589-f734-4456-bdc8-20433893679f req-abad5589-f734-4456-bdc8-20433893679f ] Request (ServersAaction247Test:test_create_backup): 200 GET http://10.180.1.21/compute/v2.1/servers/650fcdae-dc95-4191-9696-3b6f004bdb62 0.435s
2025-04-17 04:50:04.640 68595 INFO tempest.lib.common.rest_client [req-04c6857d-153f-485c-a3be-df643db1580a req-04c6857d-153f-485c-a3be-df643db1580a ] Request (FlavorsExtraSpecsNegativeTestJSON:tearDownClass): 200 GET http://10.180.1.21:9696/networking/v2.0/security-groups?tenant_id=ed42ca6e275b4d628c1750a81d79478d&name=default 0.241s
2025-04-17 04:50:04.645 68603 INFO tempest.lib.common.rest_client [req-702057c6-381a-4f8a-9659-417bb576269e req-702057c6-381a-4f8a-9659-417bb576269e ] Request (ServerExternalEventsTest:setUpClass): 201 POST http://10.180.1.21/identity/v3/users 0.063s
2025-04-17 04:50:04.666 68603 INFO tempest.lib.common.rest_client [req-b84fb077-2b73-4898-a181-2adf7f79ad61 req-b84fb077-2b73-4898-a181-2adf7f79ad61 ] Request (ServerExternalEventsTest:setUpClass): 200 GET http://10.180.1.21/identity/v3/roles 0.020s
2025-04-17 04:50:04.669 68617 INFO tempest.lib.common.rest_client [req-e45ff1d8-ae71-4da0-88a2-00f93e161dcd req-e45ff1d8-ae71-4da0-88a2-00f93e161dcd ] Request (ServersTestBootFromVolume:setUpClass): 200 GET http://10.180.1.21/compute/v2.1/servers/9ab68d2f-1a57-465d-8f18-bb3a81946499 0.475s
2025-04-17 04:50:04.691 68599 INFO tempest.lib.common.rest_client [req-0dfd67b1-40d7-4088-9346-1cae8937c9e2 req-0dfd67b1-40d7-4088-9346-1cae8937c9e2 ] Request (FlavorsAdminTestJSON:tearDownClass): 200 GET http://10.180.1.21:9696/networking/v2.0/security-groups?tenant_id=84ce66bc054c47a9a2ec040c08ed5289&name=default 0.155s
2025-04-17 04:50:04.691 68603 INFO tempest.lib.common.rest_client [req-cd286afd-9ee4-4554-bb60-298c6039783b req-cd286afd-9ee4-4554-bb60-298c6039783b ] Request (ServerExternalEventsTest:setUpClass): 204 PUT http://10.180.1.21/identity/v3/projects/d545600aca8145c199d62c3c4a5bcc66/users/1a3916fc63ce43ef870e309d844f669e/roles/608fb0953baa45488ff71a53960e796a 0.025s
2025-04-17 04:50:04.694 68607 INFO tempest.lib.common.rest_client [req-4e6be5d4-6950-4048-a7ac-6f377ebed448 req-4e6be5d4-6950-4048-a7ac-6f377ebed448 ] Request (ServersNegativeTestJSON:setUpClass): 202 POST http://10.180.1.21/compute/v2.1/servers 0.861s
2025-04-17 04:50:04.761 68603 INFO tempest.lib.common.rest_client [req-e805c824-2e51-41ce-9682-e7e3355d8edf req-e805c824-2e51-41ce-9682-e7e3355d8edf ] Request (ServerExternalEventsTest:setUpClass): 200 GET http://10.180.1.21/identity/v3/roles 0.069s
2025-04-17 04:50:04.791 68599 INFO tempest.lib.common.rest_client [req-dbb20f0a-a669-434f-85e9-e5c10fd9d14c req-dbb20f0a-a669-434f-85e9-e5c10fd9d14c ] Request (FlavorsAdminTestJSON:tearDownClass): 204 DELETE http://10.180.1.21:9696/networking/v2.0/security-groups/2b3fb05b-5f05-419c-9e87-d8d5401df561 0.100s
2025-04-17 04:50:04.796 68595 INFO tempest.lib.common.rest_client [req-7321a99a-ae4f-40a6-8b4e-7aacdc57b82c req-7321a99a-ae4f-40a6-8b4e-7aacdc57b82c ] Request (FlavorsExtraSpecsNegativeTestJSON:tearDownClass): 204 DELETE http://10.180.1.21:9696/networking/v2.0/security-groups/c53afaec-40c7-433e-a814-72d8bc33aef9 0.155s
2025-04-17 04:50:04.798 68603 INFO tempest.lib.common.rest_client [req-818872c5-cc57-432d-bb6c-a41305503eea req-818872c5-cc57-432d-bb6c-a41305503eea ] Request (ServerExternalEventsTest:setUpClass): 204 PUT http://10.180.1.21/identity/v3/projects/d545600aca8145c199d62c3c4a5bcc66/users/1a3916fc63ce43ef870e309d844f669e/roles/608fb0953baa45488ff71a53960e796a 0.036s
2025-04-17 04:50:04.798 68603 INFO tempest.lib.common.dynamic_creds [-] Dynamic test user 1a3916fc63ce43ef870e309d844f669e is created with scope project and roles: ['admin']
2025-04-17 04:50:04.798 68603 INFO tempest.lib.common.dynamic_creds [-] Acquired dynamic creds: credentials: Credentials: {'domain_id': 'default', 'domain_name': 'Default', 'username': 'tempest-ServerExternalEventsTest-1382247604-project-admin', 'project_domain_id': 'default', 'project_domain_name': 'Default', 'project_id': 'd545600aca8145c199d62c3c4a5bcc66', 'project_name': 'tempest-ServerExternalEventsTest-1382247604', 'tenant_id': 'd545600aca8145c199d62c3c4a5bcc66', 'tenant_name': 'tempest-ServerExternalEventsTest-1382247604', 'user_domain_id': 'default', 'user_domain_name': 'Default', 'user_id': '1a3916fc63ce43ef870e309d844f669e', 'system': None}, Network: None, Subnet: None, Router: None
2025-04-17 04:50:04.799 68603 INFO tempest.lib.common.dynamic_creds [-] Created isolated network resources for: credentials: Credentials: {'domain_id': 'default', 'domain_name': 'Default', 'username': 'tempest-ServerExternalEventsTest-1382247604-project-admin', 'project_domain_id': 'default', 'project_domain_name': 'Default', 'project_id': 'd545600aca8145c199d62c3c4a5bcc66', 'project_name': 'tempest-ServerExternalEventsTest-1382247604', 'tenant_id': 'd545600aca8145c199d62c3c4a5bcc66', 'tenant_name': 'tempest-ServerExternalEventsTest-1382247604', 'user_domain_id': 'default', 'user_domain_name': 'Default', 'user_id': '1a3916fc63ce43ef870e309d844f669e', 'system': None}, Network: None, Subnet: None, Router: None
2025-04-17 04:50:04.835 68611 INFO tempest.lib.common.rest_client [req-ed14f783-8f5b-46d0-bfe9-720bfee94d50 req-ed14f783-8f5b-46d0-bfe9-720bfee94d50 ] Request (AttachInterfacesUnderV243Test:test_add_remove_fixed_ip): 200 GET http://10.180.1.21/compute/v2.1/servers/25eddb82-c2b3-499f-afe0-5141b4624342 0.520s
2025-04-17 04:50:04.843 68585 INFO tempest.lib.common.rest_client [req-2cbec834-bb8a-4666-b88e-0bfcce404dea req-2cbec834-bb8a-4666-b88e-0bfcce404dea ] Request (MultipleCreateTestJSON:test_multiple_create): 200 GET http://10.180.1.21/compute/v2.1/servers/3653a48c-6da3-488a-9b7c-b722032e71ce 0.489s
2025-04-17 04:50:04.910 68595 INFO tempest.lib.common.rest_client [req-debb5e0d-192b-4479-98b2-b7aacd7d2935 req-debb5e0d-192b-4479-98b2-b7aacd7d2935 ] Request (FlavorsExtraSpecsNegativeTestJSON:tearDownClass): 204 DELETE http://10.180.1.21/identity/v3/projects/ed42ca6e275b4d628c1750a81d79478d 0.113s
2025-04-17 04:50:04.910 68595 INFO tempest.lib.common.dynamic_creds [-] Deleting project and security group for project: 1a1446c46e2d4bef94dc8a73a8dc6817
2025-04-17 04:50:04.910 68599 INFO tempest.lib.common.rest_client [req-a25b330b-3a1d-43f3-bccf-32dd4686535f req-a25b330b-3a1d-43f3-bccf-32dd4686535f ] Request (FlavorsAdminTestJSON:tearDownClass): 204 DELETE http://10.180.1.21/identity/v3/projects/84ce66bc054c47a9a2ec040c08ed5289 0.118s
2025-04-17 04:50:04.911 68591 INFO tempest.lib.common.rest_client [req-4fd696e3-8c9d-4966-9818-d8c5e77eb9c5 req-4fd696e3-8c9d-4966-9818-d8c5e77eb9c5 ] Request (DeleteServersAdminTestJSON:test_delete_server_while_in_error_state): 200 GET http://10.180.1.21/compute/v2.1/servers/ac165200-e27f-4d58-83db-419b21a80862 0.498s
2025-04-17 04:50:04.915 68621 INFO tempest.lib.common.rest_client [req-243bc9f2-66f3-4e92-87a8-701b7b214a59 req-243bc9f2-66f3-4e92-87a8-701b7b214a59 ] Request (DeleteServersTestJSON:test_delete_active_server): 200 GET http://10.180.1.21/compute/v2.1/servers/8be63333-3269-4158-8476-a3032a185131 0.549s
2025-04-17 04:50:04.980 68599 INFO tempest.lib.common.rest_client [req-464893e2-accc-4c96-9e03-6ef993a58ff4 req-464893e2-accc-4c96-9e03-6ef993a58ff4 ] Request (ServerDiagnosticsNegativeTest:setUpClass): 201 POST http://10.180.1.21/identity/v3/auth/tokens 0.068s
2025-04-17 04:50:04.990 68603 INFO tempest.lib.common.rest_client [req-4c27aa8c-87fb-4138-a384-688a34011f28 req-4c27aa8c-87fb-4138-a384-688a34011f28 ] Request (ServerExternalEventsTest:setUpClass): 201 POST http://10.180.1.21/identity/v3/auth/tokens 0.189s
2025-04-17 04:50:04.995 68563 INFO tempest.lib.common.rest_client [req-d23a4bab-72a9-4383-9cce-9eccef182061 req-d23a4bab-72a9-4383-9cce-9eccef182061 ] Request (FloatingIPsAssociationTestJSON:setUpClass): 200 GET http://10.180.1.21/compute/v2.1/servers/5667b56a-9abd-4e9d-83cf-04be5c8ddbb0 0.558s
2025-04-17 04:50:04.996 68619 INFO tempest.lib.common.rest_client [req-54eb9835-5fc3-4967-84f5-72665cbf9406 req-54eb9835-5fc3-4967-84f5-72665cbf9406 ] Request (ServerActionsTestOtherA:setUpClass): 200 GET http://10.180.1.21/compute/v2.1/servers/3289ea9a-950e-4baa-8423-c00250207ef9 0.500s
2025-04-17 04:50:05.014 68599 INFO tempest.lib.common.rest_client [req-dab4d927-f03f-4246-af66-b6379a43684a req-dab4d927-f03f-4246-af66-b6379a43684a ] Request (ServerDiagnosticsNegativeTest:setUpClass): 201 POST http://10.180.1.21/identity/v3/auth/tokens 0.031s
2025-04-17 04:50:05.020 68603 INFO tempest.lib.common.rest_client [req-203c8093-4670-44b5-af46-0d78d2d3bc45 req-203c8093-4670-44b5-af46-0d78d2d3bc45 ] Request (ServerExternalEventsTest:setUpClass): 201 POST http://10.180.1.21/identity/v3/projects 0.029s
2025-04-17 04:50:05.065 68599 INFO tempest.lib.common.rest_client [req-a43d1f79-11a7-44c0-b6ee-86f7b809f3a1 req-a43d1f79-11a7-44c0-b6ee-86f7b809f3a1 ] Request (ServerDiagnosticsNegativeTest:setUpClass): 200 GET http://10.180.1.21/identity/v3/domains?name=Default 0.050s
2025-04-17 04:50:05.072 68603 INFO tempest.lib.common.rest_client [req-1cd2992b-0ea8-4891-bc4e-909b04141bed req-1cd2992b-0ea8-4891-bc4e-909b04141bed ] Request (ServerExternalEventsTest:setUpClass): 201 POST http://10.180.1.21/identity/v3/users 0.051s
2025-04-17 04:50:05.087 68603 INFO tempest.lib.common.rest_client [req-e9ae9a1f-48e8-4624-981d-0aec9b3075b8 req-e9ae9a1f-48e8-4624-981d-0aec9b3075b8 ] Request (ServerExternalEventsTest:setUpClass): 200 GET http://10.180.1.21/identity/v3/roles 0.015s
2025-04-17 04:50:05.092 68599 INFO tempest.lib.common.rest_client [req-f20c03eb-00c6-49cb-8c91-576433679275 req-f20c03eb-00c6-49cb-8c91-576433679275 ] Request (ServerDiagnosticsNegativeTest:setUpClass): 201 POST http://10.180.1.21/identity/v3/projects 0.026s
2025-04-17 04:50:05.140 68603 INFO tempest.lib.common.rest_client [req-b80b523e-3259-4616-8673-a31c38d69732 req-b80b523e-3259-4616-8673-a31c38d69732 ] Request (ServerExternalEventsTest:setUpClass): 204 PUT http://10.180.1.21/identity/v3/projects/1e9afd7a3ea148eba267317b9460166e/users/52709353772545b69989916fbfa0aac9/roles/608fb0953baa45488ff71a53960e796a 0.053s
2025-04-17 04:50:05.145 68599 INFO tempest.lib.common.rest_client [req-9f3e5991-6c4a-4daa-a43b-a574501b96e8 req-9f3e5991-6c4a-4daa-a43b-a574501b96e8 ] Request (ServerDiagnosticsNegativeTest:setUpClass): 201 POST http://10.180.1.21/identity/v3/users 0.052s
2025-04-17 04:50:05.182 68603 INFO tempest.lib.common.rest_client [req-d92c7bdd-fe1a-4c13-a4a0-c9f0dce310b6 req-d92c7bdd-fe1a-4c13-a4a0-c9f0dce310b6 ] Request (ServerExternalEventsTest:setUpClass): 200 GET http://10.180.1.21/identity/v3/roles 0.041s
2025-04-17 04:50:05.188 68599 INFO tempest.lib.common.rest_client [req-5e958b6d-da50-45d7-8c1b-1f8f2af24f75 req-5e958b6d-da50-45d7-8c1b-1f8f2af24f75 ] Request (ServerDiagnosticsNegativeTest:setUpClass): 200 GET http://10.180.1.21/identity/v3/roles 0.042s
2025-04-17 04:50:05.200 68603 INFO tempest.lib.common.rest_client [req-2eaff63e-7433-4010-876a-dc38a0f6828a req-2eaff63e-7433-4010-876a-dc38a0f6828a ] Request (ServerExternalEventsTest:setUpClass): 204 PUT http://10.180.1.21/identity/v3/projects/1e9afd7a3ea148eba267317b9460166e/users/52709353772545b69989916fbfa0aac9/roles/32662de8e792405fb46fd4778ed37dad 0.017s
2025-04-17 04:50:05.200 68603 INFO tempest.lib.common.dynamic_creds [-] Dynamic test user 52709353772545b69989916fbfa0aac9 is created with scope project and roles: ['admin', 'service']
2025-04-17 04:50:05.200 68603 INFO tempest.lib.common.dynamic_creds [-] Acquired dynamic creds: credentials: Credentials: {'domain_id': 'default', 'domain_name': 'Default', 'username': 'tempest-ServerExternalEventsTest-1023552554-project', 'project_domain_id': 'default', 'project_domain_name': 'Default', 'project_id': '1e9afd7a3ea148eba267317b9460166e', 'project_name': 'tempest-ServerExternalEventsTest-1023552554', 'tenant_id': '1e9afd7a3ea148eba267317b9460166e', 'tenant_name': 'tempest-ServerExternalEventsTest-1023552554', 'user_domain_id': 'default', 'user_domain_name': 'Default', 'user_id': '52709353772545b69989916fbfa0aac9', 'system': None}, Network: None, Subnet: None, Router: None
2025-04-17 04:50:05.200 68603 INFO tempest.lib.common.dynamic_creds [-] Created isolated network resources for: credentials: Credentials: {'domain_id': 'default', 'domain_name': 'Default', 'username': 'tempest-ServerExternalEventsTest-1023552554-project', 'project_domain_id': 'default', 'project_domain_name': 'Default', 'project_id': '1e9afd7a3ea148eba267317b9460166e', 'project_name': 'tempest-ServerExternalEventsTest-1023552554', 'tenant_id': '1e9afd7a3ea148eba267317b9460166e', 'tenant_name': 'tempest-ServerExternalEventsTest-1023552554', 'user_domain_id': 'default', 'user_domain_name': 'Default', 'user_id': '52709353772545b69989916fbfa0aac9', 'system': None}, Network: None, Subnet: None, Router: None
2025-04-17 04:50:05.211 68599 INFO tempest.lib.common.rest_client [req-096463da-f581-4423-8e5d-01f732ea8a91 req-096463da-f581-4423-8e5d-01f732ea8a91 ] Request (ServerDiagnosticsNegativeTest:setUpClass): 204 PUT http://10.180.1.21/identity/v3/projects/ea7b5dc697f94ad9993ae44ec6a3ce42/users/e856990be32247d7add0082c9c0cf7dd/roles/080d8e9effb547b18453dd7594c6e4e9 0.023s
2025-04-17 04:50:05.211 68599 INFO tempest.lib.common.dynamic_creds [-] Dynamic test user e856990be32247d7add0082c9c0cf7dd is created with scope project and roles: ['member']
