2025-04-17 04:48:59.389 68561 INFO tempest.lib.common.rest_client [req-6017b5e8-2027-45c9-991b-27a7f1b13c08 req-6017b5e8-2027-45c9-991b-27a7f1b13c08 ] Request (HypervisorAdminTestJSON:tearDownClass): 204 DELETE http://10.180.1.21/identity/v3/users/8c9c7617892340c383b3524483270308 0.150s
2025-04-17 04:48:59.420 68589 INFO tempest.lib.common.rest_client [req-1fa34136-f600-4e0a-a58a-8a0fa7313d58 req-1fa34136-f600-4e0a-a58a-8a0fa7313d58 ] Request (FlavorMetadataValidation:tearDownClass): 200 GET http://10.180.1.21:9696/networking/v2.0/security-groups?tenant_id=34dee160a59e4424b9e19cf76f9ecab2&name=default 0.556s
2025-04-17 04:48:59.449 68609 INFO tempest.lib.common.rest_client [req-9ee1295e-c9ac-440e-b6fa-ce7d13d3d624 req-9ee1295e-c9ac-440e-b6fa-ce7d13d3d624 ] Request (VolumesAssistedSnapshotsTest:setUpClass): 201 POST http://10.180.1.21:9696/networking/v2.0/subnets 1.278s
2025-04-17 04:48:59.508 68563 INFO tempest.lib.common.rest_client [req-bbafb7fd-d8b3-4f7e-a474-1fd3657a62cf req-bbafb7fd-d8b3-4f7e-a474-1fd3657a62cf ] Request (FloatingIPsAssociationTestJSON:setUpClass): 201 POST http://10.180.1.21/identity/v3/users 0.258s
2025-04-17 04:48:59.539 68601 INFO tempest.lib.common.rest_client [req-63e1f999-77fb-4be4-ad24-305ad5c1221c req-63e1f999-77fb-4be4-ad24-305ad5c1221c ] Request (ImagesNegativeTestJSON:setUpClass): 201 POST http://10.180.1.21/identity/v3/auth/tokens 0.158s
2025-04-17 04:48:59.555 68587 INFO tempest.lib.common.rest_client [req-ba2543a3-4ae2-42be-9eb0-0b4581a7394c req-ba2543a3-4ae2-42be-9eb0-0b4581a7394c ] Request (ServersV294TestFqdnHostnames:setUpClass): 201 POST http://10.180.1.21/identity/v3/auth/tokens 0.276s
2025-04-17 04:48:59.583 68579 INFO tempest.lib.common.rest_client [req-0747a156-5664-497f-b70c-f94b5cdee896 req-0747a156-5664-497f-b70c-f94b5cdee896 ] Request (QuotasAdminNegativeTest:test_create_server_when_instances_quota_is_full): 200 PUT http://10.180.1.21/compute/v2.1/os-quota-sets/cc290375ddc7499cb11faceb67933de3 1.941s
2025-04-17 04:48:59.588 68567 INFO tempest.lib.common.rest_client [req-6bb50a3f-e5e1-42cb-a584-be3bd824136e req-6bb50a3f-e5e1-42cb-a584-be3bd824136e ] Request (HostsAdminNegativeTestJSON:test_shutdown_host_with_non_admin_user): 403 GET http://10.180.1.21/compute/v2.1/os-hosts/devstack/shutdown 1.905s
2025-04-17 04:48:59.594 68563 INFO tempest.lib.common.rest_client [req-e3f7de11-bac2-49d1-b447-42262e4bab71 req-e3f7de11-bac2-49d1-b447-42262e4bab71 ] Request (FloatingIPsAssociationTestJSON:setUpClass): 200 GET http://10.180.1.21/identity/v3/roles 0.085s
2025-04-17 04:48:59.617 68569 INFO tempest.lib.common.rest_client [req-90321f90-f4a0-4b4a-b7a4-a695b4a5a5c7 req-90321f90-f4a0-4b4a-b7a4-a695b4a5a5c7 ] Request (KeyPairsV210TestJSON:_run_cleanups): 204 DELETE http://10.180.1.21/compute/v2.1/os-keypairs/tempest-keypair-693083151?user_id=64870fc90dec4405a9ee2b2dc70b9656 1.919s
2025-04-17 04:48:59.620 68561 INFO tempest.lib.common.rest_client [req-c4ee2094-321b-4301-a938-b087c31478bb req-c4ee2094-321b-4301-a938-b087c31478bb ] Request (HypervisorAdminTestJSON:tearDownClass): 204 DELETE http://10.180.1.21/identity/v3/users/6ae0914a18bd41c4832f684c5de488c4 0.230s
2025-04-17 04:48:59.621 68561 INFO tempest.lib.common.dynamic_creds [-] Deleting project and security group for project: 2fb0cd379c124ef7bbb8641cbd97a441
2025-04-17 04:48:59.634 68573 INFO tempest.lib.common.rest_client [req-158417b4-ee20-4d10-9e51-9c222cb04495 req-158417b4-ee20-4d10-9e51-9c222cb04495 ] Request (FlavorsAccessTestJSON:test_flavor_access_list_with_private_flavor): 200 GET http://10.180.1.21/compute/v2.1/flavors/1149090526/os-flavor-access 1.896s
2025-04-17 04:48:59.683 68587 INFO tempest.lib.common.rest_client [req-4d2859e1-d625-4993-b552-26f6a09f6935 req-4d2859e1-d625-4993-b552-26f6a09f6935 ] Request (ServersV294TestFqdnHostnames:setUpClass): 200 GET http://10.180.1.21/identity/v3/domains?name=Default 0.127s
2025-04-17 04:48:59.694 68601 INFO tempest.lib.common.rest_client [req-02415ed3-69c6-4153-9e76-be749e48d37d req-02415ed3-69c6-4153-9e76-be749e48d37d ] Request (ImagesNegativeTestJSON:setUpClass): 201 POST http://10.180.1.21/identity/v3/auth/tokens 0.151s
2025-04-17 04:48:59.727 68563 INFO tempest.lib.common.rest_client [req-229e8ace-b952-4af0-9af9-94ffbab2782d req-229e8ace-b952-4af0-9af9-94ffbab2782d ] Request (FloatingIPsAssociationTestJSON:setUpClass): 204 PUT http://10.180.1.21/identity/v3/projects/8e07f54d0c6e45268b807d63e2df4119/users/ac57b628ea2c4f1b8dd05a694c85354f/roles/080d8e9effb547b18453dd7594c6e4e9 0.132s
2025-04-17 04:48:59.727 68563 INFO tempest.lib.common.dynamic_creds [-] Dynamic test user ac57b628ea2c4f1b8dd05a694c85354f is created with scope project and roles: ['member']
2025-04-17 04:48:59.727 68563 INFO tempest.lib.common.dynamic_creds [-] Acquired dynamic creds: credentials: Credentials: {'domain_id': 'default', 'domain_name': 'Default', 'username': 'tempest-FloatingIPsAssociationTestJSON-1040675667-project-member', 'project_domain_id': 'default', 'project_domain_name': 'Default', 'project_id': '8e07f54d0c6e45268b807d63e2df4119', 'project_name': 'tempest-FloatingIPsAssociationTestJSON-1040675667', 'tenant_id': '8e07f54d0c6e45268b807d63e2df4119', 'tenant_name': 'tempest-FloatingIPsAssociationTestJSON-1040675667', 'user_domain_id': 'default', 'user_domain_name': 'Default', 'user_id': 'ac57b628ea2c4f1b8dd05a694c85354f', 'system': None}, Network: None, Subnet: None, Router: None
2025-04-17 04:48:59.746 68615 INFO tempest.lib.common.rest_client [req-4e75d6b9-5190-4e77-9f1f-070c74d764b7 req-4e75d6b9-5190-4e77-9f1f-070c74d764b7 ] Request (ImagesTestJSON:setUpClass): 201 POST http://10.180.1.21:9696/networking/v2.0/networks 1.382s
2025-04-17 04:48:59.772 68579 INFO tempest.lib.common.rest_client [req-a1e5c338-60c7-4b5d-8b22-dc68ac317fcb req-a1e5c338-60c7-4b5d-8b22-dc68ac317fcb ] Request (QuotasAdminNegativeTest:test_create_server_when_instances_quota_is_full): 201 POST http://10.180.1.21/identity/v3/auth/tokens 0.180s
2025-04-17 04:48:59.772 68579 INFO tempest.lib.common.fixed_network [-] (QuotasAdminNegativeTest:test_create_server_when_instances_quota_is_full) Found network None available for tenant
2025-04-17 04:48:59.791 68561 INFO tempest.lib.common.rest_client [req-62e4cee1-14b0-40ea-8f8a-60be59d3a253 req-62e4cee1-14b0-40ea-8f8a-60be59d3a253 ] Request (HypervisorAdminTestJSON:tearDownClass): 201 POST http://10.180.1.21/identity/v3/auth/tokens 0.170s
2025-04-17 04:48:59.813 68601 INFO tempest.lib.common.rest_client [req-f5873e95-a59a-4c8f-8462-af6d71df5e3b req-f5873e95-a59a-4c8f-8462-af6d71df5e3b ] Request (ImagesNegativeTestJSON:setUpClass): 200 GET http://10.180.1.21/identity/v3/domains?name=Default 0.118s
2025-04-17 04:48:59.842 68563 INFO tempest.lib.common.rest_client [req-b64d5466-ba66-4447-ac97-0256ca4b9c0d req-b64d5466-ba66-4447-ac97-0256ca4b9c0d ] Request (FloatingIPsAssociationTestJSON:setUpClass): 201 POST http://10.180.1.21/identity/v3/auth/tokens 0.115s
2025-04-17 04:48:59.902 68587 INFO tempest.lib.common.rest_client [req-f4b8f93b-f53b-47a6-9b6b-2d0ebc990d67 req-f4b8f93b-f53b-47a6-9b6b-2d0ebc990d67 ] Request (ServersV294TestFqdnHostnames:setUpClass): 201 POST http://10.180.1.21/identity/v3/projects 0.219s
2025-04-17 04:48:59.933 68589 INFO tempest.lib.common.rest_client [req-20c2cfe3-7ba5-46bd-9e7b-62f85a41a4e7 req-20c2cfe3-7ba5-46bd-9e7b-62f85a41a4e7 ] Request (FlavorMetadataValidation:tearDownClass): 204 DELETE http://10.180.1.21:9696/networking/v2.0/security-groups/c0534bbc-14b8-4ca1-a22d-06444d2668dc 0.512s
2025-04-17 04:48:59.973 68617 INFO tempest.lib.common.rest_client [req-f98ad91f-49d3-4990-bfcb-2240aad4b80f req-f98ad91f-49d3-4990-bfcb-2240aad4b80f ] Request (QuotaClassesAdminTestJSON:test_update_default_quotas): 200 PUT http://10.180.1.21/compute/v2.1/os-quota-class-sets/default 1.847s
2025-04-17 04:48:59.991 68601 INFO tempest.lib.common.rest_client [req-49f2b4c7-cda3-4a12-a672-13ccdcc26d1f req-49f2b4c7-cda3-4a12-a672-13ccdcc26d1f ] Request (ImagesNegativeTestJSON:setUpClass): 201 POST http://10.180.1.21/identity/v3/projects 0.176s
2025-04-17 04:49:00.002 68595 INFO tempest.lib.common.rest_client [req-a44c2949-d76a-4b42-8936-7856669e5226 req-a44c2949-d76a-4b42-8936-7856669e5226 ] Request (AggregatesAdminNegativeTestJSON:_run_cleanups): 200 DELETE http://10.180.1.21/compute/v2.1/os-aggregates/1 1.740s
2025-04-17 04:49:00.015 68583 INFO tempest.lib.common.rest_client [req-c2b81fe2-bd55-47e9-8a83-a15ea05ffd97 req-c2b81fe2-bd55-47e9-8a83-a15ea05ffd97 ] Request (ImagesOneServerTestJSON:setUpClass): 200 GET http://10.180.1.21/compute/v2.1/servers/167d0f09-4566-46f2-ab98-2acbc5810ce4 2.335s
2025-04-17 04:49:00.041 68597 INFO tempest.lib.common.rest_client [req-b804b222-8e2a-4e37-a2de-c3143e7aec93 req-b804b222-8e2a-4e37-a2de-c3143e7aec93 ] Request (ServicesAdminNegativeV253TestJSON:test_get_service_by_invalid_service_and_valid_host): 200 GET http://10.180.1.21/compute/v2.1/os-services?host=devstack&binary=xxx 1.754s
2025-04-17 04:49:00.072 68613 INFO tempest.lib.common.rest_client [req-753d98b1-18c9-406f-a31d-d54bb74a8903 req-753d98b1-18c9-406f-a31d-d54bb74a8903 ] Request (FlavorsV255TestJSON:_run_cleanups): 200 GET http://10.180.1.21/compute/v2.1/flavors/detail 1.772s
2025-04-17 04:49:00.080 68587 INFO tempest.lib.common.rest_client [req-b79a03eb-7f54-4df9-bf2b-03e7a69d458e req-b79a03eb-7f54-4df9-bf2b-03e7a69d458e ] Request (ServersV294TestFqdnHostnames:setUpClass): 201 POST http://10.180.1.21/identity/v3/users 0.177s
2025-04-17 04:49:00.107 68601 INFO tempest.lib.common.rest_client [req-bebac06a-2ec6-420e-aacd-f8ac944e0146 req-bebac06a-2ec6-420e-aacd-f8ac944e0146 ] Request (ImagesNegativeTestJSON:setUpClass): 201 POST http://10.180.1.21/identity/v3/users 0.116s
2025-04-17 04:49:00.122 68589 INFO tempest.lib.common.rest_client [req-a8c84745-6cfe-4296-9a34-9e27e1163462 req-a8c84745-6cfe-4296-9a34-9e27e1163462 ] Request (FlavorMetadataValidation:tearDownClass): 204 DELETE http://10.180.1.21/identity/v3/projects/34dee160a59e4424b9e19cf76f9ecab2 0.188s
2025-04-17 04:49:00.122 68589 INFO tempest.lib.common.dynamic_creds [-] Deleting project and security group for project: 8c18b7d6c59341cfb4ee7adb9727347a
2025-04-17 04:49:00.176 68587 INFO tempest.lib.common.rest_client [req-b06bedc1-c94b-4c8f-b010-ba189f8d09c0 req-b06bedc1-c94b-4c8f-b010-ba189f8d09c0 ] Request (ServersV294TestFqdnHostnames:setUpClass): 200 GET http://10.180.1.21/identity/v3/roles 0.091s
2025-04-17 04:49:00.218 68607 INFO tempest.lib.common.rest_client [req-9475d837-85b8-4207-9e7b-904d9c051c42 req-9475d837-85b8-4207-9e7b-904d9c051c42 ] Request (SecurityGroupRulesNegativeTestJSON:setUpClass): 201 POST http://10.180.1.21:9696/networking/v2.0/networks 1.269s
2025-04-17 04:49:00.271 68613 INFO tempest.lib.common.rest_client [req-a232d373-4e16-43f1-a1ac-2e51f64bf100 req-a232d373-4e16-43f1-a1ac-2e51f64bf100 ] Request (FlavorsV255TestJSON:tearDownClass): 204 DELETE http://10.180.1.21/identity/v3/users/992b3e234fe94f7a9c133dec2d79b003 0.183s
2025-04-17 04:49:00.283 68601 INFO tempest.lib.common.rest_client [req-3d950ffe-7568-4e2e-9721-0f27e303afed req-3d950ffe-7568-4e2e-9721-0f27e303afed ] Request (ImagesNegativeTestJSON:setUpClass): 200 GET http://10.180.1.21/identity/v3/roles 0.174s
2025-04-17 04:49:00.319 68561 INFO tempest.lib.common.rest_client [req-10d0adf8-4bfd-4b40-8279-c691cdde5997 req-10d0adf8-4bfd-4b40-8279-c691cdde5997 ] Request (HypervisorAdminTestJSON:tearDownClass): 200 GET http://10.180.1.21:9696/networking/v2.0/security-groups?tenant_id=2fb0cd379c124ef7bbb8641cbd97a441&name=default 0.527s
2025-04-17 04:49:00.330 68591 INFO tempest.lib.common.rest_client [req-27c2c6ad-4a9e-4f0b-a85e-badfade74441 req-27c2c6ad-4a9e-4f0b-a85e-badfade74441 ] Request (DeleteServersAdminTestJSON:test_admin_delete_servers_of_others): 200 GET http://10.180.1.21/compute/v2.1/servers/7423b2c7-699d-4c1b-82b9-683a2c08a261 1.950s
2025-04-17 04:49:00.354 68615 INFO tempest.lib.common.rest_client [req-febd0921-b8bf-460a-9b75-142afea63702 req-febd0921-b8bf-460a-9b75-142afea63702 ] Request (ImagesTestJSON:setUpClass): 201 POST http://10.180.1.21:9696/networking/v2.0/subnets 0.603s
2025-04-17 04:49:00.372 68623 INFO tempest.lib.common.rest_client [req-c3411c1e-79a7-47cd-afc0-75a81ac5b63e req-c3411c1e-79a7-47cd-afc0-75a81ac5b63e ] Request (ServerDiagnosticsV248Test:test_get_server_diagnostics): 200 GET http://10.180.1.21/compute/v2.1/servers/13b2d77c-448b-4558-b5ef-005064806213 1.893s
2025-04-17 04:49:00.388 68599 INFO tempest.lib.common.rest_client [req-efa3a5ff-2307-42c1-8213-914ca14631df req-efa3a5ff-2307-42c1-8213-914ca14631df ] Request (FlavorsAdminTestJSON:_run_cleanups): 200 GET http://10.180.1.21/compute/v2.1/flavors/detail 1.795s
2025-04-17 04:49:00.394 68565 INFO tempest.lib.common.rest_client [req-7b86540d-ca63-4b4b-b8b5-929dd1b73fd6 req-7b86540d-ca63-4b4b-b8b5-929dd1b73fd6 ] Request (ImagesMetadataTestJSON:test_get_image_metadata_item): 200 GET http://10.180.1.21/compute/v2.1/images/f049c8f6-0eaf-4294-9478-30e4b413d957/metadata/os_distro 1.838s
2025-04-17 04:49:00.412 68619 INFO tempest.lib.common.rest_client [req-4f514023-a592-4400-8af4-ec309669b13d req-4f514023-a592-4400-8af4-ec309669b13d ] Request (KeyPairsV22TestJSON:_run_cleanups): 204 DELETE http://10.180.1.21/compute/v2.1/os-keypairs/tempest-keypair-1976712470 1.794s
2025-04-17 04:49:00.430 68571 INFO tempest.lib.common.rest_client [req-fae8ade6-4b01-449e-98a4-5b29f2180d29 req-fae8ade6-4b01-449e-98a4-5b29f2180d29 ] Request (FlavorsExtraSpecsTestJSON:test_flavor_set_get_update_show_unset_keys): 200 PUT http://10.180.1.21/compute/v2.1/flavors/344527078/os-extra_specs/hw:numa_nodes 1.796s
2025-04-17 04:49:00.436 68587 INFO tempest.lib.common.rest_client [req-4b96cf36-5838-4f0f-94ad-0cd6b6d509f5 req-4b96cf36-5838-4f0f-94ad-0cd6b6d509f5 ] Request (ServersV294TestFqdnHostnames:setUpClass): 204 PUT http://10.180.1.21/identity/v3/projects/cde4ba5ff8694aa3a9ad95266590e67a/users/2da05db73b6f4d8b994269fe2576382d/roles/080d8e9effb547b18453dd7594c6e4e9 0.260s
2025-04-17 04:49:00.436 68587 INFO tempest.lib.common.dynamic_creds [-] Dynamic test user 2da05db73b6f4d8b994269fe2576382d is created with scope project and roles: ['member']
2025-04-17 04:49:00.436 68587 INFO tempest.lib.common.dynamic_creds [-] Acquired dynamic creds: credentials: Credentials: {'domain_id': 'default', 'domain_name': 'Default', 'username': 'tempest-ServersV294TestFqdnHostnames-1599076239-project-member', 'project_domain_id': 'default', 'project_domain_name': 'Default', 'project_id': 'cde4ba5ff8694aa3a9ad95266590e67a', 'project_name': 'tempest-ServersV294TestFqdnHostnames-1599076239', 'tenant_id': 'cde4ba5ff8694aa3a9ad95266590e67a', 'tenant_name': 'tempest-ServersV294TestFqdnHostnames-1599076239', 'user_domain_id': 'default', 'user_domain_name': 'Default', 'user_id': '2da05db73b6f4d8b994269fe2576382d', 'system': None}, Network: None, Subnet: None, Router: None
2025-04-17 04:49:00.449 68575 INFO tempest.lib.common.rest_client [req-d122f50f-caf4-4260-b0b3-41a1c40dd333 req-d122f50f-caf4-4260-b0b3-41a1c40dd333 ] Request (ServersWithSpecificFlavorTestJSON:test_verify_created_server_ephemeral_disk): 200 POST http://10.180.1.21/compute/v2.1/flavors/1602376786/os-extra_specs 1.236s
2025-04-17 04:49:00.461 68567 INFO tempest.lib.common.rest_client [req-9afa339e-ffbd-4584-a705-8a2e85b789ff req-9afa339e-ffbd-4584-a705-8a2e85b789ff ] Request (HostsAdminNegativeTestJSON:test_shutdown_nonexistent_host): 404 GET http://10.180.1.21/compute/v2.1/os-hosts/nonexistent_hostname/shutdown 0.872s
2025-04-17 04:49:00.476 68569 INFO tempest.lib.common.rest_client [req-4ecd913f-5385-45f1-a13c-c3050ecd99e0 req-4ecd913f-5385-45f1-a13c-c3050ecd99e0 ] Request (KeyPairsV210TestJSON:_run_cleanups): 204 DELETE http://10.180.1.21/compute/v2.1/os-keypairs/tempest-keypair-1149457487?user_id=64870fc90dec4405a9ee2b2dc70b9656 0.858s
2025-04-17 04:49:00.491 68573 INFO tempest.lib.common.rest_client [req-6369d058-4701-4aef-8cc5-8c6ebc5d423b req-6369d058-4701-4aef-8cc5-8c6ebc5d423b ] Request (FlavorsAccessTestJSON:_run_cleanups): 202 DELETE http://10.180.1.21/compute/v2.1/flavors/1149090526 0.856s
2025-04-17 04:49:00.519 68613 INFO tempest.lib.common.rest_client [req-5a46ce6b-4ef9-440d-8b2d-c1bf60b4cf0c req-5a46ce6b-4ef9-440d-8b2d-c1bf60b4cf0c ] Request (FlavorsV255TestJSON:tearDownClass): 204 DELETE http://10.180.1.21/identity/v3/users/1cc4950a6f4b41a9812e7d9a3db43c30 0.247s
2025-04-17 04:49:00.519 68613 INFO tempest.lib.common.dynamic_creds [-] Deleting project and security group for project: 8949b53937854de19d65d19f96a655dc
2025-04-17 04:49:00.546 68585 INFO tempest.lib.common.rest_client [req-d0880906-b240-4093-b817-d7ff6ad91a0b req-d0880906-b240-4093-b817-d7ff6ad91a0b ] Request (MultipleCreateTestJSON:test_multiple_create): 200 GET http://10.180.1.21/compute/v2.1/servers 1.344s
2025-04-17 04:49:00.561 68617 INFO tempest.lib.common.rest_client [req-8b992314-2c04-4833-a3a3-f2f559fb28ea req-8b992314-2c04-4833-a3a3-f2f559fb28ea ] Request (QuotaClassesAdminTestJSON:test_update_default_quotas): 200 GET http://10.180.1.21/compute/v2.1/os-quota-class-sets/default 0.586s
2025-04-17 04:49:00.585 68601 INFO tempest.lib.common.rest_client [req-d494cfa1-d680-4b09-95af-2a7c767467c4 req-d494cfa1-d680-4b09-95af-2a7c767467c4 ] Request (ImagesNegativeTestJSON:setUpClass): 204 PUT http://10.180.1.21/identity/v3/projects/e1021604806f4a47b9e3d1c5f3691315/users/16e5c0a7530e499ba7f30cb714f251dd/roles/080d8e9effb547b18453dd7594c6e4e9 0.302s
2025-04-17 04:49:00.585 68601 INFO tempest.lib.common.dynamic_creds [-] Dynamic test user 16e5c0a7530e499ba7f30cb714f251dd is created with scope project and roles: ['member']
2025-04-17 04:49:00.586 68601 INFO tempest.lib.common.dynamic_creds [-] Acquired dynamic creds: credentials: Credentials: {'domain_id': 'default', 'domain_name': 'Default', 'username': 'tempest-ImagesNegativeTestJSON-1645862844-project-member', 'project_domain_id': 'default', 'project_domain_name': 'Default', 'project_id': 'e1021604806f4a47b9e3d1c5f3691315', 'project_name': 'tempest-ImagesNegativeTestJSON-1645862844', 'tenant_id': 'e1021604806f4a47b9e3d1c5f3691315', 'tenant_name': 'tempest-ImagesNegativeTestJSON-1645862844', 'user_domain_id': 'default', 'user_domain_name': 'Default', 'user_id': '16e5c0a7530e499ba7f30cb714f251dd', 'system': None}, Network: None, Subnet: None, Router: None
2025-04-17 04:49:00.591 68589 INFO tempest.lib.common.rest_client [req-68f313a4-a403-4d91-bb62-b88b0970d555 req-68f313a4-a403-4d91-bb62-b88b0970d555 ] Request (FlavorMetadataValidation:tearDownClass): 200 GET http://10.180.1.21:9696/networking/v2.0/security-groups?tenant_id=8c18b7d6c59341cfb4ee7adb9727347a&name=default 0.468s
2025-04-17 04:49:00.597 68595 INFO tempest.lib.common.rest_client [req-4fc1e204-4e1e-4fc4-a6b7-601d0b2eab60 req-4fc1e204-4e1e-4fc4-a6b7-601d0b2eab60 ] Request (AggregatesAdminNegativeTestJSON:test_aggregate_add_host_as_user): 200 POST http://10.180.1.21/compute/v2.1/os-aggregates 0.588s
2025-04-17 04:49:00.609 68587 INFO tempest.lib.common.rest_client [req-7de64ffb-12c6-469c-a03f-6c536737fc7a req-7de64ffb-12c6-469c-a03f-6c536737fc7a ] Request (ServersV294TestFqdnHostnames:setUpClass): 201 POST http://10.180.1.21/identity/v3/auth/tokens 0.172s
2025-04-17 04:49:00.619 68605 INFO tempest.lib.common.rest_client [req-15577c64-e641-4abf-9e63-f5b67ea8cb86 req-15577c64-e641-4abf-9e63-f5b67ea8cb86 ] Request (HostsAdminTestJSON:test_list_hosts_with_zone): 200 GET http://10.180.1.21/compute/v2.1/os-hosts 0.596s
2025-04-17 04:49:00.633 68613 INFO tempest.lib.common.rest_client [req-87f213a8-304f-4503-a1a8-04e7913b8b1a req-87f213a8-304f-4503-a1a8-04e7913b8b1a ] Request (FlavorsV255TestJSON:tearDownClass): 201 POST http://10.180.1.21/identity/v3/auth/tokens 0.113s
2025-04-17 04:49:00.638 68597 INFO tempest.lib.common.rest_client [req-a307c9fb-4ae2-41f1-becc-cb918de4faae req-a307c9fb-4ae2-41f1-becc-cb918de4faae ] Request (ServicesAdminNegativeV253TestJSON:test_get_service_with_valid_service_and_invalid_host): 200 GET http://10.180.1.21/compute/v2.1/os-services 0.594s
2025-04-17 04:49:00.657 68601 INFO tempest.lib.common.rest_client [req-4637f0cb-d0dc-45e4-bd4d-4482bba88e3e req-4637f0cb-d0dc-45e4-bd4d-4482bba88e3e ] Request (ImagesNegativeTestJSON:setUpClass): 201 POST http://10.180.1.21/identity/v3/auth/tokens 0.071s
2025-04-17 04:49:00.690 68611 INFO tempest.lib.common.rest_client [req-60cb0180-547f-4b86-83ad-222da811f2f3 req-60cb0180-547f-4b86-83ad-222da811f2f3 ] Request (AttachInterfacesUnderV243Test:setUpClass): 200 PUT http://10.180.1.21:9696/networking/v2.0/routers/bba42cad-134a-4b48-a370-88303fff05ab/add_router_interface 4.970s
2025-04-17 04:49:00.690 68611 INFO tempest.lib.common.dynamic_creds [-] Created isolated network resources for: credentials: Credentials: {'domain_id': 'default', 'domain_name': 'Default', 'username': 'tempest-AttachInterfacesUnderV243Test-870864962-project-member', 'project_domain_id': 'default', 'project_domain_name': 'Default', 'project_id': '77e1f75c16c540bfa0a8acede4b77c9c', 'project_name': 'tempest-AttachInterfacesUnderV243Test-870864962', 'tenant_id': '77e1f75c16c540bfa0a8acede4b77c9c', 'tenant_name': 'tempest-AttachInterfacesUnderV243Test-870864962', 'user_domain_id': 'default', 'user_domain_name': 'Default', 'user_id': 'bf4121e54a45416093dd5c912870071c', 'system': None}, Network: {'id': '30070275-16c4-445e-af20-a67253cb2cae', 'name': 'tempest-AttachInterfacesUnderV243Test-271114781-network', 'tenant_id': '77e1f75c16c540bfa0a8acede4b77c9c', 'admin_state_up': True, 'mtu': 8950, 'status': 'ACTIVE', 'subnets': [], 'shared': False, 'project_id': '77e1f75c16c540bfa0a8acede4b77c9c', 'port_security_enabled': True, 'router:external': False, 'provider:network_type': 'vlan', 'provider:physical_network': 'default', 'provider:segmentation_id': 357, 'is_default': False, 'availability_zone_hints': [], 'availability_zones': [], 'ipv4_address_scope': None, 'ipv6_address_scope': None, 'description': '', 'tags': [], 'created_at': '2025-04-17T04:48:51Z', 'updated_at': '2025-04-17T04:48:51Z', 'revision_number': 1}, Subnet: {'id': 'e91f51f4-38fa-4575-aeb5-c37802875b4d', 'name': 'tempest-AttachInterfacesUnderV243Test-271114781-subnet', 'tenant_id': '77e1f75c16c540bfa0a8acede4b77c9c', 'network_id': '30070275-16c4-445e-af20-a67253cb2cae', 'ip_version': 4, 'subnetpool_id': None, 'enable_dhcp': True, 'ipv6_ra_mode': None, 'ipv6_address_mode': None, 'gateway_ip': '192.168.128.1', 'cidr': '192.168.128.0/28', 'allocation_pools': [{'start': '192.168.128.2', 'end': '192.168.128.14'}], 'host_routes': [], 'dns_nameservers': [], 'description': '', 'service_types': [], 'tags': [], 'created_at': '2025-04-17T04:48:51Z', 'updated_at': '2025-04-17T04:48:51Z', 'revision_number': 0, 'project_id': '77e1f75c16c540bfa0a8acede4b77c9c'}, Router: {'id': 'bba42cad-134a-4b48-a370-88303fff05ab', 'name': 'tempest-AttachInterfacesUnderV243Test-271114781-router', 'tenant_id': '77e1f75c16c540bfa0a8acede4b77c9c', 'admin_state_up': True, 'status': 'ACTIVE', 'external_gateway_info': {'network_id': '3abf66ba-a288-4245-965d-843bb0536b56', 'external_fixed_ips': [{'subnet_id': '20b85306-2924-4d2b-aab1-1c5c77beb839', 'ip_address': '10.180.180.156'}], 'enable_snat': True}, 'description': '', 'availability_zones': [], 'distributed': False, 'ha': False, 'availability_zone_hints': [], 'routes': [], 'flavor_id': None, 'tags': [], 'created_at': '2025-04-17T04:48:52Z', 'updated_at': '2025-04-17T04:48:53Z', 'revision_number': 2, 'project_id': '77e1f75c16c540bfa0a8acede4b77c9c'}
2025-04-17 04:49:00.712 68569 INFO tempest.lib.common.rest_client [req-f73fa2f2-99d8-48ea-870c-d32782cb26b0 req-f73fa2f2-99d8-48ea-870c-d32782cb26b0 ] Request (KeyPairsV210TestJSON:tearDownClass): 204 DELETE http://10.180.1.21/identity/v3/users/64870fc90dec4405a9ee2b2dc70b9656 0.227s
2025-04-17 04:49:00.853 68611 INFO tempest.lib.common.rest_client [req-39f64d2f-8a4a-48f8-ac95-74711a3fdb94 req-39f64d2f-8a4a-48f8-ac95-74711a3fdb94 ] Request (AttachInterfacesUnderV243Test:setUpClass): 201 POST http://10.180.1.21/identity/v3/auth/tokens 0.156s
2025-04-17 04:49:00.918 68569 INFO tempest.lib.common.rest_client [req-ecaee13e-75ea-4d50-af29-7f246b0485a8 req-ecaee13e-75ea-4d50-af29-7f246b0485a8 ] Request (KeyPairsV210TestJSON:tearDownClass): 204 DELETE http://10.180.1.21/identity/v3/users/fcac7edc2e144f81a9dda943d42514f5 0.205s
2025-04-17 04:49:00.918 68569 INFO tempest.lib.common.dynamic_creds [-] Deleting project and security group for project: b816109a057a4164bbb652e42f6c16c6
2025-04-17 04:49:00.982 68569 INFO tempest.lib.common.rest_client [req-95a496bd-941b-42cf-801b-4dc9e9343c8f req-95a496bd-941b-42cf-801b-4dc9e9343c8f ] Request (KeyPairsV210TestJSON:tearDownClass): 201 POST http://10.180.1.21/identity/v3/auth/tokens 0.064s
2025-04-17 04:49:00.996 68561 INFO tempest.lib.common.rest_client [req-7810b930-9368-47fd-9008-32b60cbdf3ab req-7810b930-9368-47fd-9008-32b60cbdf3ab ] Request (HypervisorAdminTestJSON:tearDownClass): 204 DELETE http://10.180.1.21:9696/networking/v2.0/security-groups/a079a066-f1b5-4047-b267-0215092d914b 0.675s
2025-04-17 04:49:01.031 68563 INFO tempest.lib.common.rest_client [req-3d9e8025-cf7f-4896-8e9e-98e0fc8b3ff7 req-3d9e8025-cf7f-4896-8e9e-98e0fc8b3ff7 ] Request (FloatingIPsAssociationTestJSON:setUpClass): 201 POST http://10.180.1.21:9696/networking/v2.0/networks 1.187s
2025-04-17 04:49:01.061 68561 INFO tempest.lib.common.rest_client [req-1f89b141-8fa6-4c72-a434-28bca5505fd4 req-1f89b141-8fa6-4c72-a434-28bca5505fd4 ] Request (HypervisorAdminTestJSON:tearDownClass): 204 DELETE http://10.180.1.21/identity/v3/projects/2fb0cd379c124ef7bbb8641cbd97a441 0.064s
2025-04-17 04:49:01.061 68561 INFO tempest.lib.common.dynamic_creds [-] Deleting project and security group for project: e0562bf8681948f18dae4f42dd20c93e
2025-04-17 04:49:01.146 68589 INFO tempest.lib.common.rest_client [req-90a070ca-7efc-499c-82b5-2e40ceb41633 req-90a070ca-7efc-499c-82b5-2e40ceb41633 ] Request (FlavorMetadataValidation:tearDownClass): 204 DELETE http://10.180.1.21:9696/networking/v2.0/security-groups/b5bbf7f0-e0ca-4a8d-90c0-6d79301daca6 0.555s
2025-04-17 04:49:01.172 68581 INFO tempest.lib.common.rest_client [req-0bf6dee9-0ddf-4f88-a01d-1a4c35fd448a req-0bf6dee9-0ddf-4f88-a01d-1a4c35fd448a ] Request (MigrationsAdminTest:test_list_migrations_in_flavor_resize_situation): 200 GET http://10.180.1.21/compute/v2.1/servers/9cda9e61-a903-4156-b797-121d7142c021 0.975s
2025-04-17 04:49:01.212 68579 INFO tempest.lib.common.rest_client [req-953b0d87-587e-4901-9942-283d10bd7c50 req-953b0d87-587e-4901-9942-283d10bd7c50 ] Request (QuotasAdminNegativeTest:test_create_server_when_instances_quota_is_full): 403 POST http://10.180.1.21/compute/v2.1/servers 1.439s
2025-04-17 04:49:01.218 68589 INFO tempest.lib.common.rest_client [req-7c041577-4f8e-4bdb-9bac-9a8f4475bd91 req-7c041577-4f8e-4bdb-9bac-9a8f4475bd91 ] Request (FlavorMetadataValidation:tearDownClass): 204 DELETE http://10.180.1.21/identity/v3/projects/8c18b7d6c59341cfb4ee7adb9727347a 0.071s
2025-04-17 04:49:01.230 68599 INFO tempest.lib.common.rest_client [req-c16ca1d4-14fa-41bd-b631-aef899b5cd65 req-c16ca1d4-14fa-41bd-b631-aef899b5cd65 ] Request (FlavorsAdminTestJSON:test_create_flavor_with_int_id): 200 POST http://10.180.1.21/compute/v2.1/flavors 0.833s
2025-04-17 04:49:01.260 68619 INFO tempest.lib.common.rest_client [req-325384f1-d2f5-417c-9621-eb6605bbec05 req-325384f1-d2f5-417c-9621-eb6605bbec05 ] Request (KeyPairsV22TestJSON:test_keypair_create_delete): 201 POST http://10.180.1.21/compute/v2.1/os-keypairs 0.842s
2025-04-17 04:49:01.268 68571 INFO tempest.lib.common.rest_client [req-e03ddf5e-267f-4976-b994-808bb334baaa req-e03ddf5e-267f-4976-b994-808bb334baaa ] Request (FlavorsExtraSpecsTestJSON:test_flavor_set_get_update_show_unset_keys): 200 GET http://10.180.1.21/compute/v2.1/flavors/344527078/os-extra_specs 0.837s
2025-04-17 04:49:01.281 68575 INFO tempest.lib.common.rest_client [req-ff7aaa6d-a1a8-4c6f-9545-b6d98069465b req-ff7aaa6d-a1a8-4c6f-9545-b6d98069465b ] Request (ServersWithSpecificFlavorTestJSON:test_verify_created_server_ephemeral_disk): 200 POST http://10.180.1.21/compute/v2.1/flavors 0.832s
2025-04-17 04:49:01.287 68567 INFO tempest.lib.common.rest_client [req-5aa09918-605c-4c1e-b15b-bbad993473be req-5aa09918-605c-4c1e-b15b-bbad993473be ] Request (HostsAdminNegativeTestJSON:test_startup_host_with_non_admin_user): 403 GET http://10.180.1.21/compute/v2.1/os-hosts/devstack/startup 0.822s
2025-04-17 04:49:01.295 68589 INFO tempest.lib.common.rest_client [req-67c808c3-1700-4c26-8a5b-037bd4ee2f2f req-67c808c3-1700-4c26-8a5b-037bd4ee2f2f ] Request (ServerDiagnosticsTest:setUpClass): 201 POST http://10.180.1.21/identity/v3/auth/tokens 0.075s
2025-04-17 04:49:01.303 68573 INFO tempest.lib.common.rest_client [req-4d403526-970a-4437-9a70-a473e3c78555 req-4d403526-970a-4437-9a70-a473e3c78555 ] Request (FlavorsAccessTestJSON:_run_cleanups): 200 GET http://10.180.1.21/compute/v2.1/flavors/detail 0.810s
2025-04-17 04:49:01.310 68613 INFO tempest.lib.common.rest_client [req-e81ba3e4-ac8b-4ef1-9394-afb25f0bebdf req-e81ba3e4-ac8b-4ef1-9394-afb25f0bebdf ] Request (FlavorsV255TestJSON:tearDownClass): 200 GET http://10.180.1.21:9696/networking/v2.0/security-groups?tenant_id=8949b53937854de19d65d19f96a655dc&name=default 0.677s
2025-04-17 04:49:01.336 68565 INFO tempest.lib.common.rest_client [req-6855c1fb-ccbe-490f-b8f3-847ced010a80 req-6855c1fb-ccbe-490f-b8f3-847ced010a80 ] Request (ImagesMetadataTestJSON:setUp): 200 PUT http://10.180.1.21/compute/v2.1/images/f049c8f6-0eaf-4294-9478-30e4b413d957/metadata 0.940s
2025-04-17 04:49:01.348 68589 INFO tempest.lib.common.rest_client [req-9e90f374-4864-4ae4-8af1-277159437528 req-9e90f374-4864-4ae4-8af1-277159437528 ] Request (ServerDiagnosticsTest:setUpClass): 201 POST http://10.180.1.21/identity/v3/auth/tokens 0.049s
2025-04-17 04:49:01.376 68589 INFO tempest.lib.common.rest_client [req-5d5b9bce-01bd-43ff-a8dc-f5b01d191b52 req-5d5b9bce-01bd-43ff-a8dc-f5b01d191b52 ] Request (ServerDiagnosticsTest:setUpClass): 200 GET http://10.180.1.21/identity/v3/domains?name=Default 0.026s
2025-04-17 04:49:01.408 68585 INFO tempest.lib.common.rest_client [req-d1ce1fa7-cfe2-4ed9-9dd5-921c388eb372 req-d1ce1fa7-cfe2-4ed9-9dd5-921c388eb372 ] Request (MultipleCreateTestJSON:test_multiple_create): 200 GET http://10.180.1.21/compute/v2.1/servers/3653a48c-6da3-488a-9b7c-b722032e71ce 0.860s
2025-04-17 04:49:01.413 68617 INFO tempest.lib.common.rest_client [req-e44b19de-4c8d-4d7c-80aa-923cb4769020 req-e44b19de-4c8d-4d7c-80aa-923cb4769020 ] Request (QuotaClassesAdminTestJSON:_run_cleanups): 200 PUT http://10.180.1.21/compute/v2.1/os-quota-class-sets/default 0.849s
2025-04-17 04:49:01.414 68573 INFO tempest.lib.common.rest_client [req-5146b802-f864-4f3e-8124-0942cde41e0a req-5146b802-f864-4f3e-8124-0942cde41e0a ] Request (FlavorsAccessTestJSON:tearDownClass): 204 DELETE http://10.180.1.21/identity/v3/users/15b93cabd0194048b403430b89a3233b 0.105s
2025-04-17 04:49:01.434 68589 INFO tempest.lib.common.rest_client [req-1d6825f2-95b6-4cd5-bcc9-bc113af2a1fe req-1d6825f2-95b6-4cd5-bcc9-bc113af2a1fe ] Request (ServerDiagnosticsTest:setUpClass): 201 POST http://10.180.1.21/identity/v3/projects 0.057s
2025-04-17 04:49:01.445 68605 INFO tempest.lib.common.rest_client [req-742a6a30-aac8-452d-aa05-8cd1a1363a09 req-742a6a30-aac8-452d-aa05-8cd1a1363a09 ] Request (HostsAdminTestJSON:test_list_hosts_with_zone): 200 GET http://10.180.1.21/compute/v2.1/os-hosts?zone=internal 0.825s
2025-04-17 04:49:01.465 68597 INFO tempest.lib.common.rest_client [req-c2434a6c-fae3-48b0-b98a-ccbe33781b29 req-c2434a6c-fae3-48b0-b98a-ccbe33781b29 ] Request (ServicesAdminNegativeV253TestJSON:test_get_service_with_valid_service_and_invalid_host): 200 GET http://10.180.1.21/compute/v2.1/os-services?host=xxx&binary=nova-scheduler 0.825s
2025-04-17 04:49:01.487 68607 INFO tempest.lib.common.rest_client [req-06dda9aa-16f1-4499-a3b9-c5e77b0e5f46 req-06dda9aa-16f1-4499-a3b9-c5e77b0e5f46 ] Request (SecurityGroupRulesNegativeTestJSON:setUpClass): 201 POST http://10.180.1.21:9696/networking/v2.0/subnets 1.269s
2025-04-17 04:49:01.549 68595 INFO tempest.lib.common.rest_client [req-7c46b854-d246-45d5-b0bd-6c2165cb3b17 req-7c46b854-d246-45d5-b0bd-6c2165cb3b17 ] Request (AggregatesAdminNegativeTestJSON:test_aggregate_add_host_as_user): 403 POST http://10.180.1.21/compute/v2.1/os-aggregates/2/action 0.950s
2025-04-17 04:49:01.590 68573 INFO tempest.lib.common.rest_client [req-9840ccc4-ed30-4d7b-bd71-0f4c1844c95a req-9840ccc4-ed30-4d7b-bd71-0f4c1844c95a ] Request (FlavorsAccessTestJSON:tearDownClass): 204 DELETE http://10.180.1.21/identity/v3/users/1e6f9aee194e46c1ba4b0b35020d97b8 0.175s
2025-04-17 04:49:01.590 68573 INFO tempest.lib.common.dynamic_creds [-] Deleting project and security group for project: 24bd1eb34fbe4513b65b5ce81bee0f25
2025-04-17 04:49:01.624 68593 INFO tempest.lib.common.rest_client [req-1a462fb5-604a-4c11-93f7-876f75371496 req-1a462fb5-604a-4c11-93f7-876f75371496 ] Request (QuotasAdminTestV257:test_get_updated_quotas): 200 GET http://10.180.1.21/identity/v3/domains?name=Default 0.205s
2025-04-17 04:49:01.687 68617 INFO tempest.lib.common.rest_client [req-eba608e3-11e6-4792-b266-5e82f2af5d1a req-eba608e3-11e6-4792-b266-5e82f2af5d1a ] Request (QuotaClassesAdminTestJSON:tearDownClass): 204 DELETE http://10.180.1.21/identity/v3/users/643f564a25254e2b82e0851d5cab4b15 0.265s
2025-04-17 04:49:01.714 68589 INFO tempest.lib.common.rest_client [req-e0f0a388-c6cf-4d7f-9475-ce75d1331f87 req-e0f0a388-c6cf-4d7f-9475-ce75d1331f87 ] Request (ServerDiagnosticsTest:setUpClass): 201 POST http://10.180.1.21/identity/v3/users 0.279s
2025-04-17 04:49:01.754 68561 INFO tempest.lib.common.rest_client [req-ee386cbb-f18f-4464-a4f4-182b789ca74a req-ee386cbb-f18f-4464-a4f4-182b789ca74a ] Request (HypervisorAdminTestJSON:tearDownClass): 200 GET http://10.180.1.21:9696/networking/v2.0/security-groups?tenant_id=e0562bf8681948f18dae4f42dd20c93e&name=default 0.693s
2025-04-17 04:49:01.773 68573 INFO tempest.lib.common.rest_client [req-ff5de00e-1618-4a76-80d9-e08f4dcc0db2 req-ff5de00e-1618-4a76-80d9-e08f4dcc0db2 ] Request (FlavorsAccessTestJSON:tearDownClass): 201 POST http://10.180.1.21/identity/v3/auth/tokens 0.183s
2025-04-17 04:49:01.774 68587 INFO tempest.lib.common.rest_client [req-bc3c632a-45f1-4779-91a7-2ddcea0e1d54 req-bc3c632a-45f1-4779-91a7-2ddcea0e1d54 ] Request (ServersV294TestFqdnHostnames:setUpClass): 201 POST http://10.180.1.21:9696/networking/v2.0/networks 1.164s
2025-04-17 04:49:01.837 68611 INFO tempest.lib.common.rest_client [req-2bcb874c-e607-4c3a-9de7-312f92e6620b req-2bcb874c-e607-4c3a-9de7-312f92e6620b ] Request (ValidationResourcesFixture:setUp): 200 POST http://10.180.1.21/compute/v2.1/os-keypairs 0.980s
2025-04-17 04:49:01.848 68593 INFO tempest.lib.common.rest_client [req-67207abf-b9ad-4be9-893b-5f7e70bad54e req-67207abf-b9ad-4be9-893b-5f7e70bad54e ] Request (QuotasAdminTestV257:test_get_updated_quotas): 201 POST http://10.180.1.21/identity/v3/projects 0.223s
2025-04-17 04:49:01.875 68617 INFO tempest.lib.common.rest_client [req-7d850b2c-e32d-4d35-8340-bf72c920d4f2 req-7d850b2c-e32d-4d35-8340-bf72c920d4f2 ] Request (QuotaClassesAdminTestJSON:tearDownClass): 204 DELETE http://10.180.1.21/identity/v3/users/e233ebc5e92b4714900762244c4fbb0c 0.187s
2025-04-17 04:49:01.876 68617 INFO tempest.lib.common.dynamic_creds [-] Deleting project and security group for project: 659063b208a0438abdb4ad1bfbbdd42f
2025-04-17 04:49:01.936 68589 INFO tempest.lib.common.rest_client [req-91352f87-072c-4d9a-860e-375dffba6f72 req-91352f87-072c-4d9a-860e-375dffba6f72 ] Request (ServerDiagnosticsTest:setUpClass): 200 GET http://10.180.1.21/identity/v3/roles 0.221s
2025-04-17 04:49:01.989 68583 INFO tempest.lib.common.rest_client [req-df028780-f795-4ffe-9be6-0ef684f924fd req-df028780-f795-4ffe-9be6-0ef684f924fd ] Request (ImagesOneServerTestJSON:setUpClass): 200 GET http://10.180.1.21/compute/v2.1/servers/167d0f09-4566-46f2-ab98-2acbc5810ce4 0.956s
2025-04-17 04:49:01.995 68617 INFO tempest.lib.common.rest_client [req-c38ddc60-fbb6-4329-8ec5-6f99e765d30c req-c38ddc60-fbb6-4329-8ec5-6f99e765d30c ] Request (QuotaClassesAdminTestJSON:tearDownClass): 201 POST http://10.180.1.21/identity/v3/auth/tokens 0.119s
2025-04-17 04:49:02.000 68593 INFO tempest.lib.common.rest_client [req-6dc65248-2f74-4555-8f16-647f57f9fbda req-6dc65248-2f74-4555-8f16-647f57f9fbda ] Request (QuotasAdminTestV257:test_get_updated_quotas): 200 GET http://10.180.1.21/identity/v3/domains?name=Default 0.151s
2025-04-17 04:49:02.018 68599 INFO tempest.lib.common.rest_client [req-243cfa84-638f-408e-bd64-7d69dbd355dc req-243cfa84-638f-408e-bd64-7d69dbd355dc ] Request (FlavorsAdminTestJSON:_run_cleanups): 202 DELETE http://10.180.1.21/compute/v2.1/flavors/1941449557 0.785s
2025-04-17 04:49:02.031 68589 INFO tempest.lib.common.rest_client [req-697ec787-eeeb-4e51-bff2-0068c57a5467 req-697ec787-eeeb-4e51-bff2-0068c57a5467 ] Request (ServerDiagnosticsTest:setUpClass): 204 PUT http://10.180.1.21/identity/v3/projects/2740c3ed53574a59a0431ba2084f2952/users/3ddbcaedd76546ee98b088d178ee220b/roles/080d8e9effb547b18453dd7594c6e4e9 0.095s
2025-04-17 04:49:02.031 68589 INFO tempest.lib.common.dynamic_creds [-] Dynamic test user 3ddbcaedd76546ee98b088d178ee220b is created with scope project and roles: ['member']
2025-04-17 04:49:02.032 68589 INFO tempest.lib.common.dynamic_creds [-] Acquired dynamic creds: credentials: Credentials: {'domain_id': 'default', 'domain_name': 'Default', 'username': 'tempest-ServerDiagnosticsTest-715202704-project-member', 'project_domain_id': 'default', 'project_domain_name': 'Default', 'project_id': '2740c3ed53574a59a0431ba2084f2952', 'project_name': 'tempest-ServerDiagnosticsTest-715202704', 'tenant_id': '2740c3ed53574a59a0431ba2084f2952', 'tenant_name': 'tempest-ServerDiagnosticsTest-715202704', 'user_domain_id': 'default', 'user_domain_name': 'Default', 'user_id': '3ddbcaedd76546ee98b088d178ee220b', 'system': None}, Network: None, Subnet: None, Router: None
2025-04-17 04:49:02.032 68589 INFO tempest.lib.common.dynamic_creds [-] Created isolated network resources for: credentials: Credentials: {'domain_id': 'default', 'domain_name': 'Default', 'username': 'tempest-ServerDiagnosticsTest-715202704-project-member', 'project_domain_id': 'default', 'project_domain_name': 'Default', 'project_id': '2740c3ed53574a59a0431ba2084f2952', 'project_name': 'tempest-ServerDiagnosticsTest-715202704', 'tenant_id': '2740c3ed53574a59a0431ba2084f2952', 'tenant_name': 'tempest-ServerDiagnosticsTest-715202704', 'user_domain_id': 'default', 'user_domain_name': 'Default', 'user_id': '3ddbcaedd76546ee98b088d178ee220b', 'system': None}, Network: None, Subnet: None, Router: None
2025-04-17 04:49:02.041 68619 INFO tempest.lib.common.rest_client [req-d62da2f2-9558-420c-a59d-e45d68603140 req-d62da2f2-9558-420c-a59d-e45d68603140 ] Request (KeyPairsV22TestJSON:_run_cleanups): 204 DELETE http://10.180.1.21/compute/v2.1/os-keypairs/tempest-keypair-833934664 0.778s
2025-04-17 04:49:02.069 68571 INFO tempest.lib.common.rest_client [req-d42f4942-7dda-4576-9bfe-09de19366ef5 req-d42f4942-7dda-4576-9bfe-09de19366ef5 ] Request (FlavorsExtraSpecsTestJSON:test_flavor_set_get_update_show_unset_keys): 200 DELETE http://10.180.1.21/compute/v2.1/flavors/344527078/os-extra_specs/hw:numa_nodes 0.800s
2025-04-17 04:49:02.081 68575 INFO tempest.lib.common.rest_client [req-e01f6c87-20d3-4000-962e-69036290a6ac req-e01f6c87-20d3-4000-962e-69036290a6ac ] Request (ServersWithSpecificFlavorTestJSON:test_verify_created_server_ephemeral_disk): 200 GET http://10.180.1.21/compute/v2.1/flavors/42/os-extra_specs 0.797s
2025-04-17 04:49:02.090 68567 INFO tempest.lib.common.rest_client [req-d26fe244-753c-4243-9b89-545d02a924b3 req-d26fe244-753c-4243-9b89-545d02a924b3 ] Request (HostsAdminNegativeTestJSON:test_startup_nonexistent_host): 404 GET http://10.180.1.21/compute/v2.1/os-hosts/nonexistent_hostname/startup 0.799s
2025-04-17 04:49:02.106 68569 INFO tempest.lib.common.rest_client [req-cef9b689-d2d5-4692-8e3c-e70001fd92c2 req-cef9b689-d2d5-4692-8e3c-e70001fd92c2 ] Request (KeyPairsV210TestJSON:tearDownClass): 200 GET http://10.180.1.21:9696/networking/v2.0/security-groups?tenant_id=b816109a057a4164bbb652e42f6c16c6&name=default 1.124s
2025-04-17 04:49:02.129 68589 INFO tempest.lib.common.rest_client [req-164dd7aa-4d58-4667-b239-c11355bdfe4e req-164dd7aa-4d58-4667-b239-c11355bdfe4e ] Request (ServerDiagnosticsTest:setUpClass): 201 POST http://10.180.1.21/identity/v3/auth/tokens 0.090s
2025-04-17 04:49:02.146 68565 INFO tempest.lib.common.rest_client [req-1c9538de-d362-4036-8bd2-b66f9ce32e14 req-1c9538de-d362-4036-8bd2-b66f9ce32e14 ] Request (ImagesMetadataTestJSON:test_list_image_metadata): 200 GET http://10.180.1.21/compute/v2.1/images/f049c8f6-0eaf-4294-9478-30e4b413d957/metadata 0.809s
2025-04-17 04:49:02.205 68601 INFO tempest.lib.common.rest_client [req-a411997f-7312-4237-a2da-d64a44c6232a req-a411997f-7312-4237-a2da-d64a44c6232a ] Request (ImagesNegativeTestJSON:setUpClass): 201 POST http://10.180.1.21:9696/networking/v2.0/networks 1.548s
2025-04-17 04:49:02.245 68579 INFO tempest.lib.common.rest_client [req-5035e080-ded4-47bf-af66-da27b9d99014 req-5035e080-ded4-47bf-af66-da27b9d99014 ] Request (QuotasAdminNegativeTest:_run_cleanups): 200 PUT http://10.180.1.21/compute/v2.1/os-quota-sets/cc290375ddc7499cb11faceb67933de3 1.032s
2025-04-17 04:49:02.247 68613 INFO tempest.lib.common.rest_client [req-c618e4a2-d221-4c11-9c2a-19c7792be6e1 req-c618e4a2-d221-4c11-9c2a-19c7792be6e1 ] Request (FlavorsV255TestJSON:tearDownClass): 204 DELETE http://10.180.1.21:9696/networking/v2.0/security-groups/35503391-e4ed-45d3-916c-cfe3cee939b3 0.936s
2025-04-17 04:49:02.254 68589 INFO tempest.lib.common.rest_client [req-a89a8002-63ae-49ff-80a9-c55dab5b0bb3 req-a89a8002-63ae-49ff-80a9-c55dab5b0bb3 ] Request (ServerDiagnosticsTest:setUpClass): 201 POST http://10.180.1.21/identity/v3/projects 0.125s
2025-04-17 04:49:02.339 68589 INFO tempest.lib.common.rest_client [req-a9431ddf-1a4c-484f-bc4b-a1b44c9f45dd req-a9431ddf-1a4c-484f-bc4b-a1b44c9f45dd ] Request (ServerDiagnosticsTest:setUpClass): 201 POST http://10.180.1.21/identity/v3/users 0.084s
2025-04-17 04:49:02.359 68613 INFO tempest.lib.common.rest_client [req-e5610fdb-d60b-49d5-8c8c-1564867ce7e1 req-e5610fdb-d60b-49d5-8c8c-1564867ce7e1 ] Request (FlavorsV255TestJSON:tearDownClass): 204 DELETE http://10.180.1.21/identity/v3/projects/8949b53937854de19d65d19f96a655dc 0.112s
2025-04-17 04:49:02.359 68613 INFO tempest.lib.common.dynamic_creds [-] Deleting project and security group for project: 15fcf5cfa94a417d92e045903d547ca7
2025-04-17 04:49:02.394 68589 INFO tempest.lib.common.rest_client [req-00efadc2-28db-4c15-b084-2c127fc0b687 req-00efadc2-28db-4c15-b084-2c127fc0b687 ] Request (ServerDiagnosticsTest:setUpClass): 200 GET http://10.180.1.21/identity/v3/roles 0.054s
2025-04-17 04:49:02.426 68589 INFO tempest.lib.common.rest_client [req-e0fb6be9-ecd3-44d5-aee3-38dbf58f398a req-e0fb6be9-ecd3-44d5-aee3-38dbf58f398a ] Request (ServerDiagnosticsTest:setUpClass): 204 PUT http://10.180.1.21/identity/v3/projects/17914067f58346fe80a3be5de738fb7e/users/443f42722dda4558b7ab3be15fa6ed83/roles/608fb0953baa45488ff71a53960e796a 0.031s
2025-04-17 04:49:02.471 68589 INFO tempest.lib.common.rest_client [req-67c3b601-fe33-4a09-b167-28d2426b4e92 req-67c3b601-fe33-4a09-b167-28d2426b4e92 ] Request (ServerDiagnosticsTest:setUpClass): 200 GET http://10.180.1.21/identity/v3/roles 0.045s
2025-04-17 04:49:02.488 68589 INFO tempest.lib.common.rest_client [req-97d18127-f9b7-45b8-a2e3-645aec2122d6 req-97d18127-f9b7-45b8-a2e3-645aec2122d6 ] Request (ServerDiagnosticsTest:setUpClass): 204 PUT http://10.180.1.21/identity/v3/projects/17914067f58346fe80a3be5de738fb7e/users/443f42722dda4558b7ab3be15fa6ed83/roles/608fb0953baa45488ff71a53960e796a 0.016s
2025-04-17 04:49:02.488 68589 INFO tempest.lib.common.dynamic_creds [-] Dynamic test user 443f42722dda4558b7ab3be15fa6ed83 is created with scope project and roles: ['admin']
2025-04-17 04:49:02.488 68589 INFO tempest.lib.common.dynamic_creds [-] Acquired dynamic creds: credentials: Credentials: {'domain_id': 'default', 'domain_name': 'Default', 'username': 'tempest-ServerDiagnosticsTest-1183567075-project-admin', 'project_domain_id': 'default', 'project_domain_name': 'Default', 'project_id': '17914067f58346fe80a3be5de738fb7e', 'project_name': 'tempest-ServerDiagnosticsTest-1183567075', 'tenant_id': '17914067f58346fe80a3be5de738fb7e', 'tenant_name': 'tempest-ServerDiagnosticsTest-1183567075', 'user_domain_id': 'default', 'user_domain_name': 'Default', 'user_id': '443f42722dda4558b7ab3be15fa6ed83', 'system': None}, Network: None, Subnet: None, Router: None
2025-04-17 04:49:02.488 68589 INFO tempest.lib.common.dynamic_creds [-] Created isolated network resources for: credentials: Credentials: {'domain_id': 'default', 'domain_name': 'Default', 'username': 'tempest-ServerDiagnosticsTest-1183567075-project-admin', 'project_domain_id': 'default', 'project_domain_name': 'Default', 'project_id': '17914067f58346fe80a3be5de738fb7e', 'project_name': 'tempest-ServerDiagnosticsTest-1183567075', 'tenant_id': '17914067f58346fe80a3be5de738fb7e', 'tenant_name': 'tempest-ServerDiagnosticsTest-1183567075', 'user_domain_id': 'default', 'user_domain_name': 'Default', 'user_id': '443f42722dda4558b7ab3be15fa6ed83', 'system': None}, Network: None, Subnet: None, Router: None
2025-04-17 04:49:02.501 68563 INFO tempest.lib.common.rest_client [req-7c237cff-fa3b-4bde-9e52-9729c5ba681c req-7c237cff-fa3b-4bde-9e52-9729c5ba681c ] Request (FloatingIPsAssociationTestJSON:setUpClass): 201 POST http://10.180.1.21:9696/networking/v2.0/subnets 1.470s
2025-04-17 04:49:02.563 68589 INFO tempest.lib.common.rest_client [req-7b6e063f-b209-40c5-97c4-78194a6da8a2 req-7b6e063f-b209-40c5-97c4-78194a6da8a2 ] Request (ServerDiagnosticsTest:setUpClass): 201 POST http://10.180.1.21/identity/v3/auth/tokens 0.072s
2025-04-17 04:49:02.602 68561 INFO tempest.lib.common.rest_client [req-875d399d-ce18-48e0-884e-a5ff7c0e6432 req-875d399d-ce18-48e0-884e-a5ff7c0e6432 ] Request (HypervisorAdminTestJSON:tearDownClass): 204 DELETE http://10.180.1.21:9696/networking/v2.0/security-groups/7295b136-0c9b-4c1c-8079-f8c6b6a712c5 0.847s
2025-04-17 04:49:02.605 68569 INFO tempest.lib.common.rest_client [req-0d485e01-b6f2-44fb-91de-40b29f0cbacc req-0d485e01-b6f2-44fb-91de-40b29f0cbacc ] Request (KeyPairsV210TestJSON:tearDownClass): 204 DELETE http://10.180.1.21:9696/networking/v2.0/security-groups/7bf7c298-347b-47f5-8c02-f925c6f6d1ea 0.499s
2025-04-17 04:49:02.624 68589 INFO tempest.lib.common.rest_client [req-5852c1ae-3416-4ff2-8acf-ac9f0ba5bc2f req-5852c1ae-3416-4ff2-8acf-ac9f0ba5bc2f ] Request (ServerDiagnosticsTest:test_get_server_diagnostics): 201 POST http://10.180.1.21/identity/v3/auth/tokens 0.055s
2025-04-17 04:49:02.624 68589 INFO tempest.lib.common.fixed_network [-] (ServerDiagnosticsTest:test_get_server_diagnostics) Found network None available for tenant
2025-04-17 04:49:02.643 68623 INFO tempest.lib.common.rest_client [req-1920ac91-e281-417a-83ee-1a88ad080f9a req-1920ac91-e281-417a-83ee-1a88ad080f9a ] Request (ServerDiagnosticsV248Test:test_get_server_diagnostics): 200 GET http://10.180.1.21/compute/v2.1/servers/13b2d77c-448b-4558-b5ef-005064806213 1.255s
2025-04-17 04:49:02.673 68605 INFO tempest.lib.common.rest_client [req-4e1fa4c0-511a-4f6f-931d-70169a451c0b req-4e1fa4c0-511a-4f6f-931d-70169a451c0b ] Request (HostsAdminTestJSON:test_show_host_detail): 200 GET http://10.180.1.21/compute/v2.1/os-hosts 1.226s
2025-04-17 04:49:02.717 68611 INFO tempest.lib.common.rest_client [req-ad0cff85-77bb-40bd-b01e-8cfb96aecda7 req-ad0cff85-77bb-40bd-b01e-8cfb96aecda7 ] Request (ValidationResourcesFixture:setUp): 201 POST http://10.180.1.21:9696/networking/v2.0/security-groups 0.877s
2025-04-17 04:49:02.727 68561 INFO tempest.lib.common.rest_client [req-cc12ec3c-6b27-4f48-9b02-63565fe355b8 req-cc12ec3c-6b27-4f48-9b02-63565fe355b8 ] Request (HypervisorAdminTestJSON:tearDownClass): 204 DELETE http://10.180.1.21/identity/v3/projects/e0562bf8681948f18dae4f42dd20c93e 0.125s
2025-04-17 04:49:02.759 68569 INFO tempest.lib.common.rest_client [req-ad8b438e-0b16-45a3-b245-23b7f63c1133 req-ad8b438e-0b16-45a3-b245-23b7f63c1133 ] Request (KeyPairsV210TestJSON:tearDownClass): 204 DELETE http://10.180.1.21/identity/v3/projects/b816109a057a4164bbb652e42f6c16c6 0.153s
2025-04-17 04:49:02.759 68569 INFO tempest.lib.common.dynamic_creds [-] Deleting project and security group for project: ebde91aa44c14ec9ba34d9ae6cde171b
2025-04-17 04:49:02.826 68561 INFO tempest.lib.common.rest_client [req-b35c59af-a977-4801-af03-f477078cf923 req-b35c59af-a977-4801-af03-f477078cf923 ] Request (FloatingIPsTestJSON:setUpClass): 201 POST http://10.180.1.21/identity/v3/auth/tokens 0.097s
2025-04-17 04:49:02.853 68573 INFO tempest.lib.common.rest_client [req-b2e1d067-b485-4f60-8e8e-612bee26e052 req-b2e1d067-b485-4f60-8e8e-612bee26e052 ] Request (FlavorsAccessTestJSON:tearDownClass): 200 GET http://10.180.1.21:9696/networking/v2.0/security-groups?tenant_id=24bd1eb34fbe4513b65b5ce81bee0f25&name=default 1.080s
2025-04-17 04:49:02.856 68613 INFO tempest.lib.common.rest_client [req-733839ce-fc8e-42d2-a3c8-f0d121ae527a req-733839ce-fc8e-42d2-a3c8-f0d121ae527a ] Request (FlavorsV255TestJSON:tearDownClass): 200 GET http://10.180.1.21:9696/networking/v2.0/security-groups?tenant_id=15fcf5cfa94a417d92e045903d547ca7&name=default 0.497s
2025-04-17 04:49:02.858 68561 INFO tempest.lib.common.rest_client [req-9a208123-57fc-4c94-be95-20ea03125917 req-9a208123-57fc-4c94-be95-20ea03125917 ] Request (FloatingIPsTestJSON:setUpClass): 201 POST http://10.180.1.21/identity/v3/auth/tokens 0.030s
2025-04-17 04:49:02.880 68597 INFO tempest.lib.common.rest_client [req-41705886-ceb5-424f-b110-6c0ed609500f req-41705886-ceb5-424f-b110-6c0ed609500f ] Request (ServicesAdminNegativeV253TestJSON:test_list_services_with_non_admin_user): 403 GET http://10.180.1.21/compute/v2.1/os-services 1.408s
