2025-04-17 04:49:37.783 68617 INFO tempest.lib.common.rest_client [req-63317e8f-5f6d-4512-869c-cabb7606a7d0 req-63317e8f-5f6d-4512-869c-cabb7606a7d0 ] Request (ServersTestBootFromVolume:setUpClass): 201 POST http://10.180.1.21/identity/v3/auth/tokens 0.083s
2025-04-17 04:49:37.790 68573 INFO tempest.lib.common.rest_client [req-24fbc40c-9e51-4106-b006-4563039b7e3e req-24fbc40c-9e51-4106-b006-4563039b7e3e ] Request (FlavorsV2TestJSON:test_list_flavors_filter_by_min_ram): 200 GET http://10.180.1.21/compute/v2.1/flavors/42 1.336s
2025-04-17 04:49:37.798 68619 INFO tempest.lib.common.rest_client [req-65c65838-f177-4ea0-8a6e-b53e03477c0f req-65c65838-f177-4ea0-8a6e-b53e03477c0f ] Request (KeyPairsV22TestJSON:test_keypairsv22_create_list_show_with_type): 200 GET http://10.180.1.21/compute/v2.1/os-keypairs 1.338s
2025-04-17 04:49:37.812 68599 INFO tempest.lib.common.rest_client [req-ea922480-7f74-4c1d-93df-ef6b5a4f7556 req-ea922480-7f74-4c1d-93df-ef6b5a4f7556 ] Request (FlavorsAdminTestJSON:_run_cleanups): 200 GET http://10.180.1.21/compute/v2.1/flavors/detail 1.338s
2025-04-17 04:49:37.874 68569 INFO tempest.lib.common.rest_client [req-db1f8286-a057-479b-91f9-bd92616a4434 req-db1f8286-a057-479b-91f9-bd92616a4434 ] Request (InstanceActionsV221TestJSON:test_get_list_deleted_instance_actions): 200 GET http://10.180.1.21/compute/v2.1/servers/157e19df-fe8f-4287-9c5a-03eefdf05aa4 1.312s
2025-04-17 04:49:37.938 68587 INFO tempest.lib.common.rest_client [req-c07b393f-0b1e-4518-a31a-49feaee5f573 req-c07b393f-0b1e-4518-a31a-49feaee5f573 ] Request (ServersV294TestFqdnHostnames:setUpClass): 200 GET http://10.180.1.21/compute/v2.1/servers/a4fed27d-e797-42d1-b738-8f24ebd708ac 1.365s
2025-04-17 04:49:37.942 68591 INFO tempest.lib.common.rest_client [req-ced3b8eb-73db-4285-a28c-ab103ac73ce4 req-ced3b8eb-73db-4285-a28c-ab103ac73ce4 ] Request (DeleteServersAdminTestJSON:test_admin_delete_servers_of_others): 200 GET http://10.180.1.21/compute/v2.1/servers/7423b2c7-699d-4c1b-82b9-683a2c08a261 1.486s
2025-04-17 04:49:37.977 68605 INFO tempest.lib.common.rest_client [req-40dd48b8-5892-4aa1-8cf3-1d286c55147e req-40dd48b8-5892-4aa1-8cf3-1d286c55147e ] Request (ListImageFiltersTestJSON:setUpClass): 200 GET http://10.180.1.21/compute/v2.1/images/4a533161-63b0-4623-bc12-c113b970d5d6 1.303s
2025-04-17 04:49:37.998 68593 INFO tempest.lib.common.rest_client [req-d6d9c790-375d-477d-8ccc-e633761174bd req-d6d9c790-375d-477d-8ccc-e633761174bd ] Request (SecurityGroupsNegativeTestJSON:setUpClass): 201 POST http://10.180.1.21:9696/networking/v2.0/routers 1.321s
2025-04-17 04:49:38.082 68589 INFO tempest.lib.common.rest_client [req-f186ab54-e641-4466-8a3b-fcb3d0c57181 req-f186ab54-e641-4466-8a3b-fcb3d0c57181 ] Request (ServerDiagnosticsTest:test_get_server_diagnostics): 200 GET http://10.180.1.21/compute/v2.1/servers/c2cb0b72-896b-46c6-bb41-90cded35468b 1.383s
2025-04-17 04:49:38.141 68615 INFO tempest.lib.common.rest_client [req-461dcf46-600d-424d-8ab1-ae7c5c54c39d req-461dcf46-600d-424d-8ab1-ae7c5c54c39d ] Request (ImagesTestJSON:test_create_image_from_stopped_server): 200 GET http://10.180.1.21/compute/v2.1/servers/2b30ba17-99e9-44bc-bd78-73fe5d6cab05 1.373s
2025-04-17 04:49:38.168 68585 INFO tempest.lib.common.rest_client [req-11f23aeb-c58c-4f3d-97c5-3427b432dcc3 req-11f23aeb-c58c-4f3d-97c5-3427b432dcc3 ] Request (MultipleCreateTestJSON:test_multiple_create): 200 GET http://10.180.1.21/compute/v2.1/servers/3653a48c-6da3-488a-9b7c-b722032e71ce 1.441s
2025-04-17 04:49:38.198 68609 INFO tempest.lib.common.rest_client [req-88c2893d-7f87-4d07-bb4d-bb5f54c2749d req-88c2893d-7f87-4d07-bb4d-bb5f54c2749d ] Request (VolumesAssistedSnapshotsTest:test_volume_assisted_snapshot_create_delete): 200 GET http://10.180.1.21/compute/v2.1/servers/85d9f1dc-0d1e-44e0-92cc-7d7511acb786 1.361s
2025-04-17 04:49:38.363 68613 INFO tempest.lib.common.rest_client [req-c79718da-89d8-404a-9440-8d0b0833ae3a req-c79718da-89d8-404a-9440-8d0b0833ae3a ] Request (FloatingIPDetailsTestJSON:test_get_floating_ip_details): 200 GET http://10.180.1.21/compute/v2.1/os-floating-ips/6af5aff7-80cf-40c8-a104-910fd0181d01 1.406s
2025-04-17 04:49:38.384 68611 INFO tempest.lib.common.rest_client [req-196f5495-e0b6-4d04-ae8b-3cbd3ee93efe req-196f5495-e0b6-4d04-ae8b-3cbd3ee93efe ] Request (AttachInterfacesUnderV243Test:test_add_remove_fixed_ip): 200 GET http://10.180.1.21/compute/v2.1/servers/25eddb82-c2b3-499f-afe0-5141b4624342 1.490s
2025-04-17 04:49:38.482 68603 INFO tempest.lib.common.rest_client [req-c703aa4e-c9b3-434e-a49f-08fd50d99885 req-c703aa4e-c9b3-434e-a49f-08fd50d99885 ] Request (QuotasAdminTestJSON:test_get_updated_quotas): 200 PUT http://10.180.1.21/compute/v2.1/os-quota-sets/cc5fc28fc76848cdb760ffe5e6dd4f96?user_id=5e5f2bb166d34b248757ad21fedb52ac 1.311s
2025-04-17 04:49:38.516 68565 INFO tempest.lib.common.rest_client [req-dea2ab68-8030-4f2f-825a-149b4e4cf94e req-dea2ab68-8030-4f2f-825a-149b4e4cf94e ] Request (KeyPairsV2TestJSON:test_keypair_create_with_pub_key): 200 POST http://10.180.1.21/compute/v2.1/os-keypairs 0.974s
2025-04-17 04:49:38.721 68607 INFO tempest.lib.common.rest_client [req-59b413b8-7be7-46b5-b86e-88a3a48a2d80 req-59b413b8-7be7-46b5-b86e-88a3a48a2d80 ] Request (SecurityGroupRulesNegativeTestJSON:test_create_security_group_rule_with_invalid_ip_protocol): 200 POST http://10.180.1.21/compute/v2.1/os-security-groups 1.139s
2025-04-17 04:49:38.752 68595 INFO tempest.lib.common.rest_client [req-0334c35e-d9fb-4349-abc6-66ec205d63af req-0334c35e-d9fb-4349-abc6-66ec205d63af ] Request (AggregatesAdminNegativeTestJSON:_run_cleanups): 200 DELETE http://10.180.1.21/compute/v2.1/os-aggregates/6 0.980s
2025-04-17 04:49:38.840 68617 INFO tempest.lib.common.rest_client [req-b79c6a7b-2cb3-426f-97b4-7275f0c36532 req-b79c6a7b-2cb3-426f-97b4-7275f0c36532 ] Request (ServersTestBootFromVolume:setUpClass): 200 POST http://10.180.1.21/compute/v2.1/os-keypairs 1.055s
2025-04-17 04:49:38.858 68573 INFO tempest.lib.common.rest_client [req-e9d71934-1c82-4793-bb2d-bb9efc2225c7 req-e9d71934-1c82-4793-bb2d-bb9efc2225c7 ] Request (FlavorsV2TestJSON:test_list_flavors_filter_by_min_ram): 200 GET http://10.180.1.21/compute/v2.1/flavors?minRam=129 1.065s
2025-04-17 04:49:38.873 68619 INFO tempest.lib.common.rest_client [req-c43e9d8e-775f-4f65-ae39-27303bf1016d req-c43e9d8e-775f-4f65-ae39-27303bf1016d ] Request (KeyPairsV22TestJSON:_run_cleanups): 204 DELETE http://10.180.1.21/compute/v2.1/os-keypairs/tempest-keypair-1195246692 1.073s
2025-04-17 04:49:38.884 68561 INFO tempest.lib.common.rest_client [req-9c346881-2fb4-4cbd-9398-e44e2536a174 req-9c346881-2fb4-4cbd-9398-e44e2536a174 ] Request (FloatingIPsTestJSON:test_delete_floating_ip): 202 DELETE http://10.180.1.21/compute/v2.1/os-floating-ips/ac59a59e-b378-4e25-9481-d96fb3da408f 1.431s
2025-04-17 04:49:38.890 68599 INFO tempest.lib.common.rest_client [req-ea99a305-51db-453b-8bad-fea7aabaa167 req-ea99a305-51db-453b-8bad-fea7aabaa167 ] Request (FlavorsAdminTestJSON:test_is_public_string_variations): 200 POST http://10.180.1.21/compute/v2.1/flavors 1.068s
2025-04-17 04:49:38.928 68605 INFO tempest.lib.common.rest_client [req-24314faa-7331-435d-9a1a-c0f24736e761 req-24314faa-7331-435d-9a1a-c0f24736e761 ] Request (ListImageFiltersTestJSON:setUpClass): 200 GET http://10.180.1.21/compute/v2.1/images/4a533161-63b0-4623-bc12-c113b970d5d6 0.947s
2025-04-17 04:49:38.989 68617 INFO tempest.lib.common.rest_client [req-e4173e7c-4c08-4f90-b035-46156b141050 req-e4173e7c-4c08-4f90-b035-46156b141050 ] Request (ServersTestBootFromVolume:setUpClass): 201 POST http://10.180.1.21:9696/networking/v2.0/security-groups 0.148s
2025-04-17 04:49:39.002 68619 INFO tempest.lib.common.rest_client [req-9bbc6de5-6741-4d77-9522-154304139443 req-9bbc6de5-6741-4d77-9522-154304139443 ] Request (KeyPairsV22TestJSON:tearDownClass): 204 DELETE http://10.180.1.21/identity/v3/users/98f988ec3e8b4515bae3a788a776e637 0.127s
2025-04-17 04:49:39.002 68619 INFO tempest.lib.common.dynamic_creds [-] Deleting project and security group for project: f50885b963c6441c83e103961968b759
2025-04-17 04:49:39.013 68605 INFO tempest.lib.common.rest_client [req-d163301b-26ee-447f-89d0-ea9a114fb77f req-d163301b-26ee-447f-89d0-ea9a114fb77f ] Request (ListImageFiltersTestJSON:setUpClass): 201 POST http://10.180.1.21/identity/v3/auth/tokens 0.078s
2025-04-17 04:49:39.013 68605 INFO tempest.lib.common.fixed_network [-] (ListImageFiltersTestJSON:setUpClass) Found network None available for tenant
2025-04-17 04:49:39.017 68597 INFO tempest.lib.common.rest_client [req-e20c2091-e86b-4b71-8a18-cdc2de6887fe req-e20c2091-e86b-4b71-8a18-cdc2de6887fe ] Request (ServerDiskConfigTestJSON:test_rebuild_server_with_auto_disk_config): 200 GET http://10.180.1.21/compute/v2.1/servers/9170a530-958f-46ec-a36c-d19baac1869c 0.692s
2025-04-17 04:49:39.059 68619 INFO tempest.lib.common.rest_client [req-21109b8a-bcb9-48d9-bdac-30c452fe50c2 req-21109b8a-bcb9-48d9-bdac-30c452fe50c2 ] Request (KeyPairsV22TestJSON:tearDownClass): 201 POST http://10.180.1.21/identity/v3/auth/tokens 0.056s
2025-04-17 04:49:39.157 68583 INFO tempest.lib.common.rest_client [req-b0fe3351-9a05-4413-8d1f-6b2165991c26 req-b0fe3351-9a05-4413-8d1f-6b2165991c26 ] Request (ImagesOneServerTestJSON:setUpClass): 200 GET http://10.180.1.21/compute/v2.1/servers/167d0f09-4566-46f2-ab98-2acbc5810ce4 0.892s
2025-04-17 04:49:39.162 68617 INFO tempest.lib.common.rest_client [req-3e825fb0-baaa-4953-a53c-09efc6bf22df req-3e825fb0-baaa-4953-a53c-09efc6bf22df ] Request (ServersTestBootFromVolume:setUpClass): 201 POST http://10.180.1.21:9696/networking/v2.0/security-group-rules 0.172s
2025-04-17 04:49:39.242 68601 INFO tempest.lib.common.rest_client [req-88149d08-2111-4738-8903-be200598ac67 req-88149d08-2111-4738-8903-be200598ac67 ] Request (ImagesNegativeTestJSON:test_create_image_from_deleted_server): 200 GET http://10.180.1.21/compute/v2.1/servers/b081435b-64e1-4baa-a634-a2f22a3d9a29 0.853s
2025-04-17 04:49:39.328 68617 INFO tempest.lib.common.rest_client [req-97a6cdc8-ecfa-4df2-b813-7d150ba02263 req-97a6cdc8-ecfa-4df2-b813-7d150ba02263 ] Request (ServersTestBootFromVolume:setUpClass): 201 POST http://10.180.1.21:9696/networking/v2.0/security-group-rules 0.164s
2025-04-17 04:49:39.333 68593 INFO tempest.lib.common.rest_client [req-eb856219-e65d-496e-84e9-bbfdbeb1c35e req-eb856219-e65d-496e-84e9-bbfdbeb1c35e ] Request (SecurityGroupsNegativeTestJSON:setUpClass): 200 PUT http://10.180.1.21:9696/networking/v2.0/routers/dd3ce2d9-62b3-4ae3-8530-c700d31881ba/add_router_interface 1.334s
2025-04-17 04:49:39.333 68593 INFO tempest.lib.common.dynamic_creds [-] Created isolated network resources for: credentials: Credentials: {'domain_id': 'default', 'domain_name': 'Default', 'username': 'tempest-SecurityGroupsNegativeTestJSON-1009417262-project-member', 'project_domain_id': 'default', 'project_domain_name': 'Default', 'project_id': 'a2a50788ed024087b78874ec957bf1c5', 'project_name': 'tempest-SecurityGroupsNegativeTestJSON-1009417262', 'tenant_id': 'a2a50788ed024087b78874ec957bf1c5', 'tenant_name': 'tempest-SecurityGroupsNegativeTestJSON-1009417262', 'user_domain_id': 'default', 'user_domain_name': 'Default', 'user_id': 'd6bcc91458874b89ab60de8d7b35db81', 'system': None}, Network: {'id': '97c711ee-e09c-4772-aa23-f464aa0c2d6b', 'name': 'tempest-SecurityGroupsNegativeTestJSON-937840331-network', 'tenant_id': 'a2a50788ed024087b78874ec957bf1c5', 'admin_state_up': True, 'mtu': 8950, 'status': 'ACTIVE', 'subnets': [], 'shared': False, 'project_id': 'a2a50788ed024087b78874ec957bf1c5', 'port_security_enabled': True, 'router:external': False, 'provider:network_type': 'vlan', 'provider:physical_network': 'default', 'provider:segmentation_id': 773, 'is_default': False, 'availability_zone_hints': [], 'availability_zones': [], 'ipv4_address_scope': None, 'ipv6_address_scope': None, 'description': '', 'tags': [], 'created_at': '2025-04-17T04:49:36Z', 'updated_at': '2025-04-17T04:49:36Z', 'revision_number': 1}, Subnet: {'id': 'ceeea000-9178-4421-a7a6-d4e9a1e7bfae', 'name': 'tempest-SecurityGroupsNegativeTestJSON-937840331-subnet', 'tenant_id': 'a2a50788ed024087b78874ec957bf1c5', 'network_id': '97c711ee-e09c-4772-aa23-f464aa0c2d6b', 'ip_version': 4, 'subnetpool_id': None, 'enable_dhcp': True, 'ipv6_ra_mode': None, 'ipv6_address_mode': None, 'gateway_ip': '192.168.128.1', 'cidr': '192.168.128.0/28', 'allocation_pools': [{'start': '192.168.128.2', 'end': '192.168.128.14'}], 'host_routes': [], 'dns_nameservers': [], 'description': '', 'service_types': [], 'tags': [], 'created_at': '2025-04-17T04:49:36Z', 'updated_at': '2025-04-17T04:49:36Z', 'revision_number': 0, 'project_id': 'a2a50788ed024087b78874ec957bf1c5'}, Router: {'id': 'dd3ce2d9-62b3-4ae3-8530-c700d31881ba', 'name': 'tempest-SecurityGroupsNegativeTestJSON-937840331-router', 'tenant_id': 'a2a50788ed024087b78874ec957bf1c5', 'admin_state_up': True, 'status': 'ACTIVE', 'external_gateway_info': {'network_id': '3abf66ba-a288-4245-965d-843bb0536b56', 'external_fixed_ips': [{'subnet_id': '20b85306-2924-4d2b-aab1-1c5c77beb839', 'ip_address': '10.180.180.205'}], 'enable_snat': True}, 'description': '', 'availability_zones': [], 'distributed': False, 'ha': False, 'availability_zone_hints': [], 'routes': [], 'flavor_id': None, 'tags': [], 'created_at': '2025-04-17T04:49:36Z', 'updated_at': '2025-04-17T04:49:37Z', 'revision_number': 2, 'project_id': 'a2a50788ed024087b78874ec957bf1c5'}
2025-04-17 04:49:39.431 68593 INFO tempest.lib.common.rest_client [req-ee75e6bc-1864-472b-b944-8c34bd5d4d7a req-ee75e6bc-1864-472b-b944-8c34bd5d4d7a ] Request (SecurityGroupsNegativeTestJSON:setUpClass): 201 POST http://10.180.1.21/identity/v3/auth/tokens 0.094s
2025-04-17 04:49:39.503 68567 INFO tempest.lib.common.rest_client [req-11d2c681-ca53-4348-9eaf-99dd4219de5f req-11d2c681-ca53-4348-9eaf-99dd4219de5f ] Request (ServersAaction247Test:test_create_backup): 200 GET http://10.180.1.21/compute/v2.1/servers/650fcdae-dc95-4191-9696-3b6f004bdb62 1.048s
2025-04-17 04:49:39.583 68619 INFO tempest.lib.common.rest_client [req-d0e84afc-b7d9-4427-8638-c423371a3895 req-d0e84afc-b7d9-4427-8638-c423371a3895 ] Request (KeyPairsV22TestJSON:tearDownClass): 200 GET http://10.180.1.21:9696/networking/v2.0/security-groups?tenant_id=f50885b963c6441c83e103961968b759&name=default 0.524s
2025-04-17 04:49:39.668 68603 INFO tempest.lib.common.rest_client [req-db049fb1-a017-4ab7-be4a-479a8e8390dd req-db049fb1-a017-4ab7-be4a-479a8e8390dd ] Request (QuotasAdminTestJSON:test_get_updated_quotas): 200 GET http://10.180.1.21/compute/v2.1/os-quota-sets/cc5fc28fc76848cdb760ffe5e6dd4f96?user_id=5e5f2bb166d34b248757ad21fedb52ac 1.184s
2025-04-17 04:49:39.696 68565 INFO tempest.lib.common.rest_client [req-29fdd8a1-8eff-4c59-b5af-a2aec4bf6ece req-29fdd8a1-8eff-4c59-b5af-a2aec4bf6ece ] Request (KeyPairsV2TestJSON:_run_cleanups): 202 DELETE http://10.180.1.21/compute/v2.1/os-keypairs/tempest-keypair-1553550892 1.178s
2025-04-17 04:49:39.766 68621 INFO tempest.lib.common.rest_client [req-a0da78fd-d003-426a-b823-8659d8070b63 req-a0da78fd-d003-426a-b823-8659d8070b63 ] Request (DeleteServersTestJSON:test_delete_active_server): 200 GET http://10.180.1.21/compute/v2.1/servers/8be63333-3269-4158-8476-a3032a185131 1.239s
2025-04-17 04:49:39.786 68619 INFO tempest.lib.common.rest_client [req-e295b08a-19d3-44ca-ba1c-58d001bcdddc req-e295b08a-19d3-44ca-ba1c-58d001bcdddc ] Request (KeyPairsV22TestJSON:tearDownClass): 204 DELETE http://10.180.1.21:9696/networking/v2.0/security-groups/acd43e57-120a-493a-aa56-4244944a3492 0.202s
2025-04-17 04:49:39.790 68603 INFO tempest.lib.common.rest_client [req-fe169f35-d505-4a3f-8504-277c9590989c req-fe169f35-d505-4a3f-8504-277c9590989c ] Request (QuotasAdminTestJSON:_run_cleanups): 204 DELETE http://10.180.1.21/identity/v3/users/5e5f2bb166d34b248757ad21fedb52ac 0.119s
2025-04-17 04:49:39.802 68617 INFO tempest.lib.common.rest_client [req-071e8da7-f027-4ff7-b39a-7295d9c12d52 req-071e8da7-f027-4ff7-b39a-7295d9c12d52 ] Request (ServersTestBootFromVolume:setUpClass): 201 POST http://10.180.1.21:9696/networking/v2.0/floatingips 0.474s
2025-04-17 04:49:39.913 68613 INFO tempest.lib.common.rest_client [req-66abd94e-b152-494f-a5ea-636317efe2bb req-66abd94e-b152-494f-a5ea-636317efe2bb ] Request (FloatingIPDetailsTestJSON:_run_cleanups): 202 DELETE http://10.180.1.21/compute/v2.1/os-floating-ips/6af5aff7-80cf-40c8-a104-910fd0181d01 1.548s
2025-04-17 04:49:39.916 68603 INFO tempest.lib.common.rest_client [req-3ce936f6-e2a7-480f-b243-1655de6bf144 req-3ce936f6-e2a7-480f-b243-1655de6bf144 ] Request (QuotasAdminTestJSON:_run_cleanups): 204 DELETE http://10.180.1.21/identity/v3/projects/cc5fc28fc76848cdb760ffe5e6dd4f96 0.126s
2025-04-17 04:49:39.917 68619 INFO tempest.lib.common.rest_client [req-25af7fdc-b15c-4839-9767-8973b7443dba req-25af7fdc-b15c-4839-9767-8973b7443dba ] Request (KeyPairsV22TestJSON:tearDownClass): 204 DELETE http://10.180.1.21/identity/v3/projects/f50885b963c6441c83e103961968b759 0.130s
2025-04-17 04:49:39.978 68617 INFO tempest.lib.common.rest_client [req-0ef2b735-8fb4-44dd-8c5f-7b89a2b8b751 req-0ef2b735-8fb4-44dd-8c5f-7b89a2b8b751 ] Request (ServersTestBootFromVolume:setUpClass): 201 POST http://10.180.1.21/identity/v3/auth/tokens 0.169s
2025-04-17 04:49:39.979 68617 INFO tempest.lib.common.fixed_network [-] (ServersTestBootFromVolume:setUpClass) Found network {'id': 'e4053951-a02b-4dc9-8668-8233aed1e713', 'name': 'tempest-ServersTestBootFromVolume-229308404-network', 'tenant_id': 'af71ae44e3744001b18056904d68b3f4', 'admin_state_up': True, 'mtu': 8950, 'status': 'ACTIVE', 'subnets': [], 'shared': False, 'project_id': 'af71ae44e3744001b18056904d68b3f4', 'port_security_enabled': True, 'router:external': False, 'provider:network_type': 'vlan', 'provider:physical_network': 'default', 'provider:segmentation_id': 929, 'is_default': False, 'availability_zone_hints': [], 'availability_zones': [], 'ipv4_address_scope': None, 'ipv6_address_scope': None, 'description': '', 'tags': [], 'created_at': '2025-04-17T04:49:34Z', 'updated_at': '2025-04-17T04:49:34Z', 'revision_number': 1} available for tenant
2025-04-17 04:49:39.984 68619 INFO tempest.lib.common.rest_client [req-c6b731ce-1be9-4e37-b71b-fdc577a848b4 req-c6b731ce-1be9-4e37-b71b-fdc577a848b4 ] Request (ServerActionsTestOtherA:setUpClass): 201 POST http://10.180.1.21/identity/v3/auth/tokens 0.064s
2025-04-17 04:49:40.001 68563 INFO tempest.lib.common.rest_client [req-8594ba14-c97d-4cc0-b74e-1afaa4a85e2d req-8594ba14-c97d-4cc0-b74e-1afaa4a85e2d ] Request (FloatingIPsAssociationTestJSON:setUpClass): 200 GET http://10.180.1.21/compute/v2.1/servers/5667b56a-9abd-4e9d-83cf-04be5c8ddbb0 1.393s
2025-04-17 04:49:40.009 68575 INFO tempest.lib.common.rest_client [req-fd571526-a694-4c7a-8b23-45572e283170 req-fd571526-a694-4c7a-8b23-45572e283170 ] Request (ServersWithSpecificFlavorTestJSON:test_verify_created_server_ephemeral_disk): 200 GET http://10.180.1.21/compute/v2.1/servers/97cb5db2-5a4a-4a17-afde-3af1c15ae733 1.425s
2025-04-17 04:49:40.021 68619 INFO tempest.lib.common.rest_client [req-7653669f-1cf8-4eda-a833-388c1311e781 req-7653669f-1cf8-4eda-a833-388c1311e781 ] Request (ServerActionsTestOtherA:setUpClass): 201 POST http://10.180.1.21/identity/v3/auth/tokens 0.035s
2025-04-17 04:49:40.047 68619 INFO tempest.lib.common.rest_client [req-6d517f45-ffd5-40af-aea3-9cdb6b9e2cdd req-6d517f45-ffd5-40af-aea3-9cdb6b9e2cdd ] Request (ServerActionsTestOtherA:setUpClass): 200 GET http://10.180.1.21/identity/v3/domains?name=Default 0.025s
2025-04-17 04:49:40.067 68623 INFO tempest.lib.common.rest_client [req-6d996271-5c12-4185-a4a8-99347be963b5 req-6d996271-5c12-4185-a4a8-99347be963b5 ] Request (ServerDiagnosticsV248Test:test_get_server_diagnostics): 200 GET http://10.180.1.21/compute/v2.1/servers/13b2d77c-448b-4558-b5ef-005064806213 1.422s
2025-04-17 04:49:40.076 68619 INFO tempest.lib.common.rest_client [req-fc4711bb-fbca-4f6c-8415-ac36fa7403ef req-fc4711bb-fbca-4f6c-8415-ac36fa7403ef ] Request (ServerActionsTestOtherA:setUpClass): 201 POST http://10.180.1.21/identity/v3/projects 0.029s
2025-04-17 04:49:40.086 68579 INFO tempest.lib.common.rest_client [req-920c5d37-3a00-4f83-8261-d4f629eb1aeb req-920c5d37-3a00-4f83-8261-d4f629eb1aeb ] Request (TenantUsagesTestJSON:setUpClass): 200 GET http://10.180.1.21/compute/v2.1/servers/81731456-9c86-4e6f-ae95-7b7455f322d4 1.424s
2025-04-17 04:49:40.117 68577 INFO tempest.lib.common.rest_client [req-9616a13d-e4d3-4d52-8c3a-8cb908a48070 req-9616a13d-e4d3-4d52-8c3a-8cb908a48070 ] Request (FloatingIPsAssociationNegativeTestJSON:setUpClass): 200 GET http://10.180.1.21/compute/v2.1/servers/42977331-21c5-4169-889f-37dfbb10b6ef 1.423s
2025-04-17 04:49:40.127 68607 INFO tempest.lib.common.rest_client [req-7e58be49-c8ed-46fa-9336-52364d4598bd req-7e58be49-c8ed-46fa-9336-52364d4598bd ] Request (SecurityGroupRulesNegativeTestJSON:test_create_security_group_rule_with_invalid_ip_protocol): 400 POST http://10.180.1.21/compute/v2.1/os-security-group-rules 1.403s
2025-04-17 04:49:40.132 68595 INFO tempest.lib.common.rest_client [req-de9ead02-297b-4a1b-af96-a4b42cbbe4ae req-de9ead02-297b-4a1b-af96-a4b42cbbe4ae ] Request (AggregatesAdminNegativeTestJSON:test_aggregate_get_details_with_invalid_id): 404 GET http://10.180.1.21/compute/v2.1/os-aggregates/-1 1.375s
2025-04-17 04:49:40.145 68619 INFO tempest.lib.common.rest_client [req-2c617038-5c70-47a9-a956-5c1f9b369a30 req-2c617038-5c70-47a9-a956-5c1f9b369a30 ] Request (ServerActionsTestOtherA:setUpClass): 201 POST http://10.180.1.21/identity/v3/users 0.069s
2025-04-17 04:49:40.165 68619 INFO tempest.lib.common.rest_client [req-5064c44b-18bf-4090-87c3-2779504d6f2e req-5064c44b-18bf-4090-87c3-2779504d6f2e ] Request (ServerActionsTestOtherA:setUpClass): 200 GET http://10.180.1.21/identity/v3/roles 0.019s
2025-04-17 04:49:40.195 68571 INFO tempest.lib.common.rest_client [req-9047a5a5-0f72-484c-b2d8-e6264c1aba6e req-9047a5a5-0f72-484c-b2d8-e6264c1aba6e ] Request (VolumesAdminNegativeTest:test_update_attached_volume_with_nonexistent_volume_in_body): 200 GET http://10.180.1.21/compute/v2.1/servers/35669e1a-cb77-42be-9e1d-7300ea872d5f 1.417s
2025-04-17 04:49:40.195 68619 INFO tempest.lib.common.rest_client [req-8a60e3b2-5b00-417c-ae5c-6449cf7bd4be req-8a60e3b2-5b00-417c-ae5c-6449cf7bd4be ] Request (ServerActionsTestOtherA:setUpClass): 204 PUT http://10.180.1.21/identity/v3/projects/e5324152a7bc42abb5182fde4d78a289/users/db695f9a96bb4424804c6da845511a80/roles/080d8e9effb547b18453dd7594c6e4e9 0.030s
2025-04-17 04:49:40.195 68619 INFO tempest.lib.common.dynamic_creds [-] Dynamic test user db695f9a96bb4424804c6da845511a80 is created with scope project and roles: ['member']
2025-04-17 04:49:40.196 68619 INFO tempest.lib.common.dynamic_creds [-] Acquired dynamic creds: credentials: Credentials: {'domain_id': 'default', 'domain_name': 'Default', 'username': 'tempest-ServerActionsTestOtherA-1546743166-project-member', 'project_domain_id': 'default', 'project_domain_name': 'Default', 'project_id': 'e5324152a7bc42abb5182fde4d78a289', 'project_name': 'tempest-ServerActionsTestOtherA-1546743166', 'tenant_id': 'e5324152a7bc42abb5182fde4d78a289', 'tenant_name': 'tempest-ServerActionsTestOtherA-1546743166', 'user_domain_id': 'default', 'user_domain_name': 'Default', 'user_id': 'db695f9a96bb4424804c6da845511a80', 'system': None}, Network: None, Subnet: None, Router: None
2025-04-17 04:49:40.211 68573 INFO tempest.lib.common.rest_client [req-2501d3e8-170a-46c0-9cf3-7c21be0cb18b req-2501d3e8-170a-46c0-9cf3-7c21be0cb18b ] Request (FlavorsV2TestJSON:test_list_flavors_limit_results): 200 GET http://10.180.1.21/compute/v2.1/flavors?limit=1 1.348s
2025-04-17 04:49:40.253 68561 INFO tempest.lib.common.rest_client [req-0b4dea12-7b15-46d5-9c68-7126f484a182 req-0b4dea12-7b15-46d5-9c68-7126f484a182 ] Request (FloatingIPsTestJSON:test_delete_floating_ip): 404 GET http://10.180.1.21/compute/v2.1/os-floating-ips/ac59a59e-b378-4e25-9481-d96fb3da408f 1.368s
2025-04-17 04:49:40.266 68619 INFO tempest.lib.common.rest_client [req-ada28616-7924-48f6-be54-d53af344cce2 req-ada28616-7924-48f6-be54-d53af344cce2 ] Request (ServerActionsTestOtherA:setUpClass): 201 POST http://10.180.1.21/identity/v3/auth/tokens 0.070s
2025-04-17 04:49:40.313 68569 INFO tempest.lib.common.rest_client [req-3fde4e95-f8e7-4830-aab2-5e22203d96ef req-3fde4e95-f8e7-4830-aab2-5e22203d96ef ] Request (InstanceActionsV221TestJSON:test_get_list_deleted_instance_actions): 200 GET http://10.180.1.21/compute/v2.1/servers/157e19df-fe8f-4287-9c5a-03eefdf05aa4 1.425s
2025-04-17 04:49:40.329 68599 INFO tempest.lib.common.rest_client [req-6925b3a6-2179-4038-a7bf-9152577d72e3 req-6925b3a6-2179-4038-a7bf-9152577d72e3 ] Request (FlavorsAdminTestJSON:test_is_public_string_variations): 200 POST http://10.180.1.21/compute/v2.1/flavors 1.432s
2025-04-17 04:49:40.336 68581 INFO tempest.lib.common.rest_client [req-f7446313-4da3-439d-8543-577bd388f5d8 req-f7446313-4da3-439d-8543-577bd388f5d8 ] Request (MigrationsAdminTest:test_list_migrations_in_flavor_resize_situation): 200 GET http://10.180.1.21/compute/v2.1/servers/9cda9e61-a903-4156-b797-121d7142c021 1.542s
2025-04-17 04:49:40.372 68617 INFO tempest.lib.common.rest_client [req-a8c7d140-7385-4a49-9f53-fa5ab5a36836 req-a8c7d140-7385-4a49-9f53-fa5ab5a36836 ] Request (ServersTestBootFromVolume:setUpClass): 202 POST http://10.180.1.21/volume/v3/af71ae44e3744001b18056904d68b3f4/volumes 0.392s
2025-04-17 04:49:40.397 68591 INFO tempest.lib.common.rest_client [req-3ac27a94-fe6b-4a99-96d4-dfc131637cf7 req-3ac27a94-fe6b-4a99-96d4-dfc131637cf7 ] Request (DeleteServersAdminTestJSON:test_admin_delete_servers_of_others): 200 GET http://10.180.1.21/compute/v2.1/servers/7423b2c7-699d-4c1b-82b9-683a2c08a261 1.447s
2025-04-17 04:49:40.402 68587 INFO tempest.lib.common.rest_client [req-8656b7af-403b-47b2-93c8-c1acb7b82fad req-8656b7af-403b-47b2-93c8-c1acb7b82fad ] Request (ServersV294TestFqdnHostnames:setUpClass): 200 GET http://10.180.1.21/compute/v2.1/servers/a4fed27d-e797-42d1-b738-8f24ebd708ac 1.454s
2025-04-17 04:49:40.459 68617 INFO tempest.lib.common.rest_client [req-4289ffea-8be2-4cd9-ac1b-a54ad084633d req-4289ffea-8be2-4cd9-ac1b-a54ad084633d ] Request (ServersTestBootFromVolume:setUpClass): 200 GET http://10.180.1.21/volume/v3/af71ae44e3744001b18056904d68b3f4/volumes/3a976421-dbb2-4389-ab10-bc99b73173b0 0.079s
2025-04-17 04:49:40.543 68589 INFO tempest.lib.common.rest_client [req-d00d2d82-46f8-4954-9089-e37cf9e3ef63 req-d00d2d82-46f8-4954-9089-e37cf9e3ef63 ] Request (ServerDiagnosticsTest:test_get_server_diagnostics): 200 GET http://10.180.1.21/compute/v2.1/servers/c2cb0b72-896b-46c6-bb41-90cded35468b 1.451s
2025-04-17 04:49:40.562 68619 INFO tempest.lib.common.rest_client [req-b1749d9d-1abd-4133-94e0-330e8bf4ede6 req-b1749d9d-1abd-4133-94e0-330e8bf4ede6 ] Request (ServerActionsTestOtherA:setUpClass): 201 POST http://10.180.1.21:9696/networking/v2.0/networks 0.296s
2025-04-17 04:49:40.621 68615 INFO tempest.lib.common.rest_client [req-f62d2227-4872-4dba-b556-dafcb961522e req-f62d2227-4872-4dba-b556-dafcb961522e ] Request (ImagesTestJSON:test_create_image_from_stopped_server): 200 GET http://10.180.1.21/compute/v2.1/servers/2b30ba17-99e9-44bc-bd78-73fe5d6cab05 1.468s
2025-04-17 04:49:40.697 68605 INFO tempest.lib.common.rest_client [req-e2c56baa-f5ee-4c52-becf-6ad898005523 req-e2c56baa-f5ee-4c52-becf-6ad898005523 ] Request (ListImageFiltersTestJSON:setUpClass): 202 POST http://10.180.1.21/compute/v2.1/servers 1.683s
2025-04-17 04:49:40.770 68609 INFO tempest.lib.common.rest_client [req-cf1a7823-4878-4a5a-bda2-9f2f3e80c5de req-cf1a7823-4878-4a5a-bda2-9f2f3e80c5de ] Request (VolumesAssistedSnapshotsTest:test_volume_assisted_snapshot_create_delete): 200 GET http://10.180.1.21/compute/v2.1/servers/85d9f1dc-0d1e-44e0-92cc-7d7511acb786 1.562s
2025-04-17 04:49:40.780 68605 INFO tempest.lib.common.rest_client [req-0af2261b-18a1-4cf7-95d1-65ef809f9701 req-0af2261b-18a1-4cf7-95d1-65ef809f9701 ] Request (ListImageFiltersTestJSON:setUpClass): 201 POST http://10.180.1.21/identity/v3/auth/tokens 0.079s
2025-04-17 04:49:40.781 68605 INFO tempest.lib.common.fixed_network [-] (ListImageFiltersTestJSON:setUpClass) Found network None available for tenant
2025-04-17 04:49:40.791 68585 INFO tempest.lib.common.rest_client [req-af159668-f929-4c18-8409-6066d28560f4 req-af159668-f929-4c18-8409-6066d28560f4 ] Request (MultipleCreateTestJSON:test_multiple_create): 200 GET http://10.180.1.21/compute/v2.1/servers/3653a48c-6da3-488a-9b7c-b722032e71ce 1.610s
2025-04-17 04:49:40.926 68593 INFO tempest.lib.common.rest_client [req-d2d70916-0e3b-4e07-a78c-6355893f79fe req-d2d70916-0e3b-4e07-a78c-6355893f79fe ] Request (SecurityGroupsNegativeTestJSON:test_delete_nonexistent_security_group): 404 DELETE http://10.180.1.21/compute/v2.1/os-security-groups/ffcf02e9-1bc1-4c24-85b6-59f022fc756d 1.493s
2025-04-17 04:49:40.933 68619 INFO tempest.lib.common.rest_client [req-243132c7-1664-4d0d-884a-f1cec3aa45b1 req-243132c7-1664-4d0d-884a-f1cec3aa45b1 ] Request (ServerActionsTestOtherA:setUpClass): 201 POST http://10.180.1.21:9696/networking/v2.0/subnets 0.370s
2025-04-17 04:49:40.953 68611 INFO tempest.lib.common.rest_client [req-2918e0c1-faaf-4bcc-a542-c7f1af3ee6c1 req-2918e0c1-faaf-4bcc-a542-c7f1af3ee6c1 ] Request (AttachInterfacesUnderV243Test:test_add_remove_fixed_ip): 200 GET http://10.180.1.21/compute/v2.1/servers/25eddb82-c2b3-499f-afe0-5141b4624342 1.560s
2025-04-17 04:49:40.987 68565 INFO tempest.lib.common.rest_client [req-5da0a86d-6505-4ea2-a92f-3fe8aeb30d51 req-5da0a86d-6505-4ea2-a92f-3fe8aeb30d51 ] Request (KeyPairsV2TestJSON:test_keypairs_create_list_delete): 200 POST http://10.180.1.21/compute/v2.1/os-keypairs 1.289s
2025-04-17 04:49:41.079 68603 INFO tempest.lib.common.rest_client [req-fbc0bb03-d0fe-4407-8893-0f14e602bc3d req-fbc0bb03-d0fe-4407-8893-0f14e602bc3d ] Request (QuotasAdminTestJSON:test_update_all_quota_resources_for_tenant): 200 GET http://10.180.1.21/compute/v2.1/os-quota-sets/e2213413a705456cbe535ed390c46d5d/defaults 1.161s
2025-04-17 04:49:41.164 68597 INFO tempest.lib.common.rest_client [req-15627322-426a-4412-a2e2-60d15b84125a req-15627322-426a-4412-a2e2-60d15b84125a ] Request (ServerDiskConfigTestJSON:test_rebuild_server_with_auto_disk_config): 200 GET http://10.180.1.21/compute/v2.1/servers/9170a530-958f-46ec-a36c-d19baac1869c 1.136s
2025-04-17 04:49:41.169 68613 INFO tempest.lib.common.rest_client [req-c0feb22f-2d97-4142-bed0-606d6f16d993 req-c0feb22f-2d97-4142-bed0-606d6f16d993 ] Request (FloatingIPDetailsTestJSON:test_list_floating_ips): 200 GET http://10.180.1.21/compute/v2.1/os-floating-ips 1.254s
2025-04-17 04:49:41.171 68595 INFO tempest.lib.common.rest_client [req-26464569-6aab-4220-bbcd-32fdbc937e83 req-26464569-6aab-4220-bbcd-32fdbc937e83 ] Request (AggregatesAdminNegativeTestJSON:test_aggregate_list_as_user): 403 GET http://10.180.1.21/compute/v2.1/os-aggregates 1.038s
2025-04-17 04:49:41.535 68583 INFO tempest.lib.common.rest_client [req-69097c03-6046-469e-b705-07d757f60d81 req-69097c03-6046-469e-b705-07d757f60d81 ] Request (ImagesOneServerTestJSON:setUpClass): 200 GET http://10.180.1.21/compute/v2.1/servers/167d0f09-4566-46f2-ab98-2acbc5810ce4 1.367s
2025-04-17 04:49:41.548 68573 INFO tempest.lib.common.rest_client [req-8d5e58dd-7aca-415e-a187-d8cb76889879 req-8d5e58dd-7aca-415e-a187-d8cb76889879 ] Request (FlavorsV2TestJSON:test_list_flavors_using_marker): 200 GET http://10.180.1.21/compute/v2.1/flavors/42 1.330s
2025-04-17 04:49:41.584 68607 INFO tempest.lib.common.rest_client [req-deacf714-e37b-4a60-bcd8-e50097ed25f3 req-deacf714-e37b-4a60-bcd8-e50097ed25f3 ] Request (SecurityGroupRulesNegativeTestJSON:test_create_security_group_rule_with_invalid_port_range): 200 POST http://10.180.1.21/compute/v2.1/os-security-groups 1.455s
2025-04-17 04:49:41.614 68617 INFO tempest.lib.common.rest_client [req-7415d674-a1ea-4ab1-8f10-2b0b72649cb4 req-7415d674-a1ea-4ab1-8f10-2b0b72649cb4 ] Request (ServersTestBootFromVolume:setUpClass): 200 GET http://10.180.1.21/volume/v3/af71ae44e3744001b18056904d68b3f4/volumes/3a976421-dbb2-4389-ab10-bc99b73173b0 0.147s
2025-04-17 04:49:41.635 68601 INFO tempest.lib.common.rest_client [req-402d72a5-b5e1-4f74-a431-f5689a02d597 req-402d72a5-b5e1-4f74-a431-f5689a02d597 ] Request (ImagesNegativeTestJSON:test_create_image_from_deleted_server): 200 GET http://10.180.1.21/compute/v2.1/servers/b081435b-64e1-4baa-a634-a2f22a3d9a29 1.384s
2025-04-17 04:49:41.654 68561 INFO tempest.lib.common.rest_client [req-d63ffac1-ba1b-44c6-a72a-a23984b06744 req-d63ffac1-ba1b-44c6-a72a-a23984b06744 ] Request (FloatingIPsTestJSON:_run_cleanups): 404 DELETE http://10.180.1.21/compute/v2.1/os-floating-ips/ac59a59e-b378-4e25-9481-d96fb3da408f 1.400s
2025-04-17 04:49:41.669 68599 INFO tempest.lib.common.rest_client [req-9712fc72-b77f-4537-a7b2-2fe090e03260 req-9712fc72-b77f-4537-a7b2-2fe090e03260 ] Request (FlavorsAdminTestJSON:test_is_public_string_variations): 200 GET http://10.180.1.21/compute/v2.1/flavors/detail?is_public=f 1.336s
2025-04-17 04:49:41.718 68567 INFO tempest.lib.common.rest_client [req-34fb3eae-6262-4bff-9ec8-3c85a242414b req-34fb3eae-6262-4bff-9ec8-3c85a242414b ] Request (ServersAaction247Test:test_create_backup): 200 GET http://10.180.1.21/compute/v2.1/servers/650fcdae-dc95-4191-9696-3b6f004bdb62 1.203s
2025-04-17 04:49:41.805 68621 INFO tempest.lib.common.rest_client [req-cc3dabd6-f667-4989-a4a4-96054c4bd73d req-cc3dabd6-f667-4989-a4a4-96054c4bd73d ] Request (DeleteServersTestJSON:test_delete_active_server): 200 GET http://10.180.1.21/compute/v2.1/servers/8be63333-3269-4158-8476-a3032a185131 1.026s
2025-04-17 04:49:41.808 68593 INFO tempest.lib.common.rest_client [req-a4f76f80-4db0-4ece-9d5b-f3b11622ca1d req-a4f76f80-4db0-4ece-9d5b-f3b11622ca1d ] Request (SecurityGroupsNegativeTestJSON:test_delete_security_group_without_passing_id): 404 DELETE http://10.180.1.21/compute/v2.1/os-security-groups/ 0.880s
2025-04-17 04:49:41.862 68565 INFO tempest.lib.common.rest_client [req-426fb6d3-051b-45e9-bcce-53c7ff66ebbb req-426fb6d3-051b-45e9-bcce-53c7ff66ebbb ] Request (KeyPairsV2TestJSON:test_keypairs_create_list_delete): 200 POST http://10.180.1.21/compute/v2.1/os-keypairs 0.873s
2025-04-17 04:49:41.946 68563 INFO tempest.lib.common.rest_client [req-cd02710c-2296-4aed-b5f5-f32d0d0d5289 req-cd02710c-2296-4aed-b5f5-f32d0d0d5289 ] Request (FloatingIPsAssociationTestJSON:setUpClass): 200 GET http://10.180.1.21/compute/v2.1/servers/5667b56a-9abd-4e9d-83cf-04be5c8ddbb0 0.933s
2025-04-17 04:49:42.070 68605 INFO tempest.lib.common.rest_client [req-2fca969e-fbb6-49c3-8caa-20f7681745da req-2fca969e-fbb6-49c3-8caa-20f7681745da ] Request (ListImageFiltersTestJSON:setUpClass): 202 POST http://10.180.1.21/compute/v2.1/servers 1.289s
2025-04-17 04:49:42.153 68623 INFO tempest.lib.common.rest_client [req-2e8e0a45-506e-4fce-af7f-20c6f9db8765 req-2e8e0a45-506e-4fce-af7f-20c6f9db8765 ] Request (ServerDiagnosticsV248Test:test_get_server_diagnostics): 200 GET http://10.180.1.21/compute/v2.1/servers/13b2d77c-448b-4558-b5ef-005064806213 1.075s
2025-04-17 04:49:42.232 68575 INFO tempest.lib.common.rest_client [req-3d6b3a41-23ff-4972-bc3c-a90584be6114 req-3d6b3a41-23ff-4972-bc3c-a90584be6114 ] Request (ServersWithSpecificFlavorTestJSON:test_verify_created_server_ephemeral_disk): 200 GET http://10.180.1.21/compute/v2.1/servers/97cb5db2-5a4a-4a17-afde-3af1c15ae733 1.208s
2025-04-17 04:49:42.316 68579 INFO tempest.lib.common.rest_client [req-ded86188-08a5-4c55-80f6-386160054957 req-ded86188-08a5-4c55-80f6-386160054957 ] Request (TenantUsagesTestJSON:setUpClass): 200 GET http://10.180.1.21/compute/v2.1/servers/81731456-9c86-4e6f-ae95-7b7455f322d4 1.221s
2025-04-17 04:49:42.328 68603 INFO tempest.lib.common.rest_client [req-7ce8a7b6-c9f9-4fb4-9e63-f1756ae78f98 req-7ce8a7b6-c9f9-4fb4-9e63-f1756ae78f98 ] Request (QuotasAdminTestJSON:test_update_all_quota_resources_for_tenant): 200 PUT http://10.180.1.21/compute/v2.1/os-quota-sets/e2213413a705456cbe535ed390c46d5d 1.246s
2025-04-17 04:49:42.353 68595 INFO tempest.lib.common.rest_client [req-2aebd7a9-22a5-45a5-b988-01a19d35d289 req-2aebd7a9-22a5-45a5-b988-01a19d35d289 ] Request (AggregatesAdminNegativeTestJSON:test_aggregate_remove_host_as_user): 200 POST http://10.180.1.21/compute/v2.1/os-aggregates 1.180s
2025-04-17 04:49:42.654 68617 INFO tempest.lib.common.rest_client [req-3af4742b-d7c4-4344-9073-0a56da0b772a req-3af4742b-d7c4-4344-9073-0a56da0b772a ] Request (ServersTestBootFromVolume:setUpClass): 200 GET http://10.180.1.21/volume/v3/af71ae44e3744001b18056904d68b3f4/volumes/3a976421-dbb2-4389-ab10-bc99b73173b0 0.033s
2025-04-17 04:49:42.946 68577 INFO tempest.lib.common.rest_client [req-e9f0407c-562c-4b32-8d05-43c0ac269c99 req-e9f0407c-562c-4b32-8d05-43c0ac269c99 ] Request (FloatingIPsAssociationNegativeTestJSON:setUpClass): 200 GET http://10.180.1.21/compute/v2.1/servers/42977331-21c5-4169-889f-37dfbb10b6ef 1.812s
2025-04-17 04:49:42.956 68577 INFO tempest.common.waiters [-] State transition "BUILD/scheduling" ==> "BUILD/spawning" after 19 second wait
2025-04-17 04:49:43.053 68571 INFO tempest.lib.common.rest_client [req-f2931f0c-35ec-4d62-8e7f-a2075749fca8 req-f2931f0c-35ec-4d62-8e7f-a2075749fca8 ] Request (VolumesAdminNegativeTest:test_update_attached_volume_with_nonexistent_volume_in_body): 200 GET http://10.180.1.21/compute/v2.1/servers/35669e1a-cb77-42be-9e1d-7300ea872d5f 1.849s
2025-04-17 04:49:43.150 68569 INFO tempest.lib.common.rest_client [req-34fba965-8a3f-44a7-bb90-f7e3a089ee4c req-34fba965-8a3f-44a7-bb90-f7e3a089ee4c ] Request (InstanceActionsV221TestJSON:test_get_list_deleted_instance_actions): 200 GET http://10.180.1.21/compute/v2.1/servers/157e19df-fe8f-4287-9c5a-03eefdf05aa4 1.827s
2025-04-17 04:49:43.362 68581 INFO tempest.lib.common.rest_client [req-f37aacba-9de5-4d29-b087-f1bf33520ba8 req-f37aacba-9de5-4d29-b087-f1bf33520ba8 ] Request (MigrationsAdminTest:test_list_migrations_in_flavor_resize_situation): 200 GET http://10.180.1.21/compute/v2.1/servers/9cda9e61-a903-4156-b797-121d7142c021 2.016s
2025-04-17 04:49:43.445 68591 INFO tempest.lib.common.rest_client [req-76979e36-ed18-4e5e-a954-e3ed26d8027f req-76979e36-ed18-4e5e-a954-e3ed26d8027f ] Request (DeleteServersAdminTestJSON:test_admin_delete_servers_of_others): 200 GET http://10.180.1.21/compute/v2.1/servers/7423b2c7-699d-4c1b-82b9-683a2c08a261 2.036s
2025-04-17 04:49:43.455 68591 INFO tempest.common.waiters [-] State transition "BUILD/spawning" ==> "ERROR/None" after 58 second wait
2025-04-17 04:49:43.550 68619 INFO tempest.lib.common.rest_client [req-d98468cf-dd9c-457a-a295-7f2cd39c2729 req-d98468cf-dd9c-457a-a295-7f2cd39c2729 ] Request (ServerActionsTestOtherA:setUpClass): 201 POST http://10.180.1.21:9696/networking/v2.0/routers 2.616s
2025-04-17 04:49:43.555 68587 INFO tempest.lib.common.rest_client [req-3c3a63f1-6458-4347-b18d-7b08f8169265 req-3c3a63f1-6458-4347-b18d-7b08f8169265 ] Request (ServersV294TestFqdnHostnames:setUpClass): 200 GET http://10.180.1.21/compute/v2.1/servers/a4fed27d-e797-42d1-b738-8f24ebd708ac 2.134s
2025-04-17 04:49:43.578 68573 INFO tempest.lib.common.rest_client [req-36484348-1596-40d0-8161-534eb513c2cb req-36484348-1596-40d0-8161-534eb513c2cb ] Request (FlavorsV2TestJSON:test_list_flavors_using_marker): 200 GET http://10.180.1.21/compute/v2.1/flavors?marker=42 2.027s
2025-04-17 04:49:43.657 68613 INFO tempest.lib.common.rest_client [req-a9a2179e-de14-4961-a05c-11a856c1946e req-a9a2179e-de14-4961-a05c-11a856c1946e ] Request (FloatingIPDetailsTestJSON:tearDownClass): 202 DELETE http://10.180.1.21/compute/v2.1/os-floating-ips/47dc21e1-a853-40de-a3b8-370b382c499e 2.482s
2025-04-17 04:49:43.696 68617 INFO tempest.lib.common.rest_client [req-83b543d5-6152-4a1e-927f-55352ac2665e req-83b543d5-6152-4a1e-927f-55352ac2665e ] Request (ServersTestBootFromVolume:setUpClass): 200 GET http://10.180.1.21/volume/v3/af71ae44e3744001b18056904d68b3f4/volumes/3a976421-dbb2-4389-ab10-bc99b73173b0 0.032s
2025-04-17 04:49:43.731 68607 INFO tempest.lib.common.rest_client [req-75d178a3-95bf-4007-b4c9-28d23404ee9d req-75d178a3-95bf-4007-b4c9-28d23404ee9d ] Request (SecurityGroupRulesNegativeTestJSON:test_create_security_group_rule_with_invalid_port_range): 400 POST http://10.180.1.21/compute/v2.1/os-security-group-rules 2.143s
2025-04-17 04:49:43.768 68589 INFO tempest.lib.common.rest_client [req-675518c9-f3c2-486d-b786-5c8b774df6cd req-675518c9-f3c2-486d-b786-5c8b774df6cd ] Request (ServerDiagnosticsTest:test_get_server_diagnostics): 200 GET http://10.180.1.21/compute/v2.1/servers/c2cb0b72-896b-46c6-bb41-90cded35468b 2.211s
2025-04-17 04:49:43.781 68599 INFO tempest.lib.common.rest_client [req-3471a59c-0389-4663-a747-b13791ef8cad req-3471a59c-0389-4663-a747-b13791ef8cad ] Request (FlavorsAdminTestJSON:test_is_public_string_variations): 200 GET http://10.180.1.21/compute/v2.1/flavors/detail?is_public=false 2.109s
2025-04-17 04:49:43.992 68615 INFO tempest.lib.common.rest_client [req-9aa3de54-1737-45f1-9fbc-c14bbd299b7e req-9aa3de54-1737-45f1-9fbc-c14bbd299b7e ] Request (ImagesTestJSON:test_create_image_from_stopped_server): 200 GET http://10.180.1.21/compute/v2.1/servers/2b30ba17-99e9-44bc-bd78-73fe5d6cab05 2.360s
2025-04-17 04:49:44.009 68609 INFO tempest.lib.common.rest_client [req-4cbff3ef-f2a3-4d26-875b-7d7c9e44cbf7 req-4cbff3ef-f2a3-4d26-875b-7d7c9e44cbf7 ] Request (VolumesAssistedSnapshotsTest:test_volume_assisted_snapshot_create_delete): 200 GET http://10.180.1.21/compute/v2.1/servers/85d9f1dc-0d1e-44e0-92cc-7d7511acb786 2.227s
2025-04-17 04:49:44.252 68593 INFO tempest.lib.common.rest_client [req-3fc0abd2-47cb-4fcf-ba4f-0fe903a037d2 req-3fc0abd2-47cb-4fcf-ba4f-0fe903a037d2 ] Request (SecurityGroupsNegativeTestJSON:test_delete_the_default_security_group): 200 GET http://10.180.1.21/compute/v2.1/os-security-groups 2.442s
2025-04-17 04:49:44.295 68565 INFO tempest.lib.common.rest_client [req-252f11e8-cb73-4190-8d2e-4bbe4a5a29d8 req-252f11e8-cb73-4190-8d2e-4bbe4a5a29d8 ] Request (KeyPairsV2TestJSON:test_keypairs_create_list_delete): 200 POST http://10.180.1.21/compute/v2.1/os-keypairs 2.431s
2025-04-17 04:49:44.302 68585 INFO tempest.lib.common.rest_client [req-4418d10a-b17d-4314-9089-fd1e654ce0ff req-4418d10a-b17d-4314-9089-fd1e654ce0ff ] Request (MultipleCreateTestJSON:test_multiple_create): 200 GET http://10.180.1.21/compute/v2.1/servers/3653a48c-6da3-488a-9b7c-b722032e71ce 2.502s
2025-04-17 04:49:44.318 68561 INFO tempest.lib.common.rest_client [req-c028ec31-53a0-46c3-82aa-c096f48e9053 req-c028ec31-53a0-46c3-82aa-c096f48e9053 ] Request (FloatingIPsTestJSON:tearDownClass): 200 PUT http://10.180.1.21:9696/networking/v2.0/routers/ff5893fc-b248-4661-a83b-16868e31d11b/remove_router_interface 2.662s
2025-04-17 04:49:44.373 68605 INFO tempest.lib.common.rest_client [req-6b566c67-3892-4e68-a07c-6a0f729d5646 req-6b566c67-3892-4e68-a07c-6a0f729d5646 ] Request (ListImageFiltersTestJSON:setUpClass): 200 GET http://10.180.1.21/compute/v2.1/servers/ada46260-9977-4009-a4f1-c08f2222b6e8 2.301s
2025-04-17 04:49:44.432 68597 INFO tempest.lib.common.rest_client [req-867f80f4-2fa5-4f65-bb82-9081db95fa87 req-867f80f4-2fa5-4f65-bb82-9081db95fa87 ] Request (ServerDiskConfigTestJSON:test_rebuild_server_with_auto_disk_config): 200 GET http://10.180.1.21/compute/v2.1/servers/9170a530-958f-46ec-a36c-d19baac1869c 2.254s
2025-04-17 04:49:44.469 68611 INFO tempest.lib.common.rest_client [req-a75c629d-924c-454a-a2fa-c54067f88c67 req-a75c629d-924c-454a-a2fa-c54067f88c67 ] Request (AttachInterfacesUnderV243Test:test_add_remove_fixed_ip): 200 GET http://10.180.1.21/compute/v2.1/servers/25eddb82-c2b3-499f-afe0-5141b4624342 2.504s
2025-04-17 04:49:44.612 68595 INFO tempest.lib.common.rest_client [req-280f91b5-127c-45e7-b9b0-3e5038d03817 req-280f91b5-127c-45e7-b9b0-3e5038d03817 ] Request (AggregatesAdminNegativeTestJSON:test_aggregate_remove_host_as_user): 200 POST http://10.180.1.21/compute/v2.1/os-aggregates/7/action 2.256s
2025-04-17 04:49:44.684 68603 INFO tempest.lib.common.rest_client [req-965c60f5-6b82-4080-b589-56e90776c7e5 req-965c60f5-6b82-4080-b589-56e90776c7e5 ] Request (QuotasAdminTestJSON:_run_cleanups): 200 PUT http://10.180.1.21/compute/v2.1/os-quota-sets/e2213413a705456cbe535ed390c46d5d 2.353s
2025-04-17 04:49:44.738 68617 INFO tempest.lib.common.rest_client [req-419bfc16-21f5-439a-b7af-25716a8cb408 req-419bfc16-21f5-439a-b7af-25716a8cb408 ] Request (ServersTestBootFromVolume:setUpClass): 200 GET http://10.180.1.21/volume/v3/af71ae44e3744001b18056904d68b3f4/volumes/3a976421-dbb2-4389-ab10-bc99b73173b0 0.033s
2025-04-17 04:49:44.742 68601 INFO tempest.lib.common.rest_client [req-dd28bc3a-d555-41ab-b8a8-ef496ab6120c req-dd28bc3a-d555-41ab-b8a8-ef496ab6120c ] Request (ImagesNegativeTestJSON:test_create_image_from_deleted_server): 200 GET http://10.180.1.21/compute/v2.1/servers/b081435b-64e1-4baa-a634-a2f22a3d9a29 2.092s
2025-04-17 04:49:44.803 68603 INFO tempest.lib.common.rest_client [req-16d64b2b-ddcc-40b7-bf0d-bba2f88ef230 req-16d64b2b-ddcc-40b7-bf0d-bba2f88ef230 ] Request (QuotasAdminTestJSON:tearDownClass): 204 DELETE http://10.180.1.21/identity/v3/users/faa356fadc46406fbbfb660f7334adfe 0.116s
2025-04-17 04:49:44.828 68583 INFO tempest.lib.common.rest_client [req-a314e2d8-340d-45f3-9716-e578ae92bd6a req-a314e2d8-340d-45f3-9716-e578ae92bd6a ] Request (ImagesOneServerTestJSON:setUpClass): 200 GET http://10.180.1.21/compute/v2.1/servers/167d0f09-4566-46f2-ab98-2acbc5810ce4 2.280s
2025-04-17 04:49:44.827 68567 INFO tempest.lib.common.rest_client [req-c7354b10-649e-4f59-a486-6b5d82b20aa1 req-c7354b10-649e-4f59-a486-6b5d82b20aa1 ] Request (ServersAaction247Test:test_create_backup): 200 GET http://10.180.1.21/compute/v2.1/servers/650fcdae-dc95-4191-9696-3b6f004bdb62 2.095s
2025-04-17 04:49:44.892 68621 INFO tempest.lib.common.rest_client [req-6577369f-fc45-4bd6-873a-d1133fd8449d req-6577369f-fc45-4bd6-873a-d1133fd8449d ] Request (DeleteServersTestJSON:test_delete_active_server): 200 GET http://10.180.1.21/compute/v2.1/servers/8be63333-3269-4158-8476-a3032a185131 2.068s
2025-04-17 04:49:44.900 68563 INFO tempest.lib.common.rest_client [req-eb38487e-4450-4efd-8580-a4845cc732f9 req-eb38487e-4450-4efd-8580-a4845cc732f9 ] Request (FloatingIPsAssociationTestJSON:setUpClass): 200 GET http://10.180.1.21/compute/v2.1/servers/5667b56a-9abd-4e9d-83cf-04be5c8ddbb0 1.944s
2025-04-17 04:49:44.929 68619 INFO tempest.lib.common.rest_client [req-e5bdbcc4-04f3-4751-ab06-e117123cbcdb req-e5bdbcc4-04f3-4751-ab06-e117123cbcdb ] Request (ServerActionsTestOtherA:setUpClass): 200 PUT http://10.180.1.21:9696/networking/v2.0/routers/3b8b3f02-0f39-42ac-9372-2f47388e18ec/add_router_interface 1.379s
2025-04-17 04:49:44.929 68619 INFO tempest.lib.common.dynamic_creds [-] Created isolated network resources for: credentials: Credentials: {'domain_id': 'default', 'domain_name': 'Default', 'username': 'tempest-ServerActionsTestOtherA-1546743166-project-member', 'project_domain_id': 'default', 'project_domain_name': 'Default', 'project_id': 'e5324152a7bc42abb5182fde4d78a289', 'project_name': 'tempest-ServerActionsTestOtherA-1546743166', 'tenant_id': 'e5324152a7bc42abb5182fde4d78a289', 'tenant_name': 'tempest-ServerActionsTestOtherA-1546743166', 'user_domain_id': 'default', 'user_domain_name': 'Default', 'user_id': 'db695f9a96bb4424804c6da845511a80', 'system': None}, Network: {'id': 'cd61cc4f-60df-4639-b7b3-7e679a3c506e', 'name': 'tempest-ServerActionsTestOtherA-933653301-network', 'tenant_id': 'e5324152a7bc42abb5182fde4d78a289', 'admin_state_up': True, 'mtu': 8950, 'status': 'ACTIVE', 'subnets': [], 'shared': False, 'project_id': 'e5324152a7bc42abb5182fde4d78a289', 'port_security_enabled': True, 'router:external': False, 'provider:network_type': 'vlan', 'provider:physical_network': 'default', 'provider:segmentation_id': 291, 'is_default': False, 'availability_zone_hints': [], 'availability_zones': [], 'ipv4_address_scope': None, 'ipv6_address_scope': None, 'description': '', 'tags': [], 'created_at': '2025-04-17T04:49:40Z', 'updated_at': '2025-04-17T04:49:40Z', 'revision_number': 1}, Subnet: {'id': '276440bf-87d9-4b5e-8970-1ac6a95d779b', 'name': 'tempest-ServerActionsTestOtherA-933653301-subnet', 'tenant_id': 'e5324152a7bc42abb5182fde4d78a289', 'network_id': 'cd61cc4f-60df-4639-b7b3-7e679a3c506e', 'ip_version': 4, 'subnetpool_id': None, 'enable_dhcp': True, 'ipv6_ra_mode': None, 'ipv6_address_mode': None, 'gateway_ip': '192.168.128.1', 'cidr': '192.168.128.0/28', 'allocation_pools': [{'start': '192.168.128.2', 'end': '192.168.128.14'}], 'host_routes': [], 'dns_nameservers': [], 'description': '', 'service_types': [], 'tags': [], 'created_at': '2025-04-17T04:49:40Z', 'updated_at': '2025-04-17T04:49:40Z', 'revision_number': 0, 'project_id': 'e5324152a7bc42abb5182fde4d78a289'}, Router: {'id': '3b8b3f02-0f39-42ac-9372-2f47388e18ec', 'name': 'tempest-ServerActionsTestOtherA-933653301-router', 'tenant_id': 'e5324152a7bc42abb5182fde4d78a289', 'admin_state_up': True, 'status': 'ACTIVE', 'external_gateway_info': {'network_id': '3abf66ba-a288-4245-965d-843bb0536b56', 'external_fixed_ips': [{'subnet_id': '20b85306-2924-4d2b-aab1-1c5c77beb839', 'ip_address': '10.180.180.250'}], 'enable_snat': True}, 'description': '', 'availability_zones': [], 'distributed': False, 'ha': False, 'availability_zone_hints': [], 'routes': [], 'flavor_id': None, 'tags': [], 'created_at': '2025-04-17T04:49:40Z', 'updated_at': '2025-04-17T04:49:42Z', 'revision_number': 2, 'project_id': 'e5324152a7bc42abb5182fde4d78a289'}
2025-04-17 04:49:44.939 68603 INFO tempest.lib.common.rest_client [req-9c71cd8e-20f5-4811-80d2-e208f5abe7a6 req-9c71cd8e-20f5-4811-80d2-e208f5abe7a6 ] Request (QuotasAdminTestJSON:tearDownClass): 204 DELETE http://10.180.1.21/identity/v3/users/4d02438e86394f0588646a60b421060a 0.135s
2025-04-17 04:49:44.939 68603 INFO tempest.lib.common.dynamic_creds [-] Deleting project and security group for project: 712e126432944b23a38410f1fbd4ff60
