2025-04-17 04:49:31.220 68613 INFO tempest.lib.common.rest_client [req-4c9e889d-300f-41b5-9a46-9a3c1da3686a req-4c9e889d-300f-41b5-9a46-9a3c1da3686a ] Request (FloatingIPDetailsTestJSON:setUpClass): 200 POST http://10.180.1.21/compute/v2.1/os-floating-ips 4.607s
2025-04-17 04:49:31.224 68617 INFO tempest.lib.common.rest_client [req-08a852f3-3381-4767-8d5f-1468f8c08327 req-08a852f3-3381-4767-8d5f-1468f8c08327 ] Request (AZV2TestJSON:setUpClass): 204 PUT http://10.180.1.21/identity/v3/projects/4f172e169f0043b7b039551ba51a835d/users/dbd49280e8124ae88824a411a8eb71bd/roles/080d8e9effb547b18453dd7594c6e4e9 0.038s
2025-04-17 04:49:31.224 68617 INFO tempest.lib.common.dynamic_creds [-] Dynamic test user dbd49280e8124ae88824a411a8eb71bd is created with scope project and roles: ['member']
2025-04-17 04:49:31.224 68617 INFO tempest.lib.common.dynamic_creds [-] Acquired dynamic creds: credentials: Credentials: {'domain_id': 'default', 'domain_name': 'Default', 'username': 'tempest-AZV2TestJSON-776461592-project-member', 'project_domain_id': 'default', 'project_domain_name': 'Default', 'project_id': '4f172e169f0043b7b039551ba51a835d', 'project_name': 'tempest-AZV2TestJSON-776461592', 'tenant_id': '4f172e169f0043b7b039551ba51a835d', 'tenant_name': 'tempest-AZV2TestJSON-776461592', 'user_domain_id': 'default', 'user_domain_name': 'Default', 'user_id': 'dbd49280e8124ae88824a411a8eb71bd', 'system': None}, Network: None, Subnet: None, Router: None
2025-04-17 04:49:31.224 68617 INFO tempest.lib.common.dynamic_creds [-] Created isolated network resources for: credentials: Credentials: {'domain_id': 'default', 'domain_name': 'Default', 'username': 'tempest-AZV2TestJSON-776461592-project-member', 'project_domain_id': 'default', 'project_domain_name': 'Default', 'project_id': '4f172e169f0043b7b039551ba51a835d', 'project_name': 'tempest-AZV2TestJSON-776461592', 'tenant_id': '4f172e169f0043b7b039551ba51a835d', 'tenant_name': 'tempest-AZV2TestJSON-776461592', 'user_domain_id': 'default', 'user_domain_name': 'Default', 'user_id': 'dbd49280e8124ae88824a411a8eb71bd', 'system': None}, Network: None, Subnet: None, Router: None
2025-04-17 04:49:31.231 68565 INFO tempest.lib.common.rest_client [req-00b500ea-a92a-45b2-ad73-39b39cd4a8a5 req-00b500ea-a92a-45b2-ad73-39b39cd4a8a5 ] Request (KeyPairsV2TestJSON:test_get_keypair_detail): 200 GET http://10.180.1.21/compute/v2.1/os-keypairs/tempest-keypair-1570629783 2.847s
2025-04-17 04:49:31.313 68623 INFO tempest.lib.common.rest_client [req-75e842ea-9690-4d1a-af8d-f7fc9b1289fc req-75e842ea-9690-4d1a-af8d-f7fc9b1289fc ] Request (ServerDiagnosticsV248Test:test_get_server_diagnostics): 200 GET http://10.180.1.21/compute/v2.1/servers/13b2d77c-448b-4558-b5ef-005064806213 2.350s
2025-04-17 04:49:31.321 68617 INFO tempest.lib.common.rest_client [req-e416f871-7ead-4203-a162-b2c25d9525bf req-e416f871-7ead-4203-a162-b2c25d9525bf ] Request (AZV2TestJSON:setUpClass): 201 POST http://10.180.1.21/identity/v3/auth/tokens 0.092s
2025-04-17 04:49:31.377 68579 INFO tempest.lib.common.rest_client [req-f535f8b8-e057-40c9-aa36-ddae4e680601 req-f535f8b8-e057-40c9-aa36-ddae4e680601 ] Request (TenantUsagesTestJSON:setUpClass): 200 GET http://10.180.1.21/compute/v2.1/servers/81731456-9c86-4e6f-ae95-7b7455f322d4 2.405s
2025-04-17 04:49:31.430 68607 INFO tempest.lib.common.rest_client [req-03e3b2c2-6679-47b6-92df-88f3309cfeb1 req-03e3b2c2-6679-47b6-92df-88f3309cfeb1 ] Request (SecurityGroupRulesNegativeTestJSON:_run_cleanups): 202 DELETE http://10.180.1.21/compute/v2.1/os-security-group-rules/67b34d96-ee40-46dc-9b92-1ff3c5688101 3.387s
2025-04-17 04:49:31.450 68577 INFO tempest.lib.common.rest_client [req-83aae761-99f0-457d-951a-a44ba0221046 req-83aae761-99f0-457d-951a-a44ba0221046 ] Request (FloatingIPsAssociationNegativeTestJSON:setUpClass): 200 GET http://10.180.1.21/compute/v2.1/servers/42977331-21c5-4169-889f-37dfbb10b6ef 2.381s
2025-04-17 04:49:31.648 68581 INFO tempest.lib.common.rest_client [req-ec6dc01e-ebc7-44f4-95ce-17e791827d59 req-ec6dc01e-ebc7-44f4-95ce-17e791827d59 ] Request (MigrationsAdminTest:test_list_migrations_in_flavor_resize_situation): 200 GET http://10.180.1.21/compute/v2.1/servers/9cda9e61-a903-4156-b797-121d7142c021 2.322s
2025-04-17 04:49:31.655 68591 INFO tempest.lib.common.rest_client [req-85c62fc4-603b-4436-bb06-68d973cf39f9 req-85c62fc4-603b-4436-bb06-68d973cf39f9 ] Request (DeleteServersAdminTestJSON:test_admin_delete_servers_of_others): 200 GET http://10.180.1.21/compute/v2.1/servers/7423b2c7-699d-4c1b-82b9-683a2c08a261 2.377s
2025-04-17 04:49:31.758 68587 INFO tempest.lib.common.rest_client [req-c790ed2a-5f9a-4e39-a4ad-c8453bb9a222 req-c790ed2a-5f9a-4e39-a4ad-c8453bb9a222 ] Request (ServersV294TestFqdnHostnames:setUpClass): 200 GET http://10.180.1.21/compute/v2.1/servers/a4fed27d-e797-42d1-b738-8f24ebd708ac 2.218s
2025-04-17 04:49:31.812 68561 INFO tempest.lib.common.rest_client [req-4dc39a8c-27b5-48fd-82fc-f97533f256d8 req-4dc39a8c-27b5-48fd-82fc-f97533f256d8 ] Request (FloatingIPsTestJSON:test_allocate_floating_ip): 200 GET http://10.180.1.21/compute/v2.1/os-floating-ips 2.349s
2025-04-17 04:49:31.838 68595 INFO tempest.lib.common.rest_client [req-e276d0ac-91b8-4ca8-87c0-a8be424fce86 req-e276d0ac-91b8-4ca8-87c0-a8be424fce86 ] Request (AggregatesAdminNegativeTestJSON:_run_cleanups): 200 DELETE http://10.180.1.21/compute/v2.1/os-aggregates/5 1.777s
2025-04-17 04:49:31.957 68603 INFO tempest.lib.common.rest_client [req-e6322e1d-54c2-4244-adfa-b5dbd0a00233 req-e6322e1d-54c2-4244-adfa-b5dbd0a00233 ] Request (QuotasAdminTestJSON:test_get_default_quotas): 200 GET http://10.180.1.21/compute/v2.1/os-quota-sets/e2213413a705456cbe535ed390c46d5d/defaults 1.887s
2025-04-17 04:49:31.991 68603 INFO tempest.lib.common.rest_client [req-254f94ea-6a35-4762-8a7a-f37c8c17a26a req-254f94ea-6a35-4762-8a7a-f37c8c17a26a ] Request (QuotasAdminTestJSON:test_get_updated_quotas): 200 GET http://10.180.1.21/identity/v3/domains?name=Default 0.030s
2025-04-17 04:49:31.993 68573 INFO tempest.lib.common.rest_client [req-1b3facc0-692b-430e-a3d3-350da7c7765f req-1b3facc0-692b-430e-a3d3-350da7c7765f ] Request (FlavorsV2TestJSON:test_list_flavors_detailed_using_marker): 200 GET http://10.180.1.21/compute/v2.1/flavors/detail?marker=42 1.911s
2025-04-17 04:49:32.019 68619 INFO tempest.lib.common.rest_client [req-bad4ad38-8871-4d01-9731-bc2fc009247e req-bad4ad38-8871-4d01-9731-bc2fc009247e ] Request (KeyPairsV22TestJSON:_run_cleanups): 204 DELETE http://10.180.1.21/compute/v2.1/os-keypairs/tempest-keypair-272161825 1.932s
2025-04-17 04:49:32.025 68603 INFO tempest.lib.common.rest_client [req-aea339ea-12fd-4e25-8f1e-babeb0195b2d req-aea339ea-12fd-4e25-8f1e-babeb0195b2d ] Request (QuotasAdminTestJSON:test_get_updated_quotas): 201 POST http://10.180.1.21/identity/v3/projects 0.034s
2025-04-17 04:49:32.033 68599 INFO tempest.lib.common.rest_client [req-30bf3509-06ad-4360-8648-5475e4e745be req-30bf3509-06ad-4360-8648-5475e4e745be ] Request (FlavorsAdminTestJSON:test_create_server_with_non_public_flavor): 200 POST http://10.180.1.21/compute/v2.1/flavors 1.916s
2025-04-17 04:49:32.079 68603 INFO tempest.lib.common.rest_client [req-ab7f50ef-9b89-4458-90ec-c3857f3d279f req-ab7f50ef-9b89-4458-90ec-c3857f3d279f ] Request (QuotasAdminTestJSON:test_get_updated_quotas): 200 GET http://10.180.1.21/identity/v3/domains?name=Default 0.054s
2025-04-17 04:49:32.081 68621 INFO tempest.lib.common.rest_client [req-bb88c6a7-e77d-4a8b-a73c-dba3df5084e0 req-bb88c6a7-e77d-4a8b-a73c-dba3df5084e0 ] Request (DeleteServersTestJSON:setUpClass): 200 PUT http://10.180.1.21:9696/networking/v2.0/routers/be358130-762b-4558-a263-a8af72593e04/add_router_interface 2.420s
2025-04-17 04:49:32.081 68621 INFO tempest.lib.common.dynamic_creds [-] Created isolated network resources for: credentials: Credentials: {'domain_id': 'default', 'domain_name': 'Default', 'username': 'tempest-DeleteServersTestJSON-1799391927-project-member', 'project_domain_id': 'default', 'project_domain_name': 'Default', 'project_id': '0695dbb014ba4c359215dbb84bb1d314', 'project_name': 'tempest-DeleteServersTestJSON-1799391927', 'tenant_id': '0695dbb014ba4c359215dbb84bb1d314', 'tenant_name': 'tempest-DeleteServersTestJSON-1799391927', 'user_domain_id': 'default', 'user_domain_name': 'Default', 'user_id': '6a603a37bebe4a1c9b8f5d3b1cf5f34f', 'system': None}, Network: {'id': 'a4a3552a-50b6-4f21-8281-1a40d7f4da04', 'name': 'tempest-DeleteServersTestJSON-640716636-network', 'tenant_id': '0695dbb014ba4c359215dbb84bb1d314', 'admin_state_up': True, 'mtu': 8950, 'status': 'ACTIVE', 'subnets': [], 'shared': False, 'project_id': '0695dbb014ba4c359215dbb84bb1d314', 'port_security_enabled': True, 'router:external': False, 'provider:network_type': 'vlan', 'provider:physical_network': 'default', 'provider:segmentation_id': 977, 'is_default': False, 'availability_zone_hints': [], 'availability_zones': [], 'ipv4_address_scope': None, 'ipv6_address_scope': None, 'description': '', 'tags': [], 'created_at': '2025-04-17T04:49:27Z', 'updated_at': '2025-04-17T04:49:27Z', 'revision_number': 1}, Subnet: {'id': '697acb14-ee24-4ee3-b5b5-a3e0e25c77a6', 'name': 'tempest-DeleteServersTestJSON-640716636-subnet', 'tenant_id': '0695dbb014ba4c359215dbb84bb1d314', 'network_id': 'a4a3552a-50b6-4f21-8281-1a40d7f4da04', 'ip_version': 4, 'subnetpool_id': None, 'enable_dhcp': True, 'ipv6_ra_mode': None, 'ipv6_address_mode': None, 'gateway_ip': '192.168.128.1', 'cidr': '192.168.128.0/28', 'allocation_pools': [{'start': '192.168.128.2', 'end': '192.168.128.14'}], 'host_routes': [], 'dns_nameservers': [], 'description': '', 'service_types': [], 'tags': [], 'created_at': '2025-04-17T04:49:27Z', 'updated_at': '2025-04-17T04:49:27Z', 'revision_number': 0, 'project_id': '0695dbb014ba4c359215dbb84bb1d314'}, Router: {'id': 'be358130-762b-4558-a263-a8af72593e04', 'name': 'tempest-DeleteServersTestJSON-640716636-router', 'tenant_id': '0695dbb014ba4c359215dbb84bb1d314', 'admin_state_up': True, 'status': 'ACTIVE', 'external_gateway_info': {'network_id': '3abf66ba-a288-4245-965d-843bb0536b56', 'external_fixed_ips': [{'subnet_id': '20b85306-2924-4d2b-aab1-1c5c77beb839', 'ip_address': '10.180.180.241'}], 'enable_snat': True}, 'description': '', 'availability_zones': [], 'distributed': False, 'ha': False, 'availability_zone_hints': [], 'routes': [], 'flavor_id': None, 'tags': [], 'created_at': '2025-04-17T04:49:27Z', 'updated_at': '2025-04-17T04:49:28Z', 'revision_number': 2, 'project_id': '0695dbb014ba4c359215dbb84bb1d314'}
2025-04-17 04:49:32.094 68589 INFO tempest.lib.common.rest_client [req-38db977b-a926-497e-81cd-f649094b6ebb req-38db977b-a926-497e-81cd-f649094b6ebb ] Request (ServerDiagnosticsTest:test_get_server_diagnostics): 200 GET http://10.180.1.21/compute/v2.1/servers/c2cb0b72-896b-46c6-bb41-90cded35468b 2.240s
2025-04-17 04:49:32.166 68571 INFO tempest.lib.common.rest_client [req-37c3f0d4-04a7-452f-8186-366bd2b5262a req-37c3f0d4-04a7-452f-8186-366bd2b5262a ] Request (VolumesAdminNegativeTest:test_update_attached_volume_with_nonexistent_volume_in_body): 200 POST http://10.180.1.21/compute/v2.1/os-keypairs 1.996s
2025-04-17 04:49:32.192 68621 INFO tempest.lib.common.rest_client [req-28b12a64-81ec-4a90-96ac-d7208729f002 req-28b12a64-81ec-4a90-96ac-d7208729f002 ] Request (DeleteServersTestJSON:setUpClass): 201 POST http://10.180.1.21/identity/v3/auth/tokens 0.106s
2025-04-17 04:49:32.215 68605 INFO tempest.lib.common.rest_client [req-136a8807-4150-468e-a4e5-bed1754ab1b6 req-136a8807-4150-468e-a4e5-bed1754ab1b6 ] Request (ListImageFiltersTestJSON:setUpClass): 200 GET http://10.180.1.21/compute/v2.1/images/83bf1702-33d9-44bc-b656-e9adbd6be737 1.816s
2025-04-17 04:49:32.229 68621 INFO tempest.lib.common.rest_client [req-7f70d68a-b2a4-4c7f-819b-6a299fc6972f req-7f70d68a-b2a4-4c7f-819b-6a299fc6972f ] Request (DeleteServersTestJSON:test_delete_active_server): 201 POST http://10.180.1.21/identity/v3/auth/tokens 0.033s
2025-04-17 04:49:32.230 68621 INFO tempest.lib.common.fixed_network [-] (DeleteServersTestJSON:test_delete_active_server) Found network {'id': 'a4a3552a-50b6-4f21-8281-1a40d7f4da04', 'name': 'tempest-DeleteServersTestJSON-640716636-network', 'tenant_id': '0695dbb014ba4c359215dbb84bb1d314', 'admin_state_up': True, 'mtu': 8950, 'status': 'ACTIVE', 'subnets': [], 'shared': False, 'project_id': '0695dbb014ba4c359215dbb84bb1d314', 'port_security_enabled': True, 'router:external': False, 'provider:network_type': 'vlan', 'provider:physical_network': 'default', 'provider:segmentation_id': 977, 'is_default': False, 'availability_zone_hints': [], 'availability_zones': [], 'ipv4_address_scope': None, 'ipv6_address_scope': None, 'description': '', 'tags': [], 'created_at': '2025-04-17T04:49:27Z', 'updated_at': '2025-04-17T04:49:27Z', 'revision_number': 1} available for tenant
2025-04-17 04:49:32.262 68585 INFO tempest.lib.common.rest_client [req-c53168e4-bb3c-4f8d-9293-f8124f21fd1d req-c53168e4-bb3c-4f8d-9293-f8124f21fd1d ] Request (MultipleCreateTestJSON:test_multiple_create): 200 GET http://10.180.1.21/compute/v2.1/servers/3653a48c-6da3-488a-9b7c-b722032e71ce 2.017s
2025-04-17 04:49:32.272 68615 INFO tempest.lib.common.rest_client [req-25317af9-37bb-4911-a2aa-db83ee94b8ee req-25317af9-37bb-4911-a2aa-db83ee94b8ee ] Request (ImagesTestJSON:test_create_image_from_stopped_server): 200 GET http://10.180.1.21/compute/v2.1/servers/2b30ba17-99e9-44bc-bd78-73fe5d6cab05 1.652s
2025-04-17 04:49:32.305 68571 INFO tempest.lib.common.rest_client [req-ef740700-ce2f-4368-891a-90543771b380 req-ef740700-ce2f-4368-891a-90543771b380 ] Request (VolumesAdminNegativeTest:test_update_attached_volume_with_nonexistent_volume_in_body): 201 POST http://10.180.1.21:9696/networking/v2.0/security-groups 0.137s
2025-04-17 04:49:32.306 68593 INFO tempest.lib.common.rest_client [req-03ab3234-cc17-47dc-9fc7-b41837c2295f req-03ab3234-cc17-47dc-9fc7-b41837c2295f ] Request (FloatingIPsNegativeTestJSON:test_delete_nonexistent_floating_ip): 404 DELETE http://10.180.1.21/compute/v2.1/os-floating-ips/16dfae52-2f24-40e6-9ba0-f31b0cc16c01 1.552s
2025-04-17 04:49:32.512 68571 INFO tempest.lib.common.rest_client [req-5b25e7c8-8e7f-4843-b63a-0434c9d8df66 req-5b25e7c8-8e7f-4843-b63a-0434c9d8df66 ] Request (VolumesAdminNegativeTest:test_update_attached_volume_with_nonexistent_volume_in_body): 201 POST http://10.180.1.21:9696/networking/v2.0/security-group-rules 0.206s
2025-04-17 04:49:32.526 68611 INFO tempest.lib.common.rest_client [req-879a22dc-9c9e-4cd5-99e6-4a5120cfa2da req-879a22dc-9c9e-4cd5-99e6-4a5120cfa2da ] Request (AttachInterfacesUnderV243Test:test_add_remove_fixed_ip): 200 GET http://10.180.1.21/compute/v2.1/servers/25eddb82-c2b3-499f-afe0-5141b4624342 1.845s
2025-04-17 04:49:32.599 68609 INFO tempest.lib.common.rest_client [req-53e67cc9-c137-42d6-8d2e-6531798ce411 req-53e67cc9-c137-42d6-8d2e-6531798ce411 ] Request (VolumesAssistedSnapshotsTest:test_volume_assisted_snapshot_create_delete): 200 GET http://10.180.1.21/compute/v2.1/servers/85d9f1dc-0d1e-44e0-92cc-7d7511acb786 1.395s
2025-04-17 04:49:32.713 68571 INFO tempest.lib.common.rest_client [req-a8381f39-ccad-4177-8498-6c3442c36144 req-a8381f39-ccad-4177-8498-6c3442c36144 ] Request (VolumesAdminNegativeTest:test_update_attached_volume_with_nonexistent_volume_in_body): 201 POST http://10.180.1.21:9696/networking/v2.0/security-group-rules 0.201s
2025-04-17 04:49:32.915 68569 INFO tempest.lib.common.rest_client [req-b292cb6a-f0f5-452b-97c8-7f88e0bc1cee req-b292cb6a-f0f5-452b-97c8-7f88e0bc1cee ] Request (InstanceActionsV221TestJSON:test_get_list_deleted_instance_actions): 202 POST http://10.180.1.21/compute/v2.1/servers 2.087s
2025-04-17 04:49:32.938 68565 INFO tempest.lib.common.rest_client [req-b67ed035-aa70-48ab-986a-9d404964f633 req-b67ed035-aa70-48ab-986a-9d404964f633 ] Request (KeyPairsV2TestJSON:_run_cleanups): 202 DELETE http://10.180.1.21/compute/v2.1/os-keypairs/tempest-keypair-1570629783 1.705s
2025-04-17 04:49:33.047 68617 INFO tempest.lib.common.rest_client [req-acd3467c-bd57-43f2-9b1f-40bd2483eb2e req-acd3467c-bd57-43f2-9b1f-40bd2483eb2e ] Request (AZV2TestJSON:test_get_availability_zone_list_with_non_admin_user): 200 GET http://10.180.1.21/compute/v2.1/os-availability-zone 1.725s
2025-04-17 04:49:33.173 68617 INFO tempest.lib.common.rest_client [req-6afc5d51-1fd3-44b9-9d9e-dff3957e2e15 req-6afc5d51-1fd3-44b9-9d9e-dff3957e2e15 ] Request (AZV2TestJSON:tearDownClass): 204 DELETE http://10.180.1.21/identity/v3/users/dbd49280e8124ae88824a411a8eb71bd 0.122s
2025-04-17 04:49:33.173 68617 INFO tempest.lib.common.dynamic_creds [-] Deleting project and security group for project: 4f172e169f0043b7b039551ba51a835d
2025-04-17 04:49:33.249 68617 INFO tempest.lib.common.rest_client [req-f05e2214-d084-42db-8529-a69908f25944 req-f05e2214-d084-42db-8529-a69908f25944 ] Request (AZV2TestJSON:tearDownClass): 201 POST http://10.180.1.21/identity/v3/auth/tokens 0.076s
2025-04-17 04:49:33.308 68607 INFO tempest.lib.common.rest_client [req-67d83248-b779-40b9-aed1-6b8cbb768d3a req-67d83248-b779-40b9-aed1-6b8cbb768d3a ] Request (SecurityGroupRulesNegativeTestJSON:test_create_security_group_rule_with_invalid_from_port): 200 POST http://10.180.1.21/compute/v2.1/os-security-groups 1.877s
2025-04-17 04:49:33.423 68593 INFO tempest.lib.common.rest_client [req-aa5e6d8a-9a0e-4ae5-b96c-eb39da87b1cd req-aa5e6d8a-9a0e-4ae5-b96c-eb39da87b1cd ] Request (FloatingIPsNegativeTestJSON:tearDownClass): 200 PUT http://10.180.1.21:9696/networking/v2.0/routers/936ef2ce-38fe-4716-80fa-6bde5e5a8829/remove_router_interface 1.114s
2025-04-17 04:49:33.514 68617 INFO tempest.lib.common.rest_client [req-ee19470a-9124-47ba-8ba7-e3d266314ce5 req-ee19470a-9124-47ba-8ba7-e3d266314ce5 ] Request (AZV2TestJSON:tearDownClass): 200 GET http://10.180.1.21:9696/networking/v2.0/security-groups?tenant_id=4f172e169f0043b7b039551ba51a835d&name=default 0.264s
2025-04-17 04:49:33.564 68571 INFO tempest.lib.common.rest_client [req-d1bbe42f-29bb-44a4-8dc6-8723d436f250 req-d1bbe42f-29bb-44a4-8dc6-8723d436f250 ] Request (VolumesAdminNegativeTest:test_update_attached_volume_with_nonexistent_volume_in_body): 201 POST http://10.180.1.21:9696/networking/v2.0/floatingips 0.850s
2025-04-17 04:49:33.631 68583 INFO tempest.lib.common.rest_client [req-c4977b05-6c89-4920-8fde-b01d7ce0dad5 req-c4977b05-6c89-4920-8fde-b01d7ce0dad5 ] Request (ImagesOneServerTestJSON:setUpClass): 200 GET http://10.180.1.21/compute/v2.1/servers/167d0f09-4566-46f2-ab98-2acbc5810ce4 2.047s
2025-04-17 04:49:33.634 68571 INFO tempest.lib.common.rest_client [req-66503ffa-307c-4786-adfd-a4c1db8d8c6d req-66503ffa-307c-4786-adfd-a4c1db8d8c6d ] Request (VolumesAdminNegativeTest:test_update_attached_volume_with_nonexistent_volume_in_body): 201 POST http://10.180.1.21/identity/v3/auth/tokens 0.066s
2025-04-17 04:49:33.634 68571 INFO tempest.lib.common.fixed_network [-] (VolumesAdminNegativeTest:test_update_attached_volume_with_nonexistent_volume_in_body) Found network {'id': '5eaea343-ba7a-4db6-b365-326580f3dd73', 'name': 'tempest-VolumesAdminNegativeTest-1534945354-network', 'tenant_id': 'dc1c21d1d70847d08d8410ac0e02ac24', 'admin_state_up': True, 'mtu': 8950, 'status': 'ACTIVE', 'subnets': [], 'shared': False, 'project_id': 'dc1c21d1d70847d08d8410ac0e02ac24', 'port_security_enabled': True, 'router:external': False, 'provider:network_type': 'vlan', 'provider:physical_network': 'default', 'provider:segmentation_id': 166, 'is_default': False, 'availability_zone_hints': [], 'availability_zones': [], 'ipv4_address_scope': None, 'ipv6_address_scope': None, 'description': '', 'tags': [], 'created_at': '2025-04-17T04:49:15Z', 'updated_at': '2025-04-17T04:49:15Z', 'revision_number': 1} available for tenant
2025-04-17 04:49:33.676 68617 INFO tempest.lib.common.rest_client [req-2f79cb67-d98f-4ee5-8d5c-8ea543183574 req-2f79cb67-d98f-4ee5-8d5c-8ea543183574 ] Request (AZV2TestJSON:tearDownClass): 204 DELETE http://10.180.1.21:9696/networking/v2.0/security-groups/2598a179-7038-43e8-8c5d-ca8d99e2e228 0.161s
2025-04-17 04:49:33.693 68613 INFO tempest.lib.common.rest_client [req-696689e5-4ed9-4892-a54c-6e5fdfa078c4 req-696689e5-4ed9-4892-a54c-6e5fdfa078c4 ] Request (FloatingIPDetailsTestJSON:setUpClass): 200 POST http://10.180.1.21/compute/v2.1/os-floating-ips 2.471s
2025-04-17 04:49:33.697 68597 INFO tempest.lib.common.rest_client [req-284da0f0-28b0-4f10-8d4e-79e864fa7150 req-284da0f0-28b0-4f10-8d4e-79e864fa7150 ] Request (ServerDiskConfigTestJSON:test_rebuild_server_with_auto_disk_config): 200 GET http://10.180.1.21/compute/v2.1/servers/9170a530-958f-46ec-a36c-d19baac1869c 2.040s
2025-04-17 04:49:33.771 68617 INFO tempest.lib.common.rest_client [req-809394bb-c401-4584-88ae-2c499988c623 req-809394bb-c401-4584-88ae-2c499988c623 ] Request (AZV2TestJSON:tearDownClass): 204 DELETE http://10.180.1.21/identity/v3/projects/4f172e169f0043b7b039551ba51a835d 0.095s
2025-04-17 04:49:33.782 68601 INFO tempest.lib.common.rest_client [req-2e4eb5ae-922a-48fe-b4ce-e495a4c86422 req-2e4eb5ae-922a-48fe-b4ce-e495a4c86422 ] Request (ImagesNegativeTestJSON:test_create_image_from_deleted_server): 200 GET http://10.180.1.21/compute/v2.1/servers/b081435b-64e1-4baa-a634-a2f22a3d9a29 2.056s
2025-04-17 04:49:33.798 68595 INFO tempest.lib.common.rest_client [req-ab79dd08-a5e0-4c46-a457-446777b4b337 req-ab79dd08-a5e0-4c46-a457-446777b4b337 ] Request (AggregatesAdminNegativeTestJSON:test_aggregate_delete_with_invalid_id): 404 DELETE http://10.180.1.21/compute/v2.1/os-aggregates/-1 1.959s
2025-04-17 04:49:33.861 68617 INFO tempest.lib.common.rest_client [req-34ec4a45-98e5-4d71-aa30-6b169ca72b85 req-34ec4a45-98e5-4d71-aa30-6b169ca72b85 ] Request (ServersTestBootFromVolume:setUpClass): 201 POST http://10.180.1.21/identity/v3/auth/tokens 0.088s
2025-04-17 04:49:33.897 68567 INFO tempest.lib.common.rest_client [req-5b34d637-fee3-48a4-8334-46191d99f1ff req-5b34d637-fee3-48a4-8334-46191d99f1ff ] Request (ServersAaction247Test:test_create_backup): 200 GET http://10.180.1.21/compute/v2.1/servers/650fcdae-dc95-4191-9696-3b6f004bdb62 2.044s
2025-04-17 04:49:33.903 68617 INFO tempest.lib.common.rest_client [req-d5d4fc5b-9f7f-487c-a2d2-671f8fc1356e req-d5d4fc5b-9f7f-487c-a2d2-671f8fc1356e ] Request (ServersTestBootFromVolume:setUpClass): 201 POST http://10.180.1.21/identity/v3/auth/tokens 0.039s
2025-04-17 04:49:33.910 68573 INFO tempest.lib.common.rest_client [req-0806fb12-f8f7-4967-8f34-aca1303d784a req-0806fb12-f8f7-4967-8f34-aca1303d784a ] Request (FlavorsV2TestJSON:test_list_flavors_filter_by_min_disk): 200 GET http://10.180.1.21/compute/v2.1/flavors/42 1.912s
2025-04-17 04:49:33.935 68617 INFO tempest.lib.common.rest_client [req-1a0df426-71f3-4231-8c62-a761939be07c req-1a0df426-71f3-4231-8c62-a761939be07c ] Request (ServersTestBootFromVolume:setUpClass): 200 GET http://10.180.1.21/identity/v3/domains?name=Default 0.032s
2025-04-17 04:49:33.968 68617 INFO tempest.lib.common.rest_client [req-44233184-eb74-4faa-8adb-f4fbd2f27a7c req-44233184-eb74-4faa-8adb-f4fbd2f27a7c ] Request (ServersTestBootFromVolume:setUpClass): 201 POST http://10.180.1.21/identity/v3/projects 0.033s
2025-04-17 04:49:34.044 68617 INFO tempest.lib.common.rest_client [req-d1c62067-8d63-4d07-85c6-b80baccda333 req-d1c62067-8d63-4d07-85c6-b80baccda333 ] Request (ServersTestBootFromVolume:setUpClass): 201 POST http://10.180.1.21/identity/v3/users 0.075s
2025-04-17 04:49:34.047 68593 INFO tempest.lib.common.rest_client [req-203429b7-28c3-4090-b398-2683cea7877e req-203429b7-28c3-4090-b398-2683cea7877e ] Request (FloatingIPsNegativeTestJSON:tearDownClass): 204 DELETE http://10.180.1.21:9696/networking/v2.0/routers/936ef2ce-38fe-4716-80fa-6bde5e5a8829 0.623s
2025-04-17 04:49:34.067 68617 INFO tempest.lib.common.rest_client [req-43cfc3a2-1af8-4836-a319-6f719620aa34 req-43cfc3a2-1af8-4836-a319-6f719620aa34 ] Request (ServersTestBootFromVolume:setUpClass): 200 GET http://10.180.1.21/identity/v3/roles 0.023s
2025-04-17 04:49:34.093 68617 INFO tempest.lib.common.rest_client [req-28bacaba-c666-4080-ac62-67ec141d2d70 req-28bacaba-c666-4080-ac62-67ec141d2d70 ] Request (ServersTestBootFromVolume:setUpClass): 204 PUT http://10.180.1.21/identity/v3/projects/af71ae44e3744001b18056904d68b3f4/users/e09935149c834f9baf75b2e561778050/roles/080d8e9effb547b18453dd7594c6e4e9 0.025s
2025-04-17 04:49:34.093 68617 INFO tempest.lib.common.dynamic_creds [-] Dynamic test user e09935149c834f9baf75b2e561778050 is created with scope project and roles: ['member']
2025-04-17 04:49:34.093 68617 INFO tempest.lib.common.dynamic_creds [-] Acquired dynamic creds: credentials: Credentials: {'domain_id': 'default', 'domain_name': 'Default', 'username': 'tempest-ServersTestBootFromVolume-335009676-project-member', 'project_domain_id': 'default', 'project_domain_name': 'Default', 'project_id': 'af71ae44e3744001b18056904d68b3f4', 'project_name': 'tempest-ServersTestBootFromVolume-335009676', 'tenant_id': 'af71ae44e3744001b18056904d68b3f4', 'tenant_name': 'tempest-ServersTestBootFromVolume-335009676', 'user_domain_id': 'default', 'user_domain_name': 'Default', 'user_id': 'e09935149c834f9baf75b2e561778050', 'system': None}, Network: None, Subnet: None, Router: None
2025-04-17 04:49:34.150 68617 INFO tempest.lib.common.rest_client [req-060b78eb-1710-4517-bc12-626ea0eed8a4 req-060b78eb-1710-4517-bc12-626ea0eed8a4 ] Request (ServersTestBootFromVolume:setUpClass): 201 POST http://10.180.1.21/identity/v3/auth/tokens 0.057s
2025-04-17 04:49:34.191 68619 INFO tempest.lib.common.rest_client [req-b0c6f133-b770-4cae-a912-3d534fcd447e req-b0c6f133-b770-4cae-a912-3d534fcd447e ] Request (KeyPairsV22TestJSON:test_keypairsv22_create_list_show_with_type): 201 POST http://10.180.1.21/compute/v2.1/os-keypairs 2.170s
2025-04-17 04:49:34.204 68599 INFO tempest.lib.common.rest_client [req-e82d6a0f-5ee5-4b7e-89ad-75a7b43d643b req-e82d6a0f-5ee5-4b7e-89ad-75a7b43d643b ] Request (FlavorsAdminTestJSON:test_create_server_with_non_public_flavor): 400 POST http://10.180.1.21/compute/v2.1/servers 2.168s
2025-04-17 04:49:34.457 68561 INFO tempest.lib.common.rest_client [req-86a8025d-08c2-4e1d-aa90-b3983f0c4bc3 req-86a8025d-08c2-4e1d-aa90-b3983f0c4bc3 ] Request (FloatingIPsTestJSON:_run_cleanups): 202 DELETE http://10.180.1.21/compute/v2.1/os-floating-ips/011c7232-c406-4038-bf42-9ab2890464ae 2.642s
2025-04-17 04:49:34.478 68593 INFO tempest.lib.common.rest_client [req-676b3f32-a451-491a-acd8-4a152bd9db6d req-676b3f32-a451-491a-acd8-4a152bd9db6d ] Request (FloatingIPsNegativeTestJSON:tearDownClass): 204 DELETE http://10.180.1.21:9696/networking/v2.0/subnets/f52fa3d2-b21f-43a8-acb5-08efb5151a95 0.430s
2025-04-17 04:49:34.528 68617 INFO tempest.lib.common.rest_client [req-751d3350-bbb4-4337-af83-5db3a18598f8 req-751d3350-bbb4-4337-af83-5db3a18598f8 ] Request (ServersTestBootFromVolume:setUpClass): 201 POST http://10.180.1.21:9696/networking/v2.0/networks 0.376s
2025-04-17 04:49:34.570 68575 INFO tempest.lib.common.rest_client [req-732b5d0b-8118-401e-bae7-48718c822fea req-732b5d0b-8118-401e-bae7-48718c822fea ] Request (ServersWithSpecificFlavorTestJSON:test_verify_created_server_ephemeral_disk): 200 GET http://10.180.1.21/compute/v2.1/servers/97cb5db2-5a4a-4a17-afde-3af1c15ae733 2.503s
2025-04-17 04:49:34.630 68603 INFO tempest.lib.common.rest_client [req-0b72e05d-f57f-49ed-a820-d646c6fa6206 req-0b72e05d-f57f-49ed-a820-d646c6fa6206 ] Request (QuotasAdminTestJSON:test_get_updated_quotas): 200 PUT http://10.180.1.21/compute/v2.1/os-quota-sets/cc5fc28fc76848cdb760ffe5e6dd4f96 2.550s
2025-04-17 04:49:34.640 68563 INFO tempest.lib.common.rest_client [req-8bfb0eb9-0a8d-4d00-8eff-b789acd80a9d req-8bfb0eb9-0a8d-4d00-8eff-b789acd80a9d ] Request (FloatingIPsAssociationTestJSON:setUpClass): 200 GET http://10.180.1.21/compute/v2.1/servers/5667b56a-9abd-4e9d-83cf-04be5c8ddbb0 2.490s
2025-04-17 04:49:34.677 68605 INFO tempest.lib.common.rest_client [req-02689c78-a804-4a02-9c04-f4c4d34512dd req-02689c78-a804-4a02-9c04-f4c4d34512dd ] Request (ListImageFiltersTestJSON:setUpClass): 200 GET http://10.180.1.21/compute/v2.1/images/83bf1702-33d9-44bc-b656-e9adbd6be737 2.459s
2025-04-17 04:49:34.764 68623 INFO tempest.lib.common.rest_client [req-a00990e1-0906-4368-ba0a-3a342d13399d req-a00990e1-0906-4368-ba0a-3a342d13399d ] Request (ServerDiagnosticsV248Test:test_get_server_diagnostics): 200 GET http://10.180.1.21/compute/v2.1/servers/13b2d77c-448b-4558-b5ef-005064806213 2.440s
2025-04-17 04:49:34.887 68579 INFO tempest.lib.common.rest_client [req-41eab421-f448-4c21-ac28-f99a13dac2fe req-41eab421-f448-4c21-ac28-f99a13dac2fe ] Request (TenantUsagesTestJSON:setUpClass): 200 GET http://10.180.1.21/compute/v2.1/servers/81731456-9c86-4e6f-ae95-7b7455f322d4 2.500s
2025-04-17 04:49:34.991 68577 INFO tempest.lib.common.rest_client [req-01a14cd1-6e57-4cb6-b810-8f1c2a55855d req-01a14cd1-6e57-4cb6-b810-8f1c2a55855d ] Request (FloatingIPsAssociationNegativeTestJSON:setUpClass): 200 GET http://10.180.1.21/compute/v2.1/servers/42977331-21c5-4169-889f-37dfbb10b6ef 2.533s
2025-04-17 04:49:35.035 68605 INFO tempest.lib.common.rest_client [req-c1f0515c-635f-4a21-838a-d6c618baab13 req-c1f0515c-635f-4a21-838a-d6c618baab13 ] Request (ListImageFiltersTestJSON:setUpClass): 201 POST http://10.180.1.21/image/v2/images 0.353s
2025-04-17 04:49:35.067 68617 INFO tempest.lib.common.rest_client [req-f0f70ee6-b6f5-4a45-b6ab-00a70e34429f req-f0f70ee6-b6f5-4a45-b6ab-00a70e34429f ] Request (ServersTestBootFromVolume:setUpClass): 201 POST http://10.180.1.21:9696/networking/v2.0/subnets 0.539s
2025-04-17 04:49:35.156 68593 INFO tempest.lib.common.rest_client [req-3280565e-3acf-4680-be4b-3bbe5f7e6fa7 req-3280565e-3acf-4680-be4b-3bbe5f7e6fa7 ] Request (FloatingIPsNegativeTestJSON:tearDownClass): 204 DELETE http://10.180.1.21:9696/networking/v2.0/networks/7ed4c53e-77f0-4d2a-a5ed-2cc811c9751d 0.677s
2025-04-17 04:49:35.229 68593 INFO tempest.lib.common.rest_client [req-bdec83cd-3592-46cf-9a6c-b119775eb10a req-bdec83cd-3592-46cf-9a6c-b119775eb10a ] Request (FloatingIPsNegativeTestJSON:tearDownClass): 204 DELETE http://10.180.1.21/identity/v3/users/da6c420c5f074468a07a0d5b50b18427 0.073s
2025-04-17 04:49:35.230 68593 INFO tempest.lib.common.dynamic_creds [-] Deleting project and security group for project: 8d29557d787a4816b2218f6b8b939b10
2025-04-17 04:49:35.280 68581 INFO tempest.lib.common.rest_client [req-59f01995-b271-44f5-ac25-bdffa2ddd9b4 req-59f01995-b271-44f5-ac25-bdffa2ddd9b4 ] Request (MigrationsAdminTest:test_list_migrations_in_flavor_resize_situation): 200 GET http://10.180.1.21/compute/v2.1/servers/9cda9e61-a903-4156-b797-121d7142c021 2.623s
2025-04-17 04:49:35.299 68593 INFO tempest.lib.common.rest_client [req-6b29bdce-95bf-4b7b-a03d-d86515688120 req-6b29bdce-95bf-4b7b-a03d-d86515688120 ] Request (FloatingIPsNegativeTestJSON:tearDownClass): 200 GET http://10.180.1.21:9696/networking/v2.0/security-groups?tenant_id=8d29557d787a4816b2218f6b8b939b10&name=default 0.069s
2025-04-17 04:49:35.446 68591 INFO tempest.lib.common.rest_client [req-b81b8f32-0577-4137-9a1c-beb3f152fed9 req-b81b8f32-0577-4137-9a1c-beb3f152fed9 ] Request (DeleteServersAdminTestJSON:test_admin_delete_servers_of_others): 200 GET http://10.180.1.21/compute/v2.1/servers/7423b2c7-699d-4c1b-82b9-683a2c08a261 2.776s
2025-04-17 04:49:35.474 68593 INFO tempest.lib.common.rest_client [req-4d29826e-3717-4af5-8079-152be8bba4c8 req-4d29826e-3717-4af5-8079-152be8bba4c8 ] Request (FloatingIPsNegativeTestJSON:tearDownClass): 204 DELETE http://10.180.1.21:9696/networking/v2.0/security-groups/b031d42a-a3ec-4f0a-9f24-8c2891f71433 0.174s
2025-04-17 04:49:35.487 68621 INFO tempest.lib.common.rest_client [req-2b383ce1-0e36-4c76-be3b-69f570caf383 req-2b383ce1-0e36-4c76-be3b-69f570caf383 ] Request (DeleteServersTestJSON:test_delete_active_server): 202 POST http://10.180.1.21/compute/v2.1/servers 3.257s
2025-04-17 04:49:35.548 68569 INFO tempest.lib.common.rest_client [req-6509b7a2-2d5e-4964-a288-62f211c77140 req-6509b7a2-2d5e-4964-a288-62f211c77140 ] Request (InstanceActionsV221TestJSON:test_get_list_deleted_instance_actions): 200 GET http://10.180.1.21/compute/v2.1/servers/157e19df-fe8f-4287-9c5a-03eefdf05aa4 2.631s
2025-04-17 04:49:35.559 68587 INFO tempest.lib.common.rest_client [req-03f492a5-000f-4dce-901b-6c98e0e52536 req-03f492a5-000f-4dce-901b-6c98e0e52536 ] Request (ServersV294TestFqdnHostnames:setUpClass): 200 GET http://10.180.1.21/compute/v2.1/servers/a4fed27d-e797-42d1-b738-8f24ebd708ac 2.782s
2025-04-17 04:49:35.588 68565 INFO tempest.lib.common.rest_client [req-05c89c87-e3fa-4e94-a088-16b9ded17618 req-05c89c87-e3fa-4e94-a088-16b9ded17618 ] Request (KeyPairsV2TestJSON:test_keypair_create_delete): 200 POST http://10.180.1.21/compute/v2.1/os-keypairs 2.646s
2025-04-17 04:49:35.618 68593 INFO tempest.lib.common.rest_client [req-3968684c-500f-49c1-bfa9-b441683d3d64 req-3968684c-500f-49c1-bfa9-b441683d3d64 ] Request (FloatingIPsNegativeTestJSON:tearDownClass): 204 DELETE http://10.180.1.21/identity/v3/projects/8d29557d787a4816b2218f6b8b939b10 0.143s
2025-04-17 04:49:35.684 68593 INFO tempest.lib.common.rest_client [req-f383ed4a-f663-4fa0-b109-01ce3cf1458b req-f383ed4a-f663-4fa0-b109-01ce3cf1458b ] Request (SecurityGroupsNegativeTestJSON:setUpClass): 201 POST http://10.180.1.21/identity/v3/auth/tokens 0.064s
2025-04-17 04:49:35.691 68589 INFO tempest.lib.common.rest_client [req-89cb78ba-ec25-4a7a-806f-31ada898d26a req-89cb78ba-ec25-4a7a-806f-31ada898d26a ] Request (ServerDiagnosticsTest:test_get_server_diagnostics): 200 GET http://10.180.1.21/compute/v2.1/servers/c2cb0b72-896b-46c6-bb41-90cded35468b 2.589s
2025-04-17 04:49:35.716 68585 INFO tempest.lib.common.rest_client [req-b33e6a0b-350d-4810-af45-6aa806eb7100 req-b33e6a0b-350d-4810-af45-6aa806eb7100 ] Request (MultipleCreateTestJSON:test_multiple_create): 200 GET http://10.180.1.21/compute/v2.1/servers/3653a48c-6da3-488a-9b7c-b722032e71ce 2.444s
2025-04-17 04:49:35.724 68593 INFO tempest.lib.common.rest_client [req-9b45c7d0-7e31-4dfb-9fc6-615b87a51890 req-9b45c7d0-7e31-4dfb-9fc6-615b87a51890 ] Request (SecurityGroupsNegativeTestJSON:setUpClass): 201 POST http://10.180.1.21/identity/v3/auth/tokens 0.038s
2025-04-17 04:49:35.750 68593 INFO tempest.lib.common.rest_client [req-c4d54e27-1306-4d31-8fe2-00e81a496506 req-c4d54e27-1306-4d31-8fe2-00e81a496506 ] Request (SecurityGroupsNegativeTestJSON:setUpClass): 200 GET http://10.180.1.21/identity/v3/domains?name=Default 0.025s
2025-04-17 04:49:35.757 68615 INFO tempest.lib.common.rest_client [req-f683f589-0374-49a9-b2a3-e6976080bcc2 req-f683f589-0374-49a9-b2a3-e6976080bcc2 ] Request (ImagesTestJSON:test_create_image_from_stopped_server): 200 GET http://10.180.1.21/compute/v2.1/servers/2b30ba17-99e9-44bc-bd78-73fe5d6cab05 2.477s
2025-04-17 04:49:35.757 68607 INFO tempest.lib.common.rest_client [req-a99ea4ef-ab11-404f-b160-a0f126a6b13a req-a99ea4ef-ab11-404f-b160-a0f126a6b13a ] Request (SecurityGroupRulesNegativeTestJSON:test_create_security_group_rule_with_invalid_from_port): 400 POST http://10.180.1.21/compute/v2.1/os-security-group-rules 2.445s
2025-04-17 04:49:35.788 68593 INFO tempest.lib.common.rest_client [req-a436b525-ea68-45b3-8e98-ac1f19c6f9ae req-a436b525-ea68-45b3-8e98-ac1f19c6f9ae ] Request (SecurityGroupsNegativeTestJSON:setUpClass): 201 POST http://10.180.1.21/identity/v3/projects 0.037s
2025-04-17 04:49:35.829 68609 INFO tempest.lib.common.rest_client [req-cf518cd1-0349-4232-a07a-2a931c7f9d73 req-cf518cd1-0349-4232-a07a-2a931c7f9d73 ] Request (VolumesAssistedSnapshotsTest:test_volume_assisted_snapshot_create_delete): 200 GET http://10.180.1.21/compute/v2.1/servers/85d9f1dc-0d1e-44e0-92cc-7d7511acb786 2.219s
2025-04-17 04:49:35.869 68593 INFO tempest.lib.common.rest_client [req-8074c9af-9bbb-46b2-b790-0a55f84a7339 req-8074c9af-9bbb-46b2-b790-0a55f84a7339 ] Request (SecurityGroupsNegativeTestJSON:setUpClass): 201 POST http://10.180.1.21/identity/v3/users 0.080s
2025-04-17 04:49:35.886 68611 INFO tempest.lib.common.rest_client [req-f8efc442-9348-4279-898a-8a5c24e9faa5 req-f8efc442-9348-4279-898a-8a5c24e9faa5 ] Request (AttachInterfacesUnderV243Test:test_add_remove_fixed_ip): 200 GET http://10.180.1.21/compute/v2.1/servers/25eddb82-c2b3-499f-afe0-5141b4624342 2.342s
2025-04-17 04:49:35.893 68593 INFO tempest.lib.common.rest_client [req-b87fc991-d8d8-4c8e-b3e4-ee5f24c750fb req-b87fc991-d8d8-4c8e-b3e4-ee5f24c750fb ] Request (SecurityGroupsNegativeTestJSON:setUpClass): 200 GET http://10.180.1.21/identity/v3/roles 0.023s
2025-04-17 04:49:35.927 68593 INFO tempest.lib.common.rest_client [req-5b4afe1f-119d-401b-b75c-9c427d9b37f9 req-5b4afe1f-119d-401b-b75c-9c427d9b37f9 ] Request (SecurityGroupsNegativeTestJSON:setUpClass): 204 PUT http://10.180.1.21/identity/v3/projects/a2a50788ed024087b78874ec957bf1c5/users/d6bcc91458874b89ab60de8d7b35db81/roles/080d8e9effb547b18453dd7594c6e4e9 0.033s
2025-04-17 04:49:35.927 68593 INFO tempest.lib.common.dynamic_creds [-] Dynamic test user d6bcc91458874b89ab60de8d7b35db81 is created with scope project and roles: ['member']
2025-04-17 04:49:35.927 68593 INFO tempest.lib.common.dynamic_creds [-] Acquired dynamic creds: credentials: Credentials: {'domain_id': 'default', 'domain_name': 'Default', 'username': 'tempest-SecurityGroupsNegativeTestJSON-1009417262-project-member', 'project_domain_id': 'default', 'project_domain_name': 'Default', 'project_id': 'a2a50788ed024087b78874ec957bf1c5', 'project_name': 'tempest-SecurityGroupsNegativeTestJSON-1009417262', 'tenant_id': 'a2a50788ed024087b78874ec957bf1c5', 'tenant_name': 'tempest-SecurityGroupsNegativeTestJSON-1009417262', 'user_domain_id': 'default', 'user_domain_name': 'Default', 'user_id': 'd6bcc91458874b89ab60de8d7b35db81', 'system': None}, Network: None, Subnet: None, Router: None
2025-04-17 04:49:35.934 68617 INFO tempest.lib.common.rest_client [req-259412a6-d4d2-4f5b-b78d-5fcd1627b1ac req-259412a6-d4d2-4f5b-b78d-5fcd1627b1ac ] Request (ServersTestBootFromVolume:setUpClass): 201 POST http://10.180.1.21:9696/networking/v2.0/routers 0.866s
2025-04-17 04:49:35.995 68593 INFO tempest.lib.common.rest_client [req-ff8bbd35-364e-4d8d-acd5-e770c778ce89 req-ff8bbd35-364e-4d8d-acd5-e770c778ce89 ] Request (SecurityGroupsNegativeTestJSON:setUpClass): 201 POST http://10.180.1.21/identity/v3/auth/tokens 0.067s
2025-04-17 04:49:36.354 68593 INFO tempest.lib.common.rest_client [req-f2ef4adb-25e4-4cfa-a403-11d7ca762fc4 req-f2ef4adb-25e4-4cfa-a403-11d7ca762fc4 ] Request (SecurityGroupsNegativeTestJSON:setUpClass): 201 POST http://10.180.1.21:9696/networking/v2.0/networks 0.359s
2025-04-17 04:49:36.405 68571 INFO tempest.lib.common.rest_client [req-2c6175bb-481f-4ccb-a63e-45147280e2dc req-2c6175bb-481f-4ccb-a63e-45147280e2dc ] Request (VolumesAdminNegativeTest:test_update_attached_volume_with_nonexistent_volume_in_body): 202 POST http://10.180.1.21/compute/v2.1/servers 2.769s
2025-04-17 04:49:36.428 68595 INFO tempest.lib.common.rest_client [req-48f32da9-9b5a-4b2c-bb8e-29b06b01f61b req-48f32da9-9b5a-4b2c-bb8e-29b06b01f61b ] Request (AggregatesAdminNegativeTestJSON:test_aggregate_get_details_as_user): 200 POST http://10.180.1.21/compute/v2.1/os-aggregates 2.628s
2025-04-17 04:49:36.448 68573 INFO tempest.lib.common.rest_client [req-42585963-d031-469b-9ac4-521f5804bb92 req-42585963-d031-469b-9ac4-521f5804bb92 ] Request (FlavorsV2TestJSON:test_list_flavors_filter_by_min_disk): 200 GET http://10.180.1.21/compute/v2.1/flavors?minDisk=2 2.535s
2025-04-17 04:49:36.458 68619 INFO tempest.lib.common.rest_client [req-0f745683-8b23-40bb-ad95-cbbfaee0ae41 req-0f745683-8b23-40bb-ad95-cbbfaee0ae41 ] Request (KeyPairsV22TestJSON:test_keypairsv22_create_list_show_with_type): 200 GET http://10.180.1.21/compute/v2.1/os-keypairs/tempest-keypair-1195246692 2.265s
2025-04-17 04:49:36.473 68599 INFO tempest.lib.common.rest_client [req-bc514fbf-ae7d-43af-b2ea-ac50828d9a3f req-bc514fbf-ae7d-43af-b2ea-ac50828d9a3f ] Request (FlavorsAdminTestJSON:_run_cleanups): 202 DELETE http://10.180.1.21/compute/v2.1/flavors/653691195 2.268s
2025-04-17 04:49:36.673 68605 INFO tempest.lib.common.rest_client [req-03d85548-2966-4346-91bc-4259a7f027ec req-03d85548-2966-4346-91bc-4259a7f027ec ] Request (ListImageFiltersTestJSON:setUpClass): 204 PUT http://10.180.1.21/image/v2/images/4a533161-63b0-4623-bc12-c113b970d5d6/file 0.637s
2025-04-17 04:49:36.676 68593 INFO tempest.lib.common.rest_client [req-3e711fd7-1f5a-4dc0-b668-ec78701c297f req-3e711fd7-1f5a-4dc0-b668-ec78701c297f ] Request (SecurityGroupsNegativeTestJSON:setUpClass): 201 POST http://10.180.1.21:9696/networking/v2.0/subnets 0.321s
2025-04-17 04:49:36.953 68613 INFO tempest.lib.common.rest_client [req-a13c4290-dffe-4acb-8597-40f48a856b7d req-a13c4290-dffe-4acb-8597-40f48a856b7d ] Request (FloatingIPDetailsTestJSON:test_get_floating_ip_details): 200 POST http://10.180.1.21/compute/v2.1/os-floating-ips 3.249s
2025-04-17 04:49:37.096 68603 INFO tempest.lib.common.rest_client [req-f7bd01c1-c80f-46e2-bcab-4c665ff847e2 req-f7bd01c1-c80f-46e2-bcab-4c665ff847e2 ] Request (QuotasAdminTestJSON:test_get_updated_quotas): 200 GET http://10.180.1.21/compute/v2.1/os-quota-sets/cc5fc28fc76848cdb760ffe5e6dd4f96/detail 2.464s
2025-04-17 04:49:37.125 68603 INFO tempest.lib.common.rest_client [req-005312b0-5734-48b3-a500-92e4fd2af3cb req-005312b0-5734-48b3-a500-92e4fd2af3cb ] Request (QuotasAdminTestJSON:test_get_updated_quotas): 200 GET http://10.180.1.21/identity/v3/domains?name=Default 0.023s
2025-04-17 04:49:37.151 68603 INFO tempest.lib.common.rest_client [req-5a8655e2-2209-490b-982a-eec89f6ddde9 req-5a8655e2-2209-490b-982a-eec89f6ddde9 ] Request (QuotasAdminTestJSON:test_get_updated_quotas): 201 POST http://10.180.1.21/identity/v3/users 0.025s
2025-04-17 04:49:37.170 68603 INFO tempest.lib.common.rest_client [req-2b9df160-e92d-48f8-ae57-73a810d4e46e req-2b9df160-e92d-48f8-ae57-73a810d4e46e ] Request (QuotasAdminTestJSON:test_get_updated_quotas): 200 GET http://10.180.1.21/identity/v3/domains?name=Default 0.018s
2025-04-17 04:49:37.256 68583 INFO tempest.lib.common.rest_client [req-3beae895-d7ed-4eaf-bb30-5dff0d2cd4fd req-3beae895-d7ed-4eaf-bb30-5dff0d2cd4fd ] Request (ImagesOneServerTestJSON:setUpClass): 200 GET http://10.180.1.21/compute/v2.1/servers/167d0f09-4566-46f2-ab98-2acbc5810ce4 2.617s
2025-04-17 04:49:37.316 68597 INFO tempest.lib.common.rest_client [req-5261a533-d126-4d85-a8e3-345e137318fa req-5261a533-d126-4d85-a8e3-345e137318fa ] Request (ServerDiskConfigTestJSON:test_rebuild_server_with_auto_disk_config): 200 GET http://10.180.1.21/compute/v2.1/servers/9170a530-958f-46ec-a36c-d19baac1869c 2.604s
2025-04-17 04:49:37.380 68601 INFO tempest.lib.common.rest_client [req-4d8bfe2a-db74-4ebf-978d-24766b3df115 req-4d8bfe2a-db74-4ebf-978d-24766b3df115 ] Request (ImagesNegativeTestJSON:test_create_image_from_deleted_server): 200 GET http://10.180.1.21/compute/v2.1/servers/b081435b-64e1-4baa-a634-a2f22a3d9a29 2.582s
2025-04-17 04:49:37.445 68567 INFO tempest.lib.common.rest_client [req-0c452cdf-04f5-4743-93d6-e32d9a5ce45c req-0c452cdf-04f5-4743-93d6-e32d9a5ce45c ] Request (ServersAaction247Test:test_create_backup): 200 GET http://10.180.1.21/compute/v2.1/servers/650fcdae-dc95-4191-9696-3b6f004bdb62 2.536s
2025-04-17 04:49:37.446 68561 INFO tempest.lib.common.rest_client [req-3d9012c0-ab4a-488a-8d5a-0cff51289488 req-3d9012c0-ab4a-488a-8d5a-0cff51289488 ] Request (FloatingIPsTestJSON:test_delete_floating_ip): 200 POST http://10.180.1.21/compute/v2.1/os-floating-ips 2.988s
2025-04-17 04:49:37.517 68621 INFO tempest.lib.common.rest_client [req-5617881c-add1-41de-a7ae-cb98f4e7ea46 req-5617881c-add1-41de-a7ae-cb98f4e7ea46 ] Request (DeleteServersTestJSON:test_delete_active_server): 200 GET http://10.180.1.21/compute/v2.1/servers/8be63333-3269-4158-8476-a3032a185131 2.028s
2025-04-17 04:49:37.541 68565 INFO tempest.lib.common.rest_client [req-8678af9a-6583-40ea-9c34-09397b4998b4 req-8678af9a-6583-40ea-9c34-09397b4998b4 ] Request (KeyPairsV2TestJSON:_run_cleanups): 202 DELETE http://10.180.1.21/compute/v2.1/os-keypairs/tempest-keypair-1661770915 1.952s
2025-04-17 04:49:37.572 68575 INFO tempest.lib.common.rest_client [req-9d3fad24-33f8-4fa7-8e43-98da268fa0b0 req-9d3fad24-33f8-4fa7-8e43-98da268fa0b0 ] Request (ServersWithSpecificFlavorTestJSON:test_verify_created_server_ephemeral_disk): 200 GET http://10.180.1.21/compute/v2.1/servers/97cb5db2-5a4a-4a17-afde-3af1c15ae733 1.990s
2025-04-17 04:49:37.579 68607 INFO tempest.lib.common.rest_client [req-d84eefa0-4c0b-4794-8922-79bd4fdf270e req-d84eefa0-4c0b-4794-8922-79bd4fdf270e ] Request (SecurityGroupRulesNegativeTestJSON:test_create_security_group_rule_with_invalid_id): 400 POST http://10.180.1.21/compute/v2.1/os-security-group-rules 1.820s
2025-04-17 04:49:37.599 68563 INFO tempest.lib.common.rest_client [req-4b1f41a9-fce0-4cbf-a2ab-55438c6fbeda req-4b1f41a9-fce0-4cbf-a2ab-55438c6fbeda ] Request (FloatingIPsAssociationTestJSON:setUpClass): 200 GET http://10.180.1.21/compute/v2.1/servers/5667b56a-9abd-4e9d-83cf-04be5c8ddbb0 1.944s
2025-04-17 04:49:37.635 68623 INFO tempest.lib.common.rest_client [req-f5572df0-1677-4599-b70d-ec759839b520 req-f5572df0-1677-4599-b70d-ec759839b520 ] Request (ServerDiagnosticsV248Test:test_get_server_diagnostics): 200 GET http://10.180.1.21/compute/v2.1/servers/13b2d77c-448b-4558-b5ef-005064806213 1.858s
2025-04-17 04:49:37.654 68579 INFO tempest.lib.common.rest_client [req-83c62376-f566-4ec6-9779-c24e00d4abe8 req-83c62376-f566-4ec6-9779-c24e00d4abe8 ] Request (TenantUsagesTestJSON:setUpClass): 200 GET http://10.180.1.21/compute/v2.1/servers/81731456-9c86-4e6f-ae95-7b7455f322d4 1.752s
2025-04-17 04:49:37.679 68577 INFO tempest.lib.common.rest_client [req-c9aca73c-f8f0-4a51-90ee-987cc074db0d req-c9aca73c-f8f0-4a51-90ee-987cc074db0d ] Request (FloatingIPsAssociationNegativeTestJSON:setUpClass): 200 GET http://10.180.1.21/compute/v2.1/servers/42977331-21c5-4169-889f-37dfbb10b6ef 1.673s
2025-04-17 04:49:37.695 68617 INFO tempest.lib.common.rest_client [req-6566d214-7501-4539-9e43-07f6542b9c51 req-6566d214-7501-4539-9e43-07f6542b9c51 ] Request (ServersTestBootFromVolume:setUpClass): 200 PUT http://10.180.1.21:9696/networking/v2.0/routers/d7c12fca-3671-4a52-b995-84c2946b1773/add_router_interface 1.761s
2025-04-17 04:49:37.696 68617 INFO tempest.lib.common.dynamic_creds [-] Created isolated network resources for: credentials: Credentials: {'domain_id': 'default', 'domain_name': 'Default', 'username': 'tempest-ServersTestBootFromVolume-335009676-project-member', 'project_domain_id': 'default', 'project_domain_name': 'Default', 'project_id': 'af71ae44e3744001b18056904d68b3f4', 'project_name': 'tempest-ServersTestBootFromVolume-335009676', 'tenant_id': 'af71ae44e3744001b18056904d68b3f4', 'tenant_name': 'tempest-ServersTestBootFromVolume-335009676', 'user_domain_id': 'default', 'user_domain_name': 'Default', 'user_id': 'e09935149c834f9baf75b2e561778050', 'system': None}, Network: {'id': 'e4053951-a02b-4dc9-8668-8233aed1e713', 'name': 'tempest-ServersTestBootFromVolume-229308404-network', 'tenant_id': 'af71ae44e3744001b18056904d68b3f4', 'admin_state_up': True, 'mtu': 8950, 'status': 'ACTIVE', 'subnets': [], 'shared': False, 'project_id': 'af71ae44e3744001b18056904d68b3f4', 'port_security_enabled': True, 'router:external': False, 'provider:network_type': 'vlan', 'provider:physical_network': 'default', 'provider:segmentation_id': 929, 'is_default': False, 'availability_zone_hints': [], 'availability_zones': [], 'ipv4_address_scope': None, 'ipv6_address_scope': None, 'description': '', 'tags': [], 'created_at': '2025-04-17T04:49:34Z', 'updated_at': '2025-04-17T04:49:34Z', 'revision_number': 1}, Subnet: {'id': 'ea7c8c42-3677-4f91-a90d-61853abd5844', 'name': 'tempest-ServersTestBootFromVolume-229308404-subnet', 'tenant_id': 'af71ae44e3744001b18056904d68b3f4', 'network_id': 'e4053951-a02b-4dc9-8668-8233aed1e713', 'ip_version': 4, 'subnetpool_id': None, 'enable_dhcp': True, 'ipv6_ra_mode': None, 'ipv6_address_mode': None, 'gateway_ip': '192.168.128.1', 'cidr': '192.168.128.0/28', 'allocation_pools': [{'start': '192.168.128.2', 'end': '192.168.128.14'}], 'host_routes': [], 'dns_nameservers': [], 'description': '', 'service_types': [], 'tags': [], 'created_at': '2025-04-17T04:49:34Z', 'updated_at': '2025-04-17T04:49:34Z', 'revision_number': 0, 'project_id': 'af71ae44e3744001b18056904d68b3f4'}, Router: {'id': 'd7c12fca-3671-4a52-b995-84c2946b1773', 'name': 'tempest-ServersTestBootFromVolume-229308404-router', 'tenant_id': 'af71ae44e3744001b18056904d68b3f4', 'admin_state_up': True, 'status': 'ACTIVE', 'external_gateway_info': {'network_id': '3abf66ba-a288-4245-965d-843bb0536b56', 'external_fixed_ips': [{'subnet_id': '20b85306-2924-4d2b-aab1-1c5c77beb839', 'ip_address': '10.180.180.140'}], 'enable_snat': True}, 'description': '', 'availability_zones': [], 'distributed': False, 'ha': False, 'availability_zone_hints': [], 'routes': [], 'flavor_id': None, 'tags': [], 'created_at': '2025-04-17T04:49:35Z', 'updated_at': '2025-04-17T04:49:35Z', 'revision_number': 2, 'project_id': 'af71ae44e3744001b18056904d68b3f4'}
2025-04-17 04:49:37.766 68571 INFO tempest.lib.common.rest_client [req-16fd9ba0-be7a-47d6-9527-63d6c5429dfb req-16fd9ba0-be7a-47d6-9527-63d6c5429dfb ] Request (VolumesAdminNegativeTest:test_update_attached_volume_with_nonexistent_volume_in_body): 200 GET http://10.180.1.21/compute/v2.1/servers/35669e1a-cb77-42be-9e1d-7300ea872d5f 1.359s
2025-04-17 04:49:37.772 68595 INFO tempest.lib.common.rest_client [req-03d80dcd-b78d-4147-be3e-16743ac5b7f9 req-03d80dcd-b78d-4147-be3e-16743ac5b7f9 ] Request (AggregatesAdminNegativeTestJSON:test_aggregate_get_details_as_user): 403 GET http://10.180.1.21/compute/v2.1/os-aggregates/6 1.342s
2025-04-17 04:49:37.782 68581 INFO tempest.lib.common.rest_client [req-760f2775-5c16-4b0f-b824-f30f650e2297 req-760f2775-5c16-4b0f-b824-f30f650e2297 ] Request (MigrationsAdminTest:test_list_migrations_in_flavor_resize_situation): 200 GET http://10.180.1.21/compute/v2.1/servers/9cda9e61-a903-4156-b797-121d7142c021 1.489s
