2025-04-17 04:49:44.972 68623 INFO tempest.lib.common.rest_client [req-92a613d9-3782-44fb-9def-837cccced194 req-92a613d9-3782-44fb-9def-837cccced194 ] Request (ServerDiagnosticsV248Test:test_get_server_diagnostics): 200 GET http://10.180.1.21/compute/v2.1/servers/13b2d77c-448b-4558-b5ef-005064806213 1.807s
2025-04-17 04:49:44.997 68603 INFO tempest.lib.common.rest_client [req-5eadd077-189e-4bcc-a05b-515bc3af101a req-5eadd077-189e-4bcc-a05b-515bc3af101a ] Request (QuotasAdminTestJSON:tearDownClass): 201 POST http://10.180.1.21/identity/v3/auth/tokens 0.057s
2025-04-17 04:49:45.021 68619 INFO tempest.lib.common.rest_client [req-77c8be76-3976-462a-aef6-7797456a176d req-77c8be76-3976-462a-aef6-7797456a176d ] Request (ServerActionsTestOtherA:setUpClass): 201 POST http://10.180.1.21/identity/v3/auth/tokens 0.088s
2025-04-17 04:49:45.030 68579 INFO tempest.lib.common.rest_client [req-82867a60-35e9-4e7d-ac33-01f81b684ace req-82867a60-35e9-4e7d-ac33-01f81b684ace ] Request (TenantUsagesTestJSON:setUpClass): 200 GET http://10.180.1.21/compute/v2.1/servers/81731456-9c86-4e6f-ae95-7b7455f322d4 1.700s
2025-04-17 04:49:45.098 68575 INFO tempest.lib.common.rest_client [req-b0b4e80b-f902-4b87-b6de-692baa5844aa req-b0b4e80b-f902-4b87-b6de-692baa5844aa ] Request (ServersWithSpecificFlavorTestJSON:test_verify_created_server_ephemeral_disk): 200 GET http://10.180.1.21/compute/v2.1/servers/97cb5db2-5a4a-4a17-afde-3af1c15ae733 1.857s
2025-04-17 04:49:45.113 68573 INFO tempest.lib.common.rest_client [req-7fe9abd3-6070-4056-b101-72094d84105b req-7fe9abd3-6070-4056-b101-72094d84105b ] Request (FlavorsV2TestJSON:test_list_flavors_with_detail): 200 GET http://10.180.1.21/compute/v2.1/flavors/detail 1.531s
2025-04-17 04:49:45.155 68561 INFO tempest.lib.common.rest_client [req-79574d1a-6d5e-4c3e-97af-63bf0a1d677b req-79574d1a-6d5e-4c3e-97af-63bf0a1d677b ] Request (FloatingIPsTestJSON:tearDownClass): 204 DELETE http://10.180.1.21:9696/networking/v2.0/routers/ff5893fc-b248-4661-a83b-16868e31d11b 0.835s
2025-04-17 04:49:45.242 68603 INFO tempest.lib.common.rest_client [req-02b9af3f-78d5-49ce-9e17-bb7d0ef4cc8a req-02b9af3f-78d5-49ce-9e17-bb7d0ef4cc8a ] Request (QuotasAdminTestJSON:tearDownClass): 200 GET http://10.180.1.21:9696/networking/v2.0/security-groups?tenant_id=712e126432944b23a38410f1fbd4ff60&name=default 0.245s
2025-04-17 04:49:45.315 68591 INFO tempest.lib.common.rest_client [req-29848359-e604-4c0a-a1e3-df21aa31529b req-29848359-e604-4c0a-a1e3-df21aa31529b ] Request (DeleteServersAdminTestJSON:test_admin_delete_servers_of_others): 204 DELETE http://10.180.1.21/compute/v2.1/servers/7423b2c7-699d-4c1b-82b9-683a2c08a261 1.860s
2025-04-17 04:49:45.321 68561 INFO tempest.lib.common.rest_client [req-694fd07f-2c91-4e85-a7d6-9e274449f027 req-694fd07f-2c91-4e85-a7d6-9e274449f027 ] Request (FloatingIPsTestJSON:tearDownClass): 204 DELETE http://10.180.1.21:9696/networking/v2.0/subnets/a13f6783-2cf3-4d8c-b067-6fa10c60eb68 0.166s
2025-04-17 04:49:45.448 68603 INFO tempest.lib.common.rest_client [req-cb720b13-45f4-4706-ad4a-231c4bf25085 req-cb720b13-45f4-4706-ad4a-231c4bf25085 ] Request (QuotasAdminTestJSON:tearDownClass): 204 DELETE http://10.180.1.21:9696/networking/v2.0/security-groups/c34286b4-c85a-4b2e-9027-f09b65fabc7c 0.205s
2025-04-17 04:49:45.536 68603 INFO tempest.lib.common.rest_client [req-880b6d58-7f15-44bb-9b55-af124dc6d354 req-880b6d58-7f15-44bb-9b55-af124dc6d354 ] Request (QuotasAdminTestJSON:tearDownClass): 204 DELETE http://10.180.1.21/identity/v3/projects/712e126432944b23a38410f1fbd4ff60 0.088s
2025-04-17 04:49:45.536 68603 INFO tempest.lib.common.dynamic_creds [-] Deleting project and security group for project: e2213413a705456cbe535ed390c46d5d
2025-04-17 04:49:45.574 68607 INFO tempest.lib.common.rest_client [req-eb831888-2e5e-488d-807f-a6f8252be488 req-eb831888-2e5e-488d-807f-a6f8252be488 ] Request (SecurityGroupRulesNegativeTestJSON:test_create_security_group_rule_with_invalid_to_port): 200 POST http://10.180.1.21/compute/v2.1/os-security-groups 1.840s
2025-04-17 04:49:45.592 68599 INFO tempest.lib.common.rest_client [req-581dab0e-05c7-410e-bcd0-9a1292aab569 req-581dab0e-05c7-410e-bcd0-9a1292aab569 ] Request (FlavorsAdminTestJSON:test_is_public_string_variations): 200 GET http://10.180.1.21/compute/v2.1/flavors/detail?is_public=no 1.808s
2025-04-17 04:49:45.781 68577 INFO tempest.lib.common.rest_client [req-24829670-384c-4dad-8253-23d503191a56 req-24829670-384c-4dad-8253-23d503191a56 ] Request (FloatingIPsAssociationNegativeTestJSON:setUpClass): 200 GET http://10.180.1.21/compute/v2.1/servers/42977331-21c5-4169-889f-37dfbb10b6ef 1.823s
2025-04-17 04:49:45.792 68603 INFO tempest.lib.common.rest_client [req-9809ef56-fe1e-4ece-99c4-0b4d5046cdfc req-9809ef56-fe1e-4ece-99c4-0b4d5046cdfc ] Request (QuotasAdminTestJSON:tearDownClass): 200 GET http://10.180.1.21:9696/networking/v2.0/security-groups?tenant_id=e2213413a705456cbe535ed390c46d5d&name=default 0.254s
2025-04-17 04:49:45.801 68617 INFO tempest.lib.common.rest_client [req-3a66ad93-4386-4fee-a2f3-48362d1bc894 req-3a66ad93-4386-4fee-a2f3-48362d1bc894 ] Request (ServersTestBootFromVolume:setUpClass): 200 GET http://10.180.1.21/volume/v3/af71ae44e3744001b18056904d68b3f4/volumes/3a976421-dbb2-4389-ab10-bc99b73173b0 0.053s
2025-04-17 04:49:45.854 68571 INFO tempest.lib.common.rest_client [req-13ce4abc-0474-4611-8e4f-57974d82bc3c req-13ce4abc-0474-4611-8e4f-57974d82bc3c ] Request (VolumesAdminNegativeTest:test_update_attached_volume_with_nonexistent_volume_in_body): 200 GET http://10.180.1.21/compute/v2.1/servers/35669e1a-cb77-42be-9e1d-7300ea872d5f 1.791s
2025-04-17 04:49:45.864 68561 INFO tempest.lib.common.rest_client [req-e8f03974-366e-4c50-b3ca-31ef5d02273b req-e8f03974-366e-4c50-b3ca-31ef5d02273b ] Request (FloatingIPsTestJSON:tearDownClass): 204 DELETE http://10.180.1.21:9696/networking/v2.0/networks/7a856ee1-0bfe-4663-93da-ce6e75bf2ea7 0.542s
2025-04-17 04:49:45.871 68613 INFO tempest.lib.common.rest_client [req-54cbfb0f-7830-4698-87d6-d315092daef5 req-54cbfb0f-7830-4698-87d6-d315092daef5 ] Request (FloatingIPDetailsTestJSON:tearDownClass): 202 DELETE http://10.180.1.21/compute/v2.1/os-floating-ips/f11095bc-d867-42b4-8aa5-09347c800624 2.212s
2025-04-17 04:49:45.924 68569 INFO tempest.lib.common.rest_client [req-7a15a26e-b68d-4c93-a7b8-d08cc4038b6f req-7a15a26e-b68d-4c93-a7b8-d08cc4038b6f ] Request (InstanceActionsV221TestJSON:test_get_list_deleted_instance_actions): 200 GET http://10.180.1.21/compute/v2.1/servers/157e19df-fe8f-4287-9c5a-03eefdf05aa4 1.764s
2025-04-17 04:49:45.925 68603 INFO tempest.lib.common.rest_client [req-65b82e13-dc41-43ee-96e3-4beb9b6b9c93 req-65b82e13-dc41-43ee-96e3-4beb9b6b9c93 ] Request (QuotasAdminTestJSON:tearDownClass): 204 DELETE http://10.180.1.21:9696/networking/v2.0/security-groups/52a5c730-2809-4c11-93a8-0db64c4bed5a 0.132s
2025-04-17 04:49:45.938 68565 INFO tempest.lib.common.rest_client [req-19206ce5-418a-47c3-a4ab-551bd343b63f req-19206ce5-418a-47c3-a4ab-551bd343b63f ] Request (KeyPairsV2TestJSON:test_keypairs_create_list_delete): 200 GET http://10.180.1.21/compute/v2.1/os-keypairs 1.642s
2025-04-17 04:49:45.966 68593 INFO tempest.lib.common.rest_client [req-be5ca90d-8b19-422e-9002-dd525069d5f7 req-be5ca90d-8b19-422e-9002-dd525069d5f7 ] Request (SecurityGroupsNegativeTestJSON:test_delete_the_default_security_group): 400 DELETE http://10.180.1.21/compute/v2.1/os-security-groups/2d9a44b1-c296-4b49-8a08-78a82021d41a 1.707s
2025-04-17 04:49:46.007 68561 INFO tempest.lib.common.rest_client [req-c558cd4d-e684-41ce-9d1b-69fd76a11191 req-c558cd4d-e684-41ce-9d1b-69fd76a11191 ] Request (FloatingIPsTestJSON:tearDownClass): 204 DELETE http://10.180.1.21/identity/v3/users/b6441646c16846f5a6d339843f716718 0.142s
2025-04-17 04:49:46.007 68561 INFO tempest.lib.common.dynamic_creds [-] Deleting project and security group for project: ed09b35e99264d6081b8bbf35e09fa01
2025-04-17 04:49:46.037 68603 INFO tempest.lib.common.rest_client [req-c9c61d36-d984-444a-abc8-4f3d97bca735 req-c9c61d36-d984-444a-abc8-4f3d97bca735 ] Request (QuotasAdminTestJSON:tearDownClass): 204 DELETE http://10.180.1.21/identity/v3/projects/e2213413a705456cbe535ed390c46d5d 0.112s
2025-04-17 04:49:46.046 68587 INFO tempest.lib.common.rest_client [req-31614f51-98d1-422a-9dc1-21cdf8fc11c0 req-31614f51-98d1-422a-9dc1-21cdf8fc11c0 ] Request (ServersV294TestFqdnHostnames:setUpClass): 200 GET http://10.180.1.21/compute/v2.1/servers/a4fed27d-e797-42d1-b738-8f24ebd708ac 1.480s
2025-04-17 04:49:46.053 68561 INFO tempest.lib.common.rest_client [req-581a4974-8be8-4f96-9d7c-c422f39b1226 req-581a4974-8be8-4f96-9d7c-c422f39b1226 ] Request (FloatingIPsTestJSON:tearDownClass): 200 GET http://10.180.1.21:9696/networking/v2.0/security-groups?tenant_id=ed09b35e99264d6081b8bbf35e09fa01&name=default 0.045s
2025-04-17 04:49:46.053 68595 INFO tempest.lib.common.rest_client [req-885cb1fe-56ca-4d90-9bb6-f2898455053b req-885cb1fe-56ca-4d90-9bb6-f2898455053b ] Request (AggregatesAdminNegativeTestJSON:test_aggregate_remove_host_as_user): 403 POST http://10.180.1.21/compute/v2.1/os-aggregates/7/action 1.438s
2025-04-17 04:49:46.119 68603 INFO tempest.lib.common.rest_client [req-c4cd9eae-cf61-4ec1-87f5-e0af782eafc0 req-c4cd9eae-cf61-4ec1-87f5-e0af782eafc0 ] Request (SecurityGroupsTestAdminJSON:setUpClass): 201 POST http://10.180.1.21/identity/v3/auth/tokens 0.080s
2025-04-17 04:49:46.161 68581 INFO tempest.lib.common.rest_client [req-117197c5-0dda-4613-93aa-ef73016732ca req-117197c5-0dda-4613-93aa-ef73016732ca ] Request (MigrationsAdminTest:test_list_migrations_in_flavor_resize_situation): 200 GET http://10.180.1.21/compute/v2.1/servers/9cda9e61-a903-4156-b797-121d7142c021 1.792s
2025-04-17 04:49:46.163 68603 INFO tempest.lib.common.rest_client [req-13075e69-8958-426f-bee6-a055436a6679 req-13075e69-8958-426f-bee6-a055436a6679 ] Request (SecurityGroupsTestAdminJSON:setUpClass): 201 POST http://10.180.1.21/identity/v3/auth/tokens 0.042s
2025-04-17 04:49:46.178 68561 INFO tempest.lib.common.rest_client [req-e8d4e332-8f1f-4d41-a59f-ed27e37421c0 req-e8d4e332-8f1f-4d41-a59f-ed27e37421c0 ] Request (FloatingIPsTestJSON:tearDownClass): 204 DELETE http://10.180.1.21:9696/networking/v2.0/security-groups/9e359f3d-889f-4e3c-8617-c4d105799438 0.122s
2025-04-17 04:49:46.194 68603 INFO tempest.lib.common.rest_client [req-cae9cf8d-22c2-468f-ad20-ce84321c99a7 req-cae9cf8d-22c2-468f-ad20-ce84321c99a7 ] Request (SecurityGroupsTestAdminJSON:setUpClass): 200 GET http://10.180.1.21/identity/v3/domains?name=Default 0.030s
2025-04-17 04:49:46.203 68589 INFO tempest.lib.common.rest_client [req-35ef81ff-69a9-4c0d-8449-923a9108bf4c req-35ef81ff-69a9-4c0d-8449-923a9108bf4c ] Request (ServerDiagnosticsTest:test_get_server_diagnostics): 200 GET http://10.180.1.21/compute/v2.1/servers/c2cb0b72-896b-46c6-bb41-90cded35468b 1.425s
2025-04-17 04:49:46.217 68615 INFO tempest.lib.common.rest_client [req-e72366ca-f15b-486e-86dc-5cb08e4baad9 req-e72366ca-f15b-486e-86dc-5cb08e4baad9 ] Request (ImagesTestJSON:test_create_image_from_stopped_server): 200 GET http://10.180.1.21/compute/v2.1/servers/2b30ba17-99e9-44bc-bd78-73fe5d6cab05 1.215s
2025-04-17 04:49:46.227 68603 INFO tempest.lib.common.rest_client [req-d3f49669-ad3c-48f5-9c20-ba5ace34ce81 req-d3f49669-ad3c-48f5-9c20-ba5ace34ce81 ] Request (SecurityGroupsTestAdminJSON:setUpClass): 201 POST http://10.180.1.21/identity/v3/projects 0.033s
2025-04-17 04:49:46.258 68561 INFO tempest.lib.common.rest_client [req-5569ed2d-4f0c-4505-af40-f61079c7327b req-5569ed2d-4f0c-4505-af40-f61079c7327b ] Request (FloatingIPsTestJSON:tearDownClass): 204 DELETE http://10.180.1.21/identity/v3/projects/ed09b35e99264d6081b8bbf35e09fa01 0.079s
2025-04-17 04:49:46.262 68609 INFO tempest.lib.common.rest_client [req-18ed7dbd-ee63-4d41-bb12-612fd3dc7e89 req-18ed7dbd-ee63-4d41-bb12-612fd3dc7e89 ] Request (VolumesAssistedSnapshotsTest:test_volume_assisted_snapshot_create_delete): 200 GET http://10.180.1.21/compute/v2.1/servers/85d9f1dc-0d1e-44e0-92cc-7d7511acb786 1.245s
2025-04-17 04:49:46.274 68573 INFO tempest.lib.common.rest_client [req-94c6730d-8f23-4a8b-a553-ada86097bb99 req-94c6730d-8f23-4a8b-a553-ada86097bb99 ] Request (FlavorsV2TestJSON:test_list_flavors_with_detail): 200 GET http://10.180.1.21/compute/v2.1/flavors/42 1.155s
2025-04-17 04:49:46.314 68603 INFO tempest.lib.common.rest_client [req-e2f29709-d33d-4d12-8ff2-f7673a5fb32d req-e2f29709-d33d-4d12-8ff2-f7673a5fb32d ] Request (SecurityGroupsTestAdminJSON:setUpClass): 201 POST http://10.180.1.21/identity/v3/users 0.086s
2025-04-17 04:49:46.337 68561 INFO tempest.lib.common.rest_client [req-093b09c7-ab42-475b-8d2c-e14b54549064 req-093b09c7-ab42-475b-8d2c-e14b54549064 ] Request (FloatingIPDetailsNegativeTestJSON:setUpClass): 201 POST http://10.180.1.21/identity/v3/auth/tokens 0.077s
2025-04-17 04:49:46.372 68603 INFO tempest.lib.common.rest_client [req-2750b784-eda9-4d2e-8c7a-b058759396e9 req-2750b784-eda9-4d2e-8c7a-b058759396e9 ] Request (SecurityGroupsTestAdminJSON:setUpClass): 200 GET http://10.180.1.21/identity/v3/roles 0.057s
2025-04-17 04:49:46.379 68585 INFO tempest.lib.common.rest_client [req-d3e908f7-161d-4af3-ae16-217db44b1afc req-d3e908f7-161d-4af3-ae16-217db44b1afc ] Request (MultipleCreateTestJSON:test_multiple_create): 200 GET http://10.180.1.21/compute/v2.1/servers/3653a48c-6da3-488a-9b7c-b722032e71ce 1.067s
2025-04-17 04:49:46.396 68591 INFO tempest.lib.common.rest_client [req-22a3b3a0-335e-40b9-8279-92341eb43880 req-22a3b3a0-335e-40b9-8279-92341eb43880 ] Request (DeleteServersAdminTestJSON:test_admin_delete_servers_of_others): 404 GET http://10.180.1.21/compute/v2.1/servers/7423b2c7-699d-4c1b-82b9-683a2c08a261 1.080s
2025-04-17 04:49:46.404 68619 INFO tempest.lib.common.rest_client [req-da2f9e06-b5e0-4767-948b-9a59d37dbc3c req-da2f9e06-b5e0-4767-948b-9a59d37dbc3c ] Request (ServerActionsTestOtherA:setUpClass): 200 POST http://10.180.1.21/compute/v2.1/os-keypairs 1.382s
2025-04-17 04:49:46.405 68573 INFO tempest.lib.common.rest_client [req-b0a01daf-4532-4cee-ad4d-1a9585d250c5 req-b0a01daf-4532-4cee-ad4d-1a9585d250c5 ] Request (FlavorsV2TestJSON:tearDownClass): 204 DELETE http://10.180.1.21/identity/v3/users/12c73fa879424753ab5a332e505fbc4e 0.120s
2025-04-17 04:49:46.407 68573 INFO tempest.lib.common.dynamic_creds [-] Deleting project and security group for project: e0fc08cbd389460fbe136c922d181104
2025-04-17 04:49:46.429 68561 INFO tempest.lib.common.rest_client [req-83e52478-4dee-4147-8063-1d6b41e44c83 req-83e52478-4dee-4147-8063-1d6b41e44c83 ] Request (FloatingIPDetailsNegativeTestJSON:setUpClass): 201 POST http://10.180.1.21/identity/v3/auth/tokens 0.087s
2025-04-17 04:49:46.453 68573 INFO tempest.lib.common.rest_client [req-fb84f640-cc0b-4be8-8fc8-c37ef165e764 req-fb84f640-cc0b-4be8-8fc8-c37ef165e764 ] Request (FlavorsV2TestJSON:tearDownClass): 201 POST http://10.180.1.21/identity/v3/auth/tokens 0.046s
2025-04-17 04:49:46.460 68605 INFO tempest.lib.common.rest_client [req-1de5db16-b318-45bc-af51-f1db26dcaa9c req-1de5db16-b318-45bc-af51-f1db26dcaa9c ] Request (ListImageFiltersTestJSON:setUpClass): 200 GET http://10.180.1.21/compute/v2.1/servers/ada46260-9977-4009-a4f1-c08f2222b6e8 1.068s
2025-04-17 04:49:46.467 68603 INFO tempest.lib.common.rest_client [req-4cfa9a83-45be-45aa-9070-da8a5893d83c req-4cfa9a83-45be-45aa-9070-da8a5893d83c ] Request (SecurityGroupsTestAdminJSON:setUpClass): 204 PUT http://10.180.1.21/identity/v3/projects/ef6baf62266e4931b228d41938d429a3/users/c4410ee956c640fea0d2f310168473e1/roles/080d8e9effb547b18453dd7594c6e4e9 0.094s
2025-04-17 04:49:46.467 68603 INFO tempest.lib.common.dynamic_creds [-] Dynamic test user c4410ee956c640fea0d2f310168473e1 is created with scope project and roles: ['member']
2025-04-17 04:49:46.467 68603 INFO tempest.lib.common.dynamic_creds [-] Acquired dynamic creds: credentials: Credentials: {'domain_id': 'default', 'domain_name': 'Default', 'username': 'tempest-SecurityGroupsTestAdminJSON-2103539021-project-member', 'project_domain_id': 'default', 'project_domain_name': 'Default', 'project_id': 'ef6baf62266e4931b228d41938d429a3', 'project_name': 'tempest-SecurityGroupsTestAdminJSON-2103539021', 'tenant_id': 'ef6baf62266e4931b228d41938d429a3', 'tenant_name': 'tempest-SecurityGroupsTestAdminJSON-2103539021', 'user_domain_id': 'default', 'user_domain_name': 'Default', 'user_id': 'c4410ee956c640fea0d2f310168473e1', 'system': None}, Network: None, Subnet: None, Router: None
2025-04-17 04:49:46.467 68603 INFO tempest.lib.common.dynamic_creds [-] Created isolated network resources for: credentials: Credentials: {'domain_id': 'default', 'domain_name': 'Default', 'username': 'tempest-SecurityGroupsTestAdminJSON-2103539021-project-member', 'project_domain_id': 'default', 'project_domain_name': 'Default', 'project_id': 'ef6baf62266e4931b228d41938d429a3', 'project_name': 'tempest-SecurityGroupsTestAdminJSON-2103539021', 'tenant_id': 'ef6baf62266e4931b228d41938d429a3', 'tenant_name': 'tempest-SecurityGroupsTestAdminJSON-2103539021', 'user_domain_id': 'default', 'user_domain_name': 'Default', 'user_id': 'c4410ee956c640fea0d2f310168473e1', 'system': None}, Network: None, Subnet: None, Router: None
2025-04-17 04:49:46.468 68597 INFO tempest.lib.common.rest_client [req-23136ce2-5137-40ff-9a55-2d577291fc6f req-23136ce2-5137-40ff-9a55-2d577291fc6f ] Request (ServerDiskConfigTestJSON:test_rebuild_server_with_auto_disk_config): 200 GET http://10.180.1.21/compute/v2.1/servers/9170a530-958f-46ec-a36c-d19baac1869c 1.024s
2025-04-17 04:49:46.504 68591 INFO tempest.lib.common.rest_client [req-8de964af-4e4c-4b47-a680-0ad18a147ca2 req-8de964af-4e4c-4b47-a680-0ad18a147ca2 ] Request (DeleteServersAdminTestJSON:test_delete_server_while_in_error_state): 201 POST http://10.180.1.21/identity/v3/auth/tokens 0.093s
2025-04-17 04:49:46.504 68591 INFO tempest.lib.common.fixed_network [-] (DeleteServersAdminTestJSON:test_delete_server_while_in_error_state) Found network None available for tenant
2025-04-17 04:49:46.515 68561 INFO tempest.lib.common.rest_client [req-97308e9b-3aea-42fa-a8ae-7af4f9ba005c req-97308e9b-3aea-42fa-a8ae-7af4f9ba005c ] Request (FloatingIPDetailsNegativeTestJSON:setUpClass): 200 GET http://10.180.1.21/identity/v3/domains?name=Default 0.086s
2025-04-17 04:49:46.532 68607 INFO tempest.lib.common.rest_client [req-102497a1-51f9-4d5e-9520-33ae55841774 req-102497a1-51f9-4d5e-9520-33ae55841774 ] Request (SecurityGroupRulesNegativeTestJSON:test_create_security_group_rule_with_invalid_to_port): 400 POST http://10.180.1.21/compute/v2.1/os-security-group-rules 0.953s
2025-04-17 04:49:46.546 68599 INFO tempest.lib.common.rest_client [req-a60229b0-2162-4620-b7d8-492a696f627e req-a60229b0-2162-4620-b7d8-492a696f627e ] Request (FlavorsAdminTestJSON:test_is_public_string_variations): 200 GET http://10.180.1.21/compute/v2.1/flavors/detail?is_public=0 0.950s
2025-04-17 04:49:46.589 68561 INFO tempest.lib.common.rest_client [req-76f059a2-c72c-471b-be45-c3166975ec1f req-76f059a2-c72c-471b-be45-c3166975ec1f ] Request (FloatingIPDetailsNegativeTestJSON:setUpClass): 201 POST http://10.180.1.21/identity/v3/projects 0.072s
2025-04-17 04:49:46.593 68603 INFO tempest.lib.common.rest_client [req-07caa186-c08e-4d71-bcbc-51031a02d69f req-07caa186-c08e-4d71-bcbc-51031a02d69f ] Request (SecurityGroupsTestAdminJSON:setUpClass): 201 POST http://10.180.1.21/identity/v3/auth/tokens 0.120s
2025-04-17 04:49:46.610 68601 INFO tempest.lib.common.rest_client [req-83a90cab-c0c5-42d6-afb8-59f0090b7f91 req-83a90cab-c0c5-42d6-afb8-59f0090b7f91 ] Request (ImagesNegativeTestJSON:test_create_image_from_deleted_server): 200 GET http://10.180.1.21/compute/v2.1/servers/b081435b-64e1-4baa-a634-a2f22a3d9a29 0.857s
2025-04-17 04:49:46.612 68611 INFO tempest.lib.common.rest_client [req-07ca7464-ce39-4495-aa5b-c750901b4217 req-07ca7464-ce39-4495-aa5b-c750901b4217 ] Request (AttachInterfacesUnderV243Test:test_add_remove_fixed_ip): 200 GET http://10.180.1.21/compute/v2.1/servers/25eddb82-c2b3-499f-afe0-5141b4624342 1.132s
2025-04-17 04:49:46.618 68619 INFO tempest.lib.common.rest_client [req-ea12aa03-1759-48f0-891c-3a5db9f8a401 req-ea12aa03-1759-48f0-891c-3a5db9f8a401 ] Request (ServerActionsTestOtherA:setUpClass): 201 POST http://10.180.1.21:9696/networking/v2.0/security-groups 0.212s
2025-04-17 04:49:46.645 68561 INFO tempest.lib.common.rest_client [req-7423c8ed-24f3-4f73-9d57-6870f5d99dcf req-7423c8ed-24f3-4f73-9d57-6870f5d99dcf ] Request (FloatingIPDetailsNegativeTestJSON:setUpClass): 201 POST http://10.180.1.21/identity/v3/users 0.056s
2025-04-17 04:49:46.661 68561 INFO tempest.lib.common.rest_client [req-218e4fd9-e569-40f1-9224-4d24a096c27f req-218e4fd9-e569-40f1-9224-4d24a096c27f ] Request (FloatingIPDetailsNegativeTestJSON:setUpClass): 200 GET http://10.180.1.21/identity/v3/roles 0.015s
2025-04-17 04:49:46.667 68603 INFO tempest.lib.common.rest_client [req-2dd9a04b-070b-46a0-b456-a6244238d9e1 req-2dd9a04b-070b-46a0-b456-a6244238d9e1 ] Request (SecurityGroupsTestAdminJSON:setUpClass): 201 POST http://10.180.1.21/identity/v3/projects 0.074s
2025-04-17 04:49:46.679 68573 INFO tempest.lib.common.rest_client [req-1ccab598-a52c-4e57-be2c-4192e6a8a209 req-1ccab598-a52c-4e57-be2c-4192e6a8a209 ] Request (FlavorsV2TestJSON:tearDownClass): 200 GET http://10.180.1.21:9696/networking/v2.0/security-groups?tenant_id=e0fc08cbd389460fbe136c922d181104&name=default 0.226s
2025-04-17 04:49:46.682 68567 INFO tempest.lib.common.rest_client [req-f208c74c-68e0-4078-bf3d-dc284260c135 req-f208c74c-68e0-4078-bf3d-dc284260c135 ] Request (ServersAaction247Test:test_create_backup): 200 GET http://10.180.1.21/compute/v2.1/servers/650fcdae-dc95-4191-9696-3b6f004bdb62 0.842s
2025-04-17 04:49:46.692 68561 INFO tempest.lib.common.rest_client [req-79d2556e-589f-43ad-8210-528071c62605 req-79d2556e-589f-43ad-8210-528071c62605 ] Request (FloatingIPDetailsNegativeTestJSON:setUpClass): 204 PUT http://10.180.1.21/identity/v3/projects/ab528cac77314284b36aa9a0dd71930b/users/3a98302002e740b9a9588a89d9924774/roles/080d8e9effb547b18453dd7594c6e4e9 0.031s
2025-04-17 04:49:46.692 68561 INFO tempest.lib.common.dynamic_creds [-] Dynamic test user 3a98302002e740b9a9588a89d9924774 is created with scope project and roles: ['member']
2025-04-17 04:49:46.692 68561 INFO tempest.lib.common.dynamic_creds [-] Acquired dynamic creds: credentials: Credentials: {'domain_id': 'default', 'domain_name': 'Default', 'username': 'tempest-FloatingIPDetailsNegativeTestJSON-1790737722-project-member', 'project_domain_id': 'default', 'project_domain_name': 'Default', 'project_id': 'ab528cac77314284b36aa9a0dd71930b', 'project_name': 'tempest-FloatingIPDetailsNegativeTestJSON-1790737722', 'tenant_id': 'ab528cac77314284b36aa9a0dd71930b', 'tenant_name': 'tempest-FloatingIPDetailsNegativeTestJSON-1790737722', 'user_domain_id': 'default', 'user_domain_name': 'Default', 'user_id': '3a98302002e740b9a9588a89d9924774', 'system': None}, Network: None, Subnet: None, Router: None
2025-04-17 04:49:46.752 68561 INFO tempest.lib.common.rest_client [req-d32b3f66-455a-46d5-b970-b527f667c325 req-d32b3f66-455a-46d5-b970-b527f667c325 ] Request (FloatingIPDetailsNegativeTestJSON:setUpClass): 201 POST http://10.180.1.21/identity/v3/auth/tokens 0.059s
2025-04-17 04:49:46.758 68583 INFO tempest.lib.common.rest_client [req-cf76917d-660c-45a1-9166-e81936ce3d0f req-cf76917d-660c-45a1-9166-e81936ce3d0f ] Request (ImagesOneServerTestJSON:setUpClass): 200 GET http://10.180.1.21/compute/v2.1/servers/167d0f09-4566-46f2-ab98-2acbc5810ce4 0.921s
2025-04-17 04:49:46.769 68603 INFO tempest.lib.common.rest_client [req-eb8c561a-4647-4318-b5fb-ceca42347329 req-eb8c561a-4647-4318-b5fb-ceca42347329 ] Request (SecurityGroupsTestAdminJSON:setUpClass): 201 POST http://10.180.1.21/identity/v3/users 0.100s
2025-04-17 04:49:46.795 68603 INFO tempest.lib.common.rest_client [req-a7ef4249-4564-4194-b5ab-afed100e42e4 req-a7ef4249-4564-4194-b5ab-afed100e42e4 ] Request (SecurityGroupsTestAdminJSON:setUpClass): 200 GET http://10.180.1.21/identity/v3/roles 0.025s
2025-04-17 04:49:46.814 68619 INFO tempest.lib.common.rest_client [req-f8a1a62c-c0cb-41c2-a78f-5bf8ec4fca28 req-f8a1a62c-c0cb-41c2-a78f-5bf8ec4fca28 ] Request (ServerActionsTestOtherA:setUpClass): 201 POST http://10.180.1.21:9696/networking/v2.0/security-group-rules 0.196s
2025-04-17 04:49:46.835 68603 INFO tempest.lib.common.rest_client [req-2a0ae9e7-b3d8-40ad-b37b-f830ccaf339d req-2a0ae9e7-b3d8-40ad-b37b-f830ccaf339d ] Request (SecurityGroupsTestAdminJSON:setUpClass): 204 PUT http://10.180.1.21/identity/v3/projects/d99c255c9cd14a6095d6b00e7e2a0715/users/d27dd2e017cd4781a95e12abb250c741/roles/608fb0953baa45488ff71a53960e796a 0.040s
2025-04-17 04:49:46.845 68617 INFO tempest.lib.common.rest_client [req-03068099-6dea-4e85-a8c2-4a9864611a62 req-03068099-6dea-4e85-a8c2-4a9864611a62 ] Request (ServersTestBootFromVolume:setUpClass): 200 GET http://10.180.1.21/volume/v3/af71ae44e3744001b18056904d68b3f4/volumes/3a976421-dbb2-4389-ab10-bc99b73173b0 0.036s
2025-04-17 04:49:46.853 68573 INFO tempest.lib.common.rest_client [req-d2736cc2-65b5-4aac-b7b0-8ee85ee1f189 req-d2736cc2-65b5-4aac-b7b0-8ee85ee1f189 ] Request (FlavorsV2TestJSON:tearDownClass): 204 DELETE http://10.180.1.21:9696/networking/v2.0/security-groups/02625af3-98b3-42ec-a566-cbdae69e0806 0.174s
2025-04-17 04:49:46.853 68621 INFO tempest.lib.common.rest_client [req-cea6c340-2f57-4720-aab2-79e6bf80bcb2 req-cea6c340-2f57-4720-aab2-79e6bf80bcb2 ] Request (DeleteServersTestJSON:test_delete_active_server): 200 GET http://10.180.1.21/compute/v2.1/servers/8be63333-3269-4158-8476-a3032a185131 0.949s
2025-04-17 04:49:46.888 68603 INFO tempest.lib.common.rest_client [req-7a9c802b-946b-469f-891e-cbd56ffe261e req-7a9c802b-946b-469f-891e-cbd56ffe261e ] Request (SecurityGroupsTestAdminJSON:setUpClass): 200 GET http://10.180.1.21/identity/v3/roles 0.053s
2025-04-17 04:49:46.906 68603 INFO tempest.lib.common.rest_client [req-78f446a9-486f-43af-a7af-f73c92d68e7b req-78f446a9-486f-43af-a7af-f73c92d68e7b ] Request (SecurityGroupsTestAdminJSON:setUpClass): 204 PUT http://10.180.1.21/identity/v3/projects/d99c255c9cd14a6095d6b00e7e2a0715/users/d27dd2e017cd4781a95e12abb250c741/roles/608fb0953baa45488ff71a53960e796a 0.017s
2025-04-17 04:49:46.907 68603 INFO tempest.lib.common.dynamic_creds [-] Dynamic test user d27dd2e017cd4781a95e12abb250c741 is created with scope project and roles: ['admin']
2025-04-17 04:49:46.907 68603 INFO tempest.lib.common.dynamic_creds [-] Acquired dynamic creds: credentials: Credentials: {'domain_id': 'default', 'domain_name': 'Default', 'username': 'tempest-SecurityGroupsTestAdminJSON-2114513629-project-admin', 'project_domain_id': 'default', 'project_domain_name': 'Default', 'project_id': 'd99c255c9cd14a6095d6b00e7e2a0715', 'project_name': 'tempest-SecurityGroupsTestAdminJSON-2114513629', 'tenant_id': 'd99c255c9cd14a6095d6b00e7e2a0715', 'tenant_name': 'tempest-SecurityGroupsTestAdminJSON-2114513629', 'user_domain_id': 'default', 'user_domain_name': 'Default', 'user_id': 'd27dd2e017cd4781a95e12abb250c741', 'system': None}, Network: None, Subnet: None, Router: None
2025-04-17 04:49:46.907 68603 INFO tempest.lib.common.dynamic_creds [-] Created isolated network resources for: credentials: Credentials: {'domain_id': 'default', 'domain_name': 'Default', 'username': 'tempest-SecurityGroupsTestAdminJSON-2114513629-project-admin', 'project_domain_id': 'default', 'project_domain_name': 'Default', 'project_id': 'd99c255c9cd14a6095d6b00e7e2a0715', 'project_name': 'tempest-SecurityGroupsTestAdminJSON-2114513629', 'tenant_id': 'd99c255c9cd14a6095d6b00e7e2a0715', 'tenant_name': 'tempest-SecurityGroupsTestAdminJSON-2114513629', 'user_domain_id': 'default', 'user_domain_name': 'Default', 'user_id': 'd27dd2e017cd4781a95e12abb250c741', 'system': None}, Network: None, Subnet: None, Router: None
2025-04-17 04:49:46.924 68563 INFO tempest.lib.common.rest_client [req-7a4dd9ba-790c-4949-931d-a7004c23142b req-7a4dd9ba-790c-4949-931d-a7004c23142b ] Request (FloatingIPsAssociationTestJSON:setUpClass): 200 GET http://10.180.1.21/compute/v2.1/servers/5667b56a-9abd-4e9d-83cf-04be5c8ddbb0 1.014s
2025-04-17 04:49:46.941 68565 INFO tempest.lib.common.rest_client [req-596f921e-ebcf-41b3-a06d-332404da5cbe req-596f921e-ebcf-41b3-a06d-332404da5cbe ] Request (KeyPairsV2TestJSON:_run_cleanups): 202 DELETE http://10.180.1.21/compute/v2.1/os-keypairs/tempest-KeyPairsV2TestJSON-keypair-2137374950 1.001s
2025-04-17 04:49:46.962 68619 INFO tempest.lib.common.rest_client [req-e4dc4e5e-48ee-4e17-9b2c-dbc4cd075d34 req-e4dc4e5e-48ee-4e17-9b2c-dbc4cd075d34 ] Request (ServerActionsTestOtherA:setUpClass): 201 POST http://10.180.1.21:9696/networking/v2.0/security-group-rules 0.148s
2025-04-17 04:49:46.988 68603 INFO tempest.lib.common.rest_client [req-0e7943ec-a0ce-426a-9448-ea99c3f0a9b6 req-0e7943ec-a0ce-426a-9448-ea99c3f0a9b6 ] Request (SecurityGroupsTestAdminJSON:setUpClass): 201 POST http://10.180.1.21/identity/v3/auth/tokens 0.078s
2025-04-17 04:49:46.996 68573 INFO tempest.lib.common.rest_client [req-dbcf7f0f-63cd-4f4e-a7c5-14ae61516e33 req-dbcf7f0f-63cd-4f4e-a7c5-14ae61516e33 ] Request (FlavorsV2TestJSON:tearDownClass): 204 DELETE http://10.180.1.21/identity/v3/projects/e0fc08cbd389460fbe136c922d181104 0.142s
2025-04-17 04:49:47.057 68573 INFO tempest.lib.common.rest_client [req-fab97dee-3c09-4b50-8315-a95636d93cd2 req-fab97dee-3c09-4b50-8315-a95636d93cd2 ] Request (ServerMetadataNegativeTestJSON:setUpClass): 201 POST http://10.180.1.21/identity/v3/auth/tokens 0.056s
2025-04-17 04:49:47.087 68573 INFO tempest.lib.common.rest_client [req-ff50b5ca-074b-49d7-b205-312180ed38be req-ff50b5ca-074b-49d7-b205-312180ed38be ] Request (ServerMetadataNegativeTestJSON:setUpClass): 201 POST http://10.180.1.21/identity/v3/auth/tokens 0.027s
2025-04-17 04:49:47.108 68561 INFO tempest.lib.common.rest_client [req-868083bf-e0cd-4cd7-995e-302db562a394 req-868083bf-e0cd-4cd7-995e-302db562a394 ] Request (FloatingIPDetailsNegativeTestJSON:setUpClass): 201 POST http://10.180.1.21:9696/networking/v2.0/networks 0.355s
2025-04-17 04:49:47.110 68573 INFO tempest.lib.common.rest_client [req-e3db4abc-aca3-4745-ad1c-c6765fc0a871 req-e3db4abc-aca3-4745-ad1c-c6765fc0a871 ] Request (ServerMetadataNegativeTestJSON:setUpClass): 200 GET http://10.180.1.21/identity/v3/domains?name=Default 0.023s
2025-04-17 04:49:47.133 68593 INFO tempest.lib.common.rest_client [req-57ae7b85-1abc-4453-a255-56f7f8b4551f req-57ae7b85-1abc-4453-a255-56f7f8b4551f ] Request (SecurityGroupsNegativeTestJSON:test_security_group_get_nonexistent_group): 404 GET http://10.180.1.21/compute/v2.1/os-security-groups/3d5c5803-47f7-4198-aea0-32f38c233eed 1.164s
2025-04-17 04:49:47.134 68573 INFO tempest.lib.common.rest_client [req-df7bf344-6b91-4dc2-8981-3db8dbf672dc req-df7bf344-6b91-4dc2-8981-3db8dbf672dc ] Request (ServerMetadataNegativeTestJSON:setUpClass): 201 POST http://10.180.1.21/identity/v3/projects 0.023s
2025-04-17 04:49:47.199 68573 INFO tempest.lib.common.rest_client [req-b10fb2aa-ac4f-4ec5-93e6-eaaf0b4b73fb req-b10fb2aa-ac4f-4ec5-93e6-eaaf0b4b73fb ] Request (ServerMetadataNegativeTestJSON:setUpClass): 201 POST http://10.180.1.21/identity/v3/users 0.064s
2025-04-17 04:49:47.205 68623 INFO tempest.lib.common.rest_client [req-2c36edf7-acfd-419f-90ec-d3644091a156 req-2c36edf7-acfd-419f-90ec-d3644091a156 ] Request (ServerDiagnosticsV248Test:test_get_server_diagnostics): 200 GET http://10.180.1.21/compute/v2.1/servers/13b2d77c-448b-4558-b5ef-005064806213 1.223s
2025-04-17 04:49:47.216 68573 INFO tempest.lib.common.rest_client [req-5112651e-3df5-497f-b55d-0c5fee0cd05c req-5112651e-3df5-497f-b55d-0c5fee0cd05c ] Request (ServerMetadataNegativeTestJSON:setUpClass): 200 GET http://10.180.1.21/identity/v3/roles 0.017s
2025-04-17 04:49:47.246 68573 INFO tempest.lib.common.rest_client [req-720df87c-5afd-4f3d-b34e-c4b74ecaba6f req-720df87c-5afd-4f3d-b34e-c4b74ecaba6f ] Request (ServerMetadataNegativeTestJSON:setUpClass): 204 PUT http://10.180.1.21/identity/v3/projects/4c12e649b35e4f54a432412a711d7999/users/7cdad4d4cd4349e0ace71c8575546585/roles/080d8e9effb547b18453dd7594c6e4e9 0.029s
2025-04-17 04:49:47.246 68573 INFO tempest.lib.common.dynamic_creds [-] Dynamic test user 7cdad4d4cd4349e0ace71c8575546585 is created with scope project and roles: ['member']
2025-04-17 04:49:47.246 68573 INFO tempest.lib.common.dynamic_creds [-] Acquired dynamic creds: credentials: Credentials: {'domain_id': 'default', 'domain_name': 'Default', 'username': 'tempest-ServerMetadataNegativeTestJSON-1697762306-project-member', 'project_domain_id': 'default', 'project_domain_name': 'Default', 'project_id': '4c12e649b35e4f54a432412a711d7999', 'project_name': 'tempest-ServerMetadataNegativeTestJSON-1697762306', 'tenant_id': '4c12e649b35e4f54a432412a711d7999', 'tenant_name': 'tempest-ServerMetadataNegativeTestJSON-1697762306', 'user_domain_id': 'default', 'user_domain_name': 'Default', 'user_id': '7cdad4d4cd4349e0ace71c8575546585', 'system': None}, Network: None, Subnet: None, Router: None
2025-04-17 04:49:47.260 68579 INFO tempest.lib.common.rest_client [req-dcd3581e-182a-49d5-a93f-a1bc85f53ce9 req-dcd3581e-182a-49d5-a93f-a1bc85f53ce9 ] Request (TenantUsagesTestJSON:setUpClass): 200 GET http://10.180.1.21/compute/v2.1/servers/81731456-9c86-4e6f-ae95-7b7455f322d4 1.216s
2025-04-17 04:49:47.314 68573 INFO tempest.lib.common.rest_client [req-2258ef44-1da6-495b-b13f-d0885a04907e req-2258ef44-1da6-495b-b13f-d0885a04907e ] Request (ServerMetadataNegativeTestJSON:setUpClass): 201 POST http://10.180.1.21/identity/v3/auth/tokens 0.067s
2025-04-17 04:49:47.351 68613 INFO tempest.lib.common.rest_client [req-84be9ba5-5a6c-4478-a571-b12ff6d36fca req-84be9ba5-5a6c-4478-a571-b12ff6d36fca ] Request (FloatingIPDetailsTestJSON:tearDownClass): 202 DELETE http://10.180.1.21/compute/v2.1/os-floating-ips/50f6d52c-3e59-409d-a34e-5646ce3e9611 1.479s
2025-04-17 04:49:47.380 68595 INFO tempest.lib.common.rest_client [req-f019cfa0-f481-4588-88fd-72967a274a12 req-f019cfa0-f481-4588-88fd-72967a274a12 ] Request (AggregatesAdminNegativeTestJSON:_run_cleanups): 200 POST http://10.180.1.21/compute/v2.1/os-aggregates/7/action 1.326s
2025-04-17 04:49:47.443 68561 INFO tempest.lib.common.rest_client [req-8f17cc10-3b7b-4b76-9d00-8b37af6f18fe req-8f17cc10-3b7b-4b76-9d00-8b37af6f18fe ] Request (FloatingIPDetailsNegativeTestJSON:setUpClass): 201 POST http://10.180.1.21:9696/networking/v2.0/subnets 0.335s
2025-04-17 04:49:47.606 68575 INFO tempest.lib.common.rest_client [req-879bbd31-7cbc-4183-ab90-8371dd9a2c10 req-879bbd31-7cbc-4183-ab90-8371dd9a2c10 ] Request (ServersWithSpecificFlavorTestJSON:test_verify_created_server_ephemeral_disk): 200 GET http://10.180.1.21/compute/v2.1/servers/97cb5db2-5a4a-4a17-afde-3af1c15ae733 1.499s
2025-04-17 04:49:47.651 68607 INFO tempest.lib.common.rest_client [req-a59f27a7-6396-4dbb-8887-83f0bd542dff req-a59f27a7-6396-4dbb-8887-83f0bd542dff ] Request (SecurityGroupRulesNegativeTestJSON:test_create_security_group_rule_with_non_existent_id): 404 POST http://10.180.1.21/compute/v2.1/os-security-group-rules 1.118s
2025-04-17 04:49:47.675 68599 INFO tempest.lib.common.rest_client [req-6c2b490f-da67-4088-a5bd-b173a2489ded req-6c2b490f-da67-4088-a5bd-b173a2489ded ] Request (FlavorsAdminTestJSON:test_is_public_string_variations): 200 GET http://10.180.1.21/compute/v2.1/flavors/detail?is_public=t 1.127s
2025-04-17 04:49:47.770 68591 INFO tempest.lib.common.rest_client [req-7d7283b4-bd63-45a4-8e7b-0e5ec8360a96 req-7d7283b4-bd63-45a4-8e7b-0e5ec8360a96 ] Request (DeleteServersAdminTestJSON:test_delete_server_while_in_error_state): 202 POST http://10.180.1.21/compute/v2.1/servers 1.265s
2025-04-17 04:49:47.886 68571 INFO tempest.lib.common.rest_client [req-b59050b5-11f5-46fc-ab2d-4da7aba4a0af req-b59050b5-11f5-46fc-ab2d-4da7aba4a0af ] Request (VolumesAdminNegativeTest:test_update_attached_volume_with_nonexistent_volume_in_body): 200 GET http://10.180.1.21/compute/v2.1/servers/35669e1a-cb77-42be-9e1d-7300ea872d5f 1.021s
2025-04-17 04:49:47.888 68617 INFO tempest.lib.common.rest_client [req-f8f7b9a3-5334-489a-a840-0fb9bdcbb5d1 req-f8f7b9a3-5334-489a-a840-0fb9bdcbb5d1 ] Request (ServersTestBootFromVolume:setUpClass): 200 GET http://10.180.1.21/volume/v3/af71ae44e3744001b18056904d68b3f4/volumes/3a976421-dbb2-4389-ab10-bc99b73173b0 0.035s
2025-04-17 04:49:47.957 68619 INFO tempest.lib.common.rest_client [req-fea7a38d-2914-4458-bdb5-990215cba522 req-fea7a38d-2914-4458-bdb5-990215cba522 ] Request (ServerActionsTestOtherA:setUpClass): 201 POST http://10.180.1.21:9696/networking/v2.0/floatingips 0.993s
2025-04-17 04:49:47.976 68573 INFO tempest.lib.common.rest_client [req-2bff3501-023d-42c0-9489-412d8f54488b req-2bff3501-023d-42c0-9489-412d8f54488b ] Request (ServerMetadataNegativeTestJSON:setUpClass): 201 POST http://10.180.1.21:9696/networking/v2.0/networks 0.662s
2025-04-17 04:49:47.979 68569 INFO tempest.lib.common.rest_client [req-9f9fce08-933e-479a-a0eb-d7c15c8355e7 req-9f9fce08-933e-479a-a0eb-d7c15c8355e7 ] Request (InstanceActionsV221TestJSON:test_get_list_deleted_instance_actions): 200 GET http://10.180.1.21/compute/v2.1/servers/157e19df-fe8f-4287-9c5a-03eefdf05aa4 1.043s
2025-04-17 04:49:48.001 68565 INFO tempest.lib.common.rest_client [req-5924991f-aab8-4a98-bed4-8dba59e74866 req-5924991f-aab8-4a98-bed4-8dba59e74866 ] Request (KeyPairsV2TestJSON:_run_cleanups): 202 DELETE http://10.180.1.21/compute/v2.1/os-keypairs/tempest-KeyPairsV2TestJSON-keypair-293830768 1.059s
2025-04-17 04:49:48.047 68619 INFO tempest.lib.common.rest_client [req-a27937cd-b5dc-4769-b6af-bcab144f2c1a req-a27937cd-b5dc-4769-b6af-bcab144f2c1a ] Request (ServerActionsTestOtherA:setUpClass): 201 POST http://10.180.1.21/identity/v3/auth/tokens 0.084s
2025-04-17 04:49:48.048 68619 INFO tempest.lib.common.fixed_network [-] (ServerActionsTestOtherA:setUpClass) Found network {'id': 'cd61cc4f-60df-4639-b7b3-7e679a3c506e', 'name': 'tempest-ServerActionsTestOtherA-933653301-network', 'tenant_id': 'e5324152a7bc42abb5182fde4d78a289', 'admin_state_up': True, 'mtu': 8950, 'status': 'ACTIVE', 'subnets': [], 'shared': False, 'project_id': 'e5324152a7bc42abb5182fde4d78a289', 'port_security_enabled': True, 'router:external': False, 'provider:network_type': 'vlan', 'provider:physical_network': 'default', 'provider:segmentation_id': 291, 'is_default': False, 'availability_zone_hints': [], 'availability_zones': [], 'ipv4_address_scope': None, 'ipv6_address_scope': None, 'description': '', 'tags': [], 'created_at': '2025-04-17T04:49:40Z', 'updated_at': '2025-04-17T04:49:40Z', 'revision_number': 1} available for tenant
2025-04-17 04:49:48.064 68577 INFO tempest.lib.common.rest_client [req-3e33d88b-b519-4492-8fc6-13683cfeca79 req-3e33d88b-b519-4492-8fc6-13683cfeca79 ] Request (FloatingIPsAssociationNegativeTestJSON:setUpClass): 200 GET http://10.180.1.21/compute/v2.1/servers/42977331-21c5-4169-889f-37dfbb10b6ef 1.268s
2025-04-17 04:49:48.138 68587 INFO tempest.lib.common.rest_client [req-1154459b-4ee5-4bb6-841a-f70d3d604bd6 req-1154459b-4ee5-4bb6-841a-f70d3d604bd6 ] Request (ServersV294TestFqdnHostnames:setUpClass): 200 GET http://10.180.1.21/compute/v2.1/servers/a4fed27d-e797-42d1-b738-8f24ebd708ac 1.079s
2025-04-17 04:49:48.171 68593 INFO tempest.lib.common.rest_client [req-d64dc759-4f08-4523-8622-93db0587d437 req-d64dc759-4f08-4523-8622-93db0587d437 ] Request (SecurityGroupsNegativeTestJSON:test_update_non_existent_security_group): 404 PUT http://10.180.1.21/compute/v2.1/os-security-groups/c1d488cb-17b6-4538-8241-eb66366161b6 1.037s
2025-04-17 04:49:48.328 68573 INFO tempest.lib.common.rest_client [req-430245f6-83ab-4446-897a-8b445cb7f1d5 req-430245f6-83ab-4446-897a-8b445cb7f1d5 ] Request (ServerMetadataNegativeTestJSON:setUpClass): 201 POST http://10.180.1.21:9696/networking/v2.0/subnets 0.351s
2025-04-17 04:49:48.670 68561 INFO tempest.lib.common.rest_client [req-d6cc847f-93d5-441c-923c-c9e65ec96d6a req-d6cc847f-93d5-441c-923c-c9e65ec96d6a ] Request (FloatingIPDetailsNegativeTestJSON:setUpClass): 201 POST http://10.180.1.21:9696/networking/v2.0/routers 1.226s
2025-04-17 04:49:48.670 68581 INFO tempest.lib.common.rest_client [req-b10ac15e-646f-4c58-b7d2-fbf0d85af0b6 req-b10ac15e-646f-4c58-b7d2-fbf0d85af0b6 ] Request (MigrationsAdminTest:test_list_migrations_in_flavor_resize_situation): 200 GET http://10.180.1.21/compute/v2.1/servers/9cda9e61-a903-4156-b797-121d7142c021 1.498s
2025-04-17 04:49:48.926 68617 INFO tempest.lib.common.rest_client [req-4015c5f3-163a-4271-9cd3-4bff3f9cf985 req-4015c5f3-163a-4271-9cd3-4bff3f9cf985 ] Request (ServersTestBootFromVolume:setUpClass): 200 GET http://10.180.1.21/volume/v3/af71ae44e3744001b18056904d68b3f4/volumes/3a976421-dbb2-4389-ab10-bc99b73173b0 0.027s
2025-04-17 04:49:49.051 68589 INFO tempest.lib.common.rest_client [req-a027dedf-6d80-44df-82bb-b44d803e6bba req-a027dedf-6d80-44df-82bb-b44d803e6bba ] Request (ServerDiagnosticsTest:test_get_server_diagnostics): 200 GET http://10.180.1.21/compute/v2.1/servers/c2cb0b72-896b-46c6-bb41-90cded35468b 1.836s
2025-04-17 04:49:49.075 68603 INFO tempest.lib.common.rest_client [req-8528629d-718d-4d9c-a8cb-c297c836d908 req-8528629d-718d-4d9c-a8cb-c297c836d908 ] Request (SecurityGroupsTestAdminJSON:test_list_security_groups_list_all_tenants_filter): 200 POST http://10.180.1.21/compute/v2.1/os-security-groups 2.085s
2025-04-17 04:49:49.161 68615 INFO tempest.lib.common.rest_client [req-675e4dc6-5106-4c8f-a084-abaa8333b585 req-675e4dc6-5106-4c8f-a084-abaa8333b585 ] Request (ImagesTestJSON:test_create_image_from_stopped_server): 200 GET http://10.180.1.21/compute/v2.1/servers/2b30ba17-99e9-44bc-bd78-73fe5d6cab05 1.937s
2025-04-17 04:49:49.179 68595 INFO tempest.lib.common.rest_client [req-bbe039ea-edae-403a-ba87-15012fe64f0c req-bbe039ea-edae-403a-ba87-15012fe64f0c ] Request (AggregatesAdminNegativeTestJSON:_run_cleanups): 200 DELETE http://10.180.1.21/compute/v2.1/os-aggregates/7 1.796s
2025-04-17 04:49:49.201 68609 INFO tempest.lib.common.rest_client [req-fa787d70-407f-4d2a-bcaf-1f86071b9f1f req-fa787d70-407f-4d2a-bcaf-1f86071b9f1f ] Request (VolumesAssistedSnapshotsTest:test_volume_assisted_snapshot_create_delete): 200 GET http://10.180.1.21/compute/v2.1/servers/85d9f1dc-0d1e-44e0-92cc-7d7511acb786 1.929s
2025-04-17 04:49:49.287 68605 INFO tempest.lib.common.rest_client [req-2272682e-cb96-4627-a1bf-059b902f9ac6 req-2272682e-cb96-4627-a1bf-059b902f9ac6 ] Request (ListImageFiltersTestJSON:setUpClass): 200 GET http://10.180.1.21/compute/v2.1/servers/ada46260-9977-4009-a4f1-c08f2222b6e8 1.816s
2025-04-17 04:49:49.398 68597 INFO tempest.lib.common.rest_client [req-48587a3a-6782-4790-8236-071f999f0739 req-48587a3a-6782-4790-8236-071f999f0739 ] Request (ServerDiskConfigTestJSON:test_rebuild_server_with_auto_disk_config): 200 GET http://10.180.1.21/compute/v2.1/servers/9170a530-958f-46ec-a36c-d19baac1869c 1.919s
2025-04-17 04:49:49.487 68601 INFO tempest.lib.common.rest_client [req-37d9c5f8-b799-46ed-be33-920ebd438a80 req-37d9c5f8-b799-46ed-be33-920ebd438a80 ] Request (ImagesNegativeTestJSON:test_create_image_from_deleted_server): 200 GET http://10.180.1.21/compute/v2.1/servers/b081435b-64e1-4baa-a634-a2f22a3d9a29 1.868s
2025-04-17 04:49:49.639 68561 INFO tempest.lib.common.rest_client [req-480a7d32-0cb8-4bfd-832e-d75c5ef5c621 req-480a7d32-0cb8-4bfd-832e-d75c5ef5c621 ] Request (FloatingIPDetailsNegativeTestJSON:setUpClass): 200 PUT http://10.180.1.21:9696/networking/v2.0/routers/37c84a5a-e9f8-4b8e-b821-c04decbc891d/add_router_interface 0.968s
2025-04-17 04:49:49.639 68561 INFO tempest.lib.common.dynamic_creds [-] Created isolated network resources for: credentials: Credentials: {'domain_id': 'default', 'domain_name': 'Default', 'username': 'tempest-FloatingIPDetailsNegativeTestJSON-1790737722-project-member', 'project_domain_id': 'default', 'project_domain_name': 'Default', 'project_id': 'ab528cac77314284b36aa9a0dd71930b', 'project_name': 'tempest-FloatingIPDetailsNegativeTestJSON-1790737722', 'tenant_id': 'ab528cac77314284b36aa9a0dd71930b', 'tenant_name': 'tempest-FloatingIPDetailsNegativeTestJSON-1790737722', 'user_domain_id': 'default', 'user_domain_name': 'Default', 'user_id': '3a98302002e740b9a9588a89d9924774', 'system': None}, Network: {'id': '200ad0fb-19ac-4948-8828-7565059cac51', 'name': 'tempest-FloatingIPDetailsNegativeTestJSON-1257246617-network', 'tenant_id': 'ab528cac77314284b36aa9a0dd71930b', 'admin_state_up': True, 'mtu': 8950, 'status': 'ACTIVE', 'subnets': [], 'shared': False, 'project_id': 'ab528cac77314284b36aa9a0dd71930b', 'port_security_enabled': True, 'router:external': False, 'provider:network_type': 'vlan', 'provider:physical_network': 'default', 'provider:segmentation_id': 185, 'is_default': False, 'availability_zone_hints': [], 'availability_zones': [], 'ipv4_address_scope': None, 'ipv6_address_scope': None, 'description': '', 'tags': [], 'created_at': '2025-04-17T04:49:46Z', 'updated_at': '2025-04-17T04:49:47Z', 'revision_number': 1}, Subnet: {'id': '4eb6ab65-1182-4b82-8388-64861e9cdb9c', 'name': 'tempest-FloatingIPDetailsNegativeTestJSON-1257246617-subnet', 'tenant_id': 'ab528cac77314284b36aa9a0dd71930b', 'network_id': '200ad0fb-19ac-4948-8828-7565059cac51', 'ip_version': 4, 'subnetpool_id': None, 'enable_dhcp': True, 'ipv6_ra_mode': None, 'ipv6_address_mode': None, 'gateway_ip': '192.168.128.1', 'cidr': '192.168.128.0/28', 'allocation_pools': [{'start': '192.168.128.2', 'end': '192.168.128.14'}], 'host_routes': [], 'dns_nameservers': [], 'description': '', 'service_types': [], 'tags': [], 'created_at': '2025-04-17T04:49:47Z', 'updated_at': '2025-04-17T04:49:47Z', 'revision_number': 0, 'project_id': 'ab528cac77314284b36aa9a0dd71930b'}, Router: {'id': '37c84a5a-e9f8-4b8e-b821-c04decbc891d', 'name': 'tempest-FloatingIPDetailsNegativeTestJSON-1257246617-router', 'tenant_id': 'ab528cac77314284b36aa9a0dd71930b', 'admin_state_up': True, 'status': 'ACTIVE', 'external_gateway_info': {'network_id': '3abf66ba-a288-4245-965d-843bb0536b56', 'external_fixed_ips': [{'subnet_id': '20b85306-2924-4d2b-aab1-1c5c77beb839', 'ip_address': '10.180.180.221'}], 'enable_snat': True}, 'description': '', 'availability_zones': [], 'distributed': False, 'ha': False, 'availability_zone_hints': [], 'routes': [], 'flavor_id': None, 'tags': [], 'created_at': '2025-04-17T04:49:47Z', 'updated_at': '2025-04-17T04:49:48Z', 'revision_number': 2, 'project_id': 'ab528cac77314284b36aa9a0dd71930b'}
2025-04-17 04:49:49.725 68561 INFO tempest.lib.common.rest_client [req-78c4e4ed-8371-429a-9af2-41177bdfac6b req-78c4e4ed-8371-429a-9af2-41177bdfac6b ] Request (FloatingIPDetailsNegativeTestJSON:setUpClass): 201 POST http://10.180.1.21/identity/v3/auth/tokens 0.083s
2025-04-17 04:49:49.883 68585 INFO tempest.lib.common.rest_client [req-45e513ff-d381-4feb-b833-b188912c8fd0 req-45e513ff-d381-4feb-b833-b188912c8fd0 ] Request (MultipleCreateTestJSON:test_multiple_create): 200 GET http://10.180.1.21/compute/v2.1/servers/3653a48c-6da3-488a-9b7c-b722032e71ce 2.494s
2025-04-17 04:49:49.956 68607 INFO tempest.lib.common.rest_client [req-adc1bf58-2b1a-4e7c-b95d-4e3cb0aca885 req-adc1bf58-2b1a-4e7c-b95d-4e3cb0aca885 ] Request (SecurityGroupRulesNegativeTestJSON:test_delete_security_group_rule_with_non_existent_id): 404 DELETE http://10.180.1.21/compute/v2.1/os-security-group-rules/660eb491-7c1b-4c98-abc8-a7707f5a776e 2.303s
2025-04-17 04:49:49.977 68599 INFO tempest.lib.common.rest_client [req-82dd61b9-c79d-4bf5-8574-fa6b7898a856 req-82dd61b9-c79d-4bf5-8574-fa6b7898a856 ] Request (FlavorsAdminTestJSON:test_is_public_string_variations): 200 GET http://10.180.1.21/compute/v2.1/flavors/detail?is_public=true 2.295s
2025-04-17 04:49:49.982 68617 INFO tempest.lib.common.rest_client [req-cea99a54-020e-4c71-85a5-cda0836e97de req-cea99a54-020e-4c71-85a5-cda0836e97de ] Request (ServersTestBootFromVolume:setUpClass): 200 GET http://10.180.1.21/volume/v3/af71ae44e3744001b18056904d68b3f4/volumes/3a976421-dbb2-4389-ab10-bc99b73173b0 0.041s
2025-04-17 04:49:50.087 68567 INFO tempest.lib.common.rest_client [req-e63399dd-577c-4b05-8aef-4f2a10651c2d req-e63399dd-577c-4b05-8aef-4f2a10651c2d ] Request (ServersAaction247Test:test_create_backup): 200 GET http://10.180.1.21/compute/v2.1/servers/650fcdae-dc95-4191-9696-3b6f004bdb62 2.396s
2025-04-17 04:49:50.233 68611 INFO tempest.lib.common.rest_client [req-ea3db501-1b97-44d8-9698-713821a0c49f req-ea3db501-1b97-44d8-9698-713821a0c49f ] Request (AttachInterfacesUnderV243Test:test_add_remove_fixed_ip): 200 GET http://10.180.1.21/compute/v2.1/servers/25eddb82-c2b3-499f-afe0-5141b4624342 2.605s
2025-04-17 04:49:50.341 68591 INFO tempest.lib.common.rest_client [req-329e35fe-6780-45c3-880b-97a628f9550e req-329e35fe-6780-45c3-880b-97a628f9550e ] Request (DeleteServersAdminTestJSON:test_delete_server_while_in_error_state): 200 GET http://10.180.1.21/compute/v2.1/servers/ac165200-e27f-4d58-83db-419b21a80862 2.569s
2025-04-17 04:49:50.421 68613 INFO tempest.lib.common.rest_client [req-1eb48492-2b72-406e-9870-73c99a3d2d2d req-1eb48492-2b72-406e-9870-73c99a3d2d2d ] Request (FloatingIPDetailsTestJSON:tearDownClass): 200 PUT http://10.180.1.21:9696/networking/v2.0/routers/9f604f16-83a1-4405-ab39-644522ad6a73/remove_router_interface 3.069s
2025-04-17 04:49:50.433 68621 INFO tempest.lib.common.rest_client [req-b49b4c0d-d724-426f-b8d7-6d9dd16cd034 req-b49b4c0d-d724-426f-b8d7-6d9dd16cd034 ] Request (DeleteServersTestJSON:test_delete_active_server): 200 GET http://10.180.1.21/compute/v2.1/servers/8be63333-3269-4158-8476-a3032a185131 2.568s
2025-04-17 04:49:50.508 68563 INFO tempest.lib.common.rest_client [req-6b9f0a61-753a-40a4-8442-da946e11cef3 req-6b9f0a61-753a-40a4-8442-da946e11cef3 ] Request (FloatingIPsAssociationTestJSON:setUpClass): 200 GET http://10.180.1.21/compute/v2.1/servers/5667b56a-9abd-4e9d-83cf-04be5c8ddbb0 2.570s
2025-04-17 04:49:50.526 68565 INFO tempest.lib.common.rest_client [req-e36b779a-2fe4-4ceb-9fa4-87becd755d5a req-e36b779a-2fe4-4ceb-9fa4-87becd755d5a ] Request (KeyPairsV2TestJSON:_run_cleanups): 202 DELETE http://10.180.1.21/compute/v2.1/os-keypairs/tempest-KeyPairsV2TestJSON-keypair-828356745 2.524s
