2024-12-14 22:05:04.125 66838 INFO tempest.lib.common.rest_client [req-22a16022-ee9d-436d-a06a-af9067900094 req-22a16022-ee9d-436d-a06a-af9067900094 ] Request (ServerRescueNegativeTestJSON:setUpClass): 200 GET http://10.180.1.21/compute/v2.1/servers/097c15b8-6b13-4524-8b9f-ff1623f4fd05 0.079s
2024-12-14 22:05:04.194 66842 INFO tempest.lib.common.rest_client [req-2894f52a-eac0-420a-bfa2-4028c2eee58c req-2894f52a-eac0-420a-bfa2-4028c2eee58c ] Request (AttachVolumeShelveTestJSON:test_attach_volume_shelved_or_offload_server): 200 GET http://10.180.1.21/compute/v2.1/servers/d743b16c-c3d7-46fe-989f-169500d2b177 0.132s
2024-12-14 22:05:04.256 66858 INFO tempest.lib.common.rest_client [req-a3fa1787-de69-45f9-bedd-41a60b7212e1 req-a3fa1787-de69-45f9-bedd-41a60b7212e1 ] Request (ServersTestJSON:test_create_server_specify_multibyte_character_name): 200 GET http://10.180.1.21/compute/v2.1/servers/a7330131-c363-4a3e-9cc1-38d359333ae8 0.133s
2024-12-14 22:05:04.262 66858 INFO tempest.common.waiters [-] State transition "BUILD/None" ==> "BUILD/networking" after 46 second wait
2024-12-14 22:05:04.271 66834 INFO tempest.lib.common.rest_client [req-c5582856-99ec-453c-915b-740652bab074 req-c5582856-99ec-453c-915b-740652bab074 ] Request (ServersAdminNegativeTestJSON:setUpClass): 200 GET http://10.180.1.21/compute/v2.1/servers/9cbb0843-d98d-4452-b109-840e2d946a5e 0.261s
2024-12-14 22:05:04.333 66890 INFO tempest.lib.common.rest_client [req-75bf8370-2c7b-4a53-b83e-9240e4e5d27e req-75bf8370-2c7b-4a53-b83e-9240e4e5d27e ] Request (ServerDiskConfigTestJSON:test_rebuild_server_with_manual_disk_config): 200 GET http://10.180.1.21/compute/v2.1/servers/4dba5162-0f02-47c6-96b3-f050115ce07f 0.086s
2024-12-14 22:05:04.427 66836 INFO tempest.lib.common.rest_client [req-de88f41d-d098-457b-b70d-896efa1fbc56 req-de88f41d-d098-457b-b70d-896efa1fbc56 ] Request (SecurityGroupsTestJSON:test_list_security_groups_by_server): 200 GET http://10.180.1.21/compute/v2.1/servers/47ce12ce-ddf8-47b8-941a-ee74bc63bf41 0.134s
2024-12-14 22:05:04.428 66874 INFO tempest.lib.common.rest_client [req-9652c2d1-0bce-49d1-abff-030cf74b66e4 req-9652c2d1-0bce-49d1-abff-030cf74b66e4 ] Request (ServerRescueTestJSONUnderV235:setUpClass): 200 GET http://10.180.1.21/compute/v2.1/servers/6b256a57-280d-4bcb-b061-bb98954e7448 0.247s
2024-12-14 22:05:04.439 66874 INFO tempest.common.waiters [-] State transition "BUILD/spawning" ==> "ACTIVE/None" after 49 second wait
2024-12-14 22:05:04.492 66860 INFO tempest.lib.common.rest_client [req-18dae2b9-2b7d-4f66-b3a8-386196fa17d6 req-18dae2b9-2b7d-4f66-b3a8-386196fa17d6 ] Request (ServerExternalEventsTest:test_create_server_external_events): 200 GET http://10.180.1.21/compute/v2.1/servers/78ce89ad-f0c2-4b9a-bf3e-7e50864cf938 0.142s
2024-12-14 22:05:04.554 66876 INFO tempest.lib.common.rest_client [req-f215f5dc-a65a-4937-b35c-561623ff7f38 req-f215f5dc-a65a-4937-b35c-561623ff7f38 ] Request (AttachInterfacesTestJSON:test_create_list_show_delete_interfaces_by_fixed_ip): 200 GET http://10.180.1.21/compute/v2.1/servers/eda42c6c-48a5-46ed-a905-bae640ba0b90 0.155s
2024-12-14 22:05:04.565 66872 WARNING tempest.lib.common.ssh [-] Failed to establish authenticated ssh connection to cirros@10.180.180.161 ([Errno None] Unable to connect to port 22 on 10.180.180.161). Number attempts: 5. Retry after 6 seconds.: paramiko.ssh_exception.NoValidConnectionsError: [Errno None] Unable to connect to port 22 on 10.180.180.161
2024-12-14 22:05:04.632 66882 INFO tempest.lib.common.rest_client [req-647c07c6-0bc5-4f55-ba67-25c770718458 req-647c07c6-0bc5-4f55-ba67-25c770718458 ] Request (AttachInterfacesV270Test:tearDownClass): 200 GET http://10.180.1.21/compute/v2.1/servers/a88e56cd-2e51-4e8e-8a73-ebbe2468b2d6 0.322s
2024-12-14 22:05:04.650 66874 INFO tempest.lib.common.rest_client [req-0da46582-0128-41e3-96ba-7464c000b162 req-0da46582-0128-41e3-96ba-7464c000b162 ] Request (ServerRescueTestJSONUnderV235:setUpClass): 200 POST http://10.180.1.21/compute/v2.1/servers/6b256a57-280d-4bcb-b061-bb98954e7448/action 0.211s
2024-12-14 22:05:04.693 66840 INFO tempest.lib.common.rest_client [req-b6f09cfb-dce9-4263-bedd-3f405d193993 req-b6f09cfb-dce9-4263-bedd-3f405d193993 ] Request (ServersTestFqdnHostnames:test_create_server_with_fqdn_name): 200 GET http://10.180.1.21/compute/v2.1/servers/dbdcd7c0-db6e-4407-9387-26999489b0fe 0.239s
2024-12-14 22:05:04.750 66850 INFO tempest.lib.common.rest_client [req-fa2c23d3-53df-41b5-8564-5ac7586d1ee9 req-fa2c23d3-53df-41b5-8564-5ac7586d1ee9 ] Request (ServerMetadataNegativeTestJSON:setUpClass): 200 GET http://10.180.1.21/compute/v2.1/servers/71acb86e-83d4-497d-a6a5-c507aaf2bb71 0.178s
2024-12-14 22:05:04.830 66862 INFO tempest.lib.common.rest_client [req-f7825496-b220-4cff-9ffb-e3cccd1246a3 req-f7825496-b220-4cff-9ffb-e3cccd1246a3 ] Request (ImagesOneServerNegativeTestJSON:_run_cleanups): 200 GET http://10.180.1.21/compute/v2.1/servers/5640b6a5-232f-425b-8d39-57caf53ee122 0.224s
2024-12-14 22:05:04.863 66866 INFO tempest.lib.common.rest_client [req-aced7a66-a681-40d4-a966-bdd477ac1593 req-aced7a66-a681-40d4-a966-bdd477ac1593 ] Request (ImagesNegativeTestJSON:test_create_image_from_deleted_server): 200 GET http://10.180.1.21/compute/v2.1/servers/41069779-32fb-4701-8208-cb70d27c7533 0.351s
2024-12-14 22:05:04.908 66871 INFO tempest.lib.common.rest_client [req-49813e6b-f05d-4568-9497-f9deed668702 req-49813e6b-f05d-4568-9497-f9deed668702 ] Request (ServersTestBootFromVolume:setUpClass): 200 GET http://10.180.1.21/volume/v3/volumes/a8273eca-96cd-4f5d-b476-d54dfcfb07ac 0.034s
2024-12-14 22:05:04.972 66888 INFO tempest.lib.common.rest_client [req-890d7ca5-6b76-49ec-9fd0-04899608d342 req-890d7ca5-6b76-49ec-9fd0-04899608d342 ] Request (ServersTestManualDisk:tearDownClass): 200 GET http://10.180.1.21/compute/v2.1/servers/14934761-0459-4baf-838b-fbbbcf332e7a 0.290s
2024-12-14 22:05:04.980 66874 INFO tempest.lib.common.rest_client [req-5c204559-a96f-4afb-af87-eb2a2aa8f743 req-5c204559-a96f-4afb-af87-eb2a2aa8f743 ] Request (ServerRescueTestJSONUnderV235:setUpClass): 200 GET http://10.180.1.21/compute/v2.1/servers/6b256a57-280d-4bcb-b061-bb98954e7448 0.329s
2024-12-14 22:05:05.039 66832 INFO tempest.lib.common.rest_client [req-94384d58-7d11-4c6e-98b8-828703c5fcc2 req-94384d58-7d11-4c6e-98b8-828703c5fcc2 ] Request (ServersNegativeTestJSON:setUpClass): 200 GET http://10.180.1.21/compute/v2.1/servers/deba2423-2f9a-469b-9d34-16a66f346580 0.303s
2024-12-14 22:05:05.107 66844 INFO tempest.lib.common.rest_client [req-6c501a65-04a9-4d26-9eca-937932747fa2 req-6c501a65-04a9-4d26-9eca-937932747fa2 ] Request (MultipleCreateTestJSON:test_multiple_create): 200 GET http://10.180.1.21/compute/v2.1/servers/1e78569d-b7b8-4ba3-99a0-30a26d9e37e7 0.280s
2024-12-14 22:05:05.117 66886 INFO tempest.lib.common.rest_client [req-7eff3e82-292d-4446-81ee-2faa46219942 req-7eff3e82-292d-4446-81ee-2faa46219942 ] Request (MigrationsAdminTest:test_list_migrations_in_flavor_resize_situation): 200 GET http://10.180.1.21/compute/v2.1/servers/691283c4-becb-4caa-8bc2-899110cf74b4 0.338s
2024-12-14 22:05:05.166 66854 INFO tempest.lib.common.rest_client [req-a1096061-7469-44e1-8599-44a6b18049f1 req-a1096061-7469-44e1-8599-44a6b18049f1 ] Request (ServerAddressesNegativeTestJSON:setUpClass): 200 GET http://10.180.1.21/compute/v2.1/servers/b5edc190-b11d-431f-a877-81f11be5452b 0.270s
2024-12-14 22:05:05.254 66830 INFO tempest.lib.common.rest_client [req-8ec1385e-1b78-42bd-be20-0e1a9923eafb req-8ec1385e-1b78-42bd-be20-0e1a9923eafb ] Request (ServerDiagnosticsTest:tearDownClass): 200 GET http://10.180.1.21/compute/v2.1/servers/b8f913d0-418e-46cb-bff7-2913fd2b528d 0.277s
2024-12-14 22:05:05.290 66846 INFO tempest.lib.common.rest_client [req-0a2acbcc-a6ba-49d1-9ba5-052fd7ac6847 req-0a2acbcc-a6ba-49d1-9ba5-052fd7ac6847 ] Request (ImagesOneServerTestJSON:test_create_image_specify_multibyte_character_image_name): 200 GET http://10.180.1.21/compute/v2.1/images/f77b084c-4137-493b-bd87-344333bf34cd 0.283s
2024-12-14 22:05:05.327 66878 INFO tempest.lib.common.rest_client [req-fae0b64e-ee1a-4760-94ea-9734e39bf1f2 req-fae0b64e-ee1a-4760-94ea-9734e39bf1f2 ] Request (FloatingIPsAssociationTestJSON:setUpClass): 200 PUT http://10.180.1.21:9696/networking/v2.0/routers/64d8f7f2-6055-4366-9fc9-14a01ce28227/add_router_interface 1.252s
2024-12-14 22:05:05.328 66878 INFO tempest.lib.common.dynamic_creds [-] Created isolated network resources for: credentials: Credentials: {'domain_id': 'default', 'domain_name': 'Default', 'username': 'tempest-FloatingIPsAssociationTestJSON-1258789084-project-member', 'project_domain_id': 'default', 'project_domain_name': 'Default', 'project_id': '074d90334f33429eb4b4317db0e9ce47', 'project_name': 'tempest-FloatingIPsAssociationTestJSON-1258789084', 'tenant_id': '074d90334f33429eb4b4317db0e9ce47', 'tenant_name': 'tempest-FloatingIPsAssociationTestJSON-1258789084', 'user_domain_id': 'default', 'user_domain_name': 'Default', 'user_id': '9cff8196ff8148c58f12837b081ceb76', 'system': None}, Network: {'id': 'c2b3d66e-d8b2-4f69-a019-33fc2c2eb7ae', 'name': 'tempest-FloatingIPsAssociationTestJSON-1325171203-network', 'tenant_id': '074d90334f33429eb4b4317db0e9ce47', 'admin_state_up': True, 'mtu': 8950, 'status': 'ACTIVE', 'subnets': [], 'shared': False, 'project_id': '074d90334f33429eb4b4317db0e9ce47', 'port_security_enabled': True, 'router:external': False, 'provider:network_type': 'vlan', 'provider:physical_network': 'default', 'provider:segmentation_id': 121, 'availability_zone_hints': [], 'availability_zones': [], 'ipv4_address_scope': None, 'ipv6_address_scope': None, 'description': '', 'tags': [], 'created_at': '2024-12-14T22:05:02Z', 'updated_at': '2024-12-14T22:05:02Z', 'revision_number': 1}, Subnet: {'id': '864f333f-8218-482c-bcca-659f0844572b', 'name': 'tempest-FloatingIPsAssociationTestJSON-1325171203-subnet', 'tenant_id': '074d90334f33429eb4b4317db0e9ce47', 'network_id': 'c2b3d66e-d8b2-4f69-a019-33fc2c2eb7ae', 'ip_version': 4, 'subnetpool_id': None, 'enable_dhcp': True, 'ipv6_ra_mode': None, 'ipv6_address_mode': None, 'gateway_ip': '192.168.128.1', 'cidr': '192.168.128.0/28', 'allocation_pools': [{'start': '192.168.128.2', 'end': '192.168.128.14'}], 'host_routes': [], 'dns_nameservers': [], 'description': '', 'router:external': False, 'service_types': [], 'tags': [], 'created_at': '2024-12-14T22:05:02Z', 'updated_at': '2024-12-14T22:05:02Z', 'revision_number': 0, 'project_id': '074d90334f33429eb4b4317db0e9ce47'}, Router: {'id': '64d8f7f2-6055-4366-9fc9-14a01ce28227', 'name': 'tempest-FloatingIPsAssociationTestJSON-1325171203-router', 'tenant_id': '074d90334f33429eb4b4317db0e9ce47', 'admin_state_up': True, 'status': 'ACTIVE', 'external_gateway_info': {'network_id': '5988ff94-71ce-4c20-a3ae-cbcf11906afa', 'external_fixed_ips': [{'subnet_id': 'bb65f7a7-329d-496b-a86f-0a51989c9379', 'ip_address': '10.180.180.178'}], 'enable_snat': True}, 'description': '', 'availability_zones': [], 'distributed': False, 'ha': False, 'availability_zone_hints': [], 'routes': [], 'flavor_id': None, 'tags': [], 'created_at': '2024-12-14T22:05:03Z', 'updated_at': '2024-12-14T22:05:03Z', 'revision_number': 2, 'project_id': '074d90334f33429eb4b4317db0e9ce47'}
2024-12-14 22:05:05.407 66880 INFO tempest.lib.common.rest_client [req-ee7318d5-a56b-4ce7-a54a-a157f65d0ff5 req-ee7318d5-a56b-4ce7-a54a-a157f65d0ff5 ] Request (ServerAddressesTestJSON:tearDownClass): 200 GET http://10.180.1.21/compute/v2.1/servers/a64850bf-39dd-4ca5-a1a1-81a1e287579c 0.548s
2024-12-14 22:05:05.466 66884 INFO tempest.lib.common.rest_client [req-88194f50-f897-446a-8d92-f404a3f6a592 req-88194f50-f897-446a-8d92-f404a3f6a592 ] Request (ImagesTestJSON:test_create_image_from_stopped_server): 200 GET http://10.180.1.21/compute/v2.1/servers/246b06d7-5985-43dd-809d-d9cb4428d230 0.448s
2024-12-14 22:05:05.475 66884 INFO tempest.common.waiters [-] State transition "ACTIVE/powering-off" ==> "SHUTOFF/None" after 3 second wait
2024-12-14 22:05:05.514 66878 INFO tempest.lib.common.rest_client [req-774106b5-c7fe-40f7-804d-59529f97bf5f req-774106b5-c7fe-40f7-804d-59529f97bf5f ] Request (FloatingIPsAssociationTestJSON:setUpClass): 201 POST http://10.180.1.21/identity/v3/auth/tokens 0.182s
2024-12-14 22:05:05.527 66892 INFO tempest.lib.common.rest_client [req-6c7a46f6-3e09-4424-8f25-a1183f84de69 req-6c7a46f6-3e09-4424-8f25-a1183f84de69 ] Request (ServersV294TestFqdnHostnames:setUpClass): 200 GET http://10.180.1.21/compute/v2.1/servers/568b34cb-c389-4a7a-8f84-f483892f463c 0.454s
2024-12-14 22:05:05.531 66838 INFO tempest.lib.common.rest_client [req-c116f2a2-6be1-41aa-9b40-174e01a3c2b8 req-c116f2a2-6be1-41aa-9b40-174e01a3c2b8 ] Request (ServerRescueNegativeTestJSON:setUpClass): 200 GET http://10.180.1.21/compute/v2.1/servers/097c15b8-6b13-4524-8b9f-ff1623f4fd05 0.396s
2024-12-14 22:05:05.557 66878 INFO tempest.lib.common.rest_client [req-4c3ae8da-7c9e-47ac-9ba8-25a45443df51 req-4c3ae8da-7c9e-47ac-9ba8-25a45443df51 ] Request (FloatingIPsAssociationTestJSON:setUpClass): 201 POST http://10.180.1.21/identity/v3/auth/tokens 0.039s
2024-12-14 22:05:05.558 66878 INFO tempest.lib.common.fixed_network [-] (FloatingIPsAssociationTestJSON:setUpClass) Found network {'id': 'c2b3d66e-d8b2-4f69-a019-33fc2c2eb7ae', 'name': 'tempest-FloatingIPsAssociationTestJSON-1325171203-network', 'tenant_id': '074d90334f33429eb4b4317db0e9ce47', 'admin_state_up': True, 'mtu': 8950, 'status': 'ACTIVE', 'subnets': [], 'shared': False, 'project_id': '074d90334f33429eb4b4317db0e9ce47', 'port_security_enabled': True, 'router:external': False, 'provider:network_type': 'vlan', 'provider:physical_network': 'default', 'provider:segmentation_id': 121, 'availability_zone_hints': [], 'availability_zones': [], 'ipv4_address_scope': None, 'ipv6_address_scope': None, 'description': '', 'tags': [], 'created_at': '2024-12-14T22:05:02Z', 'updated_at': '2024-12-14T22:05:02Z', 'revision_number': 1} available for tenant
2024-12-14 22:05:05.602 66842 INFO tempest.lib.common.rest_client [req-8aa13340-22e3-4cdd-b04f-3635563d247e req-8aa13340-22e3-4cdd-b04f-3635563d247e ] Request (AttachVolumeShelveTestJSON:test_attach_volume_shelved_or_offload_server): 200 GET http://10.180.1.21/compute/v2.1/servers/d743b16c-c3d7-46fe-989f-169500d2b177 0.396s
2024-12-14 22:05:05.659 66834 INFO tempest.lib.common.rest_client [req-e2effcbf-60e6-4bed-9a93-3d7193dece18 req-e2effcbf-60e6-4bed-9a93-3d7193dece18 ] Request (ServersAdminNegativeTestJSON:setUpClass): 200 GET http://10.180.1.21/compute/v2.1/servers/9cbb0843-d98d-4452-b109-840e2d946a5e 0.375s
2024-12-14 22:05:05.681 66858 INFO tempest.lib.common.rest_client [req-1536bdf3-c768-4f11-9b9d-f49944ec0c46 req-1536bdf3-c768-4f11-9b9d-f49944ec0c46 ] Request (ServersTestJSON:test_create_server_specify_multibyte_character_name): 200 GET http://10.180.1.21/compute/v2.1/servers/a7330131-c363-4a3e-9cc1-38d359333ae8 0.418s
2024-12-14 22:05:05.689 66858 INFO tempest.common.waiters [-] State transition "BUILD/networking" ==> "BUILD/spawning" after 47 second wait
2024-12-14 22:05:05.699 66846 INFO tempest.lib.common.rest_client [req-63096558-a260-47a3-8be4-a8e66281694c req-63096558-a260-47a3-8be4-a8e66281694c ] Request (ImagesOneServerTestJSON:test_create_image_specify_multibyte_character_image_name): 200 GET http://10.180.1.21/compute/v2.1/images/f77b084c-4137-493b-bd87-344333bf34cd 0.405s
2024-12-14 22:05:05.745 66890 INFO tempest.lib.common.rest_client [req-2218bafb-44b4-4e31-8441-6a0f2e809feb req-2218bafb-44b4-4e31-8441-6a0f2e809feb ] Request (ServerDiskConfigTestJSON:test_rebuild_server_with_manual_disk_config): 200 GET http://10.180.1.21/compute/v2.1/servers/4dba5162-0f02-47c6-96b3-f050115ce07f 0.404s
2024-12-14 22:05:05.765 66836 INFO tempest.lib.common.rest_client [req-28806b21-c759-450f-a327-871d0bdf5040 req-28806b21-c759-450f-a327-871d0bdf5040 ] Request (SecurityGroupsTestJSON:test_list_security_groups_by_server): 200 GET http://10.180.1.21/compute/v2.1/servers/47ce12ce-ddf8-47b8-941a-ee74bc63bf41 0.329s
2024-12-14 22:05:05.826 66860 INFO tempest.lib.common.rest_client [req-be107462-7f71-47d5-84b6-f725c0bb89c4 req-be107462-7f71-47d5-84b6-f725c0bb89c4 ] Request (ServerExternalEventsTest:test_create_server_external_events): 200 GET http://10.180.1.21/compute/v2.1/servers/78ce89ad-f0c2-4b9a-bf3e-7e50864cf938 0.322s
2024-12-14 22:05:05.953 66871 INFO tempest.lib.common.rest_client [req-c24f23e2-7909-42bf-8aed-980826834cef req-c24f23e2-7909-42bf-8aed-980826834cef ] Request (ServersTestBootFromVolume:setUpClass): 200 GET http://10.180.1.21/volume/v3/volumes/a8273eca-96cd-4f5d-b476-d54dfcfb07ac 0.033s
2024-12-14 22:05:05.963 66871 INFO tempest.common.waiters [-] volume a8273eca-96cd-4f5d-b476-d54dfcfb07ac reached available after waiting for 23.963825 seconds
2024-12-14 22:05:06.299 66884 INFO tempest.lib.common.rest_client [req-ff63ab64-5655-4a09-b033-db82fb90c828 req-ff63ab64-5655-4a09-b033-db82fb90c828 ] Request (ImagesTestJSON:test_create_image_from_stopped_server): 202 POST http://10.180.1.21/compute/v2.1/servers/246b06d7-5985-43dd-809d-d9cb4428d230/action 0.824s
2024-12-14 22:05:06.358 66878 INFO tempest.lib.common.rest_client [req-13a27727-9344-417a-b796-0b7db29e1b49 req-13a27727-9344-417a-b796-0b7db29e1b49 ] Request (FloatingIPsAssociationTestJSON:setUpClass): 202 POST http://10.180.1.21/compute/v2.1/servers 0.799s
2024-12-14 22:05:06.363 66876 INFO tempest.lib.common.rest_client [req-8d637049-6069-4fd1-88d6-017b6989b017 req-8d637049-6069-4fd1-88d6-017b6989b017 ] Request (AttachInterfacesTestJSON:test_create_list_show_delete_interfaces_by_fixed_ip): 200 GET http://10.180.1.21/compute/v2.1/servers/eda42c6c-48a5-46ed-a905-bae640ba0b90 0.803s
2024-12-14 22:05:06.415 66840 INFO tempest.lib.common.rest_client [req-6bfc7f60-dcae-48de-aea5-ad9bfd05f316 req-6bfc7f60-dcae-48de-aea5-ad9bfd05f316 ] Request (ServersTestFqdnHostnames:test_create_server_with_fqdn_name): 200 GET http://10.180.1.21/compute/v2.1/servers/dbdcd7c0-db6e-4407-9387-26999489b0fe 0.714s
2024-12-14 22:05:06.427 66882 INFO tempest.lib.common.rest_client [req-aad5bd47-93d4-4115-b136-2e45dbf37282 req-aad5bd47-93d4-4115-b136-2e45dbf37282 ] Request (AttachInterfacesV270Test:tearDownClass): 200 GET http://10.180.1.21/compute/v2.1/servers/a88e56cd-2e51-4e8e-8a73-ebbe2468b2d6 0.781s
2024-12-14 22:05:06.482 66850 INFO tempest.lib.common.rest_client [req-01dbba6c-6b54-4798-9625-e6580b5313dc req-01dbba6c-6b54-4798-9625-e6580b5313dc ] Request (ServerMetadataNegativeTestJSON:setUpClass): 200 GET http://10.180.1.21/compute/v2.1/servers/71acb86e-83d4-497d-a6a5-c507aaf2bb71 0.722s
2024-12-14 22:05:06.544 66862 INFO tempest.lib.common.rest_client [req-0da14502-4205-4b34-b77d-7d712e56ba70 req-0da14502-4205-4b34-b77d-7d712e56ba70 ] Request (ImagesOneServerNegativeTestJSON:_run_cleanups): 200 GET http://10.180.1.21/compute/v2.1/servers/5640b6a5-232f-425b-8d39-57caf53ee122 0.701s
2024-12-14 22:05:06.568 66846 INFO tempest.lib.common.rest_client [req-9a97b92e-b030-4785-8107-66baaefe9e54 req-9a97b92e-b030-4785-8107-66baaefe9e54 ] Request (ImagesOneServerTestJSON:test_create_image_specify_multibyte_character_image_name): 200 GET http://10.180.1.21/compute/v2.1/servers/204444c0-0fc4-4053-8fb1-c4e182070d39 0.863s
2024-12-14 22:05:06.688 66866 INFO tempest.lib.common.rest_client [req-fea0eec6-c815-4d9f-a36b-ae56dc767c63 req-fea0eec6-c815-4d9f-a36b-ae56dc767c63 ] Request (ImagesNegativeTestJSON:test_create_image_from_deleted_server): 200 GET http://10.180.1.21/compute/v2.1/servers/41069779-32fb-4701-8208-cb70d27c7533 0.816s
2024-12-14 22:05:06.762 66888 INFO tempest.lib.common.rest_client [req-80c25616-3b21-47d5-821f-852e82755396 req-80c25616-3b21-47d5-821f-852e82755396 ] Request (ServersTestManualDisk:tearDownClass): 200 GET http://10.180.1.21/compute/v2.1/servers/14934761-0459-4baf-838b-fbbbcf332e7a 0.778s
2024-12-14 22:05:06.953 66874 INFO tempest.lib.common.rest_client [req-9346b254-8883-4346-8c1e-ebf759d5db0e req-9346b254-8883-4346-8c1e-ebf759d5db0e ] Request (ServerRescueTestJSONUnderV235:setUpClass): 200 GET http://10.180.1.21/compute/v2.1/servers/6b256a57-280d-4bcb-b061-bb98954e7448 0.965s
2024-12-14 22:05:07.015 66832 INFO tempest.lib.common.rest_client [req-0a461a7c-665a-4c34-9a89-233bc529f240 req-0a461a7c-665a-4c34-9a89-233bc529f240 ] Request (ServersNegativeTestJSON:setUpClass): 200 GET http://10.180.1.21/compute/v2.1/servers/deba2423-2f9a-469b-9d34-16a66f346580 0.965s
2024-12-14 22:05:07.056 66871 INFO tempest.lib.common.rest_client [req-157b4a38-785b-4826-a864-d6aaf600f99b req-157b4a38-785b-4826-a864-d6aaf600f99b ] Request (ServersTestBootFromVolume:setUpClass): 202 POST http://10.180.1.21/compute/v2.1/servers 1.088s
2024-12-14 22:05:07.070 66844 INFO tempest.lib.common.rest_client [req-83a16698-8559-4635-9d2a-63cfc1992d84 req-83a16698-8559-4635-9d2a-63cfc1992d84 ] Request (MultipleCreateTestJSON:test_multiple_create): 200 GET http://10.180.1.21/compute/v2.1/servers/1e78569d-b7b8-4ba3-99a0-30a26d9e37e7 0.948s
2024-12-14 22:05:07.119 66854 INFO tempest.lib.common.rest_client [req-5b26e6ed-66d6-4dfc-b60d-cf27f6f662f1 req-5b26e6ed-66d6-4dfc-b60d-cf27f6f662f1 ] Request (ServerAddressesNegativeTestJSON:setUpClass): 200 GET http://10.180.1.21/compute/v2.1/servers/b5edc190-b11d-431f-a877-81f11be5452b 0.939s
2024-12-14 22:05:07.165 66886 INFO tempest.lib.common.rest_client [req-115672f9-caf3-4810-bd3e-78c11153c7ed req-115672f9-caf3-4810-bd3e-78c11153c7ed ] Request (MigrationsAdminTest:test_list_migrations_in_flavor_resize_situation): 200 GET http://10.180.1.21/compute/v2.1/servers/691283c4-becb-4caa-8bc2-899110cf74b4 1.038s
2024-12-14 22:05:07.184 66830 INFO tempest.lib.common.rest_client [req-6763664c-ed7a-4f05-ae28-9e2669c6e46b req-6763664c-ed7a-4f05-ae28-9e2669c6e46b ] Request (ServerDiagnosticsTest:tearDownClass): 200 GET http://10.180.1.21/compute/v2.1/servers/b8f913d0-418e-46cb-bff7-2913fd2b528d 0.920s
2024-12-14 22:05:07.199 66884 INFO tempest.lib.common.rest_client [req-cae325ac-ca01-461f-967a-c0f76646215e req-cae325ac-ca01-461f-967a-c0f76646215e ] Request (ImagesTestJSON:test_create_image_from_stopped_server): 200 GET http://10.180.1.21/compute/v2.1/images/37eb6f76-cbe5-4397-aa8d-a73c80d9ee5d 0.898s
2024-12-14 22:05:07.249 66878 INFO tempest.lib.common.rest_client [req-1ffb9608-1f36-4911-bc52-8dd0421069fe req-1ffb9608-1f36-4911-bc52-8dd0421069fe ] Request (FloatingIPsAssociationTestJSON:setUpClass): 200 GET http://10.180.1.21/compute/v2.1/servers/bf8ae846-d7d3-4221-8a88-71dc75f34fbc 0.890s
2024-12-14 22:05:07.287 66880 INFO tempest.lib.common.rest_client [req-db8e1753-1cf5-4031-bdc8-e3a175f0ce5c req-db8e1753-1cf5-4031-bdc8-e3a175f0ce5c ] Request (ServerAddressesTestJSON:tearDownClass): 200 GET http://10.180.1.21/compute/v2.1/servers/a64850bf-39dd-4ca5-a1a1-81a1e287579c 0.866s
2024-12-14 22:05:07.293 66880 INFO tempest.common.waiters [-] State transition "ACTIVE/deleting" ==> "DELETED/None" after 4 second wait
2024-12-14 22:05:07.306 66892 INFO tempest.lib.common.rest_client [req-bfe789f9-16f3-49e9-a3d3-000c8f16611d req-bfe789f9-16f3-49e9-a3d3-000c8f16611d ] Request (ServersV294TestFqdnHostnames:setUpClass): 200 GET http://10.180.1.21/compute/v2.1/servers/568b34cb-c389-4a7a-8f84-f483892f463c 0.770s
2024-12-14 22:05:07.335 66838 INFO tempest.lib.common.rest_client [req-6eed3d1d-9dd5-4513-ab17-d8da09f2aa00 req-6eed3d1d-9dd5-4513-ab17-d8da09f2aa00 ] Request (ServerRescueNegativeTestJSON:setUpClass): 200 GET http://10.180.1.21/compute/v2.1/servers/097c15b8-6b13-4524-8b9f-ff1623f4fd05 0.795s
2024-12-14 22:05:07.362 66842 INFO tempest.lib.common.rest_client [req-45653d59-6511-4f71-93dc-61ce48a0cb8e req-45653d59-6511-4f71-93dc-61ce48a0cb8e ] Request (AttachVolumeShelveTestJSON:test_attach_volume_shelved_or_offload_server): 200 GET http://10.180.1.21/compute/v2.1/servers/d743b16c-c3d7-46fe-989f-169500d2b177 0.746s
2024-12-14 22:05:07.383 66834 INFO tempest.lib.common.rest_client [req-841b08f8-8047-495e-9d6c-084cc702f77e req-841b08f8-8047-495e-9d6c-084cc702f77e ] Request (ServersAdminNegativeTestJSON:setUpClass): 200 GET http://10.180.1.21/compute/v2.1/servers/9cbb0843-d98d-4452-b109-840e2d946a5e 0.714s
2024-12-14 22:05:07.433 66890 INFO tempest.lib.common.rest_client [req-72517c1d-158e-44a5-af3d-1eb69ba67cac req-72517c1d-158e-44a5-af3d-1eb69ba67cac ] Request (ServerDiskConfigTestJSON:test_rebuild_server_with_manual_disk_config): 200 GET http://10.180.1.21/compute/v2.1/servers/4dba5162-0f02-47c6-96b3-f050115ce07f 0.681s
2024-12-14 22:05:07.440 66890 INFO tempest.common.waiters [-] State transition "BUILD/None" ==> "BUILD/networking" after 45 second wait
2024-12-14 22:05:07.474 66836 INFO tempest.lib.common.rest_client [req-b72c89c3-3664-4493-baba-3f7a010e5500 req-b72c89c3-3664-4493-baba-3f7a010e5500 ] Request (SecurityGroupsTestJSON:test_list_security_groups_by_server): 200 GET http://10.180.1.21/compute/v2.1/servers/47ce12ce-ddf8-47b8-941a-ee74bc63bf41 0.701s
2024-12-14 22:05:07.510 66864 WARNING tempest.lib.common.ssh [-] Failed to establish authenticated ssh connection to cirros@10.180.180.248 ([Errno None] Unable to connect to port 22 on 10.180.180.248). Number attempts: 7. Retry after 8 seconds.: paramiko.ssh_exception.NoValidConnectionsError: [Errno None] Unable to connect to port 22 on 10.180.180.248
2024-12-14 22:05:07.518 66860 INFO tempest.lib.common.rest_client [req-05095025-e9c9-4d49-9983-cdf4d6ff0428 req-05095025-e9c9-4d49-9983-cdf4d6ff0428 ] Request (ServerExternalEventsTest:test_create_server_external_events): 200 GET http://10.180.1.21/compute/v2.1/servers/78ce89ad-f0c2-4b9a-bf3e-7e50864cf938 0.683s
2024-12-14 22:05:07.536 66858 INFO tempest.lib.common.rest_client [req-69c53ad4-f584-4b7f-9bb5-c68b7bcba01f req-69c53ad4-f584-4b7f-9bb5-c68b7bcba01f ] Request (ServersTestJSON:test_create_server_specify_multibyte_character_name): 200 GET http://10.180.1.21/compute/v2.1/servers/a7330131-c363-4a3e-9cc1-38d359333ae8 0.842s
2024-12-14 22:05:07.560 66871 INFO tempest.lib.common.rest_client [req-86d70a33-f3fb-47fa-8807-cd2e34b92d69 req-86d70a33-f3fb-47fa-8807-cd2e34b92d69 ] Request (ServersTestBootFromVolume:setUpClass): 200 GET http://10.180.1.21/compute/v2.1/servers/e3f5e27e-f302-4393-a632-3c513ef0f6b8 0.502s
2024-12-14 22:05:07.597 66876 INFO tempest.lib.common.rest_client [req-5f7635a3-86b1-40b1-88d7-3a96867399ea req-5f7635a3-86b1-40b1-88d7-3a96867399ea ] Request (AttachInterfacesTestJSON:test_create_list_show_delete_interfaces_by_fixed_ip): 200 GET http://10.180.1.21/compute/v2.1/servers/eda42c6c-48a5-46ed-a905-bae640ba0b90 0.225s
2024-12-14 22:05:07.607 66840 INFO tempest.lib.common.rest_client [req-4a293390-eddf-4bab-b09c-20992943b1e5 req-4a293390-eddf-4bab-b09c-20992943b1e5 ] Request (ServersTestFqdnHostnames:test_create_server_with_fqdn_name): 200 GET http://10.180.1.21/compute/v2.1/servers/dbdcd7c0-db6e-4407-9387-26999489b0fe 0.184s
2024-12-14 22:05:07.658 66850 INFO tempest.lib.common.rest_client [req-5b0ce4f3-74ce-4496-8518-e86611211206 req-5b0ce4f3-74ce-4496-8518-e86611211206 ] Request (ServerMetadataNegativeTestJSON:setUpClass): 200 GET http://10.180.1.21/compute/v2.1/servers/71acb86e-83d4-497d-a6a5-c507aaf2bb71 0.167s
2024-12-14 22:05:07.660 66882 INFO tempest.lib.common.rest_client [req-ff646cc5-d36f-4dbc-893e-9a7a51b2fa82 req-ff646cc5-d36f-4dbc-893e-9a7a51b2fa82 ] Request (AttachInterfacesV270Test:tearDownClass): 200 GET http://10.180.1.21/compute/v2.1/servers/a88e56cd-2e51-4e8e-8a73-ebbe2468b2d6 0.223s
2024-12-14 22:05:07.671 66882 INFO tempest.common.waiters [-] State transition "ACTIVE/deleting" ==> "DELETED/None" after 4 second wait
2024-12-14 22:05:07.724 66862 INFO tempest.lib.common.rest_client [req-129f60cc-349b-41e4-aae8-fe5d71cbe233 req-129f60cc-349b-41e4-aae8-fe5d71cbe233 ] Request (ImagesOneServerNegativeTestJSON:_run_cleanups): 200 GET http://10.180.1.21/compute/v2.1/servers/5640b6a5-232f-425b-8d39-57caf53ee122 0.172s
2024-12-14 22:05:07.830 66866 INFO tempest.lib.common.rest_client [req-b2fea5c3-42a0-47e8-a15a-97e0f32268a0 req-b2fea5c3-42a0-47e8-a15a-97e0f32268a0 ] Request (ImagesNegativeTestJSON:test_create_image_from_deleted_server): 200 GET http://10.180.1.21/compute/v2.1/servers/41069779-32fb-4701-8208-cb70d27c7533 0.130s
2024-12-14 22:05:07.892 66846 INFO tempest.lib.common.rest_client [req-cb19f6df-b7c4-45b6-9654-8b3718c52958 req-cb19f6df-b7c4-45b6-9654-8b3718c52958 ] Request (ImagesOneServerTestJSON:test_create_image_specify_multibyte_character_image_name): 200 GET http://10.180.1.21/compute/v2.1/servers/204444c0-0fc4-4053-8fb1-c4e182070d39 0.315s
2024-12-14 22:05:07.895 66888 INFO tempest.lib.common.rest_client [req-63a9527e-01f0-4584-baa5-cf9151f70c26 req-63a9527e-01f0-4584-baa5-cf9151f70c26 ] Request (ServersTestManualDisk:tearDownClass): 200 GET http://10.180.1.21/compute/v2.1/servers/14934761-0459-4baf-838b-fbbbcf332e7a 0.124s
2024-12-14 22:05:07.898 66846 INFO tempest.common.waiters [-] State transition "ACTIVE/image_uploading" ==> "ACTIVE/None" after 1 second wait
2024-12-14 22:05:08.029 66846 INFO tempest.lib.common.rest_client [req-3014e826-6b04-477d-a899-fb9e8df3ca65 req-3014e826-6b04-477d-a899-fb9e8df3ca65 ] Request (ImagesOneServerTestJSON:tearDownClass): 204 DELETE http://10.180.1.21/compute/v2.1/images/f77b084c-4137-493b-bd87-344333bf34cd 0.128s
2024-12-14 22:05:08.081 66874 INFO tempest.lib.common.rest_client [req-37f20dfb-9d33-440f-9eda-b17756e9cdaa req-37f20dfb-9d33-440f-9eda-b17756e9cdaa ] Request (ServerRescueTestJSONUnderV235:setUpClass): 200 GET http://10.180.1.21/compute/v2.1/servers/6b256a57-280d-4bcb-b061-bb98954e7448 0.121s
2024-12-14 22:05:08.098 66846 INFO tempest.lib.common.rest_client [req-6086bcaf-7f4e-45ba-aaf5-01710bf612af req-6086bcaf-7f4e-45ba-aaf5-01710bf612af ] Request (ImagesOneServerTestJSON:tearDownClass): 404 DELETE http://10.180.1.21/compute/v2.1/images/0f62fbaf-bfad-4c81-97f5-2ae0bf278250 0.069s
2024-12-14 22:05:08.103 66832 INFO tempest.lib.common.rest_client [req-ccf179d1-9ee6-46c2-bf8a-02d80e4b3eff req-ccf179d1-9ee6-46c2-bf8a-02d80e4b3eff ] Request (ServersNegativeTestJSON:setUpClass): 200 GET http://10.180.1.21/compute/v2.1/servers/deba2423-2f9a-469b-9d34-16a66f346580 0.080s
2024-12-14 22:05:08.153 66844 INFO tempest.lib.common.rest_client [req-78f68cbf-b604-48cf-b9f5-6c94745319cd req-78f68cbf-b604-48cf-b9f5-6c94745319cd ] Request (MultipleCreateTestJSON:test_multiple_create): 200 GET http://10.180.1.21/compute/v2.1/servers/1e78569d-b7b8-4ba3-99a0-30a26d9e37e7 0.074s
2024-12-14 22:05:08.184 66846 INFO tempest.lib.common.rest_client [req-c32db150-b778-4ae2-8c4f-c3681ceab97b req-c32db150-b778-4ae2-8c4f-c3681ceab97b ] Request (ImagesOneServerTestJSON:tearDownClass): 204 DELETE http://10.180.1.21/compute/v2.1/servers/204444c0-0fc4-4053-8fb1-c4e182070d39 0.085s
2024-12-14 22:05:08.207 66854 INFO tempest.lib.common.rest_client [req-30960cc1-5bd1-4807-9a29-87f80484839b req-30960cc1-5bd1-4807-9a29-87f80484839b ] Request (ServerAddressesNegativeTestJSON:setUpClass): 200 GET http://10.180.1.21/compute/v2.1/servers/b5edc190-b11d-431f-a877-81f11be5452b 0.080s
2024-12-14 22:05:08.310 66846 INFO tempest.lib.common.rest_client [req-2a9b0abf-80f8-4c63-a03e-4e3c10473021 req-2a9b0abf-80f8-4c63-a03e-4e3c10473021 ] Request (ImagesOneServerTestJSON:tearDownClass): 200 GET http://10.180.1.21/compute/v2.1/servers/204444c0-0fc4-4053-8fb1-c4e182070d39 0.126s
2024-12-14 22:05:08.345 66886 INFO tempest.lib.common.rest_client [req-637f38d6-b70e-4d90-8fa0-37eb46076e21 req-637f38d6-b70e-4d90-8fa0-37eb46076e21 ] Request (MigrationsAdminTest:test_list_migrations_in_flavor_resize_situation): 200 GET http://10.180.1.21/compute/v2.1/servers/691283c4-becb-4caa-8bc2-899110cf74b4 0.173s
2024-12-14 22:05:08.373 66830 INFO tempest.lib.common.rest_client [req-0de78e47-20cb-493a-874c-b42888d34267 req-0de78e47-20cb-493a-874c-b42888d34267 ] Request (ServerDiagnosticsTest:tearDownClass): 200 GET http://10.180.1.21/compute/v2.1/servers/b8f913d0-418e-46cb-bff7-2913fd2b528d 0.180s
2024-12-14 22:05:08.381 66884 INFO tempest.lib.common.rest_client [req-12f9b1da-5b04-4cbb-8cf7-d5b8dd72fbaf req-12f9b1da-5b04-4cbb-8cf7-d5b8dd72fbaf ] Request (ImagesTestJSON:test_create_image_from_stopped_server): 200 GET http://10.180.1.21/compute/v2.1/images/37eb6f76-cbe5-4397-aa8d-a73c80d9ee5d 0.178s
2024-12-14 22:05:08.422 66878 INFO tempest.lib.common.rest_client [req-eb8f443a-b9c0-4cbd-b7d2-0f4db967bd13 req-eb8f443a-b9c0-4cbd-b7d2-0f4db967bd13 ] Request (FloatingIPsAssociationTestJSON:setUpClass): 200 GET http://10.180.1.21/compute/v2.1/servers/bf8ae846-d7d3-4221-8a88-71dc75f34fbc 0.163s
2024-12-14 22:05:08.434 66880 INFO tempest.lib.common.rest_client [req-616a3ee9-e5b2-40f8-8b4b-c99787c2e6d6 req-616a3ee9-e5b2-40f8-8b4b-c99787c2e6d6 ] Request (ServerAddressesTestJSON:tearDownClass): 200 GET http://10.180.1.21/compute/v2.1/servers/a64850bf-39dd-4ca5-a1a1-81a1e287579c 0.138s
2024-12-14 22:05:08.473 66892 INFO tempest.lib.common.rest_client [req-57bf9ff4-11fd-425f-a41c-86afb9741d9e req-57bf9ff4-11fd-425f-a41c-86afb9741d9e ] Request (ServersV294TestFqdnHostnames:setUpClass): 200 GET http://10.180.1.21/compute/v2.1/servers/568b34cb-c389-4a7a-8f84-f483892f463c 0.156s
2024-12-14 22:05:08.483 66838 INFO tempest.lib.common.rest_client [req-70870fb4-98d8-4797-9c32-82ff5eb029a5 req-70870fb4-98d8-4797-9c32-82ff5eb029a5 ] Request (ServerRescueNegativeTestJSON:setUpClass): 200 GET http://10.180.1.21/compute/v2.1/servers/097c15b8-6b13-4524-8b9f-ff1623f4fd05 0.140s
2024-12-14 22:05:08.521 66842 INFO tempest.lib.common.rest_client [req-53bd14e2-21d7-4325-8058-4224b001fa76 req-53bd14e2-21d7-4325-8058-4224b001fa76 ] Request (AttachVolumeShelveTestJSON:test_attach_volume_shelved_or_offload_server): 200 GET http://10.180.1.21/compute/v2.1/servers/d743b16c-c3d7-46fe-989f-169500d2b177 0.148s
2024-12-14 22:05:08.525 66834 INFO tempest.lib.common.rest_client [req-148ca999-72fb-4859-aece-007f5f8b3788 req-148ca999-72fb-4859-aece-007f5f8b3788 ] Request (ServersAdminNegativeTestJSON:setUpClass): 200 GET http://10.180.1.21/compute/v2.1/servers/9cbb0843-d98d-4452-b109-840e2d946a5e 0.135s
2024-12-14 22:05:08.568 66836 INFO tempest.lib.common.rest_client [req-f4dbac15-281e-4b75-b751-b39b70761d8a req-f4dbac15-281e-4b75-b751-b39b70761d8a ] Request (SecurityGroupsTestJSON:test_list_security_groups_by_server): 200 GET http://10.180.1.21/compute/v2.1/servers/47ce12ce-ddf8-47b8-941a-ee74bc63bf41 0.087s
2024-12-14 22:05:08.598 66868 WARNING tempest.lib.common.ssh [-] Failed to establish authenticated ssh connection to cirros@10.180.180.170 ([Errno None] Unable to connect to port 22 on 10.180.180.170). Number attempts: 6. Retry after 7 seconds.: paramiko.ssh_exception.NoValidConnectionsError: [Errno None] Unable to connect to port 22 on 10.180.180.170
2024-12-14 22:05:08.611 66860 INFO tempest.lib.common.rest_client [req-d0daccd8-9ef2-4bc4-8ad0-1c0976050a65 req-d0daccd8-9ef2-4bc4-8ad0-1c0976050a65 ] Request (ServerExternalEventsTest:test_create_server_external_events): 200 GET http://10.180.1.21/compute/v2.1/servers/78ce89ad-f0c2-4b9a-bf3e-7e50864cf938 0.085s
2024-12-14 22:05:08.640 66890 INFO tempest.lib.common.rest_client [req-d002f2c8-9c88-497b-8fbd-0fb0bbe1d768 req-d002f2c8-9c88-497b-8fbd-0fb0bbe1d768 ] Request (ServerDiskConfigTestJSON:test_rebuild_server_with_manual_disk_config): 200 GET http://10.180.1.21/compute/v2.1/servers/4dba5162-0f02-47c6-96b3-f050115ce07f 0.197s
2024-12-14 22:05:08.646 66890 INFO tempest.common.waiters [-] State transition "BUILD/networking" ==> "BUILD/spawning" after 46 second wait
2024-12-14 22:05:08.691 66871 INFO tempest.lib.common.rest_client [req-b97ff6cf-2c7e-4cb1-be53-424f768fb5a3 req-b97ff6cf-2c7e-4cb1-be53-424f768fb5a3 ] Request (ServersTestBootFromVolume:setUpClass): 200 GET http://10.180.1.21/compute/v2.1/servers/e3f5e27e-f302-4393-a632-3c513ef0f6b8 0.118s
2024-12-14 22:05:08.712 66858 INFO tempest.lib.common.rest_client [req-0ddb97dc-861b-486e-b97d-27234a6aff54 req-0ddb97dc-861b-486e-b97d-27234a6aff54 ] Request (ServersTestJSON:test_create_server_specify_multibyte_character_name): 200 GET http://10.180.1.21/compute/v2.1/servers/a7330131-c363-4a3e-9cc1-38d359333ae8 0.166s
2024-12-14 22:05:08.738 66876 INFO tempest.lib.common.rest_client [req-6861d27d-f500-4798-a190-1f6806477366 req-6861d27d-f500-4798-a190-1f6806477366 ] Request (AttachInterfacesTestJSON:test_create_list_show_delete_interfaces_by_fixed_ip): 200 GET http://10.180.1.21/compute/v2.1/servers/eda42c6c-48a5-46ed-a905-bae640ba0b90 0.133s
2024-12-14 22:05:08.758 66840 INFO tempest.lib.common.rest_client [req-11859b60-9d5e-48a9-a4e5-52f0cfd049f4 req-11859b60-9d5e-48a9-a4e5-52f0cfd049f4 ] Request (ServersTestFqdnHostnames:test_create_server_with_fqdn_name): 200 GET http://10.180.1.21/compute/v2.1/servers/dbdcd7c0-db6e-4407-9387-26999489b0fe 0.142s
2024-12-14 22:05:08.788 66850 INFO tempest.lib.common.rest_client [req-6d7aac5e-a788-47ae-9e9c-10166d907a3b req-6d7aac5e-a788-47ae-9e9c-10166d907a3b ] Request (ServerMetadataNegativeTestJSON:setUpClass): 200 GET http://10.180.1.21/compute/v2.1/servers/71acb86e-83d4-497d-a6a5-c507aaf2bb71 0.120s
2024-12-14 22:05:08.817 66882 INFO tempest.lib.common.rest_client [req-43c78f37-20d0-4dd1-a4a7-713313d94b20 req-43c78f37-20d0-4dd1-a4a7-713313d94b20 ] Request (AttachInterfacesV270Test:tearDownClass): 200 GET http://10.180.1.21/compute/v2.1/servers/a88e56cd-2e51-4e8e-8a73-ebbe2468b2d6 0.145s
2024-12-14 22:05:08.838 66862 INFO tempest.lib.common.rest_client [req-ad6088ef-95ee-4d59-bd7d-39f6564e7bfd req-ad6088ef-95ee-4d59-bd7d-39f6564e7bfd ] Request (ImagesOneServerNegativeTestJSON:_run_cleanups): 200 GET http://10.180.1.21/compute/v2.1/servers/5640b6a5-232f-425b-8d39-57caf53ee122 0.106s
2024-12-14 22:05:08.932 66866 INFO tempest.lib.common.rest_client [req-f98b534c-0c06-414f-96e6-6e6c8625da96 req-f98b534c-0c06-414f-96e6-6e6c8625da96 ] Request (ImagesNegativeTestJSON:test_create_image_from_deleted_server): 200 GET http://10.180.1.21/compute/v2.1/servers/41069779-32fb-4701-8208-cb70d27c7533 0.096s
2024-12-14 22:05:08.965 66888 INFO tempest.lib.common.rest_client [req-2806087c-d3d9-49fe-a6b6-4c9e9bc612d0 req-2806087c-d3d9-49fe-a6b6-4c9e9bc612d0 ] Request (ServersTestManualDisk:tearDownClass): 200 GET http://10.180.1.21/compute/v2.1/servers/14934761-0459-4baf-838b-fbbbcf332e7a 0.058s
2024-12-14 22:05:09.163 66832 INFO tempest.lib.common.rest_client [req-f9b0e788-278c-4dcc-9caa-e5375a3fb672 req-f9b0e788-278c-4dcc-9caa-e5375a3fb672 ] Request (ServersNegativeTestJSON:setUpClass): 200 GET http://10.180.1.21/compute/v2.1/servers/deba2423-2f9a-469b-9d34-16a66f346580 0.052s
2024-12-14 22:05:09.211 66844 INFO tempest.lib.common.rest_client [req-7a212847-77a0-4ad9-b965-bf9ca71bb15e req-7a212847-77a0-4ad9-b965-bf9ca71bb15e ] Request (MultipleCreateTestJSON:test_multiple_create): 200 GET http://10.180.1.21/compute/v2.1/servers/1e78569d-b7b8-4ba3-99a0-30a26d9e37e7 0.049s
2024-12-14 22:05:09.225 66874 INFO tempest.lib.common.rest_client [req-a79c6ef1-8c7f-4865-aaa9-ee14de2b23aa req-a79c6ef1-8c7f-4865-aaa9-ee14de2b23aa ] Request (ServerRescueTestJSONUnderV235:setUpClass): 200 GET http://10.180.1.21/compute/v2.1/servers/6b256a57-280d-4bcb-b061-bb98954e7448 0.136s
2024-12-14 22:05:09.292 66854 INFO tempest.lib.common.rest_client [req-25f2830c-99a9-4ead-bb1b-47a27d0e5732 req-25f2830c-99a9-4ead-bb1b-47a27d0e5732 ] Request (ServerAddressesNegativeTestJSON:setUpClass): 200 GET http://10.180.1.21/compute/v2.1/servers/b5edc190-b11d-431f-a877-81f11be5452b 0.075s
2024-12-14 22:05:09.477 66846 INFO tempest.lib.common.rest_client [req-21f67657-3b71-4fa4-9f6e-1a10a8afe559 req-21f67657-3b71-4fa4-9f6e-1a10a8afe559 ] Request (ImagesOneServerTestJSON:tearDownClass): 200 GET http://10.180.1.21/compute/v2.1/servers/204444c0-0fc4-4053-8fb1-c4e182070d39 0.158s
2024-12-14 22:05:09.515 66886 INFO tempest.lib.common.rest_client [req-8c85d2cf-95aa-4dde-8799-623892612056 req-8c85d2cf-95aa-4dde-8799-623892612056 ] Request (MigrationsAdminTest:test_list_migrations_in_flavor_resize_situation): 200 GET http://10.180.1.21/compute/v2.1/servers/691283c4-becb-4caa-8bc2-899110cf74b4 0.162s
2024-12-14 22:05:09.547 66830 INFO tempest.lib.common.rest_client [req-914233ba-c436-4c64-b270-7227e1e236cf req-914233ba-c436-4c64-b270-7227e1e236cf ] Request (ServerDiagnosticsTest:tearDownClass): 200 GET http://10.180.1.21/compute/v2.1/servers/b8f913d0-418e-46cb-bff7-2913fd2b528d 0.167s
2024-12-14 22:05:09.550 66884 INFO tempest.lib.common.rest_client [req-30b04f2e-68e3-40b1-a49f-5665cf7c90e1 req-30b04f2e-68e3-40b1-a49f-5665cf7c90e1 ] Request (ImagesTestJSON:test_create_image_from_stopped_server): 200 GET http://10.180.1.21/compute/v2.1/images/37eb6f76-cbe5-4397-aa8d-a73c80d9ee5d 0.165s
2024-12-14 22:05:09.591 66878 INFO tempest.lib.common.rest_client [req-3812b1df-0e04-42e3-b43f-70c954152a52 req-3812b1df-0e04-42e3-b43f-70c954152a52 ] Request (FloatingIPsAssociationTestJSON:setUpClass): 200 GET http://10.180.1.21/compute/v2.1/servers/bf8ae846-d7d3-4221-8a88-71dc75f34fbc 0.161s
2024-12-14 22:05:09.601 66880 INFO tempest.lib.common.rest_client [req-50efbade-9836-4636-93c1-a61f767ab42f req-50efbade-9836-4636-93c1-a61f767ab42f ] Request (ServerAddressesTestJSON:tearDownClass): 200 GET http://10.180.1.21/compute/v2.1/servers/a64850bf-39dd-4ca5-a1a1-81a1e287579c 0.160s
2024-12-14 22:05:09.638 66892 INFO tempest.lib.common.rest_client [req-03296532-5733-42e5-8a4b-556f2b55b046 req-03296532-5733-42e5-8a4b-556f2b55b046 ] Request (ServersV294TestFqdnHostnames:setUpClass): 200 GET http://10.180.1.21/compute/v2.1/servers/568b34cb-c389-4a7a-8f84-f483892f463c 0.156s
2024-12-14 22:05:09.643 66838 INFO tempest.lib.common.rest_client [req-c0fcf055-4190-423c-a65b-f7ef553c8e36 req-c0fcf055-4190-423c-a65b-f7ef553c8e36 ] Request (ServerRescueNegativeTestJSON:setUpClass): 200 GET http://10.180.1.21/compute/v2.1/servers/097c15b8-6b13-4524-8b9f-ff1623f4fd05 0.152s
2024-12-14 22:05:09.646 66892 INFO tempest.common.waiters [-] State transition "BUILD/None" ==> "BUILD/networking" after 46 second wait
2024-12-14 22:05:09.682 66842 INFO tempest.lib.common.rest_client [req-7dc24dd2-fd8f-4381-8864-79c4e9528cab req-7dc24dd2-fd8f-4381-8864-79c4e9528cab ] Request (AttachVolumeShelveTestJSON:test_attach_volume_shelved_or_offload_server): 200 GET http://10.180.1.21/compute/v2.1/servers/d743b16c-c3d7-46fe-989f-169500d2b177 0.152s
2024-12-14 22:05:09.686 66834 INFO tempest.lib.common.rest_client [req-4479e174-d6c2-4b41-a388-4fb6256ccaba req-4479e174-d6c2-4b41-a388-4fb6256ccaba ] Request (ServersAdminNegativeTestJSON:setUpClass): 200 GET http://10.180.1.21/compute/v2.1/servers/9cbb0843-d98d-4452-b109-840e2d946a5e 0.151s
2024-12-14 22:05:09.722 66836 INFO tempest.lib.common.rest_client [req-e4fb8471-ac61-4bcc-a7ab-208ff1cfcd95 req-e4fb8471-ac61-4bcc-a7ab-208ff1cfcd95 ] Request (SecurityGroupsTestJSON:test_list_security_groups_by_server): 200 GET http://10.180.1.21/compute/v2.1/servers/47ce12ce-ddf8-47b8-941a-ee74bc63bf41 0.147s
2024-12-14 22:05:09.726 66860 INFO tempest.lib.common.rest_client [req-c42c85dd-d5ce-4099-bdff-a9b191258b05 req-c42c85dd-d5ce-4099-bdff-a9b191258b05 ] Request (ServerExternalEventsTest:test_create_server_external_events): 200 GET http://10.180.1.21/compute/v2.1/servers/78ce89ad-f0c2-4b9a-bf3e-7e50864cf938 0.108s
2024-12-14 22:05:09.771 66871 INFO tempest.lib.common.rest_client [req-565039fe-fcff-4f79-b458-a2832457d1f4 req-565039fe-fcff-4f79-b458-a2832457d1f4 ] Request (ServersTestBootFromVolume:setUpClass): 200 GET http://10.180.1.21/compute/v2.1/servers/e3f5e27e-f302-4393-a632-3c513ef0f6b8 0.074s
2024-12-14 22:05:09.961 66890 INFO tempest.lib.common.rest_client [req-fafed1a1-9919-4cfb-bbe7-c0ae536f1093 req-fafed1a1-9919-4cfb-bbe7-c0ae536f1093 ] Request (ServerDiskConfigTestJSON:test_rebuild_server_with_manual_disk_config): 200 GET http://10.180.1.21/compute/v2.1/servers/4dba5162-0f02-47c6-96b3-f050115ce07f 0.314s
2024-12-14 22:05:10.045 66876 INFO tempest.lib.common.rest_client [req-7305f745-6ecf-4936-ba85-26742d9737b6 req-7305f745-6ecf-4936-ba85-26742d9737b6 ] Request (AttachInterfacesTestJSON:test_create_list_show_delete_interfaces_by_fixed_ip): 200 GET http://10.180.1.21/compute/v2.1/servers/eda42c6c-48a5-46ed-a905-bae640ba0b90 0.299s
2024-12-14 22:05:10.049 66858 INFO tempest.lib.common.rest_client [req-ffd13d9e-dffb-4966-b4ad-8d3e94447f0e req-ffd13d9e-dffb-4966-b4ad-8d3e94447f0e ] Request (ServersTestJSON:test_create_server_specify_multibyte_character_name): 200 GET http://10.180.1.21/compute/v2.1/servers/a7330131-c363-4a3e-9cc1-38d359333ae8 0.330s
2024-12-14 22:05:10.104 66850 INFO tempest.lib.common.rest_client [req-022702d1-6e52-4646-9711-e532d1a98398 req-022702d1-6e52-4646-9711-e532d1a98398 ] Request (ServerMetadataNegativeTestJSON:setUpClass): 200 GET http://10.180.1.21/compute/v2.1/servers/71acb86e-83d4-497d-a6a5-c507aaf2bb71 0.308s
2024-12-14 22:05:10.125 66840 INFO tempest.lib.common.rest_client [req-046bce98-85ba-4e65-838c-2b2e5b207f4c req-046bce98-85ba-4e65-838c-2b2e5b207f4c ] Request (ServersTestFqdnHostnames:test_create_server_with_fqdn_name): 200 GET http://10.180.1.21/compute/v2.1/servers/dbdcd7c0-db6e-4407-9387-26999489b0fe 0.359s
2024-12-14 22:05:10.175 66882 INFO tempest.lib.common.rest_client [req-1e65a4d0-2181-4b1d-9c86-bf355cbb68a7 req-1e65a4d0-2181-4b1d-9c86-bf355cbb68a7 ] Request (AttachInterfacesV270Test:tearDownClass): 200 GET http://10.180.1.21/compute/v2.1/servers/a88e56cd-2e51-4e8e-8a73-ebbe2468b2d6 0.349s
2024-12-14 22:05:10.210 66862 INFO tempest.lib.common.rest_client [req-c5bdc4b8-6cf7-4542-a83a-e056da0cc2bb req-c5bdc4b8-6cf7-4542-a83a-e056da0cc2bb ] Request (ImagesOneServerNegativeTestJSON:_run_cleanups): 200 GET http://10.180.1.21/compute/v2.1/servers/5640b6a5-232f-425b-8d39-57caf53ee122 0.365s
2024-12-14 22:05:10.287 66888 INFO tempest.lib.common.rest_client [req-2838e9ac-b8cd-4e56-ada3-62866e3c068d req-2838e9ac-b8cd-4e56-ada3-62866e3c068d ] Request (ServersTestManualDisk:tearDownClass): 200 GET http://10.180.1.21/compute/v2.1/servers/14934761-0459-4baf-838b-fbbbcf332e7a 0.315s
2024-12-14 22:05:10.320 66866 INFO tempest.lib.common.rest_client [req-98bc602d-a92c-4848-87a3-de449ff5833a req-98bc602d-a92c-4848-87a3-de449ff5833a ] Request (ImagesNegativeTestJSON:test_create_image_from_deleted_server): 200 GET http://10.180.1.21/compute/v2.1/servers/41069779-32fb-4701-8208-cb70d27c7533 0.380s
2024-12-14 22:05:10.353 66832 INFO tempest.lib.common.rest_client [req-d1b822ec-7202-46ad-b344-4f908e4b5cf4 req-d1b822ec-7202-46ad-b344-4f908e4b5cf4 ] Request (ServersNegativeTestJSON:setUpClass): 200 GET http://10.180.1.21/compute/v2.1/servers/deba2423-2f9a-469b-9d34-16a66f346580 0.183s
2024-12-14 22:05:10.381 66844 INFO tempest.lib.common.rest_client [req-35117bf3-37ac-468c-aaba-3abd2941d1f2 req-35117bf3-37ac-468c-aaba-3abd2941d1f2 ] Request (MultipleCreateTestJSON:test_multiple_create): 200 GET http://10.180.1.21/compute/v2.1/servers/1e78569d-b7b8-4ba3-99a0-30a26d9e37e7 0.163s
2024-12-14 22:05:10.432 66854 INFO tempest.lib.common.rest_client [req-2c6b4a74-0ae3-4236-b050-c402e69a44f8 req-2c6b4a74-0ae3-4236-b050-c402e69a44f8 ] Request (ServerAddressesNegativeTestJSON:setUpClass): 200 GET http://10.180.1.21/compute/v2.1/servers/b5edc190-b11d-431f-a877-81f11be5452b 0.132s
2024-12-14 22:05:10.539 66874 INFO tempest.lib.common.rest_client [req-d265c21e-8716-47e5-a9a8-0016c6c26c7c req-d265c21e-8716-47e5-a9a8-0016c6c26c7c ] Request (ServerRescueTestJSONUnderV235:setUpClass): 200 GET http://10.180.1.21/compute/v2.1/servers/6b256a57-280d-4bcb-b061-bb98954e7448 0.305s
2024-12-14 22:05:10.593 66846 INFO tempest.lib.common.rest_client [req-55e6531e-78bd-4bd5-8d96-dd6337193c25 req-55e6531e-78bd-4bd5-8d96-dd6337193c25 ] Request (ImagesOneServerTestJSON:tearDownClass): 200 GET http://10.180.1.21/compute/v2.1/servers/204444c0-0fc4-4053-8fb1-c4e182070d39 0.107s
2024-12-14 22:05:10.651 66830 INFO tempest.lib.common.rest_client [req-81bd43c0-b618-4bc2-bfbb-b658200edb4f req-81bd43c0-b618-4bc2-bfbb-b658200edb4f ] Request (ServerDiagnosticsTest:tearDownClass): 200 GET http://10.180.1.21/compute/v2.1/servers/b8f913d0-418e-46cb-bff7-2913fd2b528d 0.097s
2024-12-14 22:05:10.685 66884 INFO tempest.lib.common.rest_client [req-f49ab7c2-0204-428e-801d-1f3cf2d446ef req-f49ab7c2-0204-428e-801d-1f3cf2d446ef ] Request (ImagesTestJSON:test_create_image_from_stopped_server): 200 GET http://10.180.1.21/compute/v2.1/images/37eb6f76-cbe5-4397-aa8d-a73c80d9ee5d 0.130s
2024-12-14 22:05:10.744 66878 INFO tempest.lib.common.rest_client [req-d3bc735d-eca9-4486-8847-353666c0eab7 req-d3bc735d-eca9-4486-8847-353666c0eab7 ] Request (FloatingIPsAssociationTestJSON:setUpClass): 200 GET http://10.180.1.21/compute/v2.1/servers/bf8ae846-d7d3-4221-8a88-71dc75f34fbc 0.147s
2024-12-14 22:05:10.824 66880 INFO tempest.lib.common.rest_client [req-767b27c3-9396-4608-a11a-d7f226146a8e req-767b27c3-9396-4608-a11a-d7f226146a8e ] Request (ServerAddressesTestJSON:tearDownClass): 200 GET http://10.180.1.21/compute/v2.1/servers/a64850bf-39dd-4ca5-a1a1-81a1e287579c 0.215s
2024-12-14 22:05:10.968 66892 INFO tempest.lib.common.rest_client [req-ac6d5c8c-63e2-42b9-8292-40f4d9c9c41c req-ac6d5c8c-63e2-42b9-8292-40f4d9c9c41c ] Request (ServersV294TestFqdnHostnames:setUpClass): 200 GET http://10.180.1.21/compute/v2.1/servers/568b34cb-c389-4a7a-8f84-f483892f463c 0.321s
2024-12-14 22:05:10.978 66886 INFO tempest.lib.common.rest_client [req-230cc8ab-dd28-4189-9113-4bf8455ac6b8 req-230cc8ab-dd28-4189-9113-4bf8455ac6b8 ] Request (MigrationsAdminTest:test_list_migrations_in_flavor_resize_situation): 200 GET http://10.180.1.21/compute/v2.1/servers/691283c4-becb-4caa-8bc2-899110cf74b4 0.451s
2024-12-14 22:05:10.982 66892 INFO tempest.common.waiters [-] State transition "BUILD/networking" ==> "BUILD/spawning" after 47 second wait
2024-12-14 22:05:11.039 66838 INFO tempest.lib.common.rest_client [req-958588ea-7393-480a-a625-a6da739f28ea req-958588ea-7393-480a-a625-a6da739f28ea ] Request (ServerRescueNegativeTestJSON:setUpClass): 200 GET http://10.180.1.21/compute/v2.1/servers/097c15b8-6b13-4524-8b9f-ff1623f4fd05 0.388s
