2024-12-14 22:03:55.543 66880 INFO tempest.lib.common.rest_client [req-32799a5b-a985-4a7e-b42d-c3450b649a27 req-32799a5b-a985-4a7e-b42d-c3450b649a27 ] Request (ServerAddressesTestJSON:setUpClass): 201 POST http://10.180.1.21/identity/v3/users 0.060s
2024-12-14 22:03:55.544 66872 INFO tempest.lib.common.rest_client [req-783d705e-514a-4d21-bb2b-64cbc607da2f req-783d705e-514a-4d21-bb2b-64cbc607da2f ] Request (ServersWithSpecificFlavorTestJSON:test_verify_created_server_ephemeral_disk): 202 POST http://10.180.1.21/compute/v2.1/servers 3.568s
2024-12-14 22:03:55.563 66840 INFO tempest.lib.common.rest_client [req-1ee09160-ed93-4ca7-9444-2756bc4e9194 req-1ee09160-ed93-4ca7-9444-2756bc4e9194 ] Request (FlavorsExtraSpecsTestJSON:test_flavor_set_get_update_show_unset_keys): 200 GET http://10.180.1.21/compute/v2.1/flavors/173981393/os-extra_specs 3.573s
2024-12-14 22:03:55.569 66892 INFO tempest.lib.common.rest_client [req-0b0eaeb4-0255-4e32-9cd7-9a97320f4e33 req-0b0eaeb4-0255-4e32-9cd7-9a97320f4e33 ] Request (QuotaClassesAdminTestJSON:setUpClass): 200 GET http://10.180.1.21/identity/v3/domains?name=Default 0.052s
2024-12-14 22:03:55.588 66866 INFO tempest.lib.common.rest_client [req-0fe76416-f9cf-4f69-8a4d-b1e701c0a2c3 req-0fe76416-f9cf-4f69-8a4d-b1e701c0a2c3 ] Request (FlavorsExtraSpecsNegativeTestJSON:tearDownClass): 200 GET http://10.180.1.21/compute/v2.1/flavors/detail 3.597s
2024-12-14 22:03:55.597 66834 INFO tempest.lib.common.rest_client [req-0fead6fd-d9ca-4ebb-949a-961324212d74 req-0fead6fd-d9ca-4ebb-949a-961324212d74 ] Request (SecurityGroupsTestAdminJSON:tearDownClass): 204 DELETE http://10.180.1.21/identity/v3/projects/50c923313d1d4536ba86cbe371490a89 0.120s
2024-12-14 22:03:55.620 66880 INFO tempest.lib.common.rest_client [req-200bcf97-4c82-40f4-a433-cbda56cc5d4a req-200bcf97-4c82-40f4-a433-cbda56cc5d4a ] Request (ServerAddressesTestJSON:setUpClass): 200 GET http://10.180.1.21/identity/v3/roles 0.077s
2024-12-14 22:03:55.645 66892 INFO tempest.lib.common.rest_client [req-43e36bc7-eb11-4749-923a-186bb196b8b3 req-43e36bc7-eb11-4749-923a-186bb196b8b3 ] Request (QuotaClassesAdminTestJSON:setUpClass): 201 POST http://10.180.1.21/identity/v3/projects 0.076s
2024-12-14 22:03:55.679 66852 INFO tempest.lib.common.rest_client [req-850627d9-f5ed-4766-a101-6768be77b4a3 req-850627d9-f5ed-4766-a101-6768be77b4a3 ] Request (ServersAaction247Test:test_create_backup): 200 GET http://10.180.1.21/compute/v2.1/servers/4aaa7e45-fb16-4a47-9743-c7c11e941477 2.945s
2024-12-14 22:03:55.708 66866 INFO tempest.lib.common.rest_client [req-784f261d-415e-41f1-ad15-0005292c1898 req-784f261d-415e-41f1-ad15-0005292c1898 ] Request (FlavorsExtraSpecsNegativeTestJSON:tearDownClass): 204 DELETE http://10.180.1.21/identity/v3/users/e24b48d2f6ba4b5fa4babd5ffe9164f2 0.113s
2024-12-14 22:03:55.743 66834 INFO tempest.lib.common.rest_client [req-0be42fb5-8c5d-40a6-ad40-059c8f08ce1c req-0be42fb5-8c5d-40a6-ad40-059c8f08ce1c ] Request (ServerDiagnosticsNegativeTest:setUpClass): 201 POST http://10.180.1.21/identity/v3/auth/tokens 0.144s
2024-12-14 22:03:55.772 66892 INFO tempest.lib.common.rest_client [req-24ab7af5-7b3c-4365-a55f-14a2d8fb1868 req-24ab7af5-7b3c-4365-a55f-14a2d8fb1868 ] Request (QuotaClassesAdminTestJSON:setUpClass): 201 POST http://10.180.1.21/identity/v3/users 0.126s
2024-12-14 22:03:55.797 66880 INFO tempest.lib.common.rest_client [req-136ad225-2dbe-44b1-a233-70144a097cd7 req-136ad225-2dbe-44b1-a233-70144a097cd7 ] Request (ServerAddressesTestJSON:setUpClass): 204 PUT http://10.180.1.21/identity/v3/projects/26c5b75ec3414e66bf0a28e908be618f/users/a6b70ca33e4948d48c0887c19b19946d/roles/37e868e27bdb421cacf4360f644dd2a3 0.176s
2024-12-14 22:03:55.797 66880 INFO tempest.lib.common.dynamic_creds [-] Dynamic test user a6b70ca33e4948d48c0887c19b19946d is created with scope project and roles: ['member']
2024-12-14 22:03:55.797 66880 INFO tempest.lib.common.dynamic_creds [-] Acquired dynamic creds: credentials: Credentials: {'domain_id': 'default', 'domain_name': 'Default', 'username': 'tempest-ServerAddressesTestJSON-1075793199-project-member', 'project_domain_id': 'default', 'project_domain_name': 'Default', 'project_id': '26c5b75ec3414e66bf0a28e908be618f', 'project_name': 'tempest-ServerAddressesTestJSON-1075793199', 'tenant_id': '26c5b75ec3414e66bf0a28e908be618f', 'tenant_name': 'tempest-ServerAddressesTestJSON-1075793199', 'user_domain_id': 'default', 'user_domain_name': 'Default', 'user_id': 'a6b70ca33e4948d48c0887c19b19946d', 'system': None}, Network: None, Subnet: None, Router: None
2024-12-14 22:03:55.853 66866 INFO tempest.lib.common.rest_client [req-92b951bf-b5de-4460-b7ab-56952ddba184 req-92b951bf-b5de-4460-b7ab-56952ddba184 ] Request (FlavorsExtraSpecsNegativeTestJSON:tearDownClass): 204 DELETE http://10.180.1.21/identity/v3/users/ae0792203200481d8673243779c190f2 0.145s
2024-12-14 22:03:55.853 66866 INFO tempest.lib.common.dynamic_creds [-] Deleting project and security group for project: ec7e5f0bf8924b6c8a1b97046e0a99ce
2024-12-14 22:03:55.856 66834 INFO tempest.lib.common.rest_client [req-c3cb6e54-b614-4d37-a676-83c2912bb5af req-c3cb6e54-b614-4d37-a676-83c2912bb5af ] Request (ServerDiagnosticsNegativeTest:setUpClass): 201 POST http://10.180.1.21/identity/v3/auth/tokens 0.111s
2024-12-14 22:03:55.860 66860 INFO tempest.lib.common.rest_client [req-05e9160d-8ddf-42b3-9120-ee2a4da5d985 req-05e9160d-8ddf-42b3-9120-ee2a4da5d985 ] Request (ServerDiagnosticsV248Test:test_get_server_diagnostics): 200 GET http://10.180.1.21/compute/v2.1/servers/5d7417eb-c71d-4cec-b13e-845a652ef709/diagnostics 3.870s
2024-12-14 22:03:55.914 66880 INFO tempest.lib.common.rest_client [req-73ce5d5a-50e6-4841-bd70-5bb0d52ea3c8 req-73ce5d5a-50e6-4841-bd70-5bb0d52ea3c8 ] Request (ServerAddressesTestJSON:setUpClass): 201 POST http://10.180.1.21/identity/v3/auth/tokens 0.116s
2024-12-14 22:03:55.949 66866 INFO tempest.lib.common.rest_client [req-1a36b10d-37e4-4095-880d-84745bd46d47 req-1a36b10d-37e4-4095-880d-84745bd46d47 ] Request (FlavorsExtraSpecsNegativeTestJSON:tearDownClass): 201 POST http://10.180.1.21/identity/v3/auth/tokens 0.096s
2024-12-14 22:03:55.955 66892 INFO tempest.lib.common.rest_client [req-4850bdcd-3603-4217-82e7-9861f0ae979e req-4850bdcd-3603-4217-82e7-9861f0ae979e ] Request (QuotaClassesAdminTestJSON:setUpClass): 200 GET http://10.180.1.21/identity/v3/roles 0.183s
2024-12-14 22:03:55.982 66834 INFO tempest.lib.common.rest_client [req-a91779ca-0477-4cf4-973e-7dcd0afbb53c req-a91779ca-0477-4cf4-973e-7dcd0afbb53c ] Request (ServerDiagnosticsNegativeTest:setUpClass): 200 GET http://10.180.1.21/identity/v3/domains?name=Default 0.126s
2024-12-14 22:03:56.083 66892 INFO tempest.lib.common.rest_client [req-0b98a124-b90d-4f03-995b-bb7a7ea4f774 req-0b98a124-b90d-4f03-995b-bb7a7ea4f774 ] Request (QuotaClassesAdminTestJSON:setUpClass): 204 PUT http://10.180.1.21/identity/v3/projects/dc6052d0a28448efb957edf7408db39c/users/46cc442383724f138d68ca325fcc863e/roles/37e868e27bdb421cacf4360f644dd2a3 0.127s
2024-12-14 22:03:56.083 66892 INFO tempest.lib.common.dynamic_creds [-] Dynamic test user 46cc442383724f138d68ca325fcc863e is created with scope project and roles: ['member']
2024-12-14 22:03:56.083 66892 INFO tempest.lib.common.dynamic_creds [-] Acquired dynamic creds: credentials: Credentials: {'domain_id': 'default', 'domain_name': 'Default', 'username': 'tempest-QuotaClassesAdminTestJSON-1301372960-project-member', 'project_domain_id': 'default', 'project_domain_name': 'Default', 'project_id': 'dc6052d0a28448efb957edf7408db39c', 'project_name': 'tempest-QuotaClassesAdminTestJSON-1301372960', 'tenant_id': 'dc6052d0a28448efb957edf7408db39c', 'tenant_name': 'tempest-QuotaClassesAdminTestJSON-1301372960', 'user_domain_id': 'default', 'user_domain_name': 'Default', 'user_id': '46cc442383724f138d68ca325fcc863e', 'system': None}, Network: None, Subnet: None, Router: None
2024-12-14 22:03:56.083 66892 INFO tempest.lib.common.dynamic_creds [-] Created isolated network resources for: credentials: Credentials: {'domain_id': 'default', 'domain_name': 'Default', 'username': 'tempest-QuotaClassesAdminTestJSON-1301372960-project-member', 'project_domain_id': 'default', 'project_domain_name': 'Default', 'project_id': 'dc6052d0a28448efb957edf7408db39c', 'project_name': 'tempest-QuotaClassesAdminTestJSON-1301372960', 'tenant_id': 'dc6052d0a28448efb957edf7408db39c', 'tenant_name': 'tempest-QuotaClassesAdminTestJSON-1301372960', 'user_domain_id': 'default', 'user_domain_name': 'Default', 'user_id': '46cc442383724f138d68ca325fcc863e', 'system': None}, Network: None, Subnet: None, Router: None
2024-12-14 22:03:56.105 66856 INFO tempest.lib.common.rest_client [req-051f127f-95b0-411d-8b7c-0f5ced11a3bd req-051f127f-95b0-411d-8b7c-0f5ced11a3bd ] Request (HypervisorAdminTestJSON:test_get_hypervisor_list): 200 GET http://10.180.1.21/compute/v2.1/os-hypervisors 3.321s
2024-12-14 22:03:56.147 66876 INFO tempest.lib.common.rest_client [req-fcd42038-adea-4474-8f58-7abe79cdcef3 req-fcd42038-adea-4474-8f58-7abe79cdcef3 ] Request (TenantUsagesTestJSON:setUpClass): 200 GET http://10.180.1.21/compute/v2.1/servers/fca3afab-53ba-4347-9ba1-2f8dd5200d22 3.395s
2024-12-14 22:03:56.154 66834 INFO tempest.lib.common.rest_client [req-8881f841-7c5b-4e7f-8c6d-d14117f1a971 req-8881f841-7c5b-4e7f-8c6d-d14117f1a971 ] Request (ServerDiagnosticsNegativeTest:setUpClass): 201 POST http://10.180.1.21/identity/v3/projects 0.171s
2024-12-14 22:03:56.161 66876 INFO tempest.common.waiters [-] State transition "BUILD/spawning" ==> "ACTIVE/None" after 20 second wait
2024-12-14 22:03:56.224 66834 INFO tempest.lib.common.rest_client [req-43e83262-b01b-4959-85fd-91945cb6f421 req-43e83262-b01b-4959-85fd-91945cb6f421 ] Request (ServerDiagnosticsNegativeTest:setUpClass): 201 POST http://10.180.1.21/identity/v3/users 0.070s
2024-12-14 22:03:56.236 66892 INFO tempest.lib.common.rest_client [req-014e1b42-e106-4309-aa07-de9b76377a14 req-014e1b42-e106-4309-aa07-de9b76377a14 ] Request (QuotaClassesAdminTestJSON:setUpClass): 201 POST http://10.180.1.21/identity/v3/auth/tokens 0.149s
2024-12-14 22:03:56.253 66834 INFO tempest.lib.common.rest_client [req-b3cbcf05-d949-4840-aeeb-0f6b752b11f0 req-b3cbcf05-d949-4840-aeeb-0f6b752b11f0 ] Request (ServerDiagnosticsNegativeTest:setUpClass): 200 GET http://10.180.1.21/identity/v3/roles 0.028s
2024-12-14 22:03:56.281 66892 INFO tempest.lib.common.rest_client [req-2dc74553-942d-457a-a5fc-b13b32b7a6c4 req-2dc74553-942d-457a-a5fc-b13b32b7a6c4 ] Request (QuotaClassesAdminTestJSON:setUpClass): 201 POST http://10.180.1.21/identity/v3/projects 0.044s
2024-12-14 22:03:56.287 66834 INFO tempest.lib.common.rest_client [req-32a2bc9e-9db6-4ebe-a89d-98fff196bb00 req-32a2bc9e-9db6-4ebe-a89d-98fff196bb00 ] Request (ServerDiagnosticsNegativeTest:setUpClass): 204 PUT http://10.180.1.21/identity/v3/projects/4be47c84e5aa4c93a9a2290a4123b898/users/500c6fd302584687be438a32ce82c5af/roles/37e868e27bdb421cacf4360f644dd2a3 0.034s
2024-12-14 22:03:56.288 66834 INFO tempest.lib.common.dynamic_creds [-] Dynamic test user 500c6fd302584687be438a32ce82c5af is created with scope project and roles: ['member']
2024-12-14 22:03:56.288 66834 INFO tempest.lib.common.dynamic_creds [-] Acquired dynamic creds: credentials: Credentials: {'domain_id': 'default', 'domain_name': 'Default', 'username': 'tempest-ServerDiagnosticsNegativeTest-1305747790-project-member', 'project_domain_id': 'default', 'project_domain_name': 'Default', 'project_id': '4be47c84e5aa4c93a9a2290a4123b898', 'project_name': 'tempest-ServerDiagnosticsNegativeTest-1305747790', 'tenant_id': '4be47c84e5aa4c93a9a2290a4123b898', 'tenant_name': 'tempest-ServerDiagnosticsNegativeTest-1305747790', 'user_domain_id': 'default', 'user_domain_name': 'Default', 'user_id': '500c6fd302584687be438a32ce82c5af', 'system': None}, Network: None, Subnet: None, Router: None
2024-12-14 22:03:56.288 66834 INFO tempest.lib.common.dynamic_creds [-] Created isolated network resources for: credentials: Credentials: {'domain_id': 'default', 'domain_name': 'Default', 'username': 'tempest-ServerDiagnosticsNegativeTest-1305747790-project-member', 'project_domain_id': 'default', 'project_domain_name': 'Default', 'project_id': '4be47c84e5aa4c93a9a2290a4123b898', 'project_name': 'tempest-ServerDiagnosticsNegativeTest-1305747790', 'tenant_id': '4be47c84e5aa4c93a9a2290a4123b898', 'tenant_name': 'tempest-ServerDiagnosticsNegativeTest-1305747790', 'user_domain_id': 'default', 'user_domain_name': 'Default', 'user_id': '500c6fd302584687be438a32ce82c5af', 'system': None}, Network: None, Subnet: None, Router: None
2024-12-14 22:03:56.363 66834 INFO tempest.lib.common.rest_client [req-e18deb9d-de44-4660-ba3f-322efc455bc7 req-e18deb9d-de44-4660-ba3f-322efc455bc7 ] Request (ServerDiagnosticsNegativeTest:setUpClass): 201 POST http://10.180.1.21/identity/v3/auth/tokens 0.071s
2024-12-14 22:03:56.376 66892 INFO tempest.lib.common.rest_client [req-2d1bd5d5-f445-40f3-afc1-b9dea3bfe61a req-2d1bd5d5-f445-40f3-afc1-b9dea3bfe61a ] Request (QuotaClassesAdminTestJSON:setUpClass): 201 POST http://10.180.1.21/identity/v3/users 0.095s
2024-12-14 22:03:56.401 66892 INFO tempest.lib.common.rest_client [req-2a69c936-a964-4ad9-baea-c9ac7de63366 req-2a69c936-a964-4ad9-baea-c9ac7de63366 ] Request (QuotaClassesAdminTestJSON:setUpClass): 200 GET http://10.180.1.21/identity/v3/roles 0.025s
2024-12-14 22:03:56.413 66834 INFO tempest.lib.common.rest_client [req-9b79a6d7-efb1-41fe-94d8-aee06f5520f1 req-9b79a6d7-efb1-41fe-94d8-aee06f5520f1 ] Request (ServerDiagnosticsNegativeTest:setUpClass): 201 POST http://10.180.1.21/identity/v3/projects 0.049s
2024-12-14 22:03:56.419 66890 INFO tempest.lib.common.rest_client [req-58f5b4a9-6b69-496d-b379-e289531dabad req-58f5b4a9-6b69-496d-b379-e289531dabad ] Request (ServerDiskConfigTestJSON:test_rebuild_server_with_auto_disk_config): 200 GET http://10.180.1.21/compute/v2.1/servers/5333988c-9980-4aca-a0f3-42c4c748f4ae 2.996s
2024-12-14 22:03:56.420 66886 INFO tempest.lib.common.rest_client [req-3bbf8ab8-a955-4dc9-b4d3-4425f5e0226e req-3bbf8ab8-a955-4dc9-b4d3-4425f5e0226e ] Request (MigrationsAdminTest:test_list_migrations_in_flavor_resize_situation): 200 GET http://10.180.1.21/compute/v2.1/servers/691283c4-becb-4caa-8bc2-899110cf74b4 3.521s
2024-12-14 22:03:56.428 66886 INFO tempest.common.waiters [-] State transition "BUILD/networking" ==> "BUILD/spawning" after 10 second wait
2024-12-14 22:03:56.488 66850 INFO tempest.lib.common.rest_client [req-bcb76c2b-c601-4770-a9e5-645dafd196a1 req-bcb76c2b-c601-4770-a9e5-645dafd196a1 ] Request (AggregatesAdminNegativeTestJSON:_run_cleanups): 200 DELETE http://10.180.1.21/compute/v2.1/os-aggregates/3 2.975s
2024-12-14 22:03:56.496 66880 INFO tempest.lib.common.rest_client [req-4d3ba239-211d-471d-bad4-22b5705eb868 req-4d3ba239-211d-471d-bad4-22b5705eb868 ] Request (ServerAddressesTestJSON:setUpClass): 201 POST http://10.180.1.21:9696/networking/v2.0/networks 0.582s
2024-12-14 22:03:56.516 66834 INFO tempest.lib.common.rest_client [req-91e7b3ff-e0bb-4b92-85b3-86ba18142d48 req-91e7b3ff-e0bb-4b92-85b3-86ba18142d48 ] Request (ServerDiagnosticsNegativeTest:setUpClass): 201 POST http://10.180.1.21/identity/v3/users 0.102s
2024-12-14 22:03:56.526 66846 INFO tempest.lib.common.rest_client [req-03414897-65ba-4397-a5ae-a27b917f6c3e req-03414897-65ba-4397-a5ae-a27b917f6c3e ] Request (ImagesOneServerTestJSON:setUpClass): 200 GET http://10.180.1.21/compute/v2.1/servers/204444c0-0fc4-4053-8fb1-c4e182070d39 3.036s
2024-12-14 22:03:56.526 66866 INFO tempest.lib.common.rest_client [req-c14d3327-3567-464f-b714-39ea42ae5182 req-c14d3327-3567-464f-b714-39ea42ae5182 ] Request (FlavorsExtraSpecsNegativeTestJSON:tearDownClass): 200 GET http://10.180.1.21:9696/networking/v2.0/security-groups?tenant_id=ec7e5f0bf8924b6c8a1b97046e0a99ce&name=default 0.576s
2024-12-14 22:03:56.541 66892 INFO tempest.lib.common.rest_client [req-967adabb-99a8-42d1-aa66-832382621a01 req-967adabb-99a8-42d1-aa66-832382621a01 ] Request (QuotaClassesAdminTestJSON:setUpClass): 204 PUT http://10.180.1.21/identity/v3/projects/947a779fa76e4aba89a3c4ed205d5c2f/users/5f8e8021c2dc4aa09895b6be5f30de6b/roles/7948aaf56dc5457e903e4549e9513fd6 0.139s
2024-12-14 22:03:56.543 66834 INFO tempest.lib.common.rest_client [req-d4573125-94fa-458b-a93f-98bc2185c239 req-d4573125-94fa-458b-a93f-98bc2185c239 ] Request (ServerDiagnosticsNegativeTest:setUpClass): 200 GET http://10.180.1.21/identity/v3/roles 0.026s
2024-12-14 22:03:56.608 66892 INFO tempest.lib.common.rest_client [req-0e2b6178-1536-415c-8bd1-0ab1fbf72b91 req-0e2b6178-1536-415c-8bd1-0ab1fbf72b91 ] Request (QuotaClassesAdminTestJSON:setUpClass): 200 GET http://10.180.1.21/identity/v3/roles 0.066s
2024-12-14 22:03:56.619 66834 INFO tempest.lib.common.rest_client [req-acc3752c-eab9-494a-affe-8d90dc4a7d03 req-acc3752c-eab9-494a-affe-8d90dc4a7d03 ] Request (ServerDiagnosticsNegativeTest:setUpClass): 204 PUT http://10.180.1.21/identity/v3/projects/edf2fdd2010a412d9142a1123fae7f3a/users/d5755b57e4a8493d9bc2e033829f0924/roles/7948aaf56dc5457e903e4549e9513fd6 0.076s
2024-12-14 22:03:56.630 66892 INFO tempest.lib.common.rest_client [req-c558544d-ee17-46fd-9e30-6a9689510e72 req-c558544d-ee17-46fd-9e30-6a9689510e72 ] Request (QuotaClassesAdminTestJSON:setUpClass): 204 PUT http://10.180.1.21/identity/v3/projects/947a779fa76e4aba89a3c4ed205d5c2f/users/5f8e8021c2dc4aa09895b6be5f30de6b/roles/7948aaf56dc5457e903e4549e9513fd6 0.022s
2024-12-14 22:03:56.630 66892 INFO tempest.lib.common.dynamic_creds [-] Dynamic test user 5f8e8021c2dc4aa09895b6be5f30de6b is created with scope project and roles: ['admin']
2024-12-14 22:03:56.632 66892 INFO tempest.lib.common.dynamic_creds [-] Acquired dynamic creds: credentials: Credentials: {'domain_id': 'default', 'domain_name': 'Default', 'username': 'tempest-QuotaClassesAdminTestJSON-1904318742-project-admin', 'project_domain_id': 'default', 'project_domain_name': 'Default', 'project_id': '947a779fa76e4aba89a3c4ed205d5c2f', 'project_name': 'tempest-QuotaClassesAdminTestJSON-1904318742', 'tenant_id': '947a779fa76e4aba89a3c4ed205d5c2f', 'tenant_name': 'tempest-QuotaClassesAdminTestJSON-1904318742', 'user_domain_id': 'default', 'user_domain_name': 'Default', 'user_id': '5f8e8021c2dc4aa09895b6be5f30de6b', 'system': None}, Network: None, Subnet: None, Router: None
2024-12-14 22:03:56.632 66892 INFO tempest.lib.common.dynamic_creds [-] Created isolated network resources for: credentials: Credentials: {'domain_id': 'default', 'domain_name': 'Default', 'username': 'tempest-QuotaClassesAdminTestJSON-1904318742-project-admin', 'project_domain_id': 'default', 'project_domain_name': 'Default', 'project_id': '947a779fa76e4aba89a3c4ed205d5c2f', 'project_name': 'tempest-QuotaClassesAdminTestJSON-1904318742', 'tenant_id': '947a779fa76e4aba89a3c4ed205d5c2f', 'tenant_name': 'tempest-QuotaClassesAdminTestJSON-1904318742', 'user_domain_id': 'default', 'user_domain_name': 'Default', 'user_id': '5f8e8021c2dc4aa09895b6be5f30de6b', 'system': None}, Network: None, Subnet: None, Router: None
2024-12-14 22:03:56.706 66834 INFO tempest.lib.common.rest_client [req-a0c7164c-ba54-44e1-9898-9f4af4133097 req-a0c7164c-ba54-44e1-9898-9f4af4133097 ] Request (ServerDiagnosticsNegativeTest:setUpClass): 200 GET http://10.180.1.21/identity/v3/roles 0.086s
2024-12-14 22:03:56.727 66834 INFO tempest.lib.common.rest_client [req-03f87cec-4826-4eac-a922-1756bc9743c7 req-03f87cec-4826-4eac-a922-1756bc9743c7 ] Request (ServerDiagnosticsNegativeTest:setUpClass): 204 PUT http://10.180.1.21/identity/v3/projects/edf2fdd2010a412d9142a1123fae7f3a/users/d5755b57e4a8493d9bc2e033829f0924/roles/7948aaf56dc5457e903e4549e9513fd6 0.020s
2024-12-14 22:03:56.727 66834 INFO tempest.lib.common.dynamic_creds [-] Dynamic test user d5755b57e4a8493d9bc2e033829f0924 is created with scope project and roles: ['admin']
2024-12-14 22:03:56.727 66834 INFO tempest.lib.common.dynamic_creds [-] Acquired dynamic creds: credentials: Credentials: {'domain_id': 'default', 'domain_name': 'Default', 'username': 'tempest-ServerDiagnosticsNegativeTest-1237470523-project-admin', 'project_domain_id': 'default', 'project_domain_name': 'Default', 'project_id': 'edf2fdd2010a412d9142a1123fae7f3a', 'project_name': 'tempest-ServerDiagnosticsNegativeTest-1237470523', 'tenant_id': 'edf2fdd2010a412d9142a1123fae7f3a', 'tenant_name': 'tempest-ServerDiagnosticsNegativeTest-1237470523', 'user_domain_id': 'default', 'user_domain_name': 'Default', 'user_id': 'd5755b57e4a8493d9bc2e033829f0924', 'system': None}, Network: None, Subnet: None, Router: None
2024-12-14 22:03:56.728 66834 INFO tempest.lib.common.dynamic_creds [-] Created isolated network resources for: credentials: Credentials: {'domain_id': 'default', 'domain_name': 'Default', 'username': 'tempest-ServerDiagnosticsNegativeTest-1237470523-project-admin', 'project_domain_id': 'default', 'project_domain_name': 'Default', 'project_id': 'edf2fdd2010a412d9142a1123fae7f3a', 'project_name': 'tempest-ServerDiagnosticsNegativeTest-1237470523', 'tenant_id': 'edf2fdd2010a412d9142a1123fae7f3a', 'tenant_name': 'tempest-ServerDiagnosticsNegativeTest-1237470523', 'user_domain_id': 'default', 'user_domain_name': 'Default', 'user_id': 'd5755b57e4a8493d9bc2e033829f0924', 'system': None}, Network: None, Subnet: None, Router: None
2024-12-14 22:03:56.734 66892 INFO tempest.lib.common.rest_client [req-cdc994c7-0b18-4f9f-8f2a-d7ec2c76c01d req-cdc994c7-0b18-4f9f-8f2a-d7ec2c76c01d ] Request (QuotaClassesAdminTestJSON:setUpClass): 201 POST http://10.180.1.21/identity/v3/auth/tokens 0.098s
2024-12-14 22:03:56.813 66834 INFO tempest.lib.common.rest_client [req-5a1d3b3a-61f9-47f7-83b8-26d654fc4457 req-5a1d3b3a-61f9-47f7-83b8-26d654fc4457 ] Request (ServerDiagnosticsNegativeTest:setUpClass): 201 POST http://10.180.1.21/identity/v3/auth/tokens 0.082s
2024-12-14 22:03:56.851 66848 INFO tempest.lib.common.rest_client [req-09b6a040-66bb-443f-92db-5b2aa3143070 req-09b6a040-66bb-443f-92db-5b2aa3143070 ] Request (VolumesAdminNegativeTest:test_update_attached_volume_with_nonexistent_volume_in_body): 200 GET http://10.180.1.21/compute/v2.1/servers/a1b021c1-4a56-440e-903a-9b8d13d18fa2 3.267s
2024-12-14 22:03:56.863 66866 INFO tempest.lib.common.rest_client [req-98f9e703-1427-432b-854a-faaf714c01db req-98f9e703-1427-432b-854a-faaf714c01db ] Request (FlavorsExtraSpecsNegativeTestJSON:tearDownClass): 204 DELETE http://10.180.1.21:9696/networking/v2.0/security-groups/5726ec16-26d0-4a74-8e83-3bb1c815a36b 0.336s
2024-12-14 22:03:56.905 66834 INFO tempest.lib.common.rest_client [req-a770bfdb-883b-43bb-8f4f-7542b90dff52 req-a770bfdb-883b-43bb-8f4f-7542b90dff52 ] Request (ServerDiagnosticsNegativeTest:test_get_server_diagnostics_by_non_admin): 201 POST http://10.180.1.21/identity/v3/auth/tokens 0.088s
2024-12-14 22:03:56.905 66834 INFO tempest.lib.common.fixed_network [-] (ServerDiagnosticsNegativeTest:test_get_server_diagnostics_by_non_admin) Found network None available for tenant
2024-12-14 22:03:56.974 66866 INFO tempest.lib.common.rest_client [req-67c5235d-d558-43fc-abcb-631d96974cf2 req-67c5235d-d558-43fc-abcb-631d96974cf2 ] Request (FlavorsExtraSpecsNegativeTestJSON:tearDownClass): 204 DELETE http://10.180.1.21/identity/v3/projects/ec7e5f0bf8924b6c8a1b97046e0a99ce 0.110s
2024-12-14 22:03:56.974 66866 INFO tempest.lib.common.dynamic_creds [-] Deleting project and security group for project: 755341ce49564ba08e180054a6e1da77
2024-12-14 22:03:57.099 66880 INFO tempest.lib.common.rest_client [req-2ba13d3e-c5d9-4760-ad3b-541a11564634 req-2ba13d3e-c5d9-4760-ad3b-541a11564634 ] Request (ServerAddressesTestJSON:setUpClass): 201 POST http://10.180.1.21:9696/networking/v2.0/subnets 0.602s
2024-12-14 22:03:57.108 66842 INFO tempest.lib.common.rest_client [req-ca6e5690-82cc-4f73-bcc3-5f37f3ac1994 req-ca6e5690-82cc-4f73-bcc3-5f37f3ac1994 ] Request (InstanceActionsNegativeTestJSON:setUpClass): 200 GET http://10.180.1.21/compute/v2.1/servers/762115bf-9390-48e5-af73-803669426742 3.029s
2024-12-14 22:03:57.136 66838 INFO tempest.lib.common.rest_client [req-4b687da8-b096-47b0-8fe3-d4f56956e251 req-4b687da8-b096-47b0-8fe3-d4f56956e251 ] Request (SecurityGroupRulesTestJSON:setUpClass): 200 PUT http://10.180.1.21:9696/networking/v2.0/routers/1da16666-637f-49e4-a801-96c7f7abc36d/add_router_interface 3.277s
2024-12-14 22:03:57.136 66838 INFO tempest.lib.common.dynamic_creds [-] Created isolated network resources for: credentials: Credentials: {'domain_id': 'default', 'domain_name': 'Default', 'username': 'tempest-SecurityGroupRulesTestJSON-420715740-project-member', 'project_domain_id': 'default', 'project_domain_name': 'Default', 'project_id': '0117a05e88a34b4d8321c097021c9952', 'project_name': 'tempest-SecurityGroupRulesTestJSON-420715740', 'tenant_id': '0117a05e88a34b4d8321c097021c9952', 'tenant_name': 'tempest-SecurityGroupRulesTestJSON-420715740', 'user_domain_id': 'default', 'user_domain_name': 'Default', 'user_id': 'cfb12f56697e475ea4a2b6f4d2c2bc8e', 'system': None}, Network: {'id': 'ae3a5bc9-2156-4a76-a857-9c7435520d8d', 'name': 'tempest-SecurityGroupRulesTestJSON-1716154309-network', 'tenant_id': '0117a05e88a34b4d8321c097021c9952', 'admin_state_up': True, 'mtu': 8950, 'status': 'ACTIVE', 'subnets': [], 'shared': False, 'project_id': '0117a05e88a34b4d8321c097021c9952', 'port_security_enabled': True, 'router:external': False, 'provider:network_type': 'vlan', 'provider:physical_network': 'default', 'provider:segmentation_id': 666, 'availability_zone_hints': [], 'availability_zones': [], 'ipv4_address_scope': None, 'ipv6_address_scope': None, 'description': '', 'tags': [], 'created_at': '2024-12-14T22:03:51Z', 'updated_at': '2024-12-14T22:03:51Z', 'revision_number': 1}, Subnet: {'id': '4df2ac5b-461d-4130-9485-fb959de641dc', 'name': 'tempest-SecurityGroupRulesTestJSON-1716154309-subnet', 'tenant_id': '0117a05e88a34b4d8321c097021c9952', 'network_id': 'ae3a5bc9-2156-4a76-a857-9c7435520d8d', 'ip_version': 4, 'subnetpool_id': None, 'enable_dhcp': True, 'ipv6_ra_mode': None, 'ipv6_address_mode': None, 'gateway_ip': '192.168.128.1', 'cidr': '192.168.128.0/28', 'allocation_pools': [{'start': '192.168.128.2', 'end': '192.168.128.14'}], 'host_routes': [], 'dns_nameservers': [], 'description': '', 'router:external': False, 'service_types': [], 'tags': [], 'created_at': '2024-12-14T22:03:52Z', 'updated_at': '2024-12-14T22:03:52Z', 'revision_number': 0, 'project_id': '0117a05e88a34b4d8321c097021c9952'}, Router: {'id': '1da16666-637f-49e4-a801-96c7f7abc36d', 'name': 'tempest-SecurityGroupRulesTestJSON-1716154309-router', 'tenant_id': '0117a05e88a34b4d8321c097021c9952', 'admin_state_up': True, 'status': 'ACTIVE', 'external_gateway_info': {'network_id': '5988ff94-71ce-4c20-a3ae-cbcf11906afa', 'external_fixed_ips': [{'subnet_id': 'bb65f7a7-329d-496b-a86f-0a51989c9379', 'ip_address': '10.180.180.178'}], 'enable_snat': True}, 'description': '', 'availability_zones': [], 'distributed': False, 'ha': False, 'availability_zone_hints': [], 'routes': [], 'flavor_id': None, 'tags': [], 'created_at': '2024-12-14T22:03:52Z', 'updated_at': '2024-12-14T22:03:53Z', 'revision_number': 2, 'project_id': '0117a05e88a34b4d8321c097021c9952'}
2024-12-14 22:03:57.246 66838 INFO tempest.lib.common.rest_client [req-68dac4ad-6526-4b5a-afff-dc13bb6541b0 req-68dac4ad-6526-4b5a-afff-dc13bb6541b0 ] Request (SecurityGroupRulesTestJSON:setUpClass): 201 POST http://10.180.1.21/identity/v3/auth/tokens 0.106s
2024-12-14 22:03:57.317 66866 INFO tempest.lib.common.rest_client [req-cf95d3f0-9cf8-4389-9e0b-35567e063398 req-cf95d3f0-9cf8-4389-9e0b-35567e063398 ] Request (FlavorsExtraSpecsNegativeTestJSON:tearDownClass): 200 GET http://10.180.1.21:9696/networking/v2.0/security-groups?tenant_id=755341ce49564ba08e180054a6e1da77&name=default 0.342s
2024-12-14 22:03:57.338 66884 INFO tempest.lib.common.rest_client [req-e33290c6-0051-43b2-94a3-40f4ad3dc552 req-e33290c6-0051-43b2-94a3-40f4ad3dc552 ] Request (FloatingIPDetailsTestJSON:tearDownClass): 202 DELETE http://10.180.1.21/compute/v2.1/os-floating-ips/65a9d58b-44e3-487c-851f-739399395b08 3.396s
2024-12-14 22:03:57.417 66878 INFO tempest.lib.common.rest_client [req-e40c13d7-bbee-4561-8753-de0dc91546bd req-e40c13d7-bbee-4561-8753-de0dc91546bd ] Request (ServersAdmin275Test:test_rebuild_update_server_275): 202 POST http://10.180.1.21/compute/v2.1/servers/e0e62316-8e27-4949-a050-3f05f8020ca1/action 3.274s
2024-12-14 22:03:57.423 66882 INFO tempest.lib.common.rest_client [req-1fd703bc-b699-4aa8-8fa8-d31d204bc050 req-1fd703bc-b699-4aa8-8fa8-d31d204bc050 ] Request (HypervisorAdminNegativeTestJSON:test_get_nonexistent_hypervisor_uptime): 404 GET http://10.180.1.21/compute/v2.1/os-hypervisors/d7c200d4-80d3-4971-8a77-01676bad160e/uptime 3.011s
2024-12-14 22:03:57.443 66836 INFO tempest.lib.common.rest_client [req-75c39b29-b8dd-4d86-a7b5-5e0c0a63a33c req-75c39b29-b8dd-4d86-a7b5-5e0c0a63a33c ] Request (FlavorsAdminTestJSON:_run_cleanups): 200 GET http://10.180.1.21/compute/v2.1/flavors/detail 3.006s
2024-12-14 22:03:57.509 66862 INFO tempest.lib.common.rest_client [req-f5a821ef-6e7a-4043-8edd-2990546bf096 req-f5a821ef-6e7a-4043-8edd-2990546bf096 ] Request (ImagesOneServerNegativeTestJSON:setUpClass): 200 PUT http://10.180.1.21:9696/networking/v2.0/routers/115384d1-2b15-41c9-b628-d2039e8bc029/add_router_interface 3.260s
2024-12-14 22:03:57.509 66862 INFO tempest.lib.common.dynamic_creds [-] Created isolated network resources for: credentials: Credentials: {'domain_id': 'default', 'domain_name': 'Default', 'username': 'tempest-ImagesOneServerNegativeTestJSON-347760392-project-member', 'project_domain_id': 'default', 'project_domain_name': 'Default', 'project_id': '3e087d09d08941e2b3604529b737c47d', 'project_name': 'tempest-ImagesOneServerNegativeTestJSON-347760392', 'tenant_id': '3e087d09d08941e2b3604529b737c47d', 'tenant_name': 'tempest-ImagesOneServerNegativeTestJSON-347760392', 'user_domain_id': 'default', 'user_domain_name': 'Default', 'user_id': '34c9aa1dc99d4dd0a5c5067f624786fe', 'system': None}, Network: {'id': '90366ae7-9bbf-4ebd-9f18-dab8ce0da7a1', 'name': 'tempest-ImagesOneServerNegativeTestJSON-1604996319-network', 'tenant_id': '3e087d09d08941e2b3604529b737c47d', 'admin_state_up': True, 'mtu': 8950, 'status': 'ACTIVE', 'subnets': [], 'shared': False, 'project_id': '3e087d09d08941e2b3604529b737c47d', 'port_security_enabled': True, 'router:external': False, 'provider:network_type': 'vlan', 'provider:physical_network': 'default', 'provider:segmentation_id': 117, 'availability_zone_hints': [], 'availability_zones': [], 'ipv4_address_scope': None, 'ipv6_address_scope': None, 'description': '', 'tags': [], 'created_at': '2024-12-14T22:03:50Z', 'updated_at': '2024-12-14T22:03:50Z', 'revision_number': 1}, Subnet: {'id': '19734d21-afbf-4c4a-88aa-abd62cc8d1fc', 'name': 'tempest-ImagesOneServerNegativeTestJSON-1604996319-subnet', 'tenant_id': '3e087d09d08941e2b3604529b737c47d', 'network_id': '90366ae7-9bbf-4ebd-9f18-dab8ce0da7a1', 'ip_version': 4, 'subnetpool_id': None, 'enable_dhcp': True, 'ipv6_ra_mode': None, 'ipv6_address_mode': None, 'gateway_ip': '192.168.128.1', 'cidr': '192.168.128.0/28', 'allocation_pools': [{'start': '192.168.128.2', 'end': '192.168.128.14'}], 'host_routes': [], 'dns_nameservers': [], 'description': '', 'router:external': False, 'service_types': [], 'tags': [], 'created_at': '2024-12-14T22:03:50Z', 'updated_at': '2024-12-14T22:03:50Z', 'revision_number': 0, 'project_id': '3e087d09d08941e2b3604529b737c47d'}, Router: {'id': '115384d1-2b15-41c9-b628-d2039e8bc029', 'name': 'tempest-ImagesOneServerNegativeTestJSON-1604996319-router', 'tenant_id': '3e087d09d08941e2b3604529b737c47d', 'admin_state_up': True, 'status': 'ACTIVE', 'external_gateway_info': {'network_id': '5988ff94-71ce-4c20-a3ae-cbcf11906afa', 'external_fixed_ips': [{'subnet_id': 'bb65f7a7-329d-496b-a86f-0a51989c9379', 'ip_address': '10.180.180.147'}], 'enable_snat': True}, 'description': '', 'availability_zones': [], 'distributed': False, 'ha': False, 'availability_zone_hints': [], 'routes': [], 'flavor_id': None, 'tags': [], 'created_at': '2024-12-14T22:03:51Z', 'updated_at': '2024-12-14T22:03:53Z', 'revision_number': 2, 'project_id': '3e087d09d08941e2b3604529b737c47d'}
2024-12-14 22:03:57.609 66874 INFO tempest.lib.common.rest_client [req-dd98de1f-09bd-4b97-9940-4d12ef262229 req-dd98de1f-09bd-4b97-9940-4d12ef262229 ] Request (QuotasAdminTestJSON:test_get_updated_quotas): 200 GET http://10.180.1.21/compute/v2.1/os-quota-sets/b9151b909be44f02855671c8e603cc5b/detail 3.097s
2024-12-14 22:03:57.612 66862 INFO tempest.lib.common.rest_client [req-b998a4c2-46cf-4b65-8585-2201d85ff017 req-b998a4c2-46cf-4b65-8585-2201d85ff017 ] Request (ImagesOneServerNegativeTestJSON:setUpClass): 201 POST http://10.180.1.21/identity/v3/auth/tokens 0.098s
2024-12-14 22:03:57.649 66862 INFO tempest.lib.common.rest_client [req-8004eb90-7f4f-4a3b-a312-5f9f5e3e122c req-8004eb90-7f4f-4a3b-a312-5f9f5e3e122c ] Request (ImagesOneServerNegativeTestJSON:setUpClass): 201 POST http://10.180.1.21/identity/v3/auth/tokens 0.031s
2024-12-14 22:03:57.650 66874 INFO tempest.lib.common.rest_client [req-ea082961-af28-48a7-a39e-3377a990d4dc req-ea082961-af28-48a7-a39e-3377a990d4dc ] Request (QuotasAdminTestJSON:test_get_updated_quotas): 200 GET http://10.180.1.21/identity/v3/domains?name=Default 0.034s
2024-12-14 22:03:57.650 66862 INFO tempest.lib.common.fixed_network [-] (ImagesOneServerNegativeTestJSON:setUpClass) Found network {'id': '90366ae7-9bbf-4ebd-9f18-dab8ce0da7a1', 'name': 'tempest-ImagesOneServerNegativeTestJSON-1604996319-network', 'tenant_id': '3e087d09d08941e2b3604529b737c47d', 'admin_state_up': True, 'mtu': 8950, 'status': 'ACTIVE', 'subnets': [], 'shared': False, 'project_id': '3e087d09d08941e2b3604529b737c47d', 'port_security_enabled': True, 'router:external': False, 'provider:network_type': 'vlan', 'provider:physical_network': 'default', 'provider:segmentation_id': 117, 'availability_zone_hints': [], 'availability_zones': [], 'ipv4_address_scope': None, 'ipv6_address_scope': None, 'description': '', 'tags': [], 'created_at': '2024-12-14T22:03:50Z', 'updated_at': '2024-12-14T22:03:50Z', 'revision_number': 1} available for tenant
2024-12-14 22:03:57.678 66874 INFO tempest.lib.common.rest_client [req-86f5f6b5-f281-4ed3-9937-b9b02d86fbc0 req-86f5f6b5-f281-4ed3-9937-b9b02d86fbc0 ] Request (QuotasAdminTestJSON:test_get_updated_quotas): 201 POST http://10.180.1.21/identity/v3/users 0.028s
2024-12-14 22:03:57.684 66864 INFO tempest.lib.common.rest_client [req-578cc532-fed4-4f9b-b7d4-5c0326d2e8d4 req-578cc532-fed4-4f9b-b7d4-5c0326d2e8d4 ] Request (VolumesAssistedSnapshotsTest:test_volume_assisted_snapshot_create_delete): 200 GET http://10.180.1.21/compute/v2.1/servers/4461ed70-858b-4907-9802-b81499c609bf 3.091s
2024-12-14 22:03:57.693 66864 INFO tempest.common.waiters [-] State transition "BUILD/None" ==> "BUILD/networking" after 4 second wait
2024-12-14 22:03:57.707 66874 INFO tempest.lib.common.rest_client [req-9e24e835-07a6-4476-a077-74e44258b0c0 req-9e24e835-07a6-4476-a077-74e44258b0c0 ] Request (QuotasAdminTestJSON:test_get_updated_quotas): 200 GET http://10.180.1.21/identity/v3/domains?name=Default 0.028s
2024-12-14 22:03:57.800 66844 INFO tempest.lib.common.rest_client [req-33aaa811-b854-46ca-971c-6f2a3f55124f req-33aaa811-b854-46ca-971c-6f2a3f55124f ] Request (FlavorsAccessNegativeTestJSON:test_add_flavor_access_duplicate): 200 POST http://10.180.1.21/compute/v2.1/flavors 3.012s
2024-12-14 22:03:57.809 66832 INFO tempest.lib.common.rest_client [req-b62bb9c3-0c2b-4043-ae0a-fb27698d6b35 req-b62bb9c3-0c2b-4043-ae0a-fb27698d6b35 ] Request (ServersNegativeTestJSON:setUpClass): 200 PUT http://10.180.1.21:9696/networking/v2.0/routers/0d0b36e1-9b1e-44c2-91c3-03657b1293cb/add_router_interface 3.350s
2024-12-14 22:03:57.810 66832 INFO tempest.lib.common.dynamic_creds [-] Created isolated network resources for: credentials: Credentials: {'domain_id': 'default', 'domain_name': 'Default', 'username': 'tempest-ServersNegativeTestJSON-579311636-project-member', 'project_domain_id': 'default', 'project_domain_name': 'Default', 'project_id': 'af543166e5ae40f0b6ef8e13010ad355', 'project_name': 'tempest-ServersNegativeTestJSON-579311636', 'tenant_id': 'af543166e5ae40f0b6ef8e13010ad355', 'tenant_name': 'tempest-ServersNegativeTestJSON-579311636', 'user_domain_id': 'default', 'user_domain_name': 'Default', 'user_id': 'a1f378cdd08b47838725616ecece0b09', 'system': None}, Network: {'id': '6470656a-2fab-4fa9-a4fb-7d955c2f451a', 'name': 'tempest-ServersNegativeTestJSON-1396660697-network', 'tenant_id': 'af543166e5ae40f0b6ef8e13010ad355', 'admin_state_up': True, 'mtu': 8950, 'status': 'ACTIVE', 'subnets': [], 'shared': False, 'project_id': 'af543166e5ae40f0b6ef8e13010ad355', 'port_security_enabled': True, 'router:external': False, 'provider:network_type': 'vlan', 'provider:physical_network': 'default', 'provider:segmentation_id': 769, 'availability_zone_hints': [], 'availability_zones': [], 'ipv4_address_scope': None, 'ipv6_address_scope': None, 'description': '', 'tags': [], 'created_at': '2024-12-14T22:03:52Z', 'updated_at': '2024-12-14T22:03:52Z', 'revision_number': 1}, Subnet: {'id': 'f5401c92-5828-4e06-9424-d5906def0cbb', 'name': 'tempest-ServersNegativeTestJSON-1396660697-subnet', 'tenant_id': 'af543166e5ae40f0b6ef8e13010ad355', 'network_id': '6470656a-2fab-4fa9-a4fb-7d955c2f451a', 'ip_version': 4, 'subnetpool_id': None, 'enable_dhcp': True, 'ipv6_ra_mode': None, 'ipv6_address_mode': None, 'gateway_ip': '192.168.128.1', 'cidr': '192.168.128.0/28', 'allocation_pools': [{'start': '192.168.128.2', 'end': '192.168.128.14'}], 'host_routes': [], 'dns_nameservers': [], 'description': '', 'router:external': False, 'service_types': [], 'tags': [], 'created_at': '2024-12-14T22:03:52Z', 'updated_at': '2024-12-14T22:03:52Z', 'revision_number': 0, 'project_id': 'af543166e5ae40f0b6ef8e13010ad355'}, Router: {'id': '0d0b36e1-9b1e-44c2-91c3-03657b1293cb', 'name': 'tempest-ServersNegativeTestJSON-1396660697-router', 'tenant_id': 'af543166e5ae40f0b6ef8e13010ad355', 'admin_state_up': True, 'status': 'ACTIVE', 'external_gateway_info': {'network_id': '5988ff94-71ce-4c20-a3ae-cbcf11906afa', 'external_fixed_ips': [{'subnet_id': 'bb65f7a7-329d-496b-a86f-0a51989c9379', 'ip_address': '10.180.180.172'}], 'enable_snat': True}, 'description': '', 'availability_zones': [], 'distributed': False, 'ha': False, 'availability_zone_hints': [], 'routes': [], 'flavor_id': None, 'tags': [], 'created_at': '2024-12-14T22:03:52Z', 'updated_at': '2024-12-14T22:03:53Z', 'revision_number': 2, 'project_id': 'af543166e5ae40f0b6ef8e13010ad355'}
2024-12-14 22:03:57.868 66858 INFO tempest.lib.common.rest_client [req-fe3f0292-060e-48c0-88ea-9d31d7bd6c1f req-fe3f0292-060e-48c0-88ea-9d31d7bd6c1f ] Request (QuotasAdminNegativeTest:test_create_server_when_memory_quota_is_full): 403 POST http://10.180.1.21/compute/v2.1/servers 3.703s
2024-12-14 22:03:57.873 66866 INFO tempest.lib.common.rest_client [req-84b84e2a-a425-4fcc-8b40-870e01368dc6 req-84b84e2a-a425-4fcc-8b40-870e01368dc6 ] Request (FlavorsExtraSpecsNegativeTestJSON:tearDownClass): 204 DELETE http://10.180.1.21:9696/networking/v2.0/security-groups/7228995f-6cfc-4e2e-b193-5ae1ab884ecb 0.555s
2024-12-14 22:03:57.989 66832 INFO tempest.lib.common.rest_client [req-2f2b777f-bd18-47fd-b574-5b1d5f7b8a58 req-2f2b777f-bd18-47fd-b574-5b1d5f7b8a58 ] Request (ServersNegativeTestJSON:setUpClass): 201 POST http://10.180.1.21/identity/v3/auth/tokens 0.172s
2024-12-14 22:03:58.017 66868 INFO tempest.lib.common.rest_client [req-3b81dc8c-2f8c-4d4e-b4fe-fe0db91a7771 req-3b81dc8c-2f8c-4d4e-b4fe-fe0db91a7771 ] Request (AttachVolumeTestJSON:test_attach_detach_volume): 200 GET http://10.180.1.21/compute/v2.1/servers/70bdbe2f-7530-4f64-80a6-ceada275a8b8 2.870s
2024-12-14 22:03:58.035 66832 INFO tempest.lib.common.rest_client [req-10a4b00c-afd5-4b71-bb6b-aaaec5a56acb req-10a4b00c-afd5-4b71-bb6b-aaaec5a56acb ] Request (ServersNegativeTestJSON:setUpClass): 201 POST http://10.180.1.21/identity/v3/auth/tokens 0.042s
2024-12-14 22:03:58.036 66832 INFO tempest.lib.common.fixed_network [-] (ServersNegativeTestJSON:setUpClass) Found network {'id': '6470656a-2fab-4fa9-a4fb-7d955c2f451a', 'name': 'tempest-ServersNegativeTestJSON-1396660697-network', 'tenant_id': 'af543166e5ae40f0b6ef8e13010ad355', 'admin_state_up': True, 'mtu': 8950, 'status': 'ACTIVE', 'subnets': [], 'shared': False, 'project_id': 'af543166e5ae40f0b6ef8e13010ad355', 'port_security_enabled': True, 'router:external': False, 'provider:network_type': 'vlan', 'provider:physical_network': 'default', 'provider:segmentation_id': 769, 'availability_zone_hints': [], 'availability_zones': [], 'ipv4_address_scope': None, 'ipv6_address_scope': None, 'description': '', 'tags': [], 'created_at': '2024-12-14T22:03:52Z', 'updated_at': '2024-12-14T22:03:52Z', 'revision_number': 1} available for tenant
2024-12-14 22:03:58.072 66854 INFO tempest.lib.common.rest_client [req-5a615650-4e15-42b0-98d6-b1df75a93d74 req-5a615650-4e15-42b0-98d6-b1df75a93d74 ] Request (ImagesMetadataTestJSON:setUpClass): 200 GET http://10.180.1.21/compute/v2.1/images/a7b6c0d9-28f4-4895-93ee-f6a374326ff6 2.818s
2024-12-14 22:03:58.120 66866 INFO tempest.lib.common.rest_client [req-8f6a1f48-00cf-436f-aaa2-356c2088616a req-8f6a1f48-00cf-436f-aaa2-356c2088616a ] Request (FlavorsExtraSpecsNegativeTestJSON:tearDownClass): 204 DELETE http://10.180.1.21/identity/v3/projects/755341ce49564ba08e180054a6e1da77 0.246s
2024-12-14 22:03:58.168 66872 INFO tempest.lib.common.rest_client [req-4b0f0e28-a30c-4c2f-8295-06102da9bd2c req-4b0f0e28-a30c-4c2f-8295-06102da9bd2c ] Request (ServersWithSpecificFlavorTestJSON:test_verify_created_server_ephemeral_disk): 200 GET http://10.180.1.21/compute/v2.1/servers/40c89246-b53b-45ec-83bb-1a8f999472a9 2.623s
2024-12-14 22:03:58.188 66840 INFO tempest.lib.common.rest_client [req-5bb0b9de-079a-4b91-870a-54e121cb25ac req-5bb0b9de-079a-4b91-870a-54e121cb25ac ] Request (FlavorsExtraSpecsTestJSON:tearDownClass): 202 DELETE http://10.180.1.21/compute/v2.1/flavors/173981393 2.622s
2024-12-14 22:03:58.210 66866 INFO tempest.lib.common.rest_client [req-05dec992-5d61-49ef-a385-05aca75516b6 req-05dec992-5d61-49ef-a385-05aca75516b6 ] Request (NetworksTest:setUpClass): 201 POST http://10.180.1.21/identity/v3/auth/tokens 0.089s
2024-12-14 22:03:58.245 66866 INFO tempest.lib.common.rest_client [req-2a715e17-17f1-4236-a671-20244cc0285d req-2a715e17-17f1-4236-a671-20244cc0285d ] Request (NetworksTest:setUpClass): 201 POST http://10.180.1.21/identity/v3/auth/tokens 0.032s
2024-12-14 22:03:58.247 66888 INFO tempest.lib.common.rest_client [req-0e6bf3e5-2ab8-48e2-8a8f-82016f2deeb5 req-0e6bf3e5-2ab8-48e2-8a8f-82016f2deeb5 ] Request (ServersTestManualDisk:setUpClass): 200 GET http://10.180.1.21/compute/v2.1/servers/14934761-0459-4baf-838b-fbbbcf332e7a 2.638s
2024-12-14 22:03:58.274 66856 INFO tempest.lib.common.rest_client [req-3edab093-481c-495d-9588-1a941f3fcbbc req-3edab093-481c-495d-9588-1a941f3fcbbc ] Request (HypervisorAdminTestJSON:test_get_hypervisor_list_details): 200 GET http://10.180.1.21/compute/v2.1/os-hypervisors/detail 2.165s
2024-12-14 22:03:58.275 66866 INFO tempest.lib.common.rest_client [req-ce6ab27e-84fc-4636-80da-4613e5292e5a req-ce6ab27e-84fc-4636-80da-4613e5292e5a ] Request (NetworksTest:setUpClass): 200 GET http://10.180.1.21/identity/v3/domains?name=Default 0.030s
2024-12-14 22:03:58.336 66866 INFO tempest.lib.common.rest_client [req-18bc6dcb-a958-45b2-b2ab-d00afd9a0b79 req-18bc6dcb-a958-45b2-b2ab-d00afd9a0b79 ] Request (NetworksTest:setUpClass): 201 POST http://10.180.1.21/identity/v3/projects 0.060s
2024-12-14 22:03:58.343 66830 INFO tempest.lib.common.rest_client [req-0ac41e90-e46d-4cfd-b64e-d3ade8d8b15f req-0ac41e90-e46d-4cfd-b64e-d3ade8d8b15f ] Request (ServerDiagnosticsTest:test_get_server_diagnostics): 202 POST http://10.180.1.21/compute/v2.1/servers 3.256s
2024-12-14 22:03:58.349 66850 INFO tempest.lib.common.rest_client [req-9cd3bcef-b7aa-4081-973e-f61b3286da2c req-9cd3bcef-b7aa-4081-973e-f61b3286da2c ] Request (AggregatesAdminNegativeTestJSON:test_aggregate_create_aggregate_name_length_exceeds_255): 400 POST http://10.180.1.21/compute/v2.1/os-aggregates 1.859s
2024-12-14 22:03:58.418 66866 INFO tempest.lib.common.rest_client [req-94f08323-e27b-4159-b8f8-65e4b84a6a57 req-94f08323-e27b-4159-b8f8-65e4b84a6a57 ] Request (NetworksTest:setUpClass): 201 POST http://10.180.1.21/identity/v3/users 0.081s
2024-12-14 22:03:58.437 66852 INFO tempest.lib.common.rest_client [req-e7aa6f15-1f78-42b9-b27d-19427879e9ef req-e7aa6f15-1f78-42b9-b27d-19427879e9ef ] Request (ServersAaction247Test:test_create_backup): 200 GET http://10.180.1.21/compute/v2.1/servers/4aaa7e45-fb16-4a47-9743-c7c11e941477 1.739s
2024-12-14 22:03:58.450 66876 INFO tempest.lib.common.rest_client [req-8d178064-a95d-4d5b-b627-b1790f52d095 req-8d178064-a95d-4d5b-b627-b1790f52d095 ] Request (TenantUsagesTestJSON:test_get_usage_tenant): 200 GET http://10.180.1.21/compute/v2.1/os-simple-tenant-usage/59a048e39ec4439d9a9d6679ef4f1c17?start=2024-12-13T22%3A03%3A56.162003&end=2024-12-15T22%3A03%3A56.162003 2.288s
2024-12-14 22:03:58.456 66866 INFO tempest.lib.common.rest_client [req-f50452bb-9125-48d1-b3a0-b8801af0d95b req-f50452bb-9125-48d1-b3a0-b8801af0d95b ] Request (NetworksTest:setUpClass): 200 GET http://10.180.1.21/identity/v3/roles 0.038s
2024-12-14 22:03:58.566 66866 INFO tempest.lib.common.rest_client [req-1b60797f-5303-4c0f-a5b6-6e63ffa2d1fa req-1b60797f-5303-4c0f-a5b6-6e63ffa2d1fa ] Request (NetworksTest:setUpClass): 204 PUT http://10.180.1.21/identity/v3/projects/e671c60cab2943b089e6c22f9d065016/users/02ac2bb86d304362b617e854e5927838/roles/37e868e27bdb421cacf4360f644dd2a3 0.109s
2024-12-14 22:03:58.566 66866 INFO tempest.lib.common.dynamic_creds [-] Dynamic test user 02ac2bb86d304362b617e854e5927838 is created with scope project and roles: ['member']
2024-12-14 22:03:58.567 66866 INFO tempest.lib.common.dynamic_creds [-] Acquired dynamic creds: credentials: Credentials: {'domain_id': 'default', 'domain_name': 'Default', 'username': 'tempest-NetworksTest-1436105925-project-member', 'project_domain_id': 'default', 'project_domain_name': 'Default', 'project_id': 'e671c60cab2943b089e6c22f9d065016', 'project_name': 'tempest-NetworksTest-1436105925', 'tenant_id': 'e671c60cab2943b089e6c22f9d065016', 'tenant_name': 'tempest-NetworksTest-1436105925', 'user_domain_id': 'default', 'user_domain_name': 'Default', 'user_id': '02ac2bb86d304362b617e854e5927838', 'system': None}, Network: None, Subnet: None, Router: None
2024-12-14 22:03:58.567 66866 INFO tempest.lib.common.dynamic_creds [-] Created isolated network resources for: credentials: Credentials: {'domain_id': 'default', 'domain_name': 'Default', 'username': 'tempest-NetworksTest-1436105925-project-member', 'project_domain_id': 'default', 'project_domain_name': 'Default', 'project_id': 'e671c60cab2943b089e6c22f9d065016', 'project_name': 'tempest-NetworksTest-1436105925', 'tenant_id': 'e671c60cab2943b089e6c22f9d065016', 'tenant_name': 'tempest-NetworksTest-1436105925', 'user_domain_id': 'default', 'user_domain_name': 'Default', 'user_id': '02ac2bb86d304362b617e854e5927838', 'system': None}, Network: None, Subnet: None, Router: None
2024-12-14 22:03:58.658 66866 INFO tempest.lib.common.rest_client [req-071a8a1a-7c75-49a4-839f-84d8d3bad09b req-071a8a1a-7c75-49a4-839f-84d8d3bad09b ] Request (NetworksTest:setUpClass): 201 POST http://10.180.1.21/identity/v3/auth/tokens 0.088s
2024-12-14 22:03:58.749 66866 INFO tempest.lib.common.rest_client [req-7c0b7d2e-58ee-480c-9a40-73184a2fd460 req-7c0b7d2e-58ee-480c-9a40-73184a2fd460 ] Request (NetworksTest:setUpClass): 201 POST http://10.180.1.21/identity/v3/projects 0.091s
2024-12-14 22:03:58.813 66866 INFO tempest.lib.common.rest_client [req-760e2f5f-258d-47d1-a919-72c8daf020af req-760e2f5f-258d-47d1-a919-72c8daf020af ] Request (NetworksTest:setUpClass): 201 POST http://10.180.1.21/identity/v3/users 0.063s
2024-12-14 22:03:58.838 66838 INFO tempest.lib.common.rest_client [req-7b58e00f-e400-472c-bc59-06def56de099 req-7b58e00f-e400-472c-bc59-06def56de099 ] Request (SecurityGroupRulesTestJSON:test_security_group_rules_create): 200 POST http://10.180.1.21/compute/v2.1/os-security-groups 1.590s
2024-12-14 22:03:58.851 66866 INFO tempest.lib.common.rest_client [req-67d2d554-64e7-46d3-bd60-14bf149f90e8 req-67d2d554-64e7-46d3-bd60-14bf149f90e8 ] Request (NetworksTest:setUpClass): 200 GET http://10.180.1.21/identity/v3/roles 0.035s
2024-12-14 22:03:58.868 66882 INFO tempest.lib.common.rest_client [req-408ece03-dd6e-4c3d-b219-1cd9b59352ff req-408ece03-dd6e-4c3d-b219-1cd9b59352ff ] Request (HypervisorAdminNegativeTestJSON:test_show_hypervisor_with_non_admin_user): 200 GET http://10.180.1.21/compute/v2.1/os-hypervisors 1.444s
2024-12-14 22:03:58.869 66884 INFO tempest.lib.common.rest_client [req-439c2fa9-3583-4d53-a48d-15b6781e6309 req-439c2fa9-3583-4d53-a48d-15b6781e6309 ] Request (FloatingIPDetailsTestJSON:tearDownClass): 200 PUT http://10.180.1.21:9696/networking/v2.0/routers/53d0d8de-0425-4818-bbf4-876c5748fb71/remove_router_interface 1.530s
2024-12-14 22:03:58.915 66866 INFO tempest.lib.common.rest_client [req-040171f7-4cbf-4c95-a6a9-5428def5f5c6 req-040171f7-4cbf-4c95-a6a9-5428def5f5c6 ] Request (NetworksTest:setUpClass): 204 PUT http://10.180.1.21/identity/v3/projects/0d52514b68e94045bf066e5b7078188b/users/4977c8493e764f6a90f9a6d283c6b3e3/roles/7948aaf56dc5457e903e4549e9513fd6 0.064s
2024-12-14 22:03:59.002 66878 INFO tempest.lib.common.rest_client [req-285f9188-ac29-48a5-89f5-4efd9abe6e06 req-285f9188-ac29-48a5-89f5-4efd9abe6e06 ] Request (ServersAdmin275Test:test_rebuild_update_server_275): 200 GET http://10.180.1.21/compute/v2.1/servers/e0e62316-8e27-4949-a050-3f05f8020ca1 1.573s
2024-12-14 22:03:59.009 66866 INFO tempest.lib.common.rest_client [req-716c354e-9595-4854-8876-24406e182ffe req-716c354e-9595-4854-8876-24406e182ffe ] Request (NetworksTest:setUpClass): 200 GET http://10.180.1.21/identity/v3/roles 0.093s
