2024-12-14 22:04:07.252 66874 INFO tempest.lib.common.rest_client [req-3fe0cad2-8cd3-4029-9cd6-38da3361eb2e req-3fe0cad2-8cd3-4029-9cd6-38da3361eb2e ] Request (QuotasAdminTestJSON:tearDownClass): 204 DELETE http://10.180.1.21/identity/v3/projects/52db3ccfcc2e4e9685a2a2b6b7fdcb68 0.135s
2024-12-14 22:04:07.252 66874 INFO tempest.lib.common.dynamic_creds [-] Deleting project and security group for project: dc15e6aec27a4a58a2f480b1b82b85af
2024-12-14 22:04:07.332 66890 INFO tempest.lib.common.rest_client [req-02a84331-1c08-4dd1-9cca-56da6005ee1b req-02a84331-1c08-4dd1-9cca-56da6005ee1b ] Request (ServerDiskConfigTestJSON:test_rebuild_server_with_auto_disk_config): 200 GET http://10.180.1.21/compute/v2.1/servers/5333988c-9980-4aca-a0f3-42c4c748f4ae 1.545s
2024-12-14 22:04:07.344 66890 INFO tempest.common.waiters [-] State transition "REBUILD/rebuilding" ==> "REBUILD/rebuild_spawning" after 3 second wait
2024-12-14 22:04:07.414 66884 INFO tempest.lib.common.rest_client [req-5a6010e8-6b96-411a-9bcc-e43e0f3d557f req-5a6010e8-6b96-411a-9bcc-e43e0f3d557f ] Request (ImagesTestJSON:test_create_image_from_stopped_server): 202 POST http://10.180.1.21/compute/v2.1/servers 1.638s
2024-12-14 22:04:07.450 66874 INFO tempest.lib.common.rest_client [req-b5ce1f83-9098-42be-957a-4ee30abf4033 req-b5ce1f83-9098-42be-957a-4ee30abf4033 ] Request (QuotasAdminTestJSON:tearDownClass): 200 GET http://10.180.1.21:9696/networking/v2.0/security-groups?tenant_id=dc15e6aec27a4a58a2f480b1b82b85af&name=default 0.198s
2024-12-14 22:04:07.472 66866 INFO tempest.lib.common.rest_client [req-80c16d43-0954-4b49-9271-83a7db31cef6 req-80c16d43-0954-4b49-9271-83a7db31cef6 ] Request (ImagesNegativeTestJSON:setUpClass): 201 POST http://10.180.1.21:9696/networking/v2.0/networks 0.738s
2024-12-14 22:04:07.585 66854 INFO tempest.lib.common.rest_client [req-4fb83367-52cb-4c7d-adb0-eb726e88c034 req-4fb83367-52cb-4c7d-adb0-eb726e88c034 ] Request (ImagesMetadataTestJSON:setUp): 200 PUT http://10.180.1.21/compute/v2.1/images/a7b6c0d9-28f4-4895-93ee-f6a374326ff6/metadata 1.647s
2024-12-14 22:04:07.618 66850 INFO tempest.lib.common.rest_client [req-ff5112dd-954a-4e40-8599-5e7527d93bba req-ff5112dd-954a-4e40-8599-5e7527d93bba ] Request (AggregatesAdminNegativeTestJSON:test_aggregate_delete_as_user): 200 POST http://10.180.1.21/compute/v2.1/os-aggregates 1.489s
2024-12-14 22:04:07.665 66840 INFO tempest.lib.common.rest_client [req-dab1f368-6c77-4eb7-958c-9a5ddf8fd8af req-dab1f368-6c77-4eb7-958c-9a5ddf8fd8af ] Request (KeyPairsV2TestJSON:test_keypair_create_delete): 200 POST http://10.180.1.21/compute/v2.1/os-keypairs 1.519s
2024-12-14 22:04:07.679 66874 INFO tempest.lib.common.rest_client [req-8c866689-b275-4f98-8c0d-5431a958be53 req-8c866689-b275-4f98-8c0d-5431a958be53 ] Request (QuotasAdminTestJSON:tearDownClass): 204 DELETE http://10.180.1.21:9696/networking/v2.0/security-groups/e82135bc-fe62-4166-beea-a4cee4245be0 0.228s
2024-12-14 22:04:07.746 66876 INFO tempest.lib.common.rest_client [req-aba2a3b6-f36a-4afa-aff8-e703bf258412 req-aba2a3b6-f36a-4afa-aff8-e703bf258412 ] Request (TenantUsagesTestJSON:tearDownClass): 200 GET http://10.180.1.21/compute/v2.1/servers/fca3afab-53ba-4347-9ba1-2f8dd5200d22 1.451s
2024-12-14 22:04:07.765 66836 INFO tempest.lib.common.rest_client [req-10e50779-90d8-4f7f-ac11-b2980865b812 req-10e50779-90d8-4f7f-ac11-b2980865b812 ] Request (FlavorsAdminTestJSON:_run_cleanups): 202 DELETE http://10.180.1.21/compute/v2.1/flavors/1190228665 1.464s
2024-12-14 22:04:07.781 66866 INFO tempest.lib.common.rest_client [req-c12e7189-131f-4cc2-96d2-64998afd505e req-c12e7189-131f-4cc2-96d2-64998afd505e ] Request (ImagesNegativeTestJSON:setUpClass): 201 POST http://10.180.1.21:9696/networking/v2.0/subnets 0.308s
2024-12-14 22:04:07.809 66874 INFO tempest.lib.common.rest_client [req-5af7f06c-6b7f-457c-94b3-9ab0fd95ba2f req-5af7f06c-6b7f-457c-94b3-9ab0fd95ba2f ] Request (QuotasAdminTestJSON:tearDownClass): 204 DELETE http://10.180.1.21/identity/v3/projects/dc15e6aec27a4a58a2f480b1b82b85af 0.130s
2024-12-14 22:04:07.810 66874 INFO tempest.test [-] raised in ServersOnMultiNodesTest.setUpClass. Invoking tearDownClass.
2024-12-14 22:04:07.895 66874 INFO tempest.lib.common.rest_client [req-5473ac31-4ecb-40fe-974c-f9b7bd086a2e req-5473ac31-4ecb-40fe-974c-f9b7bd086a2e ] Request (ServerRescueTestJSONUnderV235:setUpClass): 201 POST http://10.180.1.21/identity/v3/auth/tokens 0.077s
2024-12-14 22:04:07.905 66860 INFO tempest.lib.common.rest_client [req-fbe17d8f-ac5a-4801-b790-d8a43a19c527 req-fbe17d8f-ac5a-4801-b790-d8a43a19c527 ] Request (ServerDiagnosticsV248Test:test_get_server_diagnostics): 200 GET http://10.180.1.21/compute/v2.1/servers/5d7417eb-c71d-4cec-b13e-845a652ef709/diagnostics 2.028s
2024-12-14 22:04:07.944 66874 INFO tempest.lib.common.rest_client [req-377be989-db37-4eec-b3b0-d9e7d7824f59 req-377be989-db37-4eec-b3b0-d9e7d7824f59 ] Request (ServerRescueTestJSONUnderV235:setUpClass): 201 POST http://10.180.1.21/identity/v3/auth/tokens 0.043s
2024-12-14 22:04:07.992 66874 INFO tempest.lib.common.rest_client [req-86a88854-a492-429f-8ae3-e716b23c841f req-86a88854-a492-429f-8ae3-e716b23c841f ] Request (ServerRescueTestJSONUnderV235:setUpClass): 200 GET http://10.180.1.21/identity/v3/domains?name=Default 0.047s
2024-12-14 22:04:08.020 66848 INFO tempest.lib.common.rest_client [req-bb2f463c-c00d-48e6-98a4-443cd2f358e2 req-bb2f463c-c00d-48e6-98a4-443cd2f358e2 ] Request (VolumesAdminNegativeTest:test_update_attached_volume_with_nonexistent_volume_in_body): 200 GET http://10.180.1.21/compute/v2.1/servers/a1b021c1-4a56-440e-903a-9b8d13d18fa2 1.699s
2024-12-14 22:04:08.028 66848 INFO tempest.common.waiters [-] State transition "BUILD/spawning" ==> "ACTIVE/None" after 27 second wait
2024-12-14 22:04:08.050 66874 INFO tempest.lib.common.rest_client [req-d0685f98-6168-4687-ac0f-aaadcfcabed8 req-d0685f98-6168-4687-ac0f-aaadcfcabed8 ] Request (ServerRescueTestJSONUnderV235:setUpClass): 201 POST http://10.180.1.21/identity/v3/projects 0.058s
2024-12-14 22:04:08.086 66830 INFO tempest.lib.common.rest_client [req-1f4cbcb5-4d65-4216-87b7-fbf4efe9c8aa req-1f4cbcb5-4d65-4216-87b7-fbf4efe9c8aa ] Request (ServerDiagnosticsTest:test_get_server_diagnostics): 200 GET http://10.180.1.21/compute/v2.1/servers/b8f913d0-418e-46cb-bff7-2913fd2b528d 1.668s
2024-12-14 22:04:08.124 66856 INFO tempest.lib.common.rest_client [req-94b221b1-d42b-4cbd-a9ea-3e651dc76d21 req-94b221b1-d42b-4cbd-a9ea-3e651dc76d21 ] Request (ServicesAdminNegativeTestJSON:test_get_service_by_invalid_params): 200 GET http://10.180.1.21/compute/v2.1/os-services 1.744s
2024-12-14 22:04:08.138 66874 INFO tempest.lib.common.rest_client [req-f24831f7-8ab3-4623-a97b-45353541a0de req-f24831f7-8ab3-4623-a97b-45353541a0de ] Request (ServerRescueTestJSONUnderV235:setUpClass): 201 POST http://10.180.1.21/identity/v3/users 0.087s
2024-12-14 22:04:08.170 66874 INFO tempest.lib.common.rest_client [req-c12e5114-8cc3-4c43-9469-21a8cab8bcf0 req-c12e5114-8cc3-4c43-9469-21a8cab8bcf0 ] Request (ServerRescueTestJSONUnderV235:setUpClass): 200 GET http://10.180.1.21/identity/v3/roles 0.030s
2024-12-14 22:04:08.195 66882 INFO tempest.lib.common.rest_client [req-24d75db5-d332-4f9a-9e29-3d182051ea07 req-24d75db5-d332-4f9a-9e29-3d182051ea07 ] Request (AttachInterfacesV270Test:setUpClass): 200 PUT http://10.180.1.21:9696/networking/v2.0/routers/c592a8ad-2a3f-40e8-933f-556ae38ada55/add_router_interface 1.615s
2024-12-14 22:04:08.196 66882 INFO tempest.lib.common.dynamic_creds [-] Created isolated network resources for: credentials: Credentials: {'domain_id': 'default', 'domain_name': 'Default', 'username': 'tempest-AttachInterfacesV270Test-1692788804-project-member', 'project_domain_id': 'default', 'project_domain_name': 'Default', 'project_id': 'cbe8c0cf48944fe6acac8e8e401a8d4f', 'project_name': 'tempest-AttachInterfacesV270Test-1692788804', 'tenant_id': 'cbe8c0cf48944fe6acac8e8e401a8d4f', 'tenant_name': 'tempest-AttachInterfacesV270Test-1692788804', 'user_domain_id': 'default', 'user_domain_name': 'Default', 'user_id': '7c22545ce46c4eaa94bca7f92aee88cf', 'system': None}, Network: {'id': '55657a05-01ad-4039-95da-c3bf9f6e03a8', 'name': 'tempest-AttachInterfacesV270Test-1440607945-network', 'tenant_id': 'cbe8c0cf48944fe6acac8e8e401a8d4f', 'admin_state_up': True, 'mtu': 8950, 'status': 'ACTIVE', 'subnets': [], 'shared': False, 'project_id': 'cbe8c0cf48944fe6acac8e8e401a8d4f', 'port_security_enabled': True, 'router:external': False, 'provider:network_type': 'vlan', 'provider:physical_network': 'default', 'provider:segmentation_id': 979, 'availability_zone_hints': [], 'availability_zones': [], 'ipv4_address_scope': None, 'ipv6_address_scope': None, 'description': '', 'tags': [], 'created_at': '2024-12-14T22:04:04Z', 'updated_at': '2024-12-14T22:04:04Z', 'revision_number': 1}, Subnet: {'id': 'e327dce9-b013-43fc-bb0d-ac38e62baada', 'name': 'tempest-AttachInterfacesV270Test-1440607945-subnet', 'tenant_id': 'cbe8c0cf48944fe6acac8e8e401a8d4f', 'network_id': '55657a05-01ad-4039-95da-c3bf9f6e03a8', 'ip_version': 4, 'subnetpool_id': None, 'enable_dhcp': True, 'ipv6_ra_mode': None, 'ipv6_address_mode': None, 'gateway_ip': '192.168.128.1', 'cidr': '192.168.128.0/28', 'allocation_pools': [{'start': '192.168.128.2', 'end': '192.168.128.14'}], 'host_routes': [], 'dns_nameservers': [], 'description': '', 'router:external': False, 'service_types': [], 'tags': [], 'created_at': '2024-12-14T22:04:04Z', 'updated_at': '2024-12-14T22:04:04Z', 'revision_number': 0, 'project_id': 'cbe8c0cf48944fe6acac8e8e401a8d4f'}, Router: {'id': 'c592a8ad-2a3f-40e8-933f-556ae38ada55', 'name': 'tempest-AttachInterfacesV270Test-1440607945-router', 'tenant_id': 'cbe8c0cf48944fe6acac8e8e401a8d4f', 'admin_state_up': True, 'status': 'ACTIVE', 'external_gateway_info': {'network_id': '5988ff94-71ce-4c20-a3ae-cbcf11906afa', 'external_fixed_ips': [{'subnet_id': 'bb65f7a7-329d-496b-a86f-0a51989c9379', 'ip_address': '10.180.180.228'}], 'enable_snat': True}, 'description': '', 'availability_zones': [], 'distributed': False, 'ha': False, 'availability_zone_hints': [], 'routes': [], 'flavor_id': None, 'tags': [], 'created_at': '2024-12-14T22:04:05Z', 'updated_at': '2024-12-14T22:04:06Z', 'revision_number': 2, 'project_id': 'cbe8c0cf48944fe6acac8e8e401a8d4f'}
2024-12-14 22:04:08.219 66874 INFO tempest.lib.common.rest_client [req-edd2ae3b-9ce7-4007-802b-0ba3deaa0c02 req-edd2ae3b-9ce7-4007-802b-0ba3deaa0c02 ] Request (ServerRescueTestJSONUnderV235:setUpClass): 204 PUT http://10.180.1.21/identity/v3/projects/75e36005424b414e87563f18451c0995/users/470a0d0cb64341df99dcd24b62e739b9/roles/37e868e27bdb421cacf4360f644dd2a3 0.048s
2024-12-14 22:04:08.219 66874 INFO tempest.lib.common.dynamic_creds [-] Dynamic test user 470a0d0cb64341df99dcd24b62e739b9 is created with scope project and roles: ['member']
2024-12-14 22:04:08.219 66874 INFO tempest.lib.common.dynamic_creds [-] Acquired dynamic creds: credentials: Credentials: {'domain_id': 'default', 'domain_name': 'Default', 'username': 'tempest-ServerRescueTestJSONUnderV235-1059170252-project-member', 'project_domain_id': 'default', 'project_domain_name': 'Default', 'project_id': '75e36005424b414e87563f18451c0995', 'project_name': 'tempest-ServerRescueTestJSONUnderV235-1059170252', 'tenant_id': '75e36005424b414e87563f18451c0995', 'tenant_name': 'tempest-ServerRescueTestJSONUnderV235-1059170252', 'user_domain_id': 'default', 'user_domain_name': 'Default', 'user_id': '470a0d0cb64341df99dcd24b62e739b9', 'system': None}, Network: None, Subnet: None, Router: None
2024-12-14 22:04:08.275 66892 INFO tempest.lib.common.rest_client [req-eecf5d25-1720-427f-8933-7aaea01cb1b7 req-eecf5d25-1720-427f-8933-7aaea01cb1b7 ] Request (QuotaClassesAdminTestJSON:test_update_default_quotas): 200 GET http://10.180.1.21/compute/v2.1/os-quota-class-sets/default 1.849s
2024-12-14 22:04:08.285 66842 INFO tempest.lib.common.rest_client [req-0e13eee7-ffbc-42d6-950c-2ac7a368bee4 req-0e13eee7-ffbc-42d6-950c-2ac7a368bee4 ] Request (InstanceActionsNegativeTestJSON:setUpClass): 200 GET http://10.180.1.21/compute/v2.1/servers/762115bf-9390-48e5-af73-803669426742 1.671s
2024-12-14 22:04:08.294 66842 INFO tempest.common.waiters [-] State transition "BUILD/spawning" ==> "ACTIVE/None" after 27 second wait
2024-12-14 22:04:08.303 66844 INFO tempest.lib.common.rest_client [req-6af347ab-99cf-48fb-adc2-0ee2099dd914 req-6af347ab-99cf-48fb-adc2-0ee2099dd914 ] Request (FlavorsAccessNegativeTestJSON:test_flavor_access_list_with_public_flavor): 404 GET http://10.180.1.21/compute/v2.1/flavors/438898269/os-flavor-access 1.613s
2024-12-14 22:04:08.306 66874 INFO tempest.lib.common.rest_client [req-0f54f93e-6f01-4ed7-812f-30e3bf7ca64f req-0f54f93e-6f01-4ed7-812f-30e3bf7ca64f ] Request (ServerRescueTestJSONUnderV235:setUpClass): 201 POST http://10.180.1.21/identity/v3/auth/tokens 0.086s
2024-12-14 22:04:08.315 66882 INFO tempest.lib.common.rest_client [req-9426f621-883f-469a-a438-efc16d194542 req-9426f621-883f-469a-a438-efc16d194542 ] Request (AttachInterfacesV270Test:setUpClass): 201 POST http://10.180.1.21/identity/v3/auth/tokens 0.113s
2024-12-14 22:04:08.363 66882 INFO tempest.lib.common.rest_client [req-81faf576-07c8-49af-8ee5-a08c53f9255b req-81faf576-07c8-49af-8ee5-a08c53f9255b ] Request (AttachInterfacesV270Test:test_create_get_list_interfaces): 201 POST http://10.180.1.21/identity/v3/auth/tokens 0.041s
2024-12-14 22:04:08.363 66882 INFO tempest.lib.common.fixed_network [-] (AttachInterfacesV270Test:test_create_get_list_interfaces) Found network {'id': '55657a05-01ad-4039-95da-c3bf9f6e03a8', 'name': 'tempest-AttachInterfacesV270Test-1440607945-network', 'tenant_id': 'cbe8c0cf48944fe6acac8e8e401a8d4f', 'admin_state_up': True, 'mtu': 8950, 'status': 'ACTIVE', 'subnets': [], 'shared': False, 'project_id': 'cbe8c0cf48944fe6acac8e8e401a8d4f', 'port_security_enabled': True, 'router:external': False, 'provider:network_type': 'vlan', 'provider:physical_network': 'default', 'provider:segmentation_id': 979, 'availability_zone_hints': [], 'availability_zones': [], 'ipv4_address_scope': None, 'ipv6_address_scope': None, 'description': '', 'tags': [], 'created_at': '2024-12-14T22:04:04Z', 'updated_at': '2024-12-14T22:04:04Z', 'revision_number': 1} available for tenant
2024-12-14 22:04:08.369 66834 INFO tempest.lib.common.rest_client [req-18b09feb-eaab-41aa-b114-091b53fa0f7b req-18b09feb-eaab-41aa-b114-091b53fa0f7b ] Request (ServerDiagnosticsNegativeTest:test_get_server_diagnostics_by_non_admin): 200 GET http://10.180.1.21/compute/v2.1/servers/f1b7eb5c-b481-4f6e-baed-91bce33aff19 1.674s
2024-12-14 22:04:08.380 66834 INFO tempest.common.waiters [-] State transition "BUILD/scheduling" ==> "BUILD/None" after 7 second wait
2024-12-14 22:04:08.439 66868 INFO tempest.lib.common.rest_client [req-277621c9-6ed9-4260-ae0f-783c9259e638 req-277621c9-6ed9-4260-ae0f-783c9259e638 ] Request (AttachVolumeTestJSON:test_attach_detach_volume): 200 GET http://10.180.1.21/compute/v2.1/servers/70bdbe2f-7530-4f64-80a6-ceada275a8b8 1.662s
2024-12-14 22:04:08.506 66872 INFO tempest.lib.common.rest_client [req-826dea3d-b7d6-40fa-be7e-40d711562b6a req-826dea3d-b7d6-40fa-be7e-40d711562b6a ] Request (ServersWithSpecificFlavorTestJSON:test_verify_created_server_ephemeral_disk): 200 GET http://10.180.1.21/compute/v2.1/servers/40c89246-b53b-45ec-83bb-1a8f999472a9 1.675s
2024-12-14 22:04:08.513 66864 INFO tempest.lib.common.rest_client [req-31222159-2df1-498b-964c-cc27d1b4dde4 req-31222159-2df1-498b-964c-cc27d1b4dde4 ] Request (VolumesAssistedSnapshotsTest:test_volume_assisted_snapshot_create_delete): 200 GET http://10.180.1.21/compute/v2.1/servers/4461ed70-858b-4907-9802-b81499c609bf 1.751s
2024-12-14 22:04:08.605 66852 INFO tempest.lib.common.rest_client [req-2816fc28-3e37-4532-9134-a95f82257273 req-2816fc28-3e37-4532-9134-a95f82257273 ] Request (ServersAaction247Test:test_create_backup): 200 GET http://10.180.1.21/compute/v2.1/servers/4aaa7e45-fb16-4a47-9743-c7c11e941477 1.697s
2024-12-14 22:04:08.658 66874 INFO tempest.lib.common.rest_client [req-a80ebfb5-8ed3-4d2f-91e7-a1748499e019 req-a80ebfb5-8ed3-4d2f-91e7-a1748499e019 ] Request (ServerRescueTestJSONUnderV235:setUpClass): 201 POST http://10.180.1.21:9696/networking/v2.0/networks 0.352s
2024-12-14 22:04:08.732 66838 INFO tempest.lib.common.rest_client [req-7ba5c303-d772-4507-ac2a-c04e5718e0a2 req-7ba5c303-d772-4507-ac2a-c04e5718e0a2 ] Request (SecurityGroupRulesTestJSON:test_security_group_rules_create_with_optional_group_id): 200 POST http://10.180.1.21/compute/v2.1/os-security-group-rules 1.871s
2024-12-14 22:04:08.738 66838 WARNING tempest.lib.common.rest_client [-] Deprecated: "tenant_id" property is deprecated for removal, use "project_id" instead
2024-12-14 22:04:08.861 66858 INFO tempest.lib.common.rest_client [req-2dc33e83-986e-4344-8ea2-ea531c14a613 req-2dc33e83-986e-4344-8ea2-ea531c14a613 ] Request (AbsoluteLimitsTestJSON:test_absLimits_get): 200 GET http://10.180.1.21/compute/v2.1/limits 1.799s
2024-12-14 22:04:08.935 66880 INFO tempest.lib.common.rest_client [req-ac8d8a5e-4c67-4cc5-a32f-5ca3d1f08d0d req-ac8d8a5e-4c67-4cc5-a32f-5ca3d1f08d0d ] Request (ServerAddressesTestJSON:setUpClass): 200 GET http://10.180.1.21/compute/v2.1/servers/a64850bf-39dd-4ca5-a1a1-81a1e287579c 1.817s
2024-12-14 22:04:08.962 66858 INFO tempest.lib.common.rest_client [req-21d35ade-bd7d-440e-82a4-fd13cd67c554 req-21d35ade-bd7d-440e-82a4-fd13cd67c554 ] Request (AbsoluteLimitsTestJSON:tearDownClass): 204 DELETE http://10.180.1.21/identity/v3/users/e5248b7ecf9a423683a6b794d256131b 0.096s
2024-12-14 22:04:08.962 66858 INFO tempest.lib.common.dynamic_creds [-] Deleting project and security group for project: a4df7cf9af4d4466a3b620a344c9073c
2024-12-14 22:04:09.008 66878 INFO tempest.lib.common.rest_client [req-8d4f91c4-1ae9-4a1e-91e6-910c07791cef req-8d4f91c4-1ae9-4a1e-91e6-910c07791cef ] Request (ServersAdmin275Test:test_rebuild_update_server_275): 200 GET http://10.180.1.21/compute/v2.1/servers/e0e62316-8e27-4949-a050-3f05f8020ca1 1.605s
2024-12-14 22:04:09.018 66858 INFO tempest.lib.common.rest_client [req-92d970e1-15f2-4caf-8a40-ec52a8d94ebe req-92d970e1-15f2-4caf-8a40-ec52a8d94ebe ] Request (AbsoluteLimitsTestJSON:tearDownClass): 201 POST http://10.180.1.21/identity/v3/auth/tokens 0.055s
2024-12-14 22:04:09.019 66878 INFO tempest.common.waiters [-] State transition "REBUILD/rebuild_spawning" ==> "ACTIVE/None" after 10 second wait
2024-12-14 22:04:09.022 66888 INFO tempest.lib.common.rest_client [req-4f355618-8049-4510-a4c4-99a215c2b393 req-4f355618-8049-4510-a4c4-99a215c2b393 ] Request (ServersTestManualDisk:setUpClass): 200 GET http://10.180.1.21/compute/v2.1/servers/14934761-0459-4baf-838b-fbbbcf332e7a 1.997s
2024-12-14 22:04:09.070 66884 INFO tempest.lib.common.rest_client [req-2f73a011-24e1-432d-ba11-c466adef17e5 req-2f73a011-24e1-432d-ba11-c466adef17e5 ] Request (ImagesTestJSON:test_create_image_from_stopped_server): 200 GET http://10.180.1.21/compute/v2.1/servers/246b06d7-5985-43dd-809d-d9cb4428d230 1.654s
2024-12-14 22:04:09.231 66886 INFO tempest.lib.common.rest_client [req-7e6bb2bb-ed9a-4ea2-a0d7-a0b15dcdd343 req-7e6bb2bb-ed9a-4ea2-a0d7-a0b15dcdd343 ] Request (MigrationsAdminTest:test_list_migrations_in_flavor_resize_situation): 200 GET http://10.180.1.21/compute/v2.1/servers/691283c4-becb-4caa-8bc2-899110cf74b4 1.648s
2024-12-14 22:04:09.239 66886 INFO tempest.common.waiters [-] State transition "BUILD/spawning" ==> "ACTIVE/None" after 23 second wait
2024-12-14 22:04:09.251 66858 INFO tempest.lib.common.rest_client [req-45f6c1b9-378b-40d1-ad54-b26a0dab33c3 req-45f6c1b9-378b-40d1-ad54-b26a0dab33c3 ] Request (AbsoluteLimitsTestJSON:tearDownClass): 200 GET http://10.180.1.21:9696/networking/v2.0/security-groups?tenant_id=a4df7cf9af4d4466a3b620a344c9073c&name=default 0.233s
2024-12-14 22:04:09.281 66854 INFO tempest.lib.common.rest_client [req-251b100a-613e-401e-b801-98bfda21b20d req-251b100a-613e-401e-b801-98bfda21b20d ] Request (ImagesMetadataTestJSON:test_list_image_metadata): 200 GET http://10.180.1.21/compute/v2.1/images/a7b6c0d9-28f4-4895-93ee-f6a374326ff6/metadata 1.694s
2024-12-14 22:04:09.341 66846 INFO tempest.lib.common.rest_client [req-c537d473-7b69-499f-a2ff-61e51c595280 req-c537d473-7b69-499f-a2ff-61e51c595280 ] Request (ImagesOneServerTestJSON:setUpClass): 200 GET http://10.180.1.21/compute/v2.1/servers/204444c0-0fc4-4053-8fb1-c4e182070d39 1.885s
2024-12-14 22:04:09.343 66862 INFO tempest.lib.common.rest_client [req-e4d5782a-2b9d-4438-9fe5-18ffb9e7dc00 req-e4d5782a-2b9d-4438-9fe5-18ffb9e7dc00 ] Request (ImagesOneServerNegativeTestJSON:setUpClass): 200 GET http://10.180.1.21/compute/v2.1/servers/5640b6a5-232f-425b-8d39-57caf53ee122 1.737s
2024-12-14 22:04:09.344 66850 INFO tempest.lib.common.rest_client [req-25e16c6c-e37b-46f5-8b08-53fb6f4b7f87 req-25e16c6c-e37b-46f5-8b08-53fb6f4b7f87 ] Request (AggregatesAdminNegativeTestJSON:test_aggregate_delete_as_user): 403 DELETE http://10.180.1.21/compute/v2.1/os-aggregates/5 1.724s
2024-12-14 22:04:09.352 66846 INFO tempest.common.waiters [-] State transition "BUILD/networking" ==> "BUILD/spawning" after 13 second wait
2024-12-14 22:04:09.352 66862 INFO tempest.common.waiters [-] State transition "BUILD/scheduling" ==> "BUILD/None" after 7 second wait
2024-12-14 22:04:09.355 66874 INFO tempest.lib.common.rest_client [req-3d746a75-670d-434f-a1e7-729bb09b82a4 req-3d746a75-670d-434f-a1e7-729bb09b82a4 ] Request (ServerRescueTestJSONUnderV235:setUpClass): 201 POST http://10.180.1.21:9696/networking/v2.0/subnets 0.695s
2024-12-14 22:04:09.362 66866 INFO tempest.lib.common.rest_client [req-09a7a6ae-fd9c-49ee-a4c6-5d820d9def04 req-09a7a6ae-fd9c-49ee-a4c6-5d820d9def04 ] Request (ImagesNegativeTestJSON:setUpClass): 201 POST http://10.180.1.21:9696/networking/v2.0/routers 1.581s
2024-12-14 22:04:09.369 66840 INFO tempest.lib.common.rest_client [req-9ffa09e9-3bea-4b28-a2ed-5441e9e10924 req-9ffa09e9-3bea-4b28-a2ed-5441e9e10924 ] Request (KeyPairsV2TestJSON:_run_cleanups): 202 DELETE http://10.180.1.21/compute/v2.1/os-keypairs/tempest-keypair-1493070183 1.702s
2024-12-14 22:04:09.390 66858 INFO tempest.lib.common.rest_client [req-529deda2-98df-4098-aaa9-b731155e96f9 req-529deda2-98df-4098-aaa9-b731155e96f9 ] Request (AbsoluteLimitsTestJSON:tearDownClass): 204 DELETE http://10.180.1.21:9696/networking/v2.0/security-groups/ba18b015-6f95-49a0-8863-6f9f1f44cbe6 0.138s
2024-12-14 22:04:09.412 66836 INFO tempest.lib.common.rest_client [req-68c51d11-6bbd-43d6-8cf1-e3f480a02c3d req-68c51d11-6bbd-43d6-8cf1-e3f480a02c3d ] Request (FlavorsAdminTestJSON:_run_cleanups): 200 GET http://10.180.1.21/compute/v2.1/flavors/detail 1.647s
2024-12-14 22:04:09.429 66832 INFO tempest.lib.common.rest_client [req-7f79725a-bafa-4292-a7fe-156f910584a0 req-7f79725a-bafa-4292-a7fe-156f910584a0 ] Request (ServersNegativeTestJSON:setUpClass): 200 GET http://10.180.1.21/compute/v2.1/servers/a7290afc-ae2f-4b07-aa4f-a2d89bf514f4 1.751s
2024-12-14 22:04:09.437 66832 INFO tempest.common.waiters [-] State transition "BUILD/scheduling" ==> "BUILD/None" after 7 second wait
2024-12-14 22:04:09.477 66858 INFO tempest.lib.common.rest_client [req-1e2ec61b-dee2-4737-9a75-103ca9dd8523 req-1e2ec61b-dee2-4737-9a75-103ca9dd8523 ] Request (AbsoluteLimitsTestJSON:tearDownClass): 204 DELETE http://10.180.1.21/identity/v3/projects/a4df7cf9af4d4466a3b620a344c9073c 0.086s
2024-12-14 22:04:09.494 66860 INFO tempest.lib.common.rest_client [req-af6958d4-0520-45d3-aa6b-3191e8bdb21e req-af6958d4-0520-45d3-aa6b-3191e8bdb21e ] Request (ServerDiagnosticsV248Test:tearDownClass): 204 DELETE http://10.180.1.21/compute/v2.1/servers/5d7417eb-c71d-4cec-b13e-845a652ef709 1.580s
2024-12-14 22:04:09.514 66856 INFO tempest.lib.common.rest_client [req-7d1087bd-511b-428c-97d4-7dad1037349a req-7d1087bd-511b-428c-97d4-7dad1037349a ] Request (ServicesAdminNegativeTestJSON:test_get_service_by_invalid_params): 200 GET http://10.180.1.21/compute/v2.1/os-services?xxx=nova-compute 1.384s
2024-12-14 22:04:09.568 66858 INFO tempest.lib.common.rest_client [req-d31a49d0-c23a-4214-8fcb-a5dc28e502d4 req-d31a49d0-c23a-4214-8fcb-a5dc28e502d4 ] Request (ServersTestJSON:setUpClass): 201 POST http://10.180.1.21/identity/v3/auth/tokens 0.088s
2024-12-14 22:04:09.610 66858 INFO tempest.lib.common.rest_client [req-ff784bc6-45df-4b9d-a38b-7f84d234b046 req-ff784bc6-45df-4b9d-a38b-7f84d234b046 ] Request (ServersTestJSON:setUpClass): 201 POST http://10.180.1.21/identity/v3/auth/tokens 0.039s
2024-12-14 22:04:09.642 66858 INFO tempest.lib.common.rest_client [req-74443471-05c8-4ddd-8f5f-c5cf08c91063 req-74443471-05c8-4ddd-8f5f-c5cf08c91063 ] Request (ServersTestJSON:setUpClass): 200 GET http://10.180.1.21/identity/v3/domains?name=Default 0.031s
2024-12-14 22:04:09.668 66892 INFO tempest.lib.common.rest_client [req-b20e3302-e1fc-4ed7-a25f-3a5a8780383e req-b20e3302-e1fc-4ed7-a25f-3a5a8780383e ] Request (QuotaClassesAdminTestJSON:test_update_default_quotas): 200 PUT http://10.180.1.21/compute/v2.1/os-quota-class-sets/default 1.385s
2024-12-14 22:04:09.678 66858 INFO tempest.lib.common.rest_client [req-e64d0585-41d2-4241-8386-65f995e1c16d req-e64d0585-41d2-4241-8386-65f995e1c16d ] Request (ServersTestJSON:setUpClass): 201 POST http://10.180.1.21/identity/v3/projects 0.036s
2024-12-14 22:04:09.707 66842 INFO tempest.lib.common.rest_client [req-0a45c8ef-e0d8-408f-bfa7-bb4e80722a51 req-0a45c8ef-e0d8-408f-bfa7-bb4e80722a51 ] Request (InstanceActionsNegativeTestJSON:test_get_instance_action_invalid_request): 404 GET http://10.180.1.21/compute/v2.1/servers/762115bf-9390-48e5-af73-803669426742/os-instance-actions/999 1.411s
2024-12-14 22:04:09.716 66848 INFO tempest.lib.common.rest_client [req-bd264f03-879b-4767-8c85-6a8fdf9fe926 req-bd264f03-879b-4767-8c85-6a8fdf9fe926 ] Request (VolumesAdminNegativeTest:test_update_attached_volume_with_nonexistent_volume_in_body): 200 GET http://10.180.1.21/compute/v2.1/servers/a1b021c1-4a56-440e-903a-9b8d13d18fa2/os-interface 1.685s
2024-12-14 22:04:09.716 66844 INFO tempest.lib.common.rest_client [req-cdec5dc4-3277-4cea-8c87-36d445468c9a req-cdec5dc4-3277-4cea-8c87-36d445468c9a ] Request (FlavorsAccessNegativeTestJSON:_run_cleanups): 202 DELETE http://10.180.1.21/compute/v2.1/flavors/438898269 1.413s
2024-12-14 22:04:09.776 66858 INFO tempest.lib.common.rest_client [req-0c93237d-8ebb-42b8-8247-05efa15a6072 req-0c93237d-8ebb-42b8-8247-05efa15a6072 ] Request (ServersTestJSON:setUpClass): 201 POST http://10.180.1.21/identity/v3/users 0.097s
2024-12-14 22:04:09.799 66858 INFO tempest.lib.common.rest_client [req-7f847d14-2b45-44d9-a9ff-fdcc4537169e req-7f847d14-2b45-44d9-a9ff-fdcc4537169e ] Request (ServersTestJSON:setUpClass): 200 GET http://10.180.1.21/identity/v3/roles 0.023s
2024-12-14 22:04:09.828 66858 INFO tempest.lib.common.rest_client [req-3b8ead40-761c-4969-9eb8-520e22a72051 req-3b8ead40-761c-4969-9eb8-520e22a72051 ] Request (ServersTestJSON:setUpClass): 204 PUT http://10.180.1.21/identity/v3/projects/30e52d9ff5c04508a61a2322f9915737/users/64c1f4412f12430cb39924c2a76d12a9/roles/37e868e27bdb421cacf4360f644dd2a3 0.027s
2024-12-14 22:04:09.828 66858 INFO tempest.lib.common.dynamic_creds [-] Dynamic test user 64c1f4412f12430cb39924c2a76d12a9 is created with scope project and roles: ['member']
2024-12-14 22:04:09.828 66858 INFO tempest.lib.common.dynamic_creds [-] Acquired dynamic creds: credentials: Credentials: {'domain_id': 'default', 'domain_name': 'Default', 'username': 'tempest-ServersTestJSON-170943316-project-member', 'project_domain_id': 'default', 'project_domain_name': 'Default', 'project_id': '30e52d9ff5c04508a61a2322f9915737', 'project_name': 'tempest-ServersTestJSON-170943316', 'tenant_id': '30e52d9ff5c04508a61a2322f9915737', 'tenant_name': 'tempest-ServersTestJSON-170943316', 'user_domain_id': 'default', 'user_domain_name': 'Default', 'user_id': '64c1f4412f12430cb39924c2a76d12a9', 'system': None}, Network: None, Subnet: None, Router: None
2024-12-14 22:04:09.908 66858 INFO tempest.lib.common.rest_client [req-3e4bae1f-1840-44a2-b26a-a3ac798f1bb8 req-3e4bae1f-1840-44a2-b26a-a3ac798f1bb8 ] Request (ServersTestJSON:setUpClass): 201 POST http://10.180.1.21/identity/v3/auth/tokens 0.079s
2024-12-14 22:04:10.111 66890 INFO tempest.lib.common.rest_client [req-02e93046-b119-405b-8010-9a862e900f89 req-02e93046-b119-405b-8010-9a862e900f89 ] Request (ServerDiskConfigTestJSON:test_rebuild_server_with_auto_disk_config): 200 GET http://10.180.1.21/compute/v2.1/servers/5333988c-9980-4aca-a0f3-42c4c748f4ae 1.766s
2024-12-14 22:04:10.319 66874 INFO tempest.lib.common.rest_client [req-266a049d-7147-49d7-a225-2dbe6138482c req-266a049d-7147-49d7-a225-2dbe6138482c ] Request (ServerRescueTestJSONUnderV235:setUpClass): 201 POST http://10.180.1.21:9696/networking/v2.0/routers 0.964s
2024-12-14 22:04:10.426 66882 INFO tempest.lib.common.rest_client [req-cd6bdd27-736e-489c-963c-e27e8db744aa req-cd6bdd27-736e-489c-963c-e27e8db744aa ] Request (AttachInterfacesV270Test:test_create_get_list_interfaces): 202 POST http://10.180.1.21/compute/v2.1/servers 2.062s
2024-12-14 22:04:10.467 66858 INFO tempest.lib.common.rest_client [req-49a8e145-b896-4bc8-8534-d00c95c11692 req-49a8e145-b896-4bc8-8534-d00c95c11692 ] Request (ServersTestJSON:setUpClass): 201 POST http://10.180.1.21:9696/networking/v2.0/networks 0.559s
2024-12-14 22:04:10.519 66876 INFO tempest.lib.common.rest_client [req-2fef2c98-e5ec-4e17-82e0-774aa2f22b7f req-2fef2c98-e5ec-4e17-82e0-774aa2f22b7f ] Request (TenantUsagesTestJSON:tearDownClass): 200 GET http://10.180.1.21/compute/v2.1/servers/fca3afab-53ba-4347-9ba1-2f8dd5200d22 1.765s
2024-12-14 22:04:10.522 66838 INFO tempest.lib.common.rest_client [req-9c588d10-3d0f-4709-ac54-9e48143ca789 req-9c588d10-3d0f-4709-ac54-9e48143ca789 ] Request (SecurityGroupRulesTestJSON:test_security_group_rules_delete_when_peer_group_deleted): 200 POST http://10.180.1.21/compute/v2.1/os-security-groups 1.783s
2024-12-14 22:04:10.529 66876 INFO tempest.common.waiters [-] State transition "ACTIVE/deleting" ==> "DELETED/None" after 5 second wait
2024-12-14 22:04:10.626 66830 INFO tempest.lib.common.rest_client [req-df96f8e2-94a0-4466-a9ab-e3076a64393e req-df96f8e2-94a0-4466-a9ab-e3076a64393e ] Request (ServerDiagnosticsTest:test_get_server_diagnostics): 200 GET http://10.180.1.21/compute/v2.1/servers/b8f913d0-418e-46cb-bff7-2913fd2b528d 1.531s
2024-12-14 22:04:10.862 66858 INFO tempest.lib.common.rest_client [req-f7d11de4-e6ec-456e-9767-d14a6bd450ed req-f7d11de4-e6ec-456e-9767-d14a6bd450ed ] Request (ServersTestJSON:setUpClass): 201 POST http://10.180.1.21:9696/networking/v2.0/subnets 0.394s
2024-12-14 22:04:10.897 66886 INFO tempest.lib.common.rest_client [req-6ac337b9-f5aa-4fa3-a12e-b611f3573199 req-6ac337b9-f5aa-4fa3-a12e-b611f3573199 ] Request (MigrationsAdminTest:test_list_migrations_in_flavor_resize_situation): 202 POST http://10.180.1.21/compute/v2.1/servers/691283c4-becb-4caa-8bc2-899110cf74b4/action 1.658s
2024-12-14 22:04:11.005 66878 INFO tempest.lib.common.rest_client [req-8d97a10f-ec02-47ca-b61c-59da213460e1 req-8d97a10f-ec02-47ca-b61c-59da213460e1 ] Request (ServersAdmin275Test:test_rebuild_update_server_275): 202 POST http://10.180.1.21/compute/v2.1/servers/e0e62316-8e27-4949-a050-3f05f8020ca1/action 1.986s
2024-12-14 22:04:11.034 66850 INFO tempest.lib.common.rest_client [req-d008da1a-e50c-4257-8157-b978d365c370 req-d008da1a-e50c-4257-8157-b978d365c370 ] Request (AggregatesAdminNegativeTestJSON:_run_cleanups): 200 DELETE http://10.180.1.21/compute/v2.1/os-aggregates/5 1.689s
2024-12-14 22:04:11.083 66840 INFO tempest.lib.common.rest_client [req-07cdd826-2487-4ceb-bebf-2d48d654c146 req-07cdd826-2487-4ceb-bebf-2d48d654c146 ] Request (KeyPairsV2TestJSON:test_keypair_create_with_pub_key): 200 POST http://10.180.1.21/compute/v2.1/os-keypairs 1.713s
2024-12-14 22:04:11.113 66854 INFO tempest.lib.common.rest_client [req-fdc4e863-ab5e-48cf-a0c0-6a64cf96d0c5 req-fdc4e863-ab5e-48cf-a0c0-6a64cf96d0c5 ] Request (ImagesMetadataTestJSON:setUp): 200 PUT http://10.180.1.21/compute/v2.1/images/a7b6c0d9-28f4-4895-93ee-f6a374326ff6/metadata 1.830s
2024-12-14 22:04:11.131 66836 INFO tempest.lib.common.rest_client [req-3fd9af2e-140f-4052-8d69-ea23420f63c9 req-3fd9af2e-140f-4052-8d69-ea23420f63c9 ] Request (FlavorsAdminTestJSON:test_create_server_with_non_public_flavor): 200 POST http://10.180.1.21/compute/v2.1/flavors 1.710s
2024-12-14 22:04:11.238 66868 INFO tempest.lib.common.rest_client [req-895ddca0-639d-46d6-be0d-1f5e4e0af8ee req-895ddca0-639d-46d6-be0d-1f5e4e0af8ee ] Request (AttachVolumeTestJSON:test_attach_detach_volume): 200 GET http://10.180.1.21/compute/v2.1/servers/70bdbe2f-7530-4f64-80a6-ceada275a8b8 1.785s
2024-12-14 22:04:11.249 66868 INFO tempest.common.waiters [-] State transition "BUILD/None" ==> "BUILD/block_device_mapping" after 13 second wait
2024-12-14 22:04:11.310 66834 INFO tempest.lib.common.rest_client [req-ef9fc237-2c0b-40eb-87f7-3b7a99b88597 req-ef9fc237-2c0b-40eb-87f7-3b7a99b88597 ] Request (ServerDiagnosticsNegativeTest:test_get_server_diagnostics_by_non_admin): 200 GET http://10.180.1.21/compute/v2.1/servers/f1b7eb5c-b481-4f6e-baed-91bce33aff19 1.929s
2024-12-14 22:04:11.368 66860 INFO tempest.lib.common.rest_client [req-85c400ff-9d58-4499-9d7f-1c6fdff8d0eb req-85c400ff-9d58-4499-9d7f-1c6fdff8d0eb ] Request (ServerDiagnosticsV248Test:tearDownClass): 200 GET http://10.180.1.21/compute/v2.1/servers/5d7417eb-c71d-4cec-b13e-845a652ef709 1.873s
2024-12-14 22:04:11.376 66872 INFO tempest.lib.common.rest_client [req-f9da0d23-9c41-4076-b0e4-259a8921dfed req-f9da0d23-9c41-4076-b0e4-259a8921dfed ] Request (ServersWithSpecificFlavorTestJSON:test_verify_created_server_ephemeral_disk): 200 GET http://10.180.1.21/compute/v2.1/servers/40c89246-b53b-45ec-83bb-1a8f999472a9 1.859s
2024-12-14 22:04:11.407 66856 INFO tempest.lib.common.rest_client [req-4ef8f493-7bc3-430f-9d54-c77de9f0021e req-4ef8f493-7bc3-430f-9d54-c77de9f0021e ] Request (ServicesAdminNegativeTestJSON:test_get_service_by_invalid_service_and_valid_host): 200 GET http://10.180.1.21/compute/v2.1/os-services 1.889s
2024-12-14 22:04:11.477 66848 INFO tempest.lib.common.rest_client [req-b0b76c13-2e3a-49e1-9438-85af4751eed6 req-b0b76c13-2e3a-49e1-9438-85af4751eed6 ] Request (VolumesAdminNegativeTest:test_update_attached_volume_with_nonexistent_volume_in_body): 200 PUT http://10.180.1.21:9696/networking/v2.0/floatingips/ccf70418-b801-454e-9c11-a414085bcabd 1.758s
2024-12-14 22:04:11.478 66848 INFO tempest.lib.common.ssh [-] Creating ssh connection to '10.180.180.175:22' as 'cirros' with public key authentication
2024-12-14 22:04:11.522 66852 INFO tempest.lib.common.rest_client [req-21d05d43-24ce-4a76-9535-e751e0d75536 req-21d05d43-24ce-4a76-9535-e751e0d75536 ] Request (ServersAaction247Test:test_create_backup): 200 GET http://10.180.1.21/compute/v2.1/servers/4aaa7e45-fb16-4a47-9743-c7c11e941477 1.905s
2024-12-14 22:04:11.540 66892 INFO tempest.lib.common.rest_client [req-3ef8bf9d-f176-4d69-93e9-a70c57bcda31 req-3ef8bf9d-f176-4d69-93e9-a70c57bcda31 ] Request (QuotaClassesAdminTestJSON:test_update_default_quotas): 200 GET http://10.180.1.21/compute/v2.1/os-quota-class-sets/default 1.869s
2024-12-14 22:04:11.550 66842 INFO tempest.lib.common.rest_client [req-14a686e9-5238-4ae5-8b54-cdbf0283f31b req-14a686e9-5238-4ae5-8b54-cdbf0283f31b ] Request (InstanceActionsNegativeTestJSON:test_list_instance_actions_non_existent_server): 404 GET http://10.180.1.21/compute/v2.1/servers/8c72c380-1551-43ec-967f-dcb6f014bedd/os-instance-actions 1.841s
2024-12-14 22:04:11.575 66844 INFO tempest.lib.common.rest_client [req-37bc6282-583c-4a6d-81ea-98a246f5d419 req-37bc6282-583c-4a6d-81ea-98a246f5d419 ] Request (FlavorsAccessNegativeTestJSON:_run_cleanups): 200 GET http://10.180.1.21/compute/v2.1/flavors/detail 1.856s
2024-12-14 22:04:11.576 66864 INFO tempest.lib.common.rest_client [req-9cd14117-8eda-4a8b-ba03-7be03c3227e1 req-9cd14117-8eda-4a8b-ba03-7be03c3227e1 ] Request (VolumesAssistedSnapshotsTest:test_volume_assisted_snapshot_create_delete): 200 GET http://10.180.1.21/compute/v2.1/servers/4461ed70-858b-4907-9802-b81499c609bf 2.056s
2024-12-14 22:04:11.586 66864 INFO tempest.common.waiters [-] State transition "BUILD/spawning" ==> "ACTIVE/None" after 18 second wait
2024-12-14 22:04:11.654 66880 INFO tempest.lib.common.rest_client [req-cf1d2c30-6e11-4fbe-afbe-983ff3967dfe req-cf1d2c30-6e11-4fbe-afbe-983ff3967dfe ] Request (ServerAddressesTestJSON:setUpClass): 200 GET http://10.180.1.21/compute/v2.1/servers/a64850bf-39dd-4ca5-a1a1-81a1e287579c 1.711s
2024-12-14 22:04:11.664 66880 INFO tempest.common.waiters [-] State transition "BUILD/scheduling" ==> "BUILD/None" after 7 second wait
2024-12-14 22:04:11.733 66884 INFO tempest.lib.common.rest_client [req-b11db995-e0a0-41cb-a8df-9447362500d5 req-b11db995-e0a0-41cb-a8df-9447362500d5 ] Request (ImagesTestJSON:test_create_image_from_stopped_server): 200 GET http://10.180.1.21/compute/v2.1/servers/246b06d7-5985-43dd-809d-d9cb4428d230 1.653s
2024-12-14 22:04:11.847 66888 INFO tempest.lib.common.rest_client [req-550e052e-bb39-448c-bd76-03263f6656c0 req-550e052e-bb39-448c-bd76-03263f6656c0 ] Request (ServersTestManualDisk:setUpClass): 200 GET http://10.180.1.21/compute/v2.1/servers/14934761-0459-4baf-838b-fbbbcf332e7a 1.815s
2024-12-14 22:04:11.937 66862 INFO tempest.lib.common.rest_client [req-8cb455d0-f1cb-4661-9c8e-e74792261ffb req-8cb455d0-f1cb-4661-9c8e-e74792261ffb ] Request (ImagesOneServerNegativeTestJSON:setUpClass): 200 GET http://10.180.1.21/compute/v2.1/servers/5640b6a5-232f-425b-8d39-57caf53ee122 1.583s
2024-12-14 22:04:11.984 66874 INFO tempest.lib.common.rest_client [req-6474ea9b-6916-4d1d-a9e1-96ee6dae70f6 req-6474ea9b-6916-4d1d-a9e1-96ee6dae70f6 ] Request (ServerRescueTestJSONUnderV235:setUpClass): 200 PUT http://10.180.1.21:9696/networking/v2.0/routers/317ce9c5-d239-44e0-a364-16da1ffae103/add_router_interface 1.664s
2024-12-14 22:04:11.984 66874 INFO tempest.lib.common.dynamic_creds [-] Created isolated network resources for: credentials: Credentials: {'domain_id': 'default', 'domain_name': 'Default', 'username': 'tempest-ServerRescueTestJSONUnderV235-1059170252-project-member', 'project_domain_id': 'default', 'project_domain_name': 'Default', 'project_id': '75e36005424b414e87563f18451c0995', 'project_name': 'tempest-ServerRescueTestJSONUnderV235-1059170252', 'tenant_id': '75e36005424b414e87563f18451c0995', 'tenant_name': 'tempest-ServerRescueTestJSONUnderV235-1059170252', 'user_domain_id': 'default', 'user_domain_name': 'Default', 'user_id': '470a0d0cb64341df99dcd24b62e739b9', 'system': None}, Network: {'id': 'e2c51b85-9148-4660-ae55-43b281ef5135', 'name': 'tempest-ServerRescueTestJSONUnderV235-562055861-network', 'tenant_id': '75e36005424b414e87563f18451c0995', 'admin_state_up': True, 'mtu': 8950, 'status': 'ACTIVE', 'subnets': [], 'shared': False, 'project_id': '75e36005424b414e87563f18451c0995', 'port_security_enabled': True, 'router:external': False, 'provider:network_type': 'vlan', 'provider:physical_network': 'default', 'provider:segmentation_id': 473, 'availability_zone_hints': [], 'availability_zones': [], 'ipv4_address_scope': None, 'ipv6_address_scope': None, 'description': '', 'tags': [], 'created_at': '2024-12-14T22:04:08Z', 'updated_at': '2024-12-14T22:04:08Z', 'revision_number': 1}, Subnet: {'id': '13ad2c9a-5720-4711-abdf-0507cbf6270f', 'name': 'tempest-ServerRescueTestJSONUnderV235-562055861-subnet', 'tenant_id': '75e36005424b414e87563f18451c0995', 'network_id': 'e2c51b85-9148-4660-ae55-43b281ef5135', 'ip_version': 4, 'subnetpool_id': None, 'enable_dhcp': False, 'ipv6_ra_mode': None, 'ipv6_address_mode': None, 'gateway_ip': '192.168.128.1', 'cidr': '192.168.128.0/28', 'allocation_pools': [{'start': '192.168.128.2', 'end': '192.168.128.14'}], 'host_routes': [], 'dns_nameservers': [], 'description': '', 'router:external': False, 'service_types': [], 'tags': [], 'created_at': '2024-12-14T22:04:08Z', 'updated_at': '2024-12-14T22:04:08Z', 'revision_number': 0, 'project_id': '75e36005424b414e87563f18451c0995'}, Router: {'id': '317ce9c5-d239-44e0-a364-16da1ffae103', 'name': 'tempest-ServerRescueTestJSONUnderV235-562055861-router', 'tenant_id': '75e36005424b414e87563f18451c0995', 'admin_state_up': True, 'status': 'ACTIVE', 'external_gateway_info': {'network_id': '5988ff94-71ce-4c20-a3ae-cbcf11906afa', 'external_fixed_ips': [{'subnet_id': 'bb65f7a7-329d-496b-a86f-0a51989c9379', 'ip_address': '10.180.180.133'}], 'enable_snat': True}, 'description': '', 'availability_zones': [], 'distributed': False, 'ha': False, 'availability_zone_hints': [], 'routes': [], 'flavor_id': None, 'tags': [], 'created_at': '2024-12-14T22:04:09Z', 'updated_at': '2024-12-14T22:04:09Z', 'revision_number': 2, 'project_id': '75e36005424b414e87563f18451c0995'}
2024-12-14 22:04:12.007 66846 INFO tempest.lib.common.rest_client [req-a21d3b4c-514e-4dea-b4cb-842c50da251f req-a21d3b4c-514e-4dea-b4cb-842c50da251f ] Request (ImagesOneServerTestJSON:setUpClass): 200 GET http://10.180.1.21/compute/v2.1/servers/204444c0-0fc4-4053-8fb1-c4e182070d39 1.652s
2024-12-14 22:04:12.025 66882 INFO tempest.lib.common.rest_client [req-812a40ff-ac8d-443e-8995-46ea8aa1a812 req-812a40ff-ac8d-443e-8995-46ea8aa1a812 ] Request (AttachInterfacesV270Test:test_create_get_list_interfaces): 200 GET http://10.180.1.21/compute/v2.1/servers/a88e56cd-2e51-4e8e-8a73-ebbe2468b2d6 1.597s
2024-12-14 22:04:12.091 66874 INFO tempest.lib.common.rest_client [req-27e0fd5f-db1b-4eff-a05b-786b62192b38 req-27e0fd5f-db1b-4eff-a05b-786b62192b38 ] Request (ServerRescueTestJSONUnderV235:setUpClass): 201 POST http://10.180.1.21/identity/v3/auth/tokens 0.102s
2024-12-14 22:04:12.096 66832 INFO tempest.lib.common.rest_client [req-14336c34-818f-4f76-b319-bf4a0b4e2d0f req-14336c34-818f-4f76-b319-bf4a0b4e2d0f ] Request (ServersNegativeTestJSON:setUpClass): 200 GET http://10.180.1.21/compute/v2.1/servers/a7290afc-ae2f-4b07-aa4f-a2d89bf514f4 1.657s
2024-12-14 22:04:12.130 66874 INFO tempest.lib.common.rest_client [req-dcc9ef10-4115-482b-b9b9-0b2ad93b10f3 req-dcc9ef10-4115-482b-b9b9-0b2ad93b10f3 ] Request (ServerRescueTestJSONUnderV235:setUpClass): 201 POST http://10.180.1.21/identity/v3/auth/tokens 0.034s
2024-12-14 22:04:12.131 66874 INFO tempest.lib.common.fixed_network [-] (ServerRescueTestJSONUnderV235:setUpClass) Found network {'id': 'e2c51b85-9148-4660-ae55-43b281ef5135', 'name': 'tempest-ServerRescueTestJSONUnderV235-562055861-network', 'tenant_id': '75e36005424b414e87563f18451c0995', 'admin_state_up': True, 'mtu': 8950, 'status': 'ACTIVE', 'subnets': [], 'shared': False, 'project_id': '75e36005424b414e87563f18451c0995', 'port_security_enabled': True, 'router:external': False, 'provider:network_type': 'vlan', 'provider:physical_network': 'default', 'provider:segmentation_id': 473, 'availability_zone_hints': [], 'availability_zones': [], 'ipv4_address_scope': None, 'ipv6_address_scope': None, 'description': '', 'tags': [], 'created_at': '2024-12-14T22:04:08Z', 'updated_at': '2024-12-14T22:04:08Z', 'revision_number': 1} available for tenant
2024-12-14 22:04:12.170 66838 INFO tempest.lib.common.rest_client [req-18c45f85-cc8e-4f39-8e81-e81d23ed0bb1 req-18c45f85-cc8e-4f39-8e81-e81d23ed0bb1 ] Request (SecurityGroupRulesTestJSON:test_security_group_rules_delete_when_peer_group_deleted): 200 POST http://10.180.1.21/compute/v2.1/os-security-groups 1.642s
2024-12-14 22:04:12.260 66878 INFO tempest.lib.common.rest_client [req-42475eef-0129-4da2-9abc-53886c25024b req-42475eef-0129-4da2-9abc-53886c25024b ] Request (ServersAdmin275Test:_run_cleanups): 200 GET http://10.180.1.21/compute/v2.1/servers/e0e62316-8e27-4949-a050-3f05f8020ca1 1.242s
2024-12-14 22:04:12.272 66850 INFO tempest.lib.common.rest_client [req-a5d42583-6e04-4403-8b06-9532d8dc6844 req-a5d42583-6e04-4403-8b06-9532d8dc6844 ] Request (AggregatesAdminNegativeTestJSON:test_aggregate_delete_with_invalid_id): 404 DELETE http://10.180.1.21/compute/v2.1/os-aggregates/-1 1.234s
2024-12-14 22:04:12.291 66840 INFO tempest.lib.common.rest_client [req-51f2d045-34b6-46d9-a84c-5e11779071db req-51f2d045-34b6-46d9-a84c-5e11779071db ] Request (KeyPairsV2TestJSON:_run_cleanups): 202 DELETE http://10.180.1.21/compute/v2.1/os-keypairs/tempest-keypair-120864688 1.206s
2024-12-14 22:04:12.426 66886 INFO tempest.lib.common.rest_client [req-40b0b72c-b566-4207-92da-b46647086f3e req-40b0b72c-b566-4207-92da-b46647086f3e ] Request (MigrationsAdminTest:test_list_migrations_in_flavor_resize_situation): 200 GET http://10.180.1.21/compute/v2.1/servers/691283c4-becb-4caa-8bc2-899110cf74b4 1.528s
2024-12-14 22:04:12.535 66854 INFO tempest.lib.common.rest_client [req-da7ede01-cc4d-46bd-b40e-3cb063194725 req-da7ede01-cc4d-46bd-b40e-3cb063194725 ] Request (ImagesMetadataTestJSON:test_set_image_metadata): 200 PUT http://10.180.1.21/compute/v2.1/images/a7b6c0d9-28f4-4895-93ee-f6a374326ff6/metadata 1.420s
2024-12-14 22:04:12.550 66836 INFO tempest.lib.common.rest_client [req-562f27d2-eb4f-4503-a1af-fa19d31b6a95 req-562f27d2-eb4f-4503-a1af-fa19d31b6a95 ] Request (FlavorsAdminTestJSON:test_create_server_with_non_public_flavor): 400 POST http://10.180.1.21/compute/v2.1/servers 1.416s
2024-12-14 22:04:12.574 66856 INFO tempest.lib.common.rest_client [req-123916a7-ec71-4275-92cc-ba8260ea7f45 req-123916a7-ec71-4275-92cc-ba8260ea7f45 ] Request (ServicesAdminNegativeTestJSON:test_get_service_by_invalid_service_and_valid_host): 200 GET http://10.180.1.21/compute/v2.1/os-services?host=devstack&binary=xxx 1.165s
2024-12-14 22:04:12.648 66876 INFO tempest.lib.common.rest_client [req-d36fb6e2-8aba-4c7c-8ecd-eafb8d1ae186 req-d36fb6e2-8aba-4c7c-8ecd-eafb8d1ae186 ] Request (TenantUsagesTestJSON:tearDownClass): 200 GET http://10.180.1.21/compute/v2.1/servers/fca3afab-53ba-4347-9ba1-2f8dd5200d22 1.118s
2024-12-14 22:04:12.665 66890 INFO tempest.lib.common.rest_client [req-37119160-6cb7-48d8-8c25-e7296cb342a6 req-37119160-6cb7-48d8-8c25-e7296cb342a6 ] Request (ServerDiskConfigTestJSON:test_rebuild_server_with_auto_disk_config): 200 GET http://10.180.1.21/compute/v2.1/servers/5333988c-9980-4aca-a0f3-42c4c748f4ae 1.544s
2024-12-14 22:04:12.736 66892 INFO tempest.lib.common.rest_client [req-9974baf3-cf06-4835-bde8-97b37c6e45e5 req-9974baf3-cf06-4835-bde8-97b37c6e45e5 ] Request (QuotaClassesAdminTestJSON:_run_cleanups): 200 PUT http://10.180.1.21/compute/v2.1/os-quota-class-sets/default 1.191s
2024-12-14 22:04:12.738 66866 INFO tempest.lib.common.rest_client [req-f0aab848-fded-4bc9-b882-e8f483c65a23 req-f0aab848-fded-4bc9-b882-e8f483c65a23 ] Request (ImagesNegativeTestJSON:setUpClass): 200 PUT http://10.180.1.21:9696/networking/v2.0/routers/f51b1806-55db-4154-aca8-4d991e2d5dbb/add_router_interface 3.375s
2024-12-14 22:04:12.738 66866 INFO tempest.lib.common.dynamic_creds [-] Created isolated network resources for: credentials: Credentials: {'domain_id': 'default', 'domain_name': 'Default', 'username': 'tempest-ImagesNegativeTestJSON-78867772-project-member', 'project_domain_id': 'default', 'project_domain_name': 'Default', 'project_id': '726f1b48d512413197a03b93d5c13e40', 'project_name': 'tempest-ImagesNegativeTestJSON-78867772', 'tenant_id': '726f1b48d512413197a03b93d5c13e40', 'tenant_name': 'tempest-ImagesNegativeTestJSON-78867772', 'user_domain_id': 'default', 'user_domain_name': 'Default', 'user_id': 'e60d946245b041b59f95af08f8e6c1f3', 'system': None}, Network: {'id': 'adbb953a-c023-4bf3-a6ed-3f55eebe00ee', 'name': 'tempest-ImagesNegativeTestJSON-961493922-network', 'tenant_id': '726f1b48d512413197a03b93d5c13e40', 'admin_state_up': True, 'mtu': 8950, 'status': 'ACTIVE', 'subnets': [], 'shared': False, 'project_id': '726f1b48d512413197a03b93d5c13e40', 'port_security_enabled': True, 'router:external': False, 'provider:network_type': 'vlan', 'provider:physical_network': 'default', 'provider:segmentation_id': 193, 'availability_zone_hints': [], 'availability_zones': [], 'ipv4_address_scope': None, 'ipv6_address_scope': None, 'description': '', 'tags': [], 'created_at': '2024-12-14T22:04:07Z', 'updated_at': '2024-12-14T22:04:07Z', 'revision_number': 1}, Subnet: {'id': '306c3e04-9926-487d-8ae2-481f8d670ae3', 'name': 'tempest-ImagesNegativeTestJSON-961493922-subnet', 'tenant_id': '726f1b48d512413197a03b93d5c13e40', 'network_id': 'adbb953a-c023-4bf3-a6ed-3f55eebe00ee', 'ip_version': 4, 'subnetpool_id': None, 'enable_dhcp': True, 'ipv6_ra_mode': None, 'ipv6_address_mode': None, 'gateway_ip': '192.168.128.1', 'cidr': '192.168.128.0/28', 'allocation_pools': [{'start': '192.168.128.2', 'end': '192.168.128.14'}], 'host_routes': [], 'dns_nameservers': [], 'description': '', 'router:external': False, 'service_types': [], 'tags': [], 'created_at': '2024-12-14T22:04:07Z', 'updated_at': '2024-12-14T22:04:07Z', 'revision_number': 0, 'project_id': '726f1b48d512413197a03b93d5c13e40'}, Router: {'id': 'f51b1806-55db-4154-aca8-4d991e2d5dbb', 'name': 'tempest-ImagesNegativeTestJSON-961493922-router', 'tenant_id': '726f1b48d512413197a03b93d5c13e40', 'admin_state_up': True, 'status': 'ACTIVE', 'external_gateway_info': {'network_id': '5988ff94-71ce-4c20-a3ae-cbcf11906afa', 'external_fixed_ips': [{'subnet_id': 'bb65f7a7-329d-496b-a86f-0a51989c9379', 'ip_address': '10.180.180.220'}], 'enable_snat': True}, 'description': '', 'availability_zones': [], 'distributed': False, 'ha': False, 'availability_zone_hints': [], 'routes': [], 'flavor_id': None, 'tags': [], 'created_at': '2024-12-14T22:04:07Z', 'updated_at': '2024-12-14T22:04:08Z', 'revision_number': 2, 'project_id': '726f1b48d512413197a03b93d5c13e40'}
2024-12-14 22:04:12.768 66844 INFO tempest.lib.common.rest_client [req-6a2a1b53-8886-456f-a3b1-505a12be257e req-6a2a1b53-8886-456f-a3b1-505a12be257e ] Request (FlavorsAccessNegativeTestJSON:test_flavor_non_admin_add): 200 POST http://10.180.1.21/compute/v2.1/flavors 1.185s
2024-12-14 22:04:12.785 66842 INFO tempest.lib.common.rest_client [req-c9ecafa6-37e4-4c3f-8388-c6b79fbc71c8 req-c9ecafa6-37e4-4c3f-8388-c6b79fbc71c8 ] Request (InstanceActionsNegativeTestJSON:tearDownClass): 204 DELETE http://10.180.1.21/compute/v2.1/servers/762115bf-9390-48e5-af73-803669426742 1.232s
