2024-12-14 22:04:27.099 66844 INFO tempest.lib.common.dynamic_creds [-] Dynamic test user 0c638b998f6c47fbb507a7e450b301a2 is created with scope project and roles: ['member']
2024-12-14 22:04:27.099 66844 INFO tempest.lib.common.dynamic_creds [-] Acquired dynamic creds: credentials: Credentials: {'domain_id': 'default', 'domain_name': 'Default', 'username': 'tempest-AbsoluteLimitsNegativeTestJSON-750472753-project-member', 'project_domain_id': 'default', 'project_domain_name': 'Default', 'project_id': '0277165f1d044f6db77f372d795af056', 'project_name': 'tempest-AbsoluteLimitsNegativeTestJSON-750472753', 'tenant_id': '0277165f1d044f6db77f372d795af056', 'tenant_name': 'tempest-AbsoluteLimitsNegativeTestJSON-750472753', 'user_domain_id': 'default', 'user_domain_name': 'Default', 'user_id': '0c638b998f6c47fbb507a7e450b301a2', 'system': None}, Network: None, Subnet: None, Router: None
2024-12-14 22:04:27.099 66844 INFO tempest.lib.common.dynamic_creds [-] Created isolated network resources for: credentials: Credentials: {'domain_id': 'default', 'domain_name': 'Default', 'username': 'tempest-AbsoluteLimitsNegativeTestJSON-750472753-project-member', 'project_domain_id': 'default', 'project_domain_name': 'Default', 'project_id': '0277165f1d044f6db77f372d795af056', 'project_name': 'tempest-AbsoluteLimitsNegativeTestJSON-750472753', 'tenant_id': '0277165f1d044f6db77f372d795af056', 'tenant_name': 'tempest-AbsoluteLimitsNegativeTestJSON-750472753', 'user_domain_id': 'default', 'user_domain_name': 'Default', 'user_id': '0c638b998f6c47fbb507a7e450b301a2', 'system': None}, Network: None, Subnet: None, Router: None
2024-12-14 22:04:27.117 66871 INFO tempest.lib.common.rest_client [req-bf2f1aec-403a-48bb-abeb-85789c6ea0f8 req-bf2f1aec-403a-48bb-abeb-85789c6ea0f8 ] Request (FlavorsV2TestJSON:test_list_flavors_filter_by_min_disk): 200 GET http://10.180.1.21/compute/v2.1/flavors?minDisk=2 0.518s
2024-12-14 22:04:27.122 66836 INFO tempest.lib.common.rest_client [req-28a18911-9a6a-4d36-8844-24257f0c1a16 req-28a18911-9a6a-4d36-8844-24257f0c1a16 ] Request (FlavorsAdminTestJSON:test_list_non_public_flavor): 200 GET http://10.180.1.21/compute/v2.1/flavors/detail 0.585s
2024-12-14 22:04:27.192 66844 INFO tempest.lib.common.rest_client [req-cf5e535f-b645-40ce-935e-f2118abb4b50 req-cf5e535f-b645-40ce-935e-f2118abb4b50 ] Request (AbsoluteLimitsNegativeTestJSON:setUpClass): 201 POST http://10.180.1.21/identity/v3/auth/tokens 0.085s
2024-12-14 22:04:27.200 66884 INFO tempest.lib.common.rest_client [req-970045f5-9fac-4507-be44-e61b402d57bb req-970045f5-9fac-4507-be44-e61b402d57bb ] Request (ImagesTestJSON:test_create_image_from_stopped_server): 200 GET http://10.180.1.21/compute/v2.1/servers/246b06d7-5985-43dd-809d-d9cb4428d230 0.591s
2024-12-14 22:04:27.272 66852 INFO tempest.lib.common.rest_client [req-0c0d76b1-4204-4f16-a575-a5767ffa7d8f req-0c0d76b1-4204-4f16-a575-a5767ffa7d8f ] Request (ServersAaction247Test:tearDownClass): 200 GET http://10.180.1.21/compute/v2.1/servers/4aaa7e45-fb16-4a47-9743-c7c11e941477 0.583s
2024-12-14 22:04:27.298 66842 INFO tempest.lib.common.rest_client [req-17a7e69b-ade3-488f-b000-bd6c5e04c932 req-17a7e69b-ade3-488f-b000-bd6c5e04c932 ] Request (InstanceActionsNegativeTestJSON:tearDownClass): 200 GET http://10.180.1.21/compute/v2.1/servers/762115bf-9390-48e5-af73-803669426742 0.491s
2024-12-14 22:04:27.367 66868 INFO tempest.lib.common.rest_client [req-9fc8ebe4-dcfe-4a31-ad74-eaecb4067000 req-9fc8ebe4-dcfe-4a31-ad74-eaecb4067000 ] Request (AttachVolumeTestJSON:test_attach_detach_volume): 200 GET http://10.180.1.21/compute/v2.1/servers/70bdbe2f-7530-4f64-80a6-ceada275a8b8/os-interface 0.346s
2024-12-14 22:04:27.407 66876 INFO tempest.lib.common.rest_client [req-f15cfbfa-c4c7-47ff-843c-8c846691c1e9 req-f15cfbfa-c4c7-47ff-843c-8c846691c1e9 ] Request (TenantUsagesTestJSON:tearDownClass): 200 GET http://10.180.1.21:9696/networking/v2.0/security-groups?tenant_id=2dd4b4c9918649b592455b4974408187&name=default 0.651s
2024-12-14 22:04:27.451 66850 INFO tempest.lib.common.rest_client [req-a0c4d79b-4f4a-43ff-825a-f409a5fd36f4 req-a0c4d79b-4f4a-43ff-825a-f409a5fd36f4 ] Request (KeyPairsV210TestJSON:test_admin_manage_keypairs_for_other_users): 201 POST http://10.180.1.21/compute/v2.1/os-keypairs 0.442s
2024-12-14 22:04:27.526 66872 INFO tempest.lib.common.rest_client [req-c0084aae-7e0b-447c-8c8e-841541d768ce req-c0084aae-7e0b-447c-8c8e-841541d768ce ] Request (ServersWithSpecificFlavorTestJSON:test_verify_created_server_ephemeral_disk): 200 GET http://10.180.1.21/compute/v2.1/servers/40c89246-b53b-45ec-83bb-1a8f999472a9 0.492s
2024-12-14 22:04:27.585 66832 INFO tempest.lib.common.rest_client [req-d4494c95-94b3-451b-be41-8cf8bf0d8f52 req-d4494c95-94b3-451b-be41-8cf8bf0d8f52 ] Request (ServersNegativeTestJSON:setUpClass): 200 GET http://10.180.1.21/compute/v2.1/servers/a7290afc-ae2f-4b07-aa4f-a2d89bf514f4 0.474s
2024-12-14 22:04:27.591 66862 INFO tempest.lib.common.rest_client [req-d0ee9fb6-87ce-48fd-8027-3b98f17fa986 req-d0ee9fb6-87ce-48fd-8027-3b98f17fa986 ] Request (ImagesOneServerNegativeTestJSON:setUpClass): 200 GET http://10.180.1.21/compute/v2.1/servers/5640b6a5-232f-425b-8d39-57caf53ee122 0.530s
2024-12-14 22:04:27.600 66871 INFO tempest.lib.common.rest_client [req-ad5a832c-301e-4df0-aef7-8c8284b46eb3 req-ad5a832c-301e-4df0-aef7-8c8284b46eb3 ] Request (FlavorsV2TestJSON:test_list_flavors_filter_by_min_ram): 200 GET http://10.180.1.21/compute/v2.1/flavors/42 0.480s
2024-12-14 22:04:27.620 66836 INFO tempest.lib.common.rest_client [req-4e77a266-d09c-4698-a15f-17d08a328a71 req-4e77a266-d09c-4698-a15f-17d08a328a71 ] Request (FlavorsAdminTestJSON:test_list_non_public_flavor): 200 GET http://10.180.1.21/compute/v2.1/flavors/detail 0.493s
2024-12-14 22:04:27.655 66882 INFO tempest.lib.common.rest_client [req-e9bcb5f4-ead7-49ed-831e-8e9f5b8cf141 req-e9bcb5f4-ead7-49ed-831e-8e9f5b8cf141 ] Request (AttachInterfacesV270Test:test_create_get_list_interfaces): 200 GET http://10.180.1.21/compute/v2.1/servers/a88e56cd-2e51-4e8e-8a73-ebbe2468b2d6 0.485s
2024-12-14 22:04:27.673 66844 INFO tempest.lib.common.rest_client [req-79a52b66-0928-44f4-8af5-58002d81d2e4 req-79a52b66-0928-44f4-8af5-58002d81d2e4 ] Request (AbsoluteLimitsNegativeTestJSON:test_max_metadata_exceed_limit): 200 GET http://10.180.1.21/compute/v2.1/limits 0.476s
2024-12-14 22:04:27.712 66844 INFO tempest.lib.common.rest_client [req-2f6ab01d-26d5-48b5-b355-088a0a658ee0 req-2f6ab01d-26d5-48b5-b355-088a0a658ee0 ] Request (AbsoluteLimitsNegativeTestJSON:test_max_metadata_exceed_limit): 201 POST http://10.180.1.21/identity/v3/auth/tokens 0.033s
2024-12-14 22:04:27.712 66844 INFO tempest.lib.common.fixed_network [-] (AbsoluteLimitsNegativeTestJSON:test_max_metadata_exceed_limit) Found network None available for tenant
2024-12-14 22:04:27.737 66878 INFO tempest.lib.common.rest_client [req-d3ec1d0e-3971-4bf6-9a39-b026e68c12fe req-d3ec1d0e-3971-4bf6-9a39-b026e68c12fe ] Request (ServersAdmin275Test:tearDownClass): 200 GET http://10.180.1.21/compute/v2.1/servers/e0e62316-8e27-4949-a050-3f05f8020ca1 0.455s
2024-12-14 22:04:27.744 66878 INFO tempest.common.waiters [-] State transition "ACTIVE/deleting" ==> "DELETED/None" after 4 second wait
2024-12-14 22:04:27.756 66892 INFO tempest.lib.common.rest_client [req-52bd1923-38fa-4119-88a2-a53b6789dd3b req-52bd1923-38fa-4119-88a2-a53b6789dd3b ] Request (ServersV294TestFqdnHostnames:setUpClass): 200 GET http://10.180.1.21/compute/v2.1/servers/568b34cb-c389-4a7a-8f84-f483892f463c 0.413s
2024-12-14 22:04:27.780 66876 INFO tempest.lib.common.rest_client [req-8d88e802-96be-4138-8971-b6806ec35d23 req-8d88e802-96be-4138-8971-b6806ec35d23 ] Request (TenantUsagesTestJSON:tearDownClass): 204 DELETE http://10.180.1.21:9696/networking/v2.0/security-groups/7e4a8b1b-44f4-4302-8b43-84586a258e05 0.372s
2024-12-14 22:04:27.782 66846 INFO tempest.lib.common.rest_client [req-8a4202bd-102e-4038-b88f-55fe8eb767eb req-8a4202bd-102e-4038-b88f-55fe8eb767eb ] Request (ImagesOneServerTestJSON:test_create_delete_image): 200 GET http://10.180.1.21/compute/v2.1/images/0f62fbaf-bfad-4c81-97f5-2ae0bf278250 0.390s
2024-12-14 22:04:27.789 66850 INFO tempest.lib.common.rest_client [req-c48bc3ed-fdfb-40d6-a47f-60a3468a82ee req-c48bc3ed-fdfb-40d6-a47f-60a3468a82ee ] Request (KeyPairsV210TestJSON:test_admin_manage_keypairs_for_other_users): 201 POST http://10.180.1.21/compute/v2.1/os-keypairs 0.336s
2024-12-14 22:04:27.842 66874 INFO tempest.lib.common.rest_client [req-c640574b-4b30-4c4a-9741-9359657700a9 req-c640574b-4b30-4c4a-9741-9359657700a9 ] Request (ServerRescueTestJSONUnderV235:setUpClass): 200 GET http://10.180.1.21/compute/v2.1/servers/6b256a57-280d-4bcb-b061-bb98954e7448 0.381s
2024-12-14 22:04:27.865 66871 INFO tempest.lib.common.rest_client [req-f670ebc2-05e5-4fba-9819-63b2dbdc2669 req-f670ebc2-05e5-4fba-9819-63b2dbdc2669 ] Request (FlavorsV2TestJSON:test_list_flavors_filter_by_min_ram): 200 GET http://10.180.1.21/compute/v2.1/flavors?minRam=193 0.262s
2024-12-14 22:04:27.880 66836 INFO tempest.lib.common.rest_client [req-eefb4e81-a1be-4f5b-8b7a-6f986965e83b req-eefb4e81-a1be-4f5b-8b7a-6f986965e83b ] Request (FlavorsAdminTestJSON:_run_cleanups): 202 DELETE http://10.180.1.21/compute/v2.1/flavors/1908396118 0.254s
2024-12-14 22:04:27.889 66876 INFO tempest.lib.common.rest_client [req-6aed5f69-9a87-47b1-8a87-c5bf85a7b3a4 req-6aed5f69-9a87-47b1-8a87-c5bf85a7b3a4 ] Request (TenantUsagesTestJSON:tearDownClass): 204 DELETE http://10.180.1.21/identity/v3/projects/2dd4b4c9918649b592455b4974408187 0.109s
2024-12-14 22:04:27.889 66876 INFO tempest.lib.common.dynamic_creds [-] Deleting project and security group for project: 59a048e39ec4439d9a9d6679ef4f1c17
2024-12-14 22:04:27.951 66876 INFO tempest.lib.common.rest_client [req-e4979a96-1f0c-431a-9e80-71bdf8cb19d5 req-e4979a96-1f0c-431a-9e80-71bdf8cb19d5 ] Request (TenantUsagesTestJSON:tearDownClass): 200 GET http://10.180.1.21:9696/networking/v2.0/security-groups?tenant_id=59a048e39ec4439d9a9d6679ef4f1c17&name=default 0.061s
2024-12-14 22:04:27.953 66860 INFO tempest.lib.common.rest_client [req-bee34cbd-28d9-440b-81e1-fceaebf74c8b req-bee34cbd-28d9-440b-81e1-fceaebf74c8b ] Request (ServerDiagnosticsV248Test:tearDownClass): 200 GET http://10.180.1.21/compute/v2.1/servers/5d7417eb-c71d-4cec-b13e-845a652ef709 0.312s
2024-12-14 22:04:28.002 66886 INFO tempest.lib.common.rest_client [req-1c3ed416-b1ec-420b-bd81-114a62bb5a25 req-1c3ed416-b1ec-420b-bd81-114a62bb5a25 ] Request (MigrationsAdminTest:test_list_migrations_in_flavor_resize_situation): 200 GET http://10.180.1.21/compute/v2.1/servers/691283c4-becb-4caa-8bc2-899110cf74b4 0.423s
2024-12-14 22:04:28.016 66868 INFO tempest.lib.common.rest_client [req-49261a2d-cf6a-40e8-864e-fb44abcd91f8 req-49261a2d-cf6a-40e8-864e-fb44abcd91f8 ] Request (AttachVolumeTestJSON:test_attach_detach_volume): 200 PUT http://10.180.1.21:9696/networking/v2.0/floatingips/3f0b7340-6521-42e7-8edb-12eeee0b50f5 0.647s
2024-12-14 22:04:28.018 66868 INFO tempest.lib.common.ssh [-] Creating ssh connection to '10.180.180.170:22' as 'cirros' with public key authentication
2024-12-14 22:04:28.020 66854 INFO tempest.lib.common.rest_client [req-e80c6de3-5aab-4de7-8080-344d357bc1d2 req-e80c6de3-5aab-4de7-8080-344d357bc1d2 ] Request (ServerAddressesNegativeTestJSON:setUpClass): 200 PUT http://10.180.1.21:9696/networking/v2.0/routers/ee049701-9891-48ad-bc86-f5cabc5d9fba/add_router_interface 2.810s
2024-12-14 22:04:28.021 66854 INFO tempest.lib.common.dynamic_creds [-] Created isolated network resources for: credentials: Credentials: {'domain_id': 'default', 'domain_name': 'Default', 'username': 'tempest-ServerAddressesNegativeTestJSON-156776859-project-member', 'project_domain_id': 'default', 'project_domain_name': 'Default', 'project_id': '57a7cb490d47478c93f501c9f1fe40cb', 'project_name': 'tempest-ServerAddressesNegativeTestJSON-156776859', 'tenant_id': '57a7cb490d47478c93f501c9f1fe40cb', 'tenant_name': 'tempest-ServerAddressesNegativeTestJSON-156776859', 'user_domain_id': 'default', 'user_domain_name': 'Default', 'user_id': '4bff911fc12d432d810155b6c82f0712', 'system': None}, Network: {'id': '298412d6-1c8f-4a55-884b-0a4c09b0f4a4', 'name': 'tempest-ServerAddressesNegativeTestJSON-1552918875-network', 'tenant_id': '57a7cb490d47478c93f501c9f1fe40cb', 'admin_state_up': True, 'mtu': 8950, 'status': 'ACTIVE', 'subnets': [], 'shared': False, 'project_id': '57a7cb490d47478c93f501c9f1fe40cb', 'port_security_enabled': True, 'router:external': False, 'provider:network_type': 'vlan', 'provider:physical_network': 'default', 'provider:segmentation_id': 280, 'availability_zone_hints': [], 'availability_zones': [], 'ipv4_address_scope': None, 'ipv6_address_scope': None, 'description': '', 'tags': [], 'created_at': '2024-12-14T22:04:23Z', 'updated_at': '2024-12-14T22:04:23Z', 'revision_number': 1}, Subnet: {'id': 'b7bd2e30-0a94-4eb4-a7df-41307a4a2609', 'name': 'tempest-ServerAddressesNegativeTestJSON-1552918875-subnet', 'tenant_id': '57a7cb490d47478c93f501c9f1fe40cb', 'network_id': '298412d6-1c8f-4a55-884b-0a4c09b0f4a4', 'ip_version': 4, 'subnetpool_id': None, 'enable_dhcp': True, 'ipv6_ra_mode': None, 'ipv6_address_mode': None, 'gateway_ip': '192.168.128.1', 'cidr': '192.168.128.0/28', 'allocation_pools': [{'start': '192.168.128.2', 'end': '192.168.128.14'}], 'host_routes': [], 'dns_nameservers': [], 'description': '', 'router:external': False, 'service_types': [], 'tags': [], 'created_at': '2024-12-14T22:04:23Z', 'updated_at': '2024-12-14T22:04:23Z', 'revision_number': 0, 'project_id': '57a7cb490d47478c93f501c9f1fe40cb'}, Router: {'id': 'ee049701-9891-48ad-bc86-f5cabc5d9fba', 'name': 'tempest-ServerAddressesNegativeTestJSON-1552918875-router', 'tenant_id': '57a7cb490d47478c93f501c9f1fe40cb', 'admin_state_up': True, 'status': 'ACTIVE', 'external_gateway_info': {'network_id': '5988ff94-71ce-4c20-a3ae-cbcf11906afa', 'external_fixed_ips': [{'subnet_id': 'bb65f7a7-329d-496b-a86f-0a51989c9379', 'ip_address': '10.180.180.141'}], 'enable_snat': True}, 'description': '', 'availability_zones': [], 'distributed': False, 'ha': False, 'availability_zone_hints': [], 'routes': [], 'flavor_id': None, 'tags': [], 'created_at': '2024-12-14T22:04:23Z', 'updated_at': '2024-12-14T22:04:24Z', 'revision_number': 2, 'project_id': '57a7cb490d47478c93f501c9f1fe40cb'}
2024-12-14 22:04:28.025 66834 INFO tempest.lib.common.rest_client [req-596931aa-db5e-4582-9d99-799e24eb4b6a req-596931aa-db5e-4582-9d99-799e24eb4b6a ] Request (ServerDiagnosticsNegativeTest:test_get_server_diagnostics_by_non_admin): 200 GET http://10.180.1.21/compute/v2.1/servers/f1b7eb5c-b481-4f6e-baed-91bce33aff19 0.335s
2024-12-14 22:04:28.034 66834 INFO tempest.common.waiters [-] State transition "BUILD/None" ==> "ERROR/None" after 27 second wait
2024-12-14 22:04:28.055 66840 INFO tempest.lib.common.rest_client [req-34179e85-4ecc-4ba9-9844-60c178ed1358 req-34179e85-4ecc-4ba9-9844-60c178ed1358 ] Request (ServersTestFqdnHostnames:test_create_server_with_fqdn_name): 201 POST http://10.180.1.21:9696/networking/v2.0/floatingips 1.627s
2024-12-14 22:04:28.088 66890 INFO tempest.lib.common.rest_client [req-8d64a54e-66e4-42ca-a83a-de5104825aff req-8d64a54e-66e4-42ca-a83a-de5104825aff ] Request (ServerDiskConfigTestJSON:test_rebuild_server_with_manual_disk_config): 200 GET http://10.180.1.21/compute/v2.1/servers/4dba5162-0f02-47c6-96b3-f050115ce07f 0.338s
2024-12-14 22:04:28.105 66850 INFO tempest.lib.common.rest_client [req-ec984286-5b11-4426-bd30-b0e7afdc170f req-ec984286-5b11-4426-bd30-b0e7afdc170f ] Request (KeyPairsV210TestJSON:test_admin_manage_keypairs_for_other_users): 200 GET http://10.180.1.21/compute/v2.1/os-keypairs/tempest-keypair-379385899?user_id=229598ac61104e9193c6f3d68489c5dc 0.314s
2024-12-14 22:04:28.121 66876 INFO tempest.lib.common.rest_client [req-bed6e1a6-7a60-4f34-b93f-9162b42b875e req-bed6e1a6-7a60-4f34-b93f-9162b42b875e ] Request (TenantUsagesTestJSON:tearDownClass): 204 DELETE http://10.180.1.21:9696/networking/v2.0/security-groups/2851f0bb-d612-4d48-825a-4f8174ea8d90 0.170s
2024-12-14 22:04:28.129 66854 INFO tempest.lib.common.rest_client [req-69cb5391-e9f3-4a68-aee6-dc697eb0b91a req-69cb5391-e9f3-4a68-aee6-dc697eb0b91a ] Request (ServerAddressesNegativeTestJSON:setUpClass): 201 POST http://10.180.1.21/identity/v3/auth/tokens 0.105s
2024-12-14 22:04:28.145 66840 INFO tempest.lib.common.rest_client [req-3432c284-5dd2-44a6-8fe4-03bc3ce4eef7 req-3432c284-5dd2-44a6-8fe4-03bc3ce4eef7 ] Request (ServersTestFqdnHostnames:test_create_server_with_fqdn_name): 201 POST http://10.180.1.21/identity/v3/auth/tokens 0.085s
2024-12-14 22:04:28.146 66840 INFO tempest.lib.common.fixed_network [-] (ServersTestFqdnHostnames:test_create_server_with_fqdn_name) Found network {'id': 'd2608fe6-cd1e-4cc5-924d-50bd18dcecc5', 'name': 'tempest-ServersTestFqdnHostnames-1362271339-network', 'tenant_id': 'f97c504843d240feab4a2efacda21756', 'admin_state_up': True, 'mtu': 8950, 'status': 'ACTIVE', 'subnets': [], 'shared': False, 'project_id': 'f97c504843d240feab4a2efacda21756', 'port_security_enabled': True, 'router:external': False, 'provider:network_type': 'vlan', 'provider:physical_network': 'default', 'provider:segmentation_id': 742, 'availability_zone_hints': [], 'availability_zones': [], 'ipv4_address_scope': None, 'ipv6_address_scope': None, 'description': '', 'tags': [], 'created_at': '2024-12-14T22:04:22Z', 'updated_at': '2024-12-14T22:04:22Z', 'revision_number': 1} available for tenant
2024-12-14 22:04:28.174 66858 INFO tempest.lib.common.rest_client [req-4e0ec20a-8183-4c4e-9482-eecd156854b3 req-4e0ec20a-8183-4c4e-9482-eecd156854b3 ] Request (ServersTestJSON:test_create_server_specify_multibyte_character_name): 200 GET http://10.180.1.21/compute/v2.1/servers/a7330131-c363-4a3e-9cc1-38d359333ae8 0.368s
2024-12-14 22:04:28.181 66854 INFO tempest.lib.common.rest_client [req-f0cb8594-4bef-4b55-a451-92b36ac44573 req-f0cb8594-4bef-4b55-a451-92b36ac44573 ] Request (ServerAddressesNegativeTestJSON:setUpClass): 201 POST http://10.180.1.21/identity/v3/auth/tokens 0.045s
2024-12-14 22:04:28.181 66854 INFO tempest.lib.common.fixed_network [-] (ServerAddressesNegativeTestJSON:setUpClass) Found network {'id': '298412d6-1c8f-4a55-884b-0a4c09b0f4a4', 'name': 'tempest-ServerAddressesNegativeTestJSON-1552918875-network', 'tenant_id': '57a7cb490d47478c93f501c9f1fe40cb', 'admin_state_up': True, 'mtu': 8950, 'status': 'ACTIVE', 'subnets': [], 'shared': False, 'project_id': '57a7cb490d47478c93f501c9f1fe40cb', 'port_security_enabled': True, 'router:external': False, 'provider:network_type': 'vlan', 'provider:physical_network': 'default', 'provider:segmentation_id': 280, 'availability_zone_hints': [], 'availability_zones': [], 'ipv4_address_scope': None, 'ipv6_address_scope': None, 'description': '', 'tags': [], 'created_at': '2024-12-14T22:04:23Z', 'updated_at': '2024-12-14T22:04:23Z', 'revision_number': 1} available for tenant
2024-12-14 22:04:28.191 66871 INFO tempest.lib.common.rest_client [req-48b8405e-650c-448f-a4c6-5dcafb62b328 req-48b8405e-650c-448f-a4c6-5dcafb62b328 ] Request (FlavorsV2TestJSON:test_list_flavors_limit_results): 200 GET http://10.180.1.21/compute/v2.1/flavors?limit=1 0.322s
2024-12-14 22:04:28.206 66844 INFO tempest.lib.common.rest_client [req-86424491-bd6d-4a2c-b9de-368835216126 req-86424491-bd6d-4a2c-b9de-368835216126 ] Request (AbsoluteLimitsNegativeTestJSON:test_max_metadata_exceed_limit): 403 POST http://10.180.1.21/compute/v2.1/servers 0.492s
2024-12-14 22:04:28.214 66836 INFO tempest.lib.common.rest_client [req-74b56449-a2d3-4d60-a291-3b519019ccc5 req-74b56449-a2d3-4d60-a291-3b519019ccc5 ] Request (FlavorsAdminTestJSON:_run_cleanups): 200 GET http://10.180.1.21/compute/v2.1/flavors/detail 0.334s
2024-12-14 22:04:28.263 66888 WARNING tempest.lib.common.ssh [-] Failed to establish authenticated ssh connection to cirros@10.180.180.245 ([Errno None] Unable to connect to port 22 on 10.180.180.245). Number attempts: 3. Retry after 4 seconds.: paramiko.ssh_exception.NoValidConnectionsError: [Errno None] Unable to connect to port 22 on 10.180.180.245
2024-12-14 22:04:28.269 66866 INFO tempest.lib.common.rest_client [req-40452dc0-8aeb-4653-9e1d-2edfc1c67753 req-40452dc0-8aeb-4653-9e1d-2edfc1c67753 ] Request (ImagesNegativeTestJSON:test_create_image_from_deleted_server): 200 GET http://10.180.1.21/compute/v2.1/servers/41069779-32fb-4701-8208-cb70d27c7533 0.379s
2024-12-14 22:04:28.271 66876 INFO tempest.lib.common.rest_client [req-e6335e63-c721-4cbd-a538-b433edcaaf07 req-e6335e63-c721-4cbd-a538-b433edcaaf07 ] Request (TenantUsagesTestJSON:tearDownClass): 204 DELETE http://10.180.1.21/identity/v3/projects/59a048e39ec4439d9a9d6679ef4f1c17 0.149s
2024-12-14 22:04:28.279 66866 INFO tempest.common.waiters [-] State transition "BUILD/scheduling" ==> "BUILD/None" after 12 second wait
2024-12-14 22:04:28.306 66844 INFO tempest.lib.common.rest_client [req-b1a7f8e3-bcf9-45a4-900f-1363e27d169b req-b1a7f8e3-bcf9-45a4-900f-1363e27d169b ] Request (AbsoluteLimitsNegativeTestJSON:tearDownClass): 204 DELETE http://10.180.1.21/identity/v3/users/0c638b998f6c47fbb507a7e450b301a2 0.098s
2024-12-14 22:04:28.306 66844 INFO tempest.lib.common.dynamic_creds [-] Deleting project and security group for project: 0277165f1d044f6db77f372d795af056
2024-12-14 22:04:28.345 66876 INFO tempest.lib.common.rest_client [req-e4aa7bed-af83-493e-ad2b-9f088ba144ab req-e4aa7bed-af83-493e-ad2b-9f088ba144ab ] Request (SecurityGroupRulesNegativeTestJSON:setUpClass): 201 POST http://10.180.1.21/identity/v3/auth/tokens 0.072s
2024-12-14 22:04:28.345 66844 INFO tempest.lib.common.rest_client [req-5a6ca5dd-13ba-4932-8758-a7d18cf84335 req-5a6ca5dd-13ba-4932-8758-a7d18cf84335 ] Request (AbsoluteLimitsNegativeTestJSON:tearDownClass): 201 POST http://10.180.1.21/identity/v3/auth/tokens 0.039s
2024-12-14 22:04:28.378 66876 INFO tempest.lib.common.rest_client [req-74c0efaa-4ddb-4f22-89f0-2403b0e27432 req-74c0efaa-4ddb-4f22-89f0-2403b0e27432 ] Request (SecurityGroupRulesNegativeTestJSON:setUpClass): 201 POST http://10.180.1.21/identity/v3/auth/tokens 0.031s
2024-12-14 22:04:28.403 66876 INFO tempest.lib.common.rest_client [req-a2cfc964-c00c-4470-8fd6-954d7007882f req-a2cfc964-c00c-4470-8fd6-954d7007882f ] Request (SecurityGroupRulesNegativeTestJSON:setUpClass): 200 GET http://10.180.1.21/identity/v3/domains?name=Default 0.024s
2024-12-14 22:04:28.440 66830 INFO tempest.lib.common.rest_client [req-4d40762d-943f-4247-beed-d3a3348d1506 req-4d40762d-943f-4247-beed-d3a3348d1506 ] Request (ServerDiagnosticsTest:test_get_server_diagnostics): 200 GET http://10.180.1.21/compute/v2.1/servers/b8f913d0-418e-46cb-bff7-2913fd2b528d 0.348s
2024-12-14 22:04:28.449 66876 INFO tempest.lib.common.rest_client [req-ba70f831-0b4a-45ac-beee-25729b63d20f req-ba70f831-0b4a-45ac-beee-25729b63d20f ] Request (SecurityGroupRulesNegativeTestJSON:setUpClass): 201 POST http://10.180.1.21/identity/v3/projects 0.045s
2024-12-14 22:04:28.491 66834 INFO tempest.lib.common.rest_client [req-6dad69f3-88d5-4b7f-a3ef-6c9ad134c7d3 req-6dad69f3-88d5-4b7f-a3ef-6c9ad134c7d3 ] Request (ServerDiagnosticsNegativeTest:test_get_server_diagnostics_by_non_admin): 204 DELETE http://10.180.1.21/compute/v2.1/servers/f1b7eb5c-b481-4f6e-baed-91bce33aff19 0.456s
2024-12-14 22:04:28.519 66876 INFO tempest.lib.common.rest_client [req-8b954e91-e2ab-41d7-b2f8-34aa4920e8ce req-8b954e91-e2ab-41d7-b2f8-34aa4920e8ce ] Request (SecurityGroupRulesNegativeTestJSON:setUpClass): 201 POST http://10.180.1.21/identity/v3/users 0.070s
2024-12-14 22:04:28.523 66880 INFO tempest.lib.common.rest_client [req-8114e2a2-794e-4824-87c0-6982142d4785 req-8114e2a2-794e-4824-87c0-6982142d4785 ] Request (ServerAddressesTestJSON:setUpClass): 200 GET http://10.180.1.21/compute/v2.1/servers/a64850bf-39dd-4ca5-a1a1-81a1e287579c 0.421s
2024-12-14 22:04:28.542 66850 INFO tempest.lib.common.rest_client [req-d9bf9bd2-563e-45a3-8e9a-d2b8cf20ccea req-d9bf9bd2-563e-45a3-8e9a-d2b8cf20ccea ] Request (KeyPairsV210TestJSON:test_admin_manage_keypairs_for_other_users): 201 POST http://10.180.1.21/compute/v2.1/os-keypairs 0.431s
2024-12-14 22:04:28.543 66838 INFO tempest.lib.common.rest_client [req-915224fa-8ca4-446f-a188-0453e9b69ed9 req-915224fa-8ca4-446f-a188-0453e9b69ed9 ] Request (SecurityGroupRulesTestJSON:tearDownClass): 200 PUT http://10.180.1.21:9696/networking/v2.0/routers/1da16666-637f-49e4-a801-96c7f7abc36d/remove_router_interface 2.031s
2024-12-14 22:04:28.549 66876 INFO tempest.lib.common.rest_client [req-3efd06ba-9c18-4de3-8758-4ed8428c947d req-3efd06ba-9c18-4de3-8758-4ed8428c947d ] Request (SecurityGroupRulesNegativeTestJSON:setUpClass): 200 GET http://10.180.1.21/identity/v3/roles 0.030s
2024-12-14 22:04:28.567 66844 INFO tempest.lib.common.rest_client [req-08f914cc-065b-487c-9e90-50096dfadab1 req-08f914cc-065b-487c-9e90-50096dfadab1 ] Request (AbsoluteLimitsNegativeTestJSON:tearDownClass): 200 GET http://10.180.1.21:9696/networking/v2.0/security-groups?tenant_id=0277165f1d044f6db77f372d795af056&name=default 0.222s
2024-12-14 22:04:28.586 66876 INFO tempest.lib.common.rest_client [req-6ce81f35-c00d-4b5a-a6fc-186b1024de2d req-6ce81f35-c00d-4b5a-a6fc-186b1024de2d ] Request (SecurityGroupRulesNegativeTestJSON:setUpClass): 204 PUT http://10.180.1.21/identity/v3/projects/b17c30e39ac347cb9c8a1d45b8947763/users/32b503352bca4d4caeb5c7d860d620e2/roles/37e868e27bdb421cacf4360f644dd2a3 0.036s
2024-12-14 22:04:28.586 66876 INFO tempest.lib.common.dynamic_creds [-] Dynamic test user 32b503352bca4d4caeb5c7d860d620e2 is created with scope project and roles: ['member']
2024-12-14 22:04:28.586 66876 INFO tempest.lib.common.dynamic_creds [-] Acquired dynamic creds: credentials: Credentials: {'domain_id': 'default', 'domain_name': 'Default', 'username': 'tempest-SecurityGroupRulesNegativeTestJSON-108607912-project-member', 'project_domain_id': 'default', 'project_domain_name': 'Default', 'project_id': 'b17c30e39ac347cb9c8a1d45b8947763', 'project_name': 'tempest-SecurityGroupRulesNegativeTestJSON-108607912', 'tenant_id': 'b17c30e39ac347cb9c8a1d45b8947763', 'tenant_name': 'tempest-SecurityGroupRulesNegativeTestJSON-108607912', 'user_domain_id': 'default', 'user_domain_name': 'Default', 'user_id': '32b503352bca4d4caeb5c7d860d620e2', 'system': None}, Network: None, Subnet: None, Router: None
2024-12-14 22:04:28.663 66876 INFO tempest.lib.common.rest_client [req-ec16e1bd-0881-43a7-a3f7-b226638ae52e req-ec16e1bd-0881-43a7-a3f7-b226638ae52e ] Request (SecurityGroupRulesNegativeTestJSON:setUpClass): 201 POST http://10.180.1.21/identity/v3/auth/tokens 0.076s
2024-12-14 22:04:28.671 66844 INFO tempest.lib.common.rest_client [req-d5eddb9d-9477-49de-91c2-93302727ea8b req-d5eddb9d-9477-49de-91c2-93302727ea8b ] Request (AbsoluteLimitsNegativeTestJSON:tearDownClass): 204 DELETE http://10.180.1.21:9696/networking/v2.0/security-groups/fdf28d62-aee6-47fc-a915-6c27176d83e4 0.103s
2024-12-14 22:04:28.733 66844 INFO tempest.lib.common.rest_client [req-a29d69e0-4818-48c4-8f10-560099a9303e req-a29d69e0-4818-48c4-8f10-560099a9303e ] Request (AbsoluteLimitsNegativeTestJSON:tearDownClass): 204 DELETE http://10.180.1.21/identity/v3/projects/0277165f1d044f6db77f372d795af056 0.062s
2024-12-14 22:04:28.823 66844 INFO tempest.lib.common.rest_client [req-96ddb56f-5968-4392-843c-7cf71dd5c2ba req-96ddb56f-5968-4392-843c-7cf71dd5c2ba ] Request (MultipleCreateTestJSON:setUpClass): 201 POST http://10.180.1.21/identity/v3/auth/tokens 0.089s
2024-12-14 22:04:28.852 66844 INFO tempest.lib.common.rest_client [req-87ebddd5-5ba6-477b-83b2-f1749b69a0d9 req-87ebddd5-5ba6-477b-83b2-f1749b69a0d9 ] Request (MultipleCreateTestJSON:setUpClass): 201 POST http://10.180.1.21/identity/v3/auth/tokens 0.026s
2024-12-14 22:04:28.893 66844 INFO tempest.lib.common.rest_client [req-ffb8f51b-6cd2-40af-baae-6720cbd3a97b req-ffb8f51b-6cd2-40af-baae-6720cbd3a97b ] Request (MultipleCreateTestJSON:setUpClass): 200 GET http://10.180.1.21/identity/v3/domains?name=Default 0.041s
2024-12-14 22:04:28.943 66844 INFO tempest.lib.common.rest_client [req-1cb07b59-cb6a-48e7-a745-04fbd3530107 req-1cb07b59-cb6a-48e7-a745-04fbd3530107 ] Request (MultipleCreateTestJSON:setUpClass): 201 POST http://10.180.1.21/identity/v3/projects 0.048s
2024-12-14 22:04:29.131 66854 INFO tempest.lib.common.rest_client [req-4b292602-ecd8-4872-af5c-f2891612a832 req-4b292602-ecd8-4872-af5c-f2891612a832 ] Request (ServerAddressesNegativeTestJSON:setUpClass): 202 POST http://10.180.1.21/compute/v2.1/servers 0.949s
2024-12-14 22:04:29.144 66844 INFO tempest.lib.common.rest_client [req-862b7455-a132-460b-a7c5-654159c1f784 req-862b7455-a132-460b-a7c5-654159c1f784 ] Request (MultipleCreateTestJSON:setUpClass): 201 POST http://10.180.1.21/identity/v3/users 0.200s
2024-12-14 22:04:29.172 66871 INFO tempest.lib.common.rest_client [req-e3ce7615-4ae0-4938-9cc3-1e984f07c29b req-e3ce7615-4ae0-4938-9cc3-1e984f07c29b ] Request (FlavorsV2TestJSON:test_list_flavors_using_marker): 200 GET http://10.180.1.21/compute/v2.1/flavors/42 0.977s
2024-12-14 22:04:29.190 66844 INFO tempest.lib.common.rest_client [req-720997c8-c48e-4434-81e7-8f39166c3c48 req-720997c8-c48e-4434-81e7-8f39166c3c48 ] Request (MultipleCreateTestJSON:setUpClass): 200 GET http://10.180.1.21/identity/v3/roles 0.045s
2024-12-14 22:04:29.340 66844 INFO tempest.lib.common.rest_client [req-e077b8e4-7bcb-408c-b5d5-5c6357cc90aa req-e077b8e4-7bcb-408c-b5d5-5c6357cc90aa ] Request (MultipleCreateTestJSON:setUpClass): 204 PUT http://10.180.1.21/identity/v3/projects/6ce4000f07d54f7a88403d2fa94fbf37/users/13eccd593caa4c1ea3325faadcd06c5a/roles/37e868e27bdb421cacf4360f644dd2a3 0.149s
2024-12-14 22:04:29.340 66844 INFO tempest.lib.common.dynamic_creds [-] Dynamic test user 13eccd593caa4c1ea3325faadcd06c5a is created with scope project and roles: ['member']
2024-12-14 22:04:29.341 66844 INFO tempest.lib.common.dynamic_creds [-] Acquired dynamic creds: credentials: Credentials: {'domain_id': 'default', 'domain_name': 'Default', 'username': 'tempest-MultipleCreateTestJSON-550464423-project-member', 'project_domain_id': 'default', 'project_domain_name': 'Default', 'project_id': '6ce4000f07d54f7a88403d2fa94fbf37', 'project_name': 'tempest-MultipleCreateTestJSON-550464423', 'tenant_id': '6ce4000f07d54f7a88403d2fa94fbf37', 'tenant_name': 'tempest-MultipleCreateTestJSON-550464423', 'user_domain_id': 'default', 'user_domain_name': 'Default', 'user_id': '13eccd593caa4c1ea3325faadcd06c5a', 'system': None}, Network: None, Subnet: None, Router: None
2024-12-14 22:04:29.353 66884 INFO tempest.lib.common.rest_client [req-536d161f-0c83-4bd1-9fbb-7613fff03e53 req-536d161f-0c83-4bd1-9fbb-7613fff03e53 ] Request (ImagesTestJSON:test_create_image_from_stopped_server): 200 GET http://10.180.1.21/compute/v2.1/servers/246b06d7-5985-43dd-809d-d9cb4428d230 1.143s
2024-12-14 22:04:29.385 66836 INFO tempest.lib.common.rest_client [req-32082e69-2e71-4958-b8ed-015ca8aea314 req-32082e69-2e71-4958-b8ed-015ca8aea314 ] Request (FlavorsAdminTestJSON:test_list_public_flavor_with_other_user): 200 POST http://10.180.1.21/compute/v2.1/flavors 1.163s
2024-12-14 22:04:29.464 66844 INFO tempest.lib.common.rest_client [req-747346a6-7a73-4b0f-8ff6-4d79e72d8cd0 req-747346a6-7a73-4b0f-8ff6-4d79e72d8cd0 ] Request (MultipleCreateTestJSON:setUpClass): 201 POST http://10.180.1.21/identity/v3/auth/tokens 0.123s
2024-12-14 22:04:29.467 66852 INFO tempest.lib.common.rest_client [req-7ce8c6f7-49ec-4c3b-9d99-4385c63348a7 req-7ce8c6f7-49ec-4c3b-9d99-4385c63348a7 ] Request (ServersAaction247Test:tearDownClass): 200 GET http://10.180.1.21/compute/v2.1/servers/4aaa7e45-fb16-4a47-9743-c7c11e941477 1.185s
2024-12-14 22:04:29.539 66842 INFO tempest.lib.common.rest_client [req-16dcebe4-b597-47aa-9da0-bd5cc0f52e7f req-16dcebe4-b597-47aa-9da0-bd5cc0f52e7f ] Request (InstanceActionsNegativeTestJSON:tearDownClass): 200 GET http://10.180.1.21/compute/v2.1/servers/762115bf-9390-48e5-af73-803669426742 1.232s
2024-12-14 22:04:29.567 66834 INFO tempest.lib.common.rest_client [req-52bc79c3-f284-4ba3-aac1-1faf76db4c5f req-52bc79c3-f284-4ba3-aac1-1faf76db4c5f ] Request (ServerDiagnosticsNegativeTest:test_get_server_diagnostics_by_non_admin): 404 GET http://10.180.1.21/compute/v2.1/servers/f1b7eb5c-b481-4f6e-baed-91bce33aff19 1.075s
2024-12-14 22:04:29.626 66840 INFO tempest.lib.common.rest_client [req-c03d2faf-2183-4342-935e-879bd4f1b9c8 req-c03d2faf-2183-4342-935e-879bd4f1b9c8 ] Request (ServersTestFqdnHostnames:test_create_server_with_fqdn_name): 202 POST http://10.180.1.21/compute/v2.1/servers 1.480s
2024-12-14 22:04:29.637 66850 INFO tempest.lib.common.rest_client [req-3585e371-7e9d-434f-961d-b024baa7b74f req-3585e371-7e9d-434f-961d-b024baa7b74f ] Request (KeyPairsV210TestJSON:test_admin_manage_keypairs_for_other_users): 200 GET http://10.180.1.21/compute/v2.1/os-keypairs?user_id=229598ac61104e9193c6f3d68489c5dc 1.092s
2024-12-14 22:04:29.680 66834 INFO tempest.lib.common.rest_client [req-400424ed-cb89-477b-a7b1-44c92e6ab14c req-400424ed-cb89-477b-a7b1-44c92e6ab14c ] Request (ServerDiagnosticsNegativeTest:tearDownClass): 204 DELETE http://10.180.1.21/identity/v3/users/500c6fd302584687be438a32ce82c5af 0.110s
2024-12-14 22:04:29.696 66876 INFO tempest.lib.common.rest_client [req-93823ce0-d225-43ce-ba8a-1dc351a5bb24 req-93823ce0-d225-43ce-ba8a-1dc351a5bb24 ] Request (SecurityGroupRulesNegativeTestJSON:setUpClass): 201 POST http://10.180.1.21:9696/networking/v2.0/networks 1.032s
2024-12-14 22:04:29.714 66832 INFO tempest.lib.common.rest_client [req-12e4df32-2c9b-4e2e-a646-7d85bb2190e2 req-12e4df32-2c9b-4e2e-a646-7d85bb2190e2 ] Request (ServersNegativeTestJSON:setUpClass): 200 GET http://10.180.1.21/compute/v2.1/servers/a7290afc-ae2f-4b07-aa4f-a2d89bf514f4 1.120s
2024-12-14 22:04:29.787 66862 INFO tempest.lib.common.rest_client [req-65359263-4504-4a48-942f-f2d798ec8bf6 req-65359263-4504-4a48-942f-f2d798ec8bf6 ] Request (ImagesOneServerNegativeTestJSON:setUpClass): 200 GET http://10.180.1.21/compute/v2.1/servers/5640b6a5-232f-425b-8d39-57caf53ee122 1.185s
2024-12-14 22:04:29.798 66872 INFO tempest.lib.common.rest_client [req-e2574dc5-35e6-4c4c-9a0f-4c2ec8f205df req-e2574dc5-35e6-4c4c-9a0f-4c2ec8f205df ] Request (ServersWithSpecificFlavorTestJSON:test_verify_created_server_ephemeral_disk): 200 GET http://10.180.1.21/compute/v2.1/servers/40c89246-b53b-45ec-83bb-1a8f999472a9 1.261s
2024-12-14 22:04:29.800 66862 INFO tempest.common.waiters [-] State transition "BUILD/None" ==> "BUILD/networking" after 27 second wait
2024-12-14 22:04:29.825 66834 INFO tempest.lib.common.rest_client [req-b4ee0017-fa58-4205-87fb-9bb3b141d6c6 req-b4ee0017-fa58-4205-87fb-9bb3b141d6c6 ] Request (ServerDiagnosticsNegativeTest:tearDownClass): 204 DELETE http://10.180.1.21/identity/v3/users/d5755b57e4a8493d9bc2e033829f0924 0.144s
2024-12-14 22:04:29.825 66834 INFO tempest.lib.common.dynamic_creds [-] Deleting project and security group for project: edf2fdd2010a412d9142a1123fae7f3a
2024-12-14 22:04:29.846 66844 INFO tempest.lib.common.rest_client [req-2c134b28-6deb-4997-bb82-5edb55394d56 req-2c134b28-6deb-4997-bb82-5edb55394d56 ] Request (MultipleCreateTestJSON:setUpClass): 201 POST http://10.180.1.21:9696/networking/v2.0/networks 0.381s
2024-12-14 22:04:29.898 66882 INFO tempest.lib.common.rest_client [req-2b50f7be-7f40-41a4-9ea7-2b201f904534 req-2b50f7be-7f40-41a4-9ea7-2b201f904534 ] Request (AttachInterfacesV270Test:test_create_get_list_interfaces): 200 GET http://10.180.1.21/compute/v2.1/servers/a88e56cd-2e51-4e8e-8a73-ebbe2468b2d6 1.230s
2024-12-14 22:04:29.910 66834 INFO tempest.lib.common.rest_client [req-302e2903-d4bb-4818-9fe2-ee869951e22e req-302e2903-d4bb-4818-9fe2-ee869951e22e ] Request (ServerDiagnosticsNegativeTest:tearDownClass): 201 POST http://10.180.1.21/identity/v3/auth/tokens 0.085s
2024-12-14 22:04:29.914 66878 INFO tempest.lib.common.rest_client [req-145a30e0-08f7-4dbf-8733-1e241fb19920 req-145a30e0-08f7-4dbf-8733-1e241fb19920 ] Request (ServersAdmin275Test:tearDownClass): 200 GET http://10.180.1.21/compute/v2.1/servers/e0e62316-8e27-4949-a050-3f05f8020ca1 1.169s
2024-12-14 22:04:29.955 66846 INFO tempest.lib.common.rest_client [req-038edcc6-fdfa-4679-8b77-8a9eeb0e1c65 req-038edcc6-fdfa-4679-8b77-8a9eeb0e1c65 ] Request (ImagesOneServerTestJSON:test_create_delete_image): 200 GET http://10.180.1.21/compute/v2.1/images/0f62fbaf-bfad-4c81-97f5-2ae0bf278250 1.168s
2024-12-14 22:04:29.990 66892 INFO tempest.lib.common.rest_client [req-d6639da3-86f1-48ad-93c3-05f1e3c13d95 req-d6639da3-86f1-48ad-93c3-05f1e3c13d95 ] Request (ServersV294TestFqdnHostnames:setUpClass): 200 GET http://10.180.1.21/compute/v2.1/servers/568b34cb-c389-4a7a-8f84-f483892f463c 1.219s
2024-12-14 22:04:30.003 66838 INFO tempest.lib.common.rest_client [req-50983590-9021-4ff2-912c-7821b3de80ad req-50983590-9021-4ff2-912c-7821b3de80ad ] Request (SecurityGroupRulesTestJSON:tearDownClass): 204 DELETE http://10.180.1.21:9696/networking/v2.0/routers/1da16666-637f-49e4-a801-96c7f7abc36d 1.460s
2024-12-14 22:04:30.007 66874 INFO tempest.lib.common.rest_client [req-a6c50515-5ee6-40dc-b84c-13b0dbf18907 req-a6c50515-5ee6-40dc-b84c-13b0dbf18907 ] Request (ServerRescueTestJSONUnderV235:setUpClass): 200 GET http://10.180.1.21/compute/v2.1/servers/6b256a57-280d-4bcb-b061-bb98954e7448 1.155s
2024-12-14 22:04:30.076 66860 INFO tempest.lib.common.rest_client [req-6946ae8e-e1ef-4022-8051-b8817de84535 req-6946ae8e-e1ef-4022-8051-b8817de84535 ] Request (ServerDiagnosticsV248Test:tearDownClass): 200 GET http://10.180.1.21/compute/v2.1/servers/5d7417eb-c71d-4cec-b13e-845a652ef709 1.109s
2024-12-14 22:04:30.123 66844 INFO tempest.lib.common.rest_client [req-7d919546-3b55-4a4c-98e2-7e21fbcae8a8 req-7d919546-3b55-4a4c-98e2-7e21fbcae8a8 ] Request (MultipleCreateTestJSON:setUpClass): 201 POST http://10.180.1.21:9696/networking/v2.0/subnets 0.277s
2024-12-14 22:04:30.141 66890 INFO tempest.lib.common.rest_client [req-1a47a27e-2dd0-469a-b2a1-20484f5caa6d req-1a47a27e-2dd0-469a-b2a1-20484f5caa6d ] Request (ServerDiskConfigTestJSON:test_rebuild_server_with_manual_disk_config): 200 GET http://10.180.1.21/compute/v2.1/servers/4dba5162-0f02-47c6-96b3-f050115ce07f 1.042s
2024-12-14 22:04:30.201 66854 INFO tempest.lib.common.rest_client [req-66b0fbca-a31d-4fb1-8911-8a4327759de7 req-66b0fbca-a31d-4fb1-8911-8a4327759de7 ] Request (ServerAddressesNegativeTestJSON:setUpClass): 200 GET http://10.180.1.21/compute/v2.1/servers/b5edc190-b11d-431f-a877-81f11be5452b 1.068s
2024-12-14 22:04:30.227 66834 INFO tempest.lib.common.rest_client [req-2860805a-6954-40a0-9fe7-9ea2674b08d6 req-2860805a-6954-40a0-9fe7-9ea2674b08d6 ] Request (ServerDiagnosticsNegativeTest:tearDownClass): 200 GET http://10.180.1.21:9696/networking/v2.0/security-groups?tenant_id=edf2fdd2010a412d9142a1123fae7f3a&name=default 0.316s
2024-12-14 22:04:30.234 66871 INFO tempest.lib.common.rest_client [req-46a18851-5017-4450-bb29-6ff9dcb5335e req-46a18851-5017-4450-bb29-6ff9dcb5335e ] Request (FlavorsV2TestJSON:test_list_flavors_using_marker): 200 GET http://10.180.1.21/compute/v2.1/flavors?marker=42 1.060s
2024-12-14 22:04:30.234 66886 INFO tempest.lib.common.rest_client [req-cfd0fe2e-227a-447e-91d3-e7633f0b354f req-cfd0fe2e-227a-447e-91d3-e7633f0b354f ] Request (MigrationsAdminTest:test_list_migrations_in_flavor_resize_situation): 200 GET http://10.180.1.21/compute/v2.1/servers/691283c4-becb-4caa-8bc2-899110cf74b4 1.223s
2024-12-14 22:04:30.263 66838 INFO tempest.lib.common.rest_client [req-46b8efa1-2756-4a99-85fb-4d01a23f5e57 req-46b8efa1-2756-4a99-85fb-4d01a23f5e57 ] Request (SecurityGroupRulesTestJSON:tearDownClass): 204 DELETE http://10.180.1.21:9696/networking/v2.0/subnets/4df2ac5b-461d-4130-9485-fb959de641dc 0.259s
2024-12-14 22:04:30.271 66876 INFO tempest.lib.common.rest_client [req-37fcaad2-64d0-4271-8cb6-0a95aba22c04 req-37fcaad2-64d0-4271-8cb6-0a95aba22c04 ] Request (SecurityGroupRulesNegativeTestJSON:setUpClass): 201 POST http://10.180.1.21:9696/networking/v2.0/subnets 0.574s
2024-12-14 22:04:30.291 66866 INFO tempest.lib.common.rest_client [req-9e636e7d-bf8c-48c3-b113-5ad70aa3a844 req-9e636e7d-bf8c-48c3-b113-5ad70aa3a844 ] Request (ImagesNegativeTestJSON:test_create_image_from_deleted_server): 200 GET http://10.180.1.21/compute/v2.1/servers/41069779-32fb-4701-8208-cb70d27c7533 1.004s
2024-12-14 22:04:30.311 66836 INFO tempest.lib.common.rest_client [req-4f01694c-3f34-43be-9d6e-b70fee68f20b req-4f01694c-3f34-43be-9d6e-b70fee68f20b ] Request (FlavorsAdminTestJSON:test_list_public_flavor_with_other_user): 200 GET http://10.180.1.21/compute/v2.1/flavors/detail 0.924s
2024-12-14 22:04:30.466 66858 INFO tempest.lib.common.rest_client [req-4268af0f-fc7f-4a49-b7b8-6cff75c4f48c req-4268af0f-fc7f-4a49-b7b8-6cff75c4f48c ] Request (ServersTestJSON:test_create_server_specify_multibyte_character_name): 200 GET http://10.180.1.21/compute/v2.1/servers/a7330131-c363-4a3e-9cc1-38d359333ae8 1.281s
2024-12-14 22:04:30.472 66858 INFO tempest.common.waiters [-] State transition "BUILD/scheduling" ==> "BUILD/None" after 12 second wait
2024-12-14 22:04:30.501 66830 INFO tempest.lib.common.rest_client [req-c8cb7b36-89f2-4f45-8a60-e5e85041263e req-c8cb7b36-89f2-4f45-8a60-e5e85041263e ] Request (ServerDiagnosticsTest:test_get_server_diagnostics): 200 GET http://10.180.1.21/compute/v2.1/servers/b8f913d0-418e-46cb-bff7-2913fd2b528d 1.047s
2024-12-14 22:04:30.507 66830 INFO tempest.common.waiters [-] State transition "BUILD/spawning" ==> "ACTIVE/None" after 30 second wait
2024-12-14 22:04:30.539 66880 INFO tempest.lib.common.rest_client [req-109e3099-158a-4335-8a23-aef6b18fe5da req-109e3099-158a-4335-8a23-aef6b18fe5da ] Request (ServerAddressesTestJSON:setUpClass): 200 GET http://10.180.1.21/compute/v2.1/servers/a64850bf-39dd-4ca5-a1a1-81a1e287579c 1.003s
2024-12-14 22:04:30.552 66840 INFO tempest.lib.common.rest_client [req-e01ca83c-d312-496b-959a-0446bdcc2e97 req-e01ca83c-d312-496b-959a-0446bdcc2e97 ] Request (ServersTestFqdnHostnames:test_create_server_with_fqdn_name): 200 GET http://10.180.1.21/compute/v2.1/servers/dbdcd7c0-db6e-4407-9387-26999489b0fe 0.924s
2024-12-14 22:04:30.555 66850 INFO tempest.lib.common.rest_client [req-0c5c1c18-1e8b-4463-89e7-73498a3dc34c req-0c5c1c18-1e8b-4463-89e7-73498a3dc34c ] Request (KeyPairsV210TestJSON:_run_cleanups): 204 DELETE http://10.180.1.21/compute/v2.1/os-keypairs/tempest-KeyPairsV210TestJSON-keypair-79245645 0.917s
2024-12-14 22:04:30.569 66836 INFO tempest.lib.common.rest_client [req-34981e69-368c-4f71-bd33-c0a39b8fa47f req-34981e69-368c-4f71-bd33-c0a39b8fa47f ] Request (FlavorsAdminTestJSON:_run_cleanups): 202 DELETE http://10.180.1.21/compute/v2.1/flavors/752258021 0.253s
2024-12-14 22:04:30.575 66871 INFO tempest.lib.common.rest_client [req-3a0b12a4-7e49-4822-be74-efed36fa05f8 req-3a0b12a4-7e49-4822-be74-efed36fa05f8 ] Request (FlavorsV2TestJSON:test_list_flavors_with_detail): 200 GET http://10.180.1.21/compute/v2.1/flavors/detail 0.337s
2024-12-14 22:04:30.648 66852 INFO tempest.lib.common.rest_client [req-f08969dd-d299-48f9-af70-6929214a5e1b req-f08969dd-d299-48f9-af70-6929214a5e1b ] Request (ServersAaction247Test:tearDownClass): 200 GET http://10.180.1.21/compute/v2.1/servers/4aaa7e45-fb16-4a47-9743-c7c11e941477 0.171s
2024-12-14 22:04:30.656 66884 INFO tempest.lib.common.rest_client [req-da5b7fe0-87f3-40a1-840e-6b5d666e6831 req-da5b7fe0-87f3-40a1-840e-6b5d666e6831 ] Request (ImagesTestJSON:test_create_image_from_stopped_server): 200 GET http://10.180.1.21/compute/v2.1/servers/246b06d7-5985-43dd-809d-d9cb4428d230 0.291s
2024-12-14 22:04:30.713 66834 INFO tempest.lib.common.rest_client [req-eb0caa0f-d04b-48d9-8b54-40002680cf6c req-eb0caa0f-d04b-48d9-8b54-40002680cf6c ] Request (ServerDiagnosticsNegativeTest:tearDownClass): 204 DELETE http://10.180.1.21:9696/networking/v2.0/security-groups/d1d60d77-beee-4f8e-a412-a2ebfbd54bb6 0.484s
2024-12-14 22:04:30.744 66842 INFO tempest.lib.common.rest_client [req-a88b2ce8-0789-446e-bdfd-2740aec33274 req-a88b2ce8-0789-446e-bdfd-2740aec33274 ] Request (InstanceActionsNegativeTestJSON:tearDownClass): 200 GET http://10.180.1.21/compute/v2.1/servers/762115bf-9390-48e5-af73-803669426742 0.195s
2024-12-14 22:04:30.765 66850 INFO tempest.lib.common.rest_client [req-63aa99cc-cd0e-4ac4-ab80-e347af1c8683 req-63aa99cc-cd0e-4ac4-ab80-e347af1c8683 ] Request (KeyPairsV210TestJSON:_run_cleanups): 204 DELETE http://10.180.1.21/compute/v2.1/os-keypairs/tempest-keypair-550522660?user_id=229598ac61104e9193c6f3d68489c5dc 0.209s
2024-12-14 22:04:30.787 66836 INFO tempest.lib.common.rest_client [req-49202abc-5ddf-4022-a00f-fef85016b290 req-49202abc-5ddf-4022-a00f-fef85016b290 ] Request (FlavorsAdminTestJSON:_run_cleanups): 200 GET http://10.180.1.21/compute/v2.1/flavors/detail 0.217s
2024-12-14 22:04:30.790 66834 INFO tempest.lib.common.rest_client [req-88439628-a30b-4d23-89d1-9e8c2b52f29f req-88439628-a30b-4d23-89d1-9e8c2b52f29f ] Request (ServerDiagnosticsNegativeTest:tearDownClass): 204 DELETE http://10.180.1.21/identity/v3/projects/edf2fdd2010a412d9142a1123fae7f3a 0.076s
2024-12-14 22:04:30.790 66834 INFO tempest.lib.common.dynamic_creds [-] Deleting project and security group for project: 4be47c84e5aa4c93a9a2290a4123b898
2024-12-14 22:04:30.804 66871 INFO tempest.lib.common.rest_client [req-135249a6-215d-455b-9e24-eab65f1636ca req-135249a6-215d-455b-9e24-eab65f1636ca ] Request (FlavorsV2TestJSON:test_list_flavors_with_detail): 200 GET http://10.180.1.21/compute/v2.1/flavors/42 0.223s
2024-12-14 22:04:30.879 66832 INFO tempest.lib.common.rest_client [req-fd2620cc-8489-49c1-bf62-521deb7e87fc req-fd2620cc-8489-49c1-bf62-521deb7e87fc ] Request (ServersNegativeTestJSON:setUpClass): 200 GET http://10.180.1.21/compute/v2.1/servers/a7290afc-ae2f-4b07-aa4f-a2d89bf514f4 0.157s
2024-12-14 22:04:30.898 66850 INFO tempest.lib.common.rest_client [req-484bd461-ba70-41dd-b56b-2fb6b3dba372 req-484bd461-ba70-41dd-b56b-2fb6b3dba372 ] Request (KeyPairsV210TestJSON:_run_cleanups): 204 DELETE http://10.180.1.21/compute/v2.1/os-keypairs/tempest-keypair-379385899?user_id=229598ac61104e9193c6f3d68489c5dc 0.132s
2024-12-14 22:04:30.911 66834 INFO tempest.lib.common.rest_client [req-2cd0908a-a687-48ca-a24d-11359e29c6ae req-2cd0908a-a687-48ca-a24d-11359e29c6ae ] Request (ServerDiagnosticsNegativeTest:tearDownClass): 200 GET http://10.180.1.21:9696/networking/v2.0/security-groups?tenant_id=4be47c84e5aa4c93a9a2290a4123b898&name=default 0.121s
2024-12-14 22:04:30.979 66871 INFO tempest.lib.common.rest_client [req-360afb52-681f-48ca-af33-cd8f312d8fc5 req-360afb52-681f-48ca-af33-cd8f312d8fc5 ] Request (FlavorsV2TestJSON:tearDownClass): 204 DELETE http://10.180.1.21/identity/v3/users/b95096e64a6c442e8476c61f444cd6d1 0.171s
2024-12-14 22:04:30.979 66871 INFO tempest.lib.common.dynamic_creds [-] Deleting project and security group for project: e213de55b6714e7c962ce85aea01fbe3
2024-12-14 22:04:30.981 66836 INFO tempest.lib.common.rest_client [req-5b387dca-dfa7-4933-8b51-5780b27d90d7 req-5b387dca-dfa7-4933-8b51-5780b27d90d7 ] Request (FlavorsAdminTestJSON:tearDownClass): 204 DELETE http://10.180.1.21/identity/v3/users/62bb6eacfba94f4d932e6a81ee21d9b6 0.185s
2024-12-14 22:04:31.014 66834 INFO tempest.lib.common.rest_client [req-22f0ca9a-35be-44c0-932a-e8a37b178827 req-22f0ca9a-35be-44c0-932a-e8a37b178827 ] Request (ServerDiagnosticsNegativeTest:tearDownClass): 204 DELETE http://10.180.1.21:9696/networking/v2.0/security-groups/8e5703a9-b09f-4180-83bd-4f89a181d19c 0.103s
2024-12-14 22:04:31.049 66871 INFO tempest.lib.common.rest_client [req-01982a88-f945-45fc-b63a-f9e29ba24749 req-01982a88-f945-45fc-b63a-f9e29ba24749 ] Request (FlavorsV2TestJSON:tearDownClass): 201 POST http://10.180.1.21/identity/v3/auth/tokens 0.070s
2024-12-14 22:04:31.121 66836 INFO tempest.lib.common.rest_client [req-1d9e07bb-9a3f-4c58-a105-e23187ebffae req-1d9e07bb-9a3f-4c58-a105-e23187ebffae ] Request (FlavorsAdminTestJSON:tearDownClass): 204 DELETE http://10.180.1.21/identity/v3/users/a76aa3bab0ab40d7b4bc83dd801e4671 0.139s
2024-12-14 22:04:31.121 66850 INFO tempest.lib.common.rest_client [req-fa232c53-567e-48c8-97fe-e11a9ea97f1c req-fa232c53-567e-48c8-97fe-e11a9ea97f1c ] Request (KeyPairsV210TestJSON:tearDownClass): 204 DELETE http://10.180.1.21/identity/v3/users/229598ac61104e9193c6f3d68489c5dc 0.221s
2024-12-14 22:04:31.122 66836 INFO tempest.lib.common.dynamic_creds [-] Deleting project and security group for project: 843b9e8c1fe542ac82e666c4e60e57e4
2024-12-14 22:04:31.160 66864 WARNING tempest.lib.common.ssh [-] Failed to establish authenticated ssh connection to cirros@10.180.180.248 ([Errno None] Unable to connect to port 22 on 10.180.180.248). Number attempts: 3. Retry after 4 seconds.: paramiko.ssh_exception.NoValidConnectionsError: [Errno None] Unable to connect to port 22 on 10.180.180.248
2024-12-14 22:04:31.235 66838 INFO tempest.lib.common.rest_client [req-d7979da0-5ba2-4598-ae21-c5a85cd7ff32 req-d7979da0-5ba2-4598-ae21-c5a85cd7ff32 ] Request (SecurityGroupRulesTestJSON:tearDownClass): 204 DELETE http://10.180.1.21:9696/networking/v2.0/networks/ae3a5bc9-2156-4a76-a857-9c7435520d8d 0.972s
2024-12-14 22:04:31.244 66834 INFO tempest.lib.common.rest_client [req-c2ff498e-bc76-4bc1-b3f2-b2b35dfc73b7 req-c2ff498e-bc76-4bc1-b3f2-b2b35dfc73b7 ] Request (ServerDiagnosticsNegativeTest:tearDownClass): 204 DELETE http://10.180.1.21/identity/v3/projects/4be47c84e5aa4c93a9a2290a4123b898 0.229s
2024-12-14 22:04:31.257 66862 INFO tempest.lib.common.rest_client [req-874caaa4-adad-422c-bccb-7143e02cfd10 req-874caaa4-adad-422c-bccb-7143e02cfd10 ] Request (ImagesOneServerNegativeTestJSON:setUpClass): 200 GET http://10.180.1.21/compute/v2.1/servers/5640b6a5-232f-425b-8d39-57caf53ee122 0.455s
2024-12-14 22:04:31.269 66862 INFO tempest.common.waiters [-] State transition "BUILD/networking" ==> "BUILD/spawning" after 29 second wait
2024-12-14 22:04:31.314 66830 INFO tempest.lib.common.rest_client [req-c59f3f68-97c7-4fb5-a2fa-8365bdcc8db9 req-c59f3f68-97c7-4fb5-a2fa-8365bdcc8db9 ] Request (ServerDiagnosticsTest:test_get_server_diagnostics): 200 GET http://10.180.1.21/compute/v2.1/servers/b8f913d0-418e-46cb-bff7-2913fd2b528d/diagnostics 0.806s
