2025-02-20 16:03:07.843 65021 INFO tempest.lib.common.rest_client [req-284ec3a0-0ceb-42bc-8e0a-5f686ea8474d req-284ec3a0-0ceb-42bc-8e0a-5f686ea8474d ] Request (QuotasAdminTestJSON:setUpClass): 200 GET http://10.180.1.21/identity/v3/domains?name=Default 0.494s
2025-02-20 16:03:07.853 64997 INFO tempest.lib.common.rest_client [req-ce791d54-3eee-4a7d-a209-fafc0cccc079 req-ce791d54-3eee-4a7d-a209-fafc0cccc079 ] Request (FlavorsV255TestJSON:setUpClass): 200 GET http://10.180.1.21/identity/v3/domains?name=Default 0.487s
2025-02-20 16:03:07.858 64991 INFO tempest.lib.common.rest_client [req-1bfbeaf0-39f5-4414-a6a6-be23ae215c7c req-1bfbeaf0-39f5-4414-a6a6-be23ae215c7c ] Request (ServersWithSpecificFlavorTestJSON:setUpClass): 200 GET http://10.180.1.21/identity/v3/roles 0.488s
2025-02-20 16:03:07.872 65017 INFO tempest.lib.common.rest_client [req-8be17921-2c4c-48eb-99e8-40a217916b53 req-8be17921-2c4c-48eb-99e8-40a217916b53 ] Request (ImagesNegativeTestJSON:setUpClass): 200 GET http://10.180.1.21/identity/v3/domains?name=Default 0.483s
2025-02-20 16:03:07.876 65031 INFO tempest.lib.common.rest_client [req-2d5e85da-ad32-4489-b432-c436659a7663 req-2d5e85da-ad32-4489-b432-c436659a7663 ] Request (FlavorsExtraSpecsNegativeTestJSON:setUpClass): 201 POST http://10.180.1.21/identity/v3/users 0.483s
2025-02-20 16:03:07.891 65019 INFO tempest.lib.common.rest_client [req-1bfd73ea-b089-4ef8-baea-d03f94d64e63 req-1bfd73ea-b089-4ef8-baea-d03f94d64e63 ] Request (InstanceUsageAuditLogTestJSON:setUpClass): 200 GET http://10.180.1.21/identity/v3/domains?name=Default 0.455s
2025-02-20 16:03:07.895 65023 INFO tempest.lib.common.rest_client [req-5041790d-4654-4440-adc7-dada2893103f req-5041790d-4654-4440-adc7-dada2893103f ] Request (QuotaClassesAdminTestJSON:setUpClass): 200 GET http://10.180.1.21/identity/v3/domains?name=Default 0.456s
2025-02-20 16:03:07.909 64985 INFO tempest.lib.common.rest_client [req-7122a2e9-1d5c-4fcb-80a6-86fc06b959bc req-7122a2e9-1d5c-4fcb-80a6-86fc06b959bc ] Request (AggregatesAdminNegativeTestJSON:setUpClass): 200 GET http://10.180.1.21/identity/v3/roles 0.432s
2025-02-20 16:03:07.910 65015 INFO tempest.lib.common.rest_client [req-b930072e-8ade-4b1c-add9-678836265768 req-b930072e-8ade-4b1c-add9-678836265768 ] Request (FlavorsV2NegativeTest:setUpClass): 201 POST http://10.180.1.21/identity/v3/projects 0.453s
2025-02-20 16:03:07.954 65011 INFO tempest.lib.common.rest_client [req-dbe33f99-441b-48a7-b919-06b9e87d480c req-dbe33f99-441b-48a7-b919-06b9e87d480c ] Request (ServersAdmin275Test:setUpClass): 200 GET http://10.180.1.21/identity/v3/domains?name=Default 0.458s
2025-02-20 16:03:07.967 65003 INFO tempest.lib.common.rest_client [req-7cc76c92-9d4b-43cb-a994-487e0c962668 req-7cc76c92-9d4b-43cb-a994-487e0c962668 ] Request (ImagesOneServerNegativeTestJSON:setUpClass): 200 GET http://10.180.1.21/identity/v3/roles 0.454s
2025-02-20 16:03:07.986 64989 INFO tempest.lib.common.rest_client [req-3f8899d4-6906-4784-bdb7-d7cc0d7876fb req-3f8899d4-6906-4784-bdb7-d7cc0d7876fb ] Request (FlavorsExtraSpecsTestJSON:setUpClass): 201 POST http://10.180.1.21/identity/v3/users 0.466s
2025-02-20 16:03:08.008 65029 INFO tempest.lib.common.rest_client [req-9d893fd4-d9fa-4a64-97e0-12deba4d4933 req-9d893fd4-d9fa-4a64-97e0-12deba4d4933 ] Request (KeyPairsNegativeTestJSON:test_create_keypair_invalid_name): 400 POST http://10.180.1.21/compute/v2.1/os-keypairs 0.516s
2025-02-20 16:03:08.025 64987 INFO tempest.lib.common.rest_client [req-f5879654-48c8-4cbb-97a2-ebd1ac4cc613 req-f5879654-48c8-4cbb-97a2-ebd1ac4cc613 ] Request (MigrationsAdminTest:setUpClass): 201 POST http://10.180.1.21/identity/v3/projects 0.459s
2025-02-20 16:03:08.036 65009 INFO tempest.lib.common.rest_client [req-bfcb23a7-d707-4d4b-90ea-b7216acae4c7 req-bfcb23a7-d707-4d4b-90ea-b7216acae4c7 ] Request (ListImageFiltersTestJSON:setUpClass): 201 POST http://10.180.1.21/identity/v3/auth/tokens 0.472s
2025-02-20 16:03:08.067 65035 INFO tempest.lib.common.rest_client [req-22535201-47e3-4757-ac30-2e64c6a8531c req-22535201-47e3-4757-ac30-2e64c6a8531c ] Request (HypervisorAdminNegativeUnderV252Test:setUpClass): 200 GET http://10.180.1.21/identity/v3/domains?name=Default 0.461s
2025-02-20 16:03:08.080 65025 INFO tempest.lib.common.rest_client [req-45ce743d-29f8-429b-8287-ca5cc6c9dfe3 req-45ce743d-29f8-429b-8287-ca5cc6c9dfe3 ] Request (AZAdminV2TestJSON:setUpClass): 200 GET http://10.180.1.21/identity/v3/domains?name=Default 0.472s
2025-02-20 16:03:08.088 64995 INFO tempest.lib.common.rest_client [req-67228a7d-8b07-4f1e-baf5-aaa705eb4a8c req-67228a7d-8b07-4f1e-baf5-aaa705eb4a8c ] Request (FlavorsAccessNegativeTestJSON:setUpClass): 204 PUT http://10.180.1.21/identity/v3/projects/00c6e1225c7e4ba8abe33a3e10f2d320/users/ec12c3e16cf14dcf820580b4b493c93f/roles/177c7cd9d97c4bd79542eeebfb1f519d 0.464s
2025-02-20 16:03:08.100 65029 INFO tempest.lib.common.rest_client [req-92d28a77-74ea-49b9-990f-1e1e7b508f02 req-92d28a77-74ea-49b9-990f-1e1e7b508f02 ] Request (KeyPairsNegativeTestJSON:test_create_keypair_when_public_key_bits_exceeds_maximum): 400 POST http://10.180.1.21/compute/v2.1/os-keypairs 0.085s
2025-02-20 16:03:08.104 65027 INFO tempest.lib.common.rest_client [req-5e56887c-9d6d-46f4-a4ad-aba8377c28d8 req-5e56887c-9d6d-46f4-a4ad-aba8377c28d8 ] Request (QuotasAdminNegativeTest:setUpClass): 201 POST http://10.180.1.21/identity/v3/projects 0.473s
2025-02-20 16:03:08.129 65029 INFO tempest.lib.common.rest_client [req-aeb75c00-0474-49d9-9284-256f1f1a02fa req-aeb75c00-0474-49d9-9284-256f1f1a02fa ] Request (KeyPairsNegativeTestJSON:test_create_keypair_with_duplicate_name): 200 POST http://10.180.1.21/compute/v2.1/os-keypairs 0.028s
2025-02-20 16:03:08.145 65007 INFO tempest.lib.common.rest_client [req-45b2b5c9-79b9-4a2a-b5a9-cc64407b6db8 req-45b2b5c9-79b9-4a2a-b5a9-cc64407b6db8 ] Request (SecurityGroupsTestAdminJSON:setUpClass): 200 GET http://10.180.1.21/identity/v3/roles 0.495s
2025-02-20 16:03:08.160 65029 INFO tempest.lib.common.rest_client [req-9c50528b-53bd-4442-9e57-d13bf25997ac req-9c50528b-53bd-4442-9e57-d13bf25997ac ] Request (KeyPairsNegativeTestJSON:test_create_keypair_with_duplicate_name): 409 POST http://10.180.1.21/compute/v2.1/os-keypairs 0.029s
2025-02-20 16:03:08.166 65037 INFO tempest.lib.common.rest_client [req-f5d819b9-e7d1-437d-acb5-da0c0c870e5b req-f5d819b9-e7d1-437d-acb5-da0c0c870e5b ] Request (AZAdminNegativeTestJSON:setUpClass): 201 POST http://10.180.1.21/identity/v3/projects 0.520s
2025-02-20 16:03:08.166 64979 INFO tempest.lib.common.rest_client [req-52eef513-1dd6-4da6-837a-836c9f7fe7d8 req-52eef513-1dd6-4da6-837a-836c9f7fe7d8 ] Request (FloatingIPsAssociationTestJSON:setUpClass): 201 POST http://10.180.1.21/identity/v3/projects 0.501s
2025-02-20 16:03:08.178 65029 INFO tempest.lib.common.rest_client [req-e9e115d9-c586-46f4-952c-bbca876b047b req-e9e115d9-c586-46f4-952c-bbca876b047b ] Request (KeyPairsNegativeTestJSON:test_create_keypair_with_duplicate_name): 202 DELETE http://10.180.1.21/compute/v2.1/os-keypairs/tempest-keypair-1762020329 0.018s
2025-02-20 16:03:08.187 65029 INFO tempest.lib.common.rest_client [req-39b77a6b-12b8-4720-8803-f2245e9563c4 req-39b77a6b-12b8-4720-8803-f2245e9563c4 ] Request (KeyPairsNegativeTestJSON:test_create_keypair_with_empty_name_string): 400 POST http://10.180.1.21/compute/v2.1/os-keypairs 0.007s
2025-02-20 16:03:08.212 65029 INFO tempest.lib.common.rest_client [req-773ebc3f-d922-4e19-b2a0-81494c97a482 req-773ebc3f-d922-4e19-b2a0-81494c97a482 ] Request (KeyPairsNegativeTestJSON:test_create_keypair_with_empty_public_key): 400 POST http://10.180.1.21/compute/v2.1/os-keypairs 0.023s
2025-02-20 16:03:08.221 65029 INFO tempest.lib.common.rest_client [req-8809fb02-9b24-4eb4-b7ae-845335a51b1a req-8809fb02-9b24-4eb4-b7ae-845335a51b1a ] Request (KeyPairsNegativeTestJSON:test_create_keypair_with_long_keynames): 400 POST http://10.180.1.21/compute/v2.1/os-keypairs 0.007s
2025-02-20 16:03:08.221 64983 INFO tempest.lib.common.rest_client [req-abab4346-8b03-4892-8626-2d2284e1218c req-abab4346-8b03-4892-8626-2d2284e1218c ] Request (ServerDiagnosticsTest:setUpClass): 201 POST http://10.180.1.21/identity/v3/auth/tokens 0.526s
2025-02-20 16:03:08.234 65013 INFO tempest.lib.common.rest_client [req-b64cd602-1250-4be6-a356-2fb2b16752f0 req-b64cd602-1250-4be6-a356-2fb2b16752f0 ] Request (DeleteServersTestJSON:setUpClass): 201 POST http://10.180.1.21/identity/v3/users 0.559s
2025-02-20 16:03:08.244 65029 INFO tempest.lib.common.rest_client [req-bca15bb9-1031-41d7-92c0-c890a0b3bff7 req-bca15bb9-1031-41d7-92c0-c890a0b3bff7 ] Request (KeyPairsNegativeTestJSON:test_keypair_create_with_invalid_pub_key): 400 POST http://10.180.1.21/compute/v2.1/os-keypairs 0.021s
2025-02-20 16:03:08.254 65005 INFO tempest.lib.common.rest_client [req-dff40a6a-311e-4fba-a8d7-e4dd69e8f667 req-dff40a6a-311e-4fba-a8d7-e4dd69e8f667 ] Request (VolumesAssistedSnapshotsTest:setUpClass): 201 POST http://10.180.1.21/identity/v3/projects 0.514s
2025-02-20 16:03:08.258 65029 INFO tempest.lib.common.rest_client [req-3d1935a1-9acf-4e24-af19-8123314910ba req-3d1935a1-9acf-4e24-af19-8123314910ba ] Request (KeyPairsNegativeTestJSON:test_keypair_delete_nonexistent_key): 404 DELETE http://10.180.1.21/compute/v2.1/os-keypairs/tempest-keypair-non-existent-369665228 0.013s
2025-02-20 16:03:08.308 65001 INFO tempest.lib.common.rest_client [req-4357cfc6-6350-4513-8da5-ee8ff2109650 req-4357cfc6-6350-4513-8da5-ee8ff2109650 ] Request (FlavorsAdminTestJSON:setUpClass): 201 POST http://10.180.1.21/identity/v3/auth/tokens 0.565s
2025-02-20 16:03:08.310 64977 INFO tempest.lib.common.rest_client [req-7a43cd4c-f7ac-41f1-b6e2-7466fd5cf62d req-7a43cd4c-f7ac-41f1-b6e2-7466fd5cf62d ] Request (FlavorMetadataValidation:setUpClass): 204 PUT http://10.180.1.21/identity/v3/projects/3a7357b29f844bb193dec2429a52c0a2/users/ebe886131c6c4b499b4587bcd15302fd/roles/c14ab1ab872d45e399f376bb1d455d97 0.534s
2025-02-20 16:03:08.310 64977 INFO tempest.lib.common.dynamic_creds [-] Dynamic test user ebe886131c6c4b499b4587bcd15302fd is created with scope project and roles: ['member']
2025-02-20 16:03:08.311 64977 INFO tempest.lib.common.dynamic_creds [-] Acquired dynamic creds: credentials: Credentials: {'domain_id': 'default', 'domain_name': 'Default', 'username': 'tempest-FlavorMetadataValidation-1991850167-project-member', 'project_domain_id': 'default', 'project_domain_name': 'Default', 'project_id': '3a7357b29f844bb193dec2429a52c0a2', 'project_name': 'tempest-FlavorMetadataValidation-1991850167', 'tenant_id': '3a7357b29f844bb193dec2429a52c0a2', 'tenant_name': 'tempest-FlavorMetadataValidation-1991850167', 'user_domain_id': 'default', 'user_domain_name': 'Default', 'user_id': 'ebe886131c6c4b499b4587bcd15302fd', 'system': None}, Network: None, Subnet: None, Router: None
2025-02-20 16:03:08.311 64977 INFO tempest.lib.common.dynamic_creds [-] Created isolated network resources for: credentials: Credentials: {'domain_id': 'default', 'domain_name': 'Default', 'username': 'tempest-FlavorMetadataValidation-1991850167-project-member', 'project_domain_id': 'default', 'project_domain_name': 'Default', 'project_id': '3a7357b29f844bb193dec2429a52c0a2', 'project_name': 'tempest-FlavorMetadataValidation-1991850167', 'tenant_id': '3a7357b29f844bb193dec2429a52c0a2', 'tenant_name': 'tempest-FlavorMetadataValidation-1991850167', 'user_domain_id': 'default', 'user_domain_name': 'Default', 'user_id': 'ebe886131c6c4b499b4587bcd15302fd', 'system': None}, Network: None, Subnet: None, Router: None
2025-02-20 16:03:08.357 65033 INFO tempest.lib.common.rest_client [req-d5f9906f-8c08-45bc-af7b-60057a0241ac req-d5f9906f-8c08-45bc-af7b-60057a0241ac ] Request (KeyPairsV210TestJSON:setUpClass): 201 POST http://10.180.1.21/identity/v3/projects 0.574s
2025-02-20 16:03:08.359 65039 INFO tempest.lib.common.rest_client [req-70373d36-337a-40d1-b273-db7064b27fbf req-70373d36-337a-40d1-b273-db7064b27fbf ] Request (HostsAdminNegativeTestJSON:setUpClass): 201 POST http://10.180.1.21/identity/v3/projects 0.563s
2025-02-20 16:03:08.359 64981 INFO tempest.lib.common.rest_client [req-9ef57cda-72a3-42a4-9965-4999ea879984 req-9ef57cda-72a3-42a4-9965-4999ea879984 ] Request (HypervisorAdminNegativeTestJSON:tearDownClass): 200 GET http://10.180.1.21:9696/networking/v2.0/security-groups?tenant_id=c19f7c828c824efa8ab0580b6a3be0f6&name=default 0.639s
2025-02-20 16:03:08.410 64999 INFO tempest.lib.common.rest_client [req-a590581e-42e8-48fc-a320-bc384dc5f00a req-a590581e-42e8-48fc-a320-bc384dc5f00a ] Request (InstanceUsageAuditLogNegativeTestJSON:setUpClass): 201 POST http://10.180.1.21/identity/v3/projects 0.571s
2025-02-20 16:03:08.412 64993 INFO tempest.lib.common.rest_client [req-3a21fcba-76d5-4446-81f6-145d6b5d964d req-3a21fcba-76d5-4446-81f6-145d6b5d964d ] Request (DeleteServersAdminTestJSON:setUpClass): 201 POST http://10.180.1.21/identity/v3/auth/tokens 0.608s
2025-02-20 16:03:08.438 64981 INFO tempest.lib.common.rest_client [req-ac0a0191-199b-4a8d-bdd3-556a638e28a6 req-ac0a0191-199b-4a8d-bdd3-556a638e28a6 ] Request (HypervisorAdminNegativeTestJSON:tearDownClass): 204 DELETE http://10.180.1.21:9696/networking/v2.0/security-groups/4cc45708-0323-42fb-9e58-4f521ab86ec1 0.079s
2025-02-20 16:03:08.467 64997 INFO tempest.lib.common.rest_client [req-ca590de7-c398-484b-8e16-d175e6abe39f req-ca590de7-c398-484b-8e16-d175e6abe39f ] Request (FlavorsV255TestJSON:setUpClass): 201 POST http://10.180.1.21/identity/v3/projects 0.611s
2025-02-20 16:03:08.468 65021 INFO tempest.lib.common.rest_client [req-3ab713ac-e81d-4af6-804b-b99538a964ae req-3ab713ac-e81d-4af6-804b-b99538a964ae ] Request (QuotasAdminTestJSON:setUpClass): 201 POST http://10.180.1.21/identity/v3/projects 0.622s
2025-02-20 16:03:08.512 64991 INFO tempest.lib.common.rest_client [req-4897fc3f-9904-4913-bce2-7b7bab326135 req-4897fc3f-9904-4913-bce2-7b7bab326135 ] Request (ServersWithSpecificFlavorTestJSON:setUpClass): 204 PUT http://10.180.1.21/identity/v3/projects/bb09d50873f344cd9e210c9d7a46be8f/users/3075819984964f14949376865d186f93/roles/c14ab1ab872d45e399f376bb1d455d97 0.653s
2025-02-20 16:03:08.512 64991 INFO tempest.lib.common.dynamic_creds [-] Dynamic test user 3075819984964f14949376865d186f93 is created with scope project and roles: ['member']
2025-02-20 16:03:08.512 64991 INFO tempest.lib.common.dynamic_creds [-] Acquired dynamic creds: credentials: Credentials: {'domain_id': 'default', 'domain_name': 'Default', 'username': 'tempest-ServersWithSpecificFlavorTestJSON-237233875-project-member', 'project_domain_id': 'default', 'project_domain_name': 'Default', 'project_id': 'bb09d50873f344cd9e210c9d7a46be8f', 'project_name': 'tempest-ServersWithSpecificFlavorTestJSON-237233875', 'tenant_id': 'bb09d50873f344cd9e210c9d7a46be8f', 'tenant_name': 'tempest-ServersWithSpecificFlavorTestJSON-237233875', 'user_domain_id': 'default', 'user_domain_name': 'Default', 'user_id': '3075819984964f14949376865d186f93', 'system': None}, Network: None, Subnet: None, Router: None
2025-02-20 16:03:08.514 65017 INFO tempest.lib.common.rest_client [req-a79e3f45-536d-4b1e-a369-1961a17d6991 req-a79e3f45-536d-4b1e-a369-1961a17d6991 ] Request (ImagesNegativeTestJSON:setUpClass): 201 POST http://10.180.1.21/identity/v3/projects 0.639s
2025-02-20 16:03:08.554 65031 INFO tempest.lib.common.rest_client [req-8f52e3fb-1137-4364-a6dd-41ab8f9dc406 req-8f52e3fb-1137-4364-a6dd-41ab8f9dc406 ] Request (FlavorsExtraSpecsNegativeTestJSON:setUpClass): 200 GET http://10.180.1.21/identity/v3/roles 0.677s
2025-02-20 16:03:08.560 65019 INFO tempest.lib.common.rest_client [req-cabcc513-cdcc-408f-86b9-36f3b1deb8d2 req-cabcc513-cdcc-408f-86b9-36f3b1deb8d2 ] Request (InstanceUsageAuditLogTestJSON:setUpClass): 201 POST http://10.180.1.21/identity/v3/projects 0.667s
2025-02-20 16:03:08.576 65023 INFO tempest.lib.common.rest_client [req-7440f0fb-4b2f-4132-bf40-495a3708ad45 req-7440f0fb-4b2f-4132-bf40-495a3708ad45 ] Request (QuotaClassesAdminTestJSON:setUpClass): 201 POST http://10.180.1.21/identity/v3/projects 0.679s
2025-02-20 16:03:08.622 65015 INFO tempest.lib.common.rest_client [req-3e5f54e4-933b-48c1-82c5-eea04b204987 req-3e5f54e4-933b-48c1-82c5-eea04b204987 ] Request (FlavorsV2NegativeTest:setUpClass): 201 POST http://10.180.1.21/identity/v3/users 0.712s
2025-02-20 16:03:08.631 64985 INFO tempest.lib.common.rest_client [req-6222fce5-ecf8-4e68-a83c-824c3c355cd6 req-6222fce5-ecf8-4e68-a83c-824c3c355cd6 ] Request (AggregatesAdminNegativeTestJSON:setUpClass): 204 PUT http://10.180.1.21/identity/v3/projects/2eb14094bcac45e5a8e7f45e77f99793/users/c59babfc738b41ecb32e5b5c988746c6/roles/c14ab1ab872d45e399f376bb1d455d97 0.722s
2025-02-20 16:03:08.631 64985 INFO tempest.lib.common.dynamic_creds [-] Dynamic test user c59babfc738b41ecb32e5b5c988746c6 is created with scope project and roles: ['member']
2025-02-20 16:03:08.632 64985 INFO tempest.lib.common.dynamic_creds [-] Acquired dynamic creds: credentials: Credentials: {'domain_id': 'default', 'domain_name': 'Default', 'username': 'tempest-AggregatesAdminNegativeTestJSON-710288882-project-member', 'project_domain_id': 'default', 'project_domain_name': 'Default', 'project_id': '2eb14094bcac45e5a8e7f45e77f99793', 'project_name': 'tempest-AggregatesAdminNegativeTestJSON-710288882', 'tenant_id': '2eb14094bcac45e5a8e7f45e77f99793', 'tenant_name': 'tempest-AggregatesAdminNegativeTestJSON-710288882', 'user_domain_id': 'default', 'user_domain_name': 'Default', 'user_id': 'c59babfc738b41ecb32e5b5c988746c6', 'system': None}, Network: None, Subnet: None, Router: None
2025-02-20 16:03:08.632 64985 INFO tempest.lib.common.dynamic_creds [-] Created isolated network resources for: credentials: Credentials: {'domain_id': 'default', 'domain_name': 'Default', 'username': 'tempest-AggregatesAdminNegativeTestJSON-710288882-project-member', 'project_domain_id': 'default', 'project_domain_name': 'Default', 'project_id': '2eb14094bcac45e5a8e7f45e77f99793', 'project_name': 'tempest-AggregatesAdminNegativeTestJSON-710288882', 'tenant_id': '2eb14094bcac45e5a8e7f45e77f99793', 'tenant_name': 'tempest-AggregatesAdminNegativeTestJSON-710288882', 'user_domain_id': 'default', 'user_domain_name': 'Default', 'user_id': 'c59babfc738b41ecb32e5b5c988746c6', 'system': None}, Network: None, Subnet: None, Router: None
2025-02-20 16:03:08.647 65011 INFO tempest.lib.common.rest_client [req-49a36a6b-9d8b-41cf-8cc2-40987acca6f3 req-49a36a6b-9d8b-41cf-8cc2-40987acca6f3 ] Request (ServersAdmin275Test:setUpClass): 201 POST http://10.180.1.21/identity/v3/projects 0.690s
2025-02-20 16:03:08.687 64989 INFO tempest.lib.common.rest_client [req-0ca2aaec-c139-4c97-ac3b-aa47ac67684d req-0ca2aaec-c139-4c97-ac3b-aa47ac67684d ] Request (FlavorsExtraSpecsTestJSON:setUpClass): 200 GET http://10.180.1.21/identity/v3/roles 0.700s
2025-02-20 16:03:08.702 65003 INFO tempest.lib.common.rest_client [req-8a4354a3-b34e-4f57-9032-87732cb37ddc req-8a4354a3-b34e-4f57-9032-87732cb37ddc ] Request (ImagesOneServerNegativeTestJSON:setUpClass): 204 PUT http://10.180.1.21/identity/v3/projects/d534fcc9f8684b0ca3db92c415f60af2/users/56f9abf57d0346938de4486c76e6a9d9/roles/c14ab1ab872d45e399f376bb1d455d97 0.734s
2025-02-20 16:03:08.702 65003 INFO tempest.lib.common.dynamic_creds [-] Dynamic test user 56f9abf57d0346938de4486c76e6a9d9 is created with scope project and roles: ['member']
2025-02-20 16:03:08.703 65003 INFO tempest.lib.common.dynamic_creds [-] Acquired dynamic creds: credentials: Credentials: {'domain_id': 'default', 'domain_name': 'Default', 'username': 'tempest-ImagesOneServerNegativeTestJSON-489812808-project-member', 'project_domain_id': 'default', 'project_domain_name': 'Default', 'project_id': 'd534fcc9f8684b0ca3db92c415f60af2', 'project_name': 'tempest-ImagesOneServerNegativeTestJSON-489812808', 'tenant_id': 'd534fcc9f8684b0ca3db92c415f60af2', 'tenant_name': 'tempest-ImagesOneServerNegativeTestJSON-489812808', 'user_domain_id': 'default', 'user_domain_name': 'Default', 'user_id': '56f9abf57d0346938de4486c76e6a9d9', 'system': None}, Network: None, Subnet: None, Router: None
2025-02-20 16:03:08.705 64987 INFO tempest.lib.common.rest_client [req-9af9b23c-cc34-4c81-ab92-fdb2216a1be6 req-9af9b23c-cc34-4c81-ab92-fdb2216a1be6 ] Request (MigrationsAdminTest:setUpClass): 201 POST http://10.180.1.21/identity/v3/users 0.680s
2025-02-20 16:03:08.752 65035 INFO tempest.lib.common.rest_client [req-4f5eec82-8dca-429d-a9c1-ec62b7c43be5 req-4f5eec82-8dca-429d-a9c1-ec62b7c43be5 ] Request (HypervisorAdminNegativeUnderV252Test:setUpClass): 201 POST http://10.180.1.21/identity/v3/projects 0.682s
2025-02-20 16:03:08.798 65025 INFO tempest.lib.common.rest_client [req-8cb17957-ce4e-4093-a121-3d2de5886d7b req-8cb17957-ce4e-4093-a121-3d2de5886d7b ] Request (AZAdminV2TestJSON:setUpClass): 201 POST http://10.180.1.21/identity/v3/projects 0.716s
2025-02-20 16:03:08.804 64995 INFO tempest.lib.common.rest_client [req-d5620efc-05c3-4bcb-b404-456406b54498 req-d5620efc-05c3-4bcb-b404-456406b54498 ] Request (FlavorsAccessNegativeTestJSON:setUpClass): 200 GET http://10.180.1.21/identity/v3/roles 0.715s
2025-02-20 16:03:08.847 65027 INFO tempest.lib.common.rest_client [req-b4bae51c-3c36-490c-979c-b452b0112c3a req-b4bae51c-3c36-490c-979c-b452b0112c3a ] Request (QuotasAdminNegativeTest:setUpClass): 201 POST http://10.180.1.21/identity/v3/users 0.743s
2025-02-20 16:03:08.849 65007 INFO tempest.lib.common.rest_client [req-3f866927-de55-452a-ad4e-1241d4e506d5 req-3f866927-de55-452a-ad4e-1241d4e506d5 ] Request (SecurityGroupsTestAdminJSON:setUpClass): 204 PUT http://10.180.1.21/identity/v3/projects/0f28387bfdfa4474bf69102b815ed534/users/678c4a44bdd54877a8f3485290033c35/roles/c14ab1ab872d45e399f376bb1d455d97 0.703s
2025-02-20 16:03:08.849 65007 INFO tempest.lib.common.dynamic_creds [-] Dynamic test user 678c4a44bdd54877a8f3485290033c35 is created with scope project and roles: ['member']
2025-02-20 16:03:08.849 65007 INFO tempest.lib.common.dynamic_creds [-] Acquired dynamic creds: credentials: Credentials: {'domain_id': 'default', 'domain_name': 'Default', 'username': 'tempest-SecurityGroupsTestAdminJSON-292865070-project-member', 'project_domain_id': 'default', 'project_domain_name': 'Default', 'project_id': '0f28387bfdfa4474bf69102b815ed534', 'project_name': 'tempest-SecurityGroupsTestAdminJSON-292865070', 'tenant_id': '0f28387bfdfa4474bf69102b815ed534', 'tenant_name': 'tempest-SecurityGroupsTestAdminJSON-292865070', 'user_domain_id': 'default', 'user_domain_name': 'Default', 'user_id': '678c4a44bdd54877a8f3485290033c35', 'system': None}, Network: None, Subnet: None, Router: None
2025-02-20 16:03:08.849 65007 INFO tempest.lib.common.dynamic_creds [-] Created isolated network resources for: credentials: Credentials: {'domain_id': 'default', 'domain_name': 'Default', 'username': 'tempest-SecurityGroupsTestAdminJSON-292865070-project-member', 'project_domain_id': 'default', 'project_domain_name': 'Default', 'project_id': '0f28387bfdfa4474bf69102b815ed534', 'project_name': 'tempest-SecurityGroupsTestAdminJSON-292865070', 'tenant_id': '0f28387bfdfa4474bf69102b815ed534', 'tenant_name': 'tempest-SecurityGroupsTestAdminJSON-292865070', 'user_domain_id': 'default', 'user_domain_name': 'Default', 'user_id': '678c4a44bdd54877a8f3485290033c35', 'system': None}, Network: None, Subnet: None, Router: None
2025-02-20 16:03:08.893 65037 INFO tempest.lib.common.rest_client [req-8d755180-fd10-4e35-b49c-39c972b4db86 req-8d755180-fd10-4e35-b49c-39c972b4db86 ] Request (AZAdminNegativeTestJSON:setUpClass): 201 POST http://10.180.1.21/identity/v3/users 0.727s
2025-02-20 16:03:08.893 64979 INFO tempest.lib.common.rest_client [req-5da66bfc-6158-40b7-8093-6f2a0ecbf79c req-5da66bfc-6158-40b7-8093-6f2a0ecbf79c ] Request (FloatingIPsAssociationTestJSON:setUpClass): 201 POST http://10.180.1.21/identity/v3/users 0.727s
2025-02-20 16:03:08.908 65013 INFO tempest.lib.common.rest_client [req-2e70b0fc-912f-4cc9-a928-e091e1d4815e req-2e70b0fc-912f-4cc9-a928-e091e1d4815e ] Request (DeleteServersTestJSON:setUpClass): 200 GET http://10.180.1.21/identity/v3/roles 0.674s
2025-02-20 16:03:08.915 64983 INFO tempest.lib.common.rest_client [req-aadf8c12-e47e-4000-96d3-7c5f717490fd req-aadf8c12-e47e-4000-96d3-7c5f717490fd ] Request (ServerDiagnosticsTest:setUpClass): 201 POST http://10.180.1.21/identity/v3/projects 0.693s
2025-02-20 16:03:08.928 65005 INFO tempest.lib.common.rest_client [req-a23d8461-b086-4e07-aaee-05ff36c717e5 req-a23d8461-b086-4e07-aaee-05ff36c717e5 ] Request (VolumesAssistedSnapshotsTest:setUpClass): 201 POST http://10.180.1.21/identity/v3/users 0.673s
2025-02-20 16:03:08.973 65001 INFO tempest.lib.common.rest_client [req-5b8a6a7c-a4de-4508-8c0f-5c0af46d6110 req-5b8a6a7c-a4de-4508-8c0f-5c0af46d6110 ] Request (FlavorsAdminTestJSON:setUpClass): 201 POST http://10.180.1.21/identity/v3/projects 0.665s
2025-02-20 16:03:08.988 65029 INFO tempest.lib.common.rest_client [req-8fb8cf38-bc1b-4d54-8ce7-7d1f7d2d703e req-8fb8cf38-bc1b-4d54-8ce7-7d1f7d2d703e ] Request (KeyPairsNegativeTestJSON:tearDownClass): 204 DELETE http://10.180.1.21/identity/v3/users/5ad4d887f6544e6cbae36d4cf69a7b97 0.729s
2025-02-20 16:03:08.989 65029 INFO tempest.lib.common.dynamic_creds [-] Deleting project and security group for project: 73310209f10c4b38bea99fc884dd520e
2025-02-20 16:03:09.025 64977 INFO tempest.lib.common.rest_client [req-70c6c6d1-6f7d-4fff-8a61-052c58f3edf0 req-70c6c6d1-6f7d-4fff-8a61-052c58f3edf0 ] Request (FlavorMetadataValidation:setUpClass): 201 POST http://10.180.1.21/identity/v3/auth/tokens 0.711s
2025-02-20 16:03:09.036 65033 INFO tempest.lib.common.rest_client [req-d66bbeae-3a6e-4610-bda0-5319a1f53b3e req-d66bbeae-3a6e-4610-bda0-5319a1f53b3e ] Request (KeyPairsV210TestJSON:setUpClass): 201 POST http://10.180.1.21/identity/v3/users 0.678s
2025-02-20 16:03:09.048 65039 INFO tempest.lib.common.rest_client [req-91351b4e-7b52-4db9-a4f2-aca3fa610db8 req-91351b4e-7b52-4db9-a4f2-aca3fa610db8 ] Request (HostsAdminNegativeTestJSON:setUpClass): 201 POST http://10.180.1.21/identity/v3/users 0.689s
2025-02-20 16:03:09.058 64999 INFO tempest.lib.common.rest_client [req-9a1af262-3130-440b-80af-b9405b6c649f req-9a1af262-3130-440b-80af-b9405b6c649f ] Request (InstanceUsageAuditLogNegativeTestJSON:setUpClass): 201 POST http://10.180.1.21/identity/v3/users 0.648s
2025-02-20 16:03:09.072 64993 INFO tempest.lib.common.rest_client [req-ebf5fa9d-7b48-4a5b-a744-4ab2d1c4816f req-ebf5fa9d-7b48-4a5b-a744-4ab2d1c4816f ] Request (DeleteServersAdminTestJSON:setUpClass): 201 POST http://10.180.1.21/identity/v3/projects 0.660s
2025-02-20 16:03:09.104 64981 INFO tempest.lib.common.rest_client [req-da1db5fd-6cb4-4fa4-9d29-a3661a82a84f req-da1db5fd-6cb4-4fa4-9d29-a3661a82a84f ] Request (HypervisorAdminNegativeTestJSON:tearDownClass): 204 DELETE http://10.180.1.21/identity/v3/projects/c19f7c828c824efa8ab0580b6a3be0f6 0.665s
2025-02-20 16:03:09.104 64981 INFO tempest.lib.common.dynamic_creds [-] Deleting project and security group for project: ce90d52fa61e49d6966ef14ab5ed0b2d
2025-02-20 16:03:09.144 64997 INFO tempest.lib.common.rest_client [req-17a14ca7-8502-4b28-be3d-057a48360472 req-17a14ca7-8502-4b28-be3d-057a48360472 ] Request (FlavorsV255TestJSON:setUpClass): 201 POST http://10.180.1.21/identity/v3/users 0.677s
2025-02-20 16:03:09.159 65021 INFO tempest.lib.common.rest_client [req-3907f3a9-46c6-4f6f-aaab-5128767bf136 req-3907f3a9-46c6-4f6f-aaab-5128767bf136 ] Request (QuotasAdminTestJSON:setUpClass): 201 POST http://10.180.1.21/identity/v3/users 0.690s
2025-02-20 16:03:09.165 64991 INFO tempest.lib.common.rest_client [req-b96d1cf2-1334-4de0-86d6-0a0bf40d2914 req-b96d1cf2-1334-4de0-86d6-0a0bf40d2914 ] Request (ServersWithSpecificFlavorTestJSON:setUpClass): 201 POST http://10.180.1.21/identity/v3/auth/tokens 0.652s
2025-02-20 16:03:09.183 65017 INFO tempest.lib.common.rest_client [req-4d31811a-7f84-45e2-8a68-466871f46395 req-4d31811a-7f84-45e2-8a68-466871f46395 ] Request (ImagesNegativeTestJSON:setUpClass): 201 POST http://10.180.1.21/identity/v3/users 0.669s
2025-02-20 16:03:09.188 65031 INFO tempest.lib.common.rest_client [req-b76aa749-588c-4688-be87-c0ee5de32216 req-b76aa749-588c-4688-be87-c0ee5de32216 ] Request (FlavorsExtraSpecsNegativeTestJSON:setUpClass): 204 PUT http://10.180.1.21/identity/v3/projects/f6b450fe58f145f0b29aaac6292191b2/users/5815620fbc0a457d8095175e3615c892/roles/177c7cd9d97c4bd79542eeebfb1f519d 0.633s
2025-02-20 16:03:09.191 64981 INFO tempest.lib.common.rest_client [req-b1ff571b-85e5-49ae-8585-2e2c08da2d9d req-b1ff571b-85e5-49ae-8585-2e2c08da2d9d ] Request (HypervisorAdminNegativeTestJSON:tearDownClass): 200 GET http://10.180.1.21:9696/networking/v2.0/security-groups?tenant_id=ce90d52fa61e49d6966ef14ab5ed0b2d&name=default 0.086s
2025-02-20 16:03:09.233 65019 INFO tempest.lib.common.rest_client [req-3961ccee-0102-4622-9c39-2c8b3bd11bdf req-3961ccee-0102-4622-9c39-2c8b3bd11bdf ] Request (InstanceUsageAuditLogTestJSON:setUpClass): 201 POST http://10.180.1.21/identity/v3/users 0.672s
2025-02-20 16:03:09.237 65023 INFO tempest.lib.common.rest_client [req-67549f3b-89a3-408a-94d9-fff744e0ce47 req-67549f3b-89a3-408a-94d9-fff744e0ce47 ] Request (QuotaClassesAdminTestJSON:setUpClass): 201 POST http://10.180.1.21/identity/v3/users 0.660s
2025-02-20 16:03:09.253 64981 INFO tempest.lib.common.rest_client [req-11bf4a3d-91a8-498c-9e6c-de5869e443eb req-11bf4a3d-91a8-498c-9e6c-de5869e443eb ] Request (HypervisorAdminNegativeTestJSON:tearDownClass): 204 DELETE http://10.180.1.21:9696/networking/v2.0/security-groups/a3948201-1eae-4f28-bbda-a645b199d7f4 0.061s
2025-02-20 16:03:09.253 65015 INFO tempest.lib.common.rest_client [req-31b49a59-a02a-4332-ab02-32b8bde98b3e req-31b49a59-a02a-4332-ab02-32b8bde98b3e ] Request (FlavorsV2NegativeTest:setUpClass): 200 GET http://10.180.1.21/identity/v3/roles 0.630s
2025-02-20 16:03:09.278 65011 INFO tempest.lib.common.rest_client [req-a023925a-f464-477e-a172-0668a1f960c9 req-a023925a-f464-477e-a172-0668a1f960c9 ] Request (ServersAdmin275Test:setUpClass): 201 POST http://10.180.1.21/identity/v3/users 0.630s
2025-02-20 16:03:09.293 64985 INFO tempest.lib.common.rest_client [req-826578ff-b182-495f-9ba8-cbc1cc629c7d req-826578ff-b182-495f-9ba8-cbc1cc629c7d ] Request (AggregatesAdminNegativeTestJSON:setUpClass): 201 POST http://10.180.1.21/identity/v3/auth/tokens 0.658s
2025-02-20 16:03:09.304 64989 INFO tempest.lib.common.rest_client [req-92973106-a5e2-4e9b-85e8-1c4d4ff222f5 req-92973106-a5e2-4e9b-85e8-1c4d4ff222f5 ] Request (FlavorsExtraSpecsTestJSON:setUpClass): 204 PUT http://10.180.1.21/identity/v3/projects/8b0918fcd67f493eb654069f3758e700/users/edc66f4afcf64378925028fa322a2d61/roles/c14ab1ab872d45e399f376bb1d455d97 0.617s
2025-02-20 16:03:09.304 64989 INFO tempest.lib.common.dynamic_creds [-] Dynamic test user edc66f4afcf64378925028fa322a2d61 is created with scope project and roles: ['member']
2025-02-20 16:03:09.305 64989 INFO tempest.lib.common.dynamic_creds [-] Acquired dynamic creds: credentials: Credentials: {'domain_id': 'default', 'domain_name': 'Default', 'username': 'tempest-FlavorsExtraSpecsTestJSON-1130927645-project-member', 'project_domain_id': 'default', 'project_domain_name': 'Default', 'project_id': '8b0918fcd67f493eb654069f3758e700', 'project_name': 'tempest-FlavorsExtraSpecsTestJSON-1130927645', 'tenant_id': '8b0918fcd67f493eb654069f3758e700', 'tenant_name': 'tempest-FlavorsExtraSpecsTestJSON-1130927645', 'user_domain_id': 'default', 'user_domain_name': 'Default', 'user_id': 'edc66f4afcf64378925028fa322a2d61', 'system': None}, Network: None, Subnet: None, Router: None
2025-02-20 16:03:09.305 64989 INFO tempest.lib.common.dynamic_creds [-] Created isolated network resources for: credentials: Credentials: {'domain_id': 'default', 'domain_name': 'Default', 'username': 'tempest-FlavorsExtraSpecsTestJSON-1130927645-project-member', 'project_domain_id': 'default', 'project_domain_name': 'Default', 'project_id': '8b0918fcd67f493eb654069f3758e700', 'project_name': 'tempest-FlavorsExtraSpecsTestJSON-1130927645', 'tenant_id': '8b0918fcd67f493eb654069f3758e700', 'tenant_name': 'tempest-FlavorsExtraSpecsTestJSON-1130927645', 'user_domain_id': 'default', 'user_domain_name': 'Default', 'user_id': 'edc66f4afcf64378925028fa322a2d61', 'system': None}, Network: None, Subnet: None, Router: None
2025-02-20 16:03:09.337 65003 INFO tempest.lib.common.rest_client [req-e3168ece-6f31-4256-8930-c67148bc9d75 req-e3168ece-6f31-4256-8930-c67148bc9d75 ] Request (ImagesOneServerNegativeTestJSON:setUpClass): 201 POST http://10.180.1.21/identity/v3/auth/tokens 0.634s
2025-02-20 16:03:09.350 64987 INFO tempest.lib.common.rest_client [req-2acbcade-eb82-4912-aaaf-b9a1b577ffd2 req-2acbcade-eb82-4912-aaaf-b9a1b577ffd2 ] Request (MigrationsAdminTest:setUpClass): 200 GET http://10.180.1.21/identity/v3/roles 0.644s
2025-02-20 16:03:09.362 65035 INFO tempest.lib.common.rest_client [req-4af064ac-adce-45a3-ae5e-33858b05a0e9 req-4af064ac-adce-45a3-ae5e-33858b05a0e9 ] Request (HypervisorAdminNegativeUnderV252Test:setUpClass): 201 POST http://10.180.1.21/identity/v3/users 0.610s
2025-02-20 16:03:09.386 65025 INFO tempest.lib.common.rest_client [req-e033764f-fae2-42b3-928f-32959908c456 req-e033764f-fae2-42b3-928f-32959908c456 ] Request (AZAdminV2TestJSON:setUpClass): 201 POST http://10.180.1.21/identity/v3/users 0.587s
2025-02-20 16:03:09.402 64995 INFO tempest.lib.common.rest_client [req-c5e91f02-0969-4bd1-a3f2-4dfefec0eac7 req-c5e91f02-0969-4bd1-a3f2-4dfefec0eac7 ] Request (FlavorsAccessNegativeTestJSON:setUpClass): 204 PUT http://10.180.1.21/identity/v3/projects/00c6e1225c7e4ba8abe33a3e10f2d320/users/ec12c3e16cf14dcf820580b4b493c93f/roles/177c7cd9d97c4bd79542eeebfb1f519d 0.597s
2025-02-20 16:03:09.402 64995 INFO tempest.lib.common.dynamic_creds [-] Dynamic test user ec12c3e16cf14dcf820580b4b493c93f is created with scope project and roles: ['admin']
2025-02-20 16:03:09.402 64995 INFO tempest.lib.common.dynamic_creds [-] Acquired dynamic creds: credentials: Credentials: {'domain_id': 'default', 'domain_name': 'Default', 'username': 'tempest-FlavorsAccessNegativeTestJSON-1087026408-project-admin', 'project_domain_id': 'default', 'project_domain_name': 'Default', 'project_id': '00c6e1225c7e4ba8abe33a3e10f2d320', 'project_name': 'tempest-FlavorsAccessNegativeTestJSON-1087026408', 'tenant_id': '00c6e1225c7e4ba8abe33a3e10f2d320', 'tenant_name': 'tempest-FlavorsAccessNegativeTestJSON-1087026408', 'user_domain_id': 'default', 'user_domain_name': 'Default', 'user_id': 'ec12c3e16cf14dcf820580b4b493c93f', 'system': None}, Network: None, Subnet: None, Router: None
2025-02-20 16:03:09.402 64995 INFO tempest.lib.common.dynamic_creds [-] Created isolated network resources for: credentials: Credentials: {'domain_id': 'default', 'domain_name': 'Default', 'username': 'tempest-FlavorsAccessNegativeTestJSON-1087026408-project-admin', 'project_domain_id': 'default', 'project_domain_name': 'Default', 'project_id': '00c6e1225c7e4ba8abe33a3e10f2d320', 'project_name': 'tempest-FlavorsAccessNegativeTestJSON-1087026408', 'tenant_id': '00c6e1225c7e4ba8abe33a3e10f2d320', 'tenant_name': 'tempest-FlavorsAccessNegativeTestJSON-1087026408', 'user_domain_id': 'default', 'user_domain_name': 'Default', 'user_id': 'ec12c3e16cf14dcf820580b4b493c93f', 'system': None}, Network: None, Subnet: None, Router: None
2025-02-20 16:03:09.448 65027 INFO tempest.lib.common.rest_client [req-9f2f4b36-9308-499b-b7e6-4a00fa663976 req-9f2f4b36-9308-499b-b7e6-4a00fa663976 ] Request (QuotasAdminNegativeTest:setUpClass): 200 GET http://10.180.1.21/identity/v3/roles 0.600s
2025-02-20 16:03:09.467 65007 INFO tempest.lib.common.rest_client [req-b0b3ee9b-4e3c-4a99-a1ca-8c565a1db749 req-b0b3ee9b-4e3c-4a99-a1ca-8c565a1db749 ] Request (SecurityGroupsTestAdminJSON:setUpClass): 201 POST http://10.180.1.21/identity/v3/auth/tokens 0.613s
2025-02-20 16:03:09.469 64979 INFO tempest.lib.common.rest_client [req-4b5c6cb8-c428-4f59-95ba-e0b737d20894 req-4b5c6cb8-c428-4f59-95ba-e0b737d20894 ] Request (FloatingIPsAssociationTestJSON:setUpClass): 200 GET http://10.180.1.21/identity/v3/roles 0.575s
2025-02-20 16:03:09.488 65037 INFO tempest.lib.common.rest_client [req-59dc8967-df4a-4a1b-8d4f-d7500b4e9404 req-59dc8967-df4a-4a1b-8d4f-d7500b4e9404 ] Request (AZAdminNegativeTestJSON:setUpClass): 200 GET http://10.180.1.21/identity/v3/roles 0.595s
2025-02-20 16:03:09.492 65013 INFO tempest.lib.common.rest_client [req-7f523266-d3d6-498d-88d6-c3aa785f7a51 req-7f523266-d3d6-498d-88d6-c3aa785f7a51 ] Request (DeleteServersTestJSON:setUpClass): 204 PUT http://10.180.1.21/identity/v3/projects/bf7fe5c429e8412aa79436f14a3adbc4/users/15e1663c93be4dfaa3c936c0fc1ca764/roles/c14ab1ab872d45e399f376bb1d455d97 0.584s
2025-02-20 16:03:09.492 65013 INFO tempest.lib.common.dynamic_creds [-] Dynamic test user 15e1663c93be4dfaa3c936c0fc1ca764 is created with scope project and roles: ['member']
2025-02-20 16:03:09.493 65013 INFO tempest.lib.common.dynamic_creds [-] Acquired dynamic creds: credentials: Credentials: {'domain_id': 'default', 'domain_name': 'Default', 'username': 'tempest-DeleteServersTestJSON-1833770539-project-member', 'project_domain_id': 'default', 'project_domain_name': 'Default', 'project_id': 'bf7fe5c429e8412aa79436f14a3adbc4', 'project_name': 'tempest-DeleteServersTestJSON-1833770539', 'tenant_id': 'bf7fe5c429e8412aa79436f14a3adbc4', 'tenant_name': 'tempest-DeleteServersTestJSON-1833770539', 'user_domain_id': 'default', 'user_domain_name': 'Default', 'user_id': '15e1663c93be4dfaa3c936c0fc1ca764', 'system': None}, Network: None, Subnet: None, Router: None
2025-02-20 16:03:09.536 65005 INFO tempest.lib.common.rest_client [req-cb3bb5b4-c21f-4fc9-9c0f-cc0d17a6a529 req-cb3bb5b4-c21f-4fc9-9c0f-cc0d17a6a529 ] Request (VolumesAssistedSnapshotsTest:setUpClass): 200 GET http://10.180.1.21/identity/v3/roles 0.607s
2025-02-20 16:03:09.538 64983 INFO tempest.lib.common.rest_client [req-4564dc19-995f-40d4-88b4-34cb11b92207 req-4564dc19-995f-40d4-88b4-34cb11b92207 ] Request (ServerDiagnosticsTest:setUpClass): 201 POST http://10.180.1.21/identity/v3/users 0.622s
2025-02-20 16:03:09.557 65029 INFO tempest.lib.common.rest_client [req-4895a61e-866b-4550-9a10-400070876ae8 req-4895a61e-866b-4550-9a10-400070876ae8 ] Request (KeyPairsNegativeTestJSON:tearDownClass): 201 POST http://10.180.1.21/identity/v3/auth/tokens 0.568s
2025-02-20 16:03:09.562 65001 INFO tempest.lib.common.rest_client [req-57cdf3ab-2765-4930-8ba2-e46f0c951224 req-57cdf3ab-2765-4930-8ba2-e46f0c951224 ] Request (FlavorsAdminTestJSON:setUpClass): 201 POST http://10.180.1.21/identity/v3/users 0.588s
2025-02-20 16:03:09.579 65033 INFO tempest.lib.common.rest_client [req-d26cb8d5-226e-4960-8c94-c75712dd48d3 req-d26cb8d5-226e-4960-8c94-c75712dd48d3 ] Request (KeyPairsV210TestJSON:setUpClass): 200 GET http://10.180.1.21/identity/v3/roles 0.542s
2025-02-20 16:03:09.581 64977 INFO tempest.lib.common.rest_client [req-af33aea8-05be-4d34-a650-a49305bb97be req-af33aea8-05be-4d34-a650-a49305bb97be ] Request (FlavorMetadataValidation:setUpClass): 201 POST http://10.180.1.21/identity/v3/projects 0.555s
2025-02-20 16:03:09.622 65039 INFO tempest.lib.common.rest_client [req-f581cc1a-e2ca-49be-9625-48769d3b2b77 req-f581cc1a-e2ca-49be-9625-48769d3b2b77 ] Request (HostsAdminNegativeTestJSON:setUpClass): 200 GET http://10.180.1.21/identity/v3/roles 0.574s
2025-02-20 16:03:09.626 64999 INFO tempest.lib.common.rest_client [req-4e08b5eb-0b2a-4731-a620-de1fc7e6f442 req-4e08b5eb-0b2a-4731-a620-de1fc7e6f442 ] Request (InstanceUsageAuditLogNegativeTestJSON:setUpClass): 200 GET http://10.180.1.21/identity/v3/roles 0.567s
2025-02-20 16:03:09.646 64993 INFO tempest.lib.common.rest_client [req-0cdee8b4-3eca-4c9d-b858-50d2115d019c req-0cdee8b4-3eca-4c9d-b858-50d2115d019c ] Request (DeleteServersAdminTestJSON:setUpClass): 201 POST http://10.180.1.21/identity/v3/users 0.574s
2025-02-20 16:03:09.648 64997 INFO tempest.lib.common.rest_client [req-5ffd8cde-9994-4978-920b-e23498616a54 req-5ffd8cde-9994-4978-920b-e23498616a54 ] Request (FlavorsV255TestJSON:setUpClass): 200 GET http://10.180.1.21/identity/v3/roles 0.503s
2025-02-20 16:03:09.661 65021 INFO tempest.lib.common.rest_client [req-0bc5c2b4-4517-441f-b8ef-ff7e8bd5951e req-0bc5c2b4-4517-441f-b8ef-ff7e8bd5951e ] Request (QuotasAdminTestJSON:setUpClass): 200 GET http://10.180.1.21/identity/v3/roles 0.501s
2025-02-20 16:03:09.675 65017 INFO tempest.lib.common.rest_client [req-f2b0c2e0-36cf-4a01-be9d-3110e98cdbdd req-f2b0c2e0-36cf-4a01-be9d-3110e98cdbdd ] Request (ImagesNegativeTestJSON:setUpClass): 200 GET http://10.180.1.21/identity/v3/roles 0.491s
2025-02-20 16:03:09.688 65031 INFO tempest.lib.common.rest_client [req-b2f7c927-a24e-4b3b-b97c-ca7cfc074434 req-b2f7c927-a24e-4b3b-b97c-ca7cfc074434 ] Request (FlavorsExtraSpecsNegativeTestJSON:setUpClass): 200 GET http://10.180.1.21/identity/v3/roles 0.500s
2025-02-20 16:03:09.700 65019 INFO tempest.lib.common.rest_client [req-b167e137-67e3-4533-ab7c-c1a0b4cd0fcf req-b167e137-67e3-4533-ab7c-c1a0b4cd0fcf ] Request (InstanceUsageAuditLogTestJSON:setUpClass): 200 GET http://10.180.1.21/identity/v3/roles 0.466s
2025-02-20 16:03:09.702 65023 INFO tempest.lib.common.rest_client [req-cf0d1490-d995-471a-a794-14f2401fe7d9 req-cf0d1490-d995-471a-a794-14f2401fe7d9 ] Request (QuotaClassesAdminTestJSON:setUpClass): 200 GET http://10.180.1.21/identity/v3/roles 0.464s
2025-02-20 16:03:09.721 65015 INFO tempest.lib.common.rest_client [req-8b266a87-ece6-4fdb-8ed5-e942e4ca852b req-8b266a87-ece6-4fdb-8ed5-e942e4ca852b ] Request (FlavorsV2NegativeTest:setUpClass): 204 PUT http://10.180.1.21/identity/v3/projects/fd04637084e941f89c4600e4a86fd433/users/cde16dcd46b54494954373abd8ae3395/roles/c14ab1ab872d45e399f376bb1d455d97 0.467s
2025-02-20 16:03:09.721 65015 INFO tempest.lib.common.dynamic_creds [-] Dynamic test user cde16dcd46b54494954373abd8ae3395 is created with scope project and roles: ['member']
2025-02-20 16:03:09.721 65015 INFO tempest.lib.common.dynamic_creds [-] Acquired dynamic creds: credentials: Credentials: {'domain_id': 'default', 'domain_name': 'Default', 'username': 'tempest-FlavorsV2NegativeTest-320262757-project-member', 'project_domain_id': 'default', 'project_domain_name': 'Default', 'project_id': 'fd04637084e941f89c4600e4a86fd433', 'project_name': 'tempest-FlavorsV2NegativeTest-320262757', 'tenant_id': 'fd04637084e941f89c4600e4a86fd433', 'tenant_name': 'tempest-FlavorsV2NegativeTest-320262757', 'user_domain_id': 'default', 'user_domain_name': 'Default', 'user_id': 'cde16dcd46b54494954373abd8ae3395', 'system': None}, Network: None, Subnet: None, Router: None
2025-02-20 16:03:09.722 65015 INFO tempest.lib.common.dynamic_creds [-] Created isolated network resources for: credentials: Credentials: {'domain_id': 'default', 'domain_name': 'Default', 'username': 'tempest-FlavorsV2NegativeTest-320262757-project-member', 'project_domain_id': 'default', 'project_domain_name': 'Default', 'project_id': 'fd04637084e941f89c4600e4a86fd433', 'project_name': 'tempest-FlavorsV2NegativeTest-320262757', 'tenant_id': 'fd04637084e941f89c4600e4a86fd433', 'tenant_name': 'tempest-FlavorsV2NegativeTest-320262757', 'user_domain_id': 'default', 'user_domain_name': 'Default', 'user_id': 'cde16dcd46b54494954373abd8ae3395', 'system': None}, Network: None, Subnet: None, Router: None
2025-02-20 16:03:09.757 64981 INFO tempest.lib.common.rest_client [req-e1b8e61c-fb54-4885-ab31-3b9a770156fe req-e1b8e61c-fb54-4885-ab31-3b9a770156fe ] Request (HypervisorAdminNegativeTestJSON:tearDownClass): 204 DELETE http://10.180.1.21/identity/v3/projects/ce90d52fa61e49d6966ef14ab5ed0b2d 0.503s
2025-02-20 16:03:09.788 65011 INFO tempest.lib.common.rest_client [req-fd8ac486-3312-4709-b893-6dbb6b98c8e3 req-fd8ac486-3312-4709-b893-6dbb6b98c8e3 ] Request (ServersAdmin275Test:setUpClass): 200 GET http://10.180.1.21/identity/v3/roles 0.510s
2025-02-20 16:03:09.839 64985 INFO tempest.lib.common.rest_client [req-9861b95b-de40-449c-a3d7-15ab83172a58 req-9861b95b-de40-449c-a3d7-15ab83172a58 ] Request (AggregatesAdminNegativeTestJSON:setUpClass): 201 POST http://10.180.1.21/identity/v3/projects 0.546s
2025-02-20 16:03:09.843 64989 INFO tempest.lib.common.rest_client [req-e27784b9-40f2-42bd-87fb-2c1a7720258b req-e27784b9-40f2-42bd-87fb-2c1a7720258b ] Request (FlavorsExtraSpecsTestJSON:setUpClass): 201 POST http://10.180.1.21/identity/v3/auth/tokens 0.534s
2025-02-20 16:03:09.892 64987 INFO tempest.lib.common.rest_client [req-b8b86bf0-c6fc-4c65-b1e5-dfc17ac5789b req-b8b86bf0-c6fc-4c65-b1e5-dfc17ac5789b ] Request (MigrationsAdminTest:setUpClass): 204 PUT http://10.180.1.21/identity/v3/projects/404544f1f72344768333d9361615a8ce/users/f15c1249610d4e3c83be04dc4f8a517f/roles/c14ab1ab872d45e399f376bb1d455d97 0.542s
2025-02-20 16:03:09.893 64987 INFO tempest.lib.common.dynamic_creds [-] Dynamic test user f15c1249610d4e3c83be04dc4f8a517f is created with scope project and roles: ['member']
2025-02-20 16:03:09.893 64987 INFO tempest.lib.common.dynamic_creds [-] Acquired dynamic creds: credentials: Credentials: {'domain_id': 'default', 'domain_name': 'Default', 'username': 'tempest-MigrationsAdminTest-1342794794-project-member', 'project_domain_id': 'default', 'project_domain_name': 'Default', 'project_id': '404544f1f72344768333d9361615a8ce', 'project_name': 'tempest-MigrationsAdminTest-1342794794', 'tenant_id': '404544f1f72344768333d9361615a8ce', 'tenant_name': 'tempest-MigrationsAdminTest-1342794794', 'user_domain_id': 'default', 'user_domain_name': 'Default', 'user_id': 'f15c1249610d4e3c83be04dc4f8a517f', 'system': None}, Network: None, Subnet: None, Router: None
2025-02-20 16:03:09.893 64987 INFO tempest.lib.common.dynamic_creds [-] Created isolated network resources for: credentials: Credentials: {'domain_id': 'default', 'domain_name': 'Default', 'username': 'tempest-MigrationsAdminTest-1342794794-project-member', 'project_domain_id': 'default', 'project_domain_name': 'Default', 'project_id': '404544f1f72344768333d9361615a8ce', 'project_name': 'tempest-MigrationsAdminTest-1342794794', 'tenant_id': '404544f1f72344768333d9361615a8ce', 'tenant_name': 'tempest-MigrationsAdminTest-1342794794', 'user_domain_id': 'default', 'user_domain_name': 'Default', 'user_id': 'f15c1249610d4e3c83be04dc4f8a517f', 'system': None}, Network: None, Subnet: None, Router: None
2025-02-20 16:03:09.933 65035 INFO tempest.lib.common.rest_client [req-459b4970-3635-4400-b032-e3092ef63e34 req-459b4970-3635-4400-b032-e3092ef63e34 ] Request (HypervisorAdminNegativeUnderV252Test:setUpClass): 200 GET http://10.180.1.21/identity/v3/roles 0.570s
2025-02-20 16:03:09.939 65025 INFO tempest.lib.common.rest_client [req-3594bef2-7f8f-4847-816b-53278b80b877 req-3594bef2-7f8f-4847-816b-53278b80b877 ] Request (AZAdminV2TestJSON:setUpClass): 200 GET http://10.180.1.21/identity/v3/roles 0.552s
2025-02-20 16:03:09.959 64991 INFO tempest.lib.common.rest_client [req-02327501-33a6-451a-b40a-e078e342381a req-02327501-33a6-451a-b40a-e078e342381a ] Request (ServersWithSpecificFlavorTestJSON:setUpClass): 201 POST http://10.180.1.21:9696/networking/v2.0/networks 0.793s
2025-02-20 16:03:09.996 64995 INFO tempest.lib.common.rest_client [req-93d7abe3-9404-4ddc-a249-4641696cfff3 req-93d7abe3-9404-4ddc-a249-4641696cfff3 ] Request (FlavorsAccessNegativeTestJSON:setUpClass): 201 POST http://10.180.1.21/identity/v3/auth/tokens 0.550s
2025-02-20 16:03:10.024 65027 INFO tempest.lib.common.rest_client [req-5f62e56e-9cf7-468f-bbba-0f18e730a0f4 req-5f62e56e-9cf7-468f-bbba-0f18e730a0f4 ] Request (QuotasAdminNegativeTest:setUpClass): 204 PUT http://10.180.1.21/identity/v3/projects/ef0bf27f1cfa4991956dd1703ecbd48e/users/8d0db68d54d14b6ba29df29b0eaa8e71/roles/c14ab1ab872d45e399f376bb1d455d97 0.575s
2025-02-20 16:03:10.024 65027 INFO tempest.lib.common.dynamic_creds [-] Dynamic test user 8d0db68d54d14b6ba29df29b0eaa8e71 is created with scope project and roles: ['member']
2025-02-20 16:03:10.024 65007 INFO tempest.lib.common.rest_client [req-b69c4ebd-d09a-4f43-9d09-5e6520e3964f req-b69c4ebd-d09a-4f43-9d09-5e6520e3964f ] Request (SecurityGroupsTestAdminJSON:setUpClass): 201 POST http://10.180.1.21/identity/v3/projects 0.556s
2025-02-20 16:03:10.024 65027 INFO tempest.lib.common.dynamic_creds [-] Acquired dynamic creds: credentials: Credentials: {'domain_id': 'default', 'domain_name': 'Default', 'username': 'tempest-QuotasAdminNegativeTest-2125475805-project-member', 'project_domain_id': 'default', 'project_domain_name': 'Default', 'project_id': 'ef0bf27f1cfa4991956dd1703ecbd48e', 'project_name': 'tempest-QuotasAdminNegativeTest-2125475805', 'tenant_id': 'ef0bf27f1cfa4991956dd1703ecbd48e', 'tenant_name': 'tempest-QuotasAdminNegativeTest-2125475805', 'user_domain_id': 'default', 'user_domain_name': 'Default', 'user_id': '8d0db68d54d14b6ba29df29b0eaa8e71', 'system': None}, Network: None, Subnet: None, Router: None
2025-02-20 16:03:10.024 65027 INFO tempest.lib.common.dynamic_creds [-] Created isolated network resources for: credentials: Credentials: {'domain_id': 'default', 'domain_name': 'Default', 'username': 'tempest-QuotasAdminNegativeTest-2125475805-project-member', 'project_domain_id': 'default', 'project_domain_name': 'Default', 'project_id': 'ef0bf27f1cfa4991956dd1703ecbd48e', 'project_name': 'tempest-QuotasAdminNegativeTest-2125475805', 'tenant_id': 'ef0bf27f1cfa4991956dd1703ecbd48e', 'tenant_name': 'tempest-QuotasAdminNegativeTest-2125475805', 'user_domain_id': 'default', 'user_domain_name': 'Default', 'user_id': '8d0db68d54d14b6ba29df29b0eaa8e71', 'system': None}, Network: None, Subnet: None, Router: None
2025-02-20 16:03:10.081 65037 INFO tempest.lib.common.rest_client [req-b9f055f2-e4b1-49cc-b58b-dc9d3102f3e5 req-b9f055f2-e4b1-49cc-b58b-dc9d3102f3e5 ] Request (AZAdminNegativeTestJSON:setUpClass): 204 PUT http://10.180.1.21/identity/v3/projects/a39abdd52e00428d86816b0d4ccab6db/users/8e6af688d8934a0fb01697a8ba5a9975/roles/c14ab1ab872d45e399f376bb1d455d97 0.592s
2025-02-20 16:03:10.081 65037 INFO tempest.lib.common.dynamic_creds [-] Dynamic test user 8e6af688d8934a0fb01697a8ba5a9975 is created with scope project and roles: ['member']
