2025-02-20 16:06:11.123 64983 INFO tempest.lib.common.rest_client [req-0baf6566-09b9-42be-9a60-1071cb40f4df req-0baf6566-09b9-42be-9a60-1071cb40f4df ] Request (ServerRescueNegativeTestJSON:test_rescued_vm_detach_volume): 201 POST http://10.180.1.21/identity/v3/auth/tokens 0.066s
2025-02-20 16:06:11.124 64983 INFO tempest.lib.common.fixed_network [-] (ServerRescueNegativeTestJSON:test_rescued_vm_detach_volume) Found network {'id': '94104841-00fc-486f-8145-1b6cafccf0ae', 'name': 'tempest-ServerRescueNegativeTestJSON-1283349835-network', 'tenant_id': '9cc7af37e5ae44c3aecdc3198dca1f13', 'admin_state_up': True, 'mtu': 8950, 'status': 'ACTIVE', 'subnets': [], 'shared': False, 'project_id': '9cc7af37e5ae44c3aecdc3198dca1f13', 'port_security_enabled': True, 'router:external': False, 'provider:network_type': 'vlan', 'provider:physical_network': 'default', 'provider:segmentation_id': 621, 'availability_zone_hints': [], 'availability_zones': [], 'ipv4_address_scope': None, 'ipv6_address_scope': None, 'description': '', 'tags': [], 'created_at': '2025-02-20T16:04:12Z', 'updated_at': '2025-02-20T16:04:12Z', 'revision_number': 1} available for tenant
2025-02-20 16:06:11.169 65021 INFO paramiko.transport [-] Authentication (publickey) successful!
2025-02-20 16:06:11.169 65021 INFO tempest.lib.common.ssh [-] ssh connection to cirros@10.180.180.148 successfully created
2025-02-20 16:06:11.174 65013 INFO tempest.lib.common.rest_client [req-dfea4ad8-9bca-4f1f-bdea-25a838546100 req-dfea4ad8-9bca-4f1f-bdea-25a838546100 ] Request (DeleteServersTestJSON:test_delete_server_while_in_attached_volume): 200 GET http://10.180.1.21/compute/v2.1/servers/13f79be3-8768-4656-a6b4-1ba4618a332a 0.176s
2025-02-20 16:06:11.239 65005 INFO tempest.lib.common.rest_client [req-7236004c-750e-4c15-bbe6-809b0db37c16 req-7236004c-750e-4c15-bbe6-809b0db37c16 ] Request (VolumesAssistedSnapshotsTest:tearDownClass): 200 GET http://10.180.1.21/compute/v2.1/servers/7078070e-1101-4dcd-95f8-df8c64c24f5b 0.223s
2025-02-20 16:06:11.285 65011 INFO tempest.lib.common.rest_client [req-b9a051a2-ce0c-4d93-adec-de89e23ed180 req-b9a051a2-ce0c-4d93-adec-de89e23ed180 ] Request (ServersTestManualDisk:setUpClass): 200 GET http://10.180.1.21/compute/v2.1/servers/13b41870-4408-41c7-8e44-25f31f709f95 0.237s
2025-02-20 16:06:11.328 64997 INFO tempest.lib.common.rest_client [req-f30286ef-20c6-4011-8e80-b898bd3fc69f req-f30286ef-20c6-4011-8e80-b898bd3fc69f ] Request (ImagesTestJSON:test_create_image_from_suspended_server): 200 GET http://10.180.1.21/compute/v2.1/servers/3ec837c2-3d43-42cc-b2ba-f4653a6a30f0 0.265s
2025-02-20 16:06:11.378 64993 INFO tempest.lib.common.rest_client [req-697bd3d0-fbd9-4730-9a67-be192fb297f5 req-697bd3d0-fbd9-4730-9a67-be192fb297f5 ] Request (AttachInterfacesV270Test:test_create_get_list_interfaces): 200 GET http://10.180.1.21/compute/v2.1/servers/a7739099-b48a-4925-a176-93b4f4f7570f 0.274s
2025-02-20 16:06:11.658 64983 INFO tempest.lib.common.rest_client [req-9f4cf311-ccd3-49fe-a617-b03b6a6fc821 req-9f4cf311-ccd3-49fe-a617-b03b6a6fc821 ] Request (ServerRescueNegativeTestJSON:test_rescued_vm_detach_volume): 202 POST http://10.180.1.21/compute/v2.1/servers 0.533s
2025-02-20 16:06:11.714 64991 INFO tempest.lib.common.rest_client [req-f959f870-f3ec-43b7-bae2-5183da4e122e req-f959f870-f3ec-43b7-bae2-5183da4e122e ] Request (ServersWithSpecificFlavorTestJSON:test_verify_created_server_ephemeral_disk): 200 GET http://10.180.1.21/compute/v2.1/servers/75f0eb9c-821c-4f8a-843d-cabea91f149d 0.585s
2025-02-20 16:06:11.821 65021 INFO tempest.lib.common.rest_client [req-7e0f1977-97b2-4224-976f-1dff1dd2fe42 req-7e0f1977-97b2-4224-976f-1dff1dd2fe42 ] Request (AttachInterfacesUnderV243Test:test_add_remove_fixed_ip): 200 GET http://10.180.1.21/compute/v2.1/servers/60a8f1f1-20a3-462d-b6fb-77b930c76b59/os-interface 0.652s
2025-02-20 16:06:11.848 65031 WARNING tempest.lib.common.ssh [-] Failed to establish authenticated ssh connection to cirros@10.180.180.243 ([Errno None] Unable to connect to port 22 on 10.180.180.243). Number attempts: 8. Retry after 9 seconds.: paramiko.ssh_exception.NoValidConnectionsError: [Errno None] Unable to connect to port 22 on 10.180.180.243
2025-02-20 16:06:11.905 64981 INFO tempest.lib.common.rest_client [req-ae9ee270-c6e7-4c52-a285-97acc8837e48 req-ae9ee270-c6e7-4c52-a285-97acc8837e48 ] Request (ServersAdminNegativeTestJSON:tearDownClass): 200 GET http://10.180.1.21/compute/v2.1/servers/faffbbe8-102c-4e3d-9073-3527f972b747 0.704s
2025-02-20 16:06:11.992 64989 INFO tempest.lib.common.rest_client [req-acf4db05-d02b-4cdf-ab71-ba0bd9883f57 req-acf4db05-d02b-4cdf-ab71-ba0bd9883f57 ] Request (ServersV294TestFqdnHostnames:tearDownClass): 204 DELETE http://10.180.1.21/compute/v2.1/servers/5b8bb5d1-e5a9-4ad9-9e18-25c55dd157fa 0.760s
2025-02-20 16:06:12.051 64979 INFO tempest.lib.common.rest_client [req-a8487388-e49f-40b1-a567-58c0ea1feb91 req-a8487388-e49f-40b1-a567-58c0ea1feb91 ] Request (FloatingIPsAssociationTestJSON:tearDownClass): 200 GET http://10.180.1.21/compute/v2.1/servers/60e0f787-8892-45be-ba34-fee3467cf46b 0.788s
2025-02-20 16:06:12.108 65009 INFO tempest.lib.common.rest_client [req-10a6ce0e-344d-44b1-a09e-a687c27ba10b req-10a6ce0e-344d-44b1-a09e-a687c27ba10b ] Request (ListImageFiltersTestJSON:tearDownClass): 200 GET http://10.180.1.21/compute/v2.1/servers/e7f42e66-c0ee-474b-a277-5509fea73c0b 0.779s
2025-02-20 16:06:12.149 64983 INFO tempest.lib.common.rest_client [req-30d1b57d-196e-4177-9c69-0e77bffecdcf req-30d1b57d-196e-4177-9c69-0e77bffecdcf ] Request (ServerRescueNegativeTestJSON:test_rescued_vm_detach_volume): 200 GET http://10.180.1.21/compute/v2.1/servers/afdef77d-2cba-47a6-b593-7736669070f0 0.490s
2025-02-20 16:06:12.201 64987 INFO tempest.lib.common.rest_client [req-f87574b2-7f4e-455e-aa65-738d3d123033 req-f87574b2-7f4e-455e-aa65-738d3d123033 ] Request (MigrationsAdminTest:test_resize_server_revert_deleted_flavor): 200 GET http://10.180.1.21/compute/v2.1/servers/2e6c189f-d6c6-415c-9f64-b9b6413cdf87 0.541s
2025-02-20 16:06:12.252 65029 INFO tempest.lib.common.rest_client [req-4b513d69-ee81-43b6-8196-370a8547ba63 req-4b513d69-ee81-43b6-8196-370a8547ba63 ] Request (ListServersNegativeTestJSON:setUpClass): 200 GET http://10.180.1.21/compute/v2.1/servers/c1540b7f-7546-4b30-93ba-471e585e3a60 0.584s
2025-02-20 16:06:12.323 65001 INFO tempest.lib.common.rest_client [req-8a9a18b5-4c91-4de5-bb12-8f327f1034bd req-8a9a18b5-4c91-4de5-bb12-8f327f1034bd ] Request (ServerDiagnosticsV248Test:tearDownClass): 200 GET http://10.180.1.21/compute/v2.1/servers/5c54f1b5-3d4c-400c-84de-cf1261289bd3 0.559s
2025-02-20 16:06:12.425 65039 INFO tempest.lib.common.rest_client [req-972d621b-9b19-4089-9260-d0288039f63f req-972d621b-9b19-4089-9260-d0288039f63f ] Request (ServerRescueTestJSONUnderV235:setUpClass): 200 GET http://10.180.1.21/compute/v2.1/servers/987650e4-35a4-4997-b913-e8224280a8bd 0.617s
2025-02-20 16:06:12.432 65039 INFO tempest.common.waiters [-] State transition "ACTIVE/rescuing" ==> "RESCUE/None" after 10 second wait
2025-02-20 16:06:12.485 65021 INFO tempest.lib.common.rest_client [req-16921d23-f7d1-4229-986e-fbd87ec6314d req-16921d23-f7d1-4229-986e-fbd87ec6314d ] Request (AttachInterfacesUnderV243Test:test_add_remove_fixed_ip): 200 GET http://10.180.1.21/compute/v2.1/servers/60a8f1f1-20a3-462d-b6fb-77b930c76b59/os-interface/b342d257-b132-4017-a1ab-7ee72f8b80ab 0.661s
2025-02-20 16:06:12.546 65033 INFO tempest.lib.common.rest_client [req-421d0541-0f4a-40fd-8d78-a08446ae22f1 req-421d0541-0f4a-40fd-8d78-a08446ae22f1 ] Request (ServersTestMultiNic:test_verify_multiple_nics_order): 200 GET http://10.180.1.21/compute/v2.1/servers/146cdb65-6e67-4091-a32c-dd8c5accbdba 0.714s
2025-02-20 16:06:12.603 65017 INFO tempest.lib.common.rest_client [req-54399f63-ff4a-472c-82f0-d9ea72bdef3f req-54399f63-ff4a-472c-82f0-d9ea72bdef3f ] Request (SecurityGroupsTestJSON:test_server_security_groups): 200 GET http://10.180.1.21/compute/v2.1/servers/29dc6f3d-26c5-4757-905b-5c7bc0e14998 0.739s
2025-02-20 16:06:12.650 64977 INFO tempest.lib.common.rest_client [req-fae87dae-a23b-4c19-848d-9b0e0a8cc3ac req-fae87dae-a23b-4c19-848d-9b0e0a8cc3ac ] Request (ImagesOneServerTestJSON:test_create_delete_image): 200 GET http://10.180.1.21/compute/v2.1/images/6c806ed4-94a9-4fb3-9558-009dc0203a66 0.733s
2025-02-20 16:06:12.728 64985 INFO tempest.lib.common.rest_client [req-e027db01-e11b-4557-8509-300b08a2ebdc req-e027db01-e11b-4557-8509-300b08a2ebdc ] Request (ServerShowV254Test:tearDownClass): 200 GET http://10.180.1.21/compute/v2.1/servers/7ec2bfeb-1056-4b4c-803a-aa8f7dc0f73c 0.748s
2025-02-20 16:06:12.898 64989 INFO tempest.lib.common.rest_client [req-ab539aac-9183-490c-b7bd-ee21fac10536 req-ab539aac-9183-490c-b7bd-ee21fac10536 ] Request (ServersV294TestFqdnHostnames:tearDownClass): 200 GET http://10.180.1.21/compute/v2.1/servers/5b8bb5d1-e5a9-4ad9-9e18-25c55dd157fa 0.905s
2025-02-20 16:06:12.981 65027 INFO tempest.lib.common.rest_client [req-43a2ba5b-2ab4-4945-becb-8abc5c1799c4 req-43a2ba5b-2ab4-4945-becb-8abc5c1799c4 ] Request (ServersNegativeTestMultiTenantJSON:setUpClass): 200 GET http://10.180.1.21/compute/v2.1/servers/2af40134-8a16-4b54-a16f-2598a45fb781 0.962s
2025-02-20 16:06:13.127 65003 INFO tempest.lib.common.rest_client [req-3bfffdcd-d524-4077-81b6-fb431fa7e727 req-3bfffdcd-d524-4077-81b6-fb431fa7e727 ] Request (ImagesOneServerNegativeTestJSON:_run_cleanups): 200 GET http://10.180.1.21/compute/v2.1/servers/17ee3416-3542-40ad-80fb-0da1c63f3f6d 1.013s
2025-02-20 16:06:13.196 65013 INFO tempest.lib.common.rest_client [req-a4592d16-70a4-4b9f-86ad-a607d42c8b70 req-a4592d16-70a4-4b9f-86ad-a607d42c8b70 ] Request (DeleteServersTestJSON:test_delete_server_while_in_attached_volume): 200 GET http://10.180.1.21/compute/v2.1/servers/13f79be3-8768-4656-a6b4-1ba4618a332a 1.013s
2025-02-20 16:06:13.264 65005 INFO tempest.lib.common.rest_client [req-34219a7e-ee74-4bce-83d3-33d625d9b6e2 req-34219a7e-ee74-4bce-83d3-33d625d9b6e2 ] Request (VolumesAssistedSnapshotsTest:tearDownClass): 200 GET http://10.180.1.21/compute/v2.1/servers/7078070e-1101-4dcd-95f8-df8c64c24f5b 1.018s
2025-02-20 16:06:13.318 65011 INFO tempest.lib.common.rest_client [req-6b7b6a9e-9246-489c-ab5a-5b976d8039e6 req-6b7b6a9e-9246-489c-ab5a-5b976d8039e6 ] Request (ServersTestManualDisk:setUpClass): 200 GET http://10.180.1.21/compute/v2.1/servers/13b41870-4408-41c7-8e44-25f31f709f95 1.025s
2025-02-20 16:06:13.368 64997 INFO tempest.lib.common.rest_client [req-f73cce84-8112-4b2b-b1cf-9255da7d0eac req-f73cce84-8112-4b2b-b1cf-9255da7d0eac ] Request (ImagesTestJSON:test_create_image_from_suspended_server): 200 GET http://10.180.1.21/compute/v2.1/servers/3ec837c2-3d43-42cc-b2ba-f4653a6a30f0 1.031s
2025-02-20 16:06:13.427 64993 INFO tempest.lib.common.rest_client [req-2228327d-82c2-44eb-acc4-8a60d34b865d req-2228327d-82c2-44eb-acc4-8a60d34b865d ] Request (AttachInterfacesV270Test:test_create_get_list_interfaces): 200 GET http://10.180.1.21/compute/v2.1/servers/a7739099-b48a-4925-a176-93b4f4f7570f 1.039s
2025-02-20 16:06:13.427 64995 INFO paramiko.transport [-] Connected (version 2.0, client dropbear_2020.81)
2025-02-20 16:06:13.494 64995 INFO paramiko.transport [-] Authentication (publickey) successful!
2025-02-20 16:06:13.494 64995 INFO tempest.lib.common.ssh [-] ssh connection to cirros@10.180.180.190 successfully created
2025-02-20 16:06:13.534 65039 INFO tempest.lib.common.rest_client [req-cbff2cf7-c1d3-457c-9915-729ab3f74035 req-cbff2cf7-c1d3-457c-9915-729ab3f74035 ] Request (ServerRescueTestJSONUnderV235:test_rescued_vm_add_remove_security_group): 200 POST http://10.180.1.21/compute/v2.1/os-security-groups 1.101s
2025-02-20 16:06:13.561 65021 INFO tempest.lib.common.rest_client [req-41249c5b-b6e9-4548-afbf-57471f4bff19 req-41249c5b-b6e9-4548-afbf-57471f4bff19 ] Request (AttachInterfacesUnderV243Test:test_add_remove_fixed_ip): 200 GET http://10.180.1.21/compute/v2.1/servers/60a8f1f1-20a3-462d-b6fb-77b930c76b59/ips 1.073s
2025-02-20 16:06:13.620 64991 INFO tempest.lib.common.rest_client [req-10d20506-58ea-44c4-9537-78a0cbce6f79 req-10d20506-58ea-44c4-9537-78a0cbce6f79 ] Request (ServersWithSpecificFlavorTestJSON:test_verify_created_server_ephemeral_disk): 200 GET http://10.180.1.21/compute/v2.1/servers/75f0eb9c-821c-4f8a-843d-cabea91f149d 0.898s
2025-02-20 16:06:13.704 64981 INFO tempest.lib.common.rest_client [req-da4d9c10-8be9-404f-8465-e82271b3a186 req-da4d9c10-8be9-404f-8465-e82271b3a186 ] Request (ServersAdminNegativeTestJSON:tearDownClass): 200 GET http://10.180.1.21/compute/v2.1/servers/faffbbe8-102c-4e3d-9073-3527f972b747 0.790s
2025-02-20 16:06:13.781 64979 INFO tempest.lib.common.rest_client [req-9f819512-51f0-422e-b38d-584f3884a53f req-9f819512-51f0-422e-b38d-584f3884a53f ] Request (FloatingIPsAssociationTestJSON:tearDownClass): 200 GET http://10.180.1.21/compute/v2.1/servers/60e0f787-8892-45be-ba34-fee3467cf46b 0.721s
2025-02-20 16:06:13.853 65009 INFO tempest.lib.common.rest_client [req-8b11ab68-2b25-445c-a5ef-331a79e436a7 req-8b11ab68-2b25-445c-a5ef-331a79e436a7 ] Request (ListImageFiltersTestJSON:tearDownClass): 200 GET http://10.180.1.21/compute/v2.1/servers/e7f42e66-c0ee-474b-a277-5509fea73c0b 0.735s
2025-02-20 16:06:13.912 64983 INFO tempest.lib.common.rest_client [req-8fa30c5d-6c9a-47b6-87a3-308fcdf2b12c req-8fa30c5d-6c9a-47b6-87a3-308fcdf2b12c ] Request (ServerRescueNegativeTestJSON:test_rescued_vm_detach_volume): 200 GET http://10.180.1.21/compute/v2.1/servers/afdef77d-2cba-47a6-b593-7736669070f0 0.751s
2025-02-20 16:06:13.962 64987 INFO tempest.lib.common.rest_client [req-fd443caa-750e-43e5-8341-0e655d0e715d req-fd443caa-750e-43e5-8341-0e655d0e715d ] Request (MigrationsAdminTest:test_resize_server_revert_deleted_flavor): 200 GET http://10.180.1.21/compute/v2.1/servers/2e6c189f-d6c6-415c-9f64-b9b6413cdf87 0.754s
2025-02-20 16:06:14.013 65029 INFO tempest.lib.common.rest_client [req-162fb9e9-197e-4747-a57d-6c6275af292e req-162fb9e9-197e-4747-a57d-6c6275af292e ] Request (ListServersNegativeTestJSON:setUpClass): 200 GET http://10.180.1.21/compute/v2.1/servers/c1540b7f-7546-4b30-93ba-471e585e3a60 0.754s
2025-02-20 16:06:14.073 65001 INFO tempest.lib.common.rest_client [req-895afbff-cca9-4e90-a160-d26a22f1ae20 req-895afbff-cca9-4e90-a160-d26a22f1ae20 ] Request (ServerDiagnosticsV248Test:tearDownClass): 200 GET http://10.180.1.21/compute/v2.1/servers/5c54f1b5-3d4c-400c-84de-cf1261289bd3 0.737s
2025-02-20 16:06:14.205 64995 INFO tempest.lib.common.rest_client [req-df73238a-eda5-4b1c-b4ea-75f74418a58a req-df73238a-eda5-4b1c-b4ea-75f74418a58a ] Request (ServerActionsTestOtherB:setUp): 200 GET http://10.180.1.21/compute/v2.1/servers/b14417a8-4522-465d-9eff-f44b1e438595 0.710s
2025-02-20 16:06:14.531 65039 INFO tempest.lib.common.rest_client [req-e6d01b0a-55ee-4ca2-9f70-9dc43864321a req-e6d01b0a-55ee-4ca2-9f70-9dc43864321a ] Request (ServerRescueTestJSONUnderV235:test_rescued_vm_add_remove_security_group): 202 POST http://10.180.1.21/compute/v2.1/servers/987650e4-35a4-4997-b913-e8224280a8bd/action 0.993s
2025-02-20 16:06:14.579 65033 INFO tempest.lib.common.rest_client [req-b1898ab8-ff22-4c62-b5e5-dbd2d4fb5682 req-b1898ab8-ff22-4c62-b5e5-dbd2d4fb5682 ] Request (ServersTestMultiNic:test_verify_multiple_nics_order): 200 GET http://10.180.1.21/compute/v2.1/servers/146cdb65-6e67-4091-a32c-dd8c5accbdba 1.025s
2025-02-20 16:06:14.615 65021 INFO tempest.lib.common.rest_client [req-208cb3ce-9a4d-42ef-962c-ebf501765d05 req-208cb3ce-9a4d-42ef-962c-ebf501765d05 ] Request (AttachInterfacesUnderV243Test:test_add_remove_fixed_ip): 202 POST http://10.180.1.21/compute/v2.1/servers/60a8f1f1-20a3-462d-b6fb-77b930c76b59/action 1.052s
2025-02-20 16:06:14.675 65017 INFO tempest.lib.common.rest_client [req-4413e969-dd38-436d-941a-f4a5b8b4e735 req-4413e969-dd38-436d-941a-f4a5b8b4e735 ] Request (SecurityGroupsTestJSON:test_server_security_groups): 200 GET http://10.180.1.21/compute/v2.1/servers/29dc6f3d-26c5-4757-905b-5c7bc0e14998 1.064s
2025-02-20 16:06:14.715 64977 INFO tempest.lib.common.rest_client [req-ac3e2387-d7a0-4bf6-b8f9-72744ec9c8c4 req-ac3e2387-d7a0-4bf6-b8f9-72744ec9c8c4 ] Request (ImagesOneServerTestJSON:test_create_delete_image): 200 GET http://10.180.1.21/compute/v2.1/images/6c806ed4-94a9-4fb3-9558-009dc0203a66 1.061s
2025-02-20 16:06:14.781 64985 INFO tempest.lib.common.rest_client [req-1e9620cc-918f-4c40-88c2-fc50d0bf0818 req-1e9620cc-918f-4c40-88c2-fc50d0bf0818 ] Request (ServerShowV254Test:tearDownClass): 200 GET http://10.180.1.21/compute/v2.1/servers/7ec2bfeb-1056-4b4c-803a-aa8f7dc0f73c 1.036s
2025-02-20 16:06:14.842 64989 INFO tempest.lib.common.rest_client [req-4733c3b5-17c0-4f9b-8275-96cbbd4304af req-4733c3b5-17c0-4f9b-8275-96cbbd4304af ] Request (ServersV294TestFqdnHostnames:tearDownClass): 200 GET http://10.180.1.21/compute/v2.1/servers/5b8bb5d1-e5a9-4ad9-9e18-25c55dd157fa 0.932s
2025-02-20 16:06:14.894 65027 INFO tempest.lib.common.rest_client [req-0a4d216b-b116-49e8-afbf-e475e2f879cf req-0a4d216b-b116-49e8-afbf-e475e2f879cf ] Request (ServersNegativeTestMultiTenantJSON:setUpClass): 200 GET http://10.180.1.21/compute/v2.1/servers/2af40134-8a16-4b54-a16f-2598a45fb781 0.906s
2025-02-20 16:06:15.017 65003 INFO tempest.lib.common.rest_client [req-9289f802-616f-44d3-b468-f98152ab200a req-9289f802-616f-44d3-b468-f98152ab200a ] Request (ImagesOneServerNegativeTestJSON:_run_cleanups): 200 GET http://10.180.1.21/compute/v2.1/servers/17ee3416-3542-40ad-80fb-0da1c63f3f6d 0.874s
2025-02-20 16:06:15.031 65003 INFO tempest.common.waiters [-] State transition "BUILD/spawning" ==> "ACTIVE/None" after 92 second wait
2025-02-20 16:06:15.083 65013 INFO tempest.lib.common.rest_client [req-5b15e4d5-387e-4b01-8384-5c5bbd1ca8dc req-5b15e4d5-387e-4b01-8384-5c5bbd1ca8dc ] Request (DeleteServersTestJSON:test_delete_server_while_in_attached_volume): 200 GET http://10.180.1.21/compute/v2.1/servers/13f79be3-8768-4656-a6b4-1ba4618a332a 0.876s
2025-02-20 16:06:15.571 64995 INFO tempest.lib.common.rest_client [req-498d929b-5de1-4092-9fb9-e36299bb2bf4 req-498d929b-5de1-4092-9fb9-e36299bb2bf4 ] Request (ServerActionsTestOtherB:test_create_backup): 202 POST http://10.180.1.21/compute/v2.1/servers/b14417a8-4522-465d-9eff-f44b1e438595/action 1.358s
2025-02-20 16:06:15.592 64995 INFO tempest.lib.common.rest_client [req-ca963da5-1bbd-4a0c-9c92-b8d54c62b367 req-ca963da5-1bbd-4a0c-9c92-b8d54c62b367 ] Request (ServerActionsTestOtherB:test_create_backup): 200 GET http://10.180.1.21/image/v2/images/18880807-190f-4e16-8eb1-01530eaf01db 0.020s
2025-02-20 16:06:15.644 65005 INFO tempest.lib.common.rest_client [req-34015218-b42e-4253-93e3-d6b08b2e7812 req-34015218-b42e-4253-93e3-d6b08b2e7812 ] Request (VolumesAssistedSnapshotsTest:tearDownClass): 200 GET http://10.180.1.21/compute/v2.1/servers/7078070e-1101-4dcd-95f8-df8c64c24f5b 1.371s
2025-02-20 16:06:15.701 65011 INFO tempest.lib.common.rest_client [req-042f719f-897d-4c0f-98f7-a0afb3e93094 req-042f719f-897d-4c0f-98f7-a0afb3e93094 ] Request (ServersTestManualDisk:setUpClass): 200 GET http://10.180.1.21/compute/v2.1/servers/13b41870-4408-41c7-8e44-25f31f709f95 1.372s
2025-02-20 16:06:15.747 64997 INFO tempest.lib.common.rest_client [req-b6feec2f-70c3-4601-84d5-6d74f27b6561 req-b6feec2f-70c3-4601-84d5-6d74f27b6561 ] Request (ImagesTestJSON:test_create_image_from_suspended_server): 200 GET http://10.180.1.21/compute/v2.1/servers/3ec837c2-3d43-42cc-b2ba-f4653a6a30f0 1.367s
2025-02-20 16:06:15.799 64993 INFO tempest.lib.common.rest_client [req-587d071f-187a-481a-91db-a5a86af51f92 req-587d071f-187a-481a-91db-a5a86af51f92 ] Request (AttachInterfacesV270Test:test_create_get_list_interfaces): 200 GET http://10.180.1.21/compute/v2.1/servers/a7739099-b48a-4925-a176-93b4f4f7570f 1.361s
2025-02-20 16:06:15.808 64993 INFO tempest.common.waiters [-] State transition "BUILD/scheduling" ==> "BUILD/None" after 24 second wait
2025-02-20 16:06:16.167 65039 INFO tempest.lib.common.rest_client [req-066965af-988d-4f3b-8f9a-718082eda3d6 req-066965af-988d-4f3b-8f9a-718082eda3d6 ] Request (ServerRescueTestJSONUnderV235:test_rescued_vm_add_remove_security_group): 202 POST http://10.180.1.21/compute/v2.1/servers/987650e4-35a4-4997-b913-e8224280a8bd/action 1.636s
2025-02-20 16:06:16.198 65021 INFO tempest.lib.common.rest_client [req-eea4dc64-d3ce-4054-925a-c9731e976a1c req-eea4dc64-d3ce-4054-925a-c9731e976a1c ] Request (AttachInterfacesUnderV243Test:test_add_remove_fixed_ip): 200 GET http://10.180.1.21/compute/v2.1/servers/60a8f1f1-20a3-462d-b6fb-77b930c76b59/ips 1.582s
2025-02-20 16:06:16.254 64991 INFO tempest.lib.common.rest_client [req-14b7d87b-e820-4ee9-a7c5-7fcf571d21b2 req-14b7d87b-e820-4ee9-a7c5-7fcf571d21b2 ] Request (ServersWithSpecificFlavorTestJSON:test_verify_created_server_ephemeral_disk): 200 GET http://10.180.1.21/compute/v2.1/servers/75f0eb9c-821c-4f8a-843d-cabea91f149d 1.623s
2025-02-20 16:06:16.314 64981 INFO tempest.lib.common.rest_client [req-a2d30180-65fb-4d31-b015-21e411f0b509 req-a2d30180-65fb-4d31-b015-21e411f0b509 ] Request (ServersAdminNegativeTestJSON:tearDownClass): 200 GET http://10.180.1.21/compute/v2.1/servers/faffbbe8-102c-4e3d-9073-3527f972b747 1.602s
2025-02-20 16:06:16.334 64979 INFO tempest.lib.common.rest_client [req-2b0a443e-6245-4dae-94d5-12834290a54c req-2b0a443e-6245-4dae-94d5-12834290a54c ] Request (FloatingIPsAssociationTestJSON:tearDownClass): 404 GET http://10.180.1.21/compute/v2.1/servers/60e0f787-8892-45be-ba34-fee3467cf46b 1.543s
2025-02-20 16:06:16.392 65009 INFO tempest.lib.common.rest_client [req-2308f05c-b21f-4cf3-b0b2-ac71bfe5f80e req-2308f05c-b21f-4cf3-b0b2-ac71bfe5f80e ] Request (ListImageFiltersTestJSON:tearDownClass): 200 GET http://10.180.1.21/compute/v2.1/servers/e7f42e66-c0ee-474b-a277-5509fea73c0b 1.531s
2025-02-20 16:06:16.457 64983 INFO tempest.lib.common.rest_client [req-f9ddb9f3-173a-42b4-a53f-b610a194de6c req-f9ddb9f3-173a-42b4-a53f-b610a194de6c ] Request (ServerRescueNegativeTestJSON:test_rescued_vm_detach_volume): 200 GET http://10.180.1.21/compute/v2.1/servers/afdef77d-2cba-47a6-b593-7736669070f0 1.536s
2025-02-20 16:06:16.511 64987 INFO tempest.lib.common.rest_client [req-3ed26f71-f30e-4eac-ba81-de1a37c8e849 req-3ed26f71-f30e-4eac-ba81-de1a37c8e849 ] Request (MigrationsAdminTest:test_resize_server_revert_deleted_flavor): 200 GET http://10.180.1.21/compute/v2.1/servers/2e6c189f-d6c6-415c-9f64-b9b6413cdf87 1.540s
2025-02-20 16:06:16.562 65029 INFO tempest.lib.common.rest_client [req-cc27d3ab-6794-4009-aa6c-54368f8e8989 req-cc27d3ab-6794-4009-aa6c-54368f8e8989 ] Request (ListServersNegativeTestJSON:setUpClass): 200 GET http://10.180.1.21/compute/v2.1/servers/c1540b7f-7546-4b30-93ba-471e585e3a60 1.540s
2025-02-20 16:06:16.611 64995 INFO tempest.lib.common.rest_client [req-0a578e55-9f52-45e7-a07e-0a47854f176c req-0a578e55-9f52-45e7-a07e-0a47854f176c ] Request (ServerActionsTestOtherB:test_create_backup): 200 GET http://10.180.1.21/image/v2/images/18880807-190f-4e16-8eb1-01530eaf01db 0.018s
2025-02-20 16:06:16.722 65003 INFO tempest.lib.common.rest_client [req-29332c71-ef08-4753-97ee-759bf55dd14f req-29332c71-ef08-4753-97ee-759bf55dd14f ] Request (ImagesOneServerNegativeTestJSON:setUp): 200 GET http://10.180.1.21/compute/v2.1/servers/17ee3416-3542-40ad-80fb-0da1c63f3f6d 1.689s
2025-02-20 16:06:16.812 65001 INFO tempest.lib.common.rest_client [req-849c373d-e9f5-4f26-b5e7-d64de03f14c4 req-849c373d-e9f5-4f26-b5e7-d64de03f14c4 ] Request (ServerDiagnosticsV248Test:tearDownClass): 200 GET http://10.180.1.21/compute/v2.1/servers/5c54f1b5-3d4c-400c-84de-cf1261289bd3 1.726s
2025-02-20 16:06:16.893 65033 INFO tempest.lib.common.rest_client [req-2828a1c5-42a0-4cc7-b29e-4d8c52f120d0 req-2828a1c5-42a0-4cc7-b29e-4d8c52f120d0 ] Request (ServersTestMultiNic:test_verify_multiple_nics_order): 200 GET http://10.180.1.21/compute/v2.1/servers/146cdb65-6e67-4091-a32c-dd8c5accbdba 1.303s
2025-02-20 16:06:16.954 65017 INFO tempest.lib.common.rest_client [req-bf3a750c-35d1-408f-95de-ecc8b3d8f007 req-bf3a750c-35d1-408f-95de-ecc8b3d8f007 ] Request (SecurityGroupsTestJSON:test_server_security_groups): 200 GET http://10.180.1.21/compute/v2.1/servers/29dc6f3d-26c5-4757-905b-5c7bc0e14998 1.268s
2025-02-20 16:06:16.995 64977 INFO tempest.lib.common.rest_client [req-848b6d12-0a3c-4cbc-bdcf-c828b46bd60e req-848b6d12-0a3c-4cbc-bdcf-c828b46bd60e ] Request (ImagesOneServerTestJSON:test_create_delete_image): 200 GET http://10.180.1.21/compute/v2.1/images/6c806ed4-94a9-4fb3-9558-009dc0203a66 1.276s
2025-02-20 16:06:17.070 64985 INFO tempest.lib.common.rest_client [req-de976983-b118-4da1-810d-a7161bb32d75 req-de976983-b118-4da1-810d-a7161bb32d75 ] Request (ServerShowV254Test:tearDownClass): 200 GET http://10.180.1.21/compute/v2.1/servers/7ec2bfeb-1056-4b4c-803a-aa8f7dc0f73c 1.276s
2025-02-20 16:06:17.145 64989 INFO tempest.lib.common.rest_client [req-87b5a7ed-97e5-48d6-92c9-b6013944043e req-87b5a7ed-97e5-48d6-92c9-b6013944043e ] Request (ServersV294TestFqdnHostnames:tearDownClass): 200 GET http://10.180.1.21/compute/v2.1/servers/5b8bb5d1-e5a9-4ad9-9e18-25c55dd157fa 1.291s
2025-02-20 16:06:17.155 64989 INFO tempest.common.waiters [-] State transition "ACTIVE/deleting" ==> "DELETED/None" after 5 second wait
2025-02-20 16:06:17.196 65027 INFO tempest.lib.common.rest_client [req-c1b770ec-4b1b-4d6d-bb21-7e756c3fd495 req-c1b770ec-4b1b-4d6d-bb21-7e756c3fd495 ] Request (ServersNegativeTestMultiTenantJSON:setUpClass): 200 GET http://10.180.1.21/compute/v2.1/servers/2af40134-8a16-4b54-a16f-2598a45fb781 1.293s
2025-02-20 16:06:17.258 65013 INFO tempest.lib.common.rest_client [req-d37a4179-c613-4510-b9a0-08c0296a08c9 req-d37a4179-c613-4510-b9a0-08c0296a08c9 ] Request (DeleteServersTestJSON:test_delete_server_while_in_attached_volume): 200 GET http://10.180.1.21/compute/v2.1/servers/13f79be3-8768-4656-a6b4-1ba4618a332a 1.164s
2025-02-20 16:06:17.348 64979 INFO tempest.lib.common.rest_client [req-253fa881-e9b3-4f48-a1f8-eed9a09e47b9 req-253fa881-e9b3-4f48-a1f8-eed9a09e47b9 ] Request (FloatingIPsAssociationTestJSON:tearDownClass): 200 PUT http://10.180.1.21:9696/networking/v2.0/routers/91f090c7-003e-4e54-97cc-747eb36b6135/remove_router_interface 1.014s
2025-02-20 16:06:17.626 64995 INFO tempest.lib.common.rest_client [req-b5aaa8ec-e79c-4d6a-83b8-95e7d1befad0 req-b5aaa8ec-e79c-4d6a-83b8-95e7d1befad0 ] Request (ServerActionsTestOtherB:test_create_backup): 200 GET http://10.180.1.21/image/v2/images/18880807-190f-4e16-8eb1-01530eaf01db 0.013s
2025-02-20 16:06:17.893 64979 INFO tempest.lib.common.rest_client [req-191dd0b6-e26a-40bf-a694-f7977aba3060 req-191dd0b6-e26a-40bf-a694-f7977aba3060 ] Request (FloatingIPsAssociationTestJSON:tearDownClass): 204 DELETE http://10.180.1.21:9696/networking/v2.0/routers/91f090c7-003e-4e54-97cc-747eb36b6135 0.544s
2025-02-20 16:06:17.979 65025 WARNING tempest.lib.common.ssh [-] Failed to establish authenticated ssh connection to cirros@10.180.180.178 ([Errno None] Unable to connect to port 22 on 10.180.180.178). Number attempts: 10. Retry after 11 seconds.: paramiko.ssh_exception.NoValidConnectionsError: [Errno None] Unable to connect to port 22 on 10.180.180.178
2025-02-20 16:06:18.002 64979 INFO tempest.lib.common.rest_client [req-ed321fe9-4621-4425-9e39-c3ad419a5f5d req-ed321fe9-4621-4425-9e39-c3ad419a5f5d ] Request (FloatingIPsAssociationTestJSON:tearDownClass): 204 DELETE http://10.180.1.21:9696/networking/v2.0/subnets/78bc36ec-26b1-4b52-8bcd-1ce9edf8dfc2 0.109s
2025-02-20 16:06:18.042 65039 INFO tempest.lib.common.rest_client [req-74bb0ee3-b02b-4646-aab9-28124d016189 req-74bb0ee3-b02b-4646-aab9-28124d016189 ] Request (ServerRescueTestJSONUnderV235:test_rescued_vm_associate_dissociate_floating_ip): 200 POST http://10.180.1.21/compute/v2.1/os-floating-ips 1.872s
2025-02-20 16:06:18.122 65005 INFO tempest.lib.common.rest_client [req-5f0e83fd-5d36-4196-8ac5-dc4ca0707c46 req-5f0e83fd-5d36-4196-8ac5-dc4ca0707c46 ] Request (VolumesAssistedSnapshotsTest:tearDownClass): 200 GET http://10.180.1.21/compute/v2.1/servers/7078070e-1101-4dcd-95f8-df8c64c24f5b 1.470s
2025-02-20 16:06:18.188 65011 INFO tempest.lib.common.rest_client [req-6bfe823c-3256-4a17-8516-40234fdff9a1 req-6bfe823c-3256-4a17-8516-40234fdff9a1 ] Request (ServersTestManualDisk:setUpClass): 200 GET http://10.180.1.21/compute/v2.1/servers/13b41870-4408-41c7-8e44-25f31f709f95 1.479s
2025-02-20 16:06:18.289 64979 INFO tempest.lib.common.rest_client [req-afb821b0-72d1-4fd9-84ca-475840d23862 req-afb821b0-72d1-4fd9-84ca-475840d23862 ] Request (FloatingIPsAssociationTestJSON:tearDownClass): 204 DELETE http://10.180.1.21:9696/networking/v2.0/networks/045e3efe-4f10-4c13-a022-17e74b367f72 0.287s
2025-02-20 16:06:18.409 64979 INFO tempest.lib.common.rest_client [req-1383d2bc-cc9d-49c0-9a18-3397540c7e30 req-1383d2bc-cc9d-49c0-9a18-3397540c7e30 ] Request (FloatingIPsAssociationTestJSON:tearDownClass): 204 DELETE http://10.180.1.21/identity/v3/users/d5402f5b15134d8f92b37c8f973f79bf 0.120s
2025-02-20 16:06:18.410 64979 INFO tempest.lib.common.dynamic_creds [-] Deleting project and security group for project: 6aff5bf16e2c412abc513525708adaff
2025-02-20 16:06:18.436 64979 INFO tempest.lib.common.rest_client [req-044d31a2-95e7-4122-bca2-bccdeb01ebaf req-044d31a2-95e7-4122-bca2-bccdeb01ebaf ] Request (FloatingIPsAssociationTestJSON:tearDownClass): 200 GET http://10.180.1.21:9696/networking/v2.0/security-groups?tenant_id=6aff5bf16e2c412abc513525708adaff&name=default 0.026s
2025-02-20 16:06:18.519 64979 INFO tempest.lib.common.rest_client [req-51cc7c86-7b57-4a67-9729-099bbdea515c req-51cc7c86-7b57-4a67-9729-099bbdea515c ] Request (FloatingIPsAssociationTestJSON:tearDownClass): 204 DELETE http://10.180.1.21:9696/networking/v2.0/security-groups/20105ab4-e7b2-460c-810f-f89108bdf23a 0.082s
2025-02-20 16:06:18.626 64979 INFO tempest.lib.common.rest_client [req-02efd105-f6eb-47e4-bd7b-b5433f7df8df req-02efd105-f6eb-47e4-bd7b-b5433f7df8df ] Request (FloatingIPsAssociationTestJSON:tearDownClass): 204 DELETE http://10.180.1.21/identity/v3/projects/6aff5bf16e2c412abc513525708adaff 0.106s
2025-02-20 16:06:18.644 64995 INFO tempest.lib.common.rest_client [req-1f0f3abb-4069-4140-87ad-97dd61edb355 req-1f0f3abb-4069-4140-87ad-97dd61edb355 ] Request (ServerActionsTestOtherB:test_create_backup): 200 GET http://10.180.1.21/image/v2/images/18880807-190f-4e16-8eb1-01530eaf01db 0.016s
2025-02-20 16:06:18.706 65003 INFO tempest.lib.common.rest_client [req-68418b84-21fc-42c4-a493-7d872f377c56 req-68418b84-21fc-42c4-a493-7d872f377c56 ] Request (ImagesOneServerNegativeTestJSON:test_delete_image_that_is_not_yet_active): 202 POST http://10.180.1.21/compute/v2.1/servers/17ee3416-3542-40ad-80fb-0da1c63f3f6d/action 1.975s
2025-02-20 16:06:18.709 64979 INFO tempest.lib.common.rest_client [req-ad70f5b9-44b9-456b-a0d2-afad8b36e7da req-ad70f5b9-44b9-456b-a0d2-afad8b36e7da ] Request (FloatingIPsAssociationNegativeTestJSON:setUpClass): 201 POST http://10.180.1.21/identity/v3/auth/tokens 0.081s
2025-02-20 16:06:18.740 64979 INFO tempest.lib.common.rest_client [req-0f86db7a-36d5-4dda-b1bd-36667c032245 req-0f86db7a-36d5-4dda-b1bd-36667c032245 ] Request (FloatingIPsAssociationNegativeTestJSON:setUpClass): 201 POST http://10.180.1.21/identity/v3/auth/tokens 0.028s
2025-02-20 16:06:18.763 64997 INFO tempest.lib.common.rest_client [req-dc07cfb5-eb2e-44d0-a26e-64c7e9b3efb3 req-dc07cfb5-eb2e-44d0-a26e-64c7e9b3efb3 ] Request (ImagesTestJSON:test_create_image_from_suspended_server): 200 GET http://10.180.1.21/compute/v2.1/servers/3ec837c2-3d43-42cc-b2ba-f4653a6a30f0 2.007s
2025-02-20 16:06:18.766 64979 INFO tempest.lib.common.rest_client [req-e95d6984-6bd8-42fb-a597-2e6b7728a6fa req-e95d6984-6bd8-42fb-a597-2e6b7728a6fa ] Request (FloatingIPsAssociationNegativeTestJSON:setUpClass): 200 GET http://10.180.1.21/identity/v3/domains?name=Default 0.025s
2025-02-20 16:06:18.797 64979 INFO tempest.lib.common.rest_client [req-5a3d54f9-c268-4658-b8fe-e047ae5f8252 req-5a3d54f9-c268-4658-b8fe-e047ae5f8252 ] Request (FloatingIPsAssociationNegativeTestJSON:setUpClass): 201 POST http://10.180.1.21/identity/v3/projects 0.031s
2025-02-20 16:06:18.820 64993 INFO tempest.lib.common.rest_client [req-279fee6b-efc9-4d91-96be-10bf2e2b7c73 req-279fee6b-efc9-4d91-96be-10bf2e2b7c73 ] Request (AttachInterfacesV270Test:test_create_get_list_interfaces): 200 GET http://10.180.1.21/compute/v2.1/servers/a7739099-b48a-4925-a176-93b4f4f7570f 2.012s
2025-02-20 16:06:18.847 65021 INFO tempest.lib.common.rest_client [req-84c2a413-e11d-41e4-8d1f-f02dcc22f96f req-84c2a413-e11d-41e4-8d1f-f02dcc22f96f ] Request (AttachInterfacesUnderV243Test:test_add_remove_fixed_ip): 200 GET http://10.180.1.21/compute/v2.1/servers/60a8f1f1-20a3-462d-b6fb-77b930c76b59/ips 1.647s
2025-02-20 16:06:18.867 64979 INFO tempest.lib.common.rest_client [req-c1e8552d-8385-4f39-917c-b72051a3bc19 req-c1e8552d-8385-4f39-917c-b72051a3bc19 ] Request (FloatingIPsAssociationNegativeTestJSON:setUpClass): 201 POST http://10.180.1.21/identity/v3/users 0.069s
2025-02-20 16:06:18.891 64979 INFO tempest.lib.common.rest_client [req-bcc38985-f214-495b-8dcf-47d3a3baf277 req-bcc38985-f214-495b-8dcf-47d3a3baf277 ] Request (FloatingIPsAssociationNegativeTestJSON:setUpClass): 200 GET http://10.180.1.21/identity/v3/roles 0.023s
2025-02-20 16:06:18.905 64991 INFO tempest.lib.common.rest_client [req-167c63a2-fb82-4ddc-a30c-d47986affe3a req-167c63a2-fb82-4ddc-a30c-d47986affe3a ] Request (ServersWithSpecificFlavorTestJSON:test_verify_created_server_ephemeral_disk): 200 GET http://10.180.1.21/compute/v2.1/servers/75f0eb9c-821c-4f8a-843d-cabea91f149d 1.641s
2025-02-20 16:06:18.917 64979 INFO tempest.lib.common.rest_client [req-3807295d-302e-41a2-a17e-c43f836fac1c req-3807295d-302e-41a2-a17e-c43f836fac1c ] Request (FloatingIPsAssociationNegativeTestJSON:setUpClass): 204 PUT http://10.180.1.21/identity/v3/projects/8e9a5a2ee2144b8f9bf6c96153681b07/users/d74515b0f6af4102a6ac8e5c094e67ed/roles/c14ab1ab872d45e399f376bb1d455d97 0.026s
2025-02-20 16:06:18.918 64979 INFO tempest.lib.common.dynamic_creds [-] Dynamic test user d74515b0f6af4102a6ac8e5c094e67ed is created with scope project and roles: ['member']
2025-02-20 16:06:18.918 64979 INFO tempest.lib.common.dynamic_creds [-] Acquired dynamic creds: credentials: Credentials: {'domain_id': 'default', 'domain_name': 'Default', 'username': 'tempest-FloatingIPsAssociationNegativeTestJSON-1467022556-project-member', 'project_domain_id': 'default', 'project_domain_name': 'Default', 'project_id': '8e9a5a2ee2144b8f9bf6c96153681b07', 'project_name': 'tempest-FloatingIPsAssociationNegativeTestJSON-1467022556', 'tenant_id': '8e9a5a2ee2144b8f9bf6c96153681b07', 'tenant_name': 'tempest-FloatingIPsAssociationNegativeTestJSON-1467022556', 'user_domain_id': 'default', 'user_domain_name': 'Default', 'user_id': 'd74515b0f6af4102a6ac8e5c094e67ed', 'system': None}, Network: None, Subnet: None, Router: None
2025-02-20 16:06:18.971 64981 INFO tempest.lib.common.rest_client [req-2047d145-69c9-44a1-8abe-8cac04aaa349 req-2047d145-69c9-44a1-8abe-8cac04aaa349 ] Request (ServersAdminNegativeTestJSON:tearDownClass): 200 GET http://10.180.1.21/compute/v2.1/servers/faffbbe8-102c-4e3d-9073-3527f972b747 1.646s
2025-02-20 16:06:18.975 64979 INFO tempest.lib.common.rest_client [req-0b579478-b0c3-4250-b65b-370834755f10 req-0b579478-b0c3-4250-b65b-370834755f10 ] Request (FloatingIPsAssociationNegativeTestJSON:setUpClass): 201 POST http://10.180.1.21/identity/v3/auth/tokens 0.057s
2025-02-20 16:06:19.030 65009 INFO tempest.lib.common.rest_client [req-d4bd7ece-0133-444a-84fd-9291fd72e8e2 req-d4bd7ece-0133-444a-84fd-9291fd72e8e2 ] Request (ListImageFiltersTestJSON:tearDownClass): 200 GET http://10.180.1.21/compute/v2.1/servers/e7f42e66-c0ee-474b-a277-5509fea73c0b 1.628s
2025-02-20 16:06:19.096 64983 INFO tempest.lib.common.rest_client [req-c5427415-d30f-4bcf-bfb2-dac7c67baae8 req-c5427415-d30f-4bcf-bfb2-dac7c67baae8 ] Request (ServerRescueNegativeTestJSON:test_rescued_vm_detach_volume): 200 GET http://10.180.1.21/compute/v2.1/servers/afdef77d-2cba-47a6-b593-7736669070f0 1.631s
2025-02-20 16:06:19.157 64987 INFO tempest.lib.common.rest_client [req-8676dd87-2438-4157-9739-2deca0954c98 req-8676dd87-2438-4157-9739-2deca0954c98 ] Request (MigrationsAdminTest:test_resize_server_revert_deleted_flavor): 200 GET http://10.180.1.21/compute/v2.1/servers/2e6c189f-d6c6-415c-9f64-b9b6413cdf87 1.637s
2025-02-20 16:06:19.218 65029 INFO tempest.lib.common.rest_client [req-91fb4593-89a2-47aa-8002-4450360651ec req-91fb4593-89a2-47aa-8002-4450360651ec ] Request (ListServersNegativeTestJSON:setUpClass): 200 GET http://10.180.1.21/compute/v2.1/servers/c1540b7f-7546-4b30-93ba-471e585e3a60 1.647s
2025-02-20 16:06:19.309 65001 INFO tempest.lib.common.rest_client [req-efea8e43-a6d8-43e1-a490-42906f9b92b9 req-efea8e43-a6d8-43e1-a490-42906f9b92b9 ] Request (ServerDiagnosticsV248Test:tearDownClass): 200 GET http://10.180.1.21/compute/v2.1/servers/5c54f1b5-3d4c-400c-84de-cf1261289bd3 1.480s
2025-02-20 16:06:19.397 65033 INFO tempest.lib.common.rest_client [req-f4af8e83-d1f7-424f-b304-698fbffdd7cd req-f4af8e83-d1f7-424f-b304-698fbffdd7cd ] Request (ServersTestMultiNic:test_verify_multiple_nics_order): 200 GET http://10.180.1.21/compute/v2.1/servers/146cdb65-6e67-4091-a32c-dd8c5accbdba 1.493s
2025-02-20 16:06:19.418 64979 INFO tempest.lib.common.rest_client [req-3ea9be8b-a6c7-46ce-8545-3c04ed3cceaf req-3ea9be8b-a6c7-46ce-8545-3c04ed3cceaf ] Request (FloatingIPsAssociationNegativeTestJSON:setUpClass): 201 POST http://10.180.1.21:9696/networking/v2.0/networks 0.442s
2025-02-20 16:06:19.452 65017 INFO tempest.lib.common.rest_client [req-50b8cbfd-784c-4afb-b68f-a06b8db5e3e8 req-50b8cbfd-784c-4afb-b68f-a06b8db5e3e8 ] Request (SecurityGroupsTestJSON:test_server_security_groups): 200 GET http://10.180.1.21/compute/v2.1/servers/29dc6f3d-26c5-4757-905b-5c7bc0e14998 1.487s
2025-02-20 16:06:19.491 64977 INFO tempest.lib.common.rest_client [req-24fadd5a-17a4-409c-a1d3-0bdd8ea57920 req-24fadd5a-17a4-409c-a1d3-0bdd8ea57920 ] Request (ImagesOneServerTestJSON:test_create_delete_image): 200 GET http://10.180.1.21/compute/v2.1/images/6c806ed4-94a9-4fb3-9558-009dc0203a66 1.491s
2025-02-20 16:06:19.567 64979 INFO tempest.lib.common.rest_client [req-1727d819-062b-4c35-9375-061a05b3be0b req-1727d819-062b-4c35-9375-061a05b3be0b ] Request (FloatingIPsAssociationNegativeTestJSON:setUpClass): 201 POST http://10.180.1.21:9696/networking/v2.0/subnets 0.148s
2025-02-20 16:06:19.671 64995 INFO tempest.lib.common.rest_client [req-bfaf250a-8679-44ed-ad41-83a74eee0eae req-bfaf250a-8679-44ed-ad41-83a74eee0eae ] Request (ServerActionsTestOtherB:test_create_backup): 200 GET http://10.180.1.21/image/v2/images/18880807-190f-4e16-8eb1-01530eaf01db 0.026s
2025-02-20 16:06:20.267 64999 INFO tempest.lib.common.rest_client [req-e305d333-203e-4f82-9467-e63c9e16436b req-e305d333-203e-4f82-9467-e63c9e16436b ] Request (AttachInterfacesTestJSON:test_create_list_show_delete_interfaces_by_fixed_ip): 200 POST http://10.180.1.21/compute/v2.1/servers/5756535c-f4fc-41a7-b6e3-a04e72cad7fa/os-interface 9.527s
2025-02-20 16:06:20.362 64985 INFO tempest.lib.common.rest_client [req-5079c0ed-193c-4fa6-af8e-67a88db62714 req-5079c0ed-193c-4fa6-af8e-67a88db62714 ] Request (ServerShowV254Test:tearDownClass): 200 GET http://10.180.1.21/compute/v2.1/servers/7ec2bfeb-1056-4b4c-803a-aa8f7dc0f73c 2.281s
2025-02-20 16:06:20.434 64989 INFO tempest.lib.common.rest_client [req-7f483caa-dcb5-4b08-ae9a-876ec0f616df req-7f483caa-dcb5-4b08-ae9a-876ec0f616df ] Request (ServersV294TestFqdnHostnames:tearDownClass): 200 GET http://10.180.1.21/compute/v2.1/servers/5b8bb5d1-e5a9-4ad9-9e18-25c55dd157fa 2.279s
2025-02-20 16:06:20.494 65027 INFO tempest.lib.common.rest_client [req-1b4ed8b2-a63a-43b4-a61d-ad12a423b7b4 req-1b4ed8b2-a63a-43b4-a61d-ad12a423b7b4 ] Request (ServersNegativeTestMultiTenantJSON:setUpClass): 200 GET http://10.180.1.21/compute/v2.1/servers/2af40134-8a16-4b54-a16f-2598a45fb781 2.289s
2025-02-20 16:06:20.552 65013 INFO tempest.lib.common.rest_client [req-4dd07bd2-66ea-4a76-91bd-2549bf24351a req-4dd07bd2-66ea-4a76-91bd-2549bf24351a ] Request (DeleteServersTestJSON:test_delete_server_while_in_attached_volume): 200 GET http://10.180.1.21/compute/v2.1/servers/13f79be3-8768-4656-a6b4-1ba4618a332a 2.285s
2025-02-20 16:06:20.569 64979 INFO tempest.lib.common.rest_client [req-eb9e187d-1ab0-4d60-a717-374235cb132c req-eb9e187d-1ab0-4d60-a717-374235cb132c ] Request (FloatingIPsAssociationNegativeTestJSON:setUpClass): 201 POST http://10.180.1.21:9696/networking/v2.0/routers 1.001s
2025-02-20 16:06:20.639 65003 INFO tempest.lib.common.rest_client [req-3da19ee0-70d9-4d81-a23b-32d43bf77d8c req-3da19ee0-70d9-4d81-a23b-32d43bf77d8c ] Request (ImagesOneServerNegativeTestJSON:test_delete_image_that_is_not_yet_active): 204 DELETE http://10.180.1.21/compute/v2.1/images/0036286e-856a-46ef-95ea-22a2fc05aacf 1.931s
2025-02-20 16:06:20.686 64995 INFO tempest.lib.common.rest_client [req-58645013-e400-4504-a48c-a9a259134f0d req-58645013-e400-4504-a48c-a9a259134f0d ] Request (ServerActionsTestOtherB:test_create_backup): 200 GET http://10.180.1.21/image/v2/images/18880807-190f-4e16-8eb1-01530eaf01db 0.014s
2025-02-20 16:06:20.800 65039 INFO tempest.lib.common.rest_client [req-2b2bc5c1-9e2b-4b77-a51d-b511bcb2dc2c req-2b2bc5c1-9e2b-4b77-a51d-b511bcb2dc2c ] Request (ServerRescueTestJSONUnderV235:test_rescued_vm_associate_dissociate_floating_ip): 202 POST http://10.180.1.21/compute/v2.1/servers/987650e4-35a4-4997-b913-e8224280a8bd/action 2.756s
2025-02-20 16:06:20.812 65021 INFO tempest.lib.common.rest_client [req-a34cb21e-bf5f-49ff-b855-ab63a992b0c5 req-a34cb21e-bf5f-49ff-b855-ab63a992b0c5 ] Request (AttachInterfacesUnderV243Test:test_add_remove_fixed_ip): 200 GET http://10.180.1.21/compute/v2.1/servers/60a8f1f1-20a3-462d-b6fb-77b930c76b59 1.962s
2025-02-20 16:06:20.892 65011 INFO tempest.lib.common.rest_client [req-09f24fb3-c879-4f72-b3d1-e853861adb64 req-09f24fb3-c879-4f72-b3d1-e853861adb64 ] Request (ServersTestManualDisk:setUpClass): 200 GET http://10.180.1.21/compute/v2.1/servers/13b41870-4408-41c7-8e44-25f31f709f95 1.696s
2025-02-20 16:06:20.892 65005 INFO tempest.lib.common.rest_client [req-8702be45-9c8b-4fed-8073-cc0a3e91ced4 req-8702be45-9c8b-4fed-8073-cc0a3e91ced4 ] Request (VolumesAssistedSnapshotsTest:tearDownClass): 200 GET http://10.180.1.21/compute/v2.1/servers/7078070e-1101-4dcd-95f8-df8c64c24f5b 1.762s
2025-02-20 16:06:20.962 64997 INFO tempest.lib.common.rest_client [req-093b7713-5df8-4274-9e89-cb951488490b req-093b7713-5df8-4274-9e89-cb951488490b ] Request (ImagesTestJSON:test_create_image_from_suspended_server): 200 GET http://10.180.1.21/compute/v2.1/servers/3ec837c2-3d43-42cc-b2ba-f4653a6a30f0 1.190s
2025-02-20 16:06:20.964 64993 INFO tempest.lib.common.rest_client [req-86983474-e631-48e7-9843-b815470ca0c2 req-86983474-e631-48e7-9843-b815470ca0c2 ] Request (AttachInterfacesV270Test:test_create_get_list_interfaces): 200 GET http://10.180.1.21/compute/v2.1/servers/a7739099-b48a-4925-a176-93b4f4f7570f 1.133s
2025-02-20 16:06:21.029 64991 INFO tempest.lib.common.rest_client [req-a2380092-c68c-481d-90fe-7062a6f4d21f req-a2380092-c68c-481d-90fe-7062a6f4d21f ] Request (ServersWithSpecificFlavorTestJSON:test_verify_created_server_ephemeral_disk): 200 GET http://10.180.1.21/compute/v2.1/servers/75f0eb9c-821c-4f8a-843d-cabea91f149d 1.115s
2025-02-20 16:06:21.054 64981 INFO tempest.lib.common.rest_client [req-3292e165-c651-472d-917d-5e639778ca4e req-3292e165-c651-472d-917d-5e639778ca4e ] Request (ServersAdminNegativeTestJSON:tearDownClass): 200 GET http://10.180.1.21/compute/v2.1/servers/faffbbe8-102c-4e3d-9073-3527f972b747 1.075s
2025-02-20 16:06:21.096 65009 INFO tempest.lib.common.rest_client [req-2c286279-1ad4-47f0-b3d0-9ccb3c980c1a req-2c286279-1ad4-47f0-b3d0-9ccb3c980c1a ] Request (ListImageFiltersTestJSON:tearDownClass): 200 GET http://10.180.1.21/compute/v2.1/servers/e7f42e66-c0ee-474b-a277-5509fea73c0b 1.054s
2025-02-20 16:06:21.119 64983 INFO tempest.lib.common.rest_client [req-3f1b7f4e-86ab-4477-8da7-6539d3c75429 req-3f1b7f4e-86ab-4477-8da7-6539d3c75429 ] Request (ServerRescueNegativeTestJSON:test_rescued_vm_detach_volume): 200 GET http://10.180.1.21/compute/v2.1/servers/afdef77d-2cba-47a6-b593-7736669070f0 1.003s
2025-02-20 16:06:21.151 64987 INFO tempest.lib.common.rest_client [req-a8bef3e4-0e9e-4853-92d4-d4dca01dd182 req-a8bef3e4-0e9e-4853-92d4-d4dca01dd182 ] Request (MigrationsAdminTest:test_resize_server_revert_deleted_flavor): 200 GET http://10.180.1.21/compute/v2.1/servers/2e6c189f-d6c6-415c-9f64-b9b6413cdf87 0.985s
2025-02-20 16:06:21.185 65029 INFO tempest.lib.common.rest_client [req-c6b8588b-60f3-4986-88ce-c0deb9413076 req-c6b8588b-60f3-4986-88ce-c0deb9413076 ] Request (ListServersNegativeTestJSON:setUpClass): 200 GET http://10.180.1.21/compute/v2.1/servers/c1540b7f-7546-4b30-93ba-471e585e3a60 0.958s
2025-02-20 16:06:21.192 65029 INFO tempest.common.waiters [-] State transition "BUILD/None" ==> "BUILD/networking" after 78 second wait
2025-02-20 16:06:21.229 64999 INFO tempest.lib.common.rest_client [req-e2011681-5485-43d0-81e2-8a39cc3e10d1 req-e2011681-5485-43d0-81e2-8a39cc3e10d1 ] Request (AttachInterfacesTestJSON:test_create_list_show_delete_interfaces_by_fixed_ip): 200 GET http://10.180.1.21/compute/v2.1/servers/5756535c-f4fc-41a7-b6e3-a04e72cad7fa/os-interface/5216ddf9-2605-4533-b77c-aad42b0db9c0 0.960s
2025-02-20 16:06:21.265 65001 INFO tempest.lib.common.rest_client [req-6e12c591-6b15-4e9b-8575-6c02d79e99d3 req-6e12c591-6b15-4e9b-8575-6c02d79e99d3 ] Request (ServerDiagnosticsV248Test:tearDownClass): 200 GET http://10.180.1.21/compute/v2.1/servers/5c54f1b5-3d4c-400c-84de-cf1261289bd3 0.943s
2025-02-20 16:06:21.291 65033 INFO tempest.lib.common.rest_client [req-d00616dd-675e-48e7-aeef-7358ed9a6a58 req-d00616dd-675e-48e7-aeef-7358ed9a6a58 ] Request (ServersTestMultiNic:test_verify_multiple_nics_order): 200 GET http://10.180.1.21/compute/v2.1/servers/146cdb65-6e67-4091-a32c-dd8c5accbdba 0.886s
2025-02-20 16:06:21.328 65017 INFO tempest.lib.common.rest_client [req-f73ffa91-517c-4717-818b-8edaf2d3e7af req-f73ffa91-517c-4717-818b-8edaf2d3e7af ] Request (SecurityGroupsTestJSON:test_server_security_groups): 200 GET http://10.180.1.21/compute/v2.1/servers/29dc6f3d-26c5-4757-905b-5c7bc0e14998 0.867s
2025-02-20 16:06:21.336 64977 INFO tempest.lib.common.rest_client [req-d30b5d12-f73c-4cd2-8eb2-664ae643e1c5 req-d30b5d12-f73c-4cd2-8eb2-664ae643e1c5 ] Request (ImagesOneServerTestJSON:test_create_delete_image): 200 GET http://10.180.1.21/compute/v2.1/images/6c806ed4-94a9-4fb3-9558-009dc0203a66 0.839s
2025-02-20 16:06:21.340 65017 INFO tempest.common.waiters [-] State transition "BUILD/scheduling" ==> "BUILD/None" after 27 second wait
2025-02-20 16:06:21.352 65003 INFO tempest.lib.common.rest_client [req-f1044161-085c-4627-8e8f-ef81d0dc59f2 req-f1044161-085c-4627-8e8f-ef81d0dc59f2 ] Request (ImagesOneServerNegativeTestJSON:test_delete_image_that_is_not_yet_active): 404 GET http://10.180.1.21/compute/v2.1/images/0036286e-856a-46ef-95ea-22a2fc05aacf 0.712s
2025-02-20 16:06:21.371 64979 INFO tempest.lib.common.rest_client [req-ce1906e2-e2b9-4537-a8c1-3cb7c58a9b7c req-ce1906e2-e2b9-4537-a8c1-3cb7c58a9b7c ] Request (FloatingIPsAssociationNegativeTestJSON:setUpClass): 200 PUT http://10.180.1.21:9696/networking/v2.0/routers/f2fef622-f65b-4821-ac0e-4e758fd1ce52/add_router_interface 0.802s
