2024-12-14 13:14:23.671 66436 INFO tempest.lib.common.dynamic_creds [-] Acquired dynamic creds: credentials: Credentials: {'domain_id': 'default', 'domain_name': 'Default', 'username': 'tempest-ServersTestManualDisk-758591900-project-member', 'project_domain_id': 'default', 'project_domain_name': 'Default', 'project_id': 'b18252b2bdac4177b4fd04f1a9d3a6bc', 'project_name': 'tempest-ServersTestManualDisk-758591900', 'tenant_id': 'b18252b2bdac4177b4fd04f1a9d3a6bc', 'tenant_name': 'tempest-ServersTestManualDisk-758591900', 'user_domain_id': 'default', 'user_domain_name': 'Default', 'user_id': '0cf7ad5bde7a43e2a935d007868dbf10', 'system': None}, Network: None, Subnet: None, Router: None
2024-12-14 13:14:23.800 66458 INFO tempest.lib.common.rest_client [req-0bcc9ded-10fd-4700-944b-e549a9540f5f req-0bcc9ded-10fd-4700-944b-e549a9540f5f ] Request (HypervisorAdminV253TestBase:tearDownClass): 204 DELETE http://10.180.1.21/identity/v3/projects/a309609abb1143748da93c5967751baa 0.397s
2024-12-14 13:14:23.990 66428 INFO tempest.lib.common.rest_client [req-8f2ba6b8-6c4b-4398-923a-4553b8fb7d81 req-8f2ba6b8-6c4b-4398-923a-4553b8fb7d81 ] Request (ServersTestFqdnHostnames:setUpClass): 201 POST http://10.180.1.21/identity/v3/auth/tokens 0.490s
2024-12-14 13:14:24.008 66448 INFO tempest.lib.common.rest_client [req-784d4591-3412-4dfa-a4e1-92e5ab794372 req-784d4591-3412-4dfa-a4e1-92e5ab794372 ] Request (KeyPairsNegativeTestJSON:setUpClass): 200 GET http://10.180.1.21/identity/v3/domains?name=Default 0.496s
2024-12-14 13:14:24.014 66400 INFO tempest.lib.common.rest_client [req-35203c57-b0dd-4888-8989-360c255a2c0f req-35203c57-b0dd-4888-8989-360c255a2c0f ] Request (ImagesOneServerTestJSON:setUpClass): 201 POST http://10.180.1.21/identity/v3/auth/tokens 0.477s
2024-12-14 13:14:24.026 66406 INFO tempest.lib.common.rest_client [req-7a54b003-44b9-4199-930b-63f0e97a9c3e req-7a54b003-44b9-4199-930b-63f0e97a9c3e ] Request (AggregatesAdminNegativeTestJSON:_run_cleanups): 200 POST http://10.180.1.21/compute/v2.1/os-aggregates/1/action 3.155s
2024-12-14 13:14:24.039 66454 INFO tempest.lib.common.rest_client [req-6bfdb645-3142-41c4-9b44-3b186fcb3c85 req-6bfdb645-3142-41c4-9b44-3b186fcb3c85 ] Request (ServerExternalEventsTest:setUpClass): 201 POST http://10.180.1.21/identity/v3/auth/tokens 0.450s
2024-12-14 13:14:24.054 66452 INFO tempest.lib.common.rest_client [req-189659bc-8221-4296-938e-f4796a3de69d req-189659bc-8221-4296-938e-f4796a3de69d ] Request (VolumesAdminNegativeTest:test_update_attached_volume_with_nonexistent_volume_in_body): 202 POST http://10.180.1.21/compute/v2.1/servers 3.074s
2024-12-14 13:14:24.061 66404 INFO tempest.lib.common.rest_client [req-1622253d-d099-4916-8943-129f17174c17 req-1622253d-d099-4916-8943-129f17174c17 ] Request (ImagesMetadataNegativeTestJSON:test_set_nonexistent_image_metadata_item): 404 PUT http://10.180.1.21/compute/v2.1/images/15f96068-c594-4c9f-a33d-6d45c75d8b26/metadata/os_distro 3.008s
2024-12-14 13:14:24.062 66444 INFO tempest.lib.common.rest_client [req-020b0e4a-6fca-4252-90ce-df9d813b4025 req-020b0e4a-6fca-4252-90ce-df9d813b4025 ] Request (ServerActionsV293TestJSON:setUpClass): 204 PUT http://10.180.1.21/identity/v3/projects/e56d05474adb4c4380368860f89b476d/users/8c0b9bd14dd54595b94bb74f833964af/roles/45c154554e5849cc83992c5926a6bd43 0.431s
2024-12-14 13:14:24.063 66444 INFO tempest.lib.common.dynamic_creds [-] Dynamic test user 8c0b9bd14dd54595b94bb74f833964af is created with scope project and roles: ['member']
2024-12-14 13:14:24.063 66444 INFO tempest.lib.common.dynamic_creds [-] Acquired dynamic creds: credentials: Credentials: {'domain_id': 'default', 'domain_name': 'Default', 'username': 'tempest-ServerActionsV293TestJSON-32186892-project-member', 'project_domain_id': 'default', 'project_domain_name': 'Default', 'project_id': 'e56d05474adb4c4380368860f89b476d', 'project_name': 'tempest-ServerActionsV293TestJSON-32186892', 'tenant_id': 'e56d05474adb4c4380368860f89b476d', 'tenant_name': 'tempest-ServerActionsV293TestJSON-32186892', 'user_domain_id': 'default', 'user_domain_name': 'Default', 'user_id': '8c0b9bd14dd54595b94bb74f833964af', 'system': None}, Network: None, Subnet: None, Router: None
2024-12-14 13:14:24.073 66414 INFO tempest.lib.common.rest_client [req-37041e56-aaac-4ea8-b7f9-59a09e4b8337 req-37041e56-aaac-4ea8-b7f9-59a09e4b8337 ] Request (ServersWithSpecificFlavorTestJSON:test_verify_created_server_ephemeral_disk): 200 GET http://10.180.1.21/compute/v2.1/flavors/42/os-extra_specs 2.533s
2024-12-14 13:14:24.104 66402 INFO tempest.lib.common.rest_client [req-251cec6e-775b-465d-a399-cd3f9e20e461 req-251cec6e-775b-465d-a399-cd3f9e20e461 ] Request (KeyPairsV210TestJSON:setUpClass): 201 POST http://10.180.1.21/identity/v3/auth/tokens 0.458s
2024-12-14 13:14:24.131 66436 INFO tempest.lib.common.rest_client [req-64fe9278-317e-4f20-ac7c-917c263504a2 req-64fe9278-317e-4f20-ac7c-917c263504a2 ] Request (ServersTestManualDisk:setUpClass): 201 POST http://10.180.1.21/identity/v3/auth/tokens 0.460s
2024-12-14 13:14:24.151 66416 INFO tempest.lib.common.rest_client [req-28afca33-5e62-46fe-84f8-719baae26993 req-28afca33-5e62-46fe-84f8-719baae26993 ] Request (FloatingIPsAssociationNegativeTestJSON:setUpClass): 201 POST http://10.180.1.21/identity/v3/auth/tokens 0.482s
2024-12-14 13:14:24.153 66458 INFO tempest.lib.common.rest_client [req-ec2ac959-4043-4ee1-a4f7-1d8d00ca0892 req-ec2ac959-4043-4ee1-a4f7-1d8d00ca0892 ] Request (QuotasAdminNegativeTest:setUpClass): 201 POST http://10.180.1.21/identity/v3/auth/tokens 0.352s
2024-12-14 13:14:24.180 66428 INFO tempest.lib.common.rest_client [req-d806cf70-e267-4b60-b52a-94a93e660ce6 req-d806cf70-e267-4b60-b52a-94a93e660ce6 ] Request (ServersTestFqdnHostnames:setUpClass): 201 POST http://10.180.1.21/identity/v3/auth/tokens 0.188s
2024-12-14 13:14:24.200 66448 INFO tempest.lib.common.rest_client [req-1aa79bce-e0f2-4fc4-b99c-dbddb1c287ff req-1aa79bce-e0f2-4fc4-b99c-dbddb1c287ff ] Request (KeyPairsNegativeTestJSON:setUpClass): 201 POST http://10.180.1.21/identity/v3/projects 0.191s
2024-12-14 13:14:24.246 66454 INFO tempest.lib.common.rest_client [req-6de94665-1db8-4407-bca9-f04f863e4769 req-6de94665-1db8-4407-bca9-f04f863e4769 ] Request (ServerExternalEventsTest:setUpClass): 201 POST http://10.180.1.21/identity/v3/auth/tokens 0.197s
2024-12-14 13:14:24.252 66400 INFO tempest.lib.common.rest_client [req-69de1895-3acd-443e-8683-96fa76fc3b1b req-69de1895-3acd-443e-8683-96fa76fc3b1b ] Request (ImagesOneServerTestJSON:setUpClass): 200 GET http://10.180.1.21/identity/v3/domains?name=Default 0.236s
2024-12-14 13:14:24.273 66444 INFO tempest.lib.common.rest_client [req-dfcb75eb-337e-4c77-943d-3031d0e83168 req-dfcb75eb-337e-4c77-943d-3031d0e83168 ] Request (ServerActionsV293TestJSON:setUpClass): 201 POST http://10.180.1.21/identity/v3/auth/tokens 0.210s
2024-12-14 13:14:24.290 66446 INFO tempest.lib.common.rest_client [req-67d80db8-eee4-4f85-853f-fc9d7a75d7a4 req-67d80db8-eee4-4f85-853f-fc9d7a75d7a4 ] Request (ServicesAdminNegativeTestJSON:tearDownClass): 200 GET http://10.180.1.21:9696/networking/v2.0/security-groups?tenant_id=beaf6b42ed7f4556844c2fca35d22708&name=default 0.834s
2024-12-14 13:14:24.294 66402 INFO tempest.lib.common.rest_client [req-67071463-91cf-4dda-91f3-be32c9eea50b req-67071463-91cf-4dda-91f3-be32c9eea50b ] Request (KeyPairsV210TestJSON:setUpClass): 200 GET http://10.180.1.21/identity/v3/domains?name=Default 0.189s
2024-12-14 13:14:24.333 66438 INFO tempest.lib.common.rest_client [req-aae0781f-b899-4f71-90cf-c242d0b7c897 req-aae0781f-b899-4f71-90cf-c242d0b7c897 ] Request (ServerDiagnosticsTest:test_get_server_diagnostics): 200 GET http://10.180.1.21/compute/v2.1/servers/ce12836a-0f8b-4085-ad13-7b1476842cab 2.747s
2024-12-14 13:14:24.342 66438 INFO tempest.common.waiters [-] State transition "BUILD/None" ==> "BUILD/spawning" after 6 second wait
2024-12-14 13:14:24.352 66416 INFO tempest.lib.common.rest_client [req-f7bc9b69-ebc4-4fc5-a054-7ace1b59de80 req-f7bc9b69-ebc4-4fc5-a054-7ace1b59de80 ] Request (FloatingIPsAssociationNegativeTestJSON:setUpClass): 200 GET http://10.180.1.21/identity/v3/domains?name=Default 0.199s
2024-12-14 13:14:24.360 66458 INFO tempest.lib.common.rest_client [req-0d9817ae-32ad-4cba-be8e-88303650d2e8 req-0d9817ae-32ad-4cba-be8e-88303650d2e8 ] Request (QuotasAdminNegativeTest:setUpClass): 201 POST http://10.180.1.21/identity/v3/auth/tokens 0.202s
2024-12-14 13:14:24.376 66428 INFO tempest.lib.common.rest_client [req-fc5df081-5db5-4a17-b729-cd888c9858c7 req-fc5df081-5db5-4a17-b729-cd888c9858c7 ] Request (ServersTestFqdnHostnames:setUpClass): 200 GET http://10.180.1.21/identity/v3/domains?name=Default 0.196s
2024-12-14 13:14:24.380 66426 INFO tempest.lib.common.rest_client [req-f6eabd1a-4280-4091-8afd-c896db9123d2 req-f6eabd1a-4280-4091-8afd-c896db9123d2 ] Request (VolumesAssistedSnapshotsTest:test_volume_assisted_snapshot_create_delete): 200 POST http://10.180.1.21/compute/v2.1/os-keypairs 2.828s
2024-12-14 13:14:24.395 66448 INFO tempest.lib.common.rest_client [req-75592286-3be6-4ab9-9035-a36446e7a4db req-75592286-3be6-4ab9-9035-a36446e7a4db ] Request (KeyPairsNegativeTestJSON:setUpClass): 201 POST http://10.180.1.21/identity/v3/users 0.194s
2024-12-14 13:14:24.423 66454 INFO tempest.lib.common.rest_client [req-6cde6b1a-8791-4faa-833d-a72731dbf5d6 req-6cde6b1a-8791-4faa-833d-a72731dbf5d6 ] Request (ServerExternalEventsTest:setUpClass): 200 GET http://10.180.1.21/identity/v3/domains?name=Default 0.177s
2024-12-14 13:14:24.434 66446 INFO tempest.lib.common.rest_client [req-50d1a5d8-8b3b-4983-9209-3edb9b28502b req-50d1a5d8-8b3b-4983-9209-3edb9b28502b ] Request (ServicesAdminNegativeTestJSON:tearDownClass): 204 DELETE http://10.180.1.21:9696/networking/v2.0/security-groups/f649d6e6-ea88-431d-812e-51d10b63d494 0.144s
2024-12-14 13:14:24.452 66400 INFO tempest.lib.common.rest_client [req-6b5a100c-4c25-4bf7-9966-c5048d50253e req-6b5a100c-4c25-4bf7-9966-c5048d50253e ] Request (ImagesOneServerTestJSON:setUpClass): 201 POST http://10.180.1.21/identity/v3/projects 0.199s
2024-12-14 13:14:24.503 66402 INFO tempest.lib.common.rest_client [req-42ca9cc6-000c-4f7a-81eb-8981d6beecac req-42ca9cc6-000c-4f7a-81eb-8981d6beecac ] Request (KeyPairsV210TestJSON:setUpClass): 201 POST http://10.180.1.21/identity/v3/projects 0.208s
2024-12-14 13:14:24.507 66418 INFO tempest.lib.common.rest_client [req-73ed194f-6949-46c3-b69e-62092ee43c7c req-73ed194f-6949-46c3-b69e-62092ee43c7c ] Request (DeleteServersAdminTestJSON:test_admin_delete_servers_of_others): 200 GET http://10.180.1.21/compute/v2.1/servers/0058723c-7203-4ca2-b25f-d0fa00938d57 2.833s
2024-12-14 13:14:24.518 66418 INFO tempest.common.waiters [-] State transition "BUILD/networking" ==> "BUILD/spawning" after 6 second wait
2024-12-14 13:14:24.556 66416 INFO tempest.lib.common.rest_client [req-812698ac-2d96-4bee-a069-101045fc9df2 req-812698ac-2d96-4bee-a069-101045fc9df2 ] Request (FloatingIPsAssociationNegativeTestJSON:setUpClass): 201 POST http://10.180.1.21/identity/v3/projects 0.202s
2024-12-14 13:14:24.564 66457 INFO tempest.lib.common.rest_client [req-3df14702-9edb-4514-aa2f-b82d46731285 req-3df14702-9edb-4514-aa2f-b82d46731285 ] Request (ServerDiagnosticsV248Test:test_get_server_diagnostics): 200 GET http://10.180.1.21/compute/v2.1/servers/5174ef9a-700e-40df-8533-b1f980a26bc0 2.799s
2024-12-14 13:14:24.567 66458 INFO tempest.lib.common.rest_client [req-a1ced659-a405-40b5-80bf-abf198a86c6e req-a1ced659-a405-40b5-80bf-abf198a86c6e ] Request (QuotasAdminNegativeTest:setUpClass): 200 GET http://10.180.1.21/identity/v3/domains?name=Default 0.206s
2024-12-14 13:14:24.575 66457 INFO tempest.common.waiters [-] State transition "BUILD/None" ==> "BUILD/networking" after 6 second wait
2024-12-14 13:14:24.614 66448 INFO tempest.lib.common.rest_client [req-579ca02e-3628-4260-a842-f2bfd148f11f req-579ca02e-3628-4260-a842-f2bfd148f11f ] Request (KeyPairsNegativeTestJSON:setUpClass): 200 GET http://10.180.1.21/identity/v3/roles 0.219s
2024-12-14 13:14:24.622 66424 INFO tempest.lib.common.rest_client [req-589d7b52-cf45-46f6-8d15-acf8176cd5af req-589d7b52-cf45-46f6-8d15-acf8176cd5af ] Request (TenantUsagesTestJSON:setUpClass): 200 GET http://10.180.1.21/compute/v2.1/servers/4bf69568-7e1c-4556-bcf2-c25f1db550bb 2.788s
2024-12-14 13:14:24.630 66426 INFO tempest.lib.common.rest_client [req-09529254-0f37-424f-99d3-dddacfa133d4 req-09529254-0f37-424f-99d3-dddacfa133d4 ] Request (VolumesAssistedSnapshotsTest:test_volume_assisted_snapshot_create_delete): 201 POST http://10.180.1.21:9696/networking/v2.0/security-groups 0.247s
2024-12-14 13:14:24.631 66428 INFO tempest.lib.common.rest_client [req-c0b330be-285c-4908-a59e-bbd03603c1e1 req-c0b330be-285c-4908-a59e-bbd03603c1e1 ] Request (ServersTestFqdnHostnames:setUpClass): 201 POST http://10.180.1.21/identity/v3/projects 0.254s
2024-12-14 13:14:24.644 66434 INFO tempest.lib.common.rest_client [req-a04a8df0-c4ca-48d3-9199-8ed587c350cf req-a04a8df0-c4ca-48d3-9199-8ed587c350cf ] Request (FlavorsAccessNegativeTestJSON:_run_cleanups): 202 DELETE http://10.180.1.21/compute/v2.1/flavors/218527 2.616s
2024-12-14 13:14:24.645 66454 INFO tempest.lib.common.rest_client [req-44cd57cb-4758-4241-b14a-334d30b1e537 req-44cd57cb-4758-4241-b14a-334d30b1e537 ] Request (ServerExternalEventsTest:setUpClass): 201 POST http://10.180.1.21/identity/v3/projects 0.221s
2024-12-14 13:14:24.710 66450 INFO tempest.lib.common.rest_client [req-f4a4fa6a-6088-4bec-bdda-188dcb4cdd58 req-f4a4fa6a-6088-4bec-bdda-188dcb4cdd58 ] Request (ServerDiskConfigTestJSON:test_rebuild_server_with_auto_disk_config): 200 GET http://10.180.1.21/compute/v2.1/servers/a372b49c-97d8-4e9c-9bdb-00b5bdd3b8cc 2.672s
2024-12-14 13:14:24.739 66408 INFO tempest.lib.common.rest_client [req-bec01ecb-eaa0-4dd3-b8e8-a89ea2555fe9 req-bec01ecb-eaa0-4dd3-b8e8-a89ea2555fe9 ] Request (FlavorsAccessTestJSON:_run_cleanups): 200 GET http://10.180.1.21/compute/v2.1/flavors/detail 2.694s
2024-12-14 13:14:24.751 66440 INFO tempest.lib.common.rest_client [req-7205ec5d-9239-4a46-9b2e-17bf19339d6b req-7205ec5d-9239-4a46-9b2e-17bf19339d6b ] Request (HypervisorAdminNegativeUnderV252Test:test_show_servers_with_nonexistent_hypervisor): 404 GET http://10.180.1.21/compute/v2.1/os-hypervisors/004c0736-03d9-46a9-b6a6-f7d3ec0b7b99/servers 2.511s
2024-12-14 13:14:24.762 66400 INFO tempest.lib.common.rest_client [req-ed3358a4-1f57-4817-bee4-3299b24bb3ef req-ed3358a4-1f57-4817-bee4-3299b24bb3ef ] Request (ImagesOneServerTestJSON:setUpClass): 201 POST http://10.180.1.21/identity/v3/users 0.309s
2024-12-14 13:14:24.771 66432 INFO tempest.lib.common.rest_client [req-daaabc6e-7598-48f5-b6a7-dd5819cf1146 req-daaabc6e-7598-48f5-b6a7-dd5819cf1146 ] Request (FlavorsV255TestJSON:_run_cleanups): 202 DELETE http://10.180.1.21/compute/v2.1/flavors/1130823183 2.498s
2024-12-14 13:14:24.787 66436 INFO tempest.lib.common.rest_client [req-6108d072-1c2d-4602-a2eb-deea90c9aea5 req-6108d072-1c2d-4602-a2eb-deea90c9aea5 ] Request (ServersTestManualDisk:setUpClass): 201 POST http://10.180.1.21:9696/networking/v2.0/networks 0.655s
2024-12-14 13:14:24.797 66446 INFO tempest.lib.common.rest_client [req-6f0b439c-727e-4c5b-93de-c1dd02be5be0 req-6f0b439c-727e-4c5b-93de-c1dd02be5be0 ] Request (ServicesAdminNegativeTestJSON:tearDownClass): 204 DELETE http://10.180.1.21/identity/v3/projects/beaf6b42ed7f4556844c2fca35d22708 0.362s
2024-12-14 13:14:24.797 66446 INFO tempest.lib.common.dynamic_creds [-] Deleting project and security group for project: 4f474574e33a4d90add88d86089df842
2024-12-14 13:14:24.801 66422 INFO tempest.lib.common.rest_client [req-545d37ea-ceaf-479e-ba3a-543036994ce8 req-545d37ea-ceaf-479e-ba3a-543036994ce8 ] Request (FlavorsAdminTestJSON:_run_cleanups): 202 DELETE http://10.180.1.21/compute/v2.1/flavors/1087773480 2.501s
2024-12-14 13:14:24.832 66442 INFO tempest.lib.common.rest_client [req-ece47585-f89b-4b98-80ac-706952670ca6 req-ece47585-f89b-4b98-80ac-706952670ca6 ] Request (FlavorsExtraSpecsNegativeTestJSON:test_flavor_non_admin_update_specific_key): 200 POST http://10.180.1.21/compute/v2.1/flavors/356378848/os-extra_specs 2.526s
2024-12-14 13:14:24.836 66402 INFO tempest.lib.common.rest_client [req-765a922c-5f49-4331-afaf-e688cddd9d4d req-765a922c-5f49-4331-afaf-e688cddd9d4d ] Request (KeyPairsV210TestJSON:setUpClass): 201 POST http://10.180.1.21/identity/v3/users 0.333s
2024-12-14 13:14:24.849 66426 INFO tempest.lib.common.rest_client [req-da3fa60a-d47a-4720-a5a1-fb6cc0c5698c req-da3fa60a-d47a-4720-a5a1-fb6cc0c5698c ] Request (VolumesAssistedSnapshotsTest:test_volume_assisted_snapshot_create_delete): 201 POST http://10.180.1.21:9696/networking/v2.0/security-group-rules 0.218s
2024-12-14 13:14:24.850 66444 INFO tempest.lib.common.rest_client [req-1f8f5656-2dfd-4736-83af-8810a14a1273 req-1f8f5656-2dfd-4736-83af-8810a14a1273 ] Request (ServerActionsV293TestJSON:setUpClass): 201 POST http://10.180.1.21:9696/networking/v2.0/networks 0.576s
2024-12-14 13:14:24.858 66462 INFO tempest.lib.common.rest_client [req-0574ebb3-f852-46e5-b0c7-f2b1f9b2cf4d req-0574ebb3-f852-46e5-b0c7-f2b1f9b2cf4d ] Request (FlavorsExtraSpecsTestJSON:test_flavor_set_get_update_show_unset_keys): 200 POST http://10.180.1.21/compute/v2.1/flavors/2072755952/os-extra_specs 2.537s
2024-12-14 13:14:24.888 66416 INFO tempest.lib.common.rest_client [req-22b8bd29-9e72-4c64-9fad-125bb9455d1f req-22b8bd29-9e72-4c64-9fad-125bb9455d1f ] Request (FloatingIPsAssociationNegativeTestJSON:setUpClass): 201 POST http://10.180.1.21/identity/v3/users 0.332s
2024-12-14 13:14:24.890 66458 INFO tempest.lib.common.rest_client [req-13350b33-9fd0-45a9-9d4b-e2f4f384cb95 req-13350b33-9fd0-45a9-9d4b-e2f4f384cb95 ] Request (QuotasAdminNegativeTest:setUpClass): 201 POST http://10.180.1.21/identity/v3/projects 0.322s
2024-12-14 13:14:24.955 66448 INFO tempest.lib.common.rest_client [req-43aa7dc8-e36d-4879-b3a3-e10114b66c4c req-43aa7dc8-e36d-4879-b3a3-e10114b66c4c ] Request (KeyPairsNegativeTestJSON:setUpClass): 204 PUT http://10.180.1.21/identity/v3/projects/820ca79a043e4ea2823c13bdd96158ee/users/f4f0b33108ff437abefc7bc926a89f19/roles/45c154554e5849cc83992c5926a6bd43 0.341s
2024-12-14 13:14:24.956 66448 INFO tempest.lib.common.dynamic_creds [-] Dynamic test user f4f0b33108ff437abefc7bc926a89f19 is created with scope project and roles: ['member']
2024-12-14 13:14:24.956 66448 INFO tempest.lib.common.dynamic_creds [-] Acquired dynamic creds: credentials: Credentials: {'domain_id': 'default', 'domain_name': 'Default', 'username': 'tempest-KeyPairsNegativeTestJSON-1928769141-project-member', 'project_domain_id': 'default', 'project_domain_name': 'Default', 'project_id': '820ca79a043e4ea2823c13bdd96158ee', 'project_name': 'tempest-KeyPairsNegativeTestJSON-1928769141', 'tenant_id': '820ca79a043e4ea2823c13bdd96158ee', 'tenant_name': 'tempest-KeyPairsNegativeTestJSON-1928769141', 'user_domain_id': 'default', 'user_domain_name': 'Default', 'user_id': 'f4f0b33108ff437abefc7bc926a89f19', 'system': None}, Network: None, Subnet: None, Router: None
2024-12-14 13:14:24.956 66448 INFO tempest.lib.common.dynamic_creds [-] Created isolated network resources for: credentials: Credentials: {'domain_id': 'default', 'domain_name': 'Default', 'username': 'tempest-KeyPairsNegativeTestJSON-1928769141-project-member', 'project_domain_id': 'default', 'project_domain_name': 'Default', 'project_id': '820ca79a043e4ea2823c13bdd96158ee', 'project_name': 'tempest-KeyPairsNegativeTestJSON-1928769141', 'tenant_id': '820ca79a043e4ea2823c13bdd96158ee', 'tenant_name': 'tempest-KeyPairsNegativeTestJSON-1928769141', 'user_domain_id': 'default', 'user_domain_name': 'Default', 'user_id': 'f4f0b33108ff437abefc7bc926a89f19', 'system': None}, Network: None, Subnet: None, Router: None
2024-12-14 13:14:24.959 66426 INFO tempest.lib.common.rest_client [req-b5c82113-7dbb-4b02-a167-89cd5ef6258f req-b5c82113-7dbb-4b02-a167-89cd5ef6258f ] Request (VolumesAssistedSnapshotsTest:test_volume_assisted_snapshot_create_delete): 201 POST http://10.180.1.21:9696/networking/v2.0/security-group-rules 0.110s
2024-12-14 13:14:24.966 66428 INFO tempest.lib.common.rest_client [req-165995ed-3dc5-4213-a137-0da1c4fef1a6 req-165995ed-3dc5-4213-a137-0da1c4fef1a6 ] Request (ServersTestFqdnHostnames:setUpClass): 201 POST http://10.180.1.21/identity/v3/users 0.335s
2024-12-14 13:14:25.009 66454 INFO tempest.lib.common.rest_client [req-7b8ab5f3-0c7b-4e44-88b9-7d6897fc0119 req-7b8ab5f3-0c7b-4e44-88b9-7d6897fc0119 ] Request (ServerExternalEventsTest:setUpClass): 201 POST http://10.180.1.21/identity/v3/users 0.364s
2024-12-14 13:14:25.066 66446 INFO tempest.lib.common.rest_client [req-fcc5cafd-06ef-469a-bb1d-05c1badef177 req-fcc5cafd-06ef-469a-bb1d-05c1badef177 ] Request (ServicesAdminNegativeTestJSON:tearDownClass): 200 GET http://10.180.1.21:9696/networking/v2.0/security-groups?tenant_id=4f474574e33a4d90add88d86089df842&name=default 0.268s
2024-12-14 13:14:25.084 66420 INFO tempest.lib.common.rest_client [req-9aeec271-25e1-488f-b04d-d28d11733c22 req-9aeec271-25e1-488f-b04d-d28d11733c22 ] Request (ImagesMetadataTestJSON:setUpClass): 201 POST http://10.180.1.21/image/v2/images 1.658s
2024-12-14 13:14:25.090 66440 INFO tempest.lib.common.rest_client [req-da55425e-a559-4fd4-8701-23af9f5d2ea6 req-da55425e-a559-4fd4-8701-23af9f5d2ea6 ] Request (HypervisorAdminNegativeUnderV252Test:tearDownClass): 204 DELETE http://10.180.1.21/identity/v3/users/561366ece3ee4173824549a4b79d8910 0.336s
2024-12-14 13:14:25.103 66400 INFO tempest.lib.common.rest_client [req-ca34e1eb-c1ea-48b2-b7f0-bf25b10caa07 req-ca34e1eb-c1ea-48b2-b7f0-bf25b10caa07 ] Request (ImagesOneServerTestJSON:setUpClass): 200 GET http://10.180.1.21/identity/v3/roles 0.340s
2024-12-14 13:14:25.137 66402 INFO tempest.lib.common.rest_client [req-0f7afcef-de52-4d18-a06b-9e57a6103875 req-0f7afcef-de52-4d18-a06b-9e57a6103875 ] Request (KeyPairsV210TestJSON:setUpClass): 200 GET http://10.180.1.21/identity/v3/roles 0.300s
2024-12-14 13:14:25.159 66416 INFO tempest.lib.common.rest_client [req-f2d26c47-cb5b-4b3c-990e-c7676c975531 req-f2d26c47-cb5b-4b3c-990e-c7676c975531 ] Request (FloatingIPsAssociationNegativeTestJSON:setUpClass): 200 GET http://10.180.1.21/identity/v3/roles 0.270s
2024-12-14 13:14:25.169 66444 INFO tempest.lib.common.rest_client [req-fd92dfe8-df37-4597-8200-65a07093dc4a req-fd92dfe8-df37-4597-8200-65a07093dc4a ] Request (ServerActionsV293TestJSON:setUpClass): 201 POST http://10.180.1.21:9696/networking/v2.0/subnets 0.318s
2024-12-14 13:14:25.190 66458 INFO tempest.lib.common.rest_client [req-f3a19724-d88e-4f65-84ce-e465d03f63a5 req-f3a19724-d88e-4f65-84ce-e465d03f63a5 ] Request (QuotasAdminNegativeTest:setUpClass): 201 POST http://10.180.1.21/identity/v3/users 0.300s
2024-12-14 13:14:25.256 66428 INFO tempest.lib.common.rest_client [req-cef16b8a-02cd-4b83-8626-cda39481107c req-cef16b8a-02cd-4b83-8626-cda39481107c ] Request (ServersTestFqdnHostnames:setUpClass): 200 GET http://10.180.1.21/identity/v3/roles 0.290s
2024-12-14 13:14:25.260 66436 INFO tempest.lib.common.rest_client [req-1f31b073-9417-42b9-80ce-8c4f4e4f4dcb req-1f31b073-9417-42b9-80ce-8c4f4e4f4dcb ] Request (ServersTestManualDisk:setUpClass): 201 POST http://10.180.1.21:9696/networking/v2.0/subnets 0.472s
2024-12-14 13:14:25.273 66446 INFO tempest.lib.common.rest_client [req-c3a8fe52-3e9a-4804-a1da-e7a02eb40c9e req-c3a8fe52-3e9a-4804-a1da-e7a02eb40c9e ] Request (ServicesAdminNegativeTestJSON:tearDownClass): 204 DELETE http://10.180.1.21:9696/networking/v2.0/security-groups/f0dabfd4-a7b0-4184-be29-04151e1e7792 0.207s
2024-12-14 13:14:25.282 66448 INFO tempest.lib.common.rest_client [req-47f052d3-1faa-4647-bc46-2fa74edcafa9 req-47f052d3-1faa-4647-bc46-2fa74edcafa9 ] Request (KeyPairsNegativeTestJSON:setUpClass): 201 POST http://10.180.1.21/identity/v3/auth/tokens 0.322s
2024-12-14 13:14:25.286 66454 INFO tempest.lib.common.rest_client [req-c574b7bd-0561-43c5-a961-9be8dcf2860e req-c574b7bd-0561-43c5-a961-9be8dcf2860e ] Request (ServerExternalEventsTest:setUpClass): 200 GET http://10.180.1.21/identity/v3/roles 0.276s
2024-12-14 13:14:25.304 66430 INFO tempest.lib.common.rest_client [req-c0e5642b-73ba-4406-a45a-52d0a18d4299 req-c0e5642b-73ba-4406-a45a-52d0a18d4299 ] Request (QuotasAdminTestV236:test_get_updated_quotas): 200 PUT http://10.180.1.21/compute/v2.1/os-quota-sets/1ffb86ea96994fe7857d2ef17ea70c45 3.701s
2024-12-14 13:14:25.351 66412 INFO tempest.lib.common.rest_client [req-37fb6464-e0ad-456b-965b-b28ea99b4896 req-37fb6464-e0ad-456b-965b-b28ea99b4896 ] Request (ServersAdminTestJSON:setUpClass): 202 POST http://10.180.1.21/compute/v2.1/servers 2.621s
2024-12-14 13:14:25.366 66440 INFO tempest.lib.common.rest_client [req-caba9bf0-21ae-41fb-901c-e898b0b34b9f req-caba9bf0-21ae-41fb-901c-e898b0b34b9f ] Request (HypervisorAdminNegativeUnderV252Test:tearDownClass): 204 DELETE http://10.180.1.21/identity/v3/users/6391d376a7334e0f8104f37eb1d178cb 0.275s
2024-12-14 13:14:25.366 66440 INFO tempest.lib.common.dynamic_creds [-] Deleting project and security group for project: f46ab91232fc418dbbbe5d2f2d549c33
2024-12-14 13:14:25.382 66406 INFO tempest.lib.common.rest_client [req-b1e8eb28-d262-4ed4-9df2-d8b8e880db0c req-b1e8eb28-d262-4ed4-9df2-d8b8e880db0c ] Request (AggregatesAdminNegativeTestJSON:_run_cleanups): 200 DELETE http://10.180.1.21/compute/v2.1/os-aggregates/1 1.350s
2024-12-14 13:14:25.456 66402 INFO tempest.lib.common.rest_client [req-0643bf18-eceb-4423-b296-c2a3a95a2426 req-0643bf18-eceb-4423-b296-c2a3a95a2426 ] Request (KeyPairsV210TestJSON:setUpClass): 204 PUT http://10.180.1.21/identity/v3/projects/ab8fd93a9b4d459787514238ecba831c/users/c2e098e3fba143f08d0797474c7728a5/roles/45c154554e5849cc83992c5926a6bd43 0.319s
2024-12-14 13:14:25.457 66402 INFO tempest.lib.common.dynamic_creds [-] Dynamic test user c2e098e3fba143f08d0797474c7728a5 is created with scope project and roles: ['member']
2024-12-14 13:14:25.457 66402 INFO tempest.lib.common.dynamic_creds [-] Acquired dynamic creds: credentials: Credentials: {'domain_id': 'default', 'domain_name': 'Default', 'username': 'tempest-KeyPairsV210TestJSON-1855253531-project-member', 'project_domain_id': 'default', 'project_domain_name': 'Default', 'project_id': 'ab8fd93a9b4d459787514238ecba831c', 'project_name': 'tempest-KeyPairsV210TestJSON-1855253531', 'tenant_id': 'ab8fd93a9b4d459787514238ecba831c', 'tenant_name': 'tempest-KeyPairsV210TestJSON-1855253531', 'user_domain_id': 'default', 'user_domain_name': 'Default', 'user_id': 'c2e098e3fba143f08d0797474c7728a5', 'system': None}, Network: None, Subnet: None, Router: None
2024-12-14 13:14:25.457 66402 INFO tempest.lib.common.dynamic_creds [-] Created isolated network resources for: credentials: Credentials: {'domain_id': 'default', 'domain_name': 'Default', 'username': 'tempest-KeyPairsV210TestJSON-1855253531-project-member', 'project_domain_id': 'default', 'project_domain_name': 'Default', 'project_id': 'ab8fd93a9b4d459787514238ecba831c', 'project_name': 'tempest-KeyPairsV210TestJSON-1855253531', 'tenant_id': 'ab8fd93a9b4d459787514238ecba831c', 'tenant_name': 'tempest-KeyPairsV210TestJSON-1855253531', 'user_domain_id': 'default', 'user_domain_name': 'Default', 'user_id': 'c2e098e3fba143f08d0797474c7728a5', 'system': None}, Network: None, Subnet: None, Router: None
2024-12-14 13:14:25.465 66452 INFO tempest.lib.common.rest_client [req-6f752c94-f226-4de0-81e8-751fc90bf551 req-6f752c94-f226-4de0-81e8-751fc90bf551 ] Request (VolumesAdminNegativeTest:test_update_attached_volume_with_nonexistent_volume_in_body): 200 GET http://10.180.1.21/compute/v2.1/servers/6c392bcb-fea4-4624-bb9d-8eae7e209681 1.409s
2024-12-14 13:14:25.474 66400 INFO tempest.lib.common.rest_client [req-f17a26a0-af3e-4e6a-9582-5058da4ac508 req-f17a26a0-af3e-4e6a-9582-5058da4ac508 ] Request (ImagesOneServerTestJSON:setUpClass): 204 PUT http://10.180.1.21/identity/v3/projects/5dc7b84073f3440c8dc246e704a9e37b/users/fc91265e84d74e97a586e51314e5b19e/roles/45c154554e5849cc83992c5926a6bd43 0.370s
2024-12-14 13:14:25.474 66400 INFO tempest.lib.common.dynamic_creds [-] Dynamic test user fc91265e84d74e97a586e51314e5b19e is created with scope project and roles: ['member']
2024-12-14 13:14:25.474 66400 INFO tempest.lib.common.dynamic_creds [-] Acquired dynamic creds: credentials: Credentials: {'domain_id': 'default', 'domain_name': 'Default', 'username': 'tempest-ImagesOneServerTestJSON-1978087669-project-member', 'project_domain_id': 'default', 'project_domain_name': 'Default', 'project_id': '5dc7b84073f3440c8dc246e704a9e37b', 'project_name': 'tempest-ImagesOneServerTestJSON-1978087669', 'tenant_id': '5dc7b84073f3440c8dc246e704a9e37b', 'tenant_name': 'tempest-ImagesOneServerTestJSON-1978087669', 'user_domain_id': 'default', 'user_domain_name': 'Default', 'user_id': 'fc91265e84d74e97a586e51314e5b19e', 'system': None}, Network: None, Subnet: None, Router: None
2024-12-14 13:14:25.486 66404 INFO tempest.lib.common.rest_client [req-9ad4d81b-c7ee-43d2-b02c-41832fc87438 req-9ad4d81b-c7ee-43d2-b02c-41832fc87438 ] Request (ImagesMetadataNegativeTestJSON:test_update_nonexistent_image_metadata): 404 POST http://10.180.1.21/compute/v2.1/images/f7868d8f-690d-46ae-8089-40bd183a2f0a/metadata 1.420s
2024-12-14 13:14:25.518 66414 INFO tempest.lib.common.rest_client [req-a9d4ca76-82b0-4596-aa50-832d45a982bd req-a9d4ca76-82b0-4596-aa50-832d45a982bd ] Request (ServersWithSpecificFlavorTestJSON:test_verify_created_server_ephemeral_disk): 200 POST http://10.180.1.21/compute/v2.1/flavors/1508468734/os-extra_specs 1.444s
2024-12-14 13:14:25.534 66458 INFO tempest.lib.common.rest_client [req-195a050e-61c8-49af-931c-8ef3823ac3c7 req-195a050e-61c8-49af-931c-8ef3823ac3c7 ] Request (QuotasAdminNegativeTest:setUpClass): 200 GET http://10.180.1.21/identity/v3/roles 0.343s
2024-12-14 13:14:25.543 66434 INFO tempest.lib.common.rest_client [req-af9aa231-b70e-4022-8b76-a4e467749edb req-af9aa231-b70e-4022-8b76-a4e467749edb ] Request (FlavorsAccessNegativeTestJSON:_run_cleanups): 200 GET http://10.180.1.21/compute/v2.1/flavors/detail 0.897s
2024-12-14 13:14:25.549 66460 INFO tempest.lib.common.rest_client [req-8a8d2701-1323-4e7f-a3cd-4b98b0ab2c40 req-8a8d2701-1323-4e7f-a3cd-4b98b0ab2c40 ] Request (FloatingIPDetailsTestJSON:test_get_floating_ip_details): 200 GET http://10.180.1.21/compute/v2.1/os-floating-ips/5bc6a704-8646-4763-ad65-f509bedeae0b 2.175s
2024-12-14 13:14:25.565 66428 INFO tempest.lib.common.rest_client [req-0242192a-3ed0-4aae-b2cb-403c14b08352 req-0242192a-3ed0-4aae-b2cb-403c14b08352 ] Request (ServersTestFqdnHostnames:setUpClass): 204 PUT http://10.180.1.21/identity/v3/projects/87c78688275e4a8a9ca2898e5b37e708/users/b5635c661a6b4dc6bcd0403ce08d8b6d/roles/45c154554e5849cc83992c5926a6bd43 0.308s
2024-12-14 13:14:25.565 66428 INFO tempest.lib.common.dynamic_creds [-] Dynamic test user b5635c661a6b4dc6bcd0403ce08d8b6d is created with scope project and roles: ['member']
2024-12-14 13:14:25.565 66428 INFO tempest.lib.common.dynamic_creds [-] Acquired dynamic creds: credentials: Credentials: {'domain_id': 'default', 'domain_name': 'Default', 'username': 'tempest-ServersTestFqdnHostnames-1311477476-project-member', 'project_domain_id': 'default', 'project_domain_name': 'Default', 'project_id': '87c78688275e4a8a9ca2898e5b37e708', 'project_name': 'tempest-ServersTestFqdnHostnames-1311477476', 'tenant_id': '87c78688275e4a8a9ca2898e5b37e708', 'tenant_name': 'tempest-ServersTestFqdnHostnames-1311477476', 'user_domain_id': 'default', 'user_domain_name': 'Default', 'user_id': 'b5635c661a6b4dc6bcd0403ce08d8b6d', 'system': None}, Network: None, Subnet: None, Router: None
2024-12-14 13:14:25.570 66432 INFO tempest.lib.common.rest_client [req-09629c14-9dfc-4eda-b61e-88562bd96bad req-09629c14-9dfc-4eda-b61e-88562bd96bad ] Request (FlavorsV255TestJSON:_run_cleanups): 200 GET http://10.180.1.21/compute/v2.1/flavors/detail 0.798s
2024-12-14 13:14:25.582 66422 INFO tempest.lib.common.rest_client [req-5aef15db-d6bf-4c46-b5b3-254ac05ecd29 req-5aef15db-d6bf-4c46-b5b3-254ac05ecd29 ] Request (FlavorsAdminTestJSON:_run_cleanups): 200 GET http://10.180.1.21/compute/v2.1/flavors/detail 0.780s
2024-12-14 13:14:25.589 66408 INFO tempest.lib.common.rest_client [req-2fa6805b-51d0-402d-9b12-9a7c2f638f67 req-2fa6805b-51d0-402d-9b12-9a7c2f638f67 ] Request (FlavorsAccessTestJSON:test_flavor_access_list_with_private_flavor): 200 POST http://10.180.1.21/compute/v2.1/flavors 0.782s
2024-12-14 13:14:25.592 66442 INFO tempest.lib.common.rest_client [req-b2ae8687-d06d-407e-a6da-90c909305b71 req-b2ae8687-d06d-407e-a6da-90c909305b71 ] Request (FlavorsExtraSpecsNegativeTestJSON:test_flavor_non_admin_update_specific_key): 403 PUT http://10.180.1.21/compute/v2.1/flavors/356378848/os-extra_specs/hw:numa_nodes 0.759s
2024-12-14 13:14:25.601 66462 INFO tempest.lib.common.rest_client [req-df0bc26f-844c-45d9-a2a9-bbdb19b266c2 req-df0bc26f-844c-45d9-a2a9-bbdb19b266c2 ] Request (FlavorsExtraSpecsTestJSON:test_flavor_set_get_update_show_unset_keys): 200 GET http://10.180.1.21/compute/v2.1/flavors/2072755952/os-extra_specs 0.740s
2024-12-14 13:14:25.664 66416 INFO tempest.lib.common.rest_client [req-c63a3dd4-9d88-4f95-83b1-429135f98c43 req-c63a3dd4-9d88-4f95-83b1-429135f98c43 ] Request (FloatingIPsAssociationNegativeTestJSON:setUpClass): 204 PUT http://10.180.1.21/identity/v3/projects/88b1d970444743c9a20b4134065604ad/users/00e8491a55304754a3025dff696830b9/roles/45c154554e5849cc83992c5926a6bd43 0.504s
2024-12-14 13:14:25.664 66416 INFO tempest.lib.common.dynamic_creds [-] Dynamic test user 00e8491a55304754a3025dff696830b9 is created with scope project and roles: ['member']
2024-12-14 13:14:25.664 66416 INFO tempest.lib.common.dynamic_creds [-] Acquired dynamic creds: credentials: Credentials: {'domain_id': 'default', 'domain_name': 'Default', 'username': 'tempest-FloatingIPsAssociationNegativeTestJSON-1772848898-project-member', 'project_domain_id': 'default', 'project_domain_name': 'Default', 'project_id': '88b1d970444743c9a20b4134065604ad', 'project_name': 'tempest-FloatingIPsAssociationNegativeTestJSON-1772848898', 'tenant_id': '88b1d970444743c9a20b4134065604ad', 'tenant_name': 'tempest-FloatingIPsAssociationNegativeTestJSON-1772848898', 'user_domain_id': 'default', 'user_domain_name': 'Default', 'user_id': '00e8491a55304754a3025dff696830b9', 'system': None}, Network: None, Subnet: None, Router: None
2024-12-14 13:14:25.698 66446 INFO tempest.lib.common.rest_client [req-eb76d142-d70b-485b-b879-f7965936dd4f req-eb76d142-d70b-485b-b879-f7965936dd4f ] Request (ServicesAdminNegativeTestJSON:tearDownClass): 204 DELETE http://10.180.1.21/identity/v3/projects/4f474574e33a4d90add88d86089df842 0.424s
2024-12-14 13:14:25.779 66454 INFO tempest.lib.common.rest_client [req-78a705f9-776c-4bfc-b173-48e51e787d90 req-78a705f9-776c-4bfc-b173-48e51e787d90 ] Request (ServerExternalEventsTest:setUpClass): 204 PUT http://10.180.1.21/identity/v3/projects/fd032c632faa46f1888c72a68a3066ff/users/e88084a2ee8c4a80ae96e97848e8739c/roles/45c154554e5849cc83992c5926a6bd43 0.492s
2024-12-14 13:14:25.780 66454 INFO tempest.lib.common.dynamic_creds [-] Dynamic test user e88084a2ee8c4a80ae96e97848e8739c is created with scope project and roles: ['member']
2024-12-14 13:14:25.780 66454 INFO tempest.lib.common.dynamic_creds [-] Acquired dynamic creds: credentials: Credentials: {'domain_id': 'default', 'domain_name': 'Default', 'username': 'tempest-ServerExternalEventsTest-1820862978-project-member', 'project_domain_id': 'default', 'project_domain_name': 'Default', 'project_id': 'fd032c632faa46f1888c72a68a3066ff', 'project_name': 'tempest-ServerExternalEventsTest-1820862978', 'tenant_id': 'fd032c632faa46f1888c72a68a3066ff', 'tenant_name': 'tempest-ServerExternalEventsTest-1820862978', 'user_domain_id': 'default', 'user_domain_name': 'Default', 'user_id': 'e88084a2ee8c4a80ae96e97848e8739c', 'system': None}, Network: None, Subnet: None, Router: None
2024-12-14 13:14:25.780 66454 INFO tempest.lib.common.dynamic_creds [-] Created isolated network resources for: credentials: Credentials: {'domain_id': 'default', 'domain_name': 'Default', 'username': 'tempest-ServerExternalEventsTest-1820862978-project-member', 'project_domain_id': 'default', 'project_domain_name': 'Default', 'project_id': 'fd032c632faa46f1888c72a68a3066ff', 'project_name': 'tempest-ServerExternalEventsTest-1820862978', 'tenant_id': 'fd032c632faa46f1888c72a68a3066ff', 'tenant_name': 'tempest-ServerExternalEventsTest-1820862978', 'user_domain_id': 'default', 'user_domain_name': 'Default', 'user_id': 'e88084a2ee8c4a80ae96e97848e8739c', 'system': None}, Network: None, Subnet: None, Router: None
2024-12-14 13:14:25.828 66440 INFO tempest.lib.common.rest_client [req-117508aa-43d5-4aa7-90c2-26e369b776f5 req-117508aa-43d5-4aa7-90c2-26e369b776f5 ] Request (HypervisorAdminNegativeUnderV252Test:tearDownClass): 201 POST http://10.180.1.21/identity/v3/auth/tokens 0.461s
2024-12-14 13:14:25.849 66400 INFO tempest.lib.common.rest_client [req-5c61775d-535f-4fa9-9037-aac51fe63610 req-5c61775d-535f-4fa9-9037-aac51fe63610 ] Request (ImagesOneServerTestJSON:setUpClass): 201 POST http://10.180.1.21/identity/v3/auth/tokens 0.374s
2024-12-14 13:14:25.854 66402 INFO tempest.lib.common.rest_client [req-5798adf2-4bbb-47da-bec5-d00448f36605 req-5798adf2-4bbb-47da-bec5-d00448f36605 ] Request (KeyPairsV210TestJSON:setUpClass): 201 POST http://10.180.1.21/identity/v3/auth/tokens 0.391s
2024-12-14 13:14:25.893 66458 INFO tempest.lib.common.rest_client [req-e67affb3-561c-428a-9f17-da6cde1b0de8 req-e67affb3-561c-428a-9f17-da6cde1b0de8 ] Request (QuotasAdminNegativeTest:setUpClass): 204 PUT http://10.180.1.21/identity/v3/projects/ee83e09dd57648f9ac25cf187b48585c/users/48fdb8af1132456380634392ab2789f2/roles/45c154554e5849cc83992c5926a6bd43 0.358s
2024-12-14 13:14:25.893 66458 INFO tempest.lib.common.dynamic_creds [-] Dynamic test user 48fdb8af1132456380634392ab2789f2 is created with scope project and roles: ['member']
2024-12-14 13:14:25.893 66458 INFO tempest.lib.common.dynamic_creds [-] Acquired dynamic creds: credentials: Credentials: {'domain_id': 'default', 'domain_name': 'Default', 'username': 'tempest-QuotasAdminNegativeTest-1968186663-project-member', 'project_domain_id': 'default', 'project_domain_name': 'Default', 'project_id': 'ee83e09dd57648f9ac25cf187b48585c', 'project_name': 'tempest-QuotasAdminNegativeTest-1968186663', 'tenant_id': 'ee83e09dd57648f9ac25cf187b48585c', 'tenant_name': 'tempest-QuotasAdminNegativeTest-1968186663', 'user_domain_id': 'default', 'user_domain_name': 'Default', 'user_id': '48fdb8af1132456380634392ab2789f2', 'system': None}, Network: None, Subnet: None, Router: None
2024-12-14 13:14:25.893 66458 INFO tempest.lib.common.dynamic_creds [-] Created isolated network resources for: credentials: Credentials: {'domain_id': 'default', 'domain_name': 'Default', 'username': 'tempest-QuotasAdminNegativeTest-1968186663-project-member', 'project_domain_id': 'default', 'project_domain_name': 'Default', 'project_id': 'ee83e09dd57648f9ac25cf187b48585c', 'project_name': 'tempest-QuotasAdminNegativeTest-1968186663', 'tenant_id': 'ee83e09dd57648f9ac25cf187b48585c', 'tenant_name': 'tempest-QuotasAdminNegativeTest-1968186663', 'user_domain_id': 'default', 'user_domain_name': 'Default', 'user_id': '48fdb8af1132456380634392ab2789f2', 'system': None}, Network: None, Subnet: None, Router: None
2024-12-14 13:14:25.928 66404 INFO tempest.lib.common.rest_client [req-1e8f1f41-fbd8-403f-b265-fb353f6fa980 req-1e8f1f41-fbd8-403f-b265-fb353f6fa980 ] Request (ImagesMetadataNegativeTestJSON:tearDownClass): 204 DELETE http://10.180.1.21/identity/v3/users/d3b4ce8f72024ec4abb881dcea23a9d9 0.439s
2024-12-14 13:14:25.928 66404 INFO tempest.lib.common.dynamic_creds [-] Deleting project and security group for project: 8777508359a8422db19bc1279b0482c2
2024-12-14 13:14:25.955 66428 INFO tempest.lib.common.rest_client [req-f77c1145-67b0-4548-9108-6aabfec84317 req-f77c1145-67b0-4548-9108-6aabfec84317 ] Request (ServersTestFqdnHostnames:setUpClass): 201 POST http://10.180.1.21/identity/v3/auth/tokens 0.388s
2024-12-14 13:14:26.023 66448 INFO tempest.lib.common.rest_client [req-96330986-b819-449e-a1fd-836045a71494 req-96330986-b819-449e-a1fd-836045a71494 ] Request (KeyPairsNegativeTestJSON:test_create_keypair_invalid_name): 400 POST http://10.180.1.21/compute/v2.1/os-keypairs 0.738s
2024-12-14 13:14:26.044 66416 INFO tempest.lib.common.rest_client [req-2f07ddd6-009f-4194-8df6-298179911d9c req-2f07ddd6-009f-4194-8df6-298179911d9c ] Request (FloatingIPsAssociationNegativeTestJSON:setUpClass): 201 POST http://10.180.1.21/identity/v3/auth/tokens 0.380s
2024-12-14 13:14:26.086 66426 INFO tempest.lib.common.rest_client [req-b378d72c-3c6e-4683-9429-8bdbc3d1255b req-b378d72c-3c6e-4683-9429-8bdbc3d1255b ] Request (VolumesAssistedSnapshotsTest:test_volume_assisted_snapshot_create_delete): 201 POST http://10.180.1.21:9696/networking/v2.0/floatingips 1.125s
2024-12-14 13:14:26.097 66432 INFO tempest.lib.common.rest_client [req-23931d9b-0b2a-4889-becb-af2dcfedfdad req-23931d9b-0b2a-4889-becb-af2dcfedfdad ] Request (FlavorsV255TestJSON:tearDownClass): 204 DELETE http://10.180.1.21/identity/v3/users/af2624f59a09427cbcf7693964ceb00e 0.451s
2024-12-14 13:14:26.105 66446 INFO tempest.lib.common.rest_client [req-0ebe481a-f812-40d2-91c0-5b3eec1cbd53 req-0ebe481a-f812-40d2-91c0-5b3eec1cbd53 ] Request (KeyPairsV22TestJSON:setUpClass): 201 POST http://10.180.1.21/identity/v3/auth/tokens 0.405s
2024-12-14 13:14:26.169 66454 INFO tempest.lib.common.rest_client [req-30d1cbf2-8d3e-4f3c-bc12-21681e289138 req-30d1cbf2-8d3e-4f3c-bc12-21681e289138 ] Request (ServerExternalEventsTest:setUpClass): 201 POST http://10.180.1.21/identity/v3/auth/tokens 0.386s
2024-12-14 13:14:26.178 66438 INFO tempest.lib.common.rest_client [req-eee86e07-1155-4c61-baf6-719dcfe2cca0 req-eee86e07-1155-4c61-baf6-719dcfe2cca0 ] Request (ServerDiagnosticsTest:test_get_server_diagnostics): 200 GET http://10.180.1.21/compute/v2.1/servers/ce12836a-0f8b-4085-ad13-7b1476842cab 0.834s
2024-12-14 13:14:26.238 66412 INFO tempest.lib.common.rest_client [req-2986af40-a82d-4086-af5e-8a1e1c2ae807 req-2986af40-a82d-4086-af5e-8a1e1c2ae807 ] Request (ServersAdminTestJSON:setUpClass): 200 GET http://10.180.1.21/compute/v2.1/servers/71345778-5336-4e7b-be54-eee5050cbcc3 0.880s
2024-12-14 13:14:26.249 66402 INFO tempest.lib.common.rest_client [req-9b8532df-2572-447f-8368-46cc6f050fd4 req-9b8532df-2572-447f-8368-46cc6f050fd4 ] Request (KeyPairsV210TestJSON:setUpClass): 201 POST http://10.180.1.21/identity/v3/projects 0.394s
2024-12-14 13:14:26.274 66406 INFO tempest.lib.common.rest_client [req-4ce7e66e-1768-4876-aad1-f68edabc9b7e req-4ce7e66e-1768-4876-aad1-f68edabc9b7e ] Request (AggregatesAdminNegativeTestJSON:test_aggregate_add_host_as_user): 200 POST http://10.180.1.21/compute/v2.1/os-aggregates 0.830s
2024-12-14 13:14:26.302 66414 INFO tempest.lib.common.rest_client [req-47a4be9a-3223-4594-b2fc-24de0c6affc0 req-47a4be9a-3223-4594-b2fc-24de0c6affc0 ] Request (ServersWithSpecificFlavorTestJSON:test_verify_created_server_ephemeral_disk): 200 POST http://10.180.1.21/compute/v2.1/flavors 0.782s
2024-12-14 13:14:26.307 66404 INFO tempest.lib.common.rest_client [req-754472b7-552b-4afa-b80b-e702530791b2 req-754472b7-552b-4afa-b80b-e702530791b2 ] Request (ImagesMetadataNegativeTestJSON:tearDownClass): 201 POST http://10.180.1.21/identity/v3/auth/tokens 0.379s
2024-12-14 13:14:26.309 66458 INFO tempest.lib.common.rest_client [req-f068e096-c270-4cd5-ba39-bbf3a7ccc8ad req-f068e096-c270-4cd5-ba39-bbf3a7ccc8ad ] Request (QuotasAdminNegativeTest:setUpClass): 201 POST http://10.180.1.21/identity/v3/auth/tokens 0.411s
2024-12-14 13:14:26.440 66430 INFO tempest.lib.common.rest_client [req-7c761786-b3cb-4887-9d09-fc3a16f3dffe req-7c761786-b3cb-4887-9d09-fc3a16f3dffe ] Request (QuotasAdminTestV236:test_get_updated_quotas): 200 GET http://10.180.1.21/compute/v2.1/os-quota-sets/1ffb86ea96994fe7857d2ef17ea70c45/detail 1.134s
2024-12-14 13:14:26.449 66426 INFO tempest.lib.common.rest_client [req-734e58c6-fa60-4e10-8531-27e5ad2e383b req-734e58c6-fa60-4e10-8531-27e5ad2e383b ] Request (VolumesAssistedSnapshotsTest:test_volume_assisted_snapshot_create_delete): 201 POST http://10.180.1.21/identity/v3/auth/tokens 0.360s
2024-12-14 13:14:26.449 66426 INFO tempest.lib.common.fixed_network [-] (VolumesAssistedSnapshotsTest:test_volume_assisted_snapshot_create_delete) Found network {'id': '831a03f4-ebf4-4ce1-8fb6-4c7a35947f48', 'name': 'tempest-VolumesAssistedSnapshotsTest-124290664-network', 'tenant_id': 'bf72b9c1a742404f84cf4134e4296b81', 'admin_state_up': True, 'mtu': 8950, 'status': 'ACTIVE', 'subnets': [], 'shared': False, 'project_id': 'bf72b9c1a742404f84cf4134e4296b81', 'port_security_enabled': True, 'router:external': False, 'provider:network_type': 'vlan', 'provider:physical_network': 'default', 'provider:segmentation_id': 392, 'availability_zone_hints': [], 'availability_zones': [], 'ipv4_address_scope': None, 'ipv6_address_scope': None, 'description': '', 'tags': [], 'created_at': '2024-12-14T13:14:04Z', 'updated_at': '2024-12-14T13:14:04Z', 'revision_number': 1} available for tenant
2024-12-14 13:14:26.479 66432 INFO tempest.lib.common.rest_client [req-0c01ef28-55f0-4eaf-8a3d-903257d88f3b req-0c01ef28-55f0-4eaf-8a3d-903257d88f3b ] Request (FlavorsV255TestJSON:tearDownClass): 204 DELETE http://10.180.1.21/identity/v3/users/5b2a863c75e54889b13237925390d9d2 0.381s
2024-12-14 13:14:26.479 66432 INFO tempest.lib.common.dynamic_creds [-] Deleting project and security group for project: 2755a45005eb43e487fba0ca3027347b
2024-12-14 13:14:26.508 66446 INFO tempest.lib.common.rest_client [req-641f774c-7b72-400e-a5f6-6444c2af4d3d req-641f774c-7b72-400e-a5f6-6444c2af4d3d ] Request (KeyPairsV22TestJSON:setUpClass): 201 POST http://10.180.1.21/identity/v3/auth/tokens 0.401s
2024-12-14 13:14:26.553 66454 INFO tempest.lib.common.rest_client [req-30372656-db5b-432c-b7b2-3736625096af req-30372656-db5b-432c-b7b2-3736625096af ] Request (ServerExternalEventsTest:setUpClass): 201 POST http://10.180.1.21/identity/v3/projects 0.382s
2024-12-14 13:14:26.571 66444 INFO tempest.lib.common.rest_client [req-3b1e4eaf-e2de-42bf-8f94-2754fa98aba2 req-3b1e4eaf-e2de-42bf-8f94-2754fa98aba2 ] Request (ServerActionsV293TestJSON:setUpClass): 201 POST http://10.180.1.21:9696/networking/v2.0/routers 1.402s
2024-12-14 13:14:26.581 66440 INFO tempest.lib.common.rest_client [req-381e7b00-4713-4961-ad19-1b1de69eb409 req-381e7b00-4713-4961-ad19-1b1de69eb409 ] Request (HypervisorAdminNegativeUnderV252Test:tearDownClass): 200 GET http://10.180.1.21:9696/networking/v2.0/security-groups?tenant_id=f46ab91232fc418dbbbe5d2f2d549c33&name=default 0.752s
2024-12-14 13:14:26.593 66418 INFO tempest.lib.common.rest_client [req-74697319-000d-4796-94ea-497fdcddf64c req-74697319-000d-4796-94ea-497fdcddf64c ] Request (DeleteServersAdminTestJSON:test_admin_delete_servers_of_others): 200 GET http://10.180.1.21/compute/v2.1/servers/0058723c-7203-4ca2-b25f-d0fa00938d57 1.072s
2024-12-14 13:14:26.617 66434 INFO tempest.lib.common.rest_client [req-9bf9a6cc-2661-41c5-a541-93b72c313bee req-9bf9a6cc-2661-41c5-a541-93b72c313bee ] Request (FlavorsAccessNegativeTestJSON:test_flavor_access_list_with_public_flavor): 200 POST http://10.180.1.21/compute/v2.1/flavors 1.057s
2024-12-14 13:14:26.700 66458 INFO tempest.lib.common.rest_client [req-3f8c83ab-5177-405a-a535-3028d72ae944 req-3f8c83ab-5177-405a-a535-3028d72ae944 ] Request (QuotasAdminNegativeTest:setUpClass): 201 POST http://10.180.1.21/identity/v3/projects 0.390s
2024-12-14 13:14:26.703 66402 INFO tempest.lib.common.rest_client [req-ff3850a3-9a40-4f96-9c3d-56d1332560dd req-ff3850a3-9a40-4f96-9c3d-56d1332560dd ] Request (KeyPairsV210TestJSON:setUpClass): 201 POST http://10.180.1.21/identity/v3/users 0.453s
2024-12-14 13:14:26.730 66457 INFO tempest.lib.common.rest_client [req-1c2d07ec-3b20-425b-a4c9-7d1c66c2d398 req-1c2d07ec-3b20-425b-a4c9-7d1c66c2d398 ] Request (ServerDiagnosticsV248Test:test_get_server_diagnostics): 200 GET http://10.180.1.21/compute/v2.1/servers/5174ef9a-700e-40df-8533-b1f980a26bc0 1.154s
2024-12-14 13:14:26.734 66428 INFO tempest.lib.common.rest_client [req-2d87b9b0-2213-4897-a662-f63184eae77c req-2d87b9b0-2213-4897-a662-f63184eae77c ] Request (ServersTestFqdnHostnames:setUpClass): 201 POST http://10.180.1.21:9696/networking/v2.0/networks 0.778s
2024-12-14 13:14:26.742 66457 INFO tempest.common.waiters [-] State transition "BUILD/networking" ==> "BUILD/spawning" after 8 second wait
2024-12-14 13:14:26.750 66408 INFO tempest.lib.common.rest_client [req-eccb6a3b-1b5f-443a-a5b9-c6513f28841b req-eccb6a3b-1b5f-443a-a5b9-c6513f28841b ] Request (FlavorsAccessTestJSON:test_flavor_access_list_with_private_flavor): 200 GET http://10.180.1.21/compute/v2.1/flavors/2057976285/os-flavor-access 1.159s
2024-12-14 13:14:26.760 66442 INFO tempest.lib.common.rest_client [req-9633aee4-7fc4-4666-bbdb-cfe8346ac2f8 req-9633aee4-7fc4-4666-bbdb-cfe8346ac2f8 ] Request (FlavorsExtraSpecsNegativeTestJSON:test_flavor_unset_nonexistent_key): 404 DELETE http://10.180.1.21/compute/v2.1/flavors/356378848/os-extra_specs/hw:cpu_thread_policy 1.165s
2024-12-14 13:14:26.781 66422 INFO tempest.lib.common.rest_client [req-e4f8386e-63ec-40f1-bc3b-5334464129b2 req-e4f8386e-63ec-40f1-bc3b-5334464129b2 ] Request (FlavorsAdminTestJSON:test_create_flavor_with_int_id): 200 POST http://10.180.1.21/compute/v2.1/flavors 1.181s
2024-12-14 13:14:26.796 66430 INFO tempest.lib.common.rest_client [req-375b5a37-192b-427f-9671-ea381412ae65 req-375b5a37-192b-427f-9671-ea381412ae65 ] Request (QuotasAdminTestV236:test_get_updated_quotas): 200 GET http://10.180.1.21/identity/v3/domains?name=Default 0.352s
2024-12-14 13:14:26.815 66462 INFO tempest.lib.common.rest_client [req-14080eb3-5695-4bdc-9f16-61fad222fc44 req-14080eb3-5695-4bdc-9f16-61fad222fc44 ] Request (FlavorsExtraSpecsTestJSON:test_flavor_set_get_update_show_unset_keys): 200 PUT http://10.180.1.21/compute/v2.1/flavors/2072755952/os-extra_specs/hw:numa_nodes 1.212s
