2024-12-14 13:17:01.354 66400 INFO tempest.lib.common.rest_client [req-f79fa151-5e77-417d-8303-3e7459115935 req-f79fa151-5e77-417d-8303-3e7459115935 ] Request (ServerActionsTestOtherB:setUpClass): 200 GET http://10.180.1.21/compute/v2.1/servers/9c68659d-0d8e-4370-8f58-93b5955b46ba 0.053s
2024-12-14 13:17:01.437 66408 INFO tempest.lib.common.rest_client [req-0a1cece6-0c78-4b21-95ca-96b633a4f364 req-0a1cece6-0c78-4b21-95ca-96b633a4f364 ] Request (ServerMetadataTestJSON:tearDownClass): 200 GET http://10.180.1.21/compute/v2.1/servers/b025f8b3-b036-4f68-bd31-ec7c5e9edaf9 0.078s
2024-12-14 13:17:01.507 66430 INFO tempest.lib.common.rest_client [req-86205f65-2aa1-4c4a-80a3-56b4a77a389d req-86205f65-2aa1-4c4a-80a3-56b4a77a389d ] Request (ListServerFiltersTestJSON:tearDownClass): 200 GET http://10.180.1.21/compute/v2.1/servers/270451b4-5dbf-450c-9495-900b2f546a97 0.066s
2024-12-14 13:17:01.556 66452 INFO tempest.lib.common.rest_client [req-5f840287-f255-45b2-b2f0-9b25a73a5a41 req-5f840287-f255-45b2-b2f0-9b25a73a5a41 ] Request (VolumesAdminNegativeTest:test_update_attached_volume_with_nonexistent_volume_in_uri): 200 GET http://10.180.1.21/compute/v2.1/servers/44c97f12-c4a6-43a8-aac3-78b7957b3f38 0.084s
2024-12-14 13:17:01.610 66420 INFO tempest.lib.common.rest_client [req-127b2fb6-dab7-413e-82d0-bc1c0baae183 req-127b2fb6-dab7-413e-82d0-bc1c0baae183 ] Request (InstanceActionsV221TestJSON:test_get_list_deleted_instance_actions): 200 GET http://10.180.1.21/compute/v2.1/servers/343d460e-b762-423d-b26d-072ceda052d7 0.084s
2024-12-14 13:17:01.648 66412 INFO tempest.lib.common.rest_client [req-a3cd8b53-89b0-4556-8ab2-1433e041520b req-a3cd8b53-89b0-4556-8ab2-1433e041520b ] Request (ServersAdminTestJSON:test_inject_network_info): 200 GET http://10.180.1.21/compute/v2.1/servers/18d40fc1-3ab4-4b9e-96ce-652a3c6563d4 0.344s
2024-12-14 13:17:01.661 66432 INFO tempest.lib.common.rest_client [req-6a809a34-9c26-4f50-80af-d3aa78d28494 req-6a809a34-9c26-4f50-80af-d3aa78d28494 ] Request (ServersAdminNegativeTestJSON:test_migrate_server_invalid_state): 200 GET http://10.180.1.21/compute/v2.1/servers/b2e57b1c-01b2-4f8e-98dd-d4f4235565ae 0.081s
2024-12-14 13:17:01.715 66424 INFO tempest.lib.common.rest_client [req-27087321-c2b6-42b7-9eeb-ff4a0a98d4df req-27087321-c2b6-42b7-9eeb-ff4a0a98d4df ] Request (SecurityGroupsTestJSON:test_server_security_groups): 200 GET http://10.180.1.21/compute/v2.1/servers/d8552fad-e6dd-4576-ac50-941cffd932e3 0.081s
2024-12-14 13:17:01.755 66426 INFO tempest.lib.common.rest_client [req-60a11e7b-bd1a-411a-a3b1-e87a1fb56458 req-60a11e7b-bd1a-411a-a3b1-e87a1fb56458 ] Request (VolumesAssistedSnapshotsTest:_run_cleanups): 200 GET http://10.180.1.21/compute/v2.1/servers/03222b41-6488-49b1-a214-837f3c33f7bc/os-volume_attachments 0.036s
2024-12-14 13:17:01.813 66422 INFO tempest.lib.common.rest_client [req-1cdaac04-67b2-450b-939f-4a7f62121671 req-1cdaac04-67b2-450b-939f-4a7f62121671 ] Request (ListImageFiltersTestJSON:setUpClass): 200 GET http://10.180.1.21/compute/v2.1/servers/dbe11c40-bebb-4c51-bd89-1dff368ba074 0.222s
2024-12-14 13:17:01.819 66422 INFO tempest.common.waiters [-] State transition "BUILD/networking" ==> "BUILD/block_device_mapping" after 68 second wait
2024-12-14 13:17:01.899 66402 INFO tempest.lib.common.rest_client [req-9426c499-09d0-4b0d-b24e-852c3e7f2120 req-9426c499-09d0-4b0d-b24e-852c3e7f2120 ] Request (ServerRescueTestJSONUnderV235:tearDownClass): 200 GET http://10.180.1.21/compute/v2.1/servers/c202a47a-50ac-4056-a370-76ee0169a4af 0.058s
2024-12-14 13:17:01.980 66457 INFO tempest.lib.common.rest_client [req-751b070d-3582-4a06-a8e4-34583d3c29de req-751b070d-3582-4a06-a8e4-34583d3c29de ] Request (ServersAdmin275Test:tearDownClass): 200 GET http://10.180.1.21/compute/v2.1/servers/357808a6-b1be-4a2e-bf3e-0acca52c65bb 0.055s
2024-12-14 13:17:02.013 66410 INFO tempest.lib.common.rest_client [req-52c9da0a-3164-46e0-9d10-7991ac49fd02 req-52c9da0a-3164-46e0-9d10-7991ac49fd02 ] Request (ListServersNegativeTestJSON:setUpClass): 200 GET http://10.180.1.21/compute/v2.1/servers/d8035c57-5ca0-48f5-bb18-93827db750f2 0.048s
2024-12-14 13:17:02.117 66442 INFO tempest.lib.common.rest_client [req-5e7d7d36-e16f-4cd9-ac99-c085393c69d9 req-5e7d7d36-e16f-4cd9-ac99-c085393c69d9 ] Request (ServersV294TestFqdnHostnames:setUpClass): 200 GET http://10.180.1.21/compute/v2.1/servers/86aee71e-451d-40a7-b018-f95d33aefc9c 0.051s
2024-12-14 13:17:02.279 66458 INFO tempest.lib.common.rest_client [req-e431ca75-1bf2-4bda-bf67-b0e01a6c7f5b req-e431ca75-1bf2-4bda-bf67-b0e01a6c7f5b ] Request (FloatingIPsAssociationTestJSON:test_associate_already_associated_floating_ip): 200 GET http://10.180.1.21/compute/v2.1/servers/c801be10-4ae2-4a93-a63a-44b2cae5c143 0.050s
2024-12-14 13:17:02.324 66416 INFO tempest.lib.common.rest_client [req-b2e2089f-795d-4b91-845d-1bf4ae9bad2f req-b2e2089f-795d-4b91-845d-1bf4ae9bad2f ] Request (ServersTestMultiNic:test_verify_duplicate_network_nics): 200 GET http://10.180.1.21/compute/v2.1/servers/c0e19770-8f39-4621-9122-1d80d527642c 0.046s
2024-12-14 13:17:02.354 66450 INFO tempest.lib.common.rest_client [req-66683891-c91a-4a2d-809a-b61e353e16e9 req-66683891-c91a-4a2d-809a-b61e353e16e9 ] Request (ServerDiskConfigTestJSON:test_resize_server_from_auto_to_manual): 200 GET http://10.180.1.21/compute/v2.1/servers/219bed14-d0ad-46eb-b2ec-2a3f240303b2 0.046s
2024-12-14 13:17:02.364 66404 INFO tempest.lib.common.rest_client [req-b65e366b-58eb-4768-a964-0918c6813a55 req-b65e366b-58eb-4768-a964-0918c6813a55 ] Request (ImagesTestJSON:test_create_image_from_suspended_server): 200 GET http://10.180.1.21/compute/v2.1/images/f1365fd2-2e69-4cbc-bb61-13c53c057a25 0.031s
2024-12-14 13:17:02.410 66400 INFO tempest.lib.common.rest_client [req-eb44ab5d-595a-407b-a823-c4b594e748fc req-eb44ab5d-595a-407b-a823-c4b594e748fc ] Request (ServerActionsTestOtherB:setUpClass): 200 GET http://10.180.1.21/compute/v2.1/servers/9c68659d-0d8e-4370-8f58-93b5955b46ba 0.048s
2024-12-14 13:17:02.462 66428 WARNING tempest.lib.common.ssh [-] Failed to establish authenticated ssh connection to cirros@10.180.180.219 ([Errno None] Unable to connect to port 22 on 10.180.180.219). Number attempts: 10. Retry after 11 seconds.: paramiko.ssh_exception.NoValidConnectionsError: [Errno None] Unable to connect to port 22 on 10.180.180.219
2024-12-14 13:17:02.514 66408 INFO tempest.lib.common.rest_client [req-7ba2269e-f1f6-4bb2-ba73-cf90c929debf req-7ba2269e-f1f6-4bb2-ba73-cf90c929debf ] Request (ServerMetadataTestJSON:tearDownClass): 200 GET http://10.180.1.21/compute/v2.1/servers/b025f8b3-b036-4f68-bd31-ec7c5e9edaf9 0.066s
2024-12-14 13:17:02.572 66430 INFO tempest.lib.common.rest_client [req-51719dd4-daa7-4c3c-a056-d5725b246b5f req-51719dd4-daa7-4c3c-a056-d5725b246b5f ] Request (ListServerFiltersTestJSON:tearDownClass): 200 GET http://10.180.1.21/compute/v2.1/servers/270451b4-5dbf-450c-9495-900b2f546a97 0.056s
2024-12-14 13:17:02.615 66452 INFO tempest.lib.common.rest_client [req-32ffce7a-fe86-4967-a359-c9abc06b0b68 req-32ffce7a-fe86-4967-a359-c9abc06b0b68 ] Request (VolumesAdminNegativeTest:test_update_attached_volume_with_nonexistent_volume_in_uri): 200 GET http://10.180.1.21/compute/v2.1/servers/44c97f12-c4a6-43a8-aac3-78b7957b3f38 0.051s
2024-12-14 13:17:02.670 66420 INFO tempest.lib.common.rest_client [req-508466cb-9362-452a-b723-6c3d5c19b24a req-508466cb-9362-452a-b723-6c3d5c19b24a ] Request (InstanceActionsV221TestJSON:test_get_list_deleted_instance_actions): 200 GET http://10.180.1.21/compute/v2.1/servers/343d460e-b762-423d-b26d-072ceda052d7 0.052s
2024-12-14 13:17:02.707 66412 INFO tempest.lib.common.rest_client [req-5acf70e8-b771-4ec4-888a-33ba0c595d37 req-5acf70e8-b771-4ec4-888a-33ba0c595d37 ] Request (ServersAdminTestJSON:test_inject_network_info): 200 GET http://10.180.1.21/compute/v2.1/servers/18d40fc1-3ab4-4b9e-96ce-652a3c6563d4 0.050s
2024-12-14 13:17:02.718 66432 INFO tempest.lib.common.rest_client [req-ddb51d53-08a5-41b0-b066-76fbd44225e4 req-ddb51d53-08a5-41b0-b066-76fbd44225e4 ] Request (ServersAdminNegativeTestJSON:test_migrate_server_invalid_state): 200 GET http://10.180.1.21/compute/v2.1/servers/b2e57b1c-01b2-4f8e-98dd-d4f4235565ae 0.049s
2024-12-14 13:17:02.772 66424 INFO tempest.lib.common.rest_client [req-12d14837-cf73-4adb-aa3d-33399901793b req-12d14837-cf73-4adb-aa3d-33399901793b ] Request (SecurityGroupsTestJSON:test_server_security_groups): 200 GET http://10.180.1.21/compute/v2.1/servers/d8552fad-e6dd-4576-ac50-941cffd932e3 0.048s
2024-12-14 13:17:02.787 66426 INFO tempest.lib.common.rest_client [req-599457a6-389d-4bc3-9db1-c01d51a725c9 req-599457a6-389d-4bc3-9db1-c01d51a725c9 ] Request (VolumesAssistedSnapshotsTest:_run_cleanups): 200 GET http://10.180.1.21/compute/v2.1/servers/03222b41-6488-49b1-a214-837f3c33f7bc/os-volume_attachments 0.030s
2024-12-14 13:17:02.846 66446 WARNING tempest.lib.common.ssh [-] Failed to establish authenticated ssh connection to cirros@10.180.180.229 ([Errno None] Unable to connect to port 22 on 10.180.180.229). Number attempts: 2. Retry after 3 seconds.: paramiko.ssh_exception.NoValidConnectionsError: [Errno None] Unable to connect to port 22 on 10.180.180.229
2024-12-14 13:17:02.912 66422 INFO tempest.lib.common.rest_client [req-dfde6b9b-ebc5-4c5d-a6ad-7786b98da58e req-dfde6b9b-ebc5-4c5d-a6ad-7786b98da58e ] Request (ListImageFiltersTestJSON:setUpClass): 200 GET http://10.180.1.21/compute/v2.1/servers/dbe11c40-bebb-4c51-bd89-1dff368ba074 0.092s
2024-12-14 13:17:02.918 66422 INFO tempest.common.waiters [-] State transition "BUILD/block_device_mapping" ==> "BUILD/spawning" after 69 second wait
2024-12-14 13:17:02.960 66402 INFO tempest.lib.common.rest_client [req-3591e26e-65ee-4244-908d-d6142e84f272 req-3591e26e-65ee-4244-908d-d6142e84f272 ] Request (ServerRescueTestJSONUnderV235:tearDownClass): 200 GET http://10.180.1.21/compute/v2.1/servers/c202a47a-50ac-4056-a370-76ee0169a4af 0.055s
2024-12-14 13:17:03.049 66457 INFO tempest.lib.common.rest_client [req-0322febf-f248-4099-8291-efa76b78f559 req-0322febf-f248-4099-8291-efa76b78f559 ] Request (ServersAdmin275Test:tearDownClass): 200 GET http://10.180.1.21/compute/v2.1/servers/357808a6-b1be-4a2e-bf3e-0acca52c65bb 0.059s
2024-12-14 13:17:03.057 66457 INFO tempest.common.waiters [-] State transition "ACTIVE/deleting" ==> "DELETED/None" after 5 second wait
2024-12-14 13:17:03.067 66410 INFO tempest.lib.common.rest_client [req-bdfb2c7b-8fcf-4865-bced-48fae4d15830 req-bdfb2c7b-8fcf-4865-bced-48fae4d15830 ] Request (ListServersNegativeTestJSON:setUpClass): 200 GET http://10.180.1.21/compute/v2.1/servers/d8035c57-5ca0-48f5-bb18-93827db750f2 0.047s
2024-12-14 13:17:03.178 66442 INFO tempest.lib.common.rest_client [req-3598403c-3bf8-4313-9ff2-a03506f12497 req-3598403c-3bf8-4313-9ff2-a03506f12497 ] Request (ServersV294TestFqdnHostnames:setUpClass): 200 GET http://10.180.1.21/compute/v2.1/servers/86aee71e-451d-40a7-b018-f95d33aefc9c 0.050s
2024-12-14 13:17:03.231 66438 WARNING tempest.lib.common.ssh [-] Failed to establish authenticated ssh connection to cirros@10.180.180.223 ([Errno None] Unable to connect to port 22 on 10.180.180.223). Number attempts: 1. Retry after 2 seconds.: paramiko.ssh_exception.NoValidConnectionsError: [Errno None] Unable to connect to port 22 on 10.180.180.223
2024-12-14 13:17:03.333 66458 INFO tempest.lib.common.rest_client [req-ee41c5ba-d4ac-40f0-a22b-81c4c75aadc3 req-ee41c5ba-d4ac-40f0-a22b-81c4c75aadc3 ] Request (FloatingIPsAssociationTestJSON:test_associate_already_associated_floating_ip): 200 GET http://10.180.1.21/compute/v2.1/servers/c801be10-4ae2-4a93-a63a-44b2cae5c143 0.048s
2024-12-14 13:17:03.339 66458 INFO tempest.common.waiters [-] State transition "BUILD/None" ==> "BUILD/networking" after 62 second wait
2024-12-14 13:17:03.379 66416 INFO tempest.lib.common.rest_client [req-088b254c-723f-4362-a0b2-cd3b6908d70e req-088b254c-723f-4362-a0b2-cd3b6908d70e ] Request (ServersTestMultiNic:test_verify_duplicate_network_nics): 200 GET http://10.180.1.21/compute/v2.1/servers/c0e19770-8f39-4621-9122-1d80d527642c 0.048s
2024-12-14 13:17:03.408 66450 INFO tempest.lib.common.rest_client [req-f6190dd9-e029-4254-a74e-feb0017d9441 req-f6190dd9-e029-4254-a74e-feb0017d9441 ] Request (ServerDiskConfigTestJSON:test_resize_server_from_auto_to_manual): 200 GET http://10.180.1.21/compute/v2.1/servers/219bed14-d0ad-46eb-b2ec-2a3f240303b2 0.047s
2024-12-14 13:17:03.422 66404 INFO tempest.lib.common.rest_client [req-e5634c66-7be6-454a-9873-a23c67b82b09 req-e5634c66-7be6-454a-9873-a23c67b82b09 ] Request (ImagesTestJSON:test_create_image_from_suspended_server): 200 GET http://10.180.1.21/compute/v2.1/images/f1365fd2-2e69-4cbc-bb61-13c53c057a25 0.055s
2024-12-14 13:17:03.470 66400 INFO tempest.lib.common.rest_client [req-ed78095a-b130-4ec6-a72b-0ab743f4647c req-ed78095a-b130-4ec6-a72b-0ab743f4647c ] Request (ServerActionsTestOtherB:setUpClass): 200 GET http://10.180.1.21/compute/v2.1/servers/9c68659d-0d8e-4370-8f58-93b5955b46ba 0.051s
2024-12-14 13:17:03.594 66408 INFO tempest.lib.common.rest_client [req-9f946cde-a929-45f4-b901-c2b1779c559e req-9f946cde-a929-45f4-b901-c2b1779c559e ] Request (ServerMetadataTestJSON:tearDownClass): 200 GET http://10.180.1.21/compute/v2.1/servers/b025f8b3-b036-4f68-bd31-ec7c5e9edaf9 0.071s
2024-12-14 13:17:03.632 66430 INFO tempest.lib.common.rest_client [req-8a10eaa4-e22b-49ba-b650-b90756a7ad29 req-8a10eaa4-e22b-49ba-b650-b90756a7ad29 ] Request (ListServerFiltersTestJSON:tearDownClass): 200 GET http://10.180.1.21/compute/v2.1/servers/270451b4-5dbf-450c-9495-900b2f546a97 0.053s
2024-12-14 13:17:03.683 66452 INFO tempest.lib.common.rest_client [req-bf015e31-6251-453c-a17b-4ea01506ae28 req-bf015e31-6251-453c-a17b-4ea01506ae28 ] Request (VolumesAdminNegativeTest:test_update_attached_volume_with_nonexistent_volume_in_uri): 200 GET http://10.180.1.21/compute/v2.1/servers/44c97f12-c4a6-43a8-aac3-78b7957b3f38 0.060s
2024-12-14 13:17:03.728 66420 INFO tempest.lib.common.rest_client [req-1c4e7cdd-073e-41f2-99e7-a02d75d7bed2 req-1c4e7cdd-073e-41f2-99e7-a02d75d7bed2 ] Request (InstanceActionsV221TestJSON:test_get_list_deleted_instance_actions): 200 GET http://10.180.1.21/compute/v2.1/servers/343d460e-b762-423d-b26d-072ceda052d7 0.049s
2024-12-14 13:17:03.785 66412 INFO tempest.lib.common.rest_client [req-2c8e3167-9d6e-4bb1-a332-93b4be146c04 req-2c8e3167-9d6e-4bb1-a332-93b4be146c04 ] Request (ServersAdminTestJSON:test_inject_network_info): 200 GET http://10.180.1.21/compute/v2.1/servers/18d40fc1-3ab4-4b9e-96ce-652a3c6563d4 0.072s
2024-12-14 13:17:03.785 66432 INFO tempest.lib.common.rest_client [req-3f2fc16c-2e05-4b22-9b73-4232f1b7df08 req-3f2fc16c-2e05-4b22-9b73-4232f1b7df08 ] Request (ServersAdminNegativeTestJSON:test_migrate_server_invalid_state): 200 GET http://10.180.1.21/compute/v2.1/servers/b2e57b1c-01b2-4f8e-98dd-d4f4235565ae 0.060s
2024-12-14 13:17:03.819 66426 INFO tempest.lib.common.rest_client [req-331ece7e-9bc6-4946-9307-78112112e967 req-331ece7e-9bc6-4946-9307-78112112e967 ] Request (VolumesAssistedSnapshotsTest:_run_cleanups): 200 GET http://10.180.1.21/compute/v2.1/servers/03222b41-6488-49b1-a214-837f3c33f7bc/os-volume_attachments 0.030s
2024-12-14 13:17:03.837 66424 INFO tempest.lib.common.rest_client [req-5984c102-1b5b-4c69-baf4-dfac7c6325db req-5984c102-1b5b-4c69-baf4-dfac7c6325db ] Request (SecurityGroupsTestJSON:test_server_security_groups): 200 GET http://10.180.1.21/compute/v2.1/servers/d8552fad-e6dd-4576-ac50-941cffd932e3 0.056s
2024-12-14 13:17:03.849 66426 INFO tempest.lib.common.rest_client [req-d0d811a2-8b97-4059-8b59-e2eb40c47fc8 req-d0d811a2-8b97-4059-8b59-e2eb40c47fc8 ] Request (VolumesAssistedSnapshotsTest:_run_cleanups): 200 GET http://10.180.1.21/volume/v3/volumes/310fb3ff-b8c7-454a-9894-4cf79ad1255b 0.028s
2024-12-14 13:17:03.855 66426 INFO tempest.common.waiters [-] volume 310fb3ff-b8c7-454a-9894-4cf79ad1255b reached available after waiting for 0.855426 seconds
2024-12-14 13:17:03.900 66426 INFO tempest.lib.common.rest_client [req-c9377e67-d044-495c-96b7-6bb33f9517c5 req-c9377e67-d044-495c-96b7-6bb33f9517c5 ] Request (VolumesAssistedSnapshotsTest:_run_cleanups): 202 DELETE http://10.180.1.21/volume/v3/volumes/310fb3ff-b8c7-454a-9894-4cf79ad1255b 0.044s
2024-12-14 13:17:03.927 66426 INFO tempest.lib.common.rest_client [req-7319087c-472b-4f0f-9efb-348f09faecc9 req-7319087c-472b-4f0f-9efb-348f09faecc9 ] Request (VolumesAssistedSnapshotsTest:_run_cleanups): 200 GET http://10.180.1.21/volume/v3/volumes/310fb3ff-b8c7-454a-9894-4cf79ad1255b 0.026s
2024-12-14 13:17:04.036 66402 INFO tempest.lib.common.rest_client [req-cc659296-03e5-4546-bdb6-61d11df5385b req-cc659296-03e5-4546-bdb6-61d11df5385b ] Request (ServerRescueTestJSONUnderV235:tearDownClass): 200 GET http://10.180.1.21/compute/v2.1/servers/c202a47a-50ac-4056-a370-76ee0169a4af 0.067s
2024-12-14 13:17:04.051 66422 INFO tempest.lib.common.rest_client [req-d508af54-e1e5-461a-8e35-8e2371ec7147 req-d508af54-e1e5-461a-8e35-8e2371ec7147 ] Request (ListImageFiltersTestJSON:setUpClass): 200 GET http://10.180.1.21/compute/v2.1/servers/dbe11c40-bebb-4c51-bd89-1dff368ba074 0.132s
2024-12-14 13:17:04.127 66410 INFO tempest.lib.common.rest_client [req-74571133-7f71-4dc6-9650-1df31dc88eec req-74571133-7f71-4dc6-9650-1df31dc88eec ] Request (ListServersNegativeTestJSON:setUpClass): 200 GET http://10.180.1.21/compute/v2.1/servers/d8035c57-5ca0-48f5-bb18-93827db750f2 0.054s
2024-12-14 13:17:04.127 66457 INFO tempest.lib.common.rest_client [req-d5fa0be9-94ec-4dcf-a3bc-f22f3a07b21c req-d5fa0be9-94ec-4dcf-a3bc-f22f3a07b21c ] Request (ServersAdmin275Test:tearDownClass): 200 GET http://10.180.1.21/compute/v2.1/servers/357808a6-b1be-4a2e-bf3e-0acca52c65bb 0.069s
2024-12-14 13:17:04.241 66442 INFO tempest.lib.common.rest_client [req-e1311c58-bd51-4346-b6ff-3bbfc76cc40f req-e1311c58-bd51-4346-b6ff-3bbfc76cc40f ] Request (ServersV294TestFqdnHostnames:setUpClass): 200 GET http://10.180.1.21/compute/v2.1/servers/86aee71e-451d-40a7-b018-f95d33aefc9c 0.053s
2024-12-14 13:17:04.440 66416 INFO tempest.lib.common.rest_client [req-04f1804d-2309-44fb-b055-7e6abb56877c req-04f1804d-2309-44fb-b055-7e6abb56877c ] Request (ServersTestMultiNic:test_verify_duplicate_network_nics): 200 GET http://10.180.1.21/compute/v2.1/servers/c0e19770-8f39-4621-9122-1d80d527642c 0.053s
2024-12-14 13:17:04.494 66450 INFO tempest.lib.common.rest_client [req-7ebf9099-8602-4d1c-a714-d26815af5947 req-7ebf9099-8602-4d1c-a714-d26815af5947 ] Request (ServerDiskConfigTestJSON:test_resize_server_from_auto_to_manual): 200 GET http://10.180.1.21/compute/v2.1/servers/219bed14-d0ad-46eb-b2ec-2a3f240303b2 0.078s
2024-12-14 13:17:04.513 66458 INFO tempest.lib.common.rest_client [req-ad6854b0-3780-4f15-ad4b-dafda5cc571b req-ad6854b0-3780-4f15-ad4b-dafda5cc571b ] Request (FloatingIPsAssociationTestJSON:test_associate_already_associated_floating_ip): 200 GET http://10.180.1.21/compute/v2.1/servers/c801be10-4ae2-4a93-a63a-44b2cae5c143 0.173s
2024-12-14 13:17:04.520 66458 INFO tempest.common.waiters [-] State transition "BUILD/networking" ==> "BUILD/block_device_mapping" after 63 second wait
2024-12-14 13:17:04.529 66404 INFO tempest.lib.common.rest_client [req-1f5b0300-9939-467b-960a-0e165caa15cf req-1f5b0300-9939-467b-960a-0e165caa15cf ] Request (ImagesTestJSON:test_create_image_from_suspended_server): 200 GET http://10.180.1.21/compute/v2.1/images/f1365fd2-2e69-4cbc-bb61-13c53c057a25 0.102s
2024-12-14 13:17:04.558 66400 INFO tempest.lib.common.rest_client [req-99f3d5c7-7841-4f0c-a45e-7830aec92acc req-99f3d5c7-7841-4f0c-a45e-7830aec92acc ] Request (ServerActionsTestOtherB:setUpClass): 200 GET http://10.180.1.21/compute/v2.1/servers/9c68659d-0d8e-4370-8f58-93b5955b46ba 0.081s
2024-12-14 13:17:04.658 66408 INFO tempest.lib.common.rest_client [req-4fc6f759-940c-4eba-a2c6-b58153aa849c req-4fc6f759-940c-4eba-a2c6-b58153aa849c ] Request (ServerMetadataTestJSON:tearDownClass): 200 GET http://10.180.1.21/compute/v2.1/servers/b025f8b3-b036-4f68-bd31-ec7c5e9edaf9 0.057s
2024-12-14 13:17:04.694 66430 INFO tempest.lib.common.rest_client [req-5f9e6668-bf81-436d-bbea-3befe9fc3653 req-5f9e6668-bf81-436d-bbea-3befe9fc3653 ] Request (ListServerFiltersTestJSON:tearDownClass): 200 GET http://10.180.1.21/compute/v2.1/servers/270451b4-5dbf-450c-9495-900b2f546a97 0.055s
2024-12-14 13:17:04.740 66452 INFO tempest.lib.common.rest_client [req-577f39ed-e4e7-40bb-a9a9-9bafed90598d req-577f39ed-e4e7-40bb-a9a9-9bafed90598d ] Request (VolumesAdminNegativeTest:test_update_attached_volume_with_nonexistent_volume_in_uri): 200 GET http://10.180.1.21/compute/v2.1/servers/44c97f12-c4a6-43a8-aac3-78b7957b3f38 0.048s
2024-12-14 13:17:04.783 66420 INFO tempest.lib.common.rest_client [req-7dfe23a1-437a-4744-86af-0ec590e65552 req-7dfe23a1-437a-4744-86af-0ec590e65552 ] Request (InstanceActionsV221TestJSON:test_get_list_deleted_instance_actions): 200 GET http://10.180.1.21/compute/v2.1/servers/343d460e-b762-423d-b26d-072ceda052d7 0.048s
2024-12-14 13:17:04.849 66412 INFO tempest.lib.common.rest_client [req-c6891e77-ab05-4a16-a275-11bff38657e5 req-c6891e77-ab05-4a16-a275-11bff38657e5 ] Request (ServersAdminTestJSON:test_inject_network_info): 200 GET http://10.180.1.21/compute/v2.1/servers/18d40fc1-3ab4-4b9e-96ce-652a3c6563d4 0.057s
2024-12-14 13:17:04.850 66432 INFO tempest.lib.common.rest_client [req-9da90136-8ecc-4e00-8d5c-e0de3a9b7efb req-9da90136-8ecc-4e00-8d5c-e0de3a9b7efb ] Request (ServersAdminNegativeTestJSON:test_migrate_server_invalid_state): 200 GET http://10.180.1.21/compute/v2.1/servers/b2e57b1c-01b2-4f8e-98dd-d4f4235565ae 0.055s
2024-12-14 13:17:04.891 66424 INFO tempest.lib.common.rest_client [req-59da2f3e-fb05-4e95-9c35-c92506c733d0 req-59da2f3e-fb05-4e95-9c35-c92506c733d0 ] Request (SecurityGroupsTestJSON:test_server_security_groups): 200 GET http://10.180.1.21/compute/v2.1/servers/d8552fad-e6dd-4576-ac50-941cffd932e3 0.045s
2024-12-14 13:17:04.960 66426 INFO tempest.lib.common.rest_client [req-d02909f9-a3e7-4ebc-98e1-04fd80cdb6b8 req-d02909f9-a3e7-4ebc-98e1-04fd80cdb6b8 ] Request (VolumesAssistedSnapshotsTest:_run_cleanups): 200 GET http://10.180.1.21/volume/v3/volumes/310fb3ff-b8c7-454a-9894-4cf79ad1255b 0.026s
2024-12-14 13:17:05.112 66402 INFO tempest.lib.common.rest_client [req-22124a41-b7be-4825-ba48-3fc1fc02a9a6 req-22124a41-b7be-4825-ba48-3fc1fc02a9a6 ] Request (ServerRescueTestJSONUnderV235:tearDownClass): 200 GET http://10.180.1.21/compute/v2.1/servers/c202a47a-50ac-4056-a370-76ee0169a4af 0.068s
2024-12-14 13:17:05.200 66410 INFO tempest.lib.common.rest_client [req-fe1e2cd4-d37d-4d52-825e-b623cd21e39d req-fe1e2cd4-d37d-4d52-825e-b623cd21e39d ] Request (ListServersNegativeTestJSON:setUpClass): 200 GET http://10.180.1.21/compute/v2.1/servers/d8035c57-5ca0-48f5-bb18-93827db750f2 0.067s
2024-12-14 13:17:05.202 66422 INFO tempest.lib.common.rest_client [req-58cbcb95-7786-4313-93a2-cf47bcc60629 req-58cbcb95-7786-4313-93a2-cf47bcc60629 ] Request (ListImageFiltersTestJSON:setUpClass): 200 GET http://10.180.1.21/compute/v2.1/servers/dbe11c40-bebb-4c51-bd89-1dff368ba074 0.143s
2024-12-14 13:17:05.261 66457 INFO tempest.lib.common.rest_client [req-1cd4df61-69b3-451e-a088-9c3dbaefb9a8 req-1cd4df61-69b3-451e-a088-9c3dbaefb9a8 ] Request (ServersAdmin275Test:tearDownClass): 200 GET http://10.180.1.21/compute/v2.1/servers/357808a6-b1be-4a2e-bf3e-0acca52c65bb 0.125s
2024-12-14 13:17:05.301 66442 INFO tempest.lib.common.rest_client [req-f22b71f2-21fa-49a8-b340-32941e875ec1 req-f22b71f2-21fa-49a8-b340-32941e875ec1 ] Request (ServersV294TestFqdnHostnames:setUpClass): 200 GET http://10.180.1.21/compute/v2.1/servers/86aee71e-451d-40a7-b018-f95d33aefc9c 0.052s
2024-12-14 13:17:05.515 66416 INFO tempest.lib.common.rest_client [req-7a9cc935-aaef-4edc-a34f-40fe5b48664f req-7a9cc935-aaef-4edc-a34f-40fe5b48664f ] Request (ServersTestMultiNic:test_verify_duplicate_network_nics): 200 GET http://10.180.1.21/compute/v2.1/servers/c0e19770-8f39-4621-9122-1d80d527642c 0.065s
2024-12-14 13:17:05.535 66434 WARNING tempest.lib.common.ssh [-] Failed to establish authenticated ssh connection to cirros@10.180.180.238 ([Errno None] Unable to connect to port 22 on 10.180.180.238). Number attempts: 7. Retry after 8 seconds.: paramiko.ssh_exception.NoValidConnectionsError: [Errno None] Unable to connect to port 22 on 10.180.180.238
2024-12-14 13:17:05.553 66450 INFO tempest.lib.common.rest_client [req-000163d1-a289-4913-991f-6baa24ed7a32 req-000163d1-a289-4913-991f-6baa24ed7a32 ] Request (ServerDiskConfigTestJSON:test_resize_server_from_auto_to_manual): 200 GET http://10.180.1.21/compute/v2.1/servers/219bed14-d0ad-46eb-b2ec-2a3f240303b2 0.052s
2024-12-14 13:17:05.584 66404 INFO tempest.lib.common.rest_client [req-3746a8cb-c716-4748-963a-7f5c800df599 req-3746a8cb-c716-4748-963a-7f5c800df599 ] Request (ImagesTestJSON:test_create_image_from_suspended_server): 200 GET http://10.180.1.21/compute/v2.1/images/f1365fd2-2e69-4cbc-bb61-13c53c057a25 0.051s
2024-12-14 13:17:05.638 66400 INFO tempest.lib.common.rest_client [req-ae6c33b6-2d7e-44fc-8c48-add5ce8fe355 req-ae6c33b6-2d7e-44fc-8c48-add5ce8fe355 ] Request (ServerActionsTestOtherB:setUpClass): 200 GET http://10.180.1.21/compute/v2.1/servers/9c68659d-0d8e-4370-8f58-93b5955b46ba 0.074s
2024-12-14 13:17:05.653 66458 INFO tempest.lib.common.rest_client [req-65513c36-243b-49e8-9ff0-16242034bbef req-65513c36-243b-49e8-9ff0-16242034bbef ] Request (FloatingIPsAssociationTestJSON:test_associate_already_associated_floating_ip): 200 GET http://10.180.1.21/compute/v2.1/servers/c801be10-4ae2-4a93-a63a-44b2cae5c143 0.132s
2024-12-14 13:17:05.659 66458 INFO tempest.common.waiters [-] State transition "BUILD/block_device_mapping" ==> "BUILD/spawning" after 64 second wait
2024-12-14 13:17:05.725 66408 INFO tempest.lib.common.rest_client [req-707d524a-4be0-44d0-9ad5-bf57aed81157 req-707d524a-4be0-44d0-9ad5-bf57aed81157 ] Request (ServerMetadataTestJSON:tearDownClass): 200 GET http://10.180.1.21/compute/v2.1/servers/b025f8b3-b036-4f68-bd31-ec7c5e9edaf9 0.060s
2024-12-14 13:17:05.760 66430 INFO tempest.lib.common.rest_client [req-148f0f0b-ea93-4003-a066-27e23699159d req-148f0f0b-ea93-4003-a066-27e23699159d ] Request (ListServerFiltersTestJSON:tearDownClass): 200 GET http://10.180.1.21/compute/v2.1/servers/270451b4-5dbf-450c-9495-900b2f546a97 0.058s
2024-12-14 13:17:05.796 66452 INFO tempest.lib.common.rest_client [req-bb60afcc-cf95-4943-81c5-e1a21ebecfb7 req-bb60afcc-cf95-4943-81c5-e1a21ebecfb7 ] Request (VolumesAdminNegativeTest:test_update_attached_volume_with_nonexistent_volume_in_uri): 200 GET http://10.180.1.21/compute/v2.1/servers/44c97f12-c4a6-43a8-aac3-78b7957b3f38 0.050s
2024-12-14 13:17:05.854 66420 INFO tempest.lib.common.rest_client [req-0f0ec6f1-e9d3-4fed-863b-a0361616115c req-0f0ec6f1-e9d3-4fed-863b-a0361616115c ] Request (InstanceActionsV221TestJSON:test_get_list_deleted_instance_actions): 200 GET http://10.180.1.21/compute/v2.1/servers/343d460e-b762-423d-b26d-072ceda052d7 0.063s
2024-12-14 13:17:05.915 66412 INFO tempest.lib.common.rest_client [req-17c1d4fa-8209-48ee-9cd2-a396e7c96382 req-17c1d4fa-8209-48ee-9cd2-a396e7c96382 ] Request (ServersAdminTestJSON:test_inject_network_info): 200 GET http://10.180.1.21/compute/v2.1/servers/18d40fc1-3ab4-4b9e-96ce-652a3c6563d4 0.059s
2024-12-14 13:17:05.915 66432 INFO tempest.lib.common.rest_client [req-f1130d51-0b5a-4d56-9896-a6e169069d46 req-f1130d51-0b5a-4d56-9896-a6e169069d46 ] Request (ServersAdminNegativeTestJSON:test_migrate_server_invalid_state): 200 GET http://10.180.1.21/compute/v2.1/servers/b2e57b1c-01b2-4f8e-98dd-d4f4235565ae 0.058s
2024-12-14 13:17:05.921 66412 INFO tempest.common.waiters [-] State transition "BUILD/None" ==> "BUILD/networking" after 59 second wait
2024-12-14 13:17:05.922 66448 WARNING tempest.lib.common.ssh [-] Failed to establish authenticated ssh connection to cirros@10.180.180.155 ([Errno None] Unable to connect to port 22 on 10.180.180.155). Number attempts: 9. Retry after 10 seconds.: paramiko.ssh_exception.NoValidConnectionsError: [Errno None] Unable to connect to port 22 on 10.180.180.155
2024-12-14 13:17:05.964 66424 INFO tempest.lib.common.rest_client [req-4b9c318e-e0ad-4f29-a3e9-75f991259bf5 req-4b9c318e-e0ad-4f29-a3e9-75f991259bf5 ] Request (SecurityGroupsTestJSON:test_server_security_groups): 200 GET http://10.180.1.21/compute/v2.1/servers/d8552fad-e6dd-4576-ac50-941cffd932e3 0.066s
2024-12-14 13:17:05.997 66426 INFO tempest.lib.common.rest_client [req-7681c5d7-98d2-4480-9243-ff820b20d1dc req-7681c5d7-98d2-4480-9243-ff820b20d1dc ] Request (VolumesAssistedSnapshotsTest:_run_cleanups): 200 GET http://10.180.1.21/volume/v3/volumes/310fb3ff-b8c7-454a-9894-4cf79ad1255b 0.030s
2024-12-14 13:17:06.182 66402 INFO tempest.lib.common.rest_client [req-e85d3c6f-153f-4a28-8ff2-cd17dbbc2012 req-e85d3c6f-153f-4a28-8ff2-cd17dbbc2012 ] Request (ServerRescueTestJSONUnderV235:tearDownClass): 200 GET http://10.180.1.21/compute/v2.1/servers/c202a47a-50ac-4056-a370-76ee0169a4af 0.063s
2024-12-14 13:17:06.290 66410 INFO tempest.lib.common.rest_client [req-d51ba880-f953-4456-9aec-b36ab274f5ea req-d51ba880-f953-4456-9aec-b36ab274f5ea ] Request (ListServersNegativeTestJSON:setUpClass): 200 GET http://10.180.1.21/compute/v2.1/servers/d8035c57-5ca0-48f5-bb18-93827db750f2 0.080s
2024-12-14 13:17:06.302 66438 WARNING tempest.lib.common.ssh [-] Failed to establish authenticated ssh connection to cirros@10.180.180.223 ([Errno None] Unable to connect to port 22 on 10.180.180.223). Number attempts: 2. Retry after 3 seconds.: paramiko.ssh_exception.NoValidConnectionsError: [Errno None] Unable to connect to port 22 on 10.180.180.223
2024-12-14 13:17:06.365 66422 INFO tempest.lib.common.rest_client [req-07d392ad-c497-43d0-84cc-3dbec51b79da req-07d392ad-c497-43d0-84cc-3dbec51b79da ] Request (ListImageFiltersTestJSON:setUpClass): 200 GET http://10.180.1.21/compute/v2.1/servers/dbe11c40-bebb-4c51-bd89-1dff368ba074 0.155s
2024-12-14 13:17:06.375 66457 INFO tempest.lib.common.rest_client [req-8712cd7d-2831-42eb-b1ce-7a696b4e4da3 req-8712cd7d-2831-42eb-b1ce-7a696b4e4da3 ] Request (ServersAdmin275Test:tearDownClass): 200 GET http://10.180.1.21/compute/v2.1/servers/357808a6-b1be-4a2e-bf3e-0acca52c65bb 0.101s
2024-12-14 13:17:06.442 66442 INFO tempest.lib.common.rest_client [req-7fc8dd64-20b9-4a5d-ba0f-eb5abdc804a9 req-7fc8dd64-20b9-4a5d-ba0f-eb5abdc804a9 ] Request (ServersV294TestFqdnHostnames:setUpClass): 200 GET http://10.180.1.21/compute/v2.1/servers/86aee71e-451d-40a7-b018-f95d33aefc9c 0.129s
2024-12-14 13:17:06.622 66416 INFO tempest.lib.common.rest_client [req-564af7e4-9080-4f21-8d6c-39b05c692e64 req-564af7e4-9080-4f21-8d6c-39b05c692e64 ] Request (ServersTestMultiNic:test_verify_duplicate_network_nics): 200 GET http://10.180.1.21/compute/v2.1/servers/c0e19770-8f39-4621-9122-1d80d527642c 0.100s
2024-12-14 13:17:06.622 66414 WARNING tempest.lib.common.ssh [-] Failed to establish authenticated ssh connection to cirros@10.180.180.180 ([Errno None] Unable to connect to port 22 on 10.180.180.180). Number attempts: 12. Retry after 13 seconds.: paramiko.ssh_exception.NoValidConnectionsError: [Errno None] Unable to connect to port 22 on 10.180.180.180
2024-12-14 13:17:06.631 66450 INFO tempest.lib.common.rest_client [req-20836ebb-519f-4875-a398-e3a3a1aea590 req-20836ebb-519f-4875-a398-e3a3a1aea590 ] Request (ServerDiskConfigTestJSON:test_resize_server_from_auto_to_manual): 200 GET http://10.180.1.21/compute/v2.1/servers/219bed14-d0ad-46eb-b2ec-2a3f240303b2 0.070s
2024-12-14 13:17:06.671 66404 INFO tempest.lib.common.rest_client [req-bbe48f38-3d7d-41a1-a6b7-720354bc4c5d req-bbe48f38-3d7d-41a1-a6b7-720354bc4c5d ] Request (ImagesTestJSON:test_create_image_from_suspended_server): 200 GET http://10.180.1.21/compute/v2.1/images/f1365fd2-2e69-4cbc-bb61-13c53c057a25 0.082s
2024-12-14 13:17:06.710 66400 INFO tempest.lib.common.rest_client [req-5e6d9ce1-7b31-49df-886b-f8de9bb1bc08 req-5e6d9ce1-7b31-49df-886b-f8de9bb1bc08 ] Request (ServerActionsTestOtherB:setUpClass): 200 GET http://10.180.1.21/compute/v2.1/servers/9c68659d-0d8e-4370-8f58-93b5955b46ba 0.065s
2024-12-14 13:17:06.818 66408 INFO tempest.lib.common.rest_client [req-8079405a-40fa-44c1-9599-17847ce15f10 req-8079405a-40fa-44c1-9599-17847ce15f10 ] Request (ServerMetadataTestJSON:tearDownClass): 200 GET http://10.180.1.21/compute/v2.1/servers/b025f8b3-b036-4f68-bd31-ec7c5e9edaf9 0.086s
2024-12-14 13:17:06.819 66458 INFO tempest.lib.common.rest_client [req-202e2508-bcad-4581-9cf6-c1ea0feed2b7 req-202e2508-bcad-4581-9cf6-c1ea0feed2b7 ] Request (FloatingIPsAssociationTestJSON:test_associate_already_associated_floating_ip): 200 GET http://10.180.1.21/compute/v2.1/servers/c801be10-4ae2-4a93-a63a-44b2cae5c143 0.159s
2024-12-14 13:17:06.876 66452 INFO tempest.lib.common.rest_client [req-e97b479a-04b3-4aa5-9836-dc39be64eb7e req-e97b479a-04b3-4aa5-9836-dc39be64eb7e ] Request (VolumesAdminNegativeTest:test_update_attached_volume_with_nonexistent_volume_in_uri): 200 GET http://10.180.1.21/compute/v2.1/servers/44c97f12-c4a6-43a8-aac3-78b7957b3f38 0.072s
2024-12-14 13:17:06.882 66430 INFO tempest.lib.common.rest_client [req-a4959cbd-429e-4970-b373-cd5f50f894b5 req-a4959cbd-429e-4970-b373-cd5f50f894b5 ] Request (ListServerFiltersTestJSON:tearDownClass): 200 GET http://10.180.1.21/compute/v2.1/servers/270451b4-5dbf-450c-9495-900b2f546a97 0.115s
2024-12-14 13:17:06.923 66420 INFO tempest.lib.common.rest_client [req-46e2ffda-970e-46fd-a39c-0adda7f1426d req-46e2ffda-970e-46fd-a39c-0adda7f1426d ] Request (InstanceActionsV221TestJSON:test_get_list_deleted_instance_actions): 200 GET http://10.180.1.21/compute/v2.1/servers/343d460e-b762-423d-b26d-072ceda052d7 0.060s
2024-12-14 13:17:06.977 66432 INFO tempest.lib.common.rest_client [req-4cd6d751-8c58-44e7-97af-cba840970354 req-4cd6d751-8c58-44e7-97af-cba840970354 ] Request (ServersAdminNegativeTestJSON:test_migrate_server_invalid_state): 200 GET http://10.180.1.21/compute/v2.1/servers/b2e57b1c-01b2-4f8e-98dd-d4f4235565ae 0.053s
2024-12-14 13:17:07.021 66426 INFO tempest.lib.common.rest_client [req-2850b681-d3a7-4a3a-9684-b26694ee9b4e req-2850b681-d3a7-4a3a-9684-b26694ee9b4e ] Request (VolumesAssistedSnapshotsTest:_run_cleanups): 404 GET http://10.180.1.21/volume/v3/volumes/310fb3ff-b8c7-454a-9894-4cf79ad1255b 0.014s
2024-12-14 13:17:07.025 66424 INFO tempest.lib.common.rest_client [req-746c9f03-f9bd-4ca0-aab0-3656b3eb6511 req-746c9f03-f9bd-4ca0-aab0-3656b3eb6511 ] Request (SecurityGroupsTestJSON:test_server_security_groups): 200 GET http://10.180.1.21/compute/v2.1/servers/d8552fad-e6dd-4576-ac50-941cffd932e3 0.054s
2024-12-14 13:17:07.120 66426 INFO tempest.lib.common.rest_client [req-2a44cc7b-784c-4617-bf7f-d001e63711cf req-2a44cc7b-784c-4617-bf7f-d001e63711cf ] Request (VolumesAssistedSnapshotsTest:tearDownClass): 204 DELETE http://10.180.1.21/compute/v2.1/servers/03222b41-6488-49b1-a214-837f3c33f7bc 0.093s
2024-12-14 13:17:07.299 66412 INFO tempest.lib.common.rest_client [req-b68a011c-9813-4b4a-ac68-2e840191da85 req-b68a011c-9813-4b4a-ac68-2e840191da85 ] Request (ServersAdminTestJSON:test_inject_network_info): 200 GET http://10.180.1.21/compute/v2.1/servers/18d40fc1-3ab4-4b9e-96ce-652a3c6563d4 0.377s
2024-12-14 13:17:07.314 66412 INFO tempest.common.waiters [-] State transition "BUILD/networking" ==> "BUILD/block_device_mapping" after 61 second wait
2024-12-14 13:17:07.369 66402 INFO tempest.lib.common.rest_client [req-1256320d-17e5-47ae-b59e-c38aad510f3e req-1256320d-17e5-47ae-b59e-c38aad510f3e ] Request (ServerRescueTestJSONUnderV235:tearDownClass): 200 GET http://10.180.1.21/compute/v2.1/servers/c202a47a-50ac-4056-a370-76ee0169a4af 0.177s
2024-12-14 13:17:07.427 66410 INFO tempest.lib.common.rest_client [req-df0a9365-a2e6-436f-9ae5-1e4e2092b8a8 req-df0a9365-a2e6-436f-9ae5-1e4e2092b8a8 ] Request (ListServersNegativeTestJSON:setUpClass): 200 GET http://10.180.1.21/compute/v2.1/servers/d8035c57-5ca0-48f5-bb18-93827db750f2 0.127s
2024-12-14 13:17:07.441 66426 INFO tempest.lib.common.rest_client [req-3ecca184-4125-46f9-8e74-e7ac0be609bc req-3ecca184-4125-46f9-8e74-e7ac0be609bc ] Request (VolumesAssistedSnapshotsTest:tearDownClass): 200 GET http://10.180.1.21/compute/v2.1/servers/03222b41-6488-49b1-a214-837f3c33f7bc 0.320s
2024-12-14 13:17:07.505 66457 INFO tempest.lib.common.rest_client [req-7036feb0-08fa-48a5-b08e-e952dc45f893 req-7036feb0-08fa-48a5-b08e-e952dc45f893 ] Request (ServersAdmin275Test:tearDownClass): 200 GET http://10.180.1.21/compute/v2.1/servers/357808a6-b1be-4a2e-bf3e-0acca52c65bb 0.121s
2024-12-14 13:17:07.558 66442 INFO tempest.lib.common.rest_client [req-48a5736a-f806-47e2-9c67-0ff05d40e589 req-48a5736a-f806-47e2-9c67-0ff05d40e589 ] Request (ServersV294TestFqdnHostnames:setUpClass): 200 GET http://10.180.1.21/compute/v2.1/servers/86aee71e-451d-40a7-b018-f95d33aefc9c 0.106s
2024-12-14 13:17:07.574 66422 INFO tempest.lib.common.rest_client [req-95885d71-8ef0-404c-8a42-bc38e726279e req-95885d71-8ef0-404c-8a42-bc38e726279e ] Request (ListImageFiltersTestJSON:setUpClass): 200 GET http://10.180.1.21/compute/v2.1/servers/dbe11c40-bebb-4c51-bd89-1dff368ba074 0.202s
2024-12-14 13:17:07.684 66416 INFO tempest.lib.common.rest_client [req-00d2e497-0e13-4df5-9e55-aa924a96a9b6 req-00d2e497-0e13-4df5-9e55-aa924a96a9b6 ] Request (ServersTestMultiNic:test_verify_duplicate_network_nics): 200 GET http://10.180.1.21/compute/v2.1/servers/c0e19770-8f39-4621-9122-1d80d527642c 0.053s
2024-12-14 13:17:07.698 66450 INFO tempest.lib.common.rest_client [req-787c58b9-b5b0-423f-af1c-cb7fae87d344 req-787c58b9-b5b0-423f-af1c-cb7fae87d344 ] Request (ServerDiskConfigTestJSON:test_resize_server_from_auto_to_manual): 200 GET http://10.180.1.21/compute/v2.1/servers/219bed14-d0ad-46eb-b2ec-2a3f240303b2 0.055s
2024-12-14 13:17:07.713 66404 INFO tempest.lib.common.rest_client [req-2770dc79-1c3f-4d0c-baab-9b53875d9a22 req-2770dc79-1c3f-4d0c-baab-9b53875d9a22 ] Request (ImagesTestJSON:test_create_image_from_suspended_server): 200 GET http://10.180.1.21/compute/v2.1/images/f1365fd2-2e69-4cbc-bb61-13c53c057a25 0.038s
2024-12-14 13:17:07.769 66400 INFO tempest.lib.common.rest_client [req-36bdaa79-0d16-4294-9746-79bf35e64f9d req-36bdaa79-0d16-4294-9746-79bf35e64f9d ] Request (ServerActionsTestOtherB:setUpClass): 200 GET http://10.180.1.21/compute/v2.1/servers/9c68659d-0d8e-4370-8f58-93b5955b46ba 0.051s
2024-12-14 13:17:07.898 66408 INFO tempest.lib.common.rest_client [req-94744218-b8e5-4f98-a8b5-80f7030e6026 req-94744218-b8e5-4f98-a8b5-80f7030e6026 ] Request (ServerMetadataTestJSON:tearDownClass): 200 GET http://10.180.1.21/compute/v2.1/servers/b025f8b3-b036-4f68-bd31-ec7c5e9edaf9 0.072s
2024-12-14 13:17:07.964 66452 INFO tempest.lib.common.rest_client [req-805e5c82-93f7-4aad-af63-5bfe05667e63 req-805e5c82-93f7-4aad-af63-5bfe05667e63 ] Request (VolumesAdminNegativeTest:test_update_attached_volume_with_nonexistent_volume_in_uri): 200 GET http://10.180.1.21/compute/v2.1/servers/44c97f12-c4a6-43a8-aac3-78b7957b3f38 0.081s
2024-12-14 13:17:07.990 66458 INFO tempest.lib.common.rest_client [req-820e2045-8658-4e68-99cd-c5db033029bb req-820e2045-8658-4e68-99cd-c5db033029bb ] Request (FloatingIPsAssociationTestJSON:test_associate_already_associated_floating_ip): 200 GET http://10.180.1.21/compute/v2.1/servers/c801be10-4ae2-4a93-a63a-44b2cae5c143 0.162s
2024-12-14 13:17:08.033 66430 INFO tempest.lib.common.rest_client [req-1e69b3f6-60ee-44bb-af15-36bc0d58521b req-1e69b3f6-60ee-44bb-af15-36bc0d58521b ] Request (ListServerFiltersTestJSON:tearDownClass): 200 GET http://10.180.1.21/compute/v2.1/servers/270451b4-5dbf-450c-9495-900b2f546a97 0.144s
2024-12-14 13:17:08.044 66420 INFO tempest.lib.common.rest_client [req-d5b3acf6-3b1f-429c-a76d-69abb15a24ca req-d5b3acf6-3b1f-429c-a76d-69abb15a24ca ] Request (InstanceActionsV221TestJSON:test_get_list_deleted_instance_actions): 200 GET http://10.180.1.21/compute/v2.1/servers/343d460e-b762-423d-b26d-072ceda052d7 0.112s
2024-12-14 13:17:08.102 66432 INFO tempest.lib.common.rest_client [req-47c809b4-dbf8-447a-aef6-0942a0a40914 req-47c809b4-dbf8-447a-aef6-0942a0a40914 ] Request (ServersAdminNegativeTestJSON:test_migrate_server_invalid_state): 200 GET http://10.180.1.21/compute/v2.1/servers/b2e57b1c-01b2-4f8e-98dd-d4f4235565ae 0.116s
2024-12-14 13:17:08.108 66424 INFO tempest.lib.common.rest_client [req-ad765009-aedc-4a8d-a48d-8ce704df3091 req-ad765009-aedc-4a8d-a48d-8ce704df3091 ] Request (SecurityGroupsTestJSON:test_server_security_groups): 200 GET http://10.180.1.21/compute/v2.1/servers/d8552fad-e6dd-4576-ac50-941cffd932e3 0.075s
2024-12-14 13:17:08.414 66460 WARNING tempest.lib.common.ssh [-] Failed to establish authenticated ssh connection to cirros@10.180.180.232 ([Errno None] Unable to connect to port 22 on 10.180.180.232). Number attempts: 4. Retry after 5 seconds.: paramiko.ssh_exception.NoValidConnectionsError: [Errno None] Unable to connect to port 22 on 10.180.180.232
2024-12-14 13:17:08.429 66412 INFO tempest.lib.common.rest_client [req-b20493f4-8c3f-4ba6-a071-f0f153b886b8 req-b20493f4-8c3f-4ba6-a071-f0f153b886b8 ] Request (ServersAdminTestJSON:test_inject_network_info): 200 GET http://10.180.1.21/compute/v2.1/servers/18d40fc1-3ab4-4b9e-96ce-652a3c6563d4 0.114s
2024-12-14 13:17:08.435 66412 INFO tempest.common.waiters [-] State transition "BUILD/block_device_mapping" ==> "BUILD/spawning" after 62 second wait
2024-12-14 13:17:08.441 66402 INFO tempest.lib.common.rest_client [req-0668a980-260f-452c-a45c-560ca0f6c8ea req-0668a980-260f-452c-a45c-560ca0f6c8ea ] Request (ServerRescueTestJSONUnderV235:tearDownClass): 200 GET http://10.180.1.21/compute/v2.1/servers/c202a47a-50ac-4056-a370-76ee0169a4af 0.062s
2024-12-14 13:17:08.484 66410 INFO tempest.lib.common.rest_client [req-5d019cf2-7bd4-4210-a6e1-fcc92052a221 req-5d019cf2-7bd4-4210-a6e1-fcc92052a221 ] Request (ListServersNegativeTestJSON:setUpClass): 200 GET http://10.180.1.21/compute/v2.1/servers/d8035c57-5ca0-48f5-bb18-93827db750f2 0.050s
2024-12-14 13:17:08.563 66426 INFO tempest.lib.common.rest_client [req-c6ab40a9-db6c-4611-a0d5-4e1f124a5695 req-c6ab40a9-db6c-4611-a0d5-4e1f124a5695 ] Request (VolumesAssistedSnapshotsTest:tearDownClass): 200 GET http://10.180.1.21/compute/v2.1/servers/03222b41-6488-49b1-a214-837f3c33f7bc 0.113s
2024-12-14 13:17:08.582 66457 INFO tempest.lib.common.rest_client [req-aad50a4a-4c2e-465b-80ad-e995d53b87de req-aad50a4a-4c2e-465b-80ad-e995d53b87de ] Request (ServersAdmin275Test:tearDownClass): 200 GET http://10.180.1.21/compute/v2.1/servers/357808a6-b1be-4a2e-bf3e-0acca52c65bb 0.068s
2024-12-14 13:17:08.649 66442 INFO tempest.lib.common.rest_client [req-b77df269-103b-41f0-b062-a1a309aa5aaa req-b77df269-103b-41f0-b062-a1a309aa5aaa ] Request (ServersV294TestFqdnHostnames:setUpClass): 200 GET http://10.180.1.21/compute/v2.1/servers/86aee71e-451d-40a7-b018-f95d33aefc9c 0.081s
2024-12-14 13:17:08.724 66422 INFO tempest.lib.common.rest_client [req-0a01e414-189e-40c6-b053-4049106c500f req-0a01e414-189e-40c6-b053-4049106c500f ] Request (ListImageFiltersTestJSON:setUpClass): 200 GET http://10.180.1.21/compute/v2.1/servers/dbe11c40-bebb-4c51-bd89-1dff368ba074 0.142s
2024-12-14 13:17:08.757 66416 INFO tempest.lib.common.rest_client [req-11a7e5b0-700e-494d-904c-418b215d7f3a req-11a7e5b0-700e-494d-904c-418b215d7f3a ] Request (ServersTestMultiNic:test_verify_duplicate_network_nics): 200 GET http://10.180.1.21/compute/v2.1/servers/c0e19770-8f39-4621-9122-1d80d527642c 0.065s
2024-12-14 13:17:08.785 66450 INFO tempest.lib.common.rest_client [req-e5df1e73-9306-40f3-9def-4e250aebbabd req-e5df1e73-9306-40f3-9def-4e250aebbabd ] Request (ServerDiskConfigTestJSON:test_resize_server_from_auto_to_manual): 200 GET http://10.180.1.21/compute/v2.1/servers/219bed14-d0ad-46eb-b2ec-2a3f240303b2 0.080s
2024-12-14 13:17:08.812 66404 INFO tempest.lib.common.rest_client [req-987b23b0-ec7f-407b-9aad-2044f91b7e62 req-987b23b0-ec7f-407b-9aad-2044f91b7e62 ] Request (ImagesTestJSON:test_create_image_from_suspended_server): 200 GET http://10.180.1.21/compute/v2.1/images/f1365fd2-2e69-4cbc-bb61-13c53c057a25 0.095s
2024-12-14 13:17:08.843 66400 INFO tempest.lib.common.rest_client [req-8690b4cf-f8b1-4965-ba4e-090e19b149ca req-8690b4cf-f8b1-4965-ba4e-090e19b149ca ] Request (ServerActionsTestOtherB:setUpClass): 200 GET http://10.180.1.21/compute/v2.1/servers/9c68659d-0d8e-4370-8f58-93b5955b46ba 0.067s
2024-12-14 13:17:08.967 66408 INFO tempest.lib.common.rest_client [req-bda76a98-d3d1-4c15-94ef-8f4bf544a73b req-bda76a98-d3d1-4c15-94ef-8f4bf544a73b ] Request (ServerMetadataTestJSON:tearDownClass): 200 GET http://10.180.1.21/compute/v2.1/servers/b025f8b3-b036-4f68-bd31-ec7c5e9edaf9 0.063s
2024-12-14 13:17:09.024 66452 INFO tempest.lib.common.rest_client [req-ac5f13ce-a3fb-4663-b224-0c8b7290ed5b req-ac5f13ce-a3fb-4663-b224-0c8b7290ed5b ] Request (VolumesAdminNegativeTest:test_update_attached_volume_with_nonexistent_volume_in_uri): 200 GET http://10.180.1.21/compute/v2.1/servers/44c97f12-c4a6-43a8-aac3-78b7957b3f38 0.052s
2024-12-14 13:17:09.120 66430 INFO tempest.lib.common.rest_client [req-2bb53378-01d5-416a-a6b8-bf35fabde66d req-2bb53378-01d5-416a-a6b8-bf35fabde66d ] Request (ListServerFiltersTestJSON:tearDownClass): 200 GET http://10.180.1.21/compute/v2.1/servers/270451b4-5dbf-450c-9495-900b2f546a97 0.079s
2024-12-14 13:17:09.132 66458 INFO tempest.lib.common.rest_client [req-509985ae-da66-4407-8add-9240fa944780 req-509985ae-da66-4407-8add-9240fa944780 ] Request (FloatingIPsAssociationTestJSON:test_associate_already_associated_floating_ip): 200 GET http://10.180.1.21/compute/v2.1/servers/c801be10-4ae2-4a93-a63a-44b2cae5c143 0.134s
2024-12-14 13:17:09.178 66420 INFO tempest.lib.common.rest_client [req-8de38e1b-b54d-4ce5-bc74-8a3d8f8ffc34 req-8de38e1b-b54d-4ce5-bc74-8a3d8f8ffc34 ] Request (InstanceActionsV221TestJSON:test_get_list_deleted_instance_actions): 200 GET http://10.180.1.21/compute/v2.1/servers/343d460e-b762-423d-b26d-072ceda052d7 0.124s
2024-12-14 13:17:09.264 66424 INFO tempest.lib.common.rest_client [req-53aa68f2-77c8-4023-a8c4-7c299d8613ef req-53aa68f2-77c8-4023-a8c4-7c299d8613ef ] Request (SecurityGroupsTestJSON:test_server_security_groups): 200 GET http://10.180.1.21/compute/v2.1/servers/d8552fad-e6dd-4576-ac50-941cffd932e3 0.149s
2024-12-14 13:17:09.331 66432 INFO tempest.lib.common.rest_client [req-4318f1cb-b7ed-49d3-ab4b-7f9906b95048 req-4318f1cb-b7ed-49d3-ab4b-7f9906b95048 ] Request (ServersAdminNegativeTestJSON:test_migrate_server_invalid_state): 200 GET http://10.180.1.21/compute/v2.1/servers/b2e57b1c-01b2-4f8e-98dd-d4f4235565ae 0.220s
2024-12-14 13:17:09.342 66432 INFO tempest.common.waiters [-] State transition "BUILD/None" ==> "BUILD/networking" after 59 second wait
2024-12-14 13:17:09.438 66446 WARNING tempest.lib.common.ssh [-] Failed to establish authenticated ssh connection to cirros@10.180.180.229 ([Errno None] Unable to connect to port 22 on 10.180.180.229). Number attempts: 3. Retry after 4 seconds.: paramiko.ssh_exception.NoValidConnectionsError: [Errno None] Unable to connect to port 22 on 10.180.180.229
2024-12-14 13:17:09.549 66402 INFO tempest.lib.common.rest_client [req-2899cba0-18f4-4abb-b6d9-cfd53176f251 req-2899cba0-18f4-4abb-b6d9-cfd53176f251 ] Request (ServerRescueTestJSONUnderV235:tearDownClass): 200 GET http://10.180.1.21/compute/v2.1/servers/c202a47a-50ac-4056-a370-76ee0169a4af 0.101s
2024-12-14 13:17:09.617 66410 INFO tempest.lib.common.rest_client [req-0e349507-13b7-42d0-b8fa-da6c4da36ca1 req-0e349507-13b7-42d0-b8fa-da6c4da36ca1 ] Request (ListServersNegativeTestJSON:setUpClass): 200 GET http://10.180.1.21/compute/v2.1/servers/d8035c57-5ca0-48f5-bb18-93827db750f2 0.126s
2024-12-14 13:17:09.645 66412 INFO tempest.lib.common.rest_client [req-0f2c7a5e-75c6-4bb6-b642-64f68d5b54f7 req-0f2c7a5e-75c6-4bb6-b642-64f68d5b54f7 ] Request (ServersAdminTestJSON:test_inject_network_info): 200 GET http://10.180.1.21/compute/v2.1/servers/18d40fc1-3ab4-4b9e-96ce-652a3c6563d4 0.209s
2024-12-14 13:17:09.744 66457 INFO tempest.lib.common.rest_client [req-a7d78b1d-dc0a-4395-aded-5ae99ff5dd39 req-a7d78b1d-dc0a-4395-aded-5ae99ff5dd39 ] Request (ServersAdmin275Test:tearDownClass): 200 GET http://10.180.1.21/compute/v2.1/servers/357808a6-b1be-4a2e-bf3e-0acca52c65bb 0.153s
2024-12-14 13:17:09.775 66426 INFO tempest.lib.common.rest_client [req-5aa70499-6981-4cc6-b987-54d61ea27b55 req-5aa70499-6981-4cc6-b987-54d61ea27b55 ] Request (VolumesAssistedSnapshotsTest:tearDownClass): 200 GET http://10.180.1.21/compute/v2.1/servers/03222b41-6488-49b1-a214-837f3c33f7bc 0.204s
2024-12-14 13:17:09.812 66442 INFO tempest.lib.common.rest_client [req-185406a4-3e0c-48b8-ae56-6fb19279fb48 req-185406a4-3e0c-48b8-ae56-6fb19279fb48 ] Request (ServersV294TestFqdnHostnames:setUpClass): 200 GET http://10.180.1.21/compute/v2.1/servers/86aee71e-451d-40a7-b018-f95d33aefc9c 0.154s
2024-12-14 13:17:09.881 66416 INFO tempest.lib.common.rest_client [req-e6908772-2756-4f9f-a401-70e43057efc5 req-e6908772-2756-4f9f-a401-70e43057efc5 ] Request (ServersTestMultiNic:test_verify_duplicate_network_nics): 200 GET http://10.180.1.21/compute/v2.1/servers/c0e19770-8f39-4621-9122-1d80d527642c 0.103s
2024-12-14 13:17:09.909 66422 INFO tempest.lib.common.rest_client [req-b011331f-968f-410f-8310-88f4ca678f00 req-b011331f-968f-410f-8310-88f4ca678f00 ] Request (ListImageFiltersTestJSON:setUpClass): 200 GET http://10.180.1.21/compute/v2.1/servers/dbe11c40-bebb-4c51-bd89-1dff368ba074 0.178s
2024-12-14 13:17:09.941 66450 INFO tempest.lib.common.rest_client [req-40c72bad-2174-4bb4-b446-9a9a02861bca req-40c72bad-2174-4bb4-b446-9a9a02861bca ] Request (ServerDiskConfigTestJSON:test_resize_server_from_auto_to_manual): 200 GET http://10.180.1.21/compute/v2.1/servers/219bed14-d0ad-46eb-b2ec-2a3f240303b2 0.143s
2024-12-14 13:17:09.948 66404 INFO tempest.lib.common.rest_client [req-f41c98cc-b9af-4e9f-9f04-a76e3962e3cc req-f41c98cc-b9af-4e9f-9f04-a76e3962e3cc ] Request (ImagesTestJSON:test_create_image_from_suspended_server): 200 GET http://10.180.1.21/compute/v2.1/images/f1365fd2-2e69-4cbc-bb61-13c53c057a25 0.132s
