2024-12-14 13:15:45.570 66460 INFO tempest.lib.common.rest_client [req-bb525d09-81a5-4e42-9d3c-f23c8c727455 req-bb525d09-81a5-4e42-9d3c-f23c8c727455 ] Request (AttachVolumeShelveTestJSON:test_attach_volume_shelved_or_offload_server): 200 GET http://10.180.1.21/compute/v2.1/servers/33d1d454-1f32-4f67-9535-5d5e649887af 1.157s
2024-12-14 13:15:45.635 66434 INFO tempest.lib.common.rest_client [req-e6126060-feb9-495d-9513-d46ad2b5f0c7 req-e6126060-feb9-495d-9513-d46ad2b5f0c7 ] Request (ServerActionsTestOtherA:setUpClass): 200 GET http://10.180.1.21/compute/v2.1/servers/38c29c47-4b8e-42b4-8288-4fb00c05cd38 1.153s
2024-12-14 13:15:45.696 66412 INFO tempest.lib.common.rest_client [req-a6313a8d-65df-4b0f-80ed-c333578a0fb1 req-a6313a8d-65df-4b0f-80ed-c333578a0fb1 ] Request (ServersAdminTestJSON:test_create_server_with_scheduling_hint): 200 GET http://10.180.1.21/compute/v2.1/servers/3db39109-29eb-4dd7-93b4-33cfd2b7a716 1.204s
2024-12-14 13:15:45.731 66458 INFO tempest.lib.common.rest_client [req-89d90ec2-2187-4508-829f-bda9bc55ccdb req-89d90ec2-2187-4508-829f-bda9bc55ccdb ] Request (FloatingIPsAssociationTestJSON:setUpClass): 200 GET http://10.180.1.21/compute/v2.1/servers/98ed31cb-4b3d-4e7a-8a38-1d747eca2792 1.307s
2024-12-14 13:15:45.739 66458 INFO tempest.common.waiters [-] State transition "BUILD/None" ==> "BUILD/networking" after 35 second wait
2024-12-14 13:15:45.757 66440 INFO tempest.lib.common.rest_client [req-6d1dc320-473d-481a-81ab-bb42a45532a5 req-6d1dc320-473d-481a-81ab-bb42a45532a5 ] Request (InstanceActionsTestJSON:tearDownClass): 200 GET http://10.180.1.21/compute/v2.1/servers/b9c20761-4bf1-4baf-9d77-948feb1d435c 1.189s
2024-12-14 13:15:45.766 66422 INFO tempest.lib.common.rest_client [req-4cca875a-4a0d-4b05-a261-9c8823c1e521 req-4cca875a-4a0d-4b05-a261-9c8823c1e521 ] Request (ListImageFiltersTestJSON:setUpClass): 200 GET http://10.180.1.21/compute/v2.1/images/11ed693a-26bd-4d6b-8488-973037502b3f 1.128s
2024-12-14 13:15:45.796 66404 INFO tempest.lib.common.rest_client [req-aedb7d25-23b7-409c-9fb2-66fd4f4bb28d req-aedb7d25-23b7-409c-9fb2-66fd4f4bb28d ] Request (ImagesTestJSON:test_create_image_from_stopped_server): 200 GET http://10.180.1.21/compute/v2.1/images/52d35b16-78fa-400b-abf9-77938a982c4a 1.125s
2024-12-14 13:15:45.816 66446 INFO tempest.lib.common.rest_client [req-49916012-dd25-4324-bfc9-61ee1a7d50da req-49916012-dd25-4324-bfc9-61ee1a7d50da ] Request (ServersTestBootFromVolume:setUpClass): 200 GET http://10.180.1.21/compute/v2.1/servers/30492d40-8f2a-4270-a033-59ada9031bef 1.176s
2024-12-14 13:15:45.840 66404 INFO tempest.lib.common.rest_client [req-25116969-5dcb-4464-b148-9331adaaeaf6 req-25116969-5dcb-4464-b148-9331adaaeaf6 ] Request (ImagesTestJSON:test_create_image_from_stopped_server): 200 GET http://10.180.1.21/image/v2/images/52d35b16-78fa-400b-abf9-77938a982c4a/tasks 0.041s
2024-12-14 13:15:45.862 66457 INFO tempest.lib.common.rest_client [req-3487cac6-b57b-41fe-af16-eea10ee12316 req-3487cac6-b57b-41fe-af16-eea10ee12316 ] Request (ServersAdmin275Test:test_rebuild_update_server_275): 200 GET http://10.180.1.21/compute/v2.1/servers/357808a6-b1be-4a2e-bf3e-0acca52c65bb 1.185s
2024-12-14 13:15:45.949 66442 INFO tempest.lib.common.rest_client [req-153a3fc4-f7ae-477d-a605-667764f77975 req-153a3fc4-f7ae-477d-a605-667764f77975 ] Request (ImagesNegativeTestJSON:test_create_image_from_deleted_server): 200 GET http://10.180.1.21/compute/v2.1/servers/60000f2d-9fcc-4139-a19e-ec58387a243d 1.101s
2024-12-14 13:15:45.977 66444 INFO tempest.lib.common.rest_client [req-12edde20-4576-467d-a1a7-0c58bb4e637a req-12edde20-4576-467d-a1a7-0c58bb4e637a ] Request (ServerActionsV293TestJSON:setUpClass): 200 GET http://10.180.1.21/compute/v2.1/servers/755e9b02-03fc-47a8-95d2-60c5dce362c0 1.270s
2024-12-14 13:15:45.991 66444 INFO tempest.common.waiters [-] State transition "BUILD/block_device_mapping" ==> "BUILD/spawning" after 42 second wait
2024-12-14 13:15:46.182 66418 INFO tempest.lib.common.rest_client [req-bfeef980-9d8f-456b-88fc-e288c17d9a33 req-bfeef980-9d8f-456b-88fc-e288c17d9a33 ] Request (DeleteServersAdminTestJSON:test_delete_server_while_in_error_state): 200 GET http://10.180.1.21/compute/v2.1/servers/01a12c31-8582-4cd7-a85a-2029bc7ac6c4 1.206s
2024-12-14 13:15:46.258 66454 INFO tempest.lib.common.rest_client [req-6872f2d3-82e0-425b-9cbd-886a8b49beb4 req-6872f2d3-82e0-425b-9cbd-886a8b49beb4 ] Request (SecurityGroupRulesTestJSON:test_security_group_rules_create): 200 POST http://10.180.1.21/compute/v2.1/os-security-group-rules 1.164s
2024-12-14 13:15:46.266 66432 INFO tempest.lib.common.rest_client [req-65a9b14a-29b0-4779-8efe-a16268ca6560 req-65a9b14a-29b0-4779-8efe-a16268ca6560 ] Request (ServersAdminNegativeTestJSON:setUpClass): 200 GET http://10.180.1.21/compute/v2.1/servers/de3b2e6e-cd7b-4763-9c87-15d5b1d6668b 1.076s
2024-12-14 13:15:46.302 66436 WARNING tempest.lib.common.ssh [-] Failed to establish authenticated ssh connection to cirros@10.180.180.200 ([Errno None] Unable to connect to port 22 on 10.180.180.200). Number attempts: 5. Retry after 6 seconds.: paramiko.ssh_exception.NoValidConnectionsError: [Errno None] Unable to connect to port 22 on 10.180.180.200
2024-12-14 13:15:46.339 66438 INFO tempest.lib.common.rest_client [req-ccc49442-b3d9-4b0a-ae44-8d75d86079df req-ccc49442-b3d9-4b0a-ae44-8d75d86079df ] Request (AttachInterfacesUnderV243Test:test_add_remove_fixed_ip): 200 GET http://10.180.1.21/compute/v2.1/servers/4749f591-1b2b-4fa5-835e-4a83bd11f986 1.073s
2024-12-14 13:15:46.347 66420 INFO tempest.lib.common.rest_client [req-885ce409-e025-4215-89a1-85a16a67d6e3 req-885ce409-e025-4215-89a1-85a16a67d6e3 ] Request (AttachInterfacesV270Test:test_create_get_list_interfaces): 200 GET http://10.180.1.21/compute/v2.1/servers/75dbff7e-0fe3-401b-9fa5-fee79b4edb4c 1.063s
2024-12-14 13:15:46.408 66400 INFO tempest.lib.common.rest_client [req-3e80e027-437b-42dc-83e5-1a65656fb60b req-3e80e027-437b-42dc-83e5-1a65656fb60b ] Request (ImagesOneServerTestJSON:test_create_image_specify_multibyte_character_image_name): 200 GET http://10.180.1.21/compute/v2.1/images/cb7c79dc-201d-42da-8a1f-6c6edfab735b 0.697s
2024-12-14 13:15:46.448 66422 INFO tempest.lib.common.rest_client [req-11d8cea3-490c-4130-9b68-d227a8c28df4 req-11d8cea3-490c-4130-9b68-d227a8c28df4 ] Request (ListImageFiltersTestJSON:setUpClass): 200 GET http://10.180.1.21/compute/v2.1/images/11ed693a-26bd-4d6b-8488-973037502b3f 0.679s
2024-12-14 13:15:46.650 66410 INFO tempest.lib.common.rest_client [req-e7e92b6a-f1d1-4dd6-887b-f19991571aab req-e7e92b6a-f1d1-4dd6-887b-f19991571aab ] Request (ServerDiagnosticsNegativeTest:tearDownClass): 200 GET http://10.180.1.21/compute/v2.1/servers/48a2cbcd-666e-44c7-989b-3b1d66c08971 0.871s
2024-12-14 13:15:46.697 66430 INFO tempest.lib.common.rest_client [req-00127540-6284-43be-bdb4-bebddc338149 req-00127540-6284-43be-bdb4-bebddc338149 ] Request (ListServerFiltersTestJSON:test_list_servers_detailed_filter_by_flavor): 200 GET http://10.180.1.21/compute/v2.1/servers/detail?flavor=84 1.186s
2024-12-14 13:15:46.779 66462 INFO tempest.lib.common.rest_client [req-a4289014-d36d-4072-ac6b-37f1e20a6234 req-a4289014-d36d-4072-ac6b-37f1e20a6234 ] Request (ServerTagsTestJSON:setUpClass): 200 GET http://10.180.1.21/compute/v2.1/servers/b053a896-d055-4e0a-8f85-8871df4bf5c0 0.921s
2024-12-14 13:15:46.874 66422 INFO tempest.lib.common.rest_client [req-464808a9-5d9f-4a49-873b-a912f523d6fa req-464808a9-5d9f-4a49-873b-a912f523d6fa ] Request (ListImageFiltersTestJSON:setUpClass): 201 POST http://10.180.1.21/image/v2/images 0.419s
2024-12-14 13:15:46.969 66404 INFO tempest.lib.common.rest_client [req-560c0aaa-209a-421e-a656-9bf21b06398f req-560c0aaa-209a-421e-a656-9bf21b06398f ] Request (ImagesTestJSON:_run_cleanups): 204 DELETE http://10.180.1.21/compute/v2.1/images/52d35b16-78fa-400b-abf9-77938a982c4a 1.126s
2024-12-14 13:15:47.004 66448 INFO tempest.lib.common.rest_client [req-bd0207b4-d47d-4799-b777-049634f84007 req-bd0207b4-d47d-4799-b777-049634f84007 ] Request (AttachVolumeNegativeTest:test_attach_attached_volume_to_different_server): 200 GET http://10.180.1.21/compute/v2.1/servers/504108f5-c321-4acf-a629-e6f818af97cf 0.745s
2024-12-14 13:15:47.068 66450 INFO tempest.lib.common.rest_client [req-d93b4a0e-2b57-4101-840d-a2c07211e620 req-d93b4a0e-2b57-4101-840d-a2c07211e620 ] Request (ServerDiskConfigTestJSON:test_rebuild_server_with_manual_disk_config): 200 GET http://10.180.1.21/compute/v2.1/servers/bfed8bc0-b72f-4be1-9226-e8b903dc1f5c 0.736s
2024-12-14 13:15:47.144 66424 INFO tempest.lib.common.rest_client [req-139bc1bd-6c85-4952-bb73-8cce8ddf7663 req-139bc1bd-6c85-4952-bb73-8cce8ddf7663 ] Request (SecurityGroupsTestJSON:test_list_security_groups_by_server): 200 GET http://10.180.1.21/compute/v2.1/servers/7fcea3e1-b7b1-4da3-b562-f12e91d47d31 0.801s
2024-12-14 13:15:47.176 66454 INFO tempest.lib.common.rest_client [req-3e61b889-2d80-4347-8cc6-0fa239759728 req-3e61b889-2d80-4347-8cc6-0fa239759728 ] Request (SecurityGroupRulesTestJSON:test_security_group_rules_create_with_optional_cidr): 200 POST http://10.180.1.21/compute/v2.1/os-security-groups 0.914s
2024-12-14 13:15:47.197 66408 INFO tempest.lib.common.rest_client [req-c8ad8dc5-8b21-4098-948f-d7d3eeb61dac req-c8ad8dc5-8b21-4098-948f-d7d3eeb61dac ] Request (ServerMetadataTestJSON:setUpClass): 200 GET http://10.180.1.21/compute/v2.1/servers/b025f8b3-b036-4f68-bd31-ec7c5e9edaf9 0.803s
2024-12-14 13:15:47.239 66416 INFO tempest.lib.common.rest_client [req-cc2fad0a-3fb2-430b-a7e7-8d3b331db5d0 req-cc2fad0a-3fb2-430b-a7e7-8d3b331db5d0 ] Request (FloatingIPsAssociationNegativeTestJSON:tearDownClass): 200 GET http://10.180.1.21/compute/v2.1/servers/1af5d96c-08b1-45ed-ae51-d3509b7b4488 0.754s
2024-12-14 13:15:47.300 66460 INFO tempest.lib.common.rest_client [req-962cb9cc-7ffa-4ad8-b31b-af7aca469c80 req-962cb9cc-7ffa-4ad8-b31b-af7aca469c80 ] Request (AttachVolumeShelveTestJSON:test_attach_volume_shelved_or_offload_server): 200 GET http://10.180.1.21/compute/v2.1/servers/33d1d454-1f32-4f67-9535-5d5e649887af 0.721s
2024-12-14 13:15:47.356 66434 INFO tempest.lib.common.rest_client [req-eee3ed30-f865-4ded-8368-080a2f3a4490 req-eee3ed30-f865-4ded-8368-080a2f3a4490 ] Request (ServerActionsTestOtherA:setUpClass): 200 GET http://10.180.1.21/compute/v2.1/servers/38c29c47-4b8e-42b4-8288-4fb00c05cd38 0.712s
2024-12-14 13:15:47.423 66412 INFO tempest.lib.common.rest_client [req-9df12b4c-02e6-45bf-91a6-1d03d0193446 req-9df12b4c-02e6-45bf-91a6-1d03d0193446 ] Request (ServersAdminTestJSON:test_create_server_with_scheduling_hint): 200 GET http://10.180.1.21/compute/v2.1/servers/3db39109-29eb-4dd7-93b4-33cfd2b7a716 0.721s
2024-12-14 13:15:47.470 66402 INFO tempest.lib.common.rest_client [req-d14a50ef-43b9-4d77-842d-17b84dd89511 req-d14a50ef-43b9-4d77-842d-17b84dd89511 ] Request (ServerRescueTestJSONUnderV235:setUpClass): 200 GET http://10.180.1.21/compute/v2.1/servers/c202a47a-50ac-4056-a370-76ee0169a4af 0.924s
2024-12-14 13:15:47.594 66458 INFO tempest.lib.common.rest_client [req-528019e0-d7bc-4b4b-873d-a4ea1b7d150f req-528019e0-d7bc-4b4b-873d-a4ea1b7d150f ] Request (FloatingIPsAssociationTestJSON:setUpClass): 200 GET http://10.180.1.21/compute/v2.1/servers/98ed31cb-4b3d-4e7a-8a38-1d747eca2792 0.853s
2024-12-14 13:15:47.601 66458 INFO tempest.common.waiters [-] State transition "BUILD/networking" ==> "BUILD/spawning" after 37 second wait
2024-12-14 13:15:47.673 66440 INFO tempest.lib.common.rest_client [req-e1cb6620-2441-42a9-bb3d-7ea50e332561 req-e1cb6620-2441-42a9-bb3d-7ea50e332561 ] Request (InstanceActionsTestJSON:tearDownClass): 200 GET http://10.180.1.21/compute/v2.1/servers/b9c20761-4bf1-4baf-9d77-948feb1d435c 0.906s
2024-12-14 13:15:47.714 66430 INFO tempest.lib.common.rest_client [req-f46f1ec7-5ba6-4c80-aedf-1f7f93833fa2 req-f46f1ec7-5ba6-4c80-aedf-1f7f93833fa2 ] Request (ListServerFiltersTestJSON:test_list_servers_detailed_filter_by_server_name): 200 GET http://10.180.1.21/compute/v2.1/servers/detail?name=tempest-ListServerFiltersTestJSON-instance-1050414703 1.007s
2024-12-14 13:15:47.738 66446 INFO tempest.lib.common.rest_client [req-940c22cc-593e-4b77-8966-44c3db3613da req-940c22cc-593e-4b77-8966-44c3db3613da ] Request (ServersTestBootFromVolume:setUpClass): 200 GET http://10.180.1.21/compute/v2.1/servers/30492d40-8f2a-4270-a033-59ada9031bef 0.915s
2024-12-14 13:15:47.799 66442 INFO tempest.lib.common.rest_client [req-cfd24bdc-7394-4cbc-b9f0-d6296eb8c2e4 req-cfd24bdc-7394-4cbc-b9f0-d6296eb8c2e4 ] Request (ImagesNegativeTestJSON:test_create_image_from_deleted_server): 200 GET http://10.180.1.21/compute/v2.1/servers/60000f2d-9fcc-4139-a19e-ec58387a243d 0.838s
2024-12-14 13:15:47.805 66457 INFO tempest.lib.common.rest_client [req-3192ba5c-842f-497a-8473-35a06f71c300 req-3192ba5c-842f-497a-8473-35a06f71c300 ] Request (ServersAdmin275Test:test_rebuild_update_server_275): 200 GET http://10.180.1.21/compute/v2.1/servers/357808a6-b1be-4a2e-bf3e-0acca52c65bb 0.930s
2024-12-14 13:15:47.881 66404 INFO tempest.lib.common.rest_client [req-5e2acf7e-d52a-4a4a-8c01-9bb065b19ae9 req-5e2acf7e-d52a-4a4a-8c01-9bb065b19ae9 ] Request (ImagesTestJSON:_run_cleanups): 204 DELETE http://10.180.1.21/compute/v2.1/servers/1088fc4b-f281-47b1-b77d-d9ff3623b6bc 0.912s
2024-12-14 13:15:47.905 66444 INFO tempest.lib.common.rest_client [req-f9d93944-d6a3-4473-b26d-9544caba03a8 req-f9d93944-d6a3-4473-b26d-9544caba03a8 ] Request (ServerActionsV293TestJSON:setUpClass): 200 GET http://10.180.1.21/compute/v2.1/servers/755e9b02-03fc-47a8-95d2-60c5dce362c0 0.913s
2024-12-14 13:15:47.955 66404 INFO tempest.lib.common.rest_client [req-1c8de31f-eae7-474c-8e00-52137b31c2a3 req-1c8de31f-eae7-474c-8e00-52137b31c2a3 ] Request (ImagesTestJSON:test_create_image_from_suspended_server): 201 POST http://10.180.1.21/identity/v3/auth/tokens 0.067s
2024-12-14 13:15:47.955 66404 INFO tempest.lib.common.fixed_network [-] (ImagesTestJSON:test_create_image_from_suspended_server) Found network {'id': 'e821f32a-f79a-47c6-9861-da66e82c0f33', 'name': 'tempest-ImagesTestJSON-725985154-network', 'tenant_id': '66ae6bcec2174b5ebe462a3cb90bb6ea', 'admin_state_up': True, 'mtu': 8950, 'status': 'ACTIVE', 'subnets': [], 'shared': False, 'project_id': '66ae6bcec2174b5ebe462a3cb90bb6ea', 'port_security_enabled': True, 'router:external': False, 'provider:network_type': 'vlan', 'provider:physical_network': 'default', 'provider:segmentation_id': 621, 'availability_zone_hints': [], 'availability_zones': [], 'ipv4_address_scope': None, 'ipv6_address_scope': None, 'description': '', 'tags': [], 'created_at': '2024-12-14T13:14:29Z', 'updated_at': '2024-12-14T13:14:29Z', 'revision_number': 1} available for tenant
2024-12-14 13:15:48.084 66454 INFO tempest.lib.common.rest_client [req-bba0d06d-1583-4835-bf7f-ed18c7bd483f req-bba0d06d-1583-4835-bf7f-ed18c7bd483f ] Request (SecurityGroupRulesTestJSON:test_security_group_rules_create_with_optional_cidr): 200 POST http://10.180.1.21/compute/v2.1/os-security-group-rules 0.905s
2024-12-14 13:15:48.095 66414 WARNING tempest.lib.common.ssh [-] Failed to establish authenticated ssh connection to cirros@10.180.180.180 ([Errno None] Unable to connect to port 22 on 10.180.180.180). Number attempts: 6. Retry after 7 seconds.: paramiko.ssh_exception.NoValidConnectionsError: [Errno None] Unable to connect to port 22 on 10.180.180.180
2024-12-14 13:15:48.099 66418 INFO tempest.lib.common.rest_client [req-dba6c248-70e4-47b5-b23d-c2ca4db1f5e1 req-dba6c248-70e4-47b5-b23d-c2ca4db1f5e1 ] Request (DeleteServersAdminTestJSON:test_delete_server_while_in_error_state): 200 GET http://10.180.1.21/compute/v2.1/servers/01a12c31-8582-4cd7-a85a-2029bc7ac6c4 0.906s
2024-12-14 13:15:48.150 66432 INFO tempest.lib.common.rest_client [req-79911773-7c0e-4d48-990c-8df4bb402aa3 req-79911773-7c0e-4d48-990c-8df4bb402aa3 ] Request (ServersAdminNegativeTestJSON:setUpClass): 200 GET http://10.180.1.21/compute/v2.1/servers/de3b2e6e-cd7b-4763-9c87-15d5b1d6668b 0.872s
2024-12-14 13:15:48.164 66438 INFO tempest.lib.common.rest_client [req-ac6278bb-d151-4cf1-ae49-9a4c34da5428 req-ac6278bb-d151-4cf1-ae49-9a4c34da5428 ] Request (AttachInterfacesUnderV243Test:test_add_remove_fixed_ip): 200 GET http://10.180.1.21/compute/v2.1/servers/4749f591-1b2b-4fa5-835e-4a83bd11f986 0.815s
2024-12-14 13:15:48.216 66420 INFO tempest.lib.common.rest_client [req-89518b72-2ae0-4c6c-a161-94330b2b2b36 req-89518b72-2ae0-4c6c-a161-94330b2b2b36 ] Request (AttachInterfacesV270Test:test_create_get_list_interfaces): 200 GET http://10.180.1.21/compute/v2.1/servers/75dbff7e-0fe3-401b-9fa5-fee79b4edb4c 0.856s
2024-12-14 13:15:48.286 66410 INFO tempest.lib.common.rest_client [req-3320ffea-aa5c-4998-bef7-ddc6f54a363d req-3320ffea-aa5c-4998-bef7-ddc6f54a363d ] Request (ServerDiagnosticsNegativeTest:tearDownClass): 200 GET http://10.180.1.21/compute/v2.1/servers/48a2cbcd-666e-44c7-989b-3b1d66c08971 0.626s
2024-12-14 13:15:48.293 66410 INFO tempest.common.waiters [-] State transition "ACTIVE/deleting" ==> "DELETED/None" after 4 second wait
2024-12-14 13:15:48.350 66428 WARNING tempest.lib.common.ssh [-] Failed to establish authenticated ssh connection to cirros@10.180.180.219 ([Errno None] Unable to connect to port 22 on 10.180.180.219). Number attempts: 3. Retry after 4 seconds.: paramiko.ssh_exception.NoValidConnectionsError: [Errno None] Unable to connect to port 22 on 10.180.180.219
2024-12-14 13:15:48.497 66430 INFO tempest.lib.common.rest_client [req-0bd78054-83a4-4f39-9969-f4ac2777aa22 req-0bd78054-83a4-4f39-9969-f4ac2777aa22 ] Request (ListServerFiltersTestJSON:test_list_servers_detailed_filter_by_server_status): 200 GET http://10.180.1.21/compute/v2.1/servers/detail?status=active 0.772s
2024-12-14 13:15:48.556 66462 INFO tempest.lib.common.rest_client [req-a712c780-898a-4e35-badc-d685dc670d15 req-a712c780-898a-4e35-badc-d685dc670d15 ] Request (ServerTagsTestJSON:setUpClass): 200 GET http://10.180.1.21/compute/v2.1/servers/b053a896-d055-4e0a-8f85-8871df4bf5c0 0.764s
2024-12-14 13:15:48.564 66422 INFO tempest.lib.common.rest_client [req-20bfcece-ff9f-4454-888c-91ddd8170961 req-20bfcece-ff9f-4454-888c-91ddd8170961 ] Request (ListImageFiltersTestJSON:setUpClass): 204 PUT http://10.180.1.21/image/v2/images/f97976a0-1258-4c1e-9527-b888b794784e/file 0.689s
2024-12-14 13:15:48.604 66400 INFO tempest.lib.common.rest_client [req-9ccb2545-9492-480d-bef8-5aed4d628f1e req-9ccb2545-9492-480d-bef8-5aed4d628f1e ] Request (ImagesOneServerTestJSON:test_create_image_specify_multibyte_character_image_name): 200 GET http://10.180.1.21/compute/v2.1/images/cb7c79dc-201d-42da-8a1f-6c6edfab735b 1.189s
2024-12-14 13:15:48.772 66448 INFO tempest.lib.common.rest_client [req-7f233fca-79ea-40d0-991b-6d161e87d3c4 req-7f233fca-79ea-40d0-991b-6d161e87d3c4 ] Request (AttachVolumeNegativeTest:test_attach_attached_volume_to_different_server): 200 GET http://10.180.1.21/compute/v2.1/servers/504108f5-c321-4acf-a629-e6f818af97cf 0.761s
2024-12-14 13:15:48.779 66448 INFO tempest.common.waiters [-] State transition "BUILD/spawning" ==> "ACTIVE/None" after 51 second wait
2024-12-14 13:15:48.829 66450 INFO tempest.lib.common.rest_client [req-87627a48-f57e-4058-9c65-5f9b15096281 req-87627a48-f57e-4058-9c65-5f9b15096281 ] Request (ServerDiskConfigTestJSON:test_rebuild_server_with_manual_disk_config): 200 GET http://10.180.1.21/compute/v2.1/servers/bfed8bc0-b72f-4be1-9226-e8b903dc1f5c 0.750s
2024-12-14 13:15:49.305 66454 INFO tempest.lib.common.rest_client [req-117004ac-696b-4592-8acc-838d67ddb339 req-117004ac-696b-4592-8acc-838d67ddb339 ] Request (SecurityGroupRulesTestJSON:test_security_group_rules_create_with_optional_group_id): 200 POST http://10.180.1.21/compute/v2.1/os-security-groups 1.217s
2024-12-14 13:15:49.359 66404 INFO tempest.lib.common.rest_client [req-b1088cb4-3042-4ba8-8320-665198e2bb0e req-b1088cb4-3042-4ba8-8320-665198e2bb0e ] Request (ImagesTestJSON:test_create_image_from_suspended_server): 202 POST http://10.180.1.21/compute/v2.1/servers 1.403s
2024-12-14 13:15:49.404 66424 INFO tempest.lib.common.rest_client [req-aab600f4-b22e-45f0-9105-20c25193057a req-aab600f4-b22e-45f0-9105-20c25193057a ] Request (SecurityGroupsTestJSON:test_list_security_groups_by_server): 200 GET http://10.180.1.21/compute/v2.1/servers/7fcea3e1-b7b1-4da3-b562-f12e91d47d31 1.246s
2024-12-14 13:15:49.412 66424 INFO tempest.common.waiters [-] State transition "BUILD/scheduling" ==> "BUILD/None" after 26 second wait
2024-12-14 13:15:49.433 66408 INFO tempest.lib.common.rest_client [req-8081891e-e85c-4de8-8e5d-f64fb72bfa00 req-8081891e-e85c-4de8-8e5d-f64fb72bfa00 ] Request (ServerMetadataTestJSON:setUpClass): 200 GET http://10.180.1.21/compute/v2.1/servers/b025f8b3-b036-4f68-bd31-ec7c5e9edaf9 1.228s
2024-12-14 13:15:49.499 66460 INFO tempest.lib.common.rest_client [req-1d6dfc58-1e97-418c-98d8-fb3cb3e2b6fc req-1d6dfc58-1e97-418c-98d8-fb3cb3e2b6fc ] Request (AttachVolumeShelveTestJSON:test_attach_volume_shelved_or_offload_server): 200 GET http://10.180.1.21/compute/v2.1/servers/33d1d454-1f32-4f67-9535-5d5e649887af 1.191s
2024-12-14 13:15:49.506 66416 INFO tempest.lib.common.rest_client [req-51053724-9245-4eac-a1df-98f1af6e8937 req-51053724-9245-4eac-a1df-98f1af6e8937 ] Request (FloatingIPsAssociationNegativeTestJSON:tearDownClass): 200 GET http://10.180.1.21/compute/v2.1/servers/1af5d96c-08b1-45ed-ae51-d3509b7b4488 1.260s
2024-12-14 13:15:49.553 66434 INFO tempest.lib.common.rest_client [req-e1dd9c99-a030-4558-881d-6b0e27be238b req-e1dd9c99-a030-4558-881d-6b0e27be238b ] Request (ServerActionsTestOtherA:setUpClass): 200 GET http://10.180.1.21/compute/v2.1/servers/38c29c47-4b8e-42b4-8288-4fb00c05cd38 1.190s
2024-12-14 13:15:49.591 66412 INFO tempest.lib.common.rest_client [req-96402757-a0dc-4d83-aef5-98c8993e7c87 req-96402757-a0dc-4d83-aef5-98c8993e7c87 ] Request (ServersAdminTestJSON:test_create_server_with_scheduling_hint): 200 GET http://10.180.1.21/compute/v2.1/servers/3db39109-29eb-4dd7-93b4-33cfd2b7a716 1.161s
2024-12-14 13:15:49.607 66402 INFO tempest.lib.common.rest_client [req-6fa66ffa-fce8-4aa1-868f-f66a7eba8d95 req-6fa66ffa-fce8-4aa1-868f-f66a7eba8d95 ] Request (ServerRescueTestJSONUnderV235:setUpClass): 200 GET http://10.180.1.21/compute/v2.1/servers/c202a47a-50ac-4056-a370-76ee0169a4af 1.126s
2024-12-14 13:15:49.643 66422 INFO tempest.lib.common.rest_client [req-4be98dff-9f6c-4ba4-9dc0-44e477106ef4 req-4be98dff-9f6c-4ba4-9dc0-44e477106ef4 ] Request (ListImageFiltersTestJSON:setUpClass): 200 GET http://10.180.1.21/compute/v2.1/images/f97976a0-1258-4c1e-9527-b888b794784e 1.078s
2024-12-14 13:15:49.791 66430 INFO tempest.lib.common.rest_client [req-936decd6-189e-4fe2-bdda-9397e7f88e81 req-936decd6-189e-4fe2-bdda-9397e7f88e81 ] Request (ListServerFiltersTestJSON:test_list_servers_detailed_limit_results): 200 GET http://10.180.1.21/compute/v2.1/servers/detail?limit=1 1.284s
2024-12-14 13:15:49.805 66458 INFO tempest.lib.common.rest_client [req-ce9386ef-c942-4e99-b555-e288feafc280 req-ce9386ef-c942-4e99-b555-e288feafc280 ] Request (FloatingIPsAssociationTestJSON:setUpClass): 200 GET http://10.180.1.21/compute/v2.1/servers/98ed31cb-4b3d-4e7a-8a38-1d747eca2792 1.204s
2024-12-14 13:15:49.867 66440 INFO tempest.lib.common.rest_client [req-471f65ea-9588-4b5a-bfaf-b8f4830bebce req-471f65ea-9588-4b5a-bfaf-b8f4830bebce ] Request (InstanceActionsTestJSON:tearDownClass): 200 GET http://10.180.1.21/compute/v2.1/servers/b9c20761-4bf1-4baf-9d77-948feb1d435c 1.184s
2024-12-14 13:15:50.113 66446 INFO tempest.lib.common.rest_client [req-57c1e632-e637-4735-974b-79cc5963dca7 req-57c1e632-e637-4735-974b-79cc5963dca7 ] Request (ServersTestBootFromVolume:setUpClass): 200 GET http://10.180.1.21/compute/v2.1/servers/30492d40-8f2a-4270-a033-59ada9031bef 1.368s
2024-12-14 13:15:50.151 66448 INFO tempest.lib.common.rest_client [req-0552ae87-511c-4fca-aea4-3be760b048e0 req-0552ae87-511c-4fca-aea4-3be760b048e0 ] Request (AttachVolumeNegativeTest:test_attach_attached_volume_to_different_server): 200 GET http://10.180.1.21/compute/v2.1/servers/504108f5-c321-4acf-a629-e6f818af97cf/os-interface 1.371s
2024-12-14 13:15:50.203 66442 INFO tempest.lib.common.rest_client [req-092b506f-cb05-4e40-8a14-2a1b13fbcffd req-092b506f-cb05-4e40-8a14-2a1b13fbcffd ] Request (ImagesNegativeTestJSON:test_create_image_from_deleted_server): 200 GET http://10.180.1.21/compute/v2.1/servers/60000f2d-9fcc-4139-a19e-ec58387a243d 1.396s
2024-12-14 13:15:50.277 66457 INFO tempest.lib.common.rest_client [req-fa3412fc-dfb8-4528-ad05-697c6f3e91a1 req-fa3412fc-dfb8-4528-ad05-697c6f3e91a1 ] Request (ServersAdmin275Test:test_rebuild_update_server_275): 200 GET http://10.180.1.21/compute/v2.1/servers/357808a6-b1be-4a2e-bf3e-0acca52c65bb 1.460s
2024-12-14 13:15:50.361 66432 INFO tempest.lib.common.rest_client [req-e776b037-ae1e-45f4-8435-99b10f97a708 req-e776b037-ae1e-45f4-8435-99b10f97a708 ] Request (ServersAdminNegativeTestJSON:setUpClass): 200 GET http://10.180.1.21/compute/v2.1/servers/de3b2e6e-cd7b-4763-9c87-15d5b1d6668b 1.201s
2024-12-14 13:15:50.440 66420 INFO tempest.lib.common.rest_client [req-7b4d721a-3bbb-436e-a1eb-bd48ca46caea req-7b4d721a-3bbb-436e-a1eb-bd48ca46caea ] Request (AttachInterfacesV270Test:test_create_get_list_interfaces): 200 GET http://10.180.1.21/compute/v2.1/servers/75dbff7e-0fe3-401b-9fa5-fee79b4edb4c 1.214s
2024-12-14 13:15:50.849 66426 WARNING tempest.lib.common.ssh [-] Failed to establish authenticated ssh connection to cirros@10.180.180.252 ([Errno None] Unable to connect to port 22 on 10.180.180.252). Number attempts: 7. Retry after 8 seconds.: paramiko.ssh_exception.NoValidConnectionsError: [Errno None] Unable to connect to port 22 on 10.180.180.252
2024-12-14 13:15:50.895 66444 INFO tempest.lib.common.rest_client [req-52468031-fe0d-42bf-ba5f-688e2a218063 req-52468031-fe0d-42bf-ba5f-688e2a218063 ] Request (ServerActionsV293TestJSON:setUpClass): 200 GET http://10.180.1.21/compute/v2.1/servers/755e9b02-03fc-47a8-95d2-60c5dce362c0 1.979s
2024-12-14 13:15:50.993 66438 INFO tempest.lib.common.rest_client [req-ebf94224-3da1-4e18-961f-55770b48bd83 req-ebf94224-3da1-4e18-961f-55770b48bd83 ] Request (AttachInterfacesUnderV243Test:test_add_remove_fixed_ip): 200 GET http://10.180.1.21/compute/v2.1/servers/4749f591-1b2b-4fa5-835e-4a83bd11f986 1.738s
2024-12-14 13:15:51.085 66410 INFO tempest.lib.common.rest_client [req-c856eef2-ad9f-4260-807a-9b81d34bf4b6 req-c856eef2-ad9f-4260-807a-9b81d34bf4b6 ] Request (ServerDiagnosticsNegativeTest:tearDownClass): 200 GET http://10.180.1.21/compute/v2.1/servers/48a2cbcd-666e-44c7-989b-3b1d66c08971 1.791s
2024-12-14 13:15:51.093 66418 INFO tempest.lib.common.rest_client [req-12a6c38c-feb2-4855-a438-6ebca9debfe7 req-12a6c38c-feb2-4855-a438-6ebca9debfe7 ] Request (DeleteServersAdminTestJSON:test_delete_server_while_in_error_state): 200 GET http://10.180.1.21/compute/v2.1/servers/01a12c31-8582-4cd7-a85a-2029bc7ac6c4 1.839s
2024-12-14 13:15:51.174 66404 INFO tempest.lib.common.rest_client [req-344956ad-64ad-44d2-80c8-80390c266e20 req-344956ad-64ad-44d2-80c8-80390c266e20 ] Request (ImagesTestJSON:test_create_image_from_suspended_server): 200 GET http://10.180.1.21/compute/v2.1/servers/df273824-545b-49c0-a51a-5001c27dce18 1.813s
2024-12-14 13:15:51.260 66462 INFO tempest.lib.common.rest_client [req-de92f2d8-00e0-45b1-98fd-458d6ae7b74d req-de92f2d8-00e0-45b1-98fd-458d6ae7b74d ] Request (ServerTagsTestJSON:setUpClass): 200 GET http://10.180.1.21/compute/v2.1/servers/b053a896-d055-4e0a-8f85-8871df4bf5c0 1.689s
2024-12-14 13:15:51.300 66400 INFO tempest.lib.common.rest_client [req-9ca9cb02-0903-4840-9591-2ca149b0857b req-9ca9cb02-0903-4840-9591-2ca149b0857b ] Request (ImagesOneServerTestJSON:test_create_image_specify_multibyte_character_image_name): 200 GET http://10.180.1.21/compute/v2.1/images/cb7c79dc-201d-42da-8a1f-6c6edfab735b 1.692s
2024-12-14 13:15:51.336 66422 INFO tempest.lib.common.rest_client [req-6f272945-da2a-441f-89d9-acd4a339c6bb req-6f272945-da2a-441f-89d9-acd4a339c6bb ] Request (ListImageFiltersTestJSON:setUpClass): 200 GET http://10.180.1.21/compute/v2.1/images/f97976a0-1258-4c1e-9527-b888b794784e 1.690s
2024-12-14 13:15:51.384 66454 INFO tempest.lib.common.rest_client [req-c531d4ad-36f7-4bc5-8c57-cf95387c3581 req-c531d4ad-36f7-4bc5-8c57-cf95387c3581 ] Request (SecurityGroupRulesTestJSON:test_security_group_rules_create_with_optional_group_id): 200 POST http://10.180.1.21/compute/v2.1/os-security-groups 2.074s
2024-12-14 13:15:51.437 66422 INFO tempest.lib.common.rest_client [req-670b453a-b536-4e4b-b028-63bb103092b6 req-670b453a-b536-4e4b-b028-63bb103092b6 ] Request (ListImageFiltersTestJSON:setUpClass): 201 POST http://10.180.1.21/identity/v3/auth/tokens 0.093s
2024-12-14 13:15:51.437 66422 INFO tempest.lib.common.fixed_network [-] (ListImageFiltersTestJSON:setUpClass) Found network None available for tenant
2024-12-14 13:15:51.469 66430 INFO tempest.lib.common.rest_client [req-0e53865a-c662-45e8-b3e5-2328986306be req-0e53865a-c662-45e8-b3e5-2328986306be ] Request (ListServerFiltersTestJSON:test_list_servers_filter_by_active_status): 200 GET http://10.180.1.21/compute/v2.1/servers?status=active 1.669s
2024-12-14 13:15:51.502 66450 INFO tempest.lib.common.rest_client [req-13f10b26-534f-48c7-815a-2dd38ed98493 req-13f10b26-534f-48c7-815a-2dd38ed98493 ] Request (ServerDiskConfigTestJSON:test_rebuild_server_with_manual_disk_config): 200 GET http://10.180.1.21/compute/v2.1/servers/bfed8bc0-b72f-4be1-9226-e8b903dc1f5c 1.664s
2024-12-14 13:15:51.544 66424 INFO tempest.lib.common.rest_client [req-53d82590-111c-4d66-8487-0b9d13244476 req-53d82590-111c-4d66-8487-0b9d13244476 ] Request (SecurityGroupsTestJSON:test_list_security_groups_by_server): 200 GET http://10.180.1.21/compute/v2.1/servers/7fcea3e1-b7b1-4da3-b562-f12e91d47d31 1.131s
2024-12-14 13:15:51.566 66408 INFO tempest.lib.common.rest_client [req-71846a89-7893-43a2-8d99-3c6084594170 req-71846a89-7893-43a2-8d99-3c6084594170 ] Request (ServerMetadataTestJSON:setUpClass): 200 GET http://10.180.1.21/compute/v2.1/servers/b025f8b3-b036-4f68-bd31-ec7c5e9edaf9 1.123s
2024-12-14 13:15:51.601 66460 INFO tempest.lib.common.rest_client [req-94415e67-eedc-4654-a927-67f604c592e9 req-94415e67-eedc-4654-a927-67f604c592e9 ] Request (AttachVolumeShelveTestJSON:test_attach_volume_shelved_or_offload_server): 200 GET http://10.180.1.21/compute/v2.1/servers/33d1d454-1f32-4f67-9535-5d5e649887af 1.093s
2024-12-14 13:15:51.630 66448 INFO tempest.lib.common.rest_client [req-2bd3d133-1e66-4ae3-a598-e27b1c0979ea req-2bd3d133-1e66-4ae3-a598-e27b1c0979ea ] Request (AttachVolumeNegativeTest:test_attach_attached_volume_to_different_server): 200 PUT http://10.180.1.21:9696/networking/v2.0/floatingips/d6b7263e-e6a2-4580-aa94-0bc91893820b 1.477s
2024-12-14 13:15:51.632 66448 INFO tempest.lib.common.ssh [-] Creating ssh connection to '10.180.180.155:22' as 'cirros' with public key authentication
2024-12-14 13:15:51.658 66416 INFO tempest.lib.common.rest_client [req-e3a4d155-648d-4fac-b160-94b38b507890 req-e3a4d155-648d-4fac-b160-94b38b507890 ] Request (FloatingIPsAssociationNegativeTestJSON:tearDownClass): 200 GET http://10.180.1.21/compute/v2.1/servers/1af5d96c-08b1-45ed-ae51-d3509b7b4488 1.143s
2024-12-14 13:15:51.730 66434 INFO tempest.lib.common.rest_client [req-8ba716b2-edab-4679-abb9-1f3ace080a97 req-8ba716b2-edab-4679-abb9-1f3ace080a97 ] Request (ServerActionsTestOtherA:setUpClass): 200 GET http://10.180.1.21/compute/v2.1/servers/38c29c47-4b8e-42b4-8288-4fb00c05cd38 1.169s
2024-12-14 13:15:51.752 66412 INFO tempest.lib.common.rest_client [req-7a11127c-b363-420c-8c33-ecb82addcd3a req-7a11127c-b363-420c-8c33-ecb82addcd3a ] Request (ServersAdminTestJSON:test_create_server_with_scheduling_hint): 200 GET http://10.180.1.21/compute/v2.1/servers/3db39109-29eb-4dd7-93b4-33cfd2b7a716 0.880s
2024-12-14 13:15:51.760 66412 INFO tempest.common.waiters [-] State transition "BUILD/None" ==> "BUILD/spawning" after 41 second wait
2024-12-14 13:15:51.799 66402 INFO tempest.lib.common.rest_client [req-2dd17dcc-19f7-465c-a905-83602baa43b0 req-2dd17dcc-19f7-465c-a905-83602baa43b0 ] Request (ServerRescueTestJSONUnderV235:setUpClass): 200 GET http://10.180.1.21/compute/v2.1/servers/c202a47a-50ac-4056-a370-76ee0169a4af 0.926s
2024-12-14 13:15:51.874 66440 INFO tempest.lib.common.rest_client [req-7ac9fd63-c4f3-4763-b097-a245ef9b9a25 req-7ac9fd63-c4f3-4763-b097-a245ef9b9a25 ] Request (InstanceActionsTestJSON:tearDownClass): 200 GET http://10.180.1.21/compute/v2.1/servers/b9c20761-4bf1-4baf-9d77-948feb1d435c 0.993s
2024-12-14 13:15:51.893 66458 INFO tempest.lib.common.rest_client [req-34e98818-bda3-436c-a069-1355edcf01f9 req-34e98818-bda3-436c-a069-1355edcf01f9 ] Request (FloatingIPsAssociationTestJSON:setUpClass): 200 GET http://10.180.1.21/compute/v2.1/servers/98ed31cb-4b3d-4e7a-8a38-1d747eca2792 1.020s
2024-12-14 13:15:51.924 66446 INFO tempest.lib.common.rest_client [req-77b82aae-115b-44b6-9c9c-f7224bf1cd15 req-77b82aae-115b-44b6-9c9c-f7224bf1cd15 ] Request (ServersTestBootFromVolume:setUpClass): 200 GET http://10.180.1.21/compute/v2.1/servers/30492d40-8f2a-4270-a033-59ada9031bef 0.803s
2024-12-14 13:15:51.947 66442 INFO tempest.lib.common.rest_client [req-21a9c29b-3a90-4ea7-8d2b-9fa8f6fa2349 req-21a9c29b-3a90-4ea7-8d2b-9fa8f6fa2349 ] Request (ImagesNegativeTestJSON:test_create_image_from_deleted_server): 200 GET http://10.180.1.21/compute/v2.1/servers/60000f2d-9fcc-4139-a19e-ec58387a243d 0.736s
2024-12-14 13:15:51.979 66457 INFO tempest.lib.common.rest_client [req-c94a8c1f-bffe-45c1-9d3e-ce992e7d7c76 req-c94a8c1f-bffe-45c1-9d3e-ce992e7d7c76 ] Request (ServersAdmin275Test:test_rebuild_update_server_275): 200 GET http://10.180.1.21/compute/v2.1/servers/357808a6-b1be-4a2e-bf3e-0acca52c65bb 0.691s
2024-12-14 13:15:51.997 66432 INFO tempest.lib.common.rest_client [req-feea7994-f8f2-4398-adb8-b16dbd1282d1 req-feea7994-f8f2-4398-adb8-b16dbd1282d1 ] Request (ServersAdminNegativeTestJSON:setUpClass): 200 GET http://10.180.1.21/compute/v2.1/servers/de3b2e6e-cd7b-4763-9c87-15d5b1d6668b 0.623s
2024-12-14 13:15:52.200 66454 INFO tempest.lib.common.rest_client [req-76d289a4-5dca-4c80-be40-5fb8972d7554 req-76d289a4-5dca-4c80-be40-5fb8972d7554 ] Request (SecurityGroupRulesTestJSON:test_security_group_rules_create_with_optional_group_id): 200 POST http://10.180.1.21/compute/v2.1/os-security-group-rules 0.814s
2024-12-14 13:15:52.202 66454 WARNING tempest.lib.common.rest_client [-] Deprecated: "tenant_id" property is deprecated for removal, use "project_id" instead
2024-12-14 13:15:52.213 66422 INFO tempest.lib.common.rest_client [req-1b2ddddd-d9ce-45c2-9321-0831ecdd94ba req-1b2ddddd-d9ce-45c2-9321-0831ecdd94ba ] Request (ListImageFiltersTestJSON:setUpClass): 202 POST http://10.180.1.21/compute/v2.1/servers 0.774s
2024-12-14 13:15:52.253 66420 INFO tempest.lib.common.rest_client [req-3e5cfcc3-6854-40ff-bc8f-413408d0af54 req-3e5cfcc3-6854-40ff-bc8f-413408d0af54 ] Request (AttachInterfacesV270Test:test_create_get_list_interfaces): 200 GET http://10.180.1.21/compute/v2.1/servers/75dbff7e-0fe3-401b-9fa5-fee79b4edb4c 0.799s
2024-12-14 13:15:52.260 66422 INFO tempest.lib.common.rest_client [req-c5e2c012-9185-4b16-819e-52132441b985 req-c5e2c012-9185-4b16-819e-52132441b985 ] Request (ListImageFiltersTestJSON:setUpClass): 201 POST http://10.180.1.21/identity/v3/auth/tokens 0.038s
2024-12-14 13:15:52.261 66422 INFO tempest.lib.common.fixed_network [-] (ListImageFiltersTestJSON:setUpClass) Found network None available for tenant
2024-12-14 13:15:52.298 66430 INFO tempest.lib.common.rest_client [req-a7b60fa8-f68b-40e6-a6cf-2163505bc7d4 req-a7b60fa8-f68b-40e6-a6cf-2163505bc7d4 ] Request (ListServerFiltersTestJSON:test_list_servers_filter_by_exceed_limit): 200 GET http://10.180.1.21/compute/v2.1/servers?limit=100000 0.826s
2024-12-14 13:15:52.358 66438 INFO tempest.lib.common.rest_client [req-560a5f07-fc1f-4c44-90a6-7f04a469fe02 req-560a5f07-fc1f-4c44-90a6-7f04a469fe02 ] Request (AttachInterfacesUnderV243Test:test_add_remove_fixed_ip): 200 GET http://10.180.1.21/compute/v2.1/servers/4749f591-1b2b-4fa5-835e-4a83bd11f986 0.356s
2024-12-14 13:15:52.407 66444 INFO tempest.lib.common.rest_client [req-15da8508-a38d-4a18-a2d1-09130768e8c1 req-15da8508-a38d-4a18-a2d1-09130768e8c1 ] Request (ServerActionsV293TestJSON:setUpClass): 200 GET http://10.180.1.21/compute/v2.1/servers/755e9b02-03fc-47a8-95d2-60c5dce362c0 0.497s
2024-12-14 13:15:52.424 66410 INFO tempest.lib.common.rest_client [req-0308a51f-c924-4c7e-b8c5-437e0d07f878 req-0308a51f-c924-4c7e-b8c5-437e0d07f878 ] Request (ServerDiagnosticsNegativeTest:tearDownClass): 200 GET http://10.180.1.21/compute/v2.1/servers/48a2cbcd-666e-44c7-989b-3b1d66c08971 0.331s
2024-12-14 13:15:52.485 66404 INFO tempest.lib.common.rest_client [req-e4145630-c8ae-49de-8443-ea0d2bff4e21 req-e4145630-c8ae-49de-8443-ea0d2bff4e21 ] Request (ImagesTestJSON:test_create_image_from_suspended_server): 200 GET http://10.180.1.21/compute/v2.1/servers/df273824-545b-49c0-a51a-5001c27dce18 0.299s
2024-12-14 13:15:52.544 66418 INFO tempest.lib.common.rest_client [req-a6d8be19-ea20-4841-ab51-4355fc3de2bd req-a6d8be19-ea20-4841-ab51-4355fc3de2bd ] Request (DeleteServersAdminTestJSON:test_delete_server_while_in_error_state): 200 GET http://10.180.1.21/compute/v2.1/servers/01a12c31-8582-4cd7-a85a-2029bc7ac6c4 0.443s
2024-12-14 13:15:52.554 66418 INFO tempest.common.waiters [-] State transition "BUILD/spawning" ==> "ACTIVE/None" after 54 second wait
2024-12-14 13:15:52.668 66454 INFO tempest.lib.common.rest_client [req-84a11f42-517b-4f1e-84f4-89429ba02c94 req-84a11f42-517b-4f1e-84f4-89429ba02c94 ] Request (SecurityGroupRulesTestJSON:test_security_group_rules_delete_when_peer_group_deleted): 200 POST http://10.180.1.21/compute/v2.1/os-security-groups 0.464s
2024-12-14 13:15:52.723 66462 INFO tempest.lib.common.rest_client [req-dcd39ef8-93eb-4fb0-9fcd-6ef31a8408b4 req-dcd39ef8-93eb-4fb0-9fcd-6ef31a8408b4 ] Request (ServerTagsTestJSON:setUpClass): 200 GET http://10.180.1.21/compute/v2.1/servers/b053a896-d055-4e0a-8f85-8871df4bf5c0 0.452s
2024-12-14 13:15:52.771 66430 INFO tempest.lib.common.rest_client [req-9830621f-3c66-4e78-9d60-8c147651b4ee req-9830621f-3c66-4e78-9d60-8c147651b4ee ] Request (ListServerFiltersTestJSON:test_list_servers_filter_by_exceed_limit): 200 GET http://10.180.1.21/compute/v2.1/servers 0.470s
2024-12-14 13:15:52.795 66422 INFO tempest.lib.common.rest_client [req-106a4c20-2b42-4cad-9076-e8d9d45a6e40 req-106a4c20-2b42-4cad-9076-e8d9d45a6e40 ] Request (ListImageFiltersTestJSON:setUpClass): 202 POST http://10.180.1.21/compute/v2.1/servers 0.533s
2024-12-14 13:15:52.814 66400 INFO tempest.lib.common.rest_client [req-c81c5eb4-6a90-400f-987e-ec4ca9791d62 req-c81c5eb4-6a90-400f-987e-ec4ca9791d62 ] Request (ImagesOneServerTestJSON:test_create_image_specify_multibyte_character_image_name): 200 GET http://10.180.1.21/compute/v2.1/images/cb7c79dc-201d-42da-8a1f-6c6edfab735b 0.511s
2024-12-14 13:15:52.860 66450 INFO tempest.lib.common.rest_client [req-94b0df03-0de4-4853-b539-4624e072b478 req-94b0df03-0de4-4853-b539-4624e072b478 ] Request (ServerDiskConfigTestJSON:test_rebuild_server_with_manual_disk_config): 200 GET http://10.180.1.21/compute/v2.1/servers/bfed8bc0-b72f-4be1-9226-e8b903dc1f5c 0.350s
2024-12-14 13:15:52.875 66424 INFO tempest.lib.common.rest_client [req-7057db0a-e934-4446-a057-c32438e76d29 req-7057db0a-e934-4446-a057-c32438e76d29 ] Request (SecurityGroupsTestJSON:test_list_security_groups_by_server): 200 GET http://10.180.1.21/compute/v2.1/servers/7fcea3e1-b7b1-4da3-b562-f12e91d47d31 0.322s
2024-12-14 13:15:52.921 66418 INFO tempest.lib.common.rest_client [req-ee8eef88-fb23-4a6b-ac70-c575d54eae56 req-ee8eef88-fb23-4a6b-ac70-c575d54eae56 ] Request (DeleteServersAdminTestJSON:test_delete_server_while_in_error_state): 202 POST http://10.180.1.21/compute/v2.1/servers/01a12c31-8582-4cd7-a85a-2029bc7ac6c4/action 0.366s
2024-12-14 13:15:52.933 66408 INFO tempest.lib.common.rest_client [req-28f6755b-8c13-4f92-a647-15874add7cfa req-28f6755b-8c13-4f92-a647-15874add7cfa ] Request (ServerMetadataTestJSON:setUpClass): 200 GET http://10.180.1.21/compute/v2.1/servers/b025f8b3-b036-4f68-bd31-ec7c5e9edaf9 0.359s
2024-12-14 13:15:52.955 66416 INFO tempest.lib.common.rest_client [req-a1c1343b-24ea-4acd-b31f-09326ee741c0 req-a1c1343b-24ea-4acd-b31f-09326ee741c0 ] Request (FloatingIPsAssociationNegativeTestJSON:tearDownClass): 404 GET http://10.180.1.21/compute/v2.1/servers/1af5d96c-08b1-45ed-ae51-d3509b7b4488 0.289s
2024-12-14 13:15:52.985 66460 INFO tempest.lib.common.rest_client [req-db1718f8-97d4-4297-a2ed-c6c818edf24a req-db1718f8-97d4-4297-a2ed-c6c818edf24a ] Request (AttachVolumeShelveTestJSON:test_attach_volume_shelved_or_offload_server): 200 GET http://10.180.1.21/compute/v2.1/servers/33d1d454-1f32-4f67-9535-5d5e649887af 0.374s
2024-12-14 13:15:53.047 66434 INFO tempest.lib.common.rest_client [req-b8ccb878-bd16-44eb-9904-bd25cf4c0686 req-b8ccb878-bd16-44eb-9904-bd25cf4c0686 ] Request (ServerActionsTestOtherA:setUpClass): 200 GET http://10.180.1.21/compute/v2.1/servers/38c29c47-4b8e-42b4-8288-4fb00c05cd38 0.307s
2024-12-14 13:15:53.209 66454 INFO tempest.lib.common.rest_client [req-f5bb0262-dfca-4311-8084-a7940fb457c2 req-f5bb0262-dfca-4311-8084-a7940fb457c2 ] Request (SecurityGroupRulesTestJSON:test_security_group_rules_delete_when_peer_group_deleted): 200 POST http://10.180.1.21/compute/v2.1/os-security-groups 0.536s
2024-12-14 13:15:53.210 66412 INFO tempest.lib.common.rest_client [req-e4cb39ad-37fd-444d-82be-92ef6c67036b req-e4cb39ad-37fd-444d-82be-92ef6c67036b ] Request (ServersAdminTestJSON:test_create_server_with_scheduling_hint): 200 GET http://10.180.1.21/compute/v2.1/servers/3db39109-29eb-4dd7-93b4-33cfd2b7a716 0.446s
2024-12-14 13:15:53.253 66422 INFO tempest.lib.common.rest_client [req-de0ec1fa-aa9f-4b57-814b-2804db66e713 req-de0ec1fa-aa9f-4b57-814b-2804db66e713 ] Request (ListImageFiltersTestJSON:setUpClass): 200 GET http://10.180.1.21/compute/v2.1/servers/dbe11c40-bebb-4c51-bd89-1dff368ba074 0.457s
2024-12-14 13:15:53.303 66402 INFO tempest.lib.common.rest_client [req-34327096-c1d6-4d06-b623-cd6b5917d4b5 req-34327096-c1d6-4d06-b623-cd6b5917d4b5 ] Request (ServerRescueTestJSONUnderV235:setUpClass): 200 GET http://10.180.1.21/compute/v2.1/servers/c202a47a-50ac-4056-a370-76ee0169a4af 0.497s
2024-12-14 13:15:53.318 66430 INFO tempest.lib.common.rest_client [req-49c50e89-36ff-45d6-9392-5df48ab2d409 req-49c50e89-36ff-45d6-9392-5df48ab2d409 ] Request (ListServerFiltersTestJSON:test_list_servers_filter_by_flavor): 200 GET http://10.180.1.21/compute/v2.1/servers?flavor=84 0.543s
2024-12-14 13:15:53.382 66440 INFO tempest.lib.common.rest_client [req-6e3d6927-3e0a-4038-b6cf-4470d5f405e1 req-6e3d6927-3e0a-4038-b6cf-4470d5f405e1 ] Request (InstanceActionsTestJSON:tearDownClass): 200 GET http://10.180.1.21/compute/v2.1/servers/b9c20761-4bf1-4baf-9d77-948feb1d435c 0.499s
2024-12-14 13:15:53.459 66458 INFO tempest.lib.common.rest_client [req-52605b4c-c30d-428b-8816-7df7e2065897 req-52605b4c-c30d-428b-8816-7df7e2065897 ] Request (FloatingIPsAssociationTestJSON:setUpClass): 200 GET http://10.180.1.21/compute/v2.1/servers/98ed31cb-4b3d-4e7a-8a38-1d747eca2792 0.559s
2024-12-14 13:15:53.522 66446 INFO tempest.lib.common.rest_client [req-9a5d3a50-286d-455a-ad8e-7c7edfd51a4f req-9a5d3a50-286d-455a-ad8e-7c7edfd51a4f ] Request (ServersTestBootFromVolume:setUpClass): 200 GET http://10.180.1.21/compute/v2.1/servers/30492d40-8f2a-4270-a033-59ada9031bef 0.591s
2024-12-14 13:15:53.579 66418 INFO tempest.lib.common.rest_client [req-6d174250-f792-408d-a503-7f7b43f8cb07 req-6d174250-f792-408d-a503-7f7b43f8cb07 ] Request (DeleteServersAdminTestJSON:test_delete_server_while_in_error_state): 200 GET http://10.180.1.21/compute/v2.1/servers/01a12c31-8582-4cd7-a85a-2029bc7ac6c4 0.657s
2024-12-14 13:15:53.598 66442 INFO tempest.lib.common.rest_client [req-b7045365-4456-4c88-bd23-ba84aff00e32 req-b7045365-4456-4c88-bd23-ba84aff00e32 ] Request (ImagesNegativeTestJSON:test_create_image_from_deleted_server): 200 GET http://10.180.1.21/compute/v2.1/servers/60000f2d-9fcc-4139-a19e-ec58387a243d 0.645s
2024-12-14 13:15:53.636 66457 INFO tempest.lib.common.rest_client [req-2ed839f9-92ad-4617-812d-cd61f6a10066 req-2ed839f9-92ad-4617-812d-cd61f6a10066 ] Request (ServersAdmin275Test:test_rebuild_update_server_275): 200 GET http://10.180.1.21/compute/v2.1/servers/357808a6-b1be-4a2e-bf3e-0acca52c65bb 0.648s
2024-12-14 13:15:53.647 66457 INFO tempest.common.waiters [-] State transition "BUILD/scheduling" ==> "BUILD/None" after 26 second wait
2024-12-14 13:15:53.653 66432 INFO tempest.lib.common.rest_client [req-4c5db8d1-c996-4d9e-957b-7db7e660b81c req-4c5db8d1-c996-4d9e-957b-7db7e660b81c ] Request (ServersAdminNegativeTestJSON:setUpClass): 200 GET http://10.180.1.21/compute/v2.1/servers/de3b2e6e-cd7b-4763-9c87-15d5b1d6668b 0.644s
2024-12-14 13:15:53.720 66420 INFO tempest.lib.common.rest_client [req-6b15b60e-b07b-46fe-95db-36a013a730e7 req-6b15b60e-b07b-46fe-95db-36a013a730e7 ] Request (AttachInterfacesV270Test:test_create_get_list_interfaces): 200 GET http://10.180.1.21/compute/v2.1/servers/75dbff7e-0fe3-401b-9fa5-fee79b4edb4c 0.458s
2024-12-14 13:15:53.744 66416 INFO tempest.lib.common.rest_client [req-cbed6571-e271-4ac5-b3cb-2deb56d55297 req-cbed6571-e271-4ac5-b3cb-2deb56d55297 ] Request (FloatingIPsAssociationNegativeTestJSON:tearDownClass): 200 PUT http://10.180.1.21:9696/networking/v2.0/routers/3c5dfa47-c7c0-40f5-ba99-3001d33af073/remove_router_interface 0.789s
2024-12-14 13:15:53.757 66430 INFO tempest.lib.common.rest_client [req-a725f575-22b0-4dba-b4f8-f5c12db9aa3f req-a725f575-22b0-4dba-b4f8-f5c12db9aa3f ] Request (ListServerFiltersTestJSON:test_list_servers_filter_by_limit): 200 GET http://10.180.1.21/compute/v2.1/servers?limit=1 0.435s
2024-12-14 13:15:53.810 66438 INFO tempest.lib.common.rest_client [req-c458100b-7a0d-42fb-ac77-0fa548037221 req-c458100b-7a0d-42fb-ac77-0fa548037221 ] Request (AttachInterfacesUnderV243Test:test_add_remove_fixed_ip): 200 GET http://10.180.1.21/compute/v2.1/servers/4749f591-1b2b-4fa5-835e-4a83bd11f986 0.444s
2024-12-14 13:15:53.833 66454 INFO tempest.lib.common.rest_client [req-00af5fa9-d1d4-4507-9604-f09ef0dcf9c3 req-00af5fa9-d1d4-4507-9604-f09ef0dcf9c3 ] Request (SecurityGroupRulesTestJSON:test_security_group_rules_delete_when_peer_group_deleted): 200 POST http://10.180.1.21/compute/v2.1/os-security-group-rules 0.622s
2024-12-14 13:15:53.905 66410 INFO tempest.lib.common.rest_client [req-5e551220-1181-45df-9977-51d35dc35a7d req-5e551220-1181-45df-9977-51d35dc35a7d ] Request (ServerDiagnosticsNegativeTest:tearDownClass): 200 GET http://10.180.1.21/compute/v2.1/servers/48a2cbcd-666e-44c7-989b-3b1d66c08971 0.473s
2024-12-14 13:15:53.945 66444 INFO tempest.lib.common.rest_client [req-911c0938-78b9-48c9-932e-792a64e84752 req-911c0938-78b9-48c9-932e-792a64e84752 ] Request (ServerActionsV293TestJSON:setUpClass): 200 GET http://10.180.1.21/compute/v2.1/servers/755e9b02-03fc-47a8-95d2-60c5dce362c0 0.525s
2024-12-14 13:15:53.955 66404 INFO tempest.lib.common.rest_client [req-4639109b-e096-461a-bdd5-41fc4caa7b3c req-4639109b-e096-461a-bdd5-41fc4caa7b3c ] Request (ImagesTestJSON:test_create_image_from_suspended_server): 200 GET http://10.180.1.21/compute/v2.1/servers/df273824-545b-49c0-a51a-5001c27dce18 0.463s
2024-12-14 13:15:54.013 66462 INFO tempest.lib.common.rest_client [req-d3bdf90c-45f6-47ba-9322-6f7cac4719b2 req-d3bdf90c-45f6-47ba-9322-6f7cac4719b2 ] Request (ServerTagsTestJSON:setUpClass): 200 GET http://10.180.1.21/compute/v2.1/servers/b053a896-d055-4e0a-8f85-8871df4bf5c0 0.275s
2024-12-14 13:15:54.027 66418 INFO tempest.lib.common.rest_client [req-b7c8ce81-5044-498b-a07c-65a71b66bd47 req-b7c8ce81-5044-498b-a07c-65a71b66bd47 ] Request (DeleteServersAdminTestJSON:test_delete_server_while_in_error_state): 204 DELETE http://10.180.1.21/compute/v2.1/servers/01a12c31-8582-4cd7-a85a-2029bc7ac6c4 0.441s
2024-12-14 13:15:54.069 66400 INFO tempest.lib.common.rest_client [req-2deccd0d-25ee-436a-b219-d6fbcaef009c req-2deccd0d-25ee-436a-b219-d6fbcaef009c ] Request (ImagesOneServerTestJSON:test_create_image_specify_multibyte_character_image_name): 200 GET http://10.180.1.21/compute/v2.1/images/cb7c79dc-201d-42da-8a1f-6c6edfab735b 0.251s
2024-12-14 13:15:54.104 66430 INFO tempest.lib.common.rest_client [req-56110e1e-eaa0-463e-b66e-72538ce4b0c5 req-56110e1e-eaa0-463e-b66e-72538ce4b0c5 ] Request (ListServerFiltersTestJSON:test_list_servers_filter_by_server_name): 200 GET http://10.180.1.21/compute/v2.1/servers?name=tempest-ListServerFiltersTestJSON-instance-1050414703 0.340s
2024-12-14 13:15:54.123 66416 INFO tempest.lib.common.rest_client [req-8d827188-79a1-4025-a085-ca9530249c29 req-8d827188-79a1-4025-a085-ca9530249c29 ] Request (FloatingIPsAssociationNegativeTestJSON:tearDownClass): 204 DELETE http://10.180.1.21:9696/networking/v2.0/routers/3c5dfa47-c7c0-40f5-ba99-3001d33af073 0.376s
2024-12-14 13:15:54.164 66450 INFO tempest.lib.common.rest_client [req-bb443905-2f85-4d74-8220-acd6d83b13bf req-bb443905-2f85-4d74-8220-acd6d83b13bf ] Request (ServerDiskConfigTestJSON:test_rebuild_server_with_manual_disk_config): 200 GET http://10.180.1.21/compute/v2.1/servers/bfed8bc0-b72f-4be1-9226-e8b903dc1f5c 0.296s
2024-12-14 13:15:54.215 66424 INFO tempest.lib.common.rest_client [req-44d5f949-2fef-4939-adce-9cbb0162c163 req-44d5f949-2fef-4939-adce-9cbb0162c163 ] Request (SecurityGroupsTestJSON:test_list_security_groups_by_server): 200 GET http://10.180.1.21/compute/v2.1/servers/7fcea3e1-b7b1-4da3-b562-f12e91d47d31 0.326s
2024-12-14 13:15:54.233 66454 INFO tempest.lib.common.rest_client [req-5cc8b6e4-3cb6-47b2-8124-a45635b8781f req-5cc8b6e4-3cb6-47b2-8124-a45635b8781f ] Request (SecurityGroupRulesTestJSON:test_security_group_rules_delete_when_peer_group_deleted): 202 DELETE http://10.180.1.21/compute/v2.1/os-security-groups/fa121b04-5354-47f9-8491-5870c2f60451 0.398s
