2024-12-14 13:14:40.806 66462 INFO tempest.lib.common.rest_client [req-94f138d5-a540-4343-b530-39f657de99a0 req-94f138d5-a540-4343-b530-39f657de99a0 ] Request (KeyPairsV2TestJSON:setUpClass): 201 POST http://10.180.1.21/identity/v3/auth/tokens 0.079s
2024-12-14 13:14:41.031 66430 INFO tempest.lib.common.rest_client [req-4a0088a3-7f51-481c-acf2-47611c21a291 req-4a0088a3-7f51-481c-acf2-47611c21a291 ] Request (ListServerFiltersTestJSON:setUpClass): 202 POST http://10.180.1.21/compute/v2.1/servers 4.376s
2024-12-14 13:14:41.155 66430 INFO tempest.lib.common.rest_client [req-cb53da73-6111-47eb-b9e6-6b7cd82631c0 req-cb53da73-6111-47eb-b9e6-6b7cd82631c0 ] Request (ListServerFiltersTestJSON:setUpClass): 201 POST http://10.180.1.21/identity/v3/auth/tokens 0.117s
2024-12-14 13:14:41.155 66430 INFO tempest.lib.common.fixed_network [-] (ListServerFiltersTestJSON:setUpClass) Found network {'id': '2d30b27c-6997-42d9-bc23-7940597cc1f4', 'name': 'tempest-ListServerFiltersTestJSON-552038117-network', 'tenant_id': '176d1522edbd4b808d40ebecc2bdb00d', 'admin_state_up': True, 'mtu': 8950, 'status': 'ACTIVE', 'subnets': [], 'shared': False, 'project_id': '176d1522edbd4b808d40ebecc2bdb00d', 'port_security_enabled': True, 'router:external': False, 'provider:network_type': 'vlan', 'provider:physical_network': 'default', 'provider:segmentation_id': 328, 'availability_zone_hints': [], 'availability_zones': [], 'ipv4_address_scope': None, 'ipv6_address_scope': None, 'description': '', 'tags': [], 'created_at': '2024-12-14T13:14:34Z', 'updated_at': '2024-12-14T13:14:35Z', 'revision_number': 1} available for tenant
2024-12-14 13:14:41.163 66408 INFO tempest.lib.common.rest_client [req-c75d5b72-52ae-4662-82a1-1dfd2b1f5713 req-c75d5b72-52ae-4662-82a1-1dfd2b1f5713 ] Request (SecurityGroupsTestAdminJSON:test_list_security_groups_list_all_tenants_filter): 200 POST http://10.180.1.21/compute/v2.1/os-security-groups 4.182s
2024-12-14 13:14:41.248 66454 INFO tempest.lib.common.rest_client [req-f7fc7cf5-7d24-4127-a349-30abe5248e1c req-f7fc7cf5-7d24-4127-a349-30abe5248e1c ] Request (ServerExternalEventsTest:test_create_server_external_events): 200 GET http://10.180.1.21/compute/v2.1/servers/e572f2ad-ee8c-4cd9-8b62-2ce04cbc1b11 3.944s
2024-12-14 13:14:41.260 66454 INFO tempest.common.waiters [-] State transition "BUILD/None" ==> "BUILD/networking" after 8 second wait
2024-12-14 13:14:41.292 66420 INFO tempest.lib.common.rest_client [req-328a6958-5bb7-40c0-a9a4-e2c0abeafdae req-328a6958-5bb7-40c0-a9a4-e2c0abeafdae ] Request (ImagesMetadataTestJSON:test_get_image_metadata_item): 200 GET http://10.180.1.21/compute/v2.1/images/187f9ea9-4b6e-47f6-aaa4-cc888a928116/metadata/os_distro 3.978s
2024-12-14 13:14:41.330 66444 INFO tempest.lib.common.rest_client [req-1d58df26-a726-42c9-b914-8cdae5406125 req-1d58df26-a726-42c9-b914-8cdae5406125 ] Request (ServerActionsV293TestJSON:setUpClass): 200 GET http://10.180.1.21/volume/v3/volumes/a806c28e-b99e-4fc4-8d2c-b4fd4ef53dea 0.040s
2024-12-14 13:14:41.416 66410 INFO tempest.lib.common.rest_client [req-032e28af-b981-4c52-954a-e4b06b15aab6 req-032e28af-b981-4c52-954a-e4b06b15aab6 ] Request (QuotaClassesAdminTestJSON:_run_cleanups): 200 PUT http://10.180.1.21/compute/v2.1/os-quota-class-sets/default 4.079s
2024-12-14 13:14:41.469 66450 INFO tempest.lib.common.rest_client [req-81865aa3-d8dc-4abf-bc84-4f6f4c85e6ec req-81865aa3-d8dc-4abf-bc84-4f6f4c85e6ec ] Request (ServerDiskConfigTestJSON:test_rebuild_server_with_auto_disk_config): 200 GET http://10.180.1.21/compute/v2.1/servers/a372b49c-97d8-4e9c-9bdb-00b5bdd3b8cc 4.321s
2024-12-14 13:14:41.499 66446 INFO tempest.lib.common.rest_client [req-36d1ffcb-35f0-4142-ab6c-a9947e7a6536 req-36d1ffcb-35f0-4142-ab6c-a9947e7a6536 ] Request (KeyPairsV22TestJSON:test_keypair_create_with_pub_key): 201 POST http://10.180.1.21/compute/v2.1/os-keypairs 4.134s
2024-12-14 13:14:41.522 66402 INFO tempest.lib.common.rest_client [req-fb07bd09-eae6-41c0-8a45-6d7b143a7219 req-fb07bd09-eae6-41c0-8a45-6d7b143a7219 ] Request (KeyPairsV210TestJSON:_run_cleanups): 204 DELETE http://10.180.1.21/compute/v2.1/os-keypairs/tempest-KeyPairsV210TestJSON-keypair-13572865 4.146s
2024-12-14 13:14:41.632 66432 INFO tempest.lib.common.rest_client [req-0590ffc7-466a-439d-9bf9-49d2971d5732 req-0590ffc7-466a-439d-9bf9-49d2971d5732 ] Request (QuotasAdminTestJSON:test_delete_quota): 200 GET http://10.180.1.21/identity/v3/domains?name=Default 0.205s
2024-12-14 13:14:41.684 66410 INFO tempest.lib.common.rest_client [req-c79527eb-f002-41eb-841d-ab8b04b37fb9 req-c79527eb-f002-41eb-841d-ab8b04b37fb9 ] Request (QuotaClassesAdminTestJSON:tearDownClass): 204 DELETE http://10.180.1.21/identity/v3/users/7a3405c938a2437cab196f358765930a 0.264s
2024-12-14 13:14:41.723 66432 INFO tempest.lib.common.rest_client [req-fe7a8717-27dc-40a0-b4f1-6623e1ef7c5d req-fe7a8717-27dc-40a0-b4f1-6623e1ef7c5d ] Request (QuotasAdminTestJSON:test_delete_quota): 201 POST http://10.180.1.21/identity/v3/projects 0.090s
2024-12-14 13:14:41.783 66432 INFO tempest.lib.common.rest_client [req-e6a7c815-d8a1-42fb-bd99-7c8cc5c47ad9 req-e6a7c815-d8a1-42fb-bd99-7c8cc5c47ad9 ] Request (QuotasAdminTestJSON:test_delete_quota): 200 GET http://10.180.1.21/identity/v3/domains?name=Default 0.058s
2024-12-14 13:14:41.840 66410 INFO tempest.lib.common.rest_client [req-a70a1aeb-f262-43f7-b886-f64cb5e3b4d9 req-a70a1aeb-f262-43f7-b886-f64cb5e3b4d9 ] Request (QuotaClassesAdminTestJSON:tearDownClass): 204 DELETE http://10.180.1.21/identity/v3/users/87d7f811460b442d8744222ef8c4e27e 0.155s
2024-12-14 13:14:41.840 66410 INFO tempest.lib.common.dynamic_creds [-] Deleting project and security group for project: 8faaec4140ee4c6ea0ecfceb515e11bd
2024-12-14 13:14:41.907 66410 INFO tempest.lib.common.rest_client [req-022421ca-b1dc-4484-8c63-65f251dd13c3 req-022421ca-b1dc-4484-8c63-65f251dd13c3 ] Request (QuotaClassesAdminTestJSON:tearDownClass): 201 POST http://10.180.1.21/identity/v3/auth/tokens 0.066s
2024-12-14 13:14:41.968 66426 INFO tempest.lib.common.rest_client [req-9973e4a2-37d6-470c-8850-6f1a5bf8d172 req-9973e4a2-37d6-470c-8850-6f1a5bf8d172 ] Request (VolumesAssistedSnapshotsTest:test_volume_assisted_snapshot_create_delete): 200 GET http://10.180.1.21/compute/v2.1/servers/03222b41-6488-49b1-a214-837f3c33f7bc 4.376s
2024-12-14 13:14:41.975 66426 INFO tempest.common.waiters [-] State transition "BUILD/None" ==> "BUILD/spawning" after 11 second wait
2024-12-14 13:14:42.184 66460 INFO tempest.lib.common.rest_client [req-a4f1e83e-aed6-4d01-ba5e-97b2c51b68eb req-a4f1e83e-aed6-4d01-ba5e-97b2c51b68eb ] Request (FloatingIPDetailsTestJSON:tearDownClass): 200 PUT http://10.180.1.21:9696/networking/v2.0/routers/2afa6cef-a272-4595-8352-72ea566ac292/remove_router_interface 2.453s
2024-12-14 13:14:42.381 66444 INFO tempest.lib.common.rest_client [req-21169440-bd19-4e5c-9b35-30282dea7aae req-21169440-bd19-4e5c-9b35-30282dea7aae ] Request (ServerActionsV293TestJSON:setUpClass): 200 GET http://10.180.1.21/volume/v3/volumes/a806c28e-b99e-4fc4-8d2c-b4fd4ef53dea 0.039s
2024-12-14 13:14:42.384 66424 INFO tempest.lib.common.rest_client [req-a6ed21ff-a516-4eeb-bcf9-0224c09439bf req-a6ed21ff-a516-4eeb-bcf9-0224c09439bf ] Request (TenantUsagesTestJSON:setUpClass): 200 GET http://10.180.1.21/compute/v2.1/servers/4bf69568-7e1c-4556-bcf2-c25f1db550bb 4.573s
2024-12-14 13:14:42.403 66436 INFO tempest.lib.common.rest_client [req-8bc54c94-cd72-40b4-953e-2c16b76038ce req-8bc54c94-cd72-40b4-953e-2c16b76038ce ] Request (ServersTestManualDisk:setUpClass): 202 POST http://10.180.1.21/compute/v2.1/servers 4.811s
2024-12-14 13:14:42.488 66414 INFO tempest.lib.common.rest_client [req-598ce1a0-2784-4583-926b-20c5b0b4d0a5 req-598ce1a0-2784-4583-926b-20c5b0b4d0a5 ] Request (ServersWithSpecificFlavorTestJSON:test_verify_created_server_ephemeral_disk): 200 GET http://10.180.1.21/compute/v2.1/servers/845e8be8-d45f-46cc-9bea-32f1630b9e21 4.269s
2024-12-14 13:14:42.533 66410 INFO tempest.lib.common.rest_client [req-f17b8013-1fc4-43c6-899f-d3e53f891535 req-f17b8013-1fc4-43c6-899f-d3e53f891535 ] Request (QuotaClassesAdminTestJSON:tearDownClass): 200 GET http://10.180.1.21:9696/networking/v2.0/security-groups?tenant_id=8faaec4140ee4c6ea0ecfceb515e11bd&name=default 0.626s
2024-12-14 13:14:42.786 66410 INFO tempest.lib.common.rest_client [req-38016ee4-7252-47ef-ba8a-79b437f806c1 req-38016ee4-7252-47ef-ba8a-79b437f806c1 ] Request (QuotaClassesAdminTestJSON:tearDownClass): 204 DELETE http://10.180.1.21:9696/networking/v2.0/security-groups/f18ff821-004a-429a-b6d3-7e328ef59561 0.252s
2024-12-14 13:14:42.872 66410 INFO tempest.lib.common.rest_client [req-444d626e-8c80-481c-be10-51b0861c7b31 req-444d626e-8c80-481c-be10-51b0861c7b31 ] Request (QuotaClassesAdminTestJSON:tearDownClass): 204 DELETE http://10.180.1.21/identity/v3/projects/8faaec4140ee4c6ea0ecfceb515e11bd 0.085s
2024-12-14 13:14:42.873 66410 INFO tempest.lib.common.dynamic_creds [-] Deleting project and security group for project: 5e261023b5b747059c89ac0b38a8c962
2024-12-14 13:14:43.011 66460 INFO tempest.lib.common.rest_client [req-a2768061-2e36-43ef-a0cc-7d81b9819f3a req-a2768061-2e36-43ef-a0cc-7d81b9819f3a ] Request (FloatingIPDetailsTestJSON:tearDownClass): 204 DELETE http://10.180.1.21:9696/networking/v2.0/routers/2afa6cef-a272-4595-8352-72ea566ac292 0.826s
2024-12-14 13:14:43.066 66410 INFO tempest.lib.common.rest_client [req-16273116-13f6-4603-b3fd-c8cc94df81b7 req-16273116-13f6-4603-b3fd-c8cc94df81b7 ] Request (QuotaClassesAdminTestJSON:tearDownClass): 200 GET http://10.180.1.21:9696/networking/v2.0/security-groups?tenant_id=5e261023b5b747059c89ac0b38a8c962&name=default 0.192s
2024-12-14 13:14:43.162 66457 INFO tempest.lib.common.rest_client [req-8843cdd3-58b2-4931-b948-f4dca97d8094 req-8843cdd3-58b2-4931-b948-f4dca97d8094 ] Request (ServerDiagnosticsV248Test:test_get_server_diagnostics): 200 GET http://10.180.1.21/compute/v2.1/servers/5174ef9a-700e-40df-8533-b1f980a26bc0/diagnostics 4.686s
2024-12-14 13:14:43.188 66434 INFO tempest.lib.common.rest_client [req-0fdd725b-83db-4db2-a1a2-d3b55940b076 req-0fdd725b-83db-4db2-a1a2-d3b55940b076 ] Request (FlavorsAccessNegativeTestJSON:_run_cleanups): 200 GET http://10.180.1.21/compute/v2.1/flavors/detail 4.694s
2024-12-14 13:14:43.200 66410 INFO tempest.lib.common.rest_client [req-cd2ceb97-b351-4b13-b428-8a130726ac32 req-cd2ceb97-b351-4b13-b428-8a130726ac32 ] Request (QuotaClassesAdminTestJSON:tearDownClass): 204 DELETE http://10.180.1.21:9696/networking/v2.0/security-groups/69a394f3-21cc-4319-bccd-26324fe231e1 0.133s
2024-12-14 13:14:43.208 66422 INFO tempest.lib.common.rest_client [req-1c8e82c5-073c-46c4-9674-8412f625b94d req-1c8e82c5-073c-46c4-9674-8412f625b94d ] Request (FlavorsAdminTestJSON:_run_cleanups): 202 DELETE http://10.180.1.21/compute/v2.1/flavors/433277fc-d7dc-4c60-a2b1-a43bc19d1072 4.688s
2024-12-14 13:14:43.212 66460 INFO tempest.lib.common.rest_client [req-d047dda4-8a1e-4420-9509-00018bb8c53a req-d047dda4-8a1e-4420-9509-00018bb8c53a ] Request (FloatingIPDetailsTestJSON:tearDownClass): 204 DELETE http://10.180.1.21:9696/networking/v2.0/subnets/3f9fdfc8-65ee-42f2-929b-1a27acd186d6 0.200s
2024-12-14 13:14:43.255 66448 INFO tempest.lib.common.rest_client [req-bd57dcb8-08a6-4c05-940b-c1a615d50514 req-bd57dcb8-08a6-4c05-940b-c1a615d50514 ] Request (KeyPairsNegativeTestJSON:test_keypair_create_with_invalid_pub_key): 400 POST http://10.180.1.21/compute/v2.1/os-keypairs 4.728s
2024-12-14 13:14:43.263 66406 INFO tempest.lib.common.rest_client [req-47610e0f-684c-4c78-b3d7-7dc9982b4344 req-47610e0f-684c-4c78-b3d7-7dc9982b4344 ] Request (AggregatesAdminNegativeTestJSON:test_aggregate_create_as_user): 403 POST http://10.180.1.21/compute/v2.1/os-aggregates 4.728s
2024-12-14 13:14:43.332 66410 INFO tempest.lib.common.rest_client [req-8d33673f-f7f1-434f-ab57-138298ba634e req-8d33673f-f7f1-434f-ab57-138298ba634e ] Request (QuotaClassesAdminTestJSON:tearDownClass): 204 DELETE http://10.180.1.21/identity/v3/projects/5e261023b5b747059c89ac0b38a8c962 0.132s
2024-12-14 13:14:43.381 66442 INFO tempest.lib.common.rest_client [req-8956ae3e-cd33-4422-bb70-b36d80b5edc1 req-8956ae3e-cd33-4422-bb70-b36d80b5edc1 ] Request (ImagesNegativeTestJSON:setUpClass): 200 PUT http://10.180.1.21:9696/networking/v2.0/routers/0d695b07-b75c-498c-a807-07b04dd91730/add_router_interface 3.198s
2024-12-14 13:14:43.381 66442 INFO tempest.lib.common.dynamic_creds [-] Created isolated network resources for: credentials: Credentials: {'domain_id': 'default', 'domain_name': 'Default', 'username': 'tempest-ImagesNegativeTestJSON-491592815-project-member', 'project_domain_id': 'default', 'project_domain_name': 'Default', 'project_id': 'ec05a7dbe4f04d64937070d9173c0cc4', 'project_name': 'tempest-ImagesNegativeTestJSON-491592815', 'tenant_id': 'ec05a7dbe4f04d64937070d9173c0cc4', 'tenant_name': 'tempest-ImagesNegativeTestJSON-491592815', 'user_domain_id': 'default', 'user_domain_name': 'Default', 'user_id': 'd7db6c9765204b739edd3d19cbc8a9fa', 'system': None}, Network: {'id': 'f5e0d67c-df92-4e32-b590-af09215e833d', 'name': 'tempest-ImagesNegativeTestJSON-576838688-network', 'tenant_id': 'ec05a7dbe4f04d64937070d9173c0cc4', 'admin_state_up': True, 'mtu': 8950, 'status': 'ACTIVE', 'subnets': [], 'shared': False, 'project_id': 'ec05a7dbe4f04d64937070d9173c0cc4', 'port_security_enabled': True, 'router:external': False, 'provider:network_type': 'vlan', 'provider:physical_network': 'default', 'provider:segmentation_id': 672, 'availability_zone_hints': [], 'availability_zones': [], 'ipv4_address_scope': None, 'ipv6_address_scope': None, 'description': '', 'tags': [], 'created_at': '2024-12-14T13:14:37Z', 'updated_at': '2024-12-14T13:14:37Z', 'revision_number': 1}, Subnet: {'id': '4191acaa-8854-4497-8fce-fb4068c956b0', 'name': 'tempest-ImagesNegativeTestJSON-576838688-subnet', 'tenant_id': 'ec05a7dbe4f04d64937070d9173c0cc4', 'network_id': 'f5e0d67c-df92-4e32-b590-af09215e833d', 'ip_version': 4, 'subnetpool_id': None, 'enable_dhcp': True, 'ipv6_ra_mode': None, 'ipv6_address_mode': None, 'gateway_ip': '192.168.128.1', 'cidr': '192.168.128.0/28', 'allocation_pools': [{'start': '192.168.128.2', 'end': '192.168.128.14'}], 'host_routes': [], 'dns_nameservers': [], 'description': '', 'router:external': False, 'service_types': [], 'tags': [], 'created_at': '2024-12-14T13:14:38Z', 'updated_at': '2024-12-14T13:14:38Z', 'revision_number': 0, 'project_id': 'ec05a7dbe4f04d64937070d9173c0cc4'}, Router: {'id': '0d695b07-b75c-498c-a807-07b04dd91730', 'name': 'tempest-ImagesNegativeTestJSON-576838688-router', 'tenant_id': 'ec05a7dbe4f04d64937070d9173c0cc4', 'admin_state_up': True, 'status': 'ACTIVE', 'external_gateway_info': {'network_id': '1b69bffe-215e-4f2a-b072-c9f7a5c7f58d', 'external_fixed_ips': [{'subnet_id': 'bda24bac-253d-4aec-a777-dad47359364c', 'ip_address': '10.180.180.247'}], 'enable_snat': True}, 'description': '', 'availability_zones': [], 'distributed': False, 'ha': False, 'availability_zone_hints': [], 'routes': [], 'flavor_id': None, 'tags': [], 'created_at': '2024-12-14T13:14:38Z', 'updated_at': '2024-12-14T13:14:39Z', 'revision_number': 2, 'project_id': 'ec05a7dbe4f04d64937070d9173c0cc4'}
2024-12-14 13:14:43.401 66410 INFO tempest.lib.common.rest_client [req-c588f554-20a8-4c1f-b657-4f1532e3a5ba req-c588f554-20a8-4c1f-b657-4f1532e3a5ba ] Request (ServerDiagnosticsNegativeTest:setUpClass): 201 POST http://10.180.1.21/identity/v3/auth/tokens 0.067s
2024-12-14 13:14:43.442 66444 INFO tempest.lib.common.rest_client [req-f419fc61-6506-4bd1-9c4b-c12e7475a310 req-f419fc61-6506-4bd1-9c4b-c12e7475a310 ] Request (ServerActionsV293TestJSON:setUpClass): 200 GET http://10.180.1.21/volume/v3/volumes/a806c28e-b99e-4fc4-8d2c-b4fd4ef53dea 0.040s
2024-12-14 13:14:43.447 66404 INFO tempest.lib.common.rest_client [req-9a5006bb-346a-4e8f-8d43-2817ed7d9e3c req-9a5006bb-346a-4e8f-8d43-2817ed7d9e3c ] Request (ImagesTestJSON:test_create_image_from_stopped_server): 202 POST http://10.180.1.21/compute/v2.1/servers 5.386s
2024-12-14 13:14:43.453 66410 INFO tempest.lib.common.rest_client [req-8715d122-7cdd-48ad-bfb2-5aa57e7a3bb6 req-8715d122-7cdd-48ad-bfb2-5aa57e7a3bb6 ] Request (ServerDiagnosticsNegativeTest:setUpClass): 201 POST http://10.180.1.21/identity/v3/auth/tokens 0.050s
2024-12-14 13:14:43.472 66452 INFO tempest.lib.common.rest_client [req-4de846d5-d883-462e-adb8-e47cbd1982d0 req-4de846d5-d883-462e-adb8-e47cbd1982d0 ] Request (VolumesAdminNegativeTest:test_update_attached_volume_with_nonexistent_volume_in_body): 200 GET http://10.180.1.21/compute/v2.1/servers/6c392bcb-fea4-4624-bb9d-8eae7e209681 4.456s
2024-12-14 13:14:43.513 66460 INFO tempest.lib.common.rest_client [req-ff8e46f5-35b6-4b66-b98a-2fe3e26b418e req-ff8e46f5-35b6-4b66-b98a-2fe3e26b418e ] Request (FloatingIPDetailsTestJSON:tearDownClass): 204 DELETE http://10.180.1.21:9696/networking/v2.0/networks/86dc3cde-72a5-4ca8-a7c0-3baa49f6eff7 0.300s
2024-12-14 13:14:43.520 66442 INFO tempest.lib.common.rest_client [req-758c42b5-f40f-4145-ab7b-8c177845709b req-758c42b5-f40f-4145-ab7b-8c177845709b ] Request (ImagesNegativeTestJSON:setUpClass): 201 POST http://10.180.1.21/identity/v3/auth/tokens 0.135s
2024-12-14 13:14:43.567 66410 INFO tempest.lib.common.rest_client [req-f377957c-0e21-4bf3-b44f-1ded749c1f02 req-f377957c-0e21-4bf3-b44f-1ded749c1f02 ] Request (ServerDiagnosticsNegativeTest:setUpClass): 200 GET http://10.180.1.21/identity/v3/domains?name=Default 0.113s
2024-12-14 13:14:43.638 66460 INFO tempest.lib.common.rest_client [req-291aa53a-c90d-4fcd-97da-037343986606 req-291aa53a-c90d-4fcd-97da-037343986606 ] Request (FloatingIPDetailsTestJSON:tearDownClass): 204 DELETE http://10.180.1.21/identity/v3/users/3472a884e9b34347854827db6f481e56 0.124s
2024-12-14 13:14:43.638 66460 INFO tempest.lib.common.dynamic_creds [-] Deleting project and security group for project: c6988df7ff1b434cbb512e9bd6e7156f
2024-12-14 13:14:43.642 66412 INFO tempest.lib.common.rest_client [req-3f49f875-ae9f-48bf-9f07-58a4d63683b8 req-3f49f875-ae9f-48bf-9f07-58a4d63683b8 ] Request (ServersAdminTestJSON:setUpClass): 200 GET http://10.180.1.21/compute/v2.1/servers/71345778-5336-4e7b-be54-eee5050cbcc3 4.289s
2024-12-14 13:14:43.652 66442 INFO tempest.lib.common.rest_client [req-4bb5ba5a-473c-4332-afb2-656e44f13b0e req-4bb5ba5a-473c-4332-afb2-656e44f13b0e ] Request (ImagesNegativeTestJSON:test_create_image_from_deleted_server): 201 POST http://10.180.1.21/identity/v3/auth/tokens 0.124s
2024-12-14 13:14:43.653 66442 INFO tempest.lib.common.fixed_network [-] (ImagesNegativeTestJSON:test_create_image_from_deleted_server) Found network {'id': 'f5e0d67c-df92-4e32-b590-af09215e833d', 'name': 'tempest-ImagesNegativeTestJSON-576838688-network', 'tenant_id': 'ec05a7dbe4f04d64937070d9173c0cc4', 'admin_state_up': True, 'mtu': 8950, 'status': 'ACTIVE', 'subnets': [], 'shared': False, 'project_id': 'ec05a7dbe4f04d64937070d9173c0cc4', 'port_security_enabled': True, 'router:external': False, 'provider:network_type': 'vlan', 'provider:physical_network': 'default', 'provider:segmentation_id': 672, 'availability_zone_hints': [], 'availability_zones': [], 'ipv4_address_scope': None, 'ipv6_address_scope': None, 'description': '', 'tags': [], 'created_at': '2024-12-14T13:14:37Z', 'updated_at': '2024-12-14T13:14:37Z', 'revision_number': 1} available for tenant
2024-12-14 13:14:43.695 66460 INFO tempest.lib.common.rest_client [req-e2aa0be0-a143-45b5-a752-0b4cf289dc1d req-e2aa0be0-a143-45b5-a752-0b4cf289dc1d ] Request (FloatingIPDetailsTestJSON:tearDownClass): 200 GET http://10.180.1.21:9696/networking/v2.0/security-groups?tenant_id=c6988df7ff1b434cbb512e9bd6e7156f&name=default 0.057s
2024-12-14 13:14:43.716 66410 INFO tempest.lib.common.rest_client [req-8641e182-5fb8-4e51-878b-6b72d9568fa4 req-8641e182-5fb8-4e51-878b-6b72d9568fa4 ] Request (ServerDiagnosticsNegativeTest:setUpClass): 201 POST http://10.180.1.21/identity/v3/projects 0.148s
2024-12-14 13:14:43.780 66410 INFO tempest.lib.common.rest_client [req-f5b0d914-495e-4d9c-b8b7-966a90789f40 req-f5b0d914-495e-4d9c-b8b7-966a90789f40 ] Request (ServerDiagnosticsNegativeTest:setUpClass): 201 POST http://10.180.1.21/identity/v3/users 0.064s
2024-12-14 13:14:43.802 66410 INFO tempest.lib.common.rest_client [req-ad5c80f1-e29b-42b5-92b4-b02121601181 req-ad5c80f1-e29b-42b5-92b4-b02121601181 ] Request (ServerDiagnosticsNegativeTest:setUpClass): 200 GET http://10.180.1.21/identity/v3/roles 0.021s
2024-12-14 13:14:43.810 66438 INFO tempest.lib.common.rest_client [req-6173c68b-6081-4670-a26e-1cd5a45a11af req-6173c68b-6081-4670-a26e-1cd5a45a11af ] Request (ServerDiagnosticsTest:test_get_server_diagnostics): 200 GET http://10.180.1.21/compute/v2.1/servers/ce12836a-0f8b-4085-ad13-7b1476842cab 4.281s
2024-12-14 13:14:43.820 66438 INFO tempest.common.waiters [-] State transition "BUILD/spawning" ==> "ACTIVE/None" after 25 second wait
2024-12-14 13:14:43.830 66410 INFO tempest.lib.common.rest_client [req-429f6d81-d134-436a-a318-4629564a38b5 req-429f6d81-d134-436a-a318-4629564a38b5 ] Request (ServerDiagnosticsNegativeTest:setUpClass): 204 PUT http://10.180.1.21/identity/v3/projects/035ab68f7dd54db3b7b76e626fdb8df0/users/9ecbde5dd9934d60802a9f40d765e304/roles/45c154554e5849cc83992c5926a6bd43 0.027s
2024-12-14 13:14:43.830 66410 INFO tempest.lib.common.dynamic_creds [-] Dynamic test user 9ecbde5dd9934d60802a9f40d765e304 is created with scope project and roles: ['member']
2024-12-14 13:14:43.830 66410 INFO tempest.lib.common.dynamic_creds [-] Acquired dynamic creds: credentials: Credentials: {'domain_id': 'default', 'domain_name': 'Default', 'username': 'tempest-ServerDiagnosticsNegativeTest-265823744-project-member', 'project_domain_id': 'default', 'project_domain_name': 'Default', 'project_id': '035ab68f7dd54db3b7b76e626fdb8df0', 'project_name': 'tempest-ServerDiagnosticsNegativeTest-265823744', 'tenant_id': '035ab68f7dd54db3b7b76e626fdb8df0', 'tenant_name': 'tempest-ServerDiagnosticsNegativeTest-265823744', 'user_domain_id': 'default', 'user_domain_name': 'Default', 'user_id': '9ecbde5dd9934d60802a9f40d765e304', 'system': None}, Network: None, Subnet: None, Router: None
2024-12-14 13:14:43.831 66410 INFO tempest.lib.common.dynamic_creds [-] Created isolated network resources for: credentials: Credentials: {'domain_id': 'default', 'domain_name': 'Default', 'username': 'tempest-ServerDiagnosticsNegativeTest-265823744-project-member', 'project_domain_id': 'default', 'project_domain_name': 'Default', 'project_id': '035ab68f7dd54db3b7b76e626fdb8df0', 'project_name': 'tempest-ServerDiagnosticsNegativeTest-265823744', 'tenant_id': '035ab68f7dd54db3b7b76e626fdb8df0', 'tenant_name': 'tempest-ServerDiagnosticsNegativeTest-265823744', 'user_domain_id': 'default', 'user_domain_name': 'Default', 'user_id': '9ecbde5dd9934d60802a9f40d765e304', 'system': None}, Network: None, Subnet: None, Router: None
2024-12-14 13:14:43.867 66416 INFO tempest.lib.common.rest_client [req-e1f608a4-582f-4e0b-94a9-07534336753f req-e1f608a4-582f-4e0b-94a9-07534336753f ] Request (FloatingIPsAssociationNegativeTestJSON:setUpClass): 200 GET http://10.180.1.21/compute/v2.1/servers/1af5d96c-08b1-45ed-ae51-d3509b7b4488 4.257s
2024-12-14 13:14:43.931 66410 INFO tempest.lib.common.rest_client [req-e9c70dc7-2292-4c4c-903f-b272e6656ab3 req-e9c70dc7-2292-4c4c-903f-b272e6656ab3 ] Request (ServerDiagnosticsNegativeTest:setUpClass): 201 POST http://10.180.1.21/identity/v3/auth/tokens 0.097s
2024-12-14 13:14:43.970 66460 INFO tempest.lib.common.rest_client [req-768ceebe-1740-4cb5-badc-265548eea153 req-768ceebe-1740-4cb5-badc-265548eea153 ] Request (FloatingIPDetailsTestJSON:tearDownClass): 204 DELETE http://10.180.1.21:9696/networking/v2.0/security-groups/9878c2e0-4212-42d6-8266-78e11f48404b 0.274s
2024-12-14 13:14:44.011 66410 INFO tempest.lib.common.rest_client [req-c20a2fb0-ea94-4c4e-ac59-ffbde37ff7ed req-c20a2fb0-ea94-4c4e-ac59-ffbde37ff7ed ] Request (ServerDiagnosticsNegativeTest:setUpClass): 201 POST http://10.180.1.21/identity/v3/projects 0.079s
2024-12-14 13:14:44.045 66440 INFO tempest.lib.common.rest_client [req-c40d6501-2771-41ff-bd16-1587a88b0c68 req-c40d6501-2771-41ff-bd16-1587a88b0c68 ] Request (InstanceActionsTestJSON:setUpClass): 202 POST http://10.180.1.21/compute/v2.1/servers 5.028s
2024-12-14 13:14:44.107 66410 INFO tempest.lib.common.rest_client [req-7501bba2-19e0-4fa6-b839-56c09a892058 req-7501bba2-19e0-4fa6-b839-56c09a892058 ] Request (ServerDiagnosticsNegativeTest:setUpClass): 201 POST http://10.180.1.21/identity/v3/users 0.096s
2024-12-14 13:14:44.130 66458 INFO tempest.lib.common.rest_client [req-d35e4ae7-c68c-4522-9f61-ce6cc60e8b2c req-d35e4ae7-c68c-4522-9f61-ce6cc60e8b2c ] Request (QuotasAdminNegativeTest:test_create_server_when_instances_quota_is_full): 200 PUT http://10.180.1.21/compute/v2.1/os-quota-sets/ee83e09dd57648f9ac25cf187b48585c 4.310s
2024-12-14 13:14:44.137 66410 INFO tempest.lib.common.rest_client [req-7a326067-79f4-4b4c-8a0f-868e1b6e8678 req-7a326067-79f4-4b4c-8a0f-868e1b6e8678 ] Request (ServerDiagnosticsNegativeTest:setUpClass): 200 GET http://10.180.1.21/identity/v3/roles 0.027s
2024-12-14 13:14:44.155 66460 INFO tempest.lib.common.rest_client [req-0d04da32-120a-406e-87cb-8c15bbde6c23 req-0d04da32-120a-406e-87cb-8c15bbde6c23 ] Request (FloatingIPDetailsTestJSON:tearDownClass): 204 DELETE http://10.180.1.21/identity/v3/projects/c6988df7ff1b434cbb512e9bd6e7156f 0.184s
2024-12-14 13:14:44.221 66410 INFO tempest.lib.common.rest_client [req-8edad350-128f-4c64-ae49-845a205c22fd req-8edad350-128f-4c64-ae49-845a205c22fd ] Request (ServerDiagnosticsNegativeTest:setUpClass): 204 PUT http://10.180.1.21/identity/v3/projects/a4ef6116b45845f4a9e9a9f397ad3330/users/cc2bc6a31df246a38b2103783cca158a/roles/99a0029a5b8749aeb68a199c495f326b 0.083s
2024-12-14 13:14:44.279 66458 INFO tempest.lib.common.rest_client [req-1b19e30a-c0a3-4f28-9cca-8f4d97b10526 req-1b19e30a-c0a3-4f28-9cca-8f4d97b10526 ] Request (QuotasAdminNegativeTest:test_create_server_when_instances_quota_is_full): 201 POST http://10.180.1.21/identity/v3/auth/tokens 0.141s
2024-12-14 13:14:44.280 66458 INFO tempest.lib.common.fixed_network [-] (QuotasAdminNegativeTest:test_create_server_when_instances_quota_is_full) Found network None available for tenant
2024-12-14 13:14:44.317 66460 INFO tempest.lib.common.rest_client [req-f49ee8a0-756a-45d2-bd6e-77144bee2768 req-f49ee8a0-756a-45d2-bd6e-77144bee2768 ] Request (ListImageFiltersNegativeTestJSON:setUpClass): 201 POST http://10.180.1.21/identity/v3/auth/tokens 0.161s
2024-12-14 13:14:44.334 66410 INFO tempest.lib.common.rest_client [req-9de377aa-5720-4c5f-b03f-800a6ce6be30 req-9de377aa-5720-4c5f-b03f-800a6ce6be30 ] Request (ServerDiagnosticsNegativeTest:setUpClass): 200 GET http://10.180.1.21/identity/v3/roles 0.113s
2024-12-14 13:14:44.351 66410 INFO tempest.lib.common.rest_client [req-8aa5126a-5059-4ffb-9b13-a289bf106e80 req-8aa5126a-5059-4ffb-9b13-a289bf106e80 ] Request (ServerDiagnosticsNegativeTest:setUpClass): 204 PUT http://10.180.1.21/identity/v3/projects/a4ef6116b45845f4a9e9a9f397ad3330/users/cc2bc6a31df246a38b2103783cca158a/roles/99a0029a5b8749aeb68a199c495f326b 0.016s
2024-12-14 13:14:44.351 66410 INFO tempest.lib.common.dynamic_creds [-] Dynamic test user cc2bc6a31df246a38b2103783cca158a is created with scope project and roles: ['admin']
2024-12-14 13:14:44.352 66410 INFO tempest.lib.common.dynamic_creds [-] Acquired dynamic creds: credentials: Credentials: {'domain_id': 'default', 'domain_name': 'Default', 'username': 'tempest-ServerDiagnosticsNegativeTest-1763562482-project-admin', 'project_domain_id': 'default', 'project_domain_name': 'Default', 'project_id': 'a4ef6116b45845f4a9e9a9f397ad3330', 'project_name': 'tempest-ServerDiagnosticsNegativeTest-1763562482', 'tenant_id': 'a4ef6116b45845f4a9e9a9f397ad3330', 'tenant_name': 'tempest-ServerDiagnosticsNegativeTest-1763562482', 'user_domain_id': 'default', 'user_domain_name': 'Default', 'user_id': 'cc2bc6a31df246a38b2103783cca158a', 'system': None}, Network: None, Subnet: None, Router: None
2024-12-14 13:14:44.352 66410 INFO tempest.lib.common.dynamic_creds [-] Created isolated network resources for: credentials: Credentials: {'domain_id': 'default', 'domain_name': 'Default', 'username': 'tempest-ServerDiagnosticsNegativeTest-1763562482-project-admin', 'project_domain_id': 'default', 'project_domain_name': 'Default', 'project_id': 'a4ef6116b45845f4a9e9a9f397ad3330', 'project_name': 'tempest-ServerDiagnosticsNegativeTest-1763562482', 'tenant_id': 'a4ef6116b45845f4a9e9a9f397ad3330', 'tenant_name': 'tempest-ServerDiagnosticsNegativeTest-1763562482', 'user_domain_id': 'default', 'user_domain_name': 'Default', 'user_id': 'cc2bc6a31df246a38b2103783cca158a', 'system': None}, Network: None, Subnet: None, Router: None
2024-12-14 13:14:44.379 66418 INFO tempest.lib.common.rest_client [req-bf9cdf76-0b17-487c-a3c1-5a91ed875126 req-bf9cdf76-0b17-487c-a3c1-5a91ed875126 ] Request (DeleteServersAdminTestJSON:test_admin_delete_servers_of_others): 204 DELETE http://10.180.1.21/compute/v2.1/servers/0058723c-7203-4ca2-b25f-d0fa00938d57 4.286s
2024-12-14 13:14:44.433 66410 INFO tempest.lib.common.rest_client [req-6d11df45-65f5-4eea-ade5-686e2658888c req-6d11df45-65f5-4eea-ade5-686e2658888c ] Request (ServerDiagnosticsNegativeTest:setUpClass): 201 POST http://10.180.1.21/identity/v3/auth/tokens 0.077s
2024-12-14 13:14:44.440 66460 INFO tempest.lib.common.rest_client [req-662315c0-d510-49b4-ad94-aa6cb8e226f5 req-662315c0-d510-49b4-ad94-aa6cb8e226f5 ] Request (ListImageFiltersNegativeTestJSON:setUpClass): 201 POST http://10.180.1.21/identity/v3/auth/tokens 0.067s
2024-12-14 13:14:44.447 66400 INFO tempest.lib.common.rest_client [req-34ee48ef-6a06-4411-821b-bd87540694ce req-34ee48ef-6a06-4411-821b-bd87540694ce ] Request (ImagesOneServerTestJSON:setUpClass): 200 GET http://10.180.1.21/compute/v2.1/servers/04baf98f-b65c-4c0f-8333-ae165671fbd7 3.704s
2024-12-14 13:14:44.466 66460 INFO tempest.lib.common.rest_client [req-2f0dc747-134d-47c4-9258-a2636be61dfb req-2f0dc747-134d-47c4-9258-a2636be61dfb ] Request (ListImageFiltersNegativeTestJSON:setUpClass): 200 GET http://10.180.1.21/identity/v3/domains?name=Default 0.025s
2024-12-14 13:14:44.480 66444 INFO tempest.lib.common.rest_client [req-8a99a868-4783-4ce6-b1f2-09b330bfa322 req-8a99a868-4783-4ce6-b1f2-09b330bfa322 ] Request (ServerActionsV293TestJSON:setUpClass): 200 GET http://10.180.1.21/volume/v3/volumes/a806c28e-b99e-4fc4-8d2c-b4fd4ef53dea 0.031s
2024-12-14 13:14:44.498 66410 INFO tempest.lib.common.rest_client [req-58d9067f-aae5-4729-8a17-a53ab2367976 req-58d9067f-aae5-4729-8a17-a53ab2367976 ] Request (ServerDiagnosticsNegativeTest:test_get_server_diagnostics_by_non_admin): 201 POST http://10.180.1.21/identity/v3/auth/tokens 0.061s
2024-12-14 13:14:44.498 66410 INFO tempest.lib.common.fixed_network [-] (ServerDiagnosticsNegativeTest:test_get_server_diagnostics_by_non_admin) Found network None available for tenant
2024-12-14 13:14:44.533 66460 INFO tempest.lib.common.rest_client [req-b65fb747-045a-49d5-ba35-a315737f7032 req-b65fb747-045a-49d5-ba35-a315737f7032 ] Request (ListImageFiltersNegativeTestJSON:setUpClass): 201 POST http://10.180.1.21/identity/v3/projects 0.066s
2024-12-14 13:14:44.958 66460 INFO tempest.lib.common.rest_client [req-9215d558-2163-42e5-8cbd-12a54066a878 req-9215d558-2163-42e5-8cbd-12a54066a878 ] Request (ListImageFiltersNegativeTestJSON:setUpClass): 201 POST http://10.180.1.21/identity/v3/users 0.425s
2024-12-14 13:14:44.964 66462 INFO tempest.lib.common.rest_client [req-6c969c9a-598c-4111-a5fa-7c66e3e8b4e6 req-6c969c9a-598c-4111-a5fa-7c66e3e8b4e6 ] Request (KeyPairsV2TestJSON:test_get_keypair_detail): 200 POST http://10.180.1.21/compute/v2.1/os-keypairs 4.155s
2024-12-14 13:14:44.968 66428 INFO tempest.lib.common.rest_client [req-c2555987-f73f-433b-b418-7ec8a349d219 req-c2555987-f73f-433b-b418-7ec8a349d219 ] Request (ServersTestFqdnHostnames:test_create_server_with_fqdn_name): 202 POST http://10.180.1.21/compute/v2.1/servers 5.056s
2024-12-14 13:14:45.008 66460 INFO tempest.lib.common.rest_client [req-10ec856b-fd1e-4852-adb2-d80b1633d30d req-10ec856b-fd1e-4852-adb2-d80b1633d30d ] Request (ListImageFiltersNegativeTestJSON:setUpClass): 200 GET http://10.180.1.21/identity/v3/roles 0.050s
2024-12-14 13:14:45.067 66460 INFO tempest.lib.common.rest_client [req-e6179893-9bb5-4511-a3a7-552643ffcfdd req-e6179893-9bb5-4511-a3a7-552643ffcfdd ] Request (ListImageFiltersNegativeTestJSON:setUpClass): 204 PUT http://10.180.1.21/identity/v3/projects/974aba6cf2b64b85a3179d90f052e045/users/f01b4457ebb34beb9333794331a6b271/roles/45c154554e5849cc83992c5926a6bd43 0.058s
2024-12-14 13:14:45.068 66460 INFO tempest.lib.common.dynamic_creds [-] Dynamic test user f01b4457ebb34beb9333794331a6b271 is created with scope project and roles: ['member']
2024-12-14 13:14:45.068 66460 INFO tempest.lib.common.dynamic_creds [-] Acquired dynamic creds: credentials: Credentials: {'domain_id': 'default', 'domain_name': 'Default', 'username': 'tempest-ListImageFiltersNegativeTestJSON-911124456-project-member', 'project_domain_id': 'default', 'project_domain_name': 'Default', 'project_id': '974aba6cf2b64b85a3179d90f052e045', 'project_name': 'tempest-ListImageFiltersNegativeTestJSON-911124456', 'tenant_id': '974aba6cf2b64b85a3179d90f052e045', 'tenant_name': 'tempest-ListImageFiltersNegativeTestJSON-911124456', 'user_domain_id': 'default', 'user_domain_name': 'Default', 'user_id': 'f01b4457ebb34beb9333794331a6b271', 'system': None}, Network: None, Subnet: None, Router: None
2024-12-14 13:14:45.069 66460 INFO tempest.lib.common.dynamic_creds [-] Created isolated network resources for: credentials: Credentials: {'domain_id': 'default', 'domain_name': 'Default', 'username': 'tempest-ListImageFiltersNegativeTestJSON-911124456-project-member', 'project_domain_id': 'default', 'project_domain_name': 'Default', 'project_id': '974aba6cf2b64b85a3179d90f052e045', 'project_name': 'tempest-ListImageFiltersNegativeTestJSON-911124456', 'tenant_id': '974aba6cf2b64b85a3179d90f052e045', 'tenant_name': 'tempest-ListImageFiltersNegativeTestJSON-911124456', 'user_domain_id': 'default', 'user_domain_name': 'Default', 'user_id': 'f01b4457ebb34beb9333794331a6b271', 'system': None}, Network: None, Subnet: None, Router: None
2024-12-14 13:14:45.200 66460 INFO tempest.lib.common.rest_client [req-04d4a916-2464-4e39-9101-59187b3c72e4 req-04d4a916-2464-4e39-9101-59187b3c72e4 ] Request (ListImageFiltersNegativeTestJSON:setUpClass): 201 POST http://10.180.1.21/identity/v3/auth/tokens 0.126s
2024-12-14 13:14:45.367 66430 INFO tempest.lib.common.rest_client [req-0c99dbd6-aa91-45a2-bea0-426ff5e7f3a2 req-0c99dbd6-aa91-45a2-bea0-426ff5e7f3a2 ] Request (ListServerFiltersTestJSON:setUpClass): 202 POST http://10.180.1.21/compute/v2.1/servers 4.211s
2024-12-14 13:14:45.461 66408 INFO tempest.lib.common.rest_client [req-f9278ab4-1759-439e-b430-ddda8370f4a4 req-f9278ab4-1759-439e-b430-ddda8370f4a4 ] Request (SecurityGroupsTestAdminJSON:test_list_security_groups_list_all_tenants_filter): 200 POST http://10.180.1.21/compute/v2.1/os-security-groups 4.295s
2024-12-14 13:14:45.463 66430 INFO tempest.lib.common.rest_client [req-6772c650-9313-4a68-8a42-7dd44a1183fe req-6772c650-9313-4a68-8a42-7dd44a1183fe ] Request (ListServerFiltersTestJSON:setUpClass): 201 POST http://10.180.1.21/identity/v3/auth/tokens 0.089s
2024-12-14 13:14:45.464 66430 INFO tempest.lib.common.fixed_network [-] (ListServerFiltersTestJSON:setUpClass) Found network {'id': '2d30b27c-6997-42d9-bc23-7940597cc1f4', 'name': 'tempest-ListServerFiltersTestJSON-552038117-network', 'tenant_id': '176d1522edbd4b808d40ebecc2bdb00d', 'admin_state_up': True, 'mtu': 8950, 'status': 'ACTIVE', 'subnets': [], 'shared': False, 'project_id': '176d1522edbd4b808d40ebecc2bdb00d', 'port_security_enabled': True, 'router:external': False, 'provider:network_type': 'vlan', 'provider:physical_network': 'default', 'provider:segmentation_id': 328, 'availability_zone_hints': [], 'availability_zones': [], 'ipv4_address_scope': None, 'ipv6_address_scope': None, 'description': '', 'tags': [], 'created_at': '2024-12-14T13:14:34Z', 'updated_at': '2024-12-14T13:14:35Z', 'revision_number': 1} available for tenant
2024-12-14 13:14:45.483 66446 INFO tempest.lib.common.rest_client [req-3b7cdb7e-a4ae-4caa-a00f-1fa2dfcc7dd7 req-3b7cdb7e-a4ae-4caa-a00f-1fa2dfcc7dd7 ] Request (KeyPairsV22TestJSON:_run_cleanups): 204 DELETE http://10.180.1.21/compute/v2.1/os-keypairs/tempest-keypair-876155225 3.982s
2024-12-14 13:14:45.507 66402 INFO tempest.lib.common.rest_client [req-8c44fb30-0a35-4e79-8c40-ceb0ad27af1c req-8c44fb30-0a35-4e79-8c40-ceb0ad27af1c ] Request (KeyPairsV210TestJSON:_run_cleanups): 204 DELETE http://10.180.1.21/compute/v2.1/os-keypairs/tempest-keypair-1892791709?user_id=c2e098e3fba143f08d0797474c7728a5 3.955s
2024-12-14 13:14:45.523 66420 INFO tempest.lib.common.rest_client [req-2338abe2-38e3-455e-a89e-f1c5e30c7c56 req-2338abe2-38e3-455e-a89e-f1c5e30c7c56 ] Request (ImagesMetadataTestJSON:setUp): 200 PUT http://10.180.1.21/compute/v2.1/images/187f9ea9-4b6e-47f6-aaa4-cc888a928116/metadata 4.229s
2024-12-14 13:14:45.537 66444 INFO tempest.lib.common.rest_client [req-309a1809-34ee-4a65-9580-a7a74f9c2eb1 req-309a1809-34ee-4a65-9580-a7a74f9c2eb1 ] Request (ServerActionsV293TestJSON:setUpClass): 200 GET http://10.180.1.21/volume/v3/volumes/a806c28e-b99e-4fc4-8d2c-b4fd4ef53dea 0.046s
2024-12-14 13:14:45.631 66432 INFO tempest.lib.common.rest_client [req-23fa5fdb-d4cd-4747-8471-1660de0fee96 req-23fa5fdb-d4cd-4747-8471-1660de0fee96 ] Request (QuotasAdminTestJSON:test_delete_quota): 200 GET http://10.180.1.21/compute/v2.1/os-quota-sets/38ba83df432f4ea8ad2740a0c5a2187a 3.848s
2024-12-14 13:14:45.687 66436 INFO tempest.lib.common.rest_client [req-832504f2-06d2-4678-b808-7155db5a7cdb req-832504f2-06d2-4678-b808-7155db5a7cdb ] Request (ServersTestManualDisk:setUpClass): 200 GET http://10.180.1.21/compute/v2.1/servers/1d2050a8-ceca-441d-a7d4-89c3f65323de 3.282s
2024-12-14 13:14:45.688 66454 INFO tempest.lib.common.rest_client [req-ddbfa472-a451-4694-91d0-da2d736e2f5c req-ddbfa472-a451-4694-91d0-da2d736e2f5c ] Request (ServerExternalEventsTest:test_create_server_external_events): 200 GET http://10.180.1.21/compute/v2.1/servers/e572f2ad-ee8c-4cd9-8b62-2ce04cbc1b11 3.425s
2024-12-14 13:14:45.696 66454 INFO tempest.common.waiters [-] State transition "BUILD/networking" ==> "BUILD/spawning" after 12 second wait
2024-12-14 13:14:45.826 66450 INFO tempest.lib.common.rest_client [req-3fa29940-3168-4689-baf9-76bc4f093c80 req-3fa29940-3168-4689-baf9-76bc4f093c80 ] Request (ServerDiskConfigTestJSON:test_rebuild_server_with_auto_disk_config): 200 GET http://10.180.1.21/compute/v2.1/servers/a372b49c-97d8-4e9c-9bdb-00b5bdd3b8cc 3.350s
2024-12-14 13:14:45.850 66426 INFO tempest.lib.common.rest_client [req-0ebb6942-c3e6-409f-8595-224aaa279042 req-0ebb6942-c3e6-409f-8595-224aaa279042 ] Request (VolumesAssistedSnapshotsTest:test_volume_assisted_snapshot_create_delete): 200 GET http://10.180.1.21/compute/v2.1/servers/03222b41-6488-49b1-a214-837f3c33f7bc 2.874s
2024-12-14 13:14:45.872 66434 INFO tempest.lib.common.rest_client [req-2ca09e22-7472-4bcc-8448-50c5b05c224a req-2ca09e22-7472-4bcc-8448-50c5b05c224a ] Request (FlavorsAccessNegativeTestJSON:test_flavor_non_admin_remove): 200 POST http://10.180.1.21/compute/v2.1/flavors 2.677s
2024-12-14 13:14:45.880 66422 INFO tempest.lib.common.rest_client [req-c8bb9a8d-ceb1-4b43-b7a7-bc1f2481128b req-c8bb9a8d-ceb1-4b43-b7a7-bc1f2481128b ] Request (FlavorsAdminTestJSON:_run_cleanups): 200 GET http://10.180.1.21/compute/v2.1/flavors/detail 2.671s
2024-12-14 13:14:45.888 66448 INFO tempest.lib.common.rest_client [req-35d2de6b-87f1-422d-b76f-6e3cb8e8e19c req-35d2de6b-87f1-422d-b76f-6e3cb8e8e19c ] Request (KeyPairsNegativeTestJSON:test_keypair_delete_nonexistent_key): 404 DELETE http://10.180.1.21/compute/v2.1/os-keypairs/tempest-keypair-non-existent-1922458259 2.630s
2024-12-14 13:14:45.914 66406 INFO tempest.lib.common.rest_client [req-c35b790b-cc72-4abe-a710-a730d35a4df2 req-c35b790b-cc72-4abe-a710-a730d35a4df2 ] Request (AggregatesAdminNegativeTestJSON:test_aggregate_create_with_existent_aggregate_name): 200 POST http://10.180.1.21/compute/v2.1/os-aggregates 2.649s
2024-12-14 13:14:45.977 66404 INFO tempest.lib.common.rest_client [req-7510be3b-f89c-4e29-9cb2-ac090071ef82 req-7510be3b-f89c-4e29-9cb2-ac090071ef82 ] Request (ImagesTestJSON:test_create_image_from_stopped_server): 200 GET http://10.180.1.21/compute/v2.1/servers/1088fc4b-f281-47b1-b77d-d9ff3623b6bc 2.524s
2024-12-14 13:14:46.011 66424 INFO tempest.lib.common.rest_client [req-b48b39bb-3555-4075-b4ed-b0c082965efe req-b48b39bb-3555-4075-b4ed-b0c082965efe ] Request (TenantUsagesTestJSON:setUpClass): 200 GET http://10.180.1.21/compute/v2.1/servers/4bf69568-7e1c-4556-bcf2-c25f1db550bb 2.618s
2024-12-14 13:14:46.019 66424 INFO tempest.common.waiters [-] State transition "BUILD/spawning" ==> "ACTIVE/None" after 28 second wait
2024-12-14 13:14:46.072 66448 INFO tempest.lib.common.rest_client [req-437ac472-7c66-457f-8f84-01dc41b66a3f req-437ac472-7c66-457f-8f84-01dc41b66a3f ] Request (KeyPairsNegativeTestJSON:tearDownClass): 204 DELETE http://10.180.1.21/identity/v3/users/f4f0b33108ff437abefc7bc926a89f19 0.182s
2024-12-14 13:14:46.073 66448 INFO tempest.lib.common.dynamic_creds [-] Deleting project and security group for project: 820ca79a043e4ea2823c13bdd96158ee
2024-12-14 13:14:46.135 66448 INFO tempest.lib.common.rest_client [req-86e864fe-dd19-49b9-bfdc-20d6bf7550a4 req-86e864fe-dd19-49b9-bfdc-20d6bf7550a4 ] Request (KeyPairsNegativeTestJSON:tearDownClass): 201 POST http://10.180.1.21/identity/v3/auth/tokens 0.062s
2024-12-14 13:14:46.152 66414 INFO tempest.lib.common.rest_client [req-2bf78c37-1077-4bde-8f68-788f56bfa330 req-2bf78c37-1077-4bde-8f68-788f56bfa330 ] Request (ServersWithSpecificFlavorTestJSON:test_verify_created_server_ephemeral_disk): 200 GET http://10.180.1.21/compute/v2.1/servers/845e8be8-d45f-46cc-9bea-32f1630b9e21 2.650s
2024-12-14 13:14:46.158 66414 INFO tempest.common.waiters [-] State transition "BUILD/None" ==> "BUILD/spawning" after 4 second wait
2024-12-14 13:14:46.377 66448 INFO tempest.lib.common.rest_client [req-189559af-b616-4129-bf4b-70555b839ffd req-189559af-b616-4129-bf4b-70555b839ffd ] Request (KeyPairsNegativeTestJSON:tearDownClass): 200 GET http://10.180.1.21:9696/networking/v2.0/security-groups?tenant_id=820ca79a043e4ea2823c13bdd96158ee&name=default 0.242s
2024-12-14 13:14:46.544 66448 INFO tempest.lib.common.rest_client [req-58de7251-f33f-4e13-822f-ae3dcaaf710b req-58de7251-f33f-4e13-822f-ae3dcaaf710b ] Request (KeyPairsNegativeTestJSON:tearDownClass): 204 DELETE http://10.180.1.21:9696/networking/v2.0/security-groups/fb055193-685a-4370-8ce5-f27e64a324ff 0.166s
2024-12-14 13:14:46.581 66442 INFO tempest.lib.common.rest_client [req-f83f1f79-3ac2-4896-a63a-d6409180eaf1 req-f83f1f79-3ac2-4896-a63a-d6409180eaf1 ] Request (ImagesNegativeTestJSON:test_create_image_from_deleted_server): 202 POST http://10.180.1.21/compute/v2.1/servers 2.927s
2024-12-14 13:14:46.595 66444 INFO tempest.lib.common.rest_client [req-c414f496-d4ae-4b8e-bef0-e7fe397e7c93 req-c414f496-d4ae-4b8e-bef0-e7fe397e7c93 ] Request (ServerActionsV293TestJSON:setUpClass): 200 GET http://10.180.1.21/volume/v3/volumes/a806c28e-b99e-4fc4-8d2c-b4fd4ef53dea 0.051s
2024-12-14 13:14:46.632 66448 INFO tempest.lib.common.rest_client [req-7edfa214-48ce-4f01-bc40-7052eb224c08 req-7edfa214-48ce-4f01-bc40-7052eb224c08 ] Request (KeyPairsNegativeTestJSON:tearDownClass): 204 DELETE http://10.180.1.21/identity/v3/projects/820ca79a043e4ea2823c13bdd96158ee 0.087s
2024-12-14 13:14:46.633 66448 INFO tempest.test [-] raised in ServerStableDeviceRescueTestIDE.setUpClass. Invoking tearDownClass.
2024-12-14 13:14:46.643 66440 INFO tempest.lib.common.rest_client [req-843a3640-2743-43a0-bc64-58174f413641 req-843a3640-2743-43a0-bc64-58174f413641 ] Request (InstanceActionsTestJSON:setUpClass): 200 GET http://10.180.1.21/compute/v2.1/servers/b9c20761-4bf1-4baf-9d77-948feb1d435c 2.594s
2024-12-14 13:14:46.709 66448 INFO tempest.lib.common.rest_client [req-dff3622a-b0bd-4ba2-aa90-4bd7cdfa46f9 req-dff3622a-b0bd-4ba2-aa90-4bd7cdfa46f9 ] Request (AttachVolumeNegativeTest:setUpClass): 201 POST http://10.180.1.21/identity/v3/auth/tokens 0.072s
2024-12-14 13:14:46.745 66448 INFO tempest.lib.common.rest_client [req-8fc34155-573d-4315-a402-d9ae309b7617 req-8fc34155-573d-4315-a402-d9ae309b7617 ] Request (AttachVolumeNegativeTest:setUpClass): 201 POST http://10.180.1.21/identity/v3/auth/tokens 0.034s
2024-12-14 13:14:46.771 66448 INFO tempest.lib.common.rest_client [req-16a99b61-ec43-40a0-bd1e-e16373ab9d21 req-16a99b61-ec43-40a0-bd1e-e16373ab9d21 ] Request (AttachVolumeNegativeTest:setUpClass): 200 GET http://10.180.1.21/identity/v3/domains?name=Default 0.025s
2024-12-14 13:14:46.780 66438 INFO tempest.lib.common.rest_client [req-41f76b4c-e3a3-4159-9102-640174b300b1 req-41f76b4c-e3a3-4159-9102-640174b300b1 ] Request (ServerDiagnosticsTest:test_get_server_diagnostics): 200 GET http://10.180.1.21/compute/v2.1/servers/ce12836a-0f8b-4085-ad13-7b1476842cab/diagnostics 2.960s
2024-12-14 13:14:46.817 66448 INFO tempest.lib.common.rest_client [req-43db632a-74c2-4711-9b59-2274fc1f5129 req-43db632a-74c2-4711-9b59-2274fc1f5129 ] Request (AttachVolumeNegativeTest:setUpClass): 201 POST http://10.180.1.21/identity/v3/projects 0.046s
2024-12-14 13:14:46.846 66458 INFO tempest.lib.common.rest_client [req-c6376519-306b-4a1a-89ec-188e20a2c4ba req-c6376519-306b-4a1a-89ec-188e20a2c4ba ] Request (QuotasAdminNegativeTest:test_create_server_when_instances_quota_is_full): 403 POST http://10.180.1.21/compute/v2.1/servers 2.566s
2024-12-14 13:14:46.886 66448 INFO tempest.lib.common.rest_client [req-e954c0d2-5bfb-4108-bf41-9f1f97412fec req-e954c0d2-5bfb-4108-bf41-9f1f97412fec ] Request (AttachVolumeNegativeTest:setUpClass): 201 POST http://10.180.1.21/identity/v3/users 0.068s
2024-12-14 13:14:46.910 66448 INFO tempest.lib.common.rest_client [req-ef73dc7c-718c-493b-87eb-84d220ddf678 req-ef73dc7c-718c-493b-87eb-84d220ddf678 ] Request (AttachVolumeNegativeTest:setUpClass): 200 GET http://10.180.1.21/identity/v3/roles 0.024s
2024-12-14 13:14:46.928 66418 INFO tempest.lib.common.rest_client [req-5014d597-174b-49f8-bebe-3e7e5de009c6 req-5014d597-174b-49f8-bebe-3e7e5de009c6 ] Request (DeleteServersAdminTestJSON:test_admin_delete_servers_of_others): 200 GET http://10.180.1.21/compute/v2.1/servers/0058723c-7203-4ca2-b25f-d0fa00938d57 2.549s
2024-12-14 13:14:46.944 66448 INFO tempest.lib.common.rest_client [req-0dde31fb-6f9f-40c0-b721-a6580754829c req-0dde31fb-6f9f-40c0-b721-a6580754829c ] Request (AttachVolumeNegativeTest:setUpClass): 204 PUT http://10.180.1.21/identity/v3/projects/b1d431c62e8243668f4bcc8f614a3b28/users/fff528f704064c56b7286ea8339a614d/roles/45c154554e5849cc83992c5926a6bd43 0.032s
2024-12-14 13:14:46.944 66448 INFO tempest.lib.common.dynamic_creds [-] Dynamic test user fff528f704064c56b7286ea8339a614d is created with scope project and roles: ['member']
2024-12-14 13:14:46.944 66448 INFO tempest.lib.common.dynamic_creds [-] Acquired dynamic creds: credentials: Credentials: {'domain_id': 'default', 'domain_name': 'Default', 'username': 'tempest-AttachVolumeNegativeTest-395741040-project-member', 'project_domain_id': 'default', 'project_domain_name': 'Default', 'project_id': 'b1d431c62e8243668f4bcc8f614a3b28', 'project_name': 'tempest-AttachVolumeNegativeTest-395741040', 'tenant_id': 'b1d431c62e8243668f4bcc8f614a3b28', 'tenant_name': 'tempest-AttachVolumeNegativeTest-395741040', 'user_domain_id': 'default', 'user_domain_name': 'Default', 'user_id': 'fff528f704064c56b7286ea8339a614d', 'system': None}, Network: None, Subnet: None, Router: None
2024-12-14 13:14:46.949 66452 INFO tempest.lib.common.rest_client [req-cb49c0ee-67e8-4e85-bd5a-a18ff93e8518 req-cb49c0ee-67e8-4e85-bd5a-a18ff93e8518 ] Request (VolumesAdminNegativeTest:test_update_attached_volume_with_nonexistent_volume_in_body): 200 GET http://10.180.1.21/compute/v2.1/servers/6c392bcb-fea4-4624-bb9d-8eae7e209681 2.466s
2024-12-14 13:14:47.007 66448 INFO tempest.lib.common.rest_client [req-0a6841dc-b9fa-43ea-bff4-d7b9ad643dcc req-0a6841dc-b9fa-43ea-bff4-d7b9ad643dcc ] Request (AttachVolumeNegativeTest:setUpClass): 201 POST http://10.180.1.21/identity/v3/auth/tokens 0.062s
2024-12-14 13:14:47.066 66412 INFO tempest.lib.common.rest_client [req-15e10a03-d3c9-4ab9-8e5e-866c0c69ad56 req-15e10a03-d3c9-4ab9-8e5e-866c0c69ad56 ] Request (ServersAdminTestJSON:setUpClass): 200 GET http://10.180.1.21/compute/v2.1/servers/71345778-5336-4e7b-be54-eee5050cbcc3 2.415s
2024-12-14 13:14:47.150 66416 INFO tempest.lib.common.rest_client [req-1b0b6f01-6175-49a3-805b-4df2caebb07c req-1b0b6f01-6175-49a3-805b-4df2caebb07c ] Request (FloatingIPsAssociationNegativeTestJSON:setUpClass): 200 GET http://10.180.1.21/compute/v2.1/servers/1af5d96c-08b1-45ed-ae51-d3509b7b4488 2.206s
2024-12-14 13:14:47.162 66416 INFO tempest.common.waiters [-] State transition "BUILD/None" ==> "BUILD/networking" after 4 second wait
2024-12-14 13:14:47.166 66462 INFO tempest.lib.common.rest_client [req-8a1bfd2f-7e1d-4465-ab1f-0bbbb790778a req-8a1bfd2f-7e1d-4465-ab1f-0bbbb790778a ] Request (KeyPairsV2TestJSON:test_get_keypair_detail): 200 GET http://10.180.1.21/compute/v2.1/os-keypairs/tempest-keypair-1510082555 2.200s
2024-12-14 13:14:47.224 66428 INFO tempest.lib.common.rest_client [req-08f0acc7-1e35-4584-a7cc-353ba1dcca75 req-08f0acc7-1e35-4584-a7cc-353ba1dcca75 ] Request (ServersTestFqdnHostnames:test_create_server_with_fqdn_name): 200 GET http://10.180.1.21/compute/v2.1/servers/0ef93c87-92c4-41e2-8c18-fe25e60e08ec 2.253s
2024-12-14 13:14:47.325 66460 INFO tempest.lib.common.rest_client [req-546bfbc8-7722-4dbe-b18a-0923899ce3ff req-546bfbc8-7722-4dbe-b18a-0923899ce3ff ] Request (ListImageFiltersNegativeTestJSON:test_get_nonexistent_image): 404 GET http://10.180.1.21/compute/v2.1/images/8275552b-c901-47ba-b037-8d1225d8cc38 2.124s
