2024-12-14 13:17:20.653 66432 INFO tempest.lib.common.rest_client [req-2a9f85f4-101f-42c9-9842-fc0dcbd30635 req-2a9f85f4-101f-42c9-9842-fc0dcbd30635 ] Request (ServersAdminNegativeTestJSON:test_migrate_server_invalid_state): 200 GET http://10.180.1.21/compute/v2.1/servers/b2e57b1c-01b2-4f8e-98dd-d4f4235565ae 1.134s
2024-12-14 13:17:20.708 66410 INFO tempest.lib.common.rest_client [req-91bb98ca-1b8d-49dc-9c58-0fe67d3e9034 req-91bb98ca-1b8d-49dc-9c58-0fe67d3e9034 ] Request (ListServersNegativeTestJSON:setUpClass): 200 GET http://10.180.1.21/compute/v2.1/servers/d8035c57-5ca0-48f5-bb18-93827db750f2 1.137s
2024-12-14 13:17:20.783 66457 INFO tempest.lib.common.rest_client [req-ca7e6638-d76b-4b89-86da-97cece49a5cd req-ca7e6638-d76b-4b89-86da-97cece49a5cd ] Request (ServersAdmin275Test:tearDownClass): 200 GET http://10.180.1.21/compute/v2.1/servers/357808a6-b1be-4a2e-bf3e-0acca52c65bb 1.124s
2024-12-14 13:17:20.969 66442 INFO tempest.lib.common.rest_client [req-85033205-2855-45ef-8101-98cd469c876c req-85033205-2855-45ef-8101-98cd469c876c ] Request (ServersV294TestFqdnHostnames:setUpClass): 200 GET http://10.180.1.21/compute/v2.1/servers/86aee71e-451d-40a7-b018-f95d33aefc9c 1.161s
2024-12-14 13:17:21.042 66426 INFO tempest.lib.common.rest_client [req-b90951cd-53ae-4cdc-9a7d-f3b6fd15aacb req-b90951cd-53ae-4cdc-9a7d-f3b6fd15aacb ] Request (VolumesAssistedSnapshotsTest:tearDownClass): 200 GET http://10.180.1.21/compute/v2.1/servers/03222b41-6488-49b1-a214-837f3c33f7bc 1.172s
2024-12-14 13:17:21.070 66422 INFO tempest.lib.common.rest_client [req-263a3eb0-08b5-4785-9c08-c44f75a14d0f req-263a3eb0-08b5-4785-9c08-c44f75a14d0f ] Request (ListImageFiltersTestJSON:setUpClass): 200 GET http://10.180.1.21/compute/v2.1/images/0c61c24e-46d8-4906-a937-cd1db95a28ca 1.165s
2024-12-14 13:17:21.130 66450 INFO tempest.lib.common.rest_client [req-964e5a98-3d70-4fa4-8058-961b6a346c85 req-964e5a98-3d70-4fa4-8058-961b6a346c85 ] Request (ServerDiskConfigTestJSON:test_resize_server_from_auto_to_manual): 200 GET http://10.180.1.21/compute/v2.1/servers/219bed14-d0ad-46eb-b2ec-2a3f240303b2 1.168s
2024-12-14 13:17:21.197 66404 INFO tempest.lib.common.rest_client [req-3e4ae818-c5a0-4345-9da9-7dc8f32cd2ba req-3e4ae818-c5a0-4345-9da9-7dc8f32cd2ba ] Request (ImagesTestJSON:test_create_server_from_snapshot): 200 GET http://10.180.1.21/compute/v2.1/servers/dae9d03d-9786-47c4-905c-25b9d06de271 1.153s
2024-12-14 13:17:21.228 66412 INFO tempest.lib.common.rest_client [req-352f7d7d-54cc-45a6-a3a5-b2cb59e1d83e req-352f7d7d-54cc-45a6-a3a5-b2cb59e1d83e ] Request (ServersAdminTestJSON:test_list_servers_by_admin_with_specified_tenant): 200 GET http://10.180.1.21/compute/v2.1/servers/detail?tenant_id=6838d6fb25934f51af917bbb4719cfbc 1.017s
2024-12-14 13:17:21.539 66416 INFO tempest.lib.common.rest_client [req-903cacde-3bac-460f-9b13-c48980a7d95f req-903cacde-3bac-460f-9b13-c48980a7d95f ] Request (ServersTestMultiNic:test_verify_duplicate_network_nics): 200 GET http://10.180.1.21/compute/v2.1/servers/c0e19770-8f39-4621-9122-1d80d527642c 0.882s
2024-12-14 13:17:21.579 66408 INFO tempest.lib.common.rest_client [req-6c4a2ae1-99ea-4772-9441-d1d3c8cdd0f0 req-6c4a2ae1-99ea-4772-9441-d1d3c8cdd0f0 ] Request (ServerMetadataTestJSON:tearDownClass): 200 PUT http://10.180.1.21:9696/networking/v2.0/routers/d5b154af-08a9-4905-9128-db17b990489b/remove_router_interface 1.378s
2024-12-14 13:17:21.600 66458 INFO tempest.lib.common.rest_client [req-2779e04b-a9aa-4f16-996b-8affec361b52 req-2779e04b-a9aa-4f16-996b-8affec361b52 ] Request (FloatingIPsAssociationTestJSON:test_associate_already_associated_floating_ip): 202 POST http://10.180.1.21/compute/v2.1/servers/c801be10-4ae2-4a93-a63a-44b2cae5c143/action 3.356s
2024-12-14 13:17:21.624 66400 INFO tempest.lib.common.rest_client [req-4ad0df89-ae7d-4e42-b00e-0cfc1eb4f367 req-4ad0df89-ae7d-4e42-b00e-0cfc1eb4f367 ] Request (ServerActionsTestOtherB:setUpClass): 200 GET http://10.180.1.21/compute/v2.1/servers/9c68659d-0d8e-4370-8f58-93b5955b46ba 0.896s
2024-12-14 13:17:21.934 66452 INFO tempest.lib.common.rest_client [req-0404b3c8-b130-4dba-a1be-3d90d1770fc9 req-0404b3c8-b130-4dba-a1be-3d90d1770fc9 ] Request (VolumesAdminNegativeTest:test_update_attached_volume_with_nonexistent_volume_in_uri): 200 GET http://10.180.1.21/compute/v2.1/servers/44c97f12-c4a6-43a8-aac3-78b7957b3f38 1.144s
2024-12-14 13:17:22.039 66430 INFO tempest.lib.common.rest_client [req-6437daba-fe9c-4c54-bbc8-84a81938f199 req-6437daba-fe9c-4c54-bbc8-84a81938f199 ] Request (ListServerFiltersTestJSON:tearDownClass): 200 GET http://10.180.1.21/compute/v2.1/servers/270451b4-5dbf-450c-9495-900b2f546a97 0.762s
2024-12-14 13:17:22.128 66412 INFO tempest.lib.common.rest_client [req-91197852-478a-4ea4-9a2b-6efad35a9786 req-91197852-478a-4ea4-9a2b-6efad35a9786 ] Request (ServersAdminTestJSON:test_list_servers_by_admin_with_specified_tenant): 200 GET http://10.180.1.21/compute/v2.1/servers/detail?all_tenants=&tenant_id=6838d6fb25934f51af917bbb4719cfbc 0.894s
2024-12-14 13:17:22.137 66420 INFO tempest.lib.common.rest_client [req-a22b5b9d-8667-4e2b-bcf2-e67f12fa911b req-a22b5b9d-8667-4e2b-bcf2-e67f12fa911b ] Request (InstanceActionsV221TestJSON:test_get_list_deleted_instance_actions): 200 GET http://10.180.1.21/compute/v2.1/servers/343d460e-b762-423d-b26d-072ceda052d7 0.791s
2024-12-14 13:17:22.231 66424 INFO tempest.lib.common.rest_client [req-f9a8b1a7-9dd1-454f-b189-33d254abf11d req-f9a8b1a7-9dd1-454f-b189-33d254abf11d ] Request (SecurityGroupsTestJSON:test_server_security_groups): 200 GET http://10.180.1.21/compute/v2.1/servers/d8552fad-e6dd-4576-ac50-941cffd932e3 0.829s
2024-12-14 13:17:22.240 66402 INFO tempest.lib.common.rest_client [req-ef88fccd-b764-4f06-bf16-f4ae5322fc05 req-ef88fccd-b764-4f06-bf16-f4ae5322fc05 ] Request (ServerRescueTestJSONUnderV235:tearDownClass): 200 GET http://10.180.1.21/compute/v2.1/servers/c202a47a-50ac-4056-a370-76ee0169a4af 0.769s
2024-12-14 13:17:22.519 66432 INFO tempest.lib.common.rest_client [req-1c38a59f-9fd0-47c1-b194-c86dd356f84f req-1c38a59f-9fd0-47c1-b194-c86dd356f84f ] Request (ServersAdminNegativeTestJSON:test_migrate_server_invalid_state): 200 GET http://10.180.1.21/compute/v2.1/servers/b2e57b1c-01b2-4f8e-98dd-d4f4235565ae 0.858s
2024-12-14 13:17:22.531 66432 INFO tempest.common.waiters [-] State transition "BUILD/spawning" ==> "ACTIVE/None" after 72 second wait
2024-12-14 13:17:22.565 66446 WARNING tempest.lib.common.ssh [-] Failed to establish authenticated ssh connection to cirros@10.180.180.229 ([Errno None] Unable to connect to port 22 on 10.180.180.229). Number attempts: 5. Retry after 6 seconds.: paramiko.ssh_exception.NoValidConnectionsError: [Errno None] Unable to connect to port 22 on 10.180.180.229
2024-12-14 13:17:22.611 66410 INFO tempest.lib.common.rest_client [req-0c320221-01a0-4931-8e51-43ccb8f5348c req-0c320221-01a0-4931-8e51-43ccb8f5348c ] Request (ListServersNegativeTestJSON:setUpClass): 200 GET http://10.180.1.21/compute/v2.1/servers/d8035c57-5ca0-48f5-bb18-93827db750f2 0.896s
2024-12-14 13:17:22.714 66457 INFO tempest.lib.common.rest_client [req-8f767f1d-de7c-4623-b0db-05cd5b6f1c0c req-8f767f1d-de7c-4623-b0db-05cd5b6f1c0c ] Request (ServersAdmin275Test:tearDownClass): 200 GET http://10.180.1.21/compute/v2.1/servers/357808a6-b1be-4a2e-bf3e-0acca52c65bb 0.922s
2024-12-14 13:17:22.731 66458 INFO tempest.lib.common.rest_client [req-cc85eba1-5553-49ea-8907-630a1e7e2c98 req-cc85eba1-5553-49ea-8907-630a1e7e2c98 ] Request (FloatingIPsAssociationTestJSON:test_associate_already_associated_floating_ip): 409 POST http://10.180.1.21/compute/v2.1/servers/98ed31cb-4b3d-4e7a-8a38-1d747eca2792/action 1.130s
2024-12-14 13:17:22.828 66426 INFO tempest.lib.common.rest_client [req-2f03a27a-ea78-4314-a289-e1f81572dd2c req-2f03a27a-ea78-4314-a289-e1f81572dd2c ] Request (VolumesAssistedSnapshotsTest:tearDownClass): 200 GET http://10.180.1.21/compute/v2.1/servers/03222b41-6488-49b1-a214-837f3c33f7bc 0.778s
2024-12-14 13:17:22.864 66422 INFO tempest.lib.common.rest_client [req-5d020423-df3c-43e6-a327-03b61ab2103b req-5d020423-df3c-43e6-a327-03b61ab2103b ] Request (ListImageFiltersTestJSON:setUpClass): 200 GET http://10.180.1.21/compute/v2.1/images/0c61c24e-46d8-4906-a937-cd1db95a28ca 0.789s
2024-12-14 13:17:22.950 66450 INFO tempest.lib.common.rest_client [req-7b23e932-6382-453a-929d-5a7c83925c3a req-7b23e932-6382-453a-929d-5a7c83925c3a ] Request (ServerDiskConfigTestJSON:test_resize_server_from_auto_to_manual): 200 GET http://10.180.1.21/compute/v2.1/servers/219bed14-d0ad-46eb-b2ec-2a3f240303b2 0.809s
2024-12-14 13:17:22.980 66408 INFO tempest.lib.common.rest_client [req-75369dc5-3b8c-4aa1-8aaf-e51c6ef63a0d req-75369dc5-3b8c-4aa1-8aaf-e51c6ef63a0d ] Request (ServerMetadataTestJSON:tearDownClass): 204 DELETE http://10.180.1.21:9696/networking/v2.0/routers/d5b154af-08a9-4905-9128-db17b990489b 1.401s
2024-12-14 13:17:22.993 66412 INFO tempest.lib.common.rest_client [req-5e170710-d35d-4095-ba3f-021473c434b2 req-5e170710-d35d-4095-ba3f-021473c434b2 ] Request (ServersAdminTestJSON:test_list_servers_by_admin_with_specified_tenant): 200 GET http://10.180.1.21/compute/v2.1/servers/detail?all_tenants=&tenant_id=2e6564f6c2224ad9968747542e3f5141 0.854s
2024-12-14 13:17:23.000 66442 INFO tempest.lib.common.rest_client [req-0635f7f6-4796-4d93-9a4d-e06f92455dae req-0635f7f6-4796-4d93-9a4d-e06f92455dae ] Request (ServersV294TestFqdnHostnames:setUpClass): 200 GET http://10.180.1.21/compute/v2.1/servers/86aee71e-451d-40a7-b018-f95d33aefc9c 1.023s
2024-12-14 13:17:23.084 66404 INFO tempest.lib.common.rest_client [req-6acf8a6b-1023-4c0e-a6ef-e939966c865a req-6acf8a6b-1023-4c0e-a6ef-e939966c865a ] Request (ImagesTestJSON:test_create_server_from_snapshot): 200 GET http://10.180.1.21/compute/v2.1/servers/dae9d03d-9786-47c4-905c-25b9d06de271 0.880s
2024-12-14 13:17:23.130 66408 INFO tempest.lib.common.rest_client [req-9be86e21-9467-4e21-a700-b10716fcf27f req-9be86e21-9467-4e21-a700-b10716fcf27f ] Request (ServerMetadataTestJSON:tearDownClass): 204 DELETE http://10.180.1.21:9696/networking/v2.0/subnets/28fdc3dc-1a0b-4cda-a079-1346309aeaa0 0.149s
2024-12-14 13:17:23.136 66432 INFO tempest.lib.common.rest_client [req-34b27582-6043-46da-8551-93be655a9e7b req-34b27582-6043-46da-8551-93be655a9e7b ] Request (ServersAdminNegativeTestJSON:test_migrate_server_invalid_state): 202 POST http://10.180.1.21/compute/v2.1/servers/b2e57b1c-01b2-4f8e-98dd-d4f4235565ae/action 0.604s
2024-12-14 13:17:23.232 66400 INFO tempest.lib.common.rest_client [req-7cd71eb7-72d3-48c7-96f6-1f56275a753a req-7cd71eb7-72d3-48c7-96f6-1f56275a753a ] Request (ServerActionsTestOtherB:setUpClass): 200 GET http://10.180.1.21/compute/v2.1/servers/9c68659d-0d8e-4370-8f58-93b5955b46ba 0.596s
2024-12-14 13:17:23.334 66416 INFO tempest.lib.common.rest_client [req-123894ab-aec2-44d9-9233-9bd0e8b71819 req-123894ab-aec2-44d9-9233-9bd0e8b71819 ] Request (ServersTestMultiNic:test_verify_duplicate_network_nics): 200 GET http://10.180.1.21/compute/v2.1/servers/c0e19770-8f39-4621-9122-1d80d527642c 0.788s
2024-12-14 13:17:23.415 66408 INFO tempest.lib.common.rest_client [req-10785ad5-161f-46ed-9576-be65d4ea3687 req-10785ad5-161f-46ed-9576-be65d4ea3687 ] Request (ServerMetadataTestJSON:tearDownClass): 204 DELETE http://10.180.1.21:9696/networking/v2.0/networks/466bccd3-0848-4fbb-9df9-1b126146a9b0 0.284s
2024-12-14 13:17:23.419 66452 INFO tempest.lib.common.rest_client [req-05387afb-8fb4-492c-b766-d52fc530f2c3 req-05387afb-8fb4-492c-b766-d52fc530f2c3 ] Request (VolumesAdminNegativeTest:test_update_attached_volume_with_nonexistent_volume_in_uri): 200 GET http://10.180.1.21/compute/v2.1/servers/44c97f12-c4a6-43a8-aac3-78b7957b3f38 0.474s
2024-12-14 13:17:23.427 66412 INFO tempest.lib.common.rest_client [req-009baee1-c56d-4d87-ad15-6ccda9000384 req-009baee1-c56d-4d87-ad15-6ccda9000384 ] Request (ServersAdminTestJSON:test_list_servers_detailed_filter_by_invalid_status): 200 GET http://10.180.1.21/compute/v2.1/servers/detail?status=invalid_status 0.426s
2024-12-14 13:17:23.429 66452 INFO tempest.common.waiters [-] State transition "BUILD/scheduling" ==> "BUILD/None" after 25 second wait
2024-12-14 13:17:23.531 66430 INFO tempest.lib.common.rest_client [req-3e7186b3-7b4e-40b8-8c84-da627b631026 req-3e7186b3-7b4e-40b8-8c84-da627b631026 ] Request (ListServerFiltersTestJSON:tearDownClass): 200 GET http://10.180.1.21/compute/v2.1/servers/270451b4-5dbf-450c-9495-900b2f546a97 0.483s
2024-12-14 13:17:23.598 66408 INFO tempest.lib.common.rest_client [req-02b27e55-2003-4257-a4eb-cd36ef66aa99 req-02b27e55-2003-4257-a4eb-cd36ef66aa99 ] Request (ServerMetadataTestJSON:tearDownClass): 204 DELETE http://10.180.1.21/identity/v3/users/e56c38e2a3f2474b83556504e201a24b 0.183s
2024-12-14 13:17:23.599 66408 INFO tempest.lib.common.dynamic_creds [-] Deleting project and security group for project: 7bf023bc00c140c6996df8d4cc0dc7fc
2024-12-14 13:17:23.663 66408 INFO tempest.lib.common.rest_client [req-0c4c2ce8-b483-40dc-ad32-840edc3985b2 req-0c4c2ce8-b483-40dc-ad32-840edc3985b2 ] Request (ServerMetadataTestJSON:tearDownClass): 200 GET http://10.180.1.21:9696/networking/v2.0/security-groups?tenant_id=7bf023bc00c140c6996df8d4cc0dc7fc&name=default 0.065s
2024-12-14 13:17:23.761 66408 INFO tempest.lib.common.rest_client [req-2a2159d0-3508-4b32-b81c-0b7b9ea42e6f req-2a2159d0-3508-4b32-b81c-0b7b9ea42e6f ] Request (ServerMetadataTestJSON:tearDownClass): 204 DELETE http://10.180.1.21:9696/networking/v2.0/security-groups/a22f1d6f-4ec8-4ad7-9f72-ce99a0a61b7a 0.097s
2024-12-14 13:17:23.902 66408 INFO tempest.lib.common.rest_client [req-cc5c5844-6736-4f41-8719-2a1aa46f0f9e req-cc5c5844-6736-4f41-8719-2a1aa46f0f9e ] Request (ServerMetadataTestJSON:tearDownClass): 204 DELETE http://10.180.1.21/identity/v3/projects/7bf023bc00c140c6996df8d4cc0dc7fc 0.141s
2024-12-14 13:17:23.985 66408 INFO tempest.lib.common.rest_client [req-01acc11c-e4e3-4279-94a5-f9e5832558fb req-01acc11c-e4e3-4279-94a5-f9e5832558fb ] Request (ServersNegativeTestJSON:setUpClass): 201 POST http://10.180.1.21/identity/v3/auth/tokens 0.081s
2024-12-14 13:17:24.029 66408 INFO tempest.lib.common.rest_client [req-e3b69987-bea4-4d88-bc05-8d68211522a9 req-e3b69987-bea4-4d88-bc05-8d68211522a9 ] Request (ServersNegativeTestJSON:setUpClass): 201 POST http://10.180.1.21/identity/v3/auth/tokens 0.039s
2024-12-14 13:17:24.058 66432 INFO tempest.lib.common.rest_client [req-d069e787-e96a-43f8-81cf-e94103e04785 req-d069e787-e96a-43f8-81cf-e94103e04785 ] Request (ServersAdminNegativeTestJSON:test_migrate_server_invalid_state): 200 GET http://10.180.1.21/compute/v2.1/servers/b2e57b1c-01b2-4f8e-98dd-d4f4235565ae 0.922s
2024-12-14 13:17:24.068 66408 INFO tempest.lib.common.rest_client [req-4a09ca08-7fb8-4daf-b1e0-c94479f2f0b6 req-4a09ca08-7fb8-4daf-b1e0-c94479f2f0b6 ] Request (ServersNegativeTestJSON:setUpClass): 200 GET http://10.180.1.21/identity/v3/domains?name=Default 0.039s
2024-12-14 13:17:24.104 66408 INFO tempest.lib.common.rest_client [req-05e6b34b-6392-44db-b81f-29279da84041 req-05e6b34b-6392-44db-b81f-29279da84041 ] Request (ServersNegativeTestJSON:setUpClass): 201 POST http://10.180.1.21/identity/v3/projects 0.035s
2024-12-14 13:17:24.148 66420 INFO tempest.lib.common.rest_client [req-328791dd-64d3-43a0-bff2-df17b1b32de3 req-328791dd-64d3-43a0-bff2-df17b1b32de3 ] Request (InstanceActionsV221TestJSON:test_get_list_deleted_instance_actions): 200 GET http://10.180.1.21/compute/v2.1/servers/343d460e-b762-423d-b26d-072ceda052d7 0.997s
2024-12-14 13:17:24.167 66408 INFO tempest.lib.common.rest_client [req-3548cff0-1a72-4362-9c15-52f9d7b1c61e req-3548cff0-1a72-4362-9c15-52f9d7b1c61e ] Request (ServersNegativeTestJSON:setUpClass): 201 POST http://10.180.1.21/identity/v3/users 0.062s
2024-12-14 13:17:24.200 66408 INFO tempest.lib.common.rest_client [req-dee325d7-177c-49fc-8c3c-650799c1c865 req-dee325d7-177c-49fc-8c3c-650799c1c865 ] Request (ServersNegativeTestJSON:setUpClass): 200 GET http://10.180.1.21/identity/v3/roles 0.033s
2024-12-14 13:17:24.213 66424 INFO tempest.lib.common.rest_client [req-99ae39db-f5c5-4950-a423-ee4be0391dc4 req-99ae39db-f5c5-4950-a423-ee4be0391dc4 ] Request (SecurityGroupsTestJSON:test_server_security_groups): 200 GET http://10.180.1.21/compute/v2.1/servers/d8552fad-e6dd-4576-ac50-941cffd932e3 0.972s
2024-12-14 13:17:24.228 66408 INFO tempest.lib.common.rest_client [req-96e1df20-ba5a-4d45-b569-cd40c4a039c4 req-96e1df20-ba5a-4d45-b569-cd40c4a039c4 ] Request (ServersNegativeTestJSON:setUpClass): 204 PUT http://10.180.1.21/identity/v3/projects/33885afc8f9d4578bb769c45e4be88a1/users/d573881959c84517ab048cca9a6ba403/roles/45c154554e5849cc83992c5926a6bd43 0.027s
2024-12-14 13:17:24.228 66408 INFO tempest.lib.common.dynamic_creds [-] Dynamic test user d573881959c84517ab048cca9a6ba403 is created with scope project and roles: ['member']
2024-12-14 13:17:24.229 66408 INFO tempest.lib.common.dynamic_creds [-] Acquired dynamic creds: credentials: Credentials: {'domain_id': 'default', 'domain_name': 'Default', 'username': 'tempest-ServersNegativeTestJSON-552343756-project-member', 'project_domain_id': 'default', 'project_domain_name': 'Default', 'project_id': '33885afc8f9d4578bb769c45e4be88a1', 'project_name': 'tempest-ServersNegativeTestJSON-552343756', 'tenant_id': '33885afc8f9d4578bb769c45e4be88a1', 'tenant_name': 'tempest-ServersNegativeTestJSON-552343756', 'user_domain_id': 'default', 'user_domain_name': 'Default', 'user_id': 'd573881959c84517ab048cca9a6ba403', 'system': None}, Network: None, Subnet: None, Router: None
2024-12-14 13:17:24.286 66402 INFO tempest.lib.common.rest_client [req-24f0c7b0-3332-4cdd-9b10-a25d316d71d0 req-24f0c7b0-3332-4cdd-9b10-a25d316d71d0 ] Request (ServerRescueTestJSONUnderV235:tearDownClass): 200 GET http://10.180.1.21/compute/v2.1/servers/c202a47a-50ac-4056-a370-76ee0169a4af 1.039s
2024-12-14 13:17:24.300 66408 INFO tempest.lib.common.rest_client [req-dd4e1bed-4697-42e3-9679-374f848b4902 req-dd4e1bed-4697-42e3-9679-374f848b4902 ] Request (ServersNegativeTestJSON:setUpClass): 201 POST http://10.180.1.21/identity/v3/auth/tokens 0.071s
2024-12-14 13:17:24.348 66412 INFO tempest.lib.common.rest_client [req-440edf44-f551-4313-8d3b-9df6d8400c15 req-440edf44-f551-4313-8d3b-9df6d8400c15 ] Request (ServersAdminTestJSON:test_list_servers_filter_by_error_status): 202 POST http://10.180.1.21/compute/v2.1/servers/98af636c-27b8-455b-b1f6-53cafbdbf9ed/action 0.913s
2024-12-14 13:17:24.419 66410 INFO tempest.lib.common.rest_client [req-6c2731b9-2769-4458-8c73-098dd2bee608 req-6c2731b9-2769-4458-8c73-098dd2bee608 ] Request (ListServersNegativeTestJSON:setUpClass): 200 GET http://10.180.1.21/compute/v2.1/servers/d8035c57-5ca0-48f5-bb18-93827db750f2 0.793s
2024-12-14 13:17:24.523 66457 INFO tempest.lib.common.rest_client [req-c72c73de-b40c-4158-bc97-612b136d8c04 req-c72c73de-b40c-4158-bc97-612b136d8c04 ] Request (ServersAdmin275Test:tearDownClass): 200 GET http://10.180.1.21/compute/v2.1/servers/357808a6-b1be-4a2e-bf3e-0acca52c65bb 0.800s
2024-12-14 13:17:24.599 66426 INFO tempest.lib.common.rest_client [req-1700d968-e2c1-4e56-a997-5d7d6b65961d req-1700d968-e2c1-4e56-a997-5d7d6b65961d ] Request (VolumesAssistedSnapshotsTest:tearDownClass): 200 GET http://10.180.1.21/compute/v2.1/servers/03222b41-6488-49b1-a214-837f3c33f7bc 0.762s
2024-12-14 13:17:24.613 66408 INFO tempest.lib.common.rest_client [req-71ff2030-870e-40ef-955f-241400c9ce93 req-71ff2030-870e-40ef-955f-241400c9ce93 ] Request (ServersNegativeTestJSON:setUpClass): 201 POST http://10.180.1.21:9696/networking/v2.0/networks 0.313s
2024-12-14 13:17:24.657 66422 INFO tempest.lib.common.rest_client [req-a820e88c-6e23-4014-b3f4-e059b469f7c5 req-a820e88c-6e23-4014-b3f4-e059b469f7c5 ] Request (ListImageFiltersTestJSON:setUpClass): 200 GET http://10.180.1.21/compute/v2.1/images/0c61c24e-46d8-4906-a937-cd1db95a28ca 0.790s
2024-12-14 13:17:24.748 66450 INFO tempest.lib.common.rest_client [req-f1c7415b-d003-4fd3-b249-b1d2c98287a4 req-f1c7415b-d003-4fd3-b249-b1d2c98287a4 ] Request (ServerDiskConfigTestJSON:test_resize_server_from_auto_to_manual): 200 GET http://10.180.1.21/compute/v2.1/servers/219bed14-d0ad-46eb-b2ec-2a3f240303b2 0.789s
2024-12-14 13:17:25.280 66458 INFO tempest.lib.common.rest_client [req-7f4229cf-6a89-4d92-8758-fc78a97d0cab req-7f4229cf-6a89-4d92-8758-fc78a97d0cab ] Request (FloatingIPsAssociationTestJSON:_run_cleanups): 202 POST http://10.180.1.21/compute/v2.1/servers/c801be10-4ae2-4a93-a63a-44b2cae5c143/action 2.548s
2024-12-14 13:17:25.343 66442 INFO tempest.lib.common.rest_client [req-33d0a651-1b1b-41c0-ba77-40329c41ab33 req-33d0a651-1b1b-41c0-ba77-40329c41ab33 ] Request (ServersV294TestFqdnHostnames:setUpClass): 200 GET http://10.180.1.21/compute/v2.1/servers/86aee71e-451d-40a7-b018-f95d33aefc9c 1.316s
2024-12-14 13:17:25.355 66404 INFO tempest.lib.common.rest_client [req-42a30ef7-7b7a-4443-8a2e-a10d9bd12031 req-42a30ef7-7b7a-4443-8a2e-a10d9bd12031 ] Request (ImagesTestJSON:test_create_server_from_snapshot): 200 GET http://10.180.1.21/compute/v2.1/servers/dae9d03d-9786-47c4-905c-25b9d06de271 1.262s
2024-12-14 13:17:25.420 66408 INFO tempest.lib.common.rest_client [req-6ef64500-a459-4dc3-beb0-6cb6de126f6b req-6ef64500-a459-4dc3-beb0-6cb6de126f6b ] Request (ServersNegativeTestJSON:setUpClass): 201 POST http://10.180.1.21:9696/networking/v2.0/subnets 0.806s
2024-12-14 13:17:25.441 66400 INFO tempest.lib.common.rest_client [req-d55dc6fc-3492-4913-895e-af207ff74cd5 req-d55dc6fc-3492-4913-895e-af207ff74cd5 ] Request (ServerActionsTestOtherB:setUpClass): 200 GET http://10.180.1.21/compute/v2.1/servers/9c68659d-0d8e-4370-8f58-93b5955b46ba 1.200s
2024-12-14 13:17:25.506 66412 INFO tempest.lib.common.rest_client [req-ef0628b5-dc6f-449d-a5d2-a8473992a70c req-ef0628b5-dc6f-449d-a5d2-a8473992a70c ] Request (ServersAdminTestJSON:test_list_servers_filter_by_error_status): 200 GET http://10.180.1.21/compute/v2.1/servers?status=error 1.156s
2024-12-14 13:17:25.610 66452 INFO tempest.lib.common.rest_client [req-86e92a6e-e194-4c4f-b827-5ddd6d33897b req-86e92a6e-e194-4c4f-b827-5ddd6d33897b ] Request (VolumesAdminNegativeTest:test_update_attached_volume_with_nonexistent_volume_in_uri): 200 GET http://10.180.1.21/compute/v2.1/servers/44c97f12-c4a6-43a8-aac3-78b7957b3f38 1.176s
2024-12-14 13:17:25.657 66416 INFO tempest.lib.common.rest_client [req-2fb9b8c6-6cc1-46ef-8560-2b7fb5e2c512 req-2fb9b8c6-6cc1-46ef-8560-2b7fb5e2c512 ] Request (ServersTestMultiNic:test_verify_duplicate_network_nics): 200 GET http://10.180.1.21/compute/v2.1/servers/c0e19770-8f39-4621-9122-1d80d527642c 1.314s
2024-12-14 13:17:25.687 66430 INFO tempest.lib.common.rest_client [req-d27b6dbe-084e-4db6-b95e-baab7bb274de req-d27b6dbe-084e-4db6-b95e-baab7bb274de ] Request (ListServerFiltersTestJSON:tearDownClass): 200 GET http://10.180.1.21/compute/v2.1/servers/270451b4-5dbf-450c-9495-900b2f546a97 1.148s
2024-12-14 13:17:25.761 66420 INFO tempest.lib.common.rest_client [req-18e37dec-cefa-4edd-a9b1-69ee69fc1c33 req-18e37dec-cefa-4edd-a9b1-69ee69fc1c33 ] Request (InstanceActionsV221TestJSON:test_get_list_deleted_instance_actions): 200 GET http://10.180.1.21/compute/v2.1/servers/343d460e-b762-423d-b26d-072ceda052d7 0.605s
2024-12-14 13:17:25.834 66424 INFO tempest.lib.common.rest_client [req-a4d9ce80-0e82-4307-b2ff-20a8cdbf3dac req-a4d9ce80-0e82-4307-b2ff-20a8cdbf3dac ] Request (SecurityGroupsTestJSON:test_server_security_groups): 200 GET http://10.180.1.21/compute/v2.1/servers/d8552fad-e6dd-4576-ac50-941cffd932e3 0.614s
2024-12-14 13:17:25.878 66432 INFO tempest.lib.common.rest_client [req-8b7abd4f-6439-4cb8-8f4e-340219dff74b req-8b7abd4f-6439-4cb8-8f4e-340219dff74b ] Request (ServersAdminNegativeTestJSON:test_migrate_server_invalid_state): 200 GET http://10.180.1.21/compute/v2.1/servers/b2e57b1c-01b2-4f8e-98dd-d4f4235565ae 0.811s
2024-12-14 13:17:25.886 66432 INFO tempest.common.waiters [-] State transition "ACTIVE/suspending" ==> "SUSPENDED/None" after 1 second wait
2024-12-14 13:17:25.924 66458 INFO tempest.lib.common.rest_client [req-f982da66-057c-4359-929e-658c26e220c1 req-f982da66-057c-4359-929e-658c26e220c1 ] Request (FloatingIPsAssociationTestJSON:_run_cleanups): 204 DELETE http://10.180.1.21/compute/v2.1/servers/c801be10-4ae2-4a93-a63a-44b2cae5c143 0.643s
2024-12-14 13:17:25.965 66402 INFO tempest.lib.common.rest_client [req-e2d6f4f7-1e76-44f6-bb13-ec99c74d49d5 req-e2d6f4f7-1e76-44f6-bb13-ec99c74d49d5 ] Request (ServerRescueTestJSONUnderV235:tearDownClass): 200 GET http://10.180.1.21/compute/v2.1/servers/c202a47a-50ac-4056-a370-76ee0169a4af 0.672s
2024-12-14 13:17:25.990 66410 INFO tempest.lib.common.rest_client [req-1e245613-6d2a-4fd4-91fc-9927f39375af req-1e245613-6d2a-4fd4-91fc-9927f39375af ] Request (ListServersNegativeTestJSON:setUpClass): 200 GET http://10.180.1.21/compute/v2.1/servers/d8035c57-5ca0-48f5-bb18-93827db750f2 0.561s
2024-12-14 13:17:26.032 66412 INFO tempest.lib.common.rest_client [req-9bf6cec5-b644-43bb-b0c2-db57776fa410 req-9bf6cec5-b644-43bb-b0c2-db57776fa410 ] Request (ServersAdminTestJSON:test_list_servers_filter_by_error_status): 202 POST http://10.180.1.21/compute/v2.1/servers/98af636c-27b8-455b-b1f6-53cafbdbf9ed/action 0.523s
2024-12-14 13:17:26.065 66457 INFO tempest.lib.common.rest_client [req-e21a738d-d636-4e9e-bbd1-44ba5437685b req-e21a738d-d636-4e9e-bbd1-44ba5437685b ] Request (ServersAdmin275Test:tearDownClass): 200 GET http://10.180.1.21/compute/v2.1/servers/357808a6-b1be-4a2e-bf3e-0acca52c65bb 0.531s
2024-12-14 13:17:26.101 66422 INFO tempest.lib.common.rest_client [req-b1822f44-579e-4127-963a-271207ea8dd0 req-b1822f44-579e-4127-963a-271207ea8dd0 ] Request (ListImageFiltersTestJSON:setUpClass): 200 GET http://10.180.1.21/compute/v2.1/images/0c61c24e-46d8-4906-a937-cd1db95a28ca 0.437s
2024-12-14 13:17:26.105 66426 INFO tempest.lib.common.rest_client [req-869b5632-03da-4eee-8092-38a647f3915c req-869b5632-03da-4eee-8092-38a647f3915c ] Request (VolumesAssistedSnapshotsTest:tearDownClass): 200 GET http://10.180.1.21/compute/v2.1/servers/03222b41-6488-49b1-a214-837f3c33f7bc 0.495s
2024-12-14 13:17:26.149 66438 WARNING tempest.lib.common.ssh [-] Failed to establish authenticated ssh connection to cirros@10.180.180.223 ([Errno None] Unable to connect to port 22 on 10.180.180.223). Number attempts: 5. Retry after 6 seconds.: paramiko.ssh_exception.NoValidConnectionsError: [Errno None] Unable to connect to port 22 on 10.180.180.223
2024-12-14 13:17:26.161 66450 INFO tempest.lib.common.rest_client [req-a0f7fe81-2860-4123-b96e-81aab6c193c5 req-a0f7fe81-2860-4123-b96e-81aab6c193c5 ] Request (ServerDiskConfigTestJSON:test_resize_server_from_auto_to_manual): 200 GET http://10.180.1.21/compute/v2.1/servers/219bed14-d0ad-46eb-b2ec-2a3f240303b2 0.403s
2024-12-14 13:17:26.191 66432 INFO tempest.lib.common.rest_client [req-ee231383-7475-439d-85ac-db0a1458051f req-ee231383-7475-439d-85ac-db0a1458051f ] Request (ServersAdminNegativeTestJSON:test_migrate_server_invalid_state): 409 POST http://10.180.1.21/compute/v2.1/servers/b2e57b1c-01b2-4f8e-98dd-d4f4235565ae/action 0.304s
2024-12-14 13:17:26.249 66408 INFO tempest.lib.common.rest_client [req-5a57c742-02ac-4e38-8c73-5170bbb35c27 req-5a57c742-02ac-4e38-8c73-5170bbb35c27 ] Request (ServersNegativeTestJSON:setUpClass): 201 POST http://10.180.1.21:9696/networking/v2.0/routers 0.829s
2024-12-14 13:17:26.398 66412 INFO tempest.lib.common.rest_client [req-98545951-7e1f-4b4d-af4c-6194ecf5f22e req-98545951-7e1f-4b4d-af4c-6194ecf5f22e ] Request (ServersAdminTestJSON:test_list_servers_filter_by_error_status): 200 GET http://10.180.1.21/compute/v2.1/servers/98af636c-27b8-455b-b1f6-53cafbdbf9ed 0.365s
2024-12-14 13:17:26.409 66432 INFO tempest.lib.common.rest_client [req-3f013dce-6d74-4251-bb08-760fd8240263 req-3f013dce-6d74-4251-bb08-760fd8240263 ] Request (ServersAdminNegativeTestJSON:test_reset_state_server_invalid_state): 400 POST http://10.180.1.21/compute/v2.1/servers/de3b2e6e-cd7b-4763-9c87-15d5b1d6668b/action 0.217s
2024-12-14 13:17:26.577 66442 INFO tempest.lib.common.rest_client [req-822b2863-c54a-44b9-9d63-e14607bbd198 req-822b2863-c54a-44b9-9d63-e14607bbd198 ] Request (ServersV294TestFqdnHostnames:setUpClass): 200 GET http://10.180.1.21/compute/v2.1/servers/86aee71e-451d-40a7-b018-f95d33aefc9c 0.225s
2024-12-14 13:17:26.590 66460 WARNING tempest.lib.common.ssh [-] Failed to establish authenticated ssh connection to cirros@10.180.180.232 ([Errno None] Unable to connect to port 22 on 10.180.180.232). Number attempts: 6. Retry after 7 seconds.: paramiko.ssh_exception.NoValidConnectionsError: [Errno None] Unable to connect to port 22 on 10.180.180.232
2024-12-14 13:17:26.637 66404 INFO tempest.lib.common.rest_client [req-4636deb2-e5a9-4ff0-b849-ebb1d4801102 req-4636deb2-e5a9-4ff0-b849-ebb1d4801102 ] Request (ImagesTestJSON:test_create_server_from_snapshot): 200 GET http://10.180.1.21/compute/v2.1/servers/dae9d03d-9786-47c4-905c-25b9d06de271 0.266s
2024-12-14 13:17:26.824 66412 INFO tempest.lib.common.rest_client [req-bf615c9a-0cf7-462d-9964-3f2dd34386f7 req-bf615c9a-0cf7-462d-9964-3f2dd34386f7 ] Request (ServersAdminTestJSON:test_list_servers_filter_by_exist_host): 200 GET http://10.180.1.21/compute/v2.1/servers/98af636c-27b8-455b-b1f6-53cafbdbf9ed 0.417s
2024-12-14 13:17:26.833 66432 INFO tempest.lib.common.rest_client [req-8123c91e-64ea-4ce1-8776-e35ca35640f5 req-8123c91e-64ea-4ce1-8776-e35ca35640f5 ] Request (ServersAdminNegativeTestJSON:test_reset_state_server_invalid_type): 400 POST http://10.180.1.21/compute/v2.1/servers/de3b2e6e-cd7b-4763-9c87-15d5b1d6668b/action 0.421s
2024-12-14 13:17:26.901 66400 INFO tempest.lib.common.rest_client [req-ef2a8fa0-6381-4a9a-bab1-641a954eefd3 req-ef2a8fa0-6381-4a9a-bab1-641a954eefd3 ] Request (ServerActionsTestOtherB:setUpClass): 200 GET http://10.180.1.21/compute/v2.1/servers/9c68659d-0d8e-4370-8f58-93b5955b46ba 0.448s
2024-12-14 13:17:26.968 66452 INFO tempest.lib.common.rest_client [req-0719b67b-f38f-40b2-a3c1-625a5eead1a9 req-0719b67b-f38f-40b2-a3c1-625a5eead1a9 ] Request (VolumesAdminNegativeTest:test_update_attached_volume_with_nonexistent_volume_in_uri): 200 GET http://10.180.1.21/compute/v2.1/servers/44c97f12-c4a6-43a8-aac3-78b7957b3f38 0.349s
2024-12-14 13:17:27.279 66416 INFO tempest.lib.common.rest_client [req-1a9603f6-3318-4cee-b679-f4a139071dd9 req-1a9603f6-3318-4cee-b679-f4a139071dd9 ] Request (ServersTestMultiNic:test_verify_duplicate_network_nics): 200 GET http://10.180.1.21/compute/v2.1/servers/c0e19770-8f39-4621-9122-1d80d527642c 0.613s
2024-12-14 13:17:27.308 66430 INFO tempest.lib.common.rest_client [req-75f249e7-d6f7-4f31-bd2b-5364cfb50b92 req-75f249e7-d6f7-4f31-bd2b-5364cfb50b92 ] Request (ListServerFiltersTestJSON:tearDownClass): 404 GET http://10.180.1.21/compute/v2.1/servers/270451b4-5dbf-450c-9495-900b2f546a97 0.612s
2024-12-14 13:17:27.376 66420 INFO tempest.lib.common.rest_client [req-eca6f6ed-3a49-4a79-a858-ddccb156777e req-eca6f6ed-3a49-4a79-a858-ddccb156777e ] Request (InstanceActionsV221TestJSON:test_get_list_deleted_instance_actions): 200 GET http://10.180.1.21/compute/v2.1/servers/343d460e-b762-423d-b26d-072ceda052d7 0.605s
2024-12-14 13:17:27.383 66432 INFO tempest.lib.common.rest_client [req-cbb08da1-381e-4a07-90ba-04f501becf81 req-cbb08da1-381e-4a07-90ba-04f501becf81 ] Request (ServersAdminNegativeTestJSON:test_reset_state_server_nonexistent_server): 404 POST http://10.180.1.21/compute/v2.1/servers/999/action 0.545s
2024-12-14 13:17:27.461 66408 INFO tempest.lib.common.rest_client [req-1b9eed49-abb3-4731-a0c9-41463a9ed111 req-1b9eed49-abb3-4731-a0c9-41463a9ed111 ] Request (ServersNegativeTestJSON:setUpClass): 200 PUT http://10.180.1.21:9696/networking/v2.0/routers/4154c249-fea0-4e30-b123-6e4d92d2c1e4/add_router_interface 1.211s
2024-12-14 13:17:27.461 66408 INFO tempest.lib.common.dynamic_creds [-] Created isolated network resources for: credentials: Credentials: {'domain_id': 'default', 'domain_name': 'Default', 'username': 'tempest-ServersNegativeTestJSON-552343756-project-member', 'project_domain_id': 'default', 'project_domain_name': 'Default', 'project_id': '33885afc8f9d4578bb769c45e4be88a1', 'project_name': 'tempest-ServersNegativeTestJSON-552343756', 'tenant_id': '33885afc8f9d4578bb769c45e4be88a1', 'tenant_name': 'tempest-ServersNegativeTestJSON-552343756', 'user_domain_id': 'default', 'user_domain_name': 'Default', 'user_id': 'd573881959c84517ab048cca9a6ba403', 'system': None}, Network: {'id': '5dc365b3-470d-46a1-9456-258f5064c789', 'name': 'tempest-ServersNegativeTestJSON-45093492-network', 'tenant_id': '33885afc8f9d4578bb769c45e4be88a1', 'admin_state_up': True, 'mtu': 8950, 'status': 'ACTIVE', 'subnets': [], 'shared': False, 'project_id': '33885afc8f9d4578bb769c45e4be88a1', 'port_security_enabled': True, 'router:external': False, 'provider:network_type': 'vlan', 'provider:physical_network': 'default', 'provider:segmentation_id': 826, 'availability_zone_hints': [], 'availability_zones': [], 'ipv4_address_scope': None, 'ipv6_address_scope': None, 'description': '', 'tags': [], 'created_at': '2024-12-14T13:17:24Z', 'updated_at': '2024-12-14T13:17:24Z', 'revision_number': 1}, Subnet: {'id': '5c09000e-8e4a-4a60-bfe4-2d8fb70732dc', 'name': 'tempest-ServersNegativeTestJSON-45093492-subnet', 'tenant_id': '33885afc8f9d4578bb769c45e4be88a1', 'network_id': '5dc365b3-470d-46a1-9456-258f5064c789', 'ip_version': 4, 'subnetpool_id': None, 'enable_dhcp': True, 'ipv6_ra_mode': None, 'ipv6_address_mode': None, 'gateway_ip': '192.168.128.1', 'cidr': '192.168.128.0/28', 'allocation_pools': [{'start': '192.168.128.2', 'end': '192.168.128.14'}], 'host_routes': [], 'dns_nameservers': [], 'description': '', 'router:external': False, 'service_types': [], 'tags': [], 'created_at': '2024-12-14T13:17:24Z', 'updated_at': '2024-12-14T13:17:24Z', 'revision_number': 0, 'project_id': '33885afc8f9d4578bb769c45e4be88a1'}, Router: {'id': '4154c249-fea0-4e30-b123-6e4d92d2c1e4', 'name': 'tempest-ServersNegativeTestJSON-45093492-router', 'tenant_id': '33885afc8f9d4578bb769c45e4be88a1', 'admin_state_up': True, 'status': 'ACTIVE', 'external_gateway_info': {'network_id': '1b69bffe-215e-4f2a-b072-c9f7a5c7f58d', 'external_fixed_ips': [{'subnet_id': 'bda24bac-253d-4aec-a777-dad47359364c', 'ip_address': '10.180.180.137'}], 'enable_snat': True}, 'description': '', 'availability_zones': [], 'distributed': False, 'ha': False, 'availability_zone_hints': [], 'routes': [], 'flavor_id': None, 'tags': [], 'created_at': '2024-12-14T13:17:25Z', 'updated_at': '2024-12-14T13:17:25Z', 'revision_number': 2, 'project_id': '33885afc8f9d4578bb769c45e4be88a1'}
2024-12-14 13:17:27.522 66412 INFO tempest.lib.common.rest_client [req-224d8cb7-682f-4905-b827-8eef875d26e4 req-224d8cb7-682f-4905-b827-8eef875d26e4 ] Request (ServersAdminTestJSON:test_list_servers_filter_by_exist_host): 200 GET http://10.180.1.21/compute/v2.1/servers?host=cpu-1&all_tenants=1 0.684s
2024-12-14 13:17:27.568 66408 INFO tempest.lib.common.rest_client [req-ecc0b9cc-9785-49ef-8450-b5ee079200ee req-ecc0b9cc-9785-49ef-8450-b5ee079200ee ] Request (ServersNegativeTestJSON:setUpClass): 201 POST http://10.180.1.21/identity/v3/auth/tokens 0.103s
2024-12-14 13:17:27.598 66408 INFO tempest.lib.common.rest_client [req-be3fc558-3ec9-403c-90ae-1e720b621ba8 req-be3fc558-3ec9-403c-90ae-1e720b621ba8 ] Request (ServersNegativeTestJSON:setUpClass): 201 POST http://10.180.1.21/identity/v3/auth/tokens 0.026s
2024-12-14 13:17:27.598 66408 INFO tempest.lib.common.fixed_network [-] (ServersNegativeTestJSON:setUpClass) Found network {'id': '5dc365b3-470d-46a1-9456-258f5064c789', 'name': 'tempest-ServersNegativeTestJSON-45093492-network', 'tenant_id': '33885afc8f9d4578bb769c45e4be88a1', 'admin_state_up': True, 'mtu': 8950, 'status': 'ACTIVE', 'subnets': [], 'shared': False, 'project_id': '33885afc8f9d4578bb769c45e4be88a1', 'port_security_enabled': True, 'router:external': False, 'provider:network_type': 'vlan', 'provider:physical_network': 'default', 'provider:segmentation_id': 826, 'availability_zone_hints': [], 'availability_zones': [], 'ipv4_address_scope': None, 'ipv6_address_scope': None, 'description': '', 'tags': [], 'created_at': '2024-12-14T13:17:24Z', 'updated_at': '2024-12-14T13:17:24Z', 'revision_number': 1} available for tenant
2024-12-14 13:17:27.598 66424 INFO tempest.lib.common.rest_client [req-b40673a7-f648-4025-9731-072e97fd4643 req-b40673a7-f648-4025-9731-072e97fd4643 ] Request (SecurityGroupsTestJSON:test_server_security_groups): 200 GET http://10.180.1.21/compute/v2.1/servers/d8552fad-e6dd-4576-ac50-941cffd932e3 0.754s
2024-12-14 13:17:27.601 66458 INFO tempest.lib.common.rest_client [req-ff49f902-a57b-424d-9249-f7d7db1e7848 req-ff49f902-a57b-424d-9249-f7d7db1e7848 ] Request (FloatingIPsAssociationTestJSON:test_associate_disassociate_floating_ip): 202 POST http://10.180.1.21/compute/v2.1/servers/98ed31cb-4b3d-4e7a-8a38-1d747eca2792/action 1.675s
2024-12-14 13:17:27.670 66410 INFO tempest.lib.common.rest_client [req-80d82b6d-1598-43b2-8b3a-66b7991e2b52 req-80d82b6d-1598-43b2-8b3a-66b7991e2b52 ] Request (ListServersNegativeTestJSON:setUpClass): 200 GET http://10.180.1.21/compute/v2.1/servers/d8035c57-5ca0-48f5-bb18-93827db750f2 0.672s
2024-12-14 13:17:27.675 66402 INFO tempest.lib.common.rest_client [req-b629b153-2333-47e5-8daa-4e2119ca728f req-b629b153-2333-47e5-8daa-4e2119ca728f ] Request (ServerRescueTestJSONUnderV235:tearDownClass): 200 GET http://10.180.1.21/compute/v2.1/servers/c202a47a-50ac-4056-a370-76ee0169a4af 0.701s
2024-12-14 13:17:27.722 66422 INFO tempest.lib.common.rest_client [req-c2d5e3e1-e202-4709-b0af-a41138c4d6c3 req-c2d5e3e1-e202-4709-b0af-a41138c4d6c3 ] Request (ListImageFiltersTestJSON:setUpClass): 200 GET http://10.180.1.21/compute/v2.1/images/0c61c24e-46d8-4906-a937-cd1db95a28ca 0.616s
2024-12-14 13:17:27.752 66457 INFO tempest.lib.common.rest_client [req-5056d30c-21cb-4552-b3ce-ff908e1e27b8 req-5056d30c-21cb-4552-b3ce-ff908e1e27b8 ] Request (ServersAdmin275Test:tearDownClass): 200 GET http://10.180.1.21/compute/v2.1/servers/357808a6-b1be-4a2e-bf3e-0acca52c65bb 0.678s
2024-12-14 13:17:27.793 66426 INFO tempest.lib.common.rest_client [req-8e79f214-919c-439a-8bbe-5eb961125fa3 req-8e79f214-919c-439a-8bbe-5eb961125fa3 ] Request (VolumesAssistedSnapshotsTest:tearDownClass): 200 GET http://10.180.1.21/compute/v2.1/servers/03222b41-6488-49b1-a214-837f3c33f7bc 0.681s
2024-12-14 13:17:27.817 66450 INFO tempest.lib.common.rest_client [req-279fda90-b731-4571-8df1-1120934034bf req-279fda90-b731-4571-8df1-1120934034bf ] Request (ServerDiskConfigTestJSON:test_resize_server_from_auto_to_manual): 200 GET http://10.180.1.21/compute/v2.1/servers/219bed14-d0ad-46eb-b2ec-2a3f240303b2 0.647s
2024-12-14 13:17:27.878 66430 INFO tempest.lib.common.rest_client [req-6eae76af-f7f3-4347-8152-b02e05bde4d9 req-6eae76af-f7f3-4347-8152-b02e05bde4d9 ] Request (ListServerFiltersTestJSON:tearDownClass): 204 DELETE http://10.180.1.21/compute/v2.1/servers/df00cfae-3bbb-4489-83fb-c7444548c0c4 0.570s
2024-12-14 13:17:27.914 66412 INFO tempest.lib.common.rest_client [req-54010aa2-285c-4e1b-a032-c48bbfd404ee req-54010aa2-285c-4e1b-a032-c48bbfd404ee ] Request (ServersAdminTestJSON:test_list_servers_filter_by_exist_host): 200 GET http://10.180.1.21/compute/v2.1/servers?host=nonexistent_host&all_tenants=1 0.386s
2024-12-14 13:17:27.975 66432 INFO tempest.lib.common.rest_client [req-33d5c16b-b310-40d3-b452-4be05265c793 req-33d5c16b-b310-40d3-b452-4be05265c793 ] Request (ServersAdminNegativeTestJSON:test_resize_server_using_overlimit_ram): 200 GET http://10.180.1.21/compute/v2.1/os-quota-sets/995babb4de304355a74d639ab778fb37 0.588s
2024-12-14 13:17:28.049 66442 INFO tempest.lib.common.rest_client [req-863fd199-141b-4149-8b2d-0b39b96a0fc0 req-863fd199-141b-4149-8b2d-0b39b96a0fc0 ] Request (ServersV294TestFqdnHostnames:setUpClass): 200 GET http://10.180.1.21/compute/v2.1/servers/86aee71e-451d-40a7-b018-f95d33aefc9c 0.460s
2024-12-14 13:17:28.058 66442 INFO tempest.common.waiters [-] State transition "BUILD/spawning" ==> "ACTIVE/None" after 69 second wait
2024-12-14 13:17:28.193 66458 INFO tempest.lib.common.rest_client [req-0225cbc0-9fcf-4b9b-80bc-179488b3cf08 req-0225cbc0-9fcf-4b9b-80bc-179488b3cf08 ] Request (FloatingIPsAssociationTestJSON:test_associate_disassociate_floating_ip): 200 GET http://10.180.1.21/compute/v2.1/os-floating-ips/448212bd-24f7-48a7-b1d0-5307a2302c84 0.591s
2024-12-14 13:17:28.242 66404 INFO tempest.lib.common.rest_client [req-19c320b3-3392-41ef-b447-8f9c036f99cc req-19c320b3-3392-41ef-b447-8f9c036f99cc ] Request (ImagesTestJSON:test_create_server_from_snapshot): 200 GET http://10.180.1.21/compute/v2.1/servers/dae9d03d-9786-47c4-905c-25b9d06de271 0.598s
2024-12-14 13:17:28.427 66430 INFO tempest.lib.common.rest_client [req-75593d09-7867-4408-90d8-fff6a76d7cd7 req-75593d09-7867-4408-90d8-fff6a76d7cd7 ] Request (ListServerFiltersTestJSON:tearDownClass): 200 GET http://10.180.1.21/compute/v2.1/servers/df00cfae-3bbb-4489-83fb-c7444548c0c4 0.549s
2024-12-14 13:17:28.469 66408 INFO tempest.lib.common.rest_client [req-31a82952-191c-49c0-ac77-62e6baeb2e74 req-31a82952-191c-49c0-ac77-62e6baeb2e74 ] Request (ServersNegativeTestJSON:setUpClass): 202 POST http://10.180.1.21/compute/v2.1/servers 0.869s
2024-12-14 13:17:28.520 66400 INFO tempest.lib.common.rest_client [req-befc3e43-2461-47d6-897c-40839fd94a3e req-befc3e43-2461-47d6-897c-40839fd94a3e ] Request (ServerActionsTestOtherB:setUpClass): 200 GET http://10.180.1.21/compute/v2.1/servers/9c68659d-0d8e-4370-8f58-93b5955b46ba 0.611s
2024-12-14 13:17:28.537 66412 INFO tempest.lib.common.rest_client [req-bfeeaaf5-4903-45c4-a9e4-4157f557fc45 req-bfeeaaf5-4903-45c4-a9e4-4157f557fc45 ] Request (ServersAdminTestJSON:test_rebuild_server_in_error_state): 202 POST http://10.180.1.21/compute/v2.1/servers/98af636c-27b8-455b-b1f6-53cafbdbf9ed/action 0.617s
2024-12-14 13:17:28.550 66432 INFO tempest.lib.common.rest_client [req-d04406f7-6f56-4ab5-a693-dcd3d1999a8b req-d04406f7-6f56-4ab5-a693-dcd3d1999a8b ] Request (ServersAdminNegativeTestJSON:test_resize_server_using_overlimit_ram): 200 POST http://10.180.1.21/compute/v2.1/flavors 0.573s
2024-12-14 13:17:28.605 66452 INFO tempest.lib.common.rest_client [req-ea206765-097b-4157-be6c-723336582464 req-ea206765-097b-4157-be6c-723336582464 ] Request (VolumesAdminNegativeTest:test_update_attached_volume_with_nonexistent_volume_in_uri): 200 GET http://10.180.1.21/compute/v2.1/servers/44c97f12-c4a6-43a8-aac3-78b7957b3f38 0.625s
2024-12-14 13:17:28.637 66442 INFO tempest.lib.common.rest_client [req-798c15f3-be10-4703-a987-a2626d062426 req-798c15f3-be10-4703-a987-a2626d062426 ] Request (ServersV294TestFqdnHostnames:setUpClass): 200 GET http://10.180.1.21/compute/v2.1/servers/86aee71e-451d-40a7-b018-f95d33aefc9c/os-interface 0.579s
2024-12-14 13:17:28.873 66416 INFO tempest.lib.common.rest_client [req-b1e87165-a0a2-49c4-b48f-43b544d17efe req-b1e87165-a0a2-49c4-b48f-43b544d17efe ] Request (ServersTestMultiNic:test_verify_duplicate_network_nics): 200 GET http://10.180.1.21/compute/v2.1/servers/c0e19770-8f39-4621-9122-1d80d527642c 0.580s
2024-12-14 13:17:28.939 66420 INFO tempest.lib.common.rest_client [req-c843327b-f181-4487-bb78-f6c6a135e700 req-c843327b-f181-4487-bb78-f6c6a135e700 ] Request (InstanceActionsV221TestJSON:test_get_list_deleted_instance_actions): 200 GET http://10.180.1.21/compute/v2.1/servers/343d460e-b762-423d-b26d-072ceda052d7 0.554s
2024-12-14 13:17:28.988 66408 INFO tempest.lib.common.rest_client [req-7aad73d0-d4dd-477b-a84f-88e3b9252c56 req-7aad73d0-d4dd-477b-a84f-88e3b9252c56 ] Request (ServersNegativeTestJSON:setUpClass): 200 GET http://10.180.1.21/compute/v2.1/servers/f66e533d-105b-4eda-9f02-b1cc37d96288 0.518s
2024-12-14 13:17:29.072 66446 WARNING tempest.lib.common.ssh [-] Failed to establish authenticated ssh connection to cirros@10.180.180.229 ([Errno None] Unable to connect to port 22 on 10.180.180.229). Number attempts: 6. Retry after 7 seconds.: paramiko.ssh_exception.NoValidConnectionsError: [Errno None] Unable to connect to port 22 on 10.180.180.229
2024-12-14 13:17:29.169 66412 INFO tempest.lib.common.rest_client [req-5c026310-053b-449b-abb5-86809f79c26f req-5c026310-053b-449b-abb5-86809f79c26f ] Request (ServersAdminTestJSON:test_rebuild_server_in_error_state): 202 POST http://10.180.1.21/compute/v2.1/servers/98af636c-27b8-455b-b1f6-53cafbdbf9ed/action 0.630s
2024-12-14 13:17:29.358 66442 INFO tempest.lib.common.rest_client [req-565e527b-efce-4dd0-98d6-854496346042 req-565e527b-efce-4dd0-98d6-854496346042 ] Request (ServersV294TestFqdnHostnames:setUpClass): 200 PUT http://10.180.1.21:9696/networking/v2.0/floatingips/bff8603d-4986-4dfb-ab6e-467d22f56eda 0.715s
2024-12-14 13:17:29.414 66432 INFO tempest.lib.common.rest_client [req-6e60dc4a-9b49-45e1-9e11-7af42239c2ed req-6e60dc4a-9b49-45e1-9e11-7af42239c2ed ] Request (ServersAdminNegativeTestJSON:test_resize_server_using_overlimit_ram): 403 POST http://10.180.1.21/compute/v2.1/servers/de3b2e6e-cd7b-4763-9c87-15d5b1d6668b/action 0.862s
2024-12-14 13:17:29.472 66424 INFO tempest.lib.common.rest_client [req-a24acf41-79b0-4166-8bf8-944db82900e3 req-a24acf41-79b0-4166-8bf8-944db82900e3 ] Request (SecurityGroupsTestJSON:test_server_security_groups): 200 GET http://10.180.1.21/compute/v2.1/servers/d8552fad-e6dd-4576-ac50-941cffd932e3 0.864s
2024-12-14 13:17:29.528 66410 INFO tempest.lib.common.rest_client [req-6ccb0be1-1f0e-4ad7-8c34-9340393628b4 req-6ccb0be1-1f0e-4ad7-8c34-9340393628b4 ] Request (ListServersNegativeTestJSON:setUpClass): 200 GET http://10.180.1.21/compute/v2.1/servers/d8035c57-5ca0-48f5-bb18-93827db750f2 0.848s
2024-12-14 13:17:29.613 66402 INFO tempest.lib.common.rest_client [req-b5692ce4-446b-4dd5-b999-848aa1f66e42 req-b5692ce4-446b-4dd5-b999-848aa1f66e42 ] Request (ServerRescueTestJSONUnderV235:tearDownClass): 200 GET http://10.180.1.21/compute/v2.1/servers/c202a47a-50ac-4056-a370-76ee0169a4af 0.930s
2024-12-14 13:17:29.653 66422 INFO tempest.lib.common.rest_client [req-13c819e9-3350-441e-8d2d-3c01ec0d8e0f req-13c819e9-3350-441e-8d2d-3c01ec0d8e0f ] Request (ListImageFiltersTestJSON:setUpClass): 200 GET http://10.180.1.21/compute/v2.1/images/0c61c24e-46d8-4906-a937-cd1db95a28ca 0.924s
2024-12-14 13:17:29.726 66434 WARNING tempest.lib.common.ssh [-] Failed to establish authenticated ssh connection to cirros@10.180.180.238 ([Errno None] Unable to connect to port 22 on 10.180.180.238). Number attempts: 9. Retry after 10 seconds.: paramiko.ssh_exception.NoValidConnectionsError: [Errno None] Unable to connect to port 22 on 10.180.180.238
2024-12-14 13:17:29.733 66457 INFO tempest.lib.common.rest_client [req-318562c4-e27b-452b-b47f-08bea1c1dd18 req-318562c4-e27b-452b-b47f-08bea1c1dd18 ] Request (ServersAdmin275Test:tearDownClass): 200 GET http://10.180.1.21/compute/v2.1/servers/357808a6-b1be-4a2e-bf3e-0acca52c65bb 0.969s
2024-12-14 13:17:29.813 66426 INFO tempest.lib.common.rest_client [req-0b9ea0ff-e88a-44a5-92af-b3dba553e95a req-0b9ea0ff-e88a-44a5-92af-b3dba553e95a ] Request (VolumesAssistedSnapshotsTest:tearDownClass): 200 GET http://10.180.1.21/compute/v2.1/servers/03222b41-6488-49b1-a214-837f3c33f7bc 1.011s
2024-12-14 13:17:29.881 66450 INFO tempest.lib.common.rest_client [req-5d8f9780-eeb8-45a2-b9fc-a80a92010c97 req-5d8f9780-eeb8-45a2-b9fc-a80a92010c97 ] Request (ServerDiskConfigTestJSON:test_resize_server_from_auto_to_manual): 200 GET http://10.180.1.21/compute/v2.1/servers/219bed14-d0ad-46eb-b2ec-2a3f240303b2 1.053s
2024-12-14 13:17:29.923 66458 INFO tempest.lib.common.rest_client [req-0537f2ac-0f65-4aaf-b19c-c38d1ef76fb8 req-0537f2ac-0f65-4aaf-b19c-c38d1ef76fb8 ] Request (FloatingIPsAssociationTestJSON:test_associate_disassociate_floating_ip): 202 POST http://10.180.1.21/compute/v2.1/servers/98ed31cb-4b3d-4e7a-8a38-1d747eca2792/action 1.727s
2024-12-14 13:17:29.996 66404 INFO tempest.lib.common.rest_client [req-0354d74f-d207-4499-89fd-0a5d435ae868 req-0354d74f-d207-4499-89fd-0a5d435ae868 ] Request (ImagesTestJSON:test_create_server_from_snapshot): 200 GET http://10.180.1.21/compute/v2.1/servers/dae9d03d-9786-47c4-905c-25b9d06de271 0.745s
2024-12-14 13:17:30.004 66404 INFO tempest.common.waiters [-] State transition "BUILD/scheduling" ==> "BUILD/None" after 14 second wait
2024-12-14 13:17:30.173 66412 INFO tempest.lib.common.rest_client [req-276ebe3c-c6af-48c0-87f9-5a8fc523b734 req-276ebe3c-c6af-48c0-87f9-5a8fc523b734 ] Request (ServersAdminTestJSON:test_rebuild_server_in_error_state): 200 GET http://10.180.1.21/compute/v2.1/servers/98af636c-27b8-455b-b1f6-53cafbdbf9ed 0.999s
2024-12-14 13:17:30.197 66432 INFO tempest.lib.common.rest_client [req-5e0c384e-9d45-47e3-9ce7-1822454a1d5e req-5e0c384e-9d45-47e3-9ce7-1822454a1d5e ] Request (ServersAdminNegativeTestJSON:_run_cleanups): 202 DELETE http://10.180.1.21/compute/v2.1/flavors/12282893 0.783s
2024-12-14 13:17:30.207 66442 INFO tempest.lib.common.rest_client [req-2df0bdc1-c418-4d6f-b0aa-d094357c4b8e req-2df0bdc1-c418-4d6f-b0aa-d094357c4b8e ] Request (ServersV294TestFqdnHostnames:setUpClass): 200 GET http://10.180.1.21/compute/v2.1/servers/86aee71e-451d-40a7-b018-f95d33aefc9c 0.846s
2024-12-14 13:17:30.229 66442 INFO tempest.api.compute.base [-] Attempting to verify tagged devices in server 86aee71e-451d-40a7-b018-f95d33aefc9c via the metadata service: http://169.254.169.254/openstack/latest/meta_data.json
2024-12-14 13:17:30.230 66442 INFO tempest.lib.common.ssh [-] Creating ssh connection to '10.180.180.129:22' as 'cirros' with public key authentication
2024-12-14 13:17:30.276 66400 INFO tempest.lib.common.rest_client [req-be0b5b54-f1e0-495c-8799-cfea4ab42e31 req-be0b5b54-f1e0-495c-8799-cfea4ab42e31 ] Request (ServerActionsTestOtherB:setUpClass): 200 GET http://10.180.1.21/compute/v2.1/servers/9c68659d-0d8e-4370-8f58-93b5955b46ba 0.745s
2024-12-14 13:17:30.348 66452 INFO tempest.lib.common.rest_client [req-cea7b375-a6c5-4e55-b01b-97a28ad10531 req-cea7b375-a6c5-4e55-b01b-97a28ad10531 ] Request (VolumesAdminNegativeTest:test_update_attached_volume_with_nonexistent_volume_in_uri): 200 GET http://10.180.1.21/compute/v2.1/servers/44c97f12-c4a6-43a8-aac3-78b7957b3f38 0.735s
