2024-12-14 13:15:38.451 66422 INFO tempest.lib.common.rest_client [req-96c09061-af8f-45ce-ada6-9016faadf5c0 req-96c09061-af8f-45ce-ada6-9016faadf5c0 ] Request (ListImageFiltersTestJSON:setUpClass): 201 POST http://10.180.1.21/identity/v3/auth/tokens 0.099s
2024-12-14 13:15:38.495 66414 WARNING tempest.lib.common.ssh [-] Failed to establish authenticated ssh connection to cirros@10.180.180.180 ([Errno None] Unable to connect to port 22 on 10.180.180.180). Number attempts: 5. Retry after 6 seconds.: paramiko.ssh_exception.NoValidConnectionsError: [Errno None] Unable to connect to port 22 on 10.180.180.180
2024-12-14 13:15:38.522 66444 INFO tempest.lib.common.rest_client [req-7f2e46f5-d8b2-4eb1-a9c1-181f2b309d9e req-7f2e46f5-d8b2-4eb1-a9c1-181f2b309d9e ] Request (ServerActionsV293TestJSON:setUpClass): 200 GET http://10.180.1.21/compute/v2.1/servers/755e9b02-03fc-47a8-95d2-60c5dce362c0 0.556s
2024-12-14 13:15:38.569 66440 INFO tempest.lib.common.rest_client [req-0737e555-0528-4136-9e4a-f3f4f4655105 req-0737e555-0528-4136-9e4a-f3f4f4655105 ] Request (InstanceActionsTestJSON:tearDownClass): 200 GET http://10.180.1.21/compute/v2.1/servers/b9c20761-4bf1-4baf-9d77-948feb1d435c 0.695s
2024-12-14 13:15:38.624 66457 INFO tempest.lib.common.rest_client [req-4b84c5f7-c256-4284-8391-7b4703693b04 req-4b84c5f7-c256-4284-8391-7b4703693b04 ] Request (ServersAdmin275Test:test_rebuild_update_server_275): 200 GET http://10.180.1.21/compute/v2.1/servers/357808a6-b1be-4a2e-bf3e-0acca52c65bb 0.602s
2024-12-14 13:15:38.639 66460 INFO tempest.lib.common.rest_client [req-9de6c908-8d3c-4883-9651-bfa157e4c2ad req-9de6c908-8d3c-4883-9651-bfa157e4c2ad ] Request (ValidationResourcesFixture:setUp): 201 POST http://10.180.1.21:9696/networking/v2.0/security-group-rules 0.588s
2024-12-14 13:15:38.646 66446 INFO tempest.lib.common.rest_client [req-abb9a622-bac4-463e-a3f4-64e4b73ea48a req-abb9a622-bac4-463e-a3f4-64e4b73ea48a ] Request (ServersTestBootFromVolume:setUpClass): 200 GET http://10.180.1.21/volume/v3/volumes/7f1511af-db83-4f29-ba68-59e68e37f289 0.045s
2024-12-14 13:15:38.650 66418 INFO tempest.lib.common.rest_client [req-acf7a7d6-3812-48e8-9274-b68b38b86551 req-acf7a7d6-3812-48e8-9274-b68b38b86551 ] Request (DeleteServersAdminTestJSON:test_delete_server_while_in_error_state): 200 GET http://10.180.1.21/compute/v2.1/servers/01a12c31-8582-4cd7-a85a-2029bc7ac6c4 0.544s
2024-12-14 13:15:38.690 66428 WARNING tempest.lib.common.ssh [-] Failed to establish authenticated ssh connection to cirros@10.180.180.219 ([Errno None] Unable to connect to port 22 on 10.180.180.219). Number attempts: 1. Retry after 2 seconds.: paramiko.ssh_exception.NoValidConnectionsError: [Errno None] Unable to connect to port 22 on 10.180.180.219
2024-12-14 13:15:38.698 66454 INFO tempest.lib.common.rest_client [req-aa93de18-5a3d-45aa-9d5c-56bb862b5fb0 req-aa93de18-5a3d-45aa-9d5c-56bb862b5fb0 ] Request (ServerExternalEventsTest:tearDownClass): 204 DELETE http://10.180.1.21:9696/networking/v2.0/security-groups/51733b0c-6e0b-4fcc-8c2e-665ca668cf0a 0.326s
2024-12-14 13:15:38.833 66454 INFO tempest.lib.common.rest_client [req-83c52612-7aa0-46ac-b0a3-04885ea7ba7b req-83c52612-7aa0-46ac-b0a3-04885ea7ba7b ] Request (ServerExternalEventsTest:tearDownClass): 204 DELETE http://10.180.1.21/identity/v3/projects/bdcad15cdcc24902a86be2b2e2235027 0.134s
2024-12-14 13:15:38.872 66422 INFO tempest.lib.common.rest_client [req-de8c6b88-74c6-4fba-850e-2038b0f18e9a req-de8c6b88-74c6-4fba-850e-2038b0f18e9a ] Request (ListImageFiltersTestJSON:setUpClass): 201 POST http://10.180.1.21/image/v2/images 0.419s
2024-12-14 13:15:38.890 66460 INFO tempest.lib.common.rest_client [req-233345a0-b208-4050-a9fb-e87d2ae76a82 req-233345a0-b208-4050-a9fb-e87d2ae76a82 ] Request (ValidationResourcesFixture:setUp): 201 POST http://10.180.1.21:9696/networking/v2.0/security-group-rules 0.251s
2024-12-14 13:15:38.902 66404 INFO tempest.lib.common.rest_client [req-5d189fcb-05c3-44c9-b004-1ab20f833f0f req-5d189fcb-05c3-44c9-b004-1ab20f833f0f ] Request (ImagesTestJSON:test_create_image_from_stopped_server): 200 GET http://10.180.1.21/compute/v2.1/images/52d35b16-78fa-400b-abf9-77938a982c4a 0.725s
2024-12-14 13:15:38.902 66454 INFO tempest.lib.common.rest_client [req-3f76f707-d393-483c-8e00-707501fb66ba req-3f76f707-d393-483c-8e00-707501fb66ba ] Request (SecurityGroupRulesTestJSON:setUpClass): 201 POST http://10.180.1.21/identity/v3/auth/tokens 0.067s
2024-12-14 13:15:38.906 66442 INFO tempest.lib.common.rest_client [req-9f263b37-2e96-4263-8d7f-196c8dadf08d req-9f263b37-2e96-4263-8d7f-196c8dadf08d ] Request (ImagesNegativeTestJSON:test_create_image_from_deleted_server): 200 GET http://10.180.1.21/compute/v2.1/servers/60000f2d-9fcc-4139-a19e-ec58387a243d 0.774s
2024-12-14 13:15:38.945 66454 INFO tempest.lib.common.rest_client [req-36dc072c-e3f8-4af5-9380-673f09815bac req-36dc072c-e3f8-4af5-9380-673f09815bac ] Request (SecurityGroupRulesTestJSON:setUpClass): 201 POST http://10.180.1.21/identity/v3/auth/tokens 0.041s
2024-12-14 13:15:38.979 66454 INFO tempest.lib.common.rest_client [req-27ad0795-cbdb-4f8b-a674-5ce9846a4888 req-27ad0795-cbdb-4f8b-a674-5ce9846a4888 ] Request (SecurityGroupRulesTestJSON:setUpClass): 200 GET http://10.180.1.21/identity/v3/domains?name=Default 0.033s
2024-12-14 13:15:38.997 66432 INFO tempest.lib.common.rest_client [req-b51e5000-2e32-4ba3-b20e-6cbc9ef0214f req-b51e5000-2e32-4ba3-b20e-6cbc9ef0214f ] Request (ServersAdminNegativeTestJSON:setUpClass): 200 GET http://10.180.1.21/compute/v2.1/servers/de3b2e6e-cd7b-4763-9c87-15d5b1d6668b 0.724s
2024-12-14 13:15:39.021 66454 INFO tempest.lib.common.rest_client [req-20e520f4-b6c0-4227-bcb8-fc4560efbdf1 req-20e520f4-b6c0-4227-bcb8-fc4560efbdf1 ] Request (SecurityGroupRulesTestJSON:setUpClass): 201 POST http://10.180.1.21/identity/v3/projects 0.042s
2024-12-14 13:15:39.095 66454 INFO tempest.lib.common.rest_client [req-5c3351f1-33cc-41c9-91bd-275fab367dc5 req-5c3351f1-33cc-41c9-91bd-275fab367dc5 ] Request (SecurityGroupRulesTestJSON:setUpClass): 201 POST http://10.180.1.21/identity/v3/users 0.073s
2024-12-14 13:15:39.102 66448 INFO tempest.lib.common.rest_client [req-e01ca838-ea7a-44c8-be6a-3e52fb9e00b1 req-e01ca838-ea7a-44c8-be6a-3e52fb9e00b1 ] Request (AttachVolumeNegativeTest:test_attach_attached_volume_to_different_server): 200 GET http://10.180.1.21/compute/v2.1/servers/504108f5-c321-4acf-a629-e6f818af97cf 0.820s
2024-12-14 13:15:39.109 66420 INFO tempest.lib.common.rest_client [req-583b4673-2642-4a43-8868-d59219f9b8ab req-583b4673-2642-4a43-8868-d59219f9b8ab ] Request (AttachInterfacesV270Test:test_create_get_list_interfaces): 200 GET http://10.180.1.21/compute/v2.1/servers/75dbff7e-0fe3-401b-9fa5-fee79b4edb4c 0.732s
2024-12-14 13:15:39.129 66454 INFO tempest.lib.common.rest_client [req-402d8396-c581-4496-89ec-e6b81f2efdd7 req-402d8396-c581-4496-89ec-e6b81f2efdd7 ] Request (SecurityGroupRulesTestJSON:setUpClass): 200 GET http://10.180.1.21/identity/v3/roles 0.034s
2024-12-14 13:15:39.164 66400 INFO tempest.lib.common.rest_client [req-05f70000-5e13-435c-bc51-d4b6279743c9 req-05f70000-5e13-435c-bc51-d4b6279743c9 ] Request (ImagesOneServerTestJSON:test_create_image_specify_multibyte_character_image_name): 200 GET http://10.180.1.21/compute/v2.1/images/cb7c79dc-201d-42da-8a1f-6c6edfab735b 0.755s
2024-12-14 13:15:39.177 66454 INFO tempest.lib.common.rest_client [req-48abb637-185d-4320-a59c-bae103373b3f req-48abb637-185d-4320-a59c-bae103373b3f ] Request (SecurityGroupRulesTestJSON:setUpClass): 204 PUT http://10.180.1.21/identity/v3/projects/b2787b66213c40b490b99c128d5a25bc/users/1388b80290a8472d84df61573708d4ae/roles/45c154554e5849cc83992c5926a6bd43 0.048s
2024-12-14 13:15:39.178 66454 INFO tempest.lib.common.dynamic_creds [-] Dynamic test user 1388b80290a8472d84df61573708d4ae is created with scope project and roles: ['member']
2024-12-14 13:15:39.178 66454 INFO tempest.lib.common.dynamic_creds [-] Acquired dynamic creds: credentials: Credentials: {'domain_id': 'default', 'domain_name': 'Default', 'username': 'tempest-SecurityGroupRulesTestJSON-1215114944-project-member', 'project_domain_id': 'default', 'project_domain_name': 'Default', 'project_id': 'b2787b66213c40b490b99c128d5a25bc', 'project_name': 'tempest-SecurityGroupRulesTestJSON-1215114944', 'tenant_id': 'b2787b66213c40b490b99c128d5a25bc', 'tenant_name': 'tempest-SecurityGroupRulesTestJSON-1215114944', 'user_domain_id': 'default', 'user_domain_name': 'Default', 'user_id': '1388b80290a8472d84df61573708d4ae', 'system': None}, Network: None, Subnet: None, Router: None
2024-12-14 13:15:39.259 66462 INFO tempest.lib.common.rest_client [req-10e127f6-8ffe-4075-bb8c-0387cfd4732f req-10e127f6-8ffe-4075-bb8c-0387cfd4732f ] Request (ServerTagsTestJSON:setUpClass): 200 GET http://10.180.1.21/compute/v2.1/servers/b053a896-d055-4e0a-8f85-8871df4bf5c0 0.770s
2024-12-14 13:15:39.267 66454 INFO tempest.lib.common.rest_client [req-eeaefbda-f558-4354-9f7e-9280340fb566 req-eeaefbda-f558-4354-9f7e-9280340fb566 ] Request (SecurityGroupRulesTestJSON:setUpClass): 201 POST http://10.180.1.21/identity/v3/auth/tokens 0.089s
2024-12-14 13:15:39.274 66430 INFO tempest.lib.common.rest_client [req-92ac0115-f44b-424d-857b-3fc4ea24a578 req-92ac0115-f44b-424d-857b-3fc4ea24a578 ] Request (ListServerFiltersTestJSON:setUpClass): 200 GET http://10.180.1.21/compute/v2.1/servers/fcae5801-3f10-4da2-9148-771ddcc9942a 0.823s
2024-12-14 13:15:39.319 66450 INFO tempest.lib.common.rest_client [req-bddbf51e-f86c-450a-a119-41b63d2a2076 req-bddbf51e-f86c-450a-a119-41b63d2a2076 ] Request (ServerDiskConfigTestJSON:test_rebuild_server_with_manual_disk_config): 200 GET http://10.180.1.21/compute/v2.1/servers/bfed8bc0-b72f-4be1-9226-e8b903dc1f5c 0.767s
2024-12-14 13:15:39.337 66424 INFO tempest.lib.common.rest_client [req-d2e9e187-ed38-452a-b732-bc2d2c5a622b req-d2e9e187-ed38-452a-b732-bc2d2c5a622b ] Request (SecurityGroupsTestJSON:test_list_security_groups_by_server): 200 GET http://10.180.1.21/compute/v2.1/servers/7fcea3e1-b7b1-4da3-b562-f12e91d47d31 0.775s
2024-12-14 13:15:39.397 66408 INFO tempest.lib.common.rest_client [req-91c3b091-34d5-40cf-8152-1c1ffa2d9a26 req-91c3b091-34d5-40cf-8152-1c1ffa2d9a26 ] Request (ServerMetadataTestJSON:setUpClass): 200 GET http://10.180.1.21/compute/v2.1/servers/b025f8b3-b036-4f68-bd31-ec7c5e9edaf9 0.757s
2024-12-14 13:15:39.432 66416 INFO tempest.lib.common.rest_client [req-370edcbe-35a5-4acf-a67e-5ba9102e73da req-370edcbe-35a5-4acf-a67e-5ba9102e73da ] Request (FloatingIPsAssociationNegativeTestJSON:tearDownClass): 200 GET http://10.180.1.21/compute/v2.1/servers/1af5d96c-08b1-45ed-ae51-d3509b7b4488 0.684s
2024-12-14 13:15:39.457 66460 INFO tempest.lib.common.rest_client [req-9177a6a6-0658-4873-844f-07690abbfefc req-9177a6a6-0658-4873-844f-07690abbfefc ] Request (ValidationResourcesFixture:setUp): 201 POST http://10.180.1.21:9696/networking/v2.0/floatingips 0.566s
2024-12-14 13:15:39.480 66402 INFO tempest.lib.common.rest_client [req-51a96b93-6e65-4bd7-8002-c5467aa19c08 req-51a96b93-6e65-4bd7-8002-c5467aa19c08 ] Request (ServerRescueTestJSONUnderV235:setUpClass): 200 GET http://10.180.1.21/compute/v2.1/servers/c202a47a-50ac-4056-a370-76ee0169a4af 0.636s
2024-12-14 13:15:39.508 66458 INFO tempest.lib.common.rest_client [req-9c94b04b-121c-4087-abd9-06ff1de66285 req-9c94b04b-121c-4087-abd9-06ff1de66285 ] Request (FloatingIPsAssociationTestJSON:setUpClass): 200 GET http://10.180.1.21/compute/v2.1/servers/98ed31cb-4b3d-4e7a-8a38-1d747eca2792 0.508s
2024-12-14 13:15:39.532 66460 INFO tempest.lib.common.rest_client [req-a35f1243-6cb7-43b6-a994-376a32554a2e req-a35f1243-6cb7-43b6-a994-376a32554a2e ] Request (AttachVolumeShelveTestJSON:test_attach_volume_shelved_or_offload_server): 201 POST http://10.180.1.21/identity/v3/auth/tokens 0.067s
2024-12-14 13:15:39.532 66460 INFO tempest.lib.common.fixed_network [-] (AttachVolumeShelveTestJSON:test_attach_volume_shelved_or_offload_server) Found network {'id': '35ff3cce-560d-4685-aba7-e63604d9d8fa', 'name': 'tempest-AttachVolumeShelveTestJSON-1446269844-network', 'tenant_id': '3c74b4851d34431cbb025d2a9ef4eda1', 'admin_state_up': True, 'mtu': 8950, 'status': 'ACTIVE', 'subnets': [], 'shared': False, 'project_id': '3c74b4851d34431cbb025d2a9ef4eda1', 'port_security_enabled': True, 'router:external': False, 'provider:network_type': 'vlan', 'provider:physical_network': 'default', 'provider:segmentation_id': 798, 'availability_zone_hints': [], 'availability_zones': [], 'ipv4_address_scope': None, 'ipv6_address_scope': None, 'description': '', 'tags': [], 'created_at': '2024-12-14T13:15:32Z', 'updated_at': '2024-12-14T13:15:32Z', 'revision_number': 1} available for tenant
2024-12-14 13:15:39.545 66438 INFO tempest.lib.common.rest_client [req-6b4cf4e1-0960-4809-ba6f-025e4ee3a9ba req-6b4cf4e1-0960-4809-ba6f-025e4ee3a9ba ] Request (AttachInterfacesUnderV243Test:setUpClass): 201 POST http://10.180.1.21:9696/networking/v2.0/routers 1.928s
2024-12-14 13:15:39.582 66434 INFO tempest.lib.common.rest_client [req-cc11f654-f89c-401d-8afb-fe38f7e70a32 req-cc11f654-f89c-401d-8afb-fe38f7e70a32 ] Request (ServerActionsTestOtherA:setUpClass): 200 GET http://10.180.1.21/compute/v2.1/servers/38c29c47-4b8e-42b4-8288-4fb00c05cd38 0.453s
2024-12-14 13:15:39.654 66412 INFO tempest.lib.common.rest_client [req-cb604653-41b0-4aa2-9ce8-f043b140cd91 req-cb604653-41b0-4aa2-9ce8-f043b140cd91 ] Request (ServersAdminTestJSON:test_create_server_with_scheduling_hint): 200 GET http://10.180.1.21/compute/v2.1/servers/3db39109-29eb-4dd7-93b4-33cfd2b7a716 0.220s
2024-12-14 13:15:39.690 66410 INFO tempest.lib.common.rest_client [req-8c5ee639-4af2-4612-ba34-acd79c8021e5 req-8c5ee639-4af2-4612-ba34-acd79c8021e5 ] Request (ServerDiagnosticsNegativeTest:test_get_server_diagnostics_by_non_admin): 200 GET http://10.180.1.21/compute/v2.1/servers/48a2cbcd-666e-44c7-989b-3b1d66c08971 0.625s
2024-12-14 13:15:39.701 66446 INFO tempest.lib.common.rest_client [req-fb37a4cb-3c57-4272-9a8c-58277d4a9205 req-fb37a4cb-3c57-4272-9a8c-58277d4a9205 ] Request (ServersTestBootFromVolume:setUpClass): 200 GET http://10.180.1.21/volume/v3/volumes/7f1511af-db83-4f29-ba68-59e68e37f289 0.047s
2024-12-14 13:15:39.756 66444 INFO tempest.lib.common.rest_client [req-a87fcbd0-e3d5-424d-b225-c14498d84799 req-a87fcbd0-e3d5-424d-b225-c14498d84799 ] Request (ServerActionsV293TestJSON:setUpClass): 200 GET http://10.180.1.21/compute/v2.1/servers/755e9b02-03fc-47a8-95d2-60c5dce362c0 0.223s
2024-12-14 13:15:39.914 66454 INFO tempest.lib.common.rest_client [req-244a5c7b-8a61-4e9c-b1a0-97ce52df4637 req-244a5c7b-8a61-4e9c-b1a0-97ce52df4637 ] Request (SecurityGroupRulesTestJSON:setUpClass): 201 POST http://10.180.1.21:9696/networking/v2.0/networks 0.646s
2024-12-14 13:15:39.983 66440 INFO tempest.lib.common.rest_client [req-2179e987-a400-41a1-9078-c6a23372ac9d req-2179e987-a400-41a1-9078-c6a23372ac9d ] Request (InstanceActionsTestJSON:tearDownClass): 200 GET http://10.180.1.21/compute/v2.1/servers/b9c20761-4bf1-4baf-9d77-948feb1d435c 0.403s
2024-12-14 13:15:40.071 66457 INFO tempest.lib.common.rest_client [req-c234d750-9502-472b-91f5-d6e3f73b23d3 req-c234d750-9502-472b-91f5-d6e3f73b23d3 ] Request (ServersAdmin275Test:test_rebuild_update_server_275): 200 GET http://10.180.1.21/compute/v2.1/servers/357808a6-b1be-4a2e-bf3e-0acca52c65bb 0.415s
2024-12-14 13:15:40.179 66418 INFO tempest.lib.common.rest_client [req-8059186d-ab72-4fcc-b906-f10534ebbe1e req-8059186d-ab72-4fcc-b906-f10534ebbe1e ] Request (DeleteServersAdminTestJSON:test_delete_server_while_in_error_state): 200 GET http://10.180.1.21/compute/v2.1/servers/01a12c31-8582-4cd7-a85a-2029bc7ac6c4 0.517s
2024-12-14 13:15:40.188 66418 INFO tempest.common.waiters [-] State transition "BUILD/None" ==> "BUILD/networking" after 42 second wait
2024-12-14 13:15:40.286 66426 WARNING tempest.lib.common.ssh [-] Failed to establish authenticated ssh connection to cirros@10.180.180.252 ([Errno None] Unable to connect to port 22 on 10.180.180.252). Number attempts: 6. Retry after 7 seconds.: paramiko.ssh_exception.NoValidConnectionsError: [Errno None] Unable to connect to port 22 on 10.180.180.252
2024-12-14 13:15:40.406 66454 INFO tempest.lib.common.rest_client [req-c6f23d6a-dd43-42af-bd2a-55157f3979a1 req-c6f23d6a-dd43-42af-bd2a-55157f3979a1 ] Request (SecurityGroupRulesTestJSON:setUpClass): 201 POST http://10.180.1.21:9696/networking/v2.0/subnets 0.492s
2024-12-14 13:15:40.506 66460 INFO tempest.lib.common.rest_client [req-31c875b9-f1a7-46df-a6a0-8b98dab59494 req-31c875b9-f1a7-46df-a6a0-8b98dab59494 ] Request (AttachVolumeShelveTestJSON:test_attach_volume_shelved_or_offload_server): 202 POST http://10.180.1.21/compute/v2.1/servers 0.973s
2024-12-14 13:15:40.600 66442 INFO tempest.lib.common.rest_client [req-27ddcbf0-5f8d-42d7-9c20-53846da74503 req-27ddcbf0-5f8d-42d7-9c20-53846da74503 ] Request (ImagesNegativeTestJSON:test_create_image_from_deleted_server): 200 GET http://10.180.1.21/compute/v2.1/servers/60000f2d-9fcc-4139-a19e-ec58387a243d 0.681s
2024-12-14 13:15:40.687 66432 INFO tempest.lib.common.rest_client [req-5b9977bb-a98a-42d6-9239-bb272cd754c6 req-5b9977bb-a98a-42d6-9239-bb272cd754c6 ] Request (ServersAdminNegativeTestJSON:setUpClass): 200 GET http://10.180.1.21/compute/v2.1/servers/de3b2e6e-cd7b-4763-9c87-15d5b1d6668b 0.681s
2024-12-14 13:15:40.759 66446 INFO tempest.lib.common.rest_client [req-ce4a4711-e7c2-4f72-9540-a1ddb4c1fdaa req-ce4a4711-e7c2-4f72-9540-a1ddb4c1fdaa ] Request (ServersTestBootFromVolume:setUpClass): 200 GET http://10.180.1.21/volume/v3/volumes/7f1511af-db83-4f29-ba68-59e68e37f289 0.049s
2024-12-14 13:15:40.777 66422 INFO tempest.lib.common.rest_client [req-26fd9085-b555-4782-9d8f-3b52aeca4cab req-26fd9085-b555-4782-9d8f-3b52aeca4cab ] Request (ListImageFiltersTestJSON:setUpClass): 204 PUT http://10.180.1.21/image/v2/images/f8e11a33-6a70-4bdb-95ee-282141e9a3c6/file 0.903s
2024-12-14 13:15:40.807 66404 INFO tempest.lib.common.rest_client [req-148c8aa3-3fa0-4f2c-96cb-7e13a95a3037 req-148c8aa3-3fa0-4f2c-96cb-7e13a95a3037 ] Request (ImagesTestJSON:test_create_image_from_stopped_server): 200 GET http://10.180.1.21/compute/v2.1/images/52d35b16-78fa-400b-abf9-77938a982c4a 0.902s
2024-12-14 13:15:40.902 66420 INFO tempest.lib.common.rest_client [req-2e0a5675-b3ea-4f54-ad31-9b9a6a9bc6c5 req-2e0a5675-b3ea-4f54-ad31-9b9a6a9bc6c5 ] Request (AttachInterfacesV270Test:test_create_get_list_interfaces): 200 GET http://10.180.1.21/compute/v2.1/servers/75dbff7e-0fe3-401b-9fa5-fee79b4edb4c 0.781s
2024-12-14 13:15:40.948 66400 INFO tempest.lib.common.rest_client [req-5889079b-3689-4256-bc50-7f5bb72d8b37 req-5889079b-3689-4256-bc50-7f5bb72d8b37 ] Request (ImagesOneServerTestJSON:test_create_image_specify_multibyte_character_image_name): 200 GET http://10.180.1.21/compute/v2.1/images/cb7c79dc-201d-42da-8a1f-6c6edfab735b 0.773s
2024-12-14 13:15:41.023 66448 INFO tempest.lib.common.rest_client [req-94ec78ae-6cea-4ba2-ab8e-2c8245fdc14d req-94ec78ae-6cea-4ba2-ab8e-2c8245fdc14d ] Request (AttachVolumeNegativeTest:test_attach_attached_volume_to_different_server): 200 GET http://10.180.1.21/compute/v2.1/servers/504108f5-c321-4acf-a629-e6f818af97cf 0.905s
2024-12-14 13:15:41.045 66462 INFO tempest.lib.common.rest_client [req-cec782be-feda-475e-add4-62e57316ab50 req-cec782be-feda-475e-add4-62e57316ab50 ] Request (ServerTagsTestJSON:setUpClass): 200 GET http://10.180.1.21/compute/v2.1/servers/b053a896-d055-4e0a-8f85-8871df4bf5c0 0.771s
2024-12-14 13:15:41.133 66438 INFO tempest.lib.common.rest_client [req-0870b4bb-797b-45da-aeba-776258d73f59 req-0870b4bb-797b-45da-aeba-776258d73f59 ] Request (AttachInterfacesUnderV243Test:setUpClass): 200 PUT http://10.180.1.21:9696/networking/v2.0/routers/e30f22b6-02dd-4d48-864b-d99f08fec723/add_router_interface 1.587s
2024-12-14 13:15:41.133 66438 INFO tempest.lib.common.dynamic_creds [-] Created isolated network resources for: credentials: Credentials: {'domain_id': 'default', 'domain_name': 'Default', 'username': 'tempest-AttachInterfacesUnderV243Test-2128985180-project-member', 'project_domain_id': 'default', 'project_domain_name': 'Default', 'project_id': 'e0b28ed48e2142148ec45612f65723ab', 'project_name': 'tempest-AttachInterfacesUnderV243Test-2128985180', 'tenant_id': 'e0b28ed48e2142148ec45612f65723ab', 'tenant_name': 'tempest-AttachInterfacesUnderV243Test-2128985180', 'user_domain_id': 'default', 'user_domain_name': 'Default', 'user_id': '22f6553526da4ea4ae8b949d39ced997', 'system': None}, Network: {'id': 'ce795c59-d561-4c73-a9b2-db973fc961f2', 'name': 'tempest-AttachInterfacesUnderV243Test-34564537-network', 'tenant_id': 'e0b28ed48e2142148ec45612f65723ab', 'admin_state_up': True, 'mtu': 8950, 'status': 'ACTIVE', 'subnets': [], 'shared': False, 'project_id': 'e0b28ed48e2142148ec45612f65723ab', 'port_security_enabled': True, 'router:external': False, 'provider:network_type': 'vlan', 'provider:physical_network': 'default', 'provider:segmentation_id': 602, 'availability_zone_hints': [], 'availability_zones': [], 'ipv4_address_scope': None, 'ipv6_address_scope': None, 'description': '', 'tags': [], 'created_at': '2024-12-14T13:15:36Z', 'updated_at': '2024-12-14T13:15:36Z', 'revision_number': 1}, Subnet: {'id': '89d80729-e916-4a3e-b42b-1f0bce79dfc0', 'name': 'tempest-AttachInterfacesUnderV243Test-34564537-subnet', 'tenant_id': 'e0b28ed48e2142148ec45612f65723ab', 'network_id': 'ce795c59-d561-4c73-a9b2-db973fc961f2', 'ip_version': 4, 'subnetpool_id': None, 'enable_dhcp': True, 'ipv6_ra_mode': None, 'ipv6_address_mode': None, 'gateway_ip': '192.168.128.1', 'cidr': '192.168.128.0/28', 'allocation_pools': [{'start': '192.168.128.2', 'end': '192.168.128.14'}], 'host_routes': [], 'dns_nameservers': [], 'description': '', 'router:external': False, 'service_types': [], 'tags': [], 'created_at': '2024-12-14T13:15:37Z', 'updated_at': '2024-12-14T13:15:37Z', 'revision_number': 0, 'project_id': 'e0b28ed48e2142148ec45612f65723ab'}, Router: {'id': 'e30f22b6-02dd-4d48-864b-d99f08fec723', 'name': 'tempest-AttachInterfacesUnderV243Test-34564537-router', 'tenant_id': 'e0b28ed48e2142148ec45612f65723ab', 'admin_state_up': True, 'status': 'ACTIVE', 'external_gateway_info': {'network_id': '1b69bffe-215e-4f2a-b072-c9f7a5c7f58d', 'external_fixed_ips': [{'subnet_id': 'bda24bac-253d-4aec-a777-dad47359364c', 'ip_address': '10.180.180.169'}], 'enable_snat': True}, 'description': '', 'availability_zones': [], 'distributed': False, 'ha': False, 'availability_zone_hints': [], 'routes': [], 'flavor_id': None, 'tags': [], 'created_at': '2024-12-14T13:15:37Z', 'updated_at': '2024-12-14T13:15:38Z', 'revision_number': 2, 'project_id': 'e0b28ed48e2142148ec45612f65723ab'}
2024-12-14 13:15:41.134 66450 INFO tempest.lib.common.rest_client [req-3b9e1cc2-8f89-4145-ad9f-b0e1b43c4d7d req-3b9e1cc2-8f89-4145-ad9f-b0e1b43c4d7d ] Request (ServerDiskConfigTestJSON:test_rebuild_server_with_manual_disk_config): 200 GET http://10.180.1.21/compute/v2.1/servers/bfed8bc0-b72f-4be1-9226-e8b903dc1f5c 0.806s
2024-12-14 13:15:41.216 66424 INFO tempest.lib.common.rest_client [req-29edd2d9-6b86-41ce-af7c-f12992a6339d req-29edd2d9-6b86-41ce-af7c-f12992a6339d ] Request (SecurityGroupsTestJSON:test_list_security_groups_by_server): 200 GET http://10.180.1.21/compute/v2.1/servers/7fcea3e1-b7b1-4da3-b562-f12e91d47d31 0.865s
2024-12-14 13:15:41.254 66438 INFO tempest.lib.common.rest_client [req-fcf0cdf7-718f-4a0e-9df2-bb165d0cee76 req-fcf0cdf7-718f-4a0e-9df2-bb165d0cee76 ] Request (AttachInterfacesUnderV243Test:setUpClass): 201 POST http://10.180.1.21/identity/v3/auth/tokens 0.116s
2024-12-14 13:15:41.326 66408 INFO tempest.lib.common.rest_client [req-7b979cfd-b1c7-4c7f-ab87-8e624a8961f2 req-7b979cfd-b1c7-4c7f-ab87-8e624a8961f2 ] Request (ServerMetadataTestJSON:setUpClass): 200 GET http://10.180.1.21/compute/v2.1/servers/b025f8b3-b036-4f68-bd31-ec7c5e9edaf9 0.919s
2024-12-14 13:15:41.360 66430 INFO tempest.lib.common.rest_client [req-a1cfe6dc-554f-4876-b1b2-9974a6ad3997 req-a1cfe6dc-554f-4876-b1b2-9974a6ad3997 ] Request (ListServerFiltersTestJSON:setUpClass): 200 GET http://10.180.1.21/compute/v2.1/servers/fcae5801-3f10-4da2-9148-771ddcc9942a 1.077s
2024-12-14 13:15:41.426 66416 INFO tempest.lib.common.rest_client [req-695913af-74fe-4c92-b5b3-e18c03d30a1e req-695913af-74fe-4c92-b5b3-e18c03d30a1e ] Request (FloatingIPsAssociationNegativeTestJSON:tearDownClass): 200 GET http://10.180.1.21/compute/v2.1/servers/1af5d96c-08b1-45ed-ae51-d3509b7b4488 0.981s
2024-12-14 13:15:41.441 66402 INFO tempest.lib.common.rest_client [req-3a0e02fb-dcf9-47c8-b1fe-493483327417 req-3a0e02fb-dcf9-47c8-b1fe-493483327417 ] Request (ServerRescueTestJSONUnderV235:setUpClass): 200 GET http://10.180.1.21/compute/v2.1/servers/c202a47a-50ac-4056-a370-76ee0169a4af 0.952s
2024-12-14 13:15:41.481 66460 INFO tempest.lib.common.rest_client [req-beff540f-4499-404e-ba2c-4e11da1ed223 req-beff540f-4499-404e-ba2c-4e11da1ed223 ] Request (AttachVolumeShelveTestJSON:test_attach_volume_shelved_or_offload_server): 200 GET http://10.180.1.21/compute/v2.1/servers/33d1d454-1f32-4f67-9535-5d5e649887af 0.974s
2024-12-14 13:15:41.511 66458 INFO tempest.lib.common.rest_client [req-0fef58c6-e410-452a-ae2a-add33625e8a6 req-0fef58c6-e410-452a-ae2a-add33625e8a6 ] Request (FloatingIPsAssociationTestJSON:setUpClass): 200 GET http://10.180.1.21/compute/v2.1/servers/98ed31cb-4b3d-4e7a-8a38-1d747eca2792 0.992s
2024-12-14 13:15:41.536 66434 INFO tempest.lib.common.rest_client [req-51d3b2c4-91af-418c-a20b-d948f024b782 req-51d3b2c4-91af-418c-a20b-d948f024b782 ] Request (ServerActionsTestOtherA:setUpClass): 200 GET http://10.180.1.21/compute/v2.1/servers/38c29c47-4b8e-42b4-8288-4fb00c05cd38 0.944s
2024-12-14 13:15:41.543 66434 INFO tempest.common.waiters [-] State transition "BUILD/scheduling" ==> "BUILD/None" after 25 second wait
2024-12-14 13:15:41.559 66412 INFO tempest.lib.common.rest_client [req-634ecc31-a271-430a-9d1d-dbb94fb4f066 req-634ecc31-a271-430a-9d1d-dbb94fb4f066 ] Request (ServersAdminTestJSON:test_create_server_with_scheduling_hint): 200 GET http://10.180.1.21/compute/v2.1/servers/3db39109-29eb-4dd7-93b4-33cfd2b7a716 0.889s
2024-12-14 13:15:41.621 66444 INFO tempest.lib.common.rest_client [req-552ae834-b1ec-4edc-9d02-5f90d466680b req-552ae834-b1ec-4edc-9d02-5f90d466680b ] Request (ServerActionsV293TestJSON:setUpClass): 200 GET http://10.180.1.21/compute/v2.1/servers/755e9b02-03fc-47a8-95d2-60c5dce362c0 0.851s
2024-12-14 13:15:41.654 66422 INFO tempest.lib.common.rest_client [req-b68a69b2-5da6-4555-9d8f-160151c4aeeb req-b68a69b2-5da6-4555-9d8f-160151c4aeeb ] Request (ListImageFiltersTestJSON:setUpClass): 200 GET http://10.180.1.21/compute/v2.1/images/f8e11a33-6a70-4bdb-95ee-282141e9a3c6 0.877s
2024-12-14 13:15:41.725 66440 INFO tempest.lib.common.rest_client [req-ce20cefb-e358-4d99-a441-0eeb64bed7c5 req-ce20cefb-e358-4d99-a441-0eeb64bed7c5 ] Request (InstanceActionsTestJSON:tearDownClass): 200 GET http://10.180.1.21/compute/v2.1/servers/b9c20761-4bf1-4baf-9d77-948feb1d435c 0.730s
2024-12-14 13:15:41.732 66440 INFO tempest.common.waiters [-] State transition "ACTIVE/deleting" ==> "DELETED/None" after 5 second wait
2024-12-14 13:15:41.758 66428 WARNING tempest.lib.common.ssh [-] Failed to establish authenticated ssh connection to cirros@10.180.180.219 ([Errno None] Unable to connect to port 22 on 10.180.180.219). Number attempts: 2. Retry after 3 seconds.: paramiko.ssh_exception.NoValidConnectionsError: [Errno None] Unable to connect to port 22 on 10.180.180.219
2024-12-14 13:15:41.794 66457 INFO tempest.lib.common.rest_client [req-0dcb3ce5-34e2-4a6f-b9e0-da67a7e73a0d req-0dcb3ce5-34e2-4a6f-b9e0-da67a7e73a0d ] Request (ServersAdmin275Test:test_rebuild_update_server_275): 200 GET http://10.180.1.21/compute/v2.1/servers/357808a6-b1be-4a2e-bf3e-0acca52c65bb 0.709s
2024-12-14 13:15:41.800 66446 INFO tempest.lib.common.rest_client [req-0bbff231-7c26-4e37-a09c-1367bddac904 req-0bbff231-7c26-4e37-a09c-1367bddac904 ] Request (ServersTestBootFromVolume:setUpClass): 200 GET http://10.180.1.21/volume/v3/volumes/7f1511af-db83-4f29-ba68-59e68e37f289 0.034s
2024-12-14 13:15:41.884 66454 INFO tempest.lib.common.rest_client [req-ffa26ff2-c494-42f4-9452-0c812184b7aa req-ffa26ff2-c494-42f4-9452-0c812184b7aa ] Request (SecurityGroupRulesTestJSON:setUpClass): 201 POST http://10.180.1.21:9696/networking/v2.0/routers 1.477s
2024-12-14 13:15:42.021 66410 INFO tempest.lib.common.rest_client [req-243f26cf-f6de-4a2c-8b99-030bc7d114eb req-243f26cf-f6de-4a2c-8b99-030bc7d114eb ] Request (ServerDiagnosticsNegativeTest:test_get_server_diagnostics_by_non_admin): 200 GET http://10.180.1.21/compute/v2.1/servers/48a2cbcd-666e-44c7-989b-3b1d66c08971 1.322s
2024-12-14 13:15:42.039 66410 INFO tempest.common.waiters [-] State transition "BUILD/spawning" ==> "ACTIVE/None" after 54 second wait
2024-12-14 13:15:42.176 66438 INFO tempest.lib.common.rest_client [req-ae21e4b7-6586-4d86-ab86-ecef3907226a req-ae21e4b7-6586-4d86-ab86-ecef3907226a ] Request (ValidationResourcesFixture:setUp): 200 POST http://10.180.1.21/compute/v2.1/os-keypairs 0.919s
2024-12-14 13:15:42.300 66418 INFO tempest.lib.common.rest_client [req-d44a6af6-6db1-4d19-bc36-cd435b7f3a06 req-d44a6af6-6db1-4d19-bc36-cd435b7f3a06 ] Request (DeleteServersAdminTestJSON:test_delete_server_while_in_error_state): 200 GET http://10.180.1.21/compute/v2.1/servers/01a12c31-8582-4cd7-a85a-2029bc7ac6c4 1.110s
2024-12-14 13:15:42.305 66442 INFO tempest.lib.common.rest_client [req-152757bc-d26c-414a-8171-6c6a3dc4ed02 req-152757bc-d26c-414a-8171-6c6a3dc4ed02 ] Request (ImagesNegativeTestJSON:test_create_image_from_deleted_server): 200 GET http://10.180.1.21/compute/v2.1/servers/60000f2d-9fcc-4139-a19e-ec58387a243d 0.697s
2024-12-14 13:15:42.316 66442 INFO tempest.common.waiters [-] State transition "ACTIVE/deleting" ==> "DELETED/None" after 5 second wait
2024-12-14 13:15:42.322 66418 INFO tempest.common.waiters [-] State transition "BUILD/networking" ==> "BUILD/spawning" after 44 second wait
2024-12-14 13:15:42.323 66438 INFO tempest.lib.common.rest_client [req-35061761-46ae-45ec-8482-b069563c2982 req-35061761-46ae-45ec-8482-b069563c2982 ] Request (ValidationResourcesFixture:setUp): 201 POST http://10.180.1.21:9696/networking/v2.0/security-groups 0.145s
2024-12-14 13:15:42.350 66422 INFO tempest.lib.common.rest_client [req-d48ec154-808c-4a9a-a841-f2aeda337177 req-d48ec154-808c-4a9a-a841-f2aeda337177 ] Request (ListImageFiltersTestJSON:setUpClass): 200 GET http://10.180.1.21/compute/v2.1/images/f8e11a33-6a70-4bdb-95ee-282141e9a3c6 0.692s
2024-12-14 13:15:42.386 66432 INFO tempest.lib.common.rest_client [req-335deb29-4ff9-43f3-9ef2-bd7370cb9fa4 req-335deb29-4ff9-43f3-9ef2-bd7370cb9fa4 ] Request (ServersAdminNegativeTestJSON:setUpClass): 200 GET http://10.180.1.21/compute/v2.1/servers/de3b2e6e-cd7b-4763-9c87-15d5b1d6668b 0.688s
2024-12-14 13:15:42.458 66420 INFO tempest.lib.common.rest_client [req-cd90f92f-4740-43c0-8b9f-e19a4ec8dbdf req-cd90f92f-4740-43c0-8b9f-e19a4ec8dbdf ] Request (AttachInterfacesV270Test:test_create_get_list_interfaces): 200 GET http://10.180.1.21/compute/v2.1/servers/75dbff7e-0fe3-401b-9fa5-fee79b4edb4c 0.542s
2024-12-14 13:15:42.547 66438 INFO tempest.lib.common.rest_client [req-dcee009b-8758-4a5b-95f7-db423cc6a532 req-dcee009b-8758-4a5b-95f7-db423cc6a532 ] Request (ValidationResourcesFixture:setUp): 201 POST http://10.180.1.21:9696/networking/v2.0/security-group-rules 0.224s
2024-12-14 13:15:42.737 66422 INFO tempest.lib.common.rest_client [req-605f4b5d-07b7-4a47-a093-439b0d2f1c18 req-605f4b5d-07b7-4a47-a093-439b0d2f1c18 ] Request (ListImageFiltersTestJSON:setUpClass): 201 POST http://10.180.1.21/image/v2/images 0.385s
2024-12-14 13:15:42.740 66438 INFO tempest.lib.common.rest_client [req-88932e59-ee6a-48e9-b1a9-aab5627476db req-88932e59-ee6a-48e9-b1a9-aab5627476db ] Request (ValidationResourcesFixture:setUp): 201 POST http://10.180.1.21:9696/networking/v2.0/security-group-rules 0.192s
2024-12-14 13:15:42.774 66404 INFO tempest.lib.common.rest_client [req-2e5c924e-305b-433c-968f-e55693e67341 req-2e5c924e-305b-433c-968f-e55693e67341 ] Request (ImagesTestJSON:test_create_image_from_stopped_server): 200 GET http://10.180.1.21/compute/v2.1/images/52d35b16-78fa-400b-abf9-77938a982c4a 0.963s
2024-12-14 13:15:42.784 66400 INFO tempest.lib.common.rest_client [req-35416b41-dad4-4e6c-a4a3-e9277a3a8fc1 req-35416b41-dad4-4e6c-a4a3-e9277a3a8fc1 ] Request (ImagesOneServerTestJSON:test_create_image_specify_multibyte_character_image_name): 200 GET http://10.180.1.21/compute/v2.1/images/cb7c79dc-201d-42da-8a1f-6c6edfab735b 0.833s
2024-12-14 13:15:42.813 66410 INFO tempest.lib.common.rest_client [req-e8a1d05e-6392-4968-b3fd-a36a2db8e98b req-e8a1d05e-6392-4968-b3fd-a36a2db8e98b ] Request (ServerDiagnosticsNegativeTest:test_get_server_diagnostics_by_non_admin): 403 GET http://10.180.1.21/compute/v2.1/servers/48a2cbcd-666e-44c7-989b-3b1d66c08971/diagnostics 0.773s
2024-12-14 13:15:42.845 66446 INFO tempest.lib.common.rest_client [req-b3f5c02b-8469-493c-9fcc-bcd96c09eaa4 req-b3f5c02b-8469-493c-9fcc-bcd96c09eaa4 ] Request (ServersTestBootFromVolume:setUpClass): 200 GET http://10.180.1.21/volume/v3/volumes/7f1511af-db83-4f29-ba68-59e68e37f289 0.032s
2024-12-14 13:15:42.853 66446 INFO tempest.common.waiters [-] volume 7f1511af-db83-4f29-ba68-59e68e37f289 reached available after waiting for 18.852310 seconds
2024-12-14 13:15:42.902 66462 INFO tempest.lib.common.rest_client [req-c3b29f8b-50d2-44ec-82d7-0fde23b3c8b2 req-c3b29f8b-50d2-44ec-82d7-0fde23b3c8b2 ] Request (ServerTagsTestJSON:setUpClass): 200 GET http://10.180.1.21/compute/v2.1/servers/b053a896-d055-4e0a-8f85-8871df4bf5c0 0.848s
2024-12-14 13:15:42.910 66462 INFO tempest.common.waiters [-] State transition "BUILD/scheduling" ==> "BUILD/None" after 25 second wait
2024-12-14 13:15:42.985 66448 INFO tempest.lib.common.rest_client [req-454c3e12-465c-4afe-9c88-6fabd2a45c6f req-454c3e12-465c-4afe-9c88-6fabd2a45c6f ] Request (AttachVolumeNegativeTest:test_attach_attached_volume_to_different_server): 200 GET http://10.180.1.21/compute/v2.1/servers/504108f5-c321-4acf-a629-e6f818af97cf 0.951s
2024-12-14 13:15:42.994 66450 INFO tempest.lib.common.rest_client [req-aa5796af-bf5b-4e95-aef9-dd3ca044a370 req-aa5796af-bf5b-4e95-aef9-dd3ca044a370 ] Request (ServerDiskConfigTestJSON:test_rebuild_server_with_manual_disk_config): 200 GET http://10.180.1.21/compute/v2.1/servers/bfed8bc0-b72f-4be1-9226-e8b903dc1f5c 0.851s
2024-12-14 13:15:43.118 66424 INFO tempest.lib.common.rest_client [req-35a543df-9cb5-46e9-b093-f76737ebbbf9 req-35a543df-9cb5-46e9-b093-f76737ebbbf9 ] Request (SecurityGroupsTestJSON:test_list_security_groups_by_server): 200 GET http://10.180.1.21/compute/v2.1/servers/7fcea3e1-b7b1-4da3-b562-f12e91d47d31 0.888s
2024-12-14 13:15:43.124 66408 INFO tempest.lib.common.rest_client [req-39dd8ff4-7366-4a80-9b7a-c2519c10bff8 req-39dd8ff4-7366-4a80-9b7a-c2519c10bff8 ] Request (ServerMetadataTestJSON:setUpClass): 200 GET http://10.180.1.21/compute/v2.1/servers/b025f8b3-b036-4f68-bd31-ec7c5e9edaf9 0.787s
2024-12-14 13:15:43.238 66416 INFO tempest.lib.common.rest_client [req-afe1e4c8-3b6a-4288-9e09-09deb937a0e9 req-afe1e4c8-3b6a-4288-9e09-09deb937a0e9 ] Request (FloatingIPsAssociationNegativeTestJSON:tearDownClass): 200 GET http://10.180.1.21/compute/v2.1/servers/1af5d96c-08b1-45ed-ae51-d3509b7b4488 0.801s
2024-12-14 13:15:43.326 66402 INFO tempest.lib.common.rest_client [req-81804b74-8c16-4cd7-ba42-bb86668957ab req-81804b74-8c16-4cd7-ba42-bb86668957ab ] Request (ServerRescueTestJSONUnderV235:setUpClass): 200 GET http://10.180.1.21/compute/v2.1/servers/c202a47a-50ac-4056-a370-76ee0169a4af 0.879s
2024-12-14 13:15:43.345 66430 INFO tempest.lib.common.rest_client [req-5a1cda76-bbe3-4a90-b7ad-1a6247be14d0 req-5a1cda76-bbe3-4a90-b7ad-1a6247be14d0 ] Request (ListServerFiltersTestJSON:setUpClass): 200 GET http://10.180.1.21/compute/v2.1/servers/fcae5801-3f10-4da2-9148-771ddcc9942a 0.974s
2024-12-14 13:15:43.351 66430 INFO tempest.common.waiters [-] State transition "BUILD/spawning" ==> "ACTIVE/None" after 54 second wait
2024-12-14 13:15:43.400 66460 INFO tempest.lib.common.rest_client [req-8b497ec4-f956-4c3d-8127-62a8fe31c404 req-8b497ec4-f956-4c3d-8127-62a8fe31c404 ] Request (AttachVolumeShelveTestJSON:test_attach_volume_shelved_or_offload_server): 200 GET http://10.180.1.21/compute/v2.1/servers/33d1d454-1f32-4f67-9535-5d5e649887af 0.908s
2024-12-14 13:15:43.412 66458 INFO tempest.lib.common.rest_client [req-4ffa2e0f-3078-496e-bef8-578ad56ef152 req-4ffa2e0f-3078-496e-bef8-578ad56ef152 ] Request (FloatingIPsAssociationTestJSON:setUpClass): 200 GET http://10.180.1.21/compute/v2.1/servers/98ed31cb-4b3d-4e7a-8a38-1d747eca2792 0.890s
2024-12-14 13:15:43.470 66434 INFO tempest.lib.common.rest_client [req-08303e38-00ab-4325-9df5-78c78bcd6cb2 req-08303e38-00ab-4325-9df5-78c78bcd6cb2 ] Request (ServerActionsTestOtherA:setUpClass): 200 GET http://10.180.1.21/compute/v2.1/servers/38c29c47-4b8e-42b4-8288-4fb00c05cd38 0.926s
2024-12-14 13:15:43.485 66412 INFO tempest.lib.common.rest_client [req-c17dd460-c95d-4c1f-b802-d69d14c12af1 req-c17dd460-c95d-4c1f-b802-d69d14c12af1 ] Request (ServersAdminTestJSON:test_create_server_with_scheduling_hint): 200 GET http://10.180.1.21/compute/v2.1/servers/3db39109-29eb-4dd7-93b4-33cfd2b7a716 0.915s
2024-12-14 13:15:43.558 66440 INFO tempest.lib.common.rest_client [req-e811f3ff-0121-4ddf-8c94-fe3b33907435 req-e811f3ff-0121-4ddf-8c94-fe3b33907435 ] Request (InstanceActionsTestJSON:tearDownClass): 200 GET http://10.180.1.21/compute/v2.1/servers/b9c20761-4bf1-4baf-9d77-948feb1d435c 0.824s
2024-12-14 13:15:43.663 66457 INFO tempest.lib.common.rest_client [req-b9d38fc7-dd8c-4427-ba60-ec0ec6c4c88c req-b9d38fc7-dd8c-4427-ba60-ec0ec6c4c88c ] Request (ServersAdmin275Test:test_rebuild_update_server_275): 200 GET http://10.180.1.21/compute/v2.1/servers/357808a6-b1be-4a2e-bf3e-0acca52c65bb 0.850s
2024-12-14 13:15:43.692 66444 INFO tempest.lib.common.rest_client [req-d440e2b0-9c55-47b7-b3d9-41158cfdb8a4 req-d440e2b0-9c55-47b7-b3d9-41158cfdb8a4 ] Request (ServerActionsV293TestJSON:setUpClass): 200 GET http://10.180.1.21/compute/v2.1/servers/755e9b02-03fc-47a8-95d2-60c5dce362c0 1.062s
2024-12-14 13:15:43.704 66444 INFO tempest.common.waiters [-] State transition "BUILD/None" ==> "BUILD/block_device_mapping" after 40 second wait
2024-12-14 13:15:43.738 66438 INFO tempest.lib.common.rest_client [req-0955b19a-ddcb-4dd5-822c-cb4f0b85afd9 req-0955b19a-ddcb-4dd5-822c-cb4f0b85afd9 ] Request (ValidationResourcesFixture:setUp): 201 POST http://10.180.1.21:9696/networking/v2.0/floatingips 0.997s
2024-12-14 13:15:43.758 66454 INFO tempest.lib.common.rest_client [req-64b12e11-5292-4879-8f47-a060fd5d17ae req-64b12e11-5292-4879-8f47-a060fd5d17ae ] Request (SecurityGroupRulesTestJSON:setUpClass): 200 PUT http://10.180.1.21:9696/networking/v2.0/routers/06be2606-db81-47d7-aefd-81a94209eae1/add_router_interface 1.874s
2024-12-14 13:15:43.759 66454 INFO tempest.lib.common.dynamic_creds [-] Created isolated network resources for: credentials: Credentials: {'domain_id': 'default', 'domain_name': 'Default', 'username': 'tempest-SecurityGroupRulesTestJSON-1215114944-project-member', 'project_domain_id': 'default', 'project_domain_name': 'Default', 'project_id': 'b2787b66213c40b490b99c128d5a25bc', 'project_name': 'tempest-SecurityGroupRulesTestJSON-1215114944', 'tenant_id': 'b2787b66213c40b490b99c128d5a25bc', 'tenant_name': 'tempest-SecurityGroupRulesTestJSON-1215114944', 'user_domain_id': 'default', 'user_domain_name': 'Default', 'user_id': '1388b80290a8472d84df61573708d4ae', 'system': None}, Network: {'id': 'ea82c628-a086-41de-a1f1-cb637b1e02d1', 'name': 'tempest-SecurityGroupRulesTestJSON-1197188146-network', 'tenant_id': 'b2787b66213c40b490b99c128d5a25bc', 'admin_state_up': True, 'mtu': 8950, 'status': 'ACTIVE', 'subnets': [], 'shared': False, 'project_id': 'b2787b66213c40b490b99c128d5a25bc', 'port_security_enabled': True, 'router:external': False, 'provider:network_type': 'vlan', 'provider:physical_network': 'default', 'provider:segmentation_id': 726, 'availability_zone_hints': [], 'availability_zones': [], 'ipv4_address_scope': None, 'ipv6_address_scope': None, 'description': '', 'tags': [], 'created_at': '2024-12-14T13:15:39Z', 'updated_at': '2024-12-14T13:15:39Z', 'revision_number': 1}, Subnet: {'id': 'a43cbc1c-5fe7-4be0-9292-adafc7ad5060', 'name': 'tempest-SecurityGroupRulesTestJSON-1197188146-subnet', 'tenant_id': 'b2787b66213c40b490b99c128d5a25bc', 'network_id': 'ea82c628-a086-41de-a1f1-cb637b1e02d1', 'ip_version': 4, 'subnetpool_id': None, 'enable_dhcp': True, 'ipv6_ra_mode': None, 'ipv6_address_mode': None, 'gateway_ip': '192.168.128.1', 'cidr': '192.168.128.0/28', 'allocation_pools': [{'start': '192.168.128.2', 'end': '192.168.128.14'}], 'host_routes': [], 'dns_nameservers': [], 'description': '', 'router:external': False, 'service_types': [], 'tags': [], 'created_at': '2024-12-14T13:15:40Z', 'updated_at': '2024-12-14T13:15:40Z', 'revision_number': 0, 'project_id': 'b2787b66213c40b490b99c128d5a25bc'}, Router: {'id': '06be2606-db81-47d7-aefd-81a94209eae1', 'name': 'tempest-SecurityGroupRulesTestJSON-1197188146-router', 'tenant_id': 'b2787b66213c40b490b99c128d5a25bc', 'admin_state_up': True, 'status': 'ACTIVE', 'external_gateway_info': {'network_id': '1b69bffe-215e-4f2a-b072-c9f7a5c7f58d', 'external_fixed_ips': [{'subnet_id': 'bda24bac-253d-4aec-a777-dad47359364c', 'ip_address': '10.180.180.207'}], 'enable_snat': True}, 'description': '', 'availability_zones': [], 'distributed': False, 'ha': False, 'availability_zone_hints': [], 'routes': [], 'flavor_id': None, 'tags': [], 'created_at': '2024-12-14T13:15:40Z', 'updated_at': '2024-12-14T13:15:41Z', 'revision_number': 2, 'project_id': 'b2787b66213c40b490b99c128d5a25bc'}
2024-12-14 13:15:43.780 66410 INFO tempest.lib.common.rest_client [req-9f55dcbd-904f-439a-b9ff-5da6d3167fe4 req-9f55dcbd-904f-439a-b9ff-5da6d3167fe4 ] Request (ServerDiagnosticsNegativeTest:tearDownClass): 204 DELETE http://10.180.1.21/compute/v2.1/servers/48a2cbcd-666e-44c7-989b-3b1d66c08971 0.963s
2024-12-14 13:15:43.798 66438 INFO tempest.lib.common.rest_client [req-22df68a7-80fb-4892-b4d3-975ca8d78850 req-22df68a7-80fb-4892-b4d3-975ca8d78850 ] Request (AttachInterfacesUnderV243Test:test_add_remove_fixed_ip): 201 POST http://10.180.1.21/identity/v3/auth/tokens 0.055s
2024-12-14 13:15:43.801 66438 INFO tempest.lib.common.fixed_network [-] (AttachInterfacesUnderV243Test:test_add_remove_fixed_ip) Found network {'id': 'ce795c59-d561-4c73-a9b2-db973fc961f2', 'name': 'tempest-AttachInterfacesUnderV243Test-34564537-network', 'tenant_id': 'e0b28ed48e2142148ec45612f65723ab', 'admin_state_up': True, 'mtu': 8950, 'status': 'ACTIVE', 'subnets': [], 'shared': False, 'project_id': 'e0b28ed48e2142148ec45612f65723ab', 'port_security_enabled': True, 'router:external': False, 'provider:network_type': 'vlan', 'provider:physical_network': 'default', 'provider:segmentation_id': 602, 'availability_zone_hints': [], 'availability_zones': [], 'ipv4_address_scope': None, 'ipv6_address_scope': None, 'description': '', 'tags': [], 'created_at': '2024-12-14T13:15:36Z', 'updated_at': '2024-12-14T13:15:36Z', 'revision_number': 1} available for tenant
2024-12-14 13:15:43.840 66442 INFO tempest.lib.common.rest_client [req-506e0faa-3cf4-4b59-9e0a-4d8365c14224 req-506e0faa-3cf4-4b59-9e0a-4d8365c14224 ] Request (ImagesNegativeTestJSON:test_create_image_from_deleted_server): 200 GET http://10.180.1.21/compute/v2.1/servers/60000f2d-9fcc-4139-a19e-ec58387a243d 0.521s
2024-12-14 13:15:43.910 66454 INFO tempest.lib.common.rest_client [req-43321135-64ef-40e9-a3e0-11397f08b613 req-43321135-64ef-40e9-a3e0-11397f08b613 ] Request (SecurityGroupRulesTestJSON:setUpClass): 201 POST http://10.180.1.21/identity/v3/auth/tokens 0.147s
2024-12-14 13:15:43.968 66418 INFO tempest.lib.common.rest_client [req-bb7419a4-1950-41e2-8796-2f4735b9a2f4 req-bb7419a4-1950-41e2-8796-2f4735b9a2f4 ] Request (DeleteServersAdminTestJSON:test_delete_server_while_in_error_state): 200 GET http://10.180.1.21/compute/v2.1/servers/01a12c31-8582-4cd7-a85a-2029bc7ac6c4 0.645s
2024-12-14 13:15:44.129 66430 INFO tempest.lib.common.rest_client [req-9d5eb233-b329-4dd5-927a-b6ff9fec3317 req-9d5eb233-b329-4dd5-927a-b6ff9fec3317 ] Request (ListServerFiltersTestJSON:setUpClass): 200 GET http://10.180.1.21/compute/v2.1/servers/df00cfae-3bbb-4489-83fb-c7444548c0c4 0.777s
2024-12-14 13:15:44.184 66432 INFO tempest.lib.common.rest_client [req-7e6c253c-6a2f-46a4-9cc1-2bfbe2383821 req-7e6c253c-6a2f-46a4-9cc1-2bfbe2383821 ] Request (ServersAdminNegativeTestJSON:setUpClass): 200 GET http://10.180.1.21/compute/v2.1/servers/de3b2e6e-cd7b-4763-9c87-15d5b1d6668b 0.788s
2024-12-14 13:15:44.270 66420 INFO tempest.lib.common.rest_client [req-da719af5-5fe1-482c-a2d4-5718ca3f8846 req-da719af5-5fe1-482c-a2d4-5718ca3f8846 ] Request (AttachInterfacesV270Test:test_create_get_list_interfaces): 200 GET http://10.180.1.21/compute/v2.1/servers/75dbff7e-0fe3-401b-9fa5-fee79b4edb4c 0.802s
2024-12-14 13:15:44.637 66422 INFO tempest.lib.common.rest_client [req-fe571cdd-961a-4a58-ac67-28926f71b561 req-fe571cdd-961a-4a58-ac67-28926f71b561 ] Request (ListImageFiltersTestJSON:setUpClass): 204 PUT http://10.180.1.21/image/v2/images/11ed693a-26bd-4d6b-8488-973037502b3f/file 0.897s
2024-12-14 13:15:44.638 66446 INFO tempest.lib.common.rest_client [req-6979473b-9053-4c00-b441-a54b4b8ff69f req-6979473b-9053-4c00-b441-a54b4b8ff69f ] Request (ServersTestBootFromVolume:setUpClass): 202 POST http://10.180.1.21/compute/v2.1/servers 1.785s
2024-12-14 13:15:44.668 66404 INFO tempest.lib.common.rest_client [req-ade6245f-528a-4d5e-ac44-89113445f416 req-ade6245f-528a-4d5e-ac44-89113445f416 ] Request (ImagesTestJSON:test_create_image_from_stopped_server): 200 GET http://10.180.1.21/compute/v2.1/images/52d35b16-78fa-400b-abf9-77938a982c4a 0.888s
2024-12-14 13:15:44.704 66400 INFO tempest.lib.common.rest_client [req-eeb4a6d3-f329-4a17-a5b8-d9ec042437a5 req-eeb4a6d3-f329-4a17-a5b8-d9ec042437a5 ] Request (ImagesOneServerTestJSON:test_create_image_specify_multibyte_character_image_name): 200 GET http://10.180.1.21/compute/v2.1/images/cb7c79dc-201d-42da-8a1f-6c6edfab735b 0.914s
2024-12-14 13:15:44.771 66410 INFO tempest.lib.common.rest_client [req-588cb6d4-a9fb-4c2c-b7a6-5a4b123b2694 req-588cb6d4-a9fb-4c2c-b7a6-5a4b123b2694 ] Request (ServerDiagnosticsNegativeTest:tearDownClass): 200 GET http://10.180.1.21/compute/v2.1/servers/48a2cbcd-666e-44c7-989b-3b1d66c08971 0.991s
2024-12-14 13:15:44.842 66462 INFO tempest.lib.common.rest_client [req-c86798ab-30bc-4f90-bef0-c869aea8b7e8 req-c86798ab-30bc-4f90-bef0-c869aea8b7e8 ] Request (ServerTagsTestJSON:setUpClass): 200 GET http://10.180.1.21/compute/v2.1/servers/b053a896-d055-4e0a-8f85-8871df4bf5c0 0.931s
2024-12-14 13:15:45.086 66452 WARNING tempest.lib.common.ssh [-] Failed to establish authenticated ssh connection to cirros@10.180.180.177 ([Errno None] Unable to connect to port 22 on 10.180.180.177). Number attempts: 6. Retry after 7 seconds.: paramiko.ssh_exception.NoValidConnectionsError: [Errno None] Unable to connect to port 22 on 10.180.180.177
2024-12-14 13:15:45.092 66454 INFO tempest.lib.common.rest_client [req-f53c2787-a864-498e-87fd-b6f380b0d9db req-f53c2787-a864-498e-87fd-b6f380b0d9db ] Request (SecurityGroupRulesTestJSON:test_security_group_rules_create): 200 POST http://10.180.1.21/compute/v2.1/os-security-groups 1.181s
2024-12-14 13:15:45.248 66448 INFO tempest.lib.common.rest_client [req-41c18cfc-a2a7-44df-b3f6-5e352b896c86 req-41c18cfc-a2a7-44df-b3f6-5e352b896c86 ] Request (AttachVolumeNegativeTest:test_attach_attached_volume_to_different_server): 200 GET http://10.180.1.21/compute/v2.1/servers/504108f5-c321-4acf-a629-e6f818af97cf 1.254s
2024-12-14 13:15:45.264 66438 INFO tempest.lib.common.rest_client [req-6825c495-5a75-4304-90e2-dc1d62cee4c2 req-6825c495-5a75-4304-90e2-dc1d62cee4c2 ] Request (AttachInterfacesUnderV243Test:test_add_remove_fixed_ip): 202 POST http://10.180.1.21/compute/v2.1/servers 1.463s
2024-12-14 13:15:45.323 66450 INFO tempest.lib.common.rest_client [req-02dca625-b4a9-4383-8102-c19c31215f0f req-02dca625-b4a9-4383-8102-c19c31215f0f ] Request (ServerDiskConfigTestJSON:test_rebuild_server_with_manual_disk_config): 200 GET http://10.180.1.21/compute/v2.1/servers/bfed8bc0-b72f-4be1-9226-e8b903dc1f5c 1.316s
2024-12-14 13:15:45.330 66424 INFO tempest.lib.common.rest_client [req-571f8670-b114-47d7-8b99-bf49c29fa6da req-571f8670-b114-47d7-8b99-bf49c29fa6da ] Request (SecurityGroupsTestJSON:test_list_security_groups_by_server): 200 GET http://10.180.1.21/compute/v2.1/servers/7fcea3e1-b7b1-4da3-b562-f12e91d47d31 1.198s
2024-12-14 13:15:45.331 66450 INFO tempest.common.waiters [-] State transition "BUILD/scheduling" ==> "BUILD/None" after 25 second wait
2024-12-14 13:15:45.383 66408 INFO tempest.lib.common.rest_client [req-0e747e9e-83f8-4f45-b337-a85a3b12bf54 req-0e747e9e-83f8-4f45-b337-a85a3b12bf54 ] Request (ServerMetadataTestJSON:setUpClass): 200 GET http://10.180.1.21/compute/v2.1/servers/b025f8b3-b036-4f68-bd31-ec7c5e9edaf9 1.250s
2024-12-14 13:15:45.474 66416 INFO tempest.lib.common.rest_client [req-08c66542-a795-4836-8fa6-92d2f17e9ffb req-08c66542-a795-4836-8fa6-92d2f17e9ffb ] Request (FloatingIPsAssociationNegativeTestJSON:tearDownClass): 200 GET http://10.180.1.21/compute/v2.1/servers/1af5d96c-08b1-45ed-ae51-d3509b7b4488 1.223s
2024-12-14 13:15:45.497 66430 INFO tempest.lib.common.rest_client [req-bfc42c9a-344d-48bf-81b6-45c756247ada req-bfc42c9a-344d-48bf-81b6-45c756247ada ] Request (ListServerFiltersTestJSON:setUpClass): 200 GET http://10.180.1.21/compute/v2.1/servers/270451b4-5dbf-450c-9495-900b2f546a97 1.360s
2024-12-14 13:15:45.539 66402 INFO tempest.lib.common.rest_client [req-ef2e419b-d370-480e-a057-fd0daed2a5cc req-ef2e419b-d370-480e-a057-fd0daed2a5cc ] Request (ServerRescueTestJSONUnderV235:setUpClass): 200 GET http://10.180.1.21/compute/v2.1/servers/c202a47a-50ac-4056-a370-76ee0169a4af 1.196s
