2025-12-09 20:44:47.181 65474 INFO tempest.lib.common.rest_client [req-cb5c3caf-167e-4646-a920-852f091ad21f req-cb5c3caf-167e-4646-a920-852f091ad21f ] Request (ServersTestManualDisk:tearDownClass): 200 PUT http://10.180.1.21/networking/v2.0/routers/5137d44c-3ca5-40ce-92c9-bea0123dcef1/remove_router_interface 0.760s
2025-12-09 20:44:47.202 65494 INFO tempest.lib.common.rest_client [req-fa0a2002-6c47-43a3-a5cb-ac9658a96d18 req-fa0a2002-6c47-43a3-a5cb-ac9658a96d18 ] Request (ImagesOneServerNegativeTestJSON:_run_cleanups): 200 GET http://10.180.1.21/compute/v2.1/servers/d5840f82-2d28-49a2-8a68-426c2733a27e 0.111s
2025-12-09 20:44:47.560 65480 WARNING tempest.lib.common.ssh [-] Failed to establish authenticated ssh connection to cirros@10.180.180.130 ([Errno None] Unable to connect to port 22 on 10.180.180.130). Number attempts: 8. Retry after 9 seconds.: paramiko.ssh_exception.NoValidConnectionsError: [Errno None] Unable to connect to port 22 on 10.180.180.130
2025-12-09 20:44:47.568 65447 INFO tempest.lib.common.rest_client [req-1ac17757-de00-488c-ad96-5a38c04f56c5 req-1ac17757-de00-488c-ad96-5a38c04f56c5 ] Request (ServersWithSpecificFlavorTestJSON:test_verify_created_server_ephemeral_disk): 200 PUT http://10.180.1.21/networking/v2.0/floatingips/e446f081-682c-41db-b54c-9012fe889f62 0.540s
2025-12-09 20:44:47.594 65469 INFO tempest.lib.common.rest_client [req-d556f37b-4a1f-4b9b-8a7d-c8287a1841bb req-d556f37b-4a1f-4b9b-8a7d-c8287a1841bb ] Request (AttachInterfacesUnderV243Test:test_add_remove_fixed_ip): 200 GET http://10.180.1.21/compute/v2.1/servers/6f89734c-7aaa-460c-bc25-c46d8691361a 0.444s
2025-12-09 20:44:47.637 65457 INFO tempest.lib.common.rest_client [req-3015397d-6a4a-4327-91dc-1dc5bc0b777b req-3015397d-6a4a-4327-91dc-1dc5bc0b777b ] Request (MigrationsAdminTest:test_resize_server_revert_deleted_flavor): 200 GET http://10.180.1.21/compute/v2.1/servers/86467582-45da-4e10-83db-4f98ae9f61f1 0.541s
2025-12-09 20:44:47.670 65439 INFO tempest.lib.common.rest_client [req-2c435a5c-d47f-4c29-8108-a5511b72156d req-2c435a5c-d47f-4c29-8108-a5511b72156d ] Request (FloatingIPsAssociationNegativeTestJSON:tearDownClass): 404 GET http://10.180.1.21/compute/v2.1/servers/436fefbe-51ad-416d-8f2f-7e371c664e45 0.466s
2025-12-09 20:44:47.694 65479 INFO tempest.lib.common.rest_client [req-6dcfbeea-ae13-46e8-89ec-4d18087b8b68 req-6dcfbeea-ae13-46e8-89ec-4d18087b8b68 ] Request (FloatingIPsAssociationTestJSON:tearDownClass): 200 GET http://10.180.1.21/compute/v2.1/servers/9bbfa654-06fe-4ec6-a89f-af03b1f30383 0.530s
2025-12-09 20:44:47.715 65474 INFO tempest.lib.common.rest_client [req-fd0db63c-414d-4907-839d-563bee086467 req-fd0db63c-414d-4907-839d-563bee086467 ] Request (ServersTestManualDisk:tearDownClass): 204 DELETE http://10.180.1.21/networking/v2.0/routers/5137d44c-3ca5-40ce-92c9-bea0123dcef1 0.533s
2025-12-09 20:44:47.876 65474 INFO tempest.lib.common.rest_client [req-e1b98bce-62d6-4320-9923-346cb47d4add req-e1b98bce-62d6-4320-9923-346cb47d4add ] Request (ServersTestManualDisk:tearDownClass): 204 DELETE http://10.180.1.21/networking/v2.0/subnets/4f1ca0e9-1dd2-406b-9fd7-6b8fec0f1d8a 0.161s
2025-12-09 20:44:47.903 65491 INFO tempest.lib.common.rest_client [req-5d865752-b6dd-4a7c-b0ca-d3346bd28e06 req-5d865752-b6dd-4a7c-b0ca-d3346bd28e06 ] Request (ServersAdmin275Test:tearDownClass): 200 GET http://10.180.1.21/compute/v2.1/servers/098cb3b4-7497-46bb-97f0-b7ebc33926b2 0.654s
2025-12-09 20:44:47.912 65476 INFO tempest.lib.common.rest_client [req-a1784a44-d58e-4dd0-b978-d8743367d6ab req-a1784a44-d58e-4dd0-b978-d8743367d6ab ] Request (ServersAdminNegativeTestJSON:tearDownClass): 200 GET http://10.180.1.21/compute/v2.1/servers/565c3b56-ef25-4002-a55c-9148bb54016d 0.641s
2025-12-09 20:44:47.944 65482 INFO tempest.lib.common.rest_client [req-3805c2a0-a208-4e0e-a848-818f14d3439e req-3805c2a0-a208-4e0e-a848-818f14d3439e ] Request (ImagesTestJSON:test_create_server_from_snapshot): 200 GET http://10.180.1.21/compute/v2.1/images/23a0411c-783e-4960-9d0e-aa01dbdd9a06 0.659s
2025-12-09 20:44:48.151 65474 INFO tempest.lib.common.rest_client [req-e16d13db-7a31-4602-9613-9c38574c4886 req-e16d13db-7a31-4602-9613-9c38574c4886 ] Request (ServersTestManualDisk:tearDownClass): 204 DELETE http://10.180.1.21/networking/v2.0/networks/55e70ba9-ebf7-4e79-b2d7-c22d93599e33 0.275s
2025-12-09 20:44:48.177 65455 INFO tempest.lib.common.rest_client [req-94094ec9-7a61-4d21-9785-1a9ad062b013 req-94094ec9-7a61-4d21-9785-1a9ad062b013 ] Request (ListImageFiltersTestJSON:tearDownClass): 200 GET http://10.180.1.21/compute/v2.1/servers/d3459645-3750-4957-bdcf-fbd90aa5fbb5 0.724s
2025-12-09 20:44:48.249 65437 INFO tempest.lib.common.rest_client [req-60a92871-3fe4-49cd-bd59-6398b1e5f42b req-60a92871-3fe4-49cd-bd59-6398b1e5f42b ] Request (ServerDiskConfigTestJSON:test_resize_server_from_auto_to_manual): 200 GET http://10.180.1.21/compute/v2.1/servers/b48f053d-36ea-4380-9107-f49a9423a938 0.772s
2025-12-09 20:44:48.267 65435 INFO tempest.lib.common.rest_client [req-ba20d772-c2c1-41f4-affb-e73ae2dfb814 req-ba20d772-c2c1-41f4-affb-e73ae2dfb814 ] Request (SecurityGroupsTestJSON:test_server_security_groups): 200 GET http://10.180.1.21/compute/v2.1/servers/298bc9b8-0591-46a8-9f3b-d68d75151b60 0.732s
2025-12-09 20:44:48.301 65474 INFO tempest.lib.common.rest_client [req-d1c65af8-04a7-4781-b805-b786e4481b7f req-d1c65af8-04a7-4781-b805-b786e4481b7f ] Request (ServersTestManualDisk:tearDownClass): 204 DELETE http://10.180.1.21/identity/v3/users/262164880a0a46c8940ee2101ca65db9 0.149s
2025-12-09 20:44:48.301 65474 INFO tempest.lib.common.dynamic_creds [-] Deleting project and security group for project: 5261c498572c4c3aa8fff22544b55c12
2025-12-09 20:44:48.404 65474 INFO tempest.lib.common.rest_client [req-81e418f8-8756-4263-be5a-9eb6b4e85e62 req-81e418f8-8756-4263-be5a-9eb6b4e85e62 ] Request (ServersTestManualDisk:tearDownClass): 200 GET http://10.180.1.21/networking/v2.0/security-groups?tenant_id=5261c498572c4c3aa8fff22544b55c12&name=default 0.102s
2025-12-09 20:44:48.451 65439 INFO tempest.lib.common.rest_client [req-abbadc04-5a18-4b9f-80ea-f1540f59f5bf req-abbadc04-5a18-4b9f-80ea-f1540f59f5bf ] Request (FloatingIPsAssociationNegativeTestJSON:tearDownClass): 200 PUT http://10.180.1.21/networking/v2.0/routers/79139efa-aa33-456a-baee-1789f2fc313c/remove_router_interface 0.780s
2025-12-09 20:44:48.484 65447 INFO tempest.lib.common.rest_client [req-67d33350-3cc4-484b-8d9d-b97ae188bf69 req-67d33350-3cc4-484b-8d9d-b97ae188bf69 ] Request (ServersWithSpecificFlavorTestJSON:test_verify_created_server_ephemeral_disk): 200 GET http://10.180.1.21/compute/v2.1/servers/585a809a-ce9a-4383-bb5d-332ea0389f50 0.916s
2025-12-09 20:44:48.494 65447 INFO tempest.lib.common.ssh [-] Creating ssh connection to '10.180.180.199:22' as 'cirros' with public key authentication
2025-12-09 20:44:48.513 65459 INFO tempest.lib.common.rest_client [req-d7ef7b0c-a295-4591-be99-c7c766d4f602 req-d7ef7b0c-a295-4591-be99-c7c766d4f602 ] Request (ServerRescueTestJSON:setUpClass): 200 GET http://10.180.1.21/compute/v2.1/servers/c22a312d-4a61-40db-a22b-809c0ed6813b 0.895s
2025-12-09 20:44:48.594 65474 INFO tempest.lib.common.rest_client [req-2c39a2bd-81e5-4cbd-bf23-db1702090dfd req-2c39a2bd-81e5-4cbd-bf23-db1702090dfd ] Request (ServersTestManualDisk:tearDownClass): 204 DELETE http://10.180.1.21/networking/v2.0/security-groups/86d25c34-5536-42f7-a100-16e5e87b85cb 0.190s
2025-12-09 20:44:48.644 65472 INFO tempest.lib.common.rest_client [req-c68477fb-c5bc-4a53-aa39-9f172ca96f79 req-c68477fb-c5bc-4a53-aa39-9f172ca96f79 ] Request (ServersTestMultiNic:test_verify_multiple_nics_order): 200 GET http://10.180.1.21/compute/v2.1/servers/99c515ae-17d9-4a93-9523-265fb4fd0953 0.920s
2025-12-09 20:44:48.661 65484 INFO tempest.lib.common.rest_client [req-da858e91-c39d-4572-b357-f0bd19f0859e req-da858e91-c39d-4572-b357-f0bd19f0859e ] Request (ListServerFiltersTestJSON:tearDownClass): 200 GET http://10.180.1.21/compute/v2.1/servers/6956cac6-db64-42ea-b616-31785351b0f1 0.983s
2025-12-09 20:44:48.722 65474 INFO tempest.lib.common.rest_client [req-1f06afe7-3303-47f1-9df6-216e1558d971 req-1f06afe7-3303-47f1-9df6-216e1558d971 ] Request (ServersTestManualDisk:tearDownClass): 204 DELETE http://10.180.1.21/identity/v3/projects/5261c498572c4c3aa8fff22544b55c12 0.128s
2025-12-09 20:44:48.728 65486 INFO tempest.lib.common.rest_client [req-56501c27-1ad1-4373-bc73-4deb0e97b02b req-56501c27-1ad1-4373-bc73-4deb0e97b02b ] Request (ServerActionsTestOtherA:test_rebuild_server_in_stop_state): 200 GET http://10.180.1.21/compute/v2.1/servers/cec39550-29b5-4348-8ac9-8e1027c89146 0.951s
2025-12-09 20:44:48.772 65443 INFO tempest.lib.common.rest_client [req-8058e0c9-9587-4a33-ba3a-e95c49b8f680 req-8058e0c9-9587-4a33-ba3a-e95c49b8f680 ] Request (MultipleCreateTestJSON:tearDownClass): 200 GET http://10.180.1.21/compute/v2.1/servers/9316687d-5ae3-4d73-b5e0-9e6f1fe3eaa5 1.036s
2025-12-09 20:44:48.792 65445 INFO tempest.lib.common.rest_client [req-971a66ff-39da-43f0-8847-cd545a3fc865 req-971a66ff-39da-43f0-8847-cd545a3fc865 ] Request (ListServersNegativeTestJSON:setUpClass): 200 GET http://10.180.1.21/compute/v2.1/servers/f9d54309-16a7-4ca9-a42d-1171ef2aa7c1 0.992s
2025-12-09 20:44:48.817 65474 INFO tempest.lib.common.rest_client [req-e6a25c62-cd72-4092-8f77-9edbc8a11fbf req-e6a25c62-cd72-4092-8f77-9edbc8a11fbf ] Request (ServersListShow296Test:setUpClass): 201 POST http://10.180.1.21/identity/v3/auth/tokens 0.093s
2025-12-09 20:44:48.857 65474 INFO tempest.lib.common.rest_client [req-e00bc0da-9933-4e96-8208-296594633fcb req-e00bc0da-9933-4e96-8208-296594633fcb ] Request (ServersListShow296Test:setUpClass): 201 POST http://10.180.1.21/identity/v3/auth/tokens 0.038s
2025-12-09 20:44:48.874 65465 INFO tempest.lib.common.rest_client [req-a440bb07-7084-40cc-8529-61b1e4660501 req-a440bb07-7084-40cc-8529-61b1e4660501 ] Request (ServersAdminTestJSON:tearDownClass): 200 GET http://10.180.1.21/compute/v2.1/servers/74e5b4d8-c99a-456f-9f8a-f6e5d6459380 1.035s
2025-12-09 20:44:48.885 65488 INFO tempest.lib.common.rest_client [req-bc2beac9-5a56-4e93-b1b6-eaadb2d00384 req-bc2beac9-5a56-4e93-b1b6-eaadb2d00384 ] Request (AttachVolumeNegativeTest:test_attach_attached_volume_to_different_server): 200 GET http://10.180.1.21/compute/v2.1/servers/a3b485a0-81dd-47ea-91af-610184ab5243 0.878s
2025-12-09 20:44:48.888 65474 INFO tempest.lib.common.rest_client [req-1fc4eb20-0687-49d2-acb4-b14154298b4a req-1fc4eb20-0687-49d2-acb4-b14154298b4a ] Request (ServersListShow296Test:setUpClass): 200 GET http://10.180.1.21/identity/v3/domains?name=Default 0.030s
2025-12-09 20:44:48.925 65474 INFO tempest.lib.common.rest_client [req-d92e654f-f81d-4452-9327-d2f87f8e3331 req-d92e654f-f81d-4452-9327-d2f87f8e3331 ] Request (ServersListShow296Test:setUpClass): 201 POST http://10.180.1.21/identity/v3/projects 0.036s
2025-12-09 20:44:48.948 65494 INFO tempest.lib.common.rest_client [req-13dc9735-c4e5-4c33-8d21-6f65baedeeed req-13dc9735-c4e5-4c33-8d21-6f65baedeeed ] Request (ImagesOneServerNegativeTestJSON:_run_cleanups): 200 GET http://10.180.1.21/compute/v2.1/servers/d5840f82-2d28-49a2-8a68-426c2733a27e 0.731s
2025-12-09 20:44:48.962 65469 INFO tempest.lib.common.rest_client [req-f983caa9-b631-4801-a6b9-0c73578bde72 req-f983caa9-b631-4801-a6b9-0c73578bde72 ] Request (AttachInterfacesUnderV243Test:test_add_remove_fixed_ip): 200 GET http://10.180.1.21/compute/v2.1/servers/6f89734c-7aaa-460c-bc25-c46d8691361a 0.358s
2025-12-09 20:44:48.994 65439 INFO tempest.lib.common.rest_client [req-bb88a1ff-4def-45f4-a115-e636ae023bda req-bb88a1ff-4def-45f4-a115-e636ae023bda ] Request (FloatingIPsAssociationNegativeTestJSON:tearDownClass): 204 DELETE http://10.180.1.21/networking/v2.0/routers/79139efa-aa33-456a-baee-1789f2fc313c 0.542s
2025-12-09 20:44:49.006 65474 INFO tempest.lib.common.rest_client [req-86db3cfe-5ee4-40be-a9be-03dbb0ea949e req-86db3cfe-5ee4-40be-a9be-03dbb0ea949e ] Request (ServersListShow296Test:setUpClass): 201 POST http://10.180.1.21/identity/v3/users 0.080s
2025-12-09 20:44:49.035 65474 INFO tempest.lib.common.rest_client [req-75498910-2be0-446b-9aa0-b5a61d9dd9f2 req-75498910-2be0-446b-9aa0-b5a61d9dd9f2 ] Request (ServersListShow296Test:setUpClass): 200 GET http://10.180.1.21/identity/v3/roles 0.029s
2025-12-09 20:44:49.070 65474 INFO tempest.lib.common.rest_client [req-749c2fea-8a82-45d2-bee2-7664790d3db9 req-749c2fea-8a82-45d2-bee2-7664790d3db9 ] Request (ServersListShow296Test:setUpClass): 204 PUT http://10.180.1.21/identity/v3/projects/2e42f8356d2043aba8e06e9389d81478/users/0569f2354f7a4f06bfb51c2e0bc1bf44/roles/73548bf2abc84a758cf47be2ec54e28c 0.034s
2025-12-09 20:44:49.070 65474 INFO tempest.lib.common.dynamic_creds [-] Dynamic test user 0569f2354f7a4f06bfb51c2e0bc1bf44 is created with scope project and roles: ['member']
2025-12-09 20:44:49.071 65474 INFO tempest.lib.common.dynamic_creds [-] Acquired dynamic creds: credentials: Credentials: {'domain_id': 'default', 'domain_name': 'Default', 'username': 'tempest-ServersListShow296Test-263608249-project-member', 'project_domain_id': 'default', 'project_domain_name': 'Default', 'project_id': '2e42f8356d2043aba8e06e9389d81478', 'project_name': 'tempest-ServersListShow296Test-263608249', 'tenant_id': '2e42f8356d2043aba8e06e9389d81478', 'tenant_name': 'tempest-ServersListShow296Test-263608249', 'user_domain_id': 'default', 'user_domain_name': 'Default', 'user_id': '0569f2354f7a4f06bfb51c2e0bc1bf44', 'system': None}, Network: None, Subnet: None, Router: None
2025-12-09 20:44:49.071 65474 INFO tempest.lib.common.dynamic_creds [-] Created isolated network resources for: credentials: Credentials: {'domain_id': 'default', 'domain_name': 'Default', 'username': 'tempest-ServersListShow296Test-263608249-project-member', 'project_domain_id': 'default', 'project_domain_name': 'Default', 'project_id': '2e42f8356d2043aba8e06e9389d81478', 'project_name': 'tempest-ServersListShow296Test-263608249', 'tenant_id': '2e42f8356d2043aba8e06e9389d81478', 'tenant_name': 'tempest-ServersListShow296Test-263608249', 'user_domain_id': 'default', 'user_domain_name': 'Default', 'user_id': '0569f2354f7a4f06bfb51c2e0bc1bf44', 'system': None}, Network: None, Subnet: None, Router: None
2025-12-09 20:44:49.098 65479 INFO tempest.lib.common.rest_client [req-9364278d-cc27-4a25-953a-7786f5fefbc8 req-9364278d-cc27-4a25-953a-7786f5fefbc8 ] Request (FloatingIPsAssociationTestJSON:tearDownClass): 200 GET http://10.180.1.21/compute/v2.1/servers/9bbfa654-06fe-4ec6-a89f-af03b1f30383 0.387s
2025-12-09 20:44:49.132 65457 INFO tempest.lib.common.rest_client [req-53ee1845-024a-4528-a377-3d8aed8a3b23 req-53ee1845-024a-4528-a377-3d8aed8a3b23 ] Request (MigrationsAdminTest:test_resize_server_revert_deleted_flavor): 200 GET http://10.180.1.21/compute/v2.1/servers/86467582-45da-4e10-83db-4f98ae9f61f1 0.483s
2025-12-09 20:44:49.145 65457 INFO tempest.common.waiters [-] State transition "RESIZE/resize_migrating" ==> "RESIZE/resize_migrated" after 50 second wait
2025-12-09 20:44:49.193 65474 INFO tempest.lib.common.rest_client [req-56196f6f-1b3f-4441-a7e3-52c7f1c3018a req-56196f6f-1b3f-4441-a7e3-52c7f1c3018a ] Request (ServersListShow296Test:setUpClass): 201 POST http://10.180.1.21/identity/v3/auth/tokens 0.118s
2025-12-09 20:44:49.196 65439 INFO tempest.lib.common.rest_client [req-c843e3b7-9087-4523-9aff-c5a8f3b95d3b req-c843e3b7-9087-4523-9aff-c5a8f3b95d3b ] Request (FloatingIPsAssociationNegativeTestJSON:tearDownClass): 204 DELETE http://10.180.1.21/networking/v2.0/subnets/b2cfae55-20ef-4bac-a76d-73dd46d11179 0.202s
2025-12-09 20:44:49.235 65474 INFO tempest.lib.common.rest_client [req-9d73ac53-576e-461b-84b0-9b3e9bb67f94 req-9d73ac53-576e-461b-84b0-9b3e9bb67f94 ] Request (ServersListShow296Test:test_list_show_update_rebuild_server_296): 201 POST http://10.180.1.21/identity/v3/auth/tokens 0.037s
2025-12-09 20:44:49.236 65474 INFO tempest.lib.common.fixed_network [-] (ServersListShow296Test:test_list_show_update_rebuild_server_296) Found network None available for tenant
2025-12-09 20:44:49.238 65491 INFO tempest.lib.common.rest_client [req-7a9a5114-253c-4e2e-864c-c01269f7904c req-7a9a5114-253c-4e2e-864c-c01269f7904c ] Request (ServersAdmin275Test:tearDownClass): 200 GET http://10.180.1.21/compute/v2.1/servers/098cb3b4-7497-46bb-97f0-b7ebc33926b2 0.322s
2025-12-09 20:44:49.261 65476 INFO tempest.lib.common.rest_client [req-6f319328-efb9-4ff1-8128-768125a1136d req-6f319328-efb9-4ff1-8128-768125a1136d ] Request (ServersAdminNegativeTestJSON:tearDownClass): 200 GET http://10.180.1.21/compute/v2.1/servers/565c3b56-ef25-4002-a55c-9148bb54016d 0.338s
2025-12-09 20:44:49.295 65482 INFO tempest.lib.common.rest_client [req-d0a6e401-dbc6-47aa-a2c9-d386bdb11f09 req-d0a6e401-dbc6-47aa-a2c9-d386bdb11f09 ] Request (ImagesTestJSON:test_create_server_from_snapshot): 200 GET http://10.180.1.21/compute/v2.1/images/23a0411c-783e-4960-9d0e-aa01dbdd9a06 0.347s
2025-12-09 20:44:49.368 65455 INFO tempest.lib.common.rest_client [req-868a1654-7cb4-4d68-948e-3d7246949023 req-868a1654-7cb4-4d68-948e-3d7246949023 ] Request (ListImageFiltersTestJSON:tearDownClass): 200 GET http://10.180.1.21/compute/v2.1/servers/d3459645-3750-4957-bdcf-fbd90aa5fbb5 0.181s
2025-12-09 20:44:49.553 65474 INFO tempest.lib.common.rest_client [req-94939169-b99d-48c5-864f-b5beb99a9091 req-94939169-b99d-48c5-864f-b5beb99a9091 ] Request (ServersListShow296Test:test_list_show_update_rebuild_server_296): 202 POST http://10.180.1.21/compute/v2.1/servers 0.316s
2025-12-09 20:44:49.560 65437 INFO tempest.lib.common.rest_client [req-caff82da-586b-42fc-af98-010bd8f0e211 req-caff82da-586b-42fc-af98-010bd8f0e211 ] Request (ServerDiskConfigTestJSON:test_resize_server_from_auto_to_manual): 200 GET http://10.180.1.21/compute/v2.1/servers/b48f053d-36ea-4380-9107-f49a9423a938 0.301s
2025-12-09 20:44:49.602 65439 INFO tempest.lib.common.rest_client [req-97b41426-667d-457f-b72e-9096814f7e24 req-97b41426-667d-457f-b72e-9096814f7e24 ] Request (FloatingIPsAssociationNegativeTestJSON:tearDownClass): 204 DELETE http://10.180.1.21/networking/v2.0/networks/a8c14c13-2f71-4bc6-bfc1-9763f80ad3a4 0.405s
2025-12-09 20:44:49.637 65435 INFO tempest.lib.common.rest_client [req-34e0dc7c-7aea-4e84-b723-299a9f1c24c1 req-34e0dc7c-7aea-4e84-b723-299a9f1c24c1 ] Request (SecurityGroupsTestJSON:test_server_security_groups): 200 GET http://10.180.1.21/compute/v2.1/servers/298bc9b8-0591-46a8-9f3b-d68d75151b60 0.359s
2025-12-09 20:44:49.693 65474 INFO tempest.lib.common.rest_client [req-12b6a32a-892a-4c81-8f1d-d966f7690587 req-12b6a32a-892a-4c81-8f1d-d966f7690587 ] Request (ServersListShow296Test:test_list_show_update_rebuild_server_296): 200 GET http://10.180.1.21/compute/v2.1/servers/f6a11af1-59af-46e2-ab68-d9e5892cfae4 0.135s
2025-12-09 20:44:49.764 65459 INFO tempest.lib.common.rest_client [req-98733398-088e-4996-90b2-ed3fbe9a1c5b req-98733398-088e-4996-90b2-ed3fbe9a1c5b ] Request (ServerRescueTestJSON:setUpClass): 200 GET http://10.180.1.21/compute/v2.1/servers/c22a312d-4a61-40db-a22b-809c0ed6813b 0.242s
2025-12-09 20:44:49.778 65439 INFO tempest.lib.common.rest_client [req-7e05776b-cf3b-4f0e-92c7-e5bb5f27a432 req-7e05776b-cf3b-4f0e-92c7-e5bb5f27a432 ] Request (FloatingIPsAssociationNegativeTestJSON:tearDownClass): 204 DELETE http://10.180.1.21/identity/v3/users/b70e2e618a5f4a3b80b868b936fc688a 0.176s
2025-12-09 20:44:49.779 65439 INFO tempest.lib.common.dynamic_creds [-] Deleting project and security group for project: 4f2ea9f418794fde9e37c764427f594b
2025-12-09 20:44:49.785 65472 INFO tempest.lib.common.rest_client [req-649b0483-8990-41a1-9cc5-6f50a7cb4399 req-649b0483-8990-41a1-9cc5-6f50a7cb4399 ] Request (ServersTestMultiNic:test_verify_multiple_nics_order): 200 GET http://10.180.1.21/compute/v2.1/servers/99c515ae-17d9-4a93-9523-265fb4fd0953 0.130s
2025-12-09 20:44:49.810 65439 INFO tempest.lib.common.rest_client [req-0da9e716-4d11-4e43-9050-62e5845b4f20 req-0da9e716-4d11-4e43-9050-62e5845b4f20 ] Request (FloatingIPsAssociationNegativeTestJSON:tearDownClass): 200 GET http://10.180.1.21/networking/v2.0/security-groups?tenant_id=4f2ea9f418794fde9e37c764427f594b&name=default 0.031s
2025-12-09 20:44:49.831 65484 INFO tempest.lib.common.rest_client [req-723098f7-7f76-41fc-a9c2-2afd3309ac82 req-723098f7-7f76-41fc-a9c2-2afd3309ac82 ] Request (ListServerFiltersTestJSON:tearDownClass): 200 GET http://10.180.1.21/compute/v2.1/servers/6956cac6-db64-42ea-b616-31785351b0f1 0.154s
2025-12-09 20:44:49.853 65486 INFO tempest.lib.common.rest_client [req-65b6b2dd-fba3-438a-81b7-1330913c0e8a req-65b6b2dd-fba3-438a-81b7-1330913c0e8a ] Request (ServerActionsTestOtherA:test_rebuild_server_in_stop_state): 200 GET http://10.180.1.21/compute/v2.1/servers/cec39550-29b5-4348-8ac9-8e1027c89146 0.114s
2025-12-09 20:44:49.899 65443 INFO tempest.lib.common.rest_client [req-123afab0-2f95-45dd-a2b6-f8fa00cf0dc6 req-123afab0-2f95-45dd-a2b6-f8fa00cf0dc6 ] Request (MultipleCreateTestJSON:tearDownClass): 200 GET http://10.180.1.21/compute/v2.1/servers/9316687d-5ae3-4d73-b5e0-9e6f1fe3eaa5 0.116s
2025-12-09 20:44:49.916 65439 INFO tempest.lib.common.rest_client [req-6e134353-4d35-42de-89da-bece2f75d215 req-6e134353-4d35-42de-89da-bece2f75d215 ] Request (FloatingIPsAssociationNegativeTestJSON:tearDownClass): 204 DELETE http://10.180.1.21/networking/v2.0/security-groups/7177c693-40c4-4841-8bd6-a7b584bd7f9e 0.105s
2025-12-09 20:44:49.939 65445 INFO tempest.lib.common.rest_client [req-09c984dd-5e60-40ea-b8cc-1443696fb57f req-09c984dd-5e60-40ea-b8cc-1443696fb57f ] Request (ListServersNegativeTestJSON:setUpClass): 200 GET http://10.180.1.21/compute/v2.1/servers/f9d54309-16a7-4ca9-a42d-1171ef2aa7c1 0.140s
2025-12-09 20:44:49.975 65465 INFO tempest.lib.common.rest_client [req-e36d7e5b-b023-4a3e-bda8-dce198dbeb28 req-e36d7e5b-b023-4a3e-bda8-dce198dbeb28 ] Request (ServersAdminTestJSON:tearDownClass): 200 GET http://10.180.1.21/compute/v2.1/servers/74e5b4d8-c99a-456f-9f8a-f6e5d6459380 0.089s
2025-12-09 20:44:50.011 65488 INFO tempest.lib.common.rest_client [req-f2095e93-56e3-49eb-a0dd-9c5972e0b834 req-f2095e93-56e3-49eb-a0dd-9c5972e0b834 ] Request (AttachVolumeNegativeTest:test_attach_attached_volume_to_different_server): 200 GET http://10.180.1.21/compute/v2.1/servers/a3b485a0-81dd-47ea-91af-610184ab5243 0.116s
2025-12-09 20:44:50.033 65439 INFO tempest.lib.common.rest_client [req-85874c89-49db-4a02-a2f4-167ac24fddfa req-85874c89-49db-4a02-a2f4-167ac24fddfa ] Request (FloatingIPsAssociationNegativeTestJSON:tearDownClass): 204 DELETE http://10.180.1.21/identity/v3/projects/4f2ea9f418794fde9e37c764427f594b 0.117s
2025-12-09 20:44:50.037 65494 INFO tempest.lib.common.rest_client [req-db5ed039-461c-46b7-aa00-c8395a2164a2 req-db5ed039-461c-46b7-aa00-c8395a2164a2 ] Request (ImagesOneServerNegativeTestJSON:_run_cleanups): 200 GET http://10.180.1.21/compute/v2.1/servers/d5840f82-2d28-49a2-8a68-426c2733a27e 0.080s
2025-12-09 20:44:50.072 65469 INFO tempest.lib.common.rest_client [req-88fba00f-cf75-4a10-a9d1-9c9b81212ad8 req-88fba00f-cf75-4a10-a9d1-9c9b81212ad8 ] Request (AttachInterfacesUnderV243Test:test_add_remove_fixed_ip): 200 GET http://10.180.1.21/compute/v2.1/servers/6f89734c-7aaa-460c-bc25-c46d8691361a 0.101s
2025-12-09 20:44:50.108 65439 INFO tempest.lib.common.rest_client [req-08589b3f-70cc-43be-a69a-1d22907e93d4 req-08589b3f-70cc-43be-a69a-1d22907e93d4 ] Request (ImagesNegativeTestJSON:setUpClass): 201 POST http://10.180.1.21/identity/v3/auth/tokens 0.073s
2025-12-09 20:44:50.150 65439 INFO tempest.lib.common.rest_client [req-6ba127d7-3c28-4ba9-b9e6-9dc6cf3c2efe req-6ba127d7-3c28-4ba9-b9e6-9dc6cf3c2efe ] Request (ImagesNegativeTestJSON:setUpClass): 201 POST http://10.180.1.21/identity/v3/auth/tokens 0.038s
2025-12-09 20:44:50.187 65467 WARNING tempest.lib.common.ssh [-] Failed to establish authenticated ssh connection to cirros@10.180.180.207 ([Errno None] Unable to connect to port 22 on 10.180.180.207). Number attempts: 8. Retry after 9 seconds.: paramiko.ssh_exception.NoValidConnectionsError: [Errno None] Unable to connect to port 22 on 10.180.180.207
2025-12-09 20:44:50.189 65439 INFO tempest.lib.common.rest_client [req-16c03dcf-dd22-4d5b-b6ca-c51492f70b7c req-16c03dcf-dd22-4d5b-b6ca-c51492f70b7c ] Request (ImagesNegativeTestJSON:setUpClass): 200 GET http://10.180.1.21/identity/v3/domains?name=Default 0.039s
2025-12-09 20:44:50.196 65479 INFO tempest.lib.common.rest_client [req-7012bf5e-5abf-4b66-a8ed-fe0d10747192 req-7012bf5e-5abf-4b66-a8ed-fe0d10747192 ] Request (FloatingIPsAssociationTestJSON:tearDownClass): 200 GET http://10.180.1.21/compute/v2.1/servers/9bbfa654-06fe-4ec6-a89f-af03b1f30383 0.082s
2025-12-09 20:44:50.228 65439 INFO tempest.lib.common.rest_client [req-80351f2b-60ff-4a3e-834f-ff274c6d60ee req-80351f2b-60ff-4a3e-834f-ff274c6d60ee ] Request (ImagesNegativeTestJSON:setUpClass): 201 POST http://10.180.1.21/identity/v3/projects 0.037s
2025-12-09 20:44:50.314 65439 INFO tempest.lib.common.rest_client [req-efad998f-b271-4a87-b80d-acdc4345fc4a req-efad998f-b271-4a87-b80d-acdc4345fc4a ] Request (ImagesNegativeTestJSON:setUpClass): 201 POST http://10.180.1.21/identity/v3/users 0.085s
2025-12-09 20:44:50.326 65457 INFO tempest.lib.common.rest_client [req-33ecb3c2-b0a8-4df6-aef9-57626f9f32d8 req-33ecb3c2-b0a8-4df6-aef9-57626f9f32d8 ] Request (MigrationsAdminTest:test_resize_server_revert_deleted_flavor): 200 GET http://10.180.1.21/compute/v2.1/servers/86467582-45da-4e10-83db-4f98ae9f61f1 0.180s
2025-12-09 20:44:50.347 65439 INFO tempest.lib.common.rest_client [req-67a6c9f6-de34-40af-8f36-0c4f6f151ab7 req-67a6c9f6-de34-40af-8f36-0c4f6f151ab7 ] Request (ImagesNegativeTestJSON:setUpClass): 200 GET http://10.180.1.21/identity/v3/roles 0.032s
2025-12-09 20:44:50.363 65491 INFO tempest.lib.common.rest_client [req-5bff1444-7886-451d-8b00-7b6333ed3266 req-5bff1444-7886-451d-8b00-7b6333ed3266 ] Request (ServersAdmin275Test:tearDownClass): 200 GET http://10.180.1.21/compute/v2.1/servers/098cb3b4-7497-46bb-97f0-b7ebc33926b2 0.107s
2025-12-09 20:44:50.388 65439 INFO tempest.lib.common.rest_client [req-61952c20-70f1-4b99-8745-ef9c8083bfb3 req-61952c20-70f1-4b99-8745-ef9c8083bfb3 ] Request (ImagesNegativeTestJSON:setUpClass): 204 PUT http://10.180.1.21/identity/v3/projects/683dc4cc939e4d27a37a4b91aec40b90/users/870f8da2e1a747e29e86f645a23c2657/roles/73548bf2abc84a758cf47be2ec54e28c 0.040s
2025-12-09 20:44:50.388 65439 INFO tempest.lib.common.dynamic_creds [-] Dynamic test user 870f8da2e1a747e29e86f645a23c2657 is created with scope project and roles: ['member']
2025-12-09 20:44:50.388 65439 INFO tempest.lib.common.dynamic_creds [-] Acquired dynamic creds: credentials: Credentials: {'domain_id': 'default', 'domain_name': 'Default', 'username': 'tempest-ImagesNegativeTestJSON-1304155257-project-member', 'project_domain_id': 'default', 'project_domain_name': 'Default', 'project_id': '683dc4cc939e4d27a37a4b91aec40b90', 'project_name': 'tempest-ImagesNegativeTestJSON-1304155257', 'tenant_id': '683dc4cc939e4d27a37a4b91aec40b90', 'tenant_name': 'tempest-ImagesNegativeTestJSON-1304155257', 'user_domain_id': 'default', 'user_domain_name': 'Default', 'user_id': '870f8da2e1a747e29e86f645a23c2657', 'system': None}, Network: None, Subnet: None, Router: None
2025-12-09 20:44:50.407 65482 INFO tempest.lib.common.rest_client [req-722e6ee0-1a52-424c-aa17-631f3b7b562a req-722e6ee0-1a52-424c-aa17-631f3b7b562a ] Request (ImagesTestJSON:test_create_server_from_snapshot): 200 GET http://10.180.1.21/compute/v2.1/images/23a0411c-783e-4960-9d0e-aa01dbdd9a06 0.105s
2025-12-09 20:44:50.417 65476 INFO tempest.lib.common.rest_client [req-a5d33405-23fd-49bd-b656-984c5b98dba7 req-a5d33405-23fd-49bd-b656-984c5b98dba7 ] Request (ServersAdminNegativeTestJSON:tearDownClass): 200 GET http://10.180.1.21/compute/v2.1/servers/565c3b56-ef25-4002-a55c-9148bb54016d 0.138s
2025-12-09 20:44:50.463 65439 INFO tempest.lib.common.rest_client [req-4c5a96e5-1a28-456b-a933-9e958f20caa1 req-4c5a96e5-1a28-456b-a933-9e958f20caa1 ] Request (ImagesNegativeTestJSON:setUpClass): 201 POST http://10.180.1.21/identity/v3/auth/tokens 0.074s
2025-12-09 20:44:50.476 65455 INFO tempest.lib.common.rest_client [req-bf625f51-1670-4370-bf37-e4549499852e req-bf625f51-1670-4370-bf37-e4549499852e ] Request (ListImageFiltersTestJSON:tearDownClass): 200 GET http://10.180.1.21/compute/v2.1/servers/d3459645-3750-4957-bdcf-fbd90aa5fbb5 0.098s
2025-12-09 20:44:50.774 65439 INFO tempest.lib.common.rest_client [req-0c9aa29e-a748-46c6-8f3b-4541a7cdd0d2 req-0c9aa29e-a748-46c6-8f3b-4541a7cdd0d2 ] Request (ImagesNegativeTestJSON:setUpClass): 201 POST http://10.180.1.21/networking/v2.0/networks 0.310s
2025-12-09 20:44:50.815 65437 INFO tempest.lib.common.rest_client [req-c0620c17-f82a-4ffd-bf67-8449777f4371 req-c0620c17-f82a-4ffd-bf67-8449777f4371 ] Request (ServerDiskConfigTestJSON:test_resize_server_from_auto_to_manual): 200 GET http://10.180.1.21/compute/v2.1/servers/b48f053d-36ea-4380-9107-f49a9423a938 0.244s
2025-12-09 20:44:50.828 65435 INFO tempest.lib.common.rest_client [req-2a9d9de2-ac0d-4649-beab-003327206332 req-2a9d9de2-ac0d-4649-beab-003327206332 ] Request (SecurityGroupsTestJSON:test_server_security_groups): 200 GET http://10.180.1.21/compute/v2.1/servers/298bc9b8-0591-46a8-9f3b-d68d75151b60 0.177s
2025-12-09 20:44:50.838 65435 INFO tempest.common.waiters [-] State transition "BUILD/None" ==> "BUILD/networking" after 88 second wait
2025-12-09 20:44:51.004 65439 INFO tempest.lib.common.rest_client [req-a1d0822f-5272-4280-a658-5bb932db4225 req-a1d0822f-5272-4280-a658-5bb932db4225 ] Request (ImagesNegativeTestJSON:setUpClass): 201 POST http://10.180.1.21/networking/v2.0/subnets 0.229s
2025-12-09 20:44:51.064 65474 INFO tempest.lib.common.rest_client [req-a8a24431-6d3a-482b-8a78-d6bd240eeb5e req-a8a24431-6d3a-482b-8a78-d6bd240eeb5e ] Request (ServersListShow296Test:test_list_show_update_rebuild_server_296): 200 GET http://10.180.1.21/compute/v2.1/servers/f6a11af1-59af-46e2-ab68-d9e5892cfae4 0.357s
2025-12-09 20:44:51.075 65474 INFO tempest.common.waiters [-] State transition "BUILD/scheduling" ==> "BUILD/None" after 2 second wait
2025-12-09 20:44:51.104 65459 INFO tempest.lib.common.rest_client [req-f2b01891-87bf-4b86-be62-edd5e228644b req-f2b01891-87bf-4b86-be62-edd5e228644b ] Request (ServerRescueTestJSON:setUpClass): 200 GET http://10.180.1.21/compute/v2.1/servers/c22a312d-4a61-40db-a22b-809c0ed6813b 0.331s
2025-12-09 20:44:51.592 65447 WARNING tempest.lib.common.ssh [-] Failed to establish authenticated ssh connection to cirros@10.180.180.199 ([Errno None] Unable to connect to port 22 on 10.180.180.199). Number attempts: 1. Retry after 2 seconds.: paramiko.ssh_exception.NoValidConnectionsError: [Errno None] Unable to connect to port 22 on 10.180.180.199
2025-12-09 20:44:51.849 65439 INFO tempest.lib.common.rest_client [req-da5f0d23-3ff1-4126-97c6-0f18431dd68c req-da5f0d23-3ff1-4126-97c6-0f18431dd68c ] Request (ImagesNegativeTestJSON:setUpClass): 201 POST http://10.180.1.21/networking/v2.0/routers 0.844s
2025-12-09 20:44:51.874 65472 INFO tempest.lib.common.rest_client [req-4b16ed73-dcee-4403-bb57-4b44b0428ef1 req-4b16ed73-dcee-4403-bb57-4b44b0428ef1 ] Request (ServersTestMultiNic:test_verify_multiple_nics_order): 200 GET http://10.180.1.21/compute/v2.1/servers/99c515ae-17d9-4a93-9523-265fb4fd0953 1.077s
2025-12-09 20:44:51.888 65484 INFO tempest.lib.common.rest_client [req-a2c6eb68-3454-4d5a-8563-8f9b97c6ace7 req-a2c6eb68-3454-4d5a-8563-8f9b97c6ace7 ] Request (ListServerFiltersTestJSON:tearDownClass): 200 GET http://10.180.1.21/compute/v2.1/servers/6956cac6-db64-42ea-b616-31785351b0f1 1.046s
2025-12-09 20:44:52.797 65486 INFO tempest.lib.common.rest_client [req-963e1049-31d2-4f84-8fcb-d96d695561aa req-963e1049-31d2-4f84-8fcb-d96d695561aa ] Request (ServerActionsTestOtherA:test_rebuild_server_in_stop_state): 200 GET http://10.180.1.21/compute/v2.1/servers/cec39550-29b5-4348-8ac9-8e1027c89146 1.936s
2025-12-09 20:44:52.818 65443 INFO tempest.lib.common.rest_client [req-4484f8b5-5888-4bb0-a94d-f355256d1d90 req-4484f8b5-5888-4bb0-a94d-f355256d1d90 ] Request (MultipleCreateTestJSON:tearDownClass): 200 GET http://10.180.1.21/compute/v2.1/servers/9316687d-5ae3-4d73-b5e0-9e6f1fe3eaa5 1.910s
2025-12-09 20:44:52.847 65439 INFO tempest.lib.common.rest_client [req-319ce9be-146c-48b7-aa0b-2fd433f79a03 req-319ce9be-146c-48b7-aa0b-2fd433f79a03 ] Request (ImagesNegativeTestJSON:setUpClass): 200 PUT http://10.180.1.21/networking/v2.0/routers/d4b0b740-2139-40a2-bbf4-1eb5f51ba871/add_router_interface 0.997s
2025-12-09 20:44:52.847 65439 INFO tempest.lib.common.dynamic_creds [-] Created isolated network resources for: credentials: Credentials: {'domain_id': 'default', 'domain_name': 'Default', 'username': 'tempest-ImagesNegativeTestJSON-1304155257-project-member', 'project_domain_id': 'default', 'project_domain_name': 'Default', 'project_id': '683dc4cc939e4d27a37a4b91aec40b90', 'project_name': 'tempest-ImagesNegativeTestJSON-1304155257', 'tenant_id': '683dc4cc939e4d27a37a4b91aec40b90', 'tenant_name': 'tempest-ImagesNegativeTestJSON-1304155257', 'user_domain_id': 'default', 'user_domain_name': 'Default', 'user_id': '870f8da2e1a747e29e86f645a23c2657', 'system': None}, Network: {'id': '28442718-8ae4-4fe1-8c36-630592f58852', 'name': 'tempest-ImagesNegativeTestJSON-73542244-network', 'tenant_id': '683dc4cc939e4d27a37a4b91aec40b90', 'project_id': '683dc4cc939e4d27a37a4b91aec40b90', 'admin_state_up': True, 'mtu': 8950, 'status': 'ACTIVE', 'subnets': [], 'shared': False, 'port_security_enabled': True, 'router:external': False, 'provider:network_type': 'vlan', 'provider:physical_network': 'default', 'provider:segmentation_id': 253, 'availability_zone_hints': [], 'availability_zones': [], 'ipv4_address_scope': None, 'ipv6_address_scope': None, 'description': '', 'tags': [], 'created_at': '2025-12-09T20:44:50Z', 'updated_at': '2025-12-09T20:44:50Z', 'revision_number': 1}, Subnet: {'id': '693b6f83-e892-45af-bbea-f6b7c1348887', 'name': 'tempest-ImagesNegativeTestJSON-73542244-subnet', 'tenant_id': '683dc4cc939e4d27a37a4b91aec40b90', 'network_id': '28442718-8ae4-4fe1-8c36-630592f58852', 'ip_version': 4, 'subnetpool_id': None, 'enable_dhcp': True, 'ipv6_ra_mode': None, 'ipv6_address_mode': None, 'gateway_ip': '192.168.128.1', 'cidr': '192.168.128.0/28', 'allocation_pools': [{'start': '192.168.128.2', 'end': '192.168.128.14'}], 'host_routes': [], 'dns_nameservers': [], 'description': '', 'router:external': False, 'service_types': [], 'tags': [], 'created_at': '2025-12-09T20:44:50Z', 'updated_at': '2025-12-09T20:44:50Z', 'revision_number': 0, 'project_id': '683dc4cc939e4d27a37a4b91aec40b90'}, Router: {'id': 'd4b0b740-2139-40a2-bbf4-1eb5f51ba871', 'name': 'tempest-ImagesNegativeTestJSON-73542244-router', 'tenant_id': '683dc4cc939e4d27a37a4b91aec40b90', 'admin_state_up': True, 'status': 'ACTIVE', 'external_gateway_info': {'network_id': 'e95af030-a598-4b5a-b8ad-0463bd328e34', 'external_fixed_ips': [{'subnet_id': 'b0a1ab51-ef59-42b9-8d76-9051dc719bca', 'ip_address': '10.180.180.128'}], 'enable_snat': True}, 'description': '', 'availability_zones': [], 'distributed': False, 'ha': False, 'availability_zone_hints': [], 'routes': [], 'flavor_id': None, 'tags': [], 'created_at': '2025-12-09T20:44:51Z', 'updated_at': '2025-12-09T20:44:51Z', 'revision_number': 2, 'project_id': '683dc4cc939e4d27a37a4b91aec40b90'}
2025-12-09 20:44:52.887 65445 INFO tempest.lib.common.rest_client [req-413522eb-c56b-4e39-afd2-1bb3176b1fc0 req-413522eb-c56b-4e39-afd2-1bb3176b1fc0 ] Request (ListServersNegativeTestJSON:setUpClass): 200 GET http://10.180.1.21/compute/v2.1/servers/f9d54309-16a7-4ca9-a42d-1171ef2aa7c1 1.938s
2025-12-09 20:44:52.916 65465 INFO tempest.lib.common.rest_client [req-639fb95b-50e3-4429-8f00-7b9d96e7952a req-639fb95b-50e3-4429-8f00-7b9d96e7952a ] Request (ServersAdminTestJSON:tearDownClass): 200 GET http://10.180.1.21/compute/v2.1/servers/74e5b4d8-c99a-456f-9f8a-f6e5d6459380 1.932s
2025-12-09 20:44:52.941 65463 WARNING tempest.lib.common.ssh [-] Failed to establish authenticated ssh connection to cirros@10.180.180.248 ([Errno None] Unable to connect to port 22 on 10.180.180.248). Number attempts: 6. Retry after 7 seconds.: paramiko.ssh_exception.NoValidConnectionsError: [Errno None] Unable to connect to port 22 on 10.180.180.248
2025-12-09 20:44:52.942 65488 INFO tempest.lib.common.rest_client [req-ad26c2f6-be71-4c5c-92f1-4c9bfe566b9a req-ad26c2f6-be71-4c5c-92f1-4c9bfe566b9a ] Request (AttachVolumeNegativeTest:test_attach_attached_volume_to_different_server): 200 GET http://10.180.1.21/compute/v2.1/servers/a3b485a0-81dd-47ea-91af-610184ab5243 1.915s
2025-12-09 20:44:52.953 65439 INFO tempest.lib.common.rest_client [req-11dbf4a5-1f52-47f7-8b32-2f9b6f14ba45 req-11dbf4a5-1f52-47f7-8b32-2f9b6f14ba45 ] Request (ImagesNegativeTestJSON:setUpClass): 201 POST http://10.180.1.21/identity/v3/auth/tokens 0.099s
2025-12-09 20:44:52.972 65494 INFO tempest.lib.common.rest_client [req-59882590-743c-4ab4-b93f-ddd753d18f6d req-59882590-743c-4ab4-b93f-ddd753d18f6d ] Request (ImagesOneServerNegativeTestJSON:_run_cleanups): 200 GET http://10.180.1.21/compute/v2.1/servers/d5840f82-2d28-49a2-8a68-426c2733a27e 1.925s
2025-12-09 20:44:52.991 65439 INFO tempest.lib.common.rest_client [req-cbb3562e-28e1-4b3a-82e0-f25b726b85e5 req-cbb3562e-28e1-4b3a-82e0-f25b726b85e5 ] Request (ImagesNegativeTestJSON:test_create_image_from_deleted_server): 201 POST http://10.180.1.21/identity/v3/auth/tokens 0.033s
2025-12-09 20:44:52.991 65439 INFO tempest.lib.common.fixed_network [-] (ImagesNegativeTestJSON:test_create_image_from_deleted_server) Found network {'id': '28442718-8ae4-4fe1-8c36-630592f58852', 'name': 'tempest-ImagesNegativeTestJSON-73542244-network', 'tenant_id': '683dc4cc939e4d27a37a4b91aec40b90', 'project_id': '683dc4cc939e4d27a37a4b91aec40b90', 'admin_state_up': True, 'mtu': 8950, 'status': 'ACTIVE', 'subnets': [], 'shared': False, 'port_security_enabled': True, 'router:external': False, 'provider:network_type': 'vlan', 'provider:physical_network': 'default', 'provider:segmentation_id': 253, 'availability_zone_hints': [], 'availability_zones': [], 'ipv4_address_scope': None, 'ipv6_address_scope': None, 'description': '', 'tags': [], 'created_at': '2025-12-09T20:44:50Z', 'updated_at': '2025-12-09T20:44:50Z', 'revision_number': 1} available for tenant
2025-12-09 20:44:52.999 65469 INFO tempest.lib.common.rest_client [req-45f3e392-0b53-4024-a2e1-6b394fca759a req-45f3e392-0b53-4024-a2e1-6b394fca759a ] Request (AttachInterfacesUnderV243Test:test_add_remove_fixed_ip): 200 GET http://10.180.1.21/compute/v2.1/servers/6f89734c-7aaa-460c-bc25-c46d8691361a 1.918s
2025-12-09 20:44:53.034 65479 INFO tempest.lib.common.rest_client [req-a7b4dc6d-420b-4787-83c4-ba945a3b2d9e req-a7b4dc6d-420b-4787-83c4-ba945a3b2d9e ] Request (FloatingIPsAssociationTestJSON:tearDownClass): 200 GET http://10.180.1.21/compute/v2.1/servers/9bbfa654-06fe-4ec6-a89f-af03b1f30383 1.823s
2025-12-09 20:44:53.097 65491 INFO tempest.lib.common.rest_client [req-eb0bb56b-9678-4ef2-9625-3757e94ffd29 req-eb0bb56b-9678-4ef2-9625-3757e94ffd29 ] Request (ServersAdmin275Test:tearDownClass): 200 GET http://10.180.1.21/compute/v2.1/servers/098cb3b4-7497-46bb-97f0-b7ebc33926b2 1.722s
2025-12-09 20:44:53.131 65457 INFO tempest.lib.common.rest_client [req-2e5df11c-8f9c-491c-95ff-a886da9ff2cd req-2e5df11c-8f9c-491c-95ff-a886da9ff2cd ] Request (MigrationsAdminTest:test_resize_server_revert_deleted_flavor): 200 GET http://10.180.1.21/compute/v2.1/servers/86467582-45da-4e10-83db-4f98ae9f61f1 1.785s
2025-12-09 20:44:53.139 65457 INFO tempest.common.waiters [-] State transition "RESIZE/resize_migrated" ==> "RESIZE/resize_finish" after 54 second wait
2025-12-09 20:44:53.142 65482 INFO tempest.lib.common.rest_client [req-9fe2b4a3-801f-4fcd-8b7d-6e7200fd6ccf req-9fe2b4a3-801f-4fcd-8b7d-6e7200fd6ccf ] Request (ImagesTestJSON:test_create_server_from_snapshot): 200 GET http://10.180.1.21/compute/v2.1/images/23a0411c-783e-4960-9d0e-aa01dbdd9a06 1.731s
2025-12-09 20:44:53.187 65476 INFO tempest.lib.common.rest_client [req-ea0ee226-e063-4d30-9a35-374d07afc82d req-ea0ee226-e063-4d30-9a35-374d07afc82d ] Request (ServersAdminNegativeTestJSON:tearDownClass): 200 GET http://10.180.1.21/compute/v2.1/servers/565c3b56-ef25-4002-a55c-9148bb54016d 1.761s
2025-12-09 20:44:53.200 65455 INFO tempest.lib.common.rest_client [req-474e77a3-afd8-4d7e-90c7-a0b99a9fb878 req-474e77a3-afd8-4d7e-90c7-a0b99a9fb878 ] Request (ListImageFiltersTestJSON:tearDownClass): 200 GET http://10.180.1.21/compute/v2.1/servers/d3459645-3750-4957-bdcf-fbd90aa5fbb5 1.716s
2025-12-09 20:44:53.306 65435 INFO tempest.lib.common.rest_client [req-532e7ff8-77c7-4222-b0e8-fe1883e45eac req-532e7ff8-77c7-4222-b0e8-fe1883e45eac ] Request (SecurityGroupsTestJSON:test_server_security_groups): 200 GET http://10.180.1.21/compute/v2.1/servers/298bc9b8-0591-46a8-9f3b-d68d75151b60 1.467s
2025-12-09 20:44:53.316 65435 INFO tempest.common.waiters [-] State transition "BUILD/networking" ==> "BUILD/spawning" after 91 second wait
2025-12-09 20:44:53.319 65437 INFO tempest.lib.common.rest_client [req-541d797a-af66-4ac1-9ed7-87149bf36c92 req-541d797a-af66-4ac1-9ed7-87149bf36c92 ] Request (ServerDiskConfigTestJSON:test_resize_server_from_auto_to_manual): 200 GET http://10.180.1.21/compute/v2.1/servers/b48f053d-36ea-4380-9107-f49a9423a938 1.496s
2025-12-09 20:44:53.365 65474 INFO tempest.lib.common.rest_client [req-6711dee5-423d-4470-b680-0fc049406b1f req-6711dee5-423d-4470-b680-0fc049406b1f ] Request (ServersListShow296Test:test_list_show_update_rebuild_server_296): 200 GET http://10.180.1.21/compute/v2.1/servers/f6a11af1-59af-46e2-ab68-d9e5892cfae4 1.289s
2025-12-09 20:44:53.419 65459 INFO tempest.lib.common.rest_client [req-d9558e0f-4060-4185-906c-814c3fb38327 req-d9558e0f-4060-4185-906c-814c3fb38327 ] Request (ServerRescueTestJSON:setUpClass): 200 GET http://10.180.1.21/compute/v2.1/servers/c22a312d-4a61-40db-a22b-809c0ed6813b 1.299s
2025-12-09 20:44:53.428 65459 INFO tempest.common.waiters [-] State transition "BUILD/spawning" ==> "ACTIVE/None" after 92 second wait
2025-12-09 20:44:53.446 65472 INFO tempest.lib.common.rest_client [req-8347d3ee-4034-41ec-8fba-2ee768b191ef req-8347d3ee-4034-41ec-8fba-2ee768b191ef ] Request (ServersTestMultiNic:test_verify_multiple_nics_order): 200 GET http://10.180.1.21/compute/v2.1/servers/99c515ae-17d9-4a93-9523-265fb4fd0953 0.563s
2025-12-09 20:44:53.494 65484 INFO tempest.lib.common.rest_client [req-beaea556-2a75-48d4-b0db-508a830243e9 req-beaea556-2a75-48d4-b0db-508a830243e9 ] Request (ListServerFiltersTestJSON:tearDownClass): 200 GET http://10.180.1.21/compute/v2.1/servers/6956cac6-db64-42ea-b616-31785351b0f1 0.591s
2025-12-09 20:44:53.578 65459 INFO tempest.lib.common.rest_client [req-fbd1bf45-ee98-40cd-894f-6ac38651237e req-fbd1bf45-ee98-40cd-894f-6ac38651237e ] Request (ServerRescueTestJSON:setUpClass): 200 POST http://10.180.1.21/compute/v2.1/servers/c22a312d-4a61-40db-a22b-809c0ed6813b/action 0.149s
2025-12-09 20:44:53.732 65459 INFO tempest.lib.common.rest_client [req-506023cc-c283-465f-93cd-ae1c8b77abee req-506023cc-c283-465f-93cd-ae1c8b77abee ] Request (ServerRescueTestJSON:setUpClass): 200 GET http://10.180.1.21/compute/v2.1/servers/c22a312d-4a61-40db-a22b-809c0ed6813b 0.153s
2025-12-09 20:44:53.868 65439 INFO tempest.lib.common.rest_client [req-9ba3ddbb-8485-40a7-a496-823bd4b25543 req-9ba3ddbb-8485-40a7-a496-823bd4b25543 ] Request (ImagesNegativeTestJSON:test_create_image_from_deleted_server): 202 POST http://10.180.1.21/compute/v2.1/servers 0.876s
2025-12-09 20:44:53.876 65486 INFO tempest.lib.common.rest_client [req-01900546-14b1-464f-81f6-4312700ed857 req-01900546-14b1-464f-81f6-4312700ed857 ] Request (ServerActionsTestOtherA:test_rebuild_server_in_stop_state): 200 GET http://10.180.1.21/compute/v2.1/servers/cec39550-29b5-4348-8ac9-8e1027c89146 0.069s
2025-12-09 20:44:53.890 65443 INFO tempest.lib.common.rest_client [req-f3697611-1d09-47e6-9bc6-f6c061052c79 req-f3697611-1d09-47e6-9bc6-f6c061052c79 ] Request (MultipleCreateTestJSON:tearDownClass): 404 GET http://10.180.1.21/compute/v2.1/servers/9316687d-5ae3-4d73-b5e0-9e6f1fe3eaa5 0.059s
2025-12-09 20:44:53.913 65439 INFO tempest.lib.common.rest_client [req-e1ff9297-b77c-407a-9f41-8072dc253fd8 req-e1ff9297-b77c-407a-9f41-8072dc253fd8 ] Request (ImagesNegativeTestJSON:test_create_image_from_deleted_server): 200 GET http://10.180.1.21/compute/v2.1/servers/da56b0ee-9d42-4990-8faf-a4e5c6e36bf0 0.043s
2025-12-09 20:44:53.964 65443 INFO tempest.lib.common.rest_client [req-375b29e5-22bf-4c27-af7c-657a2f526d55 req-375b29e5-22bf-4c27-af7c-657a2f526d55 ] Request (MultipleCreateTestJSON:tearDownClass): 200 GET http://10.180.1.21/compute/v2.1/servers/8f3cd531-6571-4a5d-8ce6-14b1089c7143 0.073s
2025-12-09 20:44:53.987 65445 INFO tempest.lib.common.rest_client [req-d9144776-d81f-4ce2-894a-f13d9bfab7dc req-d9144776-d81f-4ce2-894a-f13d9bfab7dc ] Request (ListServersNegativeTestJSON:setUpClass): 200 GET http://10.180.1.21/compute/v2.1/servers/f9d54309-16a7-4ca9-a42d-1171ef2aa7c1 0.090s
2025-12-09 20:44:54.039 65465 INFO tempest.lib.common.rest_client [req-bb055612-8347-4a75-9728-a7cbe0067ef5 req-bb055612-8347-4a75-9728-a7cbe0067ef5 ] Request (ServersAdminTestJSON:tearDownClass): 200 GET http://10.180.1.21/compute/v2.1/servers/74e5b4d8-c99a-456f-9f8a-f6e5d6459380 0.114s
2025-12-09 20:44:54.044 65488 INFO tempest.lib.common.rest_client [req-09ed560f-722e-431a-b13f-91436bd72bcb req-09ed560f-722e-431a-b13f-91436bd72bcb ] Request (AttachVolumeNegativeTest:test_attach_attached_volume_to_different_server): 200 GET http://10.180.1.21/compute/v2.1/servers/a3b485a0-81dd-47ea-91af-610184ab5243 0.092s
2025-12-09 20:44:54.087 65494 INFO tempest.lib.common.rest_client [req-354428a4-8134-4b9b-99d0-910d9439db70 req-354428a4-8134-4b9b-99d0-910d9439db70 ] Request (ImagesOneServerNegativeTestJSON:_run_cleanups): 200 GET http://10.180.1.21/compute/v2.1/servers/d5840f82-2d28-49a2-8a68-426c2733a27e 0.107s
2025-12-09 20:44:54.094 65469 INFO tempest.lib.common.rest_client [req-d1cd73f1-64e6-46af-ad52-eb8a791b15f6 req-d1cd73f1-64e6-46af-ad52-eb8a791b15f6 ] Request (AttachInterfacesUnderV243Test:test_add_remove_fixed_ip): 200 GET http://10.180.1.21/compute/v2.1/servers/6f89734c-7aaa-460c-bc25-c46d8691361a 0.085s
2025-12-09 20:44:54.144 65479 INFO tempest.lib.common.rest_client [req-f2e0b43b-2883-493d-8743-39dcabfc581d req-f2e0b43b-2883-493d-8743-39dcabfc581d ] Request (FloatingIPsAssociationTestJSON:tearDownClass): 200 GET http://10.180.1.21/compute/v2.1/servers/9bbfa654-06fe-4ec6-a89f-af03b1f30383 0.101s
2025-12-09 20:44:54.170 65491 INFO tempest.lib.common.rest_client [req-963e76de-5ad4-4da7-a09a-83562011c791 req-963e76de-5ad4-4da7-a09a-83562011c791 ] Request (ServersAdmin275Test:tearDownClass): 200 GET http://10.180.1.21/compute/v2.1/servers/098cb3b4-7497-46bb-97f0-b7ebc33926b2 0.061s
2025-12-09 20:44:54.209 65482 INFO tempest.lib.common.rest_client [req-0e8a82a6-c46f-4169-9364-dcc813092327 req-0e8a82a6-c46f-4169-9364-dcc813092327 ] Request (ImagesTestJSON:test_create_server_from_snapshot): 200 GET http://10.180.1.21/compute/v2.1/images/23a0411c-783e-4960-9d0e-aa01dbdd9a06 0.063s
2025-12-09 20:44:54.244 65457 INFO tempest.lib.common.rest_client [req-ad3caa80-62a1-4e28-8eb0-94b56865bb36 req-ad3caa80-62a1-4e28-8eb0-94b56865bb36 ] Request (MigrationsAdminTest:test_resize_server_revert_deleted_flavor): 200 GET http://10.180.1.21/compute/v2.1/servers/86467582-45da-4e10-83db-4f98ae9f61f1 0.104s
2025-12-09 20:44:54.266 65476 INFO tempest.lib.common.rest_client [req-8e034d03-f04f-4821-af67-853a7775cb98 req-8e034d03-f04f-4821-af67-853a7775cb98 ] Request (ServersAdminNegativeTestJSON:tearDownClass): 200 GET http://10.180.1.21/compute/v2.1/servers/565c3b56-ef25-4002-a55c-9148bb54016d 0.070s
2025-12-09 20:44:54.299 65455 INFO tempest.lib.common.rest_client [req-7e4a482d-c26a-4809-9fb0-8e9358f29d0a req-7e4a482d-c26a-4809-9fb0-8e9358f29d0a ] Request (ListImageFiltersTestJSON:tearDownClass): 200 GET http://10.180.1.21/compute/v2.1/servers/d3459645-3750-4957-bdcf-fbd90aa5fbb5 0.091s
2025-12-09 20:44:54.440 65437 INFO tempest.lib.common.rest_client [req-2f977e1d-b123-43a1-915a-913a1c7854ec req-2f977e1d-b123-43a1-915a-913a1c7854ec ] Request (ServerDiskConfigTestJSON:test_resize_server_from_auto_to_manual): 200 GET http://10.180.1.21/compute/v2.1/servers/b48f053d-36ea-4380-9107-f49a9423a938 0.112s
2025-12-09 20:44:54.470 65435 INFO tempest.lib.common.rest_client [req-00912745-025e-4fed-989b-e7f443e1fc6e req-00912745-025e-4fed-989b-e7f443e1fc6e ] Request (SecurityGroupsTestJSON:test_server_security_groups): 200 GET http://10.180.1.21/compute/v2.1/servers/298bc9b8-0591-46a8-9f3b-d68d75151b60 0.153s
2025-12-09 20:44:54.520 65474 INFO tempest.lib.common.rest_client [req-36ca6fcf-1b9d-48c9-a67a-063d100f7785 req-36ca6fcf-1b9d-48c9-a67a-063d100f7785 ] Request (ServersListShow296Test:test_list_show_update_rebuild_server_296): 200 GET http://10.180.1.21/compute/v2.1/servers/f6a11af1-59af-46e2-ab68-d9e5892cfae4 0.144s
2025-12-09 20:44:54.536 65472 INFO tempest.lib.common.rest_client [req-2e712afe-69ea-4572-a4d7-9847fb12e037 req-2e712afe-69ea-4572-a4d7-9847fb12e037 ] Request (ServersTestMultiNic:test_verify_multiple_nics_order): 200 GET http://10.180.1.21/compute/v2.1/servers/99c515ae-17d9-4a93-9523-265fb4fd0953 0.080s
2025-12-09 20:44:54.608 65484 INFO tempest.lib.common.rest_client [req-589ab10e-3983-462e-8ffa-8ce9103c77f6 req-589ab10e-3983-462e-8ffa-8ce9103c77f6 ] Request (ListServerFiltersTestJSON:tearDownClass): 200 GET http://10.180.1.21/compute/v2.1/servers/6956cac6-db64-42ea-b616-31785351b0f1 0.101s
2025-12-09 20:44:54.665 65447 WARNING tempest.lib.common.ssh [-] Failed to establish authenticated ssh connection to cirros@10.180.180.199 ([Errno None] Unable to connect to port 22 on 10.180.180.199). Number attempts: 2. Retry after 3 seconds.: paramiko.ssh_exception.NoValidConnectionsError: [Errno None] Unable to connect to port 22 on 10.180.180.199
