2025-12-09 20:43:24.085 65491 INFO tempest.lib.common.rest_client [req-e1ad639f-daaa-42ee-899c-9de5be0e6138 req-e1ad639f-daaa-42ee-899c-9de5be0e6138 ] Request (ServersAdmin275Test:test_rebuild_update_server_275): 200 GET http://10.180.1.21/compute/v2.1/servers/098cb3b4-7497-46bb-97f0-b7ebc33926b2 0.257s
2025-12-09 20:43:24.116 65476 INFO tempest.lib.common.rest_client [req-46eeac92-5c0b-4aa7-bb6b-73552058cef3 req-46eeac92-5c0b-4aa7-bb6b-73552058cef3 ] Request (ServersAdminNegativeTestJSON:test_restore_server_invalid_state): 409 POST http://10.180.1.21/compute/v2.1/servers/565c3b56-ef25-4002-a55c-9148bb54016d/action 0.286s
2025-12-09 20:43:24.165 65459 INFO tempest.lib.common.rest_client [req-53559a23-353f-4db5-9064-1486c4c623fc req-53559a23-353f-4db5-9064-1486c4c623fc ] Request (ServerRescueTestJSON:setUpClass): 200 GET http://10.180.1.21/compute/v2.1/servers/c22a312d-4a61-40db-a22b-809c0ed6813b 0.331s
2025-12-09 20:43:24.166 65469 INFO tempest.lib.common.rest_client [req-03f6c79f-7a98-4407-96b9-ac37edb47ce8 req-03f6c79f-7a98-4407-96b9-ac37edb47ce8 ] Request (KeyPairsV2TestJSON:tearDownClass): 204 DELETE http://10.180.1.21/networking/v2.0/security-groups/e02be49a-c747-40e3-a7cc-407aa95d5549 0.096s
2025-12-09 20:43:24.226 65457 INFO tempest.lib.common.rest_client [req-ca80521a-67d5-4800-9904-e2057a95331b req-ca80521a-67d5-4800-9904-e2057a95331b ] Request (MigrationsAdminTest:test_resize_server_revert_deleted_flavor): 200 GET http://10.180.1.21/compute/v2.1/servers/86467582-45da-4e10-83db-4f98ae9f61f1 0.347s
2025-12-09 20:43:24.255 65469 INFO tempest.lib.common.rest_client [req-ba1fdbad-fd5c-4b7f-8400-2277170c5b74 req-ba1fdbad-fd5c-4b7f-8400-2277170c5b74 ] Request (KeyPairsV2TestJSON:tearDownClass): 204 DELETE http://10.180.1.21/identity/v3/projects/27cf48f2e19144d2b9315cac747c01ef 0.089s
2025-12-09 20:43:24.279 65437 INFO tempest.lib.common.rest_client [req-41823ca7-6b8e-452a-a16b-52c11bbe270d req-41823ca7-6b8e-452a-a16b-52c11bbe270d ] Request (ServerDiskConfigTestJSON:test_resize_server_from_auto_to_manual): 200 GET http://10.180.1.21/compute/v2.1/servers/b48f053d-36ea-4380-9107-f49a9423a938 0.375s
2025-12-09 20:43:24.282 65494 INFO tempest.lib.common.rest_client [req-c58d36f5-ed63-4dc1-ad63-c9e48bd54ae3 req-c58d36f5-ed63-4dc1-ad63-c9e48bd54ae3 ] Request (ImagesOneServerNegativeTestJSON:test_create_second_image_when_first_image_is_being_saved): 202 POST http://10.180.1.21/compute/v2.1/servers/b1ee0159-c3a4-4154-a2ca-3994560c5af8/action 0.573s
2025-12-09 20:43:24.321 65469 INFO tempest.lib.common.rest_client [req-1daa615b-04c9-4f9b-9fc7-51a4b887acd1 req-1daa615b-04c9-4f9b-9fc7-51a4b887acd1 ] Request (SecurityGroupsNegativeTestJSON:setUpClass): 201 POST http://10.180.1.21/identity/v3/auth/tokens 0.064s
2025-12-09 20:43:24.341 65447 INFO tempest.lib.common.rest_client [req-1be66708-985f-49e8-bd46-825e58b4cc1e req-1be66708-985f-49e8-bd46-825e58b4cc1e ] Request (ServersWithSpecificFlavorTestJSON:test_verify_created_server_ephemeral_disk): 200 GET http://10.180.1.21/compute/v2.1/servers/585a809a-ce9a-4383-bb5d-332ea0389f50 0.411s
2025-12-09 20:43:24.352 65484 INFO tempest.lib.common.rest_client [req-d9c38a41-870d-4405-9eb5-a40de8486356 req-d9c38a41-870d-4405-9eb5-a40de8486356 ] Request (ListServerFiltersTestJSON:tearDownClass): 200 GET http://10.180.1.21/compute/v2.1/servers/d37cc94a-7473-4cfc-a522-4fbce2262a1f 0.369s
2025-12-09 20:43:24.367 65469 INFO tempest.lib.common.rest_client [req-81ed03f7-a2d4-4fce-ba82-9c32a834e6d5 req-81ed03f7-a2d4-4fce-ba82-9c32a834e6d5 ] Request (SecurityGroupsNegativeTestJSON:setUpClass): 201 POST http://10.180.1.21/identity/v3/auth/tokens 0.044s
2025-12-09 20:43:24.380 65455 INFO tempest.lib.common.rest_client [req-78080107-b216-4afd-9798-0fe413e95115 req-78080107-b216-4afd-9798-0fe413e95115 ] Request (ListImageFiltersTestJSON:setUpClass): 200 GET http://10.180.1.21/compute/v2.1/images/e2a6981e-3608-4f01-a369-c3a40915f56a 0.336s
2025-12-09 20:43:24.396 65469 INFO tempest.lib.common.rest_client [req-18387f37-48aa-4a76-8543-6eacab6b18ee req-18387f37-48aa-4a76-8543-6eacab6b18ee ] Request (SecurityGroupsNegativeTestJSON:setUpClass): 200 GET http://10.180.1.21/identity/v3/domains?name=Default 0.029s
2025-12-09 20:43:24.427 65469 INFO tempest.lib.common.rest_client [req-79e30380-3fe2-40f4-a712-815083369e14 req-79e30380-3fe2-40f4-a712-815083369e14 ] Request (SecurityGroupsNegativeTestJSON:setUpClass): 201 POST http://10.180.1.21/identity/v3/projects 0.030s
2025-12-09 20:43:24.436 65486 INFO tempest.lib.common.rest_client [req-1d5f2633-c0cd-4949-a3a4-95c19bef512b req-1d5f2633-c0cd-4949-a3a4-95c19bef512b ] Request (ServerActionsTestOtherA:setUpClass): 200 GET http://10.180.1.21/compute/v2.1/servers/15280944-e6cc-4060-8dae-cb8e3d7992f5 0.338s
2025-12-09 20:43:24.474 65476 INFO tempest.lib.common.rest_client [req-df0da9af-e978-4edc-a7c7-8334f1b22687 req-df0da9af-e978-4edc-a7c7-8334f1b22687 ] Request (ServersAdminNegativeTestJSON:tearDownClass): 204 DELETE http://10.180.1.21/compute/v2.1/servers/11cf22f8-4efd-40f8-956c-984ac7b11cc2 0.356s
2025-12-09 20:43:24.498 65480 INFO tempest.lib.common.rest_client [req-4618cba9-6a1f-4e0b-9718-651355ad59fd req-4618cba9-6a1f-4e0b-9718-651355ad59fd ] Request (ServersTestJSON:setUpClass): 200 GET http://10.180.1.21/compute/v2.1/servers/dfd175b9-04da-4d2f-ade6-6b29717bb05b 0.348s
2025-12-09 20:43:24.513 65469 INFO tempest.lib.common.rest_client [req-391140af-86d9-4796-acf5-3a9edf9ecce4 req-391140af-86d9-4796-acf5-3a9edf9ecce4 ] Request (SecurityGroupsNegativeTestJSON:setUpClass): 201 POST http://10.180.1.21/identity/v3/users 0.086s
2025-12-09 20:43:24.540 65469 INFO tempest.lib.common.rest_client [req-34a61c89-cfac-4868-9fd8-408740c86b20 req-34a61c89-cfac-4868-9fd8-408740c86b20 ] Request (SecurityGroupsNegativeTestJSON:setUpClass): 200 GET http://10.180.1.21/identity/v3/roles 0.026s
2025-12-09 20:43:24.565 65443 INFO tempest.lib.common.rest_client [req-027caf46-a5db-4219-b3d5-e1567455c1d4 req-027caf46-a5db-4219-b3d5-e1567455c1d4 ] Request (MultipleCreateTestJSON:test_multiple_create_with_reservation_return): 200 GET http://10.180.1.21/compute/v2.1/servers/8f3cd531-6571-4a5d-8ce6-14b1089c7143 0.353s
2025-12-09 20:43:24.580 65469 INFO tempest.lib.common.rest_client [req-287bfe25-5b43-46f2-8ed5-0703984e5d80 req-287bfe25-5b43-46f2-8ed5-0703984e5d80 ] Request (SecurityGroupsNegativeTestJSON:setUpClass): 204 PUT http://10.180.1.21/identity/v3/projects/4f40ff2cf1fb4aca87592ae176ae71ff/users/d79c0647e5df495c80e4b43f18b7a7a3/roles/73548bf2abc84a758cf47be2ec54e28c 0.039s
2025-12-09 20:43:24.580 65469 INFO tempest.lib.common.dynamic_creds [-] Dynamic test user d79c0647e5df495c80e4b43f18b7a7a3 is created with scope project and roles: ['member']
2025-12-09 20:43:24.581 65469 INFO tempest.lib.common.dynamic_creds [-] Acquired dynamic creds: credentials: Credentials: {'domain_id': 'default', 'domain_name': 'Default', 'username': 'tempest-SecurityGroupsNegativeTestJSON-1992793943-project-member', 'project_domain_id': 'default', 'project_domain_name': 'Default', 'project_id': '4f40ff2cf1fb4aca87592ae176ae71ff', 'project_name': 'tempest-SecurityGroupsNegativeTestJSON-1992793943', 'tenant_id': '4f40ff2cf1fb4aca87592ae176ae71ff', 'tenant_name': 'tempest-SecurityGroupsNegativeTestJSON-1992793943', 'user_domain_id': 'default', 'user_domain_name': 'Default', 'user_id': 'd79c0647e5df495c80e4b43f18b7a7a3', 'system': None}, Network: None, Subnet: None, Router: None
2025-12-09 20:43:24.624 65463 INFO tempest.lib.common.rest_client [req-fef00854-598e-4bf0-b1a9-27a0e33d0b46 req-fef00854-598e-4bf0-b1a9-27a0e33d0b46 ] Request (ServersTestFqdnHostnames:test_create_server_with_fqdn_name): 200 GET http://10.180.1.21/compute/v2.1/servers/6eb9c7db-0e75-431d-b8ef-67803bbe31fa 0.343s
2025-12-09 20:43:24.642 65469 INFO tempest.lib.common.rest_client [req-0976d2c0-340c-49d4-a173-9b4112cfebb2 req-0976d2c0-340c-49d4-a173-9b4112cfebb2 ] Request (SecurityGroupsNegativeTestJSON:setUpClass): 201 POST http://10.180.1.21/identity/v3/auth/tokens 0.060s
2025-12-09 20:43:24.656 65494 INFO tempest.lib.common.rest_client [req-1e0983b3-2e85-44ba-acea-6b426501ef29 req-1e0983b3-2e85-44ba-acea-6b426501ef29 ] Request (ImagesOneServerNegativeTestJSON:test_create_second_image_when_first_image_is_being_saved): 409 POST http://10.180.1.21/compute/v2.1/servers/b1ee0159-c3a4-4154-a2ca-3994560c5af8/action 0.372s
2025-12-09 20:43:24.656 65479 INFO tempest.lib.common.rest_client [req-f9342710-12c1-431a-a72b-666e50053cb1 req-f9342710-12c1-431a-a72b-666e50053cb1 ] Request (FloatingIPsAssociationTestJSON:test_associate_already_associated_floating_ip): 200 GET http://10.180.1.21/compute/v2.1/servers/bb88414a-8c1d-406c-8be9-bc110a1638fd 0.499s
2025-12-09 20:43:24.822 65476 INFO tempest.lib.common.rest_client [req-167f67e6-63e9-412f-a740-3c1d5823cd94 req-167f67e6-63e9-412f-a740-3c1d5823cd94 ] Request (ServersAdminNegativeTestJSON:tearDownClass): 200 GET http://10.180.1.21/compute/v2.1/servers/11cf22f8-4efd-40f8-956c-984ac7b11cc2 0.347s
2025-12-09 20:43:24.852 65465 INFO tempest.lib.common.rest_client [req-8aaa7841-0cd5-4af7-9730-df7d8d1fe9d6 req-8aaa7841-0cd5-4af7-9730-df7d8d1fe9d6 ] Request (ServersAdminTestJSON:test_rebuild_server_in_error_state): 200 GET http://10.180.1.21/compute/v2.1/servers/1931b249-c36d-4e88-9f02-60084f10b45b 0.449s
2025-12-09 20:43:24.902 65472 INFO tempest.lib.common.rest_client [req-98b2f3c7-e37f-4952-8f58-dba83bc3ab15 req-98b2f3c7-e37f-4952-8f58-dba83bc3ab15 ] Request (ServersTestMultiNic:_run_cleanups): 200 GET http://10.180.1.21/compute/v2.1/servers/0c9b61c4-8221-4121-b97a-4275c891dca1 0.380s
2025-12-09 20:43:24.929 65469 INFO tempest.lib.common.rest_client [req-59b8cb08-8701-4bcb-9cd9-252538984789 req-59b8cb08-8701-4bcb-9cd9-252538984789 ] Request (SecurityGroupsNegativeTestJSON:setUpClass): 201 POST http://10.180.1.21/networking/v2.0/networks 0.287s
2025-12-09 20:43:24.954 65467 INFO tempest.lib.common.rest_client [req-ac8a6817-e351-4456-acf9-224905f57161 req-ac8a6817-e351-4456-acf9-224905f57161 ] Request (ServerActionsV293TestJSON:setUpClass): 200 GET http://10.180.1.21/compute/v2.1/servers/654de91c-aca1-416c-b7fe-7e537e0b655f 0.339s
2025-12-09 20:43:24.995 65494 INFO tempest.lib.common.rest_client [req-3e7722c0-4b6d-4b6d-87eb-c42bf3c12dc1 req-3e7722c0-4b6d-4b6d-87eb-c42bf3c12dc1 ] Request (ImagesOneServerNegativeTestJSON:test_create_second_image_when_first_image_is_being_saved): 204 DELETE http://10.180.1.21/compute/v2.1/images/8ee3f688-90f1-4ea2-be49-d20985ab45fd 0.339s
2025-12-09 20:43:25.050 65499 INFO tempest.lib.common.rest_client [req-f612eefc-31cd-4a40-9bde-662fb42e2b5c req-f612eefc-31cd-4a40-9bde-662fb42e2b5c ] Request (ServersListShow2100Test:tearDownClass): 200 GET http://10.180.1.21/compute/v2.1/servers/41d1913e-c0f0-4b54-b912-1abd326cc638 0.317s
2025-12-09 20:43:25.065 65439 INFO tempest.lib.common.rest_client [req-b0855518-ba7e-4c54-9b77-d7de4d87f5bd req-b0855518-ba7e-4c54-9b77-d7de4d87f5bd ] Request (FloatingIPsAssociationNegativeTestJSON:setUpClass): 200 GET http://10.180.1.21/compute/v2.1/servers/436fefbe-51ad-416d-8f2f-7e371c664e45 0.260s
2025-12-09 20:43:25.112 65445 INFO tempest.lib.common.rest_client [req-cfab87aa-2f16-4ac4-93dc-2c13cd16bd8a req-cfab87aa-2f16-4ac4-93dc-2c13cd16bd8a ] Request (ListServersNegativeTestJSON:setUpClass): 200 GET http://10.180.1.21/compute/v2.1/servers/2312931d-e1cd-4224-a8f4-bb73bb6afdbf 0.304s
2025-12-09 20:43:25.136 65469 INFO tempest.lib.common.rest_client [req-402e4910-efca-416b-90bc-9792020c9043 req-402e4910-efca-416b-90bc-9792020c9043 ] Request (SecurityGroupsNegativeTestJSON:setUpClass): 201 POST http://10.180.1.21/networking/v2.0/subnets 0.206s
2025-12-09 20:43:25.141 65492 INFO tempest.lib.common.rest_client [req-a5018973-d80b-41bc-972d-ed5ea9a4dd2e req-a5018973-d80b-41bc-972d-ed5ea9a4dd2e ] Request (VolumesAssistedSnapshotsTest:tearDownClass): 200 GET http://10.180.1.21/compute/v2.1/servers/47e49d4e-1b21-4b41-940e-4d062b3120a8 0.226s
2025-12-09 20:43:25.173 65435 INFO tempest.lib.common.rest_client [req-9399469c-77a2-41fb-a803-b019e1875d8e req-9399469c-77a2-41fb-a803-b019e1875d8e ] Request (SecurityGroupsTestJSON:test_server_security_groups): 200 GET http://10.180.1.21/compute/v2.1/servers/298bc9b8-0591-46a8-9f3b-d68d75151b60 0.193s
2025-12-09 20:43:25.234 65482 INFO tempest.lib.common.rest_client [req-a498a203-46f8-46fb-afd2-b06b9f158af5 req-a498a203-46f8-46fb-afd2-b06b9f158af5 ] Request (ImagesTestJSON:test_create_server_from_snapshot): 200 GET http://10.180.1.21/compute/v2.1/servers/144a0d79-5ae8-4827-9b1a-26ad4783d9da 0.200s
2025-12-09 20:43:25.261 65494 INFO tempest.lib.common.rest_client [req-80333209-7697-4f8e-a8a8-e0f397fe6c27 req-80333209-7697-4f8e-a8a8-e0f397fe6c27 ] Request (ImagesOneServerNegativeTestJSON:tearDown): 200 GET http://10.180.1.21/compute/v2.1/servers/b1ee0159-c3a4-4154-a2ca-3994560c5af8 0.265s
2025-12-09 20:43:25.302 65491 INFO tempest.lib.common.rest_client [req-729703be-c498-483c-b5c0-c29485c2fc24 req-729703be-c498-483c-b5c0-c29485c2fc24 ] Request (ServersAdmin275Test:test_rebuild_update_server_275): 200 GET http://10.180.1.21/compute/v2.1/servers/098cb3b4-7497-46bb-97f0-b7ebc33926b2 0.205s
2025-12-09 20:43:25.318 65459 INFO tempest.lib.common.rest_client [req-094b69c8-7090-40fe-b0c2-dee2a6d15f36 req-094b69c8-7090-40fe-b0c2-dee2a6d15f36 ] Request (ServerRescueTestJSON:setUpClass): 200 GET http://10.180.1.21/compute/v2.1/servers/c22a312d-4a61-40db-a22b-809c0ed6813b 0.144s
2025-12-09 20:43:25.372 65457 INFO tempest.lib.common.rest_client [req-bcb6c818-22a8-441f-b8b3-4f3fba9cffb6 req-bcb6c818-22a8-441f-b8b3-4f3fba9cffb6 ] Request (MigrationsAdminTest:test_resize_server_revert_deleted_flavor): 200 GET http://10.180.1.21/compute/v2.1/servers/86467582-45da-4e10-83db-4f98ae9f61f1 0.138s
2025-12-09 20:43:25.390 65437 INFO tempest.lib.common.rest_client [req-d325ee28-8231-4321-b771-7fb2be4e6539 req-d325ee28-8231-4321-b771-7fb2be4e6539 ] Request (ServerDiskConfigTestJSON:test_resize_server_from_auto_to_manual): 200 GET http://10.180.1.21/compute/v2.1/servers/b48f053d-36ea-4380-9107-f49a9423a938 0.103s
2025-12-09 20:43:25.427 65447 INFO tempest.lib.common.rest_client [req-351b51cf-0bba-40be-a136-4914b47162c1 req-351b51cf-0bba-40be-a136-4914b47162c1 ] Request (ServersWithSpecificFlavorTestJSON:test_verify_created_server_ephemeral_disk): 200 GET http://10.180.1.21/compute/v2.1/servers/585a809a-ce9a-4383-bb5d-332ea0389f50 0.073s
2025-12-09 20:43:25.461 65484 INFO tempest.lib.common.rest_client [req-02355e75-47a0-416a-a353-5d6f99886a1c req-02355e75-47a0-416a-a353-5d6f99886a1c ] Request (ListServerFiltersTestJSON:tearDownClass): 200 GET http://10.180.1.21/compute/v2.1/servers/d37cc94a-7473-4cfc-a522-4fbce2262a1f 0.099s
2025-12-09 20:43:25.464 65455 INFO tempest.lib.common.rest_client [req-af03e040-94b1-4aff-b377-be7bf0eebe82 req-af03e040-94b1-4aff-b377-be7bf0eebe82 ] Request (ListImageFiltersTestJSON:setUpClass): 200 GET http://10.180.1.21/compute/v2.1/images/e2a6981e-3608-4f01-a369-c3a40915f56a 0.079s
2025-12-09 20:43:25.558 65486 INFO tempest.lib.common.rest_client [req-b59d59b5-8608-4bbc-b39e-249b33197686 req-b59d59b5-8608-4bbc-b39e-249b33197686 ] Request (ServerActionsTestOtherA:setUpClass): 200 GET http://10.180.1.21/compute/v2.1/servers/15280944-e6cc-4060-8dae-cb8e3d7992f5 0.113s
2025-12-09 20:43:25.569 65486 INFO tempest.common.waiters [-] State transition "BUILD/None" ==> "BUILD/networking" after 49 second wait
2025-12-09 20:43:25.580 65480 INFO tempest.lib.common.rest_client [req-adb5a804-eecb-4687-a3c6-041d971344e7 req-adb5a804-eecb-4687-a3c6-041d971344e7 ] Request (ServersTestJSON:setUpClass): 200 GET http://10.180.1.21/compute/v2.1/servers/dfd175b9-04da-4d2f-ade6-6b29717bb05b 0.072s
2025-12-09 20:43:25.636 65443 INFO tempest.lib.common.rest_client [req-e026378f-cb33-434d-84c1-411b94123205 req-e026378f-cb33-434d-84c1-411b94123205 ] Request (MultipleCreateTestJSON:test_multiple_create_with_reservation_return): 200 GET http://10.180.1.21/compute/v2.1/servers/8f3cd531-6571-4a5d-8ce6-14b1089c7143 0.063s
2025-12-09 20:43:25.695 65463 INFO tempest.lib.common.rest_client [req-d8b7e749-299c-417c-926e-e5536cfe48c0 req-d8b7e749-299c-417c-926e-e5536cfe48c0 ] Request (ServersTestFqdnHostnames:test_create_server_with_fqdn_name): 200 GET http://10.180.1.21/compute/v2.1/servers/6eb9c7db-0e75-431d-b8ef-67803bbe31fa 0.062s
2025-12-09 20:43:25.793 65479 INFO tempest.lib.common.rest_client [req-7e8f4dc7-b398-4300-b12b-efa69085cfa0 req-7e8f4dc7-b398-4300-b12b-efa69085cfa0 ] Request (FloatingIPsAssociationTestJSON:test_associate_already_associated_floating_ip): 200 GET http://10.180.1.21/compute/v2.1/servers/bb88414a-8c1d-406c-8be9-bc110a1638fd 0.128s
2025-12-09 20:43:25.934 65469 INFO tempest.lib.common.rest_client [req-6b544a56-2d06-43d1-befd-36fc49ad1e89 req-6b544a56-2d06-43d1-befd-36fc49ad1e89 ] Request (SecurityGroupsNegativeTestJSON:setUpClass): 201 POST http://10.180.1.21/networking/v2.0/routers 0.798s
2025-12-09 20:43:26.014 65476 INFO tempest.lib.common.rest_client [req-832e0cde-44bf-4bfc-88ff-a009e9c15e84 req-832e0cde-44bf-4bfc-88ff-a009e9c15e84 ] Request (ServersAdminNegativeTestJSON:tearDownClass): 200 GET http://10.180.1.21/compute/v2.1/servers/11cf22f8-4efd-40f8-956c-984ac7b11cc2 0.178s
2025-12-09 20:43:26.472 65474 WARNING tempest.lib.common.ssh [-] Failed to establish authenticated ssh connection to cirros@10.180.180.215 ([Errno None] Unable to connect to port 22 on 10.180.180.215). Number attempts: 4. Retry after 5 seconds.: paramiko.ssh_exception.NoValidConnectionsError: [Errno None] Unable to connect to port 22 on 10.180.180.215
2025-12-09 20:43:26.815 65465 INFO tempest.lib.common.rest_client [req-85fb472a-99bc-4841-92a0-4922e935c9f6 req-85fb472a-99bc-4841-92a0-4922e935c9f6 ] Request (ServersAdminTestJSON:test_rebuild_server_in_error_state): 200 GET http://10.180.1.21/compute/v2.1/servers/1931b249-c36d-4e88-9f02-60084f10b45b 0.947s
2025-12-09 20:43:26.826 65465 INFO tempest.common.waiters [-] State transition "REBUILD/rebuild_spawning" ==> "ACTIVE/None" after 10 second wait
2025-12-09 20:43:26.834 65472 INFO tempest.lib.common.rest_client [req-f0f0b639-bfb4-40e1-94bf-f4e82cc5e4fb req-f0f0b639-bfb4-40e1-94bf-f4e82cc5e4fb ] Request (ServersTestMultiNic:_run_cleanups): 200 GET http://10.180.1.21/compute/v2.1/servers/0c9b61c4-8221-4121-b97a-4275c891dca1 0.924s
2025-12-09 20:43:26.847 65469 INFO tempest.lib.common.rest_client [req-2cf96410-fb94-419a-acd3-3ea72a8b3d2e req-2cf96410-fb94-419a-acd3-3ea72a8b3d2e ] Request (SecurityGroupsNegativeTestJSON:setUpClass): 200 PUT http://10.180.1.21/networking/v2.0/routers/b4cf7247-c0b1-4a39-8228-06509bebe874/add_router_interface 0.912s
2025-12-09 20:43:26.848 65469 INFO tempest.lib.common.dynamic_creds [-] Created isolated network resources for: credentials: Credentials: {'domain_id': 'default', 'domain_name': 'Default', 'username': 'tempest-SecurityGroupsNegativeTestJSON-1992793943-project-member', 'project_domain_id': 'default', 'project_domain_name': 'Default', 'project_id': '4f40ff2cf1fb4aca87592ae176ae71ff', 'project_name': 'tempest-SecurityGroupsNegativeTestJSON-1992793943', 'tenant_id': '4f40ff2cf1fb4aca87592ae176ae71ff', 'tenant_name': 'tempest-SecurityGroupsNegativeTestJSON-1992793943', 'user_domain_id': 'default', 'user_domain_name': 'Default', 'user_id': 'd79c0647e5df495c80e4b43f18b7a7a3', 'system': None}, Network: {'id': '3ebbcec5-e4a4-4fa1-bb71-bc9cdf12c293', 'name': 'tempest-SecurityGroupsNegativeTestJSON-865345611-network', 'tenant_id': '4f40ff2cf1fb4aca87592ae176ae71ff', 'project_id': '4f40ff2cf1fb4aca87592ae176ae71ff', 'admin_state_up': True, 'mtu': 8950, 'status': 'ACTIVE', 'subnets': [], 'shared': False, 'port_security_enabled': True, 'router:external': False, 'provider:network_type': 'vlan', 'provider:physical_network': 'default', 'provider:segmentation_id': 868, 'availability_zone_hints': [], 'availability_zones': [], 'ipv4_address_scope': None, 'ipv6_address_scope': None, 'description': '', 'tags': [], 'created_at': '2025-12-09T20:43:24Z', 'updated_at': '2025-12-09T20:43:24Z', 'revision_number': 1}, Subnet: {'id': 'ea36fac2-7263-4b94-adac-9667edec2e97', 'name': 'tempest-SecurityGroupsNegativeTestJSON-865345611-subnet', 'tenant_id': '4f40ff2cf1fb4aca87592ae176ae71ff', 'network_id': '3ebbcec5-e4a4-4fa1-bb71-bc9cdf12c293', 'ip_version': 4, 'subnetpool_id': None, 'enable_dhcp': True, 'ipv6_ra_mode': None, 'ipv6_address_mode': None, 'gateway_ip': '192.168.128.1', 'cidr': '192.168.128.0/28', 'allocation_pools': [{'start': '192.168.128.2', 'end': '192.168.128.14'}], 'host_routes': [], 'dns_nameservers': [], 'description': '', 'router:external': False, 'service_types': [], 'tags': [], 'created_at': '2025-12-09T20:43:24Z', 'updated_at': '2025-12-09T20:43:24Z', 'revision_number': 0, 'project_id': '4f40ff2cf1fb4aca87592ae176ae71ff'}, Router: {'id': 'b4cf7247-c0b1-4a39-8228-06509bebe874', 'name': 'tempest-SecurityGroupsNegativeTestJSON-865345611-router', 'tenant_id': '4f40ff2cf1fb4aca87592ae176ae71ff', 'admin_state_up': True, 'status': 'ACTIVE', 'external_gateway_info': {'network_id': 'e95af030-a598-4b5a-b8ad-0463bd328e34', 'external_fixed_ips': [{'subnet_id': 'b0a1ab51-ef59-42b9-8d76-9051dc719bca', 'ip_address': '10.180.180.214'}], 'enable_snat': True}, 'description': '', 'availability_zones': [], 'distributed': False, 'ha': False, 'availability_zone_hints': [], 'routes': [], 'flavor_id': None, 'tags': [], 'created_at': '2025-12-09T20:43:25Z', 'updated_at': '2025-12-09T20:43:25Z', 'revision_number': 2, 'project_id': '4f40ff2cf1fb4aca87592ae176ae71ff'}
2025-12-09 20:43:26.904 65467 INFO tempest.lib.common.rest_client [req-1c8b4f5a-92b8-4b83-8599-0dcbc2ff0dcd req-1c8b4f5a-92b8-4b83-8599-0dcbc2ff0dcd ] Request (ServerActionsV293TestJSON:setUpClass): 200 GET http://10.180.1.21/compute/v2.1/servers/654de91c-aca1-416c-b7fe-7e537e0b655f 0.934s
2025-12-09 20:43:26.965 65469 INFO tempest.lib.common.rest_client [req-5fe0de30-7064-4303-a66c-c2d2167e7f77 req-5fe0de30-7064-4303-a66c-c2d2167e7f77 ] Request (SecurityGroupsNegativeTestJSON:setUpClass): 201 POST http://10.180.1.21/identity/v3/auth/tokens 0.112s
2025-12-09 20:43:27.207 65499 INFO tempest.lib.common.rest_client [req-c3ea76a3-f232-47e0-881c-0f0a265b5854 req-c3ea76a3-f232-47e0-881c-0f0a265b5854 ] Request (ServersListShow2100Test:tearDownClass): 200 GET http://10.180.1.21/compute/v2.1/servers/41d1913e-c0f0-4b54-b912-1abd326cc638 1.142s
2025-12-09 20:43:27.221 65439 INFO tempest.lib.common.rest_client [req-2b0ee89a-71f8-474a-ac42-f30cb004261e req-2b0ee89a-71f8-474a-ac42-f30cb004261e ] Request (FloatingIPsAssociationNegativeTestJSON:setUpClass): 200 GET http://10.180.1.21/compute/v2.1/servers/436fefbe-51ad-416d-8f2f-7e371c664e45 1.146s
2025-12-09 20:43:27.280 65445 INFO tempest.lib.common.rest_client [req-a8599d29-c122-4ca4-82ee-87ec9f6ca111 req-a8599d29-c122-4ca4-82ee-87ec9f6ca111 ] Request (ListServersNegativeTestJSON:setUpClass): 200 GET http://10.180.1.21/compute/v2.1/servers/2312931d-e1cd-4224-a8f4-bb73bb6afdbf 1.154s
2025-12-09 20:43:27.295 65492 INFO tempest.lib.common.rest_client [req-2272afdc-19e2-4413-ba8c-f9399e7e0131 req-2272afdc-19e2-4413-ba8c-f9399e7e0131 ] Request (VolumesAssistedSnapshotsTest:tearDownClass): 200 GET http://10.180.1.21/compute/v2.1/servers/47e49d4e-1b21-4b41-940e-4d062b3120a8 1.139s
2025-12-09 20:43:27.333 65435 INFO tempest.lib.common.rest_client [req-3cde36e9-8492-41d8-a1f7-8d616799301c req-3cde36e9-8492-41d8-a1f7-8d616799301c ] Request (SecurityGroupsTestJSON:test_server_security_groups): 200 GET http://10.180.1.21/compute/v2.1/servers/298bc9b8-0591-46a8-9f3b-d68d75151b60 1.152s
2025-12-09 20:43:27.352 65482 INFO tempest.lib.common.rest_client [req-7f108ed4-b054-448d-af60-23aa7fb123e7 req-7f108ed4-b054-448d-af60-23aa7fb123e7 ] Request (ImagesTestJSON:test_create_server_from_snapshot): 200 GET http://10.180.1.21/compute/v2.1/servers/144a0d79-5ae8-4827-9b1a-26ad4783d9da 1.107s
2025-12-09 20:43:27.419 65491 INFO tempest.lib.common.rest_client [req-5d867863-1be5-4972-9f20-896ad7423abc req-5d867863-1be5-4972-9f20-896ad7423abc ] Request (ServersAdmin275Test:test_rebuild_update_server_275): 200 GET http://10.180.1.21/compute/v2.1/servers/098cb3b4-7497-46bb-97f0-b7ebc33926b2 1.105s
2025-12-09 20:43:27.445 65494 INFO tempest.lib.common.rest_client [req-0b2d08ae-a5f7-4ee7-9b73-93db97450a3d req-0b2d08ae-a5f7-4ee7-9b73-93db97450a3d ] Request (ImagesOneServerNegativeTestJSON:tearDown): 200 GET http://10.180.1.21/compute/v2.1/servers/b1ee0159-c3a4-4154-a2ca-3994560c5af8 1.176s
2025-12-09 20:43:27.460 65494 INFO tempest.common.waiters [-] State transition "ACTIVE/image_snapshot" ==> "ACTIVE/image_pending_upload" after 2 second wait
2025-12-09 20:43:27.489 65459 INFO tempest.lib.common.rest_client [req-8e83309c-105a-4bea-bf4b-43092be16d1f req-8e83309c-105a-4bea-bf4b-43092be16d1f ] Request (ServerRescueTestJSON:setUpClass): 200 GET http://10.180.1.21/compute/v2.1/servers/c22a312d-4a61-40db-a22b-809c0ed6813b 1.162s
2025-12-09 20:43:27.529 65457 INFO tempest.lib.common.rest_client [req-fd253de8-109b-4075-82f1-a73aab3600cf req-fd253de8-109b-4075-82f1-a73aab3600cf ] Request (MigrationsAdminTest:test_resize_server_revert_deleted_flavor): 200 GET http://10.180.1.21/compute/v2.1/servers/86467582-45da-4e10-83db-4f98ae9f61f1 1.148s
2025-12-09 20:43:27.546 65437 INFO tempest.lib.common.rest_client [req-f2912755-0475-4aff-8b09-981bbc92daa1 req-f2912755-0475-4aff-8b09-981bbc92daa1 ] Request (ServerDiskConfigTestJSON:test_resize_server_from_auto_to_manual): 200 GET http://10.180.1.21/compute/v2.1/servers/b48f053d-36ea-4380-9107-f49a9423a938 1.141s
2025-12-09 20:43:27.582 65455 INFO tempest.lib.common.rest_client [req-ff209b9e-505f-4196-9b57-c18e654cf61f req-ff209b9e-505f-4196-9b57-c18e654cf61f ] Request (ListImageFiltersTestJSON:setUpClass): 200 GET http://10.180.1.21/compute/v2.1/images/e2a6981e-3608-4f01-a369-c3a40915f56a 1.114s
2025-12-09 20:43:27.585 65447 INFO tempest.lib.common.rest_client [req-8a60a3a7-38e2-4f68-84a7-4f6f73967475 req-8a60a3a7-38e2-4f68-84a7-4f6f73967475 ] Request (ServersWithSpecificFlavorTestJSON:test_verify_created_server_ephemeral_disk): 200 GET http://10.180.1.21/compute/v2.1/servers/585a809a-ce9a-4383-bb5d-332ea0389f50 1.144s
2025-12-09 20:43:27.699 65484 INFO tempest.lib.common.rest_client [req-5f50c948-e964-406a-89a3-3b8bfcbaecf6 req-5f50c948-e964-406a-89a3-3b8bfcbaecf6 ] Request (ListServerFiltersTestJSON:tearDownClass): 200 GET http://10.180.1.21/compute/v2.1/servers/d37cc94a-7473-4cfc-a522-4fbce2262a1f 1.228s
2025-12-09 20:43:27.752 65486 INFO tempest.lib.common.rest_client [req-7c55ca50-5bad-43c2-b867-d502377fe424 req-7c55ca50-5bad-43c2-b867-d502377fe424 ] Request (ServerActionsTestOtherA:setUpClass): 200 GET http://10.180.1.21/compute/v2.1/servers/15280944-e6cc-4060-8dae-cb8e3d7992f5 1.182s
2025-12-09 20:43:27.763 65486 INFO tempest.common.waiters [-] State transition "BUILD/networking" ==> "BUILD/spawning" after 51 second wait
2025-12-09 20:43:27.778 65480 INFO tempest.lib.common.rest_client [req-33be0de9-eab7-472b-bb00-2798b39973a4 req-33be0de9-eab7-472b-bb00-2798b39973a4 ] Request (ServersTestJSON:setUpClass): 200 GET http://10.180.1.21/compute/v2.1/servers/dfd175b9-04da-4d2f-ade6-6b29717bb05b 1.189s
2025-12-09 20:43:27.830 65443 INFO tempest.lib.common.rest_client [req-e01f8c95-7197-4021-9377-998bd905680c req-e01f8c95-7197-4021-9377-998bd905680c ] Request (MultipleCreateTestJSON:test_multiple_create_with_reservation_return): 200 GET http://10.180.1.21/compute/v2.1/servers/8f3cd531-6571-4a5d-8ce6-14b1089c7143 1.184s
2025-12-09 20:43:27.848 65463 INFO tempest.lib.common.rest_client [req-10e75a28-1a64-421c-add8-dd4514406237 req-10e75a28-1a64-421c-add8-dd4514406237 ] Request (ServersTestFqdnHostnames:test_create_server_with_fqdn_name): 200 GET http://10.180.1.21/compute/v2.1/servers/6eb9c7db-0e75-431d-b8ef-67803bbe31fa 1.139s
2025-12-09 20:43:27.964 65479 INFO tempest.lib.common.rest_client [req-704d9dec-1da4-4d7a-94f5-00eda2fb48cb req-704d9dec-1da4-4d7a-94f5-00eda2fb48cb ] Request (FloatingIPsAssociationTestJSON:test_associate_already_associated_floating_ip): 200 GET http://10.180.1.21/compute/v2.1/servers/bb88414a-8c1d-406c-8be9-bc110a1638fd 1.161s
2025-12-09 20:43:27.973 65479 INFO tempest.common.waiters [-] State transition "BUILD/spawning" ==> "ACTIVE/None" after 51 second wait
2025-12-09 20:43:27.995 65465 INFO tempest.lib.common.rest_client [req-a8c4f242-8486-4415-a3a2-a0c16a26ed03 req-a8c4f242-8486-4415-a3a2-a0c16a26ed03 ] Request (ServersAdminTestJSON:test_rebuild_server_in_error_state): 200 GET http://10.180.1.21/compute/v2.1/servers/1931b249-c36d-4e88-9f02-60084f10b45b 1.168s
2025-12-09 20:43:28.046 65476 INFO tempest.lib.common.rest_client [req-23356efb-036a-46d9-8d7b-52176210fa83 req-23356efb-036a-46d9-8d7b-52176210fa83 ] Request (ServersAdminNegativeTestJSON:tearDownClass): 200 GET http://10.180.1.21/compute/v2.1/servers/11cf22f8-4efd-40f8-956c-984ac7b11cc2 1.021s
2025-12-09 20:43:28.074 65469 INFO tempest.lib.common.rest_client [req-69f33da4-44ff-4ff9-9207-5e62f5baba7e req-69f33da4-44ff-4ff9-9207-5e62f5baba7e ] Request (SecurityGroupsNegativeTestJSON:test_delete_nonexistent_security_group): 404 DELETE http://10.180.1.21/compute/v2.1/os-security-groups/1499d625-f5d6-4560-9225-d7b7d31e9311 1.106s
2025-12-09 20:43:28.131 65467 INFO tempest.lib.common.rest_client [req-3139bd3c-a0e5-4ec0-b262-c24e6933768b req-3139bd3c-a0e5-4ec0-b262-c24e6933768b ] Request (ServerActionsV293TestJSON:setUpClass): 200 GET http://10.180.1.21/compute/v2.1/servers/654de91c-aca1-416c-b7fe-7e537e0b655f 0.211s
2025-12-09 20:43:28.144 65472 INFO tempest.lib.common.rest_client [req-a023ecba-90fc-401b-b73b-9a5f5c99eb0a req-a023ecba-90fc-401b-b73b-9a5f5c99eb0a ] Request (ServersTestMultiNic:_run_cleanups): 200 GET http://10.180.1.21/compute/v2.1/servers/0c9b61c4-8221-4121-b97a-4275c891dca1 0.294s
2025-12-09 20:43:28.340 65465 INFO tempest.lib.common.rest_client [req-bfd331d7-2dd7-420f-af42-d184b64a7b83 req-bfd331d7-2dd7-420f-af42-d184b64a7b83 ] Request (ServersAdminTestJSON:_run_cleanups): 202 POST http://10.180.1.21/compute/v2.1/servers/1931b249-c36d-4e88-9f02-60084f10b45b/action 0.336s
2025-12-09 20:43:28.346 65469 INFO tempest.lib.common.rest_client [req-e188aec8-4832-432a-9e2b-067811d48ef2 req-e188aec8-4832-432a-9e2b-067811d48ef2 ] Request (SecurityGroupsNegativeTestJSON:test_delete_security_group_without_passing_id): 404 DELETE http://10.180.1.21/compute/v2.1/os-security-groups/ 0.271s
2025-12-09 20:43:28.553 65499 INFO tempest.lib.common.rest_client [req-730b87ed-615c-4872-9663-58ece7a55abb req-730b87ed-615c-4872-9663-58ece7a55abb ] Request (ServersListShow2100Test:tearDownClass): 200 GET http://10.180.1.21/compute/v2.1/servers/41d1913e-c0f0-4b54-b912-1abd326cc638 0.330s
2025-12-09 20:43:28.622 65439 INFO tempest.lib.common.rest_client [req-737d3d95-6572-4bd9-b260-a42b6d8efca0 req-737d3d95-6572-4bd9-b260-a42b6d8efca0 ] Request (FloatingIPsAssociationNegativeTestJSON:setUpClass): 200 GET http://10.180.1.21/compute/v2.1/servers/436fefbe-51ad-416d-8f2f-7e371c664e45 0.385s
2025-12-09 20:43:28.674 65445 INFO tempest.lib.common.rest_client [req-1f09b141-fc94-45e5-b112-1a75345b4f07 req-1f09b141-fc94-45e5-b112-1a75345b4f07 ] Request (ListServersNegativeTestJSON:setUpClass): 200 GET http://10.180.1.21/compute/v2.1/servers/2312931d-e1cd-4224-a8f4-bb73bb6afdbf 0.384s
2025-12-09 20:43:28.754 65492 INFO tempest.lib.common.rest_client [req-b6322c7e-8193-4372-aacd-81f285694b08 req-b6322c7e-8193-4372-aacd-81f285694b08 ] Request (VolumesAssistedSnapshotsTest:tearDownClass): 200 GET http://10.180.1.21/compute/v2.1/servers/47e49d4e-1b21-4b41-940e-4d062b3120a8 0.449s
2025-12-09 20:43:28.830 65435 INFO tempest.lib.common.rest_client [req-792b72f7-a92b-4f05-9540-439d01ce459d req-792b72f7-a92b-4f05-9540-439d01ce459d ] Request (SecurityGroupsTestJSON:test_server_security_groups): 200 GET http://10.180.1.21/compute/v2.1/servers/298bc9b8-0591-46a8-9f3b-d68d75151b60 0.488s
2025-12-09 20:43:28.840 65488 WARNING tempest.lib.common.ssh [-] Failed to establish authenticated ssh connection to cirros@10.180.180.137 ([Errno None] Unable to connect to port 22 on 10.180.180.137). Number attempts: 3. Retry after 4 seconds.: paramiko.ssh_exception.NoValidConnectionsError: [Errno None] Unable to connect to port 22 on 10.180.180.137
2025-12-09 20:43:29.004 65469 INFO tempest.lib.common.rest_client [req-47a9561b-c793-49c5-bc4a-a7e20970873e req-47a9561b-c793-49c5-bc4a-a7e20970873e ] Request (SecurityGroupsNegativeTestJSON:test_delete_the_default_security_group): 200 GET http://10.180.1.21/compute/v2.1/os-security-groups 0.657s
2025-12-09 20:43:29.206 65465 INFO tempest.lib.common.rest_client [req-7c1ea61c-8f4e-458f-8a15-90ee3f815e60 req-7c1ea61c-8f4e-458f-8a15-90ee3f815e60 ] Request (ServersAdminTestJSON:_run_cleanups): 200 GET http://10.180.1.21/compute/v2.1/servers/1931b249-c36d-4e88-9f02-60084f10b45b 0.854s
2025-12-09 20:43:29.267 65482 INFO tempest.lib.common.rest_client [req-64136d06-6af6-40dc-84c1-74e50747904f req-64136d06-6af6-40dc-84c1-74e50747904f ] Request (ImagesTestJSON:test_create_server_from_snapshot): 200 GET http://10.180.1.21/compute/v2.1/servers/144a0d79-5ae8-4827-9b1a-26ad4783d9da 0.906s
2025-12-09 20:43:29.366 65479 INFO tempest.lib.common.rest_client [req-0cc37470-73b8-4c0e-921f-24f3d658caae req-0cc37470-73b8-4c0e-921f-24f3d658caae ] Request (FloatingIPsAssociationTestJSON:test_associate_already_associated_floating_ip): 202 POST http://10.180.1.21/compute/v2.1/servers/9bbfa654-06fe-4ec6-a89f-af03b1f30383/action 1.391s
2025-12-09 20:43:29.393 65491 INFO tempest.lib.common.rest_client [req-613809db-1a32-4420-ad9c-8e3a9b0c383d req-613809db-1a32-4420-ad9c-8e3a9b0c383d ] Request (ServersAdmin275Test:test_rebuild_update_server_275): 200 GET http://10.180.1.21/compute/v2.1/servers/098cb3b4-7497-46bb-97f0-b7ebc33926b2 0.963s
2025-12-09 20:43:29.567 65459 INFO tempest.lib.common.rest_client [req-94b1d5d3-a5cb-4615-b8dc-59e83495763c req-94b1d5d3-a5cb-4615-b8dc-59e83495763c ] Request (ServerRescueTestJSON:setUpClass): 200 GET http://10.180.1.21/compute/v2.1/servers/c22a312d-4a61-40db-a22b-809c0ed6813b 1.067s
2025-12-09 20:43:29.602 65494 INFO tempest.lib.common.rest_client [req-515bfc4d-600c-4ee8-adcf-f6d8814de151 req-515bfc4d-600c-4ee8-adcf-f6d8814de151 ] Request (ImagesOneServerNegativeTestJSON:tearDown): 200 GET http://10.180.1.21/compute/v2.1/servers/b1ee0159-c3a4-4154-a2ca-3994560c5af8 1.141s
2025-12-09 20:43:29.610 65494 INFO tempest.common.waiters [-] State transition "ACTIVE/image_pending_upload" ==> "ACTIVE/image_uploading" after 4 second wait
2025-12-09 20:43:29.657 65457 INFO tempest.lib.common.rest_client [req-c8395bf2-c49e-4ae8-82e8-63f9fa3b20cb req-c8395bf2-c49e-4ae8-82e8-63f9fa3b20cb ] Request (MigrationsAdminTest:test_resize_server_revert_deleted_flavor): 200 GET http://10.180.1.21/compute/v2.1/servers/86467582-45da-4e10-83db-4f98ae9f61f1 1.119s
2025-12-09 20:43:29.670 65437 INFO tempest.lib.common.rest_client [req-01ceca4d-6c51-46ad-a814-b625c4e2429b req-01ceca4d-6c51-46ad-a814-b625c4e2429b ] Request (ServerDiskConfigTestJSON:test_resize_server_from_auto_to_manual): 200 GET http://10.180.1.21/compute/v2.1/servers/b48f053d-36ea-4380-9107-f49a9423a938 1.111s
2025-12-09 20:43:29.717 65455 INFO tempest.lib.common.rest_client [req-25f51fb3-4833-439c-a584-8eb6760867c7 req-25f51fb3-4833-439c-a584-8eb6760867c7 ] Request (ListImageFiltersTestJSON:setUpClass): 200 GET http://10.180.1.21/compute/v2.1/images/e2a6981e-3608-4f01-a369-c3a40915f56a 1.129s
2025-12-09 20:43:29.751 65447 INFO tempest.lib.common.rest_client [req-fe454a56-566b-4dde-a3b1-9f1d8d5c5726 req-fe454a56-566b-4dde-a3b1-9f1d8d5c5726 ] Request (ServersWithSpecificFlavorTestJSON:test_verify_created_server_ephemeral_disk): 200 GET http://10.180.1.21/compute/v2.1/servers/585a809a-ce9a-4383-bb5d-332ea0389f50 1.158s
2025-12-09 20:43:29.809 65484 INFO tempest.lib.common.rest_client [req-ad56961e-83b5-4cac-8db4-1c646fac7214 req-ad56961e-83b5-4cac-8db4-1c646fac7214 ] Request (ListServerFiltersTestJSON:tearDownClass): 200 GET http://10.180.1.21/compute/v2.1/servers/d37cc94a-7473-4cfc-a522-4fbce2262a1f 1.100s
2025-12-09 20:43:29.973 65486 INFO tempest.lib.common.rest_client [req-f9c7be8c-993b-4e35-b39b-5aa8e0fae2e1 req-f9c7be8c-993b-4e35-b39b-5aa8e0fae2e1 ] Request (ServerActionsTestOtherA:setUpClass): 200 GET http://10.180.1.21/compute/v2.1/servers/15280944-e6cc-4060-8dae-cb8e3d7992f5 1.208s
2025-12-09 20:43:30.038 65480 INFO tempest.lib.common.rest_client [req-7211d4a1-e23f-484a-9ffa-5b093b788a27 req-7211d4a1-e23f-484a-9ffa-5b093b788a27 ] Request (ServersTestJSON:setUpClass): 200 GET http://10.180.1.21/compute/v2.1/servers/dfd175b9-04da-4d2f-ade6-6b29717bb05b 1.242s
2025-12-09 20:43:30.045 65480 INFO tempest.common.waiters [-] State transition "BUILD/None" ==> "BUILD/spawning" after 53 second wait
2025-12-09 20:43:30.054 65443 INFO tempest.lib.common.rest_client [req-c4384c00-3e8d-49be-8918-34a7e76e21cc req-c4384c00-3e8d-49be-8918-34a7e76e21cc ] Request (MultipleCreateTestJSON:test_multiple_create_with_reservation_return): 200 GET http://10.180.1.21/compute/v2.1/servers/8f3cd531-6571-4a5d-8ce6-14b1089c7143 1.217s
2025-12-09 20:43:30.126 65463 INFO tempest.lib.common.rest_client [req-5567bbb9-ae84-4e5f-8bb7-b7658768efa3 req-5567bbb9-ae84-4e5f-8bb7-b7658768efa3 ] Request (ServersTestFqdnHostnames:test_create_server_with_fqdn_name): 200 GET http://10.180.1.21/compute/v2.1/servers/6eb9c7db-0e75-431d-b8ef-67803bbe31fa 1.269s
2025-12-09 20:43:30.134 65463 INFO tempest.common.waiters [-] State transition "BUILD/scheduling" ==> "BUILD/None" after 26 second wait
2025-12-09 20:43:30.166 65469 INFO tempest.lib.common.rest_client [req-87e5da82-76df-474f-b635-b09898085ee5 req-87e5da82-76df-474f-b635-b09898085ee5 ] Request (SecurityGroupsNegativeTestJSON:test_delete_the_default_security_group): 400 DELETE http://10.180.1.21/compute/v2.1/os-security-groups/487f81fc-7d26-4df9-8c42-3ed13411d485 1.154s
2025-12-09 20:43:30.206 65476 INFO tempest.lib.common.rest_client [req-7498ba8b-e29c-4c79-86b4-be6610b13cd5 req-7498ba8b-e29c-4c79-86b4-be6610b13cd5 ] Request (ServersAdminNegativeTestJSON:tearDownClass): 200 GET http://10.180.1.21/compute/v2.1/servers/11cf22f8-4efd-40f8-956c-984ac7b11cc2 1.149s
2025-12-09 20:43:30.215 65476 INFO tempest.common.waiters [-] State transition "SUSPENDED/deleting" ==> "DELETED/None" after 6 second wait
2025-12-09 20:43:30.245 65467 INFO tempest.lib.common.rest_client [req-81d529a5-bb76-48b6-8b08-da942b49baf5 req-81d529a5-bb76-48b6-8b08-da942b49baf5 ] Request (ServerActionsV293TestJSON:setUpClass): 200 GET http://10.180.1.21/compute/v2.1/servers/654de91c-aca1-416c-b7fe-7e537e0b655f 1.100s
2025-12-09 20:43:30.290 65472 INFO tempest.lib.common.rest_client [req-5c08aab0-c51b-4b42-9d72-0fefd3df4704 req-5c08aab0-c51b-4b42-9d72-0fefd3df4704 ] Request (ServersTestMultiNic:_run_cleanups): 200 GET http://10.180.1.21/compute/v2.1/servers/0c9b61c4-8221-4121-b97a-4275c891dca1 1.139s
2025-12-09 20:43:30.408 65499 INFO tempest.lib.common.rest_client [req-c1e6a17d-1580-4233-91c0-6ba6b4b52d36 req-c1e6a17d-1580-4233-91c0-6ba6b4b52d36 ] Request (ServersListShow2100Test:tearDownClass): 200 GET http://10.180.1.21/compute/v2.1/servers/41d1913e-c0f0-4b54-b912-1abd326cc638 0.842s
2025-12-09 20:43:30.474 65439 INFO tempest.lib.common.rest_client [req-092d0e8d-19ea-4922-8273-984a27b6df9d req-092d0e8d-19ea-4922-8273-984a27b6df9d ] Request (FloatingIPsAssociationNegativeTestJSON:setUpClass): 200 GET http://10.180.1.21/compute/v2.1/servers/436fefbe-51ad-416d-8f2f-7e371c664e45 0.844s
2025-12-09 20:43:31.128 65445 INFO tempest.lib.common.rest_client [req-b0550485-787a-4887-bf6f-99221137e37e req-b0550485-787a-4887-bf6f-99221137e37e ] Request (ListServersNegativeTestJSON:setUpClass): 200 GET http://10.180.1.21/compute/v2.1/servers/2312931d-e1cd-4224-a8f4-bb73bb6afdbf 1.446s
2025-12-09 20:43:31.163 65492 INFO tempest.lib.common.rest_client [req-13481960-a556-47ee-bfa0-06aea8ae4d46 req-13481960-a556-47ee-bfa0-06aea8ae4d46 ] Request (VolumesAssistedSnapshotsTest:tearDownClass): 404 GET http://10.180.1.21/compute/v2.1/servers/47e49d4e-1b21-4b41-940e-4d062b3120a8 1.396s
2025-12-09 20:43:31.222 65435 INFO tempest.lib.common.rest_client [req-815db703-ab5c-465b-9417-67c6cd4a1487 req-815db703-ab5c-465b-9417-67c6cd4a1487 ] Request (SecurityGroupsTestJSON:test_server_security_groups): 200 GET http://10.180.1.21/compute/v2.1/servers/298bc9b8-0591-46a8-9f3b-d68d75151b60 1.384s
2025-12-09 20:43:31.278 65469 INFO tempest.lib.common.rest_client [req-f1d0e7fd-23c1-4e23-b0e9-70c1cf261747 req-f1d0e7fd-23c1-4e23-b0e9-70c1cf261747 ] Request (SecurityGroupsNegativeTestJSON:test_security_group_get_nonexistent_group): 404 GET http://10.180.1.21/compute/v2.1/os-security-groups/b3c80906-19d1-49c8-b422-48669683d6a5 1.107s
2025-12-09 20:43:31.414 65465 INFO tempest.lib.common.rest_client [req-5c4d6ee8-12e9-4bd3-98ea-33aaead79804 req-5c4d6ee8-12e9-4bd3-98ea-33aaead79804 ] Request (ServersAdminTestJSON:_run_cleanups): 200 GET http://10.180.1.21/compute/v2.1/servers/1931b249-c36d-4e88-9f02-60084f10b45b 1.197s
2025-12-09 20:43:31.422 65465 INFO tempest.common.waiters [-] State transition "REBUILD/rebuilding" ==> "REBUILD/rebuild_block_device_mapping" after 2 second wait
2025-12-09 20:43:31.437 65441 INFO paramiko.transport [-] Connected (version 2.0, client dropbear_2020.81)
2025-12-09 20:43:31.468 65482 INFO tempest.lib.common.rest_client [req-b94d6218-5eed-4cc3-b6f0-ca040b605e9d req-b94d6218-5eed-4cc3-b6f0-ca040b605e9d ] Request (ImagesTestJSON:test_create_server_from_snapshot): 200 GET http://10.180.1.21/compute/v2.1/servers/144a0d79-5ae8-4827-9b1a-26ad4783d9da 1.189s
2025-12-09 20:43:31.543 65491 INFO tempest.lib.common.rest_client [req-b86ed76c-0dd7-48e1-a48d-2ba4690c6540 req-b86ed76c-0dd7-48e1-a48d-2ba4690c6540 ] Request (ServersAdmin275Test:test_rebuild_update_server_275): 200 GET http://10.180.1.21/compute/v2.1/servers/098cb3b4-7497-46bb-97f0-b7ebc33926b2 1.134s
2025-12-09 20:43:31.546 65441 INFO paramiko.transport [-] Authentication (publickey) successful!
2025-12-09 20:43:31.547 65441 INFO tempest.lib.common.ssh [-] ssh connection to cirros@10.180.180.243 successfully created
2025-12-09 20:43:31.614 65459 INFO tempest.lib.common.rest_client [req-f60b9e57-f621-4592-9a46-1dc71460b558 req-f60b9e57-f621-4592-9a46-1dc71460b558 ] Request (ServerRescueTestJSON:setUpClass): 200 GET http://10.180.1.21/compute/v2.1/servers/c22a312d-4a61-40db-a22b-809c0ed6813b 1.035s
2025-12-09 20:43:31.732 65494 INFO tempest.lib.common.rest_client [req-2eb54dc4-1b66-40e2-889f-ee34f9f62f7b req-2eb54dc4-1b66-40e2-889f-ee34f9f62f7b ] Request (ImagesOneServerNegativeTestJSON:tearDown): 200 GET http://10.180.1.21/compute/v2.1/servers/b1ee0159-c3a4-4154-a2ca-3994560c5af8 1.121s
2025-12-09 20:43:31.792 65457 INFO tempest.lib.common.rest_client [req-047a4a48-8417-47ad-9b84-acb9442fe32a req-047a4a48-8417-47ad-9b84-acb9442fe32a ] Request (MigrationsAdminTest:test_resize_server_revert_deleted_flavor): 200 GET http://10.180.1.21/compute/v2.1/servers/86467582-45da-4e10-83db-4f98ae9f61f1 1.120s
2025-12-09 20:43:31.856 65437 INFO tempest.lib.common.rest_client [req-ee0c6685-2162-4b72-8ff8-ff8a5256953d req-ee0c6685-2162-4b72-8ff8-ff8a5256953d ] Request (ServerDiskConfigTestJSON:test_resize_server_from_auto_to_manual): 200 GET http://10.180.1.21/compute/v2.1/servers/b48f053d-36ea-4380-9107-f49a9423a938 1.173s
2025-12-09 20:43:31.895 65455 INFO tempest.lib.common.rest_client [req-6ef7a036-6c67-421d-8d8f-222195683db1 req-6ef7a036-6c67-421d-8d8f-222195683db1 ] Request (ListImageFiltersTestJSON:setUpClass): 200 GET http://10.180.1.21/compute/v2.1/images/e2a6981e-3608-4f01-a369-c3a40915f56a 1.174s
2025-12-09 20:43:31.948 65447 INFO tempest.lib.common.rest_client [req-ff1bedca-83d2-4c35-9fcc-96eacc5e052e req-ff1bedca-83d2-4c35-9fcc-96eacc5e052e ] Request (ServersWithSpecificFlavorTestJSON:test_verify_created_server_ephemeral_disk): 200 GET http://10.180.1.21/compute/v2.1/servers/585a809a-ce9a-4383-bb5d-332ea0389f50 1.187s
2025-12-09 20:43:31.982 65474 WARNING tempest.lib.common.ssh [-] Failed to establish authenticated ssh connection to cirros@10.180.180.215 ([Errno None] Unable to connect to port 22 on 10.180.180.215). Number attempts: 5. Retry after 6 seconds.: paramiko.ssh_exception.NoValidConnectionsError: [Errno None] Unable to connect to port 22 on 10.180.180.215
2025-12-09 20:43:32.020 65484 INFO tempest.lib.common.rest_client [req-f73f09bc-3087-4e8b-80d6-6c0f8fc4ca35 req-f73f09bc-3087-4e8b-80d6-6c0f8fc4ca35 ] Request (ListServerFiltersTestJSON:tearDownClass): 200 GET http://10.180.1.21/compute/v2.1/servers/d37cc94a-7473-4cfc-a522-4fbce2262a1f 1.199s
2025-12-09 20:43:32.064 65479 INFO tempest.lib.common.rest_client [req-73f61e98-eca8-47d5-b7e9-d7d854b1c53c req-73f61e98-eca8-47d5-b7e9-d7d854b1c53c ] Request (FloatingIPsAssociationTestJSON:test_associate_already_associated_floating_ip): 202 POST http://10.180.1.21/compute/v2.1/servers/bb88414a-8c1d-406c-8be9-bc110a1638fd/action 2.697s
2025-12-09 20:43:32.160 65486 INFO tempest.lib.common.rest_client [req-b2654b23-5058-4887-986a-16be3c702e6c req-b2654b23-5058-4887-986a-16be3c702e6c ] Request (ServerActionsTestOtherA:setUpClass): 200 GET http://10.180.1.21/compute/v2.1/servers/15280944-e6cc-4060-8dae-cb8e3d7992f5 1.178s
2025-12-09 20:43:32.184 65480 INFO tempest.lib.common.rest_client [req-d84b3264-5eca-4139-bd21-466f42d6c8d5 req-d84b3264-5eca-4139-bd21-466f42d6c8d5 ] Request (ServersTestJSON:setUpClass): 200 GET http://10.180.1.21/compute/v2.1/servers/dfd175b9-04da-4d2f-ade6-6b29717bb05b 1.137s
2025-12-09 20:43:32.218 65443 INFO tempest.lib.common.rest_client [req-d4873464-c699-4972-abd5-eaf70341c501 req-d4873464-c699-4972-abd5-eaf70341c501 ] Request (MultipleCreateTestJSON:test_multiple_create_with_reservation_return): 200 GET http://10.180.1.21/compute/v2.1/servers/8f3cd531-6571-4a5d-8ce6-14b1089c7143 1.154s
2025-12-09 20:43:32.242 65492 INFO tempest.lib.common.rest_client [req-a5bbfdc2-e4c3-4cf6-96ab-558f61a8ca69 req-a5bbfdc2-e4c3-4cf6-96ab-558f61a8ca69 ] Request (VolumesAssistedSnapshotsTest:tearDownClass): 202 DELETE http://10.180.1.21/compute/v2.1/os-keypairs/tempest-keypair-2037379671 1.078s
2025-12-09 20:43:32.249 65463 INFO tempest.lib.common.rest_client [req-513e1e80-6d0e-4c7c-8572-cdc48c9a61d1 req-513e1e80-6d0e-4c7c-8572-cdc48c9a61d1 ] Request (ServersTestFqdnHostnames:test_create_server_with_fqdn_name): 200 GET http://10.180.1.21/compute/v2.1/servers/6eb9c7db-0e75-431d-b8ef-67803bbe31fa 1.113s
2025-12-09 20:43:32.329 65467 INFO tempest.lib.common.rest_client [req-5c45ee13-4ee1-4a45-b510-e33de6ece5ba req-5c45ee13-4ee1-4a45-b510-e33de6ece5ba ] Request (ServerActionsV293TestJSON:setUpClass): 200 GET http://10.180.1.21/compute/v2.1/servers/654de91c-aca1-416c-b7fe-7e537e0b655f 1.070s
2025-12-09 20:43:32.345 65476 INFO tempest.lib.common.rest_client [req-f1a916d6-85ea-48f7-9787-6f162bda4128 req-f1a916d6-85ea-48f7-9787-6f162bda4128 ] Request (ServersAdminNegativeTestJSON:tearDownClass): 200 GET http://10.180.1.21/compute/v2.1/servers/11cf22f8-4efd-40f8-956c-984ac7b11cc2 1.129s
2025-12-09 20:43:32.350 65492 INFO tempest.lib.common.rest_client [req-55471038-fb62-4b4c-b2eb-d73e9e03570f req-55471038-fb62-4b4c-b2eb-d73e9e03570f ] Request (VolumesAssistedSnapshotsTest:tearDownClass): 204 DELETE http://10.180.1.21/networking/v2.0/security-groups/a9185896-edd3-4a13-a2af-94afa39fa5f8 0.108s
2025-12-09 20:43:32.366 65469 INFO tempest.lib.common.rest_client [req-30bb794a-43b4-4890-981d-87b5df489249 req-30bb794a-43b4-4890-981d-87b5df489249 ] Request (SecurityGroupsNegativeTestJSON:test_update_non_existent_security_group): 404 PUT http://10.180.1.21/compute/v2.1/os-security-groups/a6dd406c-637a-4478-8467-fb8c5dd76870 1.086s
2025-12-09 20:43:32.376 65492 INFO tempest.lib.common.rest_client [req-cbd3c018-a3b5-413f-bb71-9914f6839d98 req-cbd3c018-a3b5-413f-bb71-9914f6839d98 ] Request (VolumesAssistedSnapshotsTest:tearDownClass): 404 GET http://10.180.1.21/networking/v2.0/security-groups/a9185896-edd3-4a13-a2af-94afa39fa5f8 0.026s
2025-12-09 20:43:32.641 65492 INFO tempest.lib.common.rest_client [req-a54a7e8d-7237-49bb-9b2e-4c54f49bfa12 req-a54a7e8d-7237-49bb-9b2e-4c54f49bfa12 ] Request (VolumesAssistedSnapshotsTest:tearDownClass): 204 DELETE http://10.180.1.21/networking/v2.0/floatingips/ef88575e-fe7b-4e44-9304-66f2d4c933b7 0.264s
2025-12-09 20:43:32.662 65492 INFO tempest.lib.common.rest_client [req-52533b0f-3f4b-4546-8f66-e7beaf993986 req-52533b0f-3f4b-4546-8f66-e7beaf993986 ] Request (VolumesAssistedSnapshotsTest:tearDownClass): 404 DELETE http://10.180.1.21/volume/v3/volumes/3f448245-f07d-4fff-8e9a-7acff1e9bc80 0.020s
2025-12-09 20:43:32.672 65472 INFO tempest.lib.common.rest_client [req-167f83a0-64b8-4210-b6a8-10a7b612d339 req-167f83a0-64b8-4210-b6a8-10a7b612d339 ] Request (ServersTestMultiNic:_run_cleanups): 200 GET http://10.180.1.21/compute/v2.1/servers/0c9b61c4-8221-4121-b97a-4275c891dca1 1.374s
2025-12-09 20:43:32.686 65492 INFO tempest.lib.common.rest_client [req-f3037e96-9175-47f4-a601-fd4b8291970c req-f3037e96-9175-47f4-a601-fd4b8291970c ] Request (VolumesAssistedSnapshotsTest:tearDownClass): 404 GET http://10.180.1.21/volume/v3/volumes/3f448245-f07d-4fff-8e9a-7acff1e9bc80 0.024s
2025-12-09 20:43:32.691 65499 INFO tempest.lib.common.rest_client [req-9eb209e7-e5d2-422d-9bb7-8f766d38e3eb req-9eb209e7-e5d2-422d-9bb7-8f766d38e3eb ] Request (ServersListShow2100Test:tearDownClass): 200 GET http://10.180.1.21/compute/v2.1/servers/41d1913e-c0f0-4b54-b912-1abd326cc638 1.271s
2025-12-09 20:43:33.124 65469 INFO tempest.lib.common.rest_client [req-910d81fe-ac35-42ec-9041-de22dcb1a040 req-910d81fe-ac35-42ec-9041-de22dcb1a040 ] Request (SecurityGroupsNegativeTestJSON:tearDownClass): 200 PUT http://10.180.1.21/networking/v2.0/routers/b4cf7247-c0b1-4a39-8228-06509bebe874/remove_router_interface 0.755s
