2025-12-09 20:43:02.746 65455 INFO tempest.lib.common.rest_client [req-de14f669-cb40-4682-b9ae-66539b970978 req-de14f669-cb40-4682-b9ae-66539b970978 ] Request (ListImageFiltersTestJSON:setUpClass): 200 GET http://10.180.1.21/compute/v2.1/images/6da7a787-5364-421e-8472-379e9feff2c4 1.189s
2025-12-09 20:43:02.786 65474 INFO tempest.lib.common.rest_client [req-c0a40267-40b7-41a8-9cb5-0683b4a18cdd req-c0a40267-40b7-41a8-9cb5-0683b4a18cdd ] Request (ServersTestManualDisk:setUpClass): 200 GET http://10.180.1.21/compute/v2.1/servers/69e78cb9-73f9-414e-9485-c1c9e19e758d 1.613s
2025-12-09 20:43:02.795 65474 INFO tempest.common.waiters [-] State transition "BUILD/spawning" ==> "ACTIVE/None" after 41 second wait
2025-12-09 20:43:02.811 65492 INFO tempest.lib.common.rest_client [req-bf74a946-f12e-4fbe-9891-d33e3e3a24ec req-bf74a946-f12e-4fbe-9891-d33e3e3a24ec ] Request (VolumesAssistedSnapshotsTest:tearDownClass): 200 GET http://10.180.1.21/compute/v2.1/servers/47e49d4e-1b21-4b41-940e-4d062b3120a8 1.237s
2025-12-09 20:43:02.944 65435 INFO tempest.lib.common.rest_client [req-0c1d77af-31d9-420f-ae7a-1ad604cfba79 req-0c1d77af-31d9-420f-ae7a-1ad604cfba79 ] Request (SecurityGroupsTestJSON:test_security_group_create_get_delete): 202 DELETE http://10.180.1.21/compute/v2.1/os-security-groups/f6ee437e-c7b0-4450-bd4c-d2803ef2a41d 1.134s
2025-12-09 20:43:02.965 65451 INFO tempest.lib.common.rest_client [req-fc0547d2-f624-4784-9725-e71c9d240443 req-fc0547d2-f624-4784-9725-e71c9d240443 ] Request (InstanceActionsV221TestJSON:test_get_list_deleted_instance_actions): 404 GET http://10.180.1.21/compute/v2.1/servers/be770b2b-004d-4cc5-968d-7dcf71f0502a 0.849s
2025-12-09 20:43:03.185 65491 INFO tempest.lib.common.rest_client [req-28839336-a0d2-43a9-aaa3-5afacdfd4fde req-28839336-a0d2-43a9-aaa3-5afacdfd4fde ] Request (ServersAdmin275Test:test_rebuild_update_server_275): 202 POST http://10.180.1.21/compute/v2.1/servers 1.032s
2025-12-09 20:43:03.227 65496 INFO tempest.lib.common.rest_client [req-2cf72d2b-8c45-4c7e-9603-2c6b4462a84b req-2cf72d2b-8c45-4c7e-9603-2c6b4462a84b ] Request (QuotasTestJSON:test_get_default_quotas): 200 GET http://10.180.1.21/compute/v2.1/os-quota-sets/e53d5e3f3c0c4899b7b51176e34186a8/defaults 0.771s
2025-12-09 20:43:03.235 65463 INFO tempest.lib.common.rest_client [req-0a3ffba6-f41c-4455-b584-0a0283525043 req-0a3ffba6-f41c-4455-b584-0a0283525043 ] Request (ServersTestFqdnHostnames:test_create_server_with_fqdn_name): 202 POST http://10.180.1.21/compute/v2.1/servers 1.526s
2025-12-09 20:43:03.268 65461 INFO tempest.lib.common.rest_client [req-484c3a69-234d-41c4-8c5e-5d6c831ed88d req-484c3a69-234d-41c4-8c5e-5d6c831ed88d ] Request (HostsAdminTestJSON:test_show_host_detail): 200 GET http://10.180.1.21/compute/v2.1/os-hosts 0.743s
2025-12-09 20:43:03.293 65484 INFO tempest.lib.common.rest_client [req-3ee2d04f-e3f3-485c-b33f-49e7a452c4a9 req-3ee2d04f-e3f3-485c-b33f-49e7a452c4a9 ] Request (ListServerFiltersTestJSON:test_list_servers_filtered_by_name_regex): 200 GET http://10.180.1.21/compute/v2.1/servers?name=1098173639 0.798s
2025-12-09 20:43:03.327 65465 INFO tempest.lib.common.rest_client [req-7067ae86-88dd-476d-a1b5-c9d915eeb42b req-7067ae86-88dd-476d-a1b5-c9d915eeb42b ] Request (ServersAdminTestJSON:test_list_servers_filter_by_error_status): 200 GET http://10.180.1.21/compute/v2.1/servers?status=error 0.802s
2025-12-09 20:43:03.405 65472 INFO tempest.lib.common.rest_client [req-5ccb4ae0-a792-4fc9-9006-95a2cb224328 req-5ccb4ae0-a792-4fc9-9006-95a2cb224328 ] Request (ServersTestMultiNic:_run_cleanups): 204 DELETE http://10.180.1.21/compute/v2.1/servers/0c9b61c4-8221-4121-b97a-4275c891dca1 0.833s
2025-12-09 20:43:03.420 65469 INFO tempest.lib.common.rest_client [req-85f2d5ea-4e51-4662-81a3-db0f69214dcb req-85f2d5ea-4e51-4662-81a3-db0f69214dcb ] Request (ImagesOneServerTestJSON:tearDownClass): 200 GET http://10.180.1.21/compute/v2.1/servers/6768cd49-61cc-4ebb-94dc-49c0bcd84224 0.736s
2025-12-09 20:43:03.493 65457 INFO tempest.lib.common.rest_client [req-7a2b4c8a-f61d-4cc3-90f1-9fdeababd743 req-7a2b4c8a-f61d-4cc3-90f1-9fdeababd743 ] Request (MigrationsAdminTest:test_resize_server_revert_deleted_flavor): 200 GET http://10.180.1.21/compute/v2.1/servers/86467582-45da-4e10-83db-4f98ae9f61f1 0.761s
2025-12-09 20:43:03.497 65479 INFO tempest.lib.common.rest_client [req-02db34df-7192-46a9-a25d-648c1a382dbd req-02db34df-7192-46a9-a25d-648c1a382dbd ] Request (FloatingIPsAssociationTestJSON:test_associate_already_associated_floating_ip): 200 GET http://10.180.1.21/compute/v2.1/servers/bb88414a-8c1d-406c-8be9-bc110a1638fd 0.704s
2025-12-09 20:43:03.504 65457 INFO tempest.common.waiters [-] State transition "BUILD/scheduling" ==> "BUILD/None" after 25 second wait
2025-12-09 20:43:03.523 65435 INFO tempest.lib.common.rest_client [req-74b63098-bd2f-4b01-b84f-cf176be3771d req-74b63098-bd2f-4b01-b84f-cf176be3771d ] Request (SecurityGroupsTestJSON:test_security_group_create_get_delete): 404 GET http://10.180.1.21/compute/v2.1/os-security-groups/f6ee437e-c7b0-4450-bd4c-d2803ef2a41d 0.579s
2025-12-09 20:43:03.588 65451 INFO tempest.lib.common.rest_client [req-ce783762-9866-4bca-a2b5-bc60977672ae req-ce783762-9866-4bca-a2b5-bc60977672ae ] Request (InstanceActionsV221TestJSON:test_get_list_deleted_instance_actions): 200 GET http://10.180.1.21/compute/v2.1/servers/be770b2b-004d-4cc5-968d-7dcf71f0502a/os-instance-actions 0.622s
2025-12-09 20:43:03.591 65474 INFO tempest.lib.common.rest_client [req-3e08cc2c-6843-41f0-abaa-cb5eae6042ac req-3e08cc2c-6843-41f0-abaa-cb5eae6042ac ] Request (ServersTestManualDisk:setUpClass): 200 GET http://10.180.1.21/compute/v2.1/servers/69e78cb9-73f9-414e-9485-c1c9e19e758d/os-interface 0.796s
2025-12-09 20:43:03.697 65445 INFO tempest.lib.common.rest_client [req-f00c84bc-cfd0-44c5-a3e1-aa097909f55e req-f00c84bc-cfd0-44c5-a3e1-aa097909f55e ] Request (TenantUsagesTestJSON:tearDownClass): 200 GET http://10.180.1.21/compute/v2.1/servers/0ffc86e0-58c8-4528-894f-6b040a0f87c0 0.723s
2025-12-09 20:43:03.747 65488 INFO tempest.lib.common.rest_client [req-8924e4b3-5dd9-4127-8b32-b67f77b35761 req-8924e4b3-5dd9-4127-8b32-b67f77b35761 ] Request (AttachVolumeNegativeTest:test_attach_attached_volume_to_different_server): 200 GET http://10.180.1.21/compute/v2.1/servers/641402b5-425e-426a-8b65-d4867676d3e9 0.713s
2025-12-09 20:43:03.774 65437 INFO tempest.lib.common.rest_client [req-6c9f4ac8-67ca-42f2-be50-ea37071f8fac req-6c9f4ac8-67ca-42f2-be50-ea37071f8fac ] Request (ServerDiskConfigTestJSON:test_resize_server_from_auto_to_manual): 200 GET http://10.180.1.21/compute/v2.1/servers/b48f053d-36ea-4380-9107-f49a9423a938 0.721s
2025-12-09 20:43:03.825 65486 INFO tempest.lib.common.rest_client [req-7867f92d-d429-4ffe-976d-9df662ef34cf req-7867f92d-d429-4ffe-976d-9df662ef34cf ] Request (ServerActionsTestOtherA:setUpClass): 200 GET http://10.180.1.21/compute/v2.1/servers/15280944-e6cc-4060-8dae-cb8e3d7992f5 0.705s
2025-12-09 20:43:03.884 65480 INFO tempest.lib.common.rest_client [req-4522a836-54d2-475b-bb89-d88ae67dc6f4 req-4522a836-54d2-475b-bb89-d88ae67dc6f4 ] Request (ServersTestJSON:setUpClass): 200 GET http://10.180.1.21/compute/v2.1/servers/dfd175b9-04da-4d2f-ade6-6b29717bb05b 0.740s
2025-12-09 20:43:03.958 65443 INFO tempest.lib.common.rest_client [req-7e9b3cfe-74e4-4b8c-8e75-514444c3d448 req-7e9b3cfe-74e4-4b8c-8e75-514444c3d448 ] Request (MultipleCreateTestJSON:test_multiple_create_with_reservation_return): 200 GET http://10.180.1.21/compute/v2.1/servers/8f3cd531-6571-4a5d-8ce6-14b1089c7143 0.731s
2025-12-09 20:43:03.986 65491 INFO tempest.lib.common.rest_client [req-32ffda97-8aaa-47dd-b580-6af0e599d208 req-32ffda97-8aaa-47dd-b580-6af0e599d208 ] Request (ServersAdmin275Test:test_rebuild_update_server_275): 200 PUT http://10.180.1.21/compute/v2.1/servers/098cb3b4-7497-46bb-97f0-b7ebc33926b2 0.798s
2025-12-09 20:43:03.995 65496 INFO tempest.lib.common.rest_client [req-7b7c2405-f09e-4389-b91e-8c407ef6d54d req-7b7c2405-f09e-4389-b91e-8c407ef6d54d ] Request (QuotasTestJSON:test_get_quotas): 200 GET http://10.180.1.21/compute/v2.1/os-quota-sets/e53d5e3f3c0c4899b7b51176e34186a8 0.762s
2025-12-09 20:43:04.065 65461 INFO tempest.lib.common.rest_client [req-815d423c-eaeb-4f69-8f67-a49506d3befa req-815d423c-eaeb-4f69-8f67-a49506d3befa ] Request (HostsAdminTestJSON:test_show_host_detail): 200 GET http://10.180.1.21/compute/v2.1/os-hosts/cpu-1 0.795s
2025-12-09 20:43:04.081 65463 INFO tempest.lib.common.rest_client [req-867ebbef-8ff3-4e84-a106-d41b194f44b0 req-867ebbef-8ff3-4e84-a106-d41b194f44b0 ] Request (ServersTestFqdnHostnames:test_create_server_with_fqdn_name): 200 GET http://10.180.1.21/compute/v2.1/servers/6eb9c7db-0e75-431d-b8ef-67803bbe31fa 0.844s
2025-12-09 20:43:04.150 65494 INFO tempest.lib.common.rest_client [req-7a411414-5a67-4173-8ab6-2545bbcad858 req-7a411414-5a67-4173-8ab6-2545bbcad858 ] Request (ImagesOneServerNegativeTestJSON:setUpClass): 200 GET http://10.180.1.21/compute/v2.1/servers/b1ee0159-c3a4-4154-a2ca-3994560c5af8 0.837s
2025-12-09 20:43:04.156 65484 INFO tempest.lib.common.rest_client [req-ed4da3b8-2f80-437e-b0d2-a3abebf11de8 req-ed4da3b8-2f80-437e-b0d2-a3abebf11de8 ] Request (ListServerFiltersTestJSON:test_list_servers_filtered_by_name_wildcard): 200 GET http://10.180.1.21/compute/v2.1/servers?name=-instance 0.854s
2025-12-09 20:43:04.217 65461 INFO tempest.lib.common.rest_client [req-aee016b4-df20-4972-a03c-8cf13e80c3c1 req-aee016b4-df20-4972-a03c-8cf13e80c3c1 ] Request (HostsAdminTestJSON:tearDownClass): 204 DELETE http://10.180.1.21/identity/v3/users/338cb78e496249f5b958c9fc4fa1942f 0.150s
2025-12-09 20:43:04.229 65465 INFO tempest.lib.common.rest_client [req-4d0b4f82-dc8c-4695-84db-f11c10e2412c req-4d0b4f82-dc8c-4695-84db-f11c10e2412c ] Request (ServersAdminTestJSON:test_list_servers_filter_by_error_status): 202 POST http://10.180.1.21/compute/v2.1/servers/1931b249-c36d-4e88-9f02-60084f10b45b/action 0.899s
2025-12-09 20:43:04.229 65474 INFO tempest.lib.common.rest_client [req-42e7b784-62a8-4171-b28d-962ae58f28f3 req-42e7b784-62a8-4171-b28d-962ae58f28f3 ] Request (ServersTestManualDisk:setUpClass): 200 PUT http://10.180.1.21/networking/v2.0/floatingips/b371d1a7-10db-4e87-bebd-cdd5f91c1312 0.636s
2025-12-09 20:43:04.285 65476 INFO tempest.lib.common.rest_client [req-da5c86c3-6ea7-4b9c-a49d-88431263b56a req-da5c86c3-6ea7-4b9c-a49d-88431263b56a ] Request (ServersAdminNegativeTestJSON:test_migrate_server_invalid_state): 200 GET http://10.180.1.21/compute/v2.1/servers/11cf22f8-4efd-40f8-956c-984ac7b11cc2 0.937s
2025-12-09 20:43:04.327 65461 INFO tempest.lib.common.rest_client [req-e1824fc7-b6b8-4213-9057-c256f547eedd req-e1824fc7-b6b8-4213-9057-c256f547eedd ] Request (HostsAdminTestJSON:tearDownClass): 204 DELETE http://10.180.1.21/identity/v3/users/15b04b6217a342dd86ce26cd23672706 0.110s
2025-12-09 20:43:04.327 65461 INFO tempest.lib.common.dynamic_creds [-] Deleting project and security group for project: 5710ec22f16c40e8bf02919e9ec5ad87
2025-12-09 20:43:04.348 65472 INFO tempest.lib.common.rest_client [req-eba5362f-774b-4212-9d18-719cde9b85f5 req-eba5362f-774b-4212-9d18-719cde9b85f5 ] Request (ServersTestMultiNic:_run_cleanups): 200 GET http://10.180.1.21/compute/v2.1/servers/0c9b61c4-8221-4121-b97a-4275c891dca1 0.942s
2025-12-09 20:43:04.359 65467 INFO tempest.lib.common.rest_client [req-766406db-3267-404f-8dbd-4a94881c3f89 req-766406db-3267-404f-8dbd-4a94881c3f89 ] Request (ServerActionsV293TestJSON:setUpClass): 200 GET http://10.180.1.21/compute/v2.1/servers/654de91c-aca1-416c-b7fe-7e537e0b655f 0.926s
2025-12-09 20:43:04.382 65451 INFO tempest.lib.common.rest_client [req-b18bb329-17cf-4d2a-a40f-2abcbf106a2d req-b18bb329-17cf-4d2a-a40f-2abcbf106a2d ] Request (InstanceActionsV221TestJSON:tearDownClass): 404 DELETE http://10.180.1.21/compute/v2.1/servers/be770b2b-004d-4cc5-968d-7dcf71f0502a 0.787s
2025-12-09 20:43:04.412 65461 INFO tempest.lib.common.rest_client [req-8eafe678-8c9b-40e1-8e2c-280eb0eb5f79 req-8eafe678-8c9b-40e1-8e2c-280eb0eb5f79 ] Request (HostsAdminTestJSON:tearDownClass): 201 POST http://10.180.1.21/identity/v3/auth/tokens 0.085s
2025-12-09 20:43:04.523 65435 INFO tempest.lib.common.rest_client [req-b8837998-502d-4a8c-b407-cf9b418c27cc req-b8837998-502d-4a8c-b407-cf9b418c27cc ] Request (SecurityGroupsTestJSON:test_security_groups_create_list_delete): 200 POST http://10.180.1.21/compute/v2.1/os-security-groups 0.998s
2025-12-09 20:43:04.553 65499 INFO tempest.lib.common.rest_client [req-ee3fd2f3-c30d-4a48-987b-d613ba316676 req-ee3fd2f3-c30d-4a48-987b-d613ba316676 ] Request (ServersListShow2100Test:tearDownClass): 200 GET http://10.180.1.21/compute/v2.1/servers/41d1913e-c0f0-4b54-b912-1abd326cc638 0.911s
2025-12-09 20:43:04.604 65482 INFO tempest.lib.common.rest_client [req-fb507719-a394-48fd-ad9c-36efbd5d9fea req-fb507719-a394-48fd-ad9c-36efbd5d9fea ] Request (ImagesTestJSON:test_create_image_from_suspended_server): 200 GET http://10.180.1.21/compute/v2.1/images/d187c1e8-5280-4664-af2a-18b3963af349 0.924s
2025-12-09 20:43:04.613 65439 INFO tempest.lib.common.rest_client [req-ac26cb74-6350-46eb-ac03-a327e5b0fc0b req-ac26cb74-6350-46eb-ac03-a327e5b0fc0b ] Request (FloatingIPsAssociationNegativeTestJSON:setUpClass): 200 GET http://10.180.1.21/compute/v2.1/servers/436fefbe-51ad-416d-8f2f-7e371c664e45 0.966s
2025-12-09 20:43:04.658 65455 INFO tempest.lib.common.rest_client [req-5fbf4027-7620-4cda-ba2d-d053e2c6f454 req-5fbf4027-7620-4cda-ba2d-d053e2c6f454 ] Request (ListImageFiltersTestJSON:setUpClass): 200 GET http://10.180.1.21/compute/v2.1/images/6da7a787-5364-421e-8472-379e9feff2c4 0.908s
2025-12-09 20:43:04.696 65459 INFO tempest.lib.common.rest_client [req-26dee34c-c578-4dcd-9820-847abb6e166c req-26dee34c-c578-4dcd-9820-847abb6e166c ] Request (InstanceActionsNegativeTestJSON:tearDownClass): 200 GET http://10.180.1.21/compute/v2.1/servers/b1d3f261-9f48-4a7f-b065-c1151c73ac65 0.977s
2025-12-09 20:43:04.696 65461 INFO tempest.lib.common.rest_client [req-dcf87c21-0218-460f-bfe6-f0a0baf972c0 req-dcf87c21-0218-460f-bfe6-f0a0baf972c0 ] Request (HostsAdminTestJSON:tearDownClass): 200 GET http://10.180.1.21/networking/v2.0/security-groups?tenant_id=5710ec22f16c40e8bf02919e9ec5ad87&name=default 0.284s
2025-12-09 20:43:04.744 65492 INFO tempest.lib.common.rest_client [req-ce9c29db-25c3-404a-93f0-be3d50fcff32 req-ce9c29db-25c3-404a-93f0-be3d50fcff32 ] Request (VolumesAssistedSnapshotsTest:tearDownClass): 200 GET http://10.180.1.21/compute/v2.1/servers/47e49d4e-1b21-4b41-940e-4d062b3120a8 0.920s
2025-12-09 20:43:04.829 65491 INFO tempest.lib.common.rest_client [req-ab251a46-2545-42fd-ae81-ec6c675f7cf4 req-ab251a46-2545-42fd-ae81-ec6c675f7cf4 ] Request (ServersAdmin275Test:test_rebuild_update_server_275): 200 GET http://10.180.1.21/compute/v2.1/servers/098cb3b4-7497-46bb-97f0-b7ebc33926b2 0.832s
2025-12-09 20:43:04.832 65461 INFO tempest.lib.common.rest_client [req-3f94b07a-0b2c-4443-8f3b-66d83cabae19 req-3f94b07a-0b2c-4443-8f3b-66d83cabae19 ] Request (HostsAdminTestJSON:tearDownClass): 204 DELETE http://10.180.1.21/networking/v2.0/security-groups/f5a46f30-715d-4c71-9b56-205139f73a82 0.135s
2025-12-09 20:43:04.883 65496 INFO tempest.lib.common.rest_client [req-e60b8fcc-c435-4cb3-a025-72d313e60c20 req-e60b8fcc-c435-4cb3-a025-72d313e60c20 ] Request (QuotasTestJSON:test_get_quotas): 200 GET http://10.180.1.21/compute/v2.1/os-quota-sets/e53d5e3f3c0c4899b7b51176e34186a8?user_id=2bb0f2864a4a42ed95273b55300566ca 0.885s
2025-12-09 20:43:04.886 65484 INFO tempest.lib.common.rest_client [req-9f70216d-77aa-4b1c-bd56-83ed95402134 req-9f70216d-77aa-4b1c-bd56-83ed95402134 ] Request (ListServerFiltersTestJSON:test_list_servers_filtered_by_name_wildcard): 200 GET http://10.180.1.21/compute/v2.1/servers?name=t-ListServerFiltersTestJSON-instance-109817363 0.726s
2025-12-09 20:43:04.951 65461 INFO tempest.lib.common.rest_client [req-96465c46-bba0-44ed-b3cd-957e5a1f549b req-96465c46-bba0-44ed-b3cd-957e5a1f549b ] Request (HostsAdminTestJSON:tearDownClass): 204 DELETE http://10.180.1.21/identity/v3/projects/5710ec22f16c40e8bf02919e9ec5ad87 0.119s
2025-12-09 20:43:04.952 65461 INFO tempest.lib.common.dynamic_creds [-] Deleting project and security group for project: 336b7afd2e2d48a2a8be8ca61eeb0ac0
2025-12-09 20:43:05.055 65474 INFO tempest.lib.common.rest_client [req-bc985c16-089b-4005-a011-a24906a86e98 req-bc985c16-089b-4005-a011-a24906a86e98 ] Request (ServersTestManualDisk:setUpClass): 200 GET http://10.180.1.21/compute/v2.1/servers/69e78cb9-73f9-414e-9485-c1c9e19e758d 0.825s
2025-12-09 20:43:05.067 65474 INFO tempest.lib.common.ssh [-] Creating ssh connection to '10.180.180.215:22' as 'cirros' with public key authentication
2025-12-09 20:43:05.073 65496 INFO tempest.lib.common.rest_client [req-9268d2e2-60f1-47dd-aa1a-76a4ca6d8a0a req-9268d2e2-60f1-47dd-aa1a-76a4ca6d8a0a ] Request (QuotasTestJSON:tearDownClass): 204 DELETE http://10.180.1.21/identity/v3/users/2bb0f2864a4a42ed95273b55300566ca 0.181s
2025-12-09 20:43:05.073 65496 INFO tempest.lib.common.dynamic_creds [-] Deleting project and security group for project: e53d5e3f3c0c4899b7b51176e34186a8
2025-12-09 20:43:05.080 65451 INFO tempest.lib.common.rest_client [req-d8550622-8cf6-4be8-afb3-da9620c05b44 req-d8550622-8cf6-4be8-afb3-da9620c05b44 ] Request (InstanceActionsV221TestJSON:tearDownClass): 404 GET http://10.180.1.21/compute/v2.1/servers/be770b2b-004d-4cc5-968d-7dcf71f0502a 0.698s
2025-12-09 20:43:05.123 65461 INFO tempest.lib.common.rest_client [req-7f14b9f0-91eb-44bd-8dcf-deccf916f440 req-7f14b9f0-91eb-44bd-8dcf-deccf916f440 ] Request (HostsAdminTestJSON:tearDownClass): 200 GET http://10.180.1.21/networking/v2.0/security-groups?tenant_id=336b7afd2e2d48a2a8be8ca61eeb0ac0&name=default 0.171s
2025-12-09 20:43:05.144 65465 INFO tempest.lib.common.rest_client [req-97604913-ac7b-4635-b9d1-a09e6e4299b6 req-97604913-ac7b-4635-b9d1-a09e6e4299b6 ] Request (ServersAdminTestJSON:test_list_servers_filter_by_error_status): 200 GET http://10.180.1.21/compute/v2.1/servers/1931b249-c36d-4e88-9f02-60084f10b45b 0.914s
2025-12-09 20:43:05.159 65496 INFO tempest.lib.common.rest_client [req-fdaa560f-9bc1-46c6-b70a-7d951ca762f2 req-fdaa560f-9bc1-46c6-b70a-7d951ca762f2 ] Request (QuotasTestJSON:tearDownClass): 201 POST http://10.180.1.21/identity/v3/auth/tokens 0.086s
2025-12-09 20:43:05.287 65461 INFO tempest.lib.common.rest_client [req-157115b6-0413-44f5-ae9d-42616e64aad0 req-157115b6-0413-44f5-ae9d-42616e64aad0 ] Request (HostsAdminTestJSON:tearDownClass): 204 DELETE http://10.180.1.21/networking/v2.0/security-groups/1a337038-1a12-449d-a0e3-66b16b1f03b9 0.163s
2025-12-09 20:43:05.315 65469 INFO tempest.lib.common.rest_client [req-ba14df62-1567-4d40-bba7-698fca7ac3f2 req-ba14df62-1567-4d40-bba7-698fca7ac3f2 ] Request (ImagesOneServerTestJSON:tearDownClass): 200 GET http://10.180.1.21/compute/v2.1/servers/6768cd49-61cc-4ebb-94dc-49c0bcd84224 0.884s
2025-12-09 20:43:05.370 65461 INFO tempest.lib.common.rest_client [req-be0d916c-385e-4639-9601-4e2e741661f9 req-be0d916c-385e-4639-9601-4e2e741661f9 ] Request (HostsAdminTestJSON:tearDownClass): 204 DELETE http://10.180.1.21/identity/v3/projects/336b7afd2e2d48a2a8be8ca61eeb0ac0 0.083s
2025-12-09 20:43:05.450 65461 INFO tempest.lib.common.rest_client [req-c5ad0e64-ff3a-4186-82c5-1d9bee089658 req-c5ad0e64-ff3a-4186-82c5-1d9bee089658 ] Request (InstanceUsageAuditLogTestJSON:setUpClass): 201 POST http://10.180.1.21/identity/v3/auth/tokens 0.078s
2025-12-09 20:43:05.491 65461 INFO tempest.lib.common.rest_client [req-90e9ef02-3cfb-4dfd-826a-8941a72555f9 req-90e9ef02-3cfb-4dfd-826a-8941a72555f9 ] Request (InstanceUsageAuditLogTestJSON:setUpClass): 201 POST http://10.180.1.21/identity/v3/auth/tokens 0.037s
2025-12-09 20:43:05.535 65461 INFO tempest.lib.common.rest_client [req-3f6a6745-9e0a-41b6-828b-e0418c1a6bbe req-3f6a6745-9e0a-41b6-828b-e0418c1a6bbe ] Request (InstanceUsageAuditLogTestJSON:setUpClass): 200 GET http://10.180.1.21/identity/v3/domains?name=Default 0.044s
2025-12-09 20:43:05.579 65461 INFO tempest.lib.common.rest_client [req-13cb069d-8016-4203-ba7a-e6f3324e2e4b req-13cb069d-8016-4203-ba7a-e6f3324e2e4b ] Request (InstanceUsageAuditLogTestJSON:setUpClass): 201 POST http://10.180.1.21/identity/v3/projects 0.042s
2025-12-09 20:43:05.615 65496 INFO tempest.lib.common.rest_client [req-abc35d3a-c0ac-4cdd-b2a4-90b521aa15b6 req-abc35d3a-c0ac-4cdd-b2a4-90b521aa15b6 ] Request (QuotasTestJSON:tearDownClass): 200 GET http://10.180.1.21/networking/v2.0/security-groups?tenant_id=e53d5e3f3c0c4899b7b51176e34186a8&name=default 0.455s
2025-12-09 20:43:05.665 65461 INFO tempest.lib.common.rest_client [req-f7399e56-60c1-4039-9375-a6a7dcd5b88e req-f7399e56-60c1-4039-9375-a6a7dcd5b88e ] Request (InstanceUsageAuditLogTestJSON:setUpClass): 201 POST http://10.180.1.21/identity/v3/users 0.085s
2025-12-09 20:43:05.674 65457 INFO tempest.lib.common.rest_client [req-1758e401-19cd-4a17-9e49-ed6f8855de15 req-1758e401-19cd-4a17-9e49-ed6f8855de15 ] Request (MigrationsAdminTest:test_resize_server_revert_deleted_flavor): 200 GET http://10.180.1.21/compute/v2.1/servers/86467582-45da-4e10-83db-4f98ae9f61f1 1.168s
2025-12-09 20:43:05.681 65479 INFO tempest.lib.common.rest_client [req-f73b4dbb-2429-4259-bcce-2f5986b6bf8d req-f73b4dbb-2429-4259-bcce-2f5986b6bf8d ] Request (FloatingIPsAssociationTestJSON:test_associate_already_associated_floating_ip): 200 GET http://10.180.1.21/compute/v2.1/servers/bb88414a-8c1d-406c-8be9-bc110a1638fd 1.171s
2025-12-09 20:43:05.702 65461 INFO tempest.lib.common.rest_client [req-1a64f1fc-eaa5-4c68-a5c7-15b28dc922fe req-1a64f1fc-eaa5-4c68-a5c7-15b28dc922fe ] Request (InstanceUsageAuditLogTestJSON:setUpClass): 200 GET http://10.180.1.21/identity/v3/roles 0.037s
2025-12-09 20:43:05.717 65445 INFO tempest.lib.common.rest_client [req-bb3faa46-4537-4b1f-9ea1-1b02870c2eca req-bb3faa46-4537-4b1f-9ea1-1b02870c2eca ] Request (TenantUsagesTestJSON:tearDownClass): 404 GET http://10.180.1.21/compute/v2.1/servers/0ffc86e0-58c8-4528-894f-6b040a0f87c0 1.011s
2025-12-09 20:43:05.736 65461 INFO tempest.lib.common.rest_client [req-85bd8dc8-2d8d-45b0-b158-a9a88ed116a7 req-85bd8dc8-2d8d-45b0-b158-a9a88ed116a7 ] Request (InstanceUsageAuditLogTestJSON:setUpClass): 204 PUT http://10.180.1.21/identity/v3/projects/b2da0a3e329f44188ad63c7527f6da72/users/3873094a647d4515b22b915c07d77f4a/roles/73548bf2abc84a758cf47be2ec54e28c 0.033s
2025-12-09 20:43:05.736 65461 INFO tempest.lib.common.dynamic_creds [-] Dynamic test user 3873094a647d4515b22b915c07d77f4a is created with scope project and roles: ['member']
2025-12-09 20:43:05.737 65461 INFO tempest.lib.common.dynamic_creds [-] Acquired dynamic creds: credentials: Credentials: {'domain_id': 'default', 'domain_name': 'Default', 'username': 'tempest-InstanceUsageAuditLogTestJSON-44034564-project-member', 'project_domain_id': 'default', 'project_domain_name': 'Default', 'project_id': 'b2da0a3e329f44188ad63c7527f6da72', 'project_name': 'tempest-InstanceUsageAuditLogTestJSON-44034564', 'tenant_id': 'b2da0a3e329f44188ad63c7527f6da72', 'tenant_name': 'tempest-InstanceUsageAuditLogTestJSON-44034564', 'user_domain_id': 'default', 'user_domain_name': 'Default', 'user_id': '3873094a647d4515b22b915c07d77f4a', 'system': None}, Network: None, Subnet: None, Router: None
2025-12-09 20:43:05.737 65461 INFO tempest.lib.common.dynamic_creds [-] Created isolated network resources for: credentials: Credentials: {'domain_id': 'default', 'domain_name': 'Default', 'username': 'tempest-InstanceUsageAuditLogTestJSON-44034564-project-member', 'project_domain_id': 'default', 'project_domain_name': 'Default', 'project_id': 'b2da0a3e329f44188ad63c7527f6da72', 'project_name': 'tempest-InstanceUsageAuditLogTestJSON-44034564', 'tenant_id': 'b2da0a3e329f44188ad63c7527f6da72', 'tenant_name': 'tempest-InstanceUsageAuditLogTestJSON-44034564', 'user_domain_id': 'default', 'user_domain_name': 'Default', 'user_id': '3873094a647d4515b22b915c07d77f4a', 'system': None}, Network: None, Subnet: None, Router: None
2025-12-09 20:43:05.779 65496 INFO tempest.lib.common.rest_client [req-2b2ffaf3-498e-4be6-a841-81d1ad6c3891 req-2b2ffaf3-498e-4be6-a841-81d1ad6c3891 ] Request (QuotasTestJSON:tearDownClass): 204 DELETE http://10.180.1.21/networking/v2.0/security-groups/2eb835c5-4aa3-4fd3-9b3f-f0d0e2bfea2f 0.164s
2025-12-09 20:43:05.837 65461 INFO tempest.lib.common.rest_client [req-0377d0ea-a20d-4daf-9058-d6c3787873bb req-0377d0ea-a20d-4daf-9058-d6c3787873bb ] Request (InstanceUsageAuditLogTestJSON:setUpClass): 201 POST http://10.180.1.21/identity/v3/auth/tokens 0.092s
2025-12-09 20:43:05.867 65445 INFO tempest.lib.common.rest_client [req-8d17fd53-0371-47e8-a27a-2b7aafe7f279 req-8d17fd53-0371-47e8-a27a-2b7aafe7f279 ] Request (TenantUsagesTestJSON:tearDownClass): 204 DELETE http://10.180.1.21/identity/v3/users/455d3262ba7045ad880f1b6fab2201bb 0.149s
2025-12-09 20:43:05.947 65461 INFO tempest.lib.common.rest_client [req-58676405-00f7-4c9e-8aa9-3c41ca117f88 req-58676405-00f7-4c9e-8aa9-3c41ca117f88 ] Request (InstanceUsageAuditLogTestJSON:setUpClass): 201 POST http://10.180.1.21/identity/v3/projects 0.110s
2025-12-09 20:43:05.950 65435 INFO tempest.lib.common.rest_client [req-9fc614c8-87c4-46b0-9469-3936ad5ae3be req-9fc614c8-87c4-46b0-9469-3936ad5ae3be ] Request (SecurityGroupsTestJSON:test_security_groups_create_list_delete): 200 POST http://10.180.1.21/compute/v2.1/os-security-groups 1.422s
2025-12-09 20:43:05.970 65496 INFO tempest.lib.common.rest_client [req-3c6c24fc-796f-47d7-aae1-dcb6838b944a req-3c6c24fc-796f-47d7-aae1-dcb6838b944a ] Request (QuotasTestJSON:tearDownClass): 204 DELETE http://10.180.1.21/identity/v3/projects/e53d5e3f3c0c4899b7b51176e34186a8 0.190s
2025-12-09 20:43:06.052 65461 INFO tempest.lib.common.rest_client [req-7802fabc-4ad7-4c2a-b91f-9b2f48168862 req-7802fabc-4ad7-4c2a-b91f-9b2f48168862 ] Request (InstanceUsageAuditLogTestJSON:setUpClass): 201 POST http://10.180.1.21/identity/v3/users 0.104s
2025-12-09 20:43:06.077 65445 INFO tempest.lib.common.rest_client [req-982ebe0d-b6b6-4314-8ca6-9b2b9668b912 req-982ebe0d-b6b6-4314-8ca6-9b2b9668b912 ] Request (TenantUsagesTestJSON:tearDownClass): 204 DELETE http://10.180.1.21/identity/v3/users/cd64da60f3114b329fa356db8b2fe660 0.209s
2025-12-09 20:43:06.077 65445 INFO tempest.lib.common.dynamic_creds [-] Deleting project and security group for project: 6427c742f7534e32bb355255eec5b3bb
2025-12-09 20:43:06.131 65461 INFO tempest.lib.common.rest_client [req-1d956d95-095e-4720-b265-5a34ca2a91c0 req-1d956d95-095e-4720-b265-5a34ca2a91c0 ] Request (InstanceUsageAuditLogTestJSON:setUpClass): 200 GET http://10.180.1.21/identity/v3/roles 0.078s
2025-12-09 20:43:06.146 65451 INFO tempest.lib.common.rest_client [req-7e5ca7ab-c4d5-4d74-8847-5e0741ea7aac req-7e5ca7ab-c4d5-4d74-8847-5e0741ea7aac ] Request (InstanceActionsV221TestJSON:tearDownClass): 200 PUT http://10.180.1.21/networking/v2.0/routers/f4a732c0-6d22-4135-9844-328e972286fb/remove_router_interface 1.065s
2025-12-09 20:43:06.154 65445 INFO tempest.lib.common.rest_client [req-a61ba36d-c102-4d28-8533-dc8676489c54 req-a61ba36d-c102-4d28-8533-dc8676489c54 ] Request (TenantUsagesTestJSON:tearDownClass): 201 POST http://10.180.1.21/identity/v3/auth/tokens 0.076s
2025-12-09 20:43:06.201 65437 INFO tempest.lib.common.rest_client [req-726e3f43-eec3-4d59-8f23-b24fba595635 req-726e3f43-eec3-4d59-8f23-b24fba595635 ] Request (ServerDiskConfigTestJSON:test_resize_server_from_auto_to_manual): 200 GET http://10.180.1.21/compute/v2.1/servers/b48f053d-36ea-4380-9107-f49a9423a938 1.419s
2025-12-09 20:43:06.209 65461 INFO tempest.lib.common.rest_client [req-477685e7-5299-46b8-a3d0-ab5064faf1a2 req-477685e7-5299-46b8-a3d0-ab5064faf1a2 ] Request (InstanceUsageAuditLogTestJSON:setUpClass): 204 PUT http://10.180.1.21/identity/v3/projects/74ffea2e456f4082a8724048a703c799/users/ff676407e0574674b289b35157330028/roles/57f0bb0d416b4bca9ee0536a0ae59965 0.078s
2025-12-09 20:43:06.280 65461 INFO tempest.lib.common.rest_client [req-a84eb935-e659-422f-b07e-30599a4d6696 req-a84eb935-e659-422f-b07e-30599a4d6696 ] Request (InstanceUsageAuditLogTestJSON:setUpClass): 200 GET http://10.180.1.21/identity/v3/roles 0.070s
2025-12-09 20:43:06.305 65461 INFO tempest.lib.common.rest_client [req-96ba28ca-2653-4b10-898c-b74fb236d833 req-96ba28ca-2653-4b10-898c-b74fb236d833 ] Request (InstanceUsageAuditLogTestJSON:setUpClass): 204 PUT http://10.180.1.21/identity/v3/projects/74ffea2e456f4082a8724048a703c799/users/ff676407e0574674b289b35157330028/roles/57f0bb0d416b4bca9ee0536a0ae59965 0.025s
2025-12-09 20:43:06.305 65461 INFO tempest.lib.common.dynamic_creds [-] Dynamic test user ff676407e0574674b289b35157330028 is created with scope project and roles: ['admin']
2025-12-09 20:43:06.306 65461 INFO tempest.lib.common.dynamic_creds [-] Acquired dynamic creds: credentials: Credentials: {'domain_id': 'default', 'domain_name': 'Default', 'username': 'tempest-InstanceUsageAuditLogTestJSON-2073964246-project-admin', 'project_domain_id': 'default', 'project_domain_name': 'Default', 'project_id': '74ffea2e456f4082a8724048a703c799', 'project_name': 'tempest-InstanceUsageAuditLogTestJSON-2073964246', 'tenant_id': '74ffea2e456f4082a8724048a703c799', 'tenant_name': 'tempest-InstanceUsageAuditLogTestJSON-2073964246', 'user_domain_id': 'default', 'user_domain_name': 'Default', 'user_id': 'ff676407e0574674b289b35157330028', 'system': None}, Network: None, Subnet: None, Router: None
2025-12-09 20:43:06.306 65461 INFO tempest.lib.common.dynamic_creds [-] Created isolated network resources for: credentials: Credentials: {'domain_id': 'default', 'domain_name': 'Default', 'username': 'tempest-InstanceUsageAuditLogTestJSON-2073964246-project-admin', 'project_domain_id': 'default', 'project_domain_name': 'Default', 'project_id': '74ffea2e456f4082a8724048a703c799', 'project_name': 'tempest-InstanceUsageAuditLogTestJSON-2073964246', 'tenant_id': '74ffea2e456f4082a8724048a703c799', 'tenant_name': 'tempest-InstanceUsageAuditLogTestJSON-2073964246', 'user_domain_id': 'default', 'user_domain_name': 'Default', 'user_id': 'ff676407e0574674b289b35157330028', 'system': None}, Network: None, Subnet: None, Router: None
2025-12-09 20:43:06.399 65461 INFO tempest.lib.common.rest_client [req-26e5bdc1-7fe0-4743-aa58-26402a30c902 req-26e5bdc1-7fe0-4743-aa58-26402a30c902 ] Request (InstanceUsageAuditLogTestJSON:setUpClass): 201 POST http://10.180.1.21/identity/v3/auth/tokens 0.091s
2025-12-09 20:43:06.677 65451 INFO tempest.lib.common.rest_client [req-830c1bf1-8cb4-4fb0-8c16-d36ccad09753 req-830c1bf1-8cb4-4fb0-8c16-d36ccad09753 ] Request (InstanceActionsV221TestJSON:tearDownClass): 204 DELETE http://10.180.1.21/networking/v2.0/routers/f4a732c0-6d22-4135-9844-328e972286fb 0.530s
2025-12-09 20:43:06.711 65445 INFO tempest.lib.common.rest_client [req-8482ae2a-434b-4fb2-8518-9412e94b7317 req-8482ae2a-434b-4fb2-8518-9412e94b7317 ] Request (TenantUsagesTestJSON:tearDownClass): 200 GET http://10.180.1.21/networking/v2.0/security-groups?tenant_id=6427c742f7534e32bb355255eec5b3bb&name=default 0.556s
2025-12-09 20:43:06.713 65488 INFO tempest.lib.common.rest_client [req-698249c5-637d-4794-81f1-936e4c1f33af req-698249c5-637d-4794-81f1-936e4c1f33af ] Request (AttachVolumeNegativeTest:test_attach_attached_volume_to_different_server): 200 GET http://10.180.1.21/compute/v2.1/servers/641402b5-425e-426a-8b65-d4867676d3e9 1.950s
2025-12-09 20:43:06.785 65486 INFO tempest.lib.common.rest_client [req-9dc43118-82ae-4011-9c3f-ec7540e2902b req-9dc43118-82ae-4011-9c3f-ec7540e2902b ] Request (ServerActionsTestOtherA:setUpClass): 200 GET http://10.180.1.21/compute/v2.1/servers/15280944-e6cc-4060-8dae-cb8e3d7992f5 1.951s
2025-12-09 20:43:06.826 65484 INFO tempest.lib.common.rest_client [req-ab3e09ac-7445-4597-98be-6fd68dd9aee8 req-ab3e09ac-7445-4597-98be-6fd68dd9aee8 ] Request (ListServerFiltersTestJSON:tearDownClass): 204 DELETE http://10.180.1.21/compute/v2.1/servers/d37cc94a-7473-4cfc-a522-4fbce2262a1f 1.936s
2025-12-09 20:43:06.913 65451 INFO tempest.lib.common.rest_client [req-09288fa9-4214-4e76-bc66-85806d80d810 req-09288fa9-4214-4e76-bc66-85806d80d810 ] Request (InstanceActionsV221TestJSON:tearDownClass): 204 DELETE http://10.180.1.21/networking/v2.0/subnets/56e70521-ea46-43d8-b935-70d5d97ebdd5 0.235s
2025-12-09 20:43:06.999 65445 INFO tempest.lib.common.rest_client [req-46e9cc9c-7ff4-40bf-8483-11435a6bf886 req-46e9cc9c-7ff4-40bf-8483-11435a6bf886 ] Request (TenantUsagesTestJSON:tearDownClass): 204 DELETE http://10.180.1.21/networking/v2.0/security-groups/b33cd0a1-c6ab-4220-bb5d-8cc8bb013d16 0.287s
2025-12-09 20:43:07.023 65480 INFO tempest.lib.common.rest_client [req-ca839bf0-19cc-431c-84dc-f395d74e2731 req-ca839bf0-19cc-431c-84dc-f395d74e2731 ] Request (ServersTestJSON:setUpClass): 200 GET http://10.180.1.21/compute/v2.1/servers/dfd175b9-04da-4d2f-ade6-6b29717bb05b 2.129s
2025-12-09 20:43:07.037 65443 INFO tempest.lib.common.rest_client [req-c341120e-6faf-4ae9-890b-ef3d1b6ea7a3 req-c341120e-6faf-4ae9-890b-ef3d1b6ea7a3 ] Request (MultipleCreateTestJSON:test_multiple_create_with_reservation_return): 200 GET http://10.180.1.21/compute/v2.1/servers/8f3cd531-6571-4a5d-8ce6-14b1089c7143 2.070s
2025-12-09 20:43:07.105 65445 INFO tempest.lib.common.rest_client [req-53e0f222-d7a7-46c7-a0d7-64b3c3d9d963 req-53e0f222-d7a7-46c7-a0d7-64b3c3d9d963 ] Request (TenantUsagesTestJSON:tearDownClass): 204 DELETE http://10.180.1.21/identity/v3/projects/6427c742f7534e32bb355255eec5b3bb 0.106s
2025-12-09 20:43:07.106 65445 INFO tempest.lib.common.dynamic_creds [-] Deleting project and security group for project: 143eb8ca380b4d279fe8fc64cd2b558f
2025-12-09 20:43:07.294 65463 INFO tempest.lib.common.rest_client [req-2e0d2706-69cd-4f33-93e0-dc0d37ede655 req-2e0d2706-69cd-4f33-93e0-dc0d37ede655 ] Request (ServersTestFqdnHostnames:test_create_server_with_fqdn_name): 200 GET http://10.180.1.21/compute/v2.1/servers/6eb9c7db-0e75-431d-b8ef-67803bbe31fa 2.200s
2025-12-09 20:43:07.326 65445 INFO tempest.lib.common.rest_client [req-012a76ab-3a48-4ede-b997-018454f54173 req-012a76ab-3a48-4ede-b997-018454f54173 ] Request (TenantUsagesTestJSON:tearDownClass): 200 GET http://10.180.1.21/networking/v2.0/security-groups?tenant_id=143eb8ca380b4d279fe8fc64cd2b558f&name=default 0.220s
2025-12-09 20:43:07.327 65451 INFO tempest.lib.common.rest_client [req-52e67479-98f7-4896-a9a4-70287b22cffa req-52e67479-98f7-4896-a9a4-70287b22cffa ] Request (InstanceActionsV221TestJSON:tearDownClass): 204 DELETE http://10.180.1.21/networking/v2.0/networks/6a818100-28cc-4a75-80a8-51725952b72d 0.414s
2025-12-09 20:43:07.374 65494 INFO tempest.lib.common.rest_client [req-13343610-c864-44b6-a34a-f1edb5f4dfc9 req-13343610-c864-44b6-a34a-f1edb5f4dfc9 ] Request (ImagesOneServerNegativeTestJSON:setUpClass): 200 GET http://10.180.1.21/compute/v2.1/servers/b1ee0159-c3a4-4154-a2ca-3994560c5af8 2.214s
2025-12-09 20:43:07.411 65465 INFO tempest.lib.common.rest_client [req-822d062c-4c74-4253-a3e1-a1987fd04713 req-822d062c-4c74-4253-a3e1-a1987fd04713 ] Request (ServersAdminTestJSON:test_list_servers_filter_by_exist_host): 200 GET http://10.180.1.21/compute/v2.1/servers/1931b249-c36d-4e88-9f02-60084f10b45b 2.258s
2025-12-09 20:43:07.434 65445 INFO tempest.lib.common.rest_client [req-dbc18c85-634d-4b49-9701-b1fb076bbdcb req-dbc18c85-634d-4b49-9701-b1fb076bbdcb ] Request (TenantUsagesTestJSON:tearDownClass): 204 DELETE http://10.180.1.21/networking/v2.0/security-groups/7bceb9a8-4407-45bd-874e-f3e880a31aa8 0.108s
2025-12-09 20:43:07.490 65472 INFO tempest.lib.common.rest_client [req-1fe3a249-01ab-4de5-a9fd-25031e41578f req-1fe3a249-01ab-4de5-a9fd-25031e41578f ] Request (ServersTestMultiNic:_run_cleanups): 200 GET http://10.180.1.21/compute/v2.1/servers/0c9b61c4-8221-4121-b97a-4275c891dca1 2.130s
2025-12-09 20:43:07.505 65451 INFO tempest.lib.common.rest_client [req-166e3a1f-7d9f-4669-a6c4-01a508e6e77f req-166e3a1f-7d9f-4669-a6c4-01a508e6e77f ] Request (InstanceActionsV221TestJSON:tearDownClass): 204 DELETE http://10.180.1.21/identity/v3/users/285fae0d68d741b3b49107d75ba1f2e5 0.177s
2025-12-09 20:43:07.505 65451 INFO tempest.lib.common.dynamic_creds [-] Deleting project and security group for project: a7766a3b52544ed7a57a15ce6db24b82
2025-12-09 20:43:07.551 65451 INFO tempest.lib.common.rest_client [req-a8e33c05-5d4c-4895-87f2-ed2a1a9be2e8 req-a8e33c05-5d4c-4895-87f2-ed2a1a9be2e8 ] Request (InstanceActionsV221TestJSON:tearDownClass): 200 GET http://10.180.1.21/networking/v2.0/security-groups?tenant_id=a7766a3b52544ed7a57a15ce6db24b82&name=default 0.046s
2025-12-09 20:43:07.569 65467 INFO tempest.lib.common.rest_client [req-35f1366d-a2f3-496e-9ab6-2adc6022e73a req-35f1366d-a2f3-496e-9ab6-2adc6022e73a ] Request (ServerActionsV293TestJSON:setUpClass): 200 GET http://10.180.1.21/compute/v2.1/servers/654de91c-aca1-416c-b7fe-7e537e0b655f 2.199s
2025-12-09 20:43:07.577 65445 INFO tempest.lib.common.rest_client [req-1f6e7c16-01ec-491c-aa11-28f645373519 req-1f6e7c16-01ec-491c-aa11-28f645373519 ] Request (TenantUsagesTestJSON:tearDownClass): 204 DELETE http://10.180.1.21/identity/v3/projects/143eb8ca380b4d279fe8fc64cd2b558f 0.142s
2025-12-09 20:43:07.595 65476 INFO tempest.lib.common.rest_client [req-c8d7acbc-4e95-4853-9a3d-337cc168e665 req-c8d7acbc-4e95-4853-9a3d-337cc168e665 ] Request (ServersAdminNegativeTestJSON:test_migrate_server_invalid_state): 200 GET http://10.180.1.21/compute/v2.1/servers/11cf22f8-4efd-40f8-956c-984ac7b11cc2 2.302s
2025-12-09 20:43:07.634 65482 INFO tempest.lib.common.rest_client [req-a0a95cf5-a436-43a5-a6b0-28293af5d1d3 req-a0a95cf5-a436-43a5-a6b0-28293af5d1d3 ] Request (ImagesTestJSON:test_create_image_from_suspended_server): 200 GET http://10.180.1.21/compute/v2.1/images/d187c1e8-5280-4664-af2a-18b3963af349 2.026s
2025-12-09 20:43:07.658 65451 INFO tempest.lib.common.rest_client [req-6e96dc6d-4e2a-440f-821f-2855895c7e8e req-6e96dc6d-4e2a-440f-821f-2855895c7e8e ] Request (InstanceActionsV221TestJSON:tearDownClass): 204 DELETE http://10.180.1.21/networking/v2.0/security-groups/5e4ac67b-3946-452b-9df4-e66884f00f02 0.106s
2025-12-09 20:43:07.659 65499 INFO tempest.lib.common.rest_client [req-dbbbef71-0c61-4e0a-897d-0b6b5b272e0c req-dbbbef71-0c61-4e0a-897d-0b6b5b272e0c ] Request (ServersListShow2100Test:tearDownClass): 200 GET http://10.180.1.21/compute/v2.1/servers/41d1913e-c0f0-4b54-b912-1abd326cc638 2.089s
2025-12-09 20:43:07.665 65445 INFO tempest.lib.common.rest_client [req-97cb1508-8490-4d0e-96e1-c949d2d9e5ed req-97cb1508-8490-4d0e-96e1-c949d2d9e5ed ] Request (ListServersNegativeTestJSON:setUpClass): 201 POST http://10.180.1.21/identity/v3/auth/tokens 0.086s
2025-12-09 20:43:07.698 65455 INFO tempest.lib.common.rest_client [req-0beb09fc-0bc8-4f39-a2ec-7c7c7ff3f13f req-0beb09fc-0bc8-4f39-a2ec-7c7c7ff3f13f ] Request (ListImageFiltersTestJSON:setUpClass): 200 GET http://10.180.1.21/compute/v2.1/images/6da7a787-5364-421e-8472-379e9feff2c4 2.035s
2025-12-09 20:43:07.700 65445 INFO tempest.lib.common.rest_client [req-ee5b63b4-2142-4bc0-8337-3ec6d8d9270a req-ee5b63b4-2142-4bc0-8337-3ec6d8d9270a ] Request (ListServersNegativeTestJSON:setUpClass): 201 POST http://10.180.1.21/identity/v3/auth/tokens 0.032s
2025-12-09 20:43:07.702 65439 INFO tempest.lib.common.rest_client [req-29d34ad5-bc35-45df-8a45-ea44910775ab req-29d34ad5-bc35-45df-8a45-ea44910775ab ] Request (FloatingIPsAssociationNegativeTestJSON:setUpClass): 200 GET http://10.180.1.21/compute/v2.1/servers/436fefbe-51ad-416d-8f2f-7e371c664e45 2.075s
2025-12-09 20:43:07.731 65451 INFO tempest.lib.common.rest_client [req-3c5299a3-8d8e-48d8-986e-964e613fa775 req-3c5299a3-8d8e-48d8-986e-964e613fa775 ] Request (InstanceActionsV221TestJSON:tearDownClass): 204 DELETE http://10.180.1.21/identity/v3/projects/a7766a3b52544ed7a57a15ce6db24b82 0.073s
2025-12-09 20:43:07.762 65445 INFO tempest.lib.common.rest_client [req-ded3ca33-4aa7-42f1-8854-f1f214ea8ed4 req-ded3ca33-4aa7-42f1-8854-f1f214ea8ed4 ] Request (ListServersNegativeTestJSON:setUpClass): 200 GET http://10.180.1.21/identity/v3/domains?name=Default 0.061s
2025-12-09 20:43:07.766 65451 INFO tempest.lib.common.rest_client [req-d68b30f8-ca55-4caa-a731-1e44351e5ef4 req-d68b30f8-ca55-4caa-a731-1e44351e5ef4 ] Request (VolumesNegativeTest:setUpClass): 201 POST http://10.180.1.21/identity/v3/auth/tokens 0.033s
2025-12-09 20:43:07.767 65492 INFO tempest.lib.common.rest_client [req-12bace75-5a7c-44a2-ba7b-254cfee491a5 req-12bace75-5a7c-44a2-ba7b-254cfee491a5 ] Request (VolumesAssistedSnapshotsTest:tearDownClass): 200 GET http://10.180.1.21/compute/v2.1/servers/47e49d4e-1b21-4b41-940e-4d062b3120a8 2.013s
2025-12-09 20:43:07.771 65459 INFO tempest.lib.common.rest_client [req-c22839e3-7830-4450-820a-6f4568e24eda req-c22839e3-7830-4450-820a-6f4568e24eda ] Request (InstanceActionsNegativeTestJSON:tearDownClass): 200 GET http://10.180.1.21/compute/v2.1/servers/b1d3f261-9f48-4a7f-b065-c1151c73ac65 2.064s
2025-12-09 20:43:07.806 65445 INFO tempest.lib.common.rest_client [req-14ab8553-1b59-4e21-9b21-8ffecd044bd2 req-14ab8553-1b59-4e21-9b21-8ffecd044bd2 ] Request (ListServersNegativeTestJSON:setUpClass): 201 POST http://10.180.1.21/identity/v3/projects 0.043s
2025-12-09 20:43:07.847 65451 INFO tempest.lib.common.rest_client [req-05df1eee-17f9-472f-80ab-40fd7d96493b req-05df1eee-17f9-472f-80ab-40fd7d96493b ] Request (VolumesNegativeTest:setUpClass): 201 POST http://10.180.1.21/identity/v3/auth/tokens 0.077s
2025-12-09 20:43:07.866 65491 INFO tempest.lib.common.rest_client [req-4475a813-aef7-4904-919b-d7f3dc86e219 req-4475a813-aef7-4904-919b-d7f3dc86e219 ] Request (ServersAdmin275Test:test_rebuild_update_server_275): 200 GET http://10.180.1.21/compute/v2.1/servers/098cb3b4-7497-46bb-97f0-b7ebc33926b2 2.023s
2025-12-09 20:43:07.880 65451 INFO tempest.lib.common.rest_client [req-c4919e9a-1c2a-4601-89a9-a0e994281f97 req-c4919e9a-1c2a-4601-89a9-a0e994281f97 ] Request (VolumesNegativeTest:setUpClass): 200 GET http://10.180.1.21/identity/v3/domains?name=Default 0.032s
2025-12-09 20:43:07.887 65445 INFO tempest.lib.common.rest_client [req-00579d3d-ba46-4747-995c-83c8150d4229 req-00579d3d-ba46-4747-995c-83c8150d4229 ] Request (ListServersNegativeTestJSON:setUpClass): 201 POST http://10.180.1.21/identity/v3/users 0.080s
2025-12-09 20:43:07.911 65445 INFO tempest.lib.common.rest_client [req-90ac8eaf-e6d0-4c83-b878-57b603428c80 req-90ac8eaf-e6d0-4c83-b878-57b603428c80 ] Request (ListServersNegativeTestJSON:setUpClass): 200 GET http://10.180.1.21/identity/v3/roles 0.023s
2025-12-09 20:43:07.914 65451 INFO tempest.lib.common.rest_client [req-8e2645fd-c872-42d1-83fd-d52917a148f1 req-8e2645fd-c872-42d1-83fd-d52917a148f1 ] Request (VolumesNegativeTest:setUpClass): 201 POST http://10.180.1.21/identity/v3/projects 0.033s
2025-12-09 20:43:07.925 65435 INFO tempest.lib.common.rest_client [req-7088566a-4e66-40fe-8e1d-d18ebfce0c60 req-7088566a-4e66-40fe-8e1d-d18ebfce0c60 ] Request (SecurityGroupsTestJSON:test_security_groups_create_list_delete): 200 POST http://10.180.1.21/compute/v2.1/os-security-groups 1.969s
2025-12-09 20:43:07.953 65469 INFO tempest.lib.common.rest_client [req-aa0b9f56-aa0d-4334-b2a6-5ec6204363d6 req-aa0b9f56-aa0d-4334-b2a6-5ec6204363d6 ] Request (ImagesOneServerTestJSON:tearDownClass): 200 GET http://10.180.1.21/compute/v2.1/servers/6768cd49-61cc-4ebb-94dc-49c0bcd84224 1.628s
2025-12-09 20:43:07.990 65445 INFO tempest.lib.common.rest_client [req-87ad7699-1c73-4ae2-bc1d-78a806a2cd8b req-87ad7699-1c73-4ae2-bc1d-78a806a2cd8b ] Request (ListServersNegativeTestJSON:setUpClass): 204 PUT http://10.180.1.21/identity/v3/projects/76827906b77045b8a119a49982ee17a5/users/c41b2b4166814037bbd065112fb3db4e/roles/73548bf2abc84a758cf47be2ec54e28c 0.078s
2025-12-09 20:43:07.991 65445 INFO tempest.lib.common.dynamic_creds [-] Dynamic test user c41b2b4166814037bbd065112fb3db4e is created with scope project and roles: ['member']
2025-12-09 20:43:07.991 65445 INFO tempest.lib.common.dynamic_creds [-] Acquired dynamic creds: credentials: Credentials: {'domain_id': 'default', 'domain_name': 'Default', 'username': 'tempest-ListServersNegativeTestJSON-260345517-project-member', 'project_domain_id': 'default', 'project_domain_name': 'Default', 'project_id': '76827906b77045b8a119a49982ee17a5', 'project_name': 'tempest-ListServersNegativeTestJSON-260345517', 'tenant_id': '76827906b77045b8a119a49982ee17a5', 'tenant_name': 'tempest-ListServersNegativeTestJSON-260345517', 'user_domain_id': 'default', 'user_domain_name': 'Default', 'user_id': 'c41b2b4166814037bbd065112fb3db4e', 'system': None}, Network: None, Subnet: None, Router: None
2025-12-09 20:43:07.993 65451 INFO tempest.lib.common.rest_client [req-4fa92b1b-18d7-48b4-bd4d-757e2813ec31 req-4fa92b1b-18d7-48b4-bd4d-757e2813ec31 ] Request (VolumesNegativeTest:setUpClass): 201 POST http://10.180.1.21/identity/v3/users 0.079s
2025-12-09 20:43:08.062 65445 INFO tempest.lib.common.rest_client [req-480ff42b-1350-4855-bc1b-6b2c7fbdf3ac req-480ff42b-1350-4855-bc1b-6b2c7fbdf3ac ] Request (ListServersNegativeTestJSON:setUpClass): 201 POST http://10.180.1.21/identity/v3/auth/tokens 0.071s
2025-12-09 20:43:08.079 65479 INFO tempest.lib.common.rest_client [req-62cb7326-69bf-405f-85ec-1bcfa0843595 req-62cb7326-69bf-405f-85ec-1bcfa0843595 ] Request (FloatingIPsAssociationTestJSON:test_associate_already_associated_floating_ip): 200 GET http://10.180.1.21/compute/v2.1/servers/bb88414a-8c1d-406c-8be9-bc110a1638fd 1.389s
2025-12-09 20:43:08.083 65451 INFO tempest.lib.common.rest_client [req-2e73a872-4ab5-467b-b76a-0e724ac80b99 req-2e73a872-4ab5-467b-b76a-0e724ac80b99 ] Request (VolumesNegativeTest:setUpClass): 200 GET http://10.180.1.21/identity/v3/roles 0.086s
2025-12-09 20:43:08.116 65451 INFO tempest.lib.common.rest_client [req-fd834892-f856-44b6-a636-39c1f830a7e7 req-fd834892-f856-44b6-a636-39c1f830a7e7 ] Request (VolumesNegativeTest:setUpClass): 204 PUT http://10.180.1.21/identity/v3/projects/246c8e6d9196469e9ad5da2a071b3573/users/c61af806dda7424280f311ddf1cf5bf8/roles/73548bf2abc84a758cf47be2ec54e28c 0.033s
2025-12-09 20:43:08.117 65451 INFO tempest.lib.common.dynamic_creds [-] Dynamic test user c61af806dda7424280f311ddf1cf5bf8 is created with scope project and roles: ['member']
2025-12-09 20:43:08.117 65451 INFO tempest.lib.common.dynamic_creds [-] Acquired dynamic creds: credentials: Credentials: {'domain_id': 'default', 'domain_name': 'Default', 'username': 'tempest-VolumesNegativeTest-1022159781-project-member', 'project_domain_id': 'default', 'project_domain_name': 'Default', 'project_id': '246c8e6d9196469e9ad5da2a071b3573', 'project_name': 'tempest-VolumesNegativeTest-1022159781', 'tenant_id': '246c8e6d9196469e9ad5da2a071b3573', 'tenant_name': 'tempest-VolumesNegativeTest-1022159781', 'user_domain_id': 'default', 'user_domain_name': 'Default', 'user_id': 'c61af806dda7424280f311ddf1cf5bf8', 'system': None}, Network: None, Subnet: None, Router: None
2025-12-09 20:43:08.117 65451 INFO tempest.lib.common.dynamic_creds [-] Created isolated network resources for: credentials: Credentials: {'domain_id': 'default', 'domain_name': 'Default', 'username': 'tempest-VolumesNegativeTest-1022159781-project-member', 'project_domain_id': 'default', 'project_domain_name': 'Default', 'project_id': '246c8e6d9196469e9ad5da2a071b3573', 'project_name': 'tempest-VolumesNegativeTest-1022159781', 'tenant_id': '246c8e6d9196469e9ad5da2a071b3573', 'tenant_name': 'tempest-VolumesNegativeTest-1022159781', 'user_domain_id': 'default', 'user_domain_name': 'Default', 'user_id': 'c61af806dda7424280f311ddf1cf5bf8', 'system': None}, Network: None, Subnet: None, Router: None
2025-12-09 20:43:08.118 65461 INFO tempest.lib.common.rest_client [req-410138a8-3e6c-4cfd-8614-18295d1b59a8 req-410138a8-3e6c-4cfd-8614-18295d1b59a8 ] Request (InstanceUsageAuditLogTestJSON:test_get_instance_usage_audit_log): 200 GET http://10.180.1.21/compute/v2.1/os-instance_usage_audit_log/2025-12-09%2020%3A43%3A06 1.718s
2025-12-09 20:43:08.207 65451 INFO tempest.lib.common.rest_client [req-2625741b-ea22-4256-ab0c-66870e2fd47c req-2625741b-ea22-4256-ab0c-66870e2fd47c ] Request (VolumesNegativeTest:setUpClass): 201 POST http://10.180.1.21/identity/v3/auth/tokens 0.086s
2025-12-09 20:43:08.457 65457 INFO tempest.lib.common.rest_client [req-a1db4b8c-da54-41eb-ac25-92b8f5124e94 req-a1db4b8c-da54-41eb-ac25-92b8f5124e94 ] Request (MigrationsAdminTest:test_resize_server_revert_deleted_flavor): 200 GET http://10.180.1.21/compute/v2.1/servers/86467582-45da-4e10-83db-4f98ae9f61f1 1.767s
2025-12-09 20:43:08.462 65445 INFO tempest.lib.common.rest_client [req-b9456f35-cd49-428a-bdce-71dc4714de77 req-b9456f35-cd49-428a-bdce-71dc4714de77 ] Request (ListServersNegativeTestJSON:setUpClass): 201 POST http://10.180.1.21/networking/v2.0/networks 0.399s
2025-12-09 20:43:08.741 65445 INFO tempest.lib.common.rest_client [req-76278408-aa9f-4ea4-bb8f-1339343b6b82 req-76278408-aa9f-4ea4-bb8f-1339343b6b82 ] Request (ListServersNegativeTestJSON:setUpClass): 201 POST http://10.180.1.21/networking/v2.0/subnets 0.278s
2025-12-09 20:43:08.797 65437 INFO tempest.lib.common.rest_client [req-8200b2cb-9803-41b5-bfb4-301bf63ba16f req-8200b2cb-9803-41b5-bfb4-301bf63ba16f ] Request (ServerDiskConfigTestJSON:test_resize_server_from_auto_to_manual): 200 GET http://10.180.1.21/compute/v2.1/servers/b48f053d-36ea-4380-9107-f49a9423a938 1.582s
2025-12-09 20:43:08.826 65484 INFO tempest.lib.common.rest_client [req-d82ca603-de67-4ab8-8c83-bf8c7ba4073d req-d82ca603-de67-4ab8-8c83-bf8c7ba4073d ] Request (ListServerFiltersTestJSON:tearDownClass): 200 GET http://10.180.1.21/compute/v2.1/servers/d37cc94a-7473-4cfc-a522-4fbce2262a1f 1.999s
2025-12-09 20:43:08.870 65482 INFO tempest.lib.common.rest_client [req-8aa3fe91-b9ba-425b-887d-07719b065c84 req-8aa3fe91-b9ba-425b-887d-07719b065c84 ] Request (ImagesTestJSON:test_create_image_from_suspended_server): 200 GET http://10.180.1.21/compute/v2.1/images/d187c1e8-5280-4664-af2a-18b3963af349 1.232s
