2025-12-09 20:41:43.219 65459 INFO tempest.lib.common.rest_client [req-e8fcb976-31c7-4e21-8b28-10da619b59cb req-e8fcb976-31c7-4e21-8b28-10da619b59cb ] Request (InstanceActionsNegativeTestJSON:setUpClass): 201 POST http://10.180.1.21/networking/v2.0/networks 0.592s
2025-12-09 20:41:43.261 65447 INFO tempest.lib.common.rest_client [req-4409b923-86fd-4765-9b10-fca328245b41 req-4409b923-86fd-4765-9b10-fca328245b41 ] Request (ServersWithSpecificFlavorTestJSON:test_verify_created_server_ephemeral_disk): 200 GET http://10.180.1.21/compute/v2.1/servers/d7789a6d-f92f-4db4-a7a5-cf87b5403659 2.399s
2025-12-09 20:41:43.270 65447 INFO tempest.common.waiters [-] State transition "BUILD/networking" ==> "BUILD/spawning" after 19 second wait
2025-12-09 20:41:43.437 65459 INFO tempest.lib.common.rest_client [req-945076c4-3327-482a-90e1-7735edd3611a req-945076c4-3327-482a-90e1-7735edd3611a ] Request (InstanceActionsNegativeTestJSON:setUpClass): 201 POST http://10.180.1.21/networking/v2.0/subnets 0.217s
2025-12-09 20:41:43.460 65441 INFO tempest.lib.common.rest_client [req-5a15ccaf-a5d5-461f-9d80-4ce0e36e86d9 req-5a15ccaf-a5d5-461f-9d80-4ce0e36e86d9 ] Request (ServerActionsTestJSON:setUpClass): 200 GET http://10.180.1.21/compute/v2.1/servers/42b526d8-8e2b-40b2-8e3c-0b03ca97664b 2.585s
2025-12-09 20:41:43.460 65494 INFO tempest.lib.common.rest_client [req-ea9b4a8a-245c-480c-b6c7-60ed14e29903 req-ea9b4a8a-245c-480c-b6c7-60ed14e29903 ] Request (FloatingIPDetailsTestJSON:setUpClass): 200 POST http://10.180.1.21/compute/v2.1/os-floating-ips 2.768s
2025-12-09 20:41:43.467 65441 INFO tempest.common.waiters [-] State transition "BUILD/None" ==> "BUILD/networking" after 19 second wait
2025-12-09 20:41:43.519 65482 INFO tempest.lib.common.rest_client [req-d0d9fabe-f293-410f-924d-d19d12af34b3 req-d0d9fabe-f293-410f-924d-d19d12af34b3 ] Request (ImagesTestJSON:test_create_image_from_stopped_server): 200 GET http://10.180.1.21/compute/v2.1/images/dd0db2de-9030-4c1e-87ab-d63a6fa33608 2.624s
2025-12-09 20:41:43.561 65455 INFO tempest.lib.common.rest_client [req-e4418eae-58e6-4851-8e77-2907f0d2dc9f req-e4418eae-58e6-4851-8e77-2907f0d2dc9f ] Request (ListImageFiltersTestJSON:setUpClass): 200 GET http://10.180.1.21/compute/v2.1/images/452ec285-2fec-4f70-b567-01f4c42de4c4 2.378s
2025-12-09 20:41:43.567 65499 INFO tempest.lib.common.rest_client [req-fb84fb42-59bc-43b1-bfde-7bca695d8dcc req-fb84fb42-59bc-43b1-bfde-7bca695d8dcc ] Request (MultipleCreateNegativeTestJSON:test_max_count_non_integer): 400 POST http://10.180.1.21/compute/v2.1/servers 2.277s
2025-12-09 20:41:43.590 65461 INFO tempest.lib.common.rest_client [req-88493dbf-fdf1-4b35-9cd3-847cd8867f69 req-88493dbf-fdf1-4b35-9cd3-847cd8867f69 ] Request (FlavorsAdminTestJSON:_run_cleanups): 202 DELETE http://10.180.1.21/compute/v2.1/flavors/450220399 2.139s
2025-12-09 20:41:43.629 65474 INFO tempest.lib.common.rest_client [req-7c11d819-dfc6-4b1a-b19a-889a4f2fe70a req-7c11d819-dfc6-4b1a-b19a-889a4f2fe70a ] Request (ImagesMetadataTestJSON:test_set_image_metadata_item): 200 GET http://10.180.1.21/compute/v2.1/images/2f21b68a-9b02-4bad-9427-808e4da8669c/metadata 2.142s
2025-12-09 20:41:43.673 65499 INFO tempest.lib.common.rest_client [req-7ab5767e-1f2d-4ab7-8c51-3380a0fa126f req-7ab5767e-1f2d-4ab7-8c51-3380a0fa126f ] Request (MultipleCreateNegativeTestJSON:test_min_count_less_than_one): 201 POST http://10.180.1.21/identity/v3/auth/tokens 0.099s
2025-12-09 20:41:43.673 65499 INFO tempest.lib.common.fixed_network [-] (MultipleCreateNegativeTestJSON:test_min_count_less_than_one) Found network None available for tenant
2025-12-09 20:41:44.152 65492 WARNING tempest.lib.common.ssh [-] Failed to establish authenticated ssh connection to cirros@10.180.180.129 ([Errno None] Unable to connect to port 22 on 10.180.180.129). Number attempts: 4. Retry after 5 seconds.: paramiko.ssh_exception.NoValidConnectionsError: [Errno None] Unable to connect to port 22 on 10.180.180.129
2025-12-09 20:41:44.186 65459 INFO tempest.lib.common.rest_client [req-3cd40833-871a-4061-9191-55ea6d471acd req-3cd40833-871a-4061-9191-55ea6d471acd ] Request (InstanceActionsNegativeTestJSON:setUpClass): 201 POST http://10.180.1.21/networking/v2.0/routers 0.749s
2025-12-09 20:41:44.219 65443 INFO tempest.lib.common.rest_client [req-d2318249-b2e5-4d8b-b7d8-d18ccd369c5c req-d2318249-b2e5-4d8b-b7d8-d18ccd369c5c ] Request (MultipleCreateTestJSON:test_multiple_create): 200 GET http://10.180.1.21/compute/v2.1/servers/5030f47f-0fe0-448a-bb3f-5b5265bc36e5 2.688s
2025-12-09 20:41:44.331 65469 INFO tempest.lib.common.rest_client [req-a27b9a08-5a4b-40a7-8053-f6fee274aac0 req-a27b9a08-5a4b-40a7-8053-f6fee274aac0 ] Request (ImagesOneServerTestJSON:test_create_delete_image): 204 DELETE http://10.180.1.21/compute/v2.1/images/d73192b8-e8e8-4da2-b6cf-7dc72c1b79ed 2.629s
2025-12-09 20:41:45.148 65459 INFO tempest.lib.common.rest_client [req-423cb186-beb2-4b24-ac8c-324c1d4fab0c req-423cb186-beb2-4b24-ac8c-324c1d4fab0c ] Request (InstanceActionsNegativeTestJSON:setUpClass): 200 PUT http://10.180.1.21/networking/v2.0/routers/f83e5b84-e42f-4938-b55b-a0a9474b87a5/add_router_interface 0.962s
2025-12-09 20:41:45.149 65459 INFO tempest.lib.common.dynamic_creds [-] Created isolated network resources for: credentials: Credentials: {'domain_id': 'default', 'domain_name': 'Default', 'username': 'tempest-InstanceActionsNegativeTestJSON-1203410076-project-member', 'project_domain_id': 'default', 'project_domain_name': 'Default', 'project_id': 'cd487db4190241f8a190382c847dd655', 'project_name': 'tempest-InstanceActionsNegativeTestJSON-1203410076', 'tenant_id': 'cd487db4190241f8a190382c847dd655', 'tenant_name': 'tempest-InstanceActionsNegativeTestJSON-1203410076', 'user_domain_id': 'default', 'user_domain_name': 'Default', 'user_id': '08bbc5d520b44fe4aa9c22d8f8787b7d', 'system': None}, Network: {'id': '099f4a7f-83aa-423f-b2da-43cdc6a0a117', 'name': 'tempest-InstanceActionsNegativeTestJSON-1823675291-network', 'tenant_id': 'cd487db4190241f8a190382c847dd655', 'project_id': 'cd487db4190241f8a190382c847dd655', 'admin_state_up': True, 'mtu': 8950, 'status': 'ACTIVE', 'subnets': [], 'shared': False, 'port_security_enabled': True, 'router:external': False, 'provider:network_type': 'vlan', 'provider:physical_network': 'default', 'provider:segmentation_id': 276, 'availability_zone_hints': [], 'availability_zones': [], 'ipv4_address_scope': None, 'ipv6_address_scope': None, 'description': '', 'tags': [], 'created_at': '2025-12-09T20:41:43Z', 'updated_at': '2025-12-09T20:41:43Z', 'revision_number': 1}, Subnet: {'id': 'fc77f8e2-96ef-4da3-bf88-990b076e77e4', 'name': 'tempest-InstanceActionsNegativeTestJSON-1823675291-subnet', 'tenant_id': 'cd487db4190241f8a190382c847dd655', 'network_id': '099f4a7f-83aa-423f-b2da-43cdc6a0a117', 'ip_version': 4, 'subnetpool_id': None, 'enable_dhcp': True, 'ipv6_ra_mode': None, 'ipv6_address_mode': None, 'gateway_ip': '192.168.128.1', 'cidr': '192.168.128.0/28', 'allocation_pools': [{'start': '192.168.128.2', 'end': '192.168.128.14'}], 'host_routes': [], 'dns_nameservers': [], 'description': '', 'router:external': False, 'service_types': [], 'tags': [], 'created_at': '2025-12-09T20:41:43Z', 'updated_at': '2025-12-09T20:41:43Z', 'revision_number': 0, 'project_id': 'cd487db4190241f8a190382c847dd655'}, Router: {'id': 'f83e5b84-e42f-4938-b55b-a0a9474b87a5', 'name': 'tempest-InstanceActionsNegativeTestJSON-1823675291-router', 'tenant_id': 'cd487db4190241f8a190382c847dd655', 'admin_state_up': True, 'status': 'ACTIVE', 'external_gateway_info': {'network_id': 'e95af030-a598-4b5a-b8ad-0463bd328e34', 'external_fixed_ips': [{'subnet_id': 'b0a1ab51-ef59-42b9-8d76-9051dc719bca', 'ip_address': '10.180.180.208'}], 'enable_snat': True}, 'description': '', 'availability_zones': [], 'distributed': False, 'ha': False, 'availability_zone_hints': [], 'routes': [], 'flavor_id': None, 'tags': [], 'created_at': '2025-12-09T20:41:43Z', 'updated_at': '2025-12-09T20:41:43Z', 'revision_number': 2, 'project_id': 'cd487db4190241f8a190382c847dd655'}
2025-12-09 20:41:45.180 65484 INFO tempest.lib.common.rest_client [req-2cc5bf8a-1480-4207-a12e-200fa9e59888 req-2cc5bf8a-1480-4207-a12e-200fa9e59888 ] Request (ListServerFiltersTestJSON:test_list_servers_detailed_filter_by_flavor): 200 GET http://10.180.1.21/compute/v2.1/servers/detail?flavor=84 4.068s
2025-12-09 20:41:45.282 65459 INFO tempest.lib.common.rest_client [req-07b163e0-3c72-4f0b-8eb9-5473b2fbacc5 req-07b163e0-3c72-4f0b-8eb9-5473b2fbacc5 ] Request (InstanceActionsNegativeTestJSON:setUpClass): 201 POST http://10.180.1.21/identity/v3/auth/tokens 0.130s
2025-12-09 20:41:45.339 65459 INFO tempest.lib.common.rest_client [req-36d3a1f2-342b-4473-ab7a-ae39c864f16a req-36d3a1f2-342b-4473-ab7a-ae39c864f16a ] Request (InstanceActionsNegativeTestJSON:setUpClass): 201 POST http://10.180.1.21/identity/v3/auth/tokens 0.052s
2025-12-09 20:41:45.340 65459 INFO tempest.lib.common.fixed_network [-] (InstanceActionsNegativeTestJSON:setUpClass) Found network {'id': '099f4a7f-83aa-423f-b2da-43cdc6a0a117', 'name': 'tempest-InstanceActionsNegativeTestJSON-1823675291-network', 'tenant_id': 'cd487db4190241f8a190382c847dd655', 'project_id': 'cd487db4190241f8a190382c847dd655', 'admin_state_up': True, 'mtu': 8950, 'status': 'ACTIVE', 'subnets': [], 'shared': False, 'port_security_enabled': True, 'router:external': False, 'provider:network_type': 'vlan', 'provider:physical_network': 'default', 'provider:segmentation_id': 276, 'availability_zone_hints': [], 'availability_zones': [], 'ipv4_address_scope': None, 'ipv6_address_scope': None, 'description': '', 'tags': [], 'created_at': '2025-12-09T20:41:43Z', 'updated_at': '2025-12-09T20:41:43Z', 'revision_number': 1} available for tenant
2025-12-09 20:41:45.427 65435 INFO tempest.lib.common.rest_client [req-14b1b53b-f39f-4ca4-95df-517f020af328 req-14b1b53b-f39f-4ca4-95df-517f020af328 ] Request (SecurityGroupRulesNegativeTestJSON:tearDownClass): 202 DELETE http://10.180.1.21/compute/v2.1/os-security-groups/2d23419c-8509-4653-9621-adb9cefd79fa 3.597s
2025-12-09 20:41:45.494 65457 INFO tempest.lib.common.rest_client [req-f4dd6131-ee02-4ae9-8eb3-7eceb289c6ec req-f4dd6131-ee02-4ae9-8eb3-7eceb289c6ec ] Request (MigrationsAdminTest:test_list_migrations_in_flavor_resize_situation): 204 POST http://10.180.1.21/compute/v2.1/servers/0a96233c-f845-4e73-82d8-d9e5fcabad4c/action 3.480s
2025-12-09 20:41:45.504 65479 INFO tempest.lib.common.rest_client [req-553b4ab3-b1b5-4acc-bf9a-d56b87d859a6 req-553b4ab3-b1b5-4acc-bf9a-d56b87d859a6 ] Request (QuotaClassesAdminTestJSON:_run_cleanups): 200 PUT http://10.180.1.21/compute/v2.1/os-quota-class-sets/default 3.483s
2025-12-09 20:41:45.524 65439 INFO tempest.lib.common.rest_client [req-fa240317-045b-45c4-857d-cb0f0a514cb0 req-fa240317-045b-45c4-857d-cb0f0a514cb0 ] Request (FlavorsV2TestJSON:test_list_flavors_detailed_limit_results): 200 GET http://10.180.1.21/compute/v2.1/flavors/detail?limit=1 3.156s
2025-12-09 20:41:45.531 65463 INFO tempest.lib.common.rest_client [req-c9c796a6-bd85-43e8-af76-1f9ffdd3749a req-c9c796a6-bd85-43e8-af76-1f9ffdd3749a ] Request (AggregatesAdminNegativeTestJSON:test_aggregate_delete_as_user): 403 DELETE http://10.180.1.21/compute/v2.1/os-aggregates/5 3.132s
2025-12-09 20:41:45.555 65453 INFO tempest.lib.common.rest_client [req-286f8321-c3ec-49c6-bc5b-456715fbc2d0 req-286f8321-c3ec-49c6-bc5b-456715fbc2d0 ] Request (FlavorsAccessNegativeTestJSON:_run_cleanups): 200 GET http://10.180.1.21/compute/v2.1/flavors/detail 2.954s
2025-12-09 20:41:45.621 65465 INFO tempest.lib.common.rest_client [req-aa482ae6-9711-490c-a927-0e157865aee7 req-aa482ae6-9711-490c-a927-0e157865aee7 ] Request (ServersAdminTestJSON:test_create_server_with_scheduling_hint): 200 GET http://10.180.1.21/compute/v2.1/servers/74e5b4d8-c99a-456f-9f8a-f6e5d6459380 3.360s
2025-12-09 20:41:45.637 65465 INFO tempest.common.waiters [-] State transition "BUILD/None" ==> "BUILD/networking" after 17 second wait
2025-12-09 20:41:45.638 65496 INFO tempest.lib.common.rest_client [req-c20dd352-8887-47fe-a7a8-6855842c15d2 req-c20dd352-8887-47fe-a7a8-6855842c15d2 ] Request (ServerAddressesNegativeTestJSON:setUpClass): 200 GET http://10.180.1.21/compute/v2.1/servers/36da482d-7e0d-46e6-ae37-3ea421cb59d3 2.943s
2025-12-09 20:41:45.639 65479 INFO tempest.lib.common.rest_client [req-75ffa206-be33-4faf-8e38-11c452f58cb0 req-75ffa206-be33-4faf-8e38-11c452f58cb0 ] Request (QuotaClassesAdminTestJSON:tearDownClass): 204 DELETE http://10.180.1.21/identity/v3/users/fe8357ebd00d4005bc2ac99b4c171c4b 0.124s
2025-12-09 20:41:45.715 65445 INFO tempest.lib.common.rest_client [req-560ca961-c557-4d5d-8986-e71dfd2dd98f req-560ca961-c557-4d5d-8986-e71dfd2dd98f ] Request (TenantUsagesTestJSON:setUpClass): 200 GET http://10.180.1.21/compute/v2.1/servers/0ffc86e0-58c8-4528-894f-6b040a0f87c0 2.725s
2025-12-09 20:41:45.780 65479 INFO tempest.lib.common.rest_client [req-4d2795d5-d210-47c7-bafa-33a1d3c51721 req-4d2795d5-d210-47c7-bafa-33a1d3c51721 ] Request (QuotaClassesAdminTestJSON:tearDownClass): 204 DELETE http://10.180.1.21/identity/v3/users/0334ed2094524667b8c3ff4bb9a5217f 0.140s
2025-12-09 20:41:45.780 65479 INFO tempest.lib.common.dynamic_creds [-] Deleting project and security group for project: 5e6616ae3a774fa0b80d60e497057014
2025-12-09 20:41:45.800 65488 INFO tempest.lib.common.rest_client [req-75b3191e-598e-47e1-a7ea-2a1aacbfa619 req-75b3191e-598e-47e1-a7ea-2a1aacbfa619 ] Request (InstanceActionsTestJSON:tearDownClass): 200 GET http://10.180.1.21/compute/v2.1/servers/13a9d8ec-36cc-4cd4-b491-875117f821c2 2.682s
2025-12-09 20:41:45.888 65479 INFO tempest.lib.common.rest_client [req-460142e7-a91a-4fe3-81bb-3022cff61c96 req-460142e7-a91a-4fe3-81bb-3022cff61c96 ] Request (QuotaClassesAdminTestJSON:tearDownClass): 201 POST http://10.180.1.21/identity/v3/auth/tokens 0.107s
2025-12-09 20:41:45.927 65451 INFO tempest.lib.common.rest_client [req-e79396d5-006b-471f-9c05-7fa11498e63f req-e79396d5-006b-471f-9c05-7fa11498e63f ] Request (InstanceActionsV221TestJSON:test_get_list_deleted_instance_actions): 200 GET http://10.180.1.21/compute/v2.1/servers/be770b2b-004d-4cc5-968d-7dcf71f0502a 2.750s
2025-12-09 20:41:45.939 65451 INFO tempest.common.waiters [-] State transition "BUILD/scheduling" ==> "BUILD/None" after 6 second wait
2025-12-09 20:41:46.147 65479 INFO tempest.lib.common.rest_client [req-67653327-28c0-4107-8bde-f39fb3bb3e2c req-67653327-28c0-4107-8bde-f39fb3bb3e2c ] Request (QuotaClassesAdminTestJSON:tearDownClass): 200 GET http://10.180.1.21/networking/v2.0/security-groups?tenant_id=5e6616ae3a774fa0b80d60e497057014&name=default 0.258s
2025-12-09 20:41:46.174 65472 INFO tempest.lib.common.rest_client [req-d62cd3ad-cb26-43f7-b723-1356ef918fa8 req-d62cd3ad-cb26-43f7-b723-1356ef918fa8 ] Request (VolumesAdminNegativeTest:tearDownClass): 200 GET http://10.180.1.21/compute/v2.1/servers/f4fb8c0e-a918-4b69-8ca5-59612a90c086 2.885s
2025-12-09 20:41:46.480 65437 INFO tempest.lib.common.rest_client [req-66b708bf-0402-495d-b68e-ffb87f8b077f req-66b708bf-0402-495d-b68e-ffb87f8b077f ] Request (ServerDiskConfigTestJSON:test_rebuild_server_with_manual_disk_config): 202 POST http://10.180.1.21/compute/v2.1/servers 3.749s
2025-12-09 20:41:46.504 65479 INFO tempest.lib.common.rest_client [req-67fd6758-b4b4-4415-9a6e-8b4c3f90dd8f req-67fd6758-b4b4-4415-9a6e-8b4c3f90dd8f ] Request (QuotaClassesAdminTestJSON:tearDownClass): 204 DELETE http://10.180.1.21/networking/v2.0/security-groups/11fb960a-48e9-421e-b347-38065769f558 0.357s
2025-12-09 20:41:46.598 65479 INFO tempest.lib.common.rest_client [req-fb2cab5c-cec0-460a-a6d8-2be16919f0e9 req-fb2cab5c-cec0-460a-a6d8-2be16919f0e9 ] Request (QuotaClassesAdminTestJSON:tearDownClass): 204 DELETE http://10.180.1.21/identity/v3/projects/5e6616ae3a774fa0b80d60e497057014 0.093s
2025-12-09 20:41:46.599 65479 INFO tempest.lib.common.dynamic_creds [-] Deleting project and security group for project: d91bf33bb63046dfbe620ef8f13eafa5
2025-12-09 20:41:46.777 65480 INFO tempest.lib.common.rest_client [req-65433d94-ca26-47b8-8bf5-783800c4b356 req-65433d94-ca26-47b8-8bf5-783800c4b356 ] Request (AttachInterfacesV270Test:test_create_get_list_interfaces): 200 GET http://10.180.1.21/compute/v2.1/servers/a0511d16-2b78-45c2-9b1e-08f0778893ba 3.445s
2025-12-09 20:41:46.789 65480 INFO tempest.common.waiters [-] State transition "BUILD/spawning" ==> "ACTIVE/None" after 27 second wait
2025-12-09 20:41:46.874 65479 INFO tempest.lib.common.rest_client [req-92aec891-aee5-41ac-bfd5-edfe434fe742 req-92aec891-aee5-41ac-bfd5-edfe434fe742 ] Request (QuotaClassesAdminTestJSON:tearDownClass): 200 GET http://10.180.1.21/networking/v2.0/security-groups?tenant_id=d91bf33bb63046dfbe620ef8f13eafa5&name=default 0.275s
2025-12-09 20:41:47.535 65479 INFO tempest.lib.common.rest_client [req-d5b410da-e5c1-4ec0-a9cc-639d18334d06 req-d5b410da-e5c1-4ec0-a9cc-639d18334d06 ] Request (QuotaClassesAdminTestJSON:tearDownClass): 204 DELETE http://10.180.1.21/networking/v2.0/security-groups/280bdeb9-57a1-4001-82e7-c705c2498eaf 0.660s
2025-12-09 20:41:47.637 65491 INFO tempest.lib.common.rest_client [req-913b617b-8937-4b99-9479-03c5336b10fe req-913b617b-8937-4b99-9479-03c5336b10fe ] Request (DeleteServersAdminTestJSON:test_delete_server_while_in_error_state): 200 GET http://10.180.1.21/compute/v2.1/servers/20e35b86-33af-4059-96fe-60a3377c9a8e 4.149s
2025-12-09 20:41:47.663 65479 INFO tempest.lib.common.rest_client [req-1c891b22-ef71-4148-978f-25230b60d536 req-1c891b22-ef71-4148-978f-25230b60d536 ] Request (QuotaClassesAdminTestJSON:tearDownClass): 204 DELETE http://10.180.1.21/identity/v3/projects/d91bf33bb63046dfbe620ef8f13eafa5 0.127s
2025-12-09 20:41:47.689 65482 INFO tempest.lib.common.rest_client [req-78e70783-7765-4131-8c2d-73a079c8190c req-78e70783-7765-4131-8c2d-73a079c8190c ] Request (ImagesTestJSON:test_create_image_from_stopped_server): 200 GET http://10.180.1.21/compute/v2.1/images/dd0db2de-9030-4c1e-87ab-d63a6fa33608 4.165s
2025-12-09 20:41:47.705 65494 INFO tempest.lib.common.rest_client [req-69f38186-85bb-4a27-91b7-a4fdf9b9ecad req-69f38186-85bb-4a27-91b7-a4fdf9b9ecad ] Request (FloatingIPDetailsTestJSON:test_get_floating_ip_details): 200 POST http://10.180.1.21/compute/v2.1/os-floating-ips 4.239s
2025-12-09 20:41:47.738 65482 INFO tempest.lib.common.rest_client [req-751d2d5a-ce05-49de-9b8e-6952aecf2926 req-751d2d5a-ce05-49de-9b8e-6952aecf2926 ] Request (ImagesTestJSON:test_create_image_from_stopped_server): 200 GET http://10.180.1.21/image/v2/images/dd0db2de-9030-4c1e-87ab-d63a6fa33608/tasks 0.043s
2025-12-09 20:41:47.751 65455 INFO tempest.lib.common.rest_client [req-39e3792e-347e-4c23-81b7-81b9fad55900 req-39e3792e-347e-4c23-81b7-81b9fad55900 ] Request (ListImageFiltersTestJSON:setUpClass): 200 GET http://10.180.1.21/compute/v2.1/images/452ec285-2fec-4f70-b567-01f4c42de4c4 4.184s
2025-12-09 20:41:47.757 65479 INFO tempest.lib.common.rest_client [req-93f9c95f-9076-4975-8ead-9d82168b4481 req-93f9c95f-9076-4975-8ead-9d82168b4481 ] Request (FloatingIPsAssociationTestJSON:setUpClass): 201 POST http://10.180.1.21/identity/v3/auth/tokens 0.092s
2025-12-09 20:41:47.774 65461 INFO tempest.lib.common.rest_client [req-5ae96a35-5c18-4280-8da6-655ae20f9167 req-5ae96a35-5c18-4280-8da6-655ae20f9167 ] Request (FlavorsAdminTestJSON:_run_cleanups): 200 GET http://10.180.1.21/compute/v2.1/flavors/detail 4.183s
2025-12-09 20:41:47.816 65479 INFO tempest.lib.common.rest_client [req-6c4bada9-622f-48d5-8b7b-b1767f9ac5e2 req-6c4bada9-622f-48d5-8b7b-b1767f9ac5e2 ] Request (FloatingIPsAssociationTestJSON:setUpClass): 201 POST http://10.180.1.21/identity/v3/auth/tokens 0.054s
2025-12-09 20:41:47.846 65479 INFO tempest.lib.common.rest_client [req-2cf9efb8-704a-4763-93a8-5325f9b074ce req-2cf9efb8-704a-4763-93a8-5325f9b074ce ] Request (FloatingIPsAssociationTestJSON:setUpClass): 200 GET http://10.180.1.21/identity/v3/domains?name=Default 0.029s
2025-12-09 20:41:47.854 65476 INFO tempest.lib.common.rest_client [req-964dafeb-76e8-47f3-9bc0-3eb03b5c7517 req-964dafeb-76e8-47f3-9bc0-3eb03b5c7517 ] Request (ServersAdminNegativeTestJSON:setUpClass): 200 GET http://10.180.1.21/compute/v2.1/servers/565c3b56-ef25-4002-a55c-9148bb54016d 4.261s
2025-12-09 20:41:47.864 65499 INFO tempest.lib.common.rest_client [req-5eeda43c-123d-4105-a9ce-fd56880adab3 req-5eeda43c-123d-4105-a9ce-fd56880adab3 ] Request (MultipleCreateNegativeTestJSON:test_min_count_less_than_one): 400 POST http://10.180.1.21/compute/v2.1/servers 4.187s
2025-12-09 20:41:47.882 65479 INFO tempest.lib.common.rest_client [req-c01e94a0-626a-4b70-b3ab-c6e553a04241 req-c01e94a0-626a-4b70-b3ab-c6e553a04241 ] Request (FloatingIPsAssociationTestJSON:setUpClass): 201 POST http://10.180.1.21/identity/v3/projects 0.035s
2025-12-09 20:41:47.951 65499 INFO tempest.lib.common.rest_client [req-38a79e77-9c4a-4c77-b7a7-36326e6372ae req-38a79e77-9c4a-4c77-b7a7-36326e6372ae ] Request (MultipleCreateNegativeTestJSON:test_min_count_non_integer): 201 POST http://10.180.1.21/identity/v3/auth/tokens 0.082s
2025-12-09 20:41:47.952 65499 INFO tempest.lib.common.fixed_network [-] (MultipleCreateNegativeTestJSON:test_min_count_non_integer) Found network None available for tenant
2025-12-09 20:41:47.983 65479 INFO tempest.lib.common.rest_client [req-9de0d8c0-6c15-4665-8bd6-a653657b8837 req-9de0d8c0-6c15-4665-8bd6-a653657b8837 ] Request (FloatingIPsAssociationTestJSON:setUpClass): 201 POST http://10.180.1.21/identity/v3/users 0.100s
2025-12-09 20:41:48.009 65479 INFO tempest.lib.common.rest_client [req-98bbaa7b-ee13-4c14-8bbd-9ee6b75147d1 req-98bbaa7b-ee13-4c14-8bbd-9ee6b75147d1 ] Request (FloatingIPsAssociationTestJSON:setUpClass): 200 GET http://10.180.1.21/identity/v3/roles 0.026s
2025-12-09 20:41:48.029 65447 INFO tempest.lib.common.rest_client [req-7542a9f5-93ad-4911-bb28-086bee657fe1 req-7542a9f5-93ad-4911-bb28-086bee657fe1 ] Request (ServersWithSpecificFlavorTestJSON:test_verify_created_server_ephemeral_disk): 200 GET http://10.180.1.21/compute/v2.1/servers/d7789a6d-f92f-4db4-a7a5-cf87b5403659 3.757s
2025-12-09 20:41:48.052 65479 INFO tempest.lib.common.rest_client [req-f557ebfa-c2a9-4d72-850c-a1b33a927f41 req-f557ebfa-c2a9-4d72-850c-a1b33a927f41 ] Request (FloatingIPsAssociationTestJSON:setUpClass): 204 PUT http://10.180.1.21/identity/v3/projects/1b93b9e4abcf448c91b0af33fc590b06/users/f3997fbed48440b28ff5b039edcbfc14/roles/73548bf2abc84a758cf47be2ec54e28c 0.042s
2025-12-09 20:41:48.052 65479 INFO tempest.lib.common.dynamic_creds [-] Dynamic test user f3997fbed48440b28ff5b039edcbfc14 is created with scope project and roles: ['member']
2025-12-09 20:41:48.052 65479 INFO tempest.lib.common.dynamic_creds [-] Acquired dynamic creds: credentials: Credentials: {'domain_id': 'default', 'domain_name': 'Default', 'username': 'tempest-FloatingIPsAssociationTestJSON-1460387285-project-member', 'project_domain_id': 'default', 'project_domain_name': 'Default', 'project_id': '1b93b9e4abcf448c91b0af33fc590b06', 'project_name': 'tempest-FloatingIPsAssociationTestJSON-1460387285', 'tenant_id': '1b93b9e4abcf448c91b0af33fc590b06', 'tenant_name': 'tempest-FloatingIPsAssociationTestJSON-1460387285', 'user_domain_id': 'default', 'user_domain_name': 'Default', 'user_id': 'f3997fbed48440b28ff5b039edcbfc14', 'system': None}, Network: None, Subnet: None, Router: None
2025-12-09 20:41:48.056 65469 INFO tempest.lib.common.rest_client [req-559fc690-8bf1-4d96-b638-9718769d9532 req-559fc690-8bf1-4d96-b638-9718769d9532 ] Request (ImagesOneServerTestJSON:test_create_delete_image): 404 GET http://10.180.1.21/compute/v2.1/images/d73192b8-e8e8-4da2-b6cf-7dc72c1b79ed 3.724s
2025-12-09 20:41:48.071 65474 INFO tempest.lib.common.rest_client [req-aa666fb4-7154-4675-82df-dad6c312ba1d req-aa666fb4-7154-4675-82df-dad6c312ba1d ] Request (ImagesMetadataTestJSON:setUp): 200 PUT http://10.180.1.21/compute/v2.1/images/2f21b68a-9b02-4bad-9427-808e4da8669c/metadata 4.441s
2025-12-09 20:41:48.138 65479 INFO tempest.lib.common.rest_client [req-cfec2b4c-54f5-4ba8-93b3-fb9716f3b8c2 req-cfec2b4c-54f5-4ba8-93b3-fb9716f3b8c2 ] Request (FloatingIPsAssociationTestJSON:setUpClass): 201 POST http://10.180.1.21/identity/v3/auth/tokens 0.086s
2025-12-09 20:41:48.238 65455 INFO tempest.lib.common.rest_client [req-fac65feb-f668-4447-aa1f-826507624d8d req-fac65feb-f668-4447-aa1f-826507624d8d ] Request (ListImageFiltersTestJSON:setUpClass): 201 POST http://10.180.1.21/image/v2/images 0.483s
2025-12-09 20:41:48.239 65441 INFO tempest.lib.common.rest_client [req-472e8376-0dca-4076-9cf9-eab4f0b33cfe req-472e8376-0dca-4076-9cf9-eab4f0b33cfe ] Request (ServerActionsTestJSON:setUpClass): 200 GET http://10.180.1.21/compute/v2.1/servers/42b526d8-8e2b-40b2-8e3c-0b03ca97664b 3.770s
2025-12-09 20:41:48.248 65441 INFO tempest.common.waiters [-] State transition "BUILD/networking" ==> "BUILD/spawning" after 24 second wait
2025-12-09 20:41:48.457 65484 INFO tempest.lib.common.rest_client [req-76c7da3a-8abc-4375-bf84-2c11e0e0afa5 req-76c7da3a-8abc-4375-bf84-2c11e0e0afa5 ] Request (ListServerFiltersTestJSON:test_list_servers_detailed_filter_by_server_name): 200 GET http://10.180.1.21/compute/v2.1/servers/detail?name=tempest-ListServerFiltersTestJSON-instance-1098173639 3.267s
2025-12-09 20:41:48.469 65479 INFO tempest.lib.common.rest_client [req-05336882-bf47-4e53-addd-b7171ae8cf8f req-05336882-bf47-4e53-addd-b7171ae8cf8f ] Request (FloatingIPsAssociationTestJSON:setUpClass): 201 POST http://10.180.1.21/networking/v2.0/networks 0.330s
2025-12-09 20:41:48.511 65443 INFO tempest.lib.common.rest_client [req-085725e5-12bc-4d60-97d7-a6daad75178e req-085725e5-12bc-4d60-97d7-a6daad75178e ] Request (MultipleCreateTestJSON:test_multiple_create): 200 GET http://10.180.1.21/compute/v2.1/servers/5030f47f-0fe0-448a-bb3f-5b5265bc36e5 3.284s
2025-12-09 20:41:48.524 65443 INFO tempest.common.waiters [-] State transition "BUILD/spawning" ==> "ACTIVE/None" after 26 second wait
2025-12-09 20:41:48.671 65435 INFO tempest.lib.common.rest_client [req-f82ca1bb-869f-4562-99a6-e9bf26d425fc req-f82ca1bb-869f-4562-99a6-e9bf26d425fc ] Request (SecurityGroupRulesNegativeTestJSON:tearDownClass): 202 DELETE http://10.180.1.21/compute/v2.1/os-security-groups/d063b0aa-f5d5-46a5-bc8f-bb03af656db1 3.243s
2025-12-09 20:41:48.687 65479 INFO tempest.lib.common.rest_client [req-c8b61684-0856-4a96-8ae4-07505ac24b34 req-c8b61684-0856-4a96-8ae4-07505ac24b34 ] Request (FloatingIPsAssociationTestJSON:setUpClass): 201 POST http://10.180.1.21/networking/v2.0/subnets 0.217s
2025-12-09 20:41:49.489 65479 INFO tempest.lib.common.rest_client [req-5c4f9f0c-1f76-4a09-95fa-31dbb7a68b61 req-5c4f9f0c-1f76-4a09-95fa-31dbb7a68b61 ] Request (FloatingIPsAssociationTestJSON:setUpClass): 201 POST http://10.180.1.21/networking/v2.0/routers 0.802s
2025-12-09 20:41:49.536 65435 INFO tempest.lib.common.rest_client [req-08d46a8b-0bfb-444c-87e9-da36990677e0 req-08d46a8b-0bfb-444c-87e9-da36990677e0 ] Request (SecurityGroupRulesNegativeTestJSON:tearDownClass): 200 PUT http://10.180.1.21/networking/v2.0/routers/fb24253b-7a5f-4ba1-a77c-3d1534c850b8/remove_router_interface 0.864s
2025-12-09 20:41:49.639 65457 INFO tempest.lib.common.rest_client [req-c44f2942-4134-4dd5-8301-1702d00d8a0a req-c44f2942-4134-4dd5-8301-1702d00d8a0a ] Request (MigrationsAdminTest:test_list_migrations_in_flavor_resize_situation): 200 GET http://10.180.1.21/compute/v2.1/servers/0a96233c-f845-4e73-82d8-d9e5fcabad4c 4.144s
2025-12-09 20:41:49.660 65492 WARNING tempest.lib.common.ssh [-] Failed to establish authenticated ssh connection to cirros@10.180.180.129 ([Errno None] Unable to connect to port 22 on 10.180.180.129). Number attempts: 5. Retry after 6 seconds.: paramiko.ssh_exception.NoValidConnectionsError: [Errno None] Unable to connect to port 22 on 10.180.180.129
2025-12-09 20:41:49.764 65467 INFO tempest.lib.common.rest_client [req-6795b3e7-6b37-4063-b958-ce2fefe43dab req-6795b3e7-6b37-4063-b958-ce2fefe43dab ] Request (AbsoluteLimitsNegativeTestJSON:test_max_metadata_exceed_limit): 200 GET http://10.180.1.21/compute/v2.1/limits 4.236s
2025-12-09 20:41:49.782 65439 INFO tempest.lib.common.rest_client [req-056e6a26-c6d8-432e-b62a-f96d97205d0a req-056e6a26-c6d8-432e-b62a-f96d97205d0a ] Request (FlavorsV2TestJSON:test_list_flavors_detailed_using_marker): 200 GET http://10.180.1.21/compute/v2.1/flavors/42 4.254s
2025-12-09 20:41:49.805 65463 INFO tempest.lib.common.rest_client [req-b80c2470-28a5-4ca0-9c78-8ad56cf87e8b req-b80c2470-28a5-4ca0-9c78-8ad56cf87e8b ] Request (AggregatesAdminNegativeTestJSON:_run_cleanups): 200 DELETE http://10.180.1.21/compute/v2.1/os-aggregates/5 4.273s
2025-12-09 20:41:49.820 65467 INFO tempest.lib.common.rest_client [req-3bec652c-e74e-48ec-b5e0-f7eea691e8e4 req-3bec652c-e74e-48ec-b5e0-f7eea691e8e4 ] Request (AbsoluteLimitsNegativeTestJSON:test_max_metadata_exceed_limit): 201 POST http://10.180.1.21/identity/v3/auth/tokens 0.045s
2025-12-09 20:41:49.821 65467 INFO tempest.lib.common.fixed_network [-] (AbsoluteLimitsNegativeTestJSON:test_max_metadata_exceed_limit) Found network None available for tenant
2025-12-09 20:41:49.827 65453 INFO tempest.lib.common.rest_client [req-19fc236c-d392-415a-a08c-ecc09b95c359 req-19fc236c-d392-415a-a08c-ecc09b95c359 ] Request (FlavorsAccessNegativeTestJSON:test_remove_flavor_access_not_found): 200 POST http://10.180.1.21/compute/v2.1/flavors 4.263s
2025-12-09 20:41:50.005 65455 INFO tempest.lib.common.rest_client [req-cfc04f13-cf1f-4dd3-9d52-dcbe2f714d6f req-cfc04f13-cf1f-4dd3-9d52-dcbe2f714d6f ] Request (ListImageFiltersTestJSON:setUpClass): 204 PUT http://10.180.1.21/image/v2/images/1e7776d9-2736-4608-8cc1-ad63127d232e/file 0.766s
2025-12-09 20:41:50.065 65435 INFO tempest.lib.common.rest_client [req-81d1bc87-324c-4b56-b8db-5623b52b8381 req-81d1bc87-324c-4b56-b8db-5623b52b8381 ] Request (SecurityGroupRulesNegativeTestJSON:tearDownClass): 204 DELETE http://10.180.1.21/networking/v2.0/routers/fb24253b-7a5f-4ba1-a77c-3d1534c850b8 0.528s
2025-12-09 20:41:50.240 65437 INFO tempest.lib.common.rest_client [req-0af4addb-cc5e-4da5-8aaf-aa555f052efb req-0af4addb-cc5e-4da5-8aaf-aa555f052efb ] Request (ServerDiskConfigTestJSON:test_rebuild_server_with_manual_disk_config): 200 GET http://10.180.1.21/compute/v2.1/servers/519e3a1d-1937-44ee-af84-e950f127e90f 3.757s
2025-12-09 20:41:50.509 65435 INFO tempest.lib.common.rest_client [req-29e28572-3303-45f6-a759-4b3f417d376a req-29e28572-3303-45f6-a759-4b3f417d376a ] Request (SecurityGroupRulesNegativeTestJSON:tearDownClass): 204 DELETE http://10.180.1.21/networking/v2.0/subnets/51491639-be8e-4232-92a7-a22ca36a7a26 0.444s
2025-12-09 20:41:50.639 65479 INFO tempest.lib.common.rest_client [req-10524031-ae6e-4c87-a002-58116dc3b71b req-10524031-ae6e-4c87-a002-58116dc3b71b ] Request (FloatingIPsAssociationTestJSON:setUpClass): 200 PUT http://10.180.1.21/networking/v2.0/routers/d6de2eb5-01bd-454b-adf6-3732ba306e43/add_router_interface 1.149s
2025-12-09 20:41:50.639 65479 INFO tempest.lib.common.dynamic_creds [-] Created isolated network resources for: credentials: Credentials: {'domain_id': 'default', 'domain_name': 'Default', 'username': 'tempest-FloatingIPsAssociationTestJSON-1460387285-project-member', 'project_domain_id': 'default', 'project_domain_name': 'Default', 'project_id': '1b93b9e4abcf448c91b0af33fc590b06', 'project_name': 'tempest-FloatingIPsAssociationTestJSON-1460387285', 'tenant_id': '1b93b9e4abcf448c91b0af33fc590b06', 'tenant_name': 'tempest-FloatingIPsAssociationTestJSON-1460387285', 'user_domain_id': 'default', 'user_domain_name': 'Default', 'user_id': 'f3997fbed48440b28ff5b039edcbfc14', 'system': None}, Network: {'id': '3c591cb5-f23d-4b8e-a6ec-b3eb51522a78', 'name': 'tempest-FloatingIPsAssociationTestJSON-1914442063-network', 'tenant_id': '1b93b9e4abcf448c91b0af33fc590b06', 'project_id': '1b93b9e4abcf448c91b0af33fc590b06', 'admin_state_up': True, 'mtu': 8950, 'status': 'ACTIVE', 'subnets': [], 'shared': False, 'port_security_enabled': True, 'router:external': False, 'provider:network_type': 'vlan', 'provider:physical_network': 'default', 'provider:segmentation_id': 165, 'availability_zone_hints': [], 'availability_zones': [], 'ipv4_address_scope': None, 'ipv6_address_scope': None, 'description': '', 'tags': [], 'created_at': '2025-12-09T20:41:48Z', 'updated_at': '2025-12-09T20:41:48Z', 'revision_number': 1}, Subnet: {'id': 'e423a5e5-3835-4641-90f5-6e13c6a14460', 'name': 'tempest-FloatingIPsAssociationTestJSON-1914442063-subnet', 'tenant_id': '1b93b9e4abcf448c91b0af33fc590b06', 'network_id': '3c591cb5-f23d-4b8e-a6ec-b3eb51522a78', 'ip_version': 4, 'subnetpool_id': None, 'enable_dhcp': True, 'ipv6_ra_mode': None, 'ipv6_address_mode': None, 'gateway_ip': '192.168.128.1', 'cidr': '192.168.128.0/28', 'allocation_pools': [{'start': '192.168.128.2', 'end': '192.168.128.14'}], 'host_routes': [], 'dns_nameservers': [], 'description': '', 'router:external': False, 'service_types': [], 'tags': [], 'created_at': '2025-12-09T20:41:48Z', 'updated_at': '2025-12-09T20:41:48Z', 'revision_number': 0, 'project_id': '1b93b9e4abcf448c91b0af33fc590b06'}, Router: {'id': 'd6de2eb5-01bd-454b-adf6-3732ba306e43', 'name': 'tempest-FloatingIPsAssociationTestJSON-1914442063-router', 'tenant_id': '1b93b9e4abcf448c91b0af33fc590b06', 'admin_state_up': True, 'status': 'ACTIVE', 'external_gateway_info': {'network_id': 'e95af030-a598-4b5a-b8ad-0463bd328e34', 'external_fixed_ips': [{'subnet_id': 'b0a1ab51-ef59-42b9-8d76-9051dc719bca', 'ip_address': '10.180.180.155'}], 'enable_snat': True}, 'description': '', 'availability_zones': [], 'distributed': False, 'ha': False, 'availability_zone_hints': [], 'routes': [], 'flavor_id': None, 'tags': [], 'created_at': '2025-12-09T20:41:48Z', 'updated_at': '2025-12-09T20:41:49Z', 'revision_number': 2, 'project_id': '1b93b9e4abcf448c91b0af33fc590b06'}
2025-12-09 20:41:50.740 65479 INFO tempest.lib.common.rest_client [req-1e0818b8-b283-4c91-98c1-60dbd0a45aab req-1e0818b8-b283-4c91-98c1-60dbd0a45aab ] Request (FloatingIPsAssociationTestJSON:setUpClass): 201 POST http://10.180.1.21/identity/v3/auth/tokens 0.097s
2025-12-09 20:41:50.777 65479 INFO tempest.lib.common.rest_client [req-ef8cc46e-e726-44cd-9174-bc32ce0ce1bb req-ef8cc46e-e726-44cd-9174-bc32ce0ce1bb ] Request (FloatingIPsAssociationTestJSON:setUpClass): 201 POST http://10.180.1.21/identity/v3/auth/tokens 0.032s
2025-12-09 20:41:50.778 65479 INFO tempest.lib.common.fixed_network [-] (FloatingIPsAssociationTestJSON:setUpClass) Found network {'id': '3c591cb5-f23d-4b8e-a6ec-b3eb51522a78', 'name': 'tempest-FloatingIPsAssociationTestJSON-1914442063-network', 'tenant_id': '1b93b9e4abcf448c91b0af33fc590b06', 'project_id': '1b93b9e4abcf448c91b0af33fc590b06', 'admin_state_up': True, 'mtu': 8950, 'status': 'ACTIVE', 'subnets': [], 'shared': False, 'port_security_enabled': True, 'router:external': False, 'provider:network_type': 'vlan', 'provider:physical_network': 'default', 'provider:segmentation_id': 165, 'availability_zone_hints': [], 'availability_zones': [], 'ipv4_address_scope': None, 'ipv6_address_scope': None, 'description': '', 'tags': [], 'created_at': '2025-12-09T20:41:48Z', 'updated_at': '2025-12-09T20:41:48Z', 'revision_number': 1} available for tenant
2025-12-09 20:41:50.796 65459 INFO tempest.lib.common.rest_client [req-75009a65-0a16-442b-ac8f-c51e1306ba9a req-75009a65-0a16-442b-ac8f-c51e1306ba9a ] Request (InstanceActionsNegativeTestJSON:setUpClass): 202 POST http://10.180.1.21/compute/v2.1/servers 5.456s
2025-12-09 20:41:51.024 65435 INFO tempest.lib.common.rest_client [req-e4334f28-5acf-4372-bd92-64b7d34be3c2 req-e4334f28-5acf-4372-bd92-64b7d34be3c2 ] Request (SecurityGroupRulesNegativeTestJSON:tearDownClass): 204 DELETE http://10.180.1.21/networking/v2.0/networks/4199b135-efbd-4bd3-b9c4-44ec1a4a1b90 0.515s
2025-12-09 20:41:51.081 65465 INFO tempest.lib.common.rest_client [req-cb266ab9-ee25-400f-9bd1-52d23a9720da req-cb266ab9-ee25-400f-9bd1-52d23a9720da ] Request (ServersAdminTestJSON:test_create_server_with_scheduling_hint): 200 GET http://10.180.1.21/compute/v2.1/servers/74e5b4d8-c99a-456f-9f8a-f6e5d6459380 4.443s
2025-12-09 20:41:51.094 65465 INFO tempest.common.waiters [-] State transition "BUILD/networking" ==> "BUILD/spawning" after 23 second wait
2025-12-09 20:41:51.161 65435 INFO tempest.lib.common.rest_client [req-534ce3e7-42fa-4e7b-9e21-7911bd07dd6f req-534ce3e7-42fa-4e7b-9e21-7911bd07dd6f ] Request (SecurityGroupRulesNegativeTestJSON:tearDownClass): 204 DELETE http://10.180.1.21/identity/v3/users/7d38c08f3c3141f88a34ab5503471ab9 0.136s
2025-12-09 20:41:51.161 65435 INFO tempest.lib.common.dynamic_creds [-] Deleting project and security group for project: 0ded06b4fcc643b88b47e6e28517d483
2025-12-09 20:41:51.239 65445 INFO tempest.lib.common.rest_client [req-17638bf1-7184-42ac-82fa-fc3a9e37af70 req-17638bf1-7184-42ac-82fa-fc3a9e37af70 ] Request (TenantUsagesTestJSON:setUpClass): 200 GET http://10.180.1.21/compute/v2.1/servers/0ffc86e0-58c8-4528-894f-6b040a0f87c0 4.510s
2025-12-09 20:41:51.263 65435 INFO tempest.lib.common.rest_client [req-fcc87b1d-23fa-4c9a-9eef-2a59caa4d95a req-fcc87b1d-23fa-4c9a-9eef-2a59caa4d95a ] Request (SecurityGroupRulesNegativeTestJSON:tearDownClass): 200 GET http://10.180.1.21/networking/v2.0/security-groups?tenant_id=0ded06b4fcc643b88b47e6e28517d483&name=default 0.101s
2025-12-09 20:41:51.331 65496 INFO tempest.lib.common.rest_client [req-0844cecd-7efd-4455-8954-dc58471e2348 req-0844cecd-7efd-4455-8954-dc58471e2348 ] Request (ServerAddressesNegativeTestJSON:setUpClass): 200 GET http://10.180.1.21/compute/v2.1/servers/36da482d-7e0d-46e6-ae37-3ea421cb59d3 4.680s
2025-12-09 20:41:51.340 65496 INFO tempest.common.waiters [-] State transition "BUILD/None" ==> "BUILD/networking" after 16 second wait
2025-12-09 20:41:51.468 65435 INFO tempest.lib.common.rest_client [req-8b30b120-30b0-47a8-a060-72866c6e7096 req-8b30b120-30b0-47a8-a060-72866c6e7096 ] Request (SecurityGroupRulesNegativeTestJSON:tearDownClass): 204 DELETE http://10.180.1.21/networking/v2.0/security-groups/c85ad56f-7904-47d0-a2b2-83221f3ea3d4 0.205s
2025-12-09 20:41:51.569 65488 INFO tempest.lib.common.rest_client [req-cc599389-8f5d-4281-ada7-288536ff4682 req-cc599389-8f5d-4281-ada7-288536ff4682 ] Request (InstanceActionsTestJSON:tearDownClass): 200 GET http://10.180.1.21/compute/v2.1/servers/13a9d8ec-36cc-4cd4-b491-875117f821c2 4.754s
2025-12-09 20:41:51.676 65451 INFO tempest.lib.common.rest_client [req-9aa1aa05-eb70-48c5-9c04-9c947aabcde1 req-9aa1aa05-eb70-48c5-9c04-9c947aabcde1 ] Request (InstanceActionsV221TestJSON:test_get_list_deleted_instance_actions): 200 GET http://10.180.1.21/compute/v2.1/servers/be770b2b-004d-4cc5-968d-7dcf71f0502a 4.735s
2025-12-09 20:41:51.701 65472 INFO tempest.lib.common.rest_client [req-1d202722-bc8c-4cbb-a55f-326c68a46b72 req-1d202722-bc8c-4cbb-a55f-326c68a46b72 ] Request (VolumesAdminNegativeTest:tearDownClass): 404 GET http://10.180.1.21/compute/v2.1/servers/f4fb8c0e-a918-4b69-8ca5-59612a90c086 4.514s
2025-12-09 20:41:51.789 65435 INFO tempest.lib.common.rest_client [req-7c03f033-2177-486b-91a5-ed5c4cec6e7e req-7c03f033-2177-486b-91a5-ed5c4cec6e7e ] Request (SecurityGroupRulesNegativeTestJSON:tearDownClass): 204 DELETE http://10.180.1.21/identity/v3/projects/0ded06b4fcc643b88b47e6e28517d483 0.320s
2025-12-09 20:41:51.872 65435 INFO tempest.lib.common.rest_client [req-7e9ca84f-8be5-4a9c-a04f-1bb0d340c107 req-7e9ca84f-8be5-4a9c-a04f-1bb0d340c107 ] Request (SecurityGroupsTestJSON:setUpClass): 201 POST http://10.180.1.21/identity/v3/auth/tokens 0.082s
2025-12-09 20:41:51.915 65435 INFO tempest.lib.common.rest_client [req-ad01e298-58f3-4e67-a5da-3f8b07a37831 req-ad01e298-58f3-4e67-a5da-3f8b07a37831 ] Request (SecurityGroupsTestJSON:setUpClass): 201 POST http://10.180.1.21/identity/v3/auth/tokens 0.038s
2025-12-09 20:41:51.949 65435 INFO tempest.lib.common.rest_client [req-820ac7f3-6885-4247-8ee5-c00cc620e59f req-820ac7f3-6885-4247-8ee5-c00cc620e59f ] Request (SecurityGroupsTestJSON:setUpClass): 200 GET http://10.180.1.21/identity/v3/domains?name=Default 0.034s
2025-12-09 20:41:51.977 65435 INFO tempest.lib.common.rest_client [req-3b4a4a12-040d-4f41-952d-75bdf105f989 req-3b4a4a12-040d-4f41-952d-75bdf105f989 ] Request (SecurityGroupsTestJSON:setUpClass): 201 POST http://10.180.1.21/identity/v3/projects 0.027s
2025-12-09 20:41:52.054 65435 INFO tempest.lib.common.rest_client [req-2b1efab1-fff3-42d0-a5b9-c66c7b72089b req-2b1efab1-fff3-42d0-a5b9-c66c7b72089b ] Request (SecurityGroupsTestJSON:setUpClass): 201 POST http://10.180.1.21/identity/v3/users 0.076s
2025-12-09 20:41:52.078 65435 INFO tempest.lib.common.rest_client [req-2dfcaa5e-9bb0-46e5-bfd9-34c7988c986b req-2dfcaa5e-9bb0-46e5-bfd9-34c7988c986b ] Request (SecurityGroupsTestJSON:setUpClass): 200 GET http://10.180.1.21/identity/v3/roles 0.024s
2025-12-09 20:41:52.117 65435 INFO tempest.lib.common.rest_client [req-779bdf8c-2f4d-4864-9b4e-1f097218e448 req-779bdf8c-2f4d-4864-9b4e-1f097218e448 ] Request (SecurityGroupsTestJSON:setUpClass): 204 PUT http://10.180.1.21/identity/v3/projects/15bd9c528b454ac7a681ca869a42446d/users/6c1bcd560f4c48f7920867fe56395d74/roles/73548bf2abc84a758cf47be2ec54e28c 0.038s
2025-12-09 20:41:52.118 65435 INFO tempest.lib.common.dynamic_creds [-] Dynamic test user 6c1bcd560f4c48f7920867fe56395d74 is created with scope project and roles: ['member']
2025-12-09 20:41:52.118 65435 INFO tempest.lib.common.dynamic_creds [-] Acquired dynamic creds: credentials: Credentials: {'domain_id': 'default', 'domain_name': 'Default', 'username': 'tempest-SecurityGroupsTestJSON-1431536548-project-member', 'project_domain_id': 'default', 'project_domain_name': 'Default', 'project_id': '15bd9c528b454ac7a681ca869a42446d', 'project_name': 'tempest-SecurityGroupsTestJSON-1431536548', 'tenant_id': '15bd9c528b454ac7a681ca869a42446d', 'tenant_name': 'tempest-SecurityGroupsTestJSON-1431536548', 'user_domain_id': 'default', 'user_domain_name': 'Default', 'user_id': '6c1bcd560f4c48f7920867fe56395d74', 'system': None}, Network: None, Subnet: None, Router: None
2025-12-09 20:41:52.214 65435 INFO tempest.lib.common.rest_client [req-d7c9502a-a42e-4fc1-96ec-373b6fc18a85 req-d7c9502a-a42e-4fc1-96ec-373b6fc18a85 ] Request (SecurityGroupsTestJSON:setUpClass): 201 POST http://10.180.1.21/identity/v3/auth/tokens 0.095s
2025-12-09 20:41:52.574 65472 INFO tempest.lib.common.rest_client [req-1fb20a76-850e-4cd4-a6f1-67182e58ac9e req-1fb20a76-850e-4cd4-a6f1-67182e58ac9e ] Request (VolumesAdminNegativeTest:tearDownClass): 200 PUT http://10.180.1.21/networking/v2.0/routers/dd7604a8-2f3b-45bc-b9a8-a95901695f57/remove_router_interface 0.872s
2025-12-09 20:41:52.967 65435 INFO tempest.lib.common.rest_client [req-7778b4ad-6e1e-462b-a644-e9711835ed3b req-7778b4ad-6e1e-462b-a644-e9711835ed3b ] Request (SecurityGroupsTestJSON:setUpClass): 201 POST http://10.180.1.21/networking/v2.0/networks 0.753s
2025-12-09 20:41:53.281 65435 INFO tempest.lib.common.rest_client [req-c88d49d0-9e4f-4c6a-ace5-36ba20d3f5ee req-c88d49d0-9e4f-4c6a-ace5-36ba20d3f5ee ] Request (SecurityGroupsTestJSON:setUpClass): 201 POST http://10.180.1.21/networking/v2.0/subnets 0.313s
2025-12-09 20:41:53.290 65494 INFO tempest.lib.common.rest_client [req-91e55d99-ed02-446f-8bdc-b3291726c043 req-91e55d99-ed02-446f-8bdc-b3291726c043 ] Request (FloatingIPDetailsTestJSON:test_get_floating_ip_details): 200 GET http://10.180.1.21/compute/v2.1/os-floating-ips/706b9919-829a-467b-83a2-b61741ccf30c 5.581s
2025-12-09 20:41:53.338 65472 INFO tempest.lib.common.rest_client [req-3989f9c8-a630-40d0-a23e-351d97ccaf7a req-3989f9c8-a630-40d0-a23e-351d97ccaf7a ] Request (VolumesAdminNegativeTest:tearDownClass): 204 DELETE http://10.180.1.21/networking/v2.0/routers/dd7604a8-2f3b-45bc-b9a8-a95901695f57 0.763s
2025-12-09 20:41:53.475 65482 INFO tempest.lib.common.rest_client [req-aaf29514-96e7-443a-bc09-956801c8cd75 req-aaf29514-96e7-443a-bc09-956801c8cd75 ] Request (ImagesTestJSON:_run_cleanups): 204 DELETE http://10.180.1.21/compute/v2.1/images/dd0db2de-9030-4c1e-87ab-d63a6fa33608 5.735s
2025-12-09 20:41:53.501 65461 INFO tempest.lib.common.rest_client [req-5958b9be-4cad-4b5a-a4be-85b2f12c29ca req-5958b9be-4cad-4b5a-a4be-85b2f12c29ca ] Request (FlavorsAdminTestJSON:test_create_server_with_non_public_flavor): 200 POST http://10.180.1.21/compute/v2.1/flavors 5.720s
2025-12-09 20:41:53.511 65499 INFO tempest.lib.common.rest_client [req-a1781c2c-3544-4a87-812e-daa08ab84d4d req-a1781c2c-3544-4a87-812e-daa08ab84d4d ] Request (MultipleCreateNegativeTestJSON:test_min_count_non_integer): 400 POST http://10.180.1.21/compute/v2.1/servers 5.559s
2025-12-09 20:41:53.533 65472 INFO tempest.lib.common.rest_client [req-9e0b8a14-c58e-40c2-86c2-32604db6b3cc req-9e0b8a14-c58e-40c2-86c2-32604db6b3cc ] Request (VolumesAdminNegativeTest:tearDownClass): 204 DELETE http://10.180.1.21/networking/v2.0/subnets/38babd36-709e-4031-b873-8eaccf9b0541 0.194s
2025-12-09 20:41:53.611 65499 INFO tempest.lib.common.rest_client [req-d7bafb1e-3d7e-471c-aa1e-f7ac7741504b req-d7bafb1e-3d7e-471c-aa1e-f7ac7741504b ] Request (MultipleCreateNegativeTestJSON:tearDownClass): 204 DELETE http://10.180.1.21/identity/v3/users/c79fca823ce943da88de86847e623654 0.099s
2025-12-09 20:41:53.612 65499 INFO tempest.lib.common.dynamic_creds [-] Deleting project and security group for project: 5ab913280852456f921ce2d1eadb45c8
2025-12-09 20:41:53.696 65499 INFO tempest.lib.common.rest_client [req-efd5d36a-08af-41ad-902d-9aac7c923b28 req-efd5d36a-08af-41ad-902d-9aac7c923b28 ] Request (MultipleCreateNegativeTestJSON:tearDownClass): 201 POST http://10.180.1.21/identity/v3/auth/tokens 0.083s
2025-12-09 20:41:53.784 65472 INFO tempest.lib.common.rest_client [req-1a6e64b1-77d3-4259-8b4f-016c939a7e99 req-1a6e64b1-77d3-4259-8b4f-016c939a7e99 ] Request (VolumesAdminNegativeTest:tearDownClass): 204 DELETE http://10.180.1.21/networking/v2.0/networks/ada2c921-fdc0-454f-b487-b83e1e169c9e 0.250s
2025-12-09 20:41:53.986 65499 INFO tempest.lib.common.rest_client [req-7af28e01-4b18-42db-9c62-41416cdca8cc req-7af28e01-4b18-42db-9c62-41416cdca8cc ] Request (MultipleCreateNegativeTestJSON:tearDownClass): 200 GET http://10.180.1.21/networking/v2.0/security-groups?tenant_id=5ab913280852456f921ce2d1eadb45c8&name=default 0.290s
2025-12-09 20:41:54.032 65469 INFO tempest.lib.common.rest_client [req-c37c87dc-8e43-4727-b50e-93c78813bff1 req-c37c87dc-8e43-4727-b50e-93c78813bff1 ] Request (ImagesOneServerTestJSON:test_create_image_specify_multibyte_character_image_name): 202 POST http://10.180.1.21/compute/v2.1/servers/6768cd49-61cc-4ebb-94dc-49c0bcd84224/action 5.972s
2025-12-09 20:41:54.123 65435 INFO tempest.lib.common.rest_client [req-47776377-93cc-457f-96c8-89d8a6b77a36 req-47776377-93cc-457f-96c8-89d8a6b77a36 ] Request (SecurityGroupsTestJSON:setUpClass): 201 POST http://10.180.1.21/networking/v2.0/routers 0.841s
2025-12-09 20:41:54.261 65499 INFO tempest.lib.common.rest_client [req-5d669929-3f1a-4886-ab82-1e1a2c59c15b req-5d669929-3f1a-4886-ab82-1e1a2c59c15b ] Request (MultipleCreateNegativeTestJSON:tearDownClass): 204 DELETE http://10.180.1.21/networking/v2.0/security-groups/b210f74d-ee9c-42ae-85f2-6e22380a06a6 0.274s
2025-12-09 20:41:54.298 65474 INFO tempest.lib.common.rest_client [req-af0f2a90-db2d-433c-9774-e1d70696b0a8 req-af0f2a90-db2d-433c-9774-e1d70696b0a8 ] Request (ImagesMetadataTestJSON:test_update_image_metadata): 200 POST http://10.180.1.21/compute/v2.1/images/2f21b68a-9b02-4bad-9427-808e4da8669c/metadata 6.226s
2025-12-09 20:41:54.367 65499 INFO tempest.lib.common.rest_client [req-c1744a3d-640e-47b8-ac58-db98ab17db26 req-c1744a3d-640e-47b8-ac58-db98ab17db26 ] Request (MultipleCreateNegativeTestJSON:tearDownClass): 204 DELETE http://10.180.1.21/identity/v3/projects/5ab913280852456f921ce2d1eadb45c8 0.105s
2025-12-09 20:41:54.502 65499 INFO tempest.lib.common.rest_client [req-5c33b709-4a61-40d3-85e1-15ad5e40ffe9 req-5c33b709-4a61-40d3-85e1-15ad5e40ffe9 ] Request (ServersListShow2100Test:setUpClass): 201 POST http://10.180.1.21/identity/v3/auth/tokens 0.134s
2025-12-09 20:41:54.548 65499 INFO tempest.lib.common.rest_client [req-952e97f8-25e0-4d62-b9be-cfc728fdb30f req-952e97f8-25e0-4d62-b9be-cfc728fdb30f ] Request (ServersListShow2100Test:setUpClass): 201 POST http://10.180.1.21/identity/v3/auth/tokens 0.043s
2025-12-09 20:41:54.600 65499 INFO tempest.lib.common.rest_client [req-932f10bf-6509-41d4-8f62-7ffffebc9269 req-932f10bf-6509-41d4-8f62-7ffffebc9269 ] Request (ServersListShow2100Test:setUpClass): 200 GET http://10.180.1.21/identity/v3/domains?name=Default 0.052s
2025-12-09 20:41:54.640 65499 INFO tempest.lib.common.rest_client [req-9df678bb-60f6-418c-b472-b0426170d27e req-9df678bb-60f6-418c-b472-b0426170d27e ] Request (ServersListShow2100Test:setUpClass): 201 POST http://10.180.1.21/identity/v3/projects 0.039s
2025-12-09 20:41:54.733 65499 INFO tempest.lib.common.rest_client [req-0c9398a2-f87b-4a0c-9a9d-2da1f7757e64 req-0c9398a2-f87b-4a0c-9a9d-2da1f7757e64 ] Request (ServersListShow2100Test:setUpClass): 201 POST http://10.180.1.21/identity/v3/users 0.093s
2025-12-09 20:41:54.760 65499 INFO tempest.lib.common.rest_client [req-508724c6-0682-47e6-b2be-ede3059f7a93 req-508724c6-0682-47e6-b2be-ede3059f7a93 ] Request (ServersListShow2100Test:setUpClass): 200 GET http://10.180.1.21/identity/v3/roles 0.026s
2025-12-09 20:41:54.805 65480 INFO tempest.lib.common.rest_client [req-c0e4f11c-1d41-4e2a-b5fc-26d41c38d0e1 req-c0e4f11c-1d41-4e2a-b5fc-26d41c38d0e1 ] Request (AttachInterfacesV270Test:test_create_get_list_interfaces): 400 POST http://10.180.1.21/compute/v2.1/servers/a0511d16-2b78-45c2-9b1e-08f0778893ba/os-interface 8.015s
2025-12-09 20:41:54.805 65499 INFO tempest.lib.common.rest_client [req-f2042178-d8ac-4138-832f-2c4c4ea7b2e9 req-f2042178-d8ac-4138-832f-2c4c4ea7b2e9 ] Request (ServersListShow2100Test:setUpClass): 204 PUT http://10.180.1.21/identity/v3/projects/886eb63feb8e4303bacf2b4962e21898/users/49c0cf2c80294626b2da1ed1fd936f73/roles/73548bf2abc84a758cf47be2ec54e28c 0.045s
2025-12-09 20:41:54.805 65499 INFO tempest.lib.common.dynamic_creds [-] Dynamic test user 49c0cf2c80294626b2da1ed1fd936f73 is created with scope project and roles: ['member']
