2025-12-09 20:44:15.031 65463 INFO tempest.lib.common.rest_client [req-2fdc2020-1227-43ce-b4de-cf5aa1ac0e04 req-2fdc2020-1227-43ce-b4de-cf5aa1ac0e04 ] Request (ServersTestFqdnHostnames:test_create_server_with_fqdn_name): 200 GET http://10.180.1.21/compute/v2.1/servers/6eb9c7db-0e75-431d-b8ef-67803bbe31fa 0.103s
2025-12-09 20:44:15.051 65474 INFO tempest.lib.common.rest_client [req-06fa326b-949c-4da8-beaf-d2ceaa67c9e4 req-06fa326b-949c-4da8-beaf-d2ceaa67c9e4 ] Request (ServersTestManualDisk:tearDownClass): 200 GET http://10.180.1.21/compute/v2.1/servers/69e78cb9-73f9-414e-9485-c1c9e19e758d 0.111s
2025-12-09 20:44:15.070 65476 INFO tempest.lib.common.rest_client [req-1455648f-25c8-4d53-8ef3-3abaa3ae8bb8 req-1455648f-25c8-4d53-8ef3-3abaa3ae8bb8 ] Request (ServersAdminNegativeTestJSON:tearDownClass): 404 GET http://10.180.1.21/compute/v2.1/servers/11cf22f8-4efd-40f8-956c-984ac7b11cc2 0.036s
2025-12-09 20:44:15.089 65494 INFO tempest.lib.common.rest_client [req-ddee497d-e6cd-4918-a1e1-f189a2483016 req-ddee497d-e6cd-4918-a1e1-f189a2483016 ] Request (ImagesOneServerNegativeTestJSON:_run_cleanups): 200 GET http://10.180.1.21/compute/v2.1/servers/b1ee0159-c3a4-4154-a2ca-3994560c5af8 0.106s
2025-12-09 20:44:15.142 65445 INFO tempest.lib.common.rest_client [req-f542eec8-a4d3-4ae5-8598-6cd6c338b569 req-f542eec8-a4d3-4ae5-8598-6cd6c338b569 ] Request (ListServersNegativeTestJSON:setUpClass): 200 GET http://10.180.1.21/compute/v2.1/servers/2312931d-e1cd-4224-a8f4-bb73bb6afdbf 0.056s
2025-12-09 20:44:15.158 65476 INFO tempest.lib.common.rest_client [req-77071ef1-b0ed-4eac-8a18-9b319ccd4db3 req-77071ef1-b0ed-4eac-8a18-9b319ccd4db3 ] Request (ServersAdminNegativeTestJSON:tearDownClass): 204 DELETE http://10.180.1.21/compute/v2.1/servers/565c3b56-ef25-4002-a55c-9148bb54016d 0.087s
2025-12-09 20:44:15.212 65469 INFO tempest.lib.common.rest_client [req-0f1d6b47-6db0-4f0c-92f6-b2fd6f9d9681 req-0f1d6b47-6db0-4f0c-92f6-b2fd6f9d9681 ] Request (AttachInterfacesUnderV243Test:test_add_remove_fixed_ip): 200 GET http://10.180.1.21/compute/v2.1/servers/6f89734c-7aaa-460c-bc25-c46d8691361a 0.075s
2025-12-09 20:44:15.262 65457 INFO tempest.lib.common.rest_client [req-513d65be-f082-48ce-a82d-512c774dc500 req-513d65be-f082-48ce-a82d-512c774dc500 ] Request (MigrationsAdminTest:test_resize_server_revert_deleted_flavor): 200 GET http://10.180.1.21/compute/v2.1/servers/86467582-45da-4e10-83db-4f98ae9f61f1 0.155s
2025-12-09 20:44:15.266 65435 INFO tempest.lib.common.rest_client [req-d4f5cf05-ce89-44c0-a661-8a860d9d63a0 req-d4f5cf05-ce89-44c0-a661-8a860d9d63a0 ] Request (SecurityGroupsTestJSON:test_server_security_groups): 200 GET http://10.180.1.21/compute/v2.1/servers/298bc9b8-0591-46a8-9f3b-d68d75151b60 0.113s
2025-12-09 20:44:15.325 65484 INFO tempest.lib.common.rest_client [req-6383bd55-3b06-4093-894e-de2b1a920e01 req-6383bd55-3b06-4093-894e-de2b1a920e01 ] Request (ListServerFiltersTestJSON:tearDownClass): 200 GET http://10.180.1.21/compute/v2.1/servers/0a0e91cc-a1a0-46dd-89d8-ea3dd3b600f1 0.128s
2025-12-09 20:44:15.361 65476 INFO tempest.lib.common.rest_client [req-b1be35e9-6e5b-4c3e-8c3f-6c1ae1513bb2 req-b1be35e9-6e5b-4c3e-8c3f-6c1ae1513bb2 ] Request (ServersAdminNegativeTestJSON:tearDownClass): 200 GET http://10.180.1.21/compute/v2.1/servers/565c3b56-ef25-4002-a55c-9148bb54016d 0.203s
2025-12-09 20:44:15.402 65439 INFO tempest.lib.common.rest_client [req-0f071ba0-0009-4a16-b050-8cd5d106bb88 req-0f071ba0-0009-4a16-b050-8cd5d106bb88 ] Request (FloatingIPsAssociationNegativeTestJSON:tearDownClass): 200 GET http://10.180.1.21/compute/v2.1/servers/436fefbe-51ad-416d-8f2f-7e371c664e45 0.170s
2025-12-09 20:44:15.423 65455 INFO tempest.lib.common.rest_client [req-c6fddf6d-ad96-4734-85cd-b6c6e25552cd req-c6fddf6d-ad96-4734-85cd-b6c6e25552cd ] Request (ListImageFiltersTestJSON:tearDownClass): 200 GET http://10.180.1.21/compute/v2.1/servers/d3459645-3750-4957-bdcf-fbd90aa5fbb5 0.110s
2025-12-09 20:44:15.427 65441 WARNING tempest.lib.common.ssh [-] Failed to establish authenticated ssh connection to cirros@10.180.180.243 ([Errno None] Unable to connect to port 22 on 10.180.180.243). Number attempts: 3. Retry after 4 seconds.: paramiko.ssh_exception.NoValidConnectionsError: [Errno None] Unable to connect to port 22 on 10.180.180.243
2025-12-09 20:44:15.447 65482 INFO tempest.lib.common.rest_client [req-56bf95e5-483b-45e2-9af9-0cfa965d4d6b req-56bf95e5-483b-45e2-9af9-0cfa965d4d6b ] Request (ImagesTestJSON:test_create_server_from_snapshot): 200 GET http://10.180.1.21/compute/v2.1/servers/144a0d79-5ae8-4827-9b1a-26ad4783d9da 0.115s
2025-12-09 20:44:15.478 65459 INFO tempest.lib.common.rest_client [req-a27d3395-8c6f-4370-97c3-4fc862b32d58 req-a27d3395-8c6f-4370-97c3-4fc862b32d58 ] Request (ServerRescueTestJSON:setUpClass): 200 GET http://10.180.1.21/compute/v2.1/servers/c22a312d-4a61-40db-a22b-809c0ed6813b 0.112s
2025-12-09 20:44:15.511 65443 INFO tempest.lib.common.rest_client [req-822cbb27-7110-410c-8cfb-c585ef64d2a2 req-822cbb27-7110-410c-8cfb-c585ef64d2a2 ] Request (MultipleCreateTestJSON:tearDownClass): 200 GET http://10.180.1.21/compute/v2.1/servers/9316687d-5ae3-4d73-b5e0-9e6f1fe3eaa5 0.083s
2025-12-09 20:44:15.538 65472 INFO tempest.lib.common.rest_client [req-c81dafc4-ec83-42ba-842e-a95718f416b9 req-c81dafc4-ec83-42ba-842e-a95718f416b9 ] Request (ServersTestMultiNic:test_verify_multiple_nics_order): 200 GET http://10.180.1.21/compute/v2.1/servers/99c515ae-17d9-4a93-9523-265fb4fd0953 0.070s
2025-12-09 20:44:15.586 65465 INFO tempest.lib.common.rest_client [req-0061a50e-584d-47a7-85eb-bc59027a4f74 req-0061a50e-584d-47a7-85eb-bc59027a4f74 ] Request (ServersAdminTestJSON:tearDownClass): 200 GET http://10.180.1.21/compute/v2.1/servers/d96b724e-97fe-4e2a-9a11-ca4394ceb884 0.086s
2025-12-09 20:44:15.620 65491 INFO tempest.lib.common.rest_client [req-5deeec4d-c37c-4b06-99e2-fa27d705fc07 req-5deeec4d-c37c-4b06-99e2-fa27d705fc07 ] Request (ServersAdmin275Test:test_rebuild_update_server_275): 200 GET http://10.180.1.21/compute/v2.1/servers/098cb3b4-7497-46bb-97f0-b7ebc33926b2 0.060s
2025-12-09 20:44:15.671 65447 INFO tempest.lib.common.rest_client [req-361fb1cd-d970-4d90-8710-e4734c040f5b req-361fb1cd-d970-4d90-8710-e4734c040f5b ] Request (ServersWithSpecificFlavorTestJSON:test_verify_created_server_ephemeral_disk): 200 GET http://10.180.1.21/compute/v2.1/servers/585a809a-ce9a-4383-bb5d-332ea0389f50 0.051s
2025-12-09 20:44:15.817 65480 WARNING tempest.lib.common.ssh [-] Failed to establish authenticated ssh connection to cirros@10.180.180.130 ([Errno None] Unable to connect to port 22 on 10.180.180.130). Number attempts: 5. Retry after 6 seconds.: paramiko.ssh_exception.NoValidConnectionsError: [Errno None] Unable to connect to port 22 on 10.180.180.130
2025-12-09 20:44:15.839 65479 INFO tempest.lib.common.rest_client [req-cb69a9e6-f7ed-4963-9c0c-eabdd3cee601 req-cb69a9e6-f7ed-4963-9c0c-eabdd3cee601 ] Request (FloatingIPsAssociationTestJSON:tearDownClass): 200 GET http://10.180.1.21/compute/v2.1/servers/bb88414a-8c1d-406c-8be9-bc110a1638fd 0.060s
2025-12-09 20:44:16.138 65437 INFO tempest.lib.common.rest_client [req-331d360c-915d-49e4-be5b-bd016475de20 req-331d360c-915d-49e4-be5b-bd016475de20 ] Request (ServerDiskConfigTestJSON:test_resize_server_from_auto_to_manual): 200 GET http://10.180.1.21/compute/v2.1/servers/b48f053d-36ea-4380-9107-f49a9423a938 0.134s
2025-12-09 20:44:16.138 65463 INFO tempest.lib.common.rest_client [req-f8bbed1a-5f82-4e9d-8ce0-cdfe7ffb9377 req-f8bbed1a-5f82-4e9d-8ce0-cdfe7ffb9377 ] Request (ServersTestFqdnHostnames:test_create_server_with_fqdn_name): 200 GET http://10.180.1.21/compute/v2.1/servers/6eb9c7db-0e75-431d-b8ef-67803bbe31fa 0.097s
2025-12-09 20:44:16.214 65494 INFO tempest.lib.common.rest_client [req-fb056ed2-d293-42b2-b37d-a32b62bb5748 req-fb056ed2-d293-42b2-b37d-a32b62bb5748 ] Request (ImagesOneServerNegativeTestJSON:_run_cleanups): 200 GET http://10.180.1.21/compute/v2.1/servers/b1ee0159-c3a4-4154-a2ca-3994560c5af8 0.116s
2025-12-09 20:44:16.215 65474 INFO tempest.lib.common.rest_client [req-2be5e6ac-c60c-4d87-b1b1-8fa6f299df79 req-2be5e6ac-c60c-4d87-b1b1-8fa6f299df79 ] Request (ServersTestManualDisk:tearDownClass): 200 GET http://10.180.1.21/compute/v2.1/servers/69e78cb9-73f9-414e-9485-c1c9e19e758d 0.155s
2025-12-09 20:44:16.270 65445 INFO tempest.lib.common.rest_client [req-848ec14f-1f4f-4a42-b44f-189f36709a8d req-848ec14f-1f4f-4a42-b44f-189f36709a8d ] Request (ListServersNegativeTestJSON:setUpClass): 200 GET http://10.180.1.21/compute/v2.1/servers/2312931d-e1cd-4224-a8f4-bb73bb6afdbf 0.121s
2025-12-09 20:44:16.301 65469 INFO tempest.lib.common.rest_client [req-026395ca-75fb-4a1a-a9a9-0ca130add230 req-026395ca-75fb-4a1a-a9a9-0ca130add230 ] Request (AttachInterfacesUnderV243Test:test_add_remove_fixed_ip): 200 GET http://10.180.1.21/compute/v2.1/servers/6f89734c-7aaa-460c-bc25-c46d8691361a 0.080s
2025-12-09 20:44:16.357 65435 INFO tempest.lib.common.rest_client [req-b4ad3a0c-1200-40bd-a593-c2aac9f8167f req-b4ad3a0c-1200-40bd-a593-c2aac9f8167f ] Request (SecurityGroupsTestJSON:test_server_security_groups): 200 GET http://10.180.1.21/compute/v2.1/servers/298bc9b8-0591-46a8-9f3b-d68d75151b60 0.081s
2025-12-09 20:44:16.423 65484 INFO tempest.lib.common.rest_client [req-171a101d-b39c-4976-b3d0-8a7743de0586 req-171a101d-b39c-4976-b3d0-8a7743de0586 ] Request (ListServerFiltersTestJSON:tearDownClass): 200 GET http://10.180.1.21/compute/v2.1/servers/0a0e91cc-a1a0-46dd-89d8-ea3dd3b600f1 0.091s
2025-12-09 20:44:16.433 65457 INFO tempest.lib.common.rest_client [req-7892d70d-3d68-451d-af80-9b60e51224ec req-7892d70d-3d68-451d-af80-9b60e51224ec ] Request (MigrationsAdminTest:test_resize_server_revert_deleted_flavor): 200 GET http://10.180.1.21/compute/v2.1/servers/86467582-45da-4e10-83db-4f98ae9f61f1 0.161s
2025-12-09 20:44:16.499 65439 INFO tempest.lib.common.rest_client [req-f719ddf7-b2d0-4158-91b0-dd6c2dad96ca req-f719ddf7-b2d0-4158-91b0-dd6c2dad96ca ] Request (FloatingIPsAssociationNegativeTestJSON:tearDownClass): 200 GET http://10.180.1.21/compute/v2.1/servers/436fefbe-51ad-416d-8f2f-7e371c664e45 0.088s
2025-12-09 20:44:16.538 65476 INFO tempest.lib.common.rest_client [req-acdcb36d-e7fd-4ee1-bbb4-d55cc6ec2744 req-acdcb36d-e7fd-4ee1-bbb4-d55cc6ec2744 ] Request (ServersAdminNegativeTestJSON:tearDownClass): 200 GET http://10.180.1.21/compute/v2.1/servers/565c3b56-ef25-4002-a55c-9148bb54016d 0.166s
2025-12-09 20:44:16.567 65455 INFO tempest.lib.common.rest_client [req-c0c3664d-e28a-4d07-a361-62ff7ba58e71 req-c0c3664d-e28a-4d07-a361-62ff7ba58e71 ] Request (ListImageFiltersTestJSON:tearDownClass): 200 GET http://10.180.1.21/compute/v2.1/servers/d3459645-3750-4957-bdcf-fbd90aa5fbb5 0.136s
2025-12-09 20:44:16.587 65482 INFO tempest.lib.common.rest_client [req-0cff818d-5abd-4a66-ae15-20e7722a7092 req-0cff818d-5abd-4a66-ae15-20e7722a7092 ] Request (ImagesTestJSON:test_create_server_from_snapshot): 200 GET http://10.180.1.21/compute/v2.1/servers/144a0d79-5ae8-4827-9b1a-26ad4783d9da 0.133s
2025-12-09 20:44:16.622 65459 INFO tempest.lib.common.rest_client [req-bf29f7ff-c0cf-4582-8f99-8a3a8f1999e4 req-bf29f7ff-c0cf-4582-8f99-8a3a8f1999e4 ] Request (ServerRescueTestJSON:setUpClass): 200 GET http://10.180.1.21/compute/v2.1/servers/c22a312d-4a61-40db-a22b-809c0ed6813b 0.136s
2025-12-09 20:44:16.656 65443 INFO tempest.lib.common.rest_client [req-6aff7074-9454-4b17-b48b-9027b2a8f97c req-6aff7074-9454-4b17-b48b-9027b2a8f97c ] Request (MultipleCreateTestJSON:tearDownClass): 200 GET http://10.180.1.21/compute/v2.1/servers/9316687d-5ae3-4d73-b5e0-9e6f1fe3eaa5 0.135s
2025-12-09 20:44:16.670 65472 INFO tempest.lib.common.rest_client [req-bee7fced-9e70-4fcb-937f-fc00296237b7 req-bee7fced-9e70-4fcb-937f-fc00296237b7 ] Request (ServersTestMultiNic:test_verify_multiple_nics_order): 200 GET http://10.180.1.21/compute/v2.1/servers/99c515ae-17d9-4a93-9523-265fb4fd0953 0.124s
2025-12-09 20:44:16.718 65465 INFO tempest.lib.common.rest_client [req-a17bbfe8-aa2f-4e4c-8b08-7a66b7e9ecb0 req-a17bbfe8-aa2f-4e4c-8b08-7a66b7e9ecb0 ] Request (ServersAdminTestJSON:tearDownClass): 200 GET http://10.180.1.21/compute/v2.1/servers/d96b724e-97fe-4e2a-9a11-ca4394ceb884 0.124s
2025-12-09 20:44:16.725 65491 INFO tempest.lib.common.rest_client [req-1ae38f82-a2ff-4e20-b695-d04d66513af8 req-1ae38f82-a2ff-4e20-b695-d04d66513af8 ] Request (ServersAdmin275Test:test_rebuild_update_server_275): 200 GET http://10.180.1.21/compute/v2.1/servers/098cb3b4-7497-46bb-97f0-b7ebc33926b2 0.093s
2025-12-09 20:44:16.734 65491 INFO tempest.common.waiters [-] State transition "BUILD/spawning" ==> "ACTIVE/None" after 72 second wait
2025-12-09 20:44:16.772 65447 INFO tempest.lib.common.rest_client [req-38a5a30d-528c-4bad-9ed2-fba4e921be7e req-38a5a30d-528c-4bad-9ed2-fba4e921be7e ] Request (ServersWithSpecificFlavorTestJSON:test_verify_created_server_ephemeral_disk): 200 GET http://10.180.1.21/compute/v2.1/servers/585a809a-ce9a-4383-bb5d-332ea0389f50 0.093s
2025-12-09 20:44:16.904 65479 INFO tempest.lib.common.rest_client [req-2abfb617-4041-45fb-b6ce-64e98efebec6 req-2abfb617-4041-45fb-b6ce-64e98efebec6 ] Request (FloatingIPsAssociationTestJSON:tearDownClass): 200 GET http://10.180.1.21/compute/v2.1/servers/bb88414a-8c1d-406c-8be9-bc110a1638fd 0.058s
2025-12-09 20:44:16.926 65491 INFO tempest.lib.common.rest_client [req-7f4bfa80-084d-4b74-81d9-4120dc7da55b req-7f4bfa80-084d-4b74-81d9-4120dc7da55b ] Request (ServersAdmin275Test:test_rebuild_update_server_275): 202 POST http://10.180.1.21/compute/v2.1/servers/098cb3b4-7497-46bb-97f0-b7ebc33926b2/action 0.191s
2025-12-09 20:44:16.988 65491 INFO tempest.lib.common.rest_client [req-e678e9d4-2937-42ab-826e-844a3a2c3411 req-e678e9d4-2937-42ab-826e-844a3a2c3411 ] Request (ServersAdmin275Test:test_rebuild_update_server_275): 200 GET http://10.180.1.21/compute/v2.1/servers/098cb3b4-7497-46bb-97f0-b7ebc33926b2 0.053s
2025-12-09 20:44:17.188 65486 INFO paramiko.transport [-] Connected (version 2.0, client dropbear_2020.81)
2025-12-09 20:44:17.274 65463 INFO tempest.lib.common.rest_client [req-abfa50d4-8fd3-4e74-9264-1c1d79bd2207 req-abfa50d4-8fd3-4e74-9264-1c1d79bd2207 ] Request (ServersTestFqdnHostnames:test_create_server_with_fqdn_name): 200 GET http://10.180.1.21/compute/v2.1/servers/6eb9c7db-0e75-431d-b8ef-67803bbe31fa 0.128s
2025-12-09 20:44:17.298 65486 INFO paramiko.transport [-] Authentication (publickey) successful!
2025-12-09 20:44:17.298 65486 INFO tempest.lib.common.ssh [-] ssh connection to cirros@10.180.180.140 successfully created
2025-12-09 20:44:17.307 65437 INFO tempest.lib.common.rest_client [req-89cceb57-ff46-41cc-9892-0b2df9d99c59 req-89cceb57-ff46-41cc-9892-0b2df9d99c59 ] Request (ServerDiskConfigTestJSON:test_resize_server_from_auto_to_manual): 200 GET http://10.180.1.21/compute/v2.1/servers/b48f053d-36ea-4380-9107-f49a9423a938 0.161s
2025-12-09 20:44:17.359 65494 INFO tempest.lib.common.rest_client [req-b837429d-daee-46c8-80ae-a12482e64b51 req-b837429d-daee-46c8-80ae-a12482e64b51 ] Request (ImagesOneServerNegativeTestJSON:_run_cleanups): 200 GET http://10.180.1.21/compute/v2.1/servers/b1ee0159-c3a4-4154-a2ca-3994560c5af8 0.137s
2025-12-09 20:44:17.375 65474 INFO tempest.lib.common.rest_client [req-98810a07-788f-4fef-ae8e-5971a4a57d0b req-98810a07-788f-4fef-ae8e-5971a4a57d0b ] Request (ServersTestManualDisk:tearDownClass): 200 GET http://10.180.1.21/compute/v2.1/servers/69e78cb9-73f9-414e-9485-c1c9e19e758d 0.151s
2025-12-09 20:44:17.479 65445 INFO tempest.lib.common.rest_client [req-76c646cb-8ee9-4750-afd8-ea264f064e09 req-76c646cb-8ee9-4750-afd8-ea264f064e09 ] Request (ListServersNegativeTestJSON:setUpClass): 200 GET http://10.180.1.21/compute/v2.1/servers/2312931d-e1cd-4224-a8f4-bb73bb6afdbf 0.201s
2025-12-09 20:44:17.664 65469 INFO tempest.lib.common.rest_client [req-a987c6a4-37a9-4c67-b4b8-193d45825d2a req-a987c6a4-37a9-4c67-b4b8-193d45825d2a ] Request (AttachInterfacesUnderV243Test:test_add_remove_fixed_ip): 200 GET http://10.180.1.21/compute/v2.1/servers/6f89734c-7aaa-460c-bc25-c46d8691361a 0.351s
2025-12-09 20:44:17.692 65486 INFO tempest.lib.common.rest_client [req-0f0993ea-3b44-49cd-aeb8-3c8fda3beeb4 req-0f0993ea-3b44-49cd-aeb8-3c8fda3beeb4 ] Request (ServerActionsTestOtherA:setUp): 200 GET http://10.180.1.21/compute/v2.1/servers/15280944-e6cc-4060-8dae-cb8e3d7992f5 0.393s
2025-12-09 20:44:17.725 65435 INFO tempest.lib.common.rest_client [req-62285df4-c113-4ec4-8dbb-715d40992dc2 req-62285df4-c113-4ec4-8dbb-715d40992dc2 ] Request (SecurityGroupsTestJSON:test_server_security_groups): 200 GET http://10.180.1.21/compute/v2.1/servers/298bc9b8-0591-46a8-9f3b-d68d75151b60 0.355s
2025-12-09 20:44:17.769 65484 INFO tempest.lib.common.rest_client [req-6008f4b4-95d3-4445-9a67-f0e2b9b7c6b4 req-6008f4b4-95d3-4445-9a67-f0e2b9b7c6b4 ] Request (ListServerFiltersTestJSON:tearDownClass): 200 GET http://10.180.1.21/compute/v2.1/servers/0a0e91cc-a1a0-46dd-89d8-ea3dd3b600f1 0.337s
2025-12-09 20:44:17.790 65486 INFO tempest.lib.common.rest_client [req-d7e513b7-c3e9-4f72-b347-4664243024c8 req-d7e513b7-c3e9-4f72-b347-4664243024c8 ] Request (ServerActionsTestOtherA:test_rebuild_server_in_stop_state): 201 POST http://10.180.1.21/identity/v3/auth/tokens 0.080s
2025-12-09 20:44:17.790 65486 INFO tempest.lib.common.fixed_network [-] (ServerActionsTestOtherA:test_rebuild_server_in_stop_state) Found network {'id': 'b7f64457-b4ae-459d-8733-b66710dbbbff', 'name': 'tempest-ServerActionsTestOtherA-1675062069-network', 'tenant_id': 'dc1f16b0d2a14da589c1c58f4893f5b7', 'project_id': 'dc1f16b0d2a14da589c1c58f4893f5b7', 'admin_state_up': True, 'mtu': 8950, 'status': 'ACTIVE', 'subnets': [], 'shared': False, 'port_security_enabled': True, 'router:external': False, 'provider:network_type': 'vlan', 'provider:physical_network': 'default', 'provider:segmentation_id': 536, 'availability_zone_hints': [], 'availability_zones': [], 'ipv4_address_scope': None, 'ipv6_address_scope': None, 'description': '', 'tags': [], 'created_at': '2025-12-09T20:42:24Z', 'updated_at': '2025-12-09T20:42:24Z', 'revision_number': 1} available for tenant
2025-12-09 20:44:17.826 65457 INFO tempest.lib.common.rest_client [req-a99092f5-716f-4a21-990f-ceb2ca5a9781 req-a99092f5-716f-4a21-990f-ceb2ca5a9781 ] Request (MigrationsAdminTest:test_resize_server_revert_deleted_flavor): 200 GET http://10.180.1.21/compute/v2.1/servers/86467582-45da-4e10-83db-4f98ae9f61f1 0.385s
2025-12-09 20:44:17.839 65439 INFO tempest.lib.common.rest_client [req-3c9aba56-60d0-41c2-a2f4-bef17effa3a9 req-3c9aba56-60d0-41c2-a2f4-bef17effa3a9 ] Request (FloatingIPsAssociationNegativeTestJSON:tearDownClass): 200 GET http://10.180.1.21/compute/v2.1/servers/436fefbe-51ad-416d-8f2f-7e371c664e45 0.326s
2025-12-09 20:44:17.885 65476 INFO tempest.lib.common.rest_client [req-624f43cf-f504-4654-bd96-51c498d523cf req-624f43cf-f504-4654-bd96-51c498d523cf ] Request (ServersAdminNegativeTestJSON:tearDownClass): 200 GET http://10.180.1.21/compute/v2.1/servers/565c3b56-ef25-4002-a55c-9148bb54016d 0.339s
2025-12-09 20:44:17.901 65455 INFO tempest.lib.common.rest_client [req-976818ca-c630-479f-8a32-d16bf44140e3 req-976818ca-c630-479f-8a32-d16bf44140e3 ] Request (ListImageFiltersTestJSON:tearDownClass): 200 GET http://10.180.1.21/compute/v2.1/servers/d3459645-3750-4957-bdcf-fbd90aa5fbb5 0.326s
2025-12-09 20:44:17.934 65482 INFO tempest.lib.common.rest_client [req-875190ec-f2f7-47c3-ae5a-2e1b596059bd req-875190ec-f2f7-47c3-ae5a-2e1b596059bd ] Request (ImagesTestJSON:test_create_server_from_snapshot): 200 GET http://10.180.1.21/compute/v2.1/servers/144a0d79-5ae8-4827-9b1a-26ad4783d9da 0.337s
2025-12-09 20:44:17.947 65459 INFO tempest.lib.common.rest_client [req-bc489c0c-a128-4011-990f-0d3e861afbc5 req-bc489c0c-a128-4011-990f-0d3e861afbc5 ] Request (ServerRescueTestJSON:setUpClass): 200 GET http://10.180.1.21/compute/v2.1/servers/c22a312d-4a61-40db-a22b-809c0ed6813b 0.316s
2025-12-09 20:44:17.988 65443 INFO tempest.lib.common.rest_client [req-c18d2e54-6d86-448f-a05f-cf5ec9a3a089 req-c18d2e54-6d86-448f-a05f-cf5ec9a3a089 ] Request (MultipleCreateTestJSON:tearDownClass): 200 GET http://10.180.1.21/compute/v2.1/servers/9316687d-5ae3-4d73-b5e0-9e6f1fe3eaa5 0.324s
2025-12-09 20:44:18.004 65472 INFO tempest.lib.common.rest_client [req-deea8f94-1501-4e74-9c40-a9e0add931c4 req-deea8f94-1501-4e74-9c40-a9e0add931c4 ] Request (ServersTestMultiNic:test_verify_multiple_nics_order): 200 GET http://10.180.1.21/compute/v2.1/servers/99c515ae-17d9-4a93-9523-265fb4fd0953 0.324s
2025-12-09 20:44:18.011 65472 INFO tempest.common.waiters [-] State transition "BUILD/scheduling" ==> "BUILD/None" after 22 second wait
2025-12-09 20:44:18.041 65465 INFO tempest.lib.common.rest_client [req-b33c0d04-a62f-482f-8009-1b281a39c36a req-b33c0d04-a62f-482f-8009-1b281a39c36a ] Request (ServersAdminTestJSON:tearDownClass): 200 GET http://10.180.1.21/compute/v2.1/servers/d96b724e-97fe-4e2a-9a11-ca4394ceb884 0.316s
2025-12-09 20:44:18.056 65447 INFO tempest.lib.common.rest_client [req-54302aca-1483-4ddd-9bdd-46b698730a84 req-54302aca-1483-4ddd-9bdd-46b698730a84 ] Request (ServersWithSpecificFlavorTestJSON:test_verify_created_server_ephemeral_disk): 200 GET http://10.180.1.21/compute/v2.1/servers/585a809a-ce9a-4383-bb5d-332ea0389f50 0.275s
2025-12-09 20:44:18.118 65488 WARNING tempest.lib.common.ssh [-] Failed to establish authenticated ssh connection to cirros@10.180.180.137 ([Errno None] Unable to connect to port 22 on 10.180.180.137). Number attempts: 9. Retry after 10 seconds.: paramiko.ssh_exception.NoValidConnectionsError: [Errno None] Unable to connect to port 22 on 10.180.180.137
2025-12-09 20:44:18.152 65479 INFO tempest.lib.common.rest_client [req-345d0ef9-52d1-417f-bb35-caab839bae4f req-345d0ef9-52d1-417f-bb35-caab839bae4f ] Request (FloatingIPsAssociationTestJSON:tearDownClass): 200 GET http://10.180.1.21/compute/v2.1/servers/bb88414a-8c1d-406c-8be9-bc110a1638fd 0.239s
2025-12-09 20:44:18.236 65491 INFO tempest.lib.common.rest_client [req-88439fd8-e385-48ab-98f8-d86954b2329b req-88439fd8-e385-48ab-98f8-d86954b2329b ] Request (ServersAdmin275Test:test_rebuild_update_server_275): 200 GET http://10.180.1.21/compute/v2.1/servers/098cb3b4-7497-46bb-97f0-b7ebc33926b2 0.237s
2025-12-09 20:44:18.371 65486 INFO tempest.lib.common.rest_client [req-a8a665a1-f178-4000-a3a3-78d9fe75f473 req-a8a665a1-f178-4000-a3a3-78d9fe75f473 ] Request (ServerActionsTestOtherA:test_rebuild_server_in_stop_state): 202 POST http://10.180.1.21/compute/v2.1/servers 0.580s
2025-12-09 20:44:18.440 65467 WARNING tempest.lib.common.ssh [-] Failed to establish authenticated ssh connection to cirros@10.180.180.207 ([Errno None] Unable to connect to port 22 on 10.180.180.207). Number attempts: 5. Retry after 6 seconds.: paramiko.ssh_exception.NoValidConnectionsError: [Errno None] Unable to connect to port 22 on 10.180.180.207
2025-12-09 20:44:18.441 65463 INFO tempest.lib.common.rest_client [req-5e3d40e4-e990-4b32-b0dd-2e7c5681f3a8 req-5e3d40e4-e990-4b32-b0dd-2e7c5681f3a8 ] Request (ServersTestFqdnHostnames:test_create_server_with_fqdn_name): 200 GET http://10.180.1.21/compute/v2.1/servers/6eb9c7db-0e75-431d-b8ef-67803bbe31fa 0.156s
2025-12-09 20:44:18.520 65437 INFO tempest.lib.common.rest_client [req-f69f2585-da33-4e99-b7e8-14a4c8bbeb60 req-f69f2585-da33-4e99-b7e8-14a4c8bbeb60 ] Request (ServerDiskConfigTestJSON:test_resize_server_from_auto_to_manual): 200 GET http://10.180.1.21/compute/v2.1/servers/b48f053d-36ea-4380-9107-f49a9423a938 0.203s
2025-12-09 20:44:18.532 65494 INFO tempest.lib.common.rest_client [req-766c5b61-e193-48bd-8ca9-1ddb82e5ebbc req-766c5b61-e193-48bd-8ca9-1ddb82e5ebbc ] Request (ImagesOneServerNegativeTestJSON:_run_cleanups): 200 GET http://10.180.1.21/compute/v2.1/servers/b1ee0159-c3a4-4154-a2ca-3994560c5af8 0.162s
2025-12-09 20:44:18.564 65486 INFO tempest.lib.common.rest_client [req-e014f212-f27a-4c92-a43c-a12e9f511241 req-e014f212-f27a-4c92-a43c-a12e9f511241 ] Request (ServerActionsTestOtherA:test_rebuild_server_in_stop_state): 200 GET http://10.180.1.21/compute/v2.1/servers/cec39550-29b5-4348-8ac9-8e1027c89146 0.191s
2025-12-09 20:44:18.602 65474 INFO tempest.lib.common.rest_client [req-06d28732-8a31-4c60-a273-9ab8625ae486 req-06d28732-8a31-4c60-a273-9ab8625ae486 ] Request (ServersTestManualDisk:tearDownClass): 200 GET http://10.180.1.21/compute/v2.1/servers/69e78cb9-73f9-414e-9485-c1c9e19e758d 0.219s
2025-12-09 20:44:18.619 65445 INFO tempest.lib.common.rest_client [req-d00812b1-fcc9-4725-8da5-67b06d8e2c1c req-d00812b1-fcc9-4725-8da5-67b06d8e2c1c ] Request (ListServersNegativeTestJSON:setUpClass): 200 GET http://10.180.1.21/compute/v2.1/servers/2312931d-e1cd-4224-a8f4-bb73bb6afdbf 0.131s
2025-12-09 20:44:18.747 65469 INFO tempest.lib.common.rest_client [req-2fd1d0b3-e0fd-4375-88db-ab226a450a84 req-2fd1d0b3-e0fd-4375-88db-ab226a450a84 ] Request (AttachInterfacesUnderV243Test:test_add_remove_fixed_ip): 200 GET http://10.180.1.21/compute/v2.1/servers/6f89734c-7aaa-460c-bc25-c46d8691361a 0.072s
2025-12-09 20:44:18.797 65435 INFO tempest.lib.common.rest_client [req-92b48bf0-78d4-4788-a040-6d717c76eff1 req-92b48bf0-78d4-4788-a040-6d717c76eff1 ] Request (SecurityGroupsTestJSON:test_server_security_groups): 200 GET http://10.180.1.21/compute/v2.1/servers/298bc9b8-0591-46a8-9f3b-d68d75151b60 0.058s
2025-12-09 20:44:18.842 65484 INFO tempest.lib.common.rest_client [req-a183d50e-4627-42e9-8f6d-00b9d0ce76eb req-a183d50e-4627-42e9-8f6d-00b9d0ce76eb ] Request (ListServerFiltersTestJSON:tearDownClass): 200 GET http://10.180.1.21/compute/v2.1/servers/0a0e91cc-a1a0-46dd-89d8-ea3dd3b600f1 0.066s
2025-12-09 20:44:18.929 65439 INFO tempest.lib.common.rest_client [req-e39d3ca3-2b26-4689-90c3-44ddda92b10c req-e39d3ca3-2b26-4689-90c3-44ddda92b10c ] Request (FloatingIPsAssociationNegativeTestJSON:tearDownClass): 200 GET http://10.180.1.21/compute/v2.1/servers/436fefbe-51ad-416d-8f2f-7e371c664e45 0.081s
2025-12-09 20:44:18.954 65457 INFO tempest.lib.common.rest_client [req-dd082b8d-7715-43f6-ae9a-392c996d5dcf req-dd082b8d-7715-43f6-ae9a-392c996d5dcf ] Request (MigrationsAdminTest:test_resize_server_revert_deleted_flavor): 200 GET http://10.180.1.21/compute/v2.1/servers/86467582-45da-4e10-83db-4f98ae9f61f1 0.118s
2025-12-09 20:44:18.989 65476 INFO tempest.lib.common.rest_client [req-fe400b93-fcf5-45e8-b27e-5d7f2beb14a3 req-fe400b93-fcf5-45e8-b27e-5d7f2beb14a3 ] Request (ServersAdminNegativeTestJSON:tearDownClass): 200 GET http://10.180.1.21/compute/v2.1/servers/565c3b56-ef25-4002-a55c-9148bb54016d 0.097s
2025-12-09 20:44:18.997 65476 INFO tempest.common.waiters [-] State transition "ACTIVE/deleting" ==> "DELETED/None" after 3 second wait
2025-12-09 20:44:19.012 65455 INFO tempest.lib.common.rest_client [req-def0889f-5c24-4e7a-b0a1-5806a9352d8a req-def0889f-5c24-4e7a-b0a1-5806a9352d8a ] Request (ListImageFiltersTestJSON:tearDownClass): 200 GET http://10.180.1.21/compute/v2.1/servers/d3459645-3750-4957-bdcf-fbd90aa5fbb5 0.103s
2025-12-09 20:44:19.041 65482 INFO tempest.lib.common.rest_client [req-8f5bf991-1457-4b3e-b897-ceda11a0f63a req-8f5bf991-1457-4b3e-b897-ceda11a0f63a ] Request (ImagesTestJSON:test_create_server_from_snapshot): 200 GET http://10.180.1.21/compute/v2.1/servers/144a0d79-5ae8-4827-9b1a-26ad4783d9da 0.099s
2025-12-09 20:44:19.068 65459 INFO tempest.lib.common.rest_client [req-722ef4a9-6788-400b-bf66-2cb21b0f5250 req-722ef4a9-6788-400b-bf66-2cb21b0f5250 ] Request (ServerRescueTestJSON:setUpClass): 200 GET http://10.180.1.21/compute/v2.1/servers/c22a312d-4a61-40db-a22b-809c0ed6813b 0.114s
2025-12-09 20:44:19.112 65443 INFO tempest.lib.common.rest_client [req-24e35ad8-2875-44df-bf92-6a556c673520 req-24e35ad8-2875-44df-bf92-6a556c673520 ] Request (MultipleCreateTestJSON:tearDownClass): 200 GET http://10.180.1.21/compute/v2.1/servers/9316687d-5ae3-4d73-b5e0-9e6f1fe3eaa5 0.116s
2025-12-09 20:44:19.121 65472 INFO tempest.lib.common.rest_client [req-d37c07fa-e99b-4fc5-a2dc-a33998f78ac4 req-d37c07fa-e99b-4fc5-a2dc-a33998f78ac4 ] Request (ServersTestMultiNic:test_verify_multiple_nics_order): 200 GET http://10.180.1.21/compute/v2.1/servers/99c515ae-17d9-4a93-9523-265fb4fd0953 0.108s
2025-12-09 20:44:19.195 65465 INFO tempest.lib.common.rest_client [req-babe469b-02c5-4552-96d2-ea65d76e873e req-babe469b-02c5-4552-96d2-ea65d76e873e ] Request (ServersAdminTestJSON:tearDownClass): 200 GET http://10.180.1.21/compute/v2.1/servers/d96b724e-97fe-4e2a-9a11-ca4394ceb884 0.145s
2025-12-09 20:44:19.209 65447 INFO tempest.lib.common.rest_client [req-d85ec5ab-0a5d-437f-ad97-cc10f4b81e54 req-d85ec5ab-0a5d-437f-ad97-cc10f4b81e54 ] Request (ServersWithSpecificFlavorTestJSON:test_verify_created_server_ephemeral_disk): 200 GET http://10.180.1.21/compute/v2.1/servers/585a809a-ce9a-4383-bb5d-332ea0389f50 0.145s
2025-12-09 20:44:19.262 65479 INFO tempest.lib.common.rest_client [req-9c8be0ef-b7a6-4402-a242-59e9624967b2 req-9c8be0ef-b7a6-4402-a242-59e9624967b2 ] Request (FloatingIPsAssociationTestJSON:tearDownClass): 200 GET http://10.180.1.21/compute/v2.1/servers/bb88414a-8c1d-406c-8be9-bc110a1638fd 0.102s
2025-12-09 20:44:19.307 65491 INFO tempest.lib.common.rest_client [req-3991b472-1523-48b8-9f4a-5d26f95d1fc6 req-3991b472-1523-48b8-9f4a-5d26f95d1fc6 ] Request (ServersAdmin275Test:test_rebuild_update_server_275): 200 GET http://10.180.1.21/compute/v2.1/servers/098cb3b4-7497-46bb-97f0-b7ebc33926b2 0.060s
2025-12-09 20:44:19.602 65463 INFO tempest.lib.common.rest_client [req-8dd26355-6f1e-4cc7-8edb-880771003a85 req-8dd26355-6f1e-4cc7-8edb-880771003a85 ] Request (ServersTestFqdnHostnames:test_create_server_with_fqdn_name): 200 GET http://10.180.1.21/compute/v2.1/servers/6eb9c7db-0e75-431d-b8ef-67803bbe31fa 0.151s
2025-12-09 20:44:19.664 65494 INFO tempest.lib.common.rest_client [req-b837b064-cbcd-4111-b12b-f8f0e5efe9f7 req-b837b064-cbcd-4111-b12b-f8f0e5efe9f7 ] Request (ImagesOneServerNegativeTestJSON:_run_cleanups): 200 GET http://10.180.1.21/compute/v2.1/servers/b1ee0159-c3a4-4154-a2ca-3994560c5af8 0.123s
2025-12-09 20:44:19.687 65437 INFO tempest.lib.common.rest_client [req-b844a2ff-60f9-4ff3-bedf-223f51519abc req-b844a2ff-60f9-4ff3-bedf-223f51519abc ] Request (ServerDiskConfigTestJSON:test_resize_server_from_auto_to_manual): 200 GET http://10.180.1.21/compute/v2.1/servers/b48f053d-36ea-4380-9107-f49a9423a938 0.156s
2025-12-09 20:44:19.715 65486 INFO tempest.lib.common.rest_client [req-4e34012d-20b1-42a8-ab94-43ec3651955b req-4e34012d-20b1-42a8-ab94-43ec3651955b ] Request (ServerActionsTestOtherA:test_rebuild_server_in_stop_state): 200 GET http://10.180.1.21/compute/v2.1/servers/cec39550-29b5-4348-8ac9-8e1027c89146 0.143s
2025-12-09 20:44:19.751 65474 INFO tempest.lib.common.rest_client [req-172f4802-572a-4acc-8d9a-87e3db57cd8b req-172f4802-572a-4acc-8d9a-87e3db57cd8b ] Request (ServersTestManualDisk:tearDownClass): 200 GET http://10.180.1.21/compute/v2.1/servers/69e78cb9-73f9-414e-9485-c1c9e19e758d 0.142s
2025-12-09 20:44:19.772 65445 INFO tempest.lib.common.rest_client [req-aedb2cd1-ec3f-4cb8-98dd-7b6d622cf683 req-aedb2cd1-ec3f-4cb8-98dd-7b6d622cf683 ] Request (ListServersNegativeTestJSON:setUpClass): 200 GET http://10.180.1.21/compute/v2.1/servers/2312931d-e1cd-4224-a8f4-bb73bb6afdbf 0.143s
2025-12-09 20:44:19.810 65469 INFO tempest.lib.common.rest_client [req-fbc4cbf1-03fd-4aa7-9883-3c3f902a802a req-fbc4cbf1-03fd-4aa7-9883-3c3f902a802a ] Request (AttachInterfacesUnderV243Test:test_add_remove_fixed_ip): 200 GET http://10.180.1.21/compute/v2.1/servers/6f89734c-7aaa-460c-bc25-c46d8691361a 0.054s
2025-12-09 20:44:19.857 65435 INFO tempest.lib.common.rest_client [req-fa824d59-eb8c-47a6-99dd-498d22cf7c95 req-fa824d59-eb8c-47a6-99dd-498d22cf7c95 ] Request (SecurityGroupsTestJSON:test_server_security_groups): 200 GET http://10.180.1.21/compute/v2.1/servers/298bc9b8-0591-46a8-9f3b-d68d75151b60 0.051s
2025-12-09 20:44:19.912 65484 INFO tempest.lib.common.rest_client [req-4978c3c1-d48e-4332-8e4d-70decd58a5ad req-4978c3c1-d48e-4332-8e4d-70decd58a5ad ] Request (ListServerFiltersTestJSON:tearDownClass): 200 GET http://10.180.1.21/compute/v2.1/servers/0a0e91cc-a1a0-46dd-89d8-ea3dd3b600f1 0.062s
2025-12-09 20:44:19.934 65441 WARNING tempest.lib.common.ssh [-] Failed to establish authenticated ssh connection to cirros@10.180.180.243 ([Errno None] Unable to connect to port 22 on 10.180.180.243). Number attempts: 4. Retry after 5 seconds.: paramiko.ssh_exception.NoValidConnectionsError: [Errno None] Unable to connect to port 22 on 10.180.180.243
2025-12-09 20:44:19.994 65439 INFO tempest.lib.common.rest_client [req-be3b1cbb-96ed-469e-a1ea-8f12e3f362eb req-be3b1cbb-96ed-469e-a1ea-8f12e3f362eb ] Request (FloatingIPsAssociationNegativeTestJSON:tearDownClass): 200 GET http://10.180.1.21/compute/v2.1/servers/436fefbe-51ad-416d-8f2f-7e371c664e45 0.057s
2025-12-09 20:44:20.055 65476 INFO tempest.lib.common.rest_client [req-71377f04-f1cb-40d4-9fec-1443a8d835c5 req-71377f04-f1cb-40d4-9fec-1443a8d835c5 ] Request (ServersAdminNegativeTestJSON:tearDownClass): 200 GET http://10.180.1.21/compute/v2.1/servers/565c3b56-ef25-4002-a55c-9148bb54016d 0.057s
2025-12-09 20:44:20.096 65457 INFO tempest.lib.common.rest_client [req-497b4e9a-f386-4b4d-b6e0-34baa59e556b req-497b4e9a-f386-4b4d-b6e0-34baa59e556b ] Request (MigrationsAdminTest:test_resize_server_revert_deleted_flavor): 200 GET http://10.180.1.21/compute/v2.1/servers/86467582-45da-4e10-83db-4f98ae9f61f1 0.132s
2025-12-09 20:44:20.112 65455 INFO tempest.lib.common.rest_client [req-20614649-c626-4b0c-a6ac-85f126f15fa9 req-20614649-c626-4b0c-a6ac-85f126f15fa9 ] Request (ListImageFiltersTestJSON:tearDownClass): 200 GET http://10.180.1.21/compute/v2.1/servers/d3459645-3750-4957-bdcf-fbd90aa5fbb5 0.090s
2025-12-09 20:44:20.147 65482 INFO tempest.lib.common.rest_client [req-1085b061-4466-424e-8537-108045a8e98e req-1085b061-4466-424e-8537-108045a8e98e ] Request (ImagesTestJSON:test_create_server_from_snapshot): 200 GET http://10.180.1.21/compute/v2.1/servers/144a0d79-5ae8-4827-9b1a-26ad4783d9da 0.098s
2025-12-09 20:44:20.160 65459 INFO tempest.lib.common.rest_client [req-fba7655a-9d5c-4194-872e-7505205b49f2 req-fba7655a-9d5c-4194-872e-7505205b49f2 ] Request (ServerRescueTestJSON:setUpClass): 200 GET http://10.180.1.21/compute/v2.1/servers/c22a312d-4a61-40db-a22b-809c0ed6813b 0.083s
2025-12-09 20:44:20.206 65443 INFO tempest.lib.common.rest_client [req-bf8037a7-8ba8-4c07-ad54-6ed577b0e5ce req-bf8037a7-8ba8-4c07-ad54-6ed577b0e5ce ] Request (MultipleCreateTestJSON:tearDownClass): 200 GET http://10.180.1.21/compute/v2.1/servers/9316687d-5ae3-4d73-b5e0-9e6f1fe3eaa5 0.085s
2025-12-09 20:44:20.207 65472 INFO tempest.lib.common.rest_client [req-fc48722c-f76f-4c7d-aa5f-ef7e816587fe req-fc48722c-f76f-4c7d-aa5f-ef7e816587fe ] Request (ServersTestMultiNic:test_verify_multiple_nics_order): 200 GET http://10.180.1.21/compute/v2.1/servers/99c515ae-17d9-4a93-9523-265fb4fd0953 0.076s
2025-12-09 20:44:20.262 65465 INFO tempest.lib.common.rest_client [req-19ddce8f-3ec4-40ef-92ce-d9df40ffe0b5 req-19ddce8f-3ec4-40ef-92ce-d9df40ffe0b5 ] Request (ServersAdminTestJSON:tearDownClass): 200 GET http://10.180.1.21/compute/v2.1/servers/d96b724e-97fe-4e2a-9a11-ca4394ceb884 0.059s
2025-12-09 20:44:20.278 65447 INFO tempest.lib.common.rest_client [req-f555f2d6-9c43-4cef-8b45-ff8d2e630b80 req-f555f2d6-9c43-4cef-8b45-ff8d2e630b80 ] Request (ServersWithSpecificFlavorTestJSON:test_verify_created_server_ephemeral_disk): 200 GET http://10.180.1.21/compute/v2.1/servers/585a809a-ce9a-4383-bb5d-332ea0389f50 0.057s
2025-12-09 20:44:20.325 65479 INFO tempest.lib.common.rest_client [req-86775dd1-b6a0-48ab-b87c-1766d45734bf req-86775dd1-b6a0-48ab-b87c-1766d45734bf ] Request (FloatingIPsAssociationTestJSON:tearDownClass): 200 GET http://10.180.1.21/compute/v2.1/servers/bb88414a-8c1d-406c-8be9-bc110a1638fd 0.054s
2025-12-09 20:44:20.379 65491 INFO tempest.lib.common.rest_client [req-f7753e9e-a55b-4900-8242-9cbef448227c req-f7753e9e-a55b-4900-8242-9cbef448227c ] Request (ServersAdmin275Test:test_rebuild_update_server_275): 200 GET http://10.180.1.21/compute/v2.1/servers/098cb3b4-7497-46bb-97f0-b7ebc33926b2 0.062s
2025-12-09 20:44:20.388 65491 INFO tempest.common.waiters [-] State transition "REBUILD/rebuilding" ==> "REBUILD/rebuild_spawning" after 4 second wait
2025-12-09 20:44:20.697 65494 INFO tempest.lib.common.rest_client [req-98a64bf5-1da3-468e-9628-8a1f83aef84c req-98a64bf5-1da3-468e-9628-8a1f83aef84c ] Request (ImagesOneServerNegativeTestJSON:_run_cleanups): 404 GET http://10.180.1.21/compute/v2.1/servers/b1ee0159-c3a4-4154-a2ca-3994560c5af8 0.023s
2025-12-09 20:44:20.740 65463 INFO tempest.lib.common.rest_client [req-eca50e08-c355-4753-9349-aa76f16c92b8 req-eca50e08-c355-4753-9349-aa76f16c92b8 ] Request (ServersTestFqdnHostnames:test_create_server_with_fqdn_name): 200 GET http://10.180.1.21/compute/v2.1/servers/6eb9c7db-0e75-431d-b8ef-67803bbe31fa 0.129s
2025-12-09 20:44:20.777 65494 INFO tempest.lib.common.rest_client [req-08dc2d04-d201-4ad2-87ec-2e26aa8bc2b9 req-08dc2d04-d201-4ad2-87ec-2e26aa8bc2b9 ] Request (ImagesOneServerNegativeTestJSON:_run_cleanups): 200 POST http://10.180.1.21/compute/v2.1/os-keypairs 0.078s
2025-12-09 20:44:20.815 65437 INFO tempest.lib.common.rest_client [req-d5192ac5-1931-4171-aad0-af0ad0ff2362 req-d5192ac5-1931-4171-aad0-af0ad0ff2362 ] Request (ServerDiskConfigTestJSON:test_resize_server_from_auto_to_manual): 200 GET http://10.180.1.21/compute/v2.1/servers/b48f053d-36ea-4380-9107-f49a9423a938 0.120s
2025-12-09 20:44:20.832 65486 INFO tempest.lib.common.rest_client [req-0a24242f-cf78-4793-ab04-54f68660c390 req-0a24242f-cf78-4793-ab04-54f68660c390 ] Request (ServerActionsTestOtherA:test_rebuild_server_in_stop_state): 200 GET http://10.180.1.21/compute/v2.1/servers/cec39550-29b5-4348-8ac9-8e1027c89146 0.109s
2025-12-09 20:44:20.881 65474 INFO tempest.lib.common.rest_client [req-f006d957-6560-4d7f-967f-0dcc17fdd233 req-f006d957-6560-4d7f-967f-0dcc17fdd233 ] Request (ServersTestManualDisk:tearDownClass): 200 GET http://10.180.1.21/compute/v2.1/servers/69e78cb9-73f9-414e-9485-c1c9e19e758d 0.122s
2025-12-09 20:44:20.895 65445 INFO tempest.lib.common.rest_client [req-ab1c0fb6-ab8e-4406-9e33-8a80212f5a0f req-ab1c0fb6-ab8e-4406-9e33-8a80212f5a0f ] Request (ListServersNegativeTestJSON:setUpClass): 200 GET http://10.180.1.21/compute/v2.1/servers/2312931d-e1cd-4224-a8f4-bb73bb6afdbf 0.115s
2025-12-09 20:44:20.904 65494 INFO tempest.lib.common.rest_client [req-7ce69359-859a-4178-a73c-921f631eb83a req-7ce69359-859a-4178-a73c-921f631eb83a ] Request (ImagesOneServerNegativeTestJSON:_run_cleanups): 201 POST http://10.180.1.21/networking/v2.0/security-groups 0.125s
2025-12-09 20:44:20.940 65469 INFO tempest.lib.common.rest_client [req-dfed1d1a-853b-43da-8fa8-f3a8419c3fd6 req-dfed1d1a-853b-43da-8fa8-f3a8419c3fd6 ] Request (AttachInterfacesUnderV243Test:test_add_remove_fixed_ip): 200 GET http://10.180.1.21/compute/v2.1/servers/6f89734c-7aaa-460c-bc25-c46d8691361a 0.122s
2025-12-09 20:44:20.954 65435 INFO tempest.lib.common.rest_client [req-d11c6425-c855-421b-96c2-b96404e25165 req-d11c6425-c855-421b-96c2-b96404e25165 ] Request (SecurityGroupsTestJSON:test_server_security_groups): 200 GET http://10.180.1.21/compute/v2.1/servers/298bc9b8-0591-46a8-9f3b-d68d75151b60 0.089s
2025-12-09 20:44:21.006 65494 INFO tempest.lib.common.rest_client [req-af8f6402-1407-44b1-a530-1f259ffdbf96 req-af8f6402-1407-44b1-a530-1f259ffdbf96 ] Request (ImagesOneServerNegativeTestJSON:_run_cleanups): 201 POST http://10.180.1.21/networking/v2.0/security-group-rules 0.101s
2025-12-09 20:44:21.016 65484 INFO tempest.lib.common.rest_client [req-24229ed1-4256-46c2-9bd7-8851d32a92a0 req-24229ed1-4256-46c2-9bd7-8851d32a92a0 ] Request (ListServerFiltersTestJSON:tearDownClass): 200 GET http://10.180.1.21/compute/v2.1/servers/0a0e91cc-a1a0-46dd-89d8-ea3dd3b600f1 0.094s
2025-12-09 20:44:21.075 65439 INFO tempest.lib.common.rest_client [req-36d7dbe3-7f97-47ce-b9ce-48a855351773 req-36d7dbe3-7f97-47ce-b9ce-48a855351773 ] Request (FloatingIPsAssociationNegativeTestJSON:tearDownClass): 200 GET http://10.180.1.21/compute/v2.1/servers/436fefbe-51ad-416d-8f2f-7e371c664e45 0.073s
2025-12-09 20:44:21.098 65494 INFO tempest.lib.common.rest_client [req-83cff6d6-19bc-46e9-b2cf-5cb25d114017 req-83cff6d6-19bc-46e9-b2cf-5cb25d114017 ] Request (ImagesOneServerNegativeTestJSON:_run_cleanups): 201 POST http://10.180.1.21/networking/v2.0/security-group-rules 0.091s
2025-12-09 20:44:21.136 65476 INFO tempest.lib.common.rest_client [req-43d3576c-c4c5-4ef9-a4b7-6aa60b561d71 req-43d3576c-c4c5-4ef9-a4b7-6aa60b561d71 ] Request (ServersAdminNegativeTestJSON:tearDownClass): 200 GET http://10.180.1.21/compute/v2.1/servers/565c3b56-ef25-4002-a55c-9148bb54016d 0.072s
2025-12-09 20:44:21.210 65455 INFO tempest.lib.common.rest_client [req-85d8d1b8-3cf1-4c95-a6cf-1768fc494ad1 req-85d8d1b8-3cf1-4c95-a6cf-1768fc494ad1 ] Request (ListImageFiltersTestJSON:tearDownClass): 200 GET http://10.180.1.21/compute/v2.1/servers/d3459645-3750-4957-bdcf-fbd90aa5fbb5 0.086s
2025-12-09 20:44:21.234 65457 INFO tempest.lib.common.rest_client [req-89bbd9cc-8635-4993-97f2-ee43f1793567 req-89bbd9cc-8635-4993-97f2-ee43f1793567 ] Request (MigrationsAdminTest:test_resize_server_revert_deleted_flavor): 200 GET http://10.180.1.21/compute/v2.1/servers/86467582-45da-4e10-83db-4f98ae9f61f1 0.129s
2025-12-09 20:44:21.292 65459 INFO tempest.lib.common.rest_client [req-691aab0b-ecc0-407b-abcf-295fc830f0dc req-691aab0b-ecc0-407b-abcf-295fc830f0dc ] Request (ServerRescueTestJSON:setUpClass): 200 GET http://10.180.1.21/compute/v2.1/servers/c22a312d-4a61-40db-a22b-809c0ed6813b 0.122s
2025-12-09 20:44:21.306 65482 INFO tempest.lib.common.rest_client [req-9b162e23-9735-4faa-a474-35ccc3798570 req-9b162e23-9735-4faa-a474-35ccc3798570 ] Request (ImagesTestJSON:test_create_server_from_snapshot): 200 GET http://10.180.1.21/compute/v2.1/servers/144a0d79-5ae8-4827-9b1a-26ad4783d9da 0.151s
2025-12-09 20:44:21.351 65443 INFO tempest.lib.common.rest_client [req-85075f0f-f190-4fc6-a334-2460e0599ba9 req-85075f0f-f190-4fc6-a334-2460e0599ba9 ] Request (MultipleCreateTestJSON:tearDownClass): 200 GET http://10.180.1.21/compute/v2.1/servers/9316687d-5ae3-4d73-b5e0-9e6f1fe3eaa5 0.137s
2025-12-09 20:44:21.366 65472 INFO tempest.lib.common.rest_client [req-f9d8df4d-c230-4e4d-9f19-5b40272398df req-f9d8df4d-c230-4e4d-9f19-5b40272398df ] Request (ServersTestMultiNic:test_verify_multiple_nics_order): 200 GET http://10.180.1.21/compute/v2.1/servers/99c515ae-17d9-4a93-9523-265fb4fd0953 0.148s
2025-12-09 20:44:21.415 65447 INFO tempest.lib.common.rest_client [req-d5121002-01ac-497d-8058-97e4b9527f45 req-d5121002-01ac-497d-8058-97e4b9527f45 ] Request (ServersWithSpecificFlavorTestJSON:test_verify_created_server_ephemeral_disk): 200 GET http://10.180.1.21/compute/v2.1/servers/585a809a-ce9a-4383-bb5d-332ea0389f50 0.130s
2025-12-09 20:44:21.432 65465 INFO tempest.lib.common.rest_client [req-421303f0-4c55-4de3-bc67-b2418c5295f2 req-421303f0-4c55-4de3-bc67-b2418c5295f2 ] Request (ServersAdminTestJSON:tearDownClass): 200 GET http://10.180.1.21/compute/v2.1/servers/d96b724e-97fe-4e2a-9a11-ca4394ceb884 0.162s
2025-12-09 20:44:21.479 65479 INFO tempest.lib.common.rest_client [req-dbf68b22-b3dc-473f-95fd-2e5220ed2b94 req-dbf68b22-b3dc-473f-95fd-2e5220ed2b94 ] Request (FloatingIPsAssociationTestJSON:tearDownClass): 200 GET http://10.180.1.21/compute/v2.1/servers/bb88414a-8c1d-406c-8be9-bc110a1638fd 0.146s
2025-12-09 20:44:21.510 65491 INFO tempest.lib.common.rest_client [req-23ed88be-bbcf-46bb-9a98-43034ddf5f75 req-23ed88be-bbcf-46bb-9a98-43034ddf5f75 ] Request (ServersAdmin275Test:test_rebuild_update_server_275): 200 GET http://10.180.1.21/compute/v2.1/servers/098cb3b4-7497-46bb-97f0-b7ebc33926b2 0.121s
2025-12-09 20:44:21.543 65494 INFO tempest.lib.common.rest_client [req-b10f6e6d-b6b0-433f-9abf-08f161c0098f req-b10f6e6d-b6b0-433f-9abf-08f161c0098f ] Request (ImagesOneServerNegativeTestJSON:_run_cleanups): 201 POST http://10.180.1.21/networking/v2.0/floatingips 0.444s
2025-12-09 20:44:21.603 65494 INFO tempest.lib.common.rest_client [req-82f712cc-ad69-4139-9464-ee13654cb3b3 req-82f712cc-ad69-4139-9464-ee13654cb3b3 ] Request (ImagesOneServerNegativeTestJSON:_run_cleanups): 201 POST http://10.180.1.21/identity/v3/auth/tokens 0.057s
2025-12-09 20:44:21.604 65494 INFO tempest.lib.common.fixed_network [-] (ImagesOneServerNegativeTestJSON:_run_cleanups) Found network {'id': '9361ecec-ebbf-4317-9dab-39e243e251c8', 'name': 'tempest-ImagesOneServerNegativeTestJSON-200536669-network', 'tenant_id': '89bb23b66433488299fb4ee589c30f3c', 'project_id': '89bb23b66433488299fb4ee589c30f3c', 'admin_state_up': True, 'mtu': 8950, 'status': 'ACTIVE', 'subnets': [], 'shared': False, 'port_security_enabled': True, 'router:external': False, 'provider:network_type': 'vlan', 'provider:physical_network': 'default', 'provider:segmentation_id': 99, 'availability_zone_hints': [], 'availability_zones': [], 'ipv4_address_scope': None, 'ipv6_address_scope': None, 'description': '', 'tags': [], 'created_at': '2025-12-09T20:42:27Z', 'updated_at': '2025-12-09T20:42:27Z', 'revision_number': 1} available for tenant
2025-12-09 20:44:21.884 65463 INFO tempest.lib.common.rest_client [req-575d31cd-1bcd-42be-b298-c57d4917bbd1 req-575d31cd-1bcd-42be-b298-c57d4917bbd1 ] Request (ServersTestFqdnHostnames:test_create_server_with_fqdn_name): 200 GET http://10.180.1.21/compute/v2.1/servers/6eb9c7db-0e75-431d-b8ef-67803bbe31fa 0.136s
2025-12-09 20:44:21.915 65494 INFO tempest.lib.common.rest_client [req-ca738555-0ffd-4dc5-bca4-8c926a6eaef7 req-ca738555-0ffd-4dc5-bca4-8c926a6eaef7 ] Request (ImagesOneServerNegativeTestJSON:_run_cleanups): 202 POST http://10.180.1.21/compute/v2.1/servers 0.311s
2025-12-09 20:44:21.967 65486 INFO tempest.lib.common.rest_client [req-8860eef7-59ae-4f8f-99f2-8212c72317db req-8860eef7-59ae-4f8f-99f2-8212c72317db ] Request (ServerActionsTestOtherA:test_rebuild_server_in_stop_state): 200 GET http://10.180.1.21/compute/v2.1/servers/cec39550-29b5-4348-8ac9-8e1027c89146 0.127s
2025-12-09 20:44:21.989 65437 INFO tempest.lib.common.rest_client [req-f67827f0-f849-43dd-9e32-c38b94dffd69 req-f67827f0-f849-43dd-9e32-c38b94dffd69 ] Request (ServerDiskConfigTestJSON:test_resize_server_from_auto_to_manual): 200 GET http://10.180.1.21/compute/v2.1/servers/b48f053d-36ea-4380-9107-f49a9423a938 0.165s
2025-12-09 20:44:22.027 65474 INFO tempest.lib.common.rest_client [req-57617f22-e121-4522-9ca8-ad3459f81253 req-57617f22-e121-4522-9ca8-ad3459f81253 ] Request (ServersTestManualDisk:tearDownClass): 200 GET http://10.180.1.21/compute/v2.1/servers/69e78cb9-73f9-414e-9485-c1c9e19e758d 0.138s
2025-12-09 20:44:22.048 65445 INFO tempest.lib.common.rest_client [req-e4c935ef-1fd4-4a79-95f0-25ebdc1cd1de req-e4c935ef-1fd4-4a79-95f0-25ebdc1cd1de ] Request (ListServersNegativeTestJSON:setUpClass): 200 GET http://10.180.1.21/compute/v2.1/servers/2312931d-e1cd-4224-a8f4-bb73bb6afdbf 0.142s
2025-12-09 20:44:22.067 65494 INFO tempest.lib.common.rest_client [req-82f85471-aef4-4522-b308-eb6d3029b1ec req-82f85471-aef4-4522-b308-eb6d3029b1ec ] Request (ImagesOneServerNegativeTestJSON:_run_cleanups): 200 GET http://10.180.1.21/compute/v2.1/servers/d5840f82-2d28-49a2-8a68-426c2733a27e 0.150s
2025-12-09 20:44:22.099 65469 INFO tempest.lib.common.rest_client [req-7d32cb60-7aa3-43db-a848-40914bee03ed req-7d32cb60-7aa3-43db-a848-40914bee03ed ] Request (AttachInterfacesUnderV243Test:test_add_remove_fixed_ip): 200 GET http://10.180.1.21/compute/v2.1/servers/6f89734c-7aaa-460c-bc25-c46d8691361a 0.151s
2025-12-09 20:44:22.120 65435 INFO tempest.lib.common.rest_client [req-12f3abbe-81eb-4f2f-886b-d21f09b19a8c req-12f3abbe-81eb-4f2f-886b-d21f09b19a8c ] Request (SecurityGroupsTestJSON:test_server_security_groups): 200 GET http://10.180.1.21/compute/v2.1/servers/298bc9b8-0591-46a8-9f3b-d68d75151b60 0.154s
2025-12-09 20:44:22.158 65484 INFO tempest.lib.common.rest_client [req-73b9fe09-f5b8-46ea-a6d1-74d4b6346436 req-73b9fe09-f5b8-46ea-a6d1-74d4b6346436 ] Request (ListServerFiltersTestJSON:tearDownClass): 200 GET http://10.180.1.21/compute/v2.1/servers/0a0e91cc-a1a0-46dd-89d8-ea3dd3b600f1 0.133s
2025-12-09 20:44:22.182 65439 INFO tempest.lib.common.rest_client [req-45d1e026-c4d3-4577-a695-97d1c8712029 req-45d1e026-c4d3-4577-a695-97d1c8712029 ] Request (FloatingIPsAssociationNegativeTestJSON:tearDownClass): 200 GET http://10.180.1.21/compute/v2.1/servers/436fefbe-51ad-416d-8f2f-7e371c664e45 0.099s
2025-12-09 20:44:22.214 65476 INFO tempest.lib.common.rest_client [req-53d12ac3-e925-4e49-a6e5-e586fbd6844d req-53d12ac3-e925-4e49-a6e5-e586fbd6844d ] Request (ServersAdminNegativeTestJSON:tearDownClass): 200 GET http://10.180.1.21/compute/v2.1/servers/565c3b56-ef25-4002-a55c-9148bb54016d 0.065s
2025-12-09 20:44:22.275 65455 INFO tempest.lib.common.rest_client [req-bf560824-4ac7-4a9a-9f4d-c8081326352f req-bf560824-4ac7-4a9a-9f4d-c8081326352f ] Request (ListImageFiltersTestJSON:tearDownClass): 200 GET http://10.180.1.21/compute/v2.1/servers/d3459645-3750-4957-bdcf-fbd90aa5fbb5 0.057s
2025-12-09 20:44:22.340 65457 INFO tempest.lib.common.rest_client [req-801aca15-490c-4c19-bf2c-7afd5012be58 req-801aca15-490c-4c19-bf2c-7afd5012be58 ] Request (MigrationsAdminTest:test_resize_server_revert_deleted_flavor): 200 GET http://10.180.1.21/compute/v2.1/servers/86467582-45da-4e10-83db-4f98ae9f61f1 0.098s
2025-12-09 20:44:22.354 65459 INFO tempest.lib.common.rest_client [req-356aa25e-cd6d-4e67-bd37-7fb34bc9394b req-356aa25e-cd6d-4e67-bd37-7fb34bc9394b ] Request (ServerRescueTestJSON:setUpClass): 200 GET http://10.180.1.21/compute/v2.1/servers/c22a312d-4a61-40db-a22b-809c0ed6813b 0.054s
2025-12-09 20:44:22.388 65482 INFO tempest.lib.common.rest_client [req-eeaef5f8-92c1-49e0-8e15-a90318e570a0 req-eeaef5f8-92c1-49e0-8e15-a90318e570a0 ] Request (ImagesTestJSON:test_create_server_from_snapshot): 200 GET http://10.180.1.21/compute/v2.1/servers/144a0d79-5ae8-4827-9b1a-26ad4783d9da 0.074s
