2025-12-09 20:43:51.741 65472 INFO tempest.lib.common.rest_client [req-f95c5fa9-91d9-469f-998e-98ee4bb04a2a req-f95c5fa9-91d9-469f-998e-98ee4bb04a2a ] Request (ServersTestMultiNic:_run_cleanups): 204 DELETE http://10.180.1.21/networking/v2.0/subnets/586dac8c-0507-4abe-b29c-47aae93cca47 0.271s
2025-12-09 20:43:51.818 65491 INFO tempest.lib.common.rest_client [req-2d4446a3-0fa3-4bb3-bfa8-5fdc022f9b7d req-2d4446a3-0fa3-4bb3-bfa8-5fdc022f9b7d ] Request (ServersAdmin275Test:test_rebuild_update_server_275): 200 GET http://10.180.1.21/compute/v2.1/servers/098cb3b4-7497-46bb-97f0-b7ebc33926b2 0.914s
2025-12-09 20:43:52.082 65472 INFO tempest.lib.common.rest_client [req-5905200e-000e-4014-abc8-de5534deea4c req-5905200e-000e-4014-abc8-de5534deea4c ] Request (ServersTestMultiNic:_run_cleanups): 204 DELETE http://10.180.1.21/networking/v2.0/networks/893f6293-1964-4732-8e19-b85edc082098 0.340s
2025-12-09 20:43:52.108 65437 INFO tempest.lib.common.rest_client [req-6407aeea-c9bf-4dc9-8123-ac08f1c53b0f req-6407aeea-c9bf-4dc9-8123-ac08f1c53b0f ] Request (ServerDiskConfigTestJSON:test_resize_server_from_auto_to_manual): 200 GET http://10.180.1.21/compute/v2.1/servers/b48f053d-36ea-4380-9107-f49a9423a938 1.192s
2025-12-09 20:43:52.191 65492 INFO tempest.lib.common.rest_client [req-9b90f60c-ae90-4073-864c-8ebd442132f2 req-9b90f60c-ae90-4073-864c-8ebd442132f2 ] Request (HypervisorAdminUnderV252Test:test_get_hypervisor_show_servers): 200 GET http://10.180.1.21/compute/v2.1/os-hypervisors/domain-c8.fc996f14-c53b-4953-92e3-bdfa48f5cc28/servers 1.257s
2025-12-09 20:43:52.310 65472 INFO tempest.lib.common.rest_client [req-1b772abe-11b5-4f21-9186-215e7b3969a4 req-1b772abe-11b5-4f21-9186-215e7b3969a4 ] Request (ServersTestMultiNic:test_verify_multiple_nics_order): 201 POST http://10.180.1.21/networking/v2.0/networks 0.226s
2025-12-09 20:43:52.587 65467 WARNING tempest.lib.common.ssh [-] Failed to establish authenticated ssh connection to cirros@10.180.180.207 ([Errno None] Unable to connect to port 22 on 10.180.180.207). Number attempts: 1. Retry after 2 seconds.: paramiko.ssh_exception.NoValidConnectionsError: [Errno None] Unable to connect to port 22 on 10.180.180.207
2025-12-09 20:43:52.587 65488 WARNING tempest.lib.common.ssh [-] Failed to establish authenticated ssh connection to cirros@10.180.180.137 ([Errno None] Unable to connect to port 22 on 10.180.180.137). Number attempts: 6. Retry after 7 seconds.: paramiko.ssh_exception.NoValidConnectionsError: [Errno None] Unable to connect to port 22 on 10.180.180.137
2025-12-09 20:43:52.665 65457 INFO tempest.lib.common.rest_client [req-53d2f6a5-a7bd-4876-b5c6-60cc3aa154a1 req-53d2f6a5-a7bd-4876-b5c6-60cc3aa154a1 ] Request (MigrationsAdminTest:test_resize_server_revert_deleted_flavor): 200 GET http://10.180.1.21/compute/v2.1/servers/86467582-45da-4e10-83db-4f98ae9f61f1 1.657s
2025-12-09 20:43:52.714 65472 INFO tempest.lib.common.rest_client [req-6928b104-5106-4178-a404-01de483d15ac req-6928b104-5106-4178-a404-01de483d15ac ] Request (ServersTestMultiNic:test_verify_multiple_nics_order): 201 POST http://10.180.1.21/networking/v2.0/subnets 0.403s
2025-12-09 20:43:52.787 65447 INFO tempest.lib.common.rest_client [req-137be86b-8f24-4e01-91b8-8b01904980d8 req-137be86b-8f24-4e01-91b8-8b01904980d8 ] Request (ServersWithSpecificFlavorTestJSON:test_verify_created_server_ephemeral_disk): 200 GET http://10.180.1.21/compute/v2.1/servers/585a809a-ce9a-4383-bb5d-332ea0389f50 1.683s
2025-12-09 20:43:52.915 65472 INFO tempest.lib.common.rest_client [req-e8e8316f-9e0a-4ba3-80d9-d1042f8ea279 req-e8e8316f-9e0a-4ba3-80d9-d1042f8ea279 ] Request (ServersTestMultiNic:test_verify_multiple_nics_order): 201 POST http://10.180.1.21/networking/v2.0/networks 0.201s
2025-12-09 20:43:52.966 65484 INFO tempest.lib.common.rest_client [req-d692f286-f05e-4ca0-9486-c78a5dc2b01a req-d692f286-f05e-4ca0-9486-c78a5dc2b01a ] Request (ListServerFiltersTestJSON:tearDownClass): 200 GET http://10.180.1.21/compute/v2.1/servers/d37cc94a-7473-4cfc-a522-4fbce2262a1f 1.418s
2025-12-09 20:43:53.033 65480 WARNING tempest.lib.common.ssh [-] Failed to establish authenticated ssh connection to cirros@10.180.180.130 ([Errno None] Unable to connect to port 22 on 10.180.180.130). Number attempts: 2. Retry after 3 seconds.: paramiko.ssh_exception.NoValidConnectionsError: [Errno None] Unable to connect to port 22 on 10.180.180.130
2025-12-09 20:43:53.070 65439 INFO tempest.lib.common.rest_client [req-dcaab4dd-dcc4-400b-b961-056a6d68bd2f req-dcaab4dd-dcc4-400b-b961-056a6d68bd2f ] Request (FloatingIPsAssociationNegativeTestJSON:test_associate_ip_to_server_with_floating_ip): 202 POST http://10.180.1.21/compute/v2.1/servers/436fefbe-51ad-416d-8f2f-7e371c664e45/action 2.311s
2025-12-09 20:43:53.126 65479 INFO tempest.lib.common.rest_client [req-68aaea73-dcde-4f33-ba35-f1bf7ae04779 req-68aaea73-dcde-4f33-ba35-f1bf7ae04779 ] Request (FloatingIPsAssociationTestJSON:tearDownClass): 200 GET http://10.180.1.21/compute/v2.1/servers/bb88414a-8c1d-406c-8be9-bc110a1638fd 1.422s
2025-12-09 20:43:53.156 65486 WARNING tempest.lib.common.ssh [-] Failed to establish authenticated ssh connection to cirros@10.180.180.140 ([Errno None] Unable to connect to port 22 on 10.180.180.140). Number attempts: 3. Retry after 4 seconds.: paramiko.ssh_exception.NoValidConnectionsError: [Errno None] Unable to connect to port 22 on 10.180.180.140
2025-12-09 20:43:53.177 65443 INFO tempest.lib.common.rest_client [req-22cbffcc-a5bb-4b0c-82e8-35f6e874de83 req-22cbffcc-a5bb-4b0c-82e8-35f6e874de83 ] Request (MultipleCreateTestJSON:test_multiple_create_with_reservation_return): 200 GET http://10.180.1.21/compute/v2.1/servers/8f3cd531-6571-4a5d-8ce6-14b1089c7143 1.346s
2025-12-09 20:43:53.186 65443 INFO tempest.common.waiters [-] State transition "BUILD/None" ==> "BUILD/networking" after 74 second wait
2025-12-09 20:43:53.217 65472 INFO tempest.lib.common.rest_client [req-f63c409a-c0fc-435e-b0ce-ef25da76c68b req-f63c409a-c0fc-435e-b0ce-ef25da76c68b ] Request (ServersTestMultiNic:test_verify_multiple_nics_order): 201 POST http://10.180.1.21/networking/v2.0/subnets 0.302s
2025-12-09 20:43:53.243 65463 INFO tempest.lib.common.rest_client [req-5d1fa98a-6c95-4637-899b-ebe25a2f2f77 req-5d1fa98a-6c95-4637-899b-ebe25a2f2f77 ] Request (ServersTestFqdnHostnames:test_create_server_with_fqdn_name): 200 GET http://10.180.1.21/compute/v2.1/servers/6eb9c7db-0e75-431d-b8ef-67803bbe31fa 1.306s
2025-12-09 20:43:53.289 65441 INFO tempest.lib.common.rest_client [req-c42a4713-88bf-42b8-8fc8-7ae061bd41a0 req-c42a4713-88bf-42b8-8fc8-7ae061bd41a0 ] Request (ServerActionsTestJSON:test_lock_unlock_server): 200 GET http://10.180.1.21/compute/v2.1/servers/42b526d8-8e2b-40b2-8e3c-0b03ca97664b 1.428s
2025-12-09 20:43:53.301 65472 INFO tempest.lib.common.rest_client [req-8367a6c1-8d3c-4e46-85e9-eb840b03c0f5 req-8367a6c1-8d3c-4e46-85e9-eb840b03c0f5 ] Request (ServersTestMultiNic:test_verify_multiple_nics_order): 201 POST http://10.180.1.21/identity/v3/auth/tokens 0.076s
2025-12-09 20:43:53.301 65472 INFO tempest.lib.common.fixed_network [-] (ServersTestMultiNic:test_verify_multiple_nics_order) Found network {'id': 'ae7224be-d3e1-4b7c-8e99-ea0c42d2e379', 'name': 'tempest-ServersTestMultiNic-1196768747-network', 'tenant_id': 'd9b2bdfaa84f4e2ca8011c379e7b0c0a', 'project_id': 'd9b2bdfaa84f4e2ca8011c379e7b0c0a', 'admin_state_up': True, 'mtu': 8950, 'status': 'ACTIVE', 'subnets': [], 'shared': False, 'port_security_enabled': True, 'router:external': False, 'provider:network_type': 'vlan', 'provider:physical_network': 'default', 'provider:segmentation_id': 306, 'availability_zone_hints': [], 'availability_zones': [], 'ipv4_address_scope': None, 'ipv6_address_scope': None, 'description': '', 'tags': [], 'created_at': '2025-12-09T20:42:06Z', 'updated_at': '2025-12-09T20:42:06Z', 'revision_number': 1} available for tenant
2025-12-09 20:43:53.309 65494 INFO tempest.lib.common.rest_client [req-265006ae-721f-47c5-b161-4d5189d7b951 req-265006ae-721f-47c5-b161-4d5189d7b951 ] Request (ImagesOneServerNegativeTestJSON:_run_cleanups): 200 GET http://10.180.1.21/compute/v2.1/servers/b1ee0159-c3a4-4154-a2ca-3994560c5af8 1.306s
2025-12-09 20:43:53.352 65455 INFO tempest.lib.common.rest_client [req-37b39f40-1a37-44ca-a106-2caee116cae6 req-37b39f40-1a37-44ca-a106-2caee116cae6 ] Request (ListImageFiltersTestJSON:setUpClass): 200 GET http://10.180.1.21/compute/v2.1/images/999c0dcf-acf0-4d75-8b12-035f050243fe 1.289s
2025-12-09 20:43:53.358 65476 INFO tempest.lib.common.rest_client [req-b71ebf2a-1f8e-48f8-a161-0db6c3730852 req-b71ebf2a-1f8e-48f8-a161-0db6c3730852 ] Request (ServersAdminNegativeTestJSON:tearDownClass): 200 GET http://10.180.1.21/compute/v2.1/servers/11cf22f8-4efd-40f8-956c-984ac7b11cc2 1.354s
2025-12-09 20:43:53.412 65445 INFO tempest.lib.common.rest_client [req-de9a2839-f580-4988-a8b5-2c47f79987f5 req-de9a2839-f580-4988-a8b5-2c47f79987f5 ] Request (ListServersNegativeTestJSON:setUpClass): 200 GET http://10.180.1.21/compute/v2.1/servers/2312931d-e1cd-4224-a8f4-bb73bb6afdbf 1.258s
2025-12-09 20:43:53.412 65469 INFO tempest.lib.common.rest_client [req-0d68bc7f-ecda-4155-9b94-c7cb96489766 req-0d68bc7f-ecda-4155-9b94-c7cb96489766 ] Request (AttachInterfacesUnderV243Test:test_add_remove_fixed_ip): 200 GET http://10.180.1.21/compute/v2.1/servers/6f89734c-7aaa-460c-bc25-c46d8691361a 1.347s
2025-12-09 20:43:53.435 65492 INFO tempest.lib.common.rest_client [req-1d81a9a4-b5b7-4f09-ae52-8dfe8444ac2e req-1d81a9a4-b5b7-4f09-ae52-8dfe8444ac2e ] Request (HypervisorAdminUnderV252Test:test_search_hypervisor): 200 GET http://10.180.1.21/compute/v2.1/os-hypervisors 1.237s
2025-12-09 20:43:53.474 65435 INFO tempest.lib.common.rest_client [req-96104357-10f4-4c57-9e36-37c4cc5b4fcf req-96104357-10f4-4c57-9e36-37c4cc5b4fcf ] Request (SecurityGroupsTestJSON:test_server_security_groups): 200 GET http://10.180.1.21/compute/v2.1/servers/298bc9b8-0591-46a8-9f3b-d68d75151b60 1.299s
2025-12-09 20:43:53.493 65482 INFO tempest.lib.common.rest_client [req-46aba93d-6b90-4939-9ae2-20ebb58226c3 req-46aba93d-6b90-4939-9ae2-20ebb58226c3 ] Request (ImagesTestJSON:test_create_server_from_snapshot): 200 GET http://10.180.1.21/compute/v2.1/servers/144a0d79-5ae8-4827-9b1a-26ad4783d9da 1.261s
2025-12-09 20:43:53.547 65459 INFO tempest.lib.common.rest_client [req-21c8442d-7104-49a7-8879-5d0ac88ee9b3 req-21c8442d-7104-49a7-8879-5d0ac88ee9b3 ] Request (ServerRescueTestJSON:setUpClass): 200 GET http://10.180.1.21/compute/v2.1/servers/c22a312d-4a61-40db-a22b-809c0ed6813b 1.242s
2025-12-09 20:43:53.565 65465 INFO tempest.lib.common.rest_client [req-3925360f-036a-4c88-8c5b-c200d8640520 req-3925360f-036a-4c88-8c5b-c200d8640520 ] Request (ServersAdminTestJSON:tearDownClass): 200 GET http://10.180.1.21/compute/v2.1/servers/d96b724e-97fe-4e2a-9a11-ca4394ceb884 1.049s
2025-12-09 20:43:53.573 65465 INFO tempest.common.waiters [-] State transition "ACTIVE/deleting" ==> "DELETED/None" after 4 second wait
2025-12-09 20:43:53.685 65491 INFO tempest.lib.common.rest_client [req-e95b956e-823f-4b99-9916-a0811825bfb4 req-e95b956e-823f-4b99-9916-a0811825bfb4 ] Request (ServersAdmin275Test:test_rebuild_update_server_275): 200 GET http://10.180.1.21/compute/v2.1/servers/098cb3b4-7497-46bb-97f0-b7ebc33926b2 0.853s
2025-12-09 20:43:53.994 65437 INFO tempest.lib.common.rest_client [req-2db696b2-4db3-4623-ae10-785b60e747f7 req-2db696b2-4db3-4623-ae10-785b60e747f7 ] Request (ServerDiskConfigTestJSON:test_resize_server_from_auto_to_manual): 200 GET http://10.180.1.21/compute/v2.1/servers/b48f053d-36ea-4380-9107-f49a9423a938 0.875s
2025-12-09 20:43:54.310 65439 INFO tempest.lib.common.rest_client [req-e5af9b1d-3ab2-4800-8aed-7646f2bb4589 req-e5af9b1d-3ab2-4800-8aed-7646f2bb4589 ] Request (FloatingIPsAssociationNegativeTestJSON:test_associate_ip_to_server_with_floating_ip): 200 POST http://10.180.1.21/compute/v2.1/os-floating-ips 1.240s
2025-12-09 20:43:54.330 65492 INFO tempest.lib.common.rest_client [req-a13927f2-33ad-44d7-8a90-5a22062b8821 req-a13927f2-33ad-44d7-8a90-5a22062b8821 ] Request (HypervisorAdminUnderV252Test:test_search_hypervisor): 200 GET http://10.180.1.21/compute/v2.1/os-hypervisors/domain-c8.fc996f14-c53b-4953-92e3-bdfa48f5cc28/search 0.893s
2025-12-09 20:43:54.465 65492 INFO tempest.lib.common.rest_client [req-f9a45d13-33d7-4c90-b0e2-142993c2608a req-f9a45d13-33d7-4c90-b0e2-142993c2608a ] Request (HypervisorAdminUnderV252Test:tearDownClass): 204 DELETE http://10.180.1.21/identity/v3/users/84a2e37db5e045fc82343cf151e461a2 0.133s
2025-12-09 20:43:54.511 65474 INFO paramiko.transport [-] Connected (version 2.0, client dropbear_2020.81)
2025-12-09 20:43:54.604 65492 INFO tempest.lib.common.rest_client [req-e15592d7-99e4-4572-8464-1cc785b89f74 req-e15592d7-99e4-4572-8464-1cc785b89f74 ] Request (HypervisorAdminUnderV252Test:tearDownClass): 204 DELETE http://10.180.1.21/identity/v3/users/b9536df5fa39432aa4a43a49dcf29fd5 0.138s
2025-12-09 20:43:54.605 65492 INFO tempest.lib.common.dynamic_creds [-] Deleting project and security group for project: 3769f74bed5e46939fa6470ae2864ea0
2025-12-09 20:43:54.609 65457 INFO tempest.lib.common.rest_client [req-a28f91b0-cc7e-43a1-80cd-2c6a5bcfd02a req-a28f91b0-cc7e-43a1-80cd-2c6a5bcfd02a ] Request (MigrationsAdminTest:test_resize_server_revert_deleted_flavor): 200 GET http://10.180.1.21/compute/v2.1/servers/86467582-45da-4e10-83db-4f98ae9f61f1 0.934s
2025-12-09 20:43:54.622 65474 INFO paramiko.transport [-] Authentication (publickey) successful!
2025-12-09 20:43:54.622 65474 INFO tempest.lib.common.ssh [-] ssh connection to cirros@10.180.180.215 successfully created
2025-12-09 20:43:54.682 65492 INFO tempest.lib.common.rest_client [req-06d583a7-193e-423b-ba9d-7cb0c18e4957 req-06d583a7-193e-423b-ba9d-7cb0c18e4957 ] Request (HypervisorAdminUnderV252Test:tearDownClass): 201 POST http://10.180.1.21/identity/v3/auth/tokens 0.077s
2025-12-09 20:43:54.689 65447 INFO tempest.lib.common.rest_client [req-1199c595-63e9-40e8-b071-895ab4ed6f64 req-1199c595-63e9-40e8-b071-895ab4ed6f64 ] Request (ServersWithSpecificFlavorTestJSON:test_verify_created_server_ephemeral_disk): 200 GET http://10.180.1.21/compute/v2.1/servers/585a809a-ce9a-4383-bb5d-332ea0389f50 0.889s
2025-12-09 20:43:54.886 65492 INFO tempest.lib.common.rest_client [req-416e7e4d-c2d3-43d3-8c2f-f51f927b958b req-416e7e4d-c2d3-43d3-8c2f-f51f927b958b ] Request (HypervisorAdminUnderV252Test:tearDownClass): 200 GET http://10.180.1.21/networking/v2.0/security-groups?tenant_id=3769f74bed5e46939fa6470ae2864ea0&name=default 0.204s
2025-12-09 20:43:54.959 65484 INFO tempest.lib.common.rest_client [req-0af4136c-cbdf-4744-b756-dd03739fca3d req-0af4136c-cbdf-4744-b756-dd03739fca3d ] Request (ListServerFiltersTestJSON:tearDownClass): 200 GET http://10.180.1.21/compute/v2.1/servers/d37cc94a-7473-4cfc-a522-4fbce2262a1f 0.978s
2025-12-09 20:43:55.023 65472 INFO tempest.lib.common.rest_client [req-fe534e11-3438-4962-a766-23894bd80690 req-fe534e11-3438-4962-a766-23894bd80690 ] Request (ServersTestMultiNic:test_verify_multiple_nics_order): 202 POST http://10.180.1.21/compute/v2.1/servers 1.721s
2025-12-09 20:43:55.095 65492 INFO tempest.lib.common.rest_client [req-9e116fc0-9ec4-435a-a049-d2191ce4368b req-9e116fc0-9ec4-435a-a049-d2191ce4368b ] Request (HypervisorAdminUnderV252Test:tearDownClass): 204 DELETE http://10.180.1.21/networking/v2.0/security-groups/bd83e52c-66e1-44bf-9c7d-6ee96e163f36 0.208s
2025-12-09 20:43:55.153 65479 INFO tempest.lib.common.rest_client [req-5b343111-7cda-4713-8e6e-94520679b6d6 req-5b343111-7cda-4713-8e6e-94520679b6d6 ] Request (FloatingIPsAssociationTestJSON:tearDownClass): 200 GET http://10.180.1.21/compute/v2.1/servers/bb88414a-8c1d-406c-8be9-bc110a1638fd 1.019s
2025-12-09 20:43:55.186 65492 INFO tempest.lib.common.rest_client [req-6c170ff6-fa63-445b-889b-6a292761a0d7 req-6c170ff6-fa63-445b-889b-6a292761a0d7 ] Request (HypervisorAdminUnderV252Test:tearDownClass): 204 DELETE http://10.180.1.21/identity/v3/projects/3769f74bed5e46939fa6470ae2864ea0 0.090s
2025-12-09 20:43:55.186 65492 INFO tempest.lib.common.dynamic_creds [-] Deleting project and security group for project: 808b1bafd1f74a3fa658887ad37780b1
2025-12-09 20:43:55.355 65492 INFO tempest.lib.common.rest_client [req-be51874d-0165-4308-8dc6-26f6c3cddaf9 req-be51874d-0165-4308-8dc6-26f6c3cddaf9 ] Request (HypervisorAdminUnderV252Test:tearDownClass): 200 GET http://10.180.1.21/networking/v2.0/security-groups?tenant_id=808b1bafd1f74a3fa658887ad37780b1&name=default 0.168s
2025-12-09 20:43:55.377 65463 INFO tempest.lib.common.rest_client [req-571cda97-3eb0-4570-beee-bebbe297a4b3 req-571cda97-3eb0-4570-beee-bebbe297a4b3 ] Request (ServersTestFqdnHostnames:test_create_server_with_fqdn_name): 200 GET http://10.180.1.21/compute/v2.1/servers/6eb9c7db-0e75-431d-b8ef-67803bbe31fa 1.126s
2025-12-09 20:43:55.398 65443 INFO tempest.lib.common.rest_client [req-485e6149-432e-448c-a456-37de04d91ffb req-485e6149-432e-448c-a456-37de04d91ffb ] Request (MultipleCreateTestJSON:test_multiple_create_with_reservation_return): 200 GET http://10.180.1.21/compute/v2.1/servers/8f3cd531-6571-4a5d-8ce6-14b1089c7143 1.212s
2025-12-09 20:43:55.410 65443 INFO tempest.common.waiters [-] State transition "BUILD/networking" ==> "BUILD/spawning" after 76 second wait
2025-12-09 20:43:55.469 65492 INFO tempest.lib.common.rest_client [req-c7ad8101-8493-4466-9c8c-6d018c93a3a9 req-c7ad8101-8493-4466-9c8c-6d018c93a3a9 ] Request (HypervisorAdminUnderV252Test:tearDownClass): 204 DELETE http://10.180.1.21/networking/v2.0/security-groups/66f8caee-9d16-4aad-b7d1-8fa5d0dfc108 0.114s
2025-12-09 20:43:55.627 65492 INFO tempest.lib.common.rest_client [req-649c2cc2-2d50-4996-bffe-5194498e441a req-649c2cc2-2d50-4996-bffe-5194498e441a ] Request (HypervisorAdminUnderV252Test:tearDownClass): 204 DELETE http://10.180.1.21/identity/v3/projects/808b1bafd1f74a3fa658887ad37780b1 0.157s
2025-12-09 20:43:55.650 65441 INFO tempest.lib.common.rest_client [req-2b077d58-324a-484b-8387-b2ba278e6548 req-2b077d58-324a-484b-8387-b2ba278e6548 ] Request (ServerActionsTestJSON:test_lock_unlock_server): 200 GET http://10.180.1.21/compute/v2.1/servers/42b526d8-8e2b-40b2-8e3c-0b03ca97664b 1.351s
2025-12-09 20:43:55.657 65441 INFO tempest.common.waiters [-] State transition "SHUTOFF/powering-on" ==> "ACTIVE/None" after 5 second wait
2025-12-09 20:43:55.658 65467 WARNING tempest.lib.common.ssh [-] Failed to establish authenticated ssh connection to cirros@10.180.180.207 ([Errno None] Unable to connect to port 22 on 10.180.180.207). Number attempts: 2. Retry after 3 seconds.: paramiko.ssh_exception.NoValidConnectionsError: [Errno None] Unable to connect to port 22 on 10.180.180.207
2025-12-09 20:43:55.698 65492 INFO tempest.lib.common.rest_client [req-ce905598-2e5b-4931-9164-c7264505e3fe req-ce905598-2e5b-4931-9164-c7264505e3fe ] Request (QuotasAdminTestV257:setUpClass): 201 POST http://10.180.1.21/identity/v3/auth/tokens 0.070s
2025-12-09 20:43:55.719 65494 INFO tempest.lib.common.rest_client [req-74b5f33f-8a29-413d-804c-cc6ff63d2a76 req-74b5f33f-8a29-413d-804c-cc6ff63d2a76 ] Request (ImagesOneServerNegativeTestJSON:_run_cleanups): 200 GET http://10.180.1.21/compute/v2.1/servers/b1ee0159-c3a4-4154-a2ca-3994560c5af8 1.403s
2025-12-09 20:43:55.733 65492 INFO tempest.lib.common.rest_client [req-31c7a2b4-53e3-42dc-86b9-1380c985d668 req-31c7a2b4-53e3-42dc-86b9-1380c985d668 ] Request (QuotasAdminTestV257:setUpClass): 201 POST http://10.180.1.21/identity/v3/auth/tokens 0.030s
2025-12-09 20:43:55.759 65455 INFO tempest.lib.common.rest_client [req-6afbc5c9-3a64-4dfb-8b77-da9356068711 req-6afbc5c9-3a64-4dfb-8b77-da9356068711 ] Request (ListImageFiltersTestJSON:setUpClass): 200 GET http://10.180.1.21/compute/v2.1/images/999c0dcf-acf0-4d75-8b12-035f050243fe 1.402s
2025-12-09 20:43:55.760 65492 INFO tempest.lib.common.rest_client [req-9c09180f-0141-4533-9d0a-8c910fc3b64d req-9c09180f-0141-4533-9d0a-8c910fc3b64d ] Request (QuotasAdminTestV257:setUpClass): 200 GET http://10.180.1.21/identity/v3/domains?name=Default 0.026s
2025-12-09 20:43:55.787 65439 INFO tempest.lib.common.rest_client [req-14ae09c5-575e-4a68-a58f-c6321789c8ea req-14ae09c5-575e-4a68-a58f-c6321789c8ea ] Request (FloatingIPsAssociationNegativeTestJSON:test_associate_ip_to_server_with_floating_ip): 400 POST http://10.180.1.21/compute/v2.1/servers/436fefbe-51ad-416d-8f2f-7e371c664e45/action 1.475s
2025-12-09 20:43:55.800 65492 INFO tempest.lib.common.rest_client [req-0185d34d-ba2d-4dd8-ae2c-0208b6bd311d req-0185d34d-ba2d-4dd8-ae2c-0208b6bd311d ] Request (QuotasAdminTestV257:setUpClass): 201 POST http://10.180.1.21/identity/v3/projects 0.039s
2025-12-09 20:43:55.827 65476 INFO tempest.lib.common.rest_client [req-76cde92d-41fc-49ae-9412-eb0441b619ac req-76cde92d-41fc-49ae-9412-eb0441b619ac ] Request (ServersAdminNegativeTestJSON:tearDownClass): 200 GET http://10.180.1.21/compute/v2.1/servers/11cf22f8-4efd-40f8-956c-984ac7b11cc2 1.460s
2025-12-09 20:43:55.845 65445 INFO tempest.lib.common.rest_client [req-36433661-66c6-48b2-817c-453c48dc21ef req-36433661-66c6-48b2-817c-453c48dc21ef ] Request (ListServersNegativeTestJSON:setUpClass): 200 GET http://10.180.1.21/compute/v2.1/servers/2312931d-e1cd-4224-a8f4-bb73bb6afdbf 1.424s
2025-12-09 20:43:55.883 65492 INFO tempest.lib.common.rest_client [req-5e256d60-5b27-4abf-9467-9d96caee2667 req-5e256d60-5b27-4abf-9467-9d96caee2667 ] Request (QuotasAdminTestV257:setUpClass): 201 POST http://10.180.1.21/identity/v3/users 0.081s
2025-12-09 20:43:55.892 65469 INFO tempest.lib.common.rest_client [req-ad28b302-20f4-4c42-a1c4-c8e790000ca4 req-ad28b302-20f4-4c42-a1c4-c8e790000ca4 ] Request (AttachInterfacesUnderV243Test:test_add_remove_fixed_ip): 200 GET http://10.180.1.21/compute/v2.1/servers/6f89734c-7aaa-460c-bc25-c46d8691361a 1.469s
2025-12-09 20:43:55.909 65435 INFO tempest.lib.common.rest_client [req-2df404ec-e065-45b4-b4f6-bff300d0e8ec req-2df404ec-e065-45b4-b4f6-bff300d0e8ec ] Request (SecurityGroupsTestJSON:test_server_security_groups): 200 GET http://10.180.1.21/compute/v2.1/servers/298bc9b8-0591-46a8-9f3b-d68d75151b60 1.424s
2025-12-09 20:43:55.912 65492 INFO tempest.lib.common.rest_client [req-a63f059c-818e-4759-b192-f2f693128ace req-a63f059c-818e-4759-b192-f2f693128ace ] Request (QuotasAdminTestV257:setUpClass): 200 GET http://10.180.1.21/identity/v3/roles 0.029s
2025-12-09 20:43:55.945 65492 INFO tempest.lib.common.rest_client [req-afb80045-3ac9-43aa-88f7-1b70411b983f req-afb80045-3ac9-43aa-88f7-1b70411b983f ] Request (QuotasAdminTestV257:setUpClass): 204 PUT http://10.180.1.21/identity/v3/projects/734b8cb90f95416390cf412d26e124cd/users/22aba747e316465abb3a113758cdea18/roles/73548bf2abc84a758cf47be2ec54e28c 0.032s
2025-12-09 20:43:55.946 65492 INFO tempest.lib.common.dynamic_creds [-] Dynamic test user 22aba747e316465abb3a113758cdea18 is created with scope project and roles: ['member']
2025-12-09 20:43:55.946 65492 INFO tempest.lib.common.dynamic_creds [-] Acquired dynamic creds: credentials: Credentials: {'domain_id': 'default', 'domain_name': 'Default', 'username': 'tempest-QuotasAdminTestV257-2052109830-project-member', 'project_domain_id': 'default', 'project_domain_name': 'Default', 'project_id': '734b8cb90f95416390cf412d26e124cd', 'project_name': 'tempest-QuotasAdminTestV257-2052109830', 'tenant_id': '734b8cb90f95416390cf412d26e124cd', 'tenant_name': 'tempest-QuotasAdminTestV257-2052109830', 'user_domain_id': 'default', 'user_domain_name': 'Default', 'user_id': '22aba747e316465abb3a113758cdea18', 'system': None}, Network: None, Subnet: None, Router: None
2025-12-09 20:43:55.946 65482 INFO tempest.lib.common.rest_client [req-9b055eca-9400-4430-9249-ca4963e05047 req-9b055eca-9400-4430-9249-ca4963e05047 ] Request (ImagesTestJSON:test_create_server_from_snapshot): 200 GET http://10.180.1.21/compute/v2.1/servers/144a0d79-5ae8-4827-9b1a-26ad4783d9da 1.442s
2025-12-09 20:43:55.946 65492 INFO tempest.lib.common.dynamic_creds [-] Created isolated network resources for: credentials: Credentials: {'domain_id': 'default', 'domain_name': 'Default', 'username': 'tempest-QuotasAdminTestV257-2052109830-project-member', 'project_domain_id': 'default', 'project_domain_name': 'Default', 'project_id': '734b8cb90f95416390cf412d26e124cd', 'project_name': 'tempest-QuotasAdminTestV257-2052109830', 'tenant_id': '734b8cb90f95416390cf412d26e124cd', 'tenant_name': 'tempest-QuotasAdminTestV257-2052109830', 'user_domain_id': 'default', 'user_domain_name': 'Default', 'user_id': '22aba747e316465abb3a113758cdea18', 'system': None}, Network: None, Subnet: None, Router: None
2025-12-09 20:43:55.964 65459 INFO tempest.lib.common.rest_client [req-3a30c73d-03d0-4b05-a468-5f37ee1c7149 req-3a30c73d-03d0-4b05-a468-5f37ee1c7149 ] Request (ServerRescueTestJSON:setUpClass): 200 GET http://10.180.1.21/compute/v2.1/servers/c22a312d-4a61-40db-a22b-809c0ed6813b 1.408s
2025-12-09 20:43:56.014 65465 INFO tempest.lib.common.rest_client [req-6952905c-b97c-4036-916e-2e7d17b2874b req-6952905c-b97c-4036-916e-2e7d17b2874b ] Request (ServersAdminTestJSON:tearDownClass): 200 GET http://10.180.1.21/compute/v2.1/servers/d96b724e-97fe-4e2a-9a11-ca4394ceb884 1.439s
2025-12-09 20:43:56.028 65474 INFO tempest.lib.common.rest_client [req-3f87c9c9-484a-4819-9cf9-65b2edd8ab2e req-3f87c9c9-484a-4819-9cf9-65b2edd8ab2e ] Request (ServersTestManualDisk:test_list_servers): 200 GET http://10.180.1.21/compute/v2.1/servers 1.397s
2025-12-09 20:43:56.038 65492 INFO tempest.lib.common.rest_client [req-84844534-de15-409b-a09a-d7840eff184b req-84844534-de15-409b-a09a-d7840eff184b ] Request (QuotasAdminTestV257:setUpClass): 201 POST http://10.180.1.21/identity/v3/auth/tokens 0.089s
2025-12-09 20:43:56.074 65491 INFO tempest.lib.common.rest_client [req-efe9dbac-b77f-4c6b-9f6b-1adb1965d904 req-efe9dbac-b77f-4c6b-9f6b-1adb1965d904 ] Request (ServersAdmin275Test:test_rebuild_update_server_275): 200 GET http://10.180.1.21/compute/v2.1/servers/098cb3b4-7497-46bb-97f0-b7ebc33926b2 1.377s
2025-12-09 20:43:56.084 65437 INFO tempest.lib.common.rest_client [req-bc544bc3-55fd-485e-93e8-06611a6f3430 req-bc544bc3-55fd-485e-93e8-06611a6f3430 ] Request (ServerDiskConfigTestJSON:test_resize_server_from_auto_to_manual): 200 GET http://10.180.1.21/compute/v2.1/servers/b48f053d-36ea-4380-9107-f49a9423a938 1.079s
2025-12-09 20:43:56.122 65492 INFO tempest.lib.common.rest_client [req-26d17f17-90b0-4521-b777-8b719f68c6b6 req-26d17f17-90b0-4521-b777-8b719f68c6b6 ] Request (QuotasAdminTestV257:setUpClass): 201 POST http://10.180.1.21/identity/v3/projects 0.083s
2025-12-09 20:43:56.133 65472 INFO tempest.lib.common.rest_client [req-b87f8914-7b2e-4904-8e4c-3b996e4ee154 req-b87f8914-7b2e-4904-8e4c-3b996e4ee154 ] Request (ServersTestMultiNic:test_verify_multiple_nics_order): 200 GET http://10.180.1.21/compute/v2.1/servers/99c515ae-17d9-4a93-9523-265fb4fd0953 1.108s
2025-12-09 20:43:56.195 65492 INFO tempest.lib.common.rest_client [req-6df471f7-41ff-4f67-9306-c77ac3a9af13 req-6df471f7-41ff-4f67-9306-c77ac3a9af13 ] Request (QuotasAdminTestV257:setUpClass): 201 POST http://10.180.1.21/identity/v3/users 0.072s
2025-12-09 20:43:56.221 65492 INFO tempest.lib.common.rest_client [req-20a3b203-7b69-4c5b-be1d-20f66f633e60 req-20a3b203-7b69-4c5b-be1d-20f66f633e60 ] Request (QuotasAdminTestV257:setUpClass): 200 GET http://10.180.1.21/identity/v3/roles 0.025s
2025-12-09 20:43:56.256 65492 INFO tempest.lib.common.rest_client [req-a4e63ff8-6b5e-4f0b-9fb3-9939e1d9c6f3 req-a4e63ff8-6b5e-4f0b-9fb3-9939e1d9c6f3 ] Request (QuotasAdminTestV257:setUpClass): 204 PUT http://10.180.1.21/identity/v3/projects/f749b581de154e8d90835d405d76b012/users/a32cc914ab554525bd984779300d52a4/roles/57f0bb0d416b4bca9ee0536a0ae59965 0.035s
2025-12-09 20:43:56.262 65441 INFO tempest.lib.common.rest_client [req-d8dc0c2a-10cb-4065-bb62-11b54f019581 req-d8dc0c2a-10cb-4065-bb62-11b54f019581 ] Request (ServerActionsTestJSON:tearDown): 200 GET http://10.180.1.21/compute/v2.1/servers/42b526d8-8e2b-40b2-8e3c-0b03ca97664b 0.604s
2025-12-09 20:43:56.305 65457 INFO tempest.lib.common.rest_client [req-82a94ef4-db24-4b13-a0bf-549abdf88f10 req-82a94ef4-db24-4b13-a0bf-549abdf88f10 ] Request (MigrationsAdminTest:test_resize_server_revert_deleted_flavor): 200 GET http://10.180.1.21/compute/v2.1/servers/86467582-45da-4e10-83db-4f98ae9f61f1 0.681s
2025-12-09 20:43:56.313 65457 INFO tempest.common.waiters [-] State transition "BUILD/spawning" ==> "ACTIVE/None" after 78 second wait
2025-12-09 20:43:56.323 65447 INFO tempest.lib.common.rest_client [req-47f52442-7f8d-4df6-9955-81f441fd622f req-47f52442-7f8d-4df6-9955-81f441fd622f ] Request (ServersWithSpecificFlavorTestJSON:test_verify_created_server_ephemeral_disk): 200 GET http://10.180.1.21/compute/v2.1/servers/585a809a-ce9a-4383-bb5d-332ea0389f50 0.626s
2025-12-09 20:43:56.334 65492 INFO tempest.lib.common.rest_client [req-1218dd5a-1573-4278-945c-bb1b4cfc09af req-1218dd5a-1573-4278-945c-bb1b4cfc09af ] Request (QuotasAdminTestV257:setUpClass): 200 GET http://10.180.1.21/identity/v3/roles 0.077s
2025-12-09 20:43:56.346 65484 INFO tempest.lib.common.rest_client [req-5e79f2d8-0160-418e-9668-63a674d40601 req-5e79f2d8-0160-418e-9668-63a674d40601 ] Request (ListServerFiltersTestJSON:tearDownClass): 404 GET http://10.180.1.21/compute/v2.1/servers/d37cc94a-7473-4cfc-a522-4fbce2262a1f 0.374s
2025-12-09 20:43:56.356 65492 INFO tempest.lib.common.rest_client [req-332f9013-d09c-4977-a31e-663a41de4b80 req-332f9013-d09c-4977-a31e-663a41de4b80 ] Request (QuotasAdminTestV257:setUpClass): 204 PUT http://10.180.1.21/identity/v3/projects/f749b581de154e8d90835d405d76b012/users/a32cc914ab554525bd984779300d52a4/roles/57f0bb0d416b4bca9ee0536a0ae59965 0.022s
2025-12-09 20:43:56.358 65492 INFO tempest.lib.common.dynamic_creds [-] Dynamic test user a32cc914ab554525bd984779300d52a4 is created with scope project and roles: ['admin']
2025-12-09 20:43:56.359 65492 INFO tempest.lib.common.dynamic_creds [-] Acquired dynamic creds: credentials: Credentials: {'domain_id': 'default', 'domain_name': 'Default', 'username': 'tempest-QuotasAdminTestV257-2111813439-project-admin', 'project_domain_id': 'default', 'project_domain_name': 'Default', 'project_id': 'f749b581de154e8d90835d405d76b012', 'project_name': 'tempest-QuotasAdminTestV257-2111813439', 'tenant_id': 'f749b581de154e8d90835d405d76b012', 'tenant_name': 'tempest-QuotasAdminTestV257-2111813439', 'user_domain_id': 'default', 'user_domain_name': 'Default', 'user_id': 'a32cc914ab554525bd984779300d52a4', 'system': None}, Network: None, Subnet: None, Router: None
2025-12-09 20:43:56.359 65492 INFO tempest.lib.common.dynamic_creds [-] Created isolated network resources for: credentials: Credentials: {'domain_id': 'default', 'domain_name': 'Default', 'username': 'tempest-QuotasAdminTestV257-2111813439-project-admin', 'project_domain_id': 'default', 'project_domain_name': 'Default', 'project_id': 'f749b581de154e8d90835d405d76b012', 'project_name': 'tempest-QuotasAdminTestV257-2111813439', 'tenant_id': 'f749b581de154e8d90835d405d76b012', 'tenant_name': 'tempest-QuotasAdminTestV257-2111813439', 'user_domain_id': 'default', 'user_domain_name': 'Default', 'user_id': 'a32cc914ab554525bd984779300d52a4', 'system': None}, Network: None, Subnet: None, Router: None
2025-12-09 20:43:56.459 65492 INFO tempest.lib.common.rest_client [req-25f71596-19a2-4361-8ff4-9be4b0b0cf4e req-25f71596-19a2-4361-8ff4-9be4b0b0cf4e ] Request (QuotasAdminTestV257:setUpClass): 201 POST http://10.180.1.21/identity/v3/auth/tokens 0.097s
2025-12-09 20:43:56.460 65492 WARNING tempest.lib.common.rest_client [-] Deprecated: "tenant_id" property is deprecated for removal, use "project_id" instead
2025-12-09 20:43:56.507 65492 INFO tempest.lib.common.rest_client [req-2e000c3c-ef03-4441-8082-58cd7cade325 req-2e000c3c-ef03-4441-8082-58cd7cade325 ] Request (QuotasAdminTestV257:test_get_updated_quotas): 200 GET http://10.180.1.21/identity/v3/domains?name=Default 0.045s
2025-12-09 20:43:56.543 65474 INFO tempest.lib.common.rest_client [req-14b2b286-b96c-4d19-9f1c-3a8c2760a4d5 req-14b2b286-b96c-4d19-9f1c-3a8c2760a4d5 ] Request (ServersTestManualDisk:test_list_servers_with_detail): 200 GET http://10.180.1.21/compute/v2.1/servers/detail 0.510s
2025-12-09 20:43:56.550 65492 INFO tempest.lib.common.rest_client [req-0ca2b500-50e2-45f1-9c4a-c9d46965b25e req-0ca2b500-50e2-45f1-9c4a-c9d46965b25e ] Request (QuotasAdminTestV257:test_get_updated_quotas): 201 POST http://10.180.1.21/identity/v3/projects 0.043s
2025-12-09 20:43:56.622 65492 INFO tempest.lib.common.rest_client [req-3bc2475e-8256-459a-a64e-ae4e7b1c0b35 req-3bc2475e-8256-459a-a64e-ae4e7b1c0b35 ] Request (QuotasAdminTestV257:test_get_updated_quotas): 200 GET http://10.180.1.21/identity/v3/domains?name=Default 0.071s
2025-12-09 20:43:56.633 65479 INFO tempest.lib.common.rest_client [req-bae5831e-0bb7-48bd-ad1a-208cff397b92 req-bae5831e-0bb7-48bd-ad1a-208cff397b92 ] Request (FloatingIPsAssociationTestJSON:tearDownClass): 200 GET http://10.180.1.21/compute/v2.1/servers/bb88414a-8c1d-406c-8be9-bc110a1638fd 0.471s
2025-12-09 20:43:56.715 65441 INFO tempest.lib.common.rest_client [req-92db3c15-873f-4227-b082-a4102ff8cabf req-92db3c15-873f-4227-b082-a4102ff8cabf ] Request (ServerActionsTestJSON:_run_cleanups): 202 POST http://10.180.1.21/compute/v2.1/servers/42b526d8-8e2b-40b2-8e3c-0b03ca97664b/action 0.445s
2025-12-09 20:43:56.760 65439 INFO tempest.lib.common.rest_client [req-a9b654a7-69ae-489a-bc28-257d029596f3 req-a9b654a7-69ae-489a-bc28-257d029596f3 ] Request (FloatingIPsAssociationNegativeTestJSON:_run_cleanups): 202 DELETE http://10.180.1.21/compute/v2.1/os-floating-ips/b3e47182-05ae-4c5e-8c5f-445c9c827715 0.970s
2025-12-09 20:43:56.849 65484 INFO tempest.lib.common.rest_client [req-810db867-ca83-4a17-a1ba-8ec90742adb4 req-810db867-ca83-4a17-a1ba-8ec90742adb4 ] Request (ListServerFiltersTestJSON:tearDownClass): 204 DELETE http://10.180.1.21/compute/v2.1/servers/0a0e91cc-a1a0-46dd-89d8-ea3dd3b600f1 0.502s
2025-12-09 20:43:56.851 65457 INFO tempest.lib.common.rest_client [req-07aa9718-5c3e-4f01-8ebc-feca76c09dff req-07aa9718-5c3e-4f01-8ebc-feca76c09dff ] Request (MigrationsAdminTest:test_resize_server_revert_deleted_flavor): 200 GET http://10.180.1.21/compute/v2.1/servers/86467582-45da-4e10-83db-4f98ae9f61f1 0.537s
2025-12-09 20:43:56.913 65463 INFO tempest.lib.common.rest_client [req-bb02ec35-60d6-412f-a1ad-c9b07d23e4cd req-bb02ec35-60d6-412f-a1ad-c9b07d23e4cd ] Request (ServersTestFqdnHostnames:test_create_server_with_fqdn_name): 200 GET http://10.180.1.21/compute/v2.1/servers/6eb9c7db-0e75-431d-b8ef-67803bbe31fa 0.526s
2025-12-09 20:43:56.931 65474 INFO tempest.lib.common.rest_client [req-05f8b9bc-f7e5-47c0-9645-8c3088b75da2 req-05f8b9bc-f7e5-47c0-9645-8c3088b75da2 ] Request (ServersTestManualDisk:test_verify_created_server_vcpus): 200 GET http://10.180.1.21/compute/v2.1/flavors/42 0.379s
2025-12-09 20:43:56.934 65474 INFO tempest.lib.common.ssh [-] Creating ssh connection to '10.180.180.215:22' as 'cirros' with public key authentication
2025-12-09 20:43:56.937 65474 INFO paramiko.transport [-] Connected (version 2.0, client dropbear_2020.81)
2025-12-09 20:43:56.974 65443 INFO tempest.lib.common.rest_client [req-1d3203ac-56bc-49e5-943f-b600fe8190b1 req-1d3203ac-56bc-49e5-943f-b600fe8190b1 ] Request (MultipleCreateTestJSON:test_multiple_create_with_reservation_return): 200 GET http://10.180.1.21/compute/v2.1/servers/8f3cd531-6571-4a5d-8ce6-14b1089c7143 0.563s
2025-12-09 20:43:57.039 65474 INFO paramiko.transport [-] Authentication (publickey) successful!
2025-12-09 20:43:57.039 65474 INFO tempest.lib.common.ssh [-] ssh connection to cirros@10.180.180.215 successfully created
2025-12-09 20:43:57.060 65492 INFO tempest.lib.common.rest_client [req-a2ed46e7-5339-4e72-80ba-8ad44f924788 req-a2ed46e7-5339-4e72-80ba-8ad44f924788 ] Request (QuotasAdminTestV257:test_get_updated_quotas): 200 PUT http://10.180.1.21/compute/v2.1/os-quota-sets/38c17e28efe84a6f95c44e6dbb0fa095 0.437s
2025-12-09 20:43:57.113 65441 INFO tempest.lib.common.rest_client [req-14a8624f-aa48-4f04-a086-ba95be9fb8e0 req-14a8624f-aa48-4f04-a086-ba95be9fb8e0 ] Request (ServerActionsTestJSON:setUp): 200 GET http://10.180.1.21/compute/v2.1/servers/42b526d8-8e2b-40b2-8e3c-0b03ca97664b 0.397s
2025-12-09 20:43:57.132 65494 INFO tempest.lib.common.rest_client [req-fbbc3555-9555-4614-aa3a-3cd2e2dc73f1 req-fbbc3555-9555-4614-aa3a-3cd2e2dc73f1 ] Request (ImagesOneServerNegativeTestJSON:_run_cleanups): 200 GET http://10.180.1.21/compute/v2.1/servers/b1ee0159-c3a4-4154-a2ca-3994560c5af8 0.404s
2025-12-09 20:43:57.173 65455 INFO tempest.lib.common.rest_client [req-cc18320c-3e38-45af-9eda-587830e0d27f req-cc18320c-3e38-45af-9eda-587830e0d27f ] Request (ListImageFiltersTestJSON:setUpClass): 200 GET http://10.180.1.21/compute/v2.1/images/999c0dcf-acf0-4d75-8b12-035f050243fe 0.409s
2025-12-09 20:43:57.255 65476 INFO tempest.lib.common.rest_client [req-8391a2ae-6335-422e-9fd7-d17218a7f5d1 req-8391a2ae-6335-422e-9fd7-d17218a7f5d1 ] Request (ServersAdminNegativeTestJSON:tearDownClass): 200 GET http://10.180.1.21/compute/v2.1/servers/11cf22f8-4efd-40f8-956c-984ac7b11cc2 0.418s
2025-12-09 20:43:57.395 65484 INFO tempest.lib.common.rest_client [req-77dbe172-69f4-423f-a915-ab4cb6081e51 req-77dbe172-69f4-423f-a915-ab4cb6081e51 ] Request (ListServerFiltersTestJSON:tearDownClass): 200 GET http://10.180.1.21/compute/v2.1/servers/0a0e91cc-a1a0-46dd-89d8-ea3dd3b600f1 0.545s
2025-12-09 20:43:57.447 65445 INFO tempest.lib.common.rest_client [req-5c127d4d-6516-4197-a9f3-1713bc19fc58 req-5c127d4d-6516-4197-a9f3-1713bc19fc58 ] Request (ListServersNegativeTestJSON:setUpClass): 200 GET http://10.180.1.21/compute/v2.1/servers/2312931d-e1cd-4224-a8f4-bb73bb6afdbf 0.594s
2025-12-09 20:43:57.466 65457 INFO tempest.lib.common.rest_client [req-2d2075f5-b663-4c9c-a673-0fd1d23e5278 req-2d2075f5-b663-4c9c-a673-0fd1d23e5278 ] Request (MigrationsAdminTest:test_resize_server_revert_deleted_flavor): 202 DELETE http://10.180.1.21/compute/v2.1/flavors/2a924083-fa38-46f7-9275-88692f2b5dee 0.606s
2025-12-09 20:43:57.546 65469 INFO tempest.lib.common.rest_client [req-cd7122a3-4157-45a7-8462-9e747298c6ed req-cd7122a3-4157-45a7-8462-9e747298c6ed ] Request (AttachInterfacesUnderV243Test:test_add_remove_fixed_ip): 200 GET http://10.180.1.21/compute/v2.1/servers/6f89734c-7aaa-460c-bc25-c46d8691361a 0.646s
2025-12-09 20:43:57.610 65435 INFO tempest.lib.common.rest_client [req-4c7ec260-d47e-4b45-92cd-e38389edbca0 req-4c7ec260-d47e-4b45-92cd-e38389edbca0 ] Request (SecurityGroupsTestJSON:test_server_security_groups): 200 GET http://10.180.1.21/compute/v2.1/servers/298bc9b8-0591-46a8-9f3b-d68d75151b60 0.692s
2025-12-09 20:43:57.663 65486 WARNING tempest.lib.common.ssh [-] Failed to establish authenticated ssh connection to cirros@10.180.180.140 ([Errno None] Unable to connect to port 22 on 10.180.180.140). Number attempts: 4. Retry after 5 seconds.: paramiko.ssh_exception.NoValidConnectionsError: [Errno None] Unable to connect to port 22 on 10.180.180.140
2025-12-09 20:43:57.675 65482 INFO tempest.lib.common.rest_client [req-191a07c3-5438-487a-b138-7ac083661123 req-191a07c3-5438-487a-b138-7ac083661123 ] Request (ImagesTestJSON:test_create_server_from_snapshot): 200 GET http://10.180.1.21/compute/v2.1/servers/144a0d79-5ae8-4827-9b1a-26ad4783d9da 0.721s
2025-12-09 20:43:57.728 65459 INFO tempest.lib.common.rest_client [req-63833b91-ed43-4155-8eb2-b774e4228aab req-63833b91-ed43-4155-8eb2-b774e4228aab ] Request (ServerRescueTestJSON:setUpClass): 200 GET http://10.180.1.21/compute/v2.1/servers/c22a312d-4a61-40db-a22b-809c0ed6813b 0.754s
2025-12-09 20:43:57.817 65465 INFO tempest.lib.common.rest_client [req-dedaae03-0e00-4e73-b37e-3cab1343d55a req-dedaae03-0e00-4e73-b37e-3cab1343d55a ] Request (ServersAdminTestJSON:tearDownClass): 200 GET http://10.180.1.21/compute/v2.1/servers/d96b724e-97fe-4e2a-9a11-ca4394ceb884 0.795s
2025-12-09 20:43:57.912 65474 INFO tempest.lib.common.rest_client [req-750f7db5-5979-46ca-9aeb-9cd161c46985 req-750f7db5-5979-46ca-9aeb-9cd161c46985 ] Request (ServersTestManualDisk:tearDownClass): 204 DELETE http://10.180.1.21/compute/v2.1/servers/69e78cb9-73f9-414e-9485-c1c9e19e758d 0.865s
2025-12-09 20:43:57.985 65492 INFO tempest.lib.common.rest_client [req-9adf190d-781d-4774-af5b-a68645765645 req-9adf190d-781d-4774-af5b-a68645765645 ] Request (QuotasAdminTestV257:test_get_updated_quotas): 200 GET http://10.180.1.21/compute/v2.1/os-quota-sets/38c17e28efe84a6f95c44e6dbb0fa095/detail 0.923s
2025-12-09 20:43:58.023 65492 INFO tempest.lib.common.rest_client [req-1cada2e1-f422-46eb-856b-a6440d0953de req-1cada2e1-f422-46eb-856b-a6440d0953de ] Request (QuotasAdminTestV257:test_get_updated_quotas): 200 GET http://10.180.1.21/identity/v3/domains?name=Default 0.034s
2025-12-09 20:43:58.062 65491 INFO tempest.lib.common.rest_client [req-2ce91ee6-2533-4171-a3d9-8dc4a692d731 req-2ce91ee6-2533-4171-a3d9-8dc4a692d731 ] Request (ServersAdmin275Test:test_rebuild_update_server_275): 200 GET http://10.180.1.21/compute/v2.1/servers/098cb3b4-7497-46bb-97f0-b7ebc33926b2 0.978s
2025-12-09 20:43:58.073 65492 INFO tempest.lib.common.rest_client [req-bf99ff56-7cf2-405c-b046-173e05b527ef req-bf99ff56-7cf2-405c-b046-173e05b527ef ] Request (QuotasAdminTestV257:test_get_updated_quotas): 201 POST http://10.180.1.21/identity/v3/users 0.048s
2025-12-09 20:43:58.086 65439 INFO tempest.lib.common.rest_client [req-dcf17053-c9d0-45dd-97d8-a9ac292f4b2b req-dcf17053-c9d0-45dd-97d8-a9ac292f4b2b ] Request (FloatingIPsAssociationNegativeTestJSON:_run_cleanups): 202 POST http://10.180.1.21/compute/v2.1/servers/436fefbe-51ad-416d-8f2f-7e371c664e45/action 1.326s
2025-12-09 20:43:58.103 65492 INFO tempest.lib.common.rest_client [req-9d742248-8bda-4cc1-ad96-9355644707b1 req-9d742248-8bda-4cc1-ad96-9355644707b1 ] Request (QuotasAdminTestV257:test_get_updated_quotas): 200 GET http://10.180.1.21/identity/v3/domains?name=Default 0.030s
2025-12-09 20:43:58.129 65437 INFO tempest.lib.common.rest_client [req-a9aeb154-77af-476b-9fcb-a62ba809061d req-a9aeb154-77af-476b-9fcb-a62ba809061d ] Request (ServerDiskConfigTestJSON:test_resize_server_from_auto_to_manual): 200 GET http://10.180.1.21/compute/v2.1/servers/b48f053d-36ea-4380-9107-f49a9423a938 1.037s
2025-12-09 20:43:58.188 65472 INFO tempest.lib.common.rest_client [req-867649c4-dca2-46c9-8208-9c0d32f79581 req-867649c4-dca2-46c9-8208-9c0d32f79581 ] Request (ServersTestMultiNic:test_verify_multiple_nics_order): 200 GET http://10.180.1.21/compute/v2.1/servers/99c515ae-17d9-4a93-9523-265fb4fd0953 1.048s
2025-12-09 20:43:58.203 65441 INFO tempest.lib.common.rest_client [req-406b3b1a-c759-4e83-92a0-2bff68a76647 req-406b3b1a-c759-4e83-92a0-2bff68a76647 ] Request (ServerActionsTestJSON:test_reboot_server_hard): 200 GET http://10.180.1.21/compute/v2.1/servers/42b526d8-8e2b-40b2-8e3c-0b03ca97664b 1.079s
2025-12-09 20:43:58.211 65441 INFO tempest.lib.common.ssh [-] Creating ssh connection to '10.180.180.243:22' as 'cirros' with public key authentication
2025-12-09 20:43:58.229 65457 INFO tempest.lib.common.rest_client [req-80fb431e-90e8-448e-9e28-6679832c75a7 req-80fb431e-90e8-448e-9e28-6679832c75a7 ] Request (MigrationsAdminTest:test_resize_server_revert_deleted_flavor): 200 GET http://10.180.1.21/compute/v2.1/flavors/detail 0.762s
2025-12-09 20:43:58.247 65447 INFO tempest.lib.common.rest_client [req-16d6b918-bdf4-4179-bd08-b99b31f3d8d9 req-16d6b918-bdf4-4179-bd08-b99b31f3d8d9 ] Request (ServersWithSpecificFlavorTestJSON:test_verify_created_server_ephemeral_disk): 200 GET http://10.180.1.21/compute/v2.1/servers/585a809a-ce9a-4383-bb5d-332ea0389f50 0.913s
2025-12-09 20:43:58.257 65447 INFO tempest.common.waiters [-] State transition "BUILD/scheduling" ==> "BUILD/None" after 40 second wait
2025-12-09 20:43:58.297 65479 INFO tempest.lib.common.rest_client [req-2e75ac2d-759a-4098-844c-cf694e0c3c03 req-2e75ac2d-759a-4098-844c-cf694e0c3c03 ] Request (FloatingIPsAssociationTestJSON:tearDownClass): 200 GET http://10.180.1.21/compute/v2.1/servers/bb88414a-8c1d-406c-8be9-bc110a1638fd 0.654s
2025-12-09 20:43:58.357 65463 INFO tempest.lib.common.rest_client [req-40a6ef4d-e303-45d6-9f68-abe828e27989 req-40a6ef4d-e303-45d6-9f68-abe828e27989 ] Request (ServersTestFqdnHostnames:test_create_server_with_fqdn_name): 200 GET http://10.180.1.21/compute/v2.1/servers/6eb9c7db-0e75-431d-b8ef-67803bbe31fa 0.434s
2025-12-09 20:43:58.357 65474 INFO tempest.lib.common.rest_client [req-8fa78c8f-96fe-423b-bfca-585970305fac req-8fa78c8f-96fe-423b-bfca-585970305fac ] Request (ServersTestManualDisk:tearDownClass): 200 GET http://10.180.1.21/compute/v2.1/servers/69e78cb9-73f9-414e-9485-c1c9e19e758d 0.445s
2025-12-09 20:43:58.506 65443 INFO tempest.lib.common.rest_client [req-7b7f3c23-00a9-408b-b573-caa0f27397d4 req-7b7f3c23-00a9-408b-b573-caa0f27397d4 ] Request (MultipleCreateTestJSON:test_multiple_create_with_reservation_return): 200 GET http://10.180.1.21/compute/v2.1/servers/8f3cd531-6571-4a5d-8ce6-14b1089c7143 0.522s
2025-12-09 20:43:58.631 65492 INFO tempest.lib.common.rest_client [req-1e6e6f32-08e2-4901-88bc-a5745d6e2fe9 req-1e6e6f32-08e2-4901-88bc-a5745d6e2fe9 ] Request (QuotasAdminTestV257:test_get_updated_quotas): 200 PUT http://10.180.1.21/compute/v2.1/os-quota-sets/38c17e28efe84a6f95c44e6dbb0fa095?user_id=ed9e0b89408140928123f56afcb79e06 0.527s
2025-12-09 20:43:58.741 65494 INFO tempest.lib.common.rest_client [req-20e34448-e826-494e-8bb3-73819953c2c1 req-20e34448-e826-494e-8bb3-73819953c2c1 ] Request (ImagesOneServerNegativeTestJSON:_run_cleanups): 200 GET http://10.180.1.21/compute/v2.1/servers/b1ee0159-c3a4-4154-a2ca-3994560c5af8 0.601s
2025-12-09 20:43:58.784 65455 INFO tempest.lib.common.rest_client [req-e61f8d99-b53b-4a06-ad1f-eafeb81749b4 req-e61f8d99-b53b-4a06-ad1f-eafeb81749b4 ] Request (ListImageFiltersTestJSON:setUpClass): 200 GET http://10.180.1.21/compute/v2.1/images/999c0dcf-acf0-4d75-8b12-035f050243fe 0.607s
2025-12-09 20:43:58.824 65439 INFO tempest.lib.common.rest_client [req-66fa5464-7524-4152-9d10-bb174b43a576 req-66fa5464-7524-4152-9d10-bb174b43a576 ] Request (FloatingIPsAssociationNegativeTestJSON:_run_cleanups): 202 DELETE http://10.180.1.21/compute/v2.1/os-floating-ips/ad8c47a4-721a-4ae2-9dcc-c21a430ac3c1 0.737s
2025-12-09 20:43:58.890 65476 INFO tempest.lib.common.rest_client [req-fe10add0-bd09-482a-b857-ee5baebf03c9 req-fe10add0-bd09-482a-b857-ee5baebf03c9 ] Request (ServersAdminNegativeTestJSON:tearDownClass): 200 GET http://10.180.1.21/compute/v2.1/servers/11cf22f8-4efd-40f8-956c-984ac7b11cc2 0.628s
2025-12-09 20:43:58.929 65457 INFO tempest.lib.common.rest_client [req-3f477872-0e84-4738-8061-9e3356ddf4af req-3f477872-0e84-4738-8061-9e3356ddf4af ] Request (MigrationsAdminTest:test_resize_server_revert_deleted_flavor): 202 POST http://10.180.1.21/compute/v2.1/servers/86467582-45da-4e10-83db-4f98ae9f61f1/action 0.695s
2025-12-09 20:43:59.027 65445 INFO tempest.lib.common.rest_client [req-4c6250bc-185d-4088-9d3b-7000f8c6c209 req-4c6250bc-185d-4088-9d3b-7000f8c6c209 ] Request (ListServersNegativeTestJSON:setUpClass): 200 GET http://10.180.1.21/compute/v2.1/servers/2312931d-e1cd-4224-a8f4-bb73bb6afdbf 0.572s
2025-12-09 20:43:59.073 65484 INFO tempest.lib.common.rest_client [req-39c39ccd-c310-4159-9780-5195f9147fc8 req-39c39ccd-c310-4159-9780-5195f9147fc8 ] Request (ListServerFiltersTestJSON:tearDownClass): 200 GET http://10.180.1.21/compute/v2.1/servers/0a0e91cc-a1a0-46dd-89d8-ea3dd3b600f1 0.668s
2025-12-09 20:43:59.116 65469 INFO tempest.lib.common.rest_client [req-316ff727-58d1-48c0-912f-7f570cd8313e req-316ff727-58d1-48c0-912f-7f570cd8313e ] Request (AttachInterfacesUnderV243Test:test_add_remove_fixed_ip): 200 GET http://10.180.1.21/compute/v2.1/servers/6f89734c-7aaa-460c-bc25-c46d8691361a 0.561s
2025-12-09 20:43:59.135 65435 INFO tempest.lib.common.rest_client [req-c342980d-d00a-44f3-91dd-31de61db75f0 req-c342980d-d00a-44f3-91dd-31de61db75f0 ] Request (SecurityGroupsTestJSON:test_server_security_groups): 200 GET http://10.180.1.21/compute/v2.1/servers/298bc9b8-0591-46a8-9f3b-d68d75151b60 0.517s
2025-12-09 20:43:59.173 65492 INFO tempest.lib.common.rest_client [req-d5f18d19-7ed9-483e-88dd-cb8771960d6c req-d5f18d19-7ed9-483e-88dd-cb8771960d6c ] Request (QuotasAdminTestV257:test_get_updated_quotas): 200 GET http://10.180.1.21/compute/v2.1/os-quota-sets/38c17e28efe84a6f95c44e6dbb0fa095?user_id=ed9e0b89408140928123f56afcb79e06 0.539s
2025-12-09 20:43:59.204 65482 INFO tempest.lib.common.rest_client [req-cc5a9fa8-6e36-4fb1-a0bb-5fb7f0c33f0c req-cc5a9fa8-6e36-4fb1-a0bb-5fb7f0c33f0c ] Request (ImagesTestJSON:test_create_server_from_snapshot): 200 GET http://10.180.1.21/compute/v2.1/servers/144a0d79-5ae8-4827-9b1a-26ad4783d9da 0.519s
2025-12-09 20:43:59.260 65459 INFO tempest.lib.common.rest_client [req-a372bcb6-b240-4a28-b3d2-84d4c90277c7 req-a372bcb6-b240-4a28-b3d2-84d4c90277c7 ] Request (ServerRescueTestJSON:setUpClass): 200 GET http://10.180.1.21/compute/v2.1/servers/c22a312d-4a61-40db-a22b-809c0ed6813b 0.524s
2025-12-09 20:43:59.266 65439 INFO tempest.lib.common.rest_client [req-301a629c-e03d-4468-afbd-13ec1f7eb9b4 req-301a629c-e03d-4468-afbd-13ec1f7eb9b4 ] Request (FloatingIPsAssociationNegativeTestJSON:test_associate_ip_to_server_without_passing_floating_ip): 400 POST http://10.180.1.21/compute/v2.1/servers/436fefbe-51ad-416d-8f2f-7e371c664e45/action 0.440s
2025-12-09 20:43:59.320 65492 INFO tempest.lib.common.rest_client [req-f1bf7c93-dc19-433e-b898-b4a2de937ddb req-f1bf7c93-dc19-433e-b898-b4a2de937ddb ] Request (QuotasAdminTestV257:_run_cleanups): 204 DELETE http://10.180.1.21/identity/v3/users/ed9e0b89408140928123f56afcb79e06 0.144s
2025-12-09 20:43:59.402 65465 INFO tempest.lib.common.rest_client [req-a466373e-82dd-4fd6-9027-3c2227b796f4 req-a466373e-82dd-4fd6-9027-3c2227b796f4 ] Request (ServersAdminTestJSON:tearDownClass): 200 GET http://10.180.1.21/compute/v2.1/servers/d96b724e-97fe-4e2a-9a11-ca4394ceb884 0.576s
