2025-12-09 20:42:16.430 65467 INFO tempest.lib.common.rest_client [req-95adcf2c-a6f5-489d-99de-4c3f85166ccb req-95adcf2c-a6f5-489d-99de-4c3f85166ccb ] Request (ServerActionsV293TestJSON:setUpClass): 200 GET http://10.180.1.21/volume/v3/volumes/3a7f745f-ee6b-416c-9b1e-fe9d3fabe6e9 0.030s
2025-12-09 20:42:16.486 65488 INFO tempest.lib.common.rest_client [req-78f63739-0c15-4eb9-93b9-348c580fb539 req-78f63739-0c15-4eb9-93b9-348c580fb539 ] Request (ValidationResourcesFixture:setUp): 201 POST http://10.180.1.21/networking/v2.0/security-group-rules 0.241s
2025-12-09 20:42:16.954 65488 INFO tempest.lib.common.rest_client [req-ad51da4e-ea21-4917-9ae9-e9ed31f685b1 req-ad51da4e-ea21-4917-9ae9-e9ed31f685b1 ] Request (ValidationResourcesFixture:setUp): 201 POST http://10.180.1.21/networking/v2.0/floatingips 0.467s
2025-12-09 20:42:17.008 65465 INFO tempest.lib.common.rest_client [req-b20b573b-7417-4d54-b00e-cccc6b196b18 req-b20b573b-7417-4d54-b00e-cccc6b196b18 ] Request (ServersAdminTestJSON:test_inject_network_info): 202 POST http://10.180.1.21/compute/v2.1/servers 6.149s
2025-12-09 20:42:17.042 65488 INFO tempest.lib.common.rest_client [req-2321b479-efd7-4a10-b73e-e65255d36fc7 req-2321b479-efd7-4a10-b73e-e65255d36fc7 ] Request (AttachVolumeNegativeTest:test_attach_attached_volume_to_different_server): 201 POST http://10.180.1.21/identity/v3/auth/tokens 0.085s
2025-12-09 20:42:17.043 65488 INFO tempest.lib.common.fixed_network [-] (AttachVolumeNegativeTest:test_attach_attached_volume_to_different_server) Found network {'id': '268d8059-0a09-4b64-b74e-0156e8740533', 'name': 'tempest-AttachVolumeNegativeTest-1768391459-network', 'tenant_id': '3887375774a542719cc45e376cccbb1a', 'project_id': '3887375774a542719cc45e376cccbb1a', 'admin_state_up': True, 'mtu': 8950, 'status': 'ACTIVE', 'subnets': [], 'shared': False, 'port_security_enabled': True, 'router:external': False, 'provider:network_type': 'vlan', 'provider:physical_network': 'default', 'provider:segmentation_id': 460, 'availability_zone_hints': [], 'availability_zones': [], 'ipv4_address_scope': None, 'ipv6_address_scope': None, 'description': '', 'tags': [], 'created_at': '2025-12-09T20:42:06Z', 'updated_at': '2025-12-09T20:42:06Z', 'revision_number': 1} available for tenant
2025-12-09 20:42:17.061 65435 INFO tempest.lib.common.rest_client [req-28bd0a84-f94f-4b59-92c3-504ff1b41064 req-28bd0a84-f94f-4b59-92c3-504ff1b41064 ] Request (SecurityGroupsTestJSON:test_list_security_groups_by_server): 202 POST http://10.180.1.21/compute/v2.1/servers 5.657s
2025-12-09 20:42:17.096 65443 INFO tempest.lib.common.rest_client [req-aec41467-2b64-4853-bdec-873e8992e190 req-aec41467-2b64-4853-bdec-873e8992e190 ] Request (MultipleCreateTestJSON:_run_cleanups): 200 GET http://10.180.1.21/compute/v2.1/servers/bf8b4a7a-8dc7-4b86-bc2e-c24e571c5efb 5.668s
2025-12-09 20:42:17.132 65463 INFO tempest.lib.common.rest_client [req-a7fec85a-8877-4025-9f11-f0d72fccb9b2 req-a7fec85a-8877-4025-9f11-f0d72fccb9b2 ] Request (AggregatesAdminNegativeTestJSON:_run_cleanups): 200 DELETE http://10.180.1.21/compute/v2.1/os-aggregates/6 5.465s
2025-12-09 20:42:17.152 65480 INFO tempest.lib.common.rest_client [req-a1375bbc-d435-413f-ae48-2130d215c860 req-a1375bbc-d435-413f-ae48-2130d215c860 ] Request (AttachInterfacesV270Test:tearDownClass): 200 GET http://10.180.1.21/compute/v2.1/servers/a0511d16-2b78-45c2-9b1e-08f0778893ba 5.673s
2025-12-09 20:42:17.171 65439 INFO tempest.lib.common.rest_client [req-66be29d9-6670-4796-8a29-811e94d6c03d req-66be29d9-6670-4796-8a29-811e94d6c03d ] Request (FlavorsV2TestJSON:test_list_flavors_filter_by_min_ram): 200 GET http://10.180.1.21/compute/v2.1/flavors/42 5.469s
2025-12-09 20:42:17.224 65447 WARNING tempest.lib.common.ssh [-] Failed to establish authenticated ssh connection to cirros@10.180.180.199 ([Errno None] Unable to connect to port 22 on 10.180.180.199). Number attempts: 1. Retry after 2 seconds.: paramiko.ssh_exception.NoValidConnectionsError: [Errno None] Unable to connect to port 22 on 10.180.180.199
2025-12-09 20:42:17.248 65491 INFO tempest.lib.common.rest_client [req-79fd3fed-df3d-46e3-93ef-e10c78d0d275 req-79fd3fed-df3d-46e3-93ef-e10c78d0d275 ] Request (DeleteServersAdminTestJSON:test_delete_server_while_in_error_state): 204 DELETE http://10.180.1.21/compute/v2.1/servers/20e35b86-33af-4059-96fe-60a3377c9a8e 5.571s
2025-12-09 20:42:17.353 65499 INFO tempest.lib.common.rest_client [req-b0246ac1-a862-49a1-8fdb-cbfe2a2c48bc req-b0246ac1-a862-49a1-8fdb-cbfe2a2c48bc ] Request (ServersListShow2100Test:test_list_show_rebuild_update_server_2100): 200 GET http://10.180.1.21/compute/v2.1/servers/41d1913e-c0f0-4b54-b912-1abd326cc638 5.391s
2025-12-09 20:42:17.366 65445 INFO tempest.lib.common.rest_client [req-0d8f6ede-0a03-4f51-86cf-cff007933f21 req-0d8f6ede-0a03-4f51-86cf-cff007933f21 ] Request (TenantUsagesTestJSON:setUpClass): 200 GET http://10.180.1.21/compute/v2.1/servers/0ffc86e0-58c8-4528-894f-6b040a0f87c0 5.478s
2025-12-09 20:42:17.369 65499 INFO tempest.common.waiters [-] State transition "BUILD/None" ==> "BUILD/networking" after 7 second wait
2025-12-09 20:42:17.373 65445 INFO tempest.common.waiters [-] State transition "BUILD/spawning" ==> "ACTIVE/None" after 38 second wait
2025-12-09 20:42:17.416 65469 INFO tempest.lib.common.rest_client [req-7aacde1e-68eb-48bb-967c-d74069d133f7 req-7aacde1e-68eb-48bb-967c-d74069d133f7 ] Request (ImagesOneServerTestJSON:test_create_image_specify_multibyte_character_image_name): 200 GET http://10.180.1.21/compute/v2.1/images/c3128c0f-d87b-42bc-bdb6-6dfcd3b02dea 5.245s
2025-12-09 20:42:17.479 65467 INFO tempest.lib.common.rest_client [req-0ac9e4d1-57b0-42ff-954a-3131aacff4a6 req-0ac9e4d1-57b0-42ff-954a-3131aacff4a6 ] Request (ServerActionsV293TestJSON:setUpClass): 200 GET http://10.180.1.21/volume/v3/volumes/3a7f745f-ee6b-416c-9b1e-fe9d3fabe6e9 0.037s
2025-12-09 20:42:17.714 65451 INFO tempest.lib.common.rest_client [req-49e18979-6732-445a-badf-302796f43c31 req-49e18979-6732-445a-badf-302796f43c31 ] Request (InstanceActionsV221TestJSON:test_get_list_deleted_instance_actions): 200 GET http://10.180.1.21/compute/v2.1/servers/be770b2b-004d-4cc5-968d-7dcf71f0502a 5.592s
2025-12-09 20:42:18.458 65472 INFO tempest.lib.common.rest_client [req-54f515f2-d2ce-44d0-8f32-654ad0dd81a9 req-54f515f2-d2ce-44d0-8f32-654ad0dd81a9 ] Request (ServersTestMultiNic:test_verify_duplicate_network_nics): 202 POST http://10.180.1.21/compute/v2.1/servers 5.801s
2025-12-09 20:42:18.532 65467 INFO tempest.lib.common.rest_client [req-ffae2a2d-2d79-4b38-9f30-44b8af92a659 req-ffae2a2d-2d79-4b38-9f30-44b8af92a659 ] Request (ServerActionsV293TestJSON:setUpClass): 200 GET http://10.180.1.21/volume/v3/volumes/3a7f745f-ee6b-416c-9b1e-fe9d3fabe6e9 0.044s
2025-12-09 20:42:18.981 65494 INFO tempest.lib.common.rest_client [req-d6ed0c22-d0bb-4fc6-a836-afb3ef1bfbef req-d6ed0c22-d0bb-4fc6-a836-afb3ef1bfbef ] Request (FloatingIPDetailsTestJSON:tearDownClass): 202 DELETE http://10.180.1.21/compute/v2.1/os-floating-ips/b818c9f3-c654-4fba-8837-599229576cde 5.902s
2025-12-09 20:42:19.162 65492 INFO tempest.lib.common.rest_client [req-4c130e64-2c78-4fea-bc70-a9660c6974ba req-4c130e64-2c78-4fea-bc70-a9660c6974ba ] Request (VolumesAssistedSnapshotsTest:test_volume_assisted_snapshot_create_delete): 200 POST http://10.180.1.21/compute/v2.1/servers/47e49d4e-1b21-4b41-940e-4d062b3120a8/os-volume_attachments 6.900s
2025-12-09 20:42:19.179 65461 INFO tempest.lib.common.rest_client [req-f154c747-259c-4011-9968-dc79596a54f2 req-f154c747-259c-4011-9968-dc79596a54f2 ] Request (FlavorsAdminTestJSON:test_is_public_string_variations): 200 POST http://10.180.1.21/compute/v2.1/flavors 5.328s
2025-12-09 20:42:19.210 65492 INFO tempest.lib.common.rest_client [req-b5b1a5ce-8a79-4f00-8993-20721ab5f2cc req-b5b1a5ce-8a79-4f00-8993-20721ab5f2cc ] Request (VolumesAssistedSnapshotsTest:test_volume_assisted_snapshot_create_delete): 200 GET http://10.180.1.21/volume/v3/volumes/3f448245-f07d-4fff-8e9a-7acff1e9bc80 0.047s
2025-12-09 20:42:19.229 65486 INFO tempest.lib.common.rest_client [req-6969dcf5-6394-4b6c-8c00-68b6a21bff94 req-6969dcf5-6394-4b6c-8c00-68b6a21bff94 ] Request (QuotasAdminTestV236:test_get_updated_quotas): 200 PUT http://10.180.1.21/compute/v2.1/os-quota-sets/912f9bb0e65e4305be1959eab2013a6d?user_id=bd2adc7a67ab49198f5ef363b2b08a8d 5.833s
2025-12-09 20:42:19.309 65476 INFO tempest.lib.common.rest_client [req-3c873c7e-2e90-417d-8004-24c160790016 req-3c873c7e-2e90-417d-8004-24c160790016 ] Request (ServersAdminNegativeTestJSON:test_migrate_non_existent_server): 404 POST http://10.180.1.21/compute/v2.1/servers/1ce9ce2c-e1ff-48e6-b6dc-b6359eafa4ea/action 5.060s
2025-12-09 20:42:19.388 65476 INFO tempest.lib.common.rest_client [req-22fbf520-efbf-44dc-9e20-e5e971236fc4 req-22fbf520-efbf-44dc-9e20-e5e971236fc4 ] Request (ServersAdminNegativeTestJSON:test_migrate_server_invalid_state): 201 POST http://10.180.1.21/identity/v3/auth/tokens 0.074s
2025-12-09 20:42:19.388 65476 INFO tempest.lib.common.fixed_network [-] (ServersAdminNegativeTestJSON:test_migrate_server_invalid_state) Found network None available for tenant
2025-12-09 20:42:19.427 65455 INFO tempest.lib.common.rest_client [req-af7c1fa8-3601-4e1b-92c3-b5036f7a1c96 req-af7c1fa8-3601-4e1b-92c3-b5036f7a1c96 ] Request (ListImageFiltersTestJSON:setUpClass): 202 POST http://10.180.1.21/compute/v2.1/servers 5.493s
2025-12-09 20:42:19.446 65457 INFO tempest.lib.common.rest_client [req-57a96ee7-70ba-4c12-ba9a-6e1c0f3f8442 req-57a96ee7-70ba-4c12-ba9a-6e1c0f3f8442 ] Request (MigrationsAdminTest:test_list_migrations_in_flavor_resize_situation): 200 GET http://10.180.1.21/compute/v2.1/servers/0a96233c-f845-4e73-82d8-d9e5fcabad4c 4.481s
2025-12-09 20:42:19.534 65453 INFO tempest.lib.common.rest_client [req-6661b24c-80da-41e2-af74-8c379c64295e req-6661b24c-80da-41e2-af74-8c379c64295e ] Request (HostsAdminNegativeTestJSON:setUpClass): 200 GET http://10.180.1.21/compute/v2.1/os-hosts 3.569s
2025-12-09 20:42:19.586 65467 INFO tempest.lib.common.rest_client [req-b62c9e06-1ea5-401f-ad92-110f87e69d90 req-b62c9e06-1ea5-401f-ad92-110f87e69d90 ] Request (ServerActionsV293TestJSON:setUpClass): 200 GET http://10.180.1.21/volume/v3/volumes/3a7f745f-ee6b-416c-9b1e-fe9d3fabe6e9 0.040s
2025-12-09 20:42:19.636 65479 INFO tempest.lib.common.rest_client [req-c16c68ae-3106-43bf-85c7-9ac95cf4a5ee req-c16c68ae-3106-43bf-85c7-9ac95cf4a5ee ] Request (FloatingIPsAssociationTestJSON:setUpClass): 200 GET http://10.180.1.21/compute/v2.1/servers/9bbfa654-06fe-4ec6-a89f-af03b1f30383 3.628s
2025-12-09 20:42:19.641 65496 INFO tempest.lib.common.rest_client [req-3c5d935a-afa7-4c97-83c4-690d5c7d8f17 req-3c5d935a-afa7-4c97-83c4-690d5c7d8f17 ] Request (ServerAddressesNegativeTestJSON:test_list_server_addresses_invalid_server_id): 404 GET http://10.180.1.21/compute/v2.1/servers/999/ips 3.326s
2025-12-09 20:42:19.644 65479 INFO tempest.common.waiters [-] State transition "BUILD/networking" ==> "BUILD/spawning" after 12 second wait
2025-12-09 20:42:19.724 65484 INFO tempest.lib.common.rest_client [req-3cb09cc7-d79c-4b2e-8dea-7ba8238a6261 req-3cb09cc7-d79c-4b2e-8dea-7ba8238a6261 ] Request (ListServerFiltersTestJSON:test_list_servers_filter_by_exceed_limit): 200 GET http://10.180.1.21/compute/v2.1/servers 3.353s
2025-12-09 20:42:19.854 65459 INFO tempest.lib.common.rest_client [req-c6b8fbb2-9c8c-4abe-929e-90af94eee43f req-c6b8fbb2-9c8c-4abe-929e-90af94eee43f ] Request (InstanceActionsNegativeTestJSON:setUpClass): 200 GET http://10.180.1.21/compute/v2.1/servers/b1d3f261-9f48-4a7f-b065-c1151c73ac65 3.331s
2025-12-09 20:42:19.909 65465 INFO tempest.lib.common.rest_client [req-3b25be33-ecfd-4f1a-95d9-74dc6064ea7f req-3b25be33-ecfd-4f1a-95d9-74dc6064ea7f ] Request (ServersAdminTestJSON:test_inject_network_info): 200 GET http://10.180.1.21/compute/v2.1/servers/d96b724e-97fe-4e2a-9a11-ca4394ceb884 2.898s
2025-12-09 20:42:19.941 65474 INFO tempest.lib.common.rest_client [req-758c22aa-c367-4791-9ac7-5294fce37fe9 req-758c22aa-c367-4791-9ac7-5294fce37fe9 ] Request (ServersTestManualDisk:setUpClass): 202 POST http://10.180.1.21/compute/v2.1/servers 3.778s
2025-12-09 20:42:20.066 65435 INFO tempest.lib.common.rest_client [req-8c34720b-00ea-46aa-8772-ee49a40a0a34 req-8c34720b-00ea-46aa-8772-ee49a40a0a34 ] Request (SecurityGroupsTestJSON:test_list_security_groups_by_server): 200 GET http://10.180.1.21/compute/v2.1/servers/cc908e06-c1c2-4477-b23a-490ca90aa4a8 2.997s
2025-12-09 20:42:20.082 65463 INFO tempest.lib.common.rest_client [req-4f3d38e7-b973-45e3-afba-411c1f03530e req-4f3d38e7-b973-45e3-afba-411c1f03530e ] Request (AggregatesAdminNegativeTestJSON:test_aggregate_get_details_with_invalid_id): 404 GET http://10.180.1.21/compute/v2.1/os-aggregates/-1 2.949s
2025-12-09 20:42:20.107 65439 INFO tempest.lib.common.rest_client [req-d4a74685-a2be-427e-92ea-e25a8a9fb3b3 req-d4a74685-a2be-427e-92ea-e25a8a9fb3b3 ] Request (FlavorsV2TestJSON:test_list_flavors_filter_by_min_ram): 200 GET http://10.180.1.21/compute/v2.1/flavors?minRam=193 2.933s
2025-12-09 20:42:20.193 65482 INFO tempest.lib.common.rest_client [req-abbd250e-4f30-413a-af36-79ab7c7add48 req-abbd250e-4f30-413a-af36-79ab7c7add48 ] Request (ImagesTestJSON:test_create_image_from_suspended_server): 200 GET http://10.180.1.21/compute/v2.1/servers/2434997c-2794-4a10-97e0-a2d0810fe907 3.008s
2025-12-09 20:42:20.261 65492 INFO tempest.lib.common.rest_client [req-54959ee5-595d-4bd4-8acd-75fe37226148 req-54959ee5-595d-4bd4-8acd-75fe37226148 ] Request (VolumesAssistedSnapshotsTest:test_volume_assisted_snapshot_create_delete): 200 GET http://10.180.1.21/volume/v3/volumes/3f448245-f07d-4fff-8e9a-7acff1e9bc80 0.039s
2025-12-09 20:42:20.282 65491 INFO tempest.lib.common.rest_client [req-e413af1a-3ce1-4717-8b58-bbb1c392e3cd req-e413af1a-3ce1-4717-8b58-bbb1c392e3cd ] Request (DeleteServersAdminTestJSON:test_delete_server_while_in_error_state): 200 GET http://10.180.1.21/compute/v2.1/servers/20e35b86-33af-4059-96fe-60a3377c9a8e 3.034s
2025-12-09 20:42:20.297 65447 WARNING tempest.lib.common.ssh [-] Failed to establish authenticated ssh connection to cirros@10.180.180.199 ([Errno None] Unable to connect to port 22 on 10.180.180.199). Number attempts: 2. Retry after 3 seconds.: paramiko.ssh_exception.NoValidConnectionsError: [Errno None] Unable to connect to port 22 on 10.180.180.199
2025-12-09 20:42:20.424 65488 INFO tempest.lib.common.rest_client [req-875ac016-c1c7-420c-a684-7408048e683b req-875ac016-c1c7-420c-a684-7408048e683b ] Request (AttachVolumeNegativeTest:test_attach_attached_volume_to_different_server): 202 POST http://10.180.1.21/compute/v2.1/servers 3.380s
2025-12-09 20:42:20.444 65437 INFO tempest.lib.common.rest_client [req-92725805-9c40-45e0-ab52-4edbaae392e8 req-92725805-9c40-45e0-ab52-4edbaae392e8 ] Request (ServerDiskConfigTestJSON:test_rebuild_server_with_manual_disk_config): 200 GET http://10.180.1.21/compute/v2.1/servers/519e3a1d-1937-44ee-af84-e950f127e90f 3.160s
2025-12-09 20:42:20.453 65437 INFO tempest.common.waiters [-] State transition "BUILD/spawning" ==> "ACTIVE/None" after 30 second wait
2025-12-09 20:42:20.499 65469 INFO tempest.lib.common.rest_client [req-10c03c6c-5279-45cc-8c0b-ebd0b64e1dcb req-10c03c6c-5279-45cc-8c0b-ebd0b64e1dcb ] Request (ImagesOneServerTestJSON:test_create_image_specify_multibyte_character_image_name): 200 GET http://10.180.1.21/compute/v2.1/images/c3128c0f-d87b-42bc-bdb6-6dfcd3b02dea 3.077s
2025-12-09 20:42:20.584 65443 INFO tempest.lib.common.rest_client [req-e0795f0e-eb12-4bd0-b2fa-8d0bbcbd39eb req-e0795f0e-eb12-4bd0-b2fa-8d0bbcbd39eb ] Request (MultipleCreateTestJSON:_run_cleanups): 200 GET http://10.180.1.21/compute/v2.1/servers/bf8b4a7a-8dc7-4b86-bc2e-c24e571c5efb 2.477s
2025-12-09 20:42:20.589 65445 INFO tempest.lib.common.rest_client [req-44c69ab3-75e3-4634-9d77-1ec1b9455bba req-44c69ab3-75e3-4634-9d77-1ec1b9455bba ] Request (TenantUsagesTestJSON:test_get_usage_tenant): 200 GET http://10.180.1.21/compute/v2.1/os-simple-tenant-usage/143eb8ca380b4d279fe8fc64cd2b558f?start=2025-12-08T20%3A42%3A17.374157&end=2025-12-10T20%3A42%3A17.374157 3.215s
2025-12-09 20:42:20.635 65467 INFO tempest.lib.common.rest_client [req-10d50173-b1b4-4244-9a16-dec3417ba61f req-10d50173-b1b4-4244-9a16-dec3417ba61f ] Request (ServerActionsV293TestJSON:setUpClass): 200 GET http://10.180.1.21/volume/v3/volumes/3a7f745f-ee6b-416c-9b1e-fe9d3fabe6e9 0.040s
2025-12-09 20:42:20.674 65480 INFO tempest.lib.common.rest_client [req-8b4f2ab9-edc5-4c46-b0ee-1cfc74ed3dd8 req-8b4f2ab9-edc5-4c46-b0ee-1cfc74ed3dd8 ] Request (AttachInterfacesV270Test:tearDownClass): 200 GET http://10.180.1.21/compute/v2.1/servers/a0511d16-2b78-45c2-9b1e-08f0778893ba 2.509s
2025-12-09 20:42:20.694 65499 INFO tempest.lib.common.rest_client [req-26f3d091-d8d5-410a-9140-0dddc5f8e3c8 req-26f3d091-d8d5-410a-9140-0dddc5f8e3c8 ] Request (ServersListShow2100Test:test_list_show_rebuild_update_server_2100): 200 GET http://10.180.1.21/compute/v2.1/servers/41d1913e-c0f0-4b54-b912-1abd326cc638 2.321s
2025-12-09 20:42:20.707 65499 INFO tempest.common.waiters [-] State transition "BUILD/networking" ==> "BUILD/spawning" after 10 second wait
2025-12-09 20:42:20.743 65472 INFO tempest.lib.common.rest_client [req-88605a3d-9556-4151-a569-0dbda1ed464a req-88605a3d-9556-4151-a569-0dbda1ed464a ] Request (ServersTestMultiNic:test_verify_duplicate_network_nics): 200 GET http://10.180.1.21/compute/v2.1/servers/0c9b61c4-8221-4121-b97a-4275c891dca1 2.283s
2025-12-09 20:42:20.809 65451 INFO tempest.lib.common.rest_client [req-002960dc-7736-4e2b-ad49-db95fb40702e req-002960dc-7736-4e2b-ad49-db95fb40702e ] Request (InstanceActionsV221TestJSON:test_get_list_deleted_instance_actions): 200 GET http://10.180.1.21/compute/v2.1/servers/be770b2b-004d-4cc5-968d-7dcf71f0502a 2.082s
2025-12-09 20:42:20.823 65451 INFO tempest.common.waiters [-] State transition "BUILD/spawning" ==> "ACTIVE/None" after 41 second wait
2025-12-09 20:42:20.828 65461 INFO tempest.lib.common.rest_client [req-6821fc18-5166-4095-baa2-9ec8a828f39d req-6821fc18-5166-4095-baa2-9ec8a828f39d ] Request (FlavorsAdminTestJSON:test_is_public_string_variations): 200 POST http://10.180.1.21/compute/v2.1/flavors 1.645s
2025-12-09 20:42:20.875 65486 INFO tempest.lib.common.rest_client [req-6fa5147d-e4a3-41ad-9c43-d01ff7e639d5 req-6fa5147d-e4a3-41ad-9c43-d01ff7e639d5 ] Request (QuotasAdminTestV236:test_get_updated_quotas): 200 GET http://10.180.1.21/compute/v2.1/os-quota-sets/912f9bb0e65e4305be1959eab2013a6d?user_id=bd2adc7a67ab49198f5ef363b2b08a8d 1.644s
2025-12-09 20:42:20.973 65486 INFO tempest.lib.common.rest_client [req-2d1903d7-1140-4901-a2cf-ed8202b93c49 req-2d1903d7-1140-4901-a2cf-ed8202b93c49 ] Request (QuotasAdminTestV236:_run_cleanups): 204 DELETE http://10.180.1.21/identity/v3/users/bd2adc7a67ab49198f5ef363b2b08a8d 0.095s
2025-12-09 20:42:21.065 65441 WARNING tempest.lib.common.ssh [-] Failed to establish authenticated ssh connection to cirros@10.180.180.243 ([Errno None] Unable to connect to port 22 on 10.180.180.243). Number attempts: 3. Retry after 4 seconds.: paramiko.ssh_exception.NoValidConnectionsError: [Errno None] Unable to connect to port 22 on 10.180.180.243
2025-12-09 20:42:21.089 65486 INFO tempest.lib.common.rest_client [req-4763ca8e-1891-4f49-bcc0-b30e61de1895 req-4763ca8e-1891-4f49-bcc0-b30e61de1895 ] Request (QuotasAdminTestV236:_run_cleanups): 204 DELETE http://10.180.1.21/identity/v3/projects/912f9bb0e65e4305be1959eab2013a6d 0.115s
2025-12-09 20:42:21.182 65476 INFO tempest.lib.common.rest_client [req-d198ae39-53e8-49ff-8953-e80b4ff329cb req-d198ae39-53e8-49ff-8953-e80b4ff329cb ] Request (ServersAdminNegativeTestJSON:test_migrate_server_invalid_state): 202 POST http://10.180.1.21/compute/v2.1/servers 1.792s
2025-12-09 20:42:21.185 65494 INFO tempest.lib.common.rest_client [req-0d570555-d512-4975-8165-21589b48dd5b req-0d570555-d512-4975-8165-21589b48dd5b ] Request (FloatingIPDetailsTestJSON:tearDownClass): 202 DELETE http://10.180.1.21/compute/v2.1/os-floating-ips/b7a6906b-689e-425f-91eb-b5722f6eef67 2.203s
2025-12-09 20:42:21.224 65457 INFO tempest.lib.common.rest_client [req-776aa43c-1c71-43db-ab76-457105b87bd5 req-776aa43c-1c71-43db-ab76-457105b87bd5 ] Request (MigrationsAdminTest:test_list_migrations_in_flavor_resize_situation): 200 POST http://10.180.1.21/compute/v2.1/os-keypairs 1.769s
2025-12-09 20:42:21.248 65455 INFO tempest.lib.common.rest_client [req-aa604eed-7782-4479-9f64-e4cf72056b8a req-aa604eed-7782-4479-9f64-e4cf72056b8a ] Request (ListImageFiltersTestJSON:setUpClass): 200 GET http://10.180.1.21/compute/v2.1/servers/d3459645-3750-4957-bdcf-fbd90aa5fbb5 1.819s
2025-12-09 20:42:21.322 65492 INFO tempest.lib.common.rest_client [req-3536aa35-3139-4fb2-8cf5-797bdf90e599 req-3536aa35-3139-4fb2-8cf5-797bdf90e599 ] Request (VolumesAssistedSnapshotsTest:test_volume_assisted_snapshot_create_delete): 200 GET http://10.180.1.21/volume/v3/volumes/3f448245-f07d-4fff-8e9a-7acff1e9bc80 0.051s
2025-12-09 20:42:21.332 65486 INFO tempest.lib.common.rest_client [req-cb354a98-9dd9-44fe-824c-6f6cd87eae50 req-cb354a98-9dd9-44fe-824c-6f6cd87eae50 ] Request (QuotasAdminTestV236:tearDownClass): 204 DELETE http://10.180.1.21/identity/v3/users/d31816fd6ecc47449ca6f4134fd61822 0.234s
2025-12-09 20:42:21.368 65496 INFO tempest.lib.common.rest_client [req-cb6217d8-a3b4-4afc-a360-cf40ed23fcbe req-cb6217d8-a3b4-4afc-a360-cf40ed23fcbe ] Request (ServerAddressesNegativeTestJSON:tearDownClass): 204 DELETE http://10.180.1.21/compute/v2.1/servers/36da482d-7e0d-46e6-ae37-3ea421cb59d3 1.725s
2025-12-09 20:42:21.376 65457 INFO tempest.lib.common.rest_client [req-0637d4a0-5866-4e67-a02d-08061d3be638 req-0637d4a0-5866-4e67-a02d-08061d3be638 ] Request (MigrationsAdminTest:test_list_migrations_in_flavor_resize_situation): 201 POST http://10.180.1.21/networking/v2.0/security-groups 0.149s
2025-12-09 20:42:21.432 65453 INFO tempest.lib.common.rest_client [req-f4147bc2-f001-4eeb-bbf0-c463e58ebba3 req-f4147bc2-f001-4eeb-bbf0-c463e58ebba3 ] Request (HostsAdminNegativeTestJSON:test_list_hosts_with_non_admin_user): 403 GET http://10.180.1.21/compute/v2.1/os-hosts 1.897s
2025-12-09 20:42:21.505 65486 INFO tempest.lib.common.rest_client [req-e4d131e1-08c3-4ddf-a052-386206dc0db3 req-e4d131e1-08c3-4ddf-a052-386206dc0db3 ] Request (QuotasAdminTestV236:tearDownClass): 204 DELETE http://10.180.1.21/identity/v3/users/edb2f758a6c746178881f9854eb36e7b 0.173s
2025-12-09 20:42:21.505 65486 INFO tempest.lib.common.dynamic_creds [-] Deleting project and security group for project: 14d7fed03e754ab18c94d033053cdf4d
2025-12-09 20:42:21.513 65484 INFO tempest.lib.common.rest_client [req-cffb7af5-a901-44cc-ba73-1caa6054f369 req-cffb7af5-a901-44cc-ba73-1caa6054f369 ] Request (ListServerFiltersTestJSON:test_list_servers_filter_by_flavor): 200 GET http://10.180.1.21/compute/v2.1/servers?flavor=84 1.786s
2025-12-09 20:42:21.521 65463 INFO tempest.lib.common.rest_client [req-cb75e21e-061b-4949-ac05-fdd5b28e9f9c req-cb75e21e-061b-4949-ac05-fdd5b28e9f9c ] Request (AggregatesAdminNegativeTestJSON:test_aggregate_list_as_user): 403 GET http://10.180.1.21/compute/v2.1/os-aggregates 1.437s
2025-12-09 20:42:21.536 65439 INFO tempest.lib.common.rest_client [req-761cf842-705b-467e-9136-e4a40a6a9cf3 req-761cf842-705b-467e-9136-e4a40a6a9cf3 ] Request (FlavorsV2TestJSON:test_list_flavors_limit_results): 200 GET http://10.180.1.21/compute/v2.1/flavors?limit=1 1.422s
2025-12-09 20:42:21.563 65474 INFO tempest.lib.common.rest_client [req-bd6cad5f-d405-4b38-b953-883617128d7c req-bd6cad5f-d405-4b38-b953-883617128d7c ] Request (ServersTestManualDisk:setUpClass): 200 GET http://10.180.1.21/compute/v2.1/servers/69e78cb9-73f9-414e-9485-c1c9e19e758d 1.616s
2025-12-09 20:42:21.593 65457 INFO tempest.lib.common.rest_client [req-c3936bdd-3933-4fa0-ac3e-47c39c4b1ebe req-c3936bdd-3933-4fa0-ac3e-47c39c4b1ebe ] Request (MigrationsAdminTest:test_list_migrations_in_flavor_resize_situation): 201 POST http://10.180.1.21/networking/v2.0/security-group-rules 0.214s
2025-12-09 20:42:21.605 65486 INFO tempest.lib.common.rest_client [req-3aa83a7b-a5a9-4c7d-80ab-277464ad7a3f req-3aa83a7b-a5a9-4c7d-80ab-277464ad7a3f ] Request (QuotasAdminTestV236:tearDownClass): 201 POST http://10.180.1.21/identity/v3/auth/tokens 0.100s
2025-12-09 20:42:21.619 65488 INFO tempest.lib.common.rest_client [req-9ddd50b4-0c07-4e6e-abb2-db31f0fd085b req-9ddd50b4-0c07-4e6e-abb2-db31f0fd085b ] Request (AttachVolumeNegativeTest:test_attach_attached_volume_to_different_server): 200 GET http://10.180.1.21/compute/v2.1/servers/641402b5-425e-426a-8b65-d4867676d3e9 1.188s
2025-12-09 20:42:21.681 65467 INFO tempest.lib.common.rest_client [req-fec6556c-83a3-43a3-9c8c-db9692ae5f5e req-fec6556c-83a3-43a3-9c8c-db9692ae5f5e ] Request (ServerActionsV293TestJSON:setUpClass): 200 GET http://10.180.1.21/volume/v3/volumes/3a7f745f-ee6b-416c-9b1e-fe9d3fabe6e9 0.032s
2025-12-09 20:42:21.727 65457 INFO tempest.lib.common.rest_client [req-44d1cc06-d273-48fd-a746-8fe98e53c2c4 req-44d1cc06-d273-48fd-a746-8fe98e53c2c4 ] Request (MigrationsAdminTest:test_list_migrations_in_flavor_resize_situation): 201 POST http://10.180.1.21/networking/v2.0/security-group-rules 0.133s
2025-12-09 20:42:21.889 65486 INFO tempest.lib.common.rest_client [req-7b42545f-d2c2-4059-b09c-51230ba0779a req-7b42545f-d2c2-4059-b09c-51230ba0779a ] Request (QuotasAdminTestV236:tearDownClass): 200 GET http://10.180.1.21/networking/v2.0/security-groups?tenant_id=14d7fed03e754ab18c94d033053cdf4d&name=default 0.283s
2025-12-09 20:42:21.890 65437 INFO tempest.lib.common.rest_client [req-6c4f2e7e-7868-4210-9224-8673848ecba3 req-6c4f2e7e-7868-4210-9224-8673848ecba3 ] Request (ServerDiskConfigTestJSON:test_rebuild_server_with_manual_disk_config): 200 GET http://10.180.1.21/compute/v2.1/servers/519e3a1d-1937-44ee-af84-e950f127e90f 1.437s
2025-12-09 20:42:21.929 65445 INFO tempest.lib.common.rest_client [req-48cdebb7-dd97-47a9-8029-37dee023cb42 req-48cdebb7-dd97-47a9-8029-37dee023cb42 ] Request (TenantUsagesTestJSON:test_get_usage_tenant_with_non_admin_user): 200 GET http://10.180.1.21/compute/v2.1/os-simple-tenant-usage/143eb8ca380b4d279fe8fc64cd2b558f?start=2025-12-08T20%3A42%3A17.374157&end=2025-12-10T20%3A42%3A17.374157 1.335s
2025-12-09 20:42:21.954 65469 INFO tempest.lib.common.rest_client [req-7a9e5e35-eeb3-432f-ab22-291f709c8052 req-7a9e5e35-eeb3-432f-ab22-291f709c8052 ] Request (ImagesOneServerTestJSON:test_create_image_specify_multibyte_character_image_name): 200 GET http://10.180.1.21/compute/v2.1/servers/6768cd49-61cc-4ebb-94dc-49c0bcd84224 1.451s
2025-12-09 20:42:22.049 65451 INFO tempest.lib.common.rest_client [req-99fc0a2a-e507-4e04-a973-89364d9a65ff req-99fc0a2a-e507-4e04-a973-89364d9a65ff ] Request (InstanceActionsV221TestJSON:test_get_list_deleted_instance_actions): 204 DELETE http://10.180.1.21/compute/v2.1/servers/be770b2b-004d-4cc5-968d-7dcf71f0502a 1.225s
2025-12-09 20:42:22.049 65486 INFO tempest.lib.common.rest_client [req-9c6bd2a5-f3cf-4cdc-9113-e60f70bc2c7a req-9c6bd2a5-f3cf-4cdc-9113-e60f70bc2c7a ] Request (QuotasAdminTestV236:tearDownClass): 204 DELETE http://10.180.1.21/networking/v2.0/security-groups/90cfbbcd-b90f-485c-ba9b-d6ada5094612 0.158s
2025-12-09 20:42:22.070 65461 INFO tempest.lib.common.rest_client [req-1518d776-ad60-4b09-905e-4ee28b81f0a2 req-1518d776-ad60-4b09-905e-4ee28b81f0a2 ] Request (FlavorsAdminTestJSON:test_is_public_string_variations): 200 GET http://10.180.1.21/compute/v2.1/flavors/detail?is_public=f 1.239s
2025-12-09 20:42:22.143 65486 INFO tempest.lib.common.rest_client [req-e45f3400-ad2f-4f09-914c-f2642148faf9 req-e45f3400-ad2f-4f09-914c-f2642148faf9 ] Request (QuotasAdminTestV236:tearDownClass): 204 DELETE http://10.180.1.21/identity/v3/projects/14d7fed03e754ab18c94d033053cdf4d 0.093s
2025-12-09 20:42:22.143 65486 INFO tempest.lib.common.dynamic_creds [-] Deleting project and security group for project: 8850a271d9fd4fa297eeeee5f21007d3
2025-12-09 20:42:22.364 65492 INFO tempest.lib.common.rest_client [req-b2f8eee8-f085-464c-bdf4-eabafc2a26c6 req-b2f8eee8-f085-464c-bdf4-eabafc2a26c6 ] Request (VolumesAssistedSnapshotsTest:test_volume_assisted_snapshot_create_delete): 200 GET http://10.180.1.21/volume/v3/volumes/3f448245-f07d-4fff-8e9a-7acff1e9bc80 0.033s
2025-12-09 20:42:22.369 65457 INFO tempest.lib.common.rest_client [req-4610fd5a-0f6c-4151-aac3-2919c240c87f req-4610fd5a-0f6c-4151-aac3-2919c240c87f ] Request (MigrationsAdminTest:test_list_migrations_in_flavor_resize_situation): 201 POST http://10.180.1.21/networking/v2.0/floatingips 0.641s
2025-12-09 20:42:22.399 65486 INFO tempest.lib.common.rest_client [req-2090f091-42dd-4c0a-9601-5c50c977fae1 req-2090f091-42dd-4c0a-9601-5c50c977fae1 ] Request (QuotasAdminTestV236:tearDownClass): 200 GET http://10.180.1.21/networking/v2.0/security-groups?tenant_id=8850a271d9fd4fa297eeeee5f21007d3&name=default 0.255s
2025-12-09 20:42:22.410 65479 INFO tempest.lib.common.rest_client [req-9e89bd32-26f4-420a-8de0-baf6cdd1d775 req-9e89bd32-26f4-420a-8de0-baf6cdd1d775 ] Request (FloatingIPsAssociationTestJSON:setUpClass): 200 GET http://10.180.1.21/compute/v2.1/servers/9bbfa654-06fe-4ec6-a89f-af03b1f30383 1.764s
2025-12-09 20:42:22.455 65459 INFO tempest.lib.common.rest_client [req-767534fb-1df6-4348-a18f-121efe3f43e3 req-767534fb-1df6-4348-a18f-121efe3f43e3 ] Request (InstanceActionsNegativeTestJSON:setUpClass): 200 GET http://10.180.1.21/compute/v2.1/servers/b1d3f261-9f48-4a7f-b065-c1151c73ac65 1.594s
2025-12-09 20:42:22.503 65465 INFO tempest.lib.common.rest_client [req-a9107b74-0a71-46d0-aef3-4df5cc23415c req-a9107b74-0a71-46d0-aef3-4df5cc23415c ] Request (ServersAdminTestJSON:test_inject_network_info): 200 GET http://10.180.1.21/compute/v2.1/servers/d96b724e-97fe-4e2a-9a11-ca4394ceb884 1.584s
2025-12-09 20:42:22.533 65435 INFO tempest.lib.common.rest_client [req-c3507898-d334-4850-acdc-493b3f26f418 req-c3507898-d334-4850-acdc-493b3f26f418 ] Request (SecurityGroupsTestJSON:test_list_security_groups_by_server): 200 GET http://10.180.1.21/compute/v2.1/servers/cc908e06-c1c2-4477-b23a-490ca90aa4a8 1.455s
2025-12-09 20:42:22.579 65486 INFO tempest.lib.common.rest_client [req-04cd2f79-bb57-446b-8b97-5ac23134bd29 req-04cd2f79-bb57-446b-8b97-5ac23134bd29 ] Request (QuotasAdminTestV236:tearDownClass): 204 DELETE http://10.180.1.21/networking/v2.0/security-groups/470c9700-5520-4e93-afef-da9a072cd184 0.179s
2025-12-09 20:42:22.598 65476 INFO tempest.lib.common.rest_client [req-39f6c6bd-39a0-45fb-aa8b-563916235573 req-39f6c6bd-39a0-45fb-aa8b-563916235573 ] Request (ServersAdminNegativeTestJSON:test_migrate_server_invalid_state): 200 GET http://10.180.1.21/compute/v2.1/servers/11cf22f8-4efd-40f8-956c-984ac7b11cc2 1.415s
2025-12-09 20:42:22.664 65482 INFO tempest.lib.common.rest_client [req-d99534d7-075f-43e8-928d-b1b856cdeffe req-d99534d7-075f-43e8-928d-b1b856cdeffe ] Request (ImagesTestJSON:test_create_image_from_suspended_server): 200 GET http://10.180.1.21/compute/v2.1/servers/2434997c-2794-4a10-97e0-a2d0810fe907 1.463s
2025-12-09 20:42:22.698 65486 INFO tempest.lib.common.rest_client [req-981ad35b-4c68-470d-8017-bd36665dfa9b req-981ad35b-4c68-470d-8017-bd36665dfa9b ] Request (QuotasAdminTestV236:tearDownClass): 204 DELETE http://10.180.1.21/identity/v3/projects/8850a271d9fd4fa297eeeee5f21007d3 0.119s
2025-12-09 20:42:22.726 65467 INFO tempest.lib.common.rest_client [req-a3de1d37-dfca-4211-bfbe-c3364af91d77 req-a3de1d37-dfca-4211-bfbe-c3364af91d77 ] Request (ServerActionsV293TestJSON:setUpClass): 200 GET http://10.180.1.21/volume/v3/volumes/3a7f745f-ee6b-416c-9b1e-fe9d3fabe6e9 0.031s
2025-12-09 20:42:22.732 65491 INFO tempest.lib.common.rest_client [req-baf274e3-376f-432f-8788-04a1f4e213e0 req-baf274e3-376f-432f-8788-04a1f4e213e0 ] Request (DeleteServersAdminTestJSON:test_delete_server_while_in_error_state): 200 GET http://10.180.1.21/compute/v2.1/servers/20e35b86-33af-4059-96fe-60a3377c9a8e 1.439s
2025-12-09 20:42:22.738 65491 INFO tempest.common.waiters [-] State transition "ERROR/deleting" ==> "DELETED/None" after 2 second wait
2025-12-09 20:42:22.768 65486 INFO tempest.lib.common.rest_client [req-087dd899-97ac-45d4-a5f7-39f85aba8d88 req-087dd899-97ac-45d4-a5f7-39f85aba8d88 ] Request (ServerActionsTestOtherA:setUpClass): 201 POST http://10.180.1.21/identity/v3/auth/tokens 0.068s
2025-12-09 20:42:22.806 65486 INFO tempest.lib.common.rest_client [req-35847d30-25b5-488a-a2ee-f12b7ed0abd1 req-35847d30-25b5-488a-a2ee-f12b7ed0abd1 ] Request (ServerActionsTestOtherA:setUpClass): 201 POST http://10.180.1.21/identity/v3/auth/tokens 0.035s
2025-12-09 20:42:22.836 65486 INFO tempest.lib.common.rest_client [req-3d2b8afd-3b21-4d93-889a-225760be634b req-3d2b8afd-3b21-4d93-889a-225760be634b ] Request (ServerActionsTestOtherA:setUpClass): 200 GET http://10.180.1.21/identity/v3/domains?name=Default 0.029s
2025-12-09 20:42:22.865 65496 INFO tempest.lib.common.rest_client [req-e1e1a4ea-9d88-416d-9a72-690cdafae1a2 req-e1e1a4ea-9d88-416d-9a72-690cdafae1a2 ] Request (ServerAddressesNegativeTestJSON:tearDownClass): 200 GET http://10.180.1.21/compute/v2.1/servers/36da482d-7e0d-46e6-ae37-3ea421cb59d3 1.497s
2025-12-09 20:42:22.869 65486 INFO tempest.lib.common.rest_client [req-ce3914f3-8a82-4430-a0bc-35f6a9acd112 req-ce3914f3-8a82-4430-a0bc-35f6a9acd112 ] Request (ServerActionsTestOtherA:setUpClass): 201 POST http://10.180.1.21/identity/v3/projects 0.032s
2025-12-09 20:42:22.870 65453 INFO tempest.lib.common.rest_client [req-9d173f61-20a2-4f83-9f9e-ebcd4631477f req-9d173f61-20a2-4f83-9f9e-ebcd4631477f ] Request (HostsAdminNegativeTestJSON:test_reboot_host_with_non_admin_user): 403 GET http://10.180.1.21/compute/v2.1/os-hosts/devstack/reboot 1.437s
2025-12-09 20:42:22.918 65494 INFO tempest.lib.common.rest_client [req-e4986d3a-4e0e-40e0-9eff-0e9383b3d179 req-e4986d3a-4e0e-40e0-9eff-0e9383b3d179 ] Request (FloatingIPDetailsTestJSON:tearDownClass): 202 DELETE http://10.180.1.21/compute/v2.1/os-floating-ips/156268f9-6466-4313-abf5-771db9e552cd 1.732s
2025-12-09 20:42:22.927 65484 INFO tempest.lib.common.rest_client [req-3f335eb3-d208-4f62-b17e-cb2b571a38ec req-3f335eb3-d208-4f62-b17e-cb2b571a38ec ] Request (ListServerFiltersTestJSON:test_list_servers_filter_by_limit): 200 GET http://10.180.1.21/compute/v2.1/servers?limit=1 1.409s
2025-12-09 20:42:22.933 65486 INFO tempest.lib.common.rest_client [req-0589eb87-2731-47c1-9e50-ec495ee4cfa4 req-0589eb87-2731-47c1-9e50-ec495ee4cfa4 ] Request (ServerActionsTestOtherA:setUpClass): 201 POST http://10.180.1.21/identity/v3/users 0.063s
2025-12-09 20:42:22.939 65463 INFO tempest.lib.common.rest_client [req-89108c5e-7bc8-4862-9ec4-77289ab381fd req-89108c5e-7bc8-4862-9ec4-77289ab381fd ] Request (AggregatesAdminNegativeTestJSON:test_aggregate_remove_host_as_user): 200 POST http://10.180.1.21/compute/v2.1/os-aggregates 1.416s
2025-12-09 20:42:22.943 65439 INFO tempest.lib.common.rest_client [req-ecbb3fcf-7fe2-4b63-9a14-0fba100d2214 req-ecbb3fcf-7fe2-4b63-9a14-0fba100d2214 ] Request (FlavorsV2TestJSON:test_list_flavors_using_marker): 200 GET http://10.180.1.21/compute/v2.1/flavors/42 1.404s
2025-12-09 20:42:22.962 65486 INFO tempest.lib.common.rest_client [req-7cf2c832-9feb-4325-9e4c-4d2f76d0197e req-7cf2c832-9feb-4325-9e4c-4d2f76d0197e ] Request (ServerActionsTestOtherA:setUpClass): 200 GET http://10.180.1.21/identity/v3/roles 0.029s
2025-12-09 20:42:22.970 65480 INFO tempest.lib.common.rest_client [req-269b4b6d-f7fe-43c2-8dbb-dbb179e8b052 req-269b4b6d-f7fe-43c2-8dbb-dbb179e8b052 ] Request (AttachInterfacesV270Test:tearDownClass): 404 GET http://10.180.1.21/compute/v2.1/servers/a0511d16-2b78-45c2-9b1e-08f0778893ba 1.279s
2025-12-09 20:42:22.998 65486 INFO tempest.lib.common.rest_client [req-b08317bc-c7b9-44a5-a2fb-22e3b010d62a req-b08317bc-c7b9-44a5-a2fb-22e3b010d62a ] Request (ServerActionsTestOtherA:setUpClass): 204 PUT http://10.180.1.21/identity/v3/projects/dc1f16b0d2a14da589c1c58f4893f5b7/users/c7a3fa85013b4e0d9e8fcd3c0be7cdc0/roles/73548bf2abc84a758cf47be2ec54e28c 0.035s
2025-12-09 20:42:22.998 65486 INFO tempest.lib.common.dynamic_creds [-] Dynamic test user c7a3fa85013b4e0d9e8fcd3c0be7cdc0 is created with scope project and roles: ['member']
2025-12-09 20:42:22.999 65486 INFO tempest.lib.common.dynamic_creds [-] Acquired dynamic creds: credentials: Credentials: {'domain_id': 'default', 'domain_name': 'Default', 'username': 'tempest-ServerActionsTestOtherA-696310476-project-member', 'project_domain_id': 'default', 'project_domain_name': 'Default', 'project_id': 'dc1f16b0d2a14da589c1c58f4893f5b7', 'project_name': 'tempest-ServerActionsTestOtherA-696310476', 'tenant_id': 'dc1f16b0d2a14da589c1c58f4893f5b7', 'tenant_name': 'tempest-ServerActionsTestOtherA-696310476', 'user_domain_id': 'default', 'user_domain_name': 'Default', 'user_id': 'c7a3fa85013b4e0d9e8fcd3c0be7cdc0', 'system': None}, Network: None, Subnet: None, Router: None
2025-12-09 20:42:23.075 65486 INFO tempest.lib.common.rest_client [req-a6ecaa6b-05e0-4dc2-a426-5061c54ae017 req-a6ecaa6b-05e0-4dc2-a426-5061c54ae017 ] Request (ServerActionsTestOtherA:setUpClass): 201 POST http://10.180.1.21/identity/v3/auth/tokens 0.076s
2025-12-09 20:42:23.424 65492 INFO tempest.lib.common.rest_client [req-0087760a-ab8e-45c4-ba50-026e5d65e4f9 req-0087760a-ab8e-45c4-ba50-026e5d65e4f9 ] Request (VolumesAssistedSnapshotsTest:test_volume_assisted_snapshot_create_delete): 200 GET http://10.180.1.21/volume/v3/volumes/3f448245-f07d-4fff-8e9a-7acff1e9bc80 0.051s
2025-12-09 20:42:23.719 65494 INFO tempest.lib.common.rest_client [req-9809c725-9908-4487-98f1-3a577a1c9f69 req-9809c725-9908-4487-98f1-3a577a1c9f69 ] Request (FloatingIPDetailsTestJSON:tearDownClass): 200 PUT http://10.180.1.21/networking/v2.0/routers/87fa8cc7-9757-4f61-a3e6-bb805c85f806/remove_router_interface 0.800s
2025-12-09 20:42:23.729 65480 INFO tempest.lib.common.rest_client [req-bcccdf2b-aca6-4bc6-80b2-3c842aa259b2 req-bcccdf2b-aca6-4bc6-80b2-3c842aa259b2 ] Request (AttachInterfacesV270Test:tearDownClass): 200 PUT http://10.180.1.21/networking/v2.0/routers/d956c5c7-709d-4d03-8af9-f6bd713804f4/remove_router_interface 0.758s
2025-12-09 20:42:23.757 65443 INFO tempest.lib.common.rest_client [req-3bbfb2a9-ac3a-4fb6-a457-f783a9331950 req-3bbfb2a9-ac3a-4fb6-a457-f783a9331950 ] Request (MultipleCreateTestJSON:_run_cleanups): 200 GET http://10.180.1.21/compute/v2.1/servers/bf8b4a7a-8dc7-4b86-bc2e-c24e571c5efb 2.165s
2025-12-09 20:42:23.763 65499 INFO tempest.lib.common.rest_client [req-0e429ab5-a46f-414e-a11a-0e9e0daf624f req-0e429ab5-a46f-414e-a11a-0e9e0daf624f ] Request (ServersListShow2100Test:test_list_show_rebuild_update_server_2100): 200 GET http://10.180.1.21/compute/v2.1/servers/41d1913e-c0f0-4b54-b912-1abd326cc638 2.054s
2025-12-09 20:42:23.782 65467 INFO tempest.lib.common.rest_client [req-e7a35668-6d57-47d1-8c99-e6be4dd2ae5f req-e7a35668-6d57-47d1-8c99-e6be4dd2ae5f ] Request (ServerActionsV293TestJSON:setUpClass): 200 GET http://10.180.1.21/volume/v3/volumes/3a7f745f-ee6b-416c-9b1e-fe9d3fabe6e9 0.047s
2025-12-09 20:42:23.845 65437 INFO tempest.lib.common.rest_client [req-beb4dd0b-a8b2-4760-a0d0-5dce74b314f7 req-beb4dd0b-a8b2-4760-a0d0-5dce74b314f7 ] Request (ServerDiskConfigTestJSON:test_rebuild_server_with_manual_disk_config): 200 PUT http://10.180.1.21/compute/v2.1/servers/519e3a1d-1937-44ee-af84-e950f127e90f 1.946s
2025-12-09 20:42:23.907 65445 INFO tempest.lib.common.rest_client [req-eb4ae77f-82c6-4cd1-bfee-75afe8d3f84d req-eb4ae77f-82c6-4cd1-bfee-75afe8d3f84d ] Request (TenantUsagesTestJSON:test_list_usage_all_tenants): 200 GET http://10.180.1.21/compute/v2.1/os-simple-tenant-usage?start=2025-12-08T20%3A42%3A17.374157&end=2025-12-10T20%3A42%3A17.374157&detailed=1 1.971s
2025-12-09 20:42:24.030 65469 INFO tempest.lib.common.rest_client [req-16e8bd46-9bcf-4667-b1fb-f886e8339062 req-16e8bd46-9bcf-4667-b1fb-f886e8339062 ] Request (ImagesOneServerTestJSON:tearDownClass): 204 DELETE http://10.180.1.21/compute/v2.1/images/c3128c0f-d87b-42bc-bdb6-6dfcd3b02dea 2.062s
2025-12-09 20:42:24.108 65486 INFO tempest.lib.common.rest_client [req-bd337b94-40a1-47cd-b58e-72dea74023a9 req-bd337b94-40a1-47cd-b58e-72dea74023a9 ] Request (ServerActionsTestOtherA:setUpClass): 201 POST http://10.180.1.21/networking/v2.0/networks 1.032s
2025-12-09 20:42:24.293 65494 INFO tempest.lib.common.rest_client [req-4a58a036-4d1a-478f-af2e-15e7862c816e req-4a58a036-4d1a-478f-af2e-15e7862c816e ] Request (FloatingIPDetailsTestJSON:tearDownClass): 204 DELETE http://10.180.1.21/networking/v2.0/routers/87fa8cc7-9757-4f61-a3e6-bb805c85f806 0.574s
2025-12-09 20:42:24.381 65472 INFO tempest.lib.common.rest_client [req-e159f4a1-3461-4396-a44b-2f05c58abd22 req-e159f4a1-3461-4396-a44b-2f05c58abd22 ] Request (ServersTestMultiNic:test_verify_duplicate_network_nics): 200 GET http://10.180.1.21/compute/v2.1/servers/0c9b61c4-8221-4121-b97a-4275c891dca1 2.630s
2025-12-09 20:42:24.405 65461 INFO tempest.lib.common.rest_client [req-0230acbe-ba2d-43c9-b7fd-42a9f4b36504 req-0230acbe-ba2d-43c9-b7fd-42a9f4b36504 ] Request (FlavorsAdminTestJSON:test_is_public_string_variations): 200 GET http://10.180.1.21/compute/v2.1/flavors/detail?is_public=false 2.330s
2025-12-09 20:42:24.487 65492 INFO tempest.lib.common.rest_client [req-d79a6a93-0a7f-4b20-be38-fedb8d1b3acf req-d79a6a93-0a7f-4b20-be38-fedb8d1b3acf ] Request (VolumesAssistedSnapshotsTest:test_volume_assisted_snapshot_create_delete): 200 GET http://10.180.1.21/volume/v3/volumes/3f448245-f07d-4fff-8e9a-7acff1e9bc80 0.052s
2025-12-09 20:42:24.592 65480 INFO tempest.lib.common.rest_client [req-d3440596-3926-4c79-9d3f-9ef14a5d5bc3 req-d3440596-3926-4c79-9d3f-9ef14a5d5bc3 ] Request (AttachInterfacesV270Test:tearDownClass): 204 DELETE http://10.180.1.21/networking/v2.0/routers/d956c5c7-709d-4d03-8af9-f6bd713804f4 0.862s
2025-12-09 20:42:24.833 65467 INFO tempest.lib.common.rest_client [req-656ebd8f-4855-4149-9144-3775149ecf6d req-656ebd8f-4855-4149-9144-3775149ecf6d ] Request (ServerActionsV293TestJSON:setUpClass): 200 GET http://10.180.1.21/volume/v3/volumes/3a7f745f-ee6b-416c-9b1e-fe9d3fabe6e9 0.041s
2025-12-09 20:42:24.852 65486 INFO tempest.lib.common.rest_client [req-a7cb6986-c1ba-426c-81e8-68c96ce497ef req-a7cb6986-c1ba-426c-81e8-68c96ce497ef ] Request (ServerActionsTestOtherA:setUpClass): 201 POST http://10.180.1.21/networking/v2.0/subnets 0.743s
2025-12-09 20:42:24.999 65494 INFO tempest.lib.common.rest_client [req-ced945d4-5c58-4df7-a7a1-b993dd0b79ec req-ced945d4-5c58-4df7-a7a1-b993dd0b79ec ] Request (FloatingIPDetailsTestJSON:tearDownClass): 204 DELETE http://10.180.1.21/networking/v2.0/subnets/8374c92a-ec78-4675-af02-7ff30c0ab619 0.705s
2025-12-09 20:42:25.047 65455 INFO tempest.lib.common.rest_client [req-08ed920a-8089-4a62-a87b-8c17a335f88a req-08ed920a-8089-4a62-a87b-8c17a335f88a ] Request (ListImageFiltersTestJSON:setUpClass): 200 GET http://10.180.1.21/compute/v2.1/servers/d3459645-3750-4957-bdcf-fbd90aa5fbb5 2.791s
2025-12-09 20:42:25.067 65457 INFO tempest.lib.common.rest_client [req-deef5f64-95fd-4fff-95ae-1c04139b59d9 req-deef5f64-95fd-4fff-95ae-1c04139b59d9 ] Request (MigrationsAdminTest:test_list_migrations_in_flavor_resize_situation): 200 GET http://10.180.1.21/compute/v2.1/os-migrations 2.698s
2025-12-09 20:42:25.168 65480 INFO tempest.lib.common.rest_client [req-4c2e51d3-9943-4a5d-aa67-672cbe6001ae req-4c2e51d3-9943-4a5d-aa67-672cbe6001ae ] Request (AttachInterfacesV270Test:tearDownClass): 204 DELETE http://10.180.1.21/networking/v2.0/subnets/8700aec5-bba0-49c5-869f-ae93a35bf20a 0.576s
2025-12-09 20:42:25.209 65451 INFO tempest.lib.common.rest_client [req-acde9b5d-a8d1-4500-9d32-a7d05dacd619 req-acde9b5d-a8d1-4500-9d32-a7d05dacd619 ] Request (InstanceActionsV221TestJSON:test_get_list_deleted_instance_actions): 200 GET http://10.180.1.21/compute/v2.1/servers/be770b2b-004d-4cc5-968d-7dcf71f0502a 3.159s
2025-12-09 20:42:25.460 65494 INFO tempest.lib.common.rest_client [req-8605f629-479c-4737-b89c-61688fb42278 req-8605f629-479c-4737-b89c-61688fb42278 ] Request (FloatingIPDetailsTestJSON:tearDownClass): 204 DELETE http://10.180.1.21/networking/v2.0/networks/e5873069-1fe9-4491-aae5-9b68961957b5 0.460s
2025-12-09 20:42:25.518 65474 INFO tempest.lib.common.rest_client [req-f96c8ab3-3944-430a-b194-7832a9f25222 req-f96c8ab3-3944-430a-b194-7832a9f25222 ] Request (ServersTestManualDisk:setUpClass): 200 GET http://10.180.1.21/compute/v2.1/servers/69e78cb9-73f9-414e-9485-c1c9e19e758d 2.944s
2025-12-09 20:42:25.536 65453 INFO tempest.lib.common.rest_client [req-20b3d064-f63c-416d-963a-93f0da16dd98 req-20b3d064-f63c-416d-963a-93f0da16dd98 ] Request (HostsAdminNegativeTestJSON:test_reboot_nonexistent_host): 404 GET http://10.180.1.21/compute/v2.1/os-hosts/nonexistent_hostname/reboot 2.664s
2025-12-09 20:42:25.547 65492 INFO tempest.lib.common.rest_client [req-e1b2c6bf-2741-489a-8f9d-34a5a1d0d8b1 req-e1b2c6bf-2741-489a-8f9d-34a5a1d0d8b1 ] Request (VolumesAssistedSnapshotsTest:test_volume_assisted_snapshot_create_delete): 200 GET http://10.180.1.21/volume/v3/volumes/3f448245-f07d-4fff-8e9a-7acff1e9bc80 0.050s
2025-12-09 20:42:25.571 65494 INFO tempest.lib.common.rest_client [req-967b2322-b67a-4cd2-8e1b-9563c9a42943 req-967b2322-b67a-4cd2-8e1b-9563c9a42943 ] Request (FloatingIPDetailsTestJSON:tearDownClass): 204 DELETE http://10.180.1.21/identity/v3/users/f7023fb064c04ef78f5d550c093f791f 0.111s
2025-12-09 20:42:25.571 65494 INFO tempest.lib.common.dynamic_creds [-] Deleting project and security group for project: 41def5b869534c57867320d343e4c8f0
2025-12-09 20:42:25.629 65484 INFO tempest.lib.common.rest_client [req-cb77fce7-e497-4dc5-a2c5-0a63d5b8da13 req-cb77fce7-e497-4dc5-a2c5-0a63d5b8da13 ] Request (ListServerFiltersTestJSON:test_list_servers_filter_by_server_name): 200 GET http://10.180.1.21/compute/v2.1/servers?name=tempest-ListServerFiltersTestJSON-instance-1098173639 2.698s
2025-12-09 20:42:25.798 65480 INFO tempest.lib.common.rest_client [req-91764f6f-2337-4216-8564-a3e933c738c4 req-91764f6f-2337-4216-8564-a3e933c738c4 ] Request (AttachInterfacesV270Test:tearDownClass): 204 DELETE http://10.180.1.21/networking/v2.0/networks/878675a4-a80b-4805-8691-7b2731d84f15 0.629s
2025-12-09 20:42:25.883 65467 INFO tempest.lib.common.rest_client [req-77bd8458-e8fb-42c2-8618-df2972e48a3b req-77bd8458-e8fb-42c2-8618-df2972e48a3b ] Request (ServerActionsV293TestJSON:setUpClass): 200 GET http://10.180.1.21/volume/v3/volumes/3a7f745f-ee6b-416c-9b1e-fe9d3fabe6e9 0.036s
2025-12-09 20:42:25.919 65480 INFO tempest.lib.common.rest_client [req-8379fda6-e624-443a-a3ca-13c01ba3262d req-8379fda6-e624-443a-a3ca-13c01ba3262d ] Request (AttachInterfacesV270Test:tearDownClass): 204 DELETE http://10.180.1.21/identity/v3/users/20c9ee5cedf447f0a6797835d1417c4b 0.121s
2025-12-09 20:42:25.919 65480 INFO tempest.lib.common.dynamic_creds [-] Deleting project and security group for project: 550fa5bc57e943b88f9aca1fa3dff2a2
2025-12-09 20:42:26.003 65486 INFO tempest.lib.common.rest_client [req-c1face34-83e1-41cc-8031-fcb29b248f79 req-c1face34-83e1-41cc-8031-fcb29b248f79 ] Request (ServerActionsTestOtherA:setUpClass): 201 POST http://10.180.1.21/networking/v2.0/routers 1.151s
2025-12-09 20:42:26.029 65488 INFO tempest.lib.common.rest_client [req-bd2eec51-7310-4e1b-b0f7-2fcf425c1754 req-bd2eec51-7310-4e1b-b0f7-2fcf425c1754 ] Request (AttachVolumeNegativeTest:test_attach_attached_volume_to_different_server): 200 GET http://10.180.1.21/compute/v2.1/servers/641402b5-425e-426a-8b65-d4867676d3e9 3.395s
2025-12-09 20:42:26.057 65439 INFO tempest.lib.common.rest_client [req-531359fd-83d7-4880-a62c-175e3c29b38a req-531359fd-83d7-4880-a62c-175e3c29b38a ] Request (FlavorsV2TestJSON:test_list_flavors_using_marker): 200 GET http://10.180.1.21/compute/v2.1/flavors?marker=42 3.111s
2025-12-09 20:42:26.064 65463 INFO tempest.lib.common.rest_client [req-358a7fc7-ae9d-4d01-8674-39f698651e16 req-358a7fc7-ae9d-4d01-8674-39f698651e16 ] Request (AggregatesAdminNegativeTestJSON:test_aggregate_remove_host_as_user): 200 POST http://10.180.1.21/compute/v2.1/os-aggregates/7/action 3.123s
2025-12-09 20:42:26.083 65494 INFO tempest.lib.common.rest_client [req-a3148c7a-2800-4432-bb65-5971402c3752 req-a3148c7a-2800-4432-bb65-5971402c3752 ] Request (FloatingIPDetailsTestJSON:tearDownClass): 200 GET http://10.180.1.21/networking/v2.0/security-groups?tenant_id=41def5b869534c57867320d343e4c8f0&name=default 0.511s
2025-12-09 20:42:26.088 65480 INFO tempest.lib.common.rest_client [req-6446ce28-5021-4330-9b38-d3e37a415d3e req-6446ce28-5021-4330-9b38-d3e37a415d3e ] Request (AttachInterfacesV270Test:tearDownClass): 200 GET http://10.180.1.21/networking/v2.0/security-groups?tenant_id=550fa5bc57e943b88f9aca1fa3dff2a2&name=default 0.168s
2025-12-09 20:42:26.231 65494 INFO tempest.lib.common.rest_client [req-4146c66c-daee-40e6-83be-d11db468c7ff req-4146c66c-daee-40e6-83be-d11db468c7ff ] Request (FloatingIPDetailsTestJSON:tearDownClass): 204 DELETE http://10.180.1.21/networking/v2.0/security-groups/4b0dc6a3-8a47-40fc-9b64-cb889e4aac31 0.147s
2025-12-09 20:42:26.313 65480 INFO tempest.lib.common.rest_client [req-ccd21adf-2f41-4ea3-bb20-14ab5f281158 req-ccd21adf-2f41-4ea3-bb20-14ab5f281158 ] Request (AttachInterfacesV270Test:tearDownClass): 204 DELETE http://10.180.1.21/networking/v2.0/security-groups/a5644a5c-cdc8-46e3-bc7c-fe43a5726310 0.224s
2025-12-09 20:42:26.351 65494 INFO tempest.lib.common.rest_client [req-4fbdde0b-1012-4daf-8a34-f31b9ae81db5 req-4fbdde0b-1012-4daf-8a34-f31b9ae81db5 ] Request (FloatingIPDetailsTestJSON:tearDownClass): 204 DELETE http://10.180.1.21/identity/v3/projects/41def5b869534c57867320d343e4c8f0 0.120s
2025-12-09 20:42:26.455 65494 INFO tempest.lib.common.rest_client [req-c456a1dd-8cdf-4ff6-8002-b3bf8503af09 req-c456a1dd-8cdf-4ff6-8002-b3bf8503af09 ] Request (ImagesOneServerNegativeTestJSON:setUpClass): 201 POST http://10.180.1.21/identity/v3/auth/tokens 0.100s
2025-12-09 20:42:26.482 65459 INFO tempest.lib.common.rest_client [req-83c9f658-f6ad-4a8e-b545-a8622ea1d349 req-83c9f658-f6ad-4a8e-b545-a8622ea1d349 ] Request (InstanceActionsNegativeTestJSON:setUpClass): 200 GET http://10.180.1.21/compute/v2.1/servers/b1d3f261-9f48-4a7f-b065-c1151c73ac65 3.015s
