2025-12-09 20:44:31.784 65465 INFO tempest.lib.common.rest_client [req-4e0a0e78-7a68-4262-a2de-8c325b3f41ca req-4e0a0e78-7a68-4262-a2de-8c325b3f41ca ] Request (ServersAdminTestJSON:tearDownClass): 200 GET http://10.180.1.21/compute/v2.1/servers/d96b724e-97fe-4e2a-9a11-ca4394ceb884 0.377s
2025-12-09 20:44:31.909 65457 INFO tempest.lib.common.rest_client [req-781e1ccd-5dfd-48e4-933f-7400f4bbd928 req-781e1ccd-5dfd-48e4-933f-7400f4bbd928 ] Request (MigrationsAdminTest:test_resize_server_revert_deleted_flavor): 200 GET http://10.180.1.21/compute/v2.1/servers/86467582-45da-4e10-83db-4f98ae9f61f1 0.493s
2025-12-09 20:44:31.953 65441 INFO paramiko.transport [-] Connected (version 2.0, client dropbear_2020.81)
2025-12-09 20:44:31.978 65486 INFO tempest.lib.common.rest_client [req-e11e1697-17c1-4cbe-8587-08733fed65e9 req-e11e1697-17c1-4cbe-8587-08733fed65e9 ] Request (ServerActionsTestOtherA:test_rebuild_server_in_stop_state): 200 GET http://10.180.1.21/compute/v2.1/servers/cec39550-29b5-4348-8ac9-8e1027c89146 0.522s
2025-12-09 20:44:32.008 65463 WARNING tempest.lib.common.ssh [-] Failed to establish authenticated ssh connection to cirros@10.180.180.248 ([Errno None] Unable to connect to port 22 on 10.180.180.248). Number attempts: 2. Retry after 3 seconds.: paramiko.ssh_exception.NoValidConnectionsError: [Errno None] Unable to connect to port 22 on 10.180.180.248
2025-12-09 20:44:32.050 65491 INFO tempest.lib.common.rest_client [req-2fd5bf2d-103a-4232-b4f1-addf0798ce36 req-2fd5bf2d-103a-4232-b4f1-addf0798ce36 ] Request (ServersAdmin275Test:_run_cleanups): 200 GET http://10.180.1.21/compute/v2.1/servers/098cb3b4-7497-46bb-97f0-b7ebc33926b2 0.531s
2025-12-09 20:44:32.060 65441 INFO paramiko.transport [-] Authentication (publickey) successful!
2025-12-09 20:44:32.061 65441 INFO tempest.lib.common.ssh [-] ssh connection to cirros@10.180.180.243 successfully created
2025-12-09 20:44:32.064 65491 INFO tempest.common.waiters [-] State transition "REBUILD/rebuilding" ==> "REBUILD/rebuild_spawning" after 3 second wait
2025-12-09 20:44:32.068 65441 INFO tempest.lib.common.ssh [-] Creating ssh connection to '10.180.180.243:22' as 'cirros' with public key authentication
2025-12-09 20:44:32.072 65441 INFO paramiko.transport [-] Connected (version 2.0, client dropbear_2020.81)
2025-12-09 20:44:32.127 65474 INFO tempest.lib.common.rest_client [req-18d60f77-0b17-4b34-a8b4-81ba46f47fca req-18d60f77-0b17-4b34-a8b4-81ba46f47fca ] Request (ServersTestManualDisk:tearDownClass): 200 GET http://10.180.1.21/compute/v2.1/servers/69e78cb9-73f9-414e-9485-c1c9e19e758d 0.589s
2025-12-09 20:44:32.175 65441 INFO paramiko.transport [-] Authentication (publickey) successful!
2025-12-09 20:44:32.175 65441 INFO tempest.lib.common.ssh [-] ssh connection to cirros@10.180.180.243 successfully created
2025-12-09 20:44:32.272 65437 INFO tempest.lib.common.rest_client [req-14466f95-51eb-4bcb-931c-aaf7f7e7282c req-14466f95-51eb-4bcb-931c-aaf7f7e7282c ] Request (ServerDiskConfigTestJSON:test_resize_server_from_auto_to_manual): 200 GET http://10.180.1.21/compute/v2.1/servers/b48f053d-36ea-4380-9107-f49a9423a938 0.454s
2025-12-09 20:44:32.278 65488 INFO tempest.lib.common.rest_client [req-d130c7fa-9870-40c8-97d4-4a9caea7d5ea req-d130c7fa-9870-40c8-97d4-4a9caea7d5ea ] Request (AttachVolumeNegativeTest:test_attach_attached_volume_to_different_server): 200 POST http://10.180.1.21/compute/v2.1/servers/641402b5-425e-426a-8b65-d4867676d3e9/os-volume_attachments 1.670s
2025-12-09 20:44:32.310 65488 INFO tempest.lib.common.rest_client [req-7ea2070f-fe85-45cd-9ae1-4a7462280acf req-7ea2070f-fe85-45cd-9ae1-4a7462280acf ] Request (AttachVolumeNegativeTest:test_attach_attached_volume_to_different_server): 200 GET http://10.180.1.21/volume/v3/volumes/90ba3d9e-6c45-48e3-8fb7-ac0b502ef722 0.030s
2025-12-09 20:44:32.353 65494 INFO tempest.lib.common.rest_client [req-cdbbdeaa-be6c-41e1-be32-60b4e2ac8f7b req-cdbbdeaa-be6c-41e1-be32-60b4e2ac8f7b ] Request (ImagesOneServerNegativeTestJSON:_run_cleanups): 200 GET http://10.180.1.21/compute/v2.1/servers/d5840f82-2d28-49a2-8a68-426c2733a27e 0.384s
2025-12-09 20:44:32.376 65445 INFO tempest.lib.common.rest_client [req-0dd76137-be28-4a0e-8435-c2874799f467 req-0dd76137-be28-4a0e-8435-c2874799f467 ] Request (ListServersNegativeTestJSON:setUpClass): 200 GET http://10.180.1.21/compute/v2.1/servers/2312931d-e1cd-4224-a8f4-bb73bb6afdbf 0.455s
2025-12-09 20:44:32.404 65469 INFO tempest.lib.common.rest_client [req-9e7d8ea3-35d6-4a09-b8b5-c0da8e6c0b4f req-9e7d8ea3-35d6-4a09-b8b5-c0da8e6c0b4f ] Request (AttachInterfacesUnderV243Test:test_add_remove_fixed_ip): 200 GET http://10.180.1.21/compute/v2.1/servers/6f89734c-7aaa-460c-bc25-c46d8691361a 0.386s
2025-12-09 20:44:32.439 65479 INFO tempest.lib.common.rest_client [req-f5d28ed4-8e66-4149-b5c1-b2d3f4d82e86 req-f5d28ed4-8e66-4149-b5c1-b2d3f4d82e86 ] Request (FloatingIPsAssociationTestJSON:tearDownClass): 200 GET http://10.180.1.21/compute/v2.1/servers/9bbfa654-06fe-4ec6-a89f-af03b1f30383 0.353s
2025-12-09 20:44:32.471 65484 INFO tempest.lib.common.rest_client [req-a68c6b80-ebea-4fd0-a796-7160f033430b req-a68c6b80-ebea-4fd0-a796-7160f033430b ] Request (ListServerFiltersTestJSON:tearDownClass): 200 GET http://10.180.1.21/compute/v2.1/servers/0a0e91cc-a1a0-46dd-89d8-ea3dd3b600f1 0.320s
2025-12-09 20:44:32.503 65441 INFO tempest.lib.common.rest_client [req-f5f94628-3353-49fb-849e-e838d1c51da1 req-f5f94628-3353-49fb-849e-e838d1c51da1 ] Request (ServerActionsTestJSON:test_reboot_server_hard): 202 POST http://10.180.1.21/compute/v2.1/servers/42b526d8-8e2b-40b2-8e3c-0b03ca97664b/action 0.319s
2025-12-09 20:44:32.539 65439 INFO tempest.lib.common.rest_client [req-4d4a2bc6-6d11-4617-abe3-d5344f392f99 req-4d4a2bc6-6d11-4617-abe3-d5344f392f99 ] Request (FloatingIPsAssociationNegativeTestJSON:tearDownClass): 200 GET http://10.180.1.21/compute/v2.1/servers/436fefbe-51ad-416d-8f2f-7e371c664e45 0.331s
2025-12-09 20:44:32.592 65476 INFO tempest.lib.common.rest_client [req-a78c4cdd-bb8d-40a0-9177-db2eaedb4b15 req-a78c4cdd-bb8d-40a0-9177-db2eaedb4b15 ] Request (ServersAdminNegativeTestJSON:tearDownClass): 200 GET http://10.180.1.21/compute/v2.1/servers/565c3b56-ef25-4002-a55c-9148bb54016d 0.322s
2025-12-09 20:44:32.631 65455 INFO tempest.lib.common.rest_client [req-0542fabf-a6f3-4f9f-955d-f3171fb773c0 req-0542fabf-a6f3-4f9f-955d-f3171fb773c0 ] Request (ListImageFiltersTestJSON:tearDownClass): 200 GET http://10.180.1.21/compute/v2.1/servers/d3459645-3750-4957-bdcf-fbd90aa5fbb5 0.304s
2025-12-09 20:44:32.649 65459 INFO tempest.lib.common.rest_client [req-96e5882a-a855-44bd-8657-c9155cfa1887 req-96e5882a-a855-44bd-8657-c9155cfa1887 ] Request (ServerRescueTestJSON:setUpClass): 200 GET http://10.180.1.21/compute/v2.1/servers/c22a312d-4a61-40db-a22b-809c0ed6813b 0.273s
2025-12-09 20:44:32.682 65435 INFO tempest.lib.common.rest_client [req-67ce9590-d8d7-4b74-abfc-589d68dc28c8 req-67ce9590-d8d7-4b74-abfc-589d68dc28c8 ] Request (SecurityGroupsTestJSON:test_server_security_groups): 200 GET http://10.180.1.21/compute/v2.1/servers/298bc9b8-0591-46a8-9f3b-d68d75151b60 0.244s
2025-12-09 20:44:32.786 65441 INFO tempest.lib.common.rest_client [req-09ccf71c-261a-4d50-bef2-85981f622a62 req-09ccf71c-261a-4d50-bef2-85981f622a62 ] Request (ServerActionsTestJSON:test_reboot_server_hard): 200 GET http://10.180.1.21/compute/v2.1/servers/42b526d8-8e2b-40b2-8e3c-0b03ca97664b 0.282s
2025-12-09 20:44:32.812 65482 INFO tempest.lib.common.rest_client [req-489aed02-1bcd-417b-a87e-4e0bb8ea081a req-489aed02-1bcd-417b-a87e-4e0bb8ea081a ] Request (ImagesTestJSON:test_create_server_from_snapshot): 200 GET http://10.180.1.21/compute/v2.1/servers/144a0d79-5ae8-4827-9b1a-26ad4783d9da 0.237s
2025-12-09 20:44:32.821 65482 INFO tempest.common.waiters [-] State transition "BUILD/block_device_mapping" ==> "BUILD/spawning" after 76 second wait
2025-12-09 20:44:32.838 65447 INFO tempest.lib.common.rest_client [req-7eb44465-7f8d-4b78-b613-ed7ed63623aa req-7eb44465-7f8d-4b78-b613-ed7ed63623aa ] Request (ServersWithSpecificFlavorTestJSON:test_verify_created_server_ephemeral_disk): 200 GET http://10.180.1.21/compute/v2.1/servers/585a809a-ce9a-4383-bb5d-332ea0389f50 0.203s
2025-12-09 20:44:32.867 65443 INFO tempest.lib.common.rest_client [req-e48c7517-12b4-4385-8cde-9472c89a5066 req-e48c7517-12b4-4385-8cde-9472c89a5066 ] Request (MultipleCreateTestJSON:tearDownClass): 200 GET http://10.180.1.21/compute/v2.1/servers/9316687d-5ae3-4d73-b5e0-9e6f1fe3eaa5 0.176s
2025-12-09 20:44:32.886 65465 INFO tempest.lib.common.rest_client [req-f61d2ccc-517a-4a97-97f9-f281da5e9d03 req-f61d2ccc-517a-4a97-97f9-f281da5e9d03 ] Request (ServersAdminTestJSON:tearDownClass): 404 GET http://10.180.1.21/compute/v2.1/servers/d96b724e-97fe-4e2a-9a11-ca4394ceb884 0.093s
2025-12-09 20:44:32.896 65472 INFO tempest.lib.common.rest_client [req-e70d3a62-efca-4f93-bebf-6ed5e182fbcb req-e70d3a62-efca-4f93-bebf-6ed5e182fbcb ] Request (ServersTestMultiNic:test_verify_multiple_nics_order): 200 GET http://10.180.1.21/compute/v2.1/servers/99c515ae-17d9-4a93-9523-265fb4fd0953 0.159s
2025-12-09 20:44:32.964 65465 INFO tempest.lib.common.rest_client [req-71369115-1188-426b-8301-4097e5ca4ae8 req-71369115-1188-426b-8301-4097e5ca4ae8 ] Request (ServersAdminTestJSON:tearDownClass): 204 DELETE http://10.180.1.21/compute/v2.1/servers/74e5b4d8-c99a-456f-9f8a-f6e5d6459380 0.078s
2025-12-09 20:44:33.048 65457 INFO tempest.lib.common.rest_client [req-7ed54d4b-5dcc-4502-a596-5eb4dc5dd070 req-7ed54d4b-5dcc-4502-a596-5eb4dc5dd070 ] Request (MigrationsAdminTest:test_resize_server_revert_deleted_flavor): 200 GET http://10.180.1.21/compute/v2.1/servers/86467582-45da-4e10-83db-4f98ae9f61f1 0.130s
2025-12-09 20:44:33.103 65465 INFO tempest.lib.common.rest_client [req-df09afb7-302f-4b6f-a1d2-cadd6aacf85e req-df09afb7-302f-4b6f-a1d2-cadd6aacf85e ] Request (ServersAdminTestJSON:tearDownClass): 200 GET http://10.180.1.21/compute/v2.1/servers/74e5b4d8-c99a-456f-9f8a-f6e5d6459380 0.137s
2025-12-09 20:44:33.118 65486 INFO tempest.lib.common.rest_client [req-2f5e1686-02e3-41fc-a9f9-8763b53c2560 req-2f5e1686-02e3-41fc-a9f9-8763b53c2560 ] Request (ServerActionsTestOtherA:test_rebuild_server_in_stop_state): 200 GET http://10.180.1.21/compute/v2.1/servers/cec39550-29b5-4348-8ac9-8e1027c89146 0.129s
2025-12-09 20:44:33.165 65491 INFO tempest.lib.common.rest_client [req-95a6f3b6-9122-4b9c-a808-743d77f8f818 req-95a6f3b6-9122-4b9c-a808-743d77f8f818 ] Request (ServersAdmin275Test:_run_cleanups): 200 GET http://10.180.1.21/compute/v2.1/servers/098cb3b4-7497-46bb-97f0-b7ebc33926b2 0.100s
2025-12-09 20:44:33.195 65474 INFO tempest.lib.common.rest_client [req-47e2e431-86b6-487a-80eb-ea220decc3a7 req-47e2e431-86b6-487a-80eb-ea220decc3a7 ] Request (ServersTestManualDisk:tearDownClass): 200 GET http://10.180.1.21/compute/v2.1/servers/69e78cb9-73f9-414e-9485-c1c9e19e758d 0.059s
2025-12-09 20:44:33.346 65488 INFO tempest.lib.common.rest_client [req-3f0ecee0-ecfd-46b0-85b2-62ed316b675a req-3f0ecee0-ecfd-46b0-85b2-62ed316b675a ] Request (AttachVolumeNegativeTest:test_attach_attached_volume_to_different_server): 200 GET http://10.180.1.21/volume/v3/volumes/90ba3d9e-6c45-48e3-8fb7-ac0b502ef722 0.028s
2025-12-09 20:44:33.401 65437 INFO tempest.lib.common.rest_client [req-0e337c16-b4b4-4b09-a00b-494fe9fb524a req-0e337c16-b4b4-4b09-a00b-494fe9fb524a ] Request (ServerDiskConfigTestJSON:test_resize_server_from_auto_to_manual): 200 GET http://10.180.1.21/compute/v2.1/servers/b48f053d-36ea-4380-9107-f49a9423a938 0.120s
2025-12-09 20:44:33.417 65494 INFO tempest.lib.common.rest_client [req-06baae23-6a76-4541-9a30-1c9fd94ad5d8 req-06baae23-6a76-4541-9a30-1c9fd94ad5d8 ] Request (ImagesOneServerNegativeTestJSON:_run_cleanups): 200 GET http://10.180.1.21/compute/v2.1/servers/d5840f82-2d28-49a2-8a68-426c2733a27e 0.056s
2025-12-09 20:44:33.468 65469 INFO tempest.lib.common.rest_client [req-4c69b3b8-3818-4bf0-92ba-d0d679b471ea req-4c69b3b8-3818-4bf0-92ba-d0d679b471ea ] Request (AttachInterfacesUnderV243Test:test_add_remove_fixed_ip): 200 GET http://10.180.1.21/compute/v2.1/servers/6f89734c-7aaa-460c-bc25-c46d8691361a 0.053s
2025-12-09 20:44:33.518 65445 INFO tempest.lib.common.rest_client [req-5c93acb3-e7f7-4606-9165-0b29af205637 req-5c93acb3-e7f7-4606-9165-0b29af205637 ] Request (ListServersNegativeTestJSON:setUpClass): 200 GET http://10.180.1.21/compute/v2.1/servers/2312931d-e1cd-4224-a8f4-bb73bb6afdbf 0.134s
2025-12-09 20:44:33.531 65479 INFO tempest.lib.common.rest_client [req-d06c2161-e636-4741-89dd-889d962f55c8 req-d06c2161-e636-4741-89dd-889d962f55c8 ] Request (FloatingIPsAssociationTestJSON:tearDownClass): 200 GET http://10.180.1.21/compute/v2.1/servers/9bbfa654-06fe-4ec6-a89f-af03b1f30383 0.083s
2025-12-09 20:44:33.590 65484 INFO tempest.lib.common.rest_client [req-eb410981-5d60-45e4-8a57-1d100fbf23f9 req-eb410981-5d60-45e4-8a57-1d100fbf23f9 ] Request (ListServerFiltersTestJSON:tearDownClass): 200 GET http://10.180.1.21/compute/v2.1/servers/0a0e91cc-a1a0-46dd-89d8-ea3dd3b600f1 0.109s
2025-12-09 20:44:33.610 65439 INFO tempest.lib.common.rest_client [req-a209a542-5fa7-4377-a28f-25d4341d97b3 req-a209a542-5fa7-4377-a28f-25d4341d97b3 ] Request (FloatingIPsAssociationNegativeTestJSON:tearDownClass): 200 GET http://10.180.1.21/compute/v2.1/servers/436fefbe-51ad-416d-8f2f-7e371c664e45 0.064s
2025-12-09 20:44:33.662 65476 INFO tempest.lib.common.rest_client [req-20f61539-43a8-4f9b-88b5-ba912a0a0e7a req-20f61539-43a8-4f9b-88b5-ba912a0a0e7a ] Request (ServersAdminNegativeTestJSON:tearDownClass): 200 GET http://10.180.1.21/compute/v2.1/servers/565c3b56-ef25-4002-a55c-9148bb54016d 0.060s
2025-12-09 20:44:33.697 65455 INFO tempest.lib.common.rest_client [req-69029ce8-742f-4291-b891-d9585bae8136 req-69029ce8-742f-4291-b891-d9585bae8136 ] Request (ListImageFiltersTestJSON:tearDownClass): 200 GET http://10.180.1.21/compute/v2.1/servers/d3459645-3750-4957-bdcf-fbd90aa5fbb5 0.058s
2025-12-09 20:44:33.709 65459 INFO tempest.lib.common.rest_client [req-d2bf74b4-7c4b-4cd5-8c13-726e525412b9 req-d2bf74b4-7c4b-4cd5-8c13-726e525412b9 ] Request (ServerRescueTestJSON:setUpClass): 200 GET http://10.180.1.21/compute/v2.1/servers/c22a312d-4a61-40db-a22b-809c0ed6813b 0.053s
2025-12-09 20:44:33.745 65435 INFO tempest.lib.common.rest_client [req-87264dde-60c0-46a6-8d79-3fdbfa5a85d8 req-87264dde-60c0-46a6-8d79-3fdbfa5a85d8 ] Request (SecurityGroupsTestJSON:test_server_security_groups): 200 GET http://10.180.1.21/compute/v2.1/servers/298bc9b8-0591-46a8-9f3b-d68d75151b60 0.056s
2025-12-09 20:44:33.937 65441 INFO tempest.lib.common.rest_client [req-3c76ebea-aad6-4787-9d9e-10cf7b83d8e8 req-3c76ebea-aad6-4787-9d9e-10cf7b83d8e8 ] Request (ServerActionsTestJSON:test_reboot_server_hard): 200 GET http://10.180.1.21/compute/v2.1/servers/42b526d8-8e2b-40b2-8e3c-0b03ca97664b 0.142s
2025-12-09 20:44:33.938 65482 INFO tempest.lib.common.rest_client [req-9753cbac-31e7-46c1-81f8-4d0b5d11e6a7 req-9753cbac-31e7-46c1-81f8-4d0b5d11e6a7 ] Request (ImagesTestJSON:test_create_server_from_snapshot): 200 GET http://10.180.1.21/compute/v2.1/servers/144a0d79-5ae8-4827-9b1a-26ad4783d9da 0.115s
2025-12-09 20:44:33.991 65447 INFO tempest.lib.common.rest_client [req-bd854fe2-160a-4917-bc37-90c21c2c9989 req-bd854fe2-160a-4917-bc37-90c21c2c9989 ] Request (ServersWithSpecificFlavorTestJSON:test_verify_created_server_ephemeral_disk): 200 GET http://10.180.1.21/compute/v2.1/servers/585a809a-ce9a-4383-bb5d-332ea0389f50 0.144s
2025-12-09 20:44:33.994 65443 INFO tempest.lib.common.rest_client [req-785702ec-66d1-4145-b5f7-ff46977ea390 req-785702ec-66d1-4145-b5f7-ff46977ea390 ] Request (MultipleCreateTestJSON:tearDownClass): 200 GET http://10.180.1.21/compute/v2.1/servers/9316687d-5ae3-4d73-b5e0-9e6f1fe3eaa5 0.114s
2025-12-09 20:44:34.049 65472 INFO tempest.lib.common.rest_client [req-022eaba0-e036-4f77-92df-c645aaf20a7f req-022eaba0-e036-4f77-92df-c645aaf20a7f ] Request (ServersTestMultiNic:test_verify_multiple_nics_order): 200 GET http://10.180.1.21/compute/v2.1/servers/99c515ae-17d9-4a93-9523-265fb4fd0953 0.146s
2025-12-09 20:44:34.169 65457 INFO tempest.lib.common.rest_client [req-977ffaeb-00ea-4bb6-939d-2f17a8a38bf0 req-977ffaeb-00ea-4bb6-939d-2f17a8a38bf0 ] Request (MigrationsAdminTest:test_resize_server_revert_deleted_flavor): 200 GET http://10.180.1.21/compute/v2.1/servers/86467582-45da-4e10-83db-4f98ae9f61f1 0.110s
2025-12-09 20:44:34.253 65486 INFO tempest.lib.common.rest_client [req-41009e92-90de-4b4f-8275-c5be0de4e3ec req-41009e92-90de-4b4f-8275-c5be0de4e3ec ] Request (ServerActionsTestOtherA:test_rebuild_server_in_stop_state): 200 GET http://10.180.1.21/compute/v2.1/servers/cec39550-29b5-4348-8ac9-8e1027c89146 0.127s
2025-12-09 20:44:34.269 65465 INFO tempest.lib.common.rest_client [req-29115a3d-bfc5-439f-9c90-d858b3020789 req-29115a3d-bfc5-439f-9c90-d858b3020789 ] Request (ServersAdminTestJSON:tearDownClass): 200 GET http://10.180.1.21/compute/v2.1/servers/74e5b4d8-c99a-456f-9f8a-f6e5d6459380 0.157s
2025-12-09 20:44:34.311 65491 INFO tempest.lib.common.rest_client [req-7e670984-8421-4233-92f9-d823e5a10b3b req-7e670984-8421-4233-92f9-d823e5a10b3b ] Request (ServersAdmin275Test:_run_cleanups): 200 GET http://10.180.1.21/compute/v2.1/servers/098cb3b4-7497-46bb-97f0-b7ebc33926b2 0.134s
2025-12-09 20:44:34.331 65474 INFO tempest.lib.common.rest_client [req-62a1d024-826c-4203-a623-a8c7290f70a1 req-62a1d024-826c-4203-a623-a8c7290f70a1 ] Request (ServersTestManualDisk:tearDownClass): 200 GET http://10.180.1.21/compute/v2.1/servers/69e78cb9-73f9-414e-9485-c1c9e19e758d 0.127s
2025-12-09 20:44:34.389 65488 INFO tempest.lib.common.rest_client [req-2e8063b7-c84b-4c2f-bcc7-5cbf328e185a req-2e8063b7-c84b-4c2f-bcc7-5cbf328e185a ] Request (AttachVolumeNegativeTest:test_attach_attached_volume_to_different_server): 200 GET http://10.180.1.21/volume/v3/volumes/90ba3d9e-6c45-48e3-8fb7-ac0b502ef722 0.035s
2025-12-09 20:44:34.482 65494 INFO tempest.lib.common.rest_client [req-61b929f7-0aba-49d1-a56b-75e38d0d3151 req-61b929f7-0aba-49d1-a56b-75e38d0d3151 ] Request (ImagesOneServerNegativeTestJSON:_run_cleanups): 200 GET http://10.180.1.21/compute/v2.1/servers/d5840f82-2d28-49a2-8a68-426c2733a27e 0.056s
2025-12-09 20:44:34.513 65437 INFO tempest.lib.common.rest_client [req-1be0cfad-6d33-45d6-a840-b5aeee14b634 req-1be0cfad-6d33-45d6-a840-b5aeee14b634 ] Request (ServerDiskConfigTestJSON:test_resize_server_from_auto_to_manual): 200 GET http://10.180.1.21/compute/v2.1/servers/b48f053d-36ea-4380-9107-f49a9423a938 0.100s
2025-12-09 20:44:34.546 65469 INFO tempest.lib.common.rest_client [req-0df780d7-3eb9-42ec-98c9-2723ddf674f8 req-0df780d7-3eb9-42ec-98c9-2723ddf674f8 ] Request (AttachInterfacesUnderV243Test:test_add_remove_fixed_ip): 200 GET http://10.180.1.21/compute/v2.1/servers/6f89734c-7aaa-460c-bc25-c46d8691361a 0.069s
2025-12-09 20:44:34.621 65479 INFO tempest.lib.common.rest_client [req-b5ffe3a9-a632-4793-b8dc-9852ab5a5948 req-b5ffe3a9-a632-4793-b8dc-9852ab5a5948 ] Request (FloatingIPsAssociationTestJSON:tearDownClass): 200 GET http://10.180.1.21/compute/v2.1/servers/9bbfa654-06fe-4ec6-a89f-af03b1f30383 0.081s
2025-12-09 20:44:34.708 65484 INFO tempest.lib.common.rest_client [req-c9cb1e65-a926-487f-b6fd-e5f068351c10 req-c9cb1e65-a926-487f-b6fd-e5f068351c10 ] Request (ListServerFiltersTestJSON:tearDownClass): 200 GET http://10.180.1.21/compute/v2.1/servers/0a0e91cc-a1a0-46dd-89d8-ea3dd3b600f1 0.110s
2025-12-09 20:44:34.731 65445 INFO tempest.lib.common.rest_client [req-dfb512c2-f60c-47d7-8470-ae83b2d0ee71 req-dfb512c2-f60c-47d7-8470-ae83b2d0ee71 ] Request (ListServersNegativeTestJSON:setUpClass): 200 GET http://10.180.1.21/compute/v2.1/servers/2312931d-e1cd-4224-a8f4-bb73bb6afdbf 0.204s
2025-12-09 20:44:34.775 65439 INFO tempest.lib.common.rest_client [req-96b5db32-7de2-4b15-ac8b-4daf727e03fe req-96b5db32-7de2-4b15-ac8b-4daf727e03fe ] Request (FloatingIPsAssociationNegativeTestJSON:tearDownClass): 200 GET http://10.180.1.21/compute/v2.1/servers/436fefbe-51ad-416d-8f2f-7e371c664e45 0.155s
2025-12-09 20:44:34.799 65476 INFO tempest.lib.common.rest_client [req-9933781a-01ce-486a-8730-52fce2d34243 req-9933781a-01ce-486a-8730-52fce2d34243 ] Request (ServersAdminNegativeTestJSON:tearDownClass): 200 GET http://10.180.1.21/compute/v2.1/servers/565c3b56-ef25-4002-a55c-9148bb54016d 0.129s
2025-12-09 20:44:34.837 65455 INFO tempest.lib.common.rest_client [req-b47a6dd9-83aa-4758-b59b-0d85fa5e5aec req-b47a6dd9-83aa-4758-b59b-0d85fa5e5aec ] Request (ListImageFiltersTestJSON:tearDownClass): 200 GET http://10.180.1.21/compute/v2.1/servers/d3459645-3750-4957-bdcf-fbd90aa5fbb5 0.132s
2025-12-09 20:44:34.861 65459 INFO tempest.lib.common.rest_client [req-e0147f65-b97b-41f8-aecd-309b7c6aef80 req-e0147f65-b97b-41f8-aecd-309b7c6aef80 ] Request (ServerRescueTestJSON:setUpClass): 200 GET http://10.180.1.21/compute/v2.1/servers/c22a312d-4a61-40db-a22b-809c0ed6813b 0.142s
2025-12-09 20:44:34.890 65435 INFO tempest.lib.common.rest_client [req-d47decae-f1a2-49a6-b793-6e4b59364b69 req-d47decae-f1a2-49a6-b793-6e4b59364b69 ] Request (SecurityGroupsTestJSON:test_server_security_groups): 200 GET http://10.180.1.21/compute/v2.1/servers/298bc9b8-0591-46a8-9f3b-d68d75151b60 0.137s
2025-12-09 20:44:35.051 65482 INFO tempest.lib.common.rest_client [req-5e107188-074a-46d8-b3d8-aa15815cb153 req-5e107188-074a-46d8-b3d8-aa15815cb153 ] Request (ImagesTestJSON:test_create_server_from_snapshot): 200 GET http://10.180.1.21/compute/v2.1/servers/144a0d79-5ae8-4827-9b1a-26ad4783d9da 0.103s
2025-12-09 20:44:35.089 65441 INFO tempest.lib.common.rest_client [req-8f5d17ee-127c-4575-bc65-c78c8f630c3d req-8f5d17ee-127c-4575-bc65-c78c8f630c3d ] Request (ServerActionsTestJSON:test_reboot_server_hard): 200 GET http://10.180.1.21/compute/v2.1/servers/42b526d8-8e2b-40b2-8e3c-0b03ca97664b 0.143s
2025-12-09 20:44:35.115 65447 INFO tempest.lib.common.rest_client [req-1e1a3cfe-7f2a-41d2-93dd-ae6243dca1f2 req-1e1a3cfe-7f2a-41d2-93dd-ae6243dca1f2 ] Request (ServersWithSpecificFlavorTestJSON:test_verify_created_server_ephemeral_disk): 200 GET http://10.180.1.21/compute/v2.1/servers/585a809a-ce9a-4383-bb5d-332ea0389f50 0.116s
2025-12-09 20:44:35.147 65443 INFO tempest.lib.common.rest_client [req-7aee537c-8e93-47b6-9342-05e060144ec7 req-7aee537c-8e93-47b6-9342-05e060144ec7 ] Request (MultipleCreateTestJSON:tearDownClass): 200 GET http://10.180.1.21/compute/v2.1/servers/9316687d-5ae3-4d73-b5e0-9e6f1fe3eaa5 0.145s
2025-12-09 20:44:35.165 65472 INFO tempest.lib.common.rest_client [req-567e0987-6309-48a7-91fc-a55289205342 req-567e0987-6309-48a7-91fc-a55289205342 ] Request (ServersTestMultiNic:test_verify_multiple_nics_order): 200 GET http://10.180.1.21/compute/v2.1/servers/99c515ae-17d9-4a93-9523-265fb4fd0953 0.107s
2025-12-09 20:44:35.321 65457 INFO tempest.lib.common.rest_client [req-70bcd2ea-7277-4667-b970-1eac6e9f4e75 req-70bcd2ea-7277-4667-b970-1eac6e9f4e75 ] Request (MigrationsAdminTest:test_resize_server_revert_deleted_flavor): 200 GET http://10.180.1.21/compute/v2.1/servers/86467582-45da-4e10-83db-4f98ae9f61f1 0.143s
2025-12-09 20:44:35.355 65486 INFO tempest.lib.common.rest_client [req-41c5260a-9cd7-42ed-8e0e-c70b905aef0d req-41c5260a-9cd7-42ed-8e0e-c70b905aef0d ] Request (ServerActionsTestOtherA:test_rebuild_server_in_stop_state): 200 GET http://10.180.1.21/compute/v2.1/servers/cec39550-29b5-4348-8ac9-8e1027c89146 0.086s
2025-12-09 20:44:35.433 65488 INFO tempest.lib.common.rest_client [req-93c37e76-e11a-453d-aa06-621ff5f5c199 req-93c37e76-e11a-453d-aa06-621ff5f5c199 ] Request (AttachVolumeNegativeTest:test_attach_attached_volume_to_different_server): 200 GET http://10.180.1.21/volume/v3/volumes/90ba3d9e-6c45-48e3-8fb7-ac0b502ef722 0.036s
2025-12-09 20:44:35.466 65491 INFO tempest.lib.common.rest_client [req-52849762-5b87-423d-8c6d-f47dbb3a2e10 req-52849762-5b87-423d-8c6d-f47dbb3a2e10 ] Request (ServersAdmin275Test:_run_cleanups): 200 GET http://10.180.1.21/compute/v2.1/servers/098cb3b4-7497-46bb-97f0-b7ebc33926b2 0.144s
2025-12-09 20:44:35.489 65465 INFO tempest.lib.common.rest_client [req-2ce767b9-84aa-40fb-b532-1b3a0b632a46 req-2ce767b9-84aa-40fb-b532-1b3a0b632a46 ] Request (ServersAdminTestJSON:tearDownClass): 200 GET http://10.180.1.21/compute/v2.1/servers/74e5b4d8-c99a-456f-9f8a-f6e5d6459380 0.212s
2025-12-09 20:44:35.545 65474 INFO tempest.lib.common.rest_client [req-21a70dd0-eecf-4695-a07d-6f1e6b7cb2c7 req-21a70dd0-eecf-4695-a07d-6f1e6b7cb2c7 ] Request (ServersTestManualDisk:tearDownClass): 200 GET http://10.180.1.21/compute/v2.1/servers/69e78cb9-73f9-414e-9485-c1c9e19e758d 0.206s
2025-12-09 20:44:35.571 65494 INFO tempest.lib.common.rest_client [req-e2db6d54-96f5-435b-aecb-2558d159ad5b req-e2db6d54-96f5-435b-aecb-2558d159ad5b ] Request (ImagesOneServerNegativeTestJSON:_run_cleanups): 200 GET http://10.180.1.21/compute/v2.1/servers/d5840f82-2d28-49a2-8a68-426c2733a27e 0.079s
2025-12-09 20:44:35.627 65469 INFO tempest.lib.common.rest_client [req-6b63433e-0abc-4a26-9e1a-3aaaa48e3ee4 req-6b63433e-0abc-4a26-9e1a-3aaaa48e3ee4 ] Request (AttachInterfacesUnderV243Test:test_add_remove_fixed_ip): 200 GET http://10.180.1.21/compute/v2.1/servers/6f89734c-7aaa-460c-bc25-c46d8691361a 0.072s
2025-12-09 20:44:35.688 65437 INFO tempest.lib.common.rest_client [req-9f6dad1d-f766-4e27-ac71-3f8f925e2500 req-9f6dad1d-f766-4e27-ac71-3f8f925e2500 ] Request (ServerDiskConfigTestJSON:test_resize_server_from_auto_to_manual): 200 GET http://10.180.1.21/compute/v2.1/servers/b48f053d-36ea-4380-9107-f49a9423a938 0.165s
2025-12-09 20:44:35.700 65479 INFO tempest.lib.common.rest_client [req-e3493c88-2e88-4169-b181-a51cb3b87355 req-e3493c88-2e88-4169-b181-a51cb3b87355 ] Request (FloatingIPsAssociationTestJSON:tearDownClass): 200 GET http://10.180.1.21/compute/v2.1/servers/9bbfa654-06fe-4ec6-a89f-af03b1f30383 0.071s
2025-12-09 20:44:35.779 65484 INFO tempest.lib.common.rest_client [req-fb8a72af-704f-4307-ad42-f4b9f2ba5c1d req-fb8a72af-704f-4307-ad42-f4b9f2ba5c1d ] Request (ListServerFiltersTestJSON:tearDownClass): 200 GET http://10.180.1.21/compute/v2.1/servers/0a0e91cc-a1a0-46dd-89d8-ea3dd3b600f1 0.062s
2025-12-09 20:44:35.846 65445 INFO tempest.lib.common.rest_client [req-55998888-23b2-491e-a76d-4535fe83f586 req-55998888-23b2-491e-a76d-4535fe83f586 ] Request (ListServersNegativeTestJSON:setUpClass): 200 GET http://10.180.1.21/compute/v2.1/servers/2312931d-e1cd-4224-a8f4-bb73bb6afdbf 0.108s
2025-12-09 20:44:35.869 65439 INFO tempest.lib.common.rest_client [req-7291b05b-576a-4567-84d5-4ab842efd69f req-7291b05b-576a-4567-84d5-4ab842efd69f ] Request (FloatingIPsAssociationNegativeTestJSON:tearDownClass): 200 GET http://10.180.1.21/compute/v2.1/servers/436fefbe-51ad-416d-8f2f-7e371c664e45 0.084s
2025-12-09 20:44:35.913 65476 INFO tempest.lib.common.rest_client [req-6b57637e-9759-4031-bd0e-a0bb55373a24 req-6b57637e-9759-4031-bd0e-a0bb55373a24 ] Request (ServersAdminNegativeTestJSON:tearDownClass): 200 GET http://10.180.1.21/compute/v2.1/servers/565c3b56-ef25-4002-a55c-9148bb54016d 0.105s
2025-12-09 20:44:35.937 65455 INFO tempest.lib.common.rest_client [req-464a672d-8b33-42fe-9a7b-3944956671a3 req-464a672d-8b33-42fe-9a7b-3944956671a3 ] Request (ListImageFiltersTestJSON:tearDownClass): 200 GET http://10.180.1.21/compute/v2.1/servers/d3459645-3750-4957-bdcf-fbd90aa5fbb5 0.087s
2025-12-09 20:44:35.968 65459 INFO tempest.lib.common.rest_client [req-f35f94c4-a161-4978-9a5d-fb590a1fa96f req-f35f94c4-a161-4978-9a5d-fb590a1fa96f ] Request (ServerRescueTestJSON:setUpClass): 200 GET http://10.180.1.21/compute/v2.1/servers/c22a312d-4a61-40db-a22b-809c0ed6813b 0.099s
2025-12-09 20:44:35.978 65480 WARNING tempest.lib.common.ssh [-] Failed to establish authenticated ssh connection to cirros@10.180.180.130 ([Errno None] Unable to connect to port 22 on 10.180.180.130). Number attempts: 7. Retry after 8 seconds.: paramiko.ssh_exception.NoValidConnectionsError: [Errno None] Unable to connect to port 22 on 10.180.180.130
2025-12-09 20:44:35.994 65435 INFO tempest.lib.common.rest_client [req-d721efa6-ad41-4c78-b8b3-d5e9b3e06b2e req-d721efa6-ad41-4c78-b8b3-d5e9b3e06b2e ] Request (SecurityGroupsTestJSON:test_server_security_groups): 200 GET http://10.180.1.21/compute/v2.1/servers/298bc9b8-0591-46a8-9f3b-d68d75151b60 0.094s
2025-12-09 20:44:36.171 65482 INFO tempest.lib.common.rest_client [req-ac2f2ba6-dda7-4d69-8774-e4000610f882 req-ac2f2ba6-dda7-4d69-8774-e4000610f882 ] Request (ImagesTestJSON:test_create_server_from_snapshot): 200 GET http://10.180.1.21/compute/v2.1/servers/144a0d79-5ae8-4827-9b1a-26ad4783d9da 0.111s
2025-12-09 20:44:36.250 65441 INFO tempest.lib.common.rest_client [req-9cca9b82-07ab-4029-971f-60d2feafeb0f req-9cca9b82-07ab-4029-971f-60d2feafeb0f ] Request (ServerActionsTestJSON:test_reboot_server_hard): 200 GET http://10.180.1.21/compute/v2.1/servers/42b526d8-8e2b-40b2-8e3c-0b03ca97664b 0.152s
2025-12-09 20:44:36.264 65441 INFO tempest.common.waiters [-] State transition "HARD_REBOOT/rebooting_hard" ==> "HARD_REBOOT/reboot_started_hard" after 4 second wait
2025-12-09 20:44:36.320 65447 INFO tempest.lib.common.rest_client [req-96ceee9c-4cde-409c-bf53-1504dcea4269 req-96ceee9c-4cde-409c-bf53-1504dcea4269 ] Request (ServersWithSpecificFlavorTestJSON:test_verify_created_server_ephemeral_disk): 200 GET http://10.180.1.21/compute/v2.1/servers/585a809a-ce9a-4383-bb5d-332ea0389f50 0.196s
2025-12-09 20:44:36.328 65447 INFO tempest.common.waiters [-] State transition "BUILD/None" ==> "BUILD/networking" after 78 second wait
2025-12-09 20:44:36.334 65443 INFO tempest.lib.common.rest_client [req-c841ff49-d2b8-45f8-b900-493df8cbf0fa req-c841ff49-d2b8-45f8-b900-493df8cbf0fa ] Request (MultipleCreateTestJSON:tearDownClass): 200 GET http://10.180.1.21/compute/v2.1/servers/9316687d-5ae3-4d73-b5e0-9e6f1fe3eaa5 0.180s
2025-12-09 20:44:36.380 65472 INFO tempest.lib.common.rest_client [req-e7fdc646-157e-4908-b206-31c8fa09fc32 req-e7fdc646-157e-4908-b206-31c8fa09fc32 ] Request (ServersTestMultiNic:test_verify_multiple_nics_order): 200 GET http://10.180.1.21/compute/v2.1/servers/99c515ae-17d9-4a93-9523-265fb4fd0953 0.207s
2025-12-09 20:44:36.419 65463 WARNING tempest.lib.common.ssh [-] Failed to establish authenticated ssh connection to cirros@10.180.180.248 ([Errno None] Unable to connect to port 22 on 10.180.180.248). Number attempts: 3. Retry after 4 seconds.: paramiko.ssh_exception.NoValidConnectionsError: [Errno None] Unable to connect to port 22 on 10.180.180.248
2025-12-09 20:44:36.437 65486 INFO tempest.lib.common.rest_client [req-21cd206d-4b0f-4d1e-bfbe-ead10d795092 req-21cd206d-4b0f-4d1e-bfbe-ead10d795092 ] Request (ServerActionsTestOtherA:test_rebuild_server_in_stop_state): 200 GET http://10.180.1.21/compute/v2.1/servers/cec39550-29b5-4348-8ac9-8e1027c89146 0.070s
2025-12-09 20:44:36.468 65457 INFO tempest.lib.common.rest_client [req-cfbce23b-0b61-479d-964a-8e67ceec0fba req-cfbce23b-0b61-479d-964a-8e67ceec0fba ] Request (MigrationsAdminTest:test_resize_server_revert_deleted_flavor): 200 GET http://10.180.1.21/compute/v2.1/servers/86467582-45da-4e10-83db-4f98ae9f61f1 0.133s
2025-12-09 20:44:36.479 65488 INFO tempest.lib.common.rest_client [req-3c32e5fe-644c-4032-83b7-a5991e7abfe6 req-3c32e5fe-644c-4032-83b7-a5991e7abfe6 ] Request (AttachVolumeNegativeTest:test_attach_attached_volume_to_different_server): 200 GET http://10.180.1.21/volume/v3/volumes/90ba3d9e-6c45-48e3-8fb7-ac0b502ef722 0.038s
2025-12-09 20:44:36.547 65491 INFO tempest.lib.common.rest_client [req-790e56f3-a871-48cb-8121-89e2fc2cf16f req-790e56f3-a871-48cb-8121-89e2fc2cf16f ] Request (ServersAdmin275Test:_run_cleanups): 200 GET http://10.180.1.21/compute/v2.1/servers/098cb3b4-7497-46bb-97f0-b7ebc33926b2 0.070s
2025-12-09 20:44:36.595 65465 INFO tempest.lib.common.rest_client [req-9ed7ddcb-5ae2-42b6-894d-4d85a763bc3a req-9ed7ddcb-5ae2-42b6-894d-4d85a763bc3a ] Request (ServersAdminTestJSON:tearDownClass): 200 GET http://10.180.1.21/compute/v2.1/servers/74e5b4d8-c99a-456f-9f8a-f6e5d6459380 0.097s
2025-12-09 20:44:36.638 65474 INFO tempest.lib.common.rest_client [req-fa98ce80-69b2-4044-acb0-815527f186f3 req-fa98ce80-69b2-4044-acb0-815527f186f3 ] Request (ServersTestManualDisk:tearDownClass): 200 GET http://10.180.1.21/compute/v2.1/servers/69e78cb9-73f9-414e-9485-c1c9e19e758d 0.080s
2025-12-09 20:44:36.657 65494 INFO tempest.lib.common.rest_client [req-9e0a9933-ad3d-43c5-99d4-31b11ff61ced req-9e0a9933-ad3d-43c5-99d4-31b11ff61ced ] Request (ImagesOneServerNegativeTestJSON:_run_cleanups): 200 GET http://10.180.1.21/compute/v2.1/servers/d5840f82-2d28-49a2-8a68-426c2733a27e 0.076s
2025-12-09 20:44:36.698 65469 INFO tempest.lib.common.rest_client [req-ee2e2128-3c43-44a7-9961-eb2221955bc2 req-ee2e2128-3c43-44a7-9961-eb2221955bc2 ] Request (AttachInterfacesUnderV243Test:test_add_remove_fixed_ip): 200 GET http://10.180.1.21/compute/v2.1/servers/6f89734c-7aaa-460c-bc25-c46d8691361a 0.061s
2025-12-09 20:44:36.806 65479 INFO tempest.lib.common.rest_client [req-0cdc0ddf-aa87-4a77-8ea8-45ea3d62ab43 req-0cdc0ddf-aa87-4a77-8ea8-45ea3d62ab43 ] Request (FloatingIPsAssociationTestJSON:tearDownClass): 200 GET http://10.180.1.21/compute/v2.1/servers/9bbfa654-06fe-4ec6-a89f-af03b1f30383 0.099s
2025-12-09 20:44:36.841 65437 INFO tempest.lib.common.rest_client [req-ada33ec7-fcdc-435f-ab12-07ac9f21002a req-ada33ec7-fcdc-435f-ab12-07ac9f21002a ] Request (ServerDiskConfigTestJSON:test_resize_server_from_auto_to_manual): 200 GET http://10.180.1.21/compute/v2.1/servers/b48f053d-36ea-4380-9107-f49a9423a938 0.145s
2025-12-09 20:44:36.881 65484 INFO tempest.lib.common.rest_client [req-de09016b-c692-47f8-b701-1ea4d6fd5f01 req-de09016b-c692-47f8-b701-1ea4d6fd5f01 ] Request (ListServerFiltersTestJSON:tearDownClass): 200 GET http://10.180.1.21/compute/v2.1/servers/0a0e91cc-a1a0-46dd-89d8-ea3dd3b600f1 0.091s
2025-12-09 20:44:36.988 65439 INFO tempest.lib.common.rest_client [req-1534ff52-e376-486d-aa54-6382020f65f1 req-1534ff52-e376-486d-aa54-6382020f65f1 ] Request (FloatingIPsAssociationNegativeTestJSON:tearDownClass): 200 GET http://10.180.1.21/compute/v2.1/servers/436fefbe-51ad-416d-8f2f-7e371c664e45 0.109s
2025-12-09 20:44:37.012 65445 INFO tempest.lib.common.rest_client [req-efe37c2e-fd66-499d-9520-82ee67676998 req-efe37c2e-fd66-499d-9520-82ee67676998 ] Request (ListServersNegativeTestJSON:setUpClass): 200 GET http://10.180.1.21/compute/v2.1/servers/2312931d-e1cd-4224-a8f4-bb73bb6afdbf 0.157s
2025-12-09 20:44:37.046 65476 INFO tempest.lib.common.rest_client [req-8728cbeb-e93e-4a3e-9060-9676bf48826c req-8728cbeb-e93e-4a3e-9060-9676bf48826c ] Request (ServersAdminNegativeTestJSON:tearDownClass): 200 GET http://10.180.1.21/compute/v2.1/servers/565c3b56-ef25-4002-a55c-9148bb54016d 0.124s
2025-12-09 20:44:37.067 65455 INFO tempest.lib.common.rest_client [req-b3a062a2-2855-42eb-bdc1-79e7b66898ed req-b3a062a2-2855-42eb-bdc1-79e7b66898ed ] Request (ListImageFiltersTestJSON:tearDownClass): 200 GET http://10.180.1.21/compute/v2.1/servers/d3459645-3750-4957-bdcf-fbd90aa5fbb5 0.116s
2025-12-09 20:44:37.094 65459 INFO tempest.lib.common.rest_client [req-bae163f9-9f57-4c9b-9fc6-692d4e8cc879 req-bae163f9-9f57-4c9b-9fc6-692d4e8cc879 ] Request (ServerRescueTestJSON:setUpClass): 200 GET http://10.180.1.21/compute/v2.1/servers/c22a312d-4a61-40db-a22b-809c0ed6813b 0.116s
2025-12-09 20:44:37.114 65435 INFO tempest.lib.common.rest_client [req-2e0ce2f7-37c9-4416-bcd1-05eb893c8d0c req-2e0ce2f7-37c9-4416-bcd1-05eb893c8d0c ] Request (SecurityGroupsTestJSON:test_server_security_groups): 200 GET http://10.180.1.21/compute/v2.1/servers/298bc9b8-0591-46a8-9f3b-d68d75151b60 0.112s
2025-12-09 20:44:37.275 65482 INFO tempest.lib.common.rest_client [req-787dabab-21ce-40e1-9594-867c37c1cc4f req-787dabab-21ce-40e1-9594-867c37c1cc4f ] Request (ImagesTestJSON:test_create_server_from_snapshot): 200 GET http://10.180.1.21/compute/v2.1/servers/144a0d79-5ae8-4827-9b1a-26ad4783d9da 0.094s
2025-12-09 20:44:37.357 65441 INFO tempest.lib.common.rest_client [req-a3e8b80e-bf41-4f89-9c0c-f35de67cac09 req-a3e8b80e-bf41-4f89-9c0c-f35de67cac09 ] Request (ServerActionsTestJSON:test_reboot_server_hard): 200 GET http://10.180.1.21/compute/v2.1/servers/42b526d8-8e2b-40b2-8e3c-0b03ca97664b 0.091s
2025-12-09 20:44:37.365 65441 INFO tempest.common.waiters [-] State transition "HARD_REBOOT/reboot_started_hard" ==> "ACTIVE/None" after 5 second wait
2025-12-09 20:44:37.366 65441 INFO tempest.lib.common.ssh [-] Creating ssh connection to '10.180.180.243:22' as 'cirros' with public key authentication
2025-12-09 20:44:37.427 65447 INFO tempest.lib.common.rest_client [req-729ad100-f51e-4a28-877d-96986f2845da req-729ad100-f51e-4a28-877d-96986f2845da ] Request (ServersWithSpecificFlavorTestJSON:test_verify_created_server_ephemeral_disk): 200 GET http://10.180.1.21/compute/v2.1/servers/585a809a-ce9a-4383-bb5d-332ea0389f50 0.098s
2025-12-09 20:44:37.434 65447 INFO tempest.common.waiters [-] State transition "BUILD/networking" ==> "BUILD/spawning" after 79 second wait
2025-12-09 20:44:37.440 65443 INFO tempest.lib.common.rest_client [req-35d7b2bb-7cd9-426f-97e2-21ae20e8f6e7 req-35d7b2bb-7cd9-426f-97e2-21ae20e8f6e7 ] Request (MultipleCreateTestJSON:tearDownClass): 200 GET http://10.180.1.21/compute/v2.1/servers/9316687d-5ae3-4d73-b5e0-9e6f1fe3eaa5 0.096s
2025-12-09 20:44:37.485 65472 INFO tempest.lib.common.rest_client [req-e9f288f4-b81a-41b9-807b-49f10dba5a21 req-e9f288f4-b81a-41b9-807b-49f10dba5a21 ] Request (ServersTestMultiNic:test_verify_multiple_nics_order): 200 GET http://10.180.1.21/compute/v2.1/servers/99c515ae-17d9-4a93-9523-265fb4fd0953 0.096s
2025-12-09 20:44:37.512 65486 INFO tempest.lib.common.rest_client [req-ee09e32c-38da-4bf7-b11e-7a7303cd0a18 req-ee09e32c-38da-4bf7-b11e-7a7303cd0a18 ] Request (ServerActionsTestOtherA:test_rebuild_server_in_stop_state): 200 GET http://10.180.1.21/compute/v2.1/servers/cec39550-29b5-4348-8ac9-8e1027c89146 0.063s
2025-12-09 20:44:37.532 65488 INFO tempest.lib.common.rest_client [req-384fbde2-5553-4a66-b58c-b202ac0f6107 req-384fbde2-5553-4a66-b58c-b202ac0f6107 ] Request (AttachVolumeNegativeTest:test_attach_attached_volume_to_different_server): 200 GET http://10.180.1.21/volume/v3/volumes/90ba3d9e-6c45-48e3-8fb7-ac0b502ef722 0.045s
2025-12-09 20:44:37.623 65491 INFO tempest.lib.common.rest_client [req-e4bb0531-4791-4c06-808f-148fcd008200 req-e4bb0531-4791-4c06-808f-148fcd008200 ] Request (ServersAdmin275Test:_run_cleanups): 200 GET http://10.180.1.21/compute/v2.1/servers/098cb3b4-7497-46bb-97f0-b7ebc33926b2 0.065s
2025-12-09 20:44:37.641 65457 INFO tempest.lib.common.rest_client [req-3d845a45-e57d-403a-b10a-56d674abf3b6 req-3d845a45-e57d-403a-b10a-56d674abf3b6 ] Request (MigrationsAdminTest:test_resize_server_revert_deleted_flavor): 200 GET http://10.180.1.21/compute/v2.1/servers/86467582-45da-4e10-83db-4f98ae9f61f1 0.165s
2025-12-09 20:44:37.682 65465 INFO tempest.lib.common.rest_client [req-0773367e-ce12-4aab-bb16-700d731ad7a3 req-0773367e-ce12-4aab-bb16-700d731ad7a3 ] Request (ServersAdminTestJSON:tearDownClass): 200 GET http://10.180.1.21/compute/v2.1/servers/74e5b4d8-c99a-456f-9f8a-f6e5d6459380 0.074s
2025-12-09 20:44:37.689 65465 INFO tempest.common.waiters [-] State transition "ACTIVE/deleting" ==> "DELETED/None" after 4 second wait
2025-12-09 20:44:37.704 65474 INFO tempest.lib.common.rest_client [req-41f18519-cee2-40e7-bf6c-dc73018e2b7a req-41f18519-cee2-40e7-bf6c-dc73018e2b7a ] Request (ServersTestManualDisk:tearDownClass): 200 GET http://10.180.1.21/compute/v2.1/servers/69e78cb9-73f9-414e-9485-c1c9e19e758d 0.057s
2025-12-09 20:44:37.732 65494 INFO tempest.lib.common.rest_client [req-416b1271-15bc-4bb9-882b-68e7aac5108a req-416b1271-15bc-4bb9-882b-68e7aac5108a ] Request (ImagesOneServerNegativeTestJSON:_run_cleanups): 200 GET http://10.180.1.21/compute/v2.1/servers/d5840f82-2d28-49a2-8a68-426c2733a27e 0.065s
2025-12-09 20:44:37.758 65469 INFO tempest.lib.common.rest_client [req-c12dd161-0d60-4944-8908-9e48808012f5 req-c12dd161-0d60-4944-8908-9e48808012f5 ] Request (AttachInterfacesUnderV243Test:test_add_remove_fixed_ip): 200 GET http://10.180.1.21/compute/v2.1/servers/6f89734c-7aaa-460c-bc25-c46d8691361a 0.051s
2025-12-09 20:44:37.882 65479 INFO tempest.lib.common.rest_client [req-4efbe82b-7bd8-457b-ad5c-feca216cf101 req-4efbe82b-7bd8-457b-ad5c-feca216cf101 ] Request (FloatingIPsAssociationTestJSON:tearDownClass): 200 GET http://10.180.1.21/compute/v2.1/servers/9bbfa654-06fe-4ec6-a89f-af03b1f30383 0.066s
2025-12-09 20:44:37.958 65484 INFO tempest.lib.common.rest_client [req-dcaa56ba-39f4-449f-808e-3874921694fb req-dcaa56ba-39f4-449f-808e-3874921694fb ] Request (ListServerFiltersTestJSON:tearDownClass): 200 GET http://10.180.1.21/compute/v2.1/servers/0a0e91cc-a1a0-46dd-89d8-ea3dd3b600f1 0.068s
2025-12-09 20:44:37.962 65437 INFO tempest.lib.common.rest_client [req-ecfc68d2-3d70-4a6a-97f2-a0d10811e856 req-ecfc68d2-3d70-4a6a-97f2-a0d10811e856 ] Request (ServerDiskConfigTestJSON:test_resize_server_from_auto_to_manual): 200 GET http://10.180.1.21/compute/v2.1/servers/b48f053d-36ea-4380-9107-f49a9423a938 0.109s
2025-12-09 20:44:38.061 65439 INFO tempest.lib.common.rest_client [req-79615364-6825-436b-b481-636824696c4b req-79615364-6825-436b-b481-636824696c4b ] Request (FloatingIPsAssociationNegativeTestJSON:tearDownClass): 200 GET http://10.180.1.21/compute/v2.1/servers/436fefbe-51ad-416d-8f2f-7e371c664e45 0.064s
2025-12-09 20:44:38.114 65445 INFO tempest.lib.common.rest_client [req-bcbbea7c-921f-4b16-8c5f-1ebb81208528 req-bcbbea7c-921f-4b16-8c5f-1ebb81208528 ] Request (ListServersNegativeTestJSON:setUpClass): 200 GET http://10.180.1.21/compute/v2.1/servers/2312931d-e1cd-4224-a8f4-bb73bb6afdbf 0.095s
2025-12-09 20:44:38.118 65476 INFO tempest.lib.common.rest_client [req-c152dd27-8dcc-40b2-8b45-09a186b41782 req-c152dd27-8dcc-40b2-8b45-09a186b41782 ] Request (ServersAdminNegativeTestJSON:tearDownClass): 200 GET http://10.180.1.21/compute/v2.1/servers/565c3b56-ef25-4002-a55c-9148bb54016d 0.064s
2025-12-09 20:44:38.170 65455 INFO tempest.lib.common.rest_client [req-20b5c48a-fcf5-4868-b261-4ac2be688c4d req-20b5c48a-fcf5-4868-b261-4ac2be688c4d ] Request (ListImageFiltersTestJSON:tearDownClass): 200 GET http://10.180.1.21/compute/v2.1/servers/d3459645-3750-4957-bdcf-fbd90aa5fbb5 0.095s
2025-12-09 20:44:38.170 65459 INFO tempest.lib.common.rest_client [req-93aeb6cc-ad0b-4094-b949-e2bba97b20b6 req-93aeb6cc-ad0b-4094-b949-e2bba97b20b6 ] Request (ServerRescueTestJSON:setUpClass): 200 GET http://10.180.1.21/compute/v2.1/servers/c22a312d-4a61-40db-a22b-809c0ed6813b 0.069s
2025-12-09 20:44:38.227 65435 INFO tempest.lib.common.rest_client [req-ad82940a-f225-45ac-a182-29424a6c6655 req-ad82940a-f225-45ac-a182-29424a6c6655 ] Request (SecurityGroupsTestJSON:test_server_security_groups): 200 GET http://10.180.1.21/compute/v2.1/servers/298bc9b8-0591-46a8-9f3b-d68d75151b60 0.105s
2025-12-09 20:44:38.420 65482 INFO tempest.lib.common.rest_client [req-62efb080-1a37-4b35-85cb-78391d6e322b req-62efb080-1a37-4b35-85cb-78391d6e322b ] Request (ImagesTestJSON:test_create_server_from_snapshot): 200 GET http://10.180.1.21/compute/v2.1/servers/144a0d79-5ae8-4827-9b1a-26ad4783d9da 0.137s
2025-12-09 20:44:38.513 65443 INFO tempest.lib.common.rest_client [req-453281b4-ff05-4483-acc8-b7d4a63c7bb2 req-453281b4-ff05-4483-acc8-b7d4a63c7bb2 ] Request (MultipleCreateTestJSON:tearDownClass): 200 GET http://10.180.1.21/compute/v2.1/servers/9316687d-5ae3-4d73-b5e0-9e6f1fe3eaa5 0.065s
2025-12-09 20:44:38.579 65472 INFO tempest.lib.common.rest_client [req-fc6e54ea-6771-4fb9-acb9-2a9ee46a8db1 req-fc6e54ea-6771-4fb9-acb9-2a9ee46a8db1 ] Request (ServersTestMultiNic:test_verify_multiple_nics_order): 200 GET http://10.180.1.21/compute/v2.1/servers/99c515ae-17d9-4a93-9523-265fb4fd0953 0.085s
2025-12-09 20:44:38.579 65488 INFO tempest.lib.common.rest_client [req-b2e26e23-882f-4379-8bca-07eea5d4b8f0 req-b2e26e23-882f-4379-8bca-07eea5d4b8f0 ] Request (AttachVolumeNegativeTest:test_attach_attached_volume_to_different_server): 200 GET http://10.180.1.21/volume/v3/volumes/90ba3d9e-6c45-48e3-8fb7-ac0b502ef722 0.038s
2025-12-09 20:44:38.595 65447 INFO tempest.lib.common.rest_client [req-7fecbd50-a13d-4100-a027-bf8aa6f7c6bc req-7fecbd50-a13d-4100-a027-bf8aa6f7c6bc ] Request (ServersWithSpecificFlavorTestJSON:test_verify_created_server_ephemeral_disk): 200 GET http://10.180.1.21/compute/v2.1/servers/585a809a-ce9a-4383-bb5d-332ea0389f50 0.160s
2025-12-09 20:44:38.600 65467 WARNING tempest.lib.common.ssh [-] Failed to establish authenticated ssh connection to cirros@10.180.180.207 ([Errno None] Unable to connect to port 22 on 10.180.180.207). Number attempts: 7. Retry after 8 seconds.: paramiko.ssh_exception.NoValidConnectionsError: [Errno None] Unable to connect to port 22 on 10.180.180.207
2025-12-09 20:44:38.643 65486 INFO tempest.lib.common.rest_client [req-32bc1691-3039-4232-9b0b-8da7edeb5f3d req-32bc1691-3039-4232-9b0b-8da7edeb5f3d ] Request (ServerActionsTestOtherA:test_rebuild_server_in_stop_state): 200 GET http://10.180.1.21/compute/v2.1/servers/cec39550-29b5-4348-8ac9-8e1027c89146 0.122s
2025-12-09 20:44:38.697 65491 INFO tempest.lib.common.rest_client [req-e0a2f490-2287-41be-bbc9-e96d42677629 req-e0a2f490-2287-41be-bbc9-e96d42677629 ] Request (ServersAdmin275Test:_run_cleanups): 200 GET http://10.180.1.21/compute/v2.1/servers/098cb3b4-7497-46bb-97f0-b7ebc33926b2 0.063s
2025-12-09 20:44:38.707 65491 INFO tempest.common.waiters [-] State transition "REBUILD/rebuild_spawning" ==> "ACTIVE/None" after 9 second wait
2025-12-09 20:44:38.777 65465 INFO tempest.lib.common.rest_client [req-9ceef103-d49b-4663-906c-f7f841877f89 req-9ceef103-d49b-4663-906c-f7f841877f89 ] Request (ServersAdminTestJSON:tearDownClass): 200 GET http://10.180.1.21/compute/v2.1/servers/74e5b4d8-c99a-456f-9f8a-f6e5d6459380 0.087s
2025-12-09 20:44:38.811 65457 INFO tempest.lib.common.rest_client [req-a5ce2984-dd4a-4b3a-bc55-4eb86571b880 req-a5ce2984-dd4a-4b3a-bc55-4eb86571b880 ] Request (MigrationsAdminTest:test_resize_server_revert_deleted_flavor): 200 GET http://10.180.1.21/compute/v2.1/servers/86467582-45da-4e10-83db-4f98ae9f61f1 0.160s
2025-12-09 20:44:38.859 65491 INFO tempest.lib.common.rest_client [req-b8d9ceaa-3d7b-4526-bedf-ed81dc32f706 req-b8d9ceaa-3d7b-4526-bedf-ed81dc32f706 ] Request (ServersAdmin275Test:tearDownClass): 204 DELETE http://10.180.1.21/compute/v2.1/servers/098cb3b4-7497-46bb-97f0-b7ebc33926b2 0.150s
2025-12-09 20:44:38.876 65474 INFO tempest.lib.common.rest_client [req-c52ed70f-af42-473a-aaf5-270a0b45e90b req-c52ed70f-af42-473a-aaf5-270a0b45e90b ] Request (ServersTestManualDisk:tearDownClass): 200 GET http://10.180.1.21/compute/v2.1/servers/69e78cb9-73f9-414e-9485-c1c9e19e758d 0.163s
2025-12-09 20:44:38.921 65494 INFO tempest.lib.common.rest_client [req-734a139f-28c2-4c52-ad57-ca7a15b5abe7 req-734a139f-28c2-4c52-ad57-ca7a15b5abe7 ] Request (ImagesOneServerNegativeTestJSON:_run_cleanups): 200 GET http://10.180.1.21/compute/v2.1/servers/d5840f82-2d28-49a2-8a68-426c2733a27e 0.181s
2025-12-09 20:44:38.934 65469 INFO tempest.lib.common.rest_client [req-fe3e5a5d-eb45-45c2-a926-b2c6b9883582 req-fe3e5a5d-eb45-45c2-a926-b2c6b9883582 ] Request (AttachInterfacesUnderV243Test:test_add_remove_fixed_ip): 200 GET http://10.180.1.21/compute/v2.1/servers/6f89734c-7aaa-460c-bc25-c46d8691361a 0.168s
2025-12-09 20:44:38.977 65491 INFO tempest.lib.common.rest_client [req-4e3ab008-2c89-40f0-8060-f20e1c7a3ecc req-4e3ab008-2c89-40f0-8060-f20e1c7a3ecc ] Request (ServersAdmin275Test:tearDownClass): 200 GET http://10.180.1.21/compute/v2.1/servers/098cb3b4-7497-46bb-97f0-b7ebc33926b2 0.118s
2025-12-09 20:44:38.995 65479 INFO tempest.lib.common.rest_client [req-0eddece3-f6bc-496c-969d-cd4d8fc8aa37 req-0eddece3-f6bc-496c-969d-cd4d8fc8aa37 ] Request (FloatingIPsAssociationTestJSON:tearDownClass): 200 GET http://10.180.1.21/compute/v2.1/servers/9bbfa654-06fe-4ec6-a89f-af03b1f30383 0.102s
2025-12-09 20:44:39.039 65484 INFO tempest.lib.common.rest_client [req-2d95cadf-de10-4fdf-b466-7063e787506f req-2d95cadf-de10-4fdf-b466-7063e787506f ] Request (ListServerFiltersTestJSON:tearDownClass): 200 GET http://10.180.1.21/compute/v2.1/servers/0a0e91cc-a1a0-46dd-89d8-ea3dd3b600f1 0.071s
2025-12-09 20:44:39.140 65439 INFO tempest.lib.common.rest_client [req-dd2fcc64-a2e3-4c86-a645-80da9e96b00e req-dd2fcc64-a2e3-4c86-a645-80da9e96b00e ] Request (FloatingIPsAssociationNegativeTestJSON:tearDownClass): 200 GET http://10.180.1.21/compute/v2.1/servers/436fefbe-51ad-416d-8f2f-7e371c664e45 0.070s
2025-12-09 20:44:39.141 65437 INFO tempest.lib.common.rest_client [req-6eeae23d-118f-4872-9dab-d22cbbbaf86f req-6eeae23d-118f-4872-9dab-d22cbbbaf86f ] Request (ServerDiskConfigTestJSON:test_resize_server_from_auto_to_manual): 200 GET http://10.180.1.21/compute/v2.1/servers/b48f053d-36ea-4380-9107-f49a9423a938 0.170s
2025-12-09 20:44:39.194 65476 INFO tempest.lib.common.rest_client [req-881dafe8-9fb5-4a88-8686-401fb538de8b req-881dafe8-9fb5-4a88-8686-401fb538de8b ] Request (ServersAdminNegativeTestJSON:tearDownClass): 200 GET http://10.180.1.21/compute/v2.1/servers/565c3b56-ef25-4002-a55c-9148bb54016d 0.066s
2025-12-09 20:44:39.231 65445 INFO tempest.lib.common.rest_client [req-7e101551-cec3-43dc-bac5-8d53daf81b80 req-7e101551-cec3-43dc-bac5-8d53daf81b80 ] Request (ListServersNegativeTestJSON:setUpClass): 200 GET http://10.180.1.21/compute/v2.1/servers/2312931d-e1cd-4224-a8f4-bb73bb6afdbf 0.109s
2025-12-09 20:44:39.246 65455 INFO tempest.lib.common.rest_client [req-f1f020d3-ec71-4d7c-9df3-b2434ff0e921 req-f1f020d3-ec71-4d7c-9df3-b2434ff0e921 ] Request (ListImageFiltersTestJSON:tearDownClass): 200 GET http://10.180.1.21/compute/v2.1/servers/d3459645-3750-4957-bdcf-fbd90aa5fbb5 0.068s
2025-12-09 20:44:39.278 65459 INFO tempest.lib.common.rest_client [req-45648556-6b5e-4d3e-a370-a18cd34f6e86 req-45648556-6b5e-4d3e-a370-a18cd34f6e86 ] Request (ServerRescueTestJSON:setUpClass): 200 GET http://10.180.1.21/compute/v2.1/servers/c22a312d-4a61-40db-a22b-809c0ed6813b 0.099s
