2024-12-17 09:14:48.840 68209 INFO tempest.lib.common.fixed_network [-] (FloatingIPsAssociationTestJSON:setUpClass) Found network {'id': '32144de9-0447-4b37-9088-0ff75c2ee3a2', 'name': 'tempest-FloatingIPsAssociationTestJSON-1651995052-network', 'tenant_id': '55b4be81aeaf490e9aae0fa799bfc833', 'admin_state_up': True, 'mtu': 8950, 'status': 'ACTIVE', 'subnets': [], 'shared': False, 'project_id': '55b4be81aeaf490e9aae0fa799bfc833', 'port_security_enabled': True, 'router:external': False, 'provider:network_type': 'vlan', 'provider:physical_network': 'default', 'provider:segmentation_id': 14, 'availability_zone_hints': [], 'availability_zones': [], 'ipv4_address_scope': None, 'ipv6_address_scope': None, 'description': '', 'tags': [], 'created_at': '2024-12-17T09:14:44Z', 'updated_at': '2024-12-17T09:14:44Z', 'revision_number': 1} available for tenant
2024-12-17 09:14:48.904 68197 INFO tempest.lib.common.rest_client [req-317f129f-b7ad-4579-8ed0-97d800e488bd req-317f129f-b7ad-4579-8ed0-97d800e488bd ] Request (ServicesAdminNegativeV253TestJSON:setUpClass): 201 POST http://10.180.1.21/identity/v3/auth/tokens 0.907s
2024-12-17 09:14:48.951 68147 INFO tempest.lib.common.rest_client [req-8026bd1d-dcf0-4693-a56c-6553a334007b req-8026bd1d-dcf0-4693-a56c-6553a334007b ] Request (InstanceUsageAuditLogTestJSON:tearDownClass): 201 POST http://10.180.1.21/identity/v3/auth/tokens 0.743s
2024-12-17 09:14:48.986 68185 INFO tempest.lib.common.rest_client [req-6817a010-6978-4798-b4f8-e13abc33f376 req-6817a010-6978-4798-b4f8-e13abc33f376 ] Request (QuotaClassesAdmin257Test:setUpClass): 201 POST http://10.180.1.21/identity/v3/auth/tokens 0.865s
2024-12-17 09:14:49.027 68167 INFO tempest.lib.common.rest_client [req-98b5da1f-9f74-4805-bac9-78b640679abb req-98b5da1f-9f74-4805-bac9-78b640679abb ] Request (VolumesAssistedSnapshotsTest:setUpClass): 201 POST http://10.180.1.21/identity/v3/auth/tokens 0.770s
2024-12-17 09:14:49.042 68181 INFO tempest.lib.common.rest_client [req-78fe0eab-e67d-41b6-9550-240b7232035f req-78fe0eab-e67d-41b6-9550-240b7232035f ] Request (InstanceUsageAuditLogNegativeTestJSON:tearDownClass): 204 DELETE http://10.180.1.21/identity/v3/users/6e8970f63be04b0e894f773208cdbecc 0.755s
2024-12-17 09:14:49.042 68181 INFO tempest.lib.common.dynamic_creds [-] Deleting project and security group for project: 3dd82d4e80d446ae8ad4d4f3dae6f7ff
2024-12-17 09:14:49.075 68151 INFO tempest.lib.common.rest_client [req-e5363219-9bdb-4aac-a4dc-f70e35d78c49 req-e5363219-9bdb-4aac-a4dc-f70e35d78c49 ] Request (ServersWithSpecificFlavorTestJSON:setUpClass): 201 POST http://10.180.1.21:9696/networking/v2.0/subnets 0.257s
2024-12-17 09:14:49.077 68193 INFO tempest.lib.common.rest_client [req-776448b3-2a4c-425e-9c81-89b0ef82ec78 req-776448b3-2a4c-425e-9c81-89b0ef82ec78 ] Request (ServerDiagnosticsTest:test_get_server_diagnostics): 201 POST http://10.180.1.21/identity/v3/auth/tokens 0.736s
2024-12-17 09:14:49.078 68193 INFO tempest.lib.common.fixed_network [-] (ServerDiagnosticsTest:test_get_server_diagnostics) Found network None available for tenant
2024-12-17 09:14:49.093 68175 INFO tempest.lib.common.rest_client [req-e9aa0096-d043-4363-b42a-4ff294b46047 req-e9aa0096-d043-4363-b42a-4ff294b46047 ] Request (DeleteServersAdminTestJSON:test_admin_delete_servers_of_others): 201 POST http://10.180.1.21/identity/v3/auth/tokens 0.696s
2024-12-17 09:14:49.094 68175 INFO tempest.lib.common.fixed_network [-] (DeleteServersAdminTestJSON:test_admin_delete_servers_of_others) Found network None available for tenant
2024-12-17 09:14:49.132 68155 INFO tempest.lib.common.rest_client [req-e0705e6e-e396-428e-9bd1-9858ec8ed811 req-e0705e6e-e396-428e-9bd1-9858ec8ed811 ] Request (ServerExternalEventsTest:setUpClass): 201 POST http://10.180.1.21/identity/v3/projects 0.714s
2024-12-17 09:14:49.140 68183 INFO tempest.lib.common.rest_client [req-b86675d3-2af4-4082-bc51-cca83fe0760c req-b86675d3-2af4-4082-bc51-cca83fe0760c ] Request (HypervisorAdminV253TestBase:setUpClass): 201 POST http://10.180.1.21/identity/v3/users 0.650s
2024-12-17 09:14:49.166 68201 INFO tempest.lib.common.rest_client [req-2562f0ef-e440-437c-ae50-cc5f3b004b35 req-2562f0ef-e440-437c-ae50-cc5f3b004b35 ] Request (DeleteServersTestJSON:setUpClass): 201 POST http://10.180.1.21/identity/v3/auth/tokens 0.461s
2024-12-17 09:14:49.208 68199 INFO tempest.lib.common.rest_client [req-fc325697-2021-4db4-b20c-f43f62643e0f req-fc325697-2021-4db4-b20c-f43f62643e0f ] Request (QuotasSecurityGroupAdminNegativeTest:tearDownClass): 204 DELETE http://10.180.1.21/identity/v3/users/671c1ff039da40d8ae68078d613b753e 0.649s
2024-12-17 09:14:49.262 68203 INFO tempest.lib.common.rest_client [req-952a135b-39b5-4115-92fc-18466c8bf124 req-952a135b-39b5-4115-92fc-18466c8bf124 ] Request (FlavorsAccessNegativeTestJSON:setUpClass): 201 POST http://10.180.1.21/identity/v3/projects 0.491s
2024-12-17 09:14:49.270 68189 INFO tempest.lib.common.rest_client [req-8dc878b2-82cb-4cdb-a786-6d3aac44f192 req-8dc878b2-82cb-4cdb-a786-6d3aac44f192 ] Request (AZAdminNegativeTestJSON:test_get_availability_zone_list_detail_with_non_admin_user): 403 GET http://10.180.1.21/compute/v2.1/os-availability-zone/detail 1.694s
2024-12-17 09:14:49.388 68161 INFO tempest.lib.common.rest_client [req-9fa955b8-96ab-4164-a76e-d0b7ede1d12f req-9fa955b8-96ab-4164-a76e-d0b7ede1d12f ] Request (QuotasAdminTestV257:test_get_updated_quotas): 200 PUT http://10.180.1.21/compute/v2.1/os-quota-sets/04f1d91ea3184da8a0ce61a0c5d0af73 2.233s
2024-12-17 09:14:49.394 68167 INFO tempest.lib.common.rest_client [req-1cfb2e3a-c976-4d2c-a654-f881a644c12a req-1cfb2e3a-c976-4d2c-a654-f881a644c12a ] Request (VolumesAssistedSnapshotsTest:setUpClass): 201 POST http://10.180.1.21/identity/v3/projects 0.366s
2024-12-17 09:14:49.413 68149 INFO tempest.lib.common.rest_client [req-540d86be-4182-4e3b-9083-d4bcba4c3b47 req-540d86be-4182-4e3b-9083-d4bcba4c3b47 ] Request (HostsAdminNegativeTestJSON:test_reboot_nonexistent_host): 404 GET http://10.180.1.21/compute/v2.1/os-hosts/nonexistent_hostname/reboot 1.754s
2024-12-17 09:14:49.427 68181 INFO tempest.lib.common.rest_client [req-06a5dd41-68d4-4204-b098-3844f2288829 req-06a5dd41-68d4-4204-b098-3844f2288829 ] Request (InstanceUsageAuditLogNegativeTestJSON:tearDownClass): 201 POST http://10.180.1.21/identity/v3/auth/tokens 0.385s
2024-12-17 09:14:49.447 68183 INFO tempest.lib.common.rest_client [req-5f90a7b3-d206-4416-8f5c-9f291881d46c req-5f90a7b3-d206-4416-8f5c-9f291881d46c ] Request (HypervisorAdminV253TestBase:setUpClass): 200 GET http://10.180.1.21/identity/v3/roles 0.306s
2024-12-17 09:14:49.452 68155 INFO tempest.lib.common.rest_client [req-8768fa22-9ed5-47ed-9107-505ea19273d0 req-8768fa22-9ed5-47ed-9107-505ea19273d0 ] Request (ServerExternalEventsTest:setUpClass): 201 POST http://10.180.1.21/identity/v3/users 0.320s
2024-12-17 09:14:49.468 68201 INFO tempest.lib.common.rest_client [req-0a741041-d87f-499f-899f-223fe04754df req-0a741041-d87f-499f-899f-223fe04754df ] Request (DeleteServersTestJSON:setUpClass): 200 GET http://10.180.1.21/identity/v3/domains?name=Default 0.302s
2024-12-17 09:14:49.487 68203 INFO tempest.lib.common.rest_client [req-133669dc-9576-478c-8668-eb024f8479c4 req-133669dc-9576-478c-8668-eb024f8479c4 ] Request (FlavorsAccessNegativeTestJSON:setUpClass): 201 POST http://10.180.1.21/identity/v3/users 0.224s
2024-12-17 09:14:49.501 68199 INFO tempest.lib.common.rest_client [req-0d745b24-c125-4d61-a7cf-3d81f8d2f124 req-0d745b24-c125-4d61-a7cf-3d81f8d2f124 ] Request (QuotasSecurityGroupAdminNegativeTest:tearDownClass): 204 DELETE http://10.180.1.21/identity/v3/users/b375b2fb3cdd49e0ac3b18916ee1ce95 0.292s
2024-12-17 09:14:49.502 68199 INFO tempest.lib.common.dynamic_creds [-] Deleting project and security group for project: de81d7eb48c74eb481e9cdc29e946277
2024-12-17 09:14:49.572 68147 INFO tempest.lib.common.rest_client [req-7191b709-820d-4edc-8ba8-7fe50b34226b req-7191b709-820d-4edc-8ba8-7fe50b34226b ] Request (InstanceUsageAuditLogTestJSON:tearDownClass): 200 GET http://10.180.1.21:9696/networking/v2.0/security-groups?tenant_id=df6ef7fe39bc46e79f528221d0959d5d&name=default 0.620s
2024-12-17 09:14:49.584 68189 INFO tempest.lib.common.rest_client [req-41c701a9-d0e9-404d-9287-aab8a3ccfcd7 req-41c701a9-d0e9-404d-9287-aab8a3ccfcd7 ] Request (AZAdminNegativeTestJSON:tearDownClass): 204 DELETE http://10.180.1.21/identity/v3/users/b93d5b7845934075acb2ad9078e04355 0.277s
2024-12-17 09:14:49.606 68163 INFO tempest.lib.common.rest_client [req-9b8bae72-9bb4-4875-a2ea-cac770ed0b52 req-9b8bae72-9bb4-4875-a2ea-cac770ed0b52 ] Request (HypervisorAdminNegativeUnderV252Test:test_search_hypervisor_with_non_admin_user): 403 GET http://10.180.1.21/compute/v2.1/os-hypervisors/domain-c8.fc996f14-c53b-4953-92e3-bdfa48f5cc28/search 1.949s
2024-12-17 09:14:49.651 68167 INFO tempest.lib.common.rest_client [req-a83b8405-926c-4e6c-96d8-bac2e1046a94 req-a83b8405-926c-4e6c-96d8-bac2e1046a94 ] Request (VolumesAssistedSnapshotsTest:setUpClass): 201 POST http://10.180.1.21/identity/v3/users 0.256s
2024-12-17 09:14:49.709 68147 INFO tempest.lib.common.rest_client [req-bdaee8bd-6474-4672-9a14-574009ea5008 req-bdaee8bd-6474-4672-9a14-574009ea5008 ] Request (InstanceUsageAuditLogTestJSON:tearDownClass): 204 DELETE http://10.180.1.21:9696/networking/v2.0/security-groups/e30bab9a-6802-4883-be67-520509fc574c 0.136s
2024-12-17 09:14:49.737 68183 INFO tempest.lib.common.rest_client [req-534d5327-1fbe-4fba-bd63-c2064b14bdf6 req-534d5327-1fbe-4fba-bd63-c2064b14bdf6 ] Request (HypervisorAdminV253TestBase:setUpClass): 204 PUT http://10.180.1.21/identity/v3/projects/7cc589c0110c4962af4bc4b6b65fbdec/users/0c50f90d663742d394f0f18f3b82fe7d/roles/a8817189c945452587ce54434297c091 0.289s
2024-12-17 09:14:49.737 68183 INFO tempest.lib.common.dynamic_creds [-] Dynamic test user 0c50f90d663742d394f0f18f3b82fe7d is created with scope project and roles: ['member']
2024-12-17 09:14:49.737 68183 INFO tempest.lib.common.dynamic_creds [-] Acquired dynamic creds: credentials: Credentials: {'domain_id': 'default', 'domain_name': 'Default', 'username': 'tempest-HypervisorAdminV253TestBase-606678050-project-member', 'project_domain_id': 'default', 'project_domain_name': 'Default', 'project_id': '7cc589c0110c4962af4bc4b6b65fbdec', 'project_name': 'tempest-HypervisorAdminV253TestBase-606678050', 'tenant_id': '7cc589c0110c4962af4bc4b6b65fbdec', 'tenant_name': 'tempest-HypervisorAdminV253TestBase-606678050', 'user_domain_id': 'default', 'user_domain_name': 'Default', 'user_id': '0c50f90d663742d394f0f18f3b82fe7d', 'system': None}, Network: None, Subnet: None, Router: None
2024-12-17 09:14:49.737 68183 INFO tempest.lib.common.dynamic_creds [-] Created isolated network resources for: credentials: Credentials: {'domain_id': 'default', 'domain_name': 'Default', 'username': 'tempest-HypervisorAdminV253TestBase-606678050-project-member', 'project_domain_id': 'default', 'project_domain_name': 'Default', 'project_id': '7cc589c0110c4962af4bc4b6b65fbdec', 'project_name': 'tempest-HypervisorAdminV253TestBase-606678050', 'tenant_id': '7cc589c0110c4962af4bc4b6b65fbdec', 'tenant_name': 'tempest-HypervisorAdminV253TestBase-606678050', 'user_domain_id': 'default', 'user_domain_name': 'Default', 'user_id': '0c50f90d663742d394f0f18f3b82fe7d', 'system': None}, Network: None, Subnet: None, Router: None
2024-12-17 09:14:49.807 68155 INFO tempest.lib.common.rest_client [req-edd56915-4f92-4ed4-a01a-245e2bce6434 req-edd56915-4f92-4ed4-a01a-245e2bce6434 ] Request (ServerExternalEventsTest:setUpClass): 200 GET http://10.180.1.21/identity/v3/roles 0.354s
2024-12-17 09:14:49.824 68181 INFO tempest.lib.common.rest_client [req-01cc9f54-c63a-43f2-9269-3ce2daa9c1d2 req-01cc9f54-c63a-43f2-9269-3ce2daa9c1d2 ] Request (InstanceUsageAuditLogNegativeTestJSON:tearDownClass): 200 GET http://10.180.1.21:9696/networking/v2.0/security-groups?tenant_id=3dd82d4e80d446ae8ad4d4f3dae6f7ff&name=default 0.396s
2024-12-17 09:14:49.824 68151 INFO tempest.lib.common.rest_client [req-7083b01a-73d6-4a6f-9239-5a3d8af3310f req-7083b01a-73d6-4a6f-9239-5a3d8af3310f ] Request (ServersWithSpecificFlavorTestJSON:setUpClass): 201 POST http://10.180.1.21:9696/networking/v2.0/routers 0.748s
2024-12-17 09:14:49.827 68201 INFO tempest.lib.common.rest_client [req-561b258c-aee2-4e4c-9294-18f9044a71b3 req-561b258c-aee2-4e4c-9294-18f9044a71b3 ] Request (DeleteServersTestJSON:setUpClass): 201 POST http://10.180.1.21/identity/v3/projects 0.358s
2024-12-17 09:14:49.842 68203 INFO tempest.lib.common.rest_client [req-0dcfea16-4de9-4d79-96dd-09cb10a966a4 req-0dcfea16-4de9-4d79-96dd-09cb10a966a4 ] Request (FlavorsAccessNegativeTestJSON:setUpClass): 200 GET http://10.180.1.21/identity/v3/roles 0.355s
2024-12-17 09:14:49.893 68199 INFO tempest.lib.common.rest_client [req-3dc7ed68-4ffd-4e5b-b4d9-d493b7a36ce3 req-3dc7ed68-4ffd-4e5b-b4d9-d493b7a36ce3 ] Request (QuotasSecurityGroupAdminNegativeTest:tearDownClass): 201 POST http://10.180.1.21/identity/v3/auth/tokens 0.391s
2024-12-17 09:14:49.931 68181 INFO tempest.lib.common.rest_client [req-a035ce38-c535-4e67-9f58-2fc029ac8b76 req-a035ce38-c535-4e67-9f58-2fc029ac8b76 ] Request (InstanceUsageAuditLogNegativeTestJSON:tearDownClass): 204 DELETE http://10.180.1.21:9696/networking/v2.0/security-groups/c9e6d693-2d28-4be5-9bf7-9e943fe9ab46 0.107s
2024-12-17 09:14:49.974 68189 INFO tempest.lib.common.rest_client [req-ead0c468-023c-4fec-b4fd-7d8c67ca9226 req-ead0c468-023c-4fec-b4fd-7d8c67ca9226 ] Request (AZAdminNegativeTestJSON:tearDownClass): 204 DELETE http://10.180.1.21/identity/v3/users/a128956d3e1145c489902e6b95c2ead3 0.389s
2024-12-17 09:14:49.975 68189 INFO tempest.lib.common.dynamic_creds [-] Deleting project and security group for project: 53b96628e8df404e9292eca71c7f8903
2024-12-17 09:14:50.036 68167 INFO tempest.lib.common.rest_client [req-0b8a5fe4-71bf-4caf-b757-81dcd9f8ceda req-0b8a5fe4-71bf-4caf-b757-81dcd9f8ceda ] Request (VolumesAssistedSnapshotsTest:setUpClass): 200 GET http://10.180.1.21/identity/v3/roles 0.384s
2024-12-17 09:14:50.114 68147 INFO tempest.lib.common.rest_client [req-d769a9b6-a03f-4fac-86bf-38f08f130487 req-d769a9b6-a03f-4fac-86bf-38f08f130487 ] Request (InstanceUsageAuditLogTestJSON:tearDownClass): 204 DELETE http://10.180.1.21/identity/v3/projects/df6ef7fe39bc46e79f528221d0959d5d 0.404s
2024-12-17 09:14:50.114 68147 INFO tempest.lib.common.dynamic_creds [-] Deleting project and security group for project: 3ef11f076f0646e982da51a7381d1f0e
2024-12-17 09:14:50.171 68183 INFO tempest.lib.common.rest_client [req-dfa461b2-efca-4bed-9b74-97db1ddd19e8 req-dfa461b2-efca-4bed-9b74-97db1ddd19e8 ] Request (HypervisorAdminV253TestBase:setUpClass): 201 POST http://10.180.1.21/identity/v3/auth/tokens 0.429s
2024-12-17 09:14:50.179 68155 INFO tempest.lib.common.rest_client [req-836a1892-73af-42f6-8cc3-a02982d3cff5 req-836a1892-73af-42f6-8cc3-a02982d3cff5 ] Request (ServerExternalEventsTest:setUpClass): 204 PUT http://10.180.1.21/identity/v3/projects/6474f056e0be4af889f9220e8195ef2d/users/81ff566c924f4432a605b6dd1a498dbd/roles/ba99f002ff724e2a82ca8b9ed97daf43 0.371s
2024-12-17 09:14:50.233 68147 INFO tempest.lib.common.rest_client [req-d1ba8308-6c30-4622-ad81-0284a01a3661 req-d1ba8308-6c30-4622-ad81-0284a01a3661 ] Request (InstanceUsageAuditLogTestJSON:tearDownClass): 200 GET http://10.180.1.21:9696/networking/v2.0/security-groups?tenant_id=3ef11f076f0646e982da51a7381d1f0e&name=default 0.119s
2024-12-17 09:14:50.234 68201 INFO tempest.lib.common.rest_client [req-a90ec8a4-dacf-4fb8-bd81-8dce66f9db8f req-a90ec8a4-dacf-4fb8-bd81-8dce66f9db8f ] Request (DeleteServersTestJSON:setUpClass): 201 POST http://10.180.1.21/identity/v3/users 0.405s
2024-12-17 09:14:50.235 68203 INFO tempest.lib.common.rest_client [req-dcb08722-bf61-4690-85d7-e18023cc237b req-dcb08722-bf61-4690-85d7-e18023cc237b ] Request (FlavorsAccessNegativeTestJSON:setUpClass): 204 PUT http://10.180.1.21/identity/v3/projects/e80ec65e1d1d4e2bbd5d5dae18174533/users/41d10c16dec84953b852faee89cd4e13/roles/a8817189c945452587ce54434297c091 0.392s
2024-12-17 09:14:50.235 68203 INFO tempest.lib.common.dynamic_creds [-] Dynamic test user 41d10c16dec84953b852faee89cd4e13 is created with scope project and roles: ['member']
2024-12-17 09:14:50.236 68203 INFO tempest.lib.common.dynamic_creds [-] Acquired dynamic creds: credentials: Credentials: {'domain_id': 'default', 'domain_name': 'Default', 'username': 'tempest-FlavorsAccessNegativeTestJSON-950874031-project-member', 'project_domain_id': 'default', 'project_domain_name': 'Default', 'project_id': 'e80ec65e1d1d4e2bbd5d5dae18174533', 'project_name': 'tempest-FlavorsAccessNegativeTestJSON-950874031', 'tenant_id': 'e80ec65e1d1d4e2bbd5d5dae18174533', 'tenant_name': 'tempest-FlavorsAccessNegativeTestJSON-950874031', 'user_domain_id': 'default', 'user_domain_name': 'Default', 'user_id': '41d10c16dec84953b852faee89cd4e13', 'system': None}, Network: None, Subnet: None, Router: None
2024-12-17 09:14:50.236 68203 INFO tempest.lib.common.dynamic_creds [-] Created isolated network resources for: credentials: Credentials: {'domain_id': 'default', 'domain_name': 'Default', 'username': 'tempest-FlavorsAccessNegativeTestJSON-950874031-project-member', 'project_domain_id': 'default', 'project_domain_name': 'Default', 'project_id': 'e80ec65e1d1d4e2bbd5d5dae18174533', 'project_name': 'tempest-FlavorsAccessNegativeTestJSON-950874031', 'tenant_id': 'e80ec65e1d1d4e2bbd5d5dae18174533', 'tenant_name': 'tempest-FlavorsAccessNegativeTestJSON-950874031', 'user_domain_id': 'default', 'user_domain_name': 'Default', 'user_id': '41d10c16dec84953b852faee89cd4e13', 'system': None}, Network: None, Subnet: None, Router: None
2024-12-17 09:14:50.315 68181 INFO tempest.lib.common.rest_client [req-1f93933c-8fc5-4583-b9b9-01419fb5b235 req-1f93933c-8fc5-4583-b9b9-01419fb5b235 ] Request (InstanceUsageAuditLogNegativeTestJSON:tearDownClass): 204 DELETE http://10.180.1.21/identity/v3/projects/3dd82d4e80d446ae8ad4d4f3dae6f7ff 0.384s
2024-12-17 09:14:50.316 68181 INFO tempest.lib.common.dynamic_creds [-] Deleting project and security group for project: cf16dad56ccb4cfd8c10fab4f2d4f211
2024-12-17 09:14:50.318 68147 INFO tempest.lib.common.rest_client [req-bdb04c31-f273-42bf-beea-5e44b74e259e req-bdb04c31-f273-42bf-beea-5e44b74e259e ] Request (InstanceUsageAuditLogTestJSON:tearDownClass): 204 DELETE http://10.180.1.21:9696/networking/v2.0/security-groups/f84b5c9c-839d-4740-a781-0f8d543c2e15 0.084s
2024-12-17 09:14:50.368 68189 INFO tempest.lib.common.rest_client [req-d750a132-767c-4fd1-aaa7-d56b160dc1da req-d750a132-767c-4fd1-aaa7-d56b160dc1da ] Request (AZAdminNegativeTestJSON:tearDownClass): 201 POST http://10.180.1.21/identity/v3/auth/tokens 0.393s
2024-12-17 09:14:50.380 68167 INFO tempest.lib.common.rest_client [req-069b760a-4f4d-4077-8e4d-2b081496af47 req-069b760a-4f4d-4077-8e4d-2b081496af47 ] Request (VolumesAssistedSnapshotsTest:setUpClass): 204 PUT http://10.180.1.21/identity/v3/projects/78a5a69a4c104559ba7a8c517c97eca3/users/37c3fa05ce274da28b10d9371cec9bf1/roles/ba99f002ff724e2a82ca8b9ed97daf43 0.343s
2024-12-17 09:14:50.411 68181 INFO tempest.lib.common.rest_client [req-3850b06d-d6cf-4953-b779-f5b4cbfc1b9e req-3850b06d-d6cf-4953-b779-f5b4cbfc1b9e ] Request (InstanceUsageAuditLogNegativeTestJSON:tearDownClass): 200 GET http://10.180.1.21:9696/networking/v2.0/security-groups?tenant_id=cf16dad56ccb4cfd8c10fab4f2d4f211&name=default 0.094s
2024-12-17 09:14:50.465 68199 INFO tempest.lib.common.rest_client [req-a2ffeec4-8a08-4fa2-9a48-3d5f96b4ef13 req-a2ffeec4-8a08-4fa2-9a48-3d5f96b4ef13 ] Request (QuotasSecurityGroupAdminNegativeTest:tearDownClass): 200 GET http://10.180.1.21:9696/networking/v2.0/security-groups?tenant_id=de81d7eb48c74eb481e9cdc29e946277&name=default 0.572s
2024-12-17 09:14:50.499 68183 INFO tempest.lib.common.rest_client [req-a712cac0-ea9a-407f-8bd1-cf3a17824817 req-a712cac0-ea9a-407f-8bd1-cf3a17824817 ] Request (HypervisorAdminV253TestBase:setUpClass): 201 POST http://10.180.1.21/identity/v3/projects 0.326s
2024-12-17 09:14:50.503 68181 INFO tempest.lib.common.rest_client [req-27032839-76ee-47e3-b113-664bf0758474 req-27032839-76ee-47e3-b113-664bf0758474 ] Request (InstanceUsageAuditLogNegativeTestJSON:tearDownClass): 204 DELETE http://10.180.1.21:9696/networking/v2.0/security-groups/ef863799-6e4f-41ea-a6f2-8e0486eceecd 0.092s
2024-12-17 09:14:50.540 68155 INFO tempest.lib.common.rest_client [req-ff0bd5ad-b7a4-4faf-8e65-031a2514fec6 req-ff0bd5ad-b7a4-4faf-8e65-031a2514fec6 ] Request (ServerExternalEventsTest:setUpClass): 200 GET http://10.180.1.21/identity/v3/roles 0.360s
2024-12-17 09:14:50.546 68199 INFO tempest.lib.common.rest_client [req-c8dafafc-294f-43ae-bbb3-e1b67804e342 req-c8dafafc-294f-43ae-bbb3-e1b67804e342 ] Request (QuotasSecurityGroupAdminNegativeTest:tearDownClass): 204 DELETE http://10.180.1.21:9696/networking/v2.0/security-groups/af5bbb2b-0791-483c-83cc-d34ca1b4524d 0.081s
2024-12-17 09:14:50.555 68201 INFO tempest.lib.common.rest_client [req-e7408778-e6d1-4023-b829-a90f36c1d986 req-e7408778-e6d1-4023-b829-a90f36c1d986 ] Request (DeleteServersTestJSON:setUpClass): 200 GET http://10.180.1.21/identity/v3/roles 0.320s
2024-12-17 09:14:50.597 68203 INFO tempest.lib.common.rest_client [req-05394037-2d03-4718-88c2-aa923e25a58a req-05394037-2d03-4718-88c2-aa923e25a58a ] Request (FlavorsAccessNegativeTestJSON:setUpClass): 201 POST http://10.180.1.21/identity/v3/auth/tokens 0.314s
2024-12-17 09:14:50.598 68203 WARNING tempest.lib.common.rest_client [-] Deprecated: "tenant_id" property is deprecated for removal, use "project_id" instead
2024-12-17 09:14:50.628 68147 INFO tempest.lib.common.rest_client [req-d42ca83b-cfe8-4660-872d-e6d666586fd9 req-d42ca83b-cfe8-4660-872d-e6d666586fd9 ] Request (InstanceUsageAuditLogTestJSON:tearDownClass): 204 DELETE http://10.180.1.21/identity/v3/projects/3ef11f076f0646e982da51a7381d1f0e 0.309s
2024-12-17 09:14:50.711 68167 INFO tempest.lib.common.rest_client [req-5dc0fd1a-eebd-4011-87eb-95997a9bf3df req-5dc0fd1a-eebd-4011-87eb-95997a9bf3df ] Request (VolumesAssistedSnapshotsTest:setUpClass): 200 GET http://10.180.1.21/identity/v3/roles 0.331s
2024-12-17 09:14:50.721 68151 INFO tempest.lib.common.rest_client [req-cc1f6973-9f48-410d-9495-810b1e76e512 req-cc1f6973-9f48-410d-9495-810b1e76e512 ] Request (ServersWithSpecificFlavorTestJSON:setUpClass): 200 PUT http://10.180.1.21:9696/networking/v2.0/routers/f5fc81e5-f55e-485b-a9f2-e7eca5c2549b/add_router_interface 0.897s
2024-12-17 09:14:50.721 68151 INFO tempest.lib.common.dynamic_creds [-] Created isolated network resources for: credentials: Credentials: {'domain_id': 'default', 'domain_name': 'Default', 'username': 'tempest-ServersWithSpecificFlavorTestJSON-1182161978-project-admin', 'project_domain_id': 'default', 'project_domain_name': 'Default', 'project_id': '17ab63a0e18a4e828bfa7b2e38ff8a2a', 'project_name': 'tempest-ServersWithSpecificFlavorTestJSON-1182161978', 'tenant_id': '17ab63a0e18a4e828bfa7b2e38ff8a2a', 'tenant_name': 'tempest-ServersWithSpecificFlavorTestJSON-1182161978', 'user_domain_id': 'default', 'user_domain_name': 'Default', 'user_id': '20f713912cb14c26a5c1a826575e485d', 'system': None}, Network: {'id': '08e17932-35d4-471f-85ce-90fb0a1e3978', 'name': 'tempest-ServersWithSpecificFlavorTestJSON-1743779764-network', 'tenant_id': '17ab63a0e18a4e828bfa7b2e38ff8a2a', 'admin_state_up': True, 'mtu': 8950, 'status': 'ACTIVE', 'subnets': [], 'shared': False, 'project_id': '17ab63a0e18a4e828bfa7b2e38ff8a2a', 'port_security_enabled': True, 'router:external': False, 'provider:network_type': 'vlan', 'provider:physical_network': 'default', 'provider:segmentation_id': 712, 'availability_zone_hints': [], 'availability_zones': [], 'ipv4_address_scope': None, 'ipv6_address_scope': None, 'description': '', 'tags': [], 'created_at': '2024-12-17T09:14:48Z', 'updated_at': '2024-12-17T09:14:48Z', 'revision_number': 1}, Subnet: {'id': 'ce9c6b9a-5720-4ce0-a532-a3338352096b', 'name': 'tempest-ServersWithSpecificFlavorTestJSON-1743779764-subnet', 'tenant_id': '17ab63a0e18a4e828bfa7b2e38ff8a2a', 'network_id': '08e17932-35d4-471f-85ce-90fb0a1e3978', 'ip_version': 4, 'subnetpool_id': None, 'enable_dhcp': True, 'ipv6_ra_mode': None, 'ipv6_address_mode': None, 'gateway_ip': '192.168.128.1', 'cidr': '192.168.128.0/28', 'allocation_pools': [{'start': '192.168.128.2', 'end': '192.168.128.14'}], 'host_routes': [], 'dns_nameservers': [], 'description': '', 'router:external': False, 'service_types': [], 'tags': [], 'created_at': '2024-12-17T09:14:48Z', 'updated_at': '2024-12-17T09:14:48Z', 'revision_number': 0, 'project_id': '17ab63a0e18a4e828bfa7b2e38ff8a2a'}, Router: {'id': 'f5fc81e5-f55e-485b-a9f2-e7eca5c2549b', 'name': 'tempest-ServersWithSpecificFlavorTestJSON-1743779764-router', 'tenant_id': '17ab63a0e18a4e828bfa7b2e38ff8a2a', 'admin_state_up': True, 'status': 'ACTIVE', 'external_gateway_info': {'network_id': 'fb3179c1-d9f7-45d1-a6ef-a43d6226d1e6', 'external_fixed_ips': [{'subnet_id': '1da56faf-e537-4869-8d5f-751f4f3d88ed', 'ip_address': '10.180.180.148'}], 'enable_snat': True}, 'description': '', 'availability_zones': [], 'distributed': False, 'ha': False, 'availability_zone_hints': [], 'routes': [], 'flavor_id': None, 'tags': [], 'created_at': '2024-12-17T09:14:49Z', 'updated_at': '2024-12-17T09:14:49Z', 'revision_number': 2, 'project_id': '17ab63a0e18a4e828bfa7b2e38ff8a2a'}
2024-12-17 09:14:50.763 68183 INFO tempest.lib.common.rest_client [req-3d7b19d0-6429-4d1a-a072-7c78d39f78c7 req-3d7b19d0-6429-4d1a-a072-7c78d39f78c7 ] Request (HypervisorAdminV253TestBase:setUpClass): 201 POST http://10.180.1.21/identity/v3/users 0.263s
2024-12-17 09:14:50.798 68155 INFO tempest.lib.common.rest_client [req-c91336c2-943c-45a4-82a9-b5caf3c8324f req-c91336c2-943c-45a4-82a9-b5caf3c8324f ] Request (ServerExternalEventsTest:setUpClass): 204 PUT http://10.180.1.21/identity/v3/projects/6474f056e0be4af889f9220e8195ef2d/users/81ff566c924f4432a605b6dd1a498dbd/roles/ccd4c6f29a3644e6aa03a55690ad2052 0.257s
2024-12-17 09:14:50.799 68155 INFO tempest.lib.common.dynamic_creds [-] Dynamic test user 81ff566c924f4432a605b6dd1a498dbd is created with scope project and roles: ['admin', 'service']
2024-12-17 09:14:50.799 68155 INFO tempest.lib.common.dynamic_creds [-] Acquired dynamic creds: credentials: Credentials: {'domain_id': 'default', 'domain_name': 'Default', 'username': 'tempest-ServerExternalEventsTest-606090344-project', 'project_domain_id': 'default', 'project_domain_name': 'Default', 'project_id': '6474f056e0be4af889f9220e8195ef2d', 'project_name': 'tempest-ServerExternalEventsTest-606090344', 'tenant_id': '6474f056e0be4af889f9220e8195ef2d', 'tenant_name': 'tempest-ServerExternalEventsTest-606090344', 'user_domain_id': 'default', 'user_domain_name': 'Default', 'user_id': '81ff566c924f4432a605b6dd1a498dbd', 'system': None}, Network: None, Subnet: None, Router: None
2024-12-17 09:14:50.799 68155 INFO tempest.lib.common.dynamic_creds [-] Created isolated network resources for: credentials: Credentials: {'domain_id': 'default', 'domain_name': 'Default', 'username': 'tempest-ServerExternalEventsTest-606090344-project', 'project_domain_id': 'default', 'project_domain_name': 'Default', 'project_id': '6474f056e0be4af889f9220e8195ef2d', 'project_name': 'tempest-ServerExternalEventsTest-606090344', 'tenant_id': '6474f056e0be4af889f9220e8195ef2d', 'tenant_name': 'tempest-ServerExternalEventsTest-606090344', 'user_domain_id': 'default', 'user_domain_name': 'Default', 'user_id': '81ff566c924f4432a605b6dd1a498dbd', 'system': None}, Network: None, Subnet: None, Router: None
2024-12-17 09:14:50.826 68189 INFO tempest.lib.common.rest_client [req-86ee476a-1048-40b1-8f9b-ca7bcefada02 req-86ee476a-1048-40b1-8f9b-ca7bcefada02 ] Request (AZAdminNegativeTestJSON:tearDownClass): 200 GET http://10.180.1.21:9696/networking/v2.0/security-groups?tenant_id=53b96628e8df404e9292eca71c7f8903&name=default 0.458s
2024-12-17 09:14:50.828 68181 INFO tempest.lib.common.rest_client [req-4a138cc8-950d-4c47-b357-d8b3e5ba0685 req-4a138cc8-950d-4c47-b357-d8b3e5ba0685 ] Request (InstanceUsageAuditLogNegativeTestJSON:tearDownClass): 204 DELETE http://10.180.1.21/identity/v3/projects/cf16dad56ccb4cfd8c10fab4f2d4f211 0.324s
2024-12-17 09:14:50.829 68181 INFO tempest.test [-] raised in LiveMigrationNegativeTest.setUpClass. Invoking tearDownClass.
2024-12-17 09:14:50.891 68201 INFO tempest.lib.common.rest_client [req-55468dc9-e1cb-45fc-8c2b-92bfc869e477 req-55468dc9-e1cb-45fc-8c2b-92bfc869e477 ] Request (DeleteServersTestJSON:setUpClass): 204 PUT http://10.180.1.21/identity/v3/projects/b43c9487f5d8411a9abefefb0e02cd77/users/e6430b5a3acb4420a6754c7a6a9bc65d/roles/a8817189c945452587ce54434297c091 0.336s
2024-12-17 09:14:50.891 68201 INFO tempest.lib.common.dynamic_creds [-] Dynamic test user e6430b5a3acb4420a6754c7a6a9bc65d is created with scope project and roles: ['member']
2024-12-17 09:14:50.892 68201 INFO tempest.lib.common.dynamic_creds [-] Acquired dynamic creds: credentials: Credentials: {'domain_id': 'default', 'domain_name': 'Default', 'username': 'tempest-DeleteServersTestJSON-362884681-project-member', 'project_domain_id': 'default', 'project_domain_name': 'Default', 'project_id': 'b43c9487f5d8411a9abefefb0e02cd77', 'project_name': 'tempest-DeleteServersTestJSON-362884681', 'tenant_id': 'b43c9487f5d8411a9abefefb0e02cd77', 'tenant_name': 'tempest-DeleteServersTestJSON-362884681', 'user_domain_id': 'default', 'user_domain_name': 'Default', 'user_id': 'e6430b5a3acb4420a6754c7a6a9bc65d', 'system': None}, Network: None, Subnet: None, Router: None
2024-12-17 09:14:50.913 68171 INFO tempest.lib.common.rest_client [req-1a2b9b6c-7bea-468b-a4bb-37a4fad771c9 req-1a2b9b6c-7bea-468b-a4bb-37a4fad771c9 ] Request (SecurityGroupsTestAdminJSON:test_list_security_groups_list_all_tenants_filter): 200 POST http://10.180.1.21/compute/v2.1/os-security-groups 3.137s
2024-12-17 09:14:50.922 68189 INFO tempest.lib.common.rest_client [req-67f1942c-c439-4fe3-ae94-496bea69164b req-67f1942c-c439-4fe3-ae94-496bea69164b ] Request (AZAdminNegativeTestJSON:tearDownClass): 204 DELETE http://10.180.1.21:9696/networking/v2.0/security-groups/099cd61c-7638-4eb5-9414-090987712f1a 0.095s
2024-12-17 09:14:50.929 68199 INFO tempest.lib.common.rest_client [req-b5a7fa6e-dcd6-4e6c-9882-962244de638b req-b5a7fa6e-dcd6-4e6c-9882-962244de638b ] Request (QuotasSecurityGroupAdminNegativeTest:tearDownClass): 204 DELETE http://10.180.1.21/identity/v3/projects/de81d7eb48c74eb481e9cdc29e946277 0.382s
2024-12-17 09:14:50.930 68199 INFO tempest.lib.common.dynamic_creds [-] Deleting project and security group for project: 50ae04350ee94b009ea91b68e2d46941
2024-12-17 09:14:50.948 68147 INFO tempest.lib.common.rest_client [req-47100ec4-e62f-4652-bee7-19f805a81f24 req-47100ec4-e62f-4652-bee7-19f805a81f24 ] Request (ListImagesTestJSON:setUpClass): 201 POST http://10.180.1.21/identity/v3/auth/tokens 0.318s
2024-12-17 09:14:50.969 68167 INFO tempest.lib.common.rest_client [req-14869e71-819a-436c-a5ac-b950a6ecd65e req-14869e71-819a-436c-a5ac-b950a6ecd65e ] Request (VolumesAssistedSnapshotsTest:setUpClass): 204 PUT http://10.180.1.21/identity/v3/projects/78a5a69a4c104559ba7a8c517c97eca3/users/37c3fa05ce274da28b10d9371cec9bf1/roles/ccd4c6f29a3644e6aa03a55690ad2052 0.258s
2024-12-17 09:14:50.970 68167 INFO tempest.lib.common.dynamic_creds [-] Dynamic test user 37c3fa05ce274da28b10d9371cec9bf1 is created with scope project and roles: ['admin', 'service']
2024-12-17 09:14:50.970 68167 INFO tempest.lib.common.dynamic_creds [-] Acquired dynamic creds: credentials: Credentials: {'domain_id': 'default', 'domain_name': 'Default', 'username': 'tempest-VolumesAssistedSnapshotsTest-949697616-project', 'project_domain_id': 'default', 'project_domain_name': 'Default', 'project_id': '78a5a69a4c104559ba7a8c517c97eca3', 'project_name': 'tempest-VolumesAssistedSnapshotsTest-949697616', 'tenant_id': '78a5a69a4c104559ba7a8c517c97eca3', 'tenant_name': 'tempest-VolumesAssistedSnapshotsTest-949697616', 'user_domain_id': 'default', 'user_domain_name': 'Default', 'user_id': '37c3fa05ce274da28b10d9371cec9bf1', 'system': None}, Network: None, Subnet: None, Router: None
2024-12-17 09:14:51.022 68199 INFO tempest.lib.common.rest_client [req-d509568e-f617-4714-a882-178c4b01cec4 req-d509568e-f617-4714-a882-178c4b01cec4 ] Request (QuotasSecurityGroupAdminNegativeTest:tearDownClass): 200 GET http://10.180.1.21:9696/networking/v2.0/security-groups?tenant_id=50ae04350ee94b009ea91b68e2d46941&name=default 0.092s
2024-12-17 09:14:51.035 68151 INFO tempest.lib.common.rest_client [req-6b684c0a-9ec3-495f-967f-c8fd6f64ae82 req-6b684c0a-9ec3-495f-967f-c8fd6f64ae82 ] Request (ServersWithSpecificFlavorTestJSON:setUpClass): 201 POST http://10.180.1.21/identity/v3/auth/tokens 0.309s
2024-12-17 09:14:51.061 68183 INFO tempest.lib.common.rest_client [req-bd63eb10-6ccc-4c61-89a8-83a639975b1d req-bd63eb10-6ccc-4c61-89a8-83a639975b1d ] Request (HypervisorAdminV253TestBase:setUpClass): 200 GET http://10.180.1.21/identity/v3/roles 0.297s
2024-12-17 09:14:51.095 68199 INFO tempest.lib.common.rest_client [req-8669a18c-abcf-429d-ac50-273dfcbb3091 req-8669a18c-abcf-429d-ac50-273dfcbb3091 ] Request (QuotasSecurityGroupAdminNegativeTest:tearDownClass): 204 DELETE http://10.180.1.21:9696/networking/v2.0/security-groups/6aab01d0-39ab-4c7c-a775-844f42982ce9 0.073s
2024-12-17 09:14:51.134 68181 INFO tempest.lib.common.rest_client [req-e105ce34-2f45-4fa2-ad35-4a0980d11c81 req-e105ce34-2f45-4fa2-ad35-4a0980d11c81 ] Request (SecurityGroupRulesTestJSON:setUpClass): 201 POST http://10.180.1.21/identity/v3/auth/tokens 0.301s
2024-12-17 09:14:51.141 68155 INFO tempest.lib.common.rest_client [req-ce8b1b19-260c-4b4f-846e-81e7a5780975 req-ce8b1b19-260c-4b4f-846e-81e7a5780975 ] Request (ServerExternalEventsTest:setUpClass): 201 POST http://10.180.1.21/identity/v3/auth/tokens 0.339s
2024-12-17 09:14:51.159 68201 INFO tempest.lib.common.rest_client [req-81bbb939-6c52-4d68-b72c-ef69d958b798 req-81bbb939-6c52-4d68-b72c-ef69d958b798 ] Request (DeleteServersTestJSON:setUpClass): 201 POST http://10.180.1.21/identity/v3/auth/tokens 0.267s
2024-12-17 09:14:51.177 68173 INFO tempest.lib.common.rest_client [req-7e9c0bbd-c8da-4e60-aa18-f45135b74aed req-7e9c0bbd-c8da-4e60-aa18-f45135b74aed ] Request (FlavorsV2NegativeTest:test_boot_with_low_ram): 204 PUT http://10.180.1.21/image/v2/images/4ebde192-4a33-4cde-bb61-ad16bec50c3b/file 4.096s
2024-12-17 09:14:51.209 68189 INFO tempest.lib.common.rest_client [req-78d415c8-b16f-48ed-8fda-07b82f78755d req-78d415c8-b16f-48ed-8fda-07b82f78755d ] Request (AZAdminNegativeTestJSON:tearDownClass): 204 DELETE http://10.180.1.21/identity/v3/projects/53b96628e8df404e9292eca71c7f8903 0.286s
2024-12-17 09:14:51.209 68189 INFO tempest.lib.common.dynamic_creds [-] Deleting project and security group for project: 157448ecce364dbba4587916e94f058a
2024-12-17 09:14:51.258 68147 INFO tempest.lib.common.rest_client [req-22d163a6-4764-411c-b80f-9cf1e06b40af req-22d163a6-4764-411c-b80f-9cf1e06b40af ] Request (ListImagesTestJSON:setUpClass): 201 POST http://10.180.1.21/identity/v3/auth/tokens 0.307s
2024-12-17 09:14:51.269 68167 INFO tempest.lib.common.rest_client [req-35c3b435-4c68-41ff-b3ff-0f6de46e4878 req-35c3b435-4c68-41ff-b3ff-0f6de46e4878 ] Request (VolumesAssistedSnapshotsTest:setUpClass): 201 POST http://10.180.1.21:9696/networking/v2.0/networks 0.299s
2024-12-17 09:14:51.292 68165 INFO tempest.lib.common.rest_client [req-3fa6725f-c315-4445-a88a-6ac3071e1a01 req-3fa6725f-c315-4445-a88a-6ac3071e1a01 ] Request (FlavorsExtraSpecsTestJSON:setUpClass): 200 POST http://10.180.1.21/compute/v2.1/flavors 3.305s
2024-12-17 09:14:51.293 68183 INFO tempest.lib.common.rest_client [req-782e2ec5-e583-4130-a6b8-f54bb280cd6b req-782e2ec5-e583-4130-a6b8-f54bb280cd6b ] Request (HypervisorAdminV253TestBase:setUpClass): 204 PUT http://10.180.1.21/identity/v3/projects/7edd558152914e28a08b590c3a1edca7/users/6e7b925bc7b74102bca44cd0d954f305/roles/ba99f002ff724e2a82ca8b9ed97daf43 0.231s
2024-12-17 09:14:51.306 68189 INFO tempest.lib.common.rest_client [req-7a1f97e8-79e7-4698-a0e5-fdf766a80a22 req-7a1f97e8-79e7-4698-a0e5-fdf766a80a22 ] Request (AZAdminNegativeTestJSON:tearDownClass): 200 GET http://10.180.1.21:9696/networking/v2.0/security-groups?tenant_id=157448ecce364dbba4587916e94f058a&name=default 0.096s
2024-12-17 09:14:51.322 68199 INFO tempest.lib.common.rest_client [req-673cb4b9-731a-4433-865c-2ceafc49c9f6 req-673cb4b9-731a-4433-865c-2ceafc49c9f6 ] Request (QuotasSecurityGroupAdminNegativeTest:tearDownClass): 204 DELETE http://10.180.1.21/identity/v3/projects/50ae04350ee94b009ea91b68e2d46941 0.226s
2024-12-17 09:14:51.348 68181 INFO tempest.lib.common.rest_client [req-26046e90-5802-44cd-950d-e456e8dd0384 req-26046e90-5802-44cd-950d-e456e8dd0384 ] Request (SecurityGroupRulesTestJSON:setUpClass): 201 POST http://10.180.1.21/identity/v3/auth/tokens 0.211s
2024-12-17 09:14:51.371 68155 INFO tempest.lib.common.rest_client [req-9c9a7541-9dfa-471f-8f83-90a3728cc64d req-9c9a7541-9dfa-471f-8f83-90a3728cc64d ] Request (ServerExternalEventsTest:test_create_server_external_events): 201 POST http://10.180.1.21/identity/v3/auth/tokens 0.226s
2024-12-17 09:14:51.372 68155 INFO tempest.lib.common.fixed_network [-] (ServerExternalEventsTest:test_create_server_external_events) Found network None available for tenant
2024-12-17 09:14:51.386 68189 INFO tempest.lib.common.rest_client [req-d35aeefd-fdef-47b8-bd5f-b87ebc8aa367 req-d35aeefd-fdef-47b8-bd5f-b87ebc8aa367 ] Request (AZAdminNegativeTestJSON:tearDownClass): 204 DELETE http://10.180.1.21:9696/networking/v2.0/security-groups/847cd1d0-d86f-4eb9-bebc-872acee21a73 0.079s
2024-12-17 09:14:51.426 68147 INFO tempest.lib.common.rest_client [req-be552f25-c8da-4b88-a869-8f6dafa99144 req-be552f25-c8da-4b88-a869-8f6dafa99144 ] Request (ListImagesTestJSON:setUpClass): 200 GET http://10.180.1.21/identity/v3/domains?name=Default 0.168s
2024-12-17 09:14:51.429 68173 INFO tempest.lib.common.rest_client [req-e73a3db7-ebf8-4d4f-b0dd-7d636c211a1c req-e73a3db7-ebf8-4d4f-b0dd-7d636c211a1c ] Request (FlavorsV2NegativeTest:test_boot_with_low_ram): 201 POST http://10.180.1.21/identity/v3/auth/tokens 0.249s
2024-12-17 09:14:51.429 68173 INFO tempest.lib.common.fixed_network [-] (FlavorsV2NegativeTest:test_boot_with_low_ram) Found network None available for tenant
2024-12-17 09:14:51.450 68183 INFO tempest.lib.common.rest_client [req-8694a0d0-c30e-42bf-a448-5f2a48444057 req-8694a0d0-c30e-42bf-a448-5f2a48444057 ] Request (HypervisorAdminV253TestBase:setUpClass): 200 GET http://10.180.1.21/identity/v3/roles 0.156s
2024-12-17 09:14:51.474 68199 INFO tempest.lib.common.rest_client [req-5949954f-0e34-4997-930b-eed1025e2f0a req-5949954f-0e34-4997-930b-eed1025e2f0a ] Request (ListImageFiltersTestJSON:setUpClass): 201 POST http://10.180.1.21/identity/v3/auth/tokens 0.151s
2024-12-17 09:14:51.498 68181 INFO tempest.lib.common.rest_client [req-5861c99b-1891-46fa-88db-52e8f6a06941 req-5861c99b-1891-46fa-88db-52e8f6a06941 ] Request (SecurityGroupRulesTestJSON:setUpClass): 200 GET http://10.180.1.21/identity/v3/domains?name=Default 0.150s
2024-12-17 09:14:51.549 68153 INFO tempest.lib.common.rest_client [req-f18efb0b-109e-4692-b99b-592d1cb899c4 req-f18efb0b-109e-4692-b99b-592d1cb899c4 ] Request (FlavorMetadataValidation:test_flavor_update_with_custom_namespace): 200 POST http://10.180.1.21/compute/v2.1/flavors 3.481s
2024-12-17 09:14:51.550 68167 INFO tempest.lib.common.rest_client [req-fe581753-ef5e-4254-becd-d86306508b2a req-fe581753-ef5e-4254-becd-d86306508b2a ] Request (VolumesAssistedSnapshotsTest:setUpClass): 201 POST http://10.180.1.21:9696/networking/v2.0/subnets 0.280s
2024-12-17 09:14:51.562 68147 INFO tempest.lib.common.rest_client [req-ac1d2bb4-3e0f-4c0d-8840-96a10b750d07 req-ac1d2bb4-3e0f-4c0d-8840-96a10b750d07 ] Request (ListImagesTestJSON:setUpClass): 201 POST http://10.180.1.21/identity/v3/projects 0.135s
2024-12-17 09:14:51.576 68189 INFO tempest.lib.common.rest_client [req-acb29be1-5833-4165-910c-100c394089c0 req-acb29be1-5833-4165-910c-100c394089c0 ] Request (AZAdminNegativeTestJSON:tearDownClass): 204 DELETE http://10.180.1.21/identity/v3/projects/157448ecce364dbba4587916e94f058a 0.190s
2024-12-17 09:14:51.589 68201 INFO tempest.lib.common.rest_client [req-e685b500-3954-4db3-912c-55c35e62e893 req-e685b500-3954-4db3-912c-55c35e62e893 ] Request (DeleteServersTestJSON:setUpClass): 201 POST http://10.180.1.21:9696/networking/v2.0/networks 0.430s
2024-12-17 09:14:51.634 68183 INFO tempest.lib.common.rest_client [req-d9bd989b-1711-49aa-8df2-e1df9f77339a req-d9bd989b-1711-49aa-8df2-e1df9f77339a ] Request (HypervisorAdminV253TestBase:setUpClass): 204 PUT http://10.180.1.21/identity/v3/projects/7edd558152914e28a08b590c3a1edca7/users/6e7b925bc7b74102bca44cd0d954f305/roles/ba99f002ff724e2a82ca8b9ed97daf43 0.183s
2024-12-17 09:14:51.634 68183 INFO tempest.lib.common.dynamic_creds [-] Dynamic test user 6e7b925bc7b74102bca44cd0d954f305 is created with scope project and roles: ['admin']
2024-12-17 09:14:51.634 68183 INFO tempest.lib.common.dynamic_creds [-] Acquired dynamic creds: credentials: Credentials: {'domain_id': 'default', 'domain_name': 'Default', 'username': 'tempest-HypervisorAdminV253TestBase-1667288473-project-admin', 'project_domain_id': 'default', 'project_domain_name': 'Default', 'project_id': '7edd558152914e28a08b590c3a1edca7', 'project_name': 'tempest-HypervisorAdminV253TestBase-1667288473', 'tenant_id': '7edd558152914e28a08b590c3a1edca7', 'tenant_name': 'tempest-HypervisorAdminV253TestBase-1667288473', 'user_domain_id': 'default', 'user_domain_name': 'Default', 'user_id': '6e7b925bc7b74102bca44cd0d954f305', 'system': None}, Network: None, Subnet: None, Router: None
2024-12-17 09:14:51.634 68183 INFO tempest.lib.common.dynamic_creds [-] Created isolated network resources for: credentials: Credentials: {'domain_id': 'default', 'domain_name': 'Default', 'username': 'tempest-HypervisorAdminV253TestBase-1667288473-project-admin', 'project_domain_id': 'default', 'project_domain_name': 'Default', 'project_id': '7edd558152914e28a08b590c3a1edca7', 'project_name': 'tempest-HypervisorAdminV253TestBase-1667288473', 'tenant_id': '7edd558152914e28a08b590c3a1edca7', 'tenant_name': 'tempest-HypervisorAdminV253TestBase-1667288473', 'user_domain_id': 'default', 'user_domain_name': 'Default', 'user_id': '6e7b925bc7b74102bca44cd0d954f305', 'system': None}, Network: None, Subnet: None, Router: None
2024-12-17 09:14:51.644 68199 INFO tempest.lib.common.rest_client [req-19b16e4b-a938-4d4b-90b4-f831040d07bd req-19b16e4b-a938-4d4b-90b4-f831040d07bd ] Request (ListImageFiltersTestJSON:setUpClass): 201 POST http://10.180.1.21/identity/v3/auth/tokens 0.166s
2024-12-17 09:14:51.712 68181 INFO tempest.lib.common.rest_client [req-4d42ef56-404d-4bc1-a9be-b0c7d58f8f7d req-4d42ef56-404d-4bc1-a9be-b0c7d58f8f7d ] Request (SecurityGroupRulesTestJSON:setUpClass): 201 POST http://10.180.1.21/identity/v3/projects 0.213s
2024-12-17 09:14:51.772 68201 INFO tempest.lib.common.rest_client [req-ba9fd55b-761f-482d-a1ef-4f1b66fc7ea4 req-ba9fd55b-761f-482d-a1ef-4f1b66fc7ea4 ] Request (DeleteServersTestJSON:setUpClass): 201 POST http://10.180.1.21:9696/networking/v2.0/subnets 0.179s
2024-12-17 09:14:51.777 68147 INFO tempest.lib.common.rest_client [req-c842c4e7-3979-4144-a12b-47722b606504 req-c842c4e7-3979-4144-a12b-47722b606504 ] Request (ListImagesTestJSON:setUpClass): 201 POST http://10.180.1.21/identity/v3/users 0.215s
2024-12-17 09:14:51.804 68189 INFO tempest.lib.common.rest_client [req-4978e183-e194-46a0-926a-fcb35d5c2a42 req-4978e183-e194-46a0-926a-fcb35d5c2a42 ] Request (ServersAdmin275Test:setUpClass): 201 POST http://10.180.1.21/identity/v3/auth/tokens 0.226s
2024-12-17 09:14:51.824 68199 INFO tempest.lib.common.rest_client [req-ccfa754d-cbec-459c-9b8f-51804656e6fc req-ccfa754d-cbec-459c-9b8f-51804656e6fc ] Request (ListImageFiltersTestJSON:setUpClass): 200 GET http://10.180.1.21/identity/v3/domains?name=Default 0.180s
2024-12-17 09:14:51.844 68181 INFO tempest.lib.common.rest_client [req-8d9e373d-ac99-4e26-9177-c508d19beb67 req-8d9e373d-ac99-4e26-9177-c508d19beb67 ] Request (SecurityGroupRulesTestJSON:setUpClass): 201 POST http://10.180.1.21/identity/v3/users 0.131s
2024-12-17 09:14:51.849 68183 INFO tempest.lib.common.rest_client [req-5c60285f-fae4-4a72-b3c9-854a46752dc5 req-5c60285f-fae4-4a72-b3c9-854a46752dc5 ] Request (HypervisorAdminV253TestBase:setUpClass): 201 POST http://10.180.1.21/identity/v3/auth/tokens 0.211s
2024-12-17 09:14:51.865 68147 INFO tempest.lib.common.rest_client [req-2520571e-b607-4022-9cb6-e056c3670819 req-2520571e-b607-4022-9cb6-e056c3670819 ] Request (ListImagesTestJSON:setUpClass): 200 GET http://10.180.1.21/identity/v3/roles 0.087s
2024-12-17 09:14:51.872 68189 INFO tempest.lib.common.rest_client [req-a5dd6c30-29ed-4345-a899-aaaf104a8f32 req-a5dd6c30-29ed-4345-a899-aaaf104a8f32 ] Request (ServersAdmin275Test:setUpClass): 201 POST http://10.180.1.21/identity/v3/auth/tokens 0.066s
2024-12-17 09:14:51.888 68181 INFO tempest.lib.common.rest_client [req-bc7787ff-2bab-4bc1-a002-6b81c81b9319 req-bc7787ff-2bab-4bc1-a002-6b81c81b9319 ] Request (SecurityGroupRulesTestJSON:setUpClass): 200 GET http://10.180.1.21/identity/v3/roles 0.044s
2024-12-17 09:14:51.898 68177 INFO tempest.lib.common.rest_client [req-8287e517-615e-41dd-abf1-91d897788244 req-8287e517-615e-41dd-abf1-91d897788244 ] Request (FloatingIPsTestJSON:test_allocate_floating_ip): 200 POST http://10.180.1.21/compute/v2.1/os-floating-ips 4.052s
2024-12-17 09:14:51.901 68199 INFO tempest.lib.common.rest_client [req-ca2565cd-2302-4390-94d9-5958086b5120 req-ca2565cd-2302-4390-94d9-5958086b5120 ] Request (ListImageFiltersTestJSON:setUpClass): 201 POST http://10.180.1.21/identity/v3/projects 0.077s
2024-12-17 09:14:51.956 68147 INFO tempest.lib.common.rest_client [req-0bd418c6-6b38-4e1c-afa6-129347865992 req-0bd418c6-6b38-4e1c-afa6-129347865992 ] Request (ListImagesTestJSON:setUpClass): 204 PUT http://10.180.1.21/identity/v3/projects/bece7ee707b94750b001479e9105e319/users/ec0d048827bc46e7baa2db2a55388d63/roles/a8817189c945452587ce54434297c091 0.090s
2024-12-17 09:14:51.956 68147 INFO tempest.lib.common.dynamic_creds [-] Dynamic test user ec0d048827bc46e7baa2db2a55388d63 is created with scope project and roles: ['member']
2024-12-17 09:14:51.956 68147 INFO tempest.lib.common.dynamic_creds [-] Acquired dynamic creds: credentials: Credentials: {'domain_id': 'default', 'domain_name': 'Default', 'username': 'tempest-ListImagesTestJSON-1815146479-project-member', 'project_domain_id': 'default', 'project_domain_name': 'Default', 'project_id': 'bece7ee707b94750b001479e9105e319', 'project_name': 'tempest-ListImagesTestJSON-1815146479', 'tenant_id': 'bece7ee707b94750b001479e9105e319', 'tenant_name': 'tempest-ListImagesTestJSON-1815146479', 'user_domain_id': 'default', 'user_domain_name': 'Default', 'user_id': 'ec0d048827bc46e7baa2db2a55388d63', 'system': None}, Network: None, Subnet: None, Router: None
2024-12-17 09:14:51.956 68147 INFO tempest.lib.common.dynamic_creds [-] Created isolated network resources for: credentials: Credentials: {'domain_id': 'default', 'domain_name': 'Default', 'username': 'tempest-ListImagesTestJSON-1815146479-project-member', 'project_domain_id': 'default', 'project_domain_name': 'Default', 'project_id': 'bece7ee707b94750b001479e9105e319', 'project_name': 'tempest-ListImagesTestJSON-1815146479', 'tenant_id': 'bece7ee707b94750b001479e9105e319', 'tenant_name': 'tempest-ListImagesTestJSON-1815146479', 'user_domain_id': 'default', 'user_domain_name': 'Default', 'user_id': 'ec0d048827bc46e7baa2db2a55388d63', 'system': None}, Network: None, Subnet: None, Router: None
2024-12-17 09:14:52.006 68157 INFO tempest.lib.common.rest_client [req-5201df9f-cb4d-4558-8143-ed0f43a12958 req-5201df9f-cb4d-4558-8143-ed0f43a12958 ] Request (QuotasAdminNegativeTest:test_create_server_when_cpu_quota_is_full): 200 GET http://10.180.1.21/compute/v2.1/os-quota-sets/3ae8fa66279b47829f93c1efad0b8ee1 3.880s
2024-12-17 09:14:52.019 68189 INFO tempest.lib.common.rest_client [req-b790aa05-6bcf-4e5f-a43a-25b98b091ba5 req-b790aa05-6bcf-4e5f-a43a-25b98b091ba5 ] Request (ServersAdmin275Test:setUpClass): 200 GET http://10.180.1.21/identity/v3/domains?name=Default 0.145s
2024-12-17 09:14:52.038 68181 INFO tempest.lib.common.rest_client [req-59cd9f5c-cf6b-4b8a-9f45-75c9bce432e9 req-59cd9f5c-cf6b-4b8a-9f45-75c9bce432e9 ] Request (SecurityGroupRulesTestJSON:setUpClass): 204 PUT http://10.180.1.21/identity/v3/projects/b14593677baa41b69eeebf9f3860ed0e/users/71f71d23618444a58399cc156a345673/roles/a8817189c945452587ce54434297c091 0.150s
2024-12-17 09:14:52.039 68181 INFO tempest.lib.common.dynamic_creds [-] Dynamic test user 71f71d23618444a58399cc156a345673 is created with scope project and roles: ['member']
2024-12-17 09:14:52.039 68181 INFO tempest.lib.common.dynamic_creds [-] Acquired dynamic creds: credentials: Credentials: {'domain_id': 'default', 'domain_name': 'Default', 'username': 'tempest-SecurityGroupRulesTestJSON-148352504-project-member', 'project_domain_id': 'default', 'project_domain_name': 'Default', 'project_id': 'b14593677baa41b69eeebf9f3860ed0e', 'project_name': 'tempest-SecurityGroupRulesTestJSON-148352504', 'tenant_id': 'b14593677baa41b69eeebf9f3860ed0e', 'tenant_name': 'tempest-SecurityGroupRulesTestJSON-148352504', 'user_domain_id': 'default', 'user_domain_name': 'Default', 'user_id': '71f71d23618444a58399cc156a345673', 'system': None}, Network: None, Subnet: None, Router: None
2024-12-17 09:14:52.093 68199 INFO tempest.lib.common.rest_client [req-fb108612-415b-452c-8383-87af29c0dfc3 req-fb108612-415b-452c-8383-87af29c0dfc3 ] Request (ListImageFiltersTestJSON:setUpClass): 201 POST http://10.180.1.21/identity/v3/users 0.191s
2024-12-17 09:14:52.151 68147 INFO tempest.lib.common.rest_client [req-da7f303c-dc1a-45cf-ba45-54b00efeb165 req-da7f303c-dc1a-45cf-ba45-54b00efeb165 ] Request (ListImagesTestJSON:setUpClass): 201 POST http://10.180.1.21/identity/v3/auth/tokens 0.191s
