2024-12-17 09:15:07.151 68165 INFO tempest.lib.common.rest_client [req-2da51557-a50c-44b4-82e5-6f2d718eac1e req-2da51557-a50c-44b4-82e5-6f2d718eac1e ] Request (FlavorsExtraSpecsTestJSON:test_flavor_set_get_update_show_unset_keys): 200 GET http://10.180.1.21/compute/v2.1/flavors/707828506/os-extra_specs 1.150s
2024-12-17 09:15:07.191 68187 INFO tempest.lib.common.rest_client [req-88ea6031-e353-4f27-ad0b-be9f6ac8446f req-88ea6031-e353-4f27-ad0b-be9f6ac8446f ] Request (QuotasAdminTestJSON:_run_cleanups): 204 DELETE http://10.180.1.21/identity/v3/projects/c33d8e8cfbaf49f3b1ae8af74f44a8bf 0.136s
2024-12-17 09:15:07.193 68151 INFO tempest.lib.common.rest_client [req-2ecaa80b-b9c9-442b-87b5-4a8056760da7 req-2ecaa80b-b9c9-442b-87b5-4a8056760da7 ] Request (ValidationResourcesFixture:setUp): 200 POST http://10.180.1.21/compute/v2.1/os-keypairs 1.162s
2024-12-17 09:15:07.200 68201 INFO tempest.lib.common.rest_client [req-7d530b04-e72b-47a7-9fa6-a31b1e825e35 req-7d530b04-e72b-47a7-9fa6-a31b1e825e35 ] Request (DeleteServersTestJSON:test_delete_active_server): 200 GET http://10.180.1.21/compute/v2.1/servers/4f62f5ef-da0f-43be-97d1-644a8ceb4387 1.235s
2024-12-17 09:15:07.292 68183 INFO tempest.lib.common.rest_client [req-6451af96-9c9a-4541-9820-f747cf39a574 req-6451af96-9c9a-4541-9820-f747cf39a574 ] Request (ServersAdminTestJSON:setUpClass): 201 POST http://10.180.1.21:9696/networking/v2.0/subnets 0.383s
2024-12-17 09:15:07.302 68163 INFO tempest.lib.common.rest_client [req-2ee4be55-8e09-4859-be95-d3711348ae72 req-2ee4be55-8e09-4859-be95-d3711348ae72 ] Request (MigrationsAdminTest:test_list_migrations_in_flavor_resize_situation): 200 GET http://10.180.1.21/compute/v2.1/servers/d31665a4-c145-417d-b2f8-304e9455826a 1.178s
2024-12-17 09:15:07.322 68197 INFO tempest.lib.common.rest_client [req-2abdbe00-aaa7-4f7a-b015-13dc349238dd req-2abdbe00-aaa7-4f7a-b015-13dc349238dd ] Request (ServicesAdminNegativeV253TestJSON:test_get_service_with_valid_service_and_invalid_host): 200 GET http://10.180.1.21/compute/v2.1/os-services?host=xxx&binary=nova-scheduler 1.174s
2024-12-17 09:15:07.552 68151 INFO tempest.lib.common.rest_client [req-05f3a20b-508a-437d-9b42-cdbe48d0cd54 req-05f3a20b-508a-437d-9b42-cdbe48d0cd54 ] Request (ValidationResourcesFixture:setUp): 201 POST http://10.180.1.21:9696/networking/v2.0/security-groups 0.357s
2024-12-17 09:15:07.575 68175 INFO tempest.lib.common.rest_client [req-88a4f0c9-4f99-458e-9261-d3237c5ac703 req-88a4f0c9-4f99-458e-9261-d3237c5ac703 ] Request (DeleteServersAdminTestJSON:test_admin_delete_servers_of_others): 200 GET http://10.180.1.21/compute/v2.1/servers/761c1824-8029-4ccc-b489-e1bd1f9e7d75 1.405s
2024-12-17 09:15:07.775 68199 INFO tempest.lib.common.rest_client [req-171021ef-1599-4377-b0a5-c2d6dc44ab09 req-171021ef-1599-4377-b0a5-c2d6dc44ab09 ] Request (ListImageFiltersTestJSON:setUpClass): 204 PUT http://10.180.1.21/image/v2/images/c86bed18-0401-4793-91f3-50fc6b36f142/file 0.822s
2024-12-17 09:15:07.906 68151 INFO tempest.lib.common.rest_client [req-faec7cc0-d5f0-4033-adf5-bd77c34ec669 req-faec7cc0-d5f0-4033-adf5-bd77c34ec669 ] Request (ValidationResourcesFixture:setUp): 201 POST http://10.180.1.21:9696/networking/v2.0/security-group-rules 0.354s
2024-12-17 09:15:07.953 68209 INFO tempest.lib.common.rest_client [req-f33d6260-ea9b-462c-8193-6cd77d2c6463 req-f33d6260-ea9b-462c-8193-6cd77d2c6463 ] Request (FloatingIPsAssociationTestJSON:setUpClass): 200 GET http://10.180.1.21/compute/v2.1/servers/90e760b9-c2e7-4d5d-b926-0da71ba48d32 1.722s
2024-12-17 09:15:07.977 68195 INFO tempest.lib.common.rest_client [req-5e6d6627-dcc9-47da-bdd9-cdd51489d83a req-5e6d6627-dcc9-47da-bdd9-cdd51489d83a ] Request (AggregatesAdminNegativeTestJSON:_run_cleanups): 200 DELETE http://10.180.1.21/compute/v2.1/os-aggregates/2 1.700s
2024-12-17 09:15:08.079 68183 INFO tempest.lib.common.rest_client [req-18398c51-ba2d-4f5e-a5eb-33335b229cab req-18398c51-ba2d-4f5e-a5eb-33335b229cab ] Request (ServersAdminTestJSON:setUpClass): 201 POST http://10.180.1.21:9696/networking/v2.0/routers 0.787s
2024-12-17 09:15:08.124 68157 INFO tempest.lib.common.rest_client [req-59e398b5-057f-431f-9c65-393327e38279 req-59e398b5-057f-431f-9c65-393327e38279 ] Request (QuotasAdminNegativeTest:_run_cleanups): 200 PUT http://10.180.1.21/compute/v2.1/os-quota-sets/3ae8fa66279b47829f93c1efad0b8ee1 1.824s
2024-12-17 09:15:08.143 68161 INFO tempest.lib.common.rest_client [req-aba5146a-126b-4fd7-895f-864479406389 req-aba5146a-126b-4fd7-895f-864479406389 ] Request (ImagesMetadataNegativeTestJSON:test_set_nonexistent_image_metadata): 404 PUT http://10.180.1.21/compute/v2.1/images/fe072887-2dbb-445e-8c07-42122b110ecd/metadata 1.841s
2024-12-17 09:15:08.149 68149 INFO tempest.lib.common.rest_client [req-41b93f9c-76c8-46aa-88a4-244d7456c4d9 req-41b93f9c-76c8-46aa-88a4-244d7456c4d9 ] Request (HostsAdminNegativeTestJSON:test_update_host_with_non_admin_user): 403 PUT http://10.180.1.21/compute/v2.1/os-hosts/devstack 1.842s
2024-12-17 09:15:08.256 68191 INFO tempest.lib.common.rest_client [req-62954b78-7e6b-4e80-be2d-08e688889d55 req-62954b78-7e6b-4e80-be2d-08e688889d55 ] Request (ListServerFiltersTestJSON:setUpClass): 202 POST http://10.180.1.21/compute/v2.1/servers 2.170s
2024-12-17 09:15:08.277 68159 INFO tempest.lib.common.rest_client [req-b062996f-a87b-4f3f-8dc3-07169612064c req-b062996f-a87b-4f3f-8dc3-07169612064c ] Request (VolumesAdminNegativeTest:setUpClass): 201 POST http://10.180.1.21:9696/networking/v2.0/routers 2.225s
2024-12-17 09:15:08.297 68191 INFO tempest.lib.common.rest_client [req-64c163d9-8956-4da0-8d37-42a67dd0853c req-64c163d9-8956-4da0-8d37-42a67dd0853c ] Request (ListServerFiltersTestJSON:setUpClass): 201 POST http://10.180.1.21/identity/v3/auth/tokens 0.034s
2024-12-17 09:15:08.297 68191 INFO tempest.lib.common.fixed_network [-] (ListServerFiltersTestJSON:setUpClass) Found network {'id': 'c98879c5-d55d-4f75-b524-40ae17535eb8', 'name': 'tempest-ListServerFiltersTestJSON-736253413-network', 'tenant_id': 'e347665deb924a0f84d8ae4e01bfc714', 'admin_state_up': True, 'mtu': 8950, 'status': 'ACTIVE', 'subnets': [], 'shared': False, 'project_id': 'e347665deb924a0f84d8ae4e01bfc714', 'port_security_enabled': True, 'router:external': False, 'provider:network_type': 'vlan', 'provider:physical_network': 'default', 'provider:segmentation_id': 608, 'availability_zone_hints': [], 'availability_zones': [], 'ipv4_address_scope': None, 'ipv6_address_scope': None, 'description': '', 'tags': [], 'created_at': '2024-12-17T09:15:04Z', 'updated_at': '2024-12-17T09:15:05Z', 'revision_number': 1} available for tenant
2024-12-17 09:15:08.336 68189 INFO tempest.lib.common.rest_client [req-97946df3-7ace-467f-a0e7-64209a4de1f0 req-97946df3-7ace-467f-a0e7-64209a4de1f0 ] Request (ServersAdmin275Test:test_rebuild_update_server_275): 200 GET http://10.180.1.21/compute/v2.1/servers/ae638915-e769-4f5e-9c2c-89644711d9b4 1.921s
2024-12-17 09:15:08.349 68189 INFO tempest.common.waiters [-] State transition "BUILD/None" ==> "BUILD/spawning" after 10 second wait
2024-12-17 09:15:08.360 68151 INFO tempest.lib.common.rest_client [req-e8c7c4ef-49ac-4219-850c-721dfd565abd req-e8c7c4ef-49ac-4219-850c-721dfd565abd ] Request (ValidationResourcesFixture:setUp): 201 POST http://10.180.1.21:9696/networking/v2.0/security-group-rules 0.453s
2024-12-17 09:15:08.368 68155 INFO tempest.lib.common.rest_client [req-8604c5fb-1953-4e4d-b361-bd4ca81da7cf req-8604c5fb-1953-4e4d-b361-bd4ca81da7cf ] Request (ServerExternalEventsTest:test_create_server_external_events): 200 GET http://10.180.1.21/compute/v2.1/servers/731915f9-9acf-41f0-8077-6ddbfac270c0 2.058s
2024-12-17 09:15:08.376 68155 INFO tempest.common.waiters [-] State transition "BUILD/block_device_mapping" ==> "BUILD/spawning" after 13 second wait
2024-12-17 09:15:08.392 68208 INFO tempest.lib.common.rest_client [req-1fc9b254-eba5-415d-a960-6170faf02c30 req-1fc9b254-eba5-415d-a960-6170faf02c30 ] Request (FlavorsExtraSpecsNegativeTestJSON:test_flavor_non_admin_update_specific_key): 200 POST http://10.180.1.21/compute/v2.1/flavors/1476379390/os-extra_specs 1.836s
2024-12-17 09:15:08.405 68173 INFO tempest.lib.common.rest_client [req-54d3b33f-614b-4993-ab63-b1d643733027 req-54d3b33f-614b-4993-ab63-b1d643733027 ] Request (ImagesOneServerNegativeTestJSON:setUpClass): 200 GET http://10.180.1.21/compute/v2.1/servers/77276394-0749-48a8-a724-420a66866f0a 1.865s
2024-12-17 09:15:08.502 68153 INFO tempest.lib.common.rest_client [req-01dd1f08-b75d-40bb-aa11-42057b632f83 req-01dd1f08-b75d-40bb-aa11-42057b632f83 ] Request (HypervisorAdminNegativeTestJSON:test_get_hypervisor_uptime_with_non_admin_user): 200 GET http://10.180.1.21/compute/v2.1/os-hypervisors 1.635s
2024-12-17 09:15:08.568 68177 INFO tempest.lib.common.rest_client [req-27fe4527-6cda-4c02-8c70-0a83d93fe941 req-27fe4527-6cda-4c02-8c70-0a83d93fe941 ] Request (FloatingIPsTestJSON:tearDownClass): 200 PUT http://10.180.1.21:9696/networking/v2.0/routers/401bcf27-3996-44cd-9de0-553bdcc2a921/remove_router_interface 2.089s
2024-12-17 09:15:08.681 68181 INFO tempest.lib.common.rest_client [req-21fe6f00-f438-43a8-af78-9272d1ff6112 req-21fe6f00-f438-43a8-af78-9272d1ff6112 ] Request (SecurityGroupRulesTestJSON:test_security_group_rules_create_with_optional_group_id): 200 POST http://10.180.1.21/compute/v2.1/os-security-groups 1.887s
2024-12-17 09:15:08.705 68203 INFO tempest.lib.common.rest_client [req-92090316-48c7-440f-99b7-4fdad67131be req-92090316-48c7-440f-99b7-4fdad67131be ] Request (FlavorsAccessNegativeTestJSON:_run_cleanups): 202 DELETE http://10.180.1.21/compute/v2.1/flavors/1306391678 1.637s
2024-12-17 09:15:08.799 68179 INFO tempest.lib.common.rest_client [req-438547af-acea-46bf-ad1d-acb6cd1a8e6b req-438547af-acea-46bf-ad1d-acb6cd1a8e6b ] Request (HostsAdminTestJSON:test_list_hosts): 200 GET http://10.180.1.21/compute/v2.1/os-hosts 1.725s
2024-12-17 09:15:09.040 68171 INFO tempest.lib.common.rest_client [req-e21edb94-8ec9-49c0-9460-8eb680c1cead req-e21edb94-8ec9-49c0-9460-8eb680c1cead ] Request (SecurityGroupsTestAdminJSON:_run_cleanups): 202 DELETE http://10.180.1.21/compute/v2.1/os-security-groups/fdf82f4b-eadf-4d28-8239-d836e5c03084 1.956s
2024-12-17 09:15:09.059 68205 INFO tempest.lib.common.rest_client [req-1af459ae-026d-4644-b843-548ee6dfbfc0 req-1af459ae-026d-4644-b843-548ee6dfbfc0 ] Request (FlavorsAccessTestJSON:test_flavor_access_list_with_private_flavor): 200 GET http://10.180.1.21/compute/v2.1/flavors/1543319880/os-flavor-access 1.924s
2024-12-17 09:15:09.082 68165 INFO tempest.lib.common.rest_client [req-893d315e-c943-416c-bfa6-d909f0728157 req-893d315e-c943-416c-bfa6-d909f0728157 ] Request (FlavorsExtraSpecsTestJSON:test_flavor_set_get_update_show_unset_keys): 200 DELETE http://10.180.1.21/compute/v2.1/flavors/707828506/os-extra_specs/hw:numa_nodes 1.930s
2024-12-17 09:15:09.095 68151 INFO tempest.lib.common.rest_client [req-7ba695f9-920f-4cd2-bc10-29d3a2a46b04 req-7ba695f9-920f-4cd2-bc10-29d3a2a46b04 ] Request (ValidationResourcesFixture:setUp): 201 POST http://10.180.1.21:9696/networking/v2.0/floatingips 0.733s
2024-12-17 09:15:09.125 68147 INFO tempest.lib.common.rest_client [req-4ae41dcd-15fa-4de7-98a0-660c3a4f72e1 req-4ae41dcd-15fa-4de7-98a0-660c3a4f72e1 ] Request (AttachInterfacesTestJSON:test_create_list_show_delete_interfaces_by_fixed_ip): 202 POST http://10.180.1.21/compute/v2.1/servers 2.151s
2024-12-17 09:15:09.177 68185 INFO tempest.lib.common.rest_client [req-7b426bef-bb75-4f52-b9a0-58de68a35e49 req-7b426bef-bb75-4f52-b9a0-58de68a35e49 ] Request (QuotaClassesAdmin257Test:test_update_default_quotas): 200 GET http://10.180.1.21/compute/v2.1/os-quota-class-sets/default 1.957s
2024-12-17 09:15:09.181 68151 INFO tempest.lib.common.rest_client [req-04f49f94-44ed-4207-b6ae-ebf570a27eb3 req-04f49f94-44ed-4207-b6ae-ebf570a27eb3 ] Request (ServersWithSpecificFlavorTestJSON:test_verify_created_server_ephemeral_disk): 201 POST http://10.180.1.21/identity/v3/auth/tokens 0.083s
2024-12-17 09:15:09.181 68151 INFO tempest.lib.common.fixed_network [-] (ServersWithSpecificFlavorTestJSON:test_verify_created_server_ephemeral_disk) Found network {'id': '72a9e644-e36f-42a6-bfcc-8ba7ee771f91', 'name': 'tempest-ServersWithSpecificFlavorTestJSON-1069066682-network', 'tenant_id': 'de32b4b380e74559a8abe54c84c11516', 'admin_state_up': True, 'mtu': 8950, 'status': 'ACTIVE', 'subnets': [], 'shared': False, 'project_id': 'de32b4b380e74559a8abe54c84c11516', 'port_security_enabled': True, 'router:external': False, 'provider:network_type': 'vlan', 'provider:physical_network': 'default', 'provider:segmentation_id': 350, 'availability_zone_hints': [], 'availability_zones': [], 'ipv4_address_scope': None, 'ipv6_address_scope': None, 'description': '', 'tags': [], 'created_at': '2024-12-17T09:14:41Z', 'updated_at': '2024-12-17T09:14:41Z', 'revision_number': 1} available for tenant
2024-12-17 09:15:09.223 68197 INFO tempest.lib.common.rest_client [req-741b7e31-5c1a-4253-a03d-0f34f4301dd8 req-741b7e31-5c1a-4253-a03d-0f34f4301dd8 ] Request (ServicesAdminNegativeV253TestJSON:test_list_services_with_non_admin_user): 403 GET http://10.180.1.21/compute/v2.1/os-services 1.894s
2024-12-17 09:15:09.288 68199 INFO tempest.lib.common.rest_client [req-1f7a5b26-4e9b-4b8b-9c9d-46e09dd22cd0 req-1f7a5b26-4e9b-4b8b-9c9d-46e09dd22cd0 ] Request (ListImageFiltersTestJSON:setUpClass): 200 GET http://10.180.1.21/compute/v2.1/images/c86bed18-0401-4793-91f3-50fc6b36f142 1.512s
2024-12-17 09:15:09.295 68167 INFO tempest.lib.common.rest_client [req-7c28ecfc-d152-457b-99a9-541519d1fa7b req-7c28ecfc-d152-457b-99a9-541519d1fa7b ] Request (VolumesAssistedSnapshotsTest:test_volume_assisted_snapshot_create_delete): 200 GET http://10.180.1.21/compute/v2.1/servers/242551cb-c58d-48f6-b44b-9c53ea64188e 1.737s
2024-12-17 09:15:09.327 68195 INFO tempest.lib.common.rest_client [req-7e8c5d01-e990-424b-a9a5-7d587bdb8ac7 req-7e8c5d01-e990-424b-a9a5-7d587bdb8ac7 ] Request (AggregatesAdminNegativeTestJSON:test_aggregate_add_non_exist_host): 200 POST http://10.180.1.21/compute/v2.1/os-aggregates 1.349s
2024-12-17 09:15:09.350 68197 INFO tempest.lib.common.rest_client [req-1bf16fc2-6592-4664-8509-93218d49b709 req-1bf16fc2-6592-4664-8509-93218d49b709 ] Request (ServicesAdminNegativeV253TestJSON:tearDownClass): 204 DELETE http://10.180.1.21/identity/v3/users/54ce7605a985487b98fb40c14720d43e 0.124s
2024-12-17 09:15:09.414 68193 INFO tempest.lib.common.rest_client [req-4ddf7c8a-f902-4b78-bfb5-1e9f6a2b0a2c req-4ddf7c8a-f902-4b78-bfb5-1e9f6a2b0a2c ] Request (ServerDiagnosticsTest:test_get_server_diagnostics): 200 GET http://10.180.1.21/compute/v2.1/servers/f4f15112-ca96-4f0d-bb00-429c6b416747 1.546s
2024-12-17 09:15:09.433 68161 INFO tempest.lib.common.rest_client [req-7a1f2aa7-e6dc-4fd7-aac5-135533dcb121 req-7a1f2aa7-e6dc-4fd7-aac5-135533dcb121 ] Request (ImagesMetadataNegativeTestJSON:test_set_nonexistent_image_metadata_item): 404 PUT http://10.180.1.21/compute/v2.1/images/25a2206a-b189-4084-b6fa-2c2c0ea77bad/metadata/os_distro 1.288s
2024-12-17 09:15:09.444 68149 INFO tempest.lib.common.rest_client [req-5c5f63f2-bb66-4cb1-9777-290455c23754 req-5c5f63f2-bb66-4cb1-9777-290455c23754 ] Request (HostsAdminNegativeTestJSON:test_update_host_without_param): 400 PUT http://10.180.1.21/compute/v2.1/os-hosts/devstack 1.293s
2024-12-17 09:15:09.450 68197 INFO tempest.lib.common.rest_client [req-e78de5dd-a135-4b04-8153-7b1b62c07258 req-e78de5dd-a135-4b04-8153-7b1b62c07258 ] Request (ServicesAdminNegativeV253TestJSON:tearDownClass): 204 DELETE http://10.180.1.21/identity/v3/users/34c65deaeffe4ac08f8320b50dd84e9e 0.099s
2024-12-17 09:15:09.450 68197 INFO tempest.lib.common.dynamic_creds [-] Deleting project and security group for project: 00fb8b9251184ce0b028925fba51c963
2024-12-17 09:15:09.494 68157 INFO tempest.lib.common.rest_client [req-9e06d4d0-fa71-43bb-9277-92114718d41e req-9e06d4d0-fa71-43bb-9277-92114718d41e ] Request (QuotasAdminNegativeTest:test_create_server_when_memory_quota_is_full): 200 GET http://10.180.1.21/compute/v2.1/os-quota-sets/3ae8fa66279b47829f93c1efad0b8ee1 1.366s
2024-12-17 09:15:09.502 68201 INFO tempest.lib.common.rest_client [req-4d2fdb38-eb66-4e6b-99b8-3c96964980ad req-4d2fdb38-eb66-4e6b-99b8-3c96964980ad ] Request (DeleteServersTestJSON:test_delete_active_server): 200 GET http://10.180.1.21/compute/v2.1/servers/4f62f5ef-da0f-43be-97d1-644a8ceb4387 1.289s
2024-12-17 09:15:09.509 68201 INFO tempest.common.waiters [-] State transition "BUILD/None" ==> "BUILD/networking" after 11 second wait
2024-12-17 09:15:09.515 68197 INFO tempest.lib.common.rest_client [req-8e8f6c85-0bc4-44a4-943f-94491b453a93 req-8e8f6c85-0bc4-44a4-943f-94491b453a93 ] Request (ServicesAdminNegativeV253TestJSON:tearDownClass): 201 POST http://10.180.1.21/identity/v3/auth/tokens 0.064s
2024-12-17 09:15:09.561 68163 INFO tempest.lib.common.rest_client [req-a35739cf-6b6d-44ea-a10e-cb5cf3ee820b req-a35739cf-6b6d-44ea-a10e-cb5cf3ee820b ] Request (MigrationsAdminTest:test_list_migrations_in_flavor_resize_situation): 200 GET http://10.180.1.21/compute/v2.1/servers/d31665a4-c145-417d-b2f8-304e9455826a 1.248s
2024-12-17 09:15:09.567 68208 INFO tempest.lib.common.rest_client [req-e0214cd3-ec88-4e71-8682-ced521ed9bb6 req-e0214cd3-ec88-4e71-8682-ced521ed9bb6 ] Request (FlavorsExtraSpecsNegativeTestJSON:test_flavor_non_admin_update_specific_key): 403 PUT http://10.180.1.21/compute/v2.1/flavors/1476379390/os-extra_specs/hw:numa_nodes 1.173s
2024-12-17 09:15:09.571 68163 INFO tempest.common.waiters [-] State transition "BUILD/scheduling" ==> "BUILD/None" after 2 second wait
2024-12-17 09:15:09.572 68153 INFO tempest.lib.common.rest_client [req-fee16ac2-a62e-4924-8cd2-ce7b1b370fc9 req-fee16ac2-a62e-4924-8cd2-ce7b1b370fc9 ] Request (HypervisorAdminNegativeTestJSON:test_get_hypervisor_uptime_with_non_admin_user): 403 GET http://10.180.1.21/compute/v2.1/os-hypervisors/1/uptime 1.067s
2024-12-17 09:15:09.709 68175 INFO tempest.lib.common.rest_client [req-96397226-7e59-4ef6-a3e3-946283b5a0a5 req-96397226-7e59-4ef6-a3e3-946283b5a0a5 ] Request (DeleteServersAdminTestJSON:test_admin_delete_servers_of_others): 200 GET http://10.180.1.21/compute/v2.1/servers/761c1824-8029-4ccc-b489-e1bd1f9e7d75 1.122s
2024-12-17 09:15:09.836 68177 INFO tempest.lib.common.rest_client [req-0bf65833-f25c-4eab-ae02-7bc6856d922c req-0bf65833-f25c-4eab-ae02-7bc6856d922c ] Request (FloatingIPsTestJSON:tearDownClass): 204 DELETE http://10.180.1.21:9696/networking/v2.0/routers/401bcf27-3996-44cd-9de0-553bdcc2a921 1.267s
2024-12-17 09:15:09.865 68191 INFO tempest.lib.common.rest_client [req-6efc9b63-4364-4be7-9d8f-f8bd19ea1419 req-6efc9b63-4364-4be7-9d8f-f8bd19ea1419 ] Request (ListServerFiltersTestJSON:setUpClass): 202 POST http://10.180.1.21/compute/v2.1/servers 1.567s
2024-12-17 09:15:09.904 68203 INFO tempest.lib.common.rest_client [req-8d5fa313-c638-4470-9e09-196ae7a74f61 req-8d5fa313-c638-4470-9e09-196ae7a74f61 ] Request (FlavorsAccessNegativeTestJSON:_run_cleanups): 200 GET http://10.180.1.21/compute/v2.1/flavors/detail 1.199s
2024-12-17 09:15:09.946 68179 INFO tempest.lib.common.rest_client [req-d2e82ceb-85fe-438e-ae3a-40a63ad29df3 req-d2e82ceb-85fe-438e-ae3a-40a63ad29df3 ] Request (HostsAdminTestJSON:test_list_hosts_with_a_blank_zone): 200 GET http://10.180.1.21/compute/v2.1/os-hosts?zone= 1.145s
2024-12-17 09:15:09.986 68191 INFO tempest.lib.common.rest_client [req-49f47636-c0d2-4e0a-80c1-6f5dd731abd8 req-49f47636-c0d2-4e0a-80c1-6f5dd731abd8 ] Request (ListServerFiltersTestJSON:setUpClass): 201 POST http://10.180.1.21/identity/v3/auth/tokens 0.112s
2024-12-17 09:15:09.986 68191 INFO tempest.lib.common.fixed_network [-] (ListServerFiltersTestJSON:setUpClass) Found network {'id': 'c98879c5-d55d-4f75-b524-40ae17535eb8', 'name': 'tempest-ListServerFiltersTestJSON-736253413-network', 'tenant_id': 'e347665deb924a0f84d8ae4e01bfc714', 'admin_state_up': True, 'mtu': 8950, 'status': 'ACTIVE', 'subnets': [], 'shared': False, 'project_id': 'e347665deb924a0f84d8ae4e01bfc714', 'port_security_enabled': True, 'router:external': False, 'provider:network_type': 'vlan', 'provider:physical_network': 'default', 'provider:segmentation_id': 608, 'availability_zone_hints': [], 'availability_zones': [], 'ipv4_address_scope': None, 'ipv6_address_scope': None, 'description': '', 'tags': [], 'created_at': '2024-12-17T09:15:04Z', 'updated_at': '2024-12-17T09:15:05Z', 'revision_number': 1} available for tenant
2024-12-17 09:15:10.123 68197 INFO tempest.lib.common.rest_client [req-68749a27-9604-49ce-8706-d318b5afe97e req-68749a27-9604-49ce-8706-d318b5afe97e ] Request (ServicesAdminNegativeV253TestJSON:tearDownClass): 200 GET http://10.180.1.21:9696/networking/v2.0/security-groups?tenant_id=00fb8b9251184ce0b028925fba51c963&name=default 0.608s
2024-12-17 09:15:10.226 68181 INFO tempest.lib.common.rest_client [req-cc71202b-8218-44ed-a865-a4f839e231f8 req-cc71202b-8218-44ed-a865-a4f839e231f8 ] Request (SecurityGroupRulesTestJSON:test_security_group_rules_create_with_optional_group_id): 200 POST http://10.180.1.21/compute/v2.1/os-security-group-rules 1.540s
2024-12-17 09:15:10.229 68181 WARNING tempest.lib.common.rest_client [-] Deprecated: "tenant_id" property is deprecated for removal, use "project_id" instead
2024-12-17 09:15:10.244 68209 INFO tempest.lib.common.rest_client [req-314fb4db-08e3-4583-a787-50d99512a312 req-314fb4db-08e3-4583-a787-50d99512a312 ] Request (FloatingIPsAssociationTestJSON:setUpClass): 200 GET http://10.180.1.21/compute/v2.1/servers/90e760b9-c2e7-4d5d-b926-0da71ba48d32 1.283s
2024-12-17 09:15:10.264 68205 INFO tempest.lib.common.rest_client [req-d6e630cc-b618-447f-9ee7-2de96e843ee4 req-d6e630cc-b618-447f-9ee7-2de96e843ee4 ] Request (FlavorsAccessTestJSON:_run_cleanups): 202 DELETE http://10.180.1.21/compute/v2.1/flavors/1543319880 1.204s
2024-12-17 09:15:10.284 68165 INFO tempest.lib.common.rest_client [req-26dd5185-0a51-439e-863d-5f431519d009 req-26dd5185-0a51-439e-863d-5f431519d009 ] Request (FlavorsExtraSpecsTestJSON:test_flavor_set_get_update_show_unset_keys): 200 DELETE http://10.180.1.21/compute/v2.1/flavors/707828506/os-extra_specs/hw:cpu_policy 1.201s
2024-12-17 09:15:10.298 68177 INFO tempest.lib.common.rest_client [req-52061e02-1ea9-414b-915f-e77d87b8b0d1 req-52061e02-1ea9-414b-915f-e77d87b8b0d1 ] Request (FloatingIPsTestJSON:tearDownClass): 204 DELETE http://10.180.1.21:9696/networking/v2.0/subnets/b4a619d0-ec36-43bd-a314-47633f7e6f5c 0.461s
2024-12-17 09:15:10.355 68147 INFO tempest.lib.common.rest_client [req-1070aa1c-64f0-4989-a49c-d50e0ca826ad req-1070aa1c-64f0-4989-a49c-d50e0ca826ad ] Request (AttachInterfacesTestJSON:test_create_list_show_delete_interfaces_by_fixed_ip): 200 GET http://10.180.1.21/compute/v2.1/servers/a26fc1c1-7845-4084-829e-f73cd6d773dc 1.225s
2024-12-17 09:15:10.397 68197 INFO tempest.lib.common.rest_client [req-9d2ce5b3-6603-4d86-bb26-7029821d9c07 req-9d2ce5b3-6603-4d86-bb26-7029821d9c07 ] Request (ServicesAdminNegativeV253TestJSON:tearDownClass): 204 DELETE http://10.180.1.21:9696/networking/v2.0/security-groups/4ab4ceec-7b76-4a80-9ba6-b2a276faa480 0.274s
2024-12-17 09:15:10.448 68183 INFO tempest.lib.common.rest_client [req-1872f4ee-edb6-4b0c-a772-e821a709ca86 req-1872f4ee-edb6-4b0c-a772-e821a709ca86 ] Request (ServersAdminTestJSON:setUpClass): 200 PUT http://10.180.1.21:9696/networking/v2.0/routers/60454c58-5271-4a7d-b75e-7291f527ac6f/add_router_interface 2.368s
2024-12-17 09:15:10.448 68183 INFO tempest.lib.common.dynamic_creds [-] Created isolated network resources for: credentials: Credentials: {'domain_id': 'default', 'domain_name': 'Default', 'username': 'tempest-ServersAdminTestJSON-1888835962-project-admin', 'project_domain_id': 'default', 'project_domain_name': 'Default', 'project_id': 'b23cf276e6624210873db8290d095e71', 'project_name': 'tempest-ServersAdminTestJSON-1888835962', 'tenant_id': 'b23cf276e6624210873db8290d095e71', 'tenant_name': 'tempest-ServersAdminTestJSON-1888835962', 'user_domain_id': 'default', 'user_domain_name': 'Default', 'user_id': '3c80cca41d954224bb0c2855d757ee00', 'system': None}, Network: {'id': '9f156a60-d208-4315-a722-f4f124c557c1', 'name': 'tempest-ServersAdminTestJSON-521271417-network', 'tenant_id': 'b23cf276e6624210873db8290d095e71', 'admin_state_up': True, 'mtu': 8950, 'status': 'ACTIVE', 'subnets': [], 'shared': False, 'project_id': 'b23cf276e6624210873db8290d095e71', 'port_security_enabled': True, 'router:external': False, 'provider:network_type': 'vlan', 'provider:physical_network': 'default', 'provider:segmentation_id': 528, 'availability_zone_hints': [], 'availability_zones': [], 'ipv4_address_scope': None, 'ipv6_address_scope': None, 'description': '', 'tags': [], 'created_at': '2024-12-17T09:15:06Z', 'updated_at': '2024-12-17T09:15:06Z', 'revision_number': 1}, Subnet: {'id': '7ea42b7a-3670-4c15-8a42-1408b3a57945', 'name': 'tempest-ServersAdminTestJSON-521271417-subnet', 'tenant_id': 'b23cf276e6624210873db8290d095e71', 'network_id': '9f156a60-d208-4315-a722-f4f124c557c1', 'ip_version': 4, 'subnetpool_id': None, 'enable_dhcp': True, 'ipv6_ra_mode': None, 'ipv6_address_mode': None, 'gateway_ip': '192.168.128.1', 'cidr': '192.168.128.0/28', 'allocation_pools': [{'start': '192.168.128.2', 'end': '192.168.128.14'}], 'host_routes': [], 'dns_nameservers': [], 'description': '', 'router:external': False, 'service_types': [], 'tags': [], 'created_at': '2024-12-17T09:15:07Z', 'updated_at': '2024-12-17T09:15:07Z', 'revision_number': 0, 'project_id': 'b23cf276e6624210873db8290d095e71'}, Router: {'id': '60454c58-5271-4a7d-b75e-7291f527ac6f', 'name': 'tempest-ServersAdminTestJSON-521271417-router', 'tenant_id': 'b23cf276e6624210873db8290d095e71', 'admin_state_up': True, 'status': 'ACTIVE', 'external_gateway_info': {'network_id': 'fb3179c1-d9f7-45d1-a6ef-a43d6226d1e6', 'external_fixed_ips': [{'subnet_id': '1da56faf-e537-4869-8d5f-751f4f3d88ed', 'ip_address': '10.180.180.158'}], 'enable_snat': True}, 'description': '', 'availability_zones': [], 'distributed': False, 'ha': False, 'availability_zone_hints': [], 'routes': [], 'flavor_id': None, 'tags': [], 'created_at': '2024-12-17T09:15:07Z', 'updated_at': '2024-12-17T09:15:07Z', 'revision_number': 2, 'project_id': 'b23cf276e6624210873db8290d095e71'}
2024-12-17 09:15:10.457 68171 INFO tempest.lib.common.rest_client [req-61b6ccb6-ef2b-47d8-b855-acfb9940285b req-61b6ccb6-ef2b-47d8-b855-acfb9940285b ] Request (SecurityGroupsTestAdminJSON:_run_cleanups): 202 DELETE http://10.180.1.21/compute/v2.1/os-security-groups/5f450681-7a5e-485f-97ac-182662c4fd56 1.416s
2024-12-17 09:15:10.463 68185 INFO tempest.lib.common.rest_client [req-75df5893-f2e3-4746-9361-bcbd54700cc8 req-75df5893-f2e3-4746-9361-bcbd54700cc8 ] Request (QuotaClassesAdmin257Test:test_update_default_quotas): 200 PUT http://10.180.1.21/compute/v2.1/os-quota-class-sets/default 1.284s
2024-12-17 09:15:10.502 68199 INFO tempest.lib.common.rest_client [req-d1a3bc62-e093-403d-a065-a97a1776d269 req-d1a3bc62-e093-403d-a065-a97a1776d269 ] Request (ListImageFiltersTestJSON:setUpClass): 200 GET http://10.180.1.21/compute/v2.1/images/c86bed18-0401-4793-91f3-50fc6b36f142 1.210s
2024-12-17 09:15:10.517 68197 INFO tempest.lib.common.rest_client [req-9b108279-0390-4ff6-afe0-3bfd9b56dcf8 req-9b108279-0390-4ff6-afe0-3bfd9b56dcf8 ] Request (ServicesAdminNegativeV253TestJSON:tearDownClass): 204 DELETE http://10.180.1.21/identity/v3/projects/00fb8b9251184ce0b028925fba51c963 0.119s
2024-12-17 09:15:10.517 68197 INFO tempest.lib.common.dynamic_creds [-] Deleting project and security group for project: 4484ae40641b44199b7027cd27979b9a
2024-12-17 09:15:10.531 68195 INFO tempest.lib.common.rest_client [req-631b5aa5-22cf-47c0-a7e9-d08765ff52e7 req-631b5aa5-22cf-47c0-a7e9-d08765ff52e7 ] Request (AggregatesAdminNegativeTestJSON:test_aggregate_add_non_exist_host): 404 POST http://10.180.1.21/compute/v2.1/os-aggregates/3/action 1.202s
2024-12-17 09:15:10.571 68183 INFO tempest.lib.common.rest_client [req-52a315c4-8c22-4b43-b3d6-01ccc6a1744a req-52a315c4-8c22-4b43-b3d6-01ccc6a1744a ] Request (ServersAdminTestJSON:setUpClass): 201 POST http://10.180.1.21/identity/v3/auth/tokens 0.118s
2024-12-17 09:15:10.602 68189 INFO tempest.lib.common.rest_client [req-613fca93-2e06-4aec-9f80-a21a9cdb8777 req-613fca93-2e06-4aec-9f80-a21a9cdb8777 ] Request (ServersAdmin275Test:test_rebuild_update_server_275): 200 GET http://10.180.1.21/compute/v2.1/servers/ae638915-e769-4f5e-9c2c-89644711d9b4 1.251s
2024-12-17 09:15:10.617 68171 INFO tempest.lib.common.rest_client [req-c77aec2e-efad-43fa-bfa1-e9cb57b95787 req-c77aec2e-efad-43fa-bfa1-e9cb57b95787 ] Request (SecurityGroupsTestAdminJSON:tearDownClass): 204 DELETE http://10.180.1.21/identity/v3/users/bdbf44eeb7614013afb23acc42f87e78 0.152s
2024-12-17 09:15:10.629 68199 INFO tempest.lib.common.rest_client [req-3a887678-6b58-4871-af1f-12a6d671249c req-3a887678-6b58-4871-af1f-12a6d671249c ] Request (ListImageFiltersTestJSON:setUpClass): 201 POST http://10.180.1.21/identity/v3/auth/tokens 0.118s
2024-12-17 09:15:10.630 68199 INFO tempest.lib.common.fixed_network [-] (ListImageFiltersTestJSON:setUpClass) Found network None available for tenant
2024-12-17 09:15:10.674 68183 INFO tempest.lib.common.rest_client [req-51049e2d-5399-47a7-8c33-9d5dd9103a02 req-51049e2d-5399-47a7-8c33-9d5dd9103a02 ] Request (ServersAdminTestJSON:setUpClass): 201 POST http://10.180.1.21/identity/v3/auth/tokens 0.098s
2024-12-17 09:15:10.675 68183 INFO tempest.lib.common.fixed_network [-] (ServersAdminTestJSON:setUpClass) Found network {'id': '8769dfc5-8b1a-4d6f-9d27-edc933b22c7a', 'name': 'tempest-ServersAdminTestJSON-1981480406-network', 'tenant_id': '027d08d559cc420ab06676bfc24d5823', 'admin_state_up': True, 'mtu': 8950, 'status': 'ACTIVE', 'subnets': [], 'shared': False, 'project_id': '027d08d559cc420ab06676bfc24d5823', 'port_security_enabled': True, 'router:external': False, 'provider:network_type': 'vlan', 'provider:physical_network': 'default', 'provider:segmentation_id': 23, 'availability_zone_hints': [], 'availability_zones': [], 'ipv4_address_scope': None, 'ipv6_address_scope': None, 'description': '', 'tags': [], 'created_at': '2024-12-17T09:15:01Z', 'updated_at': '2024-12-17T09:15:01Z', 'revision_number': 1} available for tenant
2024-12-17 09:15:10.767 68197 INFO tempest.lib.common.rest_client [req-62e9aa97-70d9-4ab3-b872-f159e689cdd8 req-62e9aa97-70d9-4ab3-b872-f159e689cdd8 ] Request (ServicesAdminNegativeV253TestJSON:tearDownClass): 200 GET http://10.180.1.21:9696/networking/v2.0/security-groups?tenant_id=4484ae40641b44199b7027cd27979b9a&name=default 0.250s
2024-12-17 09:15:10.781 68171 INFO tempest.lib.common.rest_client [req-8dfe3474-69a0-4022-b7b7-944a9a49b1c3 req-8dfe3474-69a0-4022-b7b7-944a9a49b1c3 ] Request (SecurityGroupsTestAdminJSON:tearDownClass): 204 DELETE http://10.180.1.21/identity/v3/users/57892c0c77f7437cb81f8d498e9d9d56 0.164s
2024-12-17 09:15:10.781 68171 INFO tempest.lib.common.dynamic_creds [-] Deleting project and security group for project: 5516a6b215ab4c3295ee45e06ef2be19
2024-12-17 09:15:10.811 68155 INFO tempest.lib.common.rest_client [req-45507b05-b9af-442d-a676-bf16a1b1090e req-45507b05-b9af-442d-a676-bf16a1b1090e ] Request (ServerExternalEventsTest:test_create_server_external_events): 200 GET http://10.180.1.21/compute/v2.1/servers/731915f9-9acf-41f0-8077-6ddbfac270c0 1.434s
2024-12-17 09:15:10.876 68173 INFO tempest.lib.common.rest_client [req-eccafd4a-092b-4a5e-bc85-f3612a69ae9e req-eccafd4a-092b-4a5e-bc85-f3612a69ae9e ] Request (ImagesOneServerNegativeTestJSON:setUpClass): 200 GET http://10.180.1.21/compute/v2.1/servers/77276394-0749-48a8-a724-420a66866f0a 1.460s
2024-12-17 09:15:10.883 68171 INFO tempest.lib.common.rest_client [req-d35dffe7-e488-447a-acb4-116403a7eadf req-d35dffe7-e488-447a-acb4-116403a7eadf ] Request (SecurityGroupsTestAdminJSON:tearDownClass): 201 POST http://10.180.1.21/identity/v3/auth/tokens 0.101s
2024-12-17 09:15:10.906 68161 INFO tempest.lib.common.rest_client [req-a70b3883-2db6-4817-bc3d-e43eb834f733 req-a70b3883-2db6-4817-bc3d-e43eb834f733 ] Request (ImagesMetadataNegativeTestJSON:test_update_nonexistent_image_metadata): 404 POST http://10.180.1.21/compute/v2.1/images/fc1161d2-02f0-4f04-8e39-70df11b82121/metadata 1.472s
2024-12-17 09:15:10.920 68149 INFO tempest.lib.common.rest_client [req-119db695-dd9d-4ece-a285-499efc53e10a req-119db695-dd9d-4ece-a285-499efc53e10a ] Request (HostsAdminNegativeTestJSON:test_update_nonexistent_host): 404 PUT http://10.180.1.21/compute/v2.1/os-hosts/nonexistent_hostname 1.474s
2024-12-17 09:15:10.951 68197 INFO tempest.lib.common.rest_client [req-39e539a5-2774-45f5-acbd-9e657b0a80f7 req-39e539a5-2774-45f5-acbd-9e657b0a80f7 ] Request (ServicesAdminNegativeV253TestJSON:tearDownClass): 204 DELETE http://10.180.1.21:9696/networking/v2.0/security-groups/f8a22eea-19bc-4eb3-a7cd-8ac2a091fafc 0.184s
2024-12-17 09:15:11.030 68171 INFO tempest.lib.common.rest_client [req-68ce8b49-51ea-4de7-9940-98b76b93cf5d req-68ce8b49-51ea-4de7-9940-98b76b93cf5d ] Request (SecurityGroupsTestAdminJSON:tearDownClass): 200 GET http://10.180.1.21:9696/networking/v2.0/security-groups?tenant_id=5516a6b215ab4c3295ee45e06ef2be19&name=default 0.147s
2024-12-17 09:15:11.032 68161 INFO tempest.lib.common.rest_client [req-938617ac-e9ca-4e5a-a264-2234978da62f req-938617ac-e9ca-4e5a-a264-2234978da62f ] Request (ImagesMetadataNegativeTestJSON:tearDownClass): 204 DELETE http://10.180.1.21/identity/v3/users/d4b7eeee66ba433eb5c3bccdb72970f2 0.123s
2024-12-17 09:15:11.033 68161 INFO tempest.lib.common.dynamic_creds [-] Deleting project and security group for project: 237ee3bb40f5496abc79575bf89f20d5
2024-12-17 09:15:11.116 68151 INFO tempest.lib.common.rest_client [req-94a4ec55-7699-46e6-b8b4-994c5a074816 req-94a4ec55-7699-46e6-b8b4-994c5a074816 ] Request (ServersWithSpecificFlavorTestJSON:test_verify_created_server_ephemeral_disk): 202 POST http://10.180.1.21/compute/v2.1/servers 1.934s
2024-12-17 09:15:11.128 68171 INFO tempest.lib.common.rest_client [req-262a7eb2-a78a-4c8f-b531-e5c119299c04 req-262a7eb2-a78a-4c8f-b531-e5c119299c04 ] Request (SecurityGroupsTestAdminJSON:tearDownClass): 204 DELETE http://10.180.1.21:9696/networking/v2.0/security-groups/b18d8426-f108-49e5-aaae-2dea5aa824ff 0.097s
2024-12-17 09:15:11.129 68208 INFO tempest.lib.common.rest_client [req-e54c762b-cf4d-4b49-9de1-8d784fb482b2 req-e54c762b-cf4d-4b49-9de1-8d784fb482b2 ] Request (FlavorsExtraSpecsNegativeTestJSON:test_flavor_unset_nonexistent_key): 404 DELETE http://10.180.1.21/compute/v2.1/flavors/1476379390/os-extra_specs/hw:cpu_thread_policy 1.561s
2024-12-17 09:15:11.138 68153 INFO tempest.lib.common.rest_client [req-51620ad3-93c8-4e99-af8b-375cdfbe32d4 req-51620ad3-93c8-4e99-af8b-375cdfbe32d4 ] Request (HypervisorAdminNegativeTestJSON:test_get_nonexistent_hypervisor_uptime): 404 GET http://10.180.1.21/compute/v2.1/os-hypervisors/2c8703a4-ddad-4966-89ee-a97370741197/uptime 1.564s
2024-12-17 09:15:11.144 68197 INFO tempest.lib.common.rest_client [req-ca486747-370f-4336-ab83-bbc544d61c09 req-ca486747-370f-4336-ab83-bbc544d61c09 ] Request (ServicesAdminNegativeV253TestJSON:tearDownClass): 204 DELETE http://10.180.1.21/identity/v3/projects/4484ae40641b44199b7027cd27979b9a 0.192s
2024-12-17 09:15:11.155 68149 INFO tempest.lib.common.rest_client [req-e2381780-2b5e-4ee6-8faa-559d7dbe23ea req-e2381780-2b5e-4ee6-8faa-559d7dbe23ea ] Request (HostsAdminNegativeTestJSON:tearDownClass): 204 DELETE http://10.180.1.21/identity/v3/users/a22ec4e3d80a45abb69ace3d13927c1c 0.231s
2024-12-17 09:15:11.159 68203 INFO tempest.lib.common.rest_client [req-ab49d878-a9d8-45f8-b4e9-90ac20bed420 req-ab49d878-a9d8-45f8-b4e9-90ac20bed420 ] Request (FlavorsAccessNegativeTestJSON:test_flavor_non_admin_add): 200 POST http://10.180.1.21/compute/v2.1/flavors 1.244s
2024-12-17 09:15:11.168 68159 INFO tempest.lib.common.rest_client [req-9e286f12-d108-47dd-b1ee-70b2be63473a req-9e286f12-d108-47dd-b1ee-70b2be63473a ] Request (VolumesAdminNegativeTest:setUpClass): 200 PUT http://10.180.1.21:9696/networking/v2.0/routers/af472fce-4d0f-4702-8425-cc6f5e379b52/add_router_interface 2.890s
2024-12-17 09:15:11.168 68159 INFO tempest.lib.common.dynamic_creds [-] Created isolated network resources for: credentials: Credentials: {'domain_id': 'default', 'domain_name': 'Default', 'username': 'tempest-VolumesAdminNegativeTest-664557543-project-member', 'project_domain_id': 'default', 'project_domain_name': 'Default', 'project_id': 'ea665cb4306f4c80840fe49390874c76', 'project_name': 'tempest-VolumesAdminNegativeTest-664557543', 'tenant_id': 'ea665cb4306f4c80840fe49390874c76', 'tenant_name': 'tempest-VolumesAdminNegativeTest-664557543', 'user_domain_id': 'default', 'user_domain_name': 'Default', 'user_id': '99bf48fd858e48be85122e74d00aea9d', 'system': None}, Network: {'id': '44e21065-f683-406b-8da5-1bbdd081afd0', 'name': 'tempest-VolumesAdminNegativeTest-1478005404-network', 'tenant_id': 'ea665cb4306f4c80840fe49390874c76', 'admin_state_up': True, 'mtu': 8950, 'status': 'ACTIVE', 'subnets': [], 'shared': False, 'project_id': 'ea665cb4306f4c80840fe49390874c76', 'port_security_enabled': True, 'router:external': False, 'provider:network_type': 'vlan', 'provider:physical_network': 'default', 'provider:segmentation_id': 432, 'availability_zone_hints': [], 'availability_zones': [], 'ipv4_address_scope': None, 'ipv6_address_scope': None, 'description': '', 'tags': [], 'created_at': '2024-12-17T09:15:05Z', 'updated_at': '2024-12-17T09:15:05Z', 'revision_number': 1}, Subnet: {'id': 'e636d488-a3a0-401e-93aa-831ab76116c5', 'name': 'tempest-VolumesAdminNegativeTest-1478005404-subnet', 'tenant_id': 'ea665cb4306f4c80840fe49390874c76', 'network_id': '44e21065-f683-406b-8da5-1bbdd081afd0', 'ip_version': 4, 'subnetpool_id': None, 'enable_dhcp': True, 'ipv6_ra_mode': None, 'ipv6_address_mode': None, 'gateway_ip': '192.168.128.1', 'cidr': '192.168.128.0/28', 'allocation_pools': [{'start': '192.168.128.2', 'end': '192.168.128.14'}], 'host_routes': [], 'dns_nameservers': [], 'description': '', 'router:external': False, 'service_types': [], 'tags': [], 'created_at': '2024-12-17T09:15:05Z', 'updated_at': '2024-12-17T09:15:05Z', 'revision_number': 0, 'project_id': 'ea665cb4306f4c80840fe49390874c76'}, Router: {'id': 'af472fce-4d0f-4702-8425-cc6f5e379b52', 'name': 'tempest-VolumesAdminNegativeTest-1478005404-router', 'tenant_id': 'ea665cb4306f4c80840fe49390874c76', 'admin_state_up': True, 'status': 'ACTIVE', 'external_gateway_info': {'network_id': 'fb3179c1-d9f7-45d1-a6ef-a43d6226d1e6', 'external_fixed_ips': [{'subnet_id': '1da56faf-e537-4869-8d5f-751f4f3d88ed', 'ip_address': '10.180.180.199'}], 'enable_snat': True}, 'description': '', 'availability_zones': [], 'distributed': False, 'ha': False, 'availability_zone_hints': [], 'routes': [], 'flavor_id': None, 'tags': [], 'created_at': '2024-12-17T09:15:06Z', 'updated_at': '2024-12-17T09:15:07Z', 'revision_number': 2, 'project_id': 'ea665cb4306f4c80840fe49390874c76'}
2024-12-17 09:15:11.174 68177 INFO tempest.lib.common.rest_client [req-8f02ca0f-73fe-4a9f-a198-d2a59affc51d req-8f02ca0f-73fe-4a9f-a198-d2a59affc51d ] Request (FloatingIPsTestJSON:tearDownClass): 204 DELETE http://10.180.1.21:9696/networking/v2.0/networks/b6f68c32-fe73-4f4b-93f4-b8da17ddd931 0.876s
2024-12-17 09:15:11.181 68179 INFO tempest.lib.common.rest_client [req-5f3f7e28-debd-4b6f-8c0e-c454629a2635 req-5f3f7e28-debd-4b6f-8c0e-c454629a2635 ] Request (HostsAdminTestJSON:test_list_hosts_with_nonexistent_zone): 200 GET http://10.180.1.21/compute/v2.1/os-hosts?zone=xxx 1.232s
2024-12-17 09:15:11.223 68161 INFO tempest.lib.common.rest_client [req-315bdfcb-97bb-4c38-968a-c451597e9933 req-315bdfcb-97bb-4c38-968a-c451597e9933 ] Request (ImagesMetadataNegativeTestJSON:tearDownClass): 201 POST http://10.180.1.21/identity/v3/auth/tokens 0.190s
2024-12-17 09:15:11.289 68171 INFO tempest.lib.common.rest_client [req-166b490b-a215-41d3-acff-5261fe110f77 req-166b490b-a215-41d3-acff-5261fe110f77 ] Request (SecurityGroupsTestAdminJSON:tearDownClass): 204 DELETE http://10.180.1.21/identity/v3/projects/5516a6b215ab4c3295ee45e06ef2be19 0.160s
2024-12-17 09:15:11.289 68171 INFO tempest.lib.common.dynamic_creds [-] Deleting project and security group for project: 5ee6c41302b5453eb9877577b4ea45dc
2024-12-17 09:15:11.317 68157 INFO tempest.lib.common.rest_client [req-44f337d8-9791-4b44-8351-8a3787cb2fc6 req-44f337d8-9791-4b44-8351-8a3787cb2fc6 ] Request (QuotasAdminNegativeTest:test_create_server_when_memory_quota_is_full): 200 PUT http://10.180.1.21/compute/v2.1/os-quota-sets/3ae8fa66279b47829f93c1efad0b8ee1 1.818s
2024-12-17 09:15:11.324 68197 INFO tempest.lib.common.rest_client [req-8aeb1674-aa91-451f-9c99-3d6e2d8b70ad req-8aeb1674-aa91-451f-9c99-3d6e2d8b70ad ] Request (MultipleCreateTestJSON:setUpClass): 201 POST http://10.180.1.21/identity/v3/auth/tokens 0.178s
2024-12-17 09:15:11.356 68171 INFO tempest.lib.common.rest_client [req-8314c80d-7d02-420c-8f5e-bd4f92ac1cfb req-8314c80d-7d02-420c-8f5e-bd4f92ac1cfb ] Request (SecurityGroupsTestAdminJSON:tearDownClass): 200 GET http://10.180.1.21:9696/networking/v2.0/security-groups?tenant_id=5ee6c41302b5453eb9877577b4ea45dc&name=default 0.066s
2024-12-17 09:15:11.382 68149 INFO tempest.lib.common.rest_client [req-fdbdd0a1-b265-4fb9-9867-b9ed29e01c47 req-fdbdd0a1-b265-4fb9-9867-b9ed29e01c47 ] Request (HostsAdminNegativeTestJSON:tearDownClass): 204 DELETE http://10.180.1.21/identity/v3/users/612dedcfdc3d4f6b9258dc974be6b3a7 0.226s
2024-12-17 09:15:11.382 68149 INFO tempest.lib.common.dynamic_creds [-] Deleting project and security group for project: 0834234f4964459db68cab048cb2dc4f
2024-12-17 09:15:11.388 68159 INFO tempest.lib.common.rest_client [req-4963266b-ffce-4f57-8f4d-b80e75ac82e6 req-4963266b-ffce-4f57-8f4d-b80e75ac82e6 ] Request (VolumesAdminNegativeTest:setUpClass): 201 POST http://10.180.1.21/identity/v3/auth/tokens 0.213s
2024-12-17 09:15:11.473 68177 INFO tempest.lib.common.rest_client [req-2fccb7a5-8c9f-40e0-a5c4-573b8f8c4840 req-2fccb7a5-8c9f-40e0-a5c4-573b8f8c4840 ] Request (FloatingIPsTestJSON:tearDownClass): 204 DELETE http://10.180.1.21/identity/v3/users/354593b1715b4aa0a762e26b49bfa26d 0.298s
2024-12-17 09:15:11.473 68177 INFO tempest.lib.common.dynamic_creds [-] Deleting project and security group for project: 5c4ca2427a93499e92fee74dee290808
2024-12-17 09:15:11.534 68197 INFO tempest.lib.common.rest_client [req-1fa36560-32a2-4f03-b1ac-bb5ec0411340 req-1fa36560-32a2-4f03-b1ac-bb5ec0411340 ] Request (MultipleCreateTestJSON:setUpClass): 201 POST http://10.180.1.21/identity/v3/auth/tokens 0.208s
2024-12-17 09:15:11.542 68157 INFO tempest.lib.common.rest_client [req-754106fc-3d22-4b48-84f1-367a1aab1d20 req-754106fc-3d22-4b48-84f1-367a1aab1d20 ] Request (QuotasAdminNegativeTest:test_create_server_when_memory_quota_is_full): 201 POST http://10.180.1.21/identity/v3/auth/tokens 0.220s
2024-12-17 09:15:11.542 68157 INFO tempest.lib.common.fixed_network [-] (QuotasAdminNegativeTest:test_create_server_when_memory_quota_is_full) Found network None available for tenant
2024-12-17 09:15:11.545 68177 INFO tempest.lib.common.rest_client [req-01e3ef9f-6817-4a8d-9b24-efbffa129a77 req-01e3ef9f-6817-4a8d-9b24-efbffa129a77 ] Request (FloatingIPsTestJSON:tearDownClass): 200 GET http://10.180.1.21:9696/networking/v2.0/security-groups?tenant_id=5c4ca2427a93499e92fee74dee290808&name=default 0.070s
2024-12-17 09:15:11.562 68171 INFO tempest.lib.common.rest_client [req-0b2d95ed-232b-4603-a288-d7e4ad4ea65e req-0b2d95ed-232b-4603-a288-d7e4ad4ea65e ] Request (SecurityGroupsTestAdminJSON:tearDownClass): 204 DELETE http://10.180.1.21:9696/networking/v2.0/security-groups/c8435800-41f7-4d51-b6c1-1f369fe062a3 0.206s
2024-12-17 09:15:11.564 68149 INFO tempest.lib.common.rest_client [req-07ef400c-d24d-4773-b3ad-d8bc2e2599fa req-07ef400c-d24d-4773-b3ad-d8bc2e2599fa ] Request (HostsAdminNegativeTestJSON:tearDownClass): 201 POST http://10.180.1.21/identity/v3/auth/tokens 0.182s
2024-12-17 09:15:11.578 68159 INFO tempest.lib.common.rest_client [req-5cfbec2c-1092-4a34-8d2c-e4bf6696029d req-5cfbec2c-1092-4a34-8d2c-e4bf6696029d ] Request (VolumesAdminNegativeTest:setUpClass): 201 POST http://10.180.1.21/identity/v3/projects 0.189s
2024-12-17 09:15:11.584 68191 INFO tempest.lib.common.rest_client [req-14ea9fec-41f5-45f0-b9ed-a883f575b676 req-14ea9fec-41f5-45f0-b9ed-a883f575b676 ] Request (ListServerFiltersTestJSON:setUpClass): 202 POST http://10.180.1.21/compute/v2.1/servers 1.598s
2024-12-17 09:15:11.594 68181 INFO tempest.lib.common.rest_client [req-aae8b52b-632b-479f-ab3b-e70f5a6edbb0 req-aae8b52b-632b-479f-ab3b-e70f5a6edbb0 ] Request (SecurityGroupRulesTestJSON:test_security_group_rules_delete_when_peer_group_deleted): 200 POST http://10.180.1.21/compute/v2.1/os-security-groups 1.363s
2024-12-17 09:15:11.616 68205 INFO tempest.lib.common.rest_client [req-5b607951-9456-4cb3-900a-8a6c174ba76a req-5b607951-9456-4cb3-900a-8a6c174ba76a ] Request (FlavorsAccessTestJSON:_run_cleanups): 200 GET http://10.180.1.21/compute/v2.1/flavors/detail 1.352s
2024-12-17 09:15:11.619 68165 INFO tempest.lib.common.rest_client [req-047994e9-bac5-4abb-a36f-78ebd3de5424 req-047994e9-bac5-4abb-a36f-78ebd3de5424 ] Request (FlavorsExtraSpecsTestJSON:test_flavor_set_get_update_show_unset_keys): 200 GET http://10.180.1.21/compute/v2.1/flavors/707828506/os-extra_specs 1.334s
2024-12-17 09:15:11.653 68197 INFO tempest.lib.common.rest_client [req-260424f2-03c3-4f30-9206-0d0b31db77df req-260424f2-03c3-4f30-9206-0d0b31db77df ] Request (MultipleCreateTestJSON:setUpClass): 200 GET http://10.180.1.21/identity/v3/domains?name=Default 0.118s
2024-12-17 09:15:11.737 68171 INFO tempest.lib.common.rest_client [req-83cfd3e2-af24-46f3-bb6a-d36b6261f0f9 req-83cfd3e2-af24-46f3-bb6a-d36b6261f0f9 ] Request (SecurityGroupsTestAdminJSON:tearDownClass): 204 DELETE http://10.180.1.21/identity/v3/projects/5ee6c41302b5453eb9877577b4ea45dc 0.174s
2024-12-17 09:15:11.741 68171 INFO tempest.test [-] raised in TestVolumeSwap.setUpClass. Invoking tearDownClass.
2024-12-17 09:15:11.809 68159 INFO tempest.lib.common.rest_client [req-e674ffb1-03c4-4906-bfe0-561fb48f723b req-e674ffb1-03c4-4906-bfe0-561fb48f723b ] Request (VolumesAdminNegativeTest:setUpClass): 201 POST http://10.180.1.21/identity/v3/users 0.231s
2024-12-17 09:15:11.835 68177 INFO tempest.lib.common.rest_client [req-f60803c3-6ceb-4d67-9471-7e258498a6d4 req-f60803c3-6ceb-4d67-9471-7e258498a6d4 ] Request (FloatingIPsTestJSON:tearDownClass): 204 DELETE http://10.180.1.21:9696/networking/v2.0/security-groups/58351128-0091-4ed4-947d-f8450389e381 0.290s
2024-12-17 09:15:11.852 68197 INFO tempest.lib.common.rest_client [req-f1e8f0c3-c038-4f2e-9293-09733ee7dd6b req-f1e8f0c3-c038-4f2e-9293-09733ee7dd6b ] Request (MultipleCreateTestJSON:setUpClass): 201 POST http://10.180.1.21/identity/v3/projects 0.199s
2024-12-17 09:15:11.864 68205 INFO tempest.lib.common.rest_client [req-fd022fab-cbc8-45da-8ce9-787785a3d52a req-fd022fab-cbc8-45da-8ce9-787785a3d52a ] Request (FlavorsAccessTestJSON:tearDownClass): 204 DELETE http://10.180.1.21/identity/v3/users/783b2790edbd417caf24e1e51e257ef4 0.238s
2024-12-17 09:15:11.922 68159 INFO tempest.lib.common.rest_client [req-8ff3ce43-6d33-4d52-8b73-729dd22a8578 req-8ff3ce43-6d33-4d52-8b73-729dd22a8578 ] Request (VolumesAdminNegativeTest:setUpClass): 200 GET http://10.180.1.21/identity/v3/roles 0.112s
2024-12-17 09:15:11.928 68149 INFO tempest.lib.common.rest_client [req-e6ae5573-6bf1-4492-8548-46bde92f0c95 req-e6ae5573-6bf1-4492-8548-46bde92f0c95 ] Request (HostsAdminNegativeTestJSON:tearDownClass): 200 GET http://10.180.1.21:9696/networking/v2.0/security-groups?tenant_id=0834234f4964459db68cab048cb2dc4f&name=default 0.363s
2024-12-17 09:15:11.931 68167 INFO tempest.lib.common.rest_client [req-0ffec191-7573-4635-ad18-f11cda12f696 req-0ffec191-7573-4635-ad18-f11cda12f696 ] Request (VolumesAssistedSnapshotsTest:test_volume_assisted_snapshot_create_delete): 200 GET http://10.180.1.21/compute/v2.1/servers/242551cb-c58d-48f6-b44b-9c53ea64188e 1.623s
2024-12-17 09:15:11.936 68171 INFO tempest.lib.common.rest_client [req-be67c978-1042-41d4-b2bc-ca923ee87d09 req-be67c978-1042-41d4-b2bc-ca923ee87d09 ] Request (ListImageFiltersNegativeTestJSON:setUpClass): 201 POST http://10.180.1.21/identity/v3/auth/tokens 0.193s
2024-12-17 09:15:11.950 68185 INFO tempest.lib.common.rest_client [req-2f4919a5-7de6-4370-af73-78efa557d0fd req-2f4919a5-7de6-4370-af73-78efa557d0fd ] Request (QuotaClassesAdmin257Test:test_update_default_quotas): 200 GET http://10.180.1.21/compute/v2.1/os-quota-class-sets/default 1.486s
2024-12-17 09:15:11.979 68197 INFO tempest.lib.common.rest_client [req-26da885c-518e-45dd-8979-570247953736 req-26da885c-518e-45dd-8979-570247953736 ] Request (MultipleCreateTestJSON:setUpClass): 201 POST http://10.180.1.21/identity/v3/users 0.127s
2024-12-17 09:15:11.989 68177 INFO tempest.lib.common.rest_client [req-fd789063-a0cf-408a-b264-7871533d9073 req-fd789063-a0cf-408a-b264-7871533d9073 ] Request (FloatingIPsTestJSON:tearDownClass): 204 DELETE http://10.180.1.21/identity/v3/projects/5c4ca2427a93499e92fee74dee290808 0.154s
2024-12-17 09:15:11.995 68161 INFO tempest.lib.common.rest_client [req-d35990a4-683a-4429-9c0a-6d67e6495b27 req-d35990a4-683a-4429-9c0a-6d67e6495b27 ] Request (ImagesMetadataNegativeTestJSON:tearDownClass): 200 GET http://10.180.1.21:9696/networking/v2.0/security-groups?tenant_id=237ee3bb40f5496abc79575bf89f20d5&name=default 0.772s
2024-12-17 09:15:12.064 68149 INFO tempest.lib.common.rest_client [req-24725f5f-25c7-4806-ac65-3d178512e1ca req-24725f5f-25c7-4806-ac65-3d178512e1ca ] Request (HostsAdminNegativeTestJSON:tearDownClass): 204 DELETE http://10.180.1.21:9696/networking/v2.0/security-groups/566457ec-c46b-48bb-9b6a-35403faa4116 0.136s
