2024-12-17 09:15:18.911 68197 INFO tempest.lib.common.dynamic_creds [-] Created isolated network resources for: credentials: Credentials: {'domain_id': 'default', 'domain_name': 'Default', 'username': 'tempest-MultipleCreateTestJSON-1157508673-project-member', 'project_domain_id': 'default', 'project_domain_name': 'Default', 'project_id': 'd4625defea1441338cb5aeac6cef1bd9', 'project_name': 'tempest-MultipleCreateTestJSON-1157508673', 'tenant_id': 'd4625defea1441338cb5aeac6cef1bd9', 'tenant_name': 'tempest-MultipleCreateTestJSON-1157508673', 'user_domain_id': 'default', 'user_domain_name': 'Default', 'user_id': '2976e820bedf49128e36bf6c036feadb', 'system': None}, Network: {'id': '0d45d851-6737-42ea-b351-bef2721908a5', 'name': 'tempest-MultipleCreateTestJSON-1036418211-network', 'tenant_id': 'd4625defea1441338cb5aeac6cef1bd9', 'admin_state_up': True, 'mtu': 8950, 'status': 'ACTIVE', 'subnets': [], 'shared': False, 'project_id': 'd4625defea1441338cb5aeac6cef1bd9', 'port_security_enabled': True, 'router:external': False, 'provider:network_type': 'vlan', 'provider:physical_network': 'default', 'provider:segmentation_id': 91, 'availability_zone_hints': [], 'availability_zones': [], 'ipv4_address_scope': None, 'ipv6_address_scope': None, 'description': '', 'tags': [], 'created_at': '2024-12-17T09:15:12Z', 'updated_at': '2024-12-17T09:15:12Z', 'revision_number': 1}, Subnet: {'id': '764ec987-c8d3-45da-bc85-2ffd9bd58c1c', 'name': 'tempest-MultipleCreateTestJSON-1036418211-subnet', 'tenant_id': 'd4625defea1441338cb5aeac6cef1bd9', 'network_id': '0d45d851-6737-42ea-b351-bef2721908a5', 'ip_version': 4, 'subnetpool_id': None, 'enable_dhcp': True, 'ipv6_ra_mode': None, 'ipv6_address_mode': None, 'gateway_ip': '192.168.128.1', 'cidr': '192.168.128.0/28', 'allocation_pools': [{'start': '192.168.128.2', 'end': '192.168.128.14'}], 'host_routes': [], 'dns_nameservers': [], 'description': '', 'router:external': False, 'service_types': [], 'tags': [], 'created_at': '2024-12-17T09:15:13Z', 'updated_at': '2024-12-17T09:15:13Z', 'revision_number': 0, 'project_id': 'd4625defea1441338cb5aeac6cef1bd9'}, Router: {'id': 'a6095a7b-2df4-4edd-a73e-13f5bf64bf73', 'name': 'tempest-MultipleCreateTestJSON-1036418211-router', 'tenant_id': 'd4625defea1441338cb5aeac6cef1bd9', 'admin_state_up': True, 'status': 'ACTIVE', 'external_gateway_info': {'network_id': 'fb3179c1-d9f7-45d1-a6ef-a43d6226d1e6', 'external_fixed_ips': [{'subnet_id': '1da56faf-e537-4869-8d5f-751f4f3d88ed', 'ip_address': '10.180.180.232'}], 'enable_snat': True}, 'description': '', 'availability_zones': [], 'distributed': False, 'ha': False, 'availability_zone_hints': [], 'routes': [], 'flavor_id': None, 'tags': [], 'created_at': '2024-12-17T09:15:13Z', 'updated_at': '2024-12-17T09:15:14Z', 'revision_number': 2, 'project_id': 'd4625defea1441338cb5aeac6cef1bd9'}
2024-12-17 09:15:18.920 68185 INFO tempest.lib.common.rest_client [req-da780547-ef06-4fc4-8fc9-022a5be78ac9 req-da780547-ef06-4fc4-8fc9-022a5be78ac9 ] Request (ServerActionsV293TestJSON:setUpClass): 201 POST http://10.180.1.21:9696/networking/v2.0/subnets 1.086s
2024-12-17 09:15:18.992 68208 INFO tempest.lib.common.rest_client [req-12783323-f338-4090-9e7a-9ca327bd6fd6 req-12783323-f338-4090-9e7a-9ca327bd6fd6 ] Request (FlavorsExtraSpecsNegativeTestJSON:tearDownClass): 204 DELETE http://10.180.1.21:9696/networking/v2.0/security-groups/fd68f3a5-fa55-490a-96f4-96ae435d6f95 0.429s
2024-12-17 09:15:19.031 68209 INFO tempest.lib.common.rest_client [req-c494ea9c-5c74-474d-b9df-b781fef8ec55 req-c494ea9c-5c74-474d-b9df-b781fef8ec55 ] Request (FloatingIPsAssociationTestJSON:setUpClass): 200 GET http://10.180.1.21/compute/v2.1/servers/90e760b9-c2e7-4d5d-b926-0da71ba48d32 1.918s
2024-12-17 09:15:19.048 68209 INFO tempest.common.waiters [-] State transition "BUILD/spawning" ==> "ACTIVE/None" after 24 second wait
2024-12-17 09:15:19.066 68203 INFO tempest.lib.common.rest_client [req-5f7fb38f-e1b8-4c59-b92a-f9de8578a4d0 req-5f7fb38f-e1b8-4c59-b92a-f9de8578a4d0 ] Request (FlavorsAccessNegativeTestJSON:test_flavor_non_admin_remove): 200 POST http://10.180.1.21/compute/v2.1/flavors/1060986551/action 1.903s
2024-12-17 09:15:19.098 68179 INFO tempest.lib.common.rest_client [req-3a515810-bbe8-4500-9fff-47f9ff8e64b4 req-3a515810-bbe8-4500-9fff-47f9ff8e64b4 ] Request (HostsAdminTestJSON:tearDownClass): 204 DELETE http://10.180.1.21:9696/networking/v2.0/security-groups/2d18b2fc-583e-48f0-8845-740e665f0489 0.312s
2024-12-17 09:15:19.117 68161 INFO tempest.lib.common.rest_client [req-cdc75cae-45ab-4a7f-a48e-2c8d37a07dd7 req-cdc75cae-45ab-4a7f-a48e-2c8d37a07dd7 ] Request (KeyPairsNegativeTestJSON:test_create_keypair_with_duplicate_name): 409 POST http://10.180.1.21/compute/v2.1/os-keypairs 1.832s
2024-12-17 09:15:19.148 68173 INFO tempest.lib.common.rest_client [req-87357131-7ead-4663-80d8-85db30a1a5a2 req-87357131-7ead-4663-80d8-85db30a1a5a2 ] Request (ImagesOneServerNegativeTestJSON:setUpClass): 200 GET http://10.180.1.21/compute/v2.1/servers/77276394-0749-48a8-a724-420a66866f0a 1.938s
2024-12-17 09:15:19.158 68173 INFO tempest.common.waiters [-] State transition "BUILD/None" ==> "BUILD/block_device_mapping" after 14 second wait
2024-12-17 09:15:19.178 68157 INFO tempest.lib.common.rest_client [req-0042e938-da0f-4aab-9104-b0445ad54a2d req-0042e938-da0f-4aab-9104-b0445ad54a2d ] Request (ServersAdminNegativeTestJSON:setUpClass): 201 POST http://10.180.1.21/identity/v3/auth/tokens 0.318s
2024-12-17 09:15:19.185 68197 INFO tempest.lib.common.rest_client [req-ba17b2df-1b84-48f2-add6-26208027d1cf req-ba17b2df-1b84-48f2-add6-26208027d1cf ] Request (MultipleCreateTestJSON:setUpClass): 201 POST http://10.180.1.21/identity/v3/auth/tokens 0.267s
2024-12-17 09:15:19.188 68183 INFO tempest.lib.common.rest_client [req-155ac381-eaac-454b-a7da-bbadfeb87ede req-155ac381-eaac-454b-a7da-bbadfeb87ede ] Request (ServersAdminTestJSON:setUpClass): 200 GET http://10.180.1.21/compute/v2.1/servers/06352376-b4bc-4740-a38a-051a110fb71e 1.857s
2024-12-17 09:15:19.250 68208 INFO tempest.lib.common.rest_client [req-d1943b7b-3fa3-4488-a6d3-9e45c0fe42e2 req-d1943b7b-3fa3-4488-a6d3-9e45c0fe42e2 ] Request (FlavorsExtraSpecsNegativeTestJSON:tearDownClass): 204 DELETE http://10.180.1.21/identity/v3/projects/c9d90a517969439caaace71fafd67293 0.258s
2024-12-17 09:15:19.250 68208 INFO tempest.lib.common.dynamic_creds [-] Deleting project and security group for project: 402bccadc7444a1ebb0497fd1b8628cb
2024-12-17 09:15:19.259 68179 INFO tempest.lib.common.rest_client [req-2d79c066-7768-40c1-9354-3573681b6082 req-2d79c066-7768-40c1-9354-3573681b6082 ] Request (HostsAdminTestJSON:tearDownClass): 204 DELETE http://10.180.1.21/identity/v3/projects/24f02c09cacb4ec384c3530339ae769d 0.160s
2024-12-17 09:15:19.259 68179 INFO tempest.lib.common.dynamic_creds [-] Deleting project and security group for project: 4aa8a8c90d844d96ada039661eb159c7
2024-12-17 09:15:19.262 68159 INFO tempest.lib.common.rest_client [req-eb3e892d-15b1-4411-9f45-ee2f2838af9e req-eb3e892d-15b1-4411-9f45-ee2f2838af9e ] Request (VolumesAdminNegativeTest:test_update_attached_volume_with_nonexistent_volume_in_body): 201 POST http://10.180.1.21:9696/networking/v2.0/security-group-rules 0.499s
2024-12-17 09:15:19.312 68157 INFO tempest.lib.common.rest_client [req-f2606782-dd7f-4190-9f98-035e7b2546b2 req-f2606782-dd7f-4190-9f98-035e7b2546b2 ] Request (ServersAdminNegativeTestJSON:setUpClass): 201 POST http://10.180.1.21/identity/v3/auth/tokens 0.132s
2024-12-17 09:15:19.320 68167 INFO tempest.lib.common.rest_client [req-bd0a2a2f-501e-40b6-91f8-a6df13ae6142 req-bd0a2a2f-501e-40b6-91f8-a6df13ae6142 ] Request (VolumesAssistedSnapshotsTest:test_volume_assisted_snapshot_create_delete): 200 GET http://10.180.1.21/compute/v2.1/servers/242551cb-c58d-48f6-b44b-9c53ea64188e 1.893s
2024-12-17 09:15:19.320 68155 INFO tempest.lib.common.rest_client [req-62bd3b5b-5498-4c8c-9e8a-db96dc8dfda2 req-62bd3b5b-5498-4c8c-9e8a-db96dc8dfda2 ] Request (ServerExternalEventsTest:test_create_server_external_events): 200 GET http://10.180.1.21/compute/v2.1/servers/731915f9-9acf-41f0-8077-6ddbfac270c0 1.932s
2024-12-17 09:15:19.330 68167 INFO tempest.common.waiters [-] State transition "BUILD/None" ==> "ERROR/None" after 15 second wait
2024-12-17 09:15:19.340 68157 INFO tempest.lib.common.rest_client [req-5c74f818-f38f-4197-9377-5a2fe73d3793 req-5c74f818-f38f-4197-9377-5a2fe73d3793 ] Request (ServersAdminNegativeTestJSON:setUpClass): 200 GET http://10.180.1.21/identity/v3/domains?name=Default 0.027s
2024-12-17 09:15:19.351 68197 INFO tempest.lib.common.rest_client [req-3647dcfc-65e9-45fa-bd47-853b357d0793 req-3647dcfc-65e9-45fa-bd47-853b357d0793 ] Request (MultipleCreateTestJSON:test_multiple_create): 201 POST http://10.180.1.21/identity/v3/auth/tokens 0.156s
2024-12-17 09:15:19.352 68197 INFO tempest.lib.common.fixed_network [-] (MultipleCreateTestJSON:test_multiple_create) Found network {'id': '0d45d851-6737-42ea-b351-bef2721908a5', 'name': 'tempest-MultipleCreateTestJSON-1036418211-network', 'tenant_id': 'd4625defea1441338cb5aeac6cef1bd9', 'admin_state_up': True, 'mtu': 8950, 'status': 'ACTIVE', 'subnets': [], 'shared': False, 'project_id': 'd4625defea1441338cb5aeac6cef1bd9', 'port_security_enabled': True, 'router:external': False, 'provider:network_type': 'vlan', 'provider:physical_network': 'default', 'provider:segmentation_id': 91, 'availability_zone_hints': [], 'availability_zones': [], 'ipv4_address_scope': None, 'ipv6_address_scope': None, 'description': '', 'tags': [], 'created_at': '2024-12-17T09:15:12Z', 'updated_at': '2024-12-17T09:15:12Z', 'revision_number': 1} available for tenant
2024-12-17 09:15:19.379 68157 INFO tempest.lib.common.rest_client [req-fd599301-ff60-4e0d-b0bb-dde33a62383a req-fd599301-ff60-4e0d-b0bb-dde33a62383a ] Request (ServersAdminNegativeTestJSON:setUpClass): 201 POST http://10.180.1.21/identity/v3/projects 0.038s
2024-12-17 09:15:19.380 68149 INFO tempest.lib.common.rest_client [req-ebdc37a3-c909-4cd0-b114-5a70d051d266 req-ebdc37a3-c909-4cd0-b114-5a70d051d266 ] Request (KeyPairsV2TestJSON:test_keypair_create_delete): 200 POST http://10.180.1.21/compute/v2.1/os-keypairs 1.506s
2024-12-17 09:15:19.441 68157 INFO tempest.lib.common.rest_client [req-1c2e64ba-e527-4f2c-a360-753e49b1710d req-1c2e64ba-e527-4f2c-a360-753e49b1710d ] Request (ServersAdminNegativeTestJSON:setUpClass): 201 POST http://10.180.1.21/identity/v3/users 0.061s
2024-12-17 09:15:19.449 68163 INFO tempest.lib.common.rest_client [req-c2a500f3-36a8-4e69-9b76-8cc4c7705ef4 req-c2a500f3-36a8-4e69-9b76-8cc4c7705ef4 ] Request (MigrationsAdminTest:test_list_migrations_in_flavor_resize_situation): 200 GET http://10.180.1.21/compute/v2.1/servers/d31665a4-c145-417d-b2f8-304e9455826a 1.574s
2024-12-17 09:15:19.463 68157 INFO tempest.lib.common.rest_client [req-6bdd34cd-09fa-4ad7-b45a-03097085c5b0 req-6bdd34cd-09fa-4ad7-b45a-03097085c5b0 ] Request (ServersAdminNegativeTestJSON:setUpClass): 200 GET http://10.180.1.21/identity/v3/roles 0.022s
2024-12-17 09:15:19.490 68157 INFO tempest.lib.common.rest_client [req-3c4bc436-373e-4159-8ffa-7e255b7b36a5 req-3c4bc436-373e-4159-8ffa-7e255b7b36a5 ] Request (ServersAdminNegativeTestJSON:setUpClass): 204 PUT http://10.180.1.21/identity/v3/projects/705949bf41844a70858bf0322be70f32/users/68f38b3244734aa192650cd9d9118975/roles/a8817189c945452587ce54434297c091 0.026s
2024-12-17 09:15:19.490 68157 INFO tempest.lib.common.dynamic_creds [-] Dynamic test user 68f38b3244734aa192650cd9d9118975 is created with scope project and roles: ['member']
2024-12-17 09:15:19.490 68157 INFO tempest.lib.common.dynamic_creds [-] Acquired dynamic creds: credentials: Credentials: {'domain_id': 'default', 'domain_name': 'Default', 'username': 'tempest-ServersAdminNegativeTestJSON-1835372109-project-member', 'project_domain_id': 'default', 'project_domain_name': 'Default', 'project_id': '705949bf41844a70858bf0322be70f32', 'project_name': 'tempest-ServersAdminNegativeTestJSON-1835372109', 'tenant_id': '705949bf41844a70858bf0322be70f32', 'tenant_name': 'tempest-ServersAdminNegativeTestJSON-1835372109', 'user_domain_id': 'default', 'user_domain_name': 'Default', 'user_id': '68f38b3244734aa192650cd9d9118975', 'system': None}, Network: None, Subnet: None, Router: None
2024-12-17 09:15:19.490 68157 INFO tempest.lib.common.dynamic_creds [-] Created isolated network resources for: credentials: Credentials: {'domain_id': 'default', 'domain_name': 'Default', 'username': 'tempest-ServersAdminNegativeTestJSON-1835372109-project-member', 'project_domain_id': 'default', 'project_domain_name': 'Default', 'project_id': '705949bf41844a70858bf0322be70f32', 'project_name': 'tempest-ServersAdminNegativeTestJSON-1835372109', 'tenant_id': '705949bf41844a70858bf0322be70f32', 'tenant_name': 'tempest-ServersAdminNegativeTestJSON-1835372109', 'user_domain_id': 'default', 'user_domain_name': 'Default', 'user_id': '68f38b3244734aa192650cd9d9118975', 'system': None}, Network: None, Subnet: None, Router: None
2024-12-17 09:15:19.502 68187 INFO tempest.lib.common.rest_client [req-069460eb-abb5-4883-9345-98e5a21f2994 req-069460eb-abb5-4883-9345-98e5a21f2994 ] Request (QuotasAdminTestJSON:test_get_updated_quotas): 200 GET http://10.180.1.21/compute/v2.1/os-quota-sets/f87f0dffd8764a80a7f08cc37030acec/detail 2.065s
2024-12-17 09:15:19.536 68208 INFO tempest.lib.common.rest_client [req-2bd9d79a-a6da-4c62-8deb-c06a3065c870 req-2bd9d79a-a6da-4c62-8deb-c06a3065c870 ] Request (FlavorsExtraSpecsNegativeTestJSON:tearDownClass): 200 GET http://10.180.1.21:9696/networking/v2.0/security-groups?tenant_id=402bccadc7444a1ebb0497fd1b8628cb&name=default 0.285s
2024-12-17 09:15:19.564 68187 INFO tempest.lib.common.rest_client [req-c47e8672-30bf-421f-a590-cd2acef867de req-c47e8672-30bf-421f-a590-cd2acef867de ] Request (QuotasAdminTestJSON:test_get_updated_quotas): 200 GET http://10.180.1.21/identity/v3/domains?name=Default 0.055s
2024-12-17 09:15:19.572 68157 INFO tempest.lib.common.rest_client [req-daa79f40-602c-4f5d-97e5-e305c8fb5103 req-daa79f40-602c-4f5d-97e5-e305c8fb5103 ] Request (ServersAdminNegativeTestJSON:setUpClass): 201 POST http://10.180.1.21/identity/v3/auth/tokens 0.076s
2024-12-17 09:15:19.588 68187 INFO tempest.lib.common.rest_client [req-917849eb-1a30-4e09-92fb-9fdb26c4ad46 req-917849eb-1a30-4e09-92fb-9fdb26c4ad46 ] Request (QuotasAdminTestJSON:test_get_updated_quotas): 201 POST http://10.180.1.21/identity/v3/users 0.024s
2024-12-17 09:15:19.608 68187 INFO tempest.lib.common.rest_client [req-af3d676a-b746-4345-89ed-af3976793d67 req-af3d676a-b746-4345-89ed-af3976793d67 ] Request (QuotasAdminTestJSON:test_get_updated_quotas): 200 GET http://10.180.1.21/identity/v3/domains?name=Default 0.019s
2024-12-17 09:15:19.641 68157 INFO tempest.lib.common.rest_client [req-5f33d586-d39f-4d64-9e12-e1d8d2e1cdb3 req-5f33d586-d39f-4d64-9e12-e1d8d2e1cdb3 ] Request (ServersAdminNegativeTestJSON:setUpClass): 201 POST http://10.180.1.21/identity/v3/projects 0.067s
2024-12-17 09:15:19.708 68157 INFO tempest.lib.common.rest_client [req-969446e8-9e9b-4571-9776-67ee95769c45 req-969446e8-9e9b-4571-9776-67ee95769c45 ] Request (ServersAdminNegativeTestJSON:setUpClass): 201 POST http://10.180.1.21/identity/v3/users 0.067s
2024-12-17 09:15:19.734 68157 INFO tempest.lib.common.rest_client [req-bbbda012-2ecc-48fa-aec2-b22f9972c517 req-bbbda012-2ecc-48fa-aec2-b22f9972c517 ] Request (ServersAdminNegativeTestJSON:setUpClass): 200 GET http://10.180.1.21/identity/v3/roles 0.025s
2024-12-17 09:15:19.764 68157 INFO tempest.lib.common.rest_client [req-e512e7f9-fc83-4c45-b204-d7e8d0b4f037 req-e512e7f9-fc83-4c45-b204-d7e8d0b4f037 ] Request (ServersAdminNegativeTestJSON:setUpClass): 204 PUT http://10.180.1.21/identity/v3/projects/e335fb7e23a6467d98ebd7254aff803d/users/6b76ce65d2e2430b947e73b8a9f4f5db/roles/ba99f002ff724e2a82ca8b9ed97daf43 0.029s
2024-12-17 09:15:19.772 68153 INFO tempest.lib.common.rest_client [req-e9a9e3c5-9bc9-4652-8773-0bedc86dd4f9 req-e9a9e3c5-9bc9-4652-8773-0bedc86dd4f9 ] Request (ImagesTestJSON:setUpClass): 201 POST http://10.180.1.21:9696/networking/v2.0/networks 1.154s
2024-12-17 09:15:19.820 68157 INFO tempest.lib.common.rest_client [req-893fbfac-089c-4e3e-9eb2-b9379f0353fd req-893fbfac-089c-4e3e-9eb2-b9379f0353fd ] Request (ServersAdminNegativeTestJSON:setUpClass): 200 GET http://10.180.1.21/identity/v3/roles 0.055s
2024-12-17 09:15:19.841 68157 INFO tempest.lib.common.rest_client [req-2beb19a2-b4c7-490d-85bd-9b2c5b883756 req-2beb19a2-b4c7-490d-85bd-9b2c5b883756 ] Request (ServersAdminNegativeTestJSON:setUpClass): 204 PUT http://10.180.1.21/identity/v3/projects/e335fb7e23a6467d98ebd7254aff803d/users/6b76ce65d2e2430b947e73b8a9f4f5db/roles/ba99f002ff724e2a82ca8b9ed97daf43 0.020s
2024-12-17 09:15:19.841 68157 INFO tempest.lib.common.dynamic_creds [-] Dynamic test user 6b76ce65d2e2430b947e73b8a9f4f5db is created with scope project and roles: ['admin']
2024-12-17 09:15:19.841 68157 INFO tempest.lib.common.dynamic_creds [-] Acquired dynamic creds: credentials: Credentials: {'domain_id': 'default', 'domain_name': 'Default', 'username': 'tempest-ServersAdminNegativeTestJSON-1904211732-project-admin', 'project_domain_id': 'default', 'project_domain_name': 'Default', 'project_id': 'e335fb7e23a6467d98ebd7254aff803d', 'project_name': 'tempest-ServersAdminNegativeTestJSON-1904211732', 'tenant_id': 'e335fb7e23a6467d98ebd7254aff803d', 'tenant_name': 'tempest-ServersAdminNegativeTestJSON-1904211732', 'user_domain_id': 'default', 'user_domain_name': 'Default', 'user_id': '6b76ce65d2e2430b947e73b8a9f4f5db', 'system': None}, Network: None, Subnet: None, Router: None
2024-12-17 09:15:19.841 68157 INFO tempest.lib.common.dynamic_creds [-] Created isolated network resources for: credentials: Credentials: {'domain_id': 'default', 'domain_name': 'Default', 'username': 'tempest-ServersAdminNegativeTestJSON-1904211732-project-admin', 'project_domain_id': 'default', 'project_domain_name': 'Default', 'project_id': 'e335fb7e23a6467d98ebd7254aff803d', 'project_name': 'tempest-ServersAdminNegativeTestJSON-1904211732', 'tenant_id': 'e335fb7e23a6467d98ebd7254aff803d', 'tenant_name': 'tempest-ServersAdminNegativeTestJSON-1904211732', 'user_domain_id': 'default', 'user_domain_name': 'Default', 'user_id': '6b76ce65d2e2430b947e73b8a9f4f5db', 'system': None}, Network: None, Subnet: None, Router: None
2024-12-17 09:15:19.852 68201 INFO tempest.lib.common.rest_client [req-b61732c0-71d7-4f9f-b804-4dce5e53bf09 req-b61732c0-71d7-4f9f-b804-4dce5e53bf09 ] Request (DeleteServersTestJSON:test_delete_active_server): 200 GET http://10.180.1.21/compute/v2.1/servers/4f62f5ef-da0f-43be-97d1-644a8ceb4387 1.708s
2024-12-17 09:15:19.876 68208 INFO tempest.lib.common.rest_client [req-fb37daf9-2915-4f35-afe1-86e2f6ac2c8f req-fb37daf9-2915-4f35-afe1-86e2f6ac2c8f ] Request (FlavorsExtraSpecsNegativeTestJSON:tearDownClass): 204 DELETE http://10.180.1.21:9696/networking/v2.0/security-groups/d2f4bebe-e9b5-4b0c-8681-04d1c6f89022 0.339s
2024-12-17 09:15:19.902 68181 INFO tempest.lib.common.rest_client [req-841909f9-f23c-42a8-ba6f-94d00aedad37 req-841909f9-f23c-42a8-ba6f-94d00aedad37 ] Request (SecurityGroupRulesTestJSON:test_security_group_rules_list): 200 POST http://10.180.1.21/compute/v2.1/os-security-groups 1.675s
2024-12-17 09:15:19.912 68171 INFO tempest.lib.common.rest_client [req-a355b0fc-30ed-4991-995e-18abdd21f4eb req-a355b0fc-30ed-4991-995e-18abdd21f4eb ] Request (AttachInterfacesUnderV243Test:setUpClass): 201 POST http://10.180.1.21:9696/networking/v2.0/routers 2.984s
2024-12-17 09:15:19.945 68151 INFO tempest.lib.common.rest_client [req-9abbe2b5-4add-4a5f-b496-d47d9233ffc9 req-9abbe2b5-4add-4a5f-b496-d47d9233ffc9 ] Request (ServersWithSpecificFlavorTestJSON:test_verify_created_server_ephemeral_disk): 200 GET http://10.180.1.21/compute/v2.1/servers/3f9b475d-9ff6-447a-88bc-6268220f4a19 1.575s
2024-12-17 09:15:19.951 68151 INFO tempest.common.waiters [-] State transition "BUILD/scheduling" ==> "BUILD/None" after 7 second wait
2024-12-17 09:15:19.963 68157 INFO tempest.lib.common.rest_client [req-573390e9-9c37-4ee7-82cc-5411c6301b9d req-573390e9-9c37-4ee7-82cc-5411c6301b9d ] Request (ServersAdminNegativeTestJSON:setUpClass): 201 POST http://10.180.1.21/identity/v3/auth/tokens 0.117s
2024-12-17 09:15:19.991 68205 INFO tempest.lib.common.rest_client [req-c83e7a0f-4248-4ea0-b347-8f59a33f5f80 req-c83e7a0f-4248-4ea0-b347-8f59a33f5f80 ] Request (ServicesAdminNegativeTestJSON:test_get_service_by_invalid_service_and_valid_host): 200 GET http://10.180.1.21/compute/v2.1/os-services 1.299s
2024-12-17 09:15:20.020 68195 INFO tempest.lib.common.rest_client [req-ae6151ef-95cd-4919-a89a-2ff0eda3e289 req-ae6151ef-95cd-4919-a89a-2ff0eda3e289 ] Request (AggregatesAdminNegativeTestJSON:test_aggregate_create_with_existent_aggregate_name): 409 POST http://10.180.1.21/compute/v2.1/os-aggregates 1.302s
2024-12-17 09:15:20.038 68208 INFO tempest.lib.common.rest_client [req-6c623061-658d-46d2-a8e2-afa5a60c1f6c req-6c623061-658d-46d2-a8e2-afa5a60c1f6c ] Request (FlavorsExtraSpecsNegativeTestJSON:tearDownClass): 204 DELETE http://10.180.1.21/identity/v3/projects/402bccadc7444a1ebb0497fd1b8628cb 0.162s
2024-12-17 09:15:20.049 68157 INFO tempest.lib.common.rest_client [req-9113679e-1e45-4224-a263-5ebfe3aee2a6 req-9113679e-1e45-4224-a263-5ebfe3aee2a6 ] Request (ServersAdminNegativeTestJSON:setUpClass): 201 POST http://10.180.1.21/identity/v3/auth/tokens 0.079s
2024-12-17 09:15:20.050 68157 INFO tempest.lib.common.fixed_network [-] (ServersAdminNegativeTestJSON:setUpClass) Found network None available for tenant
2024-12-17 09:15:20.101 68193 INFO tempest.lib.common.rest_client [req-2dfb295a-3902-4dd6-9e1b-88cf7b22516c req-2dfb295a-3902-4dd6-9e1b-88cf7b22516c ] Request (ServerDiagnosticsTest:tearDownClass): 204 DELETE http://10.180.1.21/compute/v2.1/servers/f4f15112-ca96-4f0d-bb00-429c6b416747 1.453s
2024-12-17 09:15:20.115 68208 INFO tempest.lib.common.rest_client [req-af83fd95-0fd6-4e6e-b292-de237576536e req-af83fd95-0fd6-4e6e-b292-de237576536e ] Request (TenantUsagesNegativeTestJSON:setUpClass): 201 POST http://10.180.1.21/identity/v3/auth/tokens 0.074s
2024-12-17 09:15:20.134 68179 INFO tempest.lib.common.rest_client [req-d3f005e9-1d94-46ac-aa38-1cb955a7f959 req-d3f005e9-1d94-46ac-aa38-1cb955a7f959 ] Request (HostsAdminTestJSON:tearDownClass): 200 GET http://10.180.1.21:9696/networking/v2.0/security-groups?tenant_id=4aa8a8c90d844d96ada039661eb159c7&name=default 0.874s
2024-12-17 09:15:20.150 68208 INFO tempest.lib.common.rest_client [req-baa0ca3a-c29a-450e-bc09-5c961279f0df req-baa0ca3a-c29a-450e-bc09-5c961279f0df ] Request (TenantUsagesNegativeTestJSON:setUpClass): 201 POST http://10.180.1.21/identity/v3/auth/tokens 0.032s
2024-12-17 09:15:20.176 68208 INFO tempest.lib.common.rest_client [req-d80922ff-da92-418e-82db-f6aeeccbc41c req-d80922ff-da92-418e-82db-f6aeeccbc41c ] Request (TenantUsagesNegativeTestJSON:setUpClass): 200 GET http://10.180.1.21/identity/v3/domains?name=Default 0.025s
2024-12-17 09:15:20.209 68208 INFO tempest.lib.common.rest_client [req-a4feabaf-db73-4a3a-b7c5-c271ece00889 req-a4feabaf-db73-4a3a-b7c5-c271ece00889 ] Request (TenantUsagesNegativeTestJSON:setUpClass): 201 POST http://10.180.1.21/identity/v3/projects 0.032s
2024-12-17 09:15:20.239 68165 INFO tempest.lib.common.rest_client [req-cd1500ee-04bd-4846-90e9-6f8303f5448c req-cd1500ee-04bd-4846-90e9-6f8303f5448c ] Request (ServicesAdminTestJSON:test_get_service_by_host_name): 200 GET http://10.180.1.21/compute/v2.1/os-services 1.350s
2024-12-17 09:15:20.242 68175 INFO tempest.lib.common.rest_client [req-ddf95a68-3dad-4240-bad7-475fa2ca32a5 req-ddf95a68-3dad-4240-bad7-475fa2ca32a5 ] Request (DeleteServersAdminTestJSON:test_admin_delete_servers_of_others): 200 GET http://10.180.1.21/compute/v2.1/servers/761c1824-8029-4ccc-b489-e1bd1f9e7d75 1.512s
2024-12-17 09:15:20.249 68175 INFO tempest.common.waiters [-] State transition "BUILD/spawning" ==> "ACTIVE/None" after 25 second wait
2024-12-17 09:15:20.270 68208 INFO tempest.lib.common.rest_client [req-e8959fe2-282d-4402-9836-bdf66a31f259 req-e8959fe2-282d-4402-9836-bdf66a31f259 ] Request (TenantUsagesNegativeTestJSON:setUpClass): 201 POST http://10.180.1.21/identity/v3/users 0.061s
2024-12-17 09:15:20.301 68208 INFO tempest.lib.common.rest_client [req-1270b0b6-8513-48b3-a5c9-8af18fab07b4 req-1270b0b6-8513-48b3-a5c9-8af18fab07b4 ] Request (TenantUsagesNegativeTestJSON:setUpClass): 200 GET http://10.180.1.21/identity/v3/roles 0.030s
2024-12-17 09:15:20.324 68199 INFO tempest.lib.common.rest_client [req-d02f1dcb-a8f7-4dc2-ba95-09f02c7a44bb req-d02f1dcb-a8f7-4dc2-ba95-09f02c7a44bb ] Request (ListImageFiltersTestJSON:setUpClass): 200 GET http://10.180.1.21/compute/v2.1/servers/a94bf7f2-7ed5-4292-9337-061a2fdfb398 1.346s
2024-12-17 09:15:20.330 68208 INFO tempest.lib.common.rest_client [req-7649826e-ba47-41ab-8ebb-9dc221f966f3 req-7649826e-ba47-41ab-8ebb-9dc221f966f3 ] Request (TenantUsagesNegativeTestJSON:setUpClass): 204 PUT http://10.180.1.21/identity/v3/projects/b6e163734d44466cb5707c6f4eebbf5e/users/10cc51e4d36043d783b5bdcb37a22600/roles/a8817189c945452587ce54434297c091 0.028s
2024-12-17 09:15:20.330 68208 INFO tempest.lib.common.dynamic_creds [-] Dynamic test user 10cc51e4d36043d783b5bdcb37a22600 is created with scope project and roles: ['member']
2024-12-17 09:15:20.330 68208 INFO tempest.lib.common.dynamic_creds [-] Acquired dynamic creds: credentials: Credentials: {'domain_id': 'default', 'domain_name': 'Default', 'username': 'tempest-TenantUsagesNegativeTestJSON-1494228555-project-member', 'project_domain_id': 'default', 'project_domain_name': 'Default', 'project_id': 'b6e163734d44466cb5707c6f4eebbf5e', 'project_name': 'tempest-TenantUsagesNegativeTestJSON-1494228555', 'tenant_id': 'b6e163734d44466cb5707c6f4eebbf5e', 'tenant_name': 'tempest-TenantUsagesNegativeTestJSON-1494228555', 'user_domain_id': 'default', 'user_domain_name': 'Default', 'user_id': '10cc51e4d36043d783b5bdcb37a22600', 'system': None}, Network: None, Subnet: None, Router: None
2024-12-17 09:15:20.330 68203 INFO tempest.lib.common.rest_client [req-eb1d7991-75a3-4548-9778-d3f0e6bda63f req-eb1d7991-75a3-4548-9778-d3f0e6bda63f ] Request (FlavorsAccessNegativeTestJSON:test_flavor_non_admin_remove): 403 POST http://10.180.1.21/compute/v2.1/flavors/1060986551/action 1.263s
2024-12-17 09:15:20.330 68208 INFO tempest.lib.common.dynamic_creds [-] Created isolated network resources for: credentials: Credentials: {'domain_id': 'default', 'domain_name': 'Default', 'username': 'tempest-TenantUsagesNegativeTestJSON-1494228555-project-member', 'project_domain_id': 'default', 'project_domain_name': 'Default', 'project_id': 'b6e163734d44466cb5707c6f4eebbf5e', 'project_name': 'tempest-TenantUsagesNegativeTestJSON-1494228555', 'tenant_id': 'b6e163734d44466cb5707c6f4eebbf5e', 'tenant_name': 'tempest-TenantUsagesNegativeTestJSON-1494228555', 'user_domain_id': 'default', 'user_domain_name': 'Default', 'user_id': '10cc51e4d36043d783b5bdcb37a22600', 'system': None}, Network: None, Subnet: None, Router: None
2024-12-17 09:15:20.367 68153 INFO tempest.lib.common.rest_client [req-a4b62609-7c12-4c9a-99a3-dafc8bc498c5 req-a4b62609-7c12-4c9a-99a3-dafc8bc498c5 ] Request (ImagesTestJSON:setUpClass): 201 POST http://10.180.1.21:9696/networking/v2.0/subnets 0.594s
2024-12-17 09:15:20.411 68147 INFO tempest.lib.common.rest_client [req-5f1bdd9e-91ff-4b69-b107-8ff2e0738243 req-5f1bdd9e-91ff-4b69-b107-8ff2e0738243 ] Request (AttachInterfacesTestJSON:test_create_list_show_delete_interfaces_by_fixed_ip): 200 GET http://10.180.1.21/compute/v2.1/servers/a26fc1c1-7845-4084-829e-f73cd6d773dc 1.301s
2024-12-17 09:15:20.415 68179 INFO tempest.lib.common.rest_client [req-52972b29-c3af-45a2-b541-fbfabb689e55 req-52972b29-c3af-45a2-b541-fbfabb689e55 ] Request (HostsAdminTestJSON:tearDownClass): 204 DELETE http://10.180.1.21:9696/networking/v2.0/security-groups/ff0b7dfd-35bf-411b-b693-284ffd4865b8 0.281s
2024-12-17 09:15:20.426 68208 INFO tempest.lib.common.rest_client [req-d955d72f-0371-454d-964a-2d19bf473c44 req-d955d72f-0371-454d-964a-2d19bf473c44 ] Request (TenantUsagesNegativeTestJSON:setUpClass): 201 POST http://10.180.1.21/identity/v3/auth/tokens 0.093s
2024-12-17 09:15:20.431 68161 INFO tempest.lib.common.rest_client [req-4ac27d86-838d-4700-ad4e-b53166fd8fde req-4ac27d86-838d-4700-ad4e-b53166fd8fde ] Request (KeyPairsNegativeTestJSON:test_create_keypair_with_duplicate_name): 202 DELETE http://10.180.1.21/compute/v2.1/os-keypairs/tempest-keypair-621825815 1.314s
2024-12-17 09:15:20.504 68208 INFO tempest.lib.common.rest_client [req-cf1a52df-be0b-4cc0-91f8-f4c4e5fecb2f req-cf1a52df-be0b-4cc0-91f8-f4c4e5fecb2f ] Request (TenantUsagesNegativeTestJSON:setUpClass): 201 POST http://10.180.1.21/identity/v3/projects 0.077s
2024-12-17 09:15:20.569 68179 INFO tempest.lib.common.rest_client [req-e7861020-8318-450f-8945-67d8c4bce4d7 req-e7861020-8318-450f-8945-67d8c4bce4d7 ] Request (HostsAdminTestJSON:tearDownClass): 204 DELETE http://10.180.1.21/identity/v3/projects/4aa8a8c90d844d96ada039661eb159c7 0.153s
2024-12-17 09:15:20.570 68179 INFO tempest.test [-] raised in UpdateMultiattachVolumeNegativeTest.setUpClass. Invoking tearDownClass.
2024-12-17 09:15:20.660 68208 INFO tempest.lib.common.rest_client [req-f1260021-948d-4ee4-a0c7-5a16eb94da67 req-f1260021-948d-4ee4-a0c7-5a16eb94da67 ] Request (TenantUsagesNegativeTestJSON:setUpClass): 201 POST http://10.180.1.21/identity/v3/users 0.155s
2024-12-17 09:15:20.674 68179 INFO tempest.lib.common.rest_client [req-0a28ad6e-0a06-474d-a301-deb6ab1cef3f req-0a28ad6e-0a06-474d-a301-deb6ab1cef3f ] Request (SecurityGroupRulesNegativeTestJSON:setUpClass): 201 POST http://10.180.1.21/identity/v3/auth/tokens 0.102s
2024-12-17 09:15:20.706 68208 INFO tempest.lib.common.rest_client [req-630835b4-2b75-49f5-876c-c3bbcdf9e510 req-630835b4-2b75-49f5-876c-c3bbcdf9e510 ] Request (TenantUsagesNegativeTestJSON:setUpClass): 200 GET http://10.180.1.21/identity/v3/roles 0.045s
2024-12-17 09:15:20.714 68179 INFO tempest.lib.common.rest_client [req-fb52f123-0d84-4c9a-9582-f742696de5ac req-fb52f123-0d84-4c9a-9582-f742696de5ac ] Request (SecurityGroupRulesNegativeTestJSON:setUpClass): 201 POST http://10.180.1.21/identity/v3/auth/tokens 0.038s
2024-12-17 09:15:20.757 68208 INFO tempest.lib.common.rest_client [req-ff142a5e-df91-4f62-a44e-3a01053b443c req-ff142a5e-df91-4f62-a44e-3a01053b443c ] Request (TenantUsagesNegativeTestJSON:setUpClass): 204 PUT http://10.180.1.21/identity/v3/projects/f83294b551cc4a18bd7c3b38a9cd1eaa/users/0ddc18e9454b47cd9a14461a61526494/roles/ba99f002ff724e2a82ca8b9ed97daf43 0.051s
2024-12-17 09:15:20.764 68167 INFO tempest.lib.common.rest_client [req-04d4a2af-6d60-4e3b-af38-f8a0d0f95f11 req-04d4a2af-6d60-4e3b-af38-f8a0d0f95f11 ] Request (VolumesAssistedSnapshotsTest:test_volume_assisted_snapshot_create_delete): 204 DELETE http://10.180.1.21/compute/v2.1/servers/242551cb-c58d-48f6-b44b-9c53ea64188e 1.433s
2024-12-17 09:15:20.774 68179 INFO tempest.lib.common.rest_client [req-c4ae34df-79d0-4d13-a9a3-703fae458c5b req-c4ae34df-79d0-4d13-a9a3-703fae458c5b ] Request (SecurityGroupRulesNegativeTestJSON:setUpClass): 200 GET http://10.180.1.21/identity/v3/domains?name=Default 0.060s
2024-12-17 09:15:20.849 68208 INFO tempest.lib.common.rest_client [req-da63e911-e280-4593-8c4b-efe0d6116af3 req-da63e911-e280-4593-8c4b-efe0d6116af3 ] Request (TenantUsagesNegativeTestJSON:setUpClass): 200 GET http://10.180.1.21/identity/v3/roles 0.092s
2024-12-17 09:15:20.881 68179 INFO tempest.lib.common.rest_client [req-9b46e0a8-60b1-41d9-a751-9edf4e3ea6b0 req-9b46e0a8-60b1-41d9-a751-9edf4e3ea6b0 ] Request (SecurityGroupRulesNegativeTestJSON:setUpClass): 201 POST http://10.180.1.21/identity/v3/projects 0.106s
2024-12-17 09:15:20.939 68177 INFO tempest.lib.common.rest_client [req-7402c45c-65db-4447-985b-1228e9b126bb req-7402c45c-65db-4447-985b-1228e9b126bb ] Request (FloatingIPsAssociationNegativeTestJSON:setUpClass): 200 PUT http://10.180.1.21:9696/networking/v2.0/routers/30d6df1a-08cf-43b9-aedc-e1ccb4d68af9/add_router_interface 4.039s
2024-12-17 09:15:20.940 68177 INFO tempest.lib.common.dynamic_creds [-] Created isolated network resources for: credentials: Credentials: {'domain_id': 'default', 'domain_name': 'Default', 'username': 'tempest-FloatingIPsAssociationNegativeTestJSON-430685572-project-member', 'project_domain_id': 'default', 'project_domain_name': 'Default', 'project_id': '1b362ce18b524c1ca690efbcc80a0b07', 'project_name': 'tempest-FloatingIPsAssociationNegativeTestJSON-430685572', 'tenant_id': '1b362ce18b524c1ca690efbcc80a0b07', 'tenant_name': 'tempest-FloatingIPsAssociationNegativeTestJSON-430685572', 'user_domain_id': 'default', 'user_domain_name': 'Default', 'user_id': '2c53c35b4aa144d4942e57c8e3a31668', 'system': None}, Network: {'id': '9cbb4c05-dc03-4548-8fb4-04dd8efbfb1b', 'name': 'tempest-FloatingIPsAssociationNegativeTestJSON-1951041933-network', 'tenant_id': '1b362ce18b524c1ca690efbcc80a0b07', 'admin_state_up': True, 'mtu': 8950, 'status': 'ACTIVE', 'subnets': [], 'shared': False, 'project_id': '1b362ce18b524c1ca690efbcc80a0b07', 'port_security_enabled': True, 'router:external': False, 'provider:network_type': 'vlan', 'provider:physical_network': 'default', 'provider:segmentation_id': 103, 'availability_zone_hints': [], 'availability_zones': [], 'ipv4_address_scope': None, 'ipv6_address_scope': None, 'description': '', 'tags': [], 'created_at': '2024-12-17T09:15:13Z', 'updated_at': '2024-12-17T09:15:13Z', 'revision_number': 1}, Subnet: {'id': 'b2db3c11-1229-4a9f-8c3a-1dd5b69b6871', 'name': 'tempest-FloatingIPsAssociationNegativeTestJSON-1951041933-subnet', 'tenant_id': '1b362ce18b524c1ca690efbcc80a0b07', 'network_id': '9cbb4c05-dc03-4548-8fb4-04dd8efbfb1b', 'ip_version': 4, 'subnetpool_id': None, 'enable_dhcp': True, 'ipv6_ra_mode': None, 'ipv6_address_mode': None, 'gateway_ip': '192.168.128.1', 'cidr': '192.168.128.0/28', 'allocation_pools': [{'start': '192.168.128.2', 'end': '192.168.128.14'}], 'host_routes': [], 'dns_nameservers': [], 'description': '', 'router:external': False, 'service_types': [], 'tags': [], 'created_at': '2024-12-17T09:15:14Z', 'updated_at': '2024-12-17T09:15:14Z', 'revision_number': 0, 'project_id': '1b362ce18b524c1ca690efbcc80a0b07'}, Router: {'id': '30d6df1a-08cf-43b9-aedc-e1ccb4d68af9', 'name': 'tempest-FloatingIPsAssociationNegativeTestJSON-1951041933-router', 'tenant_id': '1b362ce18b524c1ca690efbcc80a0b07', 'admin_state_up': True, 'status': 'ACTIVE', 'external_gateway_info': {'network_id': 'fb3179c1-d9f7-45d1-a6ef-a43d6226d1e6', 'external_fixed_ips': [{'subnet_id': '1da56faf-e537-4869-8d5f-751f4f3d88ed', 'ip_address': '10.180.180.144'}], 'enable_snat': True}, 'description': '', 'availability_zones': [], 'distributed': False, 'ha': False, 'availability_zone_hints': [], 'routes': [], 'flavor_id': None, 'tags': [], 'created_at': '2024-12-17T09:15:14Z', 'updated_at': '2024-12-17T09:15:15Z', 'revision_number': 2, 'project_id': '1b362ce18b524c1ca690efbcc80a0b07'}
2024-12-17 09:15:20.957 68208 INFO tempest.lib.common.rest_client [req-2fbd2e5f-0a2b-4076-bf80-c95e7d41b911 req-2fbd2e5f-0a2b-4076-bf80-c95e7d41b911 ] Request (TenantUsagesNegativeTestJSON:setUpClass): 204 PUT http://10.180.1.21/identity/v3/projects/f83294b551cc4a18bd7c3b38a9cd1eaa/users/0ddc18e9454b47cd9a14461a61526494/roles/ba99f002ff724e2a82ca8b9ed97daf43 0.107s
2024-12-17 09:15:20.958 68208 INFO tempest.lib.common.dynamic_creds [-] Dynamic test user 0ddc18e9454b47cd9a14461a61526494 is created with scope project and roles: ['admin']
2024-12-17 09:15:20.959 68208 INFO tempest.lib.common.dynamic_creds [-] Acquired dynamic creds: credentials: Credentials: {'domain_id': 'default', 'domain_name': 'Default', 'username': 'tempest-TenantUsagesNegativeTestJSON-120165417-project-admin', 'project_domain_id': 'default', 'project_domain_name': 'Default', 'project_id': 'f83294b551cc4a18bd7c3b38a9cd1eaa', 'project_name': 'tempest-TenantUsagesNegativeTestJSON-120165417', 'tenant_id': 'f83294b551cc4a18bd7c3b38a9cd1eaa', 'tenant_name': 'tempest-TenantUsagesNegativeTestJSON-120165417', 'user_domain_id': 'default', 'user_domain_name': 'Default', 'user_id': '0ddc18e9454b47cd9a14461a61526494', 'system': None}, Network: None, Subnet: None, Router: None
2024-12-17 09:15:20.959 68208 INFO tempest.lib.common.dynamic_creds [-] Created isolated network resources for: credentials: Credentials: {'domain_id': 'default', 'domain_name': 'Default', 'username': 'tempest-TenantUsagesNegativeTestJSON-120165417-project-admin', 'project_domain_id': 'default', 'project_domain_name': 'Default', 'project_id': 'f83294b551cc4a18bd7c3b38a9cd1eaa', 'project_name': 'tempest-TenantUsagesNegativeTestJSON-120165417', 'tenant_id': 'f83294b551cc4a18bd7c3b38a9cd1eaa', 'tenant_name': 'tempest-TenantUsagesNegativeTestJSON-120165417', 'user_domain_id': 'default', 'user_domain_name': 'Default', 'user_id': '0ddc18e9454b47cd9a14461a61526494', 'system': None}, Network: None, Subnet: None, Router: None
2024-12-17 09:15:21.003 68179 INFO tempest.lib.common.rest_client [req-8a26ab60-e937-4bbd-9d00-3ceadb5906f3 req-8a26ab60-e937-4bbd-9d00-3ceadb5906f3 ] Request (SecurityGroupRulesNegativeTestJSON:setUpClass): 201 POST http://10.180.1.21/identity/v3/users 0.122s
2024-12-17 09:15:21.059 68177 INFO tempest.lib.common.rest_client [req-f4207d9b-790f-4280-8141-336438a6f322 req-f4207d9b-790f-4280-8141-336438a6f322 ] Request (FloatingIPsAssociationNegativeTestJSON:setUpClass): 201 POST http://10.180.1.21/identity/v3/auth/tokens 0.113s
2024-12-17 09:15:21.068 68208 INFO tempest.lib.common.rest_client [req-585c4a49-3bc3-4da1-89e8-769068c275bc req-585c4a49-3bc3-4da1-89e8-769068c275bc ] Request (TenantUsagesNegativeTestJSON:setUpClass): 201 POST http://10.180.1.21/identity/v3/auth/tokens 0.103s
2024-12-17 09:15:21.095 68177 INFO tempest.lib.common.rest_client [req-c10ffc23-46cd-4332-97e8-c8a712c10959 req-c10ffc23-46cd-4332-97e8-c8a712c10959 ] Request (FloatingIPsAssociationNegativeTestJSON:setUpClass): 201 POST http://10.180.1.21/identity/v3/auth/tokens 0.029s
2024-12-17 09:15:21.096 68177 INFO tempest.lib.common.fixed_network [-] (FloatingIPsAssociationNegativeTestJSON:setUpClass) Found network {'id': '9cbb4c05-dc03-4548-8fb4-04dd8efbfb1b', 'name': 'tempest-FloatingIPsAssociationNegativeTestJSON-1951041933-network', 'tenant_id': '1b362ce18b524c1ca690efbcc80a0b07', 'admin_state_up': True, 'mtu': 8950, 'status': 'ACTIVE', 'subnets': [], 'shared': False, 'project_id': '1b362ce18b524c1ca690efbcc80a0b07', 'port_security_enabled': True, 'router:external': False, 'provider:network_type': 'vlan', 'provider:physical_network': 'default', 'provider:segmentation_id': 103, 'availability_zone_hints': [], 'availability_zones': [], 'ipv4_address_scope': None, 'ipv6_address_scope': None, 'description': '', 'tags': [], 'created_at': '2024-12-17T09:15:13Z', 'updated_at': '2024-12-17T09:15:13Z', 'revision_number': 1} available for tenant
2024-12-17 09:15:21.107 68179 INFO tempest.lib.common.rest_client [req-2496a229-7ef1-43cc-93f0-9a6544df51fc req-2496a229-7ef1-43cc-93f0-9a6544df51fc ] Request (SecurityGroupRulesNegativeTestJSON:setUpClass): 200 GET http://10.180.1.21/identity/v3/roles 0.103s
2024-12-17 09:15:21.139 68179 INFO tempest.lib.common.rest_client [req-e46fe1b0-493f-4fee-8fd9-c1c152c0ee26 req-e46fe1b0-493f-4fee-8fd9-c1c152c0ee26 ] Request (SecurityGroupRulesNegativeTestJSON:setUpClass): 204 PUT http://10.180.1.21/identity/v3/projects/1074a6ad0b4d431d93b4d833b96ed60c/users/46153e5937264f378bb2ac62947ce2c0/roles/a8817189c945452587ce54434297c091 0.031s
2024-12-17 09:15:21.140 68179 INFO tempest.lib.common.dynamic_creds [-] Dynamic test user 46153e5937264f378bb2ac62947ce2c0 is created with scope project and roles: ['member']
2024-12-17 09:15:21.141 68179 INFO tempest.lib.common.dynamic_creds [-] Acquired dynamic creds: credentials: Credentials: {'domain_id': 'default', 'domain_name': 'Default', 'username': 'tempest-SecurityGroupRulesNegativeTestJSON-1423747809-project-member', 'project_domain_id': 'default', 'project_domain_name': 'Default', 'project_id': '1074a6ad0b4d431d93b4d833b96ed60c', 'project_name': 'tempest-SecurityGroupRulesNegativeTestJSON-1423747809', 'tenant_id': '1074a6ad0b4d431d93b4d833b96ed60c', 'tenant_name': 'tempest-SecurityGroupRulesNegativeTestJSON-1423747809', 'user_domain_id': 'default', 'user_domain_name': 'Default', 'user_id': '46153e5937264f378bb2ac62947ce2c0', 'system': None}, Network: None, Subnet: None, Router: None
2024-12-17 09:15:21.209 68179 INFO tempest.lib.common.rest_client [req-5edeeee1-c326-4d41-96a3-4006e6d686ec req-5edeeee1-c326-4d41-96a3-4006e6d686ec ] Request (SecurityGroupRulesNegativeTestJSON:setUpClass): 201 POST http://10.180.1.21/identity/v3/auth/tokens 0.067s
2024-12-17 09:15:21.384 68159 INFO tempest.lib.common.rest_client [req-49807147-1031-4b2c-b150-98d512149eed req-49807147-1031-4b2c-b150-98d512149eed ] Request (VolumesAdminNegativeTest:test_update_attached_volume_with_nonexistent_volume_in_body): 201 POST http://10.180.1.21:9696/networking/v2.0/floatingips 2.121s
2024-12-17 09:15:21.452 68159 INFO tempest.lib.common.rest_client [req-ca001282-8aa5-42a4-bd6f-9b0beec6d63a req-ca001282-8aa5-42a4-bd6f-9b0beec6d63a ] Request (VolumesAdminNegativeTest:test_update_attached_volume_with_nonexistent_volume_in_body): 201 POST http://10.180.1.21/identity/v3/auth/tokens 0.064s
2024-12-17 09:15:21.452 68159 INFO tempest.lib.common.fixed_network [-] (VolumesAdminNegativeTest:test_update_attached_volume_with_nonexistent_volume_in_body) Found network {'id': '44e21065-f683-406b-8da5-1bbdd081afd0', 'name': 'tempest-VolumesAdminNegativeTest-1478005404-network', 'tenant_id': 'ea665cb4306f4c80840fe49390874c76', 'admin_state_up': True, 'mtu': 8950, 'status': 'ACTIVE', 'subnets': [], 'shared': False, 'project_id': 'ea665cb4306f4c80840fe49390874c76', 'port_security_enabled': True, 'router:external': False, 'provider:network_type': 'vlan', 'provider:physical_network': 'default', 'provider:segmentation_id': 432, 'availability_zone_hints': [], 'availability_zones': [], 'ipv4_address_scope': None, 'ipv6_address_scope': None, 'description': '', 'tags': [], 'created_at': '2024-12-17T09:15:05Z', 'updated_at': '2024-12-17T09:15:05Z', 'revision_number': 1} available for tenant
2024-12-17 09:15:21.835 68209 INFO tempest.lib.common.rest_client [req-0d0652c8-d7b0-4a3b-838e-4f78629e7680 req-0d0652c8-d7b0-4a3b-838e-4f78629e7680 ] Request (FloatingIPsAssociationTestJSON:setUpClass): 200 POST http://10.180.1.21/compute/v2.1/os-floating-ips 2.787s
2024-12-17 09:15:21.869 68149 INFO tempest.lib.common.rest_client [req-f1609e1f-367f-4df5-8c10-bcd92f8d9685 req-f1609e1f-367f-4df5-8c10-bcd92f8d9685 ] Request (KeyPairsV2TestJSON:_run_cleanups): 202 DELETE http://10.180.1.21/compute/v2.1/os-keypairs/tempest-keypair-542685160 2.485s
2024-12-17 09:15:21.918 68197 INFO tempest.lib.common.rest_client [req-e10e84fc-22c6-409c-bea2-c33038cf7c70 req-e10e84fc-22c6-409c-bea2-c33038cf7c70 ] Request (MultipleCreateTestJSON:test_multiple_create): 202 POST http://10.180.1.21/compute/v2.1/servers 2.566s
2024-12-17 09:15:21.954 68185 INFO tempest.lib.common.rest_client [req-c8ff6f66-dd41-4429-a0c9-5918f168fed2 req-c8ff6f66-dd41-4429-a0c9-5918f168fed2 ] Request (ServerActionsV293TestJSON:setUpClass): 201 POST http://10.180.1.21:9696/networking/v2.0/routers 3.034s
2024-12-17 09:15:21.977 68179 INFO tempest.lib.common.rest_client [req-2e69a492-0ce0-44e7-bf1d-337473d47034 req-2e69a492-0ce0-44e7-bf1d-337473d47034 ] Request (SecurityGroupRulesNegativeTestJSON:setUpClass): 201 POST http://10.180.1.21:9696/networking/v2.0/networks 0.767s
2024-12-17 09:15:21.985 68209 INFO tempest.lib.common.rest_client [req-46ae6da5-cdf1-4038-8449-e267ad058057 req-46ae6da5-cdf1-4038-8449-e267ad058057 ] Request (FloatingIPsAssociationTestJSON:test_associate_already_associated_floating_ip): 201 POST http://10.180.1.21/identity/v3/auth/tokens 0.099s
2024-12-17 09:15:21.986 68209 INFO tempest.lib.common.fixed_network [-] (FloatingIPsAssociationTestJSON:test_associate_already_associated_floating_ip) Found network {'id': '32144de9-0447-4b37-9088-0ff75c2ee3a2', 'name': 'tempest-FloatingIPsAssociationTestJSON-1651995052-network', 'tenant_id': '55b4be81aeaf490e9aae0fa799bfc833', 'admin_state_up': True, 'mtu': 8950, 'status': 'ACTIVE', 'subnets': [], 'shared': False, 'project_id': '55b4be81aeaf490e9aae0fa799bfc833', 'port_security_enabled': True, 'router:external': False, 'provider:network_type': 'vlan', 'provider:physical_network': 'default', 'provider:segmentation_id': 14, 'availability_zone_hints': [], 'availability_zones': [], 'ipv4_address_scope': None, 'ipv6_address_scope': None, 'description': '', 'tags': [], 'created_at': '2024-12-17T09:14:44Z', 'updated_at': '2024-12-17T09:14:44Z', 'revision_number': 1} available for tenant
2024-12-17 09:15:21.998 68191 INFO tempest.lib.common.rest_client [req-80718386-be69-4d5c-ac8b-dd7e4101ccf6 req-80718386-be69-4d5c-ac8b-dd7e4101ccf6 ] Request (ListServerFiltersTestJSON:setUpClass): 200 GET http://10.180.1.21/compute/v2.1/servers/17701912-ff87-48fc-b08d-2c432ebfca3c 2.473s
2024-12-17 09:15:22.005 68191 INFO tempest.common.waiters [-] State transition "BUILD/scheduling" ==> "BUILD/None" after 9 second wait
2024-12-17 09:15:22.113 68189 INFO tempest.lib.common.rest_client [req-e29394b4-a8e8-42bb-b940-cf4d444b401f req-e29394b4-a8e8-42bb-b940-cf4d444b401f ] Request (ServersAdmin275Test:test_rebuild_update_server_275): 200 GET http://10.180.1.21/compute/v2.1/servers/ae638915-e769-4f5e-9c2c-89644711d9b4 2.437s
2024-12-17 09:15:22.125 68189 INFO tempest.common.waiters [-] State transition "BUILD/spawning" ==> "ACTIVE/None" after 24 second wait
2024-12-17 09:15:22.217 68187 INFO tempest.lib.common.rest_client [req-8ab73d3a-6bc1-4de5-b4e4-c3d40030d5e9 req-8ab73d3a-6bc1-4de5-b4e4-c3d40030d5e9 ] Request (QuotasAdminTestJSON:test_get_updated_quotas): 200 PUT http://10.180.1.21/compute/v2.1/os-quota-sets/f87f0dffd8764a80a7f08cc37030acec?user_id=e069f61b2be1485eb99ea1a07f9faf4d 2.608s
2024-12-17 09:15:22.243 68205 INFO tempest.lib.common.rest_client [req-87d474a1-20bc-4544-a5bb-dbb93bf202f3 req-87d474a1-20bc-4544-a5bb-dbb93bf202f3 ] Request (ServicesAdminNegativeTestJSON:test_get_service_by_invalid_service_and_valid_host): 200 GET http://10.180.1.21/compute/v2.1/os-services?host=devstack&binary=xxx 2.250s
2024-12-17 09:15:22.267 68195 INFO tempest.lib.common.rest_client [req-9f483d34-b956-40a0-a8fb-ba139a56d702 req-9f483d34-b956-40a0-a8fb-ba139a56d702 ] Request (AggregatesAdminNegativeTestJSON:_run_cleanups): 200 DELETE http://10.180.1.21/compute/v2.1/os-aggregates/4 2.247s
2024-12-17 09:15:22.331 68153 INFO tempest.lib.common.rest_client [req-e9ca0aa2-746e-4cdf-98fc-c3265d14aa9f req-e9ca0aa2-746e-4cdf-98fc-c3265d14aa9f ] Request (ImagesTestJSON:setUpClass): 201 POST http://10.180.1.21:9696/networking/v2.0/routers 1.963s
2024-12-17 09:15:22.431 68179 INFO tempest.lib.common.rest_client [req-dc34121c-a6d2-456e-aec1-870f1d9abbc4 req-dc34121c-a6d2-456e-aec1-870f1d9abbc4 ] Request (SecurityGroupRulesNegativeTestJSON:setUpClass): 201 POST http://10.180.1.21:9696/networking/v2.0/subnets 0.453s
2024-12-17 09:15:22.432 68181 INFO tempest.lib.common.rest_client [req-3103099d-049d-453c-80c6-3585c2c0830b req-3103099d-049d-453c-80c6-3585c2c0830b ] Request (SecurityGroupRulesTestJSON:test_security_group_rules_list): 200 POST http://10.180.1.21/compute/v2.1/os-security-group-rules 2.528s
2024-12-17 09:15:22.606 68193 INFO tempest.lib.common.rest_client [req-4ce6f6f6-91a1-422f-9bc0-306d945e9720 req-4ce6f6f6-91a1-422f-9bc0-306d945e9720 ] Request (ServerDiagnosticsTest:tearDownClass): 200 GET http://10.180.1.21/compute/v2.1/servers/f4f15112-ca96-4f0d-bb00-429c6b416747 2.504s
2024-12-17 09:15:22.673 68157 INFO tempest.lib.common.rest_client [req-ae856a53-e80a-455e-99e0-a25d51e2a38d req-ae856a53-e80a-455e-99e0-a25d51e2a38d ] Request (ServersAdminNegativeTestJSON:setUpClass): 202 POST http://10.180.1.21/compute/v2.1/servers 2.622s
2024-12-17 09:15:22.748 68183 INFO tempest.lib.common.rest_client [req-e213eaca-ade7-456e-a487-746881db5585 req-e213eaca-ade7-456e-a487-746881db5585 ] Request (ServersAdminTestJSON:setUpClass): 200 GET http://10.180.1.21/compute/v2.1/servers/06352376-b4bc-4740-a38a-051a110fb71e 2.549s
2024-12-17 09:15:22.777 68165 INFO tempest.lib.common.rest_client [req-81a95ff3-63f0-4945-b0b5-89c15bb33a79 req-81a95ff3-63f0-4945-b0b5-89c15bb33a79 ] Request (ServicesAdminTestJSON:test_get_service_by_host_name): 200 GET http://10.180.1.21/compute/v2.1/os-services?host=devstack 2.534s
2024-12-17 09:15:22.885 68173 INFO tempest.lib.common.rest_client [req-5e138ab2-eb01-45d0-9dbb-ac15b82f5aee req-5e138ab2-eb01-45d0-9dbb-ac15b82f5aee ] Request (ImagesOneServerNegativeTestJSON:setUpClass): 200 GET http://10.180.1.21/compute/v2.1/servers/77276394-0749-48a8-a724-420a66866f0a 2.726s
2024-12-17 09:15:22.895 68173 INFO tempest.common.waiters [-] State transition "BUILD/block_device_mapping" ==> "BUILD/spawning" after 17 second wait
2024-12-17 09:15:23.111 68155 INFO tempest.lib.common.rest_client [req-d2fcb5fb-cb42-42ab-86a4-b660a6bc7b70 req-d2fcb5fb-cb42-42ab-86a4-b660a6bc7b70 ] Request (ServerExternalEventsTest:test_create_server_external_events): 200 GET http://10.180.1.21/compute/v2.1/servers/731915f9-9acf-41f0-8077-6ddbfac270c0 2.785s
2024-12-17 09:15:23.119 68155 INFO tempest.common.waiters [-] State transition "BUILD/spawning" ==> "ACTIVE/None" after 28 second wait
2024-12-17 09:15:23.133 68171 INFO tempest.lib.common.rest_client [req-590737c8-bcec-4c2e-b0d8-869fedbe5fbe req-590737c8-bcec-4c2e-b0d8-869fedbe5fbe ] Request (AttachInterfacesUnderV243Test:setUpClass): 200 PUT http://10.180.1.21:9696/networking/v2.0/routers/b63fbcb8-2398-4522-a88a-6632eb770795/add_router_interface 3.221s
