2024-12-17 09:16:24.090 68175 INFO tempest.lib.common.rest_client [req-d4cc0c08-75f0-4561-a9a7-de55619e139e req-d4cc0c08-75f0-4561-a9a7-de55619e139e ] Request (DeleteServersAdminTestJSON:test_delete_server_while_in_error_state): 200 GET http://10.180.1.21/compute/v2.1/servers/4e6b6a82-6af1-4cb8-a536-952017a6483e 0.208s
2024-12-17 09:16:24.107 68153 INFO tempest.lib.common.rest_client [req-32450b4d-de60-480a-b754-d2bb5234c1c3 req-32450b4d-de60-480a-b754-d2bb5234c1c3 ] Request (ImagesTestJSON:test_create_image_from_stopped_server): 200 GET http://10.180.1.21/compute/v2.1/servers/82b59b80-07f9-4a2a-8918-621bcf4f519e 0.222s
2024-12-17 09:16:24.143 68203 INFO tempest.lib.common.rest_client [req-257d013b-e404-47a9-9e7b-f20e28f13b50 req-257d013b-e404-47a9-9e7b-f20e28f13b50 ] Request (InstanceActionsTestJSON:setUpClass): 200 GET http://10.180.1.21/compute/v2.1/servers/b5d0a090-7103-41f3-83ab-939c26f7dfd3 0.207s
2024-12-17 09:16:24.164 68167 INFO tempest.lib.common.rest_client [req-29678bcb-b98a-4b66-96ab-7176a4d596e6 req-29678bcb-b98a-4b66-96ab-7176a4d596e6 ] Request (ServersAaction247Test:test_create_backup): 200 GET http://10.180.1.21/compute/v2.1/servers/1c208488-cb83-4258-970a-bb3e05d94d9f 0.219s
2024-12-17 09:16:24.221 68171 INFO tempest.lib.common.rest_client [req-85a5a8f2-0202-46a1-afc0-7a633b0c0bd5 req-85a5a8f2-0202-46a1-afc0-7a633b0c0bd5 ] Request (AttachInterfacesUnderV243Test:test_add_remove_fixed_ip): 200 GET http://10.180.1.21/compute/v2.1/servers/432c30fd-0eb0-483e-8605-6bf460c2d475 0.223s
2024-12-17 09:16:24.228 68149 INFO tempest.lib.common.rest_client [req-c323e4b1-34f8-44f2-a637-216962fc6d79 req-c323e4b1-34f8-44f2-a637-216962fc6d79 ] Request (AttachInterfacesV270Test:test_create_get_list_interfaces): 200 GET http://10.180.1.21/compute/v2.1/servers/059d0dd3-db4e-4ee7-b78d-9e94b3545ff2 0.220s
2024-12-17 09:16:24.271 68195 INFO tempest.lib.common.rest_client [req-3d36b32d-fd93-4e66-90ba-7cf909bed384 req-3d36b32d-fd93-4e66-90ba-7cf909bed384 ] Request (ServerShowV254Test:test_rebuild_server): 200 GET http://10.180.1.21/compute/v2.1/servers/df0b7e11-8ced-445d-8f16-1330aebf2a54 0.200s
2024-12-17 09:16:24.275 68201 INFO tempest.lib.common.rest_client [req-5c5b452e-457d-4249-a23e-25f77b9939ab req-5c5b452e-457d-4249-a23e-25f77b9939ab ] Request (DeleteServersTestJSON:test_delete_server_while_in_attached_volume): 200 GET http://10.180.1.21/compute/v2.1/servers/e26a255f-aa37-4213-b767-011b82fdc69a 0.144s
2024-12-17 09:16:24.333 68161 INFO tempest.lib.common.rest_client [req-bd0c5760-4655-440a-a592-b2f6046e751a req-bd0c5760-4655-440a-a592-b2f6046e751a ] Request (ServersV294TestFqdnHostnames:setUpClass): 200 GET http://10.180.1.21/compute/v2.1/servers/661963c9-01b2-4de3-b180-622a1b8f2ce9 0.132s
2024-12-17 09:16:24.385 68183 INFO tempest.lib.common.rest_client [req-39234b3f-58d9-4cbd-867f-a04ef6f065e7 req-39234b3f-58d9-4cbd-867f-a04ef6f065e7 ] Request (ServersAdminTestJSON:test_create_server_with_scheduling_hint): 200 GET http://10.180.1.21/compute/v2.1/servers/f01f0ff0-b7d0-4838-8794-bd05837edd99 0.135s
2024-12-17 09:16:24.388 68177 INFO tempest.lib.common.rest_client [req-bd8c213a-4223-4cd8-8ff4-475a534e3f1c req-bd8c213a-4223-4cd8-8ff4-475a534e3f1c ] Request (FloatingIPsAssociationNegativeTestJSON:setUpClass): 200 GET http://10.180.1.21/compute/v2.1/servers/7f460c94-9150-4564-a2d6-c266537b97c2 0.221s
2024-12-17 09:16:24.443 68193 INFO tempest.lib.common.rest_client [req-a1608993-af93-48fd-a351-86be236016f8 req-a1608993-af93-48fd-a351-86be236016f8 ] Request (ServerDiagnosticsNegativeTest:test_get_server_diagnostics_by_non_admin): 200 GET http://10.180.1.21/compute/v2.1/servers/d7c536b2-d0b3-4fad-af46-7556dbad29db 0.129s
2024-12-17 09:16:24.444 68187 INFO tempest.lib.common.rest_client [req-dd5e3de5-6201-49f6-bc87-fa0fc09f1f63 req-dd5e3de5-6201-49f6-bc87-fa0fc09f1f63 ] Request (ServerDiagnosticsV248Test:test_get_server_diagnostics): 200 GET http://10.180.1.21/compute/v2.1/servers/053e35a4-fd20-43c8-8012-fd4f22075e1d 0.183s
2024-12-17 09:16:24.507 68159 INFO tempest.lib.common.rest_client [req-9162c5ef-1c51-4752-90ae-87930fa66d34 req-9162c5ef-1c51-4752-90ae-87930fa66d34 ] Request (VolumesAdminNegativeTest:test_update_attached_volume_with_nonexistent_volume_in_body): 200 GET http://10.180.1.21/compute/v2.1/servers/2713621e-9a83-4027-ba0e-28341dc8855f 0.128s
2024-12-17 09:16:24.513 68159 INFO tempest.common.waiters [-] State transition "BUILD/None" ==> "BUILD/networking" after 57 second wait
2024-12-17 09:16:24.518 68173 INFO tempest.lib.common.rest_client [req-54daf98b-dad1-48f4-9188-b556e62d523b req-54daf98b-dad1-48f4-9188-b556e62d523b ] Request (ImagesOneServerNegativeTestJSON:_run_cleanups): 200 GET http://10.180.1.21/compute/v2.1/servers/77276394-0749-48a8-a724-420a66866f0a 0.194s
2024-12-17 09:16:24.572 68155 INFO tempest.lib.common.rest_client [req-b65b554f-7a98-4915-a253-88de995ae0ee req-b65b554f-7a98-4915-a253-88de995ae0ee ] Request (ServersTestJSON:test_create_server_specify_multibyte_character_name): 200 GET http://10.180.1.21/compute/v2.1/servers/0c2d9692-71de-48a4-9558-a7de218f240c 0.191s
2024-12-17 09:16:24.585 68205 INFO tempest.lib.common.rest_client [req-61818420-b842-4667-96d3-6653ed35098e req-61818420-b842-4667-96d3-6653ed35098e ] Request (ServersTestMultiNic:test_verify_duplicate_network_nics): 200 GET http://10.180.1.21/compute/v2.1/servers/732c0b45-86ca-4099-9dea-7ce50e242e0a 0.127s
2024-12-17 09:16:24.649 68209 INFO tempest.lib.common.rest_client [req-04f20514-7534-46a6-a278-fa2950df1a0a req-04f20514-7534-46a6-a278-fa2950df1a0a ] Request (FloatingIPsAssociationTestJSON:test_associate_already_associated_floating_ip): 200 GET http://10.180.1.21/compute/v2.1/servers/10bd069c-14eb-420e-9b9f-f75ad76188b3 0.142s
2024-12-17 09:16:24.709 68179 INFO tempest.lib.common.rest_client [req-d46c74cd-26ec-4a80-81ae-0f2fb1b72c1f req-d46c74cd-26ec-4a80-81ae-0f2fb1b72c1f ] Request (ServerActionsTestOtherB:setUpClass): 200 GET http://10.180.1.21/compute/v2.1/servers/145a248f-dffa-436e-b58a-e934ecc7951a 0.128s
2024-12-17 09:16:24.728 68197 INFO tempest.lib.common.rest_client [req-aa56ea35-2e99-42e0-ba16-61ddd6fd1bd7 req-aa56ea35-2e99-42e0-ba16-61ddd6fd1bd7 ] Request (MultipleCreateTestJSON:test_multiple_create): 200 GET http://10.180.1.21/compute/v2.1/servers/19eadcca-e20b-49fa-bde1-6a760e579470 0.239s
2024-12-17 09:16:24.735 68197 INFO tempest.common.waiters [-] State transition "BUILD/spawning" ==> "ACTIVE/None" after 58 second wait
2024-12-17 09:16:24.803 68189 INFO tempest.lib.common.rest_client [req-1f792398-5f80-47e0-a103-ec43b1183db2 req-1f792398-5f80-47e0-a103-ec43b1183db2 ] Request (ServersAdmin275Test:tearDownClass): 200 GET http://10.180.1.21/compute/v2.1/servers/ae638915-e769-4f5e-9c2c-89644711d9b4 0.140s
2024-12-17 09:16:24.866 68170 INFO tempest.lib.common.rest_client [req-4008ccc4-e013-437d-841d-f670749fdf11 req-4008ccc4-e013-437d-841d-f670749fdf11 ] Request (ServersTestJSON:setUpClass): 200 GET http://10.180.1.21/compute/v2.1/servers/681b3773-3c20-4887-b5b4-74d5ae5b3c39 0.170s
2024-12-17 09:16:24.927 68185 INFO tempest.lib.common.rest_client [req-ec3a9a2b-4e13-47a5-bd29-746257e0b64f req-ec3a9a2b-4e13-47a5-bd29-746257e0b64f ] Request (ServerActionsV293TestJSON:setUpClass): 200 GET http://10.180.1.21/compute/v2.1/servers/1a89d7cf-df39-4ad6-bbf6-bf406bc00803 0.196s
2024-12-17 09:16:24.932 68157 INFO tempest.lib.common.rest_client [req-0a97422d-a2f1-46a1-9700-7eb6bafa15cb req-0a97422d-a2f1-46a1-9700-7eb6bafa15cb ] Request (ServersAdminNegativeTestJSON:setUpClass): 200 GET http://10.180.1.21/compute/v2.1/servers/aafd9980-4d6c-400e-b3f4-a392092cf34a 0.292s
2024-12-17 09:16:25.005 68165 INFO tempest.lib.common.rest_client [req-29502ce9-ba0f-4fb2-ae47-4647ba82ea44 req-29502ce9-ba0f-4fb2-ae47-4647ba82ea44 ] Request (TenantUsagesTestJSON:setUpClass): 200 GET http://10.180.1.21/compute/v2.1/servers/c7395bf9-b324-4c27-904a-c1717a720d46 0.210s
2024-12-17 09:16:25.076 68191 INFO tempest.lib.common.rest_client [req-b4c3032b-99a8-46ed-a19c-cd8a4e20982b req-b4c3032b-99a8-46ed-a19c-cd8a4e20982b ] Request (ListServerFiltersTestJSON:tearDownClass): 200 GET http://10.180.1.21/compute/v2.1/servers/17701912-ff87-48fc-b08d-2c432ebfca3c 0.208s
2024-12-17 09:16:25.152 68208 INFO tempest.lib.common.rest_client [req-49a4ffb4-dba6-4916-b996-7a61fa544304 req-49a4ffb4-dba6-4916-b996-7a61fa544304 ] Request (ServerPasswordTestJSON:setUpClass): 200 GET http://10.180.1.21/compute/v2.1/servers/d419a68f-86c3-477b-a4f8-8a7d2f657474 0.233s
2024-12-17 09:16:25.184 68197 INFO tempest.lib.common.rest_client [req-3a7455e8-57d8-46eb-9c9c-207d72d99a6d req-3a7455e8-57d8-46eb-9c9c-207d72d99a6d ] Request (MultipleCreateTestJSON:test_multiple_create): 200 GET http://10.180.1.21/compute/v2.1/servers/2c02f398-ff54-4ab0-b6c3-4e789ab4a9ad 0.449s
2024-12-17 09:16:25.338 68163 INFO tempest.lib.common.rest_client [req-3acc1d09-3c55-4759-b083-66a43713852d req-3acc1d09-3c55-4759-b083-66a43713852d ] Request (MigrationsAdminTest:test_list_migrations_in_flavor_resize_situation): 200 GET http://10.180.1.21/compute/v2.1/servers/d31665a4-c145-417d-b2f8-304e9455826a 0.293s
2024-12-17 09:16:25.346 68163 INFO tempest.common.waiters [-] State transition "RESIZE/resize_migrating" ==> "RESIZE/resize_migrated" after 40 second wait
2024-12-17 09:16:25.362 68199 INFO tempest.lib.common.rest_client [req-a0877ee8-00bf-4742-81e7-695784ae2bd0 req-a0877ee8-00bf-4742-81e7-695784ae2bd0 ] Request (ListImageFiltersTestJSON:setUpClass): 200 GET http://10.180.1.21/compute/v2.1/servers/633f43ed-6b16-4d84-b664-fea781aca3c4 0.299s
2024-12-17 09:16:25.422 68175 INFO tempest.lib.common.rest_client [req-15a34394-75ad-4573-8529-447cdd05801b req-15a34394-75ad-4573-8529-447cdd05801b ] Request (DeleteServersAdminTestJSON:test_delete_server_while_in_error_state): 200 GET http://10.180.1.21/compute/v2.1/servers/4e6b6a82-6af1-4cb8-a536-952017a6483e 0.324s
2024-12-17 09:16:25.431 68153 INFO tempest.lib.common.rest_client [req-8c614095-63ce-4f97-b237-a633595918ab req-8c614095-63ce-4f97-b237-a633595918ab ] Request (ImagesTestJSON:test_create_image_from_stopped_server): 200 GET http://10.180.1.21/compute/v2.1/servers/82b59b80-07f9-4a2a-8918-621bcf4f519e 0.317s
2024-12-17 09:16:25.507 68203 INFO tempest.lib.common.rest_client [req-a419c76e-617d-43b2-9b50-ed8b78a4c53e req-a419c76e-617d-43b2-9b50-ed8b78a4c53e ] Request (InstanceActionsTestJSON:setUpClass): 200 GET http://10.180.1.21/compute/v2.1/servers/b5d0a090-7103-41f3-83ab-939c26f7dfd3 0.357s
2024-12-17 09:16:25.510 68167 INFO tempest.lib.common.rest_client [req-7b9d2ae3-e3cf-42b6-bf1d-837cd6f7a769 req-7b9d2ae3-e3cf-42b6-bf1d-837cd6f7a769 ] Request (ServersAaction247Test:test_create_backup): 200 GET http://10.180.1.21/compute/v2.1/servers/1c208488-cb83-4258-970a-bb3e05d94d9f 0.337s
2024-12-17 09:16:25.587 68171 INFO tempest.lib.common.rest_client [req-0ea39ee1-1a10-41b7-af96-3083ed21c2e8 req-0ea39ee1-1a10-41b7-af96-3083ed21c2e8 ] Request (AttachInterfacesUnderV243Test:test_add_remove_fixed_ip): 200 GET http://10.180.1.21/compute/v2.1/servers/432c30fd-0eb0-483e-8605-6bf460c2d475 0.359s
2024-12-17 09:16:25.595 68197 INFO tempest.lib.common.rest_client [req-ff511d69-0c03-46d1-9b81-182162837667 req-ff511d69-0c03-46d1-9b81-182162837667 ] Request (MultipleCreateTestJSON:_run_cleanups): 204 DELETE http://10.180.1.21/compute/v2.1/servers/2c02f398-ff54-4ab0-b6c3-4e789ab4a9ad 0.402s
2024-12-17 09:16:25.645 68149 INFO tempest.lib.common.rest_client [req-c7c498c3-53b3-41e5-988b-fc481fa84b6b req-c7c498c3-53b3-41e5-988b-fc481fa84b6b ] Request (AttachInterfacesV270Test:test_create_get_list_interfaces): 200 GET http://10.180.1.21/compute/v2.1/servers/059d0dd3-db4e-4ee7-b78d-9e94b3545ff2 0.409s
2024-12-17 09:16:25.649 68195 INFO tempest.lib.common.rest_client [req-895d64e3-9115-4a6d-acdc-6323d9cc5080 req-895d64e3-9115-4a6d-acdc-6323d9cc5080 ] Request (ServerShowV254Test:test_rebuild_server): 200 GET http://10.180.1.21/compute/v2.1/servers/df0b7e11-8ced-445d-8f16-1330aebf2a54 0.369s
2024-12-17 09:16:25.705 68201 INFO tempest.lib.common.rest_client [req-3a877193-c54f-43fa-a2aa-1d597dee11e2 req-3a877193-c54f-43fa-a2aa-1d597dee11e2 ] Request (DeleteServersTestJSON:test_delete_server_while_in_attached_volume): 200 GET http://10.180.1.21/compute/v2.1/servers/e26a255f-aa37-4213-b767-011b82fdc69a 0.421s
2024-12-17 09:16:25.710 68161 INFO tempest.lib.common.rest_client [req-ad4f29a8-a390-406e-b374-223cd76f32d7 req-ad4f29a8-a390-406e-b374-223cd76f32d7 ] Request (ServersV294TestFqdnHostnames:setUpClass): 200 GET http://10.180.1.21/compute/v2.1/servers/661963c9-01b2-4de3-b180-622a1b8f2ce9 0.368s
2024-12-17 09:16:25.753 68183 INFO tempest.lib.common.rest_client [req-52850c82-06d1-4d88-af40-6ee933e2d0da req-52850c82-06d1-4d88-af40-6ee933e2d0da ] Request (ServersAdminTestJSON:test_create_server_with_scheduling_hint): 200 GET http://10.180.1.21/compute/v2.1/servers/f01f0ff0-b7d0-4838-8794-bd05837edd99 0.360s
2024-12-17 09:16:25.801 68193 INFO tempest.lib.common.rest_client [req-33c2bbc9-7b6a-40de-b002-6320165bb8b0 req-33c2bbc9-7b6a-40de-b002-6320165bb8b0 ] Request (ServerDiagnosticsNegativeTest:test_get_server_diagnostics_by_non_admin): 200 GET http://10.180.1.21/compute/v2.1/servers/d7c536b2-d0b3-4fad-af46-7556dbad29db 0.351s
2024-12-17 09:16:25.815 68177 INFO tempest.lib.common.rest_client [req-f8221a08-72db-4c78-a472-72cd4500c9a0 req-f8221a08-72db-4c78-a472-72cd4500c9a0 ] Request (FloatingIPsAssociationNegativeTestJSON:setUpClass): 200 GET http://10.180.1.21/compute/v2.1/servers/7f460c94-9150-4564-a2d6-c266537b97c2 0.420s
2024-12-17 09:16:25.849 68187 INFO tempest.lib.common.rest_client [req-59c9765c-4c7b-44a6-917c-48c4da222fbb req-59c9765c-4c7b-44a6-917c-48c4da222fbb ] Request (ServerDiagnosticsV248Test:test_get_server_diagnostics): 200 GET http://10.180.1.21/compute/v2.1/servers/053e35a4-fd20-43c8-8012-fd4f22075e1d 0.394s
2024-12-17 09:16:25.905 68173 INFO tempest.lib.common.rest_client [req-84a99415-832e-4a22-9532-1577ace703e5 req-84a99415-832e-4a22-9532-1577ace703e5 ] Request (ImagesOneServerNegativeTestJSON:_run_cleanups): 200 GET http://10.180.1.21/compute/v2.1/servers/77276394-0749-48a8-a724-420a66866f0a 0.376s
2024-12-17 09:16:25.957 68155 INFO tempest.lib.common.rest_client [req-87c1185e-7081-4108-b6f5-5a64f33a60f2 req-87c1185e-7081-4108-b6f5-5a64f33a60f2 ] Request (ServersTestJSON:test_create_server_specify_multibyte_character_name): 200 GET http://10.180.1.21/compute/v2.1/servers/0c2d9692-71de-48a4-9558-a7de218f240c 0.376s
2024-12-17 09:16:25.957 68159 INFO tempest.lib.common.rest_client [req-b8aad061-4427-45d6-893e-8120f60a4df8 req-b8aad061-4427-45d6-893e-8120f60a4df8 ] Request (VolumesAdminNegativeTest:test_update_attached_volume_with_nonexistent_volume_in_body): 200 GET http://10.180.1.21/compute/v2.1/servers/2713621e-9a83-4027-ba0e-28341dc8855f 0.440s
2024-12-17 09:16:25.965 68159 INFO tempest.common.waiters [-] State transition "BUILD/networking" ==> "BUILD/spawning" after 58 second wait
2024-12-17 09:16:26.011 68205 INFO tempest.lib.common.rest_client [req-bb89a14d-c829-4021-95dd-da4482a87ce3 req-bb89a14d-c829-4021-95dd-da4482a87ce3 ] Request (ServersTestMultiNic:test_verify_duplicate_network_nics): 200 GET http://10.180.1.21/compute/v2.1/servers/732c0b45-86ca-4099-9dea-7ce50e242e0a 0.417s
2024-12-17 09:16:26.050 68197 INFO tempest.lib.common.rest_client [req-d8783a2f-a711-4c09-96a6-07536629abcd req-d8783a2f-a711-4c09-96a6-07536629abcd ] Request (MultipleCreateTestJSON:_run_cleanups): 204 DELETE http://10.180.1.21/compute/v2.1/servers/19eadcca-e20b-49fa-bde1-6a760e579470 0.454s
2024-12-17 09:16:26.061 68209 INFO tempest.lib.common.rest_client [req-d5e58223-48e8-47e3-914b-69c3da2abd71 req-d5e58223-48e8-47e3-914b-69c3da2abd71 ] Request (FloatingIPsAssociationTestJSON:test_associate_already_associated_floating_ip): 200 GET http://10.180.1.21/compute/v2.1/servers/10bd069c-14eb-420e-9b9f-f75ad76188b3 0.403s
2024-12-17 09:16:26.096 68179 INFO tempest.lib.common.rest_client [req-c04b44bf-a0c9-422c-a479-b763da649955 req-c04b44bf-a0c9-422c-a479-b763da649955 ] Request (ServerActionsTestOtherB:setUpClass): 200 GET http://10.180.1.21/compute/v2.1/servers/145a248f-dffa-436e-b58a-e934ecc7951a 0.379s
2024-12-17 09:16:26.124 68189 INFO tempest.lib.common.rest_client [req-4550b078-9d12-41d9-9b61-0487074f60d8 req-4550b078-9d12-41d9-9b61-0487074f60d8 ] Request (ServersAdmin275Test:tearDownClass): 200 GET http://10.180.1.21/compute/v2.1/servers/ae638915-e769-4f5e-9c2c-89644711d9b4 0.311s
2024-12-17 09:16:26.147 68170 INFO tempest.lib.common.rest_client [req-f1bdcf83-89ce-487b-8889-5031f644789b req-f1bdcf83-89ce-487b-8889-5031f644789b ] Request (ServersTestJSON:setUpClass): 200 GET http://10.180.1.21/compute/v2.1/servers/681b3773-3c20-4887-b5b4-74d5ae5b3c39 0.273s
2024-12-17 09:16:26.172 68185 INFO tempest.lib.common.rest_client [req-3ecad8b2-29a8-40e1-813f-c56e4ced98f1 req-3ecad8b2-29a8-40e1-813f-c56e4ced98f1 ] Request (ServerActionsV293TestJSON:setUpClass): 200 GET http://10.180.1.21/compute/v2.1/servers/1a89d7cf-df39-4ad6-bbf6-bf406bc00803 0.232s
2024-12-17 09:16:26.319 68151 WARNING tempest.lib.common.ssh [-] Failed to establish authenticated ssh connection to cirros@10.180.180.175 ([Errno None] Unable to connect to port 22 on 10.180.180.175). Number attempts: 5. Retry after 6 seconds.: paramiko.ssh_exception.NoValidConnectionsError: [Errno None] Unable to connect to port 22 on 10.180.180.175
2024-12-17 09:16:26.403 68165 INFO tempest.lib.common.rest_client [req-fd9aa4d4-e2b2-49b0-aa1e-93358e0551a8 req-fd9aa4d4-e2b2-49b0-aa1e-93358e0551a8 ] Request (TenantUsagesTestJSON:setUpClass): 200 GET http://10.180.1.21/compute/v2.1/servers/c7395bf9-b324-4c27-904a-c1717a720d46 0.388s
2024-12-17 09:16:26.440 68157 INFO tempest.lib.common.rest_client [req-b40c0b00-0568-44d7-b41a-8550c39a3459 req-b40c0b00-0568-44d7-b41a-8550c39a3459 ] Request (ServersAdminNegativeTestJSON:setUpClass): 200 GET http://10.180.1.21/compute/v2.1/servers/aafd9980-4d6c-400e-b3f4-a392092cf34a 0.496s
2024-12-17 09:16:26.495 68191 INFO tempest.lib.common.rest_client [req-7fca8171-20f8-4fd4-9ee8-cbff946e7fc4 req-7fca8171-20f8-4fd4-9ee8-cbff946e7fc4 ] Request (ListServerFiltersTestJSON:tearDownClass): 200 GET http://10.180.1.21/compute/v2.1/servers/17701912-ff87-48fc-b08d-2c432ebfca3c 0.410s
2024-12-17 09:16:26.501 68191 INFO tempest.common.waiters [-] State transition "ACTIVE/deleting" ==> "DELETED/None" after 5 second wait
2024-12-17 09:16:26.506 68197 INFO tempest.lib.common.rest_client [req-dd934398-0598-4848-9251-18402b2d64b9 req-dd934398-0598-4848-9251-18402b2d64b9 ] Request (MultipleCreateTestJSON:_run_cleanups): 200 GET http://10.180.1.21/compute/v2.1/servers/2c02f398-ff54-4ab0-b6c3-4e789ab4a9ad 0.456s
2024-12-17 09:16:26.557 68208 INFO tempest.lib.common.rest_client [req-c5699968-72c7-4ee4-a2a0-40bc37a62a3b req-c5699968-72c7-4ee4-a2a0-40bc37a62a3b ] Request (ServerPasswordTestJSON:setUpClass): 200 GET http://10.180.1.21/compute/v2.1/servers/d419a68f-86c3-477b-a4f8-8a7d2f657474 0.398s
2024-12-17 09:16:26.671 68163 INFO tempest.lib.common.rest_client [req-b61f8a34-30dc-40b4-99e0-be298ef5e45b req-b61f8a34-30dc-40b4-99e0-be298ef5e45b ] Request (MigrationsAdminTest:test_list_migrations_in_flavor_resize_situation): 200 GET http://10.180.1.21/compute/v2.1/servers/d31665a4-c145-417d-b2f8-304e9455826a 0.321s
2024-12-17 09:16:26.729 68199 INFO tempest.lib.common.rest_client [req-162fc952-6d8b-480b-9328-504663e21f57 req-162fc952-6d8b-480b-9328-504663e21f57 ] Request (ListImageFiltersTestJSON:setUpClass): 200 GET http://10.180.1.21/compute/v2.1/servers/633f43ed-6b16-4d84-b664-fea781aca3c4 0.354s
2024-12-17 09:16:26.736 68175 INFO tempest.lib.common.rest_client [req-cd038052-c754-46c1-a898-b2c85004365f req-cd038052-c754-46c1-a898-b2c85004365f ] Request (DeleteServersAdminTestJSON:test_delete_server_while_in_error_state): 200 GET http://10.180.1.21/compute/v2.1/servers/4e6b6a82-6af1-4cb8-a536-952017a6483e 0.302s
2024-12-17 09:16:26.736 68199 INFO tempest.common.waiters [-] State transition "ACTIVE/image_uploading" ==> "ACTIVE/None" after 2 second wait
2024-12-17 09:16:26.794 68153 INFO tempest.lib.common.rest_client [req-980d3f9d-4a26-460e-8126-67c418d3912b req-980d3f9d-4a26-460e-8126-67c418d3912b ] Request (ImagesTestJSON:test_create_image_from_stopped_server): 200 GET http://10.180.1.21/compute/v2.1/servers/82b59b80-07f9-4a2a-8918-621bcf4f519e 0.347s
2024-12-17 09:16:26.801 68203 INFO tempest.lib.common.rest_client [req-83d855c9-444d-4b15-98c1-9bb1e1801d0e req-83d855c9-444d-4b15-98c1-9bb1e1801d0e ] Request (InstanceActionsTestJSON:setUpClass): 200 GET http://10.180.1.21/compute/v2.1/servers/b5d0a090-7103-41f3-83ab-939c26f7dfd3 0.288s
2024-12-17 09:16:26.847 68167 INFO tempest.lib.common.rest_client [req-88736111-8872-4cfb-826b-dcbf4c053292 req-88736111-8872-4cfb-826b-dcbf4c053292 ] Request (ServersAaction247Test:test_create_backup): 200 GET http://10.180.1.21/compute/v2.1/servers/1c208488-cb83-4258-970a-bb3e05d94d9f 0.317s
2024-12-17 09:16:26.866 68171 INFO tempest.lib.common.rest_client [req-3b64b4db-716e-4e4a-8401-44f4d9f4d31d req-3b64b4db-716e-4e4a-8401-44f4d9f4d31d ] Request (AttachInterfacesUnderV243Test:test_add_remove_fixed_ip): 200 GET http://10.180.1.21/compute/v2.1/servers/432c30fd-0eb0-483e-8605-6bf460c2d475 0.271s
2024-12-17 09:16:26.896 68149 INFO tempest.lib.common.rest_client [req-c8169041-6a32-4062-a133-580fbccf249c req-c8169041-6a32-4062-a133-580fbccf249c ] Request (AttachInterfacesV270Test:test_create_get_list_interfaces): 200 GET http://10.180.1.21/compute/v2.1/servers/059d0dd3-db4e-4ee7-b78d-9e94b3545ff2 0.239s
2024-12-17 09:16:26.925 68195 INFO tempest.lib.common.rest_client [req-7a970741-9464-48b1-8a77-d2384cfc713e req-7a970741-9464-48b1-8a77-d2384cfc713e ] Request (ServerShowV254Test:test_rebuild_server): 200 GET http://10.180.1.21/compute/v2.1/servers/df0b7e11-8ced-445d-8f16-1330aebf2a54 0.266s
2024-12-17 09:16:26.948 68201 INFO tempest.lib.common.rest_client [req-971a960c-ced0-4e0f-b3e7-3fc2652c1232 req-971a960c-ced0-4e0f-b3e7-3fc2652c1232 ] Request (DeleteServersTestJSON:test_delete_server_while_in_attached_volume): 200 GET http://10.180.1.21/compute/v2.1/servers/e26a255f-aa37-4213-b767-011b82fdc69a 0.233s
2024-12-17 09:16:26.984 68161 INFO tempest.lib.common.rest_client [req-f281f614-9280-4392-bd8c-e1b9418f68ef req-f281f614-9280-4392-bd8c-e1b9418f68ef ] Request (ServersV294TestFqdnHostnames:setUpClass): 200 GET http://10.180.1.21/compute/v2.1/servers/661963c9-01b2-4de3-b180-622a1b8f2ce9 0.264s
2024-12-17 09:16:26.992 68161 INFO tempest.common.waiters [-] State transition "BUILD/scheduling" ==> "BUILD/None" after 41 second wait
2024-12-17 09:16:27.036 68183 INFO tempest.lib.common.rest_client [req-38bc88d0-50f4-4ab9-b544-30a1e6a2a472 req-38bc88d0-50f4-4ab9-b544-30a1e6a2a472 ] Request (ServersAdminTestJSON:test_create_server_with_scheduling_hint): 200 GET http://10.180.1.21/compute/v2.1/servers/f01f0ff0-b7d0-4838-8794-bd05837edd99 0.276s
2024-12-17 09:16:27.085 68193 INFO tempest.lib.common.rest_client [req-30e419a0-fc82-4674-a141-64bfa367fbb0 req-30e419a0-fc82-4674-a141-64bfa367fbb0 ] Request (ServerDiagnosticsNegativeTest:test_get_server_diagnostics_by_non_admin): 200 GET http://10.180.1.21/compute/v2.1/servers/d7c536b2-d0b3-4fad-af46-7556dbad29db 0.276s
2024-12-17 09:16:27.183 68177 INFO tempest.lib.common.rest_client [req-b6110b39-aab8-44a6-8b23-4e0d66ce97fe req-b6110b39-aab8-44a6-8b23-4e0d66ce97fe ] Request (FloatingIPsAssociationNegativeTestJSON:setUpClass): 200 GET http://10.180.1.21/compute/v2.1/servers/7f460c94-9150-4564-a2d6-c266537b97c2 0.362s
2024-12-17 09:16:27.272 68187 INFO tempest.lib.common.rest_client [req-aeb1582e-d191-4070-874c-19b796294376 req-aeb1582e-d191-4070-874c-19b796294376 ] Request (ServerDiagnosticsV248Test:test_get_server_diagnostics): 200 GET http://10.180.1.21/compute/v2.1/servers/053e35a4-fd20-43c8-8012-fd4f22075e1d 0.415s
2024-12-17 09:16:27.335 68173 INFO tempest.lib.common.rest_client [req-aac9ecf1-a33d-4d71-8681-24570778c47a req-aac9ecf1-a33d-4d71-8681-24570778c47a ] Request (ImagesOneServerNegativeTestJSON:_run_cleanups): 200 GET http://10.180.1.21/compute/v2.1/servers/77276394-0749-48a8-a724-420a66866f0a 0.422s
2024-12-17 09:16:27.389 68155 INFO tempest.lib.common.rest_client [req-e155ec6b-7915-48ee-bbec-262505a34de3 req-e155ec6b-7915-48ee-bbec-262505a34de3 ] Request (ServersTestJSON:test_create_server_specify_multibyte_character_name): 200 GET http://10.180.1.21/compute/v2.1/servers/0c2d9692-71de-48a4-9558-a7de218f240c 0.425s
2024-12-17 09:16:27.396 68199 INFO tempest.lib.common.rest_client [req-846e9c90-e12f-4a4d-866b-18eb9d5eecc4 req-846e9c90-e12f-4a4d-866b-18eb9d5eecc4 ] Request (ListImageFiltersTestJSON:setUpClass): 202 POST http://10.180.1.21/compute/v2.1/servers/a94bf7f2-7ed5-4292-9337-061a2fdfb398/action 0.657s
2024-12-17 09:16:27.468 68205 INFO tempest.lib.common.rest_client [req-b5ecf420-14ec-46de-8102-c6cbfa866f7d req-b5ecf420-14ec-46de-8102-c6cbfa866f7d ] Request (ServersTestMultiNic:test_verify_duplicate_network_nics): 200 GET http://10.180.1.21/compute/v2.1/servers/732c0b45-86ca-4099-9dea-7ce50e242e0a 0.448s
2024-12-17 09:16:27.526 68209 INFO tempest.lib.common.rest_client [req-5a92a779-c7a5-455b-bd99-2b32b55f383f req-5a92a779-c7a5-455b-bd99-2b32b55f383f ] Request (FloatingIPsAssociationTestJSON:test_associate_already_associated_floating_ip): 200 GET http://10.180.1.21/compute/v2.1/servers/10bd069c-14eb-420e-9b9f-f75ad76188b3 0.457s
2024-12-17 09:16:27.537 68209 INFO tempest.common.waiters [-] State transition "BUILD/None" ==> "BUILD/networking" after 60 second wait
2024-12-17 09:16:27.546 68159 INFO tempest.lib.common.rest_client [req-94478c94-c71b-4a45-b89c-222a231a787a req-94478c94-c71b-4a45-b89c-222a231a787a ] Request (VolumesAdminNegativeTest:test_update_attached_volume_with_nonexistent_volume_in_body): 200 GET http://10.180.1.21/compute/v2.1/servers/2713621e-9a83-4027-ba0e-28341dc8855f 0.580s
2024-12-17 09:16:27.577 68179 INFO tempest.lib.common.rest_client [req-55923a1d-1fe4-423e-8db7-2a7960007240 req-55923a1d-1fe4-423e-8db7-2a7960007240 ] Request (ServerActionsTestOtherB:setUpClass): 200 GET http://10.180.1.21/compute/v2.1/servers/145a248f-dffa-436e-b58a-e934ecc7951a 0.473s
2024-12-17 09:16:27.618 68189 INFO tempest.lib.common.rest_client [req-6fe6ca3b-897c-4dda-84e9-a9f2ae4299a3 req-6fe6ca3b-897c-4dda-84e9-a9f2ae4299a3 ] Request (ServersAdmin275Test:tearDownClass): 200 GET http://10.180.1.21/compute/v2.1/servers/ae638915-e769-4f5e-9c2c-89644711d9b4 0.485s
2024-12-17 09:16:27.631 68170 INFO tempest.lib.common.rest_client [req-ee10bf00-1ff1-4b14-9a62-fa6796730e15 req-ee10bf00-1ff1-4b14-9a62-fa6796730e15 ] Request (ServersTestJSON:setUpClass): 200 GET http://10.180.1.21/compute/v2.1/servers/681b3773-3c20-4887-b5b4-74d5ae5b3c39 0.476s
2024-12-17 09:16:27.667 68199 INFO tempest.lib.common.rest_client [req-8811e8d0-12d2-4a11-9d72-c714358baf76 req-8811e8d0-12d2-4a11-9d72-c714358baf76 ] Request (ListImageFiltersTestJSON:setUpClass): 200 GET http://10.180.1.21/compute/v2.1/images/61b661e4-b31a-4628-896f-36d289b7eb0f 0.269s
2024-12-17 09:16:27.690 68185 INFO tempest.lib.common.rest_client [req-fe867e15-4332-4542-8a69-6d27064e692d req-fe867e15-4332-4542-8a69-6d27064e692d ] Request (ServerActionsV293TestJSON:setUpClass): 200 GET http://10.180.1.21/compute/v2.1/servers/1a89d7cf-df39-4ad6-bbf6-bf406bc00803 0.506s
2024-12-17 09:16:27.745 68165 INFO tempest.lib.common.rest_client [req-931c2a30-71c3-4163-9b3f-d86826528ed1 req-931c2a30-71c3-4163-9b3f-d86826528ed1 ] Request (TenantUsagesTestJSON:setUpClass): 200 GET http://10.180.1.21/compute/v2.1/servers/c7395bf9-b324-4c27-904a-c1717a720d46 0.334s
2024-12-17 09:16:27.809 68191 INFO tempest.lib.common.rest_client [req-9d2f9126-6b50-4939-a06d-67ff8db9a38d req-9d2f9126-6b50-4939-a06d-67ff8db9a38d ] Request (ListServerFiltersTestJSON:tearDownClass): 200 GET http://10.180.1.21/compute/v2.1/servers/17701912-ff87-48fc-b08d-2c432ebfca3c 0.307s
2024-12-17 09:16:27.825 68157 INFO tempest.lib.common.rest_client [req-2d0874a5-59f5-446c-a76a-7361389d2080 req-2d0874a5-59f5-446c-a76a-7361389d2080 ] Request (ServersAdminNegativeTestJSON:setUpClass): 200 GET http://10.180.1.21/compute/v2.1/servers/aafd9980-4d6c-400e-b3f4-a392092cf34a 0.378s
2024-12-17 09:16:27.886 68208 INFO tempest.lib.common.rest_client [req-745a2c7c-121d-433d-9c3c-b7e1797f62a4 req-745a2c7c-121d-433d-9c3c-b7e1797f62a4 ] Request (ServerPasswordTestJSON:setUpClass): 200 GET http://10.180.1.21/compute/v2.1/servers/d419a68f-86c3-477b-a4f8-8a7d2f657474 0.321s
2024-12-17 09:16:27.985 68197 INFO tempest.lib.common.rest_client [req-fb28aa44-b9fd-4b39-b783-cf1dab4b1e22 req-fb28aa44-b9fd-4b39-b783-cf1dab4b1e22 ] Request (MultipleCreateTestJSON:_run_cleanups): 200 GET http://10.180.1.21/compute/v2.1/servers/2c02f398-ff54-4ab0-b6c3-4e789ab4a9ad 0.470s
2024-12-17 09:16:28.034 68163 INFO tempest.lib.common.rest_client [req-532bf35a-1507-47b3-b0a1-b98053e75aa0 req-532bf35a-1507-47b3-b0a1-b98053e75aa0 ] Request (MigrationsAdminTest:test_list_migrations_in_flavor_resize_situation): 200 GET http://10.180.1.21/compute/v2.1/servers/d31665a4-c145-417d-b2f8-304e9455826a 0.356s
2024-12-17 09:16:28.048 68163 INFO tempest.common.waiters [-] State transition "RESIZE/resize_migrated" ==> "RESIZE/resize_finish" after 43 second wait
2024-12-17 09:16:28.075 68175 INFO tempest.lib.common.rest_client [req-108bf617-c03e-44c5-b2ba-95163f067b98 req-108bf617-c03e-44c5-b2ba-95163f067b98 ] Request (DeleteServersAdminTestJSON:test_delete_server_while_in_error_state): 200 GET http://10.180.1.21/compute/v2.1/servers/4e6b6a82-6af1-4cb8-a536-952017a6483e 0.329s
2024-12-17 09:16:28.101 68153 INFO tempest.lib.common.rest_client [req-9305677b-c0fb-4784-9c70-b24335963db0 req-9305677b-c0fb-4784-9c70-b24335963db0 ] Request (ImagesTestJSON:test_create_image_from_stopped_server): 200 GET http://10.180.1.21/compute/v2.1/servers/82b59b80-07f9-4a2a-8918-621bcf4f519e 0.301s
2024-12-17 09:16:28.128 68203 INFO tempest.lib.common.rest_client [req-245559fd-d0e4-40dd-99dc-01809377d86c req-245559fd-d0e4-40dd-99dc-01809377d86c ] Request (InstanceActionsTestJSON:setUpClass): 200 GET http://10.180.1.21/compute/v2.1/servers/b5d0a090-7103-41f3-83ab-939c26f7dfd3 0.320s
2024-12-17 09:16:28.161 68167 INFO tempest.lib.common.rest_client [req-25d3f3aa-3577-4292-b511-cb9da956fa9c req-25d3f3aa-3577-4292-b511-cb9da956fa9c ] Request (ServersAaction247Test:test_create_backup): 200 GET http://10.180.1.21/compute/v2.1/servers/1c208488-cb83-4258-970a-bb3e05d94d9f 0.304s
2024-12-17 09:16:28.186 68171 INFO tempest.lib.common.rest_client [req-c13dc218-0a4d-490c-9612-f624a3922643 req-c13dc218-0a4d-490c-9612-f624a3922643 ] Request (AttachInterfacesUnderV243Test:test_add_remove_fixed_ip): 200 GET http://10.180.1.21/compute/v2.1/servers/432c30fd-0eb0-483e-8605-6bf460c2d475 0.313s
2024-12-17 09:16:28.214 68149 INFO tempest.lib.common.rest_client [req-7bba0587-4cbc-4419-a262-b5c3f76737df req-7bba0587-4cbc-4419-a262-b5c3f76737df ] Request (AttachInterfacesV270Test:test_create_get_list_interfaces): 200 GET http://10.180.1.21/compute/v2.1/servers/059d0dd3-db4e-4ee7-b78d-9e94b3545ff2 0.306s
2024-12-17 09:16:28.239 68195 INFO tempest.lib.common.rest_client [req-982a0f92-3461-452c-a36d-6d94ee703bcc req-982a0f92-3461-452c-a36d-6d94ee703bcc ] Request (ServerShowV254Test:test_rebuild_server): 200 GET http://10.180.1.21/compute/v2.1/servers/df0b7e11-8ced-445d-8f16-1330aebf2a54 0.303s
2024-12-17 09:16:28.271 68201 INFO tempest.lib.common.rest_client [req-99e92414-a3eb-491c-a029-7b3e68e37d6c req-99e92414-a3eb-491c-a029-7b3e68e37d6c ] Request (DeleteServersTestJSON:test_delete_server_while_in_attached_volume): 200 GET http://10.180.1.21/compute/v2.1/servers/e26a255f-aa37-4213-b767-011b82fdc69a 0.316s
2024-12-17 09:16:28.297 68161 INFO tempest.lib.common.rest_client [req-ddff9863-90a8-42ce-a461-d092a06f950a req-ddff9863-90a8-42ce-a461-d092a06f950a ] Request (ServersV294TestFqdnHostnames:setUpClass): 200 GET http://10.180.1.21/compute/v2.1/servers/661963c9-01b2-4de3-b180-622a1b8f2ce9 0.304s
2024-12-17 09:16:28.328 68183 INFO tempest.lib.common.rest_client [req-b95666c9-cf1d-49d8-9422-e494ba144e0e req-b95666c9-cf1d-49d8-9422-e494ba144e0e ] Request (ServersAdminTestJSON:test_create_server_with_scheduling_hint): 200 GET http://10.180.1.21/compute/v2.1/servers/f01f0ff0-b7d0-4838-8794-bd05837edd99 0.286s
2024-12-17 09:16:28.361 68193 INFO tempest.lib.common.rest_client [req-679e0031-ecc3-4f37-acdb-1cc46ef4fc75 req-679e0031-ecc3-4f37-acdb-1cc46ef4fc75 ] Request (ServerDiagnosticsNegativeTest:test_get_server_diagnostics_by_non_admin): 200 GET http://10.180.1.21/compute/v2.1/servers/d7c536b2-d0b3-4fad-af46-7556dbad29db 0.268s
2024-12-17 09:16:28.413 68187 INFO tempest.lib.common.rest_client [req-bba99fb8-8d77-4ae0-9ff9-a909fd18b0a7 req-bba99fb8-8d77-4ae0-9ff9-a909fd18b0a7 ] Request (ServerDiagnosticsV248Test:test_get_server_diagnostics): 200 GET http://10.180.1.21/compute/v2.1/servers/053e35a4-fd20-43c8-8012-fd4f22075e1d 0.133s
2024-12-17 09:16:28.480 68177 INFO tempest.lib.common.rest_client [req-4474d097-315b-4669-b154-7cf07924e4cb req-4474d097-315b-4669-b154-7cf07924e4cb ] Request (FloatingIPsAssociationNegativeTestJSON:setUpClass): 200 GET http://10.180.1.21/compute/v2.1/servers/7f460c94-9150-4564-a2d6-c266537b97c2 0.290s
2024-12-17 09:16:28.481 68173 INFO tempest.lib.common.rest_client [req-272e9641-20ad-4fa3-be2e-6a98b288216d req-272e9641-20ad-4fa3-be2e-6a98b288216d ] Request (ImagesOneServerNegativeTestJSON:_run_cleanups): 200 GET http://10.180.1.21/compute/v2.1/servers/77276394-0749-48a8-a724-420a66866f0a 0.139s
2024-12-17 09:16:28.540 68205 INFO tempest.lib.common.rest_client [req-46a8ca4d-b7df-40bd-921a-8a9bdecf5750 req-46a8ca4d-b7df-40bd-921a-8a9bdecf5750 ] Request (ServersTestMultiNic:test_verify_duplicate_network_nics): 200 GET http://10.180.1.21/compute/v2.1/servers/732c0b45-86ca-4099-9dea-7ce50e242e0a 0.064s
2024-12-17 09:16:28.542 68155 INFO tempest.lib.common.rest_client [req-94883249-cddf-4746-abda-7e3e41934390 req-94883249-cddf-4746-abda-7e3e41934390 ] Request (ServersTestJSON:test_create_server_specify_multibyte_character_name): 200 GET http://10.180.1.21/compute/v2.1/servers/0c2d9692-71de-48a4-9558-a7de218f240c 0.145s
2024-12-17 09:16:28.683 68159 INFO tempest.lib.common.rest_client [req-621c3034-218f-418b-ba7c-f9eabc770ec6 req-621c3034-218f-418b-ba7c-f9eabc770ec6 ] Request (VolumesAdminNegativeTest:test_update_attached_volume_with_nonexistent_volume_in_body): 200 GET http://10.180.1.21/compute/v2.1/servers/2713621e-9a83-4027-ba0e-28341dc8855f 0.130s
2024-12-17 09:16:28.704 68209 INFO tempest.lib.common.rest_client [req-20565945-2a82-4bf3-b6cc-ff0654bb457f req-20565945-2a82-4bf3-b6cc-ff0654bb457f ] Request (FloatingIPsAssociationTestJSON:test_associate_already_associated_floating_ip): 200 GET http://10.180.1.21/compute/v2.1/servers/10bd069c-14eb-420e-9b9f-f75ad76188b3 0.165s
2024-12-17 09:16:28.710 68209 INFO tempest.common.waiters [-] State transition "BUILD/networking" ==> "BUILD/spawning" after 61 second wait
2024-12-17 09:16:28.733 68179 INFO tempest.lib.common.rest_client [req-43dcc49b-5392-4717-b2b7-ecdc9cec6b8a req-43dcc49b-5392-4717-b2b7-ecdc9cec6b8a ] Request (ServerActionsTestOtherB:setUpClass): 200 GET http://10.180.1.21/compute/v2.1/servers/145a248f-dffa-436e-b58a-e934ecc7951a 0.145s
2024-12-17 09:16:28.767 68189 INFO tempest.lib.common.rest_client [req-22f4c7d9-6f0a-4944-b897-1a2245f5f510 req-22f4c7d9-6f0a-4944-b897-1a2245f5f510 ] Request (ServersAdmin275Test:tearDownClass): 200 GET http://10.180.1.21/compute/v2.1/servers/ae638915-e769-4f5e-9c2c-89644711d9b4 0.140s
2024-12-17 09:16:28.784 68170 INFO tempest.lib.common.rest_client [req-77d393e8-4f2e-4e92-9456-b355f92e5fe0 req-77d393e8-4f2e-4e92-9456-b355f92e5fe0 ] Request (ServersTestJSON:setUpClass): 200 GET http://10.180.1.21/compute/v2.1/servers/681b3773-3c20-4887-b5b4-74d5ae5b3c39 0.145s
2024-12-17 09:16:28.800 68199 INFO tempest.lib.common.rest_client [req-d6590446-6545-4f1e-b193-141fdaa3b935 req-d6590446-6545-4f1e-b193-141fdaa3b935 ] Request (ListImageFiltersTestJSON:setUpClass): 200 GET http://10.180.1.21/compute/v2.1/images/61b661e4-b31a-4628-896f-36d289b7eb0f 0.130s
2024-12-17 09:16:28.840 68185 INFO tempest.lib.common.rest_client [req-7d145e71-05b3-4642-95d2-dad164534b98 req-7d145e71-05b3-4642-95d2-dad164534b98 ] Request (ServerActionsV293TestJSON:setUpClass): 200 GET http://10.180.1.21/compute/v2.1/servers/1a89d7cf-df39-4ad6-bbf6-bf406bc00803 0.141s
2024-12-17 09:16:28.851 68165 INFO tempest.lib.common.rest_client [req-3573010b-82ec-4ba5-b2a8-e4c6a0f77810 req-3573010b-82ec-4ba5-b2a8-e4c6a0f77810 ] Request (TenantUsagesTestJSON:setUpClass): 200 GET http://10.180.1.21/compute/v2.1/servers/c7395bf9-b324-4c27-904a-c1717a720d46 0.099s
2024-12-17 09:16:28.902 68191 INFO tempest.lib.common.rest_client [req-033986b7-8ca5-4925-a408-87cc06617b07 req-033986b7-8ca5-4925-a408-87cc06617b07 ] Request (ListServerFiltersTestJSON:tearDownClass): 200 GET http://10.180.1.21/compute/v2.1/servers/17701912-ff87-48fc-b08d-2c432ebfca3c 0.081s
2024-12-17 09:16:28.971 68208 INFO tempest.lib.common.rest_client [req-5a30c5bc-57a5-43a6-bea1-aa56e2146216 req-5a30c5bc-57a5-43a6-bea1-aa56e2146216 ] Request (ServerPasswordTestJSON:setUpClass): 200 GET http://10.180.1.21/compute/v2.1/servers/d419a68f-86c3-477b-a4f8-8a7d2f657474 0.074s
2024-12-17 09:16:28.979 68157 INFO tempest.lib.common.rest_client [req-e2c5ca9e-3425-4077-a6e0-1940abc8e1f2 req-e2c5ca9e-3425-4077-a6e0-1940abc8e1f2 ] Request (ServersAdminNegativeTestJSON:setUpClass): 200 GET http://10.180.1.21/compute/v2.1/servers/aafd9980-4d6c-400e-b3f4-a392092cf34a 0.144s
2024-12-17 09:16:28.988 68157 INFO tempest.common.waiters [-] State transition "BUILD/spawning" ==> "ACTIVE/None" after 63 second wait
2024-12-17 09:16:29.066 68197 INFO tempest.lib.common.rest_client [req-3c25ad2d-0b4b-4683-851f-cf2b24021483 req-3c25ad2d-0b4b-4683-851f-cf2b24021483 ] Request (MultipleCreateTestJSON:_run_cleanups): 200 GET http://10.180.1.21/compute/v2.1/servers/2c02f398-ff54-4ab0-b6c3-4e789ab4a9ad 0.068s
2024-12-17 09:16:29.087 68157 INFO tempest.lib.common.rest_client [req-a819e9d3-16c9-4bb3-9aaf-da20df86d950 req-a819e9d3-16c9-4bb3-9aaf-da20df86d950 ] Request (ServersAdminNegativeTestJSON:test_migrate_non_existent_server): 404 POST http://10.180.1.21/compute/v2.1/servers/84330189-acc2-498c-b5e9-bc6506085120/action 0.097s
2024-12-17 09:16:29.143 68175 INFO tempest.lib.common.rest_client [req-00ed7932-5a0b-4a2c-b33e-8a681d33c433 req-00ed7932-5a0b-4a2c-b33e-8a681d33c433 ] Request (DeleteServersAdminTestJSON:test_delete_server_while_in_error_state): 200 GET http://10.180.1.21/compute/v2.1/servers/4e6b6a82-6af1-4cb8-a536-952017a6483e 0.060s
2024-12-17 09:16:29.152 68157 INFO tempest.lib.common.rest_client [req-2f56a3cd-b9d2-4e72-99b4-6b5341119544 req-2f56a3cd-b9d2-4e72-99b4-6b5341119544 ] Request (ServersAdminNegativeTestJSON:test_migrate_server_invalid_state): 201 POST http://10.180.1.21/identity/v3/auth/tokens 0.060s
2024-12-17 09:16:29.153 68157 INFO tempest.lib.common.fixed_network [-] (ServersAdminNegativeTestJSON:test_migrate_server_invalid_state) Found network None available for tenant
2024-12-17 09:16:29.193 68153 INFO tempest.lib.common.rest_client [req-9f75f1ca-2ba4-46e6-81e2-615e8c24ef8b req-9f75f1ca-2ba4-46e6-81e2-615e8c24ef8b ] Request (ImagesTestJSON:test_create_image_from_stopped_server): 200 GET http://10.180.1.21/compute/v2.1/servers/82b59b80-07f9-4a2a-8918-621bcf4f519e 0.084s
2024-12-17 09:16:29.199 68163 INFO tempest.lib.common.rest_client [req-47de6e2c-c337-4b94-98aa-987e94e5bc39 req-47de6e2c-c337-4b94-98aa-987e94e5bc39 ] Request (MigrationsAdminTest:test_list_migrations_in_flavor_resize_situation): 200 GET http://10.180.1.21/compute/v2.1/servers/d31665a4-c145-417d-b2f8-304e9455826a 0.149s
2024-12-17 09:16:29.244 68203 INFO tempest.lib.common.rest_client [req-7d52e681-de71-4d18-91d0-4c262fcee97a req-7d52e681-de71-4d18-91d0-4c262fcee97a ] Request (InstanceActionsTestJSON:setUpClass): 200 GET http://10.180.1.21/compute/v2.1/servers/b5d0a090-7103-41f3-83ab-939c26f7dfd3 0.105s
2024-12-17 09:16:29.308 68167 INFO tempest.lib.common.rest_client [req-70d72905-2605-4a1a-85a8-24f79772b9f0 req-70d72905-2605-4a1a-85a8-24f79772b9f0 ] Request (ServersAaction247Test:test_create_backup): 200 GET http://10.180.1.21/compute/v2.1/servers/1c208488-cb83-4258-970a-bb3e05d94d9f 0.138s
2024-12-17 09:16:29.368 68171 INFO tempest.lib.common.rest_client [req-f4b96cc6-bf03-4f63-82b8-2de9a75c7811 req-f4b96cc6-bf03-4f63-82b8-2de9a75c7811 ] Request (AttachInterfacesUnderV243Test:test_add_remove_fixed_ip): 200 GET http://10.180.1.21/compute/v2.1/servers/432c30fd-0eb0-483e-8605-6bf460c2d475 0.173s
2024-12-17 09:16:29.444 68149 INFO tempest.lib.common.rest_client [req-035ebb39-b96c-4c15-bb71-900d7e06bb84 req-035ebb39-b96c-4c15-bb71-900d7e06bb84 ] Request (AttachInterfacesV270Test:test_create_get_list_interfaces): 200 GET http://10.180.1.21/compute/v2.1/servers/059d0dd3-db4e-4ee7-b78d-9e94b3545ff2 0.220s
2024-12-17 09:16:29.481 68157 INFO tempest.lib.common.rest_client [req-4b61927c-3a1d-4400-b75a-10fa32f27fca req-4b61927c-3a1d-4400-b75a-10fa32f27fca ] Request (ServersAdminNegativeTestJSON:test_migrate_server_invalid_state): 202 POST http://10.180.1.21/compute/v2.1/servers 0.328s
2024-12-17 09:16:29.504 68195 INFO tempest.lib.common.rest_client [req-0d9d440a-20f2-4f09-bed6-64ceb76b92bb req-0d9d440a-20f2-4f09-bed6-64ceb76b92bb ] Request (ServerShowV254Test:test_rebuild_server): 200 GET http://10.180.1.21/compute/v2.1/servers/df0b7e11-8ced-445d-8f16-1330aebf2a54 0.253s
2024-12-17 09:16:29.540 68201 INFO tempest.lib.common.rest_client [req-6c5a9b7f-43f7-479a-b94a-09dd6e26ca04 req-6c5a9b7f-43f7-479a-b94a-09dd6e26ca04 ] Request (DeleteServersTestJSON:test_delete_server_while_in_attached_volume): 200 GET http://10.180.1.21/compute/v2.1/servers/e26a255f-aa37-4213-b767-011b82fdc69a 0.261s
2024-12-17 09:16:29.575 68161 INFO tempest.lib.common.rest_client [req-c8355509-321d-4e6f-b3f3-66b30be8f603 req-c8355509-321d-4e6f-b3f3-66b30be8f603 ] Request (ServersV294TestFqdnHostnames:setUpClass): 200 GET http://10.180.1.21/compute/v2.1/servers/661963c9-01b2-4de3-b180-622a1b8f2ce9 0.268s
2024-12-17 09:16:29.596 68183 INFO tempest.lib.common.rest_client [req-d09e2bab-9548-48b2-a99d-21c5c0840e52 req-d09e2bab-9548-48b2-a99d-21c5c0840e52 ] Request (ServersAdminTestJSON:test_create_server_with_scheduling_hint): 200 GET http://10.180.1.21/compute/v2.1/servers/f01f0ff0-b7d0-4838-8794-bd05837edd99 0.259s
2024-12-17 09:16:29.628 68193 INFO tempest.lib.common.rest_client [req-9c64e2be-234b-4f08-bd0c-2443c3303bbb req-9c64e2be-234b-4f08-bd0c-2443c3303bbb ] Request (ServerDiagnosticsNegativeTest:test_get_server_diagnostics_by_non_admin): 200 GET http://10.180.1.21/compute/v2.1/servers/d7c536b2-d0b3-4fad-af46-7556dbad29db 0.259s
2024-12-17 09:16:29.653 68187 INFO tempest.lib.common.rest_client [req-13ddaa7a-25f3-49f4-8bda-a1c2757d6328 req-13ddaa7a-25f3-49f4-8bda-a1c2757d6328 ] Request (ServerDiagnosticsV248Test:test_get_server_diagnostics): 200 GET http://10.180.1.21/compute/v2.1/servers/053e35a4-fd20-43c8-8012-fd4f22075e1d 0.223s
2024-12-17 09:16:29.672 68157 INFO tempest.lib.common.rest_client [req-b3c8d0ef-ccee-49fe-9e27-a87778113b44 req-b3c8d0ef-ccee-49fe-9e27-a87778113b44 ] Request (ServersAdminNegativeTestJSON:test_migrate_server_invalid_state): 200 GET http://10.180.1.21/compute/v2.1/servers/41e57430-9c5b-4b9b-883f-c07d05ca91c2 0.188s
2024-12-17 09:16:29.739 68173 INFO tempest.lib.common.rest_client [req-c1aa1087-97c1-491e-a74b-31ecbf86bd81 req-c1aa1087-97c1-491e-a74b-31ecbf86bd81 ] Request (ImagesOneServerNegativeTestJSON:_run_cleanups): 200 GET http://10.180.1.21/compute/v2.1/servers/77276394-0749-48a8-a724-420a66866f0a 0.250s
2024-12-17 09:16:29.765 68177 INFO tempest.lib.common.rest_client [req-cd6a8632-f972-4b93-9747-e4dbe0a5436d req-cd6a8632-f972-4b93-9747-e4dbe0a5436d ] Request (FloatingIPsAssociationNegativeTestJSON:setUpClass): 200 GET http://10.180.1.21/compute/v2.1/servers/7f460c94-9150-4564-a2d6-c266537b97c2 0.278s
2024-12-17 09:16:29.783 68155 INFO tempest.lib.common.rest_client [req-b3e02a3c-e31a-47ff-afce-5800faffc319 req-b3e02a3c-e31a-47ff-afce-5800faffc319 ] Request (ServersTestJSON:test_create_server_specify_multibyte_character_name): 200 GET http://10.180.1.21/compute/v2.1/servers/0c2d9692-71de-48a4-9558-a7de218f240c 0.235s
2024-12-17 09:16:29.812 68205 INFO tempest.lib.common.rest_client [req-10c416fb-9f06-4923-bf05-a7466005c065 req-10c416fb-9f06-4923-bf05-a7466005c065 ] Request (ServersTestMultiNic:test_verify_duplicate_network_nics): 200 GET http://10.180.1.21/compute/v2.1/servers/732c0b45-86ca-4099-9dea-7ce50e242e0a 0.265s
2024-12-17 09:16:29.892 68159 INFO tempest.lib.common.rest_client [req-679d3ebd-7817-45b7-be67-7e430cde5741 req-679d3ebd-7817-45b7-be67-7e430cde5741 ] Request (VolumesAdminNegativeTest:test_update_attached_volume_with_nonexistent_volume_in_body): 200 GET http://10.180.1.21/compute/v2.1/servers/2713621e-9a83-4027-ba0e-28341dc8855f 0.202s
2024-12-17 09:16:29.916 68209 INFO tempest.lib.common.rest_client [req-e2dfb938-f84a-4c32-8a01-6f3905b29a20 req-e2dfb938-f84a-4c32-8a01-6f3905b29a20 ] Request (FloatingIPsAssociationTestJSON:test_associate_already_associated_floating_ip): 200 GET http://10.180.1.21/compute/v2.1/servers/10bd069c-14eb-420e-9b9f-f75ad76188b3 0.205s
2024-12-17 09:16:29.940 68179 INFO tempest.lib.common.rest_client [req-cf33a537-9ab3-40ef-aa19-c6c2a09e7925 req-cf33a537-9ab3-40ef-aa19-c6c2a09e7925 ] Request (ServerActionsTestOtherB:setUpClass): 200 GET http://10.180.1.21/compute/v2.1/servers/145a248f-dffa-436e-b58a-e934ecc7951a 0.201s
2024-12-17 09:16:29.990 68189 INFO tempest.lib.common.rest_client [req-03a3dce3-9c39-47ab-92e7-4ada1b7b4d8a req-03a3dce3-9c39-47ab-92e7-4ada1b7b4d8a ] Request (ServersAdmin275Test:tearDownClass): 200 GET http://10.180.1.21/compute/v2.1/servers/ae638915-e769-4f5e-9c2c-89644711d9b4 0.213s
2024-12-17 09:16:29.998 68170 INFO tempest.lib.common.rest_client [req-6d79dd47-c635-42de-be5c-f7678a7a8d6c req-6d79dd47-c635-42de-be5c-f7678a7a8d6c ] Request (ServersTestJSON:setUpClass): 200 GET http://10.180.1.21/compute/v2.1/servers/681b3773-3c20-4887-b5b4-74d5ae5b3c39 0.207s
2024-12-17 09:16:30.037 68199 INFO tempest.lib.common.rest_client [req-efc093fa-68ae-4677-90e0-352c0db2c168 req-efc093fa-68ae-4677-90e0-352c0db2c168 ] Request (ListImageFiltersTestJSON:setUpClass): 200 GET http://10.180.1.21/compute/v2.1/images/61b661e4-b31a-4628-896f-36d289b7eb0f 0.232s
2024-12-17 09:16:30.081 68185 INFO tempest.lib.common.rest_client [req-f31721ec-6164-4dec-814f-573f78c982dd req-f31721ec-6164-4dec-814f-573f78c982dd ] Request (ServerActionsV293TestJSON:setUpClass): 200 GET http://10.180.1.21/compute/v2.1/servers/1a89d7cf-df39-4ad6-bbf6-bf406bc00803 0.229s
2024-12-17 09:16:30.091 68165 INFO tempest.lib.common.rest_client [req-ff92d4fe-49f5-4d07-950d-71042038c35a req-ff92d4fe-49f5-4d07-950d-71042038c35a ] Request (TenantUsagesTestJSON:setUpClass): 200 GET http://10.180.1.21/compute/v2.1/servers/c7395bf9-b324-4c27-904a-c1717a720d46 0.228s
2024-12-17 09:16:30.126 68191 INFO tempest.lib.common.rest_client [req-fc5f8a34-46fd-40ef-9d17-670921222dbb req-fc5f8a34-46fd-40ef-9d17-670921222dbb ] Request (ListServerFiltersTestJSON:tearDownClass): 200 GET http://10.180.1.21/compute/v2.1/servers/17701912-ff87-48fc-b08d-2c432ebfca3c 0.216s
2024-12-17 09:16:30.150 68208 INFO tempest.lib.common.rest_client [req-e151584a-58fd-4e01-ac74-284da0326441 req-e151584a-58fd-4e01-ac74-284da0326441 ] Request (ServerPasswordTestJSON:setUpClass): 200 GET http://10.180.1.21/compute/v2.1/servers/d419a68f-86c3-477b-a4f8-8a7d2f657474 0.163s
2024-12-17 09:16:30.184 68197 INFO tempest.lib.common.rest_client [req-f0b9ac50-c391-40b9-a9f4-c65fecb7baab req-f0b9ac50-c391-40b9-a9f4-c65fecb7baab ] Request (MultipleCreateTestJSON:_run_cleanups): 200 GET http://10.180.1.21/compute/v2.1/servers/2c02f398-ff54-4ab0-b6c3-4e789ab4a9ad 0.109s
2024-12-17 09:16:30.190 68197 INFO tempest.common.waiters [-] State transition "ACTIVE/deleting" ==> "DELETED/None" after 4 second wait
2024-12-17 09:16:30.202 68175 INFO tempest.lib.common.rest_client [req-7829cada-4faa-484c-87c2-d755a9d7b1bd req-7829cada-4faa-484c-87c2-d755a9d7b1bd ] Request (DeleteServersAdminTestJSON:test_delete_server_while_in_error_state): 200 GET http://10.180.1.21/compute/v2.1/servers/4e6b6a82-6af1-4cb8-a536-952017a6483e 0.051s
2024-12-17 09:16:30.255 68153 INFO tempest.lib.common.rest_client [req-0f8d2206-b317-4e6c-844c-c57f3ad314b8 req-0f8d2206-b317-4e6c-844c-c57f3ad314b8 ] Request (ImagesTestJSON:test_create_image_from_stopped_server): 200 GET http://10.180.1.21/compute/v2.1/servers/82b59b80-07f9-4a2a-8918-621bcf4f519e 0.054s
2024-12-17 09:16:30.302 68203 INFO tempest.lib.common.rest_client [req-9dfc9e0a-263b-4754-9aec-fd07c1541f16 req-9dfc9e0a-263b-4754-9aec-fd07c1541f16 ] Request (InstanceActionsTestJSON:setUpClass): 200 GET http://10.180.1.21/compute/v2.1/servers/b5d0a090-7103-41f3-83ab-939c26f7dfd3 0.051s
2024-12-17 09:16:30.351 68163 INFO tempest.lib.common.rest_client [req-16ab205d-2ae8-4292-a9a2-8f6c72561648 req-16ab205d-2ae8-4292-a9a2-8f6c72561648 ] Request (MigrationsAdminTest:test_list_migrations_in_flavor_resize_situation): 200 GET http://10.180.1.21/compute/v2.1/servers/d31665a4-c145-417d-b2f8-304e9455826a 0.146s
2024-12-17 09:16:30.352 68147 WARNING tempest.lib.common.ssh [-] Failed to establish authenticated ssh connection to cirros@10.180.180.184 ([Errno None] Unable to connect to port 22 on 10.180.180.184). Number attempts: 6. Retry after 7 seconds.: paramiko.ssh_exception.NoValidConnectionsError: [Errno None] Unable to connect to port 22 on 10.180.180.184
2024-12-17 09:16:30.359 68163 INFO tempest.common.waiters [-] State transition "RESIZE/resize_finish" ==> "VERIFY_RESIZE/None" after 45 second wait
