2024-12-17 09:17:12.943 68205 INFO tempest.lib.common.rest_client [req-d8a3f4f6-8585-4ce2-8bf0-710883527179 req-d8a3f4f6-8585-4ce2-8bf0-710883527179 ] Request (ServersTestMultiNic:test_verify_duplicate_network_nics): 200 GET http://10.180.1.21/compute/v2.1/servers/732c0b45-86ca-4099-9dea-7ce50e242e0a 0.096s
2024-12-17 09:17:12.984 68163 INFO tempest.lib.common.rest_client [req-7e957394-338e-4137-b1f7-544754867b92 req-7e957394-338e-4137-b1f7-544754867b92 ] Request (MigrationsAdminTest:test_list_migrations_in_flavor_resize_situation): 201 POST http://10.180.1.21:9696/networking/v2.0/security-group-rules 0.226s
2024-12-17 09:17:13.005 68170 INFO tempest.lib.common.rest_client [req-bf548f86-f689-4cac-b8c5-9447a6730a7a req-bf548f86-f689-4cac-b8c5-9447a6730a7a ] Request (ServersTestJSON:setUpClass): 200 GET http://10.180.1.21/compute/v2.1/servers/681b3773-3c20-4887-b5b4-74d5ae5b3c39 0.125s
2024-12-17 09:17:13.030 68149 INFO tempest.lib.common.rest_client [req-af5b42d5-ac0b-4ef5-9698-8591ce626c90 req-af5b42d5-ac0b-4ef5-9698-8591ce626c90 ] Request (AttachInterfacesV270Test:test_create_get_list_interfaces): 200 GET http://10.180.1.21/compute/v2.1/servers/059d0dd3-db4e-4ee7-b78d-9e94b3545ff2 0.191s
2024-12-17 09:17:13.040 68149 INFO tempest.common.waiters [-] State transition "BUILD/spawning" ==> "ACTIVE/None" after 88 second wait
2024-12-17 09:17:13.072 68163 INFO tempest.lib.common.rest_client [req-20d8f42e-7557-47f5-9b5a-65e6627aedc3 req-20d8f42e-7557-47f5-9b5a-65e6627aedc3 ] Request (MigrationsAdminTest:test_list_migrations_in_flavor_resize_situation): 201 POST http://10.180.1.21:9696/networking/v2.0/security-group-rules 0.087s
2024-12-17 09:17:13.079 68153 INFO tempest.lib.common.rest_client [req-a81efdf2-1603-45b0-825a-dfff58609217 req-a81efdf2-1603-45b0-825a-dfff58609217 ] Request (ImagesTestJSON:test_create_image_from_suspended_server): 200 GET http://10.180.1.21/compute/v2.1/servers/63836ef5-115f-437d-83a1-fdad60ee22d5 0.151s
2024-12-17 09:17:13.084 68209 INFO tempest.lib.common.rest_client [req-5b4bd827-e3cc-481e-9703-9f57289e84f0 req-5b4bd827-e3cc-481e-9703-9f57289e84f0 ] Request (FloatingIPsAssociationTestJSON:tearDownClass): 200 GET http://10.180.1.21/compute/v2.1/servers/10bd069c-14eb-420e-9b9f-f75ad76188b3 0.186s
2024-12-17 09:17:13.138 68187 INFO tempest.lib.common.rest_client [req-ed4e3a62-b96d-4a3f-a559-0427e11b5920 req-ed4e3a62-b96d-4a3f-a559-0427e11b5920 ] Request (ServerDiagnosticsV248Test:tearDownClass): 200 GET http://10.180.1.21/compute/v2.1/servers/053e35a4-fd20-43c8-8012-fd4f22075e1d 0.179s
2024-12-17 09:17:13.141 68165 INFO tempest.lib.common.rest_client [req-42546221-a190-42db-bc3c-73c649d463b7 req-42546221-a190-42db-bc3c-73c649d463b7 ] Request (TenantUsagesTestJSON:tearDownClass): 200 GET http://10.180.1.21/compute/v2.1/servers/c7395bf9-b324-4c27-904a-c1717a720d46 0.159s
2024-12-17 09:17:13.194 68175 INFO tempest.lib.common.rest_client [req-31f65bcd-84d2-4167-b178-3397521c5d02 req-31f65bcd-84d2-4167-b178-3397521c5d02 ] Request (DeleteServersAdminTestJSON:test_delete_server_while_in_error_state): 200 GET http://10.180.1.21/compute/v2.1/servers/4e6b6a82-6af1-4cb8-a536-952017a6483e 0.184s
2024-12-17 09:17:13.197 68189 INFO tempest.lib.common.rest_client [req-019b1e8a-f8b4-46f7-9468-cdfde7e65bac req-019b1e8a-f8b4-46f7-9468-cdfde7e65bac ] Request (AttachVolumeShelveTestJSON:test_attach_volume_shelved_or_offload_server): 200 GET http://10.180.1.21/compute/v2.1/servers/c4be4caf-dda6-45c6-85b0-bf2069c8633d 0.172s
2024-12-17 09:17:13.261 68185 INFO tempest.lib.common.rest_client [req-fe864dad-3036-4b22-b05d-591717f98f3c req-fe864dad-3036-4b22-b05d-591717f98f3c ] Request (ServerActionsV293TestJSON:setUpClass): 200 GET http://10.180.1.21/compute/v2.1/servers/1a89d7cf-df39-4ad6-bbf6-bf406bc00803 0.114s
2024-12-17 09:17:13.329 68208 INFO tempest.lib.common.rest_client [req-b52122e0-ebbd-437b-9711-9ffdf84cc975 req-b52122e0-ebbd-437b-9711-9ffdf84cc975 ] Request (ServerPasswordTestJSON:tearDownClass): 200 GET http://10.180.1.21/compute/v2.1/servers/d419a68f-86c3-477b-a4f8-8a7d2f657474 0.115s
2024-12-17 09:17:13.374 68203 INFO tempest.lib.common.rest_client [req-0f93affe-a3ad-444b-a787-2a59e5600bc1 req-0f93affe-a3ad-444b-a787-2a59e5600bc1 ] Request (InstanceActionsTestJSON:setUpClass): 200 GET http://10.180.1.21/compute/v2.1/servers/b5d0a090-7103-41f3-83ab-939c26f7dfd3 0.114s
2024-12-17 09:17:13.427 68173 INFO tempest.lib.common.rest_client [req-22911b1b-497b-4e3b-b9a4-ee469153decf req-22911b1b-497b-4e3b-b9a4-ee469153decf ] Request (ImagesOneServerNegativeTestJSON:_run_cleanups): 200 GET http://10.180.1.21/compute/v2.1/servers/b0042b37-f7ed-4cc6-9eaa-eca6109c3bd7 0.117s
2024-12-17 09:17:13.475 68167 INFO tempest.lib.common.rest_client [req-6f585682-5a34-40e5-b4dd-0ab82dd28b84 req-6f585682-5a34-40e5-b4dd-0ab82dd28b84 ] Request (ServersAaction247Test:test_create_backup): 200 GET http://10.180.1.21/compute/v2.1/servers/1c208488-cb83-4258-970a-bb3e05d94d9f 0.115s
2024-12-17 09:17:13.518 68163 INFO tempest.lib.common.rest_client [req-f0a83462-ba36-4ac2-9b3c-847a8d7dc56e req-f0a83462-ba36-4ac2-9b3c-847a8d7dc56e ] Request (MigrationsAdminTest:test_list_migrations_in_flavor_resize_situation): 201 POST http://10.180.1.21:9696/networking/v2.0/floatingips 0.446s
2024-12-17 09:17:13.521 68201 INFO tempest.lib.common.rest_client [req-ac26bac0-95e6-4399-81bb-4e77aa6a4039 req-ac26bac0-95e6-4399-81bb-4e77aa6a4039 ] Request (DeleteServersTestJSON:test_delete_server_while_in_attached_volume): 200 GET http://10.180.1.21/compute/v2.1/servers/e26a255f-aa37-4213-b767-011b82fdc69a 0.155s
2024-12-17 09:17:13.571 68177 INFO tempest.lib.common.rest_client [req-c7b66bf5-60ea-4769-b656-2efcafc88d1e req-c7b66bf5-60ea-4769-b656-2efcafc88d1e ] Request (FloatingIPsAssociationNegativeTestJSON:tearDownClass): 200 GET http://10.180.1.21/compute/v2.1/servers/7f460c94-9150-4564-a2d6-c266537b97c2 0.153s
2024-12-17 09:17:13.614 68195 INFO tempest.lib.common.rest_client [req-7b482c33-9b58-4c19-bfaa-fec741461624 req-7b482c33-9b58-4c19-bfaa-fec741461624 ] Request (ServerShowV254Test:test_rebuild_server): 200 GET http://10.180.1.21/compute/v2.1/servers/df0b7e11-8ced-445d-8f16-1330aebf2a54 0.135s
2024-12-17 09:17:13.622 68195 INFO tempest.common.waiters [-] State transition "BUILD/scheduling" ==> "BUILD/None" after 61 second wait
2024-12-17 09:17:13.627 68163 INFO tempest.lib.common.rest_client [req-ad9ad841-9277-4dc9-9033-194c1e282a95 req-ad9ad841-9277-4dc9-9033-194c1e282a95 ] Request (MigrationsAdminTest:test_list_migrations_in_flavor_resize_situation): 200 GET http://10.180.1.21/compute/v2.1/os-migrations 0.109s
2024-12-17 09:17:13.669 68183 INFO tempest.lib.common.rest_client [req-08e37c32-311c-4ccb-a5a6-b6a93b05d3c6 req-08e37c32-311c-4ccb-a5a6-b6a93b05d3c6 ] Request (ServersAdminTestJSON:test_create_server_with_scheduling_hint): 200 GET http://10.180.1.21/compute/v2.1/servers/f01f0ff0-b7d0-4838-8794-bd05837edd99 0.135s
2024-12-17 09:17:13.711 68193 INFO tempest.lib.common.rest_client [req-dfcb43c6-0592-44ea-9bc4-a7e2204b3909 req-dfcb43c6-0592-44ea-9bc4-a7e2204b3909 ] Request (ServerDiagnosticsNegativeTest:test_get_server_diagnostics_by_non_admin): 200 GET http://10.180.1.21/compute/v2.1/servers/d7c536b2-d0b3-4fad-af46-7556dbad29db 0.170s
2024-12-17 09:17:13.757 68155 INFO tempest.lib.common.rest_client [req-af1182f1-d84b-4e69-bd46-fbaa99244d2e req-af1182f1-d84b-4e69-bd46-fbaa99244d2e ] Request (ServersTestJSON:test_create_server_specify_multibyte_character_name): 200 GET http://10.180.1.21/compute/v2.1/servers/0c2d9692-71de-48a4-9558-a7de218f240c 0.147s
2024-12-17 09:17:13.773 68163 INFO tempest.lib.common.rest_client [req-3de77c64-af89-41bd-9a85-5c1d79b02d6d req-3de77c64-af89-41bd-9a85-5c1d79b02d6d ] Request (MigrationsAdminTest:test_resize_server_revert_deleted_flavor): 200 GET http://10.180.1.21/compute/v2.1/flavors/42 0.142s
2024-12-17 09:17:13.817 68199 INFO tempest.lib.common.rest_client [req-423fb0ed-0b6d-4e07-8cc8-02b7449e2020 req-423fb0ed-0b6d-4e07-8cc8-02b7449e2020 ] Request (ListImageFiltersTestJSON:tearDownClass): 200 GET http://10.180.1.21/compute/v2.1/servers/a94bf7f2-7ed5-4292-9337-061a2fdfb398 0.082s
2024-12-17 09:17:13.869 68191 INFO tempest.lib.common.rest_client [req-a60324a3-64f6-4697-8788-8ba405877b92 req-a60324a3-64f6-4697-8788-8ba405877b92 ] Request (ListServerFiltersTestJSON:tearDownClass): 200 GET http://10.180.1.21/compute/v2.1/servers/87e325fe-4bc5-4c02-bc25-ec5b956df3ab 0.130s
2024-12-17 09:17:13.884 68163 INFO tempest.lib.common.rest_client [req-1184564a-95c5-4df1-a76a-3cbf3bbca55d req-1184564a-95c5-4df1-a76a-3cbf3bbca55d ] Request (MigrationsAdminTest:test_resize_server_revert_deleted_flavor): 200 POST http://10.180.1.21/compute/v2.1/flavors 0.109s
2024-12-17 09:17:13.925 68179 INFO tempest.lib.common.rest_client [req-54f693f6-3642-472d-945b-eb34fcfd1754 req-54f693f6-3642-472d-945b-eb34fcfd1754 ] Request (ServerActionsTestOtherB:setUpClass): 200 GET http://10.180.1.21/compute/v2.1/servers/145a248f-dffa-436e-b58a-e934ecc7951a 0.115s
2024-12-17 09:17:13.966 68197 INFO tempest.lib.common.rest_client [req-37265a8b-660d-4add-b288-6a081338891f req-37265a8b-660d-4add-b288-6a081338891f ] Request (MultipleCreateTestJSON:test_multiple_create_with_reservation_return): 200 GET http://10.180.1.21/compute/v2.1/servers/48bdc8cc-d989-4ade-8cfb-69de9aa7c885 0.105s
2024-12-17 09:17:14.011 68157 INFO tempest.lib.common.rest_client [req-47309863-dd8b-4995-94c7-e61258950e09 req-47309863-dd8b-4995-94c7-e61258950e09 ] Request (ServersAdminNegativeTestJSON:test_migrate_server_invalid_state): 200 GET http://10.180.1.21/compute/v2.1/servers/41e57430-9c5b-4b9b-883f-c07d05ca91c2 0.127s
2024-12-17 09:17:14.020 68163 INFO tempest.lib.common.rest_client [req-12c933b0-866c-4543-8e88-0ac995fac02b req-12c933b0-866c-4543-8e88-0ac995fac02b ] Request (MigrationsAdminTest:test_resize_server_revert_deleted_flavor): 200 GET http://10.180.1.21/compute/v2.1/flavors/42/os-extra_specs 0.134s
2024-12-17 09:17:14.065 68205 INFO tempest.lib.common.rest_client [req-bb7022a5-aca6-4874-90a6-c597be359e82 req-bb7022a5-aca6-4874-90a6-c597be359e82 ] Request (ServersTestMultiNic:test_verify_duplicate_network_nics): 200 GET http://10.180.1.21/compute/v2.1/servers/732c0b45-86ca-4099-9dea-7ce50e242e0a 0.114s
2024-12-17 09:17:14.109 68170 INFO tempest.lib.common.rest_client [req-7fcbcb5a-9aba-4fd1-80bc-e5f701526796 req-7fcbcb5a-9aba-4fd1-80bc-e5f701526796 ] Request (ServersTestJSON:setUpClass): 200 GET http://10.180.1.21/compute/v2.1/servers/681b3773-3c20-4887-b5b4-74d5ae5b3c39 0.097s
2024-12-17 09:17:14.126 68163 INFO tempest.lib.common.rest_client [req-94bf88d6-8648-4b26-a1c3-61b6a6c8e89c req-94bf88d6-8648-4b26-a1c3-61b6a6c8e89c ] Request (MigrationsAdminTest:test_resize_server_revert_deleted_flavor): 200 POST http://10.180.1.21/compute/v2.1/flavors/b95c8e85-d526-403f-ad59-dcdd2d204bb3/os-extra_specs 0.104s
2024-12-17 09:17:14.168 68153 INFO tempest.lib.common.rest_client [req-b0628c96-ec6e-4b19-a108-9360607ebda8 req-b0628c96-ec6e-4b19-a108-9360607ebda8 ] Request (ImagesTestJSON:test_create_image_from_suspended_server): 200 GET http://10.180.1.21/compute/v2.1/servers/63836ef5-115f-437d-83a1-fdad60ee22d5 0.081s
2024-12-17 09:17:14.183 68163 INFO tempest.lib.common.rest_client [req-af05cc37-7fbd-40b5-a250-e4a3e3541d78 req-af05cc37-7fbd-40b5-a250-e4a3e3541d78 ] Request (MigrationsAdminTest:test_resize_server_revert_deleted_flavor): 201 POST http://10.180.1.21/identity/v3/auth/tokens 0.053s
2024-12-17 09:17:14.183 68163 INFO tempest.lib.common.fixed_network [-] (MigrationsAdminTest:test_resize_server_revert_deleted_flavor) Found network None available for tenant
2024-12-17 09:17:14.216 68209 INFO tempest.lib.common.rest_client [req-2a8f399f-8f59-46d0-ad05-2d9e6e3b6109 req-2a8f399f-8f59-46d0-ad05-2d9e6e3b6109 ] Request (FloatingIPsAssociationTestJSON:tearDownClass): 200 GET http://10.180.1.21/compute/v2.1/servers/10bd069c-14eb-420e-9b9f-f75ad76188b3 0.125s
2024-12-17 09:17:14.265 68187 INFO tempest.lib.common.rest_client [req-308ed444-5dc5-4de4-b969-1f32b9198c89 req-308ed444-5dc5-4de4-b969-1f32b9198c89 ] Request (ServerDiagnosticsV248Test:tearDownClass): 200 GET http://10.180.1.21/compute/v2.1/servers/053e35a4-fd20-43c8-8012-fd4f22075e1d 0.120s
2024-12-17 09:17:14.318 68165 INFO tempest.lib.common.rest_client [req-9fed3f48-d3a5-4e20-8261-3973bae6cefc req-9fed3f48-d3a5-4e20-8261-3973bae6cefc ] Request (TenantUsagesTestJSON:tearDownClass): 200 GET http://10.180.1.21/compute/v2.1/servers/c7395bf9-b324-4c27-904a-c1717a720d46 0.170s
2024-12-17 09:17:14.383 68161 WARNING tempest.lib.common.ssh [-] Failed to establish authenticated ssh connection to cirros@10.180.180.188 ([Errno None] Unable to connect to port 22 on 10.180.180.188). Number attempts: 2. Retry after 3 seconds.: paramiko.ssh_exception.NoValidConnectionsError: [Errno None] Unable to connect to port 22 on 10.180.180.188
2024-12-17 09:17:14.503 68163 INFO tempest.lib.common.rest_client [req-bc8fdd77-a384-4e2b-a5c4-3487b95ac146 req-bc8fdd77-a384-4e2b-a5c4-3487b95ac146 ] Request (MigrationsAdminTest:test_resize_server_revert_deleted_flavor): 202 POST http://10.180.1.21/compute/v2.1/servers 0.319s
2024-12-17 09:17:14.550 68175 INFO tempest.lib.common.rest_client [req-fc1ebcaf-3e71-4802-8bca-b10d079f8869 req-fc1ebcaf-3e71-4802-8bca-b10d079f8869 ] Request (DeleteServersAdminTestJSON:test_delete_server_while_in_error_state): 200 GET http://10.180.1.21/compute/v2.1/servers/4e6b6a82-6af1-4cb8-a536-952017a6483e 0.350s
2024-12-17 09:17:14.595 68189 INFO tempest.lib.common.rest_client [req-eddfc331-9775-48a7-bcfd-5a30f2908f20 req-eddfc331-9775-48a7-bcfd-5a30f2908f20 ] Request (AttachVolumeShelveTestJSON:test_attach_volume_shelved_or_offload_server): 200 GET http://10.180.1.21/compute/v2.1/servers/c4be4caf-dda6-45c6-85b0-bf2069c8633d 0.387s
2024-12-17 09:17:14.640 68185 INFO tempest.lib.common.rest_client [req-d190f600-fefa-4eea-853d-a48876c51eac req-d190f600-fefa-4eea-853d-a48876c51eac ] Request (ServerActionsV293TestJSON:setUpClass): 200 GET http://10.180.1.21/compute/v2.1/servers/1a89d7cf-df39-4ad6-bbf6-bf406bc00803 0.370s
2024-12-17 09:17:14.688 68208 INFO tempest.lib.common.rest_client [req-1586f6f2-7b58-451e-8b06-adc501ef7432 req-1586f6f2-7b58-451e-8b06-adc501ef7432 ] Request (ServerPasswordTestJSON:tearDownClass): 200 GET http://10.180.1.21/compute/v2.1/servers/d419a68f-86c3-477b-a4f8-8a7d2f657474 0.352s
2024-12-17 09:17:14.730 68203 INFO tempest.lib.common.rest_client [req-946128cd-4020-4842-80d3-0a3cc1436281 req-946128cd-4020-4842-80d3-0a3cc1436281 ] Request (InstanceActionsTestJSON:setUpClass): 200 GET http://10.180.1.21/compute/v2.1/servers/b5d0a090-7103-41f3-83ab-939c26f7dfd3 0.348s
2024-12-17 09:17:14.778 68173 INFO tempest.lib.common.rest_client [req-34a231d0-c05d-418c-abcd-8e22c979c2c7 req-34a231d0-c05d-418c-abcd-8e22c979c2c7 ] Request (ImagesOneServerNegativeTestJSON:_run_cleanups): 200 GET http://10.180.1.21/compute/v2.1/servers/b0042b37-f7ed-4cc6-9eaa-eca6109c3bd7 0.342s
2024-12-17 09:17:14.832 68167 INFO tempest.lib.common.rest_client [req-3d71d33e-1a04-4cd2-a064-71ace4d37bfb req-3d71d33e-1a04-4cd2-a064-71ace4d37bfb ] Request (ServersAaction247Test:test_create_backup): 200 GET http://10.180.1.21/compute/v2.1/servers/1c208488-cb83-4258-970a-bb3e05d94d9f 0.348s
2024-12-17 09:17:14.866 68163 INFO tempest.lib.common.rest_client [req-ca7af2fa-8e31-462f-b2ef-d38a647e2161 req-ca7af2fa-8e31-462f-b2ef-d38a647e2161 ] Request (MigrationsAdminTest:test_resize_server_revert_deleted_flavor): 200 GET http://10.180.1.21/compute/v2.1/servers/5e2ce198-82a3-4af9-ad3a-cdcfe3564bef 0.361s
2024-12-17 09:17:14.909 68201 INFO tempest.lib.common.rest_client [req-385ce72f-d2e5-43b9-ba3c-8fd533f9174e req-385ce72f-d2e5-43b9-ba3c-8fd533f9174e ] Request (DeleteServersTestJSON:test_delete_server_while_in_attached_volume): 200 GET http://10.180.1.21/compute/v2.1/servers/e26a255f-aa37-4213-b767-011b82fdc69a 0.381s
2024-12-17 09:17:14.958 68177 INFO tempest.lib.common.rest_client [req-752c7a92-03f0-41ff-bdf2-1801f7ae9c3a req-752c7a92-03f0-41ff-bdf2-1801f7ae9c3a ] Request (FloatingIPsAssociationNegativeTestJSON:tearDownClass): 200 GET http://10.180.1.21/compute/v2.1/servers/7f460c94-9150-4564-a2d6-c266537b97c2 0.379s
2024-12-17 09:17:15.002 68195 INFO tempest.lib.common.rest_client [req-b27afec7-720e-4e6b-8aea-a81beff4f3b0 req-b27afec7-720e-4e6b-8aea-a81beff4f3b0 ] Request (ServerShowV254Test:test_rebuild_server): 200 GET http://10.180.1.21/compute/v2.1/servers/df0b7e11-8ced-445d-8f16-1330aebf2a54 0.378s
2024-12-17 09:17:15.046 68183 INFO tempest.lib.common.rest_client [req-24688563-1cb4-4b4a-8e4a-3716493602e2 req-24688563-1cb4-4b4a-8e4a-3716493602e2 ] Request (ServersAdminTestJSON:test_create_server_with_scheduling_hint): 200 GET http://10.180.1.21/compute/v2.1/servers/f01f0ff0-b7d0-4838-8794-bd05837edd99 0.371s
2024-12-17 09:17:15.089 68193 INFO tempest.lib.common.rest_client [req-ab7ab0c7-55bc-48d8-809c-662b0535a30c req-ab7ab0c7-55bc-48d8-809c-662b0535a30c ] Request (ServerDiagnosticsNegativeTest:test_get_server_diagnostics_by_non_admin): 200 GET http://10.180.1.21/compute/v2.1/servers/d7c536b2-d0b3-4fad-af46-7556dbad29db 0.369s
2024-12-17 09:17:15.129 68155 INFO tempest.lib.common.rest_client [req-02be82fe-f6e1-4627-b240-524d45a32117 req-02be82fe-f6e1-4627-b240-524d45a32117 ] Request (ServersTestJSON:test_create_server_specify_multibyte_character_name): 200 GET http://10.180.1.21/compute/v2.1/servers/0c2d9692-71de-48a4-9558-a7de218f240c 0.364s
2024-12-17 09:17:15.177 68199 INFO tempest.lib.common.rest_client [req-31bd9b18-1724-443c-9a5a-cc1b8ee251df req-31bd9b18-1724-443c-9a5a-cc1b8ee251df ] Request (ListImageFiltersTestJSON:tearDownClass): 200 GET http://10.180.1.21/compute/v2.1/servers/a94bf7f2-7ed5-4292-9337-061a2fdfb398 0.351s
2024-12-17 09:17:15.182 68199 INFO tempest.common.waiters [-] State transition "ACTIVE/deleting" ==> "DELETED/None" after 5 second wait
2024-12-17 09:17:15.223 68191 INFO tempest.lib.common.rest_client [req-6f4f4a08-bb60-4f8a-a0fc-351b285b8905 req-6f4f4a08-bb60-4f8a-a0fc-351b285b8905 ] Request (ListServerFiltersTestJSON:tearDownClass): 200 GET http://10.180.1.21/compute/v2.1/servers/87e325fe-4bc5-4c02-bc25-ec5b956df3ab 0.347s
2024-12-17 09:17:15.261 68179 INFO tempest.lib.common.rest_client [req-4c1cd3ab-2ef7-4703-83cc-4287bb7b3aa8 req-4c1cd3ab-2ef7-4703-83cc-4287bb7b3aa8 ] Request (ServerActionsTestOtherB:setUpClass): 200 GET http://10.180.1.21/compute/v2.1/servers/145a248f-dffa-436e-b58a-e934ecc7951a 0.329s
2024-12-17 09:17:15.302 68197 INFO tempest.lib.common.rest_client [req-69b5c99e-a74d-4e4a-a01c-6e07a097a44a req-69b5c99e-a74d-4e4a-a01c-6e07a097a44a ] Request (MultipleCreateTestJSON:test_multiple_create_with_reservation_return): 200 GET http://10.180.1.21/compute/v2.1/servers/48bdc8cc-d989-4ade-8cfb-69de9aa7c885 0.325s
2024-12-17 09:17:15.348 68157 INFO tempest.lib.common.rest_client [req-cf91dbe2-1f4c-42da-bb5d-5277c9b34279 req-cf91dbe2-1f4c-42da-bb5d-5277c9b34279 ] Request (ServersAdminNegativeTestJSON:test_migrate_server_invalid_state): 200 GET http://10.180.1.21/compute/v2.1/servers/41e57430-9c5b-4b9b-883f-c07d05ca91c2 0.329s
2024-12-17 09:17:15.401 68205 INFO tempest.lib.common.rest_client [req-9ebe3a39-d826-4250-9c0a-54c2a1b94d13 req-9ebe3a39-d826-4250-9c0a-54c2a1b94d13 ] Request (ServersTestMultiNic:test_verify_duplicate_network_nics): 200 GET http://10.180.1.21/compute/v2.1/servers/732c0b45-86ca-4099-9dea-7ce50e242e0a 0.330s
2024-12-17 09:17:15.451 68170 INFO tempest.lib.common.rest_client [req-1ce50b07-838c-4bd4-a62a-2c885af3e87b req-1ce50b07-838c-4bd4-a62a-2c885af3e87b ] Request (ServersTestJSON:setUpClass): 200 GET http://10.180.1.21/compute/v2.1/servers/681b3773-3c20-4887-b5b4-74d5ae5b3c39 0.335s
2024-12-17 09:17:15.457 68170 INFO tempest.common.waiters [-] State transition "BUILD/None" ==> "BUILD/networking" after 86 second wait
2024-12-17 09:17:15.500 68153 INFO tempest.lib.common.rest_client [req-981f556e-6f47-46f4-b401-ae25bc89526b req-981f556e-6f47-46f4-b401-ae25bc89526b ] Request (ImagesTestJSON:test_create_image_from_suspended_server): 200 GET http://10.180.1.21/compute/v2.1/servers/63836ef5-115f-437d-83a1-fdad60ee22d5 0.325s
2024-12-17 09:17:15.554 68209 INFO tempest.lib.common.rest_client [req-23c5dcf3-71b2-4706-b3b1-bbe200bcbdf3 req-23c5dcf3-71b2-4706-b3b1-bbe200bcbdf3 ] Request (FloatingIPsAssociationTestJSON:tearDownClass): 200 GET http://10.180.1.21/compute/v2.1/servers/10bd069c-14eb-420e-9b9f-f75ad76188b3 0.331s
2024-12-17 09:17:15.609 68187 INFO tempest.lib.common.rest_client [req-f28aafe2-d836-48e5-ae75-0a54bebbc89b req-f28aafe2-d836-48e5-ae75-0a54bebbc89b ] Request (ServerDiagnosticsV248Test:tearDownClass): 200 GET http://10.180.1.21/compute/v2.1/servers/053e35a4-fd20-43c8-8012-fd4f22075e1d 0.335s
2024-12-17 09:17:15.661 68165 INFO tempest.lib.common.rest_client [req-a63da0c6-222e-4a8a-b8d1-cae2dcd8df5c req-a63da0c6-222e-4a8a-b8d1-cae2dcd8df5c ] Request (TenantUsagesTestJSON:tearDownClass): 200 GET http://10.180.1.21/compute/v2.1/servers/c7395bf9-b324-4c27-904a-c1717a720d46 0.336s
2024-12-17 09:17:15.705 68175 INFO tempest.lib.common.rest_client [req-ccd6ac61-202b-442e-9ae8-8d2470c41c51 req-ccd6ac61-202b-442e-9ae8-8d2470c41c51 ] Request (DeleteServersAdminTestJSON:test_delete_server_while_in_error_state): 200 GET http://10.180.1.21/compute/v2.1/servers/4e6b6a82-6af1-4cb8-a536-952017a6483e 0.148s
2024-12-17 09:17:15.747 68189 INFO tempest.lib.common.rest_client [req-67d36090-f9f4-4b5d-8a12-d52c5cda2477 req-67d36090-f9f4-4b5d-8a12-d52c5cda2477 ] Request (AttachVolumeShelveTestJSON:test_attach_volume_shelved_or_offload_server): 200 GET http://10.180.1.21/compute/v2.1/servers/c4be4caf-dda6-45c6-85b0-bf2069c8633d 0.144s
2024-12-17 09:17:15.792 68185 INFO tempest.lib.common.rest_client [req-a93fe5cf-3f2c-4083-ba9c-55a08d2d53c0 req-a93fe5cf-3f2c-4083-ba9c-55a08d2d53c0 ] Request (ServerActionsV293TestJSON:setUpClass): 200 GET http://10.180.1.21/compute/v2.1/servers/1a89d7cf-df39-4ad6-bbf6-bf406bc00803 0.143s
2024-12-17 09:17:15.847 68208 INFO tempest.lib.common.rest_client [req-3649340a-27b8-4ebc-9712-b027193636bd req-3649340a-27b8-4ebc-9712-b027193636bd ] Request (ServerPasswordTestJSON:tearDownClass): 200 GET http://10.180.1.21/compute/v2.1/servers/d419a68f-86c3-477b-a4f8-8a7d2f657474 0.151s
2024-12-17 09:17:15.905 68203 INFO tempest.lib.common.rest_client [req-2a7b68e5-d39f-49c9-b8b0-6efcb82b9bd5 req-2a7b68e5-d39f-49c9-b8b0-6efcb82b9bd5 ] Request (InstanceActionsTestJSON:setUpClass): 200 GET http://10.180.1.21/compute/v2.1/servers/b5d0a090-7103-41f3-83ab-939c26f7dfd3 0.168s
2024-12-17 09:17:15.953 68173 INFO tempest.lib.common.rest_client [req-e97200c6-b575-40cd-8963-a5d038808c11 req-e97200c6-b575-40cd-8963-a5d038808c11 ] Request (ImagesOneServerNegativeTestJSON:_run_cleanups): 200 GET http://10.180.1.21/compute/v2.1/servers/b0042b37-f7ed-4cc6-9eaa-eca6109c3bd7 0.168s
2024-12-17 09:17:16.012 68167 INFO tempest.lib.common.rest_client [req-68a817b2-c9d7-402d-870e-5930155bc874 req-68a817b2-c9d7-402d-870e-5930155bc874 ] Request (ServersAaction247Test:test_create_backup): 200 GET http://10.180.1.21/compute/v2.1/servers/1c208488-cb83-4258-970a-bb3e05d94d9f 0.169s
2024-12-17 09:17:16.059 68163 INFO tempest.lib.common.rest_client [req-2ac02837-334e-4627-8787-d52008918eb9 req-2ac02837-334e-4627-8787-d52008918eb9 ] Request (MigrationsAdminTest:test_resize_server_revert_deleted_flavor): 200 GET http://10.180.1.21/compute/v2.1/servers/5e2ce198-82a3-4af9-ad3a-cdcfe3564bef 0.186s
2024-12-17 09:17:16.104 68201 INFO tempest.lib.common.rest_client [req-8a107d68-59bc-45ca-a888-d7a45f93a99d req-8a107d68-59bc-45ca-a888-d7a45f93a99d ] Request (DeleteServersTestJSON:test_delete_server_while_in_attached_volume): 200 GET http://10.180.1.21/compute/v2.1/servers/e26a255f-aa37-4213-b767-011b82fdc69a 0.189s
2024-12-17 09:17:16.202 68177 INFO tempest.lib.common.rest_client [req-fa35c0a9-f876-40a6-b495-119f1796352f req-fa35c0a9-f876-40a6-b495-119f1796352f ] Request (FloatingIPsAssociationNegativeTestJSON:tearDownClass): 200 GET http://10.180.1.21/compute/v2.1/servers/7f460c94-9150-4564-a2d6-c266537b97c2 0.238s
2024-12-17 09:17:16.231 68149 INFO tempest.lib.common.rest_client [req-5151b975-f3e0-47f0-b897-bbf6d83192bd req-5151b975-f3e0-47f0-b897-bbf6d83192bd ] Request (AttachInterfacesV270Test:test_create_get_list_interfaces): 400 POST http://10.180.1.21/compute/v2.1/servers/059d0dd3-db4e-4ee7-b78d-9e94b3545ff2/os-interface 3.190s
2024-12-17 09:17:16.246 68195 INFO tempest.lib.common.rest_client [req-0f45206c-eccb-4967-9e39-d94e839f313f req-0f45206c-eccb-4967-9e39-d94e839f313f ] Request (ServerShowV254Test:test_rebuild_server): 200 GET http://10.180.1.21/compute/v2.1/servers/df0b7e11-8ced-445d-8f16-1330aebf2a54 0.235s
2024-12-17 09:17:16.277 68183 INFO tempest.lib.common.rest_client [req-4018d1b4-6ebc-4832-9558-1d783fe1b6d3 req-4018d1b4-6ebc-4832-9558-1d783fe1b6d3 ] Request (ServersAdminTestJSON:test_create_server_with_scheduling_hint): 200 GET http://10.180.1.21/compute/v2.1/servers/f01f0ff0-b7d0-4838-8794-bd05837edd99 0.223s
2024-12-17 09:17:16.289 68193 INFO tempest.lib.common.rest_client [req-da006ddc-00f3-4f30-a73f-100249326e11 req-da006ddc-00f3-4f30-a73f-100249326e11 ] Request (ServerDiagnosticsNegativeTest:test_get_server_diagnostics_by_non_admin): 200 GET http://10.180.1.21/compute/v2.1/servers/d7c536b2-d0b3-4fad-af46-7556dbad29db 0.193s
2024-12-17 09:17:16.321 68155 INFO tempest.lib.common.rest_client [req-d0084cbb-31a1-4d8a-92f0-0c88a068426c req-d0084cbb-31a1-4d8a-92f0-0c88a068426c ] Request (ServersTestJSON:test_create_server_specify_multibyte_character_name): 200 GET http://10.180.1.21/compute/v2.1/servers/0c2d9692-71de-48a4-9558-a7de218f240c 0.186s
2024-12-17 09:17:16.340 68199 INFO tempest.lib.common.rest_client [req-e2aaf058-e90a-4eda-aa09-a8a10812c868 req-e2aaf058-e90a-4eda-aa09-a8a10812c868 ] Request (ListImageFiltersTestJSON:tearDownClass): 200 GET http://10.180.1.21/compute/v2.1/servers/a94bf7f2-7ed5-4292-9337-061a2fdfb398 0.156s
2024-12-17 09:17:16.379 68191 INFO tempest.lib.common.rest_client [req-d56492b2-6d65-49ed-a32a-0ee0d1a703bc req-d56492b2-6d65-49ed-a32a-0ee0d1a703bc ] Request (ListServerFiltersTestJSON:tearDownClass): 200 GET http://10.180.1.21/compute/v2.1/servers/87e325fe-4bc5-4c02-bc25-ec5b956df3ab 0.148s
2024-12-17 09:17:16.403 68149 INFO tempest.lib.common.rest_client [req-22f7300b-2df2-4758-b7d2-2b3951550071 req-22f7300b-2df2-4758-b7d2-2b3951550071 ] Request (AttachInterfacesV270Test:tearDownClass): 204 DELETE http://10.180.1.21/compute/v2.1/servers/059d0dd3-db4e-4ee7-b78d-9e94b3545ff2 0.170s
2024-12-17 09:17:16.424 68179 INFO tempest.lib.common.rest_client [req-04e5a644-4a31-4f29-8bf9-9338dac02995 req-04e5a644-4a31-4f29-8bf9-9338dac02995 ] Request (ServerActionsTestOtherB:setUpClass): 200 GET http://10.180.1.21/compute/v2.1/servers/145a248f-dffa-436e-b58a-e934ecc7951a 0.155s
2024-12-17 09:17:16.446 68197 INFO tempest.lib.common.rest_client [req-5979302c-73c3-499d-80ff-eeff2b28b9fb req-5979302c-73c3-499d-80ff-eeff2b28b9fb ] Request (MultipleCreateTestJSON:test_multiple_create_with_reservation_return): 200 GET http://10.180.1.21/compute/v2.1/servers/48bdc8cc-d989-4ade-8cfb-69de9aa7c885 0.137s
2024-12-17 09:17:16.465 68157 INFO tempest.lib.common.rest_client [req-48814b29-0963-4aeb-8541-5d4f1cd6cd44 req-48814b29-0963-4aeb-8541-5d4f1cd6cd44 ] Request (ServersAdminNegativeTestJSON:test_migrate_server_invalid_state): 200 GET http://10.180.1.21/compute/v2.1/servers/41e57430-9c5b-4b9b-883f-c07d05ca91c2 0.109s
2024-12-17 09:17:16.513 68205 INFO tempest.lib.common.rest_client [req-e1cb75e4-bd6a-455f-bbfd-3cbe1da93c0c req-e1cb75e4-bd6a-455f-bbfd-3cbe1da93c0c ] Request (ServersTestMultiNic:test_verify_duplicate_network_nics): 200 GET http://10.180.1.21/compute/v2.1/servers/732c0b45-86ca-4099-9dea-7ce50e242e0a 0.105s
2024-12-17 09:17:16.607 68149 INFO tempest.lib.common.rest_client [req-a3788598-69de-4600-a65e-68d80892df4e req-a3788598-69de-4600-a65e-68d80892df4e ] Request (AttachInterfacesV270Test:tearDownClass): 200 GET http://10.180.1.21/compute/v2.1/servers/059d0dd3-db4e-4ee7-b78d-9e94b3545ff2 0.204s
2024-12-17 09:17:16.645 68170 INFO tempest.lib.common.rest_client [req-49e9e8a1-9364-42d7-8ab2-59ff55f98365 req-49e9e8a1-9364-42d7-8ab2-59ff55f98365 ] Request (ServersTestJSON:setUpClass): 200 GET http://10.180.1.21/compute/v2.1/servers/681b3773-3c20-4887-b5b4-74d5ae5b3c39 0.186s
2024-12-17 09:17:16.653 68170 INFO tempest.common.waiters [-] State transition "BUILD/networking" ==> "BUILD/spawning" after 87 second wait
2024-12-17 09:17:16.657 68153 INFO tempest.lib.common.rest_client [req-33cea60b-cd9a-4c11-be7b-17c7adabbdf8 req-33cea60b-cd9a-4c11-be7b-17c7adabbdf8 ] Request (ImagesTestJSON:test_create_image_from_suspended_server): 200 GET http://10.180.1.21/compute/v2.1/servers/63836ef5-115f-437d-83a1-fdad60ee22d5 0.150s
2024-12-17 09:17:16.699 68209 INFO tempest.lib.common.rest_client [req-4eabc5b1-8970-4cac-a43c-b65b4c5e579d req-4eabc5b1-8970-4cac-a43c-b65b4c5e579d ] Request (FloatingIPsAssociationTestJSON:tearDownClass): 200 GET http://10.180.1.21/compute/v2.1/servers/10bd069c-14eb-420e-9b9f-f75ad76188b3 0.137s
2024-12-17 09:17:16.707 68187 INFO tempest.lib.common.rest_client [req-d002fafd-21a4-41cd-95b8-e217269b47c6 req-d002fafd-21a4-41cd-95b8-e217269b47c6 ] Request (ServerDiagnosticsV248Test:tearDownClass): 200 GET http://10.180.1.21/compute/v2.1/servers/053e35a4-fd20-43c8-8012-fd4f22075e1d 0.087s
2024-12-17 09:17:16.746 68165 INFO tempest.lib.common.rest_client [req-d7264b9e-209b-4ad6-94eb-7ff2da74bd28 req-d7264b9e-209b-4ad6-94eb-7ff2da74bd28 ] Request (TenantUsagesTestJSON:tearDownClass): 200 GET http://10.180.1.21/compute/v2.1/servers/c7395bf9-b324-4c27-904a-c1717a720d46 0.078s
2024-12-17 09:17:16.756 68175 INFO tempest.lib.common.rest_client [req-13032a47-87c8-47c4-a94e-1c1776342d97 req-13032a47-87c8-47c4-a94e-1c1776342d97 ] Request (DeleteServersAdminTestJSON:test_delete_server_while_in_error_state): 200 GET http://10.180.1.21/compute/v2.1/servers/4e6b6a82-6af1-4cb8-a536-952017a6483e 0.044s
2024-12-17 09:17:16.799 68189 INFO tempest.lib.common.rest_client [req-99f4e682-5d49-4b2b-8ef6-5826d8fab8eb req-99f4e682-5d49-4b2b-8ef6-5826d8fab8eb ] Request (AttachVolumeShelveTestJSON:test_attach_volume_shelved_or_offload_server): 200 GET http://10.180.1.21/compute/v2.1/servers/c4be4caf-dda6-45c6-85b0-bf2069c8633d 0.043s
2024-12-17 09:17:16.853 68185 INFO tempest.lib.common.rest_client [req-36d1cb18-93e6-4d46-955e-49d78c789441 req-36d1cb18-93e6-4d46-955e-49d78c789441 ] Request (ServerActionsV293TestJSON:setUpClass): 200 GET http://10.180.1.21/compute/v2.1/servers/1a89d7cf-df39-4ad6-bbf6-bf406bc00803 0.051s
2024-12-17 09:17:16.906 68208 INFO tempest.lib.common.rest_client [req-e76f0217-1223-4864-84ed-32deec6b03fc req-e76f0217-1223-4864-84ed-32deec6b03fc ] Request (ServerPasswordTestJSON:tearDownClass): 200 GET http://10.180.1.21/compute/v2.1/servers/d419a68f-86c3-477b-a4f8-8a7d2f657474 0.052s
2024-12-17 09:17:16.955 68203 INFO tempest.lib.common.rest_client [req-9cabd8f9-ff7a-4b40-a55d-567e41e116e2 req-9cabd8f9-ff7a-4b40-a55d-567e41e116e2 ] Request (InstanceActionsTestJSON:setUpClass): 200 GET http://10.180.1.21/compute/v2.1/servers/b5d0a090-7103-41f3-83ab-939c26f7dfd3 0.044s
2024-12-17 09:17:17.016 68173 INFO tempest.lib.common.rest_client [req-c4477e87-8853-4829-8f29-8f0265a5bed8 req-c4477e87-8853-4829-8f29-8f0265a5bed8 ] Request (ImagesOneServerNegativeTestJSON:_run_cleanups): 200 GET http://10.180.1.21/compute/v2.1/servers/b0042b37-f7ed-4cc6-9eaa-eca6109c3bd7 0.051s
2024-12-17 09:17:17.083 68167 INFO tempest.lib.common.rest_client [req-7edf9a02-4a41-4bee-9d63-55d93c13e95c req-7edf9a02-4a41-4bee-9d63-55d93c13e95c ] Request (ServersAaction247Test:test_create_backup): 200 GET http://10.180.1.21/compute/v2.1/servers/1c208488-cb83-4258-970a-bb3e05d94d9f 0.060s
2024-12-17 09:17:17.101 68159 INFO paramiko.transport [-] Connected (version 2.0, client dropbear_2020.81)
2024-12-17 09:17:17.126 68163 INFO tempest.lib.common.rest_client [req-e01a7444-024b-41d2-bda5-25a632716c74 req-e01a7444-024b-41d2-bda5-25a632716c74 ] Request (MigrationsAdminTest:test_resize_server_revert_deleted_flavor): 200 GET http://10.180.1.21/compute/v2.1/servers/5e2ce198-82a3-4af9-ad3a-cdcfe3564bef 0.060s
2024-12-17 09:17:17.165 68201 INFO tempest.lib.common.rest_client [req-faf51fa8-3045-4ffb-8578-36bd86152037 req-faf51fa8-3045-4ffb-8578-36bd86152037 ] Request (DeleteServersTestJSON:test_delete_server_while_in_attached_volume): 200 GET http://10.180.1.21/compute/v2.1/servers/e26a255f-aa37-4213-b767-011b82fdc69a 0.054s
2024-12-17 09:17:17.209 68159 INFO paramiko.transport [-] Authentication (publickey) successful!
2024-12-17 09:17:17.209 68159 INFO tempest.lib.common.ssh [-] ssh connection to cirros@10.180.180.161 successfully created
2024-12-17 09:17:17.269 68177 INFO tempest.lib.common.rest_client [req-90241c0b-9bec-48fe-b472-0258529da9e9 req-90241c0b-9bec-48fe-b472-0258529da9e9 ] Request (FloatingIPsAssociationNegativeTestJSON:tearDownClass): 200 GET http://10.180.1.21/compute/v2.1/servers/7f460c94-9150-4564-a2d6-c266537b97c2 0.060s
2024-12-17 09:17:17.313 68195 INFO tempest.lib.common.rest_client [req-bc757329-77c5-4bdd-8037-f4a0b07df61d req-bc757329-77c5-4bdd-8037-f4a0b07df61d ] Request (ServerShowV254Test:test_rebuild_server): 200 GET http://10.180.1.21/compute/v2.1/servers/df0b7e11-8ced-445d-8f16-1330aebf2a54 0.059s
2024-12-17 09:17:17.338 68183 INFO tempest.lib.common.rest_client [req-7ae0b32c-8611-4e28-8ba5-94fd7acf37b6 req-7ae0b32c-8611-4e28-8ba5-94fd7acf37b6 ] Request (ServersAdminTestJSON:test_create_server_with_scheduling_hint): 200 GET http://10.180.1.21/compute/v2.1/servers/f01f0ff0-b7d0-4838-8794-bd05837edd99 0.053s
2024-12-17 09:17:17.371 68193 INFO tempest.lib.common.rest_client [req-60f15436-b1e8-4993-8290-13cd65deb2d3 req-60f15436-b1e8-4993-8290-13cd65deb2d3 ] Request (ServerDiagnosticsNegativeTest:test_get_server_diagnostics_by_non_admin): 200 GET http://10.180.1.21/compute/v2.1/servers/d7c536b2-d0b3-4fad-af46-7556dbad29db 0.074s
2024-12-17 09:17:17.391 68155 INFO tempest.lib.common.rest_client [req-ba8d8b1a-969a-415b-a529-bb1bdcf33f3c req-ba8d8b1a-969a-415b-a529-bb1bdcf33f3c ] Request (ServersTestJSON:test_create_server_specify_multibyte_character_name): 200 GET http://10.180.1.21/compute/v2.1/servers/0c2d9692-71de-48a4-9558-a7de218f240c 0.062s
2024-12-17 09:17:17.425 68159 INFO tempest.lib.common.rest_client [req-88bcafc4-ca16-4566-b59b-e106cf29670c req-88bcafc4-ca16-4566-b59b-e106cf29670c ] Request (VolumesAdminNegativeTest:test_update_attached_volume_with_nonexistent_volume_in_body): 202 POST http://10.180.1.21/volume/v3/volumes 0.215s
2024-12-17 09:17:17.454 68199 INFO tempest.lib.common.rest_client [req-d2f4b032-2b14-4fd7-ac2c-b57fbb4e7183 req-d2f4b032-2b14-4fd7-ac2c-b57fbb4e7183 ] Request (ListImageFiltersTestJSON:tearDownClass): 200 GET http://10.180.1.21/compute/v2.1/servers/a94bf7f2-7ed5-4292-9337-061a2fdfb398 0.105s
2024-12-17 09:17:17.460 68191 INFO tempest.lib.common.rest_client [req-970c7f0e-9d79-4527-8016-db548ac45251 req-970c7f0e-9d79-4527-8016-db548ac45251 ] Request (ListServerFiltersTestJSON:tearDownClass): 200 GET http://10.180.1.21/compute/v2.1/servers/87e325fe-4bc5-4c02-bc25-ec5b956df3ab 0.074s
2024-12-17 09:17:17.465 68159 INFO tempest.lib.common.rest_client [req-4f9990dc-a6ed-426b-9044-a8c830897468 req-4f9990dc-a6ed-426b-9044-a8c830897468 ] Request (VolumesAdminNegativeTest:test_update_attached_volume_with_nonexistent_volume_in_body): 200 GET http://10.180.1.21/volume/v3/volumes/d3c62876-26eb-4772-a6ef-809a94665be4 0.034s
2024-12-17 09:17:17.505 68179 INFO tempest.lib.common.rest_client [req-86448e7f-fdde-48f3-850b-2cfa2c6f8b64 req-86448e7f-fdde-48f3-850b-2cfa2c6f8b64 ] Request (ServerActionsTestOtherB:setUpClass): 200 GET http://10.180.1.21/compute/v2.1/servers/145a248f-dffa-436e-b58a-e934ecc7951a 0.073s
2024-12-17 09:17:17.511 68197 INFO tempest.lib.common.rest_client [req-bba9531c-a554-44bf-bd9a-6e37e58dc55f req-bba9531c-a554-44bf-bd9a-6e37e58dc55f ] Request (MultipleCreateTestJSON:test_multiple_create_with_reservation_return): 200 GET http://10.180.1.21/compute/v2.1/servers/48bdc8cc-d989-4ade-8cfb-69de9aa7c885 0.059s
2024-12-17 09:17:17.549 68157 INFO tempest.lib.common.rest_client [req-c52f379c-2824-45a3-8406-2ac37f97fd31 req-c52f379c-2824-45a3-8406-2ac37f97fd31 ] Request (ServersAdminNegativeTestJSON:test_migrate_server_invalid_state): 200 GET http://10.180.1.21/compute/v2.1/servers/41e57430-9c5b-4b9b-883f-c07d05ca91c2 0.078s
2024-12-17 09:17:17.567 68205 INFO tempest.lib.common.rest_client [req-9574d4de-00a0-4560-b954-aa59b2759cd3 req-9574d4de-00a0-4560-b954-aa59b2759cd3 ] Request (ServersTestMultiNic:test_verify_duplicate_network_nics): 200 GET http://10.180.1.21/compute/v2.1/servers/732c0b45-86ca-4099-9dea-7ce50e242e0a 0.048s
2024-12-17 09:17:17.737 68149 INFO tempest.lib.common.rest_client [req-61b29b9e-c49c-4e5d-99da-eeb9070f80a4 req-61b29b9e-c49c-4e5d-99da-eeb9070f80a4 ] Request (AttachInterfacesV270Test:tearDownClass): 200 GET http://10.180.1.21/compute/v2.1/servers/059d0dd3-db4e-4ee7-b78d-9e94b3545ff2 0.114s
2024-12-17 09:17:17.759 68170 INFO tempest.lib.common.rest_client [req-928530ac-9ed5-469d-a5bf-6f9c077e1e81 req-928530ac-9ed5-469d-a5bf-6f9c077e1e81 ] Request (ServersTestJSON:setUpClass): 200 GET http://10.180.1.21/compute/v2.1/servers/681b3773-3c20-4887-b5b4-74d5ae5b3c39 0.104s
2024-12-17 09:17:17.778 68153 INFO tempest.lib.common.rest_client [req-a1e5a4ef-aa16-452b-bb07-6176f189bd17 req-a1e5a4ef-aa16-452b-bb07-6176f189bd17 ] Request (ImagesTestJSON:test_create_image_from_suspended_server): 200 GET http://10.180.1.21/compute/v2.1/servers/63836ef5-115f-437d-83a1-fdad60ee22d5 0.115s
2024-12-17 09:17:17.807 68209 INFO tempest.lib.common.rest_client [req-41b0526a-54ed-4646-a5ef-19bfc2e7f02e req-41b0526a-54ed-4646-a5ef-19bfc2e7f02e ] Request (FloatingIPsAssociationTestJSON:tearDownClass): 200 GET http://10.180.1.21/compute/v2.1/servers/10bd069c-14eb-420e-9b9f-f75ad76188b3 0.101s
2024-12-17 09:17:17.830 68187 INFO tempest.lib.common.rest_client [req-27c52cb9-112e-4d82-bb3f-19c468e8aa9e req-27c52cb9-112e-4d82-bb3f-19c468e8aa9e ] Request (ServerDiagnosticsV248Test:tearDownClass): 200 GET http://10.180.1.21/compute/v2.1/servers/053e35a4-fd20-43c8-8012-fd4f22075e1d 0.115s
2024-12-17 09:17:17.854 68165 INFO tempest.lib.common.rest_client [req-b797b1d6-2aa8-48ce-8ed3-a3a8681cefd6 req-b797b1d6-2aa8-48ce-8ed3-a3a8681cefd6 ] Request (TenantUsagesTestJSON:tearDownClass): 200 GET http://10.180.1.21/compute/v2.1/servers/c7395bf9-b324-4c27-904a-c1717a720d46 0.100s
2024-12-17 09:17:17.873 68175 INFO tempest.lib.common.rest_client [req-8e52674d-48ce-44b9-bd0d-4073c743ab9b req-8e52674d-48ce-44b9-bd0d-4073c743ab9b ] Request (DeleteServersAdminTestJSON:test_delete_server_while_in_error_state): 200 GET http://10.180.1.21/compute/v2.1/servers/4e6b6a82-6af1-4cb8-a536-952017a6483e 0.110s
2024-12-17 09:17:17.890 68161 WARNING tempest.lib.common.ssh [-] Failed to establish authenticated ssh connection to cirros@10.180.180.188 ([Errno None] Unable to connect to port 22 on 10.180.180.188). Number attempts: 3. Retry after 4 seconds.: paramiko.ssh_exception.NoValidConnectionsError: [Errno None] Unable to connect to port 22 on 10.180.180.188
2024-12-17 09:17:17.909 68189 INFO tempest.lib.common.rest_client [req-f009d80d-a299-4021-b52e-c032bb71e8b2 req-f009d80d-a299-4021-b52e-c032bb71e8b2 ] Request (AttachVolumeShelveTestJSON:test_attach_volume_shelved_or_offload_server): 200 GET http://10.180.1.21/compute/v2.1/servers/c4be4caf-dda6-45c6-85b0-bf2069c8633d 0.102s
2024-12-17 09:17:17.936 68185 INFO tempest.lib.common.rest_client [req-9078a185-4a70-433a-96e9-e44d9a09d9fd req-9078a185-4a70-433a-96e9-e44d9a09d9fd ] Request (ServerActionsV293TestJSON:setUpClass): 200 GET http://10.180.1.21/compute/v2.1/servers/1a89d7cf-df39-4ad6-bbf6-bf406bc00803 0.074s
2024-12-17 09:17:17.944 68185 INFO tempest.common.waiters [-] State transition "BUILD/None" ==> "BUILD/networking" after 86 second wait
2024-12-17 09:17:17.973 68208 INFO tempest.lib.common.rest_client [req-9dcd83e4-dbf6-4c0f-8f69-959f5ebbaed4 req-9dcd83e4-dbf6-4c0f-8f69-959f5ebbaed4 ] Request (ServerPasswordTestJSON:tearDownClass): 200 GET http://10.180.1.21/compute/v2.1/servers/d419a68f-86c3-477b-a4f8-8a7d2f657474 0.059s
2024-12-17 09:17:18.020 68203 INFO tempest.lib.common.rest_client [req-ba018768-7494-404a-89df-91b3193aaf76 req-ba018768-7494-404a-89df-91b3193aaf76 ] Request (InstanceActionsTestJSON:setUpClass): 200 GET http://10.180.1.21/compute/v2.1/servers/b5d0a090-7103-41f3-83ab-939c26f7dfd3 0.058s
2024-12-17 09:17:18.099 68171 WARNING tempest.lib.common.ssh [-] Failed to establish authenticated ssh connection to cirros@10.180.180.215 ([Errno None] Unable to connect to port 22 on 10.180.180.215). Number attempts: 5. Retry after 6 seconds.: paramiko.ssh_exception.NoValidConnectionsError: [Errno None] Unable to connect to port 22 on 10.180.180.215
2024-12-17 09:17:18.238 68173 INFO tempest.lib.common.rest_client [req-b0ccce26-dfea-4a82-bf19-6409be3fe1d5 req-b0ccce26-dfea-4a82-bf19-6409be3fe1d5 ] Request (ImagesOneServerNegativeTestJSON:_run_cleanups): 200 GET http://10.180.1.21/compute/v2.1/servers/b0042b37-f7ed-4cc6-9eaa-eca6109c3bd7 0.214s
2024-12-17 09:17:18.244 68167 INFO tempest.lib.common.rest_client [req-497694a5-7553-400e-bab7-14d78b292256 req-497694a5-7553-400e-bab7-14d78b292256 ] Request (ServersAaction247Test:test_create_backup): 200 GET http://10.180.1.21/compute/v2.1/servers/1c208488-cb83-4258-970a-bb3e05d94d9f 0.152s
2024-12-17 09:17:18.289 68201 INFO tempest.lib.common.rest_client [req-d4f389b5-c431-44e4-b162-8d1acf55937e req-d4f389b5-c431-44e4-b162-8d1acf55937e ] Request (DeleteServersTestJSON:test_delete_server_while_in_attached_volume): 200 GET http://10.180.1.21/compute/v2.1/servers/e26a255f-aa37-4213-b767-011b82fdc69a 0.117s
2024-12-17 09:17:18.348 68177 INFO tempest.lib.common.rest_client [req-3dd2dc97-97ca-488d-a73e-2e017aa8b922 req-3dd2dc97-97ca-488d-a73e-2e017aa8b922 ] Request (FloatingIPsAssociationNegativeTestJSON:tearDownClass): 200 GET http://10.180.1.21/compute/v2.1/servers/7f460c94-9150-4564-a2d6-c266537b97c2 0.070s
2024-12-17 09:17:18.408 68195 INFO tempest.lib.common.rest_client [req-fc26e5c1-ad0e-4fc4-8f9a-ba713b6784ca req-fc26e5c1-ad0e-4fc4-8f9a-ba713b6784ca ] Request (ServerShowV254Test:test_rebuild_server): 200 GET http://10.180.1.21/compute/v2.1/servers/df0b7e11-8ced-445d-8f16-1330aebf2a54 0.083s
2024-12-17 09:17:18.470 68183 INFO tempest.lib.common.rest_client [req-aa40d580-0c58-4594-a692-6750891950b3 req-aa40d580-0c58-4594-a692-6750891950b3 ] Request (ServersAdminTestJSON:test_create_server_with_scheduling_hint): 200 GET http://10.180.1.21/compute/v2.1/servers/f01f0ff0-b7d0-4838-8794-bd05837edd99 0.123s
2024-12-17 09:17:18.507 68159 INFO tempest.lib.common.rest_client [req-be28c3f3-4174-4826-ad5f-7996d7f2a137 req-be28c3f3-4174-4826-ad5f-7996d7f2a137 ] Request (VolumesAdminNegativeTest:test_update_attached_volume_with_nonexistent_volume_in_body): 200 GET http://10.180.1.21/volume/v3/volumes/d3c62876-26eb-4772-a6ef-809a94665be4 0.036s
2024-12-17 09:17:18.517 68159 INFO tempest.common.waiters [-] volume d3c62876-26eb-4772-a6ef-809a94665be4 reached available after waiting for 1.517407 seconds
2024-12-17 09:17:18.527 68193 INFO tempest.lib.common.rest_client [req-c220705f-5b17-48f7-b6a2-3ebcfa6ee421 req-c220705f-5b17-48f7-b6a2-3ebcfa6ee421 ] Request (ServerDiagnosticsNegativeTest:test_get_server_diagnostics_by_non_admin): 200 GET http://10.180.1.21/compute/v2.1/servers/d7c536b2-d0b3-4fad-af46-7556dbad29db 0.150s
2024-12-17 09:17:18.540 68163 INFO tempest.lib.common.rest_client [req-e1d0c983-cb02-46ff-b966-09a147da9ba9 req-e1d0c983-cb02-46ff-b966-09a147da9ba9 ] Request (MigrationsAdminTest:test_resize_server_revert_deleted_flavor): 200 GET http://10.180.1.21/compute/v2.1/servers/5e2ce198-82a3-4af9-ad3a-cdcfe3564bef 0.407s
2024-12-17 09:17:18.589 68155 INFO tempest.lib.common.rest_client [req-11909785-2196-4cb7-9b2e-fb7beaec26de req-11909785-2196-4cb7-9b2e-fb7beaec26de ] Request (ServersTestJSON:test_create_server_specify_multibyte_character_name): 200 GET http://10.180.1.21/compute/v2.1/servers/0c2d9692-71de-48a4-9558-a7de218f240c 0.189s
2024-12-17 09:17:18.604 68199 INFO tempest.lib.common.rest_client [req-b92e6ca5-56ed-4d7c-849c-6f42d8a8ba60 req-b92e6ca5-56ed-4d7c-849c-6f42d8a8ba60 ] Request (ListImageFiltersTestJSON:tearDownClass): 200 GET http://10.180.1.21/compute/v2.1/servers/a94bf7f2-7ed5-4292-9337-061a2fdfb398 0.142s
2024-12-17 09:17:18.656 68191 INFO tempest.lib.common.rest_client [req-f7c84459-8600-48dd-95e7-dfaee1d85b54 req-f7c84459-8600-48dd-95e7-dfaee1d85b54 ] Request (ListServerFiltersTestJSON:tearDownClass): 200 GET http://10.180.1.21/compute/v2.1/servers/87e325fe-4bc5-4c02-bc25-ec5b956df3ab 0.189s
2024-12-17 09:17:18.659 68179 INFO tempest.lib.common.rest_client [req-96f8f695-6b2a-4d2a-ae4e-d616670d9b41 req-96f8f695-6b2a-4d2a-ae4e-d616670d9b41 ] Request (ServerActionsTestOtherB:setUpClass): 200 GET http://10.180.1.21/compute/v2.1/servers/145a248f-dffa-436e-b58a-e934ecc7951a 0.143s
2024-12-17 09:17:18.719 68197 INFO tempest.lib.common.rest_client [req-5d42e655-f292-4ac3-bcdf-9067943df92b req-5d42e655-f292-4ac3-bcdf-9067943df92b ] Request (MultipleCreateTestJSON:test_multiple_create_with_reservation_return): 200 GET http://10.180.1.21/compute/v2.1/servers/48bdc8cc-d989-4ade-8cfb-69de9aa7c885 0.201s
2024-12-17 09:17:18.770 68157 INFO tempest.lib.common.rest_client [req-36f54c37-cdb1-4c8f-b0cb-236b503469dc req-36f54c37-cdb1-4c8f-b0cb-236b503469dc ] Request (ServersAdminNegativeTestJSON:test_migrate_server_invalid_state): 200 GET http://10.180.1.21/compute/v2.1/servers/41e57430-9c5b-4b9b-883f-c07d05ca91c2 0.213s
2024-12-17 09:17:18.820 68205 INFO tempest.lib.common.rest_client [req-38929bf5-d4c1-4aa1-b0d8-8cdb3f933851 req-38929bf5-d4c1-4aa1-b0d8-8cdb3f933851 ] Request (ServersTestMultiNic:test_verify_duplicate_network_nics): 200 GET http://10.180.1.21/compute/v2.1/servers/732c0b45-86ca-4099-9dea-7ce50e242e0a 0.245s
2024-12-17 09:17:18.928 68149 INFO tempest.lib.common.rest_client [req-855a8d75-47a1-4a2e-8326-683bcb7b874a req-855a8d75-47a1-4a2e-8326-683bcb7b874a ] Request (AttachInterfacesV270Test:tearDownClass): 200 GET http://10.180.1.21/compute/v2.1/servers/059d0dd3-db4e-4ee7-b78d-9e94b3545ff2 0.181s
2024-12-17 09:17:19.025 68170 INFO tempest.lib.common.rest_client [req-a10ef4f3-a7a9-41b1-8b90-4a9509185291 req-a10ef4f3-a7a9-41b1-8b90-4a9509185291 ] Request (ServersTestJSON:setUpClass): 200 GET http://10.180.1.21/compute/v2.1/servers/681b3773-3c20-4887-b5b4-74d5ae5b3c39 0.259s
2024-12-17 09:17:19.046 68151 WARNING tempest.lib.common.ssh [-] Failed to establish authenticated ssh connection to cirros@10.180.180.175 ([Errno None] Unable to connect to port 22 on 10.180.180.175). Number attempts: 10. Retry after 11 seconds.: paramiko.ssh_exception.NoValidConnectionsError: [Errno None] Unable to connect to port 22 on 10.180.180.175
2024-12-17 09:17:19.077 68153 INFO tempest.lib.common.rest_client [req-28ab5648-5361-4b64-b6d9-565c0ea44d35 req-28ab5648-5361-4b64-b6d9-565c0ea44d35 ] Request (ImagesTestJSON:test_create_image_from_suspended_server): 200 GET http://10.180.1.21/compute/v2.1/servers/63836ef5-115f-437d-83a1-fdad60ee22d5 0.291s
2024-12-17 09:17:19.133 68209 INFO tempest.lib.common.rest_client [req-0575882f-be63-4714-a3b4-1eeeba614eeb req-0575882f-be63-4714-a3b4-1eeeba614eeb ] Request (FloatingIPsAssociationTestJSON:tearDownClass): 200 GET http://10.180.1.21/compute/v2.1/servers/10bd069c-14eb-420e-9b9f-f75ad76188b3 0.319s
2024-12-17 09:17:19.199 68187 INFO tempest.lib.common.rest_client [req-f870c371-d572-426a-9e73-2236886c9845 req-f870c371-d572-426a-9e73-2236886c9845 ] Request (ServerDiagnosticsV248Test:tearDownClass): 200 GET http://10.180.1.21/compute/v2.1/servers/053e35a4-fd20-43c8-8012-fd4f22075e1d 0.360s
2024-12-17 09:17:19.252 68165 INFO tempest.lib.common.rest_client [req-72c1ee6b-2712-4e72-b76d-2461ee797b97 req-72c1ee6b-2712-4e72-b76d-2461ee797b97 ] Request (TenantUsagesTestJSON:tearDownClass): 200 GET http://10.180.1.21/compute/v2.1/servers/c7395bf9-b324-4c27-904a-c1717a720d46 0.390s
2024-12-17 09:17:19.296 68175 INFO tempest.lib.common.rest_client [req-fe62190e-376b-4751-9bdd-1a98d27d4dba req-fe62190e-376b-4751-9bdd-1a98d27d4dba ] Request (DeleteServersAdminTestJSON:test_delete_server_while_in_error_state): 200 GET http://10.180.1.21/compute/v2.1/servers/4e6b6a82-6af1-4cb8-a536-952017a6483e 0.412s
2024-12-17 09:17:19.338 68189 INFO tempest.lib.common.rest_client [req-66ba5588-6bea-451f-bdc7-2018b5cd4808 req-66ba5588-6bea-451f-bdc7-2018b5cd4808 ] Request (AttachVolumeShelveTestJSON:test_attach_volume_shelved_or_offload_server): 200 GET http://10.180.1.21/compute/v2.1/servers/c4be4caf-dda6-45c6-85b0-bf2069c8633d 0.420s
2024-12-17 09:17:19.457 68185 INFO tempest.lib.common.rest_client [req-7c8e9d44-8bea-447a-989b-80edd5ab1981 req-7c8e9d44-8bea-447a-989b-80edd5ab1981 ] Request (ServerActionsV293TestJSON:setUpClass): 200 GET http://10.180.1.21/compute/v2.1/servers/1a89d7cf-df39-4ad6-bbf6-bf406bc00803 0.512s
2024-12-17 09:17:19.465 68185 INFO tempest.common.waiters [-] State transition "BUILD/networking" ==> "BUILD/block_device_mapping" after 88 second wait
2024-12-17 09:17:19.510 68208 INFO tempest.lib.common.rest_client [req-62957d91-dddc-466e-bdf0-c77300a111f0 req-62957d91-dddc-466e-bdf0-c77300a111f0 ] Request (ServerPasswordTestJSON:tearDownClass): 200 GET http://10.180.1.21/compute/v2.1/servers/d419a68f-86c3-477b-a4f8-8a7d2f657474 0.529s
2024-12-17 09:17:19.559 68203 INFO tempest.lib.common.rest_client [req-a15e6016-188b-49b5-b7a0-c1ba659cc4ef req-a15e6016-188b-49b5-b7a0-c1ba659cc4ef ] Request (InstanceActionsTestJSON:setUpClass): 200 GET http://10.180.1.21/compute/v2.1/servers/b5d0a090-7103-41f3-83ab-939c26f7dfd3 0.532s
