2024-12-17 09:15:36.536 68205 INFO tempest.lib.common.rest_client [req-76a29a59-0321-48ca-b910-944160470e54 req-76a29a59-0321-48ca-b910-944160470e54 ] Request (ImagesMetadataTestJSON:test_delete_image_metadata_item): 200 GET http://10.180.1.21/compute/v2.1/images/7eadbd48-33d6-4a4c-8502-a312ef5d9b7f/metadata 1.474s
2024-12-17 09:15:36.545 68157 INFO tempest.lib.common.rest_client [req-63505f05-90f8-4bf0-b053-ea60cfc9f558 req-63505f05-90f8-4bf0-b053-ea60cfc9f558 ] Request (ServersAdminNegativeTestJSON:setUpClass): 200 GET http://10.180.1.21/compute/v2.1/servers/aafd9980-4d6c-400e-b3f4-a392092cf34a 1.685s
2024-12-17 09:15:36.563 68149 INFO tempest.lib.common.rest_client [req-06317818-d1da-4a7f-becc-80842e339b54 req-06317818-d1da-4a7f-becc-80842e339b54 ] Request (AttachInterfacesV270Test:setUpClass): 201 POST http://10.180.1.21:9696/networking/v2.0/networks 0.897s
2024-12-17 09:15:36.637 68165 INFO tempest.lib.common.rest_client [req-aa099eb9-e1f1-4eda-9674-61316e381744 req-aa099eb9-e1f1-4eda-9674-61316e381744 ] Request (TenantUsagesTestJSON:setUpClass): 200 GET http://10.180.1.21/compute/v2.1/servers/c7395bf9-b324-4c27-904a-c1717a720d46 1.348s
2024-12-17 09:15:36.659 68195 INFO tempest.lib.common.rest_client [req-93478341-63f0-42cb-8a35-911d2dc9c848 req-93478341-63f0-42cb-8a35-911d2dc9c848 ] Request (AggregatesAdminNegativeTestJSON:test_aggregate_remove_host_as_user): 200 POST http://10.180.1.21/compute/v2.1/os-aggregates/7/action 1.567s
2024-12-17 09:15:36.695 68167 INFO tempest.lib.common.rest_client [req-c770b628-d0ae-4de3-8bf8-8ca96424e284 req-c770b628-d0ae-4de3-8bf8-8ca96424e284 ] Request (VolumesAssistedSnapshotsTest:tearDownClass): 204 DELETE http://10.180.1.21:9696/networking/v2.0/security-groups/42e17b60-4021-4f14-9eb4-03effb2ebb55 0.315s
2024-12-17 09:15:36.746 68175 INFO tempest.lib.common.rest_client [req-89e5ce02-aedf-46db-a792-26185ebd7c5c req-89e5ce02-aedf-46db-a792-26185ebd7c5c ] Request (DeleteServersAdminTestJSON:test_admin_delete_servers_of_others): 200 GET http://10.180.1.21/compute/v2.1/servers/761c1824-8029-4ccc-b489-e1bd1f9e7d75 1.410s
2024-12-17 09:15:36.746 68153 INFO tempest.lib.common.rest_client [req-10984914-a71b-48b3-bee1-330f217a2d36 req-10984914-a71b-48b3-bee1-330f217a2d36 ] Request (ImagesTestJSON:test_create_image_from_stopped_server): 200 GET http://10.180.1.21/compute/v2.1/servers/82b59b80-07f9-4a2a-8918-621bcf4f519e 1.381s
2024-12-17 09:15:36.785 68167 INFO tempest.lib.common.rest_client [req-18f5096a-9468-4165-8108-98b26cbd46f3 req-18f5096a-9468-4165-8108-98b26cbd46f3 ] Request (VolumesAssistedSnapshotsTest:tearDownClass): 204 DELETE http://10.180.1.21/identity/v3/projects/90d7edc55e654bc8b38175c68a9ad93c 0.090s
2024-12-17 09:15:36.785 68167 INFO tempest.lib.common.dynamic_creds [-] Deleting project and security group for project: 52886062eab941d1baa6fdd0a0ccc494
2024-12-17 09:15:36.815 68185 INFO tempest.lib.common.rest_client [req-3af27a13-9c68-4567-9078-b265c18dd7a5 req-3af27a13-9c68-4567-9078-b265c18dd7a5 ] Request (ServerActionsV293TestJSON:setUpClass): 200 GET http://10.180.1.21/volume/v3/volumes/9c99e6db-6933-41ce-aa80-ae3078ebd14b 0.031s
2024-12-17 09:15:36.827 68170 INFO tempest.lib.common.rest_client [req-8b852e4e-378f-4556-a6bc-8f06ffee4722 req-8b852e4e-378f-4556-a6bc-8f06ffee4722 ] Request (QuotasAdminTestV236:tearDownClass): 200 GET http://10.180.1.21:9696/networking/v2.0/security-groups?tenant_id=ca4b69d3e382473eb7427162df27eb60&name=default 0.458s
2024-12-17 09:15:36.832 68183 INFO tempest.lib.common.rest_client [req-4f874623-1d02-446b-999f-5daa384ef4f8 req-4f874623-1d02-446b-999f-5daa384ef4f8 ] Request (ServersAdminTestJSON:setUpClass): 200 GET http://10.180.1.21/compute/v2.1/servers/06352376-b4bc-4740-a38a-051a110fb71e 1.336s
2024-12-17 09:15:36.845 68193 INFO tempest.lib.common.rest_client [req-9d54a1ff-4234-4bfa-9500-d9ed760f9ff0 req-9d54a1ff-4234-4bfa-9500-d9ed760f9ff0 ] Request (ServerDiagnosticsTest:tearDownClass): 200 GET http://10.180.1.21/compute/v2.1/servers/f4f15112-ca96-4f0d-bb00-429c6b416747 1.348s
2024-12-17 09:15:36.891 68167 INFO tempest.lib.common.rest_client [req-1c22ae1e-7c7d-475b-8998-e418a815c982 req-1c22ae1e-7c7d-475b-8998-e418a815c982 ] Request (VolumesAssistedSnapshotsTest:tearDownClass): 200 GET http://10.180.1.21:9696/networking/v2.0/security-groups?tenant_id=52886062eab941d1baa6fdd0a0ccc494&name=default 0.105s
2024-12-17 09:15:36.912 68171 INFO tempest.lib.common.rest_client [req-30c709ec-af6b-4936-9285-0223d3184f25 req-30c709ec-af6b-4936-9285-0223d3184f25 ] Request (AttachInterfacesUnderV243Test:test_add_remove_fixed_ip): 200 GET http://10.180.1.21/compute/v2.1/servers/432c30fd-0eb0-483e-8605-6bf460c2d475 1.310s
2024-12-17 09:15:37.067 68149 INFO tempest.lib.common.rest_client [req-7bce6376-509e-4779-bb3d-aeae04037ebf req-7bce6376-509e-4779-bb3d-aeae04037ebf ] Request (AttachInterfacesV270Test:setUpClass): 201 POST http://10.180.1.21:9696/networking/v2.0/subnets 0.503s
2024-12-17 09:15:37.081 68181 INFO tempest.lib.common.rest_client [req-bb70f983-0811-4d7c-a3cc-4463de2d202d req-bb70f983-0811-4d7c-a3cc-4463de2d202d ] Request (SecurityGroupRulesTestJSON:tearDownClass): 202 DELETE http://10.180.1.21/compute/v2.1/os-security-groups/63ac3f6c-e232-45f9-b0a6-0b1ff67f8b80 1.570s
2024-12-17 09:15:37.106 68170 INFO tempest.lib.common.rest_client [req-3fd8191e-493d-4046-87ce-0f82a7a9a9df req-3fd8191e-493d-4046-87ce-0f82a7a9a9df ] Request (QuotasAdminTestV236:tearDownClass): 204 DELETE http://10.180.1.21:9696/networking/v2.0/security-groups/edbab819-62ff-4975-ac39-e87ba24863e4 0.278s
2024-12-17 09:15:37.154 68161 INFO tempest.lib.common.rest_client [req-4ed48299-76bb-439b-98e2-13dd76ee1f24 req-4ed48299-76bb-439b-98e2-13dd76ee1f24 ] Request (ServersV294TestFqdnHostnames:setUpClass): 200 PUT http://10.180.1.21:9696/networking/v2.0/routers/f1f1fa44-7fe1-4a44-b7fb-cd99087ac8b7/add_router_interface 3.077s
2024-12-17 09:15:37.154 68161 INFO tempest.lib.common.dynamic_creds [-] Created isolated network resources for: credentials: Credentials: {'domain_id': 'default', 'domain_name': 'Default', 'username': 'tempest-ServersV294TestFqdnHostnames-1767049579-project-member', 'project_domain_id': 'default', 'project_domain_name': 'Default', 'project_id': '2ef55693d63b42e6810e99dba59ccefd', 'project_name': 'tempest-ServersV294TestFqdnHostnames-1767049579', 'tenant_id': '2ef55693d63b42e6810e99dba59ccefd', 'tenant_name': 'tempest-ServersV294TestFqdnHostnames-1767049579', 'user_domain_id': 'default', 'user_domain_name': 'Default', 'user_id': 'e9907acdb89040dab7419074d5e68876', 'system': None}, Network: {'id': 'a615942e-95c4-4cdf-abb5-f50f74ff4a2b', 'name': 'tempest-ServersV294TestFqdnHostnames-77243330-network', 'tenant_id': '2ef55693d63b42e6810e99dba59ccefd', 'admin_state_up': True, 'mtu': 8950, 'status': 'ACTIVE', 'subnets': [], 'shared': False, 'project_id': '2ef55693d63b42e6810e99dba59ccefd', 'port_security_enabled': True, 'router:external': False, 'provider:network_type': 'vlan', 'provider:physical_network': 'default', 'provider:segmentation_id': 522, 'availability_zone_hints': [], 'availability_zones': [], 'ipv4_address_scope': None, 'ipv6_address_scope': None, 'description': '', 'tags': [], 'created_at': '2024-12-17T09:15:31Z', 'updated_at': '2024-12-17T09:15:31Z', 'revision_number': 1}, Subnet: {'id': 'c390c54b-cc5d-4afb-9878-0cdf323bf438', 'name': 'tempest-ServersV294TestFqdnHostnames-77243330-subnet', 'tenant_id': '2ef55693d63b42e6810e99dba59ccefd', 'network_id': 'a615942e-95c4-4cdf-abb5-f50f74ff4a2b', 'ip_version': 4, 'subnetpool_id': None, 'enable_dhcp': True, 'ipv6_ra_mode': None, 'ipv6_address_mode': None, 'gateway_ip': '192.168.128.1', 'cidr': '192.168.128.0/28', 'allocation_pools': [{'start': '192.168.128.2', 'end': '192.168.128.14'}], 'host_routes': [], 'dns_nameservers': [], 'description': '', 'router:external': False, 'service_types': [], 'tags': [], 'created_at': '2024-12-17T09:15:31Z', 'updated_at': '2024-12-17T09:15:31Z', 'revision_number': 0, 'project_id': '2ef55693d63b42e6810e99dba59ccefd'}, Router: {'id': 'f1f1fa44-7fe1-4a44-b7fb-cd99087ac8b7', 'name': 'tempest-ServersV294TestFqdnHostnames-77243330-router', 'tenant_id': '2ef55693d63b42e6810e99dba59ccefd', 'admin_state_up': True, 'status': 'ACTIVE', 'external_gateway_info': {'network_id': 'fb3179c1-d9f7-45d1-a6ef-a43d6226d1e6', 'external_fixed_ips': [{'subnet_id': '1da56faf-e537-4869-8d5f-751f4f3d88ed', 'ip_address': '10.180.180.149'}], 'enable_snat': True}, 'description': '', 'availability_zones': [], 'distributed': False, 'ha': False, 'availability_zone_hints': [], 'routes': [], 'flavor_id': None, 'tags': [], 'created_at': '2024-12-17T09:15:32Z', 'updated_at': '2024-12-17T09:15:33Z', 'revision_number': 2, 'project_id': '2ef55693d63b42e6810e99dba59ccefd'}
2024-12-17 09:15:37.159 68167 INFO tempest.lib.common.rest_client [req-a06f7f51-2483-4a95-80b1-8d993e39205d req-a06f7f51-2483-4a95-80b1-8d993e39205d ] Request (VolumesAssistedSnapshotsTest:tearDownClass): 204 DELETE http://10.180.1.21:9696/networking/v2.0/security-groups/1214de41-6311-4940-8ca8-1436f7f81215 0.268s
2024-12-17 09:15:37.184 68155 INFO tempest.lib.common.rest_client [req-cb3d3edf-2927-4aa1-a817-5a8b8fac6c25 req-cb3d3edf-2927-4aa1-a817-5a8b8fac6c25 ] Request (ServerExternalEventsTest:tearDownClass): 200 GET http://10.180.1.21/compute/v2.1/servers/731915f9-9acf-41f0-8077-6ddbfac270c0 1.299s
2024-12-17 09:15:37.192 68155 INFO tempest.common.waiters [-] State transition "ACTIVE/deleting" ==> "DELETED/None" after 9 second wait
2024-12-17 09:15:37.243 68170 INFO tempest.lib.common.rest_client [req-8de75eca-5f37-498c-b3aa-678c288cfb50 req-8de75eca-5f37-498c-b3aa-678c288cfb50 ] Request (QuotasAdminTestV236:tearDownClass): 204 DELETE http://10.180.1.21/identity/v3/projects/ca4b69d3e382473eb7427162df27eb60 0.136s
2024-12-17 09:15:37.244 68170 INFO tempest.lib.common.dynamic_creds [-] Deleting project and security group for project: ef41b95e191d4bfa99b0b542534abda1
2024-12-17 09:15:37.245 68167 INFO tempest.lib.common.rest_client [req-f1b1459f-dbec-4b66-8326-bbf6c080a76a req-f1b1459f-dbec-4b66-8326-bbf6c080a76a ] Request (VolumesAssistedSnapshotsTest:tearDownClass): 204 DELETE http://10.180.1.21/identity/v3/projects/52886062eab941d1baa6fdd0a0ccc494 0.085s
2024-12-17 09:15:37.312 68167 INFO tempest.lib.common.rest_client [req-f8d7aa4b-a99f-4dd2-81b4-b4f2d18862e6 req-f8d7aa4b-a99f-4dd2-81b4-b4f2d18862e6 ] Request (FlavorsAdminTestJSON:setUpClass): 201 POST http://10.180.1.21/identity/v3/auth/tokens 0.065s
2024-12-17 09:15:37.317 68161 INFO tempest.lib.common.rest_client [req-edf43f18-d316-4745-a950-65f11abb7ce1 req-edf43f18-d316-4745-a950-65f11abb7ce1 ] Request (ServersV294TestFqdnHostnames:setUpClass): 201 POST http://10.180.1.21/identity/v3/auth/tokens 0.155s
2024-12-17 09:15:37.342 68167 INFO tempest.lib.common.rest_client [req-382ed702-5857-48da-b8df-121c3453aa92 req-382ed702-5857-48da-b8df-121c3453aa92 ] Request (FlavorsAdminTestJSON:setUpClass): 201 POST http://10.180.1.21/identity/v3/auth/tokens 0.027s
2024-12-17 09:15:37.374 68167 INFO tempest.lib.common.rest_client [req-8df1e5b1-eca9-499b-a4c1-80fdb96d8eeb req-8df1e5b1-eca9-499b-a4c1-80fdb96d8eeb ] Request (FlavorsAdminTestJSON:setUpClass): 200 GET http://10.180.1.21/identity/v3/domains?name=Default 0.031s
2024-12-17 09:15:37.405 68167 INFO tempest.lib.common.rest_client [req-8aae79a3-3a86-4744-bcd7-5adba1f39756 req-8aae79a3-3a86-4744-bcd7-5adba1f39756 ] Request (FlavorsAdminTestJSON:setUpClass): 201 POST http://10.180.1.21/identity/v3/projects 0.031s
2024-12-17 09:15:37.420 68173 INFO tempest.lib.common.rest_client [req-cf461fd1-4cd6-4f1d-a3ca-a9b57b0fdf43 req-cf461fd1-4cd6-4f1d-a3ca-a9b57b0fdf43 ] Request (ImagesOneServerNegativeTestJSON:setUpClass): 200 GET http://10.180.1.21/compute/v2.1/servers/77276394-0749-48a8-a724-420a66866f0a 1.436s
2024-12-17 09:15:37.480 68167 INFO tempest.lib.common.rest_client [req-13018d87-3a0a-4aba-b0e4-c2bdcd04aaa3 req-13018d87-3a0a-4aba-b0e4-c2bdcd04aaa3 ] Request (FlavorsAdminTestJSON:setUpClass): 201 POST http://10.180.1.21/identity/v3/users 0.074s
2024-12-17 09:15:37.502 68179 INFO tempest.lib.common.rest_client [req-9d952f60-ee3a-4292-8b97-90b8dd8a4f66 req-9d952f60-ee3a-4292-8b97-90b8dd8a4f66 ] Request (SecurityGroupRulesNegativeTestJSON:test_create_security_group_rule_with_invalid_ip_protocol): 400 POST http://10.180.1.21/compute/v2.1/os-security-group-rules 1.215s
2024-12-17 09:15:37.515 68167 INFO tempest.lib.common.rest_client [req-f78c1259-ce49-4e90-bcb3-97af213fb783 req-f78c1259-ce49-4e90-bcb3-97af213fb783 ] Request (FlavorsAdminTestJSON:setUpClass): 200 GET http://10.180.1.21/identity/v3/roles 0.035s
2024-12-17 09:15:37.550 68167 INFO tempest.lib.common.rest_client [req-d959ae96-7287-47a2-ba7c-c864a4913ace req-d959ae96-7287-47a2-ba7c-c864a4913ace ] Request (FlavorsAdminTestJSON:setUpClass): 204 PUT http://10.180.1.21/identity/v3/projects/084504ad97d540af88c2c5ec9107a229/users/9da86d69650e407aa472aadcfba74d8d/roles/a8817189c945452587ce54434297c091 0.034s
2024-12-17 09:15:37.550 68167 INFO tempest.lib.common.dynamic_creds [-] Dynamic test user 9da86d69650e407aa472aadcfba74d8d is created with scope project and roles: ['member']
2024-12-17 09:15:37.550 68167 INFO tempest.lib.common.dynamic_creds [-] Acquired dynamic creds: credentials: Credentials: {'domain_id': 'default', 'domain_name': 'Default', 'username': 'tempest-FlavorsAdminTestJSON-1929839627-project-member', 'project_domain_id': 'default', 'project_domain_name': 'Default', 'project_id': '084504ad97d540af88c2c5ec9107a229', 'project_name': 'tempest-FlavorsAdminTestJSON-1929839627', 'tenant_id': '084504ad97d540af88c2c5ec9107a229', 'tenant_name': 'tempest-FlavorsAdminTestJSON-1929839627', 'user_domain_id': 'default', 'user_domain_name': 'Default', 'user_id': '9da86d69650e407aa472aadcfba74d8d', 'system': None}, Network: None, Subnet: None, Router: None
2024-12-17 09:15:37.551 68167 INFO tempest.lib.common.dynamic_creds [-] Created isolated network resources for: credentials: Credentials: {'domain_id': 'default', 'domain_name': 'Default', 'username': 'tempest-FlavorsAdminTestJSON-1929839627-project-member', 'project_domain_id': 'default', 'project_domain_name': 'Default', 'project_id': '084504ad97d540af88c2c5ec9107a229', 'project_name': 'tempest-FlavorsAdminTestJSON-1929839627', 'tenant_id': '084504ad97d540af88c2c5ec9107a229', 'tenant_name': 'tempest-FlavorsAdminTestJSON-1929839627', 'user_domain_id': 'default', 'user_domain_name': 'Default', 'user_id': '9da86d69650e407aa472aadcfba74d8d', 'system': None}, Network: None, Subnet: None, Router: None
2024-12-17 09:15:37.563 68170 INFO tempest.lib.common.rest_client [req-3bc1e341-450c-4aed-b842-b450be452ea7 req-3bc1e341-450c-4aed-b842-b450be452ea7 ] Request (QuotasAdminTestV236:tearDownClass): 200 GET http://10.180.1.21:9696/networking/v2.0/security-groups?tenant_id=ef41b95e191d4bfa99b0b542534abda1&name=default 0.319s
2024-12-17 09:15:37.628 68167 INFO tempest.lib.common.rest_client [req-08c59d90-98bf-401b-a4ce-1aecd86a8ab6 req-08c59d90-98bf-401b-a4ce-1aecd86a8ab6 ] Request (FlavorsAdminTestJSON:setUpClass): 201 POST http://10.180.1.21/identity/v3/auth/tokens 0.072s
2024-12-17 09:15:37.688 68163 INFO tempest.lib.common.rest_client [req-035928c9-bb2a-427c-a957-4fae337e3ba7 req-035928c9-bb2a-427c-a957-4fae337e3ba7 ] Request (MigrationsAdminTest:test_list_migrations_in_flavor_resize_situation): 200 GET http://10.180.1.21/compute/v2.1/servers/d31665a4-c145-417d-b2f8-304e9455826a 1.183s
2024-12-17 09:15:37.717 68167 INFO tempest.lib.common.rest_client [req-82fd2d11-f4a4-4058-b648-890b24ff2b56 req-82fd2d11-f4a4-4058-b648-890b24ff2b56 ] Request (FlavorsAdminTestJSON:setUpClass): 201 POST http://10.180.1.21/identity/v3/projects 0.088s
2024-12-17 09:15:37.723 68208 INFO tempest.lib.common.rest_client [req-2511f333-85e3-40c3-bc65-ed20376d3cc3 req-2511f333-85e3-40c3-bc65-ed20376d3cc3 ] Request (ServerPasswordTestJSON:setUpClass): 202 POST http://10.180.1.21/compute/v2.1/servers 2.116s
2024-12-17 09:15:37.805 68170 INFO tempest.lib.common.rest_client [req-3ce848d4-d3bf-40a3-9b77-a709fa201c3f req-3ce848d4-d3bf-40a3-9b77-a709fa201c3f ] Request (QuotasAdminTestV236:tearDownClass): 204 DELETE http://10.180.1.21:9696/networking/v2.0/security-groups/7edc7f82-b8e4-4b77-bccb-4312f2b630bd 0.238s
2024-12-17 09:15:37.842 68167 INFO tempest.lib.common.rest_client [req-5db584b2-6ca5-481b-ae72-9cdc61add7c0 req-5db584b2-6ca5-481b-ae72-9cdc61add7c0 ] Request (FlavorsAdminTestJSON:setUpClass): 201 POST http://10.180.1.21/identity/v3/users 0.125s
2024-12-17 09:15:37.862 68151 INFO tempest.lib.common.rest_client [req-9e51938b-2c83-4ff5-9d80-ee1301eee5fb req-9e51938b-2c83-4ff5-9d80-ee1301eee5fb ] Request (ServersWithSpecificFlavorTestJSON:test_verify_created_server_ephemeral_disk): 200 GET http://10.180.1.21/compute/v2.1/servers/3f9b475d-9ff6-447a-88bc-6268220f4a19 1.275s
2024-12-17 09:15:37.875 68185 INFO tempest.lib.common.rest_client [req-ad68e10f-43b4-4aff-8fc8-129507712dd5 req-ad68e10f-43b4-4aff-8fc8-129507712dd5 ] Request (ServerActionsV293TestJSON:setUpClass): 200 GET http://10.180.1.21/volume/v3/volumes/9c99e6db-6933-41ce-aa80-ae3078ebd14b 0.050s
2024-12-17 09:15:37.883 68167 INFO tempest.lib.common.rest_client [req-5e8f590e-9a4f-4c97-a2dc-cb1bce4976e4 req-5e8f590e-9a4f-4c97-a2dc-cb1bce4976e4 ] Request (FlavorsAdminTestJSON:setUpClass): 200 GET http://10.180.1.21/identity/v3/roles 0.040s
2024-12-17 09:15:37.952 68167 INFO tempest.lib.common.rest_client [req-04d9eb29-e217-49ab-bcfc-cb11c74a5a9e req-04d9eb29-e217-49ab-bcfc-cb11c74a5a9e ] Request (FlavorsAdminTestJSON:setUpClass): 204 PUT http://10.180.1.21/identity/v3/projects/0f2b0023208c4931a2186e9db1f58a53/users/4cbdd1a89cef4fda846866b35f2d120d/roles/ba99f002ff724e2a82ca8b9ed97daf43 0.068s
2024-12-17 09:15:37.954 68170 INFO tempest.lib.common.rest_client [req-43b2e2fd-14d8-43c8-b676-fb65f0db4e0d req-43b2e2fd-14d8-43c8-b676-fb65f0db4e0d ] Request (QuotasAdminTestV236:tearDownClass): 204 DELETE http://10.180.1.21/identity/v3/projects/ef41b95e191d4bfa99b0b542534abda1 0.148s
2024-12-17 09:15:37.957 68177 INFO tempest.lib.common.rest_client [req-578bc901-ce6d-4706-aa7d-c4e9fb756b99 req-578bc901-ce6d-4706-aa7d-c4e9fb756b99 ] Request (FloatingIPsAssociationNegativeTestJSON:setUpClass): 200 GET http://10.180.1.21/compute/v2.1/servers/7f460c94-9150-4564-a2d6-c266537b97c2 1.348s
2024-12-17 09:15:38.047 68170 INFO tempest.lib.common.rest_client [req-bfa7ae2f-fe45-443d-9abe-86e970c8d789 req-bfa7ae2f-fe45-443d-9abe-86e970c8d789 ] Request (ServersTestJSON:setUpClass): 201 POST http://10.180.1.21/identity/v3/auth/tokens 0.090s
2024-12-17 09:15:38.080 68197 INFO tempest.lib.common.rest_client [req-25ebec7b-f585-4262-bb9a-03b24d47d0a0 req-25ebec7b-f585-4262-bb9a-03b24d47d0a0 ] Request (MultipleCreateTestJSON:test_multiple_create): 200 GET http://10.180.1.21/compute/v2.1/servers/19eadcca-e20b-49fa-bde1-6a760e579470 1.422s
2024-12-17 09:15:38.083 68167 INFO tempest.lib.common.rest_client [req-36defbaf-8e6d-4660-a3d9-a1dbf09da022 req-36defbaf-8e6d-4660-a3d9-a1dbf09da022 ] Request (FlavorsAdminTestJSON:setUpClass): 200 GET http://10.180.1.21/identity/v3/roles 0.130s
2024-12-17 09:15:38.087 68195 INFO tempest.lib.common.rest_client [req-1375f021-0270-4c1a-9bb3-cb0fc4b401ce req-1375f021-0270-4c1a-9bb3-cb0fc4b401ce ] Request (AggregatesAdminNegativeTestJSON:test_aggregate_remove_host_as_user): 403 POST http://10.180.1.21/compute/v2.1/os-aggregates/7/action 1.426s
2024-12-17 09:15:38.097 68170 INFO tempest.lib.common.rest_client [req-7810a8fe-e439-473f-bd72-50e42fabb245 req-7810a8fe-e439-473f-bd72-50e42fabb245 ] Request (ServersTestJSON:setUpClass): 201 POST http://10.180.1.21/identity/v3/auth/tokens 0.047s
2024-12-17 09:15:38.101 68203 INFO tempest.lib.common.rest_client [req-0ac2e460-d458-4a5f-93b9-df93e97362fe req-0ac2e460-d458-4a5f-93b9-df93e97362fe ] Request (FloatingIPDetailsNegativeTestJSON:setUpClass): 201 POST http://10.180.1.21:9696/networking/v2.0/routers 1.872s
2024-12-17 09:15:38.109 68167 INFO tempest.lib.common.rest_client [req-48b20065-9fed-4547-9de4-61586a709ba8 req-48b20065-9fed-4547-9de4-61586a709ba8 ] Request (FlavorsAdminTestJSON:setUpClass): 204 PUT http://10.180.1.21/identity/v3/projects/0f2b0023208c4931a2186e9db1f58a53/users/4cbdd1a89cef4fda846866b35f2d120d/roles/ba99f002ff724e2a82ca8b9ed97daf43 0.026s
2024-12-17 09:15:38.110 68167 INFO tempest.lib.common.dynamic_creds [-] Dynamic test user 4cbdd1a89cef4fda846866b35f2d120d is created with scope project and roles: ['admin']
2024-12-17 09:15:38.110 68167 INFO tempest.lib.common.dynamic_creds [-] Acquired dynamic creds: credentials: Credentials: {'domain_id': 'default', 'domain_name': 'Default', 'username': 'tempest-FlavorsAdminTestJSON-970813379-project-admin', 'project_domain_id': 'default', 'project_domain_name': 'Default', 'project_id': '0f2b0023208c4931a2186e9db1f58a53', 'project_name': 'tempest-FlavorsAdminTestJSON-970813379', 'tenant_id': '0f2b0023208c4931a2186e9db1f58a53', 'tenant_name': 'tempest-FlavorsAdminTestJSON-970813379', 'user_domain_id': 'default', 'user_domain_name': 'Default', 'user_id': '4cbdd1a89cef4fda846866b35f2d120d', 'system': None}, Network: None, Subnet: None, Router: None
2024-12-17 09:15:38.110 68167 INFO tempest.lib.common.dynamic_creds [-] Created isolated network resources for: credentials: Credentials: {'domain_id': 'default', 'domain_name': 'Default', 'username': 'tempest-FlavorsAdminTestJSON-970813379-project-admin', 'project_domain_id': 'default', 'project_domain_name': 'Default', 'project_id': '0f2b0023208c4931a2186e9db1f58a53', 'project_name': 'tempest-FlavorsAdminTestJSON-970813379', 'tenant_id': '0f2b0023208c4931a2186e9db1f58a53', 'tenant_name': 'tempest-FlavorsAdminTestJSON-970813379', 'user_domain_id': 'default', 'user_domain_name': 'Default', 'user_id': '4cbdd1a89cef4fda846866b35f2d120d', 'system': None}, Network: None, Subnet: None, Router: None
2024-12-17 09:15:38.117 68205 INFO tempest.lib.common.rest_client [req-5c71e319-4e4c-45ad-8478-170594b59ea3 req-5c71e319-4e4c-45ad-8478-170594b59ea3 ] Request (ImagesMetadataTestJSON:setUp): 200 PUT http://10.180.1.21/compute/v2.1/images/7eadbd48-33d6-4a4c-8502-a312ef5d9b7f/metadata 1.579s
2024-12-17 09:15:38.173 68170 INFO tempest.lib.common.rest_client [req-4f662ffd-cbf8-48a4-a1c1-01fb4b8aa714 req-4f662ffd-cbf8-48a4-a1c1-01fb4b8aa714 ] Request (ServersTestJSON:setUpClass): 200 GET http://10.180.1.21/identity/v3/domains?name=Default 0.076s
2024-12-17 09:15:38.203 68170 INFO tempest.lib.common.rest_client [req-8510c5a1-8af1-4c59-969d-92370c3c882d req-8510c5a1-8af1-4c59-969d-92370c3c882d ] Request (ServersTestJSON:setUpClass): 201 POST http://10.180.1.21/identity/v3/projects 0.029s
2024-12-17 09:15:38.217 68167 INFO tempest.lib.common.rest_client [req-65e034ca-3480-483a-a89b-4d040654f317 req-65e034ca-3480-483a-a89b-4d040654f317 ] Request (FlavorsAdminTestJSON:setUpClass): 201 POST http://10.180.1.21/identity/v3/auth/tokens 0.101s
2024-12-17 09:15:38.264 68170 INFO tempest.lib.common.rest_client [req-6b3d2e71-4b62-4e36-8964-b6d1162bf44c req-6b3d2e71-4b62-4e36-8964-b6d1162bf44c ] Request (ServersTestJSON:setUpClass): 201 POST http://10.180.1.21/identity/v3/users 0.060s
2024-12-17 09:15:38.288 68170 INFO tempest.lib.common.rest_client [req-8d7b280f-59b3-4b70-aae5-5fba51467d83 req-8d7b280f-59b3-4b70-aae5-5fba51467d83 ] Request (ServersTestJSON:setUpClass): 200 GET http://10.180.1.21/identity/v3/roles 0.024s
2024-12-17 09:15:38.316 68170 INFO tempest.lib.common.rest_client [req-45f985f7-4b9f-4e27-955c-0491509959c8 req-45f985f7-4b9f-4e27-955c-0491509959c8 ] Request (ServersTestJSON:setUpClass): 204 PUT http://10.180.1.21/identity/v3/projects/4bedcb5c8ac14671b66d5008da4443a0/users/9d18a38f7dc64f4eaf9987a6b0f79d03/roles/a8817189c945452587ce54434297c091 0.028s
2024-12-17 09:15:38.316 68170 INFO tempest.lib.common.dynamic_creds [-] Dynamic test user 9d18a38f7dc64f4eaf9987a6b0f79d03 is created with scope project and roles: ['member']
2024-12-17 09:15:38.317 68170 INFO tempest.lib.common.dynamic_creds [-] Acquired dynamic creds: credentials: Credentials: {'domain_id': 'default', 'domain_name': 'Default', 'username': 'tempest-ServersTestJSON-1451693249-project-member', 'project_domain_id': 'default', 'project_domain_name': 'Default', 'project_id': '4bedcb5c8ac14671b66d5008da4443a0', 'project_name': 'tempest-ServersTestJSON-1451693249', 'tenant_id': '4bedcb5c8ac14671b66d5008da4443a0', 'tenant_name': 'tempest-ServersTestJSON-1451693249', 'user_domain_id': 'default', 'user_domain_name': 'Default', 'user_id': '9d18a38f7dc64f4eaf9987a6b0f79d03', 'system': None}, Network: None, Subnet: None, Router: None
2024-12-17 09:15:38.394 68170 INFO tempest.lib.common.rest_client [req-9191cf6c-e554-43da-aa6e-29c3a7e76723 req-9191cf6c-e554-43da-aa6e-29c3a7e76723 ] Request (ServersTestJSON:setUpClass): 201 POST http://10.180.1.21/identity/v3/auth/tokens 0.077s
2024-12-17 09:15:38.418 68187 INFO tempest.lib.common.rest_client [req-52991804-1256-4f53-86ba-e528b8d07009 req-52991804-1256-4f53-86ba-e528b8d07009 ] Request (ServerDiagnosticsV248Test:test_get_server_diagnostics): 200 GET http://10.180.1.21/compute/v2.1/servers/053e35a4-fd20-43c8-8012-fd4f22075e1d 1.685s
2024-12-17 09:15:38.433 68201 INFO tempest.lib.common.rest_client [req-785f22d5-bd8c-4102-af86-55d4c957886d req-785f22d5-bd8c-4102-af86-55d4c957886d ] Request (DeleteServersTestJSON:test_delete_active_server): 200 GET http://10.180.1.21/compute/v2.1/servers/4f62f5ef-da0f-43be-97d1-644a8ceb4387 1.628s
2024-12-17 09:15:38.441 68201 INFO tempest.common.waiters [-] State transition "ACTIVE/deleting" ==> "DELETED/None" after 9 second wait
2024-12-17 09:15:38.516 68199 INFO tempest.lib.common.rest_client [req-aba41d0b-55a5-4ae7-9726-59deaa79471a req-aba41d0b-55a5-4ae7-9726-59deaa79471a ] Request (ListImageFiltersTestJSON:setUpClass): 200 GET http://10.180.1.21/compute/v2.1/servers/a94bf7f2-7ed5-4292-9337-061a2fdfb398 1.636s
2024-12-17 09:15:38.594 68161 INFO tempest.lib.common.rest_client [req-9e97d6c4-2635-496c-bbc7-a876bf933d7c req-9e97d6c4-2635-496c-bbc7-a876bf933d7c ] Request (ServersV294TestFqdnHostnames:setUpClass): 201 POST http://10.180.1.21/compute/v2.1/os-keypairs 1.275s
2024-12-17 09:15:38.731 68159 INFO tempest.lib.common.rest_client [req-92c4d9ad-ca89-42b4-8250-02b99483939a req-92c4d9ad-ca89-42b4-8250-02b99483939a ] Request (VolumesAdminNegativeTest:test_update_attached_volume_with_nonexistent_volume_in_body): 200 GET http://10.180.1.21/compute/v2.1/servers/2713621e-9a83-4027-ba0e-28341dc8855f 1.356s
2024-12-17 09:15:38.836 68189 INFO tempest.lib.common.rest_client [req-3c3474d6-4177-46b5-a2f9-921b693f7d18 req-3c3474d6-4177-46b5-a2f9-921b693f7d18 ] Request (ServersAdmin275Test:test_rebuild_update_server_275): 200 GET http://10.180.1.21/compute/v2.1/servers/ae638915-e769-4f5e-9c2c-89644711d9b4 1.412s
2024-12-17 09:15:38.921 68185 INFO tempest.lib.common.rest_client [req-4628da7c-325e-4aee-ad53-c7d74c02c86b req-4628da7c-325e-4aee-ad53-c7d74c02c86b ] Request (ServerActionsV293TestJSON:setUpClass): 200 GET http://10.180.1.21/volume/v3/volumes/9c99e6db-6933-41ce-aa80-ae3078ebd14b 0.033s
2024-12-17 09:15:38.942 68147 INFO tempest.lib.common.rest_client [req-464b04ce-faa3-4f50-a25f-41d0ba3fb229 req-464b04ce-faa3-4f50-a25f-41d0ba3fb229 ] Request (AttachInterfacesTestJSON:test_create_list_show_delete_interfaces_by_fixed_ip): 200 GET http://10.180.1.21/compute/v2.1/servers/a26fc1c1-7845-4084-829e-f73cd6d773dc 1.613s
2024-12-17 09:15:38.946 68209 INFO tempest.lib.common.rest_client [req-33868147-782c-4daf-8b56-89ccc2ada402 req-33868147-782c-4daf-8b56-89ccc2ada402 ] Request (FloatingIPsAssociationTestJSON:test_associate_already_associated_floating_ip): 200 GET http://10.180.1.21/compute/v2.1/servers/10bd069c-14eb-420e-9b9f-f75ad76188b3 1.480s
2024-12-17 09:15:38.995 68149 INFO tempest.lib.common.rest_client [req-a0337110-07f5-464a-a4d4-79944b29d5c5 req-a0337110-07f5-464a-a4d4-79944b29d5c5 ] Request (AttachInterfacesV270Test:setUpClass): 201 POST http://10.180.1.21:9696/networking/v2.0/routers 1.927s
2024-12-17 09:15:39.042 68161 INFO tempest.lib.common.rest_client [req-ab45b7c7-93ec-49f3-8881-2bbf9965a53a req-ab45b7c7-93ec-49f3-8881-2bbf9965a53a ] Request (ServersV294TestFqdnHostnames:setUpClass): 201 POST http://10.180.1.21:9696/networking/v2.0/security-groups 0.446s
2024-12-17 09:15:39.063 68191 INFO tempest.lib.common.rest_client [req-50aa19e2-1a78-4103-b975-96f90a099021 req-50aa19e2-1a78-4103-b975-96f90a099021 ] Request (ListServerFiltersTestJSON:setUpClass): 200 GET http://10.180.1.21/compute/v2.1/servers/17701912-ff87-48fc-b08d-2c432ebfca3c 1.560s
2024-12-17 09:15:39.168 68157 INFO tempest.lib.common.rest_client [req-f1c8f67d-b8f0-4dd3-848b-e87de737c242 req-f1c8f67d-b8f0-4dd3-848b-e87de737c242 ] Request (ServersAdminNegativeTestJSON:setUpClass): 200 GET http://10.180.1.21/compute/v2.1/servers/aafd9980-4d6c-400e-b3f4-a392092cf34a 1.613s
2024-12-17 09:15:39.267 68165 INFO tempest.lib.common.rest_client [req-5c9396f6-760d-413b-9641-78e5637bfb5b req-5c9396f6-760d-413b-9641-78e5637bfb5b ] Request (TenantUsagesTestJSON:setUpClass): 200 GET http://10.180.1.21/compute/v2.1/servers/c7395bf9-b324-4c27-904a-c1717a720d46 1.621s
2024-12-17 09:15:39.295 68161 INFO tempest.lib.common.rest_client [req-15867d66-b39b-4e96-98ee-c8ddc90d3e95 req-15867d66-b39b-4e96-98ee-c8ddc90d3e95 ] Request (ServersV294TestFqdnHostnames:setUpClass): 201 POST http://10.180.1.21:9696/networking/v2.0/security-group-rules 0.249s
2024-12-17 09:15:39.406 68181 INFO tempest.lib.common.rest_client [req-20529d78-7928-43d3-9df9-d211c1467e46 req-20529d78-7928-43d3-9df9-d211c1467e46 ] Request (SecurityGroupRulesTestJSON:tearDownClass): 200 PUT http://10.180.1.21:9696/networking/v2.0/routers/4aed96bd-9522-4281-9ff6-c1fc083da881/remove_router_interface 2.324s
2024-12-17 09:15:39.421 68208 INFO tempest.lib.common.rest_client [req-b349b3b9-4f0e-4357-9495-199838c177c9 req-b349b3b9-4f0e-4357-9495-199838c177c9 ] Request (ServerPasswordTestJSON:setUpClass): 200 GET http://10.180.1.21/compute/v2.1/servers/d419a68f-86c3-477b-a4f8-8a7d2f657474 1.694s
2024-12-17 09:15:39.437 68170 INFO tempest.lib.common.rest_client [req-8f48a72d-c24f-4110-8193-3f011b5fb7b0 req-8f48a72d-c24f-4110-8193-3f011b5fb7b0 ] Request (ServersTestJSON:setUpClass): 201 POST http://10.180.1.21:9696/networking/v2.0/networks 1.042s
2024-12-17 09:15:39.520 68175 INFO tempest.lib.common.rest_client [req-ae788d8b-98a5-4096-ac13-0d66f5d5cb88 req-ae788d8b-98a5-4096-ac13-0d66f5d5cb88 ] Request (DeleteServersAdminTestJSON:test_admin_delete_servers_of_others): 200 GET http://10.180.1.21/compute/v2.1/servers/761c1824-8029-4ccc-b489-e1bd1f9e7d75 1.763s
2024-12-17 09:15:39.533 68179 INFO tempest.lib.common.rest_client [req-777bf82c-33b6-4a59-a555-c7348318f33f req-777bf82c-33b6-4a59-a555-c7348318f33f ] Request (SecurityGroupRulesNegativeTestJSON:test_create_security_group_rule_with_invalid_port_range): 200 POST http://10.180.1.21/compute/v2.1/os-security-groups 2.029s
2024-12-17 09:15:39.608 68153 INFO tempest.lib.common.rest_client [req-b0b346d6-497f-4145-a53f-148eb0243584 req-b0b346d6-497f-4145-a53f-148eb0243584 ] Request (ImagesTestJSON:test_create_image_from_stopped_server): 200 GET http://10.180.1.21/compute/v2.1/servers/82b59b80-07f9-4a2a-8918-621bcf4f519e 1.853s
2024-12-17 09:15:39.643 68183 INFO tempest.lib.common.rest_client [req-0caf55da-e912-4127-884b-7aae454b2a51 req-0caf55da-e912-4127-884b-7aae454b2a51 ] Request (ServersAdminTestJSON:setUpClass): 200 GET http://10.180.1.21/compute/v2.1/servers/06352376-b4bc-4740-a38a-051a110fb71e 1.803s
2024-12-17 09:15:39.710 68193 INFO tempest.lib.common.rest_client [req-fc02fb8b-65eb-4cbe-b0bb-813d59adfd60 req-fc02fb8b-65eb-4cbe-b0bb-813d59adfd60 ] Request (ServerDiagnosticsTest:tearDownClass): 200 GET http://10.180.1.21/compute/v2.1/servers/f4f15112-ca96-4f0d-bb00-429c6b416747 1.855s
2024-12-17 09:15:39.723 68161 INFO tempest.lib.common.rest_client [req-30182bd6-2757-4992-917d-1f29067d0e9e req-30182bd6-2757-4992-917d-1f29067d0e9e ] Request (ServersV294TestFqdnHostnames:setUpClass): 201 POST http://10.180.1.21:9696/networking/v2.0/security-group-rules 0.427s
2024-12-17 09:15:39.731 68171 INFO tempest.lib.common.rest_client [req-40882f7c-3f3b-4c07-b7bc-3de6e75a39de req-40882f7c-3f3b-4c07-b7bc-3de6e75a39de ] Request (AttachInterfacesUnderV243Test:test_add_remove_fixed_ip): 200 GET http://10.180.1.21/compute/v2.1/servers/432c30fd-0eb0-483e-8605-6bf460c2d475 1.807s
2024-12-17 09:15:39.771 68205 INFO tempest.lib.common.rest_client [req-0de4b7af-d6ac-4b8a-baa5-fc451864885c req-0de4b7af-d6ac-4b8a-baa5-fc451864885c ] Request (ImagesMetadataTestJSON:test_get_image_metadata_item): 200 GET http://10.180.1.21/compute/v2.1/images/7eadbd48-33d6-4a4c-8502-a312ef5d9b7f/metadata/os_distro 1.652s
2024-12-17 09:15:39.873 68155 INFO tempest.lib.common.rest_client [req-a6197d67-5801-461e-b7ad-25c6cbfb7deb req-a6197d67-5801-461e-b7ad-25c6cbfb7deb ] Request (ServerExternalEventsTest:tearDownClass): 200 GET http://10.180.1.21/compute/v2.1/servers/731915f9-9acf-41f0-8077-6ddbfac270c0 1.679s
2024-12-17 09:15:39.880 68195 INFO tempest.lib.common.rest_client [req-528eddf1-bac7-4b6c-bb18-c540e5f096ab req-528eddf1-bac7-4b6c-bb18-c540e5f096ab ] Request (AggregatesAdminNegativeTestJSON:_run_cleanups): 200 POST http://10.180.1.21/compute/v2.1/os-aggregates/7/action 1.792s
2024-12-17 09:15:39.972 68185 INFO tempest.lib.common.rest_client [req-3478f5b5-1389-436b-9875-8320553141ed req-3478f5b5-1389-436b-9875-8320553141ed ] Request (ServerActionsV293TestJSON:setUpClass): 200 GET http://10.180.1.21/volume/v3/volumes/9c99e6db-6933-41ce-aa80-ae3078ebd14b 0.041s
2024-12-17 09:15:40.021 68167 INFO tempest.lib.common.rest_client [req-3663cad2-cf5f-4946-ba87-a97888ecf607 req-3663cad2-cf5f-4946-ba87-a97888ecf607 ] Request (FlavorsAdminTestJSON:test_create_flavor_using_string_ram): 200 POST http://10.180.1.21/compute/v2.1/flavors 1.802s
2024-12-17 09:15:40.249 68170 INFO tempest.lib.common.rest_client [req-afd0a34d-74c4-4bbe-8249-bccc1c41dbc3 req-afd0a34d-74c4-4bbe-8249-bccc1c41dbc3 ] Request (ServersTestJSON:setUpClass): 201 POST http://10.180.1.21:9696/networking/v2.0/subnets 0.812s
2024-12-17 09:15:40.380 68173 INFO tempest.lib.common.rest_client [req-1394c399-cecf-4022-b719-757b59c2b191 req-1394c399-cecf-4022-b719-757b59c2b191 ] Request (ImagesOneServerNegativeTestJSON:setUpClass): 200 GET http://10.180.1.21/compute/v2.1/servers/77276394-0749-48a8-a724-420a66866f0a 1.954s
2024-12-17 09:15:40.392 68173 INFO tempest.common.waiters [-] State transition "BUILD/spawning" ==> "ACTIVE/None" after 35 second wait
2024-12-17 09:15:40.467 68181 INFO tempest.lib.common.rest_client [req-30b84e99-6027-4b65-a08b-9e53675c72f4 req-30b84e99-6027-4b65-a08b-9e53675c72f4 ] Request (SecurityGroupRulesTestJSON:tearDownClass): 204 DELETE http://10.180.1.21:9696/networking/v2.0/routers/4aed96bd-9522-4281-9ff6-c1fc083da881 1.061s
2024-12-17 09:15:40.508 68163 INFO tempest.lib.common.rest_client [req-35815f1c-5878-4d4d-a36c-62542393a2aa req-35815f1c-5878-4d4d-a36c-62542393a2aa ] Request (MigrationsAdminTest:test_list_migrations_in_flavor_resize_situation): 200 GET http://10.180.1.21/compute/v2.1/servers/d31665a4-c145-417d-b2f8-304e9455826a 1.810s
2024-12-17 09:15:40.736 68177 INFO tempest.lib.common.rest_client [req-b0238273-e3ba-4ea3-8fc7-7b6b2bcc1876 req-b0238273-e3ba-4ea3-8fc7-7b6b2bcc1876 ] Request (FloatingIPsAssociationNegativeTestJSON:setUpClass): 200 GET http://10.180.1.21/compute/v2.1/servers/7f460c94-9150-4564-a2d6-c266537b97c2 1.768s
2024-12-17 09:15:40.778 68181 INFO tempest.lib.common.rest_client [req-89ed4b06-eeb7-4df6-9650-ff42e481de48 req-89ed4b06-eeb7-4df6-9650-ff42e481de48 ] Request (SecurityGroupRulesTestJSON:tearDownClass): 204 DELETE http://10.180.1.21:9696/networking/v2.0/subnets/cdbe6fc7-4e44-4a09-b192-a6d3001566d9 0.310s
2024-12-17 09:15:40.823 68197 INFO tempest.lib.common.rest_client [req-249895ff-42b6-43d5-9b9a-b910cc7a35d4 req-249895ff-42b6-43d5-9b9a-b910cc7a35d4 ] Request (MultipleCreateTestJSON:test_multiple_create): 200 GET http://10.180.1.21/compute/v2.1/servers/19eadcca-e20b-49fa-bde1-6a760e579470 1.731s
2024-12-17 09:15:40.935 68187 INFO tempest.lib.common.rest_client [req-7d793864-97dc-44a3-a3b0-b9792cddac41 req-7d793864-97dc-44a3-a3b0-b9792cddac41 ] Request (ServerDiagnosticsV248Test:test_get_server_diagnostics): 200 GET http://10.180.1.21/compute/v2.1/servers/053e35a4-fd20-43c8-8012-fd4f22075e1d 1.507s
2024-12-17 09:15:41.012 68185 INFO tempest.lib.common.rest_client [req-39f9fb2a-58ea-4c0b-a553-5640b6c069b0 req-39f9fb2a-58ea-4c0b-a553-5640b6c069b0 ] Request (ServerActionsV293TestJSON:setUpClass): 200 GET http://10.180.1.21/volume/v3/volumes/9c99e6db-6933-41ce-aa80-ae3078ebd14b 0.032s
2024-12-17 09:15:41.030 68151 INFO tempest.lib.common.rest_client [req-01134d61-004e-4a87-af68-3f55751e3ed0 req-01134d61-004e-4a87-af68-3f55751e3ed0 ] Request (ServersWithSpecificFlavorTestJSON:test_verify_created_server_ephemeral_disk): 200 GET http://10.180.1.21/compute/v2.1/servers/3f9b475d-9ff6-447a-88bc-6268220f4a19 2.158s
2024-12-17 09:15:41.042 68151 INFO tempest.common.waiters [-] State transition "BUILD/None" ==> "BUILD/spawning" after 29 second wait
2024-12-17 09:15:41.043 68201 INFO tempest.lib.common.rest_client [req-e780c74b-c819-4125-a819-a7dd535ebc68 req-e780c74b-c819-4125-a819-a7dd535ebc68 ] Request (DeleteServersTestJSON:test_delete_active_server): 200 GET http://10.180.1.21/compute/v2.1/servers/4f62f5ef-da0f-43be-97d1-644a8ceb4387 1.601s
2024-12-17 09:15:41.139 68199 INFO tempest.lib.common.rest_client [req-8d73529b-4d9a-4d08-aa46-35ce04447acf req-8d73529b-4d9a-4d08-aa46-35ce04447acf ] Request (ListImageFiltersTestJSON:setUpClass): 200 GET http://10.180.1.21/compute/v2.1/servers/a94bf7f2-7ed5-4292-9337-061a2fdfb398 1.613s
2024-12-17 09:15:41.185 68179 INFO tempest.lib.common.rest_client [req-fcb93838-e46b-4d1a-8f54-91a7c00c73c8 req-fcb93838-e46b-4d1a-8f54-91a7c00c73c8 ] Request (SecurityGroupRulesNegativeTestJSON:test_create_security_group_rule_with_invalid_port_range): 400 POST http://10.180.1.21/compute/v2.1/os-security-group-rules 1.650s
2024-12-17 09:15:41.228 68159 INFO tempest.lib.common.rest_client [req-fa7e3642-e658-4724-8b2d-81d5f29c75e9 req-fa7e3642-e658-4724-8b2d-81d5f29c75e9 ] Request (VolumesAdminNegativeTest:test_update_attached_volume_with_nonexistent_volume_in_body): 200 GET http://10.180.1.21/compute/v2.1/servers/2713621e-9a83-4027-ba0e-28341dc8855f 1.484s
2024-12-17 09:15:41.319 68189 INFO tempest.lib.common.rest_client [req-499664ea-35da-4a69-9866-59346cc04660 req-499664ea-35da-4a69-9866-59346cc04660 ] Request (ServersAdmin275Test:test_rebuild_update_server_275): 200 GET http://10.180.1.21/compute/v2.1/servers/ae638915-e769-4f5e-9c2c-89644711d9b4 1.470s
2024-12-17 09:15:41.345 68195 INFO tempest.lib.common.rest_client [req-62026a41-f55d-4ce6-a13d-3689753f6ac1 req-62026a41-f55d-4ce6-a13d-3689753f6ac1 ] Request (AggregatesAdminNegativeTestJSON:_run_cleanups): 200 DELETE http://10.180.1.21/compute/v2.1/os-aggregates/7 1.462s
2024-12-17 09:15:41.348 68205 INFO tempest.lib.common.rest_client [req-c81aa0e2-0093-4590-9634-224a0f75a93f req-c81aa0e2-0093-4590-9634-224a0f75a93f ] Request (ImagesMetadataTestJSON:setUp): 200 PUT http://10.180.1.21/compute/v2.1/images/7eadbd48-33d6-4a4c-8502-a312ef5d9b7f/metadata 1.576s
2024-12-17 09:15:41.451 68209 INFO tempest.lib.common.rest_client [req-fdb6cfc1-a9dd-45a4-a39f-a4ecfb55a01e req-fdb6cfc1-a9dd-45a4-a39f-a4ecfb55a01e ] Request (FloatingIPsAssociationTestJSON:test_associate_already_associated_floating_ip): 200 GET http://10.180.1.21/compute/v2.1/servers/10bd069c-14eb-420e-9b9f-f75ad76188b3 1.498s
2024-12-17 09:15:41.472 68167 INFO tempest.lib.common.rest_client [req-7cdea35e-2b3e-49be-a51d-2a14e4c4b1f1 req-7cdea35e-2b3e-49be-a51d-2a14e4c4b1f1 ] Request (FlavorsAdminTestJSON:_run_cleanups): 202 DELETE http://10.180.1.21/compute/v2.1/flavors/334738425 1.449s
2024-12-17 09:15:41.491 68149 INFO tempest.lib.common.rest_client [req-bf56a94f-56af-4b8c-ac04-e62d65d6a7df req-bf56a94f-56af-4b8c-ac04-e62d65d6a7df ] Request (AttachInterfacesV270Test:setUpClass): 200 PUT http://10.180.1.21:9696/networking/v2.0/routers/50e151fc-bb09-4880-a256-4c49d7f32def/add_router_interface 2.495s
2024-12-17 09:15:41.491 68149 INFO tempest.lib.common.dynamic_creds [-] Created isolated network resources for: credentials: Credentials: {'domain_id': 'default', 'domain_name': 'Default', 'username': 'tempest-AttachInterfacesV270Test-537477913-project-member', 'project_domain_id': 'default', 'project_domain_name': 'Default', 'project_id': 'f95c6195f6474aa6b944c69ea5e7239b', 'project_name': 'tempest-AttachInterfacesV270Test-537477913', 'tenant_id': 'f95c6195f6474aa6b944c69ea5e7239b', 'tenant_name': 'tempest-AttachInterfacesV270Test-537477913', 'user_domain_id': 'default', 'user_domain_name': 'Default', 'user_id': '9709d16192d74835aa9a56a13ca22645', 'system': None}, Network: {'id': '5db1f6db-6979-426c-9f6b-b04b6860bda2', 'name': 'tempest-AttachInterfacesV270Test-873739365-network', 'tenant_id': 'f95c6195f6474aa6b944c69ea5e7239b', 'admin_state_up': True, 'mtu': 8950, 'status': 'ACTIVE', 'subnets': [], 'shared': False, 'project_id': 'f95c6195f6474aa6b944c69ea5e7239b', 'port_security_enabled': True, 'router:external': False, 'provider:network_type': 'vlan', 'provider:physical_network': 'default', 'provider:segmentation_id': 287, 'availability_zone_hints': [], 'availability_zones': [], 'ipv4_address_scope': None, 'ipv6_address_scope': None, 'description': '', 'tags': [], 'created_at': '2024-12-17T09:15:36Z', 'updated_at': '2024-12-17T09:15:36Z', 'revision_number': 1}, Subnet: {'id': '1140a491-effb-42d2-84dc-f712ae9dfc14', 'name': 'tempest-AttachInterfacesV270Test-873739365-subnet', 'tenant_id': 'f95c6195f6474aa6b944c69ea5e7239b', 'network_id': '5db1f6db-6979-426c-9f6b-b04b6860bda2', 'ip_version': 4, 'subnetpool_id': None, 'enable_dhcp': True, 'ipv6_ra_mode': None, 'ipv6_address_mode': None, 'gateway_ip': '192.168.128.1', 'cidr': '192.168.128.0/28', 'allocation_pools': [{'start': '192.168.128.2', 'end': '192.168.128.14'}], 'host_routes': [], 'dns_nameservers': [], 'description': '', 'router:external': False, 'service_types': [], 'tags': [], 'created_at': '2024-12-17T09:15:36Z', 'updated_at': '2024-12-17T09:15:36Z', 'revision_number': 0, 'project_id': 'f95c6195f6474aa6b944c69ea5e7239b'}, Router: {'id': '50e151fc-bb09-4880-a256-4c49d7f32def', 'name': 'tempest-AttachInterfacesV270Test-873739365-router', 'tenant_id': 'f95c6195f6474aa6b944c69ea5e7239b', 'admin_state_up': True, 'status': 'ACTIVE', 'external_gateway_info': {'network_id': 'fb3179c1-d9f7-45d1-a6ef-a43d6226d1e6', 'external_fixed_ips': [{'subnet_id': '1da56faf-e537-4869-8d5f-751f4f3d88ed', 'ip_address': '10.180.180.132'}], 'enable_snat': True}, 'description': '', 'availability_zones': [], 'distributed': False, 'ha': False, 'availability_zone_hints': [], 'routes': [], 'flavor_id': None, 'tags': [], 'created_at': '2024-12-17T09:15:37Z', 'updated_at': '2024-12-17T09:15:37Z', 'revision_number': 2, 'project_id': 'f95c6195f6474aa6b944c69ea5e7239b'}
2024-12-17 09:15:41.526 68161 INFO tempest.lib.common.rest_client [req-ec94ce22-ea6f-4b4b-9abd-8494dc3746ae req-ec94ce22-ea6f-4b4b-9abd-8494dc3746ae ] Request (ServersV294TestFqdnHostnames:setUpClass): 201 POST http://10.180.1.21:9696/networking/v2.0/floatingips 1.802s
2024-12-17 09:15:41.564 68161 INFO tempest.lib.common.rest_client [req-4a3f9fea-dee3-4ef0-a686-62c46c3ab7ab req-4a3f9fea-dee3-4ef0-a686-62c46c3ab7ab ] Request (ServersV294TestFqdnHostnames:setUpClass): 201 POST http://10.180.1.21/identity/v3/auth/tokens 0.034s
2024-12-17 09:15:41.565 68161 INFO tempest.lib.common.fixed_network [-] (ServersV294TestFqdnHostnames:setUpClass) Found network {'id': 'a615942e-95c4-4cdf-abb5-f50f74ff4a2b', 'name': 'tempest-ServersV294TestFqdnHostnames-77243330-network', 'tenant_id': '2ef55693d63b42e6810e99dba59ccefd', 'admin_state_up': True, 'mtu': 8950, 'status': 'ACTIVE', 'subnets': [], 'shared': False, 'project_id': '2ef55693d63b42e6810e99dba59ccefd', 'port_security_enabled': True, 'router:external': False, 'provider:network_type': 'vlan', 'provider:physical_network': 'default', 'provider:segmentation_id': 522, 'availability_zone_hints': [], 'availability_zones': [], 'ipv4_address_scope': None, 'ipv6_address_scope': None, 'description': '', 'tags': [], 'created_at': '2024-12-17T09:15:31Z', 'updated_at': '2024-12-17T09:15:31Z', 'revision_number': 1} available for tenant
2024-12-17 09:15:41.582 68191 INFO tempest.lib.common.rest_client [req-a89f5a58-f4bd-463e-aae8-1a3ad50c47bc req-a89f5a58-f4bd-463e-aae8-1a3ad50c47bc ] Request (ListServerFiltersTestJSON:setUpClass): 200 GET http://10.180.1.21/compute/v2.1/servers/17701912-ff87-48fc-b08d-2c432ebfca3c 1.510s
2024-12-17 09:15:41.590 68191 INFO tempest.common.waiters [-] State transition "BUILD/None" ==> "BUILD/block_device_mapping" after 28 second wait
2024-12-17 09:15:41.614 68149 INFO tempest.lib.common.rest_client [req-25020fd4-2e34-4b40-83ce-ae5d04dabc75 req-25020fd4-2e34-4b40-83ce-ae5d04dabc75 ] Request (AttachInterfacesV270Test:setUpClass): 201 POST http://10.180.1.21/identity/v3/auth/tokens 0.118s
2024-12-17 09:15:41.650 68149 INFO tempest.lib.common.rest_client [req-0672f3bf-c33a-47cd-a2ad-6148d1a0617b req-0672f3bf-c33a-47cd-a2ad-6148d1a0617b ] Request (AttachInterfacesV270Test:test_create_get_list_interfaces): 201 POST http://10.180.1.21/identity/v3/auth/tokens 0.029s
2024-12-17 09:15:41.650 68149 INFO tempest.lib.common.fixed_network [-] (AttachInterfacesV270Test:test_create_get_list_interfaces) Found network {'id': '5db1f6db-6979-426c-9f6b-b04b6860bda2', 'name': 'tempest-AttachInterfacesV270Test-873739365-network', 'tenant_id': 'f95c6195f6474aa6b944c69ea5e7239b', 'admin_state_up': True, 'mtu': 8950, 'status': 'ACTIVE', 'subnets': [], 'shared': False, 'project_id': 'f95c6195f6474aa6b944c69ea5e7239b', 'port_security_enabled': True, 'router:external': False, 'provider:network_type': 'vlan', 'provider:physical_network': 'default', 'provider:segmentation_id': 287, 'availability_zone_hints': [], 'availability_zones': [], 'ipv4_address_scope': None, 'ipv6_address_scope': None, 'description': '', 'tags': [], 'created_at': '2024-12-17T09:15:36Z', 'updated_at': '2024-12-17T09:15:36Z', 'revision_number': 1} available for tenant
2024-12-17 09:15:41.685 68157 INFO tempest.lib.common.rest_client [req-92b72e73-e577-4db3-ba0b-61d2d0ac8df2 req-92b72e73-e577-4db3-ba0b-61d2d0ac8df2 ] Request (ServersAdminNegativeTestJSON:setUpClass): 200 GET http://10.180.1.21/compute/v2.1/servers/aafd9980-4d6c-400e-b3f4-a392092cf34a 1.508s
2024-12-17 09:15:41.813 68165 INFO tempest.lib.common.rest_client [req-8bb7e7d4-82a0-45dd-9c7f-4834d34996cf req-8bb7e7d4-82a0-45dd-9c7f-4834d34996cf ] Request (TenantUsagesTestJSON:setUpClass): 200 GET http://10.180.1.21/compute/v2.1/servers/c7395bf9-b324-4c27-904a-c1717a720d46 1.534s
2024-12-17 09:15:41.840 68170 INFO tempest.lib.common.rest_client [req-594dfdcc-4f27-4a12-9a26-b04882eb3517 req-594dfdcc-4f27-4a12-9a26-b04882eb3517 ] Request (ServersTestJSON:setUpClass): 201 POST http://10.180.1.21:9696/networking/v2.0/routers 1.590s
2024-12-17 09:15:41.855 68147 INFO tempest.lib.common.rest_client [req-dab07cd7-c3f9-4643-93f4-9aeac7bb3372 req-dab07cd7-c3f9-4643-93f4-9aeac7bb3372 ] Request (AttachInterfacesTestJSON:test_create_list_show_delete_interfaces_by_fixed_ip): 200 GET http://10.180.1.21/compute/v2.1/servers/a26fc1c1-7845-4084-829e-f73cd6d773dc 1.902s
2024-12-17 09:15:41.940 68181 INFO tempest.lib.common.rest_client [req-60457565-c365-4721-bc95-91b22c3694cc req-60457565-c365-4721-bc95-91b22c3694cc ] Request (SecurityGroupRulesTestJSON:tearDownClass): 204 DELETE http://10.180.1.21:9696/networking/v2.0/networks/a88f0f8c-5699-4288-8eb2-bb23d138c87c 1.161s
2024-12-17 09:15:41.973 68208 INFO tempest.lib.common.rest_client [req-62d7afbd-844f-444d-b9db-6e77d525116e req-62d7afbd-844f-444d-b9db-6e77d525116e ] Request (ServerPasswordTestJSON:setUpClass): 200 GET http://10.180.1.21/compute/v2.1/servers/d419a68f-86c3-477b-a4f8-8a7d2f657474 1.538s
2024-12-17 09:15:42.072 68181 INFO tempest.lib.common.rest_client [req-581d2b96-e837-4833-930e-7245283f013a req-581d2b96-e837-4833-930e-7245283f013a ] Request (SecurityGroupRulesTestJSON:tearDownClass): 204 DELETE http://10.180.1.21/identity/v3/users/71f71d23618444a58399cc156a345673 0.132s
2024-12-17 09:15:42.073 68181 INFO tempest.lib.common.dynamic_creds [-] Deleting project and security group for project: b14593677baa41b69eeebf9f3860ed0e
2024-12-17 09:15:42.074 68185 INFO tempest.lib.common.rest_client [req-747081d6-e610-40b8-8dbd-7cf6440a3b60 req-747081d6-e610-40b8-8dbd-7cf6440a3b60 ] Request (ServerActionsV293TestJSON:setUpClass): 200 GET http://10.180.1.21/volume/v3/volumes/9c99e6db-6933-41ce-aa80-ae3078ebd14b 0.051s
2024-12-17 09:15:42.118 68175 INFO tempest.lib.common.rest_client [req-eba67c1f-3f67-4927-b243-24bfc7b1c7a2 req-eba67c1f-3f67-4927-b243-24bfc7b1c7a2 ] Request (DeleteServersAdminTestJSON:test_admin_delete_servers_of_others): 200 GET http://10.180.1.21/compute/v2.1/servers/761c1824-8029-4ccc-b489-e1bd1f9e7d75 1.590s
2024-12-17 09:15:42.133 68181 INFO tempest.lib.common.rest_client [req-8585199a-e653-4c4a-99e5-e8375b345011 req-8585199a-e653-4c4a-99e5-e8375b345011 ] Request (SecurityGroupRulesTestJSON:tearDownClass): 200 GET http://10.180.1.21:9696/networking/v2.0/security-groups?tenant_id=b14593677baa41b69eeebf9f3860ed0e&name=default 0.060s
2024-12-17 09:15:42.171 68173 INFO tempest.lib.common.rest_client [req-43029e26-ce10-4f8b-ac6a-0209965c7ab9 req-43029e26-ce10-4f8b-ac6a-0209965c7ab9 ] Request (ImagesOneServerNegativeTestJSON:setUp): 200 GET http://10.180.1.21/compute/v2.1/servers/77276394-0749-48a8-a724-420a66866f0a 1.778s
2024-12-17 09:15:42.208 68153 INFO tempest.lib.common.rest_client [req-9e689dc9-bea1-43df-b487-d98ea0fda826 req-9e689dc9-bea1-43df-b487-d98ea0fda826 ] Request (ImagesTestJSON:test_create_image_from_stopped_server): 200 GET http://10.180.1.21/compute/v2.1/servers/82b59b80-07f9-4a2a-8918-621bcf4f519e 1.594s
