2024-12-17 09:15:47.964 68203 INFO tempest.lib.common.rest_client [req-a203d478-0406-49b4-af21-db6af8a86e8a req-a203d478-0406-49b4-af21-db6af8a86e8a ] Request (InstanceActionsTestJSON:setUpClass): 201 POST http://10.180.1.21/identity/v3/projects 0.037s
2024-12-17 09:15:48.050 68203 INFO tempest.lib.common.rest_client [req-e36a7534-c889-4f59-a307-480028cd9b59 req-e36a7534-c889-4f59-a307-480028cd9b59 ] Request (InstanceActionsTestJSON:setUpClass): 201 POST http://10.180.1.21/identity/v3/users 0.084s
2024-12-17 09:15:48.080 68203 INFO tempest.lib.common.rest_client [req-d1c9c828-2d9e-4d1e-8379-88c294d5b55a req-d1c9c828-2d9e-4d1e-8379-88c294d5b55a ] Request (InstanceActionsTestJSON:setUpClass): 200 GET http://10.180.1.21/identity/v3/roles 0.030s
2024-12-17 09:15:48.095 68205 INFO tempest.lib.common.rest_client [req-10610d14-6883-4bd6-b66a-e0b49fa209b8 req-10610d14-6883-4bd6-b66a-e0b49fa209b8 ] Request (ImagesMetadataTestJSON:setUp): 200 PUT http://10.180.1.21/compute/v2.1/images/7eadbd48-33d6-4a4c-8502-a312ef5d9b7f/metadata 0.935s
2024-12-17 09:15:48.104 68170 INFO tempest.lib.common.rest_client [req-cf1e7f64-8008-4822-8b49-0a11d55d73fe req-cf1e7f64-8008-4822-8b49-0a11d55d73fe ] Request (ServersTestJSON:setUpClass): 202 POST http://10.180.1.21/compute/v2.1/servers 1.010s
2024-12-17 09:15:48.118 68203 INFO tempest.lib.common.rest_client [req-d77e8528-4bc5-401f-a850-07538e5b3c0a req-d77e8528-4bc5-401f-a850-07538e5b3c0a ] Request (InstanceActionsTestJSON:setUpClass): 204 PUT http://10.180.1.21/identity/v3/projects/4ee99cff77b64ba2aea9dc52a2deb50b/users/d2d4a56c91e0442a9424025e89b92296/roles/a8817189c945452587ce54434297c091 0.037s
2024-12-17 09:15:48.118 68203 INFO tempest.lib.common.dynamic_creds [-] Dynamic test user d2d4a56c91e0442a9424025e89b92296 is created with scope project and roles: ['member']
2024-12-17 09:15:48.118 68203 INFO tempest.lib.common.dynamic_creds [-] Acquired dynamic creds: credentials: Credentials: {'domain_id': 'default', 'domain_name': 'Default', 'username': 'tempest-InstanceActionsTestJSON-1982667195-project-member', 'project_domain_id': 'default', 'project_domain_name': 'Default', 'project_id': '4ee99cff77b64ba2aea9dc52a2deb50b', 'project_name': 'tempest-InstanceActionsTestJSON-1982667195', 'tenant_id': '4ee99cff77b64ba2aea9dc52a2deb50b', 'tenant_name': 'tempest-InstanceActionsTestJSON-1982667195', 'user_domain_id': 'default', 'user_domain_name': 'Default', 'user_id': 'd2d4a56c91e0442a9424025e89b92296', 'system': None}, Network: None, Subnet: None, Router: None
2024-12-17 09:15:48.181 68201 INFO tempest.lib.common.rest_client [req-c3fda178-9135-4639-a95b-64c8ddb93d03 req-c3fda178-9135-4639-a95b-64c8ddb93d03 ] Request (DeleteServersTestJSON:test_delete_active_server): 200 GET http://10.180.1.21/compute/v2.1/servers/4f62f5ef-da0f-43be-97d1-644a8ceb4387 0.952s
2024-12-17 09:15:48.186 68187 INFO tempest.lib.common.rest_client [req-c14c9c55-ccfc-4e84-8627-49196ab7e3c7 req-c14c9c55-ccfc-4e84-8627-49196ab7e3c7 ] Request (ServerDiagnosticsV248Test:test_get_server_diagnostics): 200 GET http://10.180.1.21/compute/v2.1/servers/053e35a4-fd20-43c8-8012-fd4f22075e1d 0.999s
2024-12-17 09:15:48.197 68203 INFO tempest.lib.common.rest_client [req-9428580b-27eb-403c-8a9c-10ec380761a0 req-9428580b-27eb-403c-8a9c-10ec380761a0 ] Request (InstanceActionsTestJSON:setUpClass): 201 POST http://10.180.1.21/identity/v3/auth/tokens 0.079s
2024-12-17 09:15:48.255 68199 INFO tempest.lib.common.rest_client [req-b278db9b-f4ab-41cc-9e15-d0a6a0d8cf24 req-b278db9b-f4ab-41cc-9e15-d0a6a0d8cf24 ] Request (ListImageFiltersTestJSON:setUpClass): 200 GET http://10.180.1.21/compute/v2.1/servers/a94bf7f2-7ed5-4292-9337-061a2fdfb398 0.921s
2024-12-17 09:15:48.282 68147 INFO tempest.lib.common.rest_client [req-10a61062-bfde-4295-ab30-61cb1c46b121 req-10a61062-bfde-4295-ab30-61cb1c46b121 ] Request (AttachInterfacesTestJSON:test_create_list_show_delete_interfaces_by_fixed_ip): 200 GET http://10.180.1.21/compute/v2.1/servers/a26fc1c1-7845-4084-829e-f73cd6d773dc/os-interface 0.941s
2024-12-17 09:15:48.341 68185 INFO tempest.lib.common.rest_client [req-64559f89-3155-4cda-b846-2be70f665915 req-64559f89-3155-4cda-b846-2be70f665915 ] Request (ServerActionsV293TestJSON:setUpClass): 200 GET http://10.180.1.21/volume/v3/volumes/9c99e6db-6933-41ce-aa80-ae3078ebd14b 0.035s
2024-12-17 09:15:48.348 68159 INFO tempest.lib.common.rest_client [req-e5ddd182-6f82-4300-b7e4-da70a286e261 req-e5ddd182-6f82-4300-b7e4-da70a286e261 ] Request (VolumesAdminNegativeTest:test_update_attached_volume_with_nonexistent_volume_in_body): 200 GET http://10.180.1.21/compute/v2.1/servers/2713621e-9a83-4027-ba0e-28341dc8855f 0.951s
2024-12-17 09:15:48.355 68185 INFO tempest.common.waiters [-] volume 9c99e6db-6933-41ce-aa80-ae3078ebd14b reached available after waiting for 20.355493 seconds
2024-12-17 09:15:48.362 68209 INFO tempest.lib.common.rest_client [req-66dcd109-d1cd-4733-b193-4bb882579ff5 req-66dcd109-d1cd-4733-b193-4bb882579ff5 ] Request (FloatingIPsAssociationTestJSON:test_associate_already_associated_floating_ip): 200 GET http://10.180.1.21/compute/v2.1/servers/10bd069c-14eb-420e-9b9f-f75ad76188b3 0.880s
2024-12-17 09:15:48.374 68167 INFO tempest.lib.common.rest_client [req-e1cb754a-66f8-46c7-a28b-76616c7c9c18 req-e1cb754a-66f8-46c7-a28b-76616c7c9c18 ] Request (FlavorsAdminTestJSON:test_create_flavor_with_int_id): 200 POST http://10.180.1.21/compute/v2.1/flavors 0.845s
2024-12-17 09:15:48.608 68203 INFO tempest.lib.common.rest_client [req-5f7b8a63-4255-4740-a146-e1cafa51dad9 req-5f7b8a63-4255-4740-a146-e1cafa51dad9 ] Request (InstanceActionsTestJSON:setUpClass): 201 POST http://10.180.1.21:9696/networking/v2.0/networks 0.411s
2024-12-17 09:15:48.619 68173 INFO tempest.lib.common.rest_client [req-f04117b2-646a-478a-946b-bad0698d5e00 req-f04117b2-646a-478a-946b-bad0698d5e00 ] Request (ImagesOneServerNegativeTestJSON:tearDown): 200 GET http://10.180.1.21/compute/v2.1/servers/77276394-0749-48a8-a724-420a66866f0a 1.089s
2024-12-17 09:15:48.758 68179 INFO tempest.lib.common.rest_client [req-8cbf7051-f2ba-4d89-84a7-d8247e407d24 req-8cbf7051-f2ba-4d89-84a7-d8247e407d24 ] Request (SecurityGroupRulesNegativeTestJSON:tearDownClass): 202 DELETE http://10.180.1.21/compute/v2.1/os-security-groups/7c76e27f-e85d-46ba-acaf-dd7a219401bd 1.080s
2024-12-17 09:15:48.793 68203 INFO tempest.lib.common.rest_client [req-8a43d0b2-4003-4eca-9b48-595e4058dd9c req-8a43d0b2-4003-4eca-9b48-595e4058dd9c ] Request (InstanceActionsTestJSON:setUpClass): 201 POST http://10.180.1.21:9696/networking/v2.0/subnets 0.184s
2024-12-17 09:15:48.869 68157 INFO tempest.lib.common.rest_client [req-9e858ab1-ba0c-4e7b-b36f-dc8a88b2a57d req-9e858ab1-ba0c-4e7b-b36f-dc8a88b2a57d ] Request (ServersAdminNegativeTestJSON:setUpClass): 200 GET http://10.180.1.21/compute/v2.1/servers/aafd9980-4d6c-400e-b3f4-a392092cf34a 1.007s
2024-12-17 09:15:48.878 68157 INFO tempest.common.waiters [-] State transition "BUILD/scheduling" ==> "BUILD/None" after 23 second wait
2024-12-17 09:15:48.893 68151 INFO tempest.lib.common.rest_client [req-f9bc92c5-8c13-4a84-9297-e2cac4fd4fe5 req-f9bc92c5-8c13-4a84-9297-e2cac4fd4fe5 ] Request (ServersWithSpecificFlavorTestJSON:test_verify_created_server_ephemeral_disk): 200 GET http://10.180.1.21/compute/v2.1/servers/3f9b475d-9ff6-447a-88bc-6268220f4a19 1.094s
2024-12-17 09:15:48.952 68189 INFO tempest.lib.common.rest_client [req-98290622-cf17-44f8-9ad9-431f5e50e8f1 req-98290622-cf17-44f8-9ad9-431f5e50e8f1 ] Request (ServersAdmin275Test:_run_cleanups): 200 GET http://10.180.1.21/compute/v2.1/servers/ae638915-e769-4f5e-9c2c-89644711d9b4 0.943s
2024-12-17 09:15:48.961 68189 INFO tempest.common.waiters [-] State transition "REBUILD/rebuilding" ==> "REBUILD/rebuild_block_device_mapping" after 1 second wait
2024-12-17 09:15:49.331 68191 INFO tempest.lib.common.rest_client [req-26a7e09d-d271-4736-852f-1cf145ed6d7e req-26a7e09d-d271-4736-852f-1cf145ed6d7e ] Request (ListServerFiltersTestJSON:setUpClass): 200 GET http://10.180.1.21/compute/v2.1/servers/17701912-ff87-48fc-b08d-2c432ebfca3c 1.281s
2024-12-17 09:15:49.388 68195 INFO tempest.lib.common.rest_client [req-24433a8d-8a51-4638-83e2-0de980fd0de9 req-24433a8d-8a51-4638-83e2-0de980fd0de9 ] Request (NetworksTest:test_get_network): 200 GET http://10.180.1.21/compute/v2.1/os-networks 1.460s
2024-12-17 09:15:49.460 68170 INFO tempest.lib.common.rest_client [req-ad3a099a-2b07-465d-aa1a-d411eb8f83e8 req-ad3a099a-2b07-465d-aa1a-d411eb8f83e8 ] Request (ServersTestJSON:setUpClass): 200 GET http://10.180.1.21/compute/v2.1/servers/681b3773-3c20-4887-b5b4-74d5ae5b3c39 1.355s
2024-12-17 09:15:49.501 68203 INFO tempest.lib.common.rest_client [req-4bdf24cd-6af6-4404-a1d0-113ed3baadf6 req-4bdf24cd-6af6-4404-a1d0-113ed3baadf6 ] Request (InstanceActionsTestJSON:setUpClass): 201 POST http://10.180.1.21:9696/networking/v2.0/routers 0.707s
2024-12-17 09:15:49.531 68208 INFO tempest.lib.common.rest_client [req-624a6a9f-4f46-4c0c-bd0e-95ab42fa802c req-624a6a9f-4f46-4c0c-bd0e-95ab42fa802c ] Request (ServerPasswordTestJSON:setUpClass): 200 GET http://10.180.1.21/compute/v2.1/servers/d419a68f-86c3-477b-a4f8-8a7d2f657474 1.411s
2024-12-17 09:15:49.563 68147 INFO tempest.lib.common.rest_client [req-60c8c598-d8ba-49e0-bf6f-da077dc153b9 req-60c8c598-d8ba-49e0-bf6f-da077dc153b9 ] Request (AttachInterfacesTestJSON:test_create_list_show_delete_interfaces_by_fixed_ip): 200 PUT http://10.180.1.21:9696/networking/v2.0/floatingips/44ba3362-9282-4117-8e1f-931a0bd3a0fd 1.278s
2024-12-17 09:15:49.590 68165 INFO tempest.lib.common.rest_client [req-d7bc4150-4e5b-4521-bc14-f6517be0bde0 req-d7bc4150-4e5b-4521-bc14-f6517be0bde0 ] Request (TenantUsagesTestJSON:setUpClass): 200 GET http://10.180.1.21/compute/v2.1/servers/c7395bf9-b324-4c27-904a-c1717a720d46 1.466s
2024-12-17 09:15:49.592 68205 INFO tempest.lib.common.rest_client [req-add4c42a-5f75-4c81-a1ca-dbf76910e492 req-add4c42a-5f75-4c81-a1ca-dbf76910e492 ] Request (ImagesMetadataTestJSON:test_set_image_metadata_item): 200 PUT http://10.180.1.21/compute/v2.1/images/7eadbd48-33d6-4a4c-8502-a312ef5d9b7f/metadata/os_version 1.496s
2024-12-17 09:15:49.653 68153 INFO tempest.lib.common.rest_client [req-d345c9b6-24ba-4a8b-9c0d-2e0ecc3c394a req-d345c9b6-24ba-4a8b-9c0d-2e0ecc3c394a ] Request (ImagesTestJSON:test_create_image_from_stopped_server): 200 GET http://10.180.1.21/compute/v2.1/servers/82b59b80-07f9-4a2a-8918-621bcf4f519e 1.347s
2024-12-17 09:15:49.664 68175 INFO tempest.lib.common.rest_client [req-52ec06ec-80d7-4021-93b2-8a45d380155a req-52ec06ec-80d7-4021-93b2-8a45d380155a ] Request (DeleteServersAdminTestJSON:test_admin_delete_servers_of_others): 200 GET http://10.180.1.21/compute/v2.1/servers/761c1824-8029-4ccc-b489-e1bd1f9e7d75 1.419s
2024-12-17 09:15:49.718 68183 INFO tempest.lib.common.rest_client [req-5fbe1db3-0614-4e7d-8c8a-99a37baad2b8 req-5fbe1db3-0614-4e7d-8c8a-99a37baad2b8 ] Request (ServersAdminTestJSON:setUpClass): 200 GET http://10.180.1.21/compute/v2.1/servers/06352376-b4bc-4740-a38a-051a110fb71e 1.354s
2024-12-17 09:15:49.737 68167 INFO tempest.lib.common.rest_client [req-f223956d-cda0-4a26-8d01-720f99a79186 req-f223956d-cda0-4a26-8d01-720f99a79186 ] Request (FlavorsAdminTestJSON:_run_cleanups): 202 DELETE http://10.180.1.21/compute/v2.1/flavors/462113089 1.361s
2024-12-17 09:15:49.807 68193 INFO tempest.lib.common.rest_client [req-981f479d-5c6b-4438-9cf7-a9f783f5ce31 req-981f479d-5c6b-4438-9cf7-a9f783f5ce31 ] Request (ServerDiagnosticsTest:tearDownClass): 200 GET http://10.180.1.21/compute/v2.1/servers/f4f15112-ca96-4f0d-bb00-429c6b416747 1.381s
2024-12-17 09:15:49.877 68171 INFO tempest.lib.common.rest_client [req-cf7bd6e2-ae97-43aa-ac4d-5d63489ed194 req-cf7bd6e2-ae97-43aa-ac4d-5d63489ed194 ] Request (AttachInterfacesUnderV243Test:test_add_remove_fixed_ip): 200 GET http://10.180.1.21/compute/v2.1/servers/432c30fd-0eb0-483e-8605-6bf460c2d475 1.431s
2024-12-17 09:15:49.952 68155 INFO tempest.lib.common.rest_client [req-b751b488-c184-42ac-bdce-877734c82adc req-b751b488-c184-42ac-bdce-877734c82adc ] Request (ServerExternalEventsTest:tearDownClass): 200 GET http://10.180.1.21/compute/v2.1/servers/731915f9-9acf-41f0-8077-6ddbfac270c0 1.463s
2024-12-17 09:15:50.040 68161 INFO tempest.lib.common.rest_client [req-eaa3550c-878f-4b4e-9beb-a6bd93075a88 req-eaa3550c-878f-4b4e-9beb-a6bd93075a88 ] Request (ServersV294TestFqdnHostnames:setUpClass): 200 GET http://10.180.1.21/compute/v2.1/servers/661963c9-01b2-4de3-b180-622a1b8f2ce9 1.524s
2024-12-17 09:15:50.108 68149 INFO tempest.lib.common.rest_client [req-ba63eff7-20cb-480f-b7a6-fd9b0ac49b0f req-ba63eff7-20cb-480f-b7a6-fd9b0ac49b0f ] Request (AttachInterfacesV270Test:test_create_get_list_interfaces): 200 GET http://10.180.1.21/compute/v2.1/servers/059d0dd3-db4e-4ee7-b78d-9e94b3545ff2 1.557s
2024-12-17 09:15:50.270 68173 INFO tempest.lib.common.rest_client [req-3044ae28-f133-40f9-8fbf-f186c6d7f0d1 req-3044ae28-f133-40f9-8fbf-f186c6d7f0d1 ] Request (ImagesOneServerNegativeTestJSON:setUp): 200 GET http://10.180.1.21/compute/v2.1/servers/77276394-0749-48a8-a724-420a66866f0a 1.637s
2024-12-17 09:15:50.363 68185 INFO tempest.lib.common.rest_client [req-f1e8f748-de81-43c2-8965-c4bbe923212e req-f1e8f748-de81-43c2-8965-c4bbe923212e ] Request (ServerActionsV293TestJSON:setUpClass): 202 POST http://10.180.1.21/compute/v2.1/servers 2.006s
2024-12-17 09:15:50.392 68163 INFO tempest.lib.common.rest_client [req-029b02a2-bb88-4cf3-a9ec-3cdf12f91131 req-029b02a2-bb88-4cf3-a9ec-3cdf12f91131 ] Request (MigrationsAdminTest:test_list_migrations_in_flavor_resize_situation): 200 GET http://10.180.1.21/compute/v2.1/servers/d31665a4-c145-417d-b2f8-304e9455826a 1.715s
2024-12-17 09:15:50.438 68197 INFO tempest.lib.common.rest_client [req-2fb4c4c2-a0cf-4eff-b8b7-2f7571151af5 req-2fb4c4c2-a0cf-4eff-b8b7-2f7571151af5 ] Request (MultipleCreateTestJSON:test_multiple_create): 200 GET http://10.180.1.21/compute/v2.1/servers/19eadcca-e20b-49fa-bde1-6a760e579470 1.705s
2024-12-17 09:15:50.502 68177 INFO tempest.lib.common.rest_client [req-147f320b-3478-4b79-9926-6420c3ab592c req-147f320b-3478-4b79-9926-6420c3ab592c ] Request (FloatingIPsAssociationNegativeTestJSON:setUpClass): 200 GET http://10.180.1.21/compute/v2.1/servers/7f460c94-9150-4564-a2d6-c266537b97c2 1.680s
2024-12-17 09:15:50.548 68179 INFO tempest.lib.common.rest_client [req-c6fe1005-fdc7-4ec8-ba98-e858056fa5bc req-c6fe1005-fdc7-4ec8-ba98-e858056fa5bc ] Request (SecurityGroupRulesNegativeTestJSON:tearDownClass): 202 DELETE http://10.180.1.21/compute/v2.1/os-security-groups/ed3a4123-c3ec-4394-aad8-161f55ccf7c7 1.790s
2024-12-17 09:15:50.581 68201 INFO tempest.lib.common.rest_client [req-cad9cc48-62f0-48e0-903c-f2d1434da3d5 req-cad9cc48-62f0-48e0-903c-f2d1434da3d5 ] Request (DeleteServersTestJSON:test_delete_active_server): 200 GET http://10.180.1.21/compute/v2.1/servers/4f62f5ef-da0f-43be-97d1-644a8ceb4387 1.391s
2024-12-17 09:15:50.606 68187 INFO tempest.lib.common.rest_client [req-c43aa2af-8e27-4d2f-91e4-5dae1e01d75d req-c43aa2af-8e27-4d2f-91e4-5dae1e01d75d ] Request (ServerDiagnosticsV248Test:test_get_server_diagnostics): 200 GET http://10.180.1.21/compute/v2.1/servers/053e35a4-fd20-43c8-8012-fd4f22075e1d 1.407s
2024-12-17 09:15:50.653 68199 INFO tempest.lib.common.rest_client [req-f736d958-d0f0-4e86-89cf-55188e51ebc5 req-f736d958-d0f0-4e86-89cf-55188e51ebc5 ] Request (ListImageFiltersTestJSON:setUpClass): 200 GET http://10.180.1.21/compute/v2.1/servers/a94bf7f2-7ed5-4292-9337-061a2fdfb398 1.387s
2024-12-17 09:15:50.659 68159 INFO tempest.lib.common.rest_client [req-7078b6c7-4b58-4453-b3a4-ac69820d1696 req-7078b6c7-4b58-4453-b3a4-ac69820d1696 ] Request (VolumesAdminNegativeTest:test_update_attached_volume_with_nonexistent_volume_in_body): 200 GET http://10.180.1.21/compute/v2.1/servers/2713621e-9a83-4027-ba0e-28341dc8855f 1.302s
2024-12-17 09:15:50.717 68209 INFO tempest.lib.common.rest_client [req-4d49b758-c611-479b-89ca-e0ace79c58f4 req-4d49b758-c611-479b-89ca-e0ace79c58f4 ] Request (FloatingIPsAssociationTestJSON:test_associate_already_associated_floating_ip): 200 GET http://10.180.1.21/compute/v2.1/servers/10bd069c-14eb-420e-9b9f-f75ad76188b3 1.345s
2024-12-17 09:15:50.728 68195 INFO tempest.lib.common.rest_client [req-b0ba4a33-62dc-4ec6-9845-45a5ed803121 req-b0ba4a33-62dc-4ec6-9845-45a5ed803121 ] Request (NetworksTest:test_get_network): 200 GET http://10.180.1.21/compute/v2.1/os-networks/fb3179c1-d9f7-45d1-a6ef-a43d6226d1e6 1.340s
2024-12-17 09:15:50.771 68205 INFO tempest.lib.common.rest_client [req-085a08b6-4908-433c-a5af-b291a110d26f req-085a08b6-4908-433c-a5af-b291a110d26f ] Request (ImagesMetadataTestJSON:test_set_image_metadata_item): 200 GET http://10.180.1.21/compute/v2.1/images/7eadbd48-33d6-4a4c-8502-a312ef5d9b7f/metadata 1.178s
2024-12-17 09:15:50.801 68167 INFO tempest.lib.common.rest_client [req-6ddf62dc-2908-4b87-8adc-8e2487f6bc5c req-6ddf62dc-2908-4b87-8adc-8e2487f6bc5c ] Request (FlavorsAdminTestJSON:_run_cleanups): 200 GET http://10.180.1.21/compute/v2.1/flavors/detail 1.063s
2024-12-17 09:15:50.825 68147 INFO tempest.lib.common.rest_client [req-59ca482e-4d67-4de2-95d8-8b561d5a66e9 req-59ca482e-4d67-4de2-95d8-8b561d5a66e9 ] Request (AttachInterfacesTestJSON:test_create_list_show_delete_interfaces_by_fixed_ip): 200 GET http://10.180.1.21/compute/v2.1/servers/a26fc1c1-7845-4084-829e-f73cd6d773dc 1.261s
2024-12-17 09:15:50.832 68147 INFO tempest.lib.common.ssh [-] Creating ssh connection to '10.180.180.184:22' as 'cirros' with public key authentication
2024-12-17 09:15:50.844 68203 INFO tempest.lib.common.rest_client [req-2db691b5-b542-4c3f-8f5a-e907b8fa7f15 req-2db691b5-b542-4c3f-8f5a-e907b8fa7f15 ] Request (InstanceActionsTestJSON:setUpClass): 200 PUT http://10.180.1.21:9696/networking/v2.0/routers/e4c482ca-6bff-481a-b176-3d5d62e411c7/add_router_interface 1.343s
2024-12-17 09:15:50.845 68203 INFO tempest.lib.common.dynamic_creds [-] Created isolated network resources for: credentials: Credentials: {'domain_id': 'default', 'domain_name': 'Default', 'username': 'tempest-InstanceActionsTestJSON-1982667195-project-member', 'project_domain_id': 'default', 'project_domain_name': 'Default', 'project_id': '4ee99cff77b64ba2aea9dc52a2deb50b', 'project_name': 'tempest-InstanceActionsTestJSON-1982667195', 'tenant_id': '4ee99cff77b64ba2aea9dc52a2deb50b', 'tenant_name': 'tempest-InstanceActionsTestJSON-1982667195', 'user_domain_id': 'default', 'user_domain_name': 'Default', 'user_id': 'd2d4a56c91e0442a9424025e89b92296', 'system': None}, Network: {'id': '880ee7fc-6bb2-4559-8ffb-2a8c23cb187a', 'name': 'tempest-InstanceActionsTestJSON-176059180-network', 'tenant_id': '4ee99cff77b64ba2aea9dc52a2deb50b', 'admin_state_up': True, 'mtu': 8950, 'status': 'ACTIVE', 'subnets': [], 'shared': False, 'project_id': '4ee99cff77b64ba2aea9dc52a2deb50b', 'port_security_enabled': True, 'router:external': False, 'provider:network_type': 'vlan', 'provider:physical_network': 'default', 'provider:segmentation_id': 550, 'availability_zone_hints': [], 'availability_zones': [], 'ipv4_address_scope': None, 'ipv6_address_scope': None, 'description': '', 'tags': [], 'created_at': '2024-12-17T09:15:48Z', 'updated_at': '2024-12-17T09:15:48Z', 'revision_number': 1}, Subnet: {'id': '62229319-af0d-4b03-a16e-265d3153e460', 'name': 'tempest-InstanceActionsTestJSON-176059180-subnet', 'tenant_id': '4ee99cff77b64ba2aea9dc52a2deb50b', 'network_id': '880ee7fc-6bb2-4559-8ffb-2a8c23cb187a', 'ip_version': 4, 'subnetpool_id': None, 'enable_dhcp': True, 'ipv6_ra_mode': None, 'ipv6_address_mode': None, 'gateway_ip': '192.168.128.1', 'cidr': '192.168.128.0/28', 'allocation_pools': [{'start': '192.168.128.2', 'end': '192.168.128.14'}], 'host_routes': [], 'dns_nameservers': [], 'description': '', 'router:external': False, 'service_types': [], 'tags': [], 'created_at': '2024-12-17T09:15:48Z', 'updated_at': '2024-12-17T09:15:48Z', 'revision_number': 0, 'project_id': '4ee99cff77b64ba2aea9dc52a2deb50b'}, Router: {'id': 'e4c482ca-6bff-481a-b176-3d5d62e411c7', 'name': 'tempest-InstanceActionsTestJSON-176059180-router', 'tenant_id': '4ee99cff77b64ba2aea9dc52a2deb50b', 'admin_state_up': True, 'status': 'ACTIVE', 'external_gateway_info': {'network_id': 'fb3179c1-d9f7-45d1-a6ef-a43d6226d1e6', 'external_fixed_ips': [{'subnet_id': '1da56faf-e537-4869-8d5f-751f4f3d88ed', 'ip_address': '10.180.180.178'}], 'enable_snat': True}, 'description': '', 'availability_zones': [], 'distributed': False, 'ha': False, 'availability_zone_hints': [], 'routes': [], 'flavor_id': None, 'tags': [], 'created_at': '2024-12-17T09:15:48Z', 'updated_at': '2024-12-17T09:15:49Z', 'revision_number': 2, 'project_id': '4ee99cff77b64ba2aea9dc52a2deb50b'}
2024-12-17 09:15:50.880 68157 INFO tempest.lib.common.rest_client [req-6365b9b8-acb3-44bf-801b-986d07c1a9a8 req-6365b9b8-acb3-44bf-801b-986d07c1a9a8 ] Request (ServersAdminNegativeTestJSON:setUpClass): 200 GET http://10.180.1.21/compute/v2.1/servers/aafd9980-4d6c-400e-b3f4-a392092cf34a 1.001s
2024-12-17 09:15:50.950 68151 INFO tempest.lib.common.rest_client [req-0aca97aa-0c7c-4f33-b6d0-22287dd5a827 req-0aca97aa-0c7c-4f33-b6d0-22287dd5a827 ] Request (ServersWithSpecificFlavorTestJSON:test_verify_created_server_ephemeral_disk): 200 GET http://10.180.1.21/compute/v2.1/servers/3f9b475d-9ff6-447a-88bc-6268220f4a19 1.045s
2024-12-17 09:15:50.950 68189 INFO tempest.lib.common.rest_client [req-cab0f07d-702a-4468-b7bf-26f0a97acfa7 req-cab0f07d-702a-4468-b7bf-26f0a97acfa7 ] Request (ServersAdmin275Test:_run_cleanups): 200 GET http://10.180.1.21/compute/v2.1/servers/ae638915-e769-4f5e-9c2c-89644711d9b4 0.988s
2024-12-17 09:15:50.957 68173 INFO tempest.lib.common.rest_client [req-19b095cb-cef9-42d6-801e-ffb75201932e req-19b095cb-cef9-42d6-801e-ffb75201932e ] Request (ImagesOneServerNegativeTestJSON:test_create_image_specify_name_over_character_limit): 400 POST http://10.180.1.21/compute/v2.1/servers/77276394-0749-48a8-a724-420a66866f0a/action 0.677s
2024-12-17 09:15:50.961 68189 INFO tempest.common.waiters [-] State transition "REBUILD/rebuild_block_device_mapping" ==> "REBUILD/rebuild_spawning" after 3 second wait
2024-12-17 09:15:50.966 68203 INFO tempest.lib.common.rest_client [req-fbb71a6f-75ba-4f99-a2ea-2b87ae3a3e6a req-fbb71a6f-75ba-4f99-a2ea-2b87ae3a3e6a ] Request (InstanceActionsTestJSON:setUpClass): 201 POST http://10.180.1.21/identity/v3/auth/tokens 0.119s
2024-12-17 09:15:51.013 68185 INFO tempest.lib.common.rest_client [req-1c3b8c8b-9826-403e-9c33-5daeeb0b56b3 req-1c3b8c8b-9826-403e-9c33-5daeeb0b56b3 ] Request (ServerActionsV293TestJSON:setUpClass): 200 GET http://10.180.1.21/compute/v2.1/servers/1a89d7cf-df39-4ad6-bbf6-bf406bc00803 0.647s
2024-12-17 09:15:51.028 68203 INFO tempest.lib.common.rest_client [req-ff9fe6bd-8f35-4367-a204-44bc87986861 req-ff9fe6bd-8f35-4367-a204-44bc87986861 ] Request (InstanceActionsTestJSON:setUpClass): 201 POST http://10.180.1.21/identity/v3/auth/tokens 0.057s
2024-12-17 09:15:51.029 68203 INFO tempest.lib.common.fixed_network [-] (InstanceActionsTestJSON:setUpClass) Found network {'id': '880ee7fc-6bb2-4559-8ffb-2a8c23cb187a', 'name': 'tempest-InstanceActionsTestJSON-176059180-network', 'tenant_id': '4ee99cff77b64ba2aea9dc52a2deb50b', 'admin_state_up': True, 'mtu': 8950, 'status': 'ACTIVE', 'subnets': [], 'shared': False, 'project_id': '4ee99cff77b64ba2aea9dc52a2deb50b', 'port_security_enabled': True, 'router:external': False, 'provider:network_type': 'vlan', 'provider:physical_network': 'default', 'provider:segmentation_id': 550, 'availability_zone_hints': [], 'availability_zones': [], 'ipv4_address_scope': None, 'ipv6_address_scope': None, 'description': '', 'tags': [], 'created_at': '2024-12-17T09:15:48Z', 'updated_at': '2024-12-17T09:15:48Z', 'revision_number': 1} available for tenant
2024-12-17 09:15:51.067 68170 INFO tempest.lib.common.rest_client [req-9ff135b9-ff94-4049-b0f0-ac99ac09994a req-9ff135b9-ff94-4049-b0f0-ac99ac09994a ] Request (ServersTestJSON:setUpClass): 200 GET http://10.180.1.21/compute/v2.1/servers/681b3773-3c20-4887-b5b4-74d5ae5b3c39 0.599s
2024-12-17 09:15:51.137 68208 INFO tempest.lib.common.rest_client [req-7ad8b413-ecf3-423d-a14b-1d00fecd349d req-7ad8b413-ecf3-423d-a14b-1d00fecd349d ] Request (ServerPasswordTestJSON:setUpClass): 200 GET http://10.180.1.21/compute/v2.1/servers/d419a68f-86c3-477b-a4f8-8a7d2f657474 0.595s
2024-12-17 09:15:51.186 68191 INFO tempest.lib.common.rest_client [req-e4401755-6366-48b5-93e0-653aa474d871 req-e4401755-6366-48b5-93e0-653aa474d871 ] Request (ListServerFiltersTestJSON:setUpClass): 200 GET http://10.180.1.21/compute/v2.1/servers/17701912-ff87-48fc-b08d-2c432ebfca3c 0.842s
2024-12-17 09:15:51.256 68165 INFO tempest.lib.common.rest_client [req-ae2632cf-dfe6-4e66-8738-32571b328992 req-ae2632cf-dfe6-4e66-8738-32571b328992 ] Request (TenantUsagesTestJSON:setUpClass): 200 GET http://10.180.1.21/compute/v2.1/servers/c7395bf9-b324-4c27-904a-c1717a720d46 0.654s
2024-12-17 09:15:51.324 68153 INFO tempest.lib.common.rest_client [req-162ce2fa-9b9d-4f1b-a831-f211eab62252 req-162ce2fa-9b9d-4f1b-a831-f211eab62252 ] Request (ImagesTestJSON:test_create_image_from_stopped_server): 200 GET http://10.180.1.21/compute/v2.1/servers/82b59b80-07f9-4a2a-8918-621bcf4f519e 0.659s
2024-12-17 09:15:51.335 68179 INFO tempest.lib.common.rest_client [req-818e7890-8e93-46f4-82da-c392513bd439 req-818e7890-8e93-46f4-82da-c392513bd439 ] Request (SecurityGroupRulesNegativeTestJSON:tearDownClass): 202 DELETE http://10.180.1.21/compute/v2.1/os-security-groups/68ea2566-19d3-4d6f-92c6-a87e7189b9e4 0.787s
2024-12-17 09:15:51.418 68183 INFO tempest.lib.common.rest_client [req-9c2a4127-50d9-4d59-8627-dbe9314062a0 req-9c2a4127-50d9-4d59-8627-dbe9314062a0 ] Request (ServersAdminTestJSON:setUpClass): 200 GET http://10.180.1.21/compute/v2.1/servers/06352376-b4bc-4740-a38a-051a110fb71e 0.693s
2024-12-17 09:15:51.419 68175 INFO tempest.lib.common.rest_client [req-b467fc04-6487-40d4-bfac-5cf340f16d1e req-b467fc04-6487-40d4-bfac-5cf340f16d1e ] Request (DeleteServersAdminTestJSON:test_admin_delete_servers_of_others): 200 GET http://10.180.1.21/compute/v2.1/servers/761c1824-8029-4ccc-b489-e1bd1f9e7d75 0.739s
2024-12-17 09:15:51.613 68195 INFO tempest.lib.common.rest_client [req-49999ec9-1f1f-4312-972a-543262cfa3ad req-49999ec9-1f1f-4312-972a-543262cfa3ad ] Request (NetworksTest:test_list_all_networks): 200 GET http://10.180.1.21/compute/v2.1/os-networks 0.883s
2024-12-17 09:15:51.637 68167 INFO tempest.lib.common.rest_client [req-2242d5d3-c5f6-40b9-bbfd-caf733b3c65b req-2242d5d3-c5f6-40b9-bbfd-caf733b3c65b ] Request (FlavorsAdminTestJSON:test_create_flavor_with_none_id): 200 POST http://10.180.1.21/compute/v2.1/flavors 0.831s
2024-12-17 09:15:51.675 68205 INFO tempest.lib.common.rest_client [req-48b89980-1038-4759-8350-38bfbd335c0b req-48b89980-1038-4759-8350-38bfbd335c0b ] Request (ImagesMetadataTestJSON:setUp): 200 PUT http://10.180.1.21/compute/v2.1/images/7eadbd48-33d6-4a4c-8502-a312ef5d9b7f/metadata 0.902s
2024-12-17 09:15:51.698 68193 INFO tempest.lib.common.rest_client [req-21d11254-d05c-4fed-9e36-846566d78f24 req-21d11254-d05c-4fed-9e36-846566d78f24 ] Request (ServerDiagnosticsTest:tearDownClass): 200 GET http://10.180.1.21/compute/v2.1/servers/f4f15112-ca96-4f0d-bb00-429c6b416747 0.878s
2024-12-17 09:15:51.714 68195 INFO tempest.lib.common.rest_client [req-75210bf7-f7d4-453f-851d-9434c19afc9c req-75210bf7-f7d4-453f-851d-9434c19afc9c ] Request (NetworksTest:tearDownClass): 204 DELETE http://10.180.1.21/identity/v3/users/093443bc083d4c34a2e8a574d534f33d 0.099s
2024-12-17 09:15:51.727 68171 INFO tempest.lib.common.rest_client [req-8777e506-1b06-4396-a6db-152278693651 req-8777e506-1b06-4396-a6db-152278693651 ] Request (AttachInterfacesUnderV243Test:test_add_remove_fixed_ip): 200 GET http://10.180.1.21/compute/v2.1/servers/432c30fd-0eb0-483e-8605-6bf460c2d475 0.842s
2024-12-17 09:15:51.792 68155 INFO tempest.lib.common.rest_client [req-d672c8d7-8655-4df5-87f8-2c044ac7dd7a req-d672c8d7-8655-4df5-87f8-2c044ac7dd7a ] Request (ServerExternalEventsTest:tearDownClass): 200 GET http://10.180.1.21/compute/v2.1/servers/731915f9-9acf-41f0-8077-6ddbfac270c0 0.831s
2024-12-17 09:15:51.827 68195 INFO tempest.lib.common.rest_client [req-935ba7c5-5768-4077-b2c6-0042ba3ca7c0 req-935ba7c5-5768-4077-b2c6-0042ba3ca7c0 ] Request (NetworksTest:tearDownClass): 204 DELETE http://10.180.1.21/identity/v3/users/ddb047d7a6e2408993878f7a861308c9 0.113s
2024-12-17 09:15:51.828 68195 INFO tempest.lib.common.dynamic_creds [-] Deleting project and security group for project: f033054e52cd4c0c9f3c8b0c88dd956d
2024-12-17 09:15:51.857 68173 INFO tempest.lib.common.rest_client [req-b878c678-da43-45b0-9f3a-dd6ffd05fcf3 req-b878c678-da43-45b0-9f3a-dd6ffd05fcf3 ] Request (ImagesOneServerNegativeTestJSON:tearDown): 200 GET http://10.180.1.21/compute/v2.1/servers/77276394-0749-48a8-a724-420a66866f0a 0.899s
2024-12-17 09:15:51.891 68195 INFO tempest.lib.common.rest_client [req-41454162-8eab-48ef-b200-b42d75252b11 req-41454162-8eab-48ef-b200-b42d75252b11 ] Request (NetworksTest:tearDownClass): 201 POST http://10.180.1.21/identity/v3/auth/tokens 0.063s
2024-12-17 09:15:51.908 68161 INFO tempest.lib.common.rest_client [req-09fe4bf2-a8dd-421d-99b5-f75fab3d5252 req-09fe4bf2-a8dd-421d-99b5-f75fab3d5252 ] Request (ServersV294TestFqdnHostnames:setUpClass): 200 GET http://10.180.1.21/compute/v2.1/servers/661963c9-01b2-4de3-b180-622a1b8f2ce9 0.857s
2024-12-17 09:15:51.960 68149 INFO tempest.lib.common.rest_client [req-f1ad1d95-96de-454b-b765-7e60590e4955 req-f1ad1d95-96de-454b-b765-7e60590e4955 ] Request (AttachInterfacesV270Test:test_create_get_list_interfaces): 200 GET http://10.180.1.21/compute/v2.1/servers/059d0dd3-db4e-4ee7-b78d-9e94b3545ff2 0.841s
2024-12-17 09:15:52.075 68195 INFO tempest.lib.common.rest_client [req-4a6bbd8f-80a6-4d18-acc7-77c37d5880c3 req-4a6bbd8f-80a6-4d18-acc7-77c37d5880c3 ] Request (NetworksTest:tearDownClass): 200 GET http://10.180.1.21:9696/networking/v2.0/security-groups?tenant_id=f033054e52cd4c0c9f3c8b0c88dd956d&name=default 0.183s
2024-12-17 09:15:52.108 68179 INFO tempest.lib.common.rest_client [req-9cd9ba69-9d55-455f-9790-f62202ef0aa5 req-9cd9ba69-9d55-455f-9790-f62202ef0aa5 ] Request (SecurityGroupRulesNegativeTestJSON:tearDownClass): 202 DELETE http://10.180.1.21/compute/v2.1/os-security-groups/865b59a4-eb31-4cb6-922b-eddc7b7ddddf 0.772s
2024-12-17 09:15:52.237 68195 INFO tempest.lib.common.rest_client [req-ae41f7d6-c6c2-4263-957f-1520cc925cb5 req-ae41f7d6-c6c2-4263-957f-1520cc925cb5 ] Request (NetworksTest:tearDownClass): 204 DELETE http://10.180.1.21:9696/networking/v2.0/security-groups/ad2bec81-7972-4af8-a840-7b89515eca65 0.162s
2024-12-17 09:15:52.317 68195 INFO tempest.lib.common.rest_client [req-aa01e89b-a467-4928-adb4-3a552c1ca167 req-aa01e89b-a467-4928-adb4-3a552c1ca167 ] Request (NetworksTest:tearDownClass): 204 DELETE http://10.180.1.21/identity/v3/projects/f033054e52cd4c0c9f3c8b0c88dd956d 0.079s
2024-12-17 09:15:52.318 68195 INFO tempest.lib.common.dynamic_creds [-] Deleting project and security group for project: 24ece82faeed42a1a5e5472cfe84bd41
2024-12-17 09:15:52.394 68163 INFO tempest.lib.common.rest_client [req-fe503b47-c021-4e80-91b6-391cac15f0a1 req-fe503b47-c021-4e80-91b6-391cac15f0a1 ] Request (MigrationsAdminTest:test_list_migrations_in_flavor_resize_situation): 200 GET http://10.180.1.21/compute/v2.1/servers/d31665a4-c145-417d-b2f8-304e9455826a 0.991s
2024-12-17 09:15:52.509 68203 INFO tempest.lib.common.rest_client [req-a8d2bff4-3eea-4d64-9d57-336f4ecd91e9 req-a8d2bff4-3eea-4d64-9d57-336f4ecd91e9 ] Request (InstanceActionsTestJSON:setUpClass): 202 POST http://10.180.1.21/compute/v2.1/servers 1.479s
2024-12-17 09:15:52.520 68197 INFO tempest.lib.common.rest_client [req-10286ed4-57c8-409f-8c50-2874086f8c57 req-10286ed4-57c8-409f-8c50-2874086f8c57 ] Request (MultipleCreateTestJSON:test_multiple_create): 200 GET http://10.180.1.21/compute/v2.1/servers/19eadcca-e20b-49fa-bde1-6a760e579470 1.075s
2024-12-17 09:15:52.591 68177 INFO tempest.lib.common.rest_client [req-1ecaf311-dc38-4b8c-b476-fc0230c16623 req-1ecaf311-dc38-4b8c-b476-fc0230c16623 ] Request (FloatingIPsAssociationNegativeTestJSON:setUpClass): 200 GET http://10.180.1.21/compute/v2.1/servers/7f460c94-9150-4564-a2d6-c266537b97c2 1.076s
2024-12-17 09:15:52.606 68201 INFO tempest.lib.common.rest_client [req-e4057381-a20d-48b5-9ea0-bee49aabb272 req-e4057381-a20d-48b5-9ea0-bee49aabb272 ] Request (DeleteServersTestJSON:test_delete_active_server): 200 GET http://10.180.1.21/compute/v2.1/servers/4f62f5ef-da0f-43be-97d1-644a8ceb4387 1.014s
2024-12-17 09:15:52.610 68195 INFO tempest.lib.common.rest_client [req-4669c38a-fa17-4b58-8c51-6a9d03b2349d req-4669c38a-fa17-4b58-8c51-6a9d03b2349d ] Request (NetworksTest:tearDownClass): 200 GET http://10.180.1.21:9696/networking/v2.0/security-groups?tenant_id=24ece82faeed42a1a5e5472cfe84bd41&name=default 0.292s
2024-12-17 09:15:52.631 68167 INFO tempest.lib.common.rest_client [req-98a60f62-1d80-4762-bff4-b57c87914eb8 req-98a60f62-1d80-4762-bff4-b57c87914eb8 ] Request (FlavorsAdminTestJSON:_run_cleanups): 202 DELETE http://10.180.1.21/compute/v2.1/flavors/7b99f9fd-93b7-4283-a030-94951b597f80 0.991s
2024-12-17 09:15:52.666 68187 INFO tempest.lib.common.rest_client [req-4ed127b8-a069-4a09-ad60-87d261271da5 req-4ed127b8-a069-4a09-ad60-87d261271da5 ] Request (ServerDiagnosticsV248Test:test_get_server_diagnostics): 200 GET http://10.180.1.21/compute/v2.1/servers/053e35a4-fd20-43c8-8012-fd4f22075e1d 1.049s
2024-12-17 09:15:52.727 68199 INFO tempest.lib.common.rest_client [req-f66cee6a-5ce9-4aa6-a92b-e77c3cf3ad8c req-f66cee6a-5ce9-4aa6-a92b-e77c3cf3ad8c ] Request (ListImageFiltersTestJSON:setUpClass): 200 GET http://10.180.1.21/compute/v2.1/servers/a94bf7f2-7ed5-4292-9337-061a2fdfb398 1.063s
2024-12-17 09:15:52.735 68199 INFO tempest.common.waiters [-] State transition "BUILD/None" ==> "BUILD/networking" after 37 second wait
2024-12-17 09:15:52.736 68159 INFO tempest.lib.common.rest_client [req-803a6f77-72a6-4222-a4ab-040d3474f60c req-803a6f77-72a6-4222-a4ab-040d3474f60c ] Request (VolumesAdminNegativeTest:test_update_attached_volume_with_nonexistent_volume_in_body): 200 GET http://10.180.1.21/compute/v2.1/servers/2713621e-9a83-4027-ba0e-28341dc8855f 1.067s
2024-12-17 09:15:52.758 68195 INFO tempest.lib.common.rest_client [req-66b58961-6801-48e1-931c-517dbbdff7aa req-66b58961-6801-48e1-931c-517dbbdff7aa ] Request (NetworksTest:tearDownClass): 204 DELETE http://10.180.1.21:9696/networking/v2.0/security-groups/ea4f5966-6190-4fe2-a76a-4394bfaf8a45 0.147s
2024-12-17 09:15:52.798 68209 INFO tempest.lib.common.rest_client [req-b287c427-4d09-4a53-a028-6b5a2a887db0 req-b287c427-4d09-4a53-a028-6b5a2a887db0 ] Request (FloatingIPsAssociationTestJSON:test_associate_already_associated_floating_ip): 200 GET http://10.180.1.21/compute/v2.1/servers/10bd069c-14eb-420e-9b9f-f75ad76188b3 1.070s
2024-12-17 09:15:52.898 68195 INFO tempest.lib.common.rest_client [req-82757967-1cbb-4800-afb8-89680d73fe75 req-82757967-1cbb-4800-afb8-89680d73fe75 ] Request (NetworksTest:tearDownClass): 204 DELETE http://10.180.1.21/identity/v3/projects/24ece82faeed42a1a5e5472cfe84bd41 0.140s
2024-12-17 09:15:52.930 68173 INFO tempest.lib.common.rest_client [req-4033dfbd-d751-4705-a568-eef2cc228b55 req-4033dfbd-d751-4705-a568-eef2cc228b55 ] Request (ImagesOneServerNegativeTestJSON:setUp): 200 GET http://10.180.1.21/compute/v2.1/servers/77276394-0749-48a8-a724-420a66866f0a 1.065s
2024-12-17 09:15:52.987 68195 INFO tempest.lib.common.rest_client [req-9d46c8e2-f16b-4e0d-b05c-ad73ca9fec23 req-9d46c8e2-f16b-4e0d-b05c-ad73ca9fec23 ] Request (FloatingIPDetailsTestJSON:setUpClass): 201 POST http://10.180.1.21/identity/v3/auth/tokens 0.087s
2024-12-17 09:15:53.001 68205 INFO tempest.lib.common.rest_client [req-51ad6040-8e7b-4559-b2b6-b33b28cf6da3 req-51ad6040-8e7b-4559-b2b6-b33b28cf6da3 ] Request (ImagesMetadataTestJSON:test_update_image_metadata): 200 POST http://10.180.1.21/compute/v2.1/images/7eadbd48-33d6-4a4c-8502-a312ef5d9b7f/metadata 1.324s
2024-12-17 09:15:53.009 68157 INFO tempest.lib.common.rest_client [req-d3ea2fe6-f90b-4487-8bc7-431daa23f2d4 req-d3ea2fe6-f90b-4487-8bc7-431daa23f2d4 ] Request (ServersAdminNegativeTestJSON:setUpClass): 200 GET http://10.180.1.21/compute/v2.1/servers/aafd9980-4d6c-400e-b3f4-a392092cf34a 1.123s
2024-12-17 09:15:53.033 68195 INFO tempest.lib.common.rest_client [req-dacbfcf2-946d-4858-9051-1b92487310ad req-dacbfcf2-946d-4858-9051-1b92487310ad ] Request (FloatingIPDetailsTestJSON:setUpClass): 201 POST http://10.180.1.21/identity/v3/auth/tokens 0.044s
2024-12-17 09:15:53.071 68195 INFO tempest.lib.common.rest_client [req-57c1bf0b-dae5-4c3b-8762-0184adcbb05f req-57c1bf0b-dae5-4c3b-8762-0184adcbb05f ] Request (FloatingIPDetailsTestJSON:setUpClass): 200 GET http://10.180.1.21/identity/v3/domains?name=Default 0.037s
2024-12-17 09:15:53.098 68189 INFO tempest.lib.common.rest_client [req-797925d1-1904-497c-a291-5a5d242258b2 req-797925d1-1904-497c-a291-5a5d242258b2 ] Request (ServersAdmin275Test:_run_cleanups): 200 GET http://10.180.1.21/compute/v2.1/servers/ae638915-e769-4f5e-9c2c-89644711d9b4 1.136s
2024-12-17 09:15:53.118 68195 INFO tempest.lib.common.rest_client [req-c628eac8-6f13-40bd-afc0-2b1069a34f21 req-c628eac8-6f13-40bd-afc0-2b1069a34f21 ] Request (FloatingIPDetailsTestJSON:setUpClass): 201 POST http://10.180.1.21/identity/v3/projects 0.046s
2024-12-17 09:15:53.146 68179 INFO tempest.lib.common.rest_client [req-951ef0ee-8126-4873-b0c7-ccad407713e0 req-951ef0ee-8126-4873-b0c7-ccad407713e0 ] Request (SecurityGroupRulesNegativeTestJSON:tearDownClass): 200 PUT http://10.180.1.21:9696/networking/v2.0/routers/07343132-825f-4887-89de-53d07f2d6187/remove_router_interface 1.038s
2024-12-17 09:15:53.164 68185 INFO tempest.lib.common.rest_client [req-f67bb12b-d0df-41f2-9e78-3702d7825f5c req-f67bb12b-d0df-41f2-9e78-3702d7825f5c ] Request (ServerActionsV293TestJSON:setUpClass): 200 GET http://10.180.1.21/compute/v2.1/servers/1a89d7cf-df39-4ad6-bbf6-bf406bc00803 1.137s
2024-12-17 09:15:53.200 68195 INFO tempest.lib.common.rest_client [req-7fb6f08c-3000-4815-abad-d276accb4624 req-7fb6f08c-3000-4815-abad-d276accb4624 ] Request (FloatingIPDetailsTestJSON:setUpClass): 201 POST http://10.180.1.21/identity/v3/users 0.082s
2024-12-17 09:15:53.223 68195 INFO tempest.lib.common.rest_client [req-02683a64-2c7f-4cb8-a721-678b7d000eda req-02683a64-2c7f-4cb8-a721-678b7d000eda ] Request (FloatingIPDetailsTestJSON:setUpClass): 200 GET http://10.180.1.21/identity/v3/roles 0.023s
2024-12-17 09:15:53.237 68170 INFO tempest.lib.common.rest_client [req-18e65ea4-6fe6-4fe1-9630-03c19fa912b5 req-18e65ea4-6fe6-4fe1-9630-03c19fa912b5 ] Request (ServersTestJSON:setUpClass): 200 GET http://10.180.1.21/compute/v2.1/servers/681b3773-3c20-4887-b5b4-74d5ae5b3c39 1.161s
2024-12-17 09:15:53.253 68151 INFO tempest.lib.common.rest_client [req-e8820789-a84e-4801-8594-f87706ce0194 req-e8820789-a84e-4801-8594-f87706ce0194 ] Request (ServersWithSpecificFlavorTestJSON:test_verify_created_server_ephemeral_disk): 200 GET http://10.180.1.21/compute/v2.1/servers/3f9b475d-9ff6-447a-88bc-6268220f4a19 1.290s
2024-12-17 09:15:53.259 68195 INFO tempest.lib.common.rest_client [req-b15e3e90-ed1c-471d-9dd5-3976696aba76 req-b15e3e90-ed1c-471d-9dd5-3976696aba76 ] Request (FloatingIPDetailsTestJSON:setUpClass): 204 PUT http://10.180.1.21/identity/v3/projects/4abf3e1f92b0419ca813c8df5f966c62/users/777075bf30c14ad4bd4c814c9634b97c/roles/a8817189c945452587ce54434297c091 0.036s
2024-12-17 09:15:53.259 68195 INFO tempest.lib.common.dynamic_creds [-] Dynamic test user 777075bf30c14ad4bd4c814c9634b97c is created with scope project and roles: ['member']
2024-12-17 09:15:53.260 68195 INFO tempest.lib.common.dynamic_creds [-] Acquired dynamic creds: credentials: Credentials: {'domain_id': 'default', 'domain_name': 'Default', 'username': 'tempest-FloatingIPDetailsTestJSON-1167821000-project-member', 'project_domain_id': 'default', 'project_domain_name': 'Default', 'project_id': '4abf3e1f92b0419ca813c8df5f966c62', 'project_name': 'tempest-FloatingIPDetailsTestJSON-1167821000', 'tenant_id': '4abf3e1f92b0419ca813c8df5f966c62', 'tenant_name': 'tempest-FloatingIPDetailsTestJSON-1167821000', 'user_domain_id': 'default', 'user_domain_name': 'Default', 'user_id': '777075bf30c14ad4bd4c814c9634b97c', 'system': None}, Network: None, Subnet: None, Router: None
2024-12-17 09:15:53.269 68151 INFO tempest.common.waiters [-] State transition "BUILD/spawning" ==> "ACTIVE/None" after 41 second wait
2024-12-17 09:15:53.322 68208 INFO tempest.lib.common.rest_client [req-427ddec1-bdfc-45f3-a7ee-5f2126835452 req-427ddec1-bdfc-45f3-a7ee-5f2126835452 ] Request (ServerPasswordTestJSON:setUpClass): 200 GET http://10.180.1.21/compute/v2.1/servers/d419a68f-86c3-477b-a4f8-8a7d2f657474 1.168s
2024-12-17 09:15:53.358 68195 INFO tempest.lib.common.rest_client [req-264a8046-bca3-4be5-8f51-e991d41a2d14 req-264a8046-bca3-4be5-8f51-e991d41a2d14 ] Request (FloatingIPDetailsTestJSON:setUpClass): 201 POST http://10.180.1.21/identity/v3/auth/tokens 0.098s
2024-12-17 09:15:53.416 68165 INFO tempest.lib.common.rest_client [req-2c5b71b2-d626-42af-a4ca-0c619af4c6ac req-2c5b71b2-d626-42af-a4ca-0c619af4c6ac ] Request (TenantUsagesTestJSON:setUpClass): 200 GET http://10.180.1.21/compute/v2.1/servers/c7395bf9-b324-4c27-904a-c1717a720d46 1.148s
2024-12-17 09:15:53.436 68191 INFO tempest.lib.common.rest_client [req-0a65e436-06d1-4e39-8eba-0e185189784b req-0a65e436-06d1-4e39-8eba-0e185189784b ] Request (ListServerFiltersTestJSON:setUpClass): 200 GET http://10.180.1.21/compute/v2.1/servers/17701912-ff87-48fc-b08d-2c432ebfca3c 1.243s
2024-12-17 09:15:53.492 68153 INFO tempest.lib.common.rest_client [req-dba8437b-5afd-4110-8080-03aecff301fd req-dba8437b-5afd-4110-8080-03aecff301fd ] Request (ImagesTestJSON:test_create_image_from_stopped_server): 200 GET http://10.180.1.21/compute/v2.1/servers/82b59b80-07f9-4a2a-8918-621bcf4f519e 1.161s
2024-12-17 09:15:53.514 68183 INFO tempest.lib.common.rest_client [req-37f6279d-6e00-49b0-8015-12cdc0125afd req-37f6279d-6e00-49b0-8015-12cdc0125afd ] Request (ServersAdminTestJSON:setUpClass): 200 GET http://10.180.1.21/compute/v2.1/servers/06352376-b4bc-4740-a38a-051a110fb71e 1.088s
2024-12-17 09:15:53.599 68203 INFO tempest.lib.common.rest_client [req-ee31caa2-ca1f-40e6-b830-6a8f15885243 req-ee31caa2-ca1f-40e6-b830-6a8f15885243 ] Request (InstanceActionsTestJSON:setUpClass): 200 GET http://10.180.1.21/compute/v2.1/servers/b5d0a090-7103-41f3-83ab-939c26f7dfd3 1.088s
2024-12-17 09:15:53.615 68175 INFO tempest.lib.common.rest_client [req-a3a73239-4213-48f2-9ade-cd5a35d18f3a req-a3a73239-4213-48f2-9ade-cd5a35d18f3a ] Request (DeleteServersAdminTestJSON:test_admin_delete_servers_of_others): 200 GET http://10.180.1.21/compute/v2.1/servers/761c1824-8029-4ccc-b489-e1bd1f9e7d75 1.187s
2024-12-17 09:15:53.635 68167 INFO tempest.lib.common.rest_client [req-a4b43881-195a-47b6-a613-f794b77f6719 req-a4b43881-195a-47b6-a613-f794b77f6719 ] Request (FlavorsAdminTestJSON:_run_cleanups): 200 GET http://10.180.1.21/compute/v2.1/flavors/detail 1.004s
2024-12-17 09:15:53.650 68179 INFO tempest.lib.common.rest_client [req-d04eba1a-11f5-4baf-be84-7fdb232d78cb req-d04eba1a-11f5-4baf-be84-7fdb232d78cb ] Request (SecurityGroupRulesNegativeTestJSON:tearDownClass): 204 DELETE http://10.180.1.21:9696/networking/v2.0/routers/07343132-825f-4887-89de-53d07f2d6187 0.504s
2024-12-17 09:15:53.720 68171 INFO tempest.lib.common.rest_client [req-446dcfd2-7000-45be-90cb-744de07ba3a5 req-446dcfd2-7000-45be-90cb-744de07ba3a5 ] Request (AttachInterfacesUnderV243Test:test_add_remove_fixed_ip): 200 GET http://10.180.1.21/compute/v2.1/servers/432c30fd-0eb0-483e-8605-6bf460c2d475 0.979s
2024-12-17 09:15:53.726 68193 INFO tempest.lib.common.rest_client [req-7076c61b-054b-4705-957b-571465d28b47 req-7076c61b-054b-4705-957b-571465d28b47 ] Request (ServerDiagnosticsTest:tearDownClass): 200 GET http://10.180.1.21/compute/v2.1/servers/f4f15112-ca96-4f0d-bb00-429c6b416747 1.018s
2024-12-17 09:15:53.820 68155 INFO tempest.lib.common.rest_client [req-b54f6dff-0528-4033-9841-19508df813a2 req-b54f6dff-0528-4033-9841-19508df813a2 ] Request (ServerExternalEventsTest:tearDownClass): 200 GET http://10.180.1.21/compute/v2.1/servers/731915f9-9acf-41f0-8077-6ddbfac270c0 1.021s
2024-12-17 09:15:53.827 68161 INFO tempest.lib.common.rest_client [req-52497550-1f1d-490c-8bad-eabd43b60b79 req-52497550-1f1d-490c-8bad-eabd43b60b79 ] Request (ServersV294TestFqdnHostnames:setUpClass): 200 GET http://10.180.1.21/compute/v2.1/servers/661963c9-01b2-4de3-b180-622a1b8f2ce9 0.904s
2024-12-17 09:15:53.836 68195 INFO tempest.lib.common.rest_client [req-7b79bb01-4f26-458b-9c3a-f4d229e5c9ac req-7b79bb01-4f26-458b-9c3a-f4d229e5c9ac ] Request (FloatingIPDetailsTestJSON:setUpClass): 201 POST http://10.180.1.21:9696/networking/v2.0/networks 0.477s
2024-12-17 09:15:53.902 68179 INFO tempest.lib.common.rest_client [req-ea72c813-0357-4c85-b419-360aa371a2f2 req-ea72c813-0357-4c85-b419-360aa371a2f2 ] Request (SecurityGroupRulesNegativeTestJSON:tearDownClass): 204 DELETE http://10.180.1.21:9696/networking/v2.0/subnets/38790afa-1479-49cb-8fab-2af815578e1b 0.251s
2024-12-17 09:15:53.911 68149 INFO tempest.lib.common.rest_client [req-98b94ba2-a0a6-4859-b75f-72d43a573323 req-98b94ba2-a0a6-4859-b75f-72d43a573323 ] Request (AttachInterfacesV270Test:test_create_get_list_interfaces): 200 GET http://10.180.1.21/compute/v2.1/servers/059d0dd3-db4e-4ee7-b78d-9e94b3545ff2 0.942s
2024-12-17 09:15:53.955 68205 INFO tempest.lib.common.rest_client [req-87a07ecc-caeb-4754-8778-6cf13979a958 req-87a07ecc-caeb-4754-8778-6cf13979a958 ] Request (ImagesMetadataTestJSON:test_update_image_metadata): 200 GET http://10.180.1.21/compute/v2.1/images/7eadbd48-33d6-4a4c-8502-a312ef5d9b7f/metadata 0.953s
2024-12-17 09:15:54.045 68205 INFO tempest.lib.common.rest_client [req-0fa3ab74-02d3-4294-a947-04f8d2223999 req-0fa3ab74-02d3-4294-a947-04f8d2223999 ] Request (ImagesMetadataTestJSON:tearDownClass): 204 DELETE http://10.180.1.21/image/v2/images/7eadbd48-33d6-4a4c-8502-a312ef5d9b7f 0.087s
2024-12-17 09:15:54.067 68195 INFO tempest.lib.common.rest_client [req-9819abc5-1a83-4810-ac37-cd3ad3993758 req-9819abc5-1a83-4810-ac37-cd3ad3993758 ] Request (FloatingIPDetailsTestJSON:setUpClass): 201 POST http://10.180.1.21:9696/networking/v2.0/subnets 0.231s
2024-12-17 09:15:54.077 68151 INFO tempest.lib.common.rest_client [req-e539e408-1558-41f4-b265-d674382a7b77 req-e539e408-1558-41f4-b265-d674382a7b77 ] Request (ServersWithSpecificFlavorTestJSON:test_verify_created_server_ephemeral_disk): 200 GET http://10.180.1.21/compute/v2.1/servers/3f9b475d-9ff6-447a-88bc-6268220f4a19/os-interface 0.807s
2024-12-17 09:15:54.118 68205 INFO tempest.lib.common.rest_client [req-f28d49d5-6a47-41b8-9769-8f2d91018016 req-f28d49d5-6a47-41b8-9769-8f2d91018016 ] Request (ImagesMetadataTestJSON:tearDownClass): 204 DELETE http://10.180.1.21/identity/v3/users/9a550010c5a24dc8bdda21c7976ec2c2 0.072s
2024-12-17 09:15:54.119 68205 INFO tempest.lib.common.dynamic_creds [-] Deleting project and security group for project: a14e1d63f295440d89844c1b596cdb03
2024-12-17 09:15:54.178 68205 INFO tempest.lib.common.rest_client [req-223b3147-81fd-488b-a028-65c773ed6d3e req-223b3147-81fd-488b-a028-65c773ed6d3e ] Request (ImagesMetadataTestJSON:tearDownClass): 201 POST http://10.180.1.21/identity/v3/auth/tokens 0.059s
2024-12-17 09:15:54.249 68163 INFO tempest.lib.common.rest_client [req-e8f0b798-eebc-4e98-979e-21f56e7f4806 req-e8f0b798-eebc-4e98-979e-21f56e7f4806 ] Request (MigrationsAdminTest:test_list_migrations_in_flavor_resize_situation): 200 GET http://10.180.1.21/compute/v2.1/servers/d31665a4-c145-417d-b2f8-304e9455826a 0.841s
2024-12-17 09:15:54.325 68197 INFO tempest.lib.common.rest_client [req-a62958c8-1a9c-44e5-b51b-1015e6be541c req-a62958c8-1a9c-44e5-b51b-1015e6be541c ] Request (MultipleCreateTestJSON:test_multiple_create): 200 GET http://10.180.1.21/compute/v2.1/servers/19eadcca-e20b-49fa-bde1-6a760e579470 0.795s
2024-12-17 09:15:54.341 68173 INFO tempest.lib.common.rest_client [req-83b6d8d0-5a39-4faa-bdd9-60805abb363e req-83b6d8d0-5a39-4faa-bdd9-60805abb363e ] Request (ImagesOneServerNegativeTestJSON:test_create_second_image_when_first_image_is_being_saved): 202 POST http://10.180.1.21/compute/v2.1/servers/77276394-0749-48a8-a724-420a66866f0a/action 1.404s
2024-12-17 09:15:54.383 68177 INFO tempest.lib.common.rest_client [req-af19516a-06af-4b29-8884-285091d6741c req-af19516a-06af-4b29-8884-285091d6741c ] Request (FloatingIPsAssociationNegativeTestJSON:setUpClass): 200 GET http://10.180.1.21/compute/v2.1/servers/7f460c94-9150-4564-a2d6-c266537b97c2 0.785s
2024-12-17 09:15:54.385 68179 INFO tempest.lib.common.rest_client [req-cf1fa66a-5510-4eba-93f9-c32e2651e5b6 req-cf1fa66a-5510-4eba-93f9-c32e2651e5b6 ] Request (SecurityGroupRulesNegativeTestJSON:tearDownClass): 204 DELETE http://10.180.1.21:9696/networking/v2.0/networks/3a30309f-c396-4ee0-b0c0-bb5b379bea3a 0.482s
2024-12-17 09:15:54.390 68177 INFO tempest.common.waiters [-] State transition "BUILD/scheduling" ==> "BUILD/None" after 28 second wait
2024-12-17 09:15:54.401 68167 INFO tempest.lib.common.rest_client [req-dcf68099-283b-4304-bfb4-4ecb9fda752b req-dcf68099-283b-4304-bfb4-4ecb9fda752b ] Request (FlavorsAdminTestJSON:test_create_flavor_with_uuid_id): 200 POST http://10.180.1.21/compute/v2.1/flavors 0.759s
2024-12-17 09:15:54.415 68201 INFO tempest.lib.common.rest_client [req-bf67917c-5749-45d5-8011-09df9544b7bf req-bf67917c-5749-45d5-8011-09df9544b7bf ] Request (DeleteServersTestJSON:test_delete_active_server): 200 GET http://10.180.1.21/compute/v2.1/servers/4f62f5ef-da0f-43be-97d1-644a8ceb4387 0.800s
2024-12-17 09:15:54.475 68187 INFO tempest.lib.common.rest_client [req-1a83a877-65b6-4d1b-9d90-c81c34d5d7e8 req-1a83a877-65b6-4d1b-9d90-c81c34d5d7e8 ] Request (ServerDiagnosticsV248Test:test_get_server_diagnostics): 200 GET http://10.180.1.21/compute/v2.1/servers/053e35a4-fd20-43c8-8012-fd4f22075e1d 0.798s
