2024-12-17 13:58:57.511 63126 INFO tempest.lib.common.rest_client [req-7daa8763-2f8e-4140-8179-98467796decc req-7daa8763-2f8e-4140-8179-98467796decc ] Request (HypervisorAdminUnderV252Test:tearDownClass): 204 DELETE http://10.180.1.21:9696/networking/v2.0/security-groups/ae71502f-5d9a-49a6-a83b-1725631d6d07 0.359s
2024-12-17 13:58:57.535 63147 INFO tempest.lib.common.rest_client [req-32d78e25-366c-4197-a1ff-f4390589d220 req-32d78e25-366c-4197-a1ff-f4390589d220 ] Request (ServersWithSpecificFlavorTestJSON:setUpClass): 201 POST http://10.180.1.21/identity/v3/auth/tokens 0.064s
2024-12-17 13:58:57.560 63129 INFO tempest.lib.common.rest_client [req-9bf244b8-fc5d-42d7-8851-fbee049b1088 req-9bf244b8-fc5d-42d7-8851-fbee049b1088 ] Request (FloatingIPsAssociationTestJSON:setUpClass): 201 POST http://10.180.1.21/identity/v3/auth/tokens 0.080s
2024-12-17 13:58:57.614 63126 INFO tempest.lib.common.rest_client [req-34025a4c-de50-4d99-ae76-894642b448f6 req-34025a4c-de50-4d99-ae76-894642b448f6 ] Request (HypervisorAdminUnderV252Test:tearDownClass): 204 DELETE http://10.180.1.21/identity/v3/projects/17f44b4b3f0f4e4f9e37116d61c5a258 0.102s
2024-12-17 13:58:57.618 63108 INFO tempest.lib.common.rest_client [req-562c6644-3d47-4fb1-83b2-c524acbd1aea req-562c6644-3d47-4fb1-83b2-c524acbd1aea ] Request (QuotasAdminTestV257:tearDownClass): 204 DELETE http://10.180.1.21/identity/v3/users/16db90f4bf62428bb9b7d36bc4286869 0.116s
2024-12-17 13:58:57.634 63140 INFO tempest.lib.common.rest_client [req-df026f0e-97b4-4072-8249-12f46b97e644 req-df026f0e-97b4-4072-8249-12f46b97e644 ] Request (FlavorMetadataValidation:tearDownClass): 200 GET http://10.180.1.21:9696/networking/v2.0/security-groups?tenant_id=9f850b2ac4a9419f8c31b2033e563379&name=default 0.424s
2024-12-17 13:58:57.667 63129 INFO tempest.lib.common.rest_client [req-d47ec225-907c-48f4-8ad4-173905d55f42 req-d47ec225-907c-48f4-8ad4-173905d55f42 ] Request (FloatingIPsAssociationTestJSON:setUpClass): 201 POST http://10.180.1.21/identity/v3/auth/tokens 0.102s
2024-12-17 13:58:57.667 63129 INFO tempest.lib.common.fixed_network [-] (FloatingIPsAssociationTestJSON:setUpClass) Found network {'id': 'c377c919-ceeb-4e3b-93d4-d02e0a7b72d5', 'name': 'tempest-FloatingIPsAssociationTestJSON-891806673-network', 'tenant_id': '85a77ae5b272430692592950c2b064a9', 'admin_state_up': True, 'mtu': 8950, 'status': 'ACTIVE', 'subnets': [], 'shared': False, 'project_id': '85a77ae5b272430692592950c2b064a9', 'port_security_enabled': True, 'router:external': False, 'provider:network_type': 'vlan', 'provider:physical_network': 'default', 'provider:segmentation_id': 773, 'is_default': False, 'availability_zone_hints': [], 'availability_zones': [], 'ipv4_address_scope': None, 'ipv6_address_scope': None, 'description': '', 'tags': [], 'created_at': '2024-12-17T13:58:47Z', 'updated_at': '2024-12-17T13:58:47Z', 'revision_number': 1} available for tenant
2024-12-17 13:58:57.708 63160 INFO tempest.lib.common.rest_client [req-60a4586b-1784-499c-90a2-6c9467f5670e req-60a4586b-1784-499c-90a2-6c9467f5670e ] Request (QuotasAdminTestJSON:test_delete_quota): 200 GET http://10.180.1.21/identity/v3/domains?name=Default 0.177s
2024-12-17 13:58:57.728 63126 INFO tempest.lib.common.rest_client [req-14cb3c1c-4294-4470-93eb-628704504e91 req-14cb3c1c-4294-4470-93eb-628704504e91 ] Request (ServersTestJSON:setUpClass): 201 POST http://10.180.1.21/identity/v3/auth/tokens 0.112s
2024-12-17 13:58:57.752 63160 INFO tempest.lib.common.rest_client [req-69d7f83a-b694-4450-a6d9-c765dc1414f6 req-69d7f83a-b694-4450-a6d9-c765dc1414f6 ] Request (QuotasAdminTestJSON:test_delete_quota): 201 POST http://10.180.1.21/identity/v3/projects 0.044s
2024-12-17 13:58:57.765 63164 INFO tempest.lib.common.rest_client [req-ba236849-545c-44d6-b29a-660433db6aa7 req-ba236849-545c-44d6-b29a-660433db6aa7 ] Request (VolumesAssistedSnapshotsTest:setUpClass): 200 PUT http://10.180.1.21:9696/networking/v2.0/routers/2ecadee5-8fd0-49fa-9a1a-45451d410500/add_router_interface 5.292s
2024-12-17 13:58:57.765 63164 INFO tempest.lib.common.dynamic_creds [-] Created isolated network resources for: credentials: Credentials: {'domain_id': 'default', 'domain_name': 'Default', 'username': 'tempest-VolumesAssistedSnapshotsTest-1175967296-project-admin', 'project_domain_id': 'default', 'project_domain_name': 'Default', 'project_id': 'a839a091645e4bdcb112e458eb231076', 'project_name': 'tempest-VolumesAssistedSnapshotsTest-1175967296', 'tenant_id': 'a839a091645e4bdcb112e458eb231076', 'tenant_name': 'tempest-VolumesAssistedSnapshotsTest-1175967296', 'user_domain_id': 'default', 'user_domain_name': 'Default', 'user_id': 'bdc69e0b45114a878867fe0afaeb4799', 'system': None}, Network: {'id': '4fe07933-cdb2-460b-9167-162326a86362', 'name': 'tempest-VolumesAssistedSnapshotsTest-94331897-network', 'tenant_id': 'a839a091645e4bdcb112e458eb231076', 'admin_state_up': True, 'mtu': 8950, 'status': 'ACTIVE', 'subnets': [], 'shared': False, 'project_id': 'a839a091645e4bdcb112e458eb231076', 'port_security_enabled': True, 'router:external': False, 'provider:network_type': 'vlan', 'provider:physical_network': 'default', 'provider:segmentation_id': 559, 'is_default': False, 'availability_zone_hints': [], 'availability_zones': [], 'ipv4_address_scope': None, 'ipv6_address_scope': None, 'description': '', 'tags': [], 'created_at': '2024-12-17T13:58:47Z', 'updated_at': '2024-12-17T13:58:47Z', 'revision_number': 1}, Subnet: {'id': '03f8d5e2-600d-4e59-9da1-afb6b846591b', 'name': 'tempest-VolumesAssistedSnapshotsTest-94331897-subnet', 'tenant_id': 'a839a091645e4bdcb112e458eb231076', 'network_id': '4fe07933-cdb2-460b-9167-162326a86362', 'ip_version': 4, 'subnetpool_id': None, 'enable_dhcp': True, 'ipv6_ra_mode': None, 'ipv6_address_mode': None, 'gateway_ip': '192.168.128.1', 'cidr': '192.168.128.0/28', 'allocation_pools': [{'start': '192.168.128.2', 'end': '192.168.128.14'}], 'host_routes': [], 'dns_nameservers': [], 'description': '', 'service_types': [], 'tags': [], 'created_at': '2024-12-17T13:58:47Z', 'updated_at': '2024-12-17T13:58:47Z', 'revision_number': 0, 'project_id': 'a839a091645e4bdcb112e458eb231076'}, Router: {'id': '2ecadee5-8fd0-49fa-9a1a-45451d410500', 'name': 'tempest-VolumesAssistedSnapshotsTest-94331897-router', 'tenant_id': 'a839a091645e4bdcb112e458eb231076', 'admin_state_up': True, 'status': 'ACTIVE', 'external_gateway_info': {'network_id': '6285eefb-8a1c-4920-9832-2695c6a4bbc4', 'external_fixed_ips': [{'subnet_id': '0366d6a0-b8a7-48da-b533-a669f5ef09a5', 'ip_address': '10.180.180.147'}], 'enable_snat': True}, 'description': '', 'availability_zones': [], 'distributed': False, 'ha': False, 'availability_zone_hints': [], 'routes': [], 'flavor_id': None, 'tags': [], 'created_at': '2024-12-17T13:58:48Z', 'updated_at': '2024-12-17T13:58:50Z', 'revision_number': 2, 'project_id': 'a839a091645e4bdcb112e458eb231076'}
2024-12-17 13:58:57.812 63140 INFO tempest.lib.common.rest_client [req-ad1cdca1-4935-4280-b1d4-95607960949a req-ad1cdca1-4935-4280-b1d4-95607960949a ] Request (FlavorMetadataValidation:tearDownClass): 204 DELETE http://10.180.1.21:9696/networking/v2.0/security-groups/aeefa554-460b-4aeb-9bb6-d388e4b465b7 0.178s
2024-12-17 13:58:57.819 63108 INFO tempest.lib.common.rest_client [req-4fa37801-35b7-468a-a800-dab40b5c72e2 req-4fa37801-35b7-468a-a800-dab40b5c72e2 ] Request (QuotasAdminTestV257:tearDownClass): 204 DELETE http://10.180.1.21/identity/v3/users/2dd70ee2712648658528c612552efee5 0.200s
2024-12-17 13:58:57.819 63108 INFO tempest.lib.common.dynamic_creds [-] Deleting project and security group for project: fdbc868ed1b74204b9c6a244b379f803
2024-12-17 13:58:57.820 63126 INFO tempest.lib.common.rest_client [req-d5524db0-bf4c-4d1b-8198-c874362b9a0d req-d5524db0-bf4c-4d1b-8198-c874362b9a0d ] Request (ServersTestJSON:setUpClass): 201 POST http://10.180.1.21/identity/v3/auth/tokens 0.090s
2024-12-17 13:58:57.885 63160 INFO tempest.lib.common.rest_client [req-00896f93-6af4-40b6-8542-914878790d91 req-00896f93-6af4-40b6-8542-914878790d91 ] Request (QuotasAdminTestJSON:test_delete_quota): 200 GET http://10.180.1.21/identity/v3/domains?name=Default 0.132s
2024-12-17 13:58:57.892 63164 INFO tempest.lib.common.rest_client [req-880f97af-a11d-416e-ae30-b2cd2edaef43 req-880f97af-a11d-416e-ae30-b2cd2edaef43 ] Request (VolumesAssistedSnapshotsTest:setUpClass): 201 POST http://10.180.1.21/identity/v3/auth/tokens 0.123s
2024-12-17 13:58:57.946 63108 INFO tempest.lib.common.rest_client [req-858297af-6037-49d1-887e-b61f2b480cdf req-858297af-6037-49d1-887e-b61f2b480cdf ] Request (QuotasAdminTestV257:tearDownClass): 201 POST http://10.180.1.21/identity/v3/auth/tokens 0.126s
2024-12-17 13:58:57.974 63140 INFO tempest.lib.common.rest_client [req-892d3517-c30b-4e6a-b7aa-219c2a068b6c req-892d3517-c30b-4e6a-b7aa-219c2a068b6c ] Request (FlavorMetadataValidation:tearDownClass): 204 DELETE http://10.180.1.21/identity/v3/projects/9f850b2ac4a9419f8c31b2033e563379 0.161s
2024-12-17 13:58:58.011 63126 INFO tempest.lib.common.rest_client [req-3fbb5b65-6ba4-4c20-9cff-97bdf3b77b92 req-3fbb5b65-6ba4-4c20-9cff-97bdf3b77b92 ] Request (ServersTestJSON:setUpClass): 200 GET http://10.180.1.21/identity/v3/domains?name=Default 0.190s
2024-12-17 13:58:58.049 63140 INFO tempest.lib.common.rest_client [req-35603365-faba-46d1-bfcc-014beeeab586 req-35603365-faba-46d1-bfcc-014beeeab586 ] Request (InstanceUsageAuditLogNegativeTestJSON:setUpClass): 201 POST http://10.180.1.21/identity/v3/auth/tokens 0.073s
2024-12-17 13:58:58.053 63162 INFO tempest.lib.common.rest_client [req-fb6c68e3-700d-43c2-9a89-807b3c1802b0 req-fb6c68e3-700d-43c2-9a89-807b3c1802b0 ] Request (FloatingIPDetailsTestJSON:setUpClass): 200 POST http://10.180.1.21/compute/v2.1/os-floating-ips 3.647s
2024-12-17 13:58:58.056 63164 INFO tempest.lib.common.rest_client [req-0c87dae7-1b72-44d5-90a7-9ab573a7b837 req-0c87dae7-1b72-44d5-90a7-9ab573a7b837 ] Request (VolumesAssistedSnapshotsTest:setUpClass): 201 POST http://10.180.1.21/identity/v3/projects 0.163s
2024-12-17 13:58:58.062 63122 INFO tempest.lib.common.rest_client [req-14b0a7e1-ddcc-431a-813a-4c631ea1633e req-14b0a7e1-ddcc-431a-813a-4c631ea1633e ] Request (HypervisorAdminNegativeUnderV252Test:test_show_servers_with_non_admin_user): 403 GET http://10.180.1.21/compute/v2.1/os-hypervisors/1/servers 2.389s
2024-12-17 13:58:58.091 63130 INFO tempest.lib.common.rest_client [req-50c31087-8882-41ac-b077-1a8aeed806d3 req-50c31087-8882-41ac-b077-1a8aeed806d3 ] Request (ServersAdminTestJSON:setUpClass): 201 POST http://10.180.1.21:9696/networking/v2.0/networks 0.822s
2024-12-17 13:58:58.094 63112 INFO tempest.lib.common.rest_client [req-bf8c075c-c37e-45e2-b642-3120a717cca7 req-bf8c075c-c37e-45e2-b642-3120a717cca7 ] Request (QuotasAdminNegativeTest:test_create_server_when_cpu_quota_is_full): 403 POST http://10.180.1.21/compute/v2.1/servers 2.747s
2024-12-17 13:58:58.115 63158 INFO tempest.lib.common.rest_client [req-9c109a46-bee7-4164-a9d1-2e9f54f8d089 req-9c109a46-bee7-4164-a9d1-2e9f54f8d089 ] Request (FlavorsV255TestJSON:test_crud_flavor): 200 GET http://10.180.1.21/compute/v2.1/flavors 2.417s
2024-12-17 13:58:58.126 63154 INFO tempest.lib.common.rest_client [req-743dc53f-0788-4602-96a2-9af0cc03f087 req-743dc53f-0788-4602-96a2-9af0cc03f087 ] Request (KeyPairsV210TestJSON:test_admin_manage_keypairs_for_other_users): 200 GET http://10.180.1.21/compute/v2.1/os-keypairs?user_id=287814da10dc47738793fb29df9124cf 2.394s
2024-12-17 13:58:58.152 63126 INFO tempest.lib.common.rest_client [req-c244e9a7-c044-41c2-9aa2-97b081edb5c7 req-c244e9a7-c044-41c2-9aa2-97b081edb5c7 ] Request (ServersTestJSON:setUpClass): 201 POST http://10.180.1.21/identity/v3/projects 0.140s
2024-12-17 13:58:58.199 63140 INFO tempest.lib.common.rest_client [req-f7fa4fc4-96f4-44fe-8a02-532ee5dd5e23 req-f7fa4fc4-96f4-44fe-8a02-532ee5dd5e23 ] Request (InstanceUsageAuditLogNegativeTestJSON:setUpClass): 201 POST http://10.180.1.21/identity/v3/auth/tokens 0.147s
2024-12-17 13:58:58.209 63164 INFO tempest.lib.common.rest_client [req-e39a76fc-7179-4177-a182-ac42da883170 req-e39a76fc-7179-4177-a182-ac42da883170 ] Request (VolumesAssistedSnapshotsTest:setUpClass): 201 POST http://10.180.1.21/identity/v3/users 0.153s
2024-12-17 13:58:58.230 63140 INFO tempest.lib.common.rest_client [req-b69b4aaa-63bb-4213-b2ab-30c3ff0a0487 req-b69b4aaa-63bb-4213-b2ab-30c3ff0a0487 ] Request (InstanceUsageAuditLogNegativeTestJSON:setUpClass): 200 GET http://10.180.1.21/identity/v3/domains?name=Default 0.030s
2024-12-17 13:58:58.235 63126 INFO tempest.lib.common.rest_client [req-c3cbde6e-7ad0-4c98-9053-75db6c40d078 req-c3cbde6e-7ad0-4c98-9053-75db6c40d078 ] Request (ServersTestJSON:setUpClass): 201 POST http://10.180.1.21/identity/v3/users 0.083s
2024-12-17 13:58:58.246 63110 INFO tempest.lib.common.rest_client [req-63008924-6219-4f8f-8207-668a46ce4f4a req-63008924-6219-4f8f-8207-668a46ce4f4a ] Request (ServerDiagnosticsTest:test_get_server_diagnostics): 200 GET http://10.180.1.21/compute/v2.1/servers/7f6c656f-3ada-406b-a8c5-5c7d7cf0283c 2.475s
2024-12-17 13:58:58.252 63164 INFO tempest.lib.common.rest_client [req-38b01f74-2b24-4ac0-831d-8ac04af3dbd9 req-38b01f74-2b24-4ac0-831d-8ac04af3dbd9 ] Request (VolumesAssistedSnapshotsTest:setUpClass): 200 GET http://10.180.1.21/identity/v3/roles 0.043s
2024-12-17 13:58:58.262 63140 INFO tempest.lib.common.rest_client [req-6046c77a-bd91-48e2-b344-1b479e1b18a8 req-6046c77a-bd91-48e2-b344-1b479e1b18a8 ] Request (InstanceUsageAuditLogNegativeTestJSON:setUpClass): 201 POST http://10.180.1.21/identity/v3/projects 0.032s
2024-12-17 13:58:58.275 63126 INFO tempest.lib.common.rest_client [req-edcde4c0-0d6c-4043-8343-8dd2e7633a7d req-edcde4c0-0d6c-4043-8343-8dd2e7633a7d ] Request (ServersTestJSON:setUpClass): 200 GET http://10.180.1.21/identity/v3/roles 0.040s
2024-12-17 13:58:58.308 63108 INFO tempest.lib.common.rest_client [req-48027bfd-5531-4a09-bcfc-70493be7d294 req-48027bfd-5531-4a09-bcfc-70493be7d294 ] Request (QuotasAdminTestV257:tearDownClass): 200 GET http://10.180.1.21:9696/networking/v2.0/security-groups?tenant_id=fdbc868ed1b74204b9c6a244b379f803&name=default 0.362s
2024-12-17 13:58:58.343 63164 INFO tempest.lib.common.rest_client [req-d89a75bb-8002-40e1-945a-f379cc643615 req-d89a75bb-8002-40e1-945a-f379cc643615 ] Request (VolumesAssistedSnapshotsTest:setUpClass): 204 PUT http://10.180.1.21/identity/v3/projects/48ccf6465bdc4b80b2e51376d9fb1e33/users/2fe6ff44497c4420bc5983233d856adb/roles/312936d0fecd40059c786e2538920df9 0.090s
2024-12-17 13:58:58.350 63150 INFO tempest.lib.common.rest_client [req-021e2dbb-bea3-4248-a91a-58f5e58858af req-021e2dbb-bea3-4248-a91a-58f5e58858af ] Request (AggregatesAdminNegativeTestJSON:_run_cleanups): 200 POST http://10.180.1.21/compute/v2.1/os-aggregates/1/action 2.557s
2024-12-17 13:58:58.376 63118 INFO tempest.lib.common.rest_client [req-31123f50-6176-4cf1-914d-20d2695fa506 req-31123f50-6176-4cf1-914d-20d2695fa506 ] Request (FlavorsV261TestJSON:_run_cleanups): 200 GET http://10.180.1.21/compute/v2.1/flavors/detail 2.563s
2024-12-17 13:58:58.383 63140 INFO tempest.lib.common.rest_client [req-86762967-a999-4e52-89b5-ca023daa5ddf req-86762967-a999-4e52-89b5-ca023daa5ddf ] Request (InstanceUsageAuditLogNegativeTestJSON:setUpClass): 201 POST http://10.180.1.21/identity/v3/users 0.121s
2024-12-17 13:58:58.404 63126 INFO tempest.lib.common.rest_client [req-a396e25d-fe25-42be-9553-66bd46dc9dd3 req-a396e25d-fe25-42be-9553-66bd46dc9dd3 ] Request (ServersTestJSON:setUpClass): 204 PUT http://10.180.1.21/identity/v3/projects/1d603e7f77124e3da9c3b55314350d41/users/f5eb71f6a9a5437e85df1fa84ebf5369/roles/b7e1e390e0364ab28ee3f13477ef5852 0.128s
2024-12-17 13:58:58.405 63126 INFO tempest.lib.common.dynamic_creds [-] Dynamic test user f5eb71f6a9a5437e85df1fa84ebf5369 is created with scope project and roles: ['member']
2024-12-17 13:58:58.405 63126 INFO tempest.lib.common.dynamic_creds [-] Acquired dynamic creds: credentials: Credentials: {'domain_id': 'default', 'domain_name': 'Default', 'username': 'tempest-ServersTestJSON-1653025292-project-member', 'project_domain_id': 'default', 'project_domain_name': 'Default', 'project_id': '1d603e7f77124e3da9c3b55314350d41', 'project_name': 'tempest-ServersTestJSON-1653025292', 'tenant_id': '1d603e7f77124e3da9c3b55314350d41', 'tenant_name': 'tempest-ServersTestJSON-1653025292', 'user_domain_id': 'default', 'user_domain_name': 'Default', 'user_id': 'f5eb71f6a9a5437e85df1fa84ebf5369', 'system': None}, Network: None, Subnet: None, Router: None
2024-12-17 13:58:58.409 63164 INFO tempest.lib.common.rest_client [req-0d96d941-253f-4cca-ba47-cc61bee78699 req-0d96d941-253f-4cca-ba47-cc61bee78699 ] Request (VolumesAssistedSnapshotsTest:setUpClass): 200 GET http://10.180.1.21/identity/v3/roles 0.066s
2024-12-17 13:58:58.457 63140 INFO tempest.lib.common.rest_client [req-d9ece802-c403-4929-822d-63adafdc7d6d req-d9ece802-c403-4929-822d-63adafdc7d6d ] Request (InstanceUsageAuditLogNegativeTestJSON:setUpClass): 200 GET http://10.180.1.21/identity/v3/roles 0.073s
2024-12-17 13:58:58.490 63126 INFO tempest.lib.common.rest_client [req-5225c85a-1e11-403d-9f51-9293e4767343 req-5225c85a-1e11-403d-9f51-9293e4767343 ] Request (ServersTestJSON:setUpClass): 201 POST http://10.180.1.21/identity/v3/auth/tokens 0.085s
2024-12-17 13:58:58.497 63118 INFO tempest.lib.common.rest_client [req-3e53a38e-d09c-46cc-beb9-b785c51c0b20 req-3e53a38e-d09c-46cc-beb9-b785c51c0b20 ] Request (FlavorsV261TestJSON:tearDownClass): 204 DELETE http://10.180.1.21/identity/v3/users/f0cba0775b874483b936189e930cecaa 0.113s
2024-12-17 13:58:58.513 63164 INFO tempest.lib.common.rest_client [req-e5f088e7-9305-4472-a14c-b445bffb1935 req-e5f088e7-9305-4472-a14c-b445bffb1935 ] Request (VolumesAssistedSnapshotsTest:setUpClass): 204 PUT http://10.180.1.21/identity/v3/projects/48ccf6465bdc4b80b2e51376d9fb1e33/users/2fe6ff44497c4420bc5983233d856adb/roles/1e96ff420f634f75879e2f998224e9a5 0.103s
2024-12-17 13:58:58.514 63164 INFO tempest.lib.common.dynamic_creds [-] Dynamic test user 2fe6ff44497c4420bc5983233d856adb is created with scope project and roles: ['admin', 'service']
2024-12-17 13:58:58.514 63164 INFO tempest.lib.common.dynamic_creds [-] Acquired dynamic creds: credentials: Credentials: {'domain_id': 'default', 'domain_name': 'Default', 'username': 'tempest-VolumesAssistedSnapshotsTest-2091956970-project', 'project_domain_id': 'default', 'project_domain_name': 'Default', 'project_id': '48ccf6465bdc4b80b2e51376d9fb1e33', 'project_name': 'tempest-VolumesAssistedSnapshotsTest-2091956970', 'tenant_id': '48ccf6465bdc4b80b2e51376d9fb1e33', 'tenant_name': 'tempest-VolumesAssistedSnapshotsTest-2091956970', 'user_domain_id': 'default', 'user_domain_name': 'Default', 'user_id': '2fe6ff44497c4420bc5983233d856adb', 'system': None}, Network: None, Subnet: None, Router: None
2024-12-17 13:58:58.517 63108 INFO tempest.lib.common.rest_client [req-2278a4f2-7c7d-4404-af4a-90a73f34d227 req-2278a4f2-7c7d-4404-af4a-90a73f34d227 ] Request (QuotasAdminTestV257:tearDownClass): 204 DELETE http://10.180.1.21:9696/networking/v2.0/security-groups/8e980e4b-4b53-4e4d-96c9-c46e03a1a4e1 0.207s
2024-12-17 13:58:58.586 63140 INFO tempest.lib.common.rest_client [req-38089fdf-eadb-49be-b545-015eb71c31b7 req-38089fdf-eadb-49be-b545-015eb71c31b7 ] Request (InstanceUsageAuditLogNegativeTestJSON:setUpClass): 204 PUT http://10.180.1.21/identity/v3/projects/ea94870ab3cd4bd886d66c078bd8f133/users/51039d4af6574b868d5eacf70174a222/roles/b7e1e390e0364ab28ee3f13477ef5852 0.129s
2024-12-17 13:58:58.586 63140 INFO tempest.lib.common.dynamic_creds [-] Dynamic test user 51039d4af6574b868d5eacf70174a222 is created with scope project and roles: ['member']
2024-12-17 13:58:58.587 63140 INFO tempest.lib.common.dynamic_creds [-] Acquired dynamic creds: credentials: Credentials: {'domain_id': 'default', 'domain_name': 'Default', 'username': 'tempest-InstanceUsageAuditLogNegativeTestJSON-393624801-project-member', 'project_domain_id': 'default', 'project_domain_name': 'Default', 'project_id': 'ea94870ab3cd4bd886d66c078bd8f133', 'project_name': 'tempest-InstanceUsageAuditLogNegativeTestJSON-393624801', 'tenant_id': 'ea94870ab3cd4bd886d66c078bd8f133', 'tenant_name': 'tempest-InstanceUsageAuditLogNegativeTestJSON-393624801', 'user_domain_id': 'default', 'user_domain_name': 'Default', 'user_id': '51039d4af6574b868d5eacf70174a222', 'system': None}, Network: None, Subnet: None, Router: None
2024-12-17 13:58:58.587 63140 INFO tempest.lib.common.dynamic_creds [-] Created isolated network resources for: credentials: Credentials: {'domain_id': 'default', 'domain_name': 'Default', 'username': 'tempest-InstanceUsageAuditLogNegativeTestJSON-393624801-project-member', 'project_domain_id': 'default', 'project_domain_name': 'Default', 'project_id': 'ea94870ab3cd4bd886d66c078bd8f133', 'project_name': 'tempest-InstanceUsageAuditLogNegativeTestJSON-393624801', 'tenant_id': 'ea94870ab3cd4bd886d66c078bd8f133', 'tenant_name': 'tempest-InstanceUsageAuditLogNegativeTestJSON-393624801', 'user_domain_id': 'default', 'user_domain_name': 'Default', 'user_id': '51039d4af6574b868d5eacf70174a222', 'system': None}, Network: None, Subnet: None, Router: None
2024-12-17 13:58:58.629 63118 INFO tempest.lib.common.rest_client [req-eb06e0b6-18ad-4b55-8ea0-25f58a0446d3 req-eb06e0b6-18ad-4b55-8ea0-25f58a0446d3 ] Request (FlavorsV261TestJSON:tearDownClass): 204 DELETE http://10.180.1.21/identity/v3/users/cf6214d0159345768080168276409f48 0.132s
2024-12-17 13:58:58.629 63118 INFO tempest.lib.common.dynamic_creds [-] Deleting project and security group for project: 85569523e0db43a0a804670fb6e68ca7
2024-12-17 13:58:58.677 63124 INFO tempest.lib.common.rest_client [req-e742c8a3-f168-4f6a-a7c5-34f4f8e2b755 req-e742c8a3-f168-4f6a-a7c5-34f4f8e2b755 ] Request (SecurityGroupRulesNegativeTestJSON:_run_cleanups): 202 DELETE http://10.180.1.21/compute/v2.1/os-security-group-rules/08327bd1-52c9-4560-a950-3a9a27c174f6 2.692s
2024-12-17 13:58:58.715 63108 INFO tempest.lib.common.rest_client [req-41b6383c-fdc3-40f1-83f3-bdacffcf8cac req-41b6383c-fdc3-40f1-83f3-bdacffcf8cac ] Request (QuotasAdminTestV257:tearDownClass): 204 DELETE http://10.180.1.21/identity/v3/projects/fdbc868ed1b74204b9c6a244b379f803 0.196s
2024-12-17 13:58:58.715 63108 INFO tempest.lib.common.dynamic_creds [-] Deleting project and security group for project: ef04083e52a941c1bf2c4b78c5d7f3fb
2024-12-17 13:58:58.736 63140 INFO tempest.lib.common.rest_client [req-f637e470-888a-4192-aa39-9b01ede2db9f req-f637e470-888a-4192-aa39-9b01ede2db9f ] Request (InstanceUsageAuditLogNegativeTestJSON:setUpClass): 201 POST http://10.180.1.21/identity/v3/auth/tokens 0.146s
2024-12-17 13:58:58.769 63118 INFO tempest.lib.common.rest_client [req-9cd739a1-c825-4c12-9438-19a0eeba21bb req-9cd739a1-c825-4c12-9438-19a0eeba21bb ] Request (FlavorsV261TestJSON:tearDownClass): 201 POST http://10.180.1.21/identity/v3/auth/tokens 0.139s
2024-12-17 13:58:58.795 63140 INFO tempest.lib.common.rest_client [req-4a47d104-f7db-41a5-8f30-b89f69f348da req-4a47d104-f7db-41a5-8f30-b89f69f348da ] Request (InstanceUsageAuditLogNegativeTestJSON:setUpClass): 201 POST http://10.180.1.21/identity/v3/projects 0.058s
2024-12-17 13:58:58.872 63140 INFO tempest.lib.common.rest_client [req-fac331d0-a214-44e9-ab25-de1f9bb3a01c req-fac331d0-a214-44e9-ab25-de1f9bb3a01c ] Request (InstanceUsageAuditLogNegativeTestJSON:setUpClass): 201 POST http://10.180.1.21/identity/v3/users 0.076s
2024-12-17 13:58:58.878 63130 INFO tempest.lib.common.rest_client [req-7255ba66-06da-4abe-a294-76674dd9a4af req-7255ba66-06da-4abe-a294-76674dd9a4af ] Request (ServersAdminTestJSON:setUpClass): 201 POST http://10.180.1.21:9696/networking/v2.0/subnets 0.786s
2024-12-17 13:58:58.895 63140 INFO tempest.lib.common.rest_client [req-762df05a-1449-4e96-8325-9edf497e2440 req-762df05a-1449-4e96-8325-9edf497e2440 ] Request (InstanceUsageAuditLogNegativeTestJSON:setUpClass): 200 GET http://10.180.1.21/identity/v3/roles 0.023s
2024-12-17 13:58:58.936 63140 INFO tempest.lib.common.rest_client [req-8f1a2f31-b872-4b54-9801-c4e63f0fadde req-8f1a2f31-b872-4b54-9801-c4e63f0fadde ] Request (InstanceUsageAuditLogNegativeTestJSON:setUpClass): 204 PUT http://10.180.1.21/identity/v3/projects/6388dd54c58948e3afa5f4e64c9b70c6/users/9186dd56a41440dd9be2fb3af3159a18/roles/312936d0fecd40059c786e2538920df9 0.040s
2024-12-17 13:58:59.007 63140 INFO tempest.lib.common.rest_client [req-bd85bfd4-f87b-43cf-a2b8-51b9c0e9cff9 req-bd85bfd4-f87b-43cf-a2b8-51b9c0e9cff9 ] Request (InstanceUsageAuditLogNegativeTestJSON:setUpClass): 200 GET http://10.180.1.21/identity/v3/roles 0.070s
2024-12-17 13:58:59.032 63140 INFO tempest.lib.common.rest_client [req-ec653544-98e3-4d1f-8fb2-27655b4a1e2e req-ec653544-98e3-4d1f-8fb2-27655b4a1e2e ] Request (InstanceUsageAuditLogNegativeTestJSON:setUpClass): 204 PUT http://10.180.1.21/identity/v3/projects/6388dd54c58948e3afa5f4e64c9b70c6/users/9186dd56a41440dd9be2fb3af3159a18/roles/312936d0fecd40059c786e2538920df9 0.025s
2024-12-17 13:58:59.032 63140 INFO tempest.lib.common.dynamic_creds [-] Dynamic test user 9186dd56a41440dd9be2fb3af3159a18 is created with scope project and roles: ['admin']
2024-12-17 13:58:59.032 63140 INFO tempest.lib.common.dynamic_creds [-] Acquired dynamic creds: credentials: Credentials: {'domain_id': 'default', 'domain_name': 'Default', 'username': 'tempest-InstanceUsageAuditLogNegativeTestJSON-1925600000-project-admin', 'project_domain_id': 'default', 'project_domain_name': 'Default', 'project_id': '6388dd54c58948e3afa5f4e64c9b70c6', 'project_name': 'tempest-InstanceUsageAuditLogNegativeTestJSON-1925600000', 'tenant_id': '6388dd54c58948e3afa5f4e64c9b70c6', 'tenant_name': 'tempest-InstanceUsageAuditLogNegativeTestJSON-1925600000', 'user_domain_id': 'default', 'user_domain_name': 'Default', 'user_id': '9186dd56a41440dd9be2fb3af3159a18', 'system': None}, Network: None, Subnet: None, Router: None
2024-12-17 13:58:59.032 63140 INFO tempest.lib.common.dynamic_creds [-] Created isolated network resources for: credentials: Credentials: {'domain_id': 'default', 'domain_name': 'Default', 'username': 'tempest-InstanceUsageAuditLogNegativeTestJSON-1925600000-project-admin', 'project_domain_id': 'default', 'project_domain_name': 'Default', 'project_id': '6388dd54c58948e3afa5f4e64c9b70c6', 'project_name': 'tempest-InstanceUsageAuditLogNegativeTestJSON-1925600000', 'tenant_id': '6388dd54c58948e3afa5f4e64c9b70c6', 'tenant_name': 'tempest-InstanceUsageAuditLogNegativeTestJSON-1925600000', 'user_domain_id': 'default', 'user_domain_name': 'Default', 'user_id': '9186dd56a41440dd9be2fb3af3159a18', 'system': None}, Network: None, Subnet: None, Router: None
2024-12-17 13:58:59.056 63132 INFO tempest.lib.common.rest_client [req-f258a130-2da3-4cfe-8882-45f83310609c req-f258a130-2da3-4cfe-8882-45f83310609c ] Request (SecurityGroupsTestJSON:setUpClass): 201 POST http://10.180.1.21:9696/networking/v2.0/routers 2.282s
2024-12-17 13:58:59.107 63140 INFO tempest.lib.common.rest_client [req-6d224083-73df-453c-86f1-78dded02aeb6 req-6d224083-73df-453c-86f1-78dded02aeb6 ] Request (InstanceUsageAuditLogNegativeTestJSON:setUpClass): 201 POST http://10.180.1.21/identity/v3/auth/tokens 0.070s
2024-12-17 13:58:59.130 63108 INFO tempest.lib.common.rest_client [req-5cefa956-54f8-44ed-af5e-780f44f1cbe7 req-5cefa956-54f8-44ed-af5e-780f44f1cbe7 ] Request (QuotasAdminTestV257:tearDownClass): 200 GET http://10.180.1.21:9696/networking/v2.0/security-groups?tenant_id=ef04083e52a941c1bf2c4b78c5d7f3fb&name=default 0.415s
2024-12-17 13:58:59.186 63152 INFO tempest.lib.common.rest_client [req-312edf25-444a-42fb-a2d3-fc6c160e3133 req-312edf25-444a-42fb-a2d3-fc6c160e3133 ] Request (ImagesNegativeTestJSON:test_create_image_from_deleted_server): 200 GET http://10.180.1.21/compute/v2.1/servers/3070aef7-432d-4f92-80d5-18efd8cceec3 3.111s
2024-12-17 13:58:59.383 63164 INFO tempest.lib.common.rest_client [req-0b3b98b7-0ef6-4052-b789-51cb3907f1dc req-0b3b98b7-0ef6-4052-b789-51cb3907f1dc ] Request (VolumesAssistedSnapshotsTest:setUpClass): 201 POST http://10.180.1.21:9696/networking/v2.0/networks 0.868s
2024-12-17 13:58:59.443 63104 INFO tempest.lib.common.rest_client [req-409e35b4-cf7e-47ff-953c-eca130c8ffba req-409e35b4-cf7e-47ff-953c-eca130c8ffba ] Request (ServerDiagnosticsNegativeTest:test_get_server_diagnostics_by_non_admin): 200 GET http://10.180.1.21/compute/v2.1/servers/b635f6f0-3860-4824-9339-9a4d51993ff6 2.785s
2024-12-17 13:58:59.528 63118 INFO tempest.lib.common.rest_client [req-5f0f6f48-39ff-48e4-8d5d-21310d98d97f req-5f0f6f48-39ff-48e4-8d5d-21310d98d97f ] Request (FlavorsV261TestJSON:tearDownClass): 200 GET http://10.180.1.21:9696/networking/v2.0/security-groups?tenant_id=85569523e0db43a0a804670fb6e68ca7&name=default 0.759s
2024-12-17 13:58:59.582 63126 INFO tempest.lib.common.rest_client [req-30baa4dd-eb30-4686-9034-1904fd4f334b req-30baa4dd-eb30-4686-9034-1904fd4f334b ] Request (ServersTestJSON:setUpClass): 201 POST http://10.180.1.21:9696/networking/v2.0/networks 1.092s
2024-12-17 13:58:59.616 63108 INFO tempest.lib.common.rest_client [req-a9da8fe6-4c3a-4f29-8ed7-2a7567b43ee6 req-a9da8fe6-4c3a-4f29-8ed7-2a7567b43ee6 ] Request (QuotasAdminTestV257:tearDownClass): 204 DELETE http://10.180.1.21:9696/networking/v2.0/security-groups/7b919229-7319-4dfa-b52a-0f94d8316360 0.484s
2024-12-17 13:58:59.702 63138 INFO tempest.lib.common.rest_client [req-58266d20-49f0-4837-abe6-9a0977bfbec8 req-58266d20-49f0-4837-abe6-9a0977bfbec8 ] Request (ServersV294TestFqdnHostnames:setUpClass): 202 POST http://10.180.1.21/compute/v2.1/servers 4.022s
2024-12-17 13:58:59.733 63108 INFO tempest.lib.common.rest_client [req-50b32bf3-96e3-4029-94ae-6bb47a35008f req-50b32bf3-96e3-4029-94ae-6bb47a35008f ] Request (QuotasAdminTestV257:tearDownClass): 204 DELETE http://10.180.1.21/identity/v3/projects/ef04083e52a941c1bf2c4b78c5d7f3fb 0.116s
2024-12-17 13:58:59.734 63108 INFO tempest.test [-] raised in ServersOnMultiNodesTest.setUpClass. Invoking tearDownClass.
2024-12-17 13:58:59.760 63120 INFO tempest.lib.common.rest_client [req-67a8c9aa-a483-4e7d-baf7-319de86c4895 req-67a8c9aa-a483-4e7d-baf7-319de86c4895 ] Request (HostsAdminNegativeTestJSON:test_show_host_detail_with_nonexistent_hostname): 404 GET http://10.180.1.21/compute/v2.1/os-hosts/nonexistent_hostname 2.611s
2024-12-17 13:58:59.773 63136 INFO tempest.lib.common.rest_client [req-b51f1d43-0d89-4581-88b3-a3ce7d71587c req-b51f1d43-0d89-4581-88b3-a3ce7d71587c ] Request (FlavorsAdminTestJSON:_run_cleanups): 202 DELETE http://10.180.1.21/compute/v2.1/flavors/1599832217 2.593s
2024-12-17 13:58:59.791 63116 INFO tempest.lib.common.rest_client [req-65dda859-2d64-4193-855a-10b9b58bfe12 req-65dda859-2d64-4193-855a-10b9b58bfe12 ] Request (ImagesDeleteNegativeTestJSON:test_delete_image_with_invalid_image_id): 404 DELETE http://10.180.1.21/compute/v2.1/images/tempest-invalid-988866529 2.593s
2024-12-17 13:58:59.810 63144 INFO tempest.lib.common.rest_client [req-b5042b7f-773d-4055-a43e-4a709c9f4b30 req-b5042b7f-773d-4055-a43e-4a709c9f4b30 ] Request (FlavorsExtraSpecsTestJSON:test_flavor_set_get_update_show_unset_keys): 200 POST http://10.180.1.21/compute/v2.1/flavors/182166352/os-extra_specs 2.593s
2024-12-17 13:58:59.823 63108 INFO tempest.lib.common.rest_client [req-ecd85623-5a3a-4838-a102-60646f813f57 req-ecd85623-5a3a-4838-a102-60646f813f57 ] Request (ServersTestMultiNic:setUpClass): 201 POST http://10.180.1.21/identity/v3/auth/tokens 0.086s
2024-12-17 13:58:59.832 63142 INFO tempest.lib.common.rest_client [req-37569c9c-593d-4da8-b153-beca8cfd89d4 req-37569c9c-593d-4da8-b153-beca8cfd89d4 ] Request (ServicesAdminNegativeTestJSON:test_get_service_with_valid_service_and_invalid_host): 200 GET http://10.180.1.21/compute/v2.1/os-services?host=xxx&binary=nova-scheduler 2.588s
2024-12-17 13:58:59.842 63106 INFO tempest.lib.common.rest_client [req-8cc304a3-9e09-46c7-b1e3-2bfec142b856 req-8cc304a3-9e09-46c7-b1e3-2bfec142b856 ] Request (DeleteServersAdminTestJSON:test_admin_delete_servers_of_others): 200 GET http://10.180.1.21/compute/v2.1/servers/02000be7-32ff-4158-8ce7-02bcefe7d81c 3.179s
2024-12-17 13:58:59.851 63134 INFO tempest.lib.common.rest_client [req-709a6187-91ac-4bf5-b014-f18f6f42bd08 req-709a6187-91ac-4bf5-b014-f18f6f42bd08 ] Request (FlavorsAccessTestJSON:test_flavor_access_list_with_private_flavor): 200 POST http://10.180.1.21/compute/v2.1/flavors 2.468s
2024-12-17 13:58:59.853 63118 INFO tempest.lib.common.rest_client [req-9a80c6f3-44af-40bc-b4ac-c8b02e5ac5fa req-9a80c6f3-44af-40bc-b4ac-c8b02e5ac5fa ] Request (FlavorsV261TestJSON:tearDownClass): 204 DELETE http://10.180.1.21:9696/networking/v2.0/security-groups/f3aac7e0-8bfa-4dc2-bbd2-5789b3eb4c96 0.325s
2024-12-17 13:58:59.865 63108 INFO tempest.lib.common.rest_client [req-e7ac51a9-0942-44b9-8edc-64ad12eb8ec6 req-e7ac51a9-0942-44b9-8edc-64ad12eb8ec6 ] Request (ServersTestMultiNic:setUpClass): 201 POST http://10.180.1.21/identity/v3/auth/tokens 0.039s
2024-12-17 13:58:59.932 63118 INFO tempest.lib.common.rest_client [req-823d9436-2ad1-4e80-b7fb-09f989165e3e req-823d9436-2ad1-4e80-b7fb-09f989165e3e ] Request (FlavorsV261TestJSON:tearDownClass): 204 DELETE http://10.180.1.21/identity/v3/projects/85569523e0db43a0a804670fb6e68ca7 0.078s
2024-12-17 13:58:59.932 63118 INFO tempest.lib.common.dynamic_creds [-] Deleting project and security group for project: 3c6bb7fd71c14fbba9bb466376c42394
2024-12-17 13:58:59.950 63147 INFO tempest.lib.common.rest_client [req-68a5309b-974a-4c78-bb98-078d21ff022d req-68a5309b-974a-4c78-bb98-078d21ff022d ] Request (ServersWithSpecificFlavorTestJSON:test_verify_created_server_ephemeral_disk): 200 GET http://10.180.1.21/compute/v2.1/flavors/42 2.414s
2024-12-17 13:58:59.951 63148 INFO tempest.lib.common.rest_client [req-8b154e86-bce5-46c5-902a-c9993235fc44 req-8b154e86-bce5-46c5-902a-c9993235fc44 ] Request (ServerMetadataNegativeTestJSON:setUpClass): 201 POST http://10.180.1.21:9696/networking/v2.0/routers 2.519s
2024-12-17 13:58:59.993 63164 INFO tempest.lib.common.rest_client [req-6c074a1b-b48f-4253-a7a5-2b7838738328 req-6c074a1b-b48f-4253-a7a5-2b7838738328 ] Request (VolumesAssistedSnapshotsTest:setUpClass): 201 POST http://10.180.1.21:9696/networking/v2.0/subnets 0.609s
2024-12-17 13:59:00.014 63108 INFO tempest.lib.common.rest_client [req-7db092aa-fdba-42b6-8a20-11850efd9681 req-7db092aa-fdba-42b6-8a20-11850efd9681 ] Request (ServersTestMultiNic:setUpClass): 200 GET http://10.180.1.21/identity/v3/domains?name=Default 0.148s
2024-12-17 13:59:00.055 63108 INFO tempest.lib.common.rest_client [req-546b018b-15ed-489e-a06c-ad6406b0a60b req-546b018b-15ed-489e-a06c-ad6406b0a60b ] Request (ServersTestMultiNic:setUpClass): 201 POST http://10.180.1.21/identity/v3/projects 0.041s
2024-12-17 13:59:00.111 63108 INFO tempest.lib.common.rest_client [req-77ff22a4-7bf8-447b-bd12-6f85d73e8096 req-77ff22a4-7bf8-447b-bd12-6f85d73e8096 ] Request (ServersTestMultiNic:setUpClass): 201 POST http://10.180.1.21/identity/v3/users 0.055s
2024-12-17 13:59:00.128 63108 INFO tempest.lib.common.rest_client [req-ed819bee-579b-456f-a04a-f4ce3fe4ea0e req-ed819bee-579b-456f-a04a-f4ce3fe4ea0e ] Request (ServersTestMultiNic:setUpClass): 200 GET http://10.180.1.21/identity/v3/roles 0.016s
2024-12-17 13:59:00.155 63108 INFO tempest.lib.common.rest_client [req-7707b594-e07f-492b-afdd-746b0e5b7e2b req-7707b594-e07f-492b-afdd-746b0e5b7e2b ] Request (ServersTestMultiNic:setUpClass): 204 PUT http://10.180.1.21/identity/v3/projects/41c8a076300a47ed95c1c0f2ca028abe/users/64ed110a93c743878e93fdc72854002e/roles/b7e1e390e0364ab28ee3f13477ef5852 0.027s
2024-12-17 13:59:00.155 63108 INFO tempest.lib.common.dynamic_creds [-] Dynamic test user 64ed110a93c743878e93fdc72854002e is created with scope project and roles: ['member']
2024-12-17 13:59:00.155 63108 INFO tempest.lib.common.dynamic_creds [-] Acquired dynamic creds: credentials: Credentials: {'domain_id': 'default', 'domain_name': 'Default', 'username': 'tempest-ServersTestMultiNic-772141819-project-member', 'project_domain_id': 'default', 'project_domain_name': 'Default', 'project_id': '41c8a076300a47ed95c1c0f2ca028abe', 'project_name': 'tempest-ServersTestMultiNic-772141819', 'tenant_id': '41c8a076300a47ed95c1c0f2ca028abe', 'tenant_name': 'tempest-ServersTestMultiNic-772141819', 'user_domain_id': 'default', 'user_domain_name': 'Default', 'user_id': '64ed110a93c743878e93fdc72854002e', 'system': None}, Network: None, Subnet: None, Router: None
2024-12-17 13:59:00.171 63118 INFO tempest.lib.common.rest_client [req-0def8bd3-83fc-415e-8a11-57e5ba1e284f req-0def8bd3-83fc-415e-8a11-57e5ba1e284f ] Request (FlavorsV261TestJSON:tearDownClass): 200 GET http://10.180.1.21:9696/networking/v2.0/security-groups?tenant_id=3c6bb7fd71c14fbba9bb466376c42394&name=default 0.238s
2024-12-17 13:59:00.213 63108 INFO tempest.lib.common.rest_client [req-ada491cf-a43c-4d8d-8637-390bec954759 req-ada491cf-a43c-4d8d-8637-390bec954759 ] Request (ServersTestMultiNic:setUpClass): 201 POST http://10.180.1.21/identity/v3/auth/tokens 0.057s
2024-12-17 13:59:00.214 63160 INFO tempest.lib.common.rest_client [req-946bac8f-921f-4b44-b882-012860039a8b req-946bac8f-921f-4b44-b882-012860039a8b ] Request (QuotasAdminTestJSON:test_delete_quota): 200 GET http://10.180.1.21/compute/v2.1/os-quota-sets/a44be518da0f4892ab94ed0ed1b65f5f 2.328s
2024-12-17 13:59:00.332 63126 INFO tempest.lib.common.rest_client [req-a9adf34b-8c7d-4034-98fa-c61c4c51831c req-a9adf34b-8c7d-4034-98fa-c61c4c51831c ] Request (ServersTestJSON:setUpClass): 201 POST http://10.180.1.21:9696/networking/v2.0/subnets 0.749s
2024-12-17 13:59:00.423 63114 INFO tempest.lib.common.rest_client [req-8570832c-6a9c-451b-ae59-88bac7cdf541 req-8570832c-6a9c-451b-ae59-88bac7cdf541 ] Request (MigrationsAdminTest:test_list_migrations_in_flavor_resize_situation): 200 GET http://10.180.1.21/compute/v2.1/servers/80b8cf1b-b426-4d0c-9134-65936817451b 2.398s
2024-12-17 13:59:00.490 63118 INFO tempest.lib.common.rest_client [req-1a387f3b-b8cf-4212-82df-3250de4d3014 req-1a387f3b-b8cf-4212-82df-3250de4d3014 ] Request (FlavorsV261TestJSON:tearDownClass): 204 DELETE http://10.180.1.21:9696/networking/v2.0/security-groups/aaad23b0-b26e-4011-be49-106af730f204 0.319s
2024-12-17 13:59:00.567 63118 INFO tempest.lib.common.rest_client [req-d2e005e1-46ae-4102-a2f8-b64683d338f9 req-d2e005e1-46ae-4102-a2f8-b64683d338f9 ] Request (FlavorsV261TestJSON:tearDownClass): 204 DELETE http://10.180.1.21/identity/v3/projects/3c6bb7fd71c14fbba9bb466376c42394 0.077s
2024-12-17 13:59:00.624 63118 INFO tempest.lib.common.rest_client [req-44268669-b8fa-42a1-bb6f-4d14fbc11ff9 req-44268669-b8fa-42a1-bb6f-4d14fbc11ff9 ] Request (HypervisorAdminV228Test:setUpClass): 201 POST http://10.180.1.21/identity/v3/auth/tokens 0.056s
2024-12-17 13:59:00.662 63118 INFO tempest.lib.common.rest_client [req-451e0b36-b6bd-4635-900d-9970954e0554 req-451e0b36-b6bd-4635-900d-9970954e0554 ] Request (HypervisorAdminV228Test:setUpClass): 201 POST http://10.180.1.21/identity/v3/auth/tokens 0.035s
2024-12-17 13:59:00.681 63118 INFO tempest.lib.common.rest_client [req-2a389cf0-8093-43a3-9d1a-eb7587ae9f1e req-2a389cf0-8093-43a3-9d1a-eb7587ae9f1e ] Request (HypervisorAdminV228Test:setUpClass): 200 GET http://10.180.1.21/identity/v3/domains?name=Default 0.019s
2024-12-17 13:59:00.708 63118 INFO tempest.lib.common.rest_client [req-cc1e9d3f-c5c3-42e6-8ad0-be77ccee5ea5 req-cc1e9d3f-c5c3-42e6-8ad0-be77ccee5ea5 ] Request (HypervisorAdminV228Test:setUpClass): 201 POST http://10.180.1.21/identity/v3/projects 0.027s
2024-12-17 13:59:00.761 63118 INFO tempest.lib.common.rest_client [req-bc57c167-5ee1-4d71-af6d-79480c3baa9f req-bc57c167-5ee1-4d71-af6d-79480c3baa9f ] Request (HypervisorAdminV228Test:setUpClass): 201 POST http://10.180.1.21/identity/v3/users 0.052s
2024-12-17 13:59:00.781 63118 INFO tempest.lib.common.rest_client [req-ab46fc3e-811b-4468-a9e7-b9f41ca00bd7 req-ab46fc3e-811b-4468-a9e7-b9f41ca00bd7 ] Request (HypervisorAdminV228Test:setUpClass): 200 GET http://10.180.1.21/identity/v3/roles 0.020s
2024-12-17 13:59:00.809 63118 INFO tempest.lib.common.rest_client [req-7b40e038-1813-4171-aed8-f0b6787325d6 req-7b40e038-1813-4171-aed8-f0b6787325d6 ] Request (HypervisorAdminV228Test:setUpClass): 204 PUT http://10.180.1.21/identity/v3/projects/9712d4bee9834e87a840185457e8d93a/users/2f3352f8511c42c096fd749067376a99/roles/b7e1e390e0364ab28ee3f13477ef5852 0.028s
2024-12-17 13:59:00.810 63118 INFO tempest.lib.common.dynamic_creds [-] Dynamic test user 2f3352f8511c42c096fd749067376a99 is created with scope project and roles: ['member']
2024-12-17 13:59:00.810 63118 INFO tempest.lib.common.dynamic_creds [-] Acquired dynamic creds: credentials: Credentials: {'domain_id': 'default', 'domain_name': 'Default', 'username': 'tempest-HypervisorAdminV228Test-2076681403-project-member', 'project_domain_id': 'default', 'project_domain_name': 'Default', 'project_id': '9712d4bee9834e87a840185457e8d93a', 'project_name': 'tempest-HypervisorAdminV228Test-2076681403', 'tenant_id': '9712d4bee9834e87a840185457e8d93a', 'tenant_name': 'tempest-HypervisorAdminV228Test-2076681403', 'user_domain_id': 'default', 'user_domain_name': 'Default', 'user_id': '2f3352f8511c42c096fd749067376a99', 'system': None}, Network: None, Subnet: None, Router: None
2024-12-17 13:59:00.810 63118 INFO tempest.lib.common.dynamic_creds [-] Created isolated network resources for: credentials: Credentials: {'domain_id': 'default', 'domain_name': 'Default', 'username': 'tempest-HypervisorAdminV228Test-2076681403-project-member', 'project_domain_id': 'default', 'project_domain_name': 'Default', 'project_id': '9712d4bee9834e87a840185457e8d93a', 'project_name': 'tempest-HypervisorAdminV228Test-2076681403', 'tenant_id': '9712d4bee9834e87a840185457e8d93a', 'tenant_name': 'tempest-HypervisorAdminV228Test-2076681403', 'user_domain_id': 'default', 'user_domain_name': 'Default', 'user_id': '2f3352f8511c42c096fd749067376a99', 'system': None}, Network: None, Subnet: None, Router: None
2024-12-17 13:59:00.882 63118 INFO tempest.lib.common.rest_client [req-03a562e3-9732-418b-94ca-6c4080206609 req-03a562e3-9732-418b-94ca-6c4080206609 ] Request (HypervisorAdminV228Test:setUpClass): 201 POST http://10.180.1.21/identity/v3/auth/tokens 0.069s
2024-12-17 13:59:00.970 63118 INFO tempest.lib.common.rest_client [req-0f1ff2b6-bf68-4cb6-80b4-367e5e355720 req-0f1ff2b6-bf68-4cb6-80b4-367e5e355720 ] Request (HypervisorAdminV228Test:setUpClass): 201 POST http://10.180.1.21/identity/v3/projects 0.087s
2024-12-17 13:59:01.055 63118 INFO tempest.lib.common.rest_client [req-91e45a9e-98dd-46ce-b180-af5bcd9048c2 req-91e45a9e-98dd-46ce-b180-af5bcd9048c2 ] Request (HypervisorAdminV228Test:setUpClass): 201 POST http://10.180.1.21/identity/v3/users 0.085s
2024-12-17 13:59:01.088 63118 INFO tempest.lib.common.rest_client [req-639e4d46-1c23-405b-89ee-86655ecc397d req-639e4d46-1c23-405b-89ee-86655ecc397d ] Request (HypervisorAdminV228Test:setUpClass): 200 GET http://10.180.1.21/identity/v3/roles 0.031s
2024-12-17 13:59:01.136 63118 INFO tempest.lib.common.rest_client [req-2ee85ee4-4dda-446f-9ce7-a6ebea5c7185 req-2ee85ee4-4dda-446f-9ce7-a6ebea5c7185 ] Request (HypervisorAdminV228Test:setUpClass): 204 PUT http://10.180.1.21/identity/v3/projects/9f6f0a85d8ae43f8b778b7e365521d4b/users/2927d5186d5549a79e7047fa537b09e3/roles/312936d0fecd40059c786e2538920df9 0.047s
2024-12-17 13:59:01.199 63118 INFO tempest.lib.common.rest_client [req-d039a89f-0a02-4bd7-b138-3239dc6f9066 req-d039a89f-0a02-4bd7-b138-3239dc6f9066 ] Request (HypervisorAdminV228Test:setUpClass): 200 GET http://10.180.1.21/identity/v3/roles 0.063s
2024-12-17 13:59:01.232 63118 INFO tempest.lib.common.rest_client [req-e29b4afd-07ec-4ecb-b351-bda4e2c26ea7 req-e29b4afd-07ec-4ecb-b351-bda4e2c26ea7 ] Request (HypervisorAdminV228Test:setUpClass): 204 PUT http://10.180.1.21/identity/v3/projects/9f6f0a85d8ae43f8b778b7e365521d4b/users/2927d5186d5549a79e7047fa537b09e3/roles/312936d0fecd40059c786e2538920df9 0.032s
2024-12-17 13:59:01.232 63118 INFO tempest.lib.common.dynamic_creds [-] Dynamic test user 2927d5186d5549a79e7047fa537b09e3 is created with scope project and roles: ['admin']
2024-12-17 13:59:01.232 63118 INFO tempest.lib.common.dynamic_creds [-] Acquired dynamic creds: credentials: Credentials: {'domain_id': 'default', 'domain_name': 'Default', 'username': 'tempest-HypervisorAdminV228Test-1133279496-project-admin', 'project_domain_id': 'default', 'project_domain_name': 'Default', 'project_id': '9f6f0a85d8ae43f8b778b7e365521d4b', 'project_name': 'tempest-HypervisorAdminV228Test-1133279496', 'tenant_id': '9f6f0a85d8ae43f8b778b7e365521d4b', 'tenant_name': 'tempest-HypervisorAdminV228Test-1133279496', 'user_domain_id': 'default', 'user_domain_name': 'Default', 'user_id': '2927d5186d5549a79e7047fa537b09e3', 'system': None}, Network: None, Subnet: None, Router: None
2024-12-17 13:59:01.232 63118 INFO tempest.lib.common.dynamic_creds [-] Created isolated network resources for: credentials: Credentials: {'domain_id': 'default', 'domain_name': 'Default', 'username': 'tempest-HypervisorAdminV228Test-1133279496-project-admin', 'project_domain_id': 'default', 'project_domain_name': 'Default', 'project_id': '9f6f0a85d8ae43f8b778b7e365521d4b', 'project_name': 'tempest-HypervisorAdminV228Test-1133279496', 'tenant_id': '9f6f0a85d8ae43f8b778b7e365521d4b', 'tenant_name': 'tempest-HypervisorAdminV228Test-1133279496', 'user_domain_id': 'default', 'user_domain_name': 'Default', 'user_id': '2927d5186d5549a79e7047fa537b09e3', 'system': None}, Network: None, Subnet: None, Router: None
2024-12-17 13:59:01.307 63108 INFO tempest.lib.common.rest_client [req-2e2bf2e4-dc56-45b0-9f63-acd497f9fc2f req-2e2bf2e4-dc56-45b0-9f63-acd497f9fc2f ] Request (ServersTestMultiNic:setUpClass): 201 POST http://10.180.1.21:9696/networking/v2.0/networks 1.093s
2024-12-17 13:59:01.309 63118 INFO tempest.lib.common.rest_client [req-a7748cdc-af67-4c39-8e45-36cd296338d5 req-a7748cdc-af67-4c39-8e45-36cd296338d5 ] Request (HypervisorAdminV228Test:setUpClass): 201 POST http://10.180.1.21/identity/v3/auth/tokens 0.071s
2024-12-17 13:59:01.417 63129 INFO tempest.lib.common.rest_client [req-c5bda95c-d2b5-4a2e-80bf-cec3b1fab3bc req-c5bda95c-d2b5-4a2e-80bf-cec3b1fab3bc ] Request (FloatingIPsAssociationTestJSON:setUpClass): 202 POST http://10.180.1.21/compute/v2.1/servers 3.749s
2024-12-17 13:59:01.427 63122 INFO tempest.lib.common.rest_client [req-371f81b4-2c25-4b69-9025-4c1cc8e24aec req-371f81b4-2c25-4b69-9025-4c1cc8e24aec ] Request (HypervisorAdminNegativeUnderV252Test:test_show_servers_with_nonexistent_hypervisor): 404 GET http://10.180.1.21/compute/v2.1/os-hypervisors/c45a14c7-f746-4451-a265-df7fe83079f8/servers 3.363s
2024-12-17 13:59:01.544 63122 INFO tempest.lib.common.rest_client [req-afa06982-3380-4357-8e00-ba4fba3ebbfe req-afa06982-3380-4357-8e00-ba4fba3ebbfe ] Request (HypervisorAdminNegativeUnderV252Test:tearDownClass): 204 DELETE http://10.180.1.21/identity/v3/users/bb1ccc97b84d43d3a8030c609ad871e0 0.116s
2024-12-17 13:59:01.605 63112 INFO tempest.lib.common.rest_client [req-c0c8a776-efe0-4218-b0a9-118aef9bebe1 req-c0c8a776-efe0-4218-b0a9-118aef9bebe1 ] Request (QuotasAdminNegativeTest:_run_cleanups): 200 PUT http://10.180.1.21/compute/v2.1/os-quota-sets/e64c85849afc41d38c83073907a2d565 3.511s
2024-12-17 13:59:01.614 63158 INFO tempest.lib.common.rest_client [req-d8eff00f-2c93-44cb-9b99-0e84729ff7ae req-d8eff00f-2c93-44cb-9b99-0e84729ff7ae ] Request (FlavorsV255TestJSON:_run_cleanups): 202 DELETE http://10.180.1.21/compute/v2.1/flavors/330738974 3.495s
2024-12-17 13:59:01.639 63154 INFO tempest.lib.common.rest_client [req-f9ea98fb-f777-44c6-93f1-1d6684427066 req-f9ea98fb-f777-44c6-93f1-1d6684427066 ] Request (KeyPairsV210TestJSON:_run_cleanups): 204 DELETE http://10.180.1.21/compute/v2.1/os-keypairs/tempest-KeyPairsV210TestJSON-keypair-388061301 3.511s
2024-12-17 13:59:01.656 63150 INFO tempest.lib.common.rest_client [req-02b5998e-f875-4d29-9e29-530681aa04da req-02b5998e-f875-4d29-9e29-530681aa04da ] Request (AggregatesAdminNegativeTestJSON:_run_cleanups): 200 DELETE http://10.180.1.21/compute/v2.1/os-aggregates/1 3.304s
2024-12-17 13:59:01.668 63122 INFO tempest.lib.common.rest_client [req-3ec645c1-583d-4321-bd4a-e64a8081a1fa req-3ec645c1-583d-4321-bd4a-e64a8081a1fa ] Request (HypervisorAdminNegativeUnderV252Test:tearDownClass): 204 DELETE http://10.180.1.21/identity/v3/users/fddd0cc53ac843228685deed7b452491 0.124s
2024-12-17 13:59:01.668 63122 INFO tempest.lib.common.dynamic_creds [-] Deleting project and security group for project: ddc77e1067b247409174e51fb6b6e312
2024-12-17 13:59:01.733 63122 INFO tempest.lib.common.rest_client [req-bd3ec7d6-d122-4515-ad9d-e59444207b3e req-bd3ec7d6-d122-4515-ad9d-e59444207b3e ] Request (HypervisorAdminNegativeUnderV252Test:tearDownClass): 201 POST http://10.180.1.21/identity/v3/auth/tokens 0.064s
2024-12-17 13:59:01.901 63130 INFO tempest.lib.common.rest_client [req-26f67079-393c-4e0a-affe-ea0dce4acd88 req-26f67079-393c-4e0a-affe-ea0dce4acd88 ] Request (ServersAdminTestJSON:setUpClass): 201 POST http://10.180.1.21:9696/networking/v2.0/routers 3.023s
2024-12-17 13:59:02.074 63124 INFO tempest.lib.common.rest_client [req-1a9b4230-ce8e-465e-862f-d6f5d6c5d745 req-1a9b4230-ce8e-465e-862f-d6f5d6c5d745 ] Request (SecurityGroupRulesNegativeTestJSON:test_create_security_group_rule_with_invalid_from_port): 200 POST http://10.180.1.21/compute/v2.1/os-security-groups 3.396s
2024-12-17 13:59:02.183 63140 INFO tempest.lib.common.rest_client [req-c4ba38c6-89bc-411d-b1ab-c0de72adde5e req-c4ba38c6-89bc-411d-b1ab-c0de72adde5e ] Request (InstanceUsageAuditLogNegativeTestJSON:test_get_instance_usage_audit_logs_with_invalid_time): 400 GET http://10.180.1.21/compute/v2.1/os-instance_usage_audit_log/invalid_time 3.075s
2024-12-17 13:59:02.243 63122 INFO tempest.lib.common.rest_client [req-bb739b91-6774-4235-a293-a322c19941a7 req-bb739b91-6774-4235-a293-a322c19941a7 ] Request (HypervisorAdminNegativeUnderV252Test:tearDownClass): 200 GET http://10.180.1.21:9696/networking/v2.0/security-groups?tenant_id=ddc77e1067b247409174e51fb6b6e312&name=default 0.510s
