2024-12-17 13:59:36.199 63142 INFO tempest.lib.common.rest_client [req-fb2f318e-9db7-492c-8a2e-274c926dfa30 req-fb2f318e-9db7-492c-8a2e-274c926dfa30 ] Request (ServerMetadataTestJSON:setUpClass): 201 POST http://10.180.1.21:9696/networking/v2.0/networks 0.762s
2024-12-17 13:59:36.225 63124 INFO tempest.lib.common.rest_client [req-5fb1e478-fdcd-4242-872e-08b8c4238a07 req-5fb1e478-fdcd-4242-872e-08b8c4238a07 ] Request (SecurityGroupRulesNegativeTestJSON:tearDownClass): 202 DELETE http://10.180.1.21/compute/v2.1/os-security-groups/59761800-2f19-4fd5-b36c-3bb8cfc0e17a 3.748s
2024-12-17 13:59:36.254 63156 INFO tempest.lib.common.rest_client [req-a7a137a6-3322-484c-926d-56dbe611787f req-a7a137a6-3322-484c-926d-56dbe611787f ] Request (AttachInterfacesV270Test:test_create_get_list_interfaces): 404 GET http://10.180.1.21/compute/v2.1/servers/1f70e1a3-f0d2-418e-a8df-4333cf572c6b 2.868s
2024-12-17 13:59:36.635 63110 INFO tempest.lib.common.rest_client [req-eb31f59a-a1ae-4a8f-acce-3926dd31b423 req-eb31f59a-a1ae-4a8f-acce-3926dd31b423 ] Request (FloatingIPDetailsNegativeTestJSON:setUpClass): 200 PUT http://10.180.1.21:9696/networking/v2.0/routers/4933947c-66d1-4889-9d12-f6e7a0e71ac3/add_router_interface 4.325s
2024-12-17 13:59:36.636 63110 INFO tempest.lib.common.dynamic_creds [-] Created isolated network resources for: credentials: Credentials: {'domain_id': 'default', 'domain_name': 'Default', 'username': 'tempest-FloatingIPDetailsNegativeTestJSON-305866778-project-member', 'project_domain_id': 'default', 'project_domain_name': 'Default', 'project_id': 'c7bf733549534315b36199fdbf99639a', 'project_name': 'tempest-FloatingIPDetailsNegativeTestJSON-305866778', 'tenant_id': 'c7bf733549534315b36199fdbf99639a', 'tenant_name': 'tempest-FloatingIPDetailsNegativeTestJSON-305866778', 'user_domain_id': 'default', 'user_domain_name': 'Default', 'user_id': '10b806585b8047c79a0bd2d87a10cc3b', 'system': None}, Network: {'id': '9f81424a-9d1d-4bf1-94c6-b7e386e975aa', 'name': 'tempest-FloatingIPDetailsNegativeTestJSON-182664004-network', 'tenant_id': 'c7bf733549534315b36199fdbf99639a', 'admin_state_up': True, 'mtu': 8950, 'status': 'ACTIVE', 'subnets': [], 'shared': False, 'project_id': 'c7bf733549534315b36199fdbf99639a', 'port_security_enabled': True, 'router:external': False, 'provider:network_type': 'vlan', 'provider:physical_network': 'default', 'provider:segmentation_id': 305, 'is_default': False, 'availability_zone_hints': [], 'availability_zones': [], 'ipv4_address_scope': None, 'ipv6_address_scope': None, 'description': '', 'tags': [], 'created_at': '2024-12-17T13:59:29Z', 'updated_at': '2024-12-17T13:59:29Z', 'revision_number': 1}, Subnet: {'id': '06a3e3b5-d660-42f7-9c9f-7a89c5bd1f22', 'name': 'tempest-FloatingIPDetailsNegativeTestJSON-182664004-subnet', 'tenant_id': 'c7bf733549534315b36199fdbf99639a', 'network_id': '9f81424a-9d1d-4bf1-94c6-b7e386e975aa', 'ip_version': 4, 'subnetpool_id': None, 'enable_dhcp': True, 'ipv6_ra_mode': None, 'ipv6_address_mode': None, 'gateway_ip': '192.168.128.1', 'cidr': '192.168.128.0/28', 'allocation_pools': [{'start': '192.168.128.2', 'end': '192.168.128.14'}], 'host_routes': [], 'dns_nameservers': [], 'description': '', 'service_types': [], 'tags': [], 'created_at': '2024-12-17T13:59:29Z', 'updated_at': '2024-12-17T13:59:29Z', 'revision_number': 0, 'project_id': 'c7bf733549534315b36199fdbf99639a'}, Router: {'id': '4933947c-66d1-4889-9d12-f6e7a0e71ac3', 'name': 'tempest-FloatingIPDetailsNegativeTestJSON-182664004-router', 'tenant_id': 'c7bf733549534315b36199fdbf99639a', 'admin_state_up': True, 'status': 'ACTIVE', 'external_gateway_info': {'network_id': '6285eefb-8a1c-4920-9832-2695c6a4bbc4', 'external_fixed_ips': [{'subnet_id': '0366d6a0-b8a7-48da-b533-a669f5ef09a5', 'ip_address': '10.180.180.133'}], 'enable_snat': True}, 'description': '', 'availability_zones': [], 'distributed': False, 'ha': False, 'availability_zone_hints': [], 'routes': [], 'flavor_id': None, 'tags': [], 'created_at': '2024-12-17T13:59:29Z', 'updated_at': '2024-12-17T13:59:31Z', 'revision_number': 2, 'project_id': 'c7bf733549534315b36199fdbf99639a'}
2024-12-17 13:59:36.699 63110 INFO tempest.lib.common.rest_client [req-91babb10-a804-42e3-a013-3254dc79f4c5 req-91babb10-a804-42e3-a013-3254dc79f4c5 ] Request (FloatingIPDetailsNegativeTestJSON:setUpClass): 201 POST http://10.180.1.21/identity/v3/auth/tokens 0.061s
2024-12-17 13:59:36.804 63134 INFO tempest.lib.common.rest_client [req-b6c27700-245e-43ed-a12d-1cfa65f9e610 req-b6c27700-245e-43ed-a12d-1cfa65f9e610 ] Request (SecurityGroupRulesTestJSON:test_security_group_rules_create_with_optional_group_id): 200 POST http://10.180.1.21/compute/v2.1/os-security-groups 3.504s
2024-12-17 13:59:36.834 63144 INFO tempest.lib.common.rest_client [req-6100f026-3ea9-4819-9b2f-fd552c0bd089 req-6100f026-3ea9-4819-9b2f-fd552c0bd089 ] Request (FlavorsV2TestJSON:test_list_flavors_detailed_filter_by_min_disk): 200 GET http://10.180.1.21/compute/v2.1/flavors/detail?minDisk=2 3.055s
2024-12-17 13:59:36.866 63104 INFO tempest.lib.common.rest_client [req-0f3585b4-d255-46af-a859-f86ca0557b17 req-0f3585b4-d255-46af-a859-f86ca0557b17 ] Request (ImagesMetadataTestJSON:test_list_image_metadata): 200 GET http://10.180.1.21/compute/v2.1/images/c6481270-afcc-4af5-bd68-8b731a54e1dd/metadata 2.942s
2024-12-17 13:59:36.881 63160 INFO tempest.lib.common.rest_client [req-2d549b5a-8c25-4277-adeb-f0af1855e0d7 req-2d549b5a-8c25-4277-adeb-f0af1855e0d7 ] Request (ServersAdminNegativeTestJSON:setUpClass): 202 POST http://10.180.1.21/compute/v2.1/servers 3.145s
2024-12-17 13:59:36.886 63147 INFO tempest.lib.common.rest_client [req-f90de53f-f24e-489f-b471-a134dce51504 req-f90de53f-f24e-489f-b471-a134dce51504 ] Request (ServersWithSpecificFlavorTestJSON:test_verify_created_server_ephemeral_disk): 404 GET http://10.180.1.21/compute/v2.1/servers/d0313f99-0e2a-48af-aeba-07379822dd6b 2.696s
2024-12-17 13:59:36.900 63136 INFO tempest.lib.common.rest_client [req-f11cfc6b-3327-4be8-80a3-db31d1c03dbd req-f11cfc6b-3327-4be8-80a3-db31d1c03dbd ] Request (FlavorsAdminTestJSON:_run_cleanups): 202 DELETE http://10.180.1.21/compute/v2.1/flavors/1785784441 2.552s
2024-12-17 13:59:36.997 63166 INFO tempest.lib.common.rest_client [req-4880a681-e3fa-4109-8dc2-b56778f5377a req-4880a681-e3fa-4109-8dc2-b56778f5377a ] Request (QuotaClassesAdminTestJSON:test_update_default_quotas): 200 PUT http://10.180.1.21/compute/v2.1/os-quota-class-sets/default 2.661s
2024-12-17 13:59:37.090 63142 INFO tempest.lib.common.rest_client [req-552cf4e1-9fe9-4ee6-bf81-c3fe323ffd97 req-552cf4e1-9fe9-4ee6-bf81-c3fe323ffd97 ] Request (ServerMetadataTestJSON:setUpClass): 201 POST http://10.180.1.21:9696/networking/v2.0/subnets 0.890s
2024-12-17 13:59:37.255 63162 INFO tempest.lib.common.rest_client [req-4b9ab5e3-8a9b-450d-9c19-6e9bc8b84451 req-4b9ab5e3-8a9b-450d-9c19-6e9bc8b84451 ] Request (InstanceActionsTestJSON:setUpClass): 200 PUT http://10.180.1.21:9696/networking/v2.0/routers/1ad873ff-958c-4362-a135-45acac3c3edc/add_router_interface 3.933s
2024-12-17 13:59:37.255 63162 INFO tempest.lib.common.dynamic_creds [-] Created isolated network resources for: credentials: Credentials: {'domain_id': 'default', 'domain_name': 'Default', 'username': 'tempest-InstanceActionsTestJSON-148041275-project-member', 'project_domain_id': 'default', 'project_domain_name': 'Default', 'project_id': '4eaed1df3ed94294813d7331dfc6afb8', 'project_name': 'tempest-InstanceActionsTestJSON-148041275', 'tenant_id': '4eaed1df3ed94294813d7331dfc6afb8', 'tenant_name': 'tempest-InstanceActionsTestJSON-148041275', 'user_domain_id': 'default', 'user_domain_name': 'Default', 'user_id': '352db8af8a2c410092e7ef87aa9f9a2b', 'system': None}, Network: {'id': '09d60be4-084c-45e6-9a48-6553f72024b0', 'name': 'tempest-InstanceActionsTestJSON-919287345-network', 'tenant_id': '4eaed1df3ed94294813d7331dfc6afb8', 'admin_state_up': True, 'mtu': 8950, 'status': 'ACTIVE', 'subnets': [], 'shared': False, 'project_id': '4eaed1df3ed94294813d7331dfc6afb8', 'port_security_enabled': True, 'router:external': False, 'provider:network_type': 'vlan', 'provider:physical_network': 'default', 'provider:segmentation_id': 14, 'is_default': False, 'availability_zone_hints': [], 'availability_zones': [], 'ipv4_address_scope': None, 'ipv6_address_scope': None, 'description': '', 'tags': [], 'created_at': '2024-12-17T13:59:30Z', 'updated_at': '2024-12-17T13:59:30Z', 'revision_number': 1}, Subnet: {'id': '04e3d250-f01a-40fa-bf6c-baf52e15143b', 'name': 'tempest-InstanceActionsTestJSON-919287345-subnet', 'tenant_id': '4eaed1df3ed94294813d7331dfc6afb8', 'network_id': '09d60be4-084c-45e6-9a48-6553f72024b0', 'ip_version': 4, 'subnetpool_id': None, 'enable_dhcp': True, 'ipv6_ra_mode': None, 'ipv6_address_mode': None, 'gateway_ip': '192.168.128.1', 'cidr': '192.168.128.0/28', 'allocation_pools': [{'start': '192.168.128.2', 'end': '192.168.128.14'}], 'host_routes': [], 'dns_nameservers': [], 'description': '', 'service_types': [], 'tags': [], 'created_at': '2024-12-17T13:59:31Z', 'updated_at': '2024-12-17T13:59:31Z', 'revision_number': 0, 'project_id': '4eaed1df3ed94294813d7331dfc6afb8'}, Router: {'id': '1ad873ff-958c-4362-a135-45acac3c3edc', 'name': 'tempest-InstanceActionsTestJSON-919287345-router', 'tenant_id': '4eaed1df3ed94294813d7331dfc6afb8', 'admin_state_up': True, 'status': 'ACTIVE', 'external_gateway_info': {'network_id': '6285eefb-8a1c-4920-9832-2695c6a4bbc4', 'external_fixed_ips': [{'subnet_id': '0366d6a0-b8a7-48da-b533-a669f5ef09a5', 'ip_address': '10.180.180.242'}], 'enable_snat': True}, 'description': '', 'availability_zones': [], 'distributed': False, 'ha': False, 'availability_zone_hints': [], 'routes': [], 'flavor_id': None, 'tags': [], 'created_at': '2024-12-17T13:59:31Z', 'updated_at': '2024-12-17T13:59:32Z', 'revision_number': 2, 'project_id': '4eaed1df3ed94294813d7331dfc6afb8'}
2024-12-17 13:59:37.268 63152 INFO tempest.lib.common.rest_client [req-b15f3288-48ce-483a-85d5-2f5891c9570d req-b15f3288-48ce-483a-85d5-2f5891c9570d ] Request (ImagesNegativeTestJSON:test_create_image_from_deleted_server): 200 GET http://10.180.1.21/compute/v2.1/servers/3070aef7-432d-4f92-80d5-18efd8cceec3 2.592s
2024-12-17 13:59:37.317 63140 INFO tempest.lib.common.rest_client [req-e8440f8e-4dd8-4d56-8f08-30124a6cb4f9 req-e8440f8e-4dd8-4d56-8f08-30124a6cb4f9 ] Request (ServerPasswordTestJSON:tearDownClass): 204 DELETE http://10.180.1.21:9696/networking/v2.0/routers/2495b133-4327-4c64-b95d-7d6b26d00864 1.520s
2024-12-17 13:59:37.344 63162 INFO tempest.lib.common.rest_client [req-5fc2c613-1746-4bc6-a8f7-d6bd7e16d8d5 req-5fc2c613-1746-4bc6-a8f7-d6bd7e16d8d5 ] Request (InstanceActionsTestJSON:setUpClass): 201 POST http://10.180.1.21/identity/v3/auth/tokens 0.083s
2024-12-17 13:59:37.379 63162 INFO tempest.lib.common.rest_client [req-471fa9d3-96f0-451a-9e0c-a24c7dd74873 req-471fa9d3-96f0-451a-9e0c-a24c7dd74873 ] Request (InstanceActionsTestJSON:setUpClass): 201 POST http://10.180.1.21/identity/v3/auth/tokens 0.030s
2024-12-17 13:59:37.380 63162 INFO tempest.lib.common.fixed_network [-] (InstanceActionsTestJSON:setUpClass) Found network {'id': '09d60be4-084c-45e6-9a48-6553f72024b0', 'name': 'tempest-InstanceActionsTestJSON-919287345-network', 'tenant_id': '4eaed1df3ed94294813d7331dfc6afb8', 'admin_state_up': True, 'mtu': 8950, 'status': 'ACTIVE', 'subnets': [], 'shared': False, 'project_id': '4eaed1df3ed94294813d7331dfc6afb8', 'port_security_enabled': True, 'router:external': False, 'provider:network_type': 'vlan', 'provider:physical_network': 'default', 'provider:segmentation_id': 14, 'is_default': False, 'availability_zone_hints': [], 'availability_zones': [], 'ipv4_address_scope': None, 'ipv6_address_scope': None, 'description': '', 'tags': [], 'created_at': '2024-12-17T13:59:30Z', 'updated_at': '2024-12-17T13:59:30Z', 'revision_number': 1} available for tenant
2024-12-17 13:59:37.399 63130 INFO tempest.lib.common.rest_client [req-cd49eec7-9148-4a64-baa5-b41ead55ebf2 req-cd49eec7-9148-4a64-baa5-b41ead55ebf2 ] Request (ServersAdminTestJSON:tearDownClass): 204 DELETE http://10.180.1.21:9696/networking/v2.0/routers/06fe9c05-644e-45a8-b2db-851c14f18d87 1.574s
2024-12-17 13:59:37.542 63106 INFO tempest.lib.common.rest_client [req-013aa472-f644-4a43-86c2-2af4b9f72039 req-013aa472-f644-4a43-86c2-2af4b9f72039 ] Request (DeleteServersAdminTestJSON:test_admin_delete_servers_of_others): 200 GET http://10.180.1.21/compute/v2.1/servers/02000be7-32ff-4158-8ce7-02bcefe7d81c 2.808s
2024-12-17 13:59:37.610 63154 INFO tempest.lib.common.rest_client [req-7ad52e66-8ca4-49e4-ae4e-a9c93fb033e1 req-7ad52e66-8ca4-49e4-ae4e-a9c93fb033e1 ] Request (ServerDiskConfigTestJSON:test_rebuild_server_with_auto_disk_config): 200 GET http://10.180.1.21/compute/v2.1/servers/6dbd7bde-18a5-4610-9a67-8e7ee1cb28de 2.836s
2024-12-17 13:59:37.631 63140 INFO tempest.lib.common.rest_client [req-410b188f-2372-4026-aaf0-8eed2dabae21 req-410b188f-2372-4026-aaf0-8eed2dabae21 ] Request (ServerPasswordTestJSON:tearDownClass): 204 DELETE http://10.180.1.21:9696/networking/v2.0/subnets/7327ab36-14c1-488e-8dfe-641b24f66c9b 0.313s
2024-12-17 13:59:37.669 63164 INFO tempest.lib.common.rest_client [req-027cac58-2823-4d5a-9c0a-49d5bedc1251 req-027cac58-2823-4d5a-9c0a-49d5bedc1251 ] Request (VolumesAssistedSnapshotsTest:tearDownClass): 200 PUT http://10.180.1.21:9696/networking/v2.0/routers/fa0ab477-67c7-4899-80ff-3280df414eba/remove_router_interface 3.085s
2024-12-17 13:59:37.908 63116 INFO tempest.lib.common.rest_client [req-8118c9c9-4737-4022-8e85-1137534e9362 req-8118c9c9-4737-4022-8e85-1137534e9362 ] Request (ListImageFiltersTestJSON:setUpClass): 200 GET http://10.180.1.21/compute/v2.1/servers/ebbc4c2d-aab8-4d57-a2f5-9c7f6848c7b3 3.098s
2024-12-17 13:59:38.227 63130 INFO tempest.lib.common.rest_client [req-7d0bb057-cfd2-4d13-830e-664db62dc4c5 req-7d0bb057-cfd2-4d13-830e-664db62dc4c5 ] Request (ServersAdminTestJSON:tearDownClass): 204 DELETE http://10.180.1.21:9696/networking/v2.0/subnets/34e283f1-5df7-4be8-a0aa-76828af866d4 0.827s
2024-12-17 13:59:38.272 63126 INFO tempest.lib.common.rest_client [req-0821177f-ecb6-4c85-9f26-c202754d3b6f req-0821177f-ecb6-4c85-9f26-c202754d3b6f ] Request (ServersTestJSON:tearDownClass): 200 PUT http://10.180.1.21:9696/networking/v2.0/routers/144e7889-5c4f-4d23-968b-c3d57d309608/remove_router_interface 2.306s
2024-12-17 13:59:38.573 63140 INFO tempest.lib.common.rest_client [req-9eeff244-543d-408e-b96e-8709ed2d4ab0 req-9eeff244-543d-408e-b96e-8709ed2d4ab0 ] Request (ServerPasswordTestJSON:tearDownClass): 204 DELETE http://10.180.1.21:9696/networking/v2.0/networks/d136fa79-3f32-45d5-91e0-5b4135012c6f 0.942s
2024-12-17 13:59:38.656 63140 INFO tempest.lib.common.rest_client [req-be4c3c9d-a821-4e8a-ab55-16503e66728e req-be4c3c9d-a821-4e8a-ab55-16503e66728e ] Request (ServerPasswordTestJSON:tearDownClass): 204 DELETE http://10.180.1.21/identity/v3/users/adc06c4c26f2403ca84295842e0ab119 0.083s
2024-12-17 13:59:38.656 63140 INFO tempest.lib.common.dynamic_creds [-] Deleting project and security group for project: b733d56083b64151ae5e1d3c8ce7a2ef
2024-12-17 13:59:38.744 63140 INFO tempest.lib.common.rest_client [req-f3f5e4a7-c3fb-4500-8676-2a267c1b1dc5 req-f3f5e4a7-c3fb-4500-8676-2a267c1b1dc5 ] Request (ServerPasswordTestJSON:tearDownClass): 200 GET http://10.180.1.21:9696/networking/v2.0/security-groups?tenant_id=b733d56083b64151ae5e1d3c8ce7a2ef&name=default 0.087s
2024-12-17 13:59:38.856 63112 INFO tempest.lib.common.rest_client [req-ac509fb5-e0c3-46fd-8919-bd5fb987734c req-ac509fb5-e0c3-46fd-8919-bd5fb987734c ] Request (ImagesOneServerTestJSON:setUpClass): 202 POST http://10.180.1.21/compute/v2.1/servers 3.905s
2024-12-17 13:59:38.893 63140 INFO tempest.lib.common.rest_client [req-43b90896-ce8c-4530-b92a-49801f918e5f req-43b90896-ce8c-4530-b92a-49801f918e5f ] Request (ServerPasswordTestJSON:tearDownClass): 204 DELETE http://10.180.1.21:9696/networking/v2.0/security-groups/1127a7fe-e97d-4603-89f0-3e896a10f772 0.149s
2024-12-17 13:59:38.995 63108 INFO tempest.lib.common.rest_client [req-a1435039-87e0-4964-b2a9-bf07b64de206 req-a1435039-87e0-4964-b2a9-bf07b64de206 ] Request (ServersTestMultiNic:test_verify_multiple_nics_order): 202 POST http://10.180.1.21/compute/v2.1/servers 4.578s
2024-12-17 13:59:39.056 63140 INFO tempest.lib.common.rest_client [req-45207c0b-f2db-4638-8384-6e47e7a900ca req-45207c0b-f2db-4638-8384-6e47e7a900ca ] Request (ServerPasswordTestJSON:tearDownClass): 204 DELETE http://10.180.1.21/identity/v3/projects/b733d56083b64151ae5e1d3c8ce7a2ef 0.163s
2024-12-17 13:59:39.059 63140 INFO tempest.test [-] raised in AttachVolumeMultiAttachTest.setUpClass. Invoking tearDownClass.
2024-12-17 13:59:39.187 63129 INFO tempest.lib.common.rest_client [req-38871715-0517-45aa-952f-fcc712cd1274 req-38871715-0517-45aa-952f-fcc712cd1274 ] Request (ServerAddressesNegativeTestJSON:setUpClass): 200 GET http://10.180.1.21/compute/v2.1/servers/5dd7efde-cc03-45e1-aa20-e9a59be6139b 4.000s
2024-12-17 13:59:39.280 63138 INFO tempest.lib.common.rest_client [req-6c79a501-ca50-40ea-8eb8-0bb0809c19fd req-6c79a501-ca50-40ea-8eb8-0bb0809c19fd ] Request (ServerActionsTestOtherB:setUpClass): 200 GET http://10.180.1.21/compute/v2.1/servers/2aa1645e-334b-4826-bb1e-4ea36e1ac6ef 3.590s
2024-12-17 13:59:39.353 63130 INFO tempest.lib.common.rest_client [req-98d648ad-0046-4e1e-8f43-87e370650a7e req-98d648ad-0046-4e1e-8f43-87e370650a7e ] Request (ServersAdminTestJSON:tearDownClass): 204 DELETE http://10.180.1.21:9696/networking/v2.0/networks/0ed4e9ca-f531-416f-8d1e-e9a2cf66677e 1.126s
2024-12-17 13:59:39.478 63164 INFO tempest.lib.common.rest_client [req-134c7f12-81a7-4ccb-859a-7e45197ac5bb req-134c7f12-81a7-4ccb-859a-7e45197ac5bb ] Request (VolumesAssistedSnapshotsTest:tearDownClass): 204 DELETE http://10.180.1.21:9696/networking/v2.0/routers/fa0ab477-67c7-4899-80ff-3280df414eba 1.809s
2024-12-17 13:59:39.520 63122 INFO tempest.lib.common.rest_client [req-5b439c12-48f6-4637-9356-29a50a0dbfd2 req-5b439c12-48f6-4637-9356-29a50a0dbfd2 ] Request (VolumesAdminNegativeTest:test_update_attached_volume_with_nonexistent_volume_in_body): 204 DELETE http://10.180.1.21/compute/v2.1/servers/d66aed11-4328-443a-a833-8da6d26b668d 3.823s
2024-12-17 13:59:39.543 63118 INFO tempest.lib.common.rest_client [req-6e6423ae-4e6e-47dd-9779-8650d5dfbe61 req-6e6423ae-4e6e-47dd-9779-8650d5dfbe61 ] Request (SecurityGroupsTestAdminJSON:_run_cleanups): 202 DELETE http://10.180.1.21/compute/v2.1/os-security-groups/1a81f831-b78c-44a3-a936-f98b024a07cd 3.962s
2024-12-17 13:59:39.571 63126 INFO tempest.lib.common.rest_client [req-a0230e4b-2657-4632-a664-ca9b19cb62ed req-a0230e4b-2657-4632-a664-ca9b19cb62ed ] Request (ServersTestJSON:tearDownClass): 204 DELETE http://10.180.1.21:9696/networking/v2.0/routers/144e7889-5c4f-4d23-968b-c3d57d309608 1.298s
2024-12-17 13:59:39.670 63156 INFO tempest.lib.common.rest_client [req-f75131bb-81ef-4161-a5f5-c80cf5280a79 req-f75131bb-81ef-4161-a5f5-c80cf5280a79 ] Request (AttachInterfacesV270Test:tearDownClass): 200 PUT http://10.180.1.21:9696/networking/v2.0/routers/b1bc29a0-1ad4-496a-a138-70294e063701/remove_router_interface 3.408s
2024-12-17 13:59:39.719 63132 INFO tempest.lib.common.rest_client [req-7b294041-d942-4b95-b0d4-761118f806bc req-7b294041-d942-4b95-b0d4-761118f806bc ] Request (SecurityGroupsTestJSON:test_security_groups_create_list_delete): 200 POST http://10.180.1.21/compute/v2.1/os-security-groups 3.644s
2024-12-17 13:59:39.725 63150 INFO tempest.lib.common.rest_client [req-b5ea3a88-6a70-43e6-9426-8ef65df0f12b req-b5ea3a88-6a70-43e6-9426-8ef65df0f12b ] Request (AggregatesAdminNegativeTestJSON:test_aggregate_delete_as_user): 403 DELETE http://10.180.1.21/compute/v2.1/os-aggregates/5 3.526s
2024-12-17 13:59:39.766 63148 INFO tempest.lib.common.rest_client [req-5bf0e3c0-18f6-4cc2-b569-bc91b29f174e req-5bf0e3c0-18f6-4cc2-b569-bc91b29f174e ] Request (ServerShowV254Test:test_rebuild_server): 204 DELETE http://10.180.1.21/compute/v2.1/servers/761a357f-afb3-474b-aad2-ab11c636659d 3.582s
2024-12-17 13:59:39.806 63164 INFO tempest.lib.common.rest_client [req-289538c9-d919-4b49-aef9-bfc67113383c req-289538c9-d919-4b49-aef9-bfc67113383c ] Request (VolumesAssistedSnapshotsTest:tearDownClass): 204 DELETE http://10.180.1.21:9696/networking/v2.0/subnets/1836964e-932d-4cfa-975a-930b7df5dac4 0.328s
2024-12-17 13:59:39.896 63126 INFO tempest.lib.common.rest_client [req-0f3b3ffd-8bb7-4597-bcc4-75c81dd752f3 req-0f3b3ffd-8bb7-4597-bcc4-75c81dd752f3 ] Request (ServersTestJSON:tearDownClass): 204 DELETE http://10.180.1.21:9696/networking/v2.0/subnets/c7dfa422-9bde-4dc1-8b12-92b864088308 0.325s
2024-12-17 13:59:40.016 63124 INFO tempest.lib.common.rest_client [req-f111d359-ac5e-4a48-8703-44eee1f4cea5 req-f111d359-ac5e-4a48-8703-44eee1f4cea5 ] Request (SecurityGroupRulesNegativeTestJSON:tearDownClass): 202 DELETE http://10.180.1.21/compute/v2.1/os-security-groups/e0167457-8afb-4e75-980d-1aa800dd9298 3.790s
2024-12-17 13:59:40.029 63110 INFO tempest.lib.common.rest_client [req-47df2aed-4c69-4a93-a961-4592c464a756 req-47df2aed-4c69-4a93-a961-4592c464a756 ] Request (FloatingIPDetailsNegativeTestJSON:test_get_nonexistent_floating_ip_details): 404 GET http://10.180.1.21/compute/v2.1/os-floating-ips/7e132ed2-e3de-49e9-917f-03c2f01017e1 3.328s
2024-12-17 13:59:40.049 63144 INFO tempest.lib.common.rest_client [req-d930b379-a135-48d1-8887-52782388fc68 req-d930b379-a135-48d1-8887-52782388fc68 ] Request (FlavorsV2TestJSON:test_list_flavors_detailed_filter_by_min_ram): 200 GET http://10.180.1.21/compute/v2.1/flavors/42 3.210s
2024-12-17 13:59:40.198 63104 INFO tempest.lib.common.rest_client [req-c4682f03-1bea-4652-b3b7-5f8c9d053e77 req-c4682f03-1bea-4652-b3b7-5f8c9d053e77 ] Request (ImagesMetadataTestJSON:setUp): 200 PUT http://10.180.1.21/compute/v2.1/images/c6481270-afcc-4af5-bd68-8b731a54e1dd/metadata 3.330s
2024-12-17 13:59:40.287 63160 INFO tempest.lib.common.rest_client [req-5f51a9fd-eddc-4c6a-97e3-1fab0179404e req-5f51a9fd-eddc-4c6a-97e3-1fab0179404e ] Request (ServersAdminNegativeTestJSON:setUpClass): 200 GET http://10.180.1.21/compute/v2.1/servers/b1de1072-79df-4855-ad88-9f4ed0c8b7d3 3.404s
2024-12-17 13:59:40.304 63147 INFO tempest.lib.common.rest_client [req-c527dc8b-7001-4f75-ab66-b6ccbb538cb3 req-c527dc8b-7001-4f75-ab66-b6ccbb538cb3 ] Request (ServersWithSpecificFlavorTestJSON:_run_cleanups): 202 DELETE http://10.180.1.21/compute/v2.1/os-keypairs/tempest-keypair-212298730 3.417s
2024-12-17 13:59:40.318 63136 INFO tempest.lib.common.rest_client [req-58cf04a3-34cd-415b-815a-23116623bf77 req-58cf04a3-34cd-415b-815a-23116623bf77 ] Request (FlavorsAdminTestJSON:_run_cleanups): 200 GET http://10.180.1.21/compute/v2.1/flavors/detail 3.417s
2024-12-17 13:59:40.552 63164 INFO tempest.lib.common.rest_client [req-293ea844-cc94-494f-95ee-5c30307b6b6e req-293ea844-cc94-494f-95ee-5c30307b6b6e ] Request (VolumesAssistedSnapshotsTest:tearDownClass): 204 DELETE http://10.180.1.21:9696/networking/v2.0/networks/af9e0a4d-cc54-4bb3-b131-9bd910cfdd99 0.745s
2024-12-17 13:59:40.617 63147 INFO tempest.lib.common.rest_client [req-d241a13c-7388-4f00-8d38-10c9d7552cf9 req-d241a13c-7388-4f00-8d38-10c9d7552cf9 ] Request (ServersWithSpecificFlavorTestJSON:_run_cleanups): 204 DELETE http://10.180.1.21:9696/networking/v2.0/security-groups/04f8e48c-5f92-4882-94e7-af8773ef3827 0.311s
2024-12-17 13:59:40.635 63142 INFO tempest.lib.common.rest_client [req-4430d01d-d2d4-4acc-8bce-d0c5d86ab889 req-4430d01d-d2d4-4acc-8bce-d0c5d86ab889 ] Request (ServerMetadataTestJSON:setUpClass): 201 POST http://10.180.1.21:9696/networking/v2.0/routers 3.544s
2024-12-17 13:59:40.721 63114 INFO tempest.lib.common.rest_client [req-d492692e-18fc-4154-b42c-4d12f48a8462 req-d492692e-18fc-4154-b42c-4d12f48a8462 ] Request (MigrationsAdminTest:test_list_migrations_in_flavor_resize_situation): 200 GET http://10.180.1.21/compute/v2.1/servers/80b8cf1b-b426-4d0c-9134-65936817451b 3.801s
2024-12-17 13:59:40.735 63166 INFO tempest.lib.common.rest_client [req-b74d974b-bcd9-4680-a224-22625ed0a7a6 req-b74d974b-bcd9-4680-a224-22625ed0a7a6 ] Request (QuotaClassesAdminTestJSON:test_update_default_quotas): 200 GET http://10.180.1.21/compute/v2.1/os-quota-class-sets/default 3.736s
2024-12-17 13:59:40.836 63120 INFO tempest.lib.common.rest_client [req-3dd0a561-0e19-4cb8-803b-af4e3241e25b req-3dd0a561-0e19-4cb8-803b-af4e3241e25b ] Request (ImagesOneServerNegativeTestJSON:setUpClass): 200 GET http://10.180.1.21/compute/v2.1/servers/64dba772-b6a0-406a-9aaf-25a10fb9de6b 3.810s
2024-12-17 13:59:40.850 63147 INFO tempest.lib.common.rest_client [req-8aa6a022-3cef-492d-baaf-0abc065d6bd2 req-8aa6a022-3cef-492d-baaf-0abc065d6bd2 ] Request (ServersWithSpecificFlavorTestJSON:_run_cleanups): 404 GET http://10.180.1.21:9696/networking/v2.0/security-groups/04f8e48c-5f92-4882-94e7-af8773ef3827 0.233s
2024-12-17 13:59:40.859 63134 INFO tempest.lib.common.rest_client [req-53e20daf-427b-4ee5-8266-65850c9c4732 req-53e20daf-427b-4ee5-8266-65850c9c4732 ] Request (SecurityGroupRulesTestJSON:test_security_group_rules_create_with_optional_group_id): 200 POST http://10.180.1.21/compute/v2.1/os-security-group-rules 4.053s
2024-12-17 13:59:40.936 63126 INFO tempest.lib.common.rest_client [req-ce85c326-c8b7-485f-926f-0392b7c759dc req-ce85c326-c8b7-485f-926f-0392b7c759dc ] Request (ServersTestJSON:tearDownClass): 204 DELETE http://10.180.1.21:9696/networking/v2.0/networks/a76b1e06-8bff-4876-a884-64c4f4489e5a 1.039s
2024-12-17 13:59:41.040 63126 INFO tempest.lib.common.rest_client [req-8fb05350-8c0f-4c1e-8ed0-79dc4cf34abb req-8fb05350-8c0f-4c1e-8ed0-79dc4cf34abb ] Request (ServersTestJSON:tearDownClass): 204 DELETE http://10.180.1.21/identity/v3/users/f5eb71f6a9a5437e85df1fa84ebf5369 0.103s
2024-12-17 13:59:41.041 63126 INFO tempest.lib.common.dynamic_creds [-] Deleting project and security group for project: 1d603e7f77124e3da9c3b55314350d41
2024-12-17 13:59:41.110 63154 INFO tempest.lib.common.rest_client [req-28073e09-4df9-4470-a96a-bb8dcf9b3390 req-28073e09-4df9-4470-a96a-bb8dcf9b3390 ] Request (ServerDiskConfigTestJSON:test_rebuild_server_with_auto_disk_config): 204 DELETE http://10.180.1.21/compute/v2.1/servers/6dbd7bde-18a5-4610-9a67-8e7ee1cb28de 3.492s
2024-12-17 13:59:41.122 63126 INFO tempest.lib.common.rest_client [req-0fdc2ade-ee7f-4c05-97bd-9ce1e82e1d9a req-0fdc2ade-ee7f-4c05-97bd-9ce1e82e1d9a ] Request (ServersTestJSON:tearDownClass): 200 GET http://10.180.1.21:9696/networking/v2.0/security-groups?tenant_id=1d603e7f77124e3da9c3b55314350d41&name=default 0.081s
2024-12-17 13:59:41.269 63156 INFO tempest.lib.common.rest_client [req-ce7c05aa-da46-4157-ba2d-cbc70b6c3621 req-ce7c05aa-da46-4157-ba2d-cbc70b6c3621 ] Request (AttachInterfacesV270Test:tearDownClass): 204 DELETE http://10.180.1.21:9696/networking/v2.0/routers/b1bc29a0-1ad4-496a-a138-70294e063701 1.599s
2024-12-17 13:59:41.379 63152 INFO tempest.lib.common.rest_client [req-1f213664-6b54-47b0-a4b9-e8a493ab12be req-1f213664-6b54-47b0-a4b9-e8a493ab12be ] Request (ImagesNegativeTestJSON:test_create_image_from_deleted_server): 200 GET http://10.180.1.21/compute/v2.1/servers/3070aef7-432d-4f92-80d5-18efd8cceec3 3.100s
2024-12-17 13:59:41.464 63126 INFO tempest.lib.common.rest_client [req-7dce05b1-768c-473c-9851-c7875de3d772 req-7dce05b1-768c-473c-9851-c7875de3d772 ] Request (ServersTestJSON:tearDownClass): 204 DELETE http://10.180.1.21:9696/networking/v2.0/security-groups/b87e5f19-525f-4f9e-9b34-e1523d5b0752 0.341s
2024-12-17 13:59:41.570 63126 INFO tempest.lib.common.rest_client [req-7d4bd81c-5780-4240-b5fe-8b8a436ad230 req-7d4bd81c-5780-4240-b5fe-8b8a436ad230 ] Request (ServersTestJSON:tearDownClass): 204 DELETE http://10.180.1.21/identity/v3/projects/1d603e7f77124e3da9c3b55314350d41 0.105s
2024-12-17 13:59:41.575 63126 INFO tempest.test [-] raised in NoVNCConsoleTestJSON.setUpClass. Invoking tearDownClass.
2024-12-17 13:59:41.605 63106 INFO tempest.lib.common.rest_client [req-c52f9a77-534c-4eb3-b457-d996bbf3e8d9 req-c52f9a77-534c-4eb3-b457-d996bbf3e8d9 ] Request (DeleteServersAdminTestJSON:test_admin_delete_servers_of_others): 200 GET http://10.180.1.21/compute/v2.1/servers/02000be7-32ff-4158-8ce7-02bcefe7d81c 3.052s
2024-12-17 13:59:41.652 63126 INFO tempest.lib.common.rest_client [req-c62c64fa-57b1-498a-b7a4-fd379aedf78a req-c62c64fa-57b1-498a-b7a4-fd379aedf78a ] Request (ServersAaction247Test:setUpClass): 201 POST http://10.180.1.21/identity/v3/auth/tokens 0.074s
2024-12-17 13:59:41.680 63126 INFO tempest.lib.common.rest_client [req-0df1ef63-8d37-4794-9efd-c54bb23e1c04 req-0df1ef63-8d37-4794-9efd-c54bb23e1c04 ] Request (ServersAaction247Test:setUpClass): 201 POST http://10.180.1.21/identity/v3/auth/tokens 0.024s
2024-12-17 13:59:41.691 63112 INFO tempest.lib.common.rest_client [req-9fdca80c-f17d-4c03-adf9-7a0729669dfb req-9fdca80c-f17d-4c03-adf9-7a0729669dfb ] Request (ImagesOneServerTestJSON:setUpClass): 200 GET http://10.180.1.21/compute/v2.1/servers/27921c27-cccc-4d85-ac65-d25fdbe073c4 2.832s
2024-12-17 13:59:41.714 63126 INFO tempest.lib.common.rest_client [req-ed8d0fe3-7118-4f6b-9da8-a95849c1e14a req-ed8d0fe3-7118-4f6b-9da8-a95849c1e14a ] Request (ServersAaction247Test:setUpClass): 200 GET http://10.180.1.21/identity/v3/domains?name=Default 0.034s
2024-12-17 13:59:41.737 63156 INFO tempest.lib.common.rest_client [req-9d9ed47d-4d1c-48f0-948f-b6ac054b768c req-9d9ed47d-4d1c-48f0-948f-b6ac054b768c ] Request (AttachInterfacesV270Test:tearDownClass): 204 DELETE http://10.180.1.21:9696/networking/v2.0/subnets/635f7dd5-2a8b-45d8-ba10-21ed4c98d775 0.467s
2024-12-17 13:59:41.753 63126 INFO tempest.lib.common.rest_client [req-e497fcb1-daf7-4e8a-95ac-e6314e232d9a req-e497fcb1-daf7-4e8a-95ac-e6314e232d9a ] Request (ServersAaction247Test:setUpClass): 201 POST http://10.180.1.21/identity/v3/projects 0.038s
2024-12-17 13:59:41.782 63116 INFO tempest.lib.common.rest_client [req-7e379d29-be86-46c1-85cb-ea324138e24c req-7e379d29-be86-46c1-85cb-ea324138e24c ] Request (ListImageFiltersTestJSON:setUpClass): 200 GET http://10.180.1.21/compute/v2.1/servers/ebbc4c2d-aab8-4d57-a2f5-9c7f6848c7b3 2.864s
2024-12-17 13:59:41.818 63126 INFO tempest.lib.common.rest_client [req-31c9b8a5-ce97-4cab-b15f-880b69daca4e req-31c9b8a5-ce97-4cab-b15f-880b69daca4e ] Request (ServersAaction247Test:setUpClass): 201 POST http://10.180.1.21/identity/v3/users 0.065s
2024-12-17 13:59:41.841 63126 INFO tempest.lib.common.rest_client [req-1da9ccb2-a6dd-4275-8f2f-d666615aa12f req-1da9ccb2-a6dd-4275-8f2f-d666615aa12f ] Request (ServersAaction247Test:setUpClass): 200 GET http://10.180.1.21/identity/v3/roles 0.022s
2024-12-17 13:59:41.869 63108 INFO tempest.lib.common.rest_client [req-a5e7e10a-4519-4663-b01d-b560a81477d9 req-a5e7e10a-4519-4663-b01d-b560a81477d9 ] Request (ServersTestMultiNic:test_verify_multiple_nics_order): 200 GET http://10.180.1.21/compute/v2.1/servers/c4ad9350-571b-456b-b528-517e66a25f46 2.872s
2024-12-17 13:59:41.874 63126 INFO tempest.lib.common.rest_client [req-118f85fd-211f-448d-9d7c-1b37c6b98896 req-118f85fd-211f-448d-9d7c-1b37c6b98896 ] Request (ServersAaction247Test:setUpClass): 204 PUT http://10.180.1.21/identity/v3/projects/0e19038b2a96481fb08d9e6213d962eb/users/0882e1ffad92422b85992a5357137504/roles/b7e1e390e0364ab28ee3f13477ef5852 0.032s
2024-12-17 13:59:41.874 63126 INFO tempest.lib.common.dynamic_creds [-] Dynamic test user 0882e1ffad92422b85992a5357137504 is created with scope project and roles: ['member']
2024-12-17 13:59:41.874 63126 INFO tempest.lib.common.dynamic_creds [-] Acquired dynamic creds: credentials: Credentials: {'domain_id': 'default', 'domain_name': 'Default', 'username': 'tempest-ServersAaction247Test-104155567-project-member', 'project_domain_id': 'default', 'project_domain_name': 'Default', 'project_id': '0e19038b2a96481fb08d9e6213d962eb', 'project_name': 'tempest-ServersAaction247Test-104155567', 'tenant_id': '0e19038b2a96481fb08d9e6213d962eb', 'tenant_name': 'tempest-ServersAaction247Test-104155567', 'user_domain_id': 'default', 'user_domain_name': 'Default', 'user_id': '0882e1ffad92422b85992a5357137504', 'system': None}, Network: None, Subnet: None, Router: None
2024-12-17 13:59:41.874 63126 INFO tempest.lib.common.dynamic_creds [-] Created isolated network resources for: credentials: Credentials: {'domain_id': 'default', 'domain_name': 'Default', 'username': 'tempest-ServersAaction247Test-104155567-project-member', 'project_domain_id': 'default', 'project_domain_name': 'Default', 'project_id': '0e19038b2a96481fb08d9e6213d962eb', 'project_name': 'tempest-ServersAaction247Test-104155567', 'tenant_id': '0e19038b2a96481fb08d9e6213d962eb', 'tenant_name': 'tempest-ServersAaction247Test-104155567', 'user_domain_id': 'default', 'user_domain_name': 'Default', 'user_id': '0882e1ffad92422b85992a5357137504', 'system': None}, Network: None, Subnet: None, Router: None
2024-12-17 13:59:41.879 63147 INFO tempest.lib.common.rest_client [req-55c93e6a-5121-407b-a5f5-1e02f44c01d8 req-55c93e6a-5121-407b-a5f5-1e02f44c01d8 ] Request (ServersWithSpecificFlavorTestJSON:_run_cleanups): 204 DELETE http://10.180.1.21:9696/networking/v2.0/floatingips/d7b77423-526a-4b86-b2b4-0a580156ae6e 1.029s
2024-12-17 13:59:41.961 63126 INFO tempest.lib.common.rest_client [req-c29b0d72-cf82-47cb-a26a-76627330c43f req-c29b0d72-cf82-47cb-a26a-76627330c43f ] Request (ServersAaction247Test:setUpClass): 201 POST http://10.180.1.21/identity/v3/auth/tokens 0.084s
2024-12-17 13:59:41.999 63126 INFO tempest.lib.common.rest_client [req-ee1d9122-b20e-47cf-ab97-445e9d268cb9 req-ee1d9122-b20e-47cf-ab97-445e9d268cb9 ] Request (ServersAaction247Test:test_create_backup): 201 POST http://10.180.1.21/identity/v3/auth/tokens 0.030s
2024-12-17 13:59:42.000 63126 INFO tempest.lib.common.fixed_network [-] (ServersAaction247Test:test_create_backup) Found network None available for tenant
2024-12-17 13:59:42.008 63162 INFO tempest.lib.common.rest_client [req-91c077d5-0949-4497-abde-0fa7322f941e req-91c077d5-0949-4497-abde-0fa7322f941e ] Request (InstanceActionsTestJSON:setUpClass): 202 POST http://10.180.1.21/compute/v2.1/servers 4.627s
2024-12-17 13:59:42.024 63122 INFO tempest.lib.common.rest_client [req-485a32b7-0887-42ce-8842-1a33ea0f56c3 req-485a32b7-0887-42ce-8842-1a33ea0f56c3 ] Request (VolumesAdminNegativeTest:test_update_attached_volume_with_nonexistent_volume_in_body): 404 GET http://10.180.1.21/compute/v2.1/servers/d66aed11-4328-443a-a833-8da6d26b668d 2.504s
2024-12-17 13:59:42.092 63122 INFO tempest.lib.common.rest_client [req-a6745e9a-67ec-4666-85be-e33381733694 req-a6745e9a-67ec-4666-85be-e33381733694 ] Request (VolumesAdminNegativeTest:test_update_attached_volume_with_nonexistent_volume_in_uri): 201 POST http://10.180.1.21/identity/v3/auth/tokens 0.058s
2024-12-17 13:59:42.092 63122 INFO tempest.lib.common.fixed_network [-] (VolumesAdminNegativeTest:test_update_attached_volume_with_nonexistent_volume_in_uri) Found network {'id': '86f27b75-e2b3-409f-85bc-98a8f4a03d52', 'name': 'tempest-VolumesAdminNegativeTest-1829658654-network', 'tenant_id': '68d11fa02d1147158c36896ba0ea4bf9', 'admin_state_up': True, 'mtu': 8950, 'status': 'ACTIVE', 'subnets': [], 'shared': False, 'project_id': '68d11fa02d1147158c36896ba0ea4bf9', 'port_security_enabled': True, 'router:external': False, 'provider:network_type': 'vlan', 'provider:physical_network': 'default', 'provider:segmentation_id': 417, 'is_default': False, 'availability_zone_hints': [], 'availability_zones': [], 'ipv4_address_scope': None, 'ipv6_address_scope': None, 'description': '', 'tags': [], 'created_at': '2024-12-17T13:59:04Z', 'updated_at': '2024-12-17T13:59:04Z', 'revision_number': 1} available for tenant
2024-12-17 13:59:42.319 63129 INFO tempest.lib.common.rest_client [req-3f0b33a8-3466-4999-a907-7c194fe3e5b9 req-3f0b33a8-3466-4999-a907-7c194fe3e5b9 ] Request (ServerAddressesNegativeTestJSON:setUpClass): 204 DELETE http://10.180.1.21/compute/v2.1/servers/5dd7efde-cc03-45e1-aa20-e9a59be6139b 3.121s
2024-12-17 13:59:42.348 63110 INFO tempest.lib.common.rest_client [req-4fdf8836-de9a-40af-a17e-1e96c4ff8020 req-4fdf8836-de9a-40af-a17e-1e96c4ff8020 ] Request (FloatingIPDetailsNegativeTestJSON:tearDownClass): 200 PUT http://10.180.1.21:9696/networking/v2.0/routers/4933947c-66d1-4889-9d12-f6e7a0e71ac3/remove_router_interface 2.318s
2024-12-17 13:59:42.393 63130 INFO tempest.lib.common.rest_client [req-1eca5b2c-171e-4a45-b361-4f537c95f64b req-1eca5b2c-171e-4a45-b361-4f537c95f64b ] Request (ServersAdminTestJSON:tearDownClass): 200 PUT http://10.180.1.21:9696/networking/v2.0/routers/8aaff574-5b59-46ca-8169-ad86c5419dc3/remove_router_interface 3.040s
2024-12-17 13:59:42.610 63132 INFO tempest.lib.common.rest_client [req-1c9be1e8-b1aa-4f20-8be9-dbffb4dadd01 req-1c9be1e8-b1aa-4f20-8be9-dbffb4dadd01 ] Request (SecurityGroupsTestJSON:test_security_groups_create_list_delete): 200 POST http://10.180.1.21/compute/v2.1/os-security-groups 2.889s
2024-12-17 13:59:42.634 63150 INFO tempest.lib.common.rest_client [req-09808613-31ba-44fe-84f3-3a8b0be9f152 req-09808613-31ba-44fe-84f3-3a8b0be9f152 ] Request (AggregatesAdminNegativeTestJSON:_run_cleanups): 200 DELETE http://10.180.1.21/compute/v2.1/os-aggregates/5 2.907s
2024-12-17 13:59:42.662 63118 INFO tempest.lib.common.rest_client [req-ebd7fdb8-f784-42f7-9e45-f1ca5ca53982 req-ebd7fdb8-f784-42f7-9e45-f1ca5ca53982 ] Request (SecurityGroupsTestAdminJSON:_run_cleanups): 202 DELETE http://10.180.1.21/compute/v2.1/os-security-groups/63bf5028-cfb6-4215-a6f4-83cfc7cf24c3 3.119s
2024-12-17 13:59:42.671 63148 INFO tempest.lib.common.rest_client [req-6eedc49d-bdac-43fc-8e99-7a1eb99291ce req-6eedc49d-bdac-43fc-8e99-7a1eb99291ce ] Request (ServerShowV254Test:test_rebuild_server): 404 GET http://10.180.1.21/compute/v2.1/servers/761a357f-afb3-474b-aad2-ab11c636659d 2.904s
2024-12-17 13:59:42.693 63144 INFO tempest.lib.common.rest_client [req-895bb923-beac-4e00-b62d-71c9e142f464 req-895bb923-beac-4e00-b62d-71c9e142f464 ] Request (FlavorsV2TestJSON:test_list_flavors_detailed_filter_by_min_ram): 200 GET http://10.180.1.21/compute/v2.1/flavors/detail?minRam=129 2.637s
2024-12-17 13:59:42.729 63164 INFO tempest.lib.common.rest_client [req-402f04fd-5cbb-40fd-8a6e-8d79fb38892e req-402f04fd-5cbb-40fd-8a6e-8d79fb38892e ] Request (VolumesAssistedSnapshotsTest:tearDownClass): 200 PUT http://10.180.1.21:9696/networking/v2.0/routers/2ecadee5-8fd0-49fa-9a1a-45451d410500/remove_router_interface 2.176s
2024-12-17 13:59:42.846 63148 INFO tempest.lib.common.rest_client [req-096790dc-fcd8-4dff-aece-b8d12cd72775 req-096790dc-fcd8-4dff-aece-b8d12cd72775 ] Request (ServerShowV254Test:tearDownClass): 204 DELETE http://10.180.1.21/identity/v3/users/40f68a46dfa8400f994814ee7b54e2e7 0.174s
2024-12-17 13:59:42.847 63148 INFO tempest.lib.common.dynamic_creds [-] Deleting project and security group for project: f86d44b8fc7347f3ba108ae47128bb38
2024-12-17 13:59:42.867 63156 INFO tempest.lib.common.rest_client [req-5a760b4c-69b8-4cc5-9d7b-4987edb5d62e req-5a760b4c-69b8-4cc5-9d7b-4987edb5d62e ] Request (AttachInterfacesV270Test:tearDownClass): 204 DELETE http://10.180.1.21:9696/networking/v2.0/networks/c531ecb2-195d-4791-b3b7-6288021722ab 1.129s
2024-12-17 13:59:42.924 63148 INFO tempest.lib.common.rest_client [req-970238af-eb50-4ea0-8d55-359229632541 req-970238af-eb50-4ea0-8d55-359229632541 ] Request (ServerShowV254Test:tearDownClass): 201 POST http://10.180.1.21/identity/v3/auth/tokens 0.078s
2024-12-17 13:59:42.927 63104 INFO tempest.lib.common.rest_client [req-25f4e4fd-a2e5-4cf0-87d4-84da896a24c0 req-25f4e4fd-a2e5-4cf0-87d4-84da896a24c0 ] Request (ImagesMetadataTestJSON:test_set_image_metadata): 200 PUT http://10.180.1.21/compute/v2.1/images/c6481270-afcc-4af5-bd68-8b731a54e1dd/metadata 2.728s
2024-12-17 13:59:42.966 63156 INFO tempest.lib.common.rest_client [req-4d7e0baa-b7ff-47e6-b37e-6719e370a29c req-4d7e0baa-b7ff-47e6-b37e-6719e370a29c ] Request (AttachInterfacesV270Test:tearDownClass): 204 DELETE http://10.180.1.21/identity/v3/users/39305d2e88ce453980c1cf3134de9490 0.098s
2024-12-17 13:59:42.966 63156 INFO tempest.lib.common.dynamic_creds [-] Deleting project and security group for project: afa3bfa369f34ac3baafb0ece88e9e1b
2024-12-17 13:59:43.018 63138 INFO tempest.lib.common.rest_client [req-502c9d8b-eb8a-477f-80a8-1538cb296e8c req-502c9d8b-eb8a-477f-80a8-1538cb296e8c ] Request (ServerActionsTestOtherB:setUpClass): 200 GET http://10.180.1.21/compute/v2.1/servers/2aa1645e-334b-4826-bb1e-4ea36e1ac6ef 2.732s
2024-12-17 13:59:43.030 63124 INFO tempest.lib.common.rest_client [req-bab04487-8222-43c0-a6cc-1df0e5191fee req-bab04487-8222-43c0-a6cc-1df0e5191fee ] Request (SecurityGroupRulesNegativeTestJSON:tearDownClass): 202 DELETE http://10.180.1.21/compute/v2.1/os-security-groups/487e446d-b26a-4c87-8fae-955f00d2fbfe 3.014s
2024-12-17 13:59:43.038 63136 INFO tempest.lib.common.rest_client [req-d4a03d7a-ab10-4273-84ca-1bb464a09497 req-d4a03d7a-ab10-4273-84ca-1bb464a09497 ] Request (FlavorsAdminTestJSON:test_create_server_with_non_public_flavor): 200 POST http://10.180.1.21/compute/v2.1/flavors 2.715s
2024-12-17 13:59:43.089 63166 INFO tempest.lib.common.rest_client [req-8c9ddabb-1483-41e3-ae45-2848ece51a44 req-8c9ddabb-1483-41e3-ae45-2848ece51a44 ] Request (QuotaClassesAdminTestJSON:_run_cleanups): 200 PUT http://10.180.1.21/compute/v2.1/os-quota-class-sets/default 2.352s
2024-12-17 13:59:43.094 63156 INFO tempest.lib.common.rest_client [req-159f517a-79d9-48fa-a649-c0a4e7aef02f req-159f517a-79d9-48fa-a649-c0a4e7aef02f ] Request (AttachInterfacesV270Test:tearDownClass): 200 GET http://10.180.1.21:9696/networking/v2.0/security-groups?tenant_id=afa3bfa369f34ac3baafb0ece88e9e1b&name=default 0.127s
2024-12-17 13:59:43.171 63166 INFO tempest.lib.common.rest_client [req-94d1aaa8-48e1-4f72-a235-43061d656e1c req-94d1aaa8-48e1-4f72-a235-43061d656e1c ] Request (QuotaClassesAdminTestJSON:tearDownClass): 204 DELETE http://10.180.1.21/identity/v3/users/bba978ffa0e7440f895c1ae45510a74f 0.076s
2024-12-17 13:59:43.295 63166 INFO tempest.lib.common.rest_client [req-c6b76564-0697-42c3-9dc1-fe96dbc07e30 req-c6b76564-0697-42c3-9dc1-fe96dbc07e30 ] Request (QuotaClassesAdminTestJSON:tearDownClass): 204 DELETE http://10.180.1.21/identity/v3/users/217414a8847c4f72ad7bca273d445a8e 0.124s
2024-12-17 13:59:43.296 63166 INFO tempest.lib.common.dynamic_creds [-] Deleting project and security group for project: 92ea2d4f8a064c54b388486cd7177168
2024-12-17 13:59:43.376 63156 INFO tempest.lib.common.rest_client [req-33e48cce-d229-4da8-aefd-49285681c7e5 req-33e48cce-d229-4da8-aefd-49285681c7e5 ] Request (AttachInterfacesV270Test:tearDownClass): 204 DELETE http://10.180.1.21:9696/networking/v2.0/security-groups/80adf43b-f6df-427c-81e9-7340f72d2f80 0.282s
2024-12-17 13:59:43.379 63166 INFO tempest.lib.common.rest_client [req-92307920-4127-4a28-9400-7713a0892348 req-92307920-4127-4a28-9400-7713a0892348 ] Request (QuotaClassesAdminTestJSON:tearDownClass): 201 POST http://10.180.1.21/identity/v3/auth/tokens 0.083s
2024-12-17 13:59:43.433 63110 INFO tempest.lib.common.rest_client [req-73310788-57e8-44af-8750-89259e602934 req-73310788-57e8-44af-8750-89259e602934 ] Request (FloatingIPDetailsNegativeTestJSON:tearDownClass): 204 DELETE http://10.180.1.21:9696/networking/v2.0/routers/4933947c-66d1-4889-9d12-f6e7a0e71ac3 1.084s
2024-12-17 13:59:43.440 63134 INFO tempest.lib.common.rest_client [req-a98fd1f1-d3e4-41ea-bf0f-4f9287a85725 req-a98fd1f1-d3e4-41ea-bf0f-4f9287a85725 ] Request (SecurityGroupRulesTestJSON:test_security_group_rules_delete_when_peer_group_deleted): 200 POST http://10.180.1.21/compute/v2.1/os-security-groups 2.578s
2024-12-17 13:59:43.463 63156 INFO tempest.lib.common.rest_client [req-0becbe72-8b96-4a93-b8ba-1867f303e5da req-0becbe72-8b96-4a93-b8ba-1867f303e5da ] Request (AttachInterfacesV270Test:tearDownClass): 204 DELETE http://10.180.1.21/identity/v3/projects/afa3bfa369f34ac3baafb0ece88e9e1b 0.087s
2024-12-17 13:59:43.465 63154 INFO tempest.lib.common.rest_client [req-dc0867cc-ef5d-4335-bf76-a9e3ec2570ab req-dc0867cc-ef5d-4335-bf76-a9e3ec2570ab ] Request (ServerDiskConfigTestJSON:test_rebuild_server_with_auto_disk_config): 404 GET http://10.180.1.21/compute/v2.1/servers/6dbd7bde-18a5-4610-9a67-8e7ee1cb28de 2.354s
2024-12-17 13:59:43.474 63120 INFO tempest.lib.common.rest_client [req-1f423755-21ae-4637-8a06-25c6320fc4dd req-1f423755-21ae-4637-8a06-25c6320fc4dd ] Request (ImagesOneServerNegativeTestJSON:setUpClass): 204 DELETE http://10.180.1.21/compute/v2.1/servers/64dba772-b6a0-406a-9aaf-25a10fb9de6b 2.633s
2024-12-17 13:59:43.484 63130 INFO tempest.lib.common.rest_client [req-c1d1cc95-8001-4ab8-97af-fc9da76c228b req-c1d1cc95-8001-4ab8-97af-fc9da76c228b ] Request (ServersAdminTestJSON:tearDownClass): 204 DELETE http://10.180.1.21:9696/networking/v2.0/routers/8aaff574-5b59-46ca-8169-ad86c5419dc3 1.090s
2024-12-17 13:59:43.568 63160 INFO tempest.lib.common.rest_client [req-ece6ccff-5fa0-49dc-91a6-ca48ab111726 req-ece6ccff-5fa0-49dc-91a6-ca48ab111726 ] Request (ServersAdminNegativeTestJSON:setUpClass): 200 GET http://10.180.1.21/compute/v2.1/servers/b1de1072-79df-4855-ad88-9f4ed0c8b7d3 2.274s
2024-12-17 13:59:43.575 63148 INFO tempest.lib.common.rest_client [req-ed219817-7d94-4c91-9c79-2f9881492305 req-ed219817-7d94-4c91-9c79-2f9881492305 ] Request (ServerShowV254Test:tearDownClass): 200 GET http://10.180.1.21:9696/networking/v2.0/security-groups?tenant_id=f86d44b8fc7347f3ba108ae47128bb38&name=default 0.650s
2024-12-17 13:59:43.577 63156 INFO tempest.lib.common.rest_client [req-7db267aa-3067-47bd-a042-092563f9458d req-7db267aa-3067-47bd-a042-092563f9458d ] Request (ServersTestFqdnHostnames:setUpClass): 201 POST http://10.180.1.21/identity/v3/auth/tokens 0.112s
2024-12-17 13:59:43.617 63156 INFO tempest.lib.common.rest_client [req-252a7c38-77b3-4810-a9f5-8ce12a8ac8df req-252a7c38-77b3-4810-a9f5-8ce12a8ac8df ] Request (ServersTestFqdnHostnames:setUpClass): 201 POST http://10.180.1.21/identity/v3/auth/tokens 0.037s
2024-12-17 13:59:43.640 63154 INFO tempest.lib.common.rest_client [req-f8cfb117-8c19-4df1-ac81-ac67e5d2f43b req-f8cfb117-8c19-4df1-ac81-ac67e5d2f43b ] Request (ServerDiskConfigTestJSON:test_rebuild_server_with_manual_disk_config): 201 POST http://10.180.1.21/identity/v3/auth/tokens 0.170s
2024-12-17 13:59:43.640 63154 INFO tempest.lib.common.fixed_network [-] (ServerDiskConfigTestJSON:test_rebuild_server_with_manual_disk_config) Found network {'id': 'ed1e671e-cb6d-4b30-b469-e2b0e91786f8', 'name': 'tempest-ServerDiskConfigTestJSON-483626843-network', 'tenant_id': '0c9ad1cc1dd840f5b6a9ba5483856d93', 'admin_state_up': True, 'mtu': 8950, 'status': 'ACTIVE', 'subnets': [], 'shared': False, 'project_id': '0c9ad1cc1dd840f5b6a9ba5483856d93', 'port_security_enabled': True, 'router:external': False, 'provider:network_type': 'vlan', 'provider:physical_network': 'default', 'provider:segmentation_id': 162, 'is_default': False, 'availability_zone_hints': [], 'availability_zones': [], 'ipv4_address_scope': None, 'ipv6_address_scope': None, 'description': '', 'tags': [], 'created_at': '2024-12-17T13:59:18Z', 'updated_at': '2024-12-17T13:59:18Z', 'revision_number': 1} available for tenant
2024-12-17 13:59:43.644 63156 INFO tempest.lib.common.rest_client [req-d51e52fb-7ff1-43a2-9d92-1f6a3774a51b req-d51e52fb-7ff1-43a2-9d92-1f6a3774a51b ] Request (ServersTestFqdnHostnames:setUpClass): 200 GET http://10.180.1.21/identity/v3/domains?name=Default 0.027s
2024-12-17 13:59:43.679 63156 INFO tempest.lib.common.rest_client [req-62574eff-d3db-4e87-8b31-cf2254ff86b7 req-62574eff-d3db-4e87-8b31-cf2254ff86b7 ] Request (ServersTestFqdnHostnames:setUpClass): 201 POST http://10.180.1.21/identity/v3/projects 0.034s
2024-12-17 13:59:43.750 63156 INFO tempest.lib.common.rest_client [req-bf3a2655-a77a-4882-bf5d-8196fc4f1a95 req-bf3a2655-a77a-4882-bf5d-8196fc4f1a95 ] Request (ServersTestFqdnHostnames:setUpClass): 201 POST http://10.180.1.21/identity/v3/users 0.070s
2024-12-17 13:59:43.775 63156 INFO tempest.lib.common.rest_client [req-a68ef518-ee57-4771-a3cd-8bca377ff4b0 req-a68ef518-ee57-4771-a3cd-8bca377ff4b0 ] Request (ServersTestFqdnHostnames:setUpClass): 200 GET http://10.180.1.21/identity/v3/roles 0.024s
2024-12-17 13:59:43.779 63116 INFO tempest.lib.common.rest_client [req-4ba9162b-4ce7-4c6d-9de8-ed870d2a1a19 req-4ba9162b-4ce7-4c6d-9de8-ed870d2a1a19 ] Request (ListImageFiltersTestJSON:setUpClass): 204 DELETE http://10.180.1.21/compute/v2.1/servers/ebbc4c2d-aab8-4d57-a2f5-9c7f6848c7b3 1.988s
2024-12-17 13:59:43.787 63142 INFO tempest.lib.common.rest_client [req-bcae2829-1e88-4710-a899-e3eba304244d req-bcae2829-1e88-4710-a899-e3eba304244d ] Request (ServerMetadataTestJSON:setUpClass): 200 PUT http://10.180.1.21:9696/networking/v2.0/routers/22c0b440-f4f2-45f3-a7d0-a967cbc7a64d/add_router_interface 3.152s
