2024-12-17 13:59:11.368 63154 INFO tempest.lib.common.rest_client [req-b0b12997-8cb6-480d-8a63-3eac8a7f2a16 req-b0b12997-8cb6-480d-8a63-3eac8a7f2a16 ] Request (FlavorsV2NegativeTest:test_boot_with_low_ram): 200 GET http://10.180.1.21/compute/v2.1/flavors/42 2.303s
2024-12-17 13:59:11.533 63160 INFO tempest.lib.common.rest_client [req-c70862d8-6862-4883-a7da-d3e3f6b3d9d2 req-c70862d8-6862-4883-a7da-d3e3f6b3d9d2 ] Request (QuotasAdminTestJSON:test_get_updated_quotas): 200 PUT http://10.180.1.21/compute/v2.1/os-quota-sets/76fbceb3035d4a8aa65b28a6cd77c1e6 1.914s
2024-12-17 13:59:11.549 63142 INFO tempest.lib.common.rest_client [req-184214cc-6361-4401-8aff-122fcd3e0868 req-184214cc-6361-4401-8aff-122fcd3e0868 ] Request (ServicesAdminNegativeV253TestJSON:test_enable_service_with_invalid_service_id): 404 PUT http://10.180.1.21/compute/v2.1/os-services/90ff1bb7-c33a-4630-8a55-ea1a7349937d 1.831s
2024-12-17 13:59:11.620 63156 INFO tempest.lib.common.rest_client [req-e71b71b9-051f-4124-b6b5-1aaa84e13332 req-e71b71b9-051f-4124-b6b5-1aaa84e13332 ] Request (HostsAdminTestJSON:tearDownClass): 200 GET http://10.180.1.21:9696/networking/v2.0/security-groups?tenant_id=29313bcc5d764018a1a04168edba8135&name=default 0.428s
2024-12-17 13:59:11.716 63104 INFO tempest.lib.common.rest_client [req-77102916-4b4f-4c49-b075-776806f55f3e req-77102916-4b4f-4c49-b075-776806f55f3e ] Request (ImagesMetadataTestJSON:setUpClass): 204 PUT http://10.180.1.21/image/v2/images/c6481270-afcc-4af5-bd68-8b731a54e1dd/file 0.861s
2024-12-17 13:59:11.739 63116 INFO tempest.lib.common.rest_client [req-ad9c5af4-25aa-4b59-a7b5-6cf7aa02b140 req-ad9c5af4-25aa-4b59-a7b5-6cf7aa02b140 ] Request (ListImageFiltersTestJSON:setUpClass): 200 GET http://10.180.1.21/compute/v2.1/images/eb409b1c-8e01-4db4-b23d-37e3597a91bd 1.972s
2024-12-17 13:59:11.779 63150 INFO tempest.lib.common.rest_client [req-5c7c4eba-41d6-45f2-b71d-ec457743c8c2 req-5c7c4eba-41d6-45f2-b71d-ec457743c8c2 ] Request (AggregatesAdminNegativeTestJSON:test_aggregate_add_non_exist_host): 404 POST http://10.180.1.21/compute/v2.1/os-aggregates/3/action 1.948s
2024-12-17 13:59:11.864 63154 INFO tempest.lib.common.rest_client [req-e6f201d4-ca02-4ccf-bba8-129d0bf0c24f req-e6f201d4-ca02-4ccf-bba8-129d0bf0c24f ] Request (FlavorsV2NegativeTest:test_boot_with_low_ram): 201 POST http://10.180.1.21/image/v2/images 0.487s
2024-12-17 13:59:11.992 63122 INFO tempest.lib.common.rest_client [req-911eca6f-5685-4761-8b25-422cdadc58de req-911eca6f-5685-4761-8b25-422cdadc58de ] Request (VolumesAdminNegativeTest:setUpClass): 201 POST http://10.180.1.21:9696/networking/v2.0/networks 0.643s
2024-12-17 13:59:12.121 63116 INFO tempest.lib.common.rest_client [req-b87fc966-3be4-4e6a-a24e-767663af59d8 req-b87fc966-3be4-4e6a-a24e-767663af59d8 ] Request (ListImageFiltersTestJSON:setUpClass): 201 POST http://10.180.1.21/image/v2/images 0.378s
2024-12-17 13:59:12.228 63156 INFO tempest.lib.common.rest_client [req-7f305c1e-a39e-46e3-819a-51e45696b663 req-7f305c1e-a39e-46e3-819a-51e45696b663 ] Request (HostsAdminTestJSON:tearDownClass): 204 DELETE http://10.180.1.21:9696/networking/v2.0/security-groups/a5115586-b830-4beb-bcea-aa7786cfa801 0.607s
2024-12-17 13:59:12.331 63156 INFO tempest.lib.common.rest_client [req-13d0d307-b4d6-45e9-a12e-d7c88d11c1c8 req-13d0d307-b4d6-45e9-a12e-d7c88d11c1c8 ] Request (HostsAdminTestJSON:tearDownClass): 204 DELETE http://10.180.1.21/identity/v3/projects/29313bcc5d764018a1a04168edba8135 0.103s
2024-12-17 13:59:12.377 63122 INFO tempest.lib.common.rest_client [req-38753300-b13a-466c-a0ad-5f040bdd2220 req-38753300-b13a-466c-a0ad-5f040bdd2220 ] Request (VolumesAdminNegativeTest:setUpClass): 201 POST http://10.180.1.21:9696/networking/v2.0/subnets 0.385s
2024-12-17 13:59:12.400 63156 INFO tempest.lib.common.rest_client [req-68d324f2-2959-4a0c-80ca-5c0b14a22a92 req-68d324f2-2959-4a0c-80ca-5c0b14a22a92 ] Request (AttachInterfacesV270Test:setUpClass): 201 POST http://10.180.1.21/identity/v3/auth/tokens 0.067s
2024-12-17 13:59:12.436 63156 INFO tempest.lib.common.rest_client [req-a22310ad-6958-4401-953d-256d7ba00399 req-a22310ad-6958-4401-953d-256d7ba00399 ] Request (AttachInterfacesV270Test:setUpClass): 201 POST http://10.180.1.21/identity/v3/auth/tokens 0.030s
2024-12-17 13:59:12.461 63156 INFO tempest.lib.common.rest_client [req-afe224ab-3be7-4bb0-aeef-1fafdcfa34af req-afe224ab-3be7-4bb0-aeef-1fafdcfa34af ] Request (AttachInterfacesV270Test:setUpClass): 200 GET http://10.180.1.21/identity/v3/domains?name=Default 0.025s
2024-12-17 13:59:12.516 63156 INFO tempest.lib.common.rest_client [req-dcbe3e98-6bd6-47b3-b068-ec4f85b9b4ca req-dcbe3e98-6bd6-47b3-b068-ec4f85b9b4ca ] Request (AttachInterfacesV270Test:setUpClass): 201 POST http://10.180.1.21/identity/v3/projects 0.054s
2024-12-17 13:59:12.588 63156 INFO tempest.lib.common.rest_client [req-820cd85b-f53a-4d57-86e2-b4db3f02e964 req-820cd85b-f53a-4d57-86e2-b4db3f02e964 ] Request (AttachInterfacesV270Test:setUpClass): 201 POST http://10.180.1.21/identity/v3/users 0.071s
2024-12-17 13:59:12.608 63156 INFO tempest.lib.common.rest_client [req-8ce97467-0168-4c65-a7d0-541412616859 req-8ce97467-0168-4c65-a7d0-541412616859 ] Request (AttachInterfacesV270Test:setUpClass): 200 GET http://10.180.1.21/identity/v3/roles 0.020s
2024-12-17 13:59:12.637 63156 INFO tempest.lib.common.rest_client [req-2b80d873-a272-4f80-966f-4bbc2abaf433 req-2b80d873-a272-4f80-966f-4bbc2abaf433 ] Request (AttachInterfacesV270Test:setUpClass): 204 PUT http://10.180.1.21/identity/v3/projects/afa3bfa369f34ac3baafb0ece88e9e1b/users/39305d2e88ce453980c1cf3134de9490/roles/b7e1e390e0364ab28ee3f13477ef5852 0.026s
2024-12-17 13:59:12.641 63156 INFO tempest.lib.common.dynamic_creds [-] Dynamic test user 39305d2e88ce453980c1cf3134de9490 is created with scope project and roles: ['member']
2024-12-17 13:59:12.642 63156 INFO tempest.lib.common.dynamic_creds [-] Acquired dynamic creds: credentials: Credentials: {'domain_id': 'default', 'domain_name': 'Default', 'username': 'tempest-AttachInterfacesV270Test-1487689581-project-member', 'project_domain_id': 'default', 'project_domain_name': 'Default', 'project_id': 'afa3bfa369f34ac3baafb0ece88e9e1b', 'project_name': 'tempest-AttachInterfacesV270Test-1487689581', 'tenant_id': 'afa3bfa369f34ac3baafb0ece88e9e1b', 'tenant_name': 'tempest-AttachInterfacesV270Test-1487689581', 'user_domain_id': 'default', 'user_domain_name': 'Default', 'user_id': '39305d2e88ce453980c1cf3134de9490', 'system': None}, Network: None, Subnet: None, Router: None
2024-12-17 13:59:12.712 63154 INFO tempest.lib.common.rest_client [req-c2bad2f7-8e6e-4546-bf5f-8298eb22dc73 req-c2bad2f7-8e6e-4546-bf5f-8298eb22dc73 ] Request (FlavorsV2NegativeTest:test_boot_with_low_ram): 204 PUT http://10.180.1.21/image/v2/images/c33f22a1-a8a0-4080-a128-80ba8fc1fb7b/file 0.847s
2024-12-17 13:59:12.716 63156 INFO tempest.lib.common.rest_client [req-28f0286c-24fe-4ec0-adcf-a2cdc3fc3414 req-28f0286c-24fe-4ec0-adcf-a2cdc3fc3414 ] Request (AttachInterfacesV270Test:setUpClass): 201 POST http://10.180.1.21/identity/v3/auth/tokens 0.074s
2024-12-17 13:59:12.736 63162 INFO tempest.lib.common.rest_client [req-d2a8f0eb-a171-4b9f-98a1-42f841045550 req-d2a8f0eb-a171-4b9f-98a1-42f841045550 ] Request (FloatingIPDetailsTestJSON:_run_cleanups): 202 DELETE http://10.180.1.21/compute/v2.1/os-floating-ips/18166170-d7c4-4391-b653-c869e93fe0e9 3.971s
2024-12-17 13:59:12.760 63138 INFO tempest.lib.common.rest_client [req-3aaf3314-5d9f-4748-b67d-9c60767df879 req-3aaf3314-5d9f-4748-b67d-9c60767df879 ] Request (ServersV294TestFqdnHostnames:tearDownClass): 204 DELETE http://10.180.1.21/compute/v2.1/os-keypairs/tempest-keypair-1426064521 2.707s
2024-12-17 13:59:12.814 63154 INFO tempest.lib.common.rest_client [req-76e1b8bd-a2dd-4d48-a265-d0d1a5f6095a req-76e1b8bd-a2dd-4d48-a265-d0d1a5f6095a ] Request (FlavorsV2NegativeTest:test_boot_with_low_ram): 201 POST http://10.180.1.21/identity/v3/auth/tokens 0.097s
2024-12-17 13:59:12.815 63154 INFO tempest.lib.common.fixed_network [-] (FlavorsV2NegativeTest:test_boot_with_low_ram) Found network None available for tenant
2024-12-17 13:59:12.888 63132 INFO tempest.lib.common.rest_client [req-7b6a5215-3199-47f6-85b7-36551de932a1 req-7b6a5215-3199-47f6-85b7-36551de932a1 ] Request (SecurityGroupsTestJSON:test_list_security_groups_by_server): 200 GET http://10.180.1.21/compute/v2.1/servers/38cda193-c486-4b6a-bee9-81b5da3e51b0 2.524s
2024-12-17 13:59:13.036 63126 INFO tempest.lib.common.rest_client [req-a450a6c5-5e2c-413d-904a-2ea1c944af6b req-a450a6c5-5e2c-413d-904a-2ea1c944af6b ] Request (ServersTestJSON:setUpClass): 201 POST http://10.180.1.21:9696/networking/v2.0/floatingips 1.966s
2024-12-17 13:59:13.054 63130 INFO tempest.lib.common.rest_client [req-d9d0d295-b069-4e63-bd4c-95cd3241fcc5 req-d9d0d295-b069-4e63-bd4c-95cd3241fcc5 ] Request (ServersAdminTestJSON:setUpClass): 202 POST http://10.180.1.21/compute/v2.1/servers 3.028s
2024-12-17 13:59:13.064 63120 INFO tempest.lib.common.rest_client [req-06c724cd-f638-4623-82e7-13fb8e016088 req-06c724cd-f638-4623-82e7-13fb8e016088 ] Request (HostsAdminNegativeTestJSON:test_update_host_with_invalid_status): 400 PUT http://10.180.1.21/compute/v2.1/os-hosts/devstack 2.583s
2024-12-17 13:59:13.082 63136 INFO tempest.lib.common.rest_client [req-e4a65230-f1e0-48f6-a121-2e56e2562db5 req-e4a65230-f1e0-48f6-a121-2e56e2562db5 ] Request (FlavorsAdminTestJSON:_run_cleanups): 202 DELETE http://10.180.1.21/compute/v2.1/flavors/cc8a03e1-c30c-481c-8b79-55310cf3b361 2.580s
2024-12-17 13:59:13.096 63144 INFO tempest.lib.common.rest_client [req-45014253-eda6-4ce9-8576-4ad23ca69c4a req-45014253-eda6-4ce9-8576-4ad23ca69c4a ] Request (FlavorsExtraSpecsTestJSON:test_flavor_set_get_update_show_unset_keys): 200 GET http://10.180.1.21/compute/v2.1/flavors/182166352/os-extra_specs 2.579s
2024-12-17 13:59:13.122 63147 INFO tempest.lib.common.rest_client [req-99838c26-69bc-4a77-abe2-a190272b3f3f req-99838c26-69bc-4a77-abe2-a190272b3f3f ] Request (ServersWithSpecificFlavorTestJSON:test_verify_created_server_ephemeral_disk): 200 POST http://10.180.1.21/compute/v2.1/flavors/113380793/os-extra_specs 2.594s
2024-12-17 13:59:13.159 63126 INFO tempest.lib.common.rest_client [req-4a35e48e-d52d-4a90-90f0-e8726a5e43f9 req-4a35e48e-d52d-4a90-90f0-e8726a5e43f9 ] Request (ServersTestJSON:setUpClass): 201 POST http://10.180.1.21/identity/v3/auth/tokens 0.118s
2024-12-17 13:59:13.161 63126 INFO tempest.lib.common.fixed_network [-] (ServersTestJSON:setUpClass) Found network {'id': 'a76b1e06-8bff-4876-a884-64c4f4489e5a', 'name': 'tempest-ServersTestJSON-277714073-network', 'tenant_id': '1d603e7f77124e3da9c3b55314350d41', 'admin_state_up': True, 'mtu': 8950, 'status': 'ACTIVE', 'subnets': [], 'shared': False, 'project_id': '1d603e7f77124e3da9c3b55314350d41', 'port_security_enabled': True, 'router:external': False, 'provider:network_type': 'vlan', 'provider:physical_network': 'default', 'provider:segmentation_id': 201, 'is_default': False, 'availability_zone_hints': [], 'availability_zones': [], 'ipv4_address_scope': None, 'ipv6_address_scope': None, 'description': '', 'tags': [], 'created_at': '2024-12-17T13:58:59Z', 'updated_at': '2024-12-17T13:58:59Z', 'revision_number': 1} available for tenant
2024-12-17 13:59:13.386 63138 INFO tempest.lib.common.rest_client [req-6dacac30-936e-4fb9-9323-e51894c0e122 req-6dacac30-936e-4fb9-9323-e51894c0e122 ] Request (ServersV294TestFqdnHostnames:tearDownClass): 204 DELETE http://10.180.1.21:9696/networking/v2.0/security-groups/d6344de2-ecea-4694-9f72-3cca309fa9f5 0.626s
2024-12-17 13:59:13.462 63124 INFO tempest.lib.common.rest_client [req-151ac701-aa6d-451e-8b0f-ea8cd498444d req-151ac701-aa6d-451e-8b0f-ea8cd498444d ] Request (SecurityGroupRulesNegativeTestJSON:test_create_security_group_rule_with_invalid_port_range): 200 POST http://10.180.1.21/compute/v2.1/os-security-groups 2.991s
2024-12-17 13:59:13.474 63138 INFO tempest.lib.common.rest_client [req-f353a94c-ea75-4b56-9f02-eb1d8df8b138 req-f353a94c-ea75-4b56-9f02-eb1d8df8b138 ] Request (ServersV294TestFqdnHostnames:tearDownClass): 404 GET http://10.180.1.21:9696/networking/v2.0/security-groups/d6344de2-ecea-4694-9f72-3cca309fa9f5 0.087s
2024-12-17 13:59:13.486 63129 INFO tempest.lib.common.rest_client [req-a86ca7df-64fd-4b2e-a7d4-5938e31f7568 req-a86ca7df-64fd-4b2e-a7d4-5938e31f7568 ] Request (FloatingIPsAssociationTestJSON:tearDownClass): 200 PUT http://10.180.1.21:9696/networking/v2.0/routers/30b53ccb-01c8-433b-937f-571d2e5dffb5/remove_router_interface 2.255s
2024-12-17 13:59:13.658 63110 INFO tempest.lib.common.rest_client [req-fe8c5044-37cf-45c0-9f10-6d9332a97766 req-fe8c5044-37cf-45c0-9f10-6d9332a97766 ] Request (TenantUsagesTestJSON:setUpClass): 202 POST http://10.180.1.21/compute/v2.1/servers 2.997s
2024-12-17 13:59:13.728 63156 INFO tempest.lib.common.rest_client [req-693999c4-f177-47ac-adf1-f4e6f0e5d315 req-693999c4-f177-47ac-adf1-f4e6f0e5d315 ] Request (AttachInterfacesV270Test:setUpClass): 201 POST http://10.180.1.21:9696/networking/v2.0/networks 1.011s
2024-12-17 13:59:13.924 63152 INFO tempest.lib.common.rest_client [req-3b73ab30-5195-46a4-b3b2-618ad78239b4 req-3b73ab30-5195-46a4-b3b2-618ad78239b4 ] Request (ImagesNegativeTestJSON:test_create_image_from_deleted_server): 200 GET http://10.180.1.21/compute/v2.1/servers/3070aef7-432d-4f92-80d5-18efd8cceec3 3.213s
2024-12-17 13:59:13.973 63116 INFO tempest.lib.common.rest_client [req-f25b5fb3-f0ae-4680-958a-8c45eff31381 req-f25b5fb3-f0ae-4680-958a-8c45eff31381 ] Request (ListImageFiltersTestJSON:setUpClass): 204 PUT http://10.180.1.21/image/v2/images/e84999dc-9783-4dc0-a6d2-b2dad540f394/file 0.851s
2024-12-17 13:59:14.074 63134 INFO tempest.lib.common.rest_client [req-f9725826-7235-4f95-b03d-df0f365cce02 req-f9725826-7235-4f95-b03d-df0f365cce02 ] Request (SecurityGroupRulesTestJSON:setUpClass): 201 POST http://10.180.1.21:9696/networking/v2.0/routers 2.920s
2024-12-17 13:59:14.140 63148 INFO tempest.lib.common.rest_client [req-57ae5f3c-fd5e-426a-bb9a-0cf23170ba2d req-57ae5f3c-fd5e-426a-bb9a-0cf23170ba2d ] Request (ServerMetadataNegativeTestJSON:setUpClass): 204 DELETE http://10.180.1.21/compute/v2.1/servers/551890da-b4fc-4676-8c2b-66bb0b8f1e8f 3.178s
2024-12-17 13:59:14.163 63138 INFO tempest.lib.common.rest_client [req-495f022a-edc5-4595-bdd3-a31438edcc4e req-495f022a-edc5-4595-bdd3-a31438edcc4e ] Request (ServersV294TestFqdnHostnames:tearDownClass): 204 DELETE http://10.180.1.21:9696/networking/v2.0/floatingips/97a92f3e-144d-41c9-8ae5-4eb54d833cfa 0.689s
2024-12-17 13:59:14.231 63112 INFO tempest.lib.common.rest_client [req-a65036b4-7037-484b-8d49-957cfe6ef2dd req-a65036b4-7037-484b-8d49-957cfe6ef2dd ] Request (QuotasAdminNegativeTest:test_create_server_when_memory_quota_is_full): 200 GET http://10.180.1.21/compute/v2.1/os-quota-sets/e64c85849afc41d38c83073907a2d565 3.124s
2024-12-17 13:59:14.619 63140 INFO tempest.lib.common.rest_client [req-5d6a4046-5af0-4484-a606-6c6821e35641 req-5d6a4046-5af0-4484-a606-6c6821e35641 ] Request (ServerPasswordTestJSON:setUpClass): 201 POST http://10.180.1.21:9696/networking/v2.0/routers 3.284s
2024-12-17 13:59:14.652 63118 INFO tempest.lib.common.rest_client [req-e7be0ed5-2dc2-4a59-9e7f-be725f53fe46 req-e7be0ed5-2dc2-4a59-9e7f-be725f53fe46 ] Request (SecurityGroupsTestAdminJSON:test_list_security_groups_list_all_tenants_filter): 200 POST http://10.180.1.21/compute/v2.1/os-security-groups 3.538s
2024-12-17 13:59:14.719 63156 INFO tempest.lib.common.rest_client [req-17d6d9ea-f4ff-4459-ae97-3da49a7f49c2 req-17d6d9ea-f4ff-4459-ae97-3da49a7f49c2 ] Request (AttachInterfacesV270Test:setUpClass): 201 POST http://10.180.1.21:9696/networking/v2.0/subnets 0.990s
2024-12-17 13:59:14.822 63129 INFO tempest.lib.common.rest_client [req-c216ba6c-57b9-4c2b-a80f-4dc90529a2db req-c216ba6c-57b9-4c2b-a80f-4dc90529a2db ] Request (FloatingIPsAssociationTestJSON:tearDownClass): 204 DELETE http://10.180.1.21:9696/networking/v2.0/routers/30b53ccb-01c8-433b-937f-571d2e5dffb5 1.335s
2024-12-17 13:59:14.927 63164 INFO tempest.lib.common.rest_client [req-d3f610d9-521e-4542-b6a7-7d7a0e29687c req-d3f610d9-521e-4542-b6a7-7d7a0e29687c ] Request (VolumesAssistedSnapshotsTest:test_volume_assisted_snapshot_create_delete): 202 POST http://10.180.1.21/compute/v2.1/servers 4.042s
2024-12-17 13:59:15.027 63160 INFO tempest.lib.common.rest_client [req-068356b1-b9ba-409e-9b9f-101612c909c0 req-068356b1-b9ba-409e-9b9f-101612c909c0 ] Request (QuotasAdminTestJSON:test_get_updated_quotas): 200 GET http://10.180.1.21/compute/v2.1/os-quota-sets/76fbceb3035d4a8aa65b28a6cd77c1e6/detail 3.490s
2024-12-17 13:59:15.056 63142 INFO tempest.lib.common.rest_client [req-a60fd2ce-77d6-4efc-93c5-4a70652a3b97 req-a60fd2ce-77d6-4efc-93c5-4a70652a3b97 ] Request (ServicesAdminNegativeV253TestJSON:test_get_service_by_invalid_params): 200 GET http://10.180.1.21/compute/v2.1/os-services 3.505s
2024-12-17 13:59:15.058 63160 INFO tempest.lib.common.rest_client [req-64906a84-e152-4aa5-8625-53e1863fef85 req-64906a84-e152-4aa5-8625-53e1863fef85 ] Request (QuotasAdminTestJSON:test_get_updated_quotas): 200 GET http://10.180.1.21/identity/v3/domains?name=Default 0.025s
2024-12-17 13:59:15.059 63122 INFO tempest.lib.common.rest_client [req-be058b51-f4bb-4b71-8614-df4eaec378f3 req-be058b51-f4bb-4b71-8614-df4eaec378f3 ] Request (VolumesAdminNegativeTest:setUpClass): 201 POST http://10.180.1.21:9696/networking/v2.0/routers 2.682s
2024-12-17 13:59:15.097 63160 INFO tempest.lib.common.rest_client [req-fa22bd3b-afb0-4180-bb70-441cf9259f82 req-fa22bd3b-afb0-4180-bb70-441cf9259f82 ] Request (QuotasAdminTestJSON:test_get_updated_quotas): 201 POST http://10.180.1.21/identity/v3/users 0.039s
2024-12-17 13:59:15.121 63160 INFO tempest.lib.common.rest_client [req-ebf99e8f-5475-4517-b99c-5200101e3692 req-ebf99e8f-5475-4517-b99c-5200101e3692 ] Request (QuotasAdminTestJSON:test_get_updated_quotas): 200 GET http://10.180.1.21/identity/v3/domains?name=Default 0.023s
2024-12-17 13:59:15.227 63114 INFO tempest.lib.common.rest_client [req-bfdaa642-157e-42c2-ba27-57d4cb8264b0 req-bfdaa642-157e-42c2-ba27-57d4cb8264b0 ] Request (MigrationsAdminTest:test_list_migrations_in_flavor_resize_situation): 200 GET http://10.180.1.21/compute/v2.1/servers/80b8cf1b-b426-4d0c-9134-65936817451b 3.579s
2024-12-17 13:59:15.257 63104 INFO tempest.lib.common.rest_client [req-c6733abc-db13-47e0-a34a-2bf5bf522339 req-c6733abc-db13-47e0-a34a-2bf5bf522339 ] Request (ImagesMetadataTestJSON:setUpClass): 200 GET http://10.180.1.21/compute/v2.1/images/c6481270-afcc-4af5-bd68-8b731a54e1dd 3.540s
2024-12-17 13:59:15.277 63150 INFO tempest.lib.common.rest_client [req-2172f195-6ea1-4da7-b116-b575304f557f req-2172f195-6ea1-4da7-b116-b575304f557f ] Request (AggregatesAdminNegativeTestJSON:_run_cleanups): 200 DELETE http://10.180.1.21/compute/v2.1/os-aggregates/3 3.498s
2024-12-17 13:59:15.475 63129 INFO tempest.lib.common.rest_client [req-6f46dd04-a883-4324-b53b-a450ca238f27 req-6f46dd04-a883-4324-b53b-a450ca238f27 ] Request (FloatingIPsAssociationTestJSON:tearDownClass): 204 DELETE http://10.180.1.21:9696/networking/v2.0/subnets/2ef09e67-ca80-470a-9100-71e156771cf6 0.652s
2024-12-17 13:59:15.759 63106 INFO tempest.lib.common.rest_client [req-c37ae13c-e1c0-4ffb-b163-089196c3d40f req-c37ae13c-e1c0-4ffb-b163-089196c3d40f ] Request (DeleteServersAdminTestJSON:test_admin_delete_servers_of_others): 200 GET http://10.180.1.21/compute/v2.1/servers/02000be7-32ff-4158-8ce7-02bcefe7d81c 3.871s
2024-12-17 13:59:15.844 63158 INFO tempest.lib.common.rest_client [req-74badf22-f606-4342-82bc-eb1bb498939a req-74badf22-f606-4342-82bc-eb1bb498939a ] Request (ServerShowV257Test:test_rebuild_server): 200 GET http://10.180.1.21/compute/v2.1/servers/875517a8-624b-48fe-a795-32543228fe4b 3.618s
2024-12-17 13:59:16.113 63162 INFO tempest.lib.common.rest_client [req-9d498368-a134-448e-85bc-ca84411289a6 req-9d498368-a134-448e-85bc-ca84411289a6 ] Request (FloatingIPDetailsTestJSON:test_list_floating_ips): 200 GET http://10.180.1.21/compute/v2.1/os-floating-ips 3.376s
2024-12-17 13:59:16.390 63154 INFO tempest.lib.common.rest_client [req-27052df2-be43-405f-ab7c-268e554a407b req-27052df2-be43-405f-ab7c-268e554a407b ] Request (FlavorsV2NegativeTest:test_boot_with_low_ram): 400 POST http://10.180.1.21/compute/v2.1/servers 3.574s
2024-12-17 13:59:16.434 63154 INFO tempest.lib.common.rest_client [req-cf5ab5ba-cb93-4b54-9fae-7df34b72c594 req-cf5ab5ba-cb93-4b54-9fae-7df34b72c594 ] Request (FlavorsV2NegativeTest:_run_cleanups): 204 DELETE http://10.180.1.21/image/v2/images/c33f22a1-a8a0-4080-a128-80ba8fc1fb7b 0.043s
2024-12-17 13:59:16.458 63130 INFO tempest.lib.common.rest_client [req-04774e07-f0b7-4b31-803d-8767d520003f req-04774e07-f0b7-4b31-803d-8767d520003f ] Request (ServersAdminTestJSON:setUpClass): 200 GET http://10.180.1.21/compute/v2.1/servers/c5f7d0a0-02b2-4291-a6fd-aaa2f974364b 3.402s
2024-12-17 13:59:16.464 63120 INFO tempest.lib.common.rest_client [req-8c702704-0ed2-4a93-bb91-d7798df66ce6 req-8c702704-0ed2-4a93-bb91-d7798df66ce6 ] Request (HostsAdminNegativeTestJSON:test_update_host_with_non_admin_user): 403 PUT http://10.180.1.21/compute/v2.1/os-hosts/devstack 3.396s
2024-12-17 13:59:16.477 63136 INFO tempest.lib.common.rest_client [req-9f9cede2-66ae-40c6-bfe8-4232eb34d107 req-9f9cede2-66ae-40c6-bfe8-4232eb34d107 ] Request (FlavorsAdminTestJSON:_run_cleanups): 200 GET http://10.180.1.21/compute/v2.1/flavors/detail 3.394s
2024-12-17 13:59:16.488 63144 INFO tempest.lib.common.rest_client [req-9e011d53-6dc7-421c-b6e2-42feaa25f900 req-9e011d53-6dc7-421c-b6e2-42feaa25f900 ] Request (FlavorsExtraSpecsTestJSON:tearDownClass): 202 DELETE http://10.180.1.21/compute/v2.1/flavors/182166352 3.389s
2024-12-17 13:59:16.501 63154 INFO tempest.lib.common.rest_client [req-eb6a7aa1-9ea4-42db-a701-b158545db659 req-eb6a7aa1-9ea4-42db-a701-b158545db659 ] Request (FlavorsV2NegativeTest:tearDownClass): 204 DELETE http://10.180.1.21/identity/v3/users/d3657fc80e9b436b9bf2a849c06dd12b 0.065s
2024-12-17 13:59:16.501 63154 INFO tempest.lib.common.dynamic_creds [-] Deleting project and security group for project: 1c33ead7f9924d4e8baa5fb8fbce48a7
2024-12-17 13:59:16.518 63147 INFO tempest.lib.common.rest_client [req-20bfd53e-ad84-4dde-8fb1-75c7f980cd2b req-20bfd53e-ad84-4dde-8fb1-75c7f980cd2b ] Request (ValidationResourcesFixture:setUp): 200 POST http://10.180.1.21/compute/v2.1/os-keypairs 3.393s
2024-12-17 13:59:16.569 63154 INFO tempest.lib.common.rest_client [req-bada5f21-d015-4e6d-8eb3-328653b36c7b req-bada5f21-d015-4e6d-8eb3-328653b36c7b ] Request (FlavorsV2NegativeTest:tearDownClass): 201 POST http://10.180.1.21/identity/v3/auth/tokens 0.067s
2024-12-17 13:59:16.813 63156 INFO tempest.lib.common.rest_client [req-b53cb6d5-dbb7-4e78-8450-de24ea09742e req-b53cb6d5-dbb7-4e78-8450-de24ea09742e ] Request (AttachInterfacesV270Test:setUpClass): 201 POST http://10.180.1.21:9696/networking/v2.0/routers 2.093s
2024-12-17 13:59:16.840 63129 INFO tempest.lib.common.rest_client [req-b4735210-4a0f-413d-842a-5276cfa6b161 req-b4735210-4a0f-413d-842a-5276cfa6b161 ] Request (FloatingIPsAssociationTestJSON:tearDownClass): 204 DELETE http://10.180.1.21:9696/networking/v2.0/networks/c377c919-ceeb-4e3b-93d4-d02e0a7b72d5 1.365s
2024-12-17 13:59:16.913 63129 INFO tempest.lib.common.rest_client [req-0de4195a-8730-4e09-a90f-9f458a086386 req-0de4195a-8730-4e09-a90f-9f458a086386 ] Request (FloatingIPsAssociationTestJSON:tearDownClass): 204 DELETE http://10.180.1.21/identity/v3/users/77444b36468e4bb1844bff3dd27d6e86 0.072s
2024-12-17 13:59:16.913 63129 INFO tempest.lib.common.dynamic_creds [-] Deleting project and security group for project: 85a77ae5b272430692592950c2b064a9
2024-12-17 13:59:16.970 63147 INFO tempest.lib.common.rest_client [req-b807f708-06ef-415d-a6e4-3d854b74be92 req-b807f708-06ef-415d-a6e4-3d854b74be92 ] Request (ValidationResourcesFixture:setUp): 201 POST http://10.180.1.21:9696/networking/v2.0/security-groups 0.450s
2024-12-17 13:59:17.042 63154 INFO tempest.lib.common.rest_client [req-8cb680b1-4713-4af0-90f4-045d3b728c44 req-8cb680b1-4713-4af0-90f4-045d3b728c44 ] Request (FlavorsV2NegativeTest:tearDownClass): 200 GET http://10.180.1.21:9696/networking/v2.0/security-groups?tenant_id=1c33ead7f9924d4e8baa5fb8fbce48a7&name=default 0.473s
2024-12-17 13:59:17.076 63129 INFO tempest.lib.common.rest_client [req-f9e8ddcc-ec38-49cf-a133-59298855a9cb req-f9e8ddcc-ec38-49cf-a133-59298855a9cb ] Request (FloatingIPsAssociationTestJSON:tearDownClass): 200 GET http://10.180.1.21:9696/networking/v2.0/security-groups?tenant_id=85a77ae5b272430692592950c2b064a9&name=default 0.162s
2024-12-17 13:59:17.274 63140 INFO tempest.lib.common.rest_client [req-e3659acd-6815-4cf4-a64f-99836208bccc req-e3659acd-6815-4cf4-a64f-99836208bccc ] Request (ServerPasswordTestJSON:setUpClass): 200 PUT http://10.180.1.21:9696/networking/v2.0/routers/2495b133-4327-4c64-b95d-7d6b26d00864/add_router_interface 2.654s
2024-12-17 13:59:17.274 63140 INFO tempest.lib.common.dynamic_creds [-] Created isolated network resources for: credentials: Credentials: {'domain_id': 'default', 'domain_name': 'Default', 'username': 'tempest-ServerPasswordTestJSON-1078241567-project-member', 'project_domain_id': 'default', 'project_domain_name': 'Default', 'project_id': 'b733d56083b64151ae5e1d3c8ce7a2ef', 'project_name': 'tempest-ServerPasswordTestJSON-1078241567', 'tenant_id': 'b733d56083b64151ae5e1d3c8ce7a2ef', 'tenant_name': 'tempest-ServerPasswordTestJSON-1078241567', 'user_domain_id': 'default', 'user_domain_name': 'Default', 'user_id': 'adc06c4c26f2403ca84295842e0ab119', 'system': None}, Network: {'id': 'd136fa79-3f32-45d5-91e0-5b4135012c6f', 'name': 'tempest-ServerPasswordTestJSON-1182866485-network', 'tenant_id': 'b733d56083b64151ae5e1d3c8ce7a2ef', 'admin_state_up': True, 'mtu': 8950, 'status': 'ACTIVE', 'subnets': [], 'shared': False, 'project_id': 'b733d56083b64151ae5e1d3c8ce7a2ef', 'port_security_enabled': True, 'router:external': False, 'provider:network_type': 'vlan', 'provider:physical_network': 'default', 'provider:segmentation_id': 252, 'is_default': False, 'availability_zone_hints': [], 'availability_zones': [], 'ipv4_address_scope': None, 'ipv6_address_scope': None, 'description': '', 'tags': [], 'created_at': '2024-12-17T13:59:10Z', 'updated_at': '2024-12-17T13:59:10Z', 'revision_number': 1}, Subnet: {'id': '7327ab36-14c1-488e-8dfe-641b24f66c9b', 'name': 'tempest-ServerPasswordTestJSON-1182866485-subnet', 'tenant_id': 'b733d56083b64151ae5e1d3c8ce7a2ef', 'network_id': 'd136fa79-3f32-45d5-91e0-5b4135012c6f', 'ip_version': 4, 'subnetpool_id': None, 'enable_dhcp': True, 'ipv6_ra_mode': None, 'ipv6_address_mode': None, 'gateway_ip': '192.168.128.1', 'cidr': '192.168.128.0/28', 'allocation_pools': [{'start': '192.168.128.2', 'end': '192.168.128.14'}], 'host_routes': [], 'dns_nameservers': [], 'description': '', 'service_types': [], 'tags': [], 'created_at': '2024-12-17T13:59:10Z', 'updated_at': '2024-12-17T13:59:10Z', 'revision_number': 0, 'project_id': 'b733d56083b64151ae5e1d3c8ce7a2ef'}, Router: {'id': '2495b133-4327-4c64-b95d-7d6b26d00864', 'name': 'tempest-ServerPasswordTestJSON-1182866485-router', 'tenant_id': 'b733d56083b64151ae5e1d3c8ce7a2ef', 'admin_state_up': True, 'status': 'ACTIVE', 'external_gateway_info': {'network_id': '6285eefb-8a1c-4920-9832-2695c6a4bbc4', 'external_fixed_ips': [{'subnet_id': '0366d6a0-b8a7-48da-b533-a669f5ef09a5', 'ip_address': '10.180.180.253'}], 'enable_snat': True}, 'description': '', 'availability_zones': [], 'distributed': False, 'ha': False, 'availability_zone_hints': [], 'routes': [], 'flavor_id': None, 'tags': [], 'created_at': '2024-12-17T13:59:11Z', 'updated_at': '2024-12-17T13:59:13Z', 'revision_number': 2, 'project_id': 'b733d56083b64151ae5e1d3c8ce7a2ef'}
2024-12-17 13:59:17.285 63138 INFO tempest.lib.common.rest_client [req-eb20ff44-ffa2-4440-821c-0619b8bff7d3 req-eb20ff44-ffa2-4440-821c-0619b8bff7d3 ] Request (ServersV294TestFqdnHostnames:tearDownClass): 200 PUT http://10.180.1.21:9696/networking/v2.0/routers/2a0586a2-0d95-41e2-aea3-d77618939e26/remove_router_interface 3.122s
2024-12-17 13:59:17.305 63147 INFO tempest.lib.common.rest_client [req-0b911984-0567-4127-937e-44b0b7e81999 req-0b911984-0567-4127-937e-44b0b7e81999 ] Request (ValidationResourcesFixture:setUp): 201 POST http://10.180.1.21:9696/networking/v2.0/security-group-rules 0.335s
2024-12-17 13:59:17.324 63108 INFO tempest.lib.common.rest_client [req-a7a3da62-2cac-4400-a62d-d724401eda4a req-a7a3da62-2cac-4400-a62d-d724401eda4a ] Request (ServersTestMultiNic:test_verify_duplicate_network_nics): 202 POST http://10.180.1.21/compute/v2.1/servers 6.182s
2024-12-17 13:59:17.381 63140 INFO tempest.lib.common.rest_client [req-97f28d35-5ac5-4508-a1a0-2d1d14a0dcb1 req-97f28d35-5ac5-4508-a1a0-2d1d14a0dcb1 ] Request (ServerPasswordTestJSON:setUpClass): 201 POST http://10.180.1.21/identity/v3/auth/tokens 0.102s
2024-12-17 13:59:17.422 63140 INFO tempest.lib.common.rest_client [req-38afb230-c8f7-4f45-b0ba-f311ca8d87a5 req-38afb230-c8f7-4f45-b0ba-f311ca8d87a5 ] Request (ServerPasswordTestJSON:setUpClass): 201 POST http://10.180.1.21/identity/v3/auth/tokens 0.036s
2024-12-17 13:59:17.423 63140 INFO tempest.lib.common.fixed_network [-] (ServerPasswordTestJSON:setUpClass) Found network {'id': 'd136fa79-3f32-45d5-91e0-5b4135012c6f', 'name': 'tempest-ServerPasswordTestJSON-1182866485-network', 'tenant_id': 'b733d56083b64151ae5e1d3c8ce7a2ef', 'admin_state_up': True, 'mtu': 8950, 'status': 'ACTIVE', 'subnets': [], 'shared': False, 'project_id': 'b733d56083b64151ae5e1d3c8ce7a2ef', 'port_security_enabled': True, 'router:external': False, 'provider:network_type': 'vlan', 'provider:physical_network': 'default', 'provider:segmentation_id': 252, 'is_default': False, 'availability_zone_hints': [], 'availability_zones': [], 'ipv4_address_scope': None, 'ipv6_address_scope': None, 'description': '', 'tags': [], 'created_at': '2024-12-17T13:59:10Z', 'updated_at': '2024-12-17T13:59:10Z', 'revision_number': 1} available for tenant
2024-12-17 13:59:17.424 63154 INFO tempest.lib.common.rest_client [req-520454a3-268c-4115-aa69-6a915c429ac1 req-520454a3-268c-4115-aa69-6a915c429ac1 ] Request (FlavorsV2NegativeTest:tearDownClass): 204 DELETE http://10.180.1.21:9696/networking/v2.0/security-groups/5d8ef02a-eb48-4c2f-94eb-1b51426a8783 0.381s
2024-12-17 13:59:17.528 63154 INFO tempest.lib.common.rest_client [req-95cffd59-cca8-44c5-8a38-0c7b58377a4e req-95cffd59-cca8-44c5-8a38-0c7b58377a4e ] Request (FlavorsV2NegativeTest:tearDownClass): 204 DELETE http://10.180.1.21/identity/v3/projects/1c33ead7f9924d4e8baa5fb8fbce48a7 0.104s
2024-12-17 13:59:17.614 63154 INFO tempest.lib.common.rest_client [req-edc836c2-8b97-489b-874c-51364d05d1c9 req-edc836c2-8b97-489b-874c-51364d05d1c9 ] Request (ServerDiskConfigTestJSON:setUpClass): 201 POST http://10.180.1.21/identity/v3/auth/tokens 0.084s
2024-12-17 13:59:17.620 63129 INFO tempest.lib.common.rest_client [req-41c0ae98-21a4-4a65-a8cc-c0402f023089 req-41c0ae98-21a4-4a65-a8cc-c0402f023089 ] Request (FloatingIPsAssociationTestJSON:tearDownClass): 204 DELETE http://10.180.1.21:9696/networking/v2.0/security-groups/1d4ed6ed-373d-4b7b-b38e-46223219bc2c 0.544s
2024-12-17 13:59:17.634 63124 INFO tempest.lib.common.rest_client [req-81202a18-6ef5-4325-b4fd-1de853ab2ef3 req-81202a18-6ef5-4325-b4fd-1de853ab2ef3 ] Request (SecurityGroupRulesNegativeTestJSON:test_create_security_group_rule_with_invalid_port_range): 400 POST http://10.180.1.21/compute/v2.1/os-security-group-rules 4.169s
2024-12-17 13:59:17.659 63154 INFO tempest.lib.common.rest_client [req-6317157a-05f8-48de-9515-7907fd73bf30 req-6317157a-05f8-48de-9515-7907fd73bf30 ] Request (ServerDiskConfigTestJSON:setUpClass): 201 POST http://10.180.1.21/identity/v3/auth/tokens 0.042s
2024-12-17 13:59:17.676 63126 INFO tempest.lib.common.rest_client [req-d61955dd-0cda-4e25-a6f7-d6ee2ca2df22 req-d61955dd-0cda-4e25-a6f7-d6ee2ca2df22 ] Request (ServersTestJSON:setUpClass): 202 POST http://10.180.1.21/compute/v2.1/servers 4.514s
2024-12-17 13:59:17.697 63154 INFO tempest.lib.common.rest_client [req-ec91b0a9-62fa-43d0-a68c-700d128b7a15 req-ec91b0a9-62fa-43d0-a68c-700d128b7a15 ] Request (ServerDiskConfigTestJSON:setUpClass): 200 GET http://10.180.1.21/identity/v3/domains?name=Default 0.038s
2024-12-17 13:59:17.704 63129 INFO tempest.lib.common.rest_client [req-8e798b31-b81e-4b76-89fd-d4f88c1336e7 req-8e798b31-b81e-4b76-89fd-d4f88c1336e7 ] Request (FloatingIPsAssociationTestJSON:tearDownClass): 204 DELETE http://10.180.1.21/identity/v3/projects/85a77ae5b272430692592950c2b064a9 0.083s
2024-12-17 13:59:17.746 63110 INFO tempest.lib.common.rest_client [req-22a6982c-5305-4b62-8cdf-47eb34b2cfb6 req-22a6982c-5305-4b62-8cdf-47eb34b2cfb6 ] Request (TenantUsagesTestJSON:setUpClass): 200 GET http://10.180.1.21/compute/v2.1/servers/c36a4e7b-122c-407f-b947-9328006fb8f3 4.086s
2024-12-17 13:59:17.784 63116 INFO tempest.lib.common.rest_client [req-e111f0ce-43c5-4142-8cb4-c6ef5045e9c8 req-e111f0ce-43c5-4142-8cb4-c6ef5045e9c8 ] Request (ListImageFiltersTestJSON:setUpClass): 200 GET http://10.180.1.21/compute/v2.1/images/e84999dc-9783-4dc0-a6d2-b2dad540f394 3.811s
2024-12-17 13:59:17.799 63154 INFO tempest.lib.common.rest_client [req-21c76e7e-3c90-4f96-a7c4-8cfd88362553 req-21c76e7e-3c90-4f96-a7c4-8cfd88362553 ] Request (ServerDiskConfigTestJSON:setUpClass): 201 POST http://10.180.1.21/identity/v3/projects 0.101s
2024-12-17 13:59:17.804 63129 INFO tempest.lib.common.rest_client [req-769b9071-e1fa-4972-bc4c-1f5b2e32f74a req-769b9071-e1fa-4972-bc4c-1f5b2e32f74a ] Request (ServerAddressesNegativeTestJSON:setUpClass): 201 POST http://10.180.1.21/identity/v3/auth/tokens 0.088s
2024-12-17 13:59:17.806 63147 INFO tempest.lib.common.rest_client [req-3c82bb2f-fe8f-407c-a787-44cde176c129 req-3c82bb2f-fe8f-407c-a787-44cde176c129 ] Request (ValidationResourcesFixture:setUp): 201 POST http://10.180.1.21:9696/networking/v2.0/security-group-rules 0.500s
2024-12-17 13:59:17.813 63148 INFO tempest.lib.common.rest_client [req-513bf0a5-7107-4042-b1ff-ebcf94147c20 req-513bf0a5-7107-4042-b1ff-ebcf94147c20 ] Request (ServerMetadataNegativeTestJSON:setUpClass): 404 GET http://10.180.1.21/compute/v2.1/servers/551890da-b4fc-4676-8c2b-66bb0b8f1e8f 3.672s
2024-12-17 13:59:17.813 63148 INFO tempest.test [-] raised in ServerMetadataNegativeTestJSON.setUpClass. Invoking tearDownClass.
2024-12-17 13:59:17.848 63129 INFO tempest.lib.common.rest_client [req-8e3d0873-bec3-456a-8529-6d4d3e253dd8 req-8e3d0873-bec3-456a-8529-6d4d3e253dd8 ] Request (ServerAddressesNegativeTestJSON:setUpClass): 201 POST http://10.180.1.21/identity/v3/auth/tokens 0.037s
2024-12-17 13:59:17.866 63154 INFO tempest.lib.common.rest_client [req-ea3715d0-d15a-46cd-877a-642690398296 req-ea3715d0-d15a-46cd-877a-642690398296 ] Request (ServerDiskConfigTestJSON:setUpClass): 201 POST http://10.180.1.21/identity/v3/users 0.067s
2024-12-17 13:59:17.873 63129 INFO tempest.lib.common.rest_client [req-b9bb304a-2db5-4f6f-aafb-fd025aeee8b6 req-b9bb304a-2db5-4f6f-aafb-fd025aeee8b6 ] Request (ServerAddressesNegativeTestJSON:setUpClass): 200 GET http://10.180.1.21/identity/v3/domains?name=Default 0.024s
2024-12-17 13:59:17.891 63154 INFO tempest.lib.common.rest_client [req-c04da7c8-77bf-4a37-b4a6-5c5b01aa6e4c req-c04da7c8-77bf-4a37-b4a6-5c5b01aa6e4c ] Request (ServerDiskConfigTestJSON:setUpClass): 200 GET http://10.180.1.21/identity/v3/roles 0.024s
2024-12-17 13:59:17.917 63129 INFO tempest.lib.common.rest_client [req-ac1d8e7d-070a-4334-82c7-d9ae695e6386 req-ac1d8e7d-070a-4334-82c7-d9ae695e6386 ] Request (ServerAddressesNegativeTestJSON:setUpClass): 201 POST http://10.180.1.21/identity/v3/projects 0.043s
2024-12-17 13:59:17.988 63154 INFO tempest.lib.common.rest_client [req-90aef924-0807-4edb-be7c-d6dab5234b24 req-90aef924-0807-4edb-be7c-d6dab5234b24 ] Request (ServerDiskConfigTestJSON:setUpClass): 204 PUT http://10.180.1.21/identity/v3/projects/0c9ad1cc1dd840f5b6a9ba5483856d93/users/f0edf02bbc614e6eac34fec21f4610ef/roles/b7e1e390e0364ab28ee3f13477ef5852 0.096s
2024-12-17 13:59:17.988 63154 INFO tempest.lib.common.dynamic_creds [-] Dynamic test user f0edf02bbc614e6eac34fec21f4610ef is created with scope project and roles: ['member']
2024-12-17 13:59:17.989 63154 INFO tempest.lib.common.dynamic_creds [-] Acquired dynamic creds: credentials: Credentials: {'domain_id': 'default', 'domain_name': 'Default', 'username': 'tempest-ServerDiskConfigTestJSON-1060147408-project-member', 'project_domain_id': 'default', 'project_domain_name': 'Default', 'project_id': '0c9ad1cc1dd840f5b6a9ba5483856d93', 'project_name': 'tempest-ServerDiskConfigTestJSON-1060147408', 'tenant_id': '0c9ad1cc1dd840f5b6a9ba5483856d93', 'tenant_name': 'tempest-ServerDiskConfigTestJSON-1060147408', 'user_domain_id': 'default', 'user_domain_name': 'Default', 'user_id': 'f0edf02bbc614e6eac34fec21f4610ef', 'system': None}, Network: None, Subnet: None, Router: None
2024-12-17 13:59:18.002 63132 INFO tempest.lib.common.rest_client [req-3d4bd1c9-2f0c-4017-a0b6-5ece956090dc req-3d4bd1c9-2f0c-4017-a0b6-5ece956090dc ] Request (SecurityGroupsTestJSON:test_list_security_groups_by_server): 200 GET http://10.180.1.21/compute/v2.1/servers/38cda193-c486-4b6a-bee9-81b5da3e51b0 4.103s
2024-12-17 13:59:18.049 63134 INFO tempest.lib.common.rest_client [req-bb677877-8f5a-41a7-a69e-fb7d6918cd6e req-bb677877-8f5a-41a7-a69e-fb7d6918cd6e ] Request (SecurityGroupRulesTestJSON:setUpClass): 200 PUT http://10.180.1.21:9696/networking/v2.0/routers/904e16ff-f531-418b-b922-3347c4ccc215/add_router_interface 3.975s
2024-12-17 13:59:18.050 63134 INFO tempest.lib.common.dynamic_creds [-] Created isolated network resources for: credentials: Credentials: {'domain_id': 'default', 'domain_name': 'Default', 'username': 'tempest-SecurityGroupRulesTestJSON-96176359-project-member', 'project_domain_id': 'default', 'project_domain_name': 'Default', 'project_id': 'b24cd199ec914afea57f504bc886049c', 'project_name': 'tempest-SecurityGroupRulesTestJSON-96176359', 'tenant_id': 'b24cd199ec914afea57f504bc886049c', 'tenant_name': 'tempest-SecurityGroupRulesTestJSON-96176359', 'user_domain_id': 'default', 'user_domain_name': 'Default', 'user_id': '91b726e5221847b9bae963f4a40217d1', 'system': None}, Network: {'id': 'd6928cfb-00f1-4af8-9a4d-f309a9630a22', 'name': 'tempest-SecurityGroupRulesTestJSON-761485623-network', 'tenant_id': 'b24cd199ec914afea57f504bc886049c', 'admin_state_up': True, 'mtu': 8950, 'status': 'ACTIVE', 'subnets': [], 'shared': False, 'project_id': 'b24cd199ec914afea57f504bc886049c', 'port_security_enabled': True, 'router:external': False, 'provider:network_type': 'vlan', 'provider:physical_network': 'default', 'provider:segmentation_id': 578, 'is_default': False, 'availability_zone_hints': [], 'availability_zones': [], 'ipv4_address_scope': None, 'ipv6_address_scope': None, 'description': '', 'tags': [], 'created_at': '2024-12-17T13:59:10Z', 'updated_at': '2024-12-17T13:59:10Z', 'revision_number': 1}, Subnet: {'id': '5b517577-58a7-4b23-af24-4875cdb57b42', 'name': 'tempest-SecurityGroupRulesTestJSON-761485623-subnet', 'tenant_id': 'b24cd199ec914afea57f504bc886049c', 'network_id': 'd6928cfb-00f1-4af8-9a4d-f309a9630a22', 'ip_version': 4, 'subnetpool_id': None, 'enable_dhcp': True, 'ipv6_ra_mode': None, 'ipv6_address_mode': None, 'gateway_ip': '192.168.128.1', 'cidr': '192.168.128.0/28', 'allocation_pools': [{'start': '192.168.128.2', 'end': '192.168.128.14'}], 'host_routes': [], 'dns_nameservers': [], 'description': '', 'service_types': [], 'tags': [], 'created_at': '2024-12-17T13:59:10Z', 'updated_at': '2024-12-17T13:59:10Z', 'revision_number': 0, 'project_id': 'b24cd199ec914afea57f504bc886049c'}, Router: {'id': '904e16ff-f531-418b-b922-3347c4ccc215', 'name': 'tempest-SecurityGroupRulesTestJSON-761485623-router', 'tenant_id': 'b24cd199ec914afea57f504bc886049c', 'admin_state_up': True, 'status': 'ACTIVE', 'external_gateway_info': {'network_id': '6285eefb-8a1c-4920-9832-2695c6a4bbc4', 'external_fixed_ips': [{'subnet_id': '0366d6a0-b8a7-48da-b533-a669f5ef09a5', 'ip_address': '10.180.180.130'}], 'enable_snat': True}, 'description': '', 'availability_zones': [], 'distributed': False, 'ha': False, 'availability_zone_hints': [], 'routes': [], 'flavor_id': None, 'tags': [], 'created_at': '2024-12-17T13:59:11Z', 'updated_at': '2024-12-17T13:59:12Z', 'revision_number': 2, 'project_id': 'b24cd199ec914afea57f504bc886049c'}
2024-12-17 13:59:18.054 63154 INFO tempest.lib.common.rest_client [req-eb0bab6d-99de-45c4-9db7-c29cec325d5a req-eb0bab6d-99de-45c4-9db7-c29cec325d5a ] Request (ServerDiskConfigTestJSON:setUpClass): 201 POST http://10.180.1.21/identity/v3/auth/tokens 0.065s
2024-12-17 13:59:18.058 63129 INFO tempest.lib.common.rest_client [req-eac678f4-878e-4691-b1fb-120d3bfc65b4 req-eac678f4-878e-4691-b1fb-120d3bfc65b4 ] Request (ServerAddressesNegativeTestJSON:setUpClass): 201 POST http://10.180.1.21/identity/v3/users 0.140s
2024-12-17 13:59:18.061 63112 INFO tempest.lib.common.rest_client [req-538f9a6b-4901-4988-b260-09bdbda677f8 req-538f9a6b-4901-4988-b260-09bdbda677f8 ] Request (QuotasAdminNegativeTest:test_create_server_when_memory_quota_is_full): 200 PUT http://10.180.1.21/compute/v2.1/os-quota-sets/e64c85849afc41d38c83073907a2d565 3.828s
2024-12-17 13:59:18.129 63134 INFO tempest.lib.common.rest_client [req-4c82ab21-72bf-462e-a79b-9f8fac57763b req-4c82ab21-72bf-462e-a79b-9f8fac57763b ] Request (SecurityGroupRulesTestJSON:setUpClass): 201 POST http://10.180.1.21/identity/v3/auth/tokens 0.076s
2024-12-17 13:59:18.147 63164 INFO tempest.lib.common.rest_client [req-cbc4f22f-c2ee-48cd-b37f-183d09e0bbee req-cbc4f22f-c2ee-48cd-b37f-183d09e0bbee ] Request (VolumesAssistedSnapshotsTest:test_volume_assisted_snapshot_create_delete): 200 GET http://10.180.1.21/compute/v2.1/servers/91a0bca1-9072-4c62-82e8-cffa2fb11462 3.218s
2024-12-17 13:59:18.150 63129 INFO tempest.lib.common.rest_client [req-c3d5feab-5db7-447d-a6bf-78dbc482d494 req-c3d5feab-5db7-447d-a6bf-78dbc482d494 ] Request (ServerAddressesNegativeTestJSON:setUpClass): 200 GET http://10.180.1.21/identity/v3/roles 0.091s
2024-12-17 13:59:18.210 63112 INFO tempest.lib.common.rest_client [req-a56d3f95-e204-4a46-b035-4f5e0b556a43 req-a56d3f95-e204-4a46-b035-4f5e0b556a43 ] Request (QuotasAdminNegativeTest:test_create_server_when_memory_quota_is_full): 201 POST http://10.180.1.21/identity/v3/auth/tokens 0.142s
2024-12-17 13:59:18.211 63112 INFO tempest.lib.common.fixed_network [-] (QuotasAdminNegativeTest:test_create_server_when_memory_quota_is_full) Found network None available for tenant
2024-12-17 13:59:18.241 63129 INFO tempest.lib.common.rest_client [req-1d29e404-cc57-4710-b3ae-721c2d105ef4 req-1d29e404-cc57-4710-b3ae-721c2d105ef4 ] Request (ServerAddressesNegativeTestJSON:setUpClass): 204 PUT http://10.180.1.21/identity/v3/projects/0688565abc204b5086d79bad11917dc2/users/128bf76edb364585b7bb31232f4e2a18/roles/b7e1e390e0364ab28ee3f13477ef5852 0.090s
2024-12-17 13:59:18.241 63129 INFO tempest.lib.common.dynamic_creds [-] Dynamic test user 128bf76edb364585b7bb31232f4e2a18 is created with scope project and roles: ['member']
2024-12-17 13:59:18.242 63129 INFO tempest.lib.common.dynamic_creds [-] Acquired dynamic creds: credentials: Credentials: {'domain_id': 'default', 'domain_name': 'Default', 'username': 'tempest-ServerAddressesNegativeTestJSON-724044481-project-member', 'project_domain_id': 'default', 'project_domain_name': 'Default', 'project_id': '0688565abc204b5086d79bad11917dc2', 'project_name': 'tempest-ServerAddressesNegativeTestJSON-724044481', 'tenant_id': '0688565abc204b5086d79bad11917dc2', 'tenant_name': 'tempest-ServerAddressesNegativeTestJSON-724044481', 'user_domain_id': 'default', 'user_domain_name': 'Default', 'user_id': '128bf76edb364585b7bb31232f4e2a18', 'system': None}, Network: None, Subnet: None, Router: None
2024-12-17 13:59:18.300 63129 INFO tempest.lib.common.rest_client [req-a34c51c2-7fc5-4a8c-a0ed-778990531cdf req-a34c51c2-7fc5-4a8c-a0ed-778990531cdf ] Request (ServerAddressesNegativeTestJSON:setUpClass): 201 POST http://10.180.1.21/identity/v3/auth/tokens 0.058s
2024-12-17 13:59:18.461 63152 INFO tempest.lib.common.rest_client [req-82771170-3bd2-42fc-867b-859890795f24 req-82771170-3bd2-42fc-867b-859890795f24 ] Request (ImagesNegativeTestJSON:test_create_image_from_deleted_server): 200 GET http://10.180.1.21/compute/v2.1/servers/3070aef7-432d-4f92-80d5-18efd8cceec3 3.530s
2024-12-17 13:59:18.484 63142 INFO tempest.lib.common.rest_client [req-7e2cd646-5708-4e7a-9be3-caeb2bcbf713 req-7e2cd646-5708-4e7a-9be3-caeb2bcbf713 ] Request (ServicesAdminNegativeV253TestJSON:test_get_service_by_invalid_params): 200 GET http://10.180.1.21/compute/v2.1/os-services?xxx=nova-compute 3.422s
2024-12-17 13:59:18.559 63118 INFO tempest.lib.common.rest_client [req-8ab7776e-152d-400e-bf8d-08cbe3961956 req-8ab7776e-152d-400e-bf8d-08cbe3961956 ] Request (SecurityGroupsTestAdminJSON:test_list_security_groups_list_all_tenants_filter): 200 POST http://10.180.1.21/compute/v2.1/os-security-groups 3.905s
2024-12-17 13:59:18.597 63138 INFO tempest.lib.common.rest_client [req-22081fb5-3b8c-4bb7-98b8-8ee66b9cb281 req-22081fb5-3b8c-4bb7-98b8-8ee66b9cb281 ] Request (ServersV294TestFqdnHostnames:tearDownClass): 204 DELETE http://10.180.1.21:9696/networking/v2.0/routers/2a0586a2-0d95-41e2-aea3-d77618939e26 1.311s
2024-12-17 13:59:18.674 63160 INFO tempest.lib.common.rest_client [req-f187f9a2-166e-40de-83b1-45d735c13a67 req-f187f9a2-166e-40de-83b1-45d735c13a67 ] Request (QuotasAdminTestJSON:test_get_updated_quotas): 200 PUT http://10.180.1.21/compute/v2.1/os-quota-sets/76fbceb3035d4a8aa65b28a6cd77c1e6?user_id=8898f550e33347cfad7507af9b0a9893 3.553s
2024-12-17 13:59:18.682 63150 INFO tempest.lib.common.rest_client [req-7723fc1f-dc18-47a4-ac82-273c62fda8c5 req-7723fc1f-dc18-47a4-ac82-273c62fda8c5 ] Request (AggregatesAdminNegativeTestJSON:test_aggregate_create_aggregate_name_length_exceeds_255): 400 POST http://10.180.1.21/compute/v2.1/os-aggregates 3.404s
2024-12-17 13:59:18.793 63104 INFO tempest.lib.common.rest_client [req-81de58df-8c26-4523-b5c2-cd6b47cd7bbe req-81de58df-8c26-4523-b5c2-cd6b47cd7bbe ] Request (ImagesMetadataTestJSON:setUp): 200 PUT http://10.180.1.21/compute/v2.1/images/c6481270-afcc-4af5-bd68-8b731a54e1dd/metadata 3.532s
2024-12-17 13:59:18.858 63138 INFO tempest.lib.common.rest_client [req-9662dda1-05a1-4339-a28c-7e510e417c9a req-9662dda1-05a1-4339-a28c-7e510e417c9a ] Request (ServersV294TestFqdnHostnames:tearDownClass): 204 DELETE http://10.180.1.21:9696/networking/v2.0/subnets/2565c7f3-8b6d-4f58-a754-bafe00e98c41 0.261s
2024-12-17 13:59:19.123 63158 INFO tempest.lib.common.rest_client [req-89c98c1a-7c71-40e5-a414-282298f53f64 req-89c98c1a-7c71-40e5-a414-282298f53f64 ] Request (ServerShowV257Test:test_rebuild_server): 204 DELETE http://10.180.1.21/compute/v2.1/servers/875517a8-624b-48fe-a795-32543228fe4b 3.266s
2024-12-17 13:59:19.263 63154 INFO tempest.lib.common.rest_client [req-f36518fc-4dc6-447b-8f5c-52eca25b6453 req-f36518fc-4dc6-447b-8f5c-52eca25b6453 ] Request (ServerDiskConfigTestJSON:setUpClass): 201 POST http://10.180.1.21:9696/networking/v2.0/networks 1.209s
2024-12-17 13:59:19.394 63129 INFO tempest.lib.common.rest_client [req-ea7ca0b5-8be5-4647-9c3b-185a6ae0064d req-ea7ca0b5-8be5-4647-9c3b-185a6ae0064d ] Request (ServerAddressesNegativeTestJSON:setUpClass): 201 POST http://10.180.1.21:9696/networking/v2.0/networks 1.093s
2024-12-17 13:59:19.494 63156 INFO tempest.lib.common.rest_client [req-f9ee8740-a4ab-4170-9c95-413150e7535e req-f9ee8740-a4ab-4170-9c95-413150e7535e ] Request (AttachInterfacesV270Test:setUpClass): 200 PUT http://10.180.1.21:9696/networking/v2.0/routers/b1bc29a0-1ad4-496a-a138-70294e063701/add_router_interface 2.681s
