2024-12-17 14:00:18.263 63124 INFO tempest.lib.common.dynamic_creds [-] Created isolated network resources for: credentials: Credentials: {'domain_id': 'default', 'domain_name': 'Default', 'username': 'tempest-ServersNegativeTestJSON-870846203-project-member', 'project_domain_id': 'default', 'project_domain_name': 'Default', 'project_id': '76e8db4ae1a3491d8a0cc1b891807eb7', 'project_name': 'tempest-ServersNegativeTestJSON-870846203', 'tenant_id': '76e8db4ae1a3491d8a0cc1b891807eb7', 'tenant_name': 'tempest-ServersNegativeTestJSON-870846203', 'user_domain_id': 'default', 'user_domain_name': 'Default', 'user_id': '1206828d9f13442b9b86ff242850f4b3', 'system': None}, Network: {'id': 'ab9e3535-879e-4005-9c60-72caca83713b', 'name': 'tempest-ServersNegativeTestJSON-2113597816-network', 'tenant_id': '76e8db4ae1a3491d8a0cc1b891807eb7', 'admin_state_up': True, 'mtu': 8950, 'status': 'ACTIVE', 'subnets': [], 'shared': False, 'project_id': '76e8db4ae1a3491d8a0cc1b891807eb7', 'port_security_enabled': True, 'router:external': False, 'provider:network_type': 'vlan', 'provider:physical_network': 'default', 'provider:segmentation_id': 23, 'is_default': False, 'availability_zone_hints': [], 'availability_zones': [], 'ipv4_address_scope': None, 'ipv6_address_scope': None, 'description': '', 'tags': [], 'created_at': '2024-12-17T14:00:00Z', 'updated_at': '2024-12-17T14:00:00Z', 'revision_number': 1}, Subnet: {'id': 'b7e12451-c536-48ae-81a4-5853949f7b9e', 'name': 'tempest-ServersNegativeTestJSON-2113597816-subnet', 'tenant_id': '76e8db4ae1a3491d8a0cc1b891807eb7', 'network_id': 'ab9e3535-879e-4005-9c60-72caca83713b', 'ip_version': 4, 'subnetpool_id': None, 'enable_dhcp': True, 'ipv6_ra_mode': None, 'ipv6_address_mode': None, 'gateway_ip': '192.168.128.1', 'cidr': '192.168.128.0/28', 'allocation_pools': [{'start': '192.168.128.2', 'end': '192.168.128.14'}], 'host_routes': [], 'dns_nameservers': [], 'description': '', 'service_types': [], 'tags': [], 'created_at': '2024-12-17T14:00:01Z', 'updated_at': '2024-12-17T14:00:01Z', 'revision_number': 0, 'project_id': '76e8db4ae1a3491d8a0cc1b891807eb7'}, Router: {'id': '25af1ce5-6fa6-4f0d-ba2e-5f9b91e11f95', 'name': 'tempest-ServersNegativeTestJSON-2113597816-router', 'tenant_id': '76e8db4ae1a3491d8a0cc1b891807eb7', 'admin_state_up': True, 'status': 'ACTIVE', 'external_gateway_info': {'network_id': '6285eefb-8a1c-4920-9832-2695c6a4bbc4', 'external_fixed_ips': [{'subnet_id': '0366d6a0-b8a7-48da-b533-a669f5ef09a5', 'ip_address': '10.180.180.247'}], 'enable_snat': True}, 'description': '', 'availability_zones': [], 'distributed': False, 'ha': False, 'availability_zone_hints': [], 'routes': [], 'flavor_id': None, 'tags': [], 'created_at': '2024-12-17T14:00:03Z', 'updated_at': '2024-12-17T14:00:06Z', 'revision_number': 2, 'project_id': '76e8db4ae1a3491d8a0cc1b891807eb7'}
2024-12-17 14:00:18.295 63162 INFO tempest.lib.common.rest_client [req-367b3004-862a-4899-85b4-e93ee2e01ef1 req-367b3004-862a-4899-85b4-e93ee2e01ef1 ] Request (ServerActionsTestJSON:setUpClass): 200 PUT http://10.180.1.21:9696/networking/v2.0/routers/2de590e3-6371-4b5b-a0b5-5f78e2f1f475/add_router_interface 5.240s
2024-12-17 14:00:18.295 63162 INFO tempest.lib.common.dynamic_creds [-] Created isolated network resources for: credentials: Credentials: {'domain_id': 'default', 'domain_name': 'Default', 'username': 'tempest-ServerActionsTestJSON-1026393023-project-member', 'project_domain_id': 'default', 'project_domain_name': 'Default', 'project_id': '1cebb343e0354f5384601ec1f70a964d', 'project_name': 'tempest-ServerActionsTestJSON-1026393023', 'tenant_id': '1cebb343e0354f5384601ec1f70a964d', 'tenant_name': 'tempest-ServerActionsTestJSON-1026393023', 'user_domain_id': 'default', 'user_domain_name': 'Default', 'user_id': '414197719f024c858385b98dc3d870cb', 'system': None}, Network: {'id': '6208dca6-0f8a-4199-a921-79fa8a668a87', 'name': 'tempest-ServerActionsTestJSON-2136246960-network', 'tenant_id': '1cebb343e0354f5384601ec1f70a964d', 'admin_state_up': True, 'mtu': 8950, 'status': 'ACTIVE', 'subnets': [], 'shared': False, 'project_id': '1cebb343e0354f5384601ec1f70a964d', 'port_security_enabled': True, 'router:external': False, 'provider:network_type': 'vlan', 'provider:physical_network': 'default', 'provider:segmentation_id': 798, 'is_default': False, 'availability_zone_hints': [], 'availability_zones': [], 'ipv4_address_scope': None, 'ipv6_address_scope': None, 'description': '', 'tags': [], 'created_at': '2024-12-17T14:00:06Z', 'updated_at': '2024-12-17T14:00:06Z', 'revision_number': 1}, Subnet: {'id': '31014f7b-720e-4940-b206-8c6bdf63cb1f', 'name': 'tempest-ServerActionsTestJSON-2136246960-subnet', 'tenant_id': '1cebb343e0354f5384601ec1f70a964d', 'network_id': '6208dca6-0f8a-4199-a921-79fa8a668a87', 'ip_version': 4, 'subnetpool_id': None, 'enable_dhcp': True, 'ipv6_ra_mode': None, 'ipv6_address_mode': None, 'gateway_ip': '192.168.128.1', 'cidr': '192.168.128.0/28', 'allocation_pools': [{'start': '192.168.128.2', 'end': '192.168.128.14'}], 'host_routes': [], 'dns_nameservers': [], 'description': '', 'service_types': [], 'tags': [], 'created_at': '2024-12-17T14:00:07Z', 'updated_at': '2024-12-17T14:00:07Z', 'revision_number': 0, 'project_id': '1cebb343e0354f5384601ec1f70a964d'}, Router: {'id': '2de590e3-6371-4b5b-a0b5-5f78e2f1f475', 'name': 'tempest-ServerActionsTestJSON-2136246960-router', 'tenant_id': '1cebb343e0354f5384601ec1f70a964d', 'admin_state_up': True, 'status': 'ACTIVE', 'external_gateway_info': {'network_id': '6285eefb-8a1c-4920-9832-2695c6a4bbc4', 'external_fixed_ips': [{'subnet_id': '0366d6a0-b8a7-48da-b533-a669f5ef09a5', 'ip_address': '10.180.180.198'}], 'enable_snat': True}, 'description': '', 'availability_zones': [], 'distributed': False, 'ha': False, 'availability_zone_hints': [], 'routes': [], 'flavor_id': None, 'tags': [], 'created_at': '2024-12-17T14:00:08Z', 'updated_at': '2024-12-17T14:00:11Z', 'revision_number': 2, 'project_id': '1cebb343e0354f5384601ec1f70a964d'}
2024-12-17 14:00:18.336 63124 INFO tempest.lib.common.rest_client [req-7c6d3a09-870d-4b51-81f0-5dad0ac770a9 req-7c6d3a09-870d-4b51-81f0-5dad0ac770a9 ] Request (ServersNegativeTestJSON:setUpClass): 201 POST http://10.180.1.21/identity/v3/auth/tokens 0.069s
2024-12-17 14:00:18.368 63124 INFO tempest.lib.common.rest_client [req-e804cd8f-c938-4f75-861a-025ea8237e71 req-e804cd8f-c938-4f75-861a-025ea8237e71 ] Request (ServersNegativeTestJSON:setUpClass): 201 POST http://10.180.1.21/identity/v3/auth/tokens 0.028s
2024-12-17 14:00:18.368 63124 INFO tempest.lib.common.fixed_network [-] (ServersNegativeTestJSON:setUpClass) Found network {'id': 'ab9e3535-879e-4005-9c60-72caca83713b', 'name': 'tempest-ServersNegativeTestJSON-2113597816-network', 'tenant_id': '76e8db4ae1a3491d8a0cc1b891807eb7', 'admin_state_up': True, 'mtu': 8950, 'status': 'ACTIVE', 'subnets': [], 'shared': False, 'project_id': '76e8db4ae1a3491d8a0cc1b891807eb7', 'port_security_enabled': True, 'router:external': False, 'provider:network_type': 'vlan', 'provider:physical_network': 'default', 'provider:segmentation_id': 23, 'is_default': False, 'availability_zone_hints': [], 'availability_zones': [], 'ipv4_address_scope': None, 'ipv6_address_scope': None, 'description': '', 'tags': [], 'created_at': '2024-12-17T14:00:00Z', 'updated_at': '2024-12-17T14:00:00Z', 'revision_number': 1} available for tenant
2024-12-17 14:00:18.374 63162 INFO tempest.lib.common.rest_client [req-21ba1f26-7d4d-4303-aabd-d22c5ec77dc2 req-21ba1f26-7d4d-4303-aabd-d22c5ec77dc2 ] Request (ServerActionsTestJSON:setUpClass): 201 POST http://10.180.1.21/identity/v3/auth/tokens 0.075s
2024-12-17 14:00:18.399 63122 INFO tempest.lib.common.rest_client [req-c032697a-4109-4f65-9cac-2fda44bfc8f3 req-c032697a-4109-4f65-9cac-2fda44bfc8f3 ] Request (VolumesAdminNegativeTest:tearDownClass): 204 DELETE http://10.180.1.21:9696/networking/v2.0/routers/19c52f51-0ab7-4f2e-9776-6f02d4268398 2.224s
2024-12-17 14:00:18.437 63129 INFO tempest.lib.common.rest_client [req-8870a9ff-2cfb-4e4c-b183-60154344508e req-8870a9ff-2cfb-4e4c-b183-60154344508e ] Request (ServerTagsTestJSON:setUpClass): 200 GET http://10.180.1.21/compute/v2.1/servers/e9b9f5db-afac-494e-9850-c0d82f26fc68 5.034s
2024-12-17 14:00:18.591 63150 INFO tempest.lib.common.rest_client [req-1f0a5969-b982-474d-8669-909d4d1f3d6f req-1f0a5969-b982-474d-8669-909d4d1f3d6f ] Request (AggregatesAdminNegativeTestJSON:tearDownClass): 204 DELETE http://10.180.1.21:9696/networking/v2.0/security-groups/5671be18-f82e-49fd-a595-23f2c2f319bd 0.627s
2024-12-17 14:00:18.672 63122 INFO tempest.lib.common.rest_client [req-2ed9ee72-d1d9-4ba3-80d2-ff4ec930792c req-2ed9ee72-d1d9-4ba3-80d2-ff4ec930792c ] Request (VolumesAdminNegativeTest:tearDownClass): 204 DELETE http://10.180.1.21:9696/networking/v2.0/subnets/2c73997d-467c-469b-a4a2-534ba548191b 0.272s
2024-12-17 14:00:18.679 63150 INFO tempest.lib.common.rest_client [req-536c695b-77e2-49b5-a1b9-4171fdbfb162 req-536c695b-77e2-49b5-a1b9-4171fdbfb162 ] Request (AggregatesAdminNegativeTestJSON:tearDownClass): 204 DELETE http://10.180.1.21/identity/v3/projects/844c7312337b4fea934e3a7ac2e126f4 0.087s
2024-12-17 14:00:18.741 63150 INFO tempest.lib.common.rest_client [req-a9f0af77-d437-465e-aea8-538e99a04732 req-a9f0af77-d437-465e-aea8-538e99a04732 ] Request (AZAdminNegativeTestJSON:setUpClass): 201 POST http://10.180.1.21/identity/v3/auth/tokens 0.060s
2024-12-17 14:00:18.774 63150 INFO tempest.lib.common.rest_client [req-9a3c62e5-f6bf-480d-a7fd-6afef11ecaef req-9a3c62e5-f6bf-480d-a7fd-6afef11ecaef ] Request (AZAdminNegativeTestJSON:setUpClass): 201 POST http://10.180.1.21/identity/v3/auth/tokens 0.030s
2024-12-17 14:00:18.805 63150 INFO tempest.lib.common.rest_client [req-4cfc69b7-83c9-4510-ac97-c5427cf9bc33 req-4cfc69b7-83c9-4510-ac97-c5427cf9bc33 ] Request (AZAdminNegativeTestJSON:setUpClass): 200 GET http://10.180.1.21/identity/v3/domains?name=Default 0.030s
2024-12-17 14:00:18.842 63150 INFO tempest.lib.common.rest_client [req-7b547253-73e1-483f-89a6-a40126c4fa28 req-7b547253-73e1-483f-89a6-a40126c4fa28 ] Request (AZAdminNegativeTestJSON:setUpClass): 201 POST http://10.180.1.21/identity/v3/projects 0.036s
2024-12-17 14:00:18.902 63150 INFO tempest.lib.common.rest_client [req-9d3d212b-d44d-46aa-aadf-99052c8e06cf req-9d3d212b-d44d-46aa-aadf-99052c8e06cf ] Request (AZAdminNegativeTestJSON:setUpClass): 201 POST http://10.180.1.21/identity/v3/users 0.059s
2024-12-17 14:00:18.924 63150 INFO tempest.lib.common.rest_client [req-f6ef1351-6a09-41fd-9159-3cbfad8dea50 req-f6ef1351-6a09-41fd-9159-3cbfad8dea50 ] Request (AZAdminNegativeTestJSON:setUpClass): 200 GET http://10.180.1.21/identity/v3/roles 0.022s
2024-12-17 14:00:18.958 63150 INFO tempest.lib.common.rest_client [req-ba066dcd-c9f9-4561-94f5-60d88e50d82d req-ba066dcd-c9f9-4561-94f5-60d88e50d82d ] Request (AZAdminNegativeTestJSON:setUpClass): 204 PUT http://10.180.1.21/identity/v3/projects/92eb6df01f624ff9b8075c882564338c/users/60ad83868b4c45f5a5c027301fabd6f1/roles/b7e1e390e0364ab28ee3f13477ef5852 0.034s
2024-12-17 14:00:18.959 63150 INFO tempest.lib.common.dynamic_creds [-] Dynamic test user 60ad83868b4c45f5a5c027301fabd6f1 is created with scope project and roles: ['member']
2024-12-17 14:00:18.959 63150 INFO tempest.lib.common.dynamic_creds [-] Acquired dynamic creds: credentials: Credentials: {'domain_id': 'default', 'domain_name': 'Default', 'username': 'tempest-AZAdminNegativeTestJSON-1833683089-project-member', 'project_domain_id': 'default', 'project_domain_name': 'Default', 'project_id': '92eb6df01f624ff9b8075c882564338c', 'project_name': 'tempest-AZAdminNegativeTestJSON-1833683089', 'tenant_id': '92eb6df01f624ff9b8075c882564338c', 'tenant_name': 'tempest-AZAdminNegativeTestJSON-1833683089', 'user_domain_id': 'default', 'user_domain_name': 'Default', 'user_id': '60ad83868b4c45f5a5c027301fabd6f1', 'system': None}, Network: None, Subnet: None, Router: None
2024-12-17 14:00:18.959 63150 INFO tempest.lib.common.dynamic_creds [-] Created isolated network resources for: credentials: Credentials: {'domain_id': 'default', 'domain_name': 'Default', 'username': 'tempest-AZAdminNegativeTestJSON-1833683089-project-member', 'project_domain_id': 'default', 'project_domain_name': 'Default', 'project_id': '92eb6df01f624ff9b8075c882564338c', 'project_name': 'tempest-AZAdminNegativeTestJSON-1833683089', 'tenant_id': '92eb6df01f624ff9b8075c882564338c', 'tenant_name': 'tempest-AZAdminNegativeTestJSON-1833683089', 'user_domain_id': 'default', 'user_domain_name': 'Default', 'user_id': '60ad83868b4c45f5a5c027301fabd6f1', 'system': None}, Network: None, Subnet: None, Router: None
2024-12-17 14:00:19.019 63132 INFO tempest.lib.common.rest_client [req-e85f8598-0dca-4292-9f59-6181e3f4c037 req-e85f8598-0dca-4292-9f59-6181e3f4c037 ] Request (SecurityGroupsTestJSON:test_server_security_groups): 200 GET http://10.180.1.21/compute/v2.1/servers/1a375c37-fcec-4442-827d-103352e81035 5.471s
2024-12-17 14:00:19.046 63150 INFO tempest.lib.common.rest_client [req-4475cb26-d05d-40d7-a984-48c536cd0524 req-4475cb26-d05d-40d7-a984-48c536cd0524 ] Request (AZAdminNegativeTestJSON:setUpClass): 201 POST http://10.180.1.21/identity/v3/auth/tokens 0.082s
2024-12-17 14:00:19.102 63118 INFO tempest.lib.common.rest_client [req-2dad1663-f8c6-4a7c-8f14-42735650d064 req-2dad1663-f8c6-4a7c-8f14-42735650d064 ] Request (SecurityGroupsNegativeTestJSON:test_security_group_get_nonexistent_group): 404 GET http://10.180.1.21/compute/v2.1/os-security-groups/5db0cb63-3304-4861-aa4d-7ddc66615746 4.953s
2024-12-17 14:00:19.133 63150 INFO tempest.lib.common.rest_client [req-a0907653-13f2-46c8-b74e-bda5e47beb6d req-a0907653-13f2-46c8-b74e-bda5e47beb6d ] Request (AZAdminNegativeTestJSON:setUpClass): 201 POST http://10.180.1.21/identity/v3/projects 0.086s
2024-12-17 14:00:19.179 63108 INFO tempest.lib.common.rest_client [req-a9bda865-90fd-46f1-92c9-96fd0ac15600 req-a9bda865-90fd-46f1-92c9-96fd0ac15600 ] Request (AttachVolumeNegativeTest:setUpClass): 201 POST http://10.180.1.21:9696/networking/v2.0/routers 6.211s
2024-12-17 14:00:19.199 63150 INFO tempest.lib.common.rest_client [req-50224643-f135-4820-9571-f33c2fd8f30d req-50224643-f135-4820-9571-f33c2fd8f30d ] Request (AZAdminNegativeTestJSON:setUpClass): 201 POST http://10.180.1.21/identity/v3/users 0.066s
2024-12-17 14:00:19.223 63150 INFO tempest.lib.common.rest_client [req-d22a4900-07f1-46b6-9195-cdcb4f820474 req-d22a4900-07f1-46b6-9195-cdcb4f820474 ] Request (AZAdminNegativeTestJSON:setUpClass): 200 GET http://10.180.1.21/identity/v3/roles 0.023s
2024-12-17 14:00:19.254 63150 INFO tempest.lib.common.rest_client [req-ea5203c1-e887-42b8-b3e2-1f574a68bc26 req-ea5203c1-e887-42b8-b3e2-1f574a68bc26 ] Request (AZAdminNegativeTestJSON:setUpClass): 204 PUT http://10.180.1.21/identity/v3/projects/cf9cf4755e2c4094987f1b1d585b391c/users/dfb54b0749f744419b04d532418d6735/roles/312936d0fecd40059c786e2538920df9 0.030s
2024-12-17 14:00:19.313 63150 INFO tempest.lib.common.rest_client [req-f2e0aa46-8740-4f24-8126-6f3bc3f12f96 req-f2e0aa46-8740-4f24-8126-6f3bc3f12f96 ] Request (AZAdminNegativeTestJSON:setUpClass): 200 GET http://10.180.1.21/identity/v3/roles 0.058s
2024-12-17 14:00:19.335 63150 INFO tempest.lib.common.rest_client [req-ca29f144-bf08-4493-af6a-5f6cde6a8ef6 req-ca29f144-bf08-4493-af6a-5f6cde6a8ef6 ] Request (AZAdminNegativeTestJSON:setUpClass): 204 PUT http://10.180.1.21/identity/v3/projects/cf9cf4755e2c4094987f1b1d585b391c/users/dfb54b0749f744419b04d532418d6735/roles/312936d0fecd40059c786e2538920df9 0.021s
2024-12-17 14:00:19.335 63150 INFO tempest.lib.common.dynamic_creds [-] Dynamic test user dfb54b0749f744419b04d532418d6735 is created with scope project and roles: ['admin']
2024-12-17 14:00:19.335 63150 INFO tempest.lib.common.dynamic_creds [-] Acquired dynamic creds: credentials: Credentials: {'domain_id': 'default', 'domain_name': 'Default', 'username': 'tempest-AZAdminNegativeTestJSON-885508192-project-admin', 'project_domain_id': 'default', 'project_domain_name': 'Default', 'project_id': 'cf9cf4755e2c4094987f1b1d585b391c', 'project_name': 'tempest-AZAdminNegativeTestJSON-885508192', 'tenant_id': 'cf9cf4755e2c4094987f1b1d585b391c', 'tenant_name': 'tempest-AZAdminNegativeTestJSON-885508192', 'user_domain_id': 'default', 'user_domain_name': 'Default', 'user_id': 'dfb54b0749f744419b04d532418d6735', 'system': None}, Network: None, Subnet: None, Router: None
2024-12-17 14:00:19.335 63150 INFO tempest.lib.common.dynamic_creds [-] Created isolated network resources for: credentials: Credentials: {'domain_id': 'default', 'domain_name': 'Default', 'username': 'tempest-AZAdminNegativeTestJSON-885508192-project-admin', 'project_domain_id': 'default', 'project_domain_name': 'Default', 'project_id': 'cf9cf4755e2c4094987f1b1d585b391c', 'project_name': 'tempest-AZAdminNegativeTestJSON-885508192', 'tenant_id': 'cf9cf4755e2c4094987f1b1d585b391c', 'tenant_name': 'tempest-AZAdminNegativeTestJSON-885508192', 'user_domain_id': 'default', 'user_domain_name': 'Default', 'user_id': 'dfb54b0749f744419b04d532418d6735', 'system': None}, Network: None, Subnet: None, Router: None
2024-12-17 14:00:19.447 63150 INFO tempest.lib.common.rest_client [req-12b90e62-7df3-4238-8e2b-9334964e753d req-12b90e62-7df3-4238-8e2b-9334964e753d ] Request (AZAdminNegativeTestJSON:setUpClass): 201 POST http://10.180.1.21/identity/v3/auth/tokens 0.110s
2024-12-17 14:00:19.658 63116 INFO tempest.lib.common.rest_client [req-5901e476-9a1f-4e4d-a3fa-655c36efc0d9 req-5901e476-9a1f-4e4d-a3fa-655c36efc0d9 ] Request (ServerRescueTestJSON:setUpClass): 202 POST http://10.180.1.21/compute/v2.1/servers 5.981s
2024-12-17 14:00:19.739 63122 INFO tempest.lib.common.rest_client [req-0cc3f05f-9869-4457-a306-96b5346da94f req-0cc3f05f-9869-4457-a306-96b5346da94f ] Request (VolumesAdminNegativeTest:tearDownClass): 204 DELETE http://10.180.1.21:9696/networking/v2.0/networks/882a8f94-8780-4bf2-9815-c4f465fc8d6f 1.066s
2024-12-17 14:00:19.789 63134 INFO tempest.lib.common.rest_client [req-4421d1f1-650a-492d-a55c-24ecd4ed225e req-4421d1f1-650a-492d-a55c-24ecd4ed225e ] Request (SecurityGroupRulesTestJSON:tearDownClass): 202 DELETE http://10.180.1.21/compute/v2.1/os-security-groups/06fdcf52-a5e1-4ce8-ab7c-f7c619cd09dd 4.925s
2024-12-17 14:00:19.857 63122 INFO tempest.lib.common.rest_client [req-497c3225-9c50-4ad9-9142-107d79b98fff req-497c3225-9c50-4ad9-9142-107d79b98fff ] Request (VolumesAdminNegativeTest:tearDownClass): 204 DELETE http://10.180.1.21/identity/v3/users/ba083be9dc0b4f13959b85309e49d649 0.116s
2024-12-17 14:00:19.874 63126 INFO tempest.lib.common.rest_client [req-8f37f993-666d-4bc5-bfca-96751f1a74f5 req-8f37f993-666d-4bc5-bfca-96751f1a74f5 ] Request (ServerGroup264TestJSON:test_create_get_server_group): 200 POST http://10.180.1.21/compute/v2.1/os-server-groups 4.819s
2024-12-17 14:00:19.889 63160 INFO tempest.lib.common.rest_client [req-41d2dc87-5370-4cfa-bcfa-df4ebd4d28ed req-41d2dc87-5370-4cfa-bcfa-df4ebd4d28ed ] Request (KeyPairsV22TestJSON:_run_cleanups): 204 DELETE http://10.180.1.21/compute/v2.1/os-keypairs/tempest-keypair-1611817303 4.513s
2024-12-17 14:00:19.906 63136 INFO tempest.lib.common.rest_client [req-ae290db1-5b1b-4d39-860d-5ff66bd2b2da req-ae290db1-5b1b-4d39-860d-5ff66bd2b2da ] Request (FlavorsAdminTestJSON:_run_cleanups): 200 GET http://10.180.1.21/compute/v2.1/flavors/detail 4.507s
2024-12-17 14:00:19.934 63104 INFO tempest.lib.common.rest_client [req-c6b3c239-44be-4c5c-8847-3c30716c6504 req-c6b3c239-44be-4c5c-8847-3c30716c6504 ] Request (KeyPairsNegativeTestJSON:test_create_keypair_with_empty_public_key): 400 POST http://10.180.1.21/compute/v2.1/os-keypairs 4.528s
2024-12-17 14:00:19.953 63144 INFO tempest.lib.common.rest_client [req-47eae756-a4a4-496e-9a1f-69ced516ddd2 req-47eae756-a4a4-496e-9a1f-69ced516ddd2 ] Request (ImagesMetadataNegativeTestJSON:test_get_nonexistent_image_metadata_item): 404 GET http://10.180.1.21/compute/v2.1/images/15253418-f0ee-4b14-92c3-1d76025b4df0/metadata/os_version 4.431s
2024-12-17 14:00:20.010 63122 INFO tempest.lib.common.rest_client [req-c87ec663-9b64-41e7-9b60-a8324aa70658 req-c87ec663-9b64-41e7-9b60-a8324aa70658 ] Request (VolumesAdminNegativeTest:tearDownClass): 204 DELETE http://10.180.1.21/identity/v3/users/0335a4ed33c74d95857ca1811558302e 0.152s
2024-12-17 14:00:20.011 63122 INFO tempest.lib.common.dynamic_creds [-] Deleting project and security group for project: fbdf68754a4040f2bb5edcf08b32d12f
2024-12-17 14:00:20.105 63122 INFO tempest.lib.common.rest_client [req-ac19a48c-f633-449a-a77d-f799152d7a35 req-ac19a48c-f633-449a-a77d-f799152d7a35 ] Request (VolumesAdminNegativeTest:tearDownClass): 200 GET http://10.180.1.21:9696/networking/v2.0/security-groups?tenant_id=fbdf68754a4040f2bb5edcf08b32d12f&name=default 0.094s
2024-12-17 14:00:20.277 63156 INFO tempest.lib.common.rest_client [req-e71d7729-5cdc-457d-8382-ae4621db78b3 req-e71d7729-5cdc-457d-8382-ae4621db78b3 ] Request (ServersTestFqdnHostnames:test_create_server_with_fqdn_name): 200 GET http://10.180.1.21/compute/v2.1/servers/ee50624e-74d6-4afc-9fba-c541f1b83554 3.958s
2024-12-17 14:00:20.298 63122 INFO tempest.lib.common.rest_client [req-6a1e0d2d-e03d-44fd-acbd-20373aea80b5 req-6a1e0d2d-e03d-44fd-acbd-20373aea80b5 ] Request (VolumesAdminNegativeTest:tearDownClass): 204 DELETE http://10.180.1.21:9696/networking/v2.0/security-groups/3d214bfa-c99d-48d1-811f-c3c966bbb6fe 0.193s
2024-12-17 14:00:20.425 63164 INFO tempest.lib.common.rest_client [req-81fc55d3-a964-48a4-89ad-e04c4726330f req-81fc55d3-a964-48a4-89ad-e04c4726330f ] Request (MultipleCreateTestJSON:test_multiple_create): 200 GET http://10.180.1.21/compute/v2.1/servers 3.721s
2024-12-17 14:00:20.436 63122 INFO tempest.lib.common.rest_client [req-bbf51cb2-0c84-4877-a7b6-4c5671b93016 req-bbf51cb2-0c84-4877-a7b6-4c5671b93016 ] Request (VolumesAdminNegativeTest:tearDownClass): 204 DELETE http://10.180.1.21/identity/v3/projects/fbdf68754a4040f2bb5edcf08b32d12f 0.137s
2024-12-17 14:00:20.436 63122 INFO tempest.lib.common.dynamic_creds [-] Deleting project and security group for project: 68d11fa02d1147158c36896ba0ea4bf9
2024-12-17 14:00:20.497 63122 INFO tempest.lib.common.rest_client [req-6a99b8b2-6e35-4388-97c9-001818b72977 req-6a99b8b2-6e35-4388-97c9-001818b72977 ] Request (VolumesAdminNegativeTest:tearDownClass): 200 GET http://10.180.1.21:9696/networking/v2.0/security-groups?tenant_id=68d11fa02d1147158c36896ba0ea4bf9&name=default 0.060s
2024-12-17 14:00:20.543 63154 INFO tempest.lib.common.rest_client [req-99049735-ca9a-4c02-a406-cc00e88a1ee3 req-99049735-ca9a-4c02-a406-cc00e88a1ee3 ] Request (ServerDiskConfigTestJSON:test_resize_server_from_auto_to_manual): 200 GET http://10.180.1.21/compute/v2.1/servers/6855f7a9-0dc0-41e1-900b-112181064d7d 5.270s
2024-12-17 14:00:20.601 63120 INFO tempest.lib.common.rest_client [req-245e0ca7-d08b-461d-adc0-d8c5c22b5775 req-245e0ca7-d08b-461d-adc0-d8c5c22b5775 ] Request (ValidationResourcesFixture:setUp): 201 POST http://10.180.1.21/compute/v2.1/os-keypairs 3.822s
2024-12-17 14:00:20.607 63112 INFO tempest.lib.common.rest_client [req-113d2f47-9c09-4722-ba05-1da158587515 req-113d2f47-9c09-4722-ba05-1da158587515 ] Request (ExtensionsTest:test_list_extensions): 200 GET http://10.180.1.21/compute/v2.1/extensions 2.579s
2024-12-17 14:00:20.717 63112 INFO tempest.lib.common.rest_client [req-89c485b8-1a60-4090-896d-663496ceb02d req-89c485b8-1a60-4090-896d-663496ceb02d ] Request (ExtensionsTest:tearDownClass): 204 DELETE http://10.180.1.21/identity/v3/users/87dbad42f4ad4e5fb27806663e8e0ea2 0.095s
2024-12-17 14:00:20.717 63112 INFO tempest.lib.common.dynamic_creds [-] Deleting project and security group for project: f90231ee164f4d3d8cc077ef5f2a4592
2024-12-17 14:00:20.718 63166 INFO tempest.lib.common.rest_client [req-7dc1ccc9-ed20-4f5d-bc17-543dfb351003 req-7dc1ccc9-ed20-4f5d-bc17-543dfb351003 ] Request (ValidationResourcesFixture:setUp): 200 POST http://10.180.1.21/compute/v2.1/os-keypairs 2.639s
2024-12-17 14:00:20.786 63112 INFO tempest.lib.common.rest_client [req-53a7c472-29f2-41c2-9df9-b4a9b71b21f6 req-53a7c472-29f2-41c2-9df9-b4a9b71b21f6 ] Request (ExtensionsTest:tearDownClass): 201 POST http://10.180.1.21/identity/v3/auth/tokens 0.068s
2024-12-17 14:00:20.802 63120 INFO tempest.lib.common.rest_client [req-6b1e95c2-5e18-4fef-b037-a64a3a6f3c25 req-6b1e95c2-5e18-4fef-b037-a64a3a6f3c25 ] Request (ValidationResourcesFixture:setUp): 201 POST http://10.180.1.21:9696/networking/v2.0/security-groups 0.199s
2024-12-17 14:00:20.830 63147 INFO tempest.lib.common.rest_client [req-a241b7ff-5d9a-48e6-ae75-1c97dc4c26f8 req-a241b7ff-5d9a-48e6-ae75-1c97dc4c26f8 ] Request (FlavorsAccessNegativeTestJSON:test_add_flavor_access_duplicate): 200 POST http://10.180.1.21/compute/v2.1/flavors 2.636s
2024-12-17 14:00:20.887 63130 INFO tempest.lib.common.rest_client [req-8daf939c-82e3-466d-908c-aa616f7251ad req-8daf939c-82e3-466d-908c-aa616f7251ad ] Request (DeleteServersTestJSON:test_delete_active_server): 200 GET http://10.180.1.21/compute/v2.1/servers/cc3276aa-0d5a-4a14-ae90-e20a1b823bd3 3.241s
2024-12-17 14:00:20.963 63122 INFO tempest.lib.common.rest_client [req-a2b47a91-b2e5-4453-864c-dc6886f4cddd req-a2b47a91-b2e5-4453-864c-dc6886f4cddd ] Request (VolumesAdminNegativeTest:tearDownClass): 204 DELETE http://10.180.1.21:9696/networking/v2.0/security-groups/e45d7ffe-92bd-46a9-8479-1f2b12f0fd7f 0.466s
2024-12-17 14:00:21.000 63166 INFO tempest.lib.common.rest_client [req-53bd0583-2e07-45c4-a63a-10b5623e618a req-53bd0583-2e07-45c4-a63a-10b5623e618a ] Request (ValidationResourcesFixture:setUp): 201 POST http://10.180.1.21:9696/networking/v2.0/security-groups 0.280s
2024-12-17 14:00:21.051 63122 INFO tempest.lib.common.rest_client [req-f3578fb8-0356-4bf6-b5bb-4b3596172cad req-f3578fb8-0356-4bf6-b5bb-4b3596172cad ] Request (VolumesAdminNegativeTest:tearDownClass): 204 DELETE http://10.180.1.21/identity/v3/projects/68d11fa02d1147158c36896ba0ea4bf9 0.087s
2024-12-17 14:00:21.105 63122 INFO tempest.lib.common.rest_client [req-8d60fdc8-56ac-4d66-b427-7965546fc1da req-8d60fdc8-56ac-4d66-b427-7965546fc1da ] Request (AttachInterfacesTestJSON:setUpClass): 201 POST http://10.180.1.21/identity/v3/auth/tokens 0.051s
2024-12-17 14:00:21.147 63122 INFO tempest.lib.common.rest_client [req-3a058cf1-a5ec-457f-bbbc-7fc776bb2ab1 req-3a058cf1-a5ec-457f-bbbc-7fc776bb2ab1 ] Request (AttachInterfacesTestJSON:setUpClass): 201 POST http://10.180.1.21/identity/v3/auth/tokens 0.039s
2024-12-17 14:00:21.169 63122 INFO tempest.lib.common.rest_client [req-363fd6b6-a9a8-47b8-b042-b70b8a968dfb req-363fd6b6-a9a8-47b8-b042-b70b8a968dfb ] Request (AttachInterfacesTestJSON:setUpClass): 200 GET http://10.180.1.21/identity/v3/domains?name=Default 0.022s
2024-12-17 14:00:21.196 63122 INFO tempest.lib.common.rest_client [req-87a23f8d-95b7-44b9-9f75-3cdfaa922107 req-87a23f8d-95b7-44b9-9f75-3cdfaa922107 ] Request (AttachInterfacesTestJSON:setUpClass): 201 POST http://10.180.1.21/identity/v3/projects 0.027s
2024-12-17 14:00:21.254 63114 INFO tempest.lib.common.rest_client [req-b2f532bf-5031-4c3c-9f59-8b4377d490b8 req-b2f532bf-5031-4c3c-9f59-8b4377d490b8 ] Request (MigrationsAdminTest:test_resize_server_revert_deleted_flavor): 200 GET http://10.180.1.21/compute/v2.1/servers/145736d0-0f14-4ec3-ada2-ddb1fe6f271a 2.955s
2024-12-17 14:00:21.267 63122 INFO tempest.lib.common.rest_client [req-d52746a5-93a3-4e79-9dd3-6513208a7033 req-d52746a5-93a3-4e79-9dd3-6513208a7033 ] Request (AttachInterfacesTestJSON:setUpClass): 201 POST http://10.180.1.21/identity/v3/users 0.070s
2024-12-17 14:00:21.290 63120 INFO tempest.lib.common.rest_client [req-0712bc73-6ebd-492b-b3ca-240322a02a39 req-0712bc73-6ebd-492b-b3ca-240322a02a39 ] Request (ValidationResourcesFixture:setUp): 201 POST http://10.180.1.21:9696/networking/v2.0/security-group-rules 0.488s
2024-12-17 14:00:21.301 63122 INFO tempest.lib.common.rest_client [req-e31096aa-8280-45da-a711-2007c2c94d3f req-e31096aa-8280-45da-a711-2007c2c94d3f ] Request (AttachInterfacesTestJSON:setUpClass): 200 GET http://10.180.1.21/identity/v3/roles 0.032s
2024-12-17 14:00:21.304 63112 INFO tempest.lib.common.rest_client [req-5cf54f0c-8946-4300-aafb-57bd0486fca1 req-5cf54f0c-8946-4300-aafb-57bd0486fca1 ] Request (ExtensionsTest:tearDownClass): 200 GET http://10.180.1.21:9696/networking/v2.0/security-groups?tenant_id=f90231ee164f4d3d8cc077ef5f2a4592&name=default 0.517s
2024-12-17 14:00:21.333 63122 INFO tempest.lib.common.rest_client [req-f3453619-8c15-4883-a1e4-317318df05be req-f3453619-8c15-4883-a1e4-317318df05be ] Request (AttachInterfacesTestJSON:setUpClass): 204 PUT http://10.180.1.21/identity/v3/projects/5cfb462e54c147038f2fa700ce7b4a41/users/45e7d805f0624c0e953bf3dd1e243332/roles/b7e1e390e0364ab28ee3f13477ef5852 0.032s
2024-12-17 14:00:21.333 63122 INFO tempest.lib.common.dynamic_creds [-] Dynamic test user 45e7d805f0624c0e953bf3dd1e243332 is created with scope project and roles: ['member']
2024-12-17 14:00:21.333 63122 INFO tempest.lib.common.dynamic_creds [-] Acquired dynamic creds: credentials: Credentials: {'domain_id': 'default', 'domain_name': 'Default', 'username': 'tempest-AttachInterfacesTestJSON-87292261-project-member', 'project_domain_id': 'default', 'project_domain_name': 'Default', 'project_id': '5cfb462e54c147038f2fa700ce7b4a41', 'project_name': 'tempest-AttachInterfacesTestJSON-87292261', 'tenant_id': '5cfb462e54c147038f2fa700ce7b4a41', 'tenant_name': 'tempest-AttachInterfacesTestJSON-87292261', 'user_domain_id': 'default', 'user_domain_name': 'Default', 'user_id': '45e7d805f0624c0e953bf3dd1e243332', 'system': None}, Network: None, Subnet: None, Router: None
2024-12-17 14:00:21.374 63120 INFO tempest.lib.common.rest_client [req-a1bebac7-2079-40af-8184-9bf18a1558ca req-a1bebac7-2079-40af-8184-9bf18a1558ca ] Request (ValidationResourcesFixture:setUp): 201 POST http://10.180.1.21:9696/networking/v2.0/security-group-rules 0.083s
2024-12-17 14:00:21.391 63162 INFO tempest.lib.common.rest_client [req-7e8866ad-7333-430c-b3b7-74acf44fa6d5 req-7e8866ad-7333-430c-b3b7-74acf44fa6d5 ] Request (ServerActionsTestJSON:setUpClass): 200 POST http://10.180.1.21/compute/v2.1/os-keypairs 3.015s
2024-12-17 14:00:21.397 63122 INFO tempest.lib.common.rest_client [req-5156da73-979d-4c3f-bce3-efd4db8be2ed req-5156da73-979d-4c3f-bce3-efd4db8be2ed ] Request (AttachInterfacesTestJSON:setUpClass): 201 POST http://10.180.1.21/identity/v3/auth/tokens 0.064s
2024-12-17 14:00:21.571 63106 INFO tempest.lib.common.rest_client [req-0a6d70fe-59b1-49c7-8dcf-d1ea8dceab5f req-0a6d70fe-59b1-49c7-8dcf-d1ea8dceab5f ] Request (DeleteServersAdminTestJSON:test_admin_delete_servers_of_others): 200 GET http://10.180.1.21/compute/v2.1/servers/02000be7-32ff-4158-8ce7-02bcefe7d81c 2.689s
2024-12-17 14:00:21.599 63162 INFO tempest.lib.common.rest_client [req-6614ec5a-1295-4ea5-94bb-55ec807ca80a req-6614ec5a-1295-4ea5-94bb-55ec807ca80a ] Request (ServerActionsTestJSON:setUpClass): 201 POST http://10.180.1.21:9696/networking/v2.0/security-groups 0.206s
2024-12-17 14:00:21.648 63166 INFO tempest.lib.common.rest_client [req-40a4b7f3-9c45-411b-9258-c388cd3e7d18 req-40a4b7f3-9c45-411b-9258-c388cd3e7d18 ] Request (ValidationResourcesFixture:setUp): 201 POST http://10.180.1.21:9696/networking/v2.0/security-group-rules 0.647s
2024-12-17 14:00:21.937 63162 INFO tempest.lib.common.rest_client [req-f1d11c8c-a40e-4ed7-b436-add0b86148ea req-f1d11c8c-a40e-4ed7-b436-add0b86148ea ] Request (ServerActionsTestJSON:setUpClass): 201 POST http://10.180.1.21:9696/networking/v2.0/security-group-rules 0.337s
2024-12-17 14:00:21.961 63152 INFO tempest.lib.common.rest_client [req-45882823-3245-445a-b927-70e195a7401f req-45882823-3245-445a-b927-70e195a7401f ] Request (ImagesNegativeTestJSON:test_create_image_from_deleted_server): 200 GET http://10.180.1.21/compute/v2.1/servers/3070aef7-432d-4f92-80d5-18efd8cceec3 3.051s
2024-12-17 14:00:21.983 63166 INFO tempest.lib.common.rest_client [req-43eaf780-ae8a-44e0-818a-704961fb1d61 req-43eaf780-ae8a-44e0-818a-704961fb1d61 ] Request (ValidationResourcesFixture:setUp): 201 POST http://10.180.1.21:9696/networking/v2.0/security-group-rules 0.334s
2024-12-17 14:00:22.000 63112 INFO tempest.lib.common.rest_client [req-8ca1fa6f-71f5-49df-aaf8-da633abc0cf5 req-8ca1fa6f-71f5-49df-aaf8-da633abc0cf5 ] Request (ExtensionsTest:tearDownClass): 204 DELETE http://10.180.1.21:9696/networking/v2.0/security-groups/5cf892fc-8f34-43ee-8ee1-1fc9206550c3 0.695s
2024-12-17 14:00:22.024 63118 INFO tempest.lib.common.rest_client [req-8138aa65-9d3c-41bd-ab63-d22e8e07122e req-8138aa65-9d3c-41bd-ab63-d22e8e07122e ] Request (SecurityGroupsNegativeTestJSON:test_update_non_existent_security_group): 404 PUT http://10.180.1.21/compute/v2.1/os-security-groups/e42ad846-c494-4f43-8058-cac4a637e3c8 2.921s
2024-12-17 14:00:22.031 63122 INFO tempest.lib.common.rest_client [req-4d30509e-c411-431f-9896-f547bdafc47f req-4d30509e-c411-431f-9896-f547bdafc47f ] Request (AttachInterfacesTestJSON:setUpClass): 201 POST http://10.180.1.21:9696/networking/v2.0/networks 0.633s
2024-12-17 14:00:22.045 63138 INFO tempest.lib.common.rest_client [req-9ba1f488-cda8-49a4-90e6-f3a5c846907b req-9ba1f488-cda8-49a4-90e6-f3a5c846907b ] Request (ServersTestJSON:setUpClass): 200 PUT http://10.180.1.21:9696/networking/v2.0/routers/833004ff-62e3-4ed1-9daf-59779aa5a409/add_router_interface 6.187s
2024-12-17 14:00:22.045 63138 INFO tempest.lib.common.dynamic_creds [-] Created isolated network resources for: credentials: Credentials: {'domain_id': 'default', 'domain_name': 'Default', 'username': 'tempest-ServersTestJSON-1267623694-project-member', 'project_domain_id': 'default', 'project_domain_name': 'Default', 'project_id': '8a8bdbc34699435bbde5622db4df613f', 'project_name': 'tempest-ServersTestJSON-1267623694', 'tenant_id': '8a8bdbc34699435bbde5622db4df613f', 'tenant_name': 'tempest-ServersTestJSON-1267623694', 'user_domain_id': 'default', 'user_domain_name': 'Default', 'user_id': '17f8660c9c09492bba48e650519012cf', 'system': None}, Network: {'id': 'a61ea66b-b7b2-4c86-976d-641129187c28', 'name': 'tempest-ServersTestJSON-427195933-network', 'tenant_id': '8a8bdbc34699435bbde5622db4df613f', 'admin_state_up': True, 'mtu': 8950, 'status': 'ACTIVE', 'subnets': [], 'shared': False, 'project_id': '8a8bdbc34699435bbde5622db4df613f', 'port_security_enabled': True, 'router:external': False, 'provider:network_type': 'vlan', 'provider:physical_network': 'default', 'provider:segmentation_id': 194, 'is_default': False, 'availability_zone_hints': [], 'availability_zones': [], 'ipv4_address_scope': None, 'ipv6_address_scope': None, 'description': '', 'tags': [], 'created_at': '2024-12-17T14:00:06Z', 'updated_at': '2024-12-17T14:00:06Z', 'revision_number': 1}, Subnet: {'id': '76b745d7-3219-4b2a-b803-0c6f701d9460', 'name': 'tempest-ServersTestJSON-427195933-subnet', 'tenant_id': '8a8bdbc34699435bbde5622db4df613f', 'network_id': 'a61ea66b-b7b2-4c86-976d-641129187c28', 'ip_version': 4, 'subnetpool_id': None, 'enable_dhcp': True, 'ipv6_ra_mode': None, 'ipv6_address_mode': None, 'gateway_ip': '192.168.128.1', 'cidr': '192.168.128.0/28', 'allocation_pools': [{'start': '192.168.128.2', 'end': '192.168.128.14'}], 'host_routes': [], 'dns_nameservers': [], 'description': '', 'service_types': [], 'tags': [], 'created_at': '2024-12-17T14:00:07Z', 'updated_at': '2024-12-17T14:00:07Z', 'revision_number': 0, 'project_id': '8a8bdbc34699435bbde5622db4df613f'}, Router: {'id': '833004ff-62e3-4ed1-9daf-59779aa5a409', 'name': 'tempest-ServersTestJSON-427195933-router', 'tenant_id': '8a8bdbc34699435bbde5622db4df613f', 'admin_state_up': True, 'status': 'ACTIVE', 'external_gateway_info': {'network_id': '6285eefb-8a1c-4920-9832-2695c6a4bbc4', 'external_fixed_ips': [{'subnet_id': '0366d6a0-b8a7-48da-b533-a669f5ef09a5', 'ip_address': '10.180.180.131'}], 'enable_snat': True}, 'description': '', 'availability_zones': [], 'distributed': False, 'ha': False, 'availability_zone_hints': [], 'routes': [], 'flavor_id': None, 'tags': [], 'created_at': '2024-12-17T14:00:08Z', 'updated_at': '2024-12-17T14:00:13Z', 'revision_number': 2, 'project_id': '8a8bdbc34699435bbde5622db4df613f'}
2024-12-17 14:00:22.075 63112 INFO tempest.lib.common.rest_client [req-d35be1ed-4b53-4189-8a76-21d16e1ffe5e req-d35be1ed-4b53-4189-8a76-21d16e1ffe5e ] Request (ExtensionsTest:tearDownClass): 204 DELETE http://10.180.1.21/identity/v3/projects/f90231ee164f4d3d8cc077ef5f2a4592 0.075s
2024-12-17 14:00:22.135 63138 INFO tempest.lib.common.rest_client [req-c87d2664-af35-4f60-97f5-8a25744889e9 req-c87d2664-af35-4f60-97f5-8a25744889e9 ] Request (ServersTestJSON:setUpClass): 201 POST http://10.180.1.21/identity/v3/auth/tokens 0.085s
2024-12-17 14:00:22.194 63138 INFO tempest.lib.common.rest_client [req-b8637a79-c2de-4763-a939-bf1ef5b66e79 req-b8637a79-c2de-4763-a939-bf1ef5b66e79 ] Request (ServersTestJSON:setUpClass): 200 GET http://10.180.1.21/identity/v3/projects/8a8bdbc34699435bbde5622db4df613f 0.058s
2024-12-17 14:00:22.194 63138 INFO tempest.lib.common.dynamic_creds [-] Using the existing project 8a8bdbc34699435bbde5622db4df613f for scope project and roles: ['reader']
2024-12-17 14:00:22.228 63138 INFO tempest.lib.common.rest_client [req-6dc46f0d-bcf2-480b-992f-843fe477b3d0 req-6dc46f0d-bcf2-480b-992f-843fe477b3d0 ] Request (ServersTestJSON:setUpClass): 201 POST http://10.180.1.21/identity/v3/users 0.033s
2024-12-17 14:00:22.250 63138 INFO tempest.lib.common.rest_client [req-b98a475b-ddf8-4c4d-a95b-76fe945d9ad1 req-b98a475b-ddf8-4c4d-a95b-76fe945d9ad1 ] Request (ServersTestJSON:setUpClass): 200 GET http://10.180.1.21/identity/v3/roles 0.022s
2024-12-17 14:00:22.277 63124 INFO tempest.lib.common.rest_client [req-ac3136be-e95a-46de-ba5f-44ed5ef7c464 req-ac3136be-e95a-46de-ba5f-44ed5ef7c464 ] Request (ServersNegativeTestJSON:setUpClass): 202 POST http://10.180.1.21/compute/v2.1/servers 3.908s
2024-12-17 14:00:22.293 63138 INFO tempest.lib.common.rest_client [req-d4568d06-6238-4fc4-b6c9-c257fad2d6d0 req-d4568d06-6238-4fc4-b6c9-c257fad2d6d0 ] Request (ServersTestJSON:setUpClass): 204 PUT http://10.180.1.21/identity/v3/projects/8a8bdbc34699435bbde5622db4df613f/users/1bcaab44afba4f9abe5d53630ef88b08/roles/a2b5cfb318d34dcf9eb333731a18896b 0.042s
2024-12-17 14:00:22.293 63138 INFO tempest.lib.common.dynamic_creds [-] Dynamic test user 1bcaab44afba4f9abe5d53630ef88b08 is created with scope project and roles: ['reader']
2024-12-17 14:00:22.293 63138 INFO tempest.lib.common.dynamic_creds [-] Acquired dynamic creds: credentials: Credentials: {'domain_id': 'default', 'domain_name': 'Default', 'username': 'tempest-ServersTestJSON-1267623694-project-reader', 'project_domain_id': 'default', 'project_domain_name': 'Default', 'project_id': '8a8bdbc34699435bbde5622db4df613f', 'project_name': 'tempest-ServersTestJSON-1267623694', 'tenant_id': '8a8bdbc34699435bbde5622db4df613f', 'tenant_name': 'tempest-ServersTestJSON-1267623694', 'user_domain_id': 'default', 'user_domain_name': 'Default', 'user_id': '1bcaab44afba4f9abe5d53630ef88b08', 'system': None}, Network: None, Subnet: None, Router: None
2024-12-17 14:00:22.293 63138 INFO tempest.lib.common.dynamic_creds [-] Network resources are not created for requested scope: project and credentials: Credentials: {'domain_id': 'default', 'domain_name': 'Default', 'username': 'tempest-ServersTestJSON-1267623694-project-reader', 'project_domain_id': 'default', 'project_domain_name': 'Default', 'project_id': '8a8bdbc34699435bbde5622db4df613f', 'project_name': 'tempest-ServersTestJSON-1267623694', 'tenant_id': '8a8bdbc34699435bbde5622db4df613f', 'tenant_name': 'tempest-ServersTestJSON-1267623694', 'user_domain_id': 'default', 'user_domain_name': 'Default', 'user_id': '1bcaab44afba4f9abe5d53630ef88b08', 'system': None}, Network: None, Subnet: None, Router: None
2024-12-17 14:00:22.346 63129 INFO tempest.lib.common.rest_client [req-d86f0f50-1232-4916-be9e-5bce518ec6cc req-d86f0f50-1232-4916-be9e-5bce518ec6cc ] Request (ServerTagsTestJSON:setUpClass): 200 GET http://10.180.1.21/compute/v2.1/servers/e9b9f5db-afac-494e-9850-c0d82f26fc68 2.900s
2024-12-17 14:00:22.351 63162 INFO tempest.lib.common.rest_client [req-d823fb2c-1291-4d27-ba53-d03a00cf6f2c req-d823fb2c-1291-4d27-ba53-d03a00cf6f2c ] Request (ServerActionsTestJSON:setUpClass): 201 POST http://10.180.1.21:9696/networking/v2.0/security-group-rules 0.413s
2024-12-17 14:00:22.377 63138 INFO tempest.lib.common.rest_client [req-8edfb071-664c-4ca2-a76e-3427086a4060 req-8edfb071-664c-4ca2-a76e-3427086a4060 ] Request (ServersTestJSON:setUpClass): 201 POST http://10.180.1.21/identity/v3/auth/tokens 0.078s
2024-12-17 14:00:22.418 63116 INFO tempest.lib.common.rest_client [req-304bc874-ef92-4ba1-be29-25511d27a8e0 req-304bc874-ef92-4ba1-be29-25511d27a8e0 ] Request (ServerRescueTestJSON:setUpClass): 200 GET http://10.180.1.21/compute/v2.1/servers/e7945a83-b063-42c4-9991-7f1e0545361d 2.758s
2024-12-17 14:00:22.437 63138 INFO tempest.lib.common.rest_client [req-60a547f9-5755-4767-8049-c353029f32da req-60a547f9-5755-4767-8049-c353029f32da ] Request (ServersTestJSON:test_create_server_specify_multibyte_character_name): 201 POST http://10.180.1.21/identity/v3/auth/tokens 0.055s
2024-12-17 14:00:22.438 63138 INFO tempest.lib.common.fixed_network [-] (ServersTestJSON:test_create_server_specify_multibyte_character_name) Found network {'id': 'a61ea66b-b7b2-4c86-976d-641129187c28', 'name': 'tempest-ServersTestJSON-427195933-network', 'tenant_id': '8a8bdbc34699435bbde5622db4df613f', 'admin_state_up': True, 'mtu': 8950, 'status': 'ACTIVE', 'subnets': [], 'shared': False, 'project_id': '8a8bdbc34699435bbde5622db4df613f', 'port_security_enabled': True, 'router:external': False, 'provider:network_type': 'vlan', 'provider:physical_network': 'default', 'provider:segmentation_id': 194, 'is_default': False, 'availability_zone_hints': [], 'availability_zones': [], 'ipv4_address_scope': None, 'ipv6_address_scope': None, 'description': '', 'tags': [], 'created_at': '2024-12-17T14:00:06Z', 'updated_at': '2024-12-17T14:00:06Z', 'revision_number': 1} available for tenant
2024-12-17 14:00:22.440 63150 INFO tempest.lib.common.rest_client [req-c55db3fd-4d6f-46c4-b03d-6aa81a04c45b req-c55db3fd-4d6f-46c4-b03d-6aa81a04c45b ] Request (AZAdminNegativeTestJSON:test_get_availability_zone_list_detail_with_non_admin_user): 403 GET http://10.180.1.21/compute/v2.1/os-availability-zone/detail 2.991s
2024-12-17 14:00:22.460 63126 INFO tempest.lib.common.rest_client [req-bee0de5e-7f51-48a7-a05a-18043aef878c req-bee0de5e-7f51-48a7-a05a-18043aef878c ] Request (ServerGroup264TestJSON:test_create_get_server_group): 200 GET http://10.180.1.21/compute/v2.1/os-server-groups 2.585s
2024-12-17 14:00:22.502 63160 INFO tempest.lib.common.rest_client [req-db76ab9b-94f9-4b63-b2d6-c88f06c0aeb7 req-db76ab9b-94f9-4b63-b2d6-c88f06c0aeb7 ] Request (KeyPairsV22TestJSON:test_keypair_create_with_pub_key): 201 POST http://10.180.1.21/compute/v2.1/os-keypairs 2.611s
2024-12-17 14:00:22.512 63136 INFO tempest.lib.common.rest_client [req-595e3c60-1493-4296-a402-73bd91d9e8d8 req-595e3c60-1493-4296-a402-73bd91d9e8d8 ] Request (FlavorsAdminTestJSON:_run_cleanups): 202 DELETE http://10.180.1.21/compute/v2.1/flavors/1536373927 2.601s
2024-12-17 14:00:22.517 63104 INFO tempest.lib.common.rest_client [req-9b6fe33d-8bd4-498a-a468-38635f1265ef req-9b6fe33d-8bd4-498a-a468-38635f1265ef ] Request (KeyPairsNegativeTestJSON:test_create_keypair_with_long_keynames): 400 POST http://10.180.1.21/compute/v2.1/os-keypairs 2.580s
2024-12-17 14:00:22.535 63144 INFO tempest.lib.common.rest_client [req-a61ea220-188c-40b7-b59a-fea496959fb0 req-a61ea220-188c-40b7-b59a-fea496959fb0 ] Request (ImagesMetadataNegativeTestJSON:test_list_nonexistent_image_metadata): 404 GET http://10.180.1.21/compute/v2.1/images/87384721-f8a0-433a-98bc-074118c8a47f/metadata 2.578s
2024-12-17 14:00:22.559 63150 INFO tempest.lib.common.rest_client [req-1a2e0a81-46b1-404b-b6fd-819f4a37f0a7 req-1a2e0a81-46b1-404b-b6fd-819f4a37f0a7 ] Request (AZAdminNegativeTestJSON:tearDownClass): 204 DELETE http://10.180.1.21/identity/v3/users/60ad83868b4c45f5a5c027301fabd6f1 0.116s
2024-12-17 14:00:22.643 63150 INFO tempest.lib.common.rest_client [req-4347f58b-273b-47c0-9b88-63ec4ccc3adc req-4347f58b-273b-47c0-9b88-63ec4ccc3adc ] Request (AZAdminNegativeTestJSON:tearDownClass): 204 DELETE http://10.180.1.21/identity/v3/users/dfb54b0749f744419b04d532418d6735 0.083s
2024-12-17 14:00:22.644 63150 INFO tempest.lib.common.dynamic_creds [-] Deleting project and security group for project: cf9cf4755e2c4094987f1b1d585b391c
2024-12-17 14:00:22.692 63150 INFO tempest.lib.common.rest_client [req-53f5f432-93ba-4a09-bc7f-0e21d07b9353 req-53f5f432-93ba-4a09-bc7f-0e21d07b9353 ] Request (AZAdminNegativeTestJSON:tearDownClass): 201 POST http://10.180.1.21/identity/v3/auth/tokens 0.048s
2024-12-17 14:00:22.954 63120 INFO tempest.lib.common.rest_client [req-ef289b04-1a77-4668-88a4-837d8ddc9ac0 req-ef289b04-1a77-4668-88a4-837d8ddc9ac0 ] Request (ValidationResourcesFixture:setUp): 201 POST http://10.180.1.21:9696/networking/v2.0/floatingips 1.579s
2024-12-17 14:00:22.959 63122 INFO tempest.lib.common.rest_client [req-4cc89d14-4678-4985-8662-8dc626ece127 req-4cc89d14-4678-4985-8662-8dc626ece127 ] Request (AttachInterfacesTestJSON:setUpClass): 201 POST http://10.180.1.21:9696/networking/v2.0/subnets 0.924s
2024-12-17 14:00:22.964 63134 INFO tempest.lib.common.rest_client [req-b22edda9-5dd8-42f9-ad7d-f46703194f9c req-b22edda9-5dd8-42f9-ad7d-f46703194f9c ] Request (SecurityGroupRulesTestJSON:tearDownClass): 202 DELETE http://10.180.1.21/compute/v2.1/os-security-groups/32fd8e80-52fe-4295-af3e-d46978bc28a4 3.174s
2024-12-17 14:00:23.015 63132 INFO tempest.lib.common.rest_client [req-7451405f-1652-4988-8a77-fc9ac48a500f req-7451405f-1652-4988-8a77-fc9ac48a500f ] Request (SecurityGroupsTestJSON:test_server_security_groups): 200 GET http://10.180.1.21/compute/v2.1/servers/1a375c37-fcec-4442-827d-103352e81035 2.990s
2024-12-17 14:00:23.037 63120 INFO tempest.lib.common.rest_client [req-a409d14b-039b-45c4-892f-bd6d38c4e4e9 req-a409d14b-039b-45c4-892f-bd6d38c4e4e9 ] Request (AttachVolumeShelveTestJSON:test_attach_volume_shelved_or_offload_server): 201 POST http://10.180.1.21/identity/v3/auth/tokens 0.079s
2024-12-17 14:00:23.038 63120 INFO tempest.lib.common.fixed_network [-] (AttachVolumeShelveTestJSON:test_attach_volume_shelved_or_offload_server) Found network {'id': 'c99152ae-613b-4d0f-a26d-29a62a55a03b', 'name': 'tempest-AttachVolumeShelveTestJSON-471148057-network', 'tenant_id': '41001df4ca2d4ba5b13f377c4ef88d5a', 'admin_state_up': True, 'mtu': 8950, 'status': 'ACTIVE', 'subnets': [], 'shared': False, 'project_id': '41001df4ca2d4ba5b13f377c4ef88d5a', 'port_security_enabled': True, 'router:external': False, 'provider:network_type': 'vlan', 'provider:physical_network': 'default', 'provider:segmentation_id': 268, 'is_default': False, 'availability_zone_hints': [], 'availability_zones': [], 'ipv4_address_scope': None, 'ipv6_address_scope': None, 'description': '', 'tags': [], 'created_at': '2024-12-17T13:59:57Z', 'updated_at': '2024-12-17T13:59:57Z', 'revision_number': 1} available for tenant
2024-12-17 14:00:23.139 63147 INFO tempest.lib.common.rest_client [req-d9ffa0ab-f29f-4750-84b0-73e1a62d6d4f req-d9ffa0ab-f29f-4750-84b0-73e1a62d6d4f ] Request (FlavorsAccessNegativeTestJSON:test_add_flavor_access_duplicate): 200 POST http://10.180.1.21/compute/v2.1/flavors/1282592312/action 2.306s
2024-12-17 14:00:23.352 63164 INFO tempest.lib.common.rest_client [req-1eec4a4b-3f67-4387-a7dd-4053815e6a01 req-1eec4a4b-3f67-4387-a7dd-4053815e6a01 ] Request (MultipleCreateTestJSON:test_multiple_create): 200 GET http://10.180.1.21/compute/v2.1/servers/47aac36c-3f70-40a8-ab60-cebba86d3f85 2.924s
2024-12-17 14:00:23.430 63150 INFO tempest.lib.common.rest_client [req-a8a28949-be6a-4abc-b264-931954b02bff req-a8a28949-be6a-4abc-b264-931954b02bff ] Request (AZAdminNegativeTestJSON:tearDownClass): 200 GET http://10.180.1.21:9696/networking/v2.0/security-groups?tenant_id=cf9cf4755e2c4094987f1b1d585b391c&name=default 0.738s
2024-12-17 14:00:23.708 63154 INFO tempest.lib.common.rest_client [req-f72f1337-c1c0-4b42-ae64-1047ab341e62 req-f72f1337-c1c0-4b42-ae64-1047ab341e62 ] Request (ServerDiskConfigTestJSON:test_resize_server_from_auto_to_manual): 200 GET http://10.180.1.21/compute/v2.1/servers/6855f7a9-0dc0-41e1-900b-112181064d7d 2.156s
2024-12-17 14:00:23.732 63156 INFO tempest.lib.common.rest_client [req-44acc12c-718e-4f88-bde8-2fc687c05dbd req-44acc12c-718e-4f88-bde8-2fc687c05dbd ] Request (ServersTestFqdnHostnames:test_create_server_with_fqdn_name): 200 GET http://10.180.1.21/compute/v2.1/servers/ee50624e-74d6-4afc-9fba-c541f1b83554 2.447s
2024-12-17 14:00:23.751 63150 INFO tempest.lib.common.rest_client [req-ed2367fd-c1e0-4b6c-9005-289db947ef20 req-ed2367fd-c1e0-4b6c-9005-289db947ef20 ] Request (AZAdminNegativeTestJSON:tearDownClass): 204 DELETE http://10.180.1.21:9696/networking/v2.0/security-groups/3641c2e8-5d87-46f1-a7c1-ff1869c1f0fc 0.321s
2024-12-17 14:00:23.764 63108 INFO tempest.lib.common.rest_client [req-06b0177e-da7d-4d38-b1e4-774a1c2e38d5 req-06b0177e-da7d-4d38-b1e4-774a1c2e38d5 ] Request (AttachVolumeNegativeTest:setUpClass): 200 PUT http://10.180.1.21:9696/networking/v2.0/routers/82e2a0d8-5437-4f19-a3ae-bc91b6161735/add_router_interface 4.585s
