2024-12-17 14:01:44.932 63154 INFO tempest.lib.common.rest_client [req-e6689c26-b260-43cd-90fd-acea5f116963 req-e6689c26-b260-43cd-90fd-acea5f116963 ] Request (ServerDiskConfigTestJSON:test_resize_server_from_auto_to_manual): 200 GET http://10.180.1.21/compute/v2.1/servers/6855f7a9-0dc0-41e1-900b-112181064d7d 0.123s
2024-12-17 14:01:44.950 63134 INFO tempest.lib.common.rest_client [req-78fb69e9-a4a5-4e21-9f3f-ed183eb059f1 req-78fb69e9-a4a5-4e21-9f3f-ed183eb059f1 ] Request (AttachInterfacesUnderV243Test:test_add_remove_fixed_ip): 200 GET http://10.180.1.21/compute/v2.1/servers/8ed18ae2-2ba1-424c-b695-846afd7b3501 0.049s
2024-12-17 14:01:44.998 63122 INFO tempest.lib.common.rest_client [req-8c3f6d14-eaf3-412c-ae0c-90789cd6bb0a req-8c3f6d14-eaf3-412c-ae0c-90789cd6bb0a ] Request (AttachInterfacesTestJSON:test_create_list_show_delete_interfaces_by_fixed_ip): 200 GET http://10.180.1.21/compute/v2.1/servers/cefa22cd-9d7a-4b86-9ec5-bb9f005b42e0 0.045s
2024-12-17 14:01:45.047 63138 INFO tempest.lib.common.rest_client [req-495a94c3-d578-4542-8d25-a253a304e2c0 req-495a94c3-d578-4542-8d25-a253a304e2c0 ] Request (ServersTestJSON:test_create_server_specify_multibyte_character_name): 200 GET http://10.180.1.21/compute/v2.1/servers/b8002da2-eecd-490a-a34b-c651c28c57fc 0.090s
2024-12-17 14:01:45.053 63116 INFO tempest.lib.common.rest_client [req-ce4e23cc-52e4-4d8d-a4de-ec654cdfb1d2 req-ce4e23cc-52e4-4d8d-a4de-ec654cdfb1d2 ] Request (ServerRescueTestJSON:setUpClass): 200 GET http://10.180.1.21/compute/v2.1/servers/e7945a83-b063-42c4-9991-7f1e0545361d 0.149s
2024-12-17 14:01:45.093 63166 INFO tempest.lib.common.rest_client [req-65b988eb-5fa3-4d3d-937d-f2990eca4b25 req-65b988eb-5fa3-4d3d-937d-f2990eca4b25 ] Request (AttachVolumeTestJSON:test_attach_detach_volume): 200 GET http://10.180.1.21/compute/v2.1/servers/d25dbbad-94bb-4147-aa56-91aaab4ed077 0.092s
2024-12-17 14:01:45.110 63147 INFO tempest.lib.common.rest_client [req-aeee1ca5-ad22-430c-917f-c940217c6448 req-aeee1ca5-ad22-430c-917f-c940217c6448 ] Request (ServerGroupTestJSON:test_create_server_with_scheduler_hint_group): 200 GET http://10.180.1.21/compute/v2.1/servers/bc569bae-c099-4437-8683-5af75ef5f106 0.108s
2024-12-17 14:01:45.136 63106 INFO tempest.lib.common.rest_client [req-01ba218c-a8ac-480d-870e-5ce2053cd517 req-01ba218c-a8ac-480d-870e-5ce2053cd517 ] Request (DeleteServersAdminTestJSON:test_delete_server_while_in_error_state): 200 GET http://10.180.1.21/compute/v2.1/servers/659b62e3-0bb2-46fb-aa6a-faef4883bdc1 0.089s
2024-12-17 14:01:45.257 63152 INFO tempest.lib.common.rest_client [req-e42a603b-5fd1-49a2-aca1-a508ccc80202 req-e42a603b-5fd1-49a2-aca1-a508ccc80202 ] Request (ServersNegativeTestMultiTenantJSON:tearDownClass): 200 PUT http://10.180.1.21:9696/networking/v2.0/routers/cd4d5db6-9085-47ba-b690-99a019bad985/remove_router_interface 0.876s
2024-12-17 14:01:45.261 63136 INFO tempest.lib.common.rest_client [req-a700444f-8693-43df-b19e-5c1bfaab25dd req-a700444f-8693-43df-b19e-5c1bfaab25dd ] Request (ImagesTestJSON:test_create_image_from_stopped_server): 200 GET http://10.180.1.21/compute/v2.1/servers/86651832-02db-4181-8a9e-11da5f017f65 0.048s
2024-12-17 14:01:45.315 63132 INFO tempest.lib.common.rest_client [req-55cd1364-aebe-4d3c-9b55-e83bba12b65d req-55cd1364-aebe-4d3c-9b55-e83bba12b65d ] Request (SecurityGroupsTestJSON:test_server_security_groups): 200 GET http://10.180.1.21/compute/v2.1/servers/1a375c37-fcec-4442-827d-103352e81035 0.164s
2024-12-17 14:01:45.337 63150 INFO tempest.lib.common.rest_client [req-e53fa1f3-a2e1-4dd5-bea6-ff18c5de7a6e req-e53fa1f3-a2e1-4dd5-bea6-ff18c5de7a6e ] Request (ServerDiagnosticsV248Test:test_get_server_diagnostics): 200 GET http://10.180.1.21/compute/v2.1/servers/7b8c78af-c9f9-4bff-a667-6faa0fb7c482 0.064s
2024-12-17 14:01:45.574 63114 INFO tempest.lib.common.rest_client [req-078559fe-c232-46ea-a68e-554ecd4fa407 req-078559fe-c232-46ea-a68e-554ecd4fa407 ] Request (MigrationsAdminTest:test_resize_server_revert_deleted_flavor): 200 GET http://10.180.1.21/compute/v2.1/servers/145736d0-0f14-4ec3-ada2-ddb1fe6f271a 0.124s
2024-12-17 14:01:45.652 63129 INFO tempest.lib.common.rest_client [req-60a6c71a-cdac-45fc-a7e6-f60f1fea5370 req-60a6c71a-cdac-45fc-a7e6-f60f1fea5370 ] Request (ServerTagsTestJSON:setUpClass): 200 GET http://10.180.1.21/compute/v2.1/servers/e9b9f5db-afac-494e-9850-c0d82f26fc68 0.316s
2024-12-17 14:01:45.700 63108 INFO tempest.lib.common.rest_client [req-4d1f2090-96cc-4af6-965f-e846cbf071cb req-4d1f2090-96cc-4af6-965f-e846cbf071cb ] Request (AttachVolumeNegativeTest:test_attach_attached_volume_to_different_server): 200 GET http://10.180.1.21/compute/v2.1/servers/16a36155-12ef-40b2-b94d-db4619ac2f4b 0.206s
2024-12-17 14:01:45.711 63152 INFO tempest.lib.common.rest_client [req-e695d964-dbff-4345-9ac4-195840b286a5 req-e695d964-dbff-4345-9ac4-195840b286a5 ] Request (ServersNegativeTestMultiTenantJSON:tearDownClass): 204 DELETE http://10.180.1.21:9696/networking/v2.0/routers/cd4d5db6-9085-47ba-b690-99a019bad985 0.453s
2024-12-17 14:01:45.752 63118 INFO tempest.lib.common.rest_client [req-aa15742d-b6da-49d5-b0f9-e2fb045b297f req-aa15742d-b6da-49d5-b0f9-e2fb045b297f ] Request (ServerActionsTestOtherA:setUpClass): 200 GET http://10.180.1.21/compute/v2.1/servers/eaa781b6-6542-495d-8430-73416444d972 0.232s
2024-12-17 14:01:45.759 63164 INFO tempest.lib.common.rest_client [req-8a11dfad-5ca7-4eac-8692-a101bd853b06 req-8a11dfad-5ca7-4eac-8692-a101bd853b06 ] Request (MultipleCreateTestJSON:test_multiple_create): 200 GET http://10.180.1.21/compute/v2.1/servers/47aac36c-3f70-40a8-ab60-cebba86d3f85 0.288s
2024-12-17 14:01:45.798 63120 INFO tempest.lib.common.rest_client [req-37162a1e-f726-4e5a-8995-357bf61ace8c req-37162a1e-f726-4e5a-8995-357bf61ace8c ] Request (AttachVolumeShelveTestJSON:test_attach_volume_shelved_or_offload_server): 200 GET http://10.180.1.21/compute/v2.1/servers/077b8c8d-ee7e-495b-a7f7-676fe7c70f83 0.260s
2024-12-17 14:01:45.838 63124 INFO tempest.lib.common.rest_client [req-9c34a9e1-db57-4ff7-a435-9173a033e3b5 req-9c34a9e1-db57-4ff7-a435-9173a033e3b5 ] Request (ServersNegativeTestJSON:setUpClass): 200 GET http://10.180.1.21/compute/v2.1/servers/1ebb8847-1932-4ed6-8e56-bf48952cfc9c 0.155s
2024-12-17 14:01:45.894 63152 INFO tempest.lib.common.rest_client [req-2cad8073-e156-460c-8c44-da335fcce683 req-2cad8073-e156-460c-8c44-da335fcce683 ] Request (ServersNegativeTestMultiTenantJSON:tearDownClass): 204 DELETE http://10.180.1.21:9696/networking/v2.0/subnets/2eac390e-6c63-4562-92b3-9827a4a79bc8 0.182s
2024-12-17 14:01:45.915 63130 INFO tempest.lib.common.rest_client [req-d078b172-fcae-4eb1-a325-1341837b2785 req-d078b172-fcae-4eb1-a325-1341837b2785 ] Request (DeleteServersTestJSON:test_delete_active_server): 200 GET http://10.180.1.21/compute/v2.1/servers/cc3276aa-0d5a-4a14-ae90-e20a1b823bd3 0.166s
2024-12-17 14:01:45.924 63156 INFO tempest.lib.common.rest_client [req-0e702a39-1dbf-4993-8c77-7e8284e0cf39 req-0e702a39-1dbf-4993-8c77-7e8284e0cf39 ] Request (ServersTestFqdnHostnames:test_create_server_with_fqdn_name): 200 GET http://10.180.1.21/compute/v2.1/servers/ee50624e-74d6-4afc-9fba-c541f1b83554 0.105s
2024-12-17 14:01:45.966 63162 INFO tempest.lib.common.rest_client [req-a4c728b7-1f76-4f1e-8163-bcc67d7b3c52 req-a4c728b7-1f76-4f1e-8163-bcc67d7b3c52 ] Request (ServerActionsTestJSON:setUpClass): 200 GET http://10.180.1.21/compute/v2.1/servers/640c1048-dca1-4fbd-889b-cd8aa23eb3f2 0.070s
2024-12-17 14:01:46.014 63134 INFO tempest.lib.common.rest_client [req-13d32f85-b72b-4f2d-89a7-de4a8bd41ee8 req-13d32f85-b72b-4f2d-89a7-de4a8bd41ee8 ] Request (AttachInterfacesUnderV243Test:test_add_remove_fixed_ip): 200 GET http://10.180.1.21/compute/v2.1/servers/8ed18ae2-2ba1-424c-b695-846afd7b3501 0.056s
2024-12-17 14:01:46.065 63122 INFO tempest.lib.common.rest_client [req-84bb7afe-1442-453d-b262-345c7936fe8f req-84bb7afe-1442-453d-b262-345c7936fe8f ] Request (AttachInterfacesTestJSON:test_create_list_show_delete_interfaces_by_fixed_ip): 200 GET http://10.180.1.21/compute/v2.1/servers/cefa22cd-9d7a-4b86-9ec5-bb9f005b42e0 0.057s
2024-12-17 14:01:46.118 63138 INFO tempest.lib.common.rest_client [req-e360fd6a-daa5-4921-ba03-07ab3b284cf6 req-e360fd6a-daa5-4921-ba03-07ab3b284cf6 ] Request (ServersTestJSON:test_create_server_specify_multibyte_character_name): 200 GET http://10.180.1.21/compute/v2.1/servers/b8002da2-eecd-490a-a34b-c651c28c57fc 0.064s
2024-12-17 14:01:46.210 63154 INFO tempest.lib.common.rest_client [req-b45019a7-b0fa-4469-8d1b-b26426221f3b req-b45019a7-b0fa-4469-8d1b-b26426221f3b ] Request (ServerDiskConfigTestJSON:test_resize_server_from_auto_to_manual): 200 GET http://10.180.1.21/compute/v2.1/servers/6855f7a9-0dc0-41e1-900b-112181064d7d 0.267s
2024-12-17 14:01:46.241 63116 INFO tempest.lib.common.rest_client [req-82bad0a8-548d-4c0e-a04a-776a664b4836 req-82bad0a8-548d-4c0e-a04a-776a664b4836 ] Request (ServerRescueTestJSON:setUpClass): 200 GET http://10.180.1.21/compute/v2.1/servers/e7945a83-b063-42c4-9991-7f1e0545361d 0.182s
2024-12-17 14:01:46.247 63152 INFO tempest.lib.common.rest_client [req-e79dd1f8-6904-47eb-9095-29a755429f0c req-e79dd1f8-6904-47eb-9095-29a755429f0c ] Request (ServersNegativeTestMultiTenantJSON:tearDownClass): 204 DELETE http://10.180.1.21:9696/networking/v2.0/networks/8f65d66b-ae6f-4e2f-8edc-574208f3bc4e 0.353s
2024-12-17 14:01:46.258 63166 INFO tempest.lib.common.rest_client [req-8f184054-4504-4757-bbd9-7e7974d8ee30 req-8f184054-4504-4757-bbd9-7e7974d8ee30 ] Request (AttachVolumeTestJSON:test_attach_detach_volume): 200 GET http://10.180.1.21/compute/v2.1/servers/d25dbbad-94bb-4147-aa56-91aaab4ed077 0.157s
2024-12-17 14:01:46.283 63147 INFO tempest.lib.common.rest_client [req-2ba8540a-6203-4626-84aa-9f1b2348d3c2 req-2ba8540a-6203-4626-84aa-9f1b2348d3c2 ] Request (ServerGroupTestJSON:test_create_server_with_scheduler_hint_group): 200 GET http://10.180.1.21/compute/v2.1/servers/bc569bae-c099-4437-8683-5af75ef5f106 0.167s
2024-12-17 14:01:46.301 63106 INFO tempest.lib.common.rest_client [req-e8ffa7ca-7b63-436c-895f-b78801b0ced6 req-e8ffa7ca-7b63-436c-895f-b78801b0ced6 ] Request (DeleteServersAdminTestJSON:test_delete_server_while_in_error_state): 200 GET http://10.180.1.21/compute/v2.1/servers/659b62e3-0bb2-46fb-aa6a-faef4883bdc1 0.159s
2024-12-17 14:01:46.327 63136 INFO tempest.lib.common.rest_client [req-140b40f1-5226-4982-850a-cceeff042d97 req-140b40f1-5226-4982-850a-cceeff042d97 ] Request (ImagesTestJSON:test_create_image_from_stopped_server): 200 GET http://10.180.1.21/compute/v2.1/servers/86651832-02db-4181-8a9e-11da5f017f65 0.059s
2024-12-17 14:01:46.333 63152 INFO tempest.lib.common.rest_client [req-c5776802-00f8-431f-a6d1-f5c281700271 req-c5776802-00f8-431f-a6d1-f5c281700271 ] Request (ServersNegativeTestMultiTenantJSON:tearDownClass): 204 DELETE http://10.180.1.21/identity/v3/users/72eef7c908b64b9b88549bf2f25e0713 0.085s
2024-12-17 14:01:46.391 63150 INFO tempest.lib.common.rest_client [req-e740d03c-23c7-477b-9181-36e1af0c6491 req-e740d03c-23c7-477b-9181-36e1af0c6491 ] Request (ServerDiagnosticsV248Test:test_get_server_diagnostics): 200 GET http://10.180.1.21/compute/v2.1/servers/7b8c78af-c9f9-4bff-a667-6faa0fb7c482 0.046s
2024-12-17 14:01:46.410 63152 INFO tempest.lib.common.rest_client [req-ea7fe3c6-9233-4687-9e6e-1b5a67211cf6 req-ea7fe3c6-9233-4687-9e6e-1b5a67211cf6 ] Request (ServersNegativeTestMultiTenantJSON:tearDownClass): 204 DELETE http://10.180.1.21/identity/v3/users/e8c20d04614549caa3d6f0166b98fd6e 0.076s
2024-12-17 14:01:46.410 63152 INFO tempest.lib.common.dynamic_creds [-] Deleting project and security group for project: be44b6325dd3457a9d88b381a358e1fb
2024-12-17 14:01:46.434 63152 INFO tempest.lib.common.rest_client [req-6fc2616b-cc5a-444e-996e-87c53f96389d req-6fc2616b-cc5a-444e-996e-87c53f96389d ] Request (ServersNegativeTestMultiTenantJSON:tearDownClass): 200 GET http://10.180.1.21:9696/networking/v2.0/security-groups?tenant_id=be44b6325dd3457a9d88b381a358e1fb&name=default 0.023s
2024-12-17 14:01:46.445 63132 INFO tempest.lib.common.rest_client [req-ef459995-803b-4841-8cc0-7d50ebf7a69e req-ef459995-803b-4841-8cc0-7d50ebf7a69e ] Request (SecurityGroupsTestJSON:test_server_security_groups): 200 GET http://10.180.1.21/compute/v2.1/servers/1a375c37-fcec-4442-827d-103352e81035 0.124s
2024-12-17 14:01:46.489 63152 INFO tempest.lib.common.rest_client [req-d23f8d95-85fe-46b3-9d06-7eaf4f6475db req-d23f8d95-85fe-46b3-9d06-7eaf4f6475db ] Request (ServersNegativeTestMultiTenantJSON:tearDownClass): 204 DELETE http://10.180.1.21:9696/networking/v2.0/security-groups/96089b9e-8088-4e96-9546-246d3a4e6cb8 0.055s
2024-12-17 14:01:46.562 63152 INFO tempest.lib.common.rest_client [req-457d7896-321e-4b70-8ca5-c34ed1916fbc req-457d7896-321e-4b70-8ca5-c34ed1916fbc ] Request (ServersNegativeTestMultiTenantJSON:tearDownClass): 204 DELETE http://10.180.1.21/identity/v3/projects/be44b6325dd3457a9d88b381a358e1fb 0.072s
2024-12-17 14:01:46.562 63152 INFO tempest.lib.common.dynamic_creds [-] Deleting project and security group for project: df73544177794ee6837a8379b1ccc475
2024-12-17 14:01:46.586 63152 INFO tempest.lib.common.rest_client [req-f8c49d90-7734-422a-bafd-6696dd7fb946 req-f8c49d90-7734-422a-bafd-6696dd7fb946 ] Request (ServersNegativeTestMultiTenantJSON:tearDownClass): 200 GET http://10.180.1.21:9696/networking/v2.0/security-groups?tenant_id=df73544177794ee6837a8379b1ccc475&name=default 0.023s
2024-12-17 14:01:46.682 63152 INFO tempest.lib.common.rest_client [req-2caf24d8-f14b-48cf-a883-2401746aa83c req-2caf24d8-f14b-48cf-a883-2401746aa83c ] Request (ServersNegativeTestMultiTenantJSON:tearDownClass): 204 DELETE http://10.180.1.21:9696/networking/v2.0/security-groups/583da00e-d161-476f-a79d-27ad644cd955 0.095s
2024-12-17 14:01:46.728 63114 INFO tempest.lib.common.rest_client [req-03d0a883-4aec-43cb-a98f-3b7163015fb9 req-03d0a883-4aec-43cb-a98f-3b7163015fb9 ] Request (MigrationsAdminTest:test_resize_server_revert_deleted_flavor): 200 GET http://10.180.1.21/compute/v2.1/servers/145736d0-0f14-4ec3-ada2-ddb1fe6f271a 0.147s
2024-12-17 14:01:46.754 63129 INFO tempest.lib.common.rest_client [req-30469588-8c28-4996-bebe-15e7d5fc5636 req-30469588-8c28-4996-bebe-15e7d5fc5636 ] Request (ServerTagsTestJSON:setUpClass): 200 GET http://10.180.1.21/compute/v2.1/servers/e9b9f5db-afac-494e-9850-c0d82f26fc68 0.091s
2024-12-17 14:01:46.765 63152 INFO tempest.lib.common.rest_client [req-e0b5d3cf-1b51-47ed-b7b3-672c19a0a8e7 req-e0b5d3cf-1b51-47ed-b7b3-672c19a0a8e7 ] Request (ServersNegativeTestMultiTenantJSON:tearDownClass): 204 DELETE http://10.180.1.21/identity/v3/projects/df73544177794ee6837a8379b1ccc475 0.083s
2024-12-17 14:01:46.773 63108 INFO tempest.lib.common.rest_client [req-f2601a4c-1e70-4e0c-beae-221955cc9740 req-f2601a4c-1e70-4e0c-beae-221955cc9740 ] Request (AttachVolumeNegativeTest:test_attach_attached_volume_to_different_server): 200 GET http://10.180.1.21/compute/v2.1/servers/16a36155-12ef-40b2-b94d-db4619ac2f4b 0.067s
2024-12-17 14:01:46.804 63118 INFO tempest.lib.common.rest_client [req-5f77a392-5fe2-4e39-a045-3316f5cdaf94 req-5f77a392-5fe2-4e39-a045-3316f5cdaf94 ] Request (ServerActionsTestOtherA:setUpClass): 200 GET http://10.180.1.21/compute/v2.1/servers/eaa781b6-6542-495d-8430-73416444d972 0.047s
2024-12-17 14:01:46.854 63120 INFO tempest.lib.common.rest_client [req-e45b7908-dba0-4e8b-8661-abc4601b7a47 req-e45b7908-dba0-4e8b-8661-abc4601b7a47 ] Request (AttachVolumeShelveTestJSON:test_attach_volume_shelved_or_offload_server): 200 GET http://10.180.1.21/compute/v2.1/servers/077b8c8d-ee7e-495b-a7f7-676fe7c70f83 0.048s
2024-12-17 14:01:46.902 63164 INFO tempest.lib.common.rest_client [req-be5bbfd4-79b5-463a-a94c-2d89ce46ad16 req-be5bbfd4-79b5-463a-a94c-2d89ce46ad16 ] Request (MultipleCreateTestJSON:test_multiple_create): 200 GET http://10.180.1.21/compute/v2.1/servers/47aac36c-3f70-40a8-ab60-cebba86d3f85 0.137s
2024-12-17 14:01:46.940 63124 INFO tempest.lib.common.rest_client [req-f3184cf1-6137-4ef1-bd83-b4e16b5ebcb5 req-f3184cf1-6137-4ef1-bd83-b4e16b5ebcb5 ] Request (ServersNegativeTestJSON:setUpClass): 200 GET http://10.180.1.21/compute/v2.1/servers/1ebb8847-1932-4ed6-8e56-bf48952cfc9c 0.096s
2024-12-17 14:01:47.009 63130 INFO tempest.lib.common.rest_client [req-82708fef-9eb2-406b-ade6-88758008abaf req-82708fef-9eb2-406b-ade6-88758008abaf ] Request (DeleteServersTestJSON:test_delete_active_server): 200 GET http://10.180.1.21/compute/v2.1/servers/cc3276aa-0d5a-4a14-ae90-e20a1b823bd3 0.086s
2024-12-17 14:01:47.018 63156 INFO tempest.lib.common.rest_client [req-300ba65b-29c7-408c-bf17-322439f1d339 req-300ba65b-29c7-408c-bf17-322439f1d339 ] Request (ServersTestFqdnHostnames:test_create_server_with_fqdn_name): 200 GET http://10.180.1.21/compute/v2.1/servers/ee50624e-74d6-4afc-9fba-c541f1b83554 0.086s
2024-12-17 14:01:47.050 63162 INFO tempest.lib.common.rest_client [req-9cd80e24-6613-40bf-9033-a225987d9d23 req-9cd80e24-6613-40bf-9033-a225987d9d23 ] Request (ServerActionsTestJSON:setUpClass): 200 GET http://10.180.1.21/compute/v2.1/servers/640c1048-dca1-4fbd-889b-cd8aa23eb3f2 0.078s
2024-12-17 14:01:47.066 63134 INFO tempest.lib.common.rest_client [req-91b5f871-ad14-4c4b-a744-bc5fca120cc4 req-91b5f871-ad14-4c4b-a744-bc5fca120cc4 ] Request (AttachInterfacesUnderV243Test:test_add_remove_fixed_ip): 200 GET http://10.180.1.21/compute/v2.1/servers/8ed18ae2-2ba1-424c-b695-846afd7b3501 0.044s
2024-12-17 14:01:47.115 63122 INFO tempest.lib.common.rest_client [req-40479d98-a0ba-4a53-ad2a-78c3a7fefb7e req-40479d98-a0ba-4a53-ad2a-78c3a7fefb7e ] Request (AttachInterfacesTestJSON:test_create_list_show_delete_interfaces_by_fixed_ip): 200 GET http://10.180.1.21/compute/v2.1/servers/cefa22cd-9d7a-4b86-9ec5-bb9f005b42e0 0.044s
2024-12-17 14:01:47.168 63138 INFO tempest.lib.common.rest_client [req-008c53c4-36a5-41d6-a6c3-631b021aa2cb req-008c53c4-36a5-41d6-a6c3-631b021aa2cb ] Request (ServersTestJSON:test_create_server_specify_multibyte_character_name): 200 GET http://10.180.1.21/compute/v2.1/servers/b8002da2-eecd-490a-a34b-c651c28c57fc 0.043s
2024-12-17 14:01:47.338 63154 INFO tempest.lib.common.rest_client [req-ab00db77-a889-45a5-9100-5e803ff84131 req-ab00db77-a889-45a5-9100-5e803ff84131 ] Request (ServerDiskConfigTestJSON:test_resize_server_from_auto_to_manual): 200 GET http://10.180.1.21/compute/v2.1/servers/6855f7a9-0dc0-41e1-900b-112181064d7d 0.122s
2024-12-17 14:01:47.371 63116 INFO tempest.lib.common.rest_client [req-17693580-a37c-45e9-8ba6-fbac517d17fc req-17693580-a37c-45e9-8ba6-fbac517d17fc ] Request (ServerRescueTestJSON:setUpClass): 200 GET http://10.180.1.21/compute/v2.1/servers/e7945a83-b063-42c4-9991-7f1e0545361d 0.122s
2024-12-17 14:01:47.381 63166 INFO tempest.lib.common.rest_client [req-4f191fd0-2cca-4dfc-b012-7a3eaafde443 req-4f191fd0-2cca-4dfc-b012-7a3eaafde443 ] Request (AttachVolumeTestJSON:test_attach_detach_volume): 200 GET http://10.180.1.21/compute/v2.1/servers/d25dbbad-94bb-4147-aa56-91aaab4ed077 0.117s
2024-12-17 14:01:47.413 63147 INFO tempest.lib.common.rest_client [req-5ce65160-2843-4e08-9b64-0a235efc98aa req-5ce65160-2843-4e08-9b64-0a235efc98aa ] Request (ServerGroupTestJSON:test_create_server_with_scheduler_hint_group): 200 GET http://10.180.1.21/compute/v2.1/servers/bc569bae-c099-4437-8683-5af75ef5f106 0.122s
2024-12-17 14:01:47.421 63106 INFO tempest.lib.common.rest_client [req-fd9bc2a7-96a5-4548-aa1b-879a010cd058 req-fd9bc2a7-96a5-4548-aa1b-879a010cd058 ] Request (DeleteServersAdminTestJSON:test_delete_server_while_in_error_state): 200 GET http://10.180.1.21/compute/v2.1/servers/659b62e3-0bb2-46fb-aa6a-faef4883bdc1 0.114s
2024-12-17 14:01:47.453 63136 INFO tempest.lib.common.rest_client [req-db1fbc39-0896-49ba-aae9-8bd971d20f27 req-db1fbc39-0896-49ba-aae9-8bd971d20f27 ] Request (ImagesTestJSON:test_create_image_from_stopped_server): 200 GET http://10.180.1.21/compute/v2.1/servers/86651832-02db-4181-8a9e-11da5f017f65 0.120s
2024-12-17 14:01:47.463 63150 INFO tempest.lib.common.rest_client [req-5ded5fcf-5958-4f24-93cc-fd09c4286e53 req-5ded5fcf-5958-4f24-93cc-fd09c4286e53 ] Request (ServerDiagnosticsV248Test:test_get_server_diagnostics): 200 GET http://10.180.1.21/compute/v2.1/servers/7b8c78af-c9f9-4bff-a667-6faa0fb7c482 0.066s
2024-12-17 14:01:47.528 63132 INFO tempest.lib.common.rest_client [req-723fa4eb-518e-4c56-b004-a865daefb3f2 req-723fa4eb-518e-4c56-b004-a865daefb3f2 ] Request (SecurityGroupsTestJSON:test_server_security_groups): 200 GET http://10.180.1.21/compute/v2.1/servers/1a375c37-fcec-4442-827d-103352e81035 0.076s
2024-12-17 14:01:47.822 63114 INFO tempest.lib.common.rest_client [req-66e14f91-e21d-48ef-b035-6c873050fed0 req-66e14f91-e21d-48ef-b035-6c873050fed0 ] Request (MigrationsAdminTest:test_resize_server_revert_deleted_flavor): 200 GET http://10.180.1.21/compute/v2.1/servers/145736d0-0f14-4ec3-ada2-ddb1fe6f271a 0.087s
2024-12-17 14:01:47.862 63108 INFO tempest.lib.common.rest_client [req-968a94cd-24ff-4c2f-9284-9d515c7196ea req-968a94cd-24ff-4c2f-9284-9d515c7196ea ] Request (AttachVolumeNegativeTest:test_attach_attached_volume_to_different_server): 200 GET http://10.180.1.21/compute/v2.1/servers/16a36155-12ef-40b2-b94d-db4619ac2f4b 0.083s
2024-12-17 14:01:47.884 63129 INFO tempest.lib.common.rest_client [req-c10d65f2-c840-4342-ad97-4235c5949d0a req-c10d65f2-c840-4342-ad97-4235c5949d0a ] Request (ServerTagsTestJSON:setUpClass): 200 GET http://10.180.1.21/compute/v2.1/servers/e9b9f5db-afac-494e-9850-c0d82f26fc68 0.123s
2024-12-17 14:01:47.902 63118 INFO tempest.lib.common.rest_client [req-6b3fccd0-84c2-4060-b232-2f346fb91751 req-6b3fccd0-84c2-4060-b232-2f346fb91751 ] Request (ServerActionsTestOtherA:setUpClass): 200 GET http://10.180.1.21/compute/v2.1/servers/eaa781b6-6542-495d-8430-73416444d972 0.092s
2024-12-17 14:01:47.928 63120 INFO tempest.lib.common.rest_client [req-f80fc81f-1dfb-4d8c-9cd3-18fbb83f4f02 req-f80fc81f-1dfb-4d8c-9cd3-18fbb83f4f02 ] Request (AttachVolumeShelveTestJSON:test_attach_volume_shelved_or_offload_server): 200 GET http://10.180.1.21/compute/v2.1/servers/077b8c8d-ee7e-495b-a7f7-676fe7c70f83 0.066s
2024-12-17 14:01:47.987 63164 INFO tempest.lib.common.rest_client [req-d0f0d0c0-03a5-47c6-afce-a1d0f4c1239a req-d0f0d0c0-03a5-47c6-afce-a1d0f4c1239a ] Request (MultipleCreateTestJSON:test_multiple_create): 200 GET http://10.180.1.21/compute/v2.1/servers/47aac36c-3f70-40a8-ab60-cebba86d3f85 0.079s
2024-12-17 14:01:48.029 63124 INFO tempest.lib.common.rest_client [req-b1775484-1171-47ab-8efc-ce60d85a8d13 req-b1775484-1171-47ab-8efc-ce60d85a8d13 ] Request (ServersNegativeTestJSON:setUpClass): 200 GET http://10.180.1.21/compute/v2.1/servers/1ebb8847-1932-4ed6-8e56-bf48952cfc9c 0.083s
2024-12-17 14:01:48.095 63130 INFO tempest.lib.common.rest_client [req-f7b13a46-0a8f-4c62-9ac1-a8c9e15383af req-f7b13a46-0a8f-4c62-9ac1-a8c9e15383af ] Request (DeleteServersTestJSON:test_delete_active_server): 200 GET http://10.180.1.21/compute/v2.1/servers/cc3276aa-0d5a-4a14-ae90-e20a1b823bd3 0.080s
2024-12-17 14:01:48.108 63156 INFO tempest.lib.common.rest_client [req-b13dcd68-87a7-4dea-b166-05da7c2dea84 req-b13dcd68-87a7-4dea-b166-05da7c2dea84 ] Request (ServersTestFqdnHostnames:test_create_server_with_fqdn_name): 200 GET http://10.180.1.21/compute/v2.1/servers/ee50624e-74d6-4afc-9fba-c541f1b83554 0.084s
2024-12-17 14:01:48.136 63162 INFO tempest.lib.common.rest_client [req-1b88b8ad-4387-4beb-9fa2-1451eeb7baec req-1b88b8ad-4387-4beb-9fa2-1451eeb7baec ] Request (ServerActionsTestJSON:setUpClass): 200 GET http://10.180.1.21/compute/v2.1/servers/640c1048-dca1-4fbd-889b-cd8aa23eb3f2 0.079s
2024-12-17 14:01:48.149 63134 INFO tempest.lib.common.rest_client [req-c9907e87-0e8c-473c-8132-2debacfee5fc req-c9907e87-0e8c-473c-8132-2debacfee5fc ] Request (AttachInterfacesUnderV243Test:test_add_remove_fixed_ip): 200 GET http://10.180.1.21/compute/v2.1/servers/8ed18ae2-2ba1-424c-b695-846afd7b3501 0.077s
2024-12-17 14:01:48.178 63122 INFO tempest.lib.common.rest_client [req-3115b381-092f-41c2-a2ae-46979d1489a3 req-3115b381-092f-41c2-a2ae-46979d1489a3 ] Request (AttachInterfacesTestJSON:test_create_list_show_delete_interfaces_by_fixed_ip): 200 GET http://10.180.1.21/compute/v2.1/servers/cefa22cd-9d7a-4b86-9ec5-bb9f005b42e0 0.057s
2024-12-17 14:01:48.218 63138 INFO tempest.lib.common.rest_client [req-125dc2dc-ac80-42b8-9609-d7757108043c req-125dc2dc-ac80-42b8-9609-d7757108043c ] Request (ServersTestJSON:test_create_server_specify_multibyte_character_name): 200 GET http://10.180.1.21/compute/v2.1/servers/b8002da2-eecd-490a-a34b-c651c28c57fc 0.044s
2024-12-17 14:01:48.430 63154 INFO tempest.lib.common.rest_client [req-bb3a613b-611e-44b8-8e93-2b3f84948248 req-bb3a613b-611e-44b8-8e93-2b3f84948248 ] Request (ServerDiskConfigTestJSON:test_resize_server_from_auto_to_manual): 200 GET http://10.180.1.21/compute/v2.1/servers/6855f7a9-0dc0-41e1-900b-112181064d7d 0.086s
2024-12-17 14:01:48.460 63116 INFO tempest.lib.common.rest_client [req-0b025a09-2c4a-4006-95ee-648ae4abb311 req-0b025a09-2c4a-4006-95ee-648ae4abb311 ] Request (ServerRescueTestJSON:setUpClass): 200 GET http://10.180.1.21/compute/v2.1/servers/e7945a83-b063-42c4-9991-7f1e0545361d 0.082s
2024-12-17 14:01:48.470 63166 INFO tempest.lib.common.rest_client [req-cdea6b66-1c1d-43b7-a65e-28217951df5f req-cdea6b66-1c1d-43b7-a65e-28217951df5f ] Request (AttachVolumeTestJSON:test_attach_detach_volume): 200 GET http://10.180.1.21/compute/v2.1/servers/d25dbbad-94bb-4147-aa56-91aaab4ed077 0.081s
2024-12-17 14:01:48.500 63147 INFO tempest.lib.common.rest_client [req-7f51d36c-1b54-4b84-8295-595b5fbfbae0 req-7f51d36c-1b54-4b84-8295-595b5fbfbae0 ] Request (ServerGroupTestJSON:test_create_server_with_scheduler_hint_group): 200 GET http://10.180.1.21/compute/v2.1/servers/bc569bae-c099-4437-8683-5af75ef5f106 0.081s
2024-12-17 14:01:48.512 63106 INFO tempest.lib.common.rest_client [req-36ee0a38-a85b-460a-932f-6cdb70ba4384 req-36ee0a38-a85b-460a-932f-6cdb70ba4384 ] Request (DeleteServersAdminTestJSON:test_delete_server_while_in_error_state): 200 GET http://10.180.1.21/compute/v2.1/servers/659b62e3-0bb2-46fb-aa6a-faef4883bdc1 0.085s
2024-12-17 14:01:48.541 63136 INFO tempest.lib.common.rest_client [req-d0580309-025e-4fe7-b8f0-330b018187fd req-d0580309-025e-4fe7-b8f0-330b018187fd ] Request (ImagesTestJSON:test_create_image_from_stopped_server): 200 GET http://10.180.1.21/compute/v2.1/servers/86651832-02db-4181-8a9e-11da5f017f65 0.082s
2024-12-17 14:01:48.555 63150 INFO tempest.lib.common.rest_client [req-96cc1963-17fe-4eec-a172-b4b5ba103073 req-96cc1963-17fe-4eec-a172-b4b5ba103073 ] Request (ServerDiagnosticsV248Test:test_get_server_diagnostics): 200 GET http://10.180.1.21/compute/v2.1/servers/7b8c78af-c9f9-4bff-a667-6faa0fb7c482 0.084s
2024-12-17 14:01:48.619 63132 INFO tempest.lib.common.rest_client [req-90614780-43a9-4917-89fc-1f1335e85d86 req-90614780-43a9-4917-89fc-1f1335e85d86 ] Request (SecurityGroupsTestJSON:test_server_security_groups): 200 GET http://10.180.1.21/compute/v2.1/servers/1a375c37-fcec-4442-827d-103352e81035 0.085s
2024-12-17 14:01:48.912 63108 INFO tempest.lib.common.rest_client [req-a1ba2636-a438-4157-8c21-62c8bc64116c req-a1ba2636-a438-4157-8c21-62c8bc64116c ] Request (AttachVolumeNegativeTest:test_attach_attached_volume_to_different_server): 200 GET http://10.180.1.21/compute/v2.1/servers/16a36155-12ef-40b2-b94d-db4619ac2f4b 0.044s
2024-12-17 14:01:48.913 63114 INFO tempest.lib.common.rest_client [req-722992a5-d8ce-4635-9271-ee44fc7af0d1 req-722992a5-d8ce-4635-9271-ee44fc7af0d1 ] Request (MigrationsAdminTest:test_resize_server_revert_deleted_flavor): 200 GET http://10.180.1.21/compute/v2.1/servers/145736d0-0f14-4ec3-ada2-ddb1fe6f271a 0.085s
2024-12-17 14:01:48.954 63118 INFO tempest.lib.common.rest_client [req-bce25b57-de59-491e-9e67-3825a440375e req-bce25b57-de59-491e-9e67-3825a440375e ] Request (ServerActionsTestOtherA:setUpClass): 200 GET http://10.180.1.21/compute/v2.1/servers/eaa781b6-6542-495d-8430-73416444d972 0.046s
2024-12-17 14:01:48.991 63129 INFO tempest.lib.common.rest_client [req-0901614f-84bc-4bf4-9051-483d493247ba req-0901614f-84bc-4bf4-9051-483d493247ba ] Request (ServerTagsTestJSON:setUpClass): 200 GET http://10.180.1.21/compute/v2.1/servers/e9b9f5db-afac-494e-9850-c0d82f26fc68 0.100s
2024-12-17 14:01:48.995 63120 INFO tempest.lib.common.rest_client [req-6ed4c3f2-3555-4d16-ac19-dba42e8ab055 req-6ed4c3f2-3555-4d16-ac19-dba42e8ab055 ] Request (AttachVolumeShelveTestJSON:test_attach_volume_shelved_or_offload_server): 200 GET http://10.180.1.21/compute/v2.1/servers/077b8c8d-ee7e-495b-a7f7-676fe7c70f83 0.060s
2024-12-17 14:01:49.074 63164 INFO tempest.lib.common.rest_client [req-7814a637-cbd9-47be-9839-4a1a24ea9672 req-7814a637-cbd9-47be-9839-4a1a24ea9672 ] Request (MultipleCreateTestJSON:test_multiple_create): 200 GET http://10.180.1.21/compute/v2.1/servers/47aac36c-3f70-40a8-ab60-cebba86d3f85 0.081s
2024-12-17 14:01:49.156 63124 INFO tempest.lib.common.rest_client [req-7ce78123-da1a-467e-9f98-315332ae9252 req-7ce78123-da1a-467e-9f98-315332ae9252 ] Request (ServersNegativeTestJSON:setUpClass): 200 GET http://10.180.1.21/compute/v2.1/servers/1ebb8847-1932-4ed6-8e56-bf48952cfc9c 0.121s
2024-12-17 14:01:49.222 63130 INFO tempest.lib.common.rest_client [req-7f301c4c-3379-4a11-a7d6-eeb5dd2ab808 req-7f301c4c-3379-4a11-a7d6-eeb5dd2ab808 ] Request (DeleteServersTestJSON:test_delete_active_server): 200 GET http://10.180.1.21/compute/v2.1/servers/cc3276aa-0d5a-4a14-ae90-e20a1b823bd3 0.121s
2024-12-17 14:01:49.262 63162 INFO tempest.lib.common.rest_client [req-3b59a330-fbc3-4e82-b14b-5b78b19520ba req-3b59a330-fbc3-4e82-b14b-5b78b19520ba ] Request (ServerActionsTestJSON:setUpClass): 200 GET http://10.180.1.21/compute/v2.1/servers/640c1048-dca1-4fbd-889b-cd8aa23eb3f2 0.120s
2024-12-17 14:01:49.271 63156 INFO tempest.lib.common.rest_client [req-3a4d93d3-db96-4fa7-b1e3-bcc22a68044d req-3a4d93d3-db96-4fa7-b1e3-bcc22a68044d ] Request (ServersTestFqdnHostnames:test_create_server_with_fqdn_name): 200 GET http://10.180.1.21/compute/v2.1/servers/ee50624e-74d6-4afc-9fba-c541f1b83554 0.156s
2024-12-17 14:01:49.303 63134 INFO tempest.lib.common.rest_client [req-366188e9-4126-4c08-854b-9f5bb51b5853 req-366188e9-4126-4c08-854b-9f5bb51b5853 ] Request (AttachInterfacesUnderV243Test:test_add_remove_fixed_ip): 200 GET http://10.180.1.21/compute/v2.1/servers/8ed18ae2-2ba1-424c-b695-846afd7b3501 0.147s
2024-12-17 14:01:49.311 63122 INFO tempest.lib.common.rest_client [req-6901ece2-4400-493a-946e-7d0ed334dd89 req-6901ece2-4400-493a-946e-7d0ed334dd89 ] Request (AttachInterfacesTestJSON:test_create_list_show_delete_interfaces_by_fixed_ip): 200 GET http://10.180.1.21/compute/v2.1/servers/cefa22cd-9d7a-4b86-9ec5-bb9f005b42e0 0.127s
2024-12-17 14:01:49.342 63138 INFO tempest.lib.common.rest_client [req-965abdd1-2043-4275-b44a-86405b95511e req-965abdd1-2043-4275-b44a-86405b95511e ] Request (ServersTestJSON:test_create_server_specify_multibyte_character_name): 200 GET http://10.180.1.21/compute/v2.1/servers/b8002da2-eecd-490a-a34b-c651c28c57fc 0.118s
2024-12-17 14:01:49.518 63154 INFO tempest.lib.common.rest_client [req-759b3358-df03-4f81-ace3-a83ba3003afe req-759b3358-df03-4f81-ace3-a83ba3003afe ] Request (ServerDiskConfigTestJSON:test_resize_server_from_auto_to_manual): 200 GET http://10.180.1.21/compute/v2.1/servers/6855f7a9-0dc0-41e1-900b-112181064d7d 0.082s
2024-12-17 14:01:49.548 63116 INFO tempest.lib.common.rest_client [req-30aaa4a0-9796-4fee-8079-e10677fd343a req-30aaa4a0-9796-4fee-8079-e10677fd343a ] Request (ServerRescueTestJSON:setUpClass): 200 GET http://10.180.1.21/compute/v2.1/servers/e7945a83-b063-42c4-9991-7f1e0545361d 0.082s
2024-12-17 14:01:49.561 63166 INFO tempest.lib.common.rest_client [req-871e3f20-65b4-4569-856b-929978a57d30 req-871e3f20-65b4-4569-856b-929978a57d30 ] Request (AttachVolumeTestJSON:test_attach_detach_volume): 200 GET http://10.180.1.21/compute/v2.1/servers/d25dbbad-94bb-4147-aa56-91aaab4ed077 0.085s
2024-12-17 14:01:49.588 63147 INFO tempest.lib.common.rest_client [req-5440353b-b633-483c-bc42-fbf2cebf2890 req-5440353b-b633-483c-bc42-fbf2cebf2890 ] Request (ServerGroupTestJSON:test_create_server_with_scheduler_hint_group): 200 GET http://10.180.1.21/compute/v2.1/servers/bc569bae-c099-4437-8683-5af75ef5f106 0.082s
2024-12-17 14:01:49.602 63106 INFO tempest.lib.common.rest_client [req-6316723f-6107-4c81-96ee-88d2de7ddaba req-6316723f-6107-4c81-96ee-88d2de7ddaba ] Request (DeleteServersAdminTestJSON:test_delete_server_while_in_error_state): 200 GET http://10.180.1.21/compute/v2.1/servers/659b62e3-0bb2-46fb-aa6a-faef4883bdc1 0.084s
2024-12-17 14:01:49.628 63136 INFO tempest.lib.common.rest_client [req-31c37117-99d1-4573-b774-12f2e7904bab req-31c37117-99d1-4573-b774-12f2e7904bab ] Request (ImagesTestJSON:test_create_image_from_stopped_server): 200 GET http://10.180.1.21/compute/v2.1/servers/86651832-02db-4181-8a9e-11da5f017f65 0.081s
2024-12-17 14:01:49.644 63150 INFO tempest.lib.common.rest_client [req-98b330e9-1b99-4d8b-af78-beb728aa9b17 req-98b330e9-1b99-4d8b-af78-beb728aa9b17 ] Request (ServerDiagnosticsV248Test:test_get_server_diagnostics): 200 GET http://10.180.1.21/compute/v2.1/servers/7b8c78af-c9f9-4bff-a667-6faa0fb7c482 0.081s
2024-12-17 14:01:49.706 63132 INFO tempest.lib.common.rest_client [req-99543ec9-e71e-4c77-807b-c2114a05a8af req-99543ec9-e71e-4c77-807b-c2114a05a8af ] Request (SecurityGroupsTestJSON:test_server_security_groups): 200 GET http://10.180.1.21/compute/v2.1/servers/1a375c37-fcec-4442-827d-103352e81035 0.080s
2024-12-17 14:01:49.963 63108 INFO tempest.lib.common.rest_client [req-44fa315d-1954-4116-a7c6-629e83718480 req-44fa315d-1954-4116-a7c6-629e83718480 ] Request (AttachVolumeNegativeTest:test_attach_attached_volume_to_different_server): 200 GET http://10.180.1.21/compute/v2.1/servers/16a36155-12ef-40b2-b94d-db4619ac2f4b 0.044s
2024-12-17 14:01:50.002 63118 INFO tempest.lib.common.rest_client [req-7e6bcef4-c29a-48bb-a83a-7d2af2959afc req-7e6bcef4-c29a-48bb-a83a-7d2af2959afc ] Request (ServerActionsTestOtherA:setUpClass): 200 GET http://10.180.1.21/compute/v2.1/servers/eaa781b6-6542-495d-8430-73416444d972 0.041s
2024-12-17 14:01:50.042 63114 INFO tempest.lib.common.rest_client [req-888e08c6-484c-470f-a71e-25e9ad46ec9b req-888e08c6-484c-470f-a71e-25e9ad46ec9b ] Request (MigrationsAdminTest:test_resize_server_revert_deleted_flavor): 200 GET http://10.180.1.21/compute/v2.1/servers/145736d0-0f14-4ec3-ada2-ddb1fe6f271a 0.122s
2024-12-17 14:01:50.081 63129 INFO tempest.lib.common.rest_client [req-c8d8d267-7482-4798-ab1f-6876f8f5eb91 req-c8d8d267-7482-4798-ab1f-6876f8f5eb91 ] Request (ServerTagsTestJSON:setUpClass): 200 GET http://10.180.1.21/compute/v2.1/servers/e9b9f5db-afac-494e-9850-c0d82f26fc68 0.083s
2024-12-17 14:01:50.083 63120 INFO tempest.lib.common.rest_client [req-5a3077e9-2d19-40c2-8e91-78cc13b2756e req-5a3077e9-2d19-40c2-8e91-78cc13b2756e ] Request (AttachVolumeShelveTestJSON:test_attach_volume_shelved_or_offload_server): 200 GET http://10.180.1.21/compute/v2.1/servers/077b8c8d-ee7e-495b-a7f7-676fe7c70f83 0.080s
2024-12-17 14:01:50.160 63164 INFO tempest.lib.common.rest_client [req-d25d1f33-b884-45aa-85f4-8c3459ebac04 req-d25d1f33-b884-45aa-85f4-8c3459ebac04 ] Request (MultipleCreateTestJSON:test_multiple_create): 200 GET http://10.180.1.21/compute/v2.1/servers/47aac36c-3f70-40a8-ab60-cebba86d3f85 0.079s
2024-12-17 14:01:50.282 63124 INFO tempest.lib.common.rest_client [req-e7d4614d-0306-4a27-bd09-c288ad720aad req-e7d4614d-0306-4a27-bd09-c288ad720aad ] Request (ServersNegativeTestJSON:setUpClass): 200 GET http://10.180.1.21/compute/v2.1/servers/1ebb8847-1932-4ed6-8e56-bf48952cfc9c 0.120s
2024-12-17 14:01:50.323 63162 INFO tempest.lib.common.rest_client [req-45e1f616-ccad-453d-af7e-3911bc45268d req-45e1f616-ccad-453d-af7e-3911bc45268d ] Request (ServerActionsTestJSON:setUpClass): 200 GET http://10.180.1.21/compute/v2.1/servers/640c1048-dca1-4fbd-889b-cd8aa23eb3f2 0.055s
2024-12-17 14:01:50.349 63130 INFO tempest.lib.common.rest_client [req-f4b89c6b-6cc4-4a31-92ab-740c14c0e3ab req-f4b89c6b-6cc4-4a31-92ab-740c14c0e3ab ] Request (DeleteServersTestJSON:test_delete_active_server): 200 GET http://10.180.1.21/compute/v2.1/servers/cc3276aa-0d5a-4a14-ae90-e20a1b823bd3 0.121s
2024-12-17 14:01:50.389 63134 INFO tempest.lib.common.rest_client [req-e38fd279-d01a-4096-a028-662699f29667 req-e38fd279-d01a-4096-a028-662699f29667 ] Request (AttachInterfacesUnderV243Test:test_add_remove_fixed_ip): 200 GET http://10.180.1.21/compute/v2.1/servers/8ed18ae2-2ba1-424c-b695-846afd7b3501 0.080s
2024-12-17 14:01:50.429 63122 INFO tempest.lib.common.rest_client [req-dc011691-8583-47bb-a441-346db96fc51a req-dc011691-8583-47bb-a441-346db96fc51a ] Request (AttachInterfacesTestJSON:test_create_list_show_delete_interfaces_by_fixed_ip): 200 GET http://10.180.1.21/compute/v2.1/servers/cefa22cd-9d7a-4b86-9ec5-bb9f005b42e0 0.111s
2024-12-17 14:01:50.438 63156 INFO tempest.lib.common.rest_client [req-16e1fbc4-9de3-45d6-abca-8faa63e93580 req-16e1fbc4-9de3-45d6-abca-8faa63e93580 ] Request (ServersTestFqdnHostnames:test_create_server_with_fqdn_name): 200 GET http://10.180.1.21/compute/v2.1/servers/ee50624e-74d6-4afc-9fba-c541f1b83554 0.161s
2024-12-17 14:01:50.467 63138 INFO tempest.lib.common.rest_client [req-a0e31b83-fe74-4489-95f9-34bf3516456f req-a0e31b83-fe74-4489-95f9-34bf3516456f ] Request (ServersTestJSON:test_create_server_specify_multibyte_character_name): 200 GET http://10.180.1.21/compute/v2.1/servers/b8002da2-eecd-490a-a34b-c651c28c57fc 0.119s
2024-12-17 14:01:50.647 63154 INFO tempest.lib.common.rest_client [req-df60d60f-6cdd-4187-a1dd-f1ce7a1568a4 req-df60d60f-6cdd-4187-a1dd-f1ce7a1568a4 ] Request (ServerDiskConfigTestJSON:test_resize_server_from_auto_to_manual): 200 GET http://10.180.1.21/compute/v2.1/servers/6855f7a9-0dc0-41e1-900b-112181064d7d 0.122s
2024-12-17 14:01:50.677 63116 INFO tempest.lib.common.rest_client [req-8de3d03e-100e-46fc-bc71-25a37e564c83 req-8de3d03e-100e-46fc-bc71-25a37e564c83 ] Request (ServerRescueTestJSON:setUpClass): 200 GET http://10.180.1.21/compute/v2.1/servers/e7945a83-b063-42c4-9991-7f1e0545361d 0.122s
2024-12-17 14:01:50.689 63166 INFO tempest.lib.common.rest_client [req-18c928ca-74ad-4074-9735-af3671e2ec2c req-18c928ca-74ad-4074-9735-af3671e2ec2c ] Request (AttachVolumeTestJSON:test_attach_detach_volume): 200 GET http://10.180.1.21/compute/v2.1/servers/d25dbbad-94bb-4147-aa56-91aaab4ed077 0.121s
2024-12-17 14:01:50.719 63147 INFO tempest.lib.common.rest_client [req-d9e543e1-bf52-4089-9eb2-823ac19268a0 req-d9e543e1-bf52-4089-9eb2-823ac19268a0 ] Request (ServerGroupTestJSON:test_create_server_with_scheduler_hint_group): 200 GET http://10.180.1.21/compute/v2.1/servers/bc569bae-c099-4437-8683-5af75ef5f106 0.125s
2024-12-17 14:01:50.728 63106 INFO tempest.lib.common.rest_client [req-6eb39fab-fa50-48a3-9fce-731435ea7250 req-6eb39fab-fa50-48a3-9fce-731435ea7250 ] Request (DeleteServersAdminTestJSON:test_delete_server_while_in_error_state): 200 GET http://10.180.1.21/compute/v2.1/servers/659b62e3-0bb2-46fb-aa6a-faef4883bdc1 0.120s
2024-12-17 14:01:50.759 63136 INFO tempest.lib.common.rest_client [req-9204e7d5-5fb2-4f08-a87b-c516f85154d1 req-9204e7d5-5fb2-4f08-a87b-c516f85154d1 ] Request (ImagesTestJSON:test_create_image_from_stopped_server): 200 GET http://10.180.1.21/compute/v2.1/servers/86651832-02db-4181-8a9e-11da5f017f65 0.125s
2024-12-17 14:01:50.773 63150 INFO tempest.lib.common.rest_client [req-b4d8249c-cdab-4951-9d1b-b628c5efd47b req-b4d8249c-cdab-4951-9d1b-b628c5efd47b ] Request (ServerDiagnosticsV248Test:test_get_server_diagnostics): 200 GET http://10.180.1.21/compute/v2.1/servers/7b8c78af-c9f9-4bff-a667-6faa0fb7c482 0.122s
2024-12-17 14:01:50.874 63132 INFO tempest.lib.common.rest_client [req-c655289b-ed7f-45d9-b9f2-fcd1a28d34b1 req-c655289b-ed7f-45d9-b9f2-fcd1a28d34b1 ] Request (SecurityGroupsTestJSON:test_server_security_groups): 200 GET http://10.180.1.21/compute/v2.1/servers/1a375c37-fcec-4442-827d-103352e81035 0.160s
2024-12-17 14:01:51.015 63108 INFO tempest.lib.common.rest_client [req-dc127e99-12df-4c52-91ef-2fa5f305bc5b req-dc127e99-12df-4c52-91ef-2fa5f305bc5b ] Request (AttachVolumeNegativeTest:test_attach_attached_volume_to_different_server): 200 GET http://10.180.1.21/compute/v2.1/servers/16a36155-12ef-40b2-b94d-db4619ac2f4b 0.045s
2024-12-17 14:01:51.054 63118 INFO tempest.lib.common.rest_client [req-d3869bab-3654-4c4a-9eda-3949064645f7 req-d3869bab-3654-4c4a-9eda-3949064645f7 ] Request (ServerActionsTestOtherA:setUpClass): 200 GET http://10.180.1.21/compute/v2.1/servers/eaa781b6-6542-495d-8430-73416444d972 0.046s
2024-12-17 14:01:51.130 63114 INFO tempest.lib.common.rest_client [req-3db6ae91-93c8-4d4c-8e7c-d99155693a5b req-3db6ae91-93c8-4d4c-8e7c-d99155693a5b ] Request (MigrationsAdminTest:test_resize_server_revert_deleted_flavor): 200 GET http://10.180.1.21/compute/v2.1/servers/145736d0-0f14-4ec3-ada2-ddb1fe6f271a 0.081s
2024-12-17 14:01:51.172 63120 INFO tempest.lib.common.rest_client [req-d65d8e11-c881-48f1-842c-cf0145483483 req-d65d8e11-c881-48f1-842c-cf0145483483 ] Request (AttachVolumeShelveTestJSON:test_attach_volume_shelved_or_offload_server): 200 GET http://10.180.1.21/compute/v2.1/servers/077b8c8d-ee7e-495b-a7f7-676fe7c70f83 0.081s
2024-12-17 14:01:51.209 63129 INFO tempest.lib.common.rest_client [req-44439ec8-e485-4915-9ea3-adc974dcbf54 req-44439ec8-e485-4915-9ea3-adc974dcbf54 ] Request (ServerTagsTestJSON:setUpClass): 200 GET http://10.180.1.21/compute/v2.1/servers/e9b9f5db-afac-494e-9850-c0d82f26fc68 0.121s
2024-12-17 14:01:51.287 63164 INFO tempest.lib.common.rest_client [req-caa444f8-247d-4e12-847b-8391cbc42c14 req-caa444f8-247d-4e12-847b-8391cbc42c14 ] Request (MultipleCreateTestJSON:test_multiple_create): 200 GET http://10.180.1.21/compute/v2.1/servers/47aac36c-3f70-40a8-ab60-cebba86d3f85 0.121s
2024-12-17 14:01:51.372 63124 INFO tempest.lib.common.rest_client [req-fca4b7ce-acda-4248-8398-edfa2ad8aabf req-fca4b7ce-acda-4248-8398-edfa2ad8aabf ] Request (ServersNegativeTestJSON:setUpClass): 200 GET http://10.180.1.21/compute/v2.1/servers/1ebb8847-1932-4ed6-8e56-bf48952cfc9c 0.084s
2024-12-17 14:01:51.376 63162 INFO tempest.lib.common.rest_client [req-ddc28b29-4599-4ec4-a51b-bae6d9990a05 req-ddc28b29-4599-4ec4-a51b-bae6d9990a05 ] Request (ServerActionsTestJSON:setUpClass): 200 GET http://10.180.1.21/compute/v2.1/servers/640c1048-dca1-4fbd-889b-cd8aa23eb3f2 0.045s
2024-12-17 14:01:51.448 63134 INFO tempest.lib.common.rest_client [req-e0e0a56f-1474-4b9e-aaa6-8c6887f6229f req-e0e0a56f-1474-4b9e-aaa6-8c6887f6229f ] Request (AttachInterfacesUnderV243Test:test_add_remove_fixed_ip): 200 GET http://10.180.1.21/compute/v2.1/servers/8ed18ae2-2ba1-424c-b695-846afd7b3501 0.053s
2024-12-17 14:01:51.457 63130 INFO tempest.lib.common.rest_client [req-5751b47a-9d2b-4cc1-90e2-8cbc5bf0e89e req-5751b47a-9d2b-4cc1-90e2-8cbc5bf0e89e ] Request (DeleteServersTestJSON:test_delete_active_server): 200 GET http://10.180.1.21/compute/v2.1/servers/cc3276aa-0d5a-4a14-ae90-e20a1b823bd3 0.102s
2024-12-17 14:01:51.495 63122 INFO tempest.lib.common.rest_client [req-9c1b41ef-9d1a-48e9-bd74-9d6a045f3d03 req-9c1b41ef-9d1a-48e9-bd74-9d6a045f3d03 ] Request (AttachInterfacesTestJSON:test_create_list_show_delete_interfaces_by_fixed_ip): 200 GET http://10.180.1.21/compute/v2.1/servers/cefa22cd-9d7a-4b86-9ec5-bb9f005b42e0 0.059s
2024-12-17 14:01:51.540 63156 INFO tempest.lib.common.rest_client [req-47078408-84ce-489c-935d-21f7d9cf8ec7 req-47078408-84ce-489c-935d-21f7d9cf8ec7 ] Request (ServersTestFqdnHostnames:test_create_server_with_fqdn_name): 200 GET http://10.180.1.21/compute/v2.1/servers/ee50624e-74d6-4afc-9fba-c541f1b83554 0.095s
2024-12-17 14:01:51.553 63138 INFO tempest.lib.common.rest_client [req-8d8b8ae9-7f03-40ca-a500-96aa0d7533ec req-8d8b8ae9-7f03-40ca-a500-96aa0d7533ec ] Request (ServersTestJSON:test_create_server_specify_multibyte_character_name): 200 GET http://10.180.1.21/compute/v2.1/servers/b8002da2-eecd-490a-a34b-c651c28c57fc 0.080s
2024-12-17 14:01:51.738 63154 INFO tempest.lib.common.rest_client [req-aa2698f7-2735-4ddf-ab0c-fa6125dec6ee req-aa2698f7-2735-4ddf-ab0c-fa6125dec6ee ] Request (ServerDiskConfigTestJSON:test_resize_server_from_auto_to_manual): 200 GET http://10.180.1.21/compute/v2.1/servers/6855f7a9-0dc0-41e1-900b-112181064d7d 0.084s
2024-12-17 14:01:51.765 63116 INFO tempest.lib.common.rest_client [req-6f767f3a-c4cb-4c0e-b0b6-ec86b94083a8 req-6f767f3a-c4cb-4c0e-b0b6-ec86b94083a8 ] Request (ServerRescueTestJSON:setUpClass): 200 GET http://10.180.1.21/compute/v2.1/servers/e7945a83-b063-42c4-9991-7f1e0545361d 0.082s
2024-12-17 14:01:51.780 63166 INFO tempest.lib.common.rest_client [req-852e9b1a-d52e-4089-be73-e222a7224858 req-852e9b1a-d52e-4089-be73-e222a7224858 ] Request (AttachVolumeTestJSON:test_attach_detach_volume): 200 GET http://10.180.1.21/compute/v2.1/servers/d25dbbad-94bb-4147-aa56-91aaab4ed077 0.085s
2024-12-17 14:01:51.811 63147 INFO tempest.lib.common.rest_client [req-8186b980-a18e-40d6-ab00-0246416b8397 req-8186b980-a18e-40d6-ab00-0246416b8397 ] Request (ServerGroupTestJSON:test_create_server_with_scheduler_hint_group): 200 GET http://10.180.1.21/compute/v2.1/servers/bc569bae-c099-4437-8683-5af75ef5f106 0.085s
2024-12-17 14:01:51.822 63106 INFO tempest.lib.common.rest_client [req-bc26ecde-04a4-4add-977d-e1f4ef0413a1 req-bc26ecde-04a4-4add-977d-e1f4ef0413a1 ] Request (DeleteServersAdminTestJSON:test_delete_server_while_in_error_state): 200 GET http://10.180.1.21/compute/v2.1/servers/659b62e3-0bb2-46fb-aa6a-faef4883bdc1 0.088s
2024-12-17 14:01:51.854 63136 INFO tempest.lib.common.rest_client [req-74665d17-c01f-4c3a-a817-9fb56f93c930 req-74665d17-c01f-4c3a-a817-9fb56f93c930 ] Request (ImagesTestJSON:test_create_image_from_stopped_server): 200 GET http://10.180.1.21/compute/v2.1/servers/86651832-02db-4181-8a9e-11da5f017f65 0.088s
2024-12-17 14:01:51.866 63150 INFO tempest.lib.common.rest_client [req-4a0ec349-06e8-4f33-a4f1-45e954b2300b req-4a0ec349-06e8-4f33-a4f1-45e954b2300b ] Request (ServerDiagnosticsV248Test:test_get_server_diagnostics): 200 GET http://10.180.1.21/compute/v2.1/servers/7b8c78af-c9f9-4bff-a667-6faa0fb7c482 0.086s
2024-12-17 14:01:51.998 63132 INFO tempest.lib.common.rest_client [req-fb107b21-9e79-47da-8a91-13b90eb44bbb req-fb107b21-9e79-47da-8a91-13b90eb44bbb ] Request (SecurityGroupsTestJSON:test_server_security_groups): 200 GET http://10.180.1.21/compute/v2.1/servers/1a375c37-fcec-4442-827d-103352e81035 0.118s
2024-12-17 14:01:52.067 63108 INFO tempest.lib.common.rest_client [req-c7f54322-7ecf-4193-a9ce-bd204d2c3334 req-c7f54322-7ecf-4193-a9ce-bd204d2c3334 ] Request (AttachVolumeNegativeTest:test_attach_attached_volume_to_different_server): 200 GET http://10.180.1.21/compute/v2.1/servers/16a36155-12ef-40b2-b94d-db4619ac2f4b 0.046s
2024-12-17 14:01:52.107 63118 INFO tempest.lib.common.rest_client [req-28641fd3-91b9-47cd-8cd2-afc33d903838 req-28641fd3-91b9-47cd-8cd2-afc33d903838 ] Request (ServerActionsTestOtherA:setUpClass): 200 GET http://10.180.1.21/compute/v2.1/servers/eaa781b6-6542-495d-8430-73416444d972 0.046s
2024-12-17 14:01:52.223 63120 INFO tempest.lib.common.rest_client [req-8421b1d4-fc1a-4f83-afc6-07bc52eb8b9a req-8421b1d4-fc1a-4f83-afc6-07bc52eb8b9a ] Request (AttachVolumeShelveTestJSON:test_attach_volume_shelved_or_offload_server): 200 GET http://10.180.1.21/compute/v2.1/servers/077b8c8d-ee7e-495b-a7f7-676fe7c70f83 0.044s
2024-12-17 14:01:52.257 63114 INFO tempest.lib.common.rest_client [req-c7043c19-d90f-4ae7-ab58-6eb958c1a7ea req-c7043c19-d90f-4ae7-ab58-6eb958c1a7ea ] Request (MigrationsAdminTest:test_resize_server_revert_deleted_flavor): 200 GET http://10.180.1.21/compute/v2.1/servers/145736d0-0f14-4ec3-ada2-ddb1fe6f271a 0.121s
2024-12-17 14:01:52.302 63129 INFO tempest.lib.common.rest_client [req-4f0e046a-260d-4fa8-89fe-0b5e8f99ca9d req-4f0e046a-260d-4fa8-89fe-0b5e8f99ca9d ] Request (ServerTagsTestJSON:setUpClass): 200 GET http://10.180.1.21/compute/v2.1/servers/e9b9f5db-afac-494e-9850-c0d82f26fc68 0.086s
2024-12-17 14:01:52.412 63164 INFO tempest.lib.common.rest_client [req-b29e5a92-0d24-429f-8161-f2b64bd348e6 req-b29e5a92-0d24-429f-8161-f2b64bd348e6 ] Request (MultipleCreateTestJSON:test_multiple_create): 200 GET http://10.180.1.21/compute/v2.1/servers/47aac36c-3f70-40a8-ab60-cebba86d3f85 0.119s
2024-12-17 14:01:52.455 63162 INFO tempest.lib.common.rest_client [req-485ef3e1-8a4e-4e2e-99f1-ac6b8c91560b req-485ef3e1-8a4e-4e2e-99f1-ac6b8c91560b ] Request (ServerActionsTestJSON:setUpClass): 200 GET http://10.180.1.21/compute/v2.1/servers/640c1048-dca1-4fbd-889b-cd8aa23eb3f2 0.073s
2024-12-17 14:01:52.465 63124 INFO tempest.lib.common.rest_client [req-4ce96809-af87-4690-8e79-d2e5664d0fd6 req-4ce96809-af87-4690-8e79-d2e5664d0fd6 ] Request (ServersNegativeTestJSON:setUpClass): 200 GET http://10.180.1.21/compute/v2.1/servers/1ebb8847-1932-4ed6-8e56-bf48952cfc9c 0.086s
2024-12-17 14:01:52.501 63134 INFO tempest.lib.common.rest_client [req-81abe5bc-bbe8-4bd2-9b05-73f35c13938d req-81abe5bc-bbe8-4bd2-9b05-73f35c13938d ] Request (AttachInterfacesUnderV243Test:test_add_remove_fixed_ip): 200 GET http://10.180.1.21/compute/v2.1/servers/8ed18ae2-2ba1-424c-b695-846afd7b3501 0.047s
2024-12-17 14:01:52.546 63122 INFO tempest.lib.common.rest_client [req-22b86829-4707-487b-bac5-5ea68ad40e0a req-22b86829-4707-487b-bac5-5ea68ad40e0a ] Request (AttachInterfacesTestJSON:test_create_list_show_delete_interfaces_by_fixed_ip): 200 GET http://10.180.1.21/compute/v2.1/servers/cefa22cd-9d7a-4b86-9ec5-bb9f005b42e0 0.045s
2024-12-17 14:01:52.549 63130 INFO tempest.lib.common.rest_client [req-77a799b5-7435-4b1b-a2ad-f1d2616c956e req-77a799b5-7435-4b1b-a2ad-f1d2616c956e ] Request (DeleteServersTestJSON:test_delete_active_server): 200 GET http://10.180.1.21/compute/v2.1/servers/cc3276aa-0d5a-4a14-ae90-e20a1b823bd3 0.086s
2024-12-17 14:01:52.604 63138 INFO tempest.lib.common.rest_client [req-41f59074-cd66-4303-b2c0-4538d5b796d3 req-41f59074-cd66-4303-b2c0-4538d5b796d3 ] Request (ServersTestJSON:test_create_server_specify_multibyte_character_name): 200 GET http://10.180.1.21/compute/v2.1/servers/b8002da2-eecd-490a-a34b-c651c28c57fc 0.045s
