2024-12-17 14:00:33.923 63164 INFO tempest.lib.common.rest_client [req-4f492372-f029-4c53-8ce4-c40df0392017 req-4f492372-f029-4c53-8ce4-c40df0392017 ] Request (MultipleCreateTestJSON:test_multiple_create): 200 GET http://10.180.1.21/compute/v2.1/servers/47aac36c-3f70-40a8-ab60-cebba86d3f85 0.471s
2024-12-17 14:00:33.996 63138 INFO tempest.lib.common.rest_client [req-e64efcdf-6467-4fe8-b4c0-7481a26f1716 req-e64efcdf-6467-4fe8-b4c0-7481a26f1716 ] Request (ServersTestJSON:test_create_server_specify_multibyte_character_name): 200 GET http://10.180.1.21/compute/v2.1/servers/b8002da2-eecd-490a-a34b-c651c28c57fc 0.489s
2024-12-17 14:00:34.000 63132 INFO tempest.lib.common.rest_client [req-fa7720ff-77dd-4093-9ca9-b4357c089b55 req-fa7720ff-77dd-4093-9ca9-b4357c089b55 ] Request (SecurityGroupsTestJSON:test_server_security_groups): 200 GET http://10.180.1.21/compute/v2.1/servers/1a375c37-fcec-4442-827d-103352e81035 0.633s
2024-12-17 14:00:34.055 63124 INFO tempest.lib.common.rest_client [req-27a97fbf-4376-49a6-89b4-13b4dde2fd08 req-27a97fbf-4376-49a6-89b4-13b4dde2fd08 ] Request (ServersNegativeTestJSON:setUpClass): 200 GET http://10.180.1.21/compute/v2.1/servers/1ebb8847-1932-4ed6-8e56-bf48952cfc9c 0.498s
2024-12-17 14:00:34.102 63136 INFO tempest.lib.common.rest_client [req-1ca993d0-d526-416d-9d75-4dc7082f8abe req-1ca993d0-d526-416d-9d75-4dc7082f8abe ] Request (FloatingIPsTestJSON:setUpClass): 201 POST http://10.180.1.21:9696/networking/v2.0/networks 0.266s
2024-12-17 14:00:34.132 63156 INFO tempest.lib.common.rest_client [req-007dd82b-30f4-4f05-814e-f78c5ce0d2bd req-007dd82b-30f4-4f05-814e-f78c5ce0d2bd ] Request (ServersTestFqdnHostnames:test_create_server_with_fqdn_name): 200 GET http://10.180.1.21/compute/v2.1/servers/ee50624e-74d6-4afc-9fba-c541f1b83554 0.600s
2024-12-17 14:00:34.186 63154 INFO tempest.lib.common.rest_client [req-811fa42c-bf00-4701-b6e6-d68f5f51da84 req-811fa42c-bf00-4701-b6e6-d68f5f51da84 ] Request (ServerDiskConfigTestJSON:test_resize_server_from_auto_to_manual): 200 GET http://10.180.1.21/compute/v2.1/servers/6855f7a9-0dc0-41e1-900b-112181064d7d 0.545s
2024-12-17 14:00:34.233 63120 INFO tempest.lib.common.rest_client [req-55c8e2f4-f574-4187-a451-dba8b6ccb8bd req-55c8e2f4-f574-4187-a451-dba8b6ccb8bd ] Request (AttachVolumeShelveTestJSON:test_attach_volume_shelved_or_offload_server): 200 GET http://10.180.1.21/compute/v2.1/servers/077b8c8d-ee7e-495b-a7f7-676fe7c70f83 0.546s
2024-12-17 14:00:34.301 63134 INFO tempest.lib.common.rest_client [req-0d5104f9-d8b3-42b9-9cd6-b66fa7b641d8 req-0d5104f9-d8b3-42b9-9cd6-b66fa7b641d8 ] Request (AttachInterfacesUnderV243Test:setUpClass): 201 POST http://10.180.1.21:9696/networking/v2.0/routers 1.165s
2024-12-17 14:00:34.351 63147 INFO tempest.lib.common.rest_client [req-1204da38-531c-4c39-9d65-2739bc46b770 req-1204da38-531c-4c39-9d65-2739bc46b770 ] Request (FlavorsAccessNegativeTestJSON:test_flavor_non_admin_remove): 200 POST http://10.180.1.21/compute/v2.1/flavors/734894058/action 0.620s
2024-12-17 14:00:34.361 63160 INFO tempest.lib.common.rest_client [req-205c30e4-6cb6-4fd3-ad61-f0781966290e req-205c30e4-6cb6-4fd3-ad61-f0781966290e ] Request (KeyPairsV22TestJSON:test_keypairsv22_create_list_show_with_type): 200 GET http://10.180.1.21/compute/v2.1/os-keypairs/tempest-keypair-197605401 0.609s
2024-12-17 14:00:34.449 63114 INFO tempest.lib.common.rest_client [req-698a91d1-c65d-4eee-b3e6-6eaa1152d9e3 req-698a91d1-c65d-4eee-b3e6-6eaa1152d9e3 ] Request (MigrationsAdminTest:test_resize_server_revert_deleted_flavor): 200 GET http://10.180.1.21/compute/v2.1/servers/145736d0-0f14-4ec3-ada2-ddb1fe6f271a 0.794s
2024-12-17 14:00:34.511 63130 INFO tempest.lib.common.rest_client [req-082ccddb-c303-494c-bfd0-01d98b3f3d07 req-082ccddb-c303-494c-bfd0-01d98b3f3d07 ] Request (DeleteServersTestJSON:test_delete_active_server): 200 GET http://10.180.1.21/compute/v2.1/servers/cc3276aa-0d5a-4a14-ae90-e20a1b823bd3 0.643s
2024-12-17 14:00:34.514 63108 INFO tempest.lib.common.rest_client [req-29afb21a-9c8c-4db8-9308-5ce435b6fc9d req-29afb21a-9c8c-4db8-9308-5ce435b6fc9d ] Request (AttachVolumeNegativeTest:test_attach_attached_volume_to_different_server): 200 GET http://10.180.1.21/compute/v2.1/servers/16a36155-12ef-40b2-b94d-db4619ac2f4b 0.576s
2024-12-17 14:00:34.560 63136 INFO tempest.lib.common.rest_client [req-ad1787a7-7640-4c96-bad4-2da780deceee req-ad1787a7-7640-4c96-bad4-2da780deceee ] Request (FloatingIPsTestJSON:setUpClass): 201 POST http://10.180.1.21:9696/networking/v2.0/subnets 0.457s
2024-12-17 14:00:34.571 63116 INFO tempest.lib.common.rest_client [req-90ab098c-c4f0-4100-b6f8-d8e7607661b6 req-90ab098c-c4f0-4100-b6f8-d8e7607661b6 ] Request (ServerRescueTestJSON:setUpClass): 200 GET http://10.180.1.21/compute/v2.1/servers/e7945a83-b063-42c4-9991-7f1e0545361d 0.453s
2024-12-17 14:00:34.627 63106 INFO tempest.lib.common.rest_client [req-6aedc377-fb12-4f9d-9add-b404bc9876c1 req-6aedc377-fb12-4f9d-9add-b404bc9876c1 ] Request (DeleteServersAdminTestJSON:test_admin_delete_servers_of_others): 200 GET http://10.180.1.21/compute/v2.1/servers/02000be7-32ff-4158-8ce7-02bcefe7d81c 0.471s
2024-12-17 14:00:34.635 63118 INFO tempest.lib.common.rest_client [req-40c1e914-8678-4286-8ef7-3c8528f10a15 req-40c1e914-8678-4286-8ef7-3c8528f10a15 ] Request (ServerActionsTestOtherA:setUpClass): 200 GET http://10.180.1.21/compute/v2.1/servers/eaa781b6-6542-495d-8430-73416444d972 0.446s
2024-12-17 14:00:34.678 63162 INFO tempest.lib.common.rest_client [req-7992eecb-7e75-4eed-bfe6-50e0d2da7612 req-7992eecb-7e75-4eed-bfe6-50e0d2da7612 ] Request (ServerActionsTestJSON:setUpClass): 200 GET http://10.180.1.21/compute/v2.1/servers/640c1048-dca1-4fbd-889b-cd8aa23eb3f2 0.415s
2024-12-17 14:00:34.689 63147 INFO tempest.lib.common.rest_client [req-6273994a-7c38-4661-9d4a-55ca7e924f68 req-6273994a-7c38-4661-9d4a-55ca7e924f68 ] Request (FlavorsAccessNegativeTestJSON:test_flavor_non_admin_remove): 403 POST http://10.180.1.21/compute/v2.1/flavors/734894058/action 0.336s
2024-12-17 14:00:34.698 63160 INFO tempest.lib.common.rest_client [req-d06d4750-e1bb-46f9-ac84-e45edfb8a09c req-d06d4750-e1bb-46f9-ac84-e45edfb8a09c ] Request (KeyPairsV22TestJSON:test_keypairsv22_create_list_show_with_type): 200 GET http://10.180.1.21/compute/v2.1/os-keypairs 0.335s
2024-12-17 14:00:34.799 63129 INFO tempest.lib.common.rest_client [req-3b87a9b8-5a13-4479-9a85-3e63991dfa3d req-3b87a9b8-5a13-4479-9a85-3e63991dfa3d ] Request (ServerTagsTestJSON:setUpClass): 200 GET http://10.180.1.21/compute/v2.1/servers/e9b9f5db-afac-494e-9850-c0d82f26fc68 0.128s
2024-12-17 14:00:34.845 63152 INFO tempest.lib.common.rest_client [req-ba9bffc9-3073-4a7a-8eba-983579e8de42 req-ba9bffc9-3073-4a7a-8eba-983579e8de42 ] Request (ImagesNegativeTestJSON:test_create_image_from_deleted_server): 200 GET http://10.180.1.21/compute/v2.1/servers/3070aef7-432d-4f92-80d5-18efd8cceec3 0.528s
2024-12-17 14:00:34.854 63147 INFO tempest.lib.common.rest_client [req-247bf194-ba3a-47c9-8ce0-6329f4d8f9f3 req-247bf194-ba3a-47c9-8ce0-6329f4d8f9f3 ] Request (FlavorsAccessNegativeTestJSON:_run_cleanups): 200 POST http://10.180.1.21/compute/v2.1/flavors/734894058/action 0.164s
2024-12-17 14:00:34.862 63160 INFO tempest.lib.common.rest_client [req-138201c9-1a05-43e0-a69f-cb2cd7554444 req-138201c9-1a05-43e0-a69f-cb2cd7554444 ] Request (KeyPairsV22TestJSON:_run_cleanups): 204 DELETE http://10.180.1.21/compute/v2.1/os-keypairs/tempest-keypair-197605401 0.161s
2024-12-17 14:00:34.913 63166 INFO tempest.lib.common.rest_client [req-219c4cf4-a0a6-44d2-9be8-afcc21ad0124 req-219c4cf4-a0a6-44d2-9be8-afcc21ad0124 ] Request (AttachVolumeTestJSON:test_attach_detach_volume): 200 GET http://10.180.1.21/compute/v2.1/servers/d25dbbad-94bb-4147-aa56-91aaab4ed077 0.192s
2024-12-17 14:00:34.930 63150 INFO tempest.lib.common.rest_client [req-f2b29eb3-b33a-47da-a45a-962544a5104c req-f2b29eb3-b33a-47da-a45a-962544a5104c ] Request (ServerDiagnosticsV248Test:test_get_server_diagnostics): 200 GET http://10.180.1.21/compute/v2.1/servers/7b8c78af-c9f9-4bff-a667-6faa0fb7c482 0.134s
2024-12-17 14:00:34.945 63147 INFO tempest.lib.common.rest_client [req-0eb43123-127f-408d-8252-4dab58c4a844 req-0eb43123-127f-408d-8252-4dab58c4a844 ] Request (FlavorsAccessNegativeTestJSON:_run_cleanups): 202 DELETE http://10.180.1.21/compute/v2.1/flavors/734894058 0.090s
2024-12-17 14:00:34.961 63160 INFO tempest.lib.common.rest_client [req-28d4640f-7b0c-46f4-8c07-0079024ef19f req-28d4640f-7b0c-46f4-8c07-0079024ef19f ] Request (KeyPairsV22TestJSON:tearDownClass): 204 DELETE http://10.180.1.21/identity/v3/users/d9c71dad22be402b8f796b086f64c8bf 0.091s
2024-12-17 14:00:34.961 63160 INFO tempest.lib.common.dynamic_creds [-] Deleting project and security group for project: 68759bb9d1894555b42c00aa56ba0a90
2024-12-17 14:00:34.968 63122 INFO tempest.lib.common.rest_client [req-3ef83144-7e75-401f-8410-64310a362a83 req-3ef83144-7e75-401f-8410-64310a362a83 ] Request (AttachInterfacesTestJSON:test_create_list_show_delete_interfaces_by_fixed_ip): 200 GET http://10.180.1.21/compute/v2.1/servers/cefa22cd-9d7a-4b86-9ec5-bb9f005b42e0 0.147s
2024-12-17 14:00:34.984 63147 INFO tempest.lib.common.rest_client [req-109c4cc8-b636-4ecc-b559-7c511d8b76ea req-109c4cc8-b636-4ecc-b559-7c511d8b76ea ] Request (FlavorsAccessNegativeTestJSON:_run_cleanups): 200 GET http://10.180.1.21/compute/v2.1/flavors/detail 0.038s
2024-12-17 14:00:35.006 63147 INFO tempest.lib.common.rest_client [req-191fd4eb-6f65-4b09-976d-0e61747ed3c0 req-191fd4eb-6f65-4b09-976d-0e61747ed3c0 ] Request (FlavorsAccessNegativeTestJSON:test_remove_flavor_access_not_found): 200 POST http://10.180.1.21/compute/v2.1/flavors 0.015s
2024-12-17 14:00:35.022 63160 INFO tempest.lib.common.rest_client [req-3611de02-b026-4c4f-8ee1-f7f7bedb528a req-3611de02-b026-4c4f-8ee1-f7f7bedb528a ] Request (KeyPairsV22TestJSON:tearDownClass): 201 POST http://10.180.1.21/identity/v3/auth/tokens 0.061s
2024-12-17 14:00:35.055 63138 INFO tempest.lib.common.rest_client [req-304abd7d-425b-4076-8cb2-0d55251bb903 req-304abd7d-425b-4076-8cb2-0d55251bb903 ] Request (ServersTestJSON:test_create_server_specify_multibyte_character_name): 200 GET http://10.180.1.21/compute/v2.1/servers/b8002da2-eecd-490a-a34b-c651c28c57fc 0.052s
2024-12-17 14:00:35.206 63160 INFO tempest.lib.common.rest_client [req-aeb24f16-f248-46fb-a94b-1780c8bfac64 req-aeb24f16-f248-46fb-a94b-1780c8bfac64 ] Request (KeyPairsV22TestJSON:tearDownClass): 200 GET http://10.180.1.21:9696/networking/v2.0/security-groups?tenant_id=68759bb9d1894555b42c00aa56ba0a90&name=default 0.183s
2024-12-17 14:00:35.214 63132 INFO tempest.lib.common.rest_client [req-f221d687-83df-4ac7-b1df-8768c9726051 req-f221d687-83df-4ac7-b1df-8768c9726051 ] Request (SecurityGroupsTestJSON:test_server_security_groups): 200 GET http://10.180.1.21/compute/v2.1/servers/1a375c37-fcec-4442-827d-103352e81035 0.207s
2024-12-17 14:00:35.276 63160 INFO tempest.lib.common.rest_client [req-f3c7cd61-684d-43ed-92ad-99f1b5aafe4f req-f3c7cd61-684d-43ed-92ad-99f1b5aafe4f ] Request (KeyPairsV22TestJSON:tearDownClass): 204 DELETE http://10.180.1.21:9696/networking/v2.0/security-groups/e66e408c-ea85-418a-aa48-ba9f1004d55e 0.069s
2024-12-17 14:00:35.349 63160 INFO tempest.lib.common.rest_client [req-171c452c-bb60-42f6-b87b-b633f62ff010 req-171c452c-bb60-42f6-b87b-b633f62ff010 ] Request (KeyPairsV22TestJSON:tearDownClass): 204 DELETE http://10.180.1.21/identity/v3/projects/68759bb9d1894555b42c00aa56ba0a90 0.073s
2024-12-17 14:00:35.390 63147 INFO tempest.lib.common.rest_client [req-af0605bb-fba1-4928-a9fc-f3253b0f8d14 req-af0605bb-fba1-4928-a9fc-f3253b0f8d14 ] Request (FlavorsAccessNegativeTestJSON:test_remove_flavor_access_not_found): 404 POST http://10.180.1.21/compute/v2.1/flavors/1103551072/action 0.381s
2024-12-17 14:00:35.456 63124 INFO tempest.lib.common.rest_client [req-5516180e-5f40-443c-bdc0-1be4b03eae1f req-5516180e-5f40-443c-bdc0-1be4b03eae1f ] Request (ServersNegativeTestJSON:setUpClass): 200 GET http://10.180.1.21/compute/v2.1/servers/1ebb8847-1932-4ed6-8e56-bf48952cfc9c 0.392s
2024-12-17 14:00:35.489 63164 INFO tempest.lib.common.rest_client [req-6db6c934-6cc2-4708-bf84-e5ca90e0cdde req-6db6c934-6cc2-4708-bf84-e5ca90e0cdde ] Request (MultipleCreateTestJSON:test_multiple_create): 200 GET http://10.180.1.21/compute/v2.1/servers/47aac36c-3f70-40a8-ab60-cebba86d3f85 0.560s
2024-12-17 14:00:35.619 63156 INFO tempest.lib.common.rest_client [req-59f41e48-b086-45a7-a057-e94105a4a41a req-59f41e48-b086-45a7-a057-e94105a4a41a ] Request (ServersTestFqdnHostnames:test_create_server_with_fqdn_name): 200 GET http://10.180.1.21/compute/v2.1/servers/ee50624e-74d6-4afc-9fba-c541f1b83554 0.480s
2024-12-17 14:00:35.673 63120 INFO tempest.lib.common.rest_client [req-043fb50f-3420-4f41-96d4-cef84b85de6e req-043fb50f-3420-4f41-96d4-cef84b85de6e ] Request (AttachVolumeShelveTestJSON:test_attach_volume_shelved_or_offload_server): 200 GET http://10.180.1.21/compute/v2.1/servers/077b8c8d-ee7e-495b-a7f7-676fe7c70f83 0.431s
2024-12-17 14:00:35.690 63147 INFO tempest.lib.common.rest_client [req-742e4181-b9dd-438f-a8c8-cdc68fac0765 req-742e4181-b9dd-438f-a8c8-cdc68fac0765 ] Request (FlavorsAccessNegativeTestJSON:_run_cleanups): 202 DELETE http://10.180.1.21/compute/v2.1/flavors/1103551072 0.299s
2024-12-17 14:00:35.778 63154 INFO tempest.lib.common.rest_client [req-35b75697-b795-4313-a46f-b020319ff608 req-35b75697-b795-4313-a46f-b020319ff608 ] Request (ServerDiskConfigTestJSON:test_resize_server_from_auto_to_manual): 200 GET http://10.180.1.21/compute/v2.1/servers/6855f7a9-0dc0-41e1-900b-112181064d7d 0.586s
2024-12-17 14:00:35.801 63114 INFO tempest.lib.common.rest_client [req-324e7d7a-92b1-48f1-9901-36fdbfc6d3e0 req-324e7d7a-92b1-48f1-9901-36fdbfc6d3e0 ] Request (MigrationsAdminTest:test_resize_server_revert_deleted_flavor): 200 GET http://10.180.1.21/compute/v2.1/servers/145736d0-0f14-4ec3-ada2-ddb1fe6f271a 0.341s
2024-12-17 14:00:35.864 63108 INFO tempest.lib.common.rest_client [req-ff934085-1541-47a9-a631-fad5fb3e8f3c req-ff934085-1541-47a9-a631-fad5fb3e8f3c ] Request (AttachVolumeNegativeTest:test_attach_attached_volume_to_different_server): 200 GET http://10.180.1.21/compute/v2.1/servers/16a36155-12ef-40b2-b94d-db4619ac2f4b 0.340s
2024-12-17 14:00:35.914 63116 INFO tempest.lib.common.rest_client [req-0606e45e-ea55-433a-9a1e-ca9aa9a55a04 req-0606e45e-ea55-433a-9a1e-ca9aa9a55a04 ] Request (ServerRescueTestJSON:setUpClass): 200 GET http://10.180.1.21/compute/v2.1/servers/e7945a83-b063-42c4-9991-7f1e0545361d 0.331s
2024-12-17 14:00:35.954 63130 INFO tempest.lib.common.rest_client [req-0685ca61-3bed-4496-a1f7-854dae15ec5f req-0685ca61-3bed-4496-a1f7-854dae15ec5f ] Request (DeleteServersTestJSON:test_delete_active_server): 200 GET http://10.180.1.21/compute/v2.1/servers/cc3276aa-0d5a-4a14-ae90-e20a1b823bd3 0.435s
2024-12-17 14:00:36.005 63106 INFO tempest.lib.common.rest_client [req-9935060a-dd77-4ba4-b315-de291961282c req-9935060a-dd77-4ba4-b315-de291961282c ] Request (DeleteServersAdminTestJSON:test_admin_delete_servers_of_others): 200 GET http://10.180.1.21/compute/v2.1/servers/02000be7-32ff-4158-8ce7-02bcefe7d81c 0.372s
2024-12-17 14:00:36.025 63118 INFO tempest.lib.common.rest_client [req-94514bfe-f8d1-4f34-83cb-52da024f14e6 req-94514bfe-f8d1-4f34-83cb-52da024f14e6 ] Request (ServerActionsTestOtherA:setUpClass): 200 GET http://10.180.1.21/compute/v2.1/servers/eaa781b6-6542-495d-8430-73416444d972 0.382s
2024-12-17 14:00:36.038 63147 INFO tempest.lib.common.rest_client [req-c67dbb9d-4fdf-4651-9983-0b72aa88ff68 req-c67dbb9d-4fdf-4651-9983-0b72aa88ff68 ] Request (FlavorsAccessNegativeTestJSON:_run_cleanups): 200 GET http://10.180.1.21/compute/v2.1/flavors/detail 0.347s
2024-12-17 14:00:36.053 63162 INFO tempest.lib.common.rest_client [req-070a23c9-9ddd-4ed4-9be4-651f31e20fe9 req-070a23c9-9ddd-4ed4-9be4-651f31e20fe9 ] Request (ServerActionsTestJSON:setUpClass): 200 GET http://10.180.1.21/compute/v2.1/servers/640c1048-dca1-4fbd-889b-cd8aa23eb3f2 0.364s
2024-12-17 14:00:36.145 63152 INFO tempest.lib.common.rest_client [req-748e7255-4620-463d-9808-66032ba764f4 req-748e7255-4620-463d-9808-66032ba764f4 ] Request (ImagesNegativeTestJSON:test_create_image_from_deleted_server): 200 GET http://10.180.1.21/compute/v2.1/servers/3070aef7-432d-4f92-80d5-18efd8cceec3 0.291s
2024-12-17 14:00:36.159 63147 INFO tempest.lib.common.rest_client [req-7bd9292d-fe1f-4caa-8f5f-4980b6d48f23 req-7bd9292d-fe1f-4caa-8f5f-4980b6d48f23 ] Request (FlavorsAccessNegativeTestJSON:tearDownClass): 204 DELETE http://10.180.1.21/identity/v3/users/a83beb8f70ec47f0a770980c6c6dbbd0 0.111s
2024-12-17 14:00:36.197 63166 INFO tempest.lib.common.rest_client [req-82aec63c-2130-4b52-9cc2-3889bc26035d req-82aec63c-2130-4b52-9cc2-3889bc26035d ] Request (AttachVolumeTestJSON:test_attach_detach_volume): 200 GET http://10.180.1.21/compute/v2.1/servers/d25dbbad-94bb-4147-aa56-91aaab4ed077 0.274s
2024-12-17 14:00:36.211 63129 INFO tempest.lib.common.rest_client [req-77b3ef32-3ce2-40b0-9d3f-141dce71a65e req-77b3ef32-3ce2-40b0-9d3f-141dce71a65e ] Request (ServerTagsTestJSON:setUpClass): 200 GET http://10.180.1.21/compute/v2.1/servers/e9b9f5db-afac-494e-9850-c0d82f26fc68 0.403s
2024-12-17 14:00:36.248 63150 INFO tempest.lib.common.rest_client [req-9664e380-1615-4936-a505-56cb4a776b00 req-9664e380-1615-4936-a505-56cb4a776b00 ] Request (ServerDiagnosticsV248Test:test_get_server_diagnostics): 200 GET http://10.180.1.21/compute/v2.1/servers/7b8c78af-c9f9-4bff-a667-6faa0fb7c482 0.303s
2024-12-17 14:00:36.257 63147 INFO tempest.lib.common.rest_client [req-89ed1ffb-d7c5-4412-bece-cdf2633cbe26 req-89ed1ffb-d7c5-4412-bece-cdf2633cbe26 ] Request (FlavorsAccessNegativeTestJSON:tearDownClass): 204 DELETE http://10.180.1.21/identity/v3/users/82fe68aa50fd4da69b9c8df904c36421 0.098s
2024-12-17 14:00:36.290 63122 INFO tempest.lib.common.rest_client [req-7e84ca27-57c7-403a-b689-285421ec5735 req-7e84ca27-57c7-403a-b689-285421ec5735 ] Request (AttachInterfacesTestJSON:test_create_list_show_delete_interfaces_by_fixed_ip): 200 GET http://10.180.1.21/compute/v2.1/servers/cefa22cd-9d7a-4b86-9ec5-bb9f005b42e0 0.309s
2024-12-17 14:00:36.297 63138 INFO tempest.lib.common.rest_client [req-7ac1bc98-63c1-4956-8f18-fdcdbb59419e req-7ac1bc98-63c1-4956-8f18-fdcdbb59419e ] Request (ServersTestJSON:test_create_server_specify_multibyte_character_name): 200 GET http://10.180.1.21/compute/v2.1/servers/b8002da2-eecd-490a-a34b-c651c28c57fc 0.235s
2024-12-17 14:00:36.374 63147 INFO tempest.lib.common.rest_client [req-6fa5c1db-7622-4021-9e23-069271b9d666 req-6fa5c1db-7622-4021-9e23-069271b9d666 ] Request (FlavorsAccessNegativeTestJSON:tearDownClass): 204 DELETE http://10.180.1.21/identity/v3/users/21e9db655d904bc9bcb0d129f3e055ad 0.116s
2024-12-17 14:00:36.375 63147 INFO tempest.lib.common.dynamic_creds [-] Deleting project and security group for project: febd607d4972494d99cca573645b6969
2024-12-17 14:00:36.378 63136 INFO tempest.lib.common.rest_client [req-a3ec0543-0bde-4405-abcc-f5da05e24249 req-a3ec0543-0bde-4405-abcc-f5da05e24249 ] Request (FloatingIPsTestJSON:setUpClass): 201 POST http://10.180.1.21:9696/networking/v2.0/routers 1.818s
2024-12-17 14:00:36.416 63134 INFO tempest.lib.common.rest_client [req-83233bc4-e7af-4926-b53d-47842af73f73 req-83233bc4-e7af-4926-b53d-47842af73f73 ] Request (AttachInterfacesUnderV243Test:setUpClass): 200 PUT http://10.180.1.21:9696/networking/v2.0/routers/f4ce70ec-7d7a-4862-91e7-f18c907c93df/add_router_interface 2.114s
2024-12-17 14:00:36.416 63134 INFO tempest.lib.common.dynamic_creds [-] Created isolated network resources for: credentials: Credentials: {'domain_id': 'default', 'domain_name': 'Default', 'username': 'tempest-AttachInterfacesUnderV243Test-1090741847-project-member', 'project_domain_id': 'default', 'project_domain_name': 'Default', 'project_id': '307f941cd86b44e18ebb7482eb6a9257', 'project_name': 'tempest-AttachInterfacesUnderV243Test-1090741847', 'tenant_id': '307f941cd86b44e18ebb7482eb6a9257', 'tenant_name': 'tempest-AttachInterfacesUnderV243Test-1090741847', 'user_domain_id': 'default', 'user_domain_name': 'Default', 'user_id': 'a440ca0a5e514d029b371ca8d4ced034', 'system': None}, Network: {'id': 'f2b32a30-bd23-49e6-a9d4-d18f4dbd45f5', 'name': 'tempest-AttachInterfacesUnderV243Test-815472418-network', 'tenant_id': '307f941cd86b44e18ebb7482eb6a9257', 'admin_state_up': True, 'mtu': 8950, 'status': 'ACTIVE', 'subnets': [], 'shared': False, 'project_id': '307f941cd86b44e18ebb7482eb6a9257', 'port_security_enabled': True, 'router:external': False, 'provider:network_type': 'vlan', 'provider:physical_network': 'default', 'provider:segmentation_id': 839, 'is_default': False, 'availability_zone_hints': [], 'availability_zones': [], 'ipv4_address_scope': None, 'ipv6_address_scope': None, 'description': '', 'tags': [], 'created_at': '2024-12-17T14:00:32Z', 'updated_at': '2024-12-17T14:00:32Z', 'revision_number': 1}, Subnet: {'id': '068681a5-6b96-4851-88e0-dfca774b2a80', 'name': 'tempest-AttachInterfacesUnderV243Test-815472418-subnet', 'tenant_id': '307f941cd86b44e18ebb7482eb6a9257', 'network_id': 'f2b32a30-bd23-49e6-a9d4-d18f4dbd45f5', 'ip_version': 4, 'subnetpool_id': None, 'enable_dhcp': True, 'ipv6_ra_mode': None, 'ipv6_address_mode': None, 'gateway_ip': '192.168.128.1', 'cidr': '192.168.128.0/28', 'allocation_pools': [{'start': '192.168.128.2', 'end': '192.168.128.14'}], 'host_routes': [], 'dns_nameservers': [], 'description': '', 'service_types': [], 'tags': [], 'created_at': '2024-12-17T14:00:32Z', 'updated_at': '2024-12-17T14:00:32Z', 'revision_number': 0, 'project_id': '307f941cd86b44e18ebb7482eb6a9257'}, Router: {'id': 'f4ce70ec-7d7a-4862-91e7-f18c907c93df', 'name': 'tempest-AttachInterfacesUnderV243Test-815472418-router', 'tenant_id': '307f941cd86b44e18ebb7482eb6a9257', 'admin_state_up': True, 'status': 'ACTIVE', 'external_gateway_info': {'network_id': '6285eefb-8a1c-4920-9832-2695c6a4bbc4', 'external_fixed_ips': [{'subnet_id': '0366d6a0-b8a7-48da-b533-a669f5ef09a5', 'ip_address': '10.180.180.245'}], 'enable_snat': True}, 'description': '', 'availability_zones': [], 'distributed': False, 'ha': False, 'availability_zone_hints': [], 'routes': [], 'flavor_id': None, 'tags': [], 'created_at': '2024-12-17T14:00:33Z', 'updated_at': '2024-12-17T14:00:33Z', 'revision_number': 2, 'project_id': '307f941cd86b44e18ebb7482eb6a9257'}
2024-12-17 14:00:36.438 63147 INFO tempest.lib.common.rest_client [req-0c5bb1e2-04f5-4120-bec0-5b14f009c4c4 req-0c5bb1e2-04f5-4120-bec0-5b14f009c4c4 ] Request (FlavorsAccessNegativeTestJSON:tearDownClass): 201 POST http://10.180.1.21/identity/v3/auth/tokens 0.063s
2024-12-17 14:00:36.460 63132 INFO tempest.lib.common.rest_client [req-997849d2-8d72-4c55-9167-49af60a29224 req-997849d2-8d72-4c55-9167-49af60a29224 ] Request (SecurityGroupsTestJSON:test_server_security_groups): 200 GET http://10.180.1.21/compute/v2.1/servers/1a375c37-fcec-4442-827d-103352e81035 0.238s
2024-12-17 14:00:36.496 63134 INFO tempest.lib.common.rest_client [req-e7e3088d-ad3c-4362-886d-1f76772557ce req-e7e3088d-ad3c-4362-886d-1f76772557ce ] Request (AttachInterfacesUnderV243Test:setUpClass): 201 POST http://10.180.1.21/identity/v3/auth/tokens 0.076s
2024-12-17 14:00:36.521 63124 INFO tempest.lib.common.rest_client [req-f25008c8-a1b6-4831-95c9-c143eaa576b1 req-f25008c8-a1b6-4831-95c9-c143eaa576b1 ] Request (ServersNegativeTestJSON:setUpClass): 200 GET http://10.180.1.21/compute/v2.1/servers/1ebb8847-1932-4ed6-8e56-bf48952cfc9c 0.058s
2024-12-17 14:00:36.604 63134 INFO tempest.lib.common.rest_client [req-c9021416-86ff-48c9-a23e-34144d4c3e85 req-c9021416-86ff-48c9-a23e-34144d4c3e85 ] Request (ValidationResourcesFixture:setUp): 200 POST http://10.180.1.21/compute/v2.1/os-keypairs 0.103s
2024-12-17 14:00:36.697 63134 INFO tempest.lib.common.rest_client [req-9e118bc4-61a5-4109-935b-d39b8dc1ba96 req-9e118bc4-61a5-4109-935b-d39b8dc1ba96 ] Request (ValidationResourcesFixture:setUp): 201 POST http://10.180.1.21:9696/networking/v2.0/security-groups 0.092s
2024-12-17 14:00:36.749 63156 INFO tempest.lib.common.rest_client [req-912575fb-6778-43e6-928a-913e63311eca req-912575fb-6778-43e6-928a-913e63311eca ] Request (ServersTestFqdnHostnames:test_create_server_with_fqdn_name): 200 GET http://10.180.1.21/compute/v2.1/servers/ee50624e-74d6-4afc-9fba-c541f1b83554 0.124s
2024-12-17 14:00:36.808 63134 INFO tempest.lib.common.rest_client [req-8a60b70d-db21-4793-8ce4-7f1e642442fa req-8a60b70d-db21-4793-8ce4-7f1e642442fa ] Request (ValidationResourcesFixture:setUp): 201 POST http://10.180.1.21:9696/networking/v2.0/security-group-rules 0.110s
2024-12-17 14:00:36.820 63120 INFO tempest.lib.common.rest_client [req-4e68b778-77db-4808-a5c9-759cf9e7d813 req-4e68b778-77db-4808-a5c9-759cf9e7d813 ] Request (AttachVolumeShelveTestJSON:test_attach_volume_shelved_or_offload_server): 200 GET http://10.180.1.21/compute/v2.1/servers/077b8c8d-ee7e-495b-a7f7-676fe7c70f83 0.134s
2024-12-17 14:00:36.931 63134 INFO tempest.lib.common.rest_client [req-db16e2ac-8ff8-4318-9b39-8da4082d1d58 req-db16e2ac-8ff8-4318-9b39-8da4082d1d58 ] Request (ValidationResourcesFixture:setUp): 201 POST http://10.180.1.21:9696/networking/v2.0/security-group-rules 0.121s
2024-12-17 14:00:36.954 63164 INFO tempest.lib.common.rest_client [req-f3fe1dc7-9acd-4418-9b84-3c6d0d4b2626 req-f3fe1dc7-9acd-4418-9b84-3c6d0d4b2626 ] Request (MultipleCreateTestJSON:test_multiple_create): 200 GET http://10.180.1.21/compute/v2.1/servers/47aac36c-3f70-40a8-ab60-cebba86d3f85 0.459s
2024-12-17 14:00:37.016 63154 INFO tempest.lib.common.rest_client [req-cf2c3e9a-4fd5-4435-855f-451be2229886 req-cf2c3e9a-4fd5-4435-855f-451be2229886 ] Request (ServerDiskConfigTestJSON:test_resize_server_from_auto_to_manual): 200 GET http://10.180.1.21/compute/v2.1/servers/6855f7a9-0dc0-41e1-900b-112181064d7d 0.225s
2024-12-17 14:00:37.023 63147 INFO tempest.lib.common.rest_client [req-31e82a6a-d1d8-4821-a42b-729cb65a8a19 req-31e82a6a-d1d8-4821-a42b-729cb65a8a19 ] Request (FlavorsAccessNegativeTestJSON:tearDownClass): 200 GET http://10.180.1.21:9696/networking/v2.0/security-groups?tenant_id=febd607d4972494d99cca573645b6969&name=default 0.585s
2024-12-17 14:00:37.080 63108 INFO tempest.lib.common.rest_client [req-7d1c5d14-0714-4ff1-b316-f0c082269dee req-7d1c5d14-0714-4ff1-b316-f0c082269dee ] Request (AttachVolumeNegativeTest:test_attach_attached_volume_to_different_server): 200 GET http://10.180.1.21/compute/v2.1/servers/16a36155-12ef-40b2-b94d-db4619ac2f4b 0.209s
2024-12-17 14:00:37.148 63116 INFO tempest.lib.common.rest_client [req-690220cb-7f7b-4490-bd8c-61f40a2f4193 req-690220cb-7f7b-4490-bd8c-61f40a2f4193 ] Request (ServerRescueTestJSON:setUpClass): 200 GET http://10.180.1.21/compute/v2.1/servers/e7945a83-b063-42c4-9991-7f1e0545361d 0.227s
2024-12-17 14:00:37.184 63147 INFO tempest.lib.common.rest_client [req-1b320086-02ae-496d-9bed-1a601ae52012 req-1b320086-02ae-496d-9bed-1a601ae52012 ] Request (FlavorsAccessNegativeTestJSON:tearDownClass): 204 DELETE http://10.180.1.21:9696/networking/v2.0/security-groups/d3488960-d636-4cce-9afc-8b2413f8482e 0.160s
2024-12-17 14:00:37.256 63147 INFO tempest.lib.common.rest_client [req-d2c988ec-62f2-4aa9-96e3-318629ceaf2c req-d2c988ec-62f2-4aa9-96e3-318629ceaf2c ] Request (FlavorsAccessNegativeTestJSON:tearDownClass): 204 DELETE http://10.180.1.21/identity/v3/projects/febd607d4972494d99cca573645b6969 0.072s
2024-12-17 14:00:37.257 63147 INFO tempest.lib.common.dynamic_creds [-] Deleting project and security group for project: 0337ebeccb6546b8a01c568a079595e0
2024-12-17 14:00:37.260 63114 INFO tempest.lib.common.rest_client [req-16e0a7ca-3767-4a2d-900a-0ddc240322bf req-16e0a7ca-3767-4a2d-900a-0ddc240322bf ] Request (MigrationsAdminTest:test_resize_server_revert_deleted_flavor): 200 GET http://10.180.1.21/compute/v2.1/servers/145736d0-0f14-4ec3-ada2-ddb1fe6f271a 0.445s
2024-12-17 14:00:37.335 63106 INFO tempest.lib.common.rest_client [req-44bf7fcf-d0ab-4ca2-8d0d-404a4ea7d7f3 req-44bf7fcf-d0ab-4ca2-8d0d-404a4ea7d7f3 ] Request (DeleteServersAdminTestJSON:test_admin_delete_servers_of_others): 200 GET http://10.180.1.21/compute/v2.1/servers/02000be7-32ff-4158-8ce7-02bcefe7d81c 0.324s
2024-12-17 14:00:37.399 63118 INFO tempest.lib.common.rest_client [req-075ff366-3f46-4ca7-8b16-e7310c23fbb7 req-075ff366-3f46-4ca7-8b16-e7310c23fbb7 ] Request (ServerActionsTestOtherA:setUpClass): 200 GET http://10.180.1.21/compute/v2.1/servers/eaa781b6-6542-495d-8430-73416444d972 0.367s
2024-12-17 14:00:37.403 63130 INFO tempest.lib.common.rest_client [req-2a1d975e-791a-4858-b12c-6f98d21ce340 req-2a1d975e-791a-4858-b12c-6f98d21ce340 ] Request (DeleteServersTestJSON:test_delete_active_server): 200 GET http://10.180.1.21/compute/v2.1/servers/cc3276aa-0d5a-4a14-ae90-e20a1b823bd3 0.443s
2024-12-17 14:00:37.457 63147 INFO tempest.lib.common.rest_client [req-79ee08e5-cb32-44ee-9122-ea46b971565d req-79ee08e5-cb32-44ee-9122-ea46b971565d ] Request (FlavorsAccessNegativeTestJSON:tearDownClass): 200 GET http://10.180.1.21:9696/networking/v2.0/security-groups?tenant_id=0337ebeccb6546b8a01c568a079595e0&name=default 0.200s
2024-12-17 14:00:37.460 63162 INFO tempest.lib.common.rest_client [req-8bf7f1e7-9652-425c-96b1-96c2eb948e08 req-8bf7f1e7-9652-425c-96b1-96c2eb948e08 ] Request (ServerActionsTestJSON:setUpClass): 200 GET http://10.180.1.21/compute/v2.1/servers/640c1048-dca1-4fbd-889b-cd8aa23eb3f2 0.400s
2024-12-17 14:00:37.521 63166 INFO tempest.lib.common.rest_client [req-4f3aa420-65ce-4d12-96d3-7ccc718467ab req-4f3aa420-65ce-4d12-96d3-7ccc718467ab ] Request (AttachVolumeTestJSON:test_attach_detach_volume): 200 GET http://10.180.1.21/compute/v2.1/servers/d25dbbad-94bb-4147-aa56-91aaab4ed077 0.315s
2024-12-17 14:00:37.585 63152 INFO tempest.lib.common.rest_client [req-b4d95b8e-8902-45df-b556-039b7f5a963a req-b4d95b8e-8902-45df-b556-039b7f5a963a ] Request (ImagesNegativeTestJSON:test_create_image_from_deleted_server): 200 GET http://10.180.1.21/compute/v2.1/servers/3070aef7-432d-4f92-80d5-18efd8cceec3 0.433s
2024-12-17 14:00:37.649 63150 INFO tempest.lib.common.rest_client [req-cf24b670-09b5-44de-8fb1-b36e1cb76d41 req-cf24b670-09b5-44de-8fb1-b36e1cb76d41 ] Request (ServerDiagnosticsV248Test:test_get_server_diagnostics): 200 GET http://10.180.1.21/compute/v2.1/servers/7b8c78af-c9f9-4bff-a667-6faa0fb7c482 0.390s
2024-12-17 14:00:37.650 63147 INFO tempest.lib.common.rest_client [req-9190fa52-ea44-492e-a13a-f55061532dea req-9190fa52-ea44-492e-a13a-f55061532dea ] Request (FlavorsAccessNegativeTestJSON:tearDownClass): 204 DELETE http://10.180.1.21:9696/networking/v2.0/security-groups/26265b38-dd0f-4417-884e-e3b5a76db1d6 0.192s
2024-12-17 14:00:37.693 63129 INFO tempest.lib.common.rest_client [req-34fcd978-55f6-412a-a62d-6d0dd3170c63 req-34fcd978-55f6-412a-a62d-6d0dd3170c63 ] Request (ServerTagsTestJSON:setUpClass): 200 GET http://10.180.1.21/compute/v2.1/servers/e9b9f5db-afac-494e-9850-c0d82f26fc68 0.474s
2024-12-17 14:00:37.721 63122 INFO tempest.lib.common.rest_client [req-52336240-6801-49e5-b5be-a7595f05e354 req-52336240-6801-49e5-b5be-a7595f05e354 ] Request (AttachInterfacesTestJSON:test_create_list_show_delete_interfaces_by_fixed_ip): 200 GET http://10.180.1.21/compute/v2.1/servers/cefa22cd-9d7a-4b86-9ec5-bb9f005b42e0 0.422s
2024-12-17 14:00:37.741 63134 INFO tempest.lib.common.rest_client [req-76a70d0d-b804-4dfd-8f16-90de912bbca1 req-76a70d0d-b804-4dfd-8f16-90de912bbca1 ] Request (ValidationResourcesFixture:setUp): 201 POST http://10.180.1.21:9696/networking/v2.0/floatingips 0.810s
2024-12-17 14:00:37.753 63138 INFO tempest.lib.common.rest_client [req-c85d5e6f-1646-47a1-b680-2cc6e5559fc8 req-c85d5e6f-1646-47a1-b680-2cc6e5559fc8 ] Request (ServersTestJSON:test_create_server_specify_multibyte_character_name): 200 GET http://10.180.1.21/compute/v2.1/servers/b8002da2-eecd-490a-a34b-c651c28c57fc 0.446s
2024-12-17 14:00:37.774 63147 INFO tempest.lib.common.rest_client [req-41d87dad-3097-4026-9aa0-2b0ed214cb25 req-41d87dad-3097-4026-9aa0-2b0ed214cb25 ] Request (FlavorsAccessNegativeTestJSON:tearDownClass): 204 DELETE http://10.180.1.21/identity/v3/projects/0337ebeccb6546b8a01c568a079595e0 0.124s
2024-12-17 14:00:37.774 63147 INFO tempest.lib.common.dynamic_creds [-] Deleting project and security group for project: 8a2704ccc56e42808a85936cc8b371f5
2024-12-17 14:00:37.819 63124 INFO tempest.lib.common.rest_client [req-f89d7fa7-af21-43fb-926e-c80159cd04c2 req-f89d7fa7-af21-43fb-926e-c80159cd04c2 ] Request (ServersNegativeTestJSON:setUpClass): 200 GET http://10.180.1.21/compute/v2.1/servers/1ebb8847-1932-4ed6-8e56-bf48952cfc9c 0.292s
2024-12-17 14:00:37.824 63134 INFO tempest.lib.common.rest_client [req-d917b36e-f4f6-463b-90f2-e2aad1837e9c req-d917b36e-f4f6-463b-90f2-e2aad1837e9c ] Request (AttachInterfacesUnderV243Test:test_add_remove_fixed_ip): 201 POST http://10.180.1.21/identity/v3/auth/tokens 0.079s
2024-12-17 14:00:37.825 63134 INFO tempest.lib.common.fixed_network [-] (AttachInterfacesUnderV243Test:test_add_remove_fixed_ip) Found network {'id': 'f2b32a30-bd23-49e6-a9d4-d18f4dbd45f5', 'name': 'tempest-AttachInterfacesUnderV243Test-815472418-network', 'tenant_id': '307f941cd86b44e18ebb7482eb6a9257', 'admin_state_up': True, 'mtu': 8950, 'status': 'ACTIVE', 'subnets': [], 'shared': False, 'project_id': '307f941cd86b44e18ebb7482eb6a9257', 'port_security_enabled': True, 'router:external': False, 'provider:network_type': 'vlan', 'provider:physical_network': 'default', 'provider:segmentation_id': 839, 'is_default': False, 'availability_zone_hints': [], 'availability_zones': [], 'ipv4_address_scope': None, 'ipv6_address_scope': None, 'description': '', 'tags': [], 'created_at': '2024-12-17T14:00:32Z', 'updated_at': '2024-12-17T14:00:32Z', 'revision_number': 1} available for tenant
2024-12-17 14:00:37.890 63132 INFO tempest.lib.common.rest_client [req-9af907f1-2fb3-4e0d-bdfc-37bddad87e0c req-9af907f1-2fb3-4e0d-bdfc-37bddad87e0c ] Request (SecurityGroupsTestJSON:test_server_security_groups): 200 GET http://10.180.1.21/compute/v2.1/servers/1a375c37-fcec-4442-827d-103352e81035 0.419s
2024-12-17 14:00:37.896 63147 INFO tempest.lib.common.rest_client [req-5d11045a-fb8d-4a90-8530-b76e8da55cdc req-5d11045a-fb8d-4a90-8530-b76e8da55cdc ] Request (FlavorsAccessNegativeTestJSON:tearDownClass): 200 GET http://10.180.1.21:9696/networking/v2.0/security-groups?tenant_id=8a2704ccc56e42808a85936cc8b371f5&name=default 0.121s
2024-12-17 14:00:37.959 63156 INFO tempest.lib.common.rest_client [req-462c2dec-3d82-4362-9410-160b2f5ff5a0 req-462c2dec-3d82-4362-9410-160b2f5ff5a0 ] Request (ServersTestFqdnHostnames:test_create_server_with_fqdn_name): 200 GET http://10.180.1.21/compute/v2.1/servers/ee50624e-74d6-4afc-9fba-c541f1b83554 0.199s
2024-12-17 14:00:37.997 63147 INFO tempest.lib.common.rest_client [req-560e3f45-a328-4ba6-bb4d-0d6c03a66cc0 req-560e3f45-a328-4ba6-bb4d-0d6c03a66cc0 ] Request (FlavorsAccessNegativeTestJSON:tearDownClass): 204 DELETE http://10.180.1.21:9696/networking/v2.0/security-groups/1798f012-608c-4e72-951e-082fb597df2e 0.101s
2024-12-17 14:00:38.018 63120 INFO tempest.lib.common.rest_client [req-7f834dde-d978-419e-aa23-1067c9dc4037 req-7f834dde-d978-419e-aa23-1067c9dc4037 ] Request (AttachVolumeShelveTestJSON:test_attach_volume_shelved_or_offload_server): 200 GET http://10.180.1.21/compute/v2.1/servers/077b8c8d-ee7e-495b-a7f7-676fe7c70f83 0.190s
2024-12-17 14:00:38.096 63147 INFO tempest.lib.common.rest_client [req-c1c614a7-a49f-4b53-8016-a5b2b6ce0d23 req-c1c614a7-a49f-4b53-8016-a5b2b6ce0d23 ] Request (FlavorsAccessNegativeTestJSON:tearDownClass): 204 DELETE http://10.180.1.21/identity/v3/projects/8a2704ccc56e42808a85936cc8b371f5 0.098s
2024-12-17 14:00:38.165 63147 INFO tempest.lib.common.rest_client [req-660579a4-fe70-4d63-abc6-0ad9ae0e61df req-660579a4-fe70-4d63-abc6-0ad9ae0e61df ] Request (ServerGroupTestJSON:setUpClass): 201 POST http://10.180.1.21/identity/v3/auth/tokens 0.067s
2024-12-17 14:00:38.171 63164 INFO tempest.lib.common.rest_client [req-5d661724-fb0c-4a16-9822-0264f188af6b req-5d661724-fb0c-4a16-9822-0264f188af6b ] Request (MultipleCreateTestJSON:test_multiple_create): 200 GET http://10.180.1.21/compute/v2.1/servers/47aac36c-3f70-40a8-ab60-cebba86d3f85 0.209s
2024-12-17 14:00:38.199 63147 INFO tempest.lib.common.rest_client [req-e7bcf0e1-9893-4ee1-963a-4838734e57d9 req-e7bcf0e1-9893-4ee1-963a-4838734e57d9 ] Request (ServerGroupTestJSON:setUpClass): 201 POST http://10.180.1.21/identity/v3/auth/tokens 0.029s
2024-12-17 14:00:38.220 63147 INFO tempest.lib.common.rest_client [req-48083935-c102-413f-b3db-80fdc1f94afb req-48083935-c102-413f-b3db-80fdc1f94afb ] Request (ServerGroupTestJSON:setUpClass): 200 GET http://10.180.1.21/identity/v3/domains?name=Default 0.021s
2024-12-17 14:00:38.226 63136 INFO tempest.lib.common.rest_client [req-8064913b-b94b-4bbc-afde-bba9e35b264c req-8064913b-b94b-4bbc-afde-bba9e35b264c ] Request (FloatingIPsTestJSON:setUpClass): 200 PUT http://10.180.1.21:9696/networking/v2.0/routers/b0ecdeff-6e6d-41a9-8846-e9b6f6f7ebfa/add_router_interface 1.847s
2024-12-17 14:00:38.226 63136 INFO tempest.lib.common.dynamic_creds [-] Created isolated network resources for: credentials: Credentials: {'domain_id': 'default', 'domain_name': 'Default', 'username': 'tempest-FloatingIPsTestJSON-584369607-project-member', 'project_domain_id': 'default', 'project_domain_name': 'Default', 'project_id': '438ced837db844bc8feb14be574a02d8', 'project_name': 'tempest-FloatingIPsTestJSON-584369607', 'tenant_id': '438ced837db844bc8feb14be574a02d8', 'tenant_name': 'tempest-FloatingIPsTestJSON-584369607', 'user_domain_id': 'default', 'user_domain_name': 'Default', 'user_id': '784e2cd8bcf1448e93bf740ebd0edc49', 'system': None}, Network: {'id': '2a1ce300-7b32-4a05-884b-05af60f2a12a', 'name': 'tempest-FloatingIPsTestJSON-1971480368-network', 'tenant_id': '438ced837db844bc8feb14be574a02d8', 'admin_state_up': True, 'mtu': 8950, 'status': 'ACTIVE', 'subnets': [], 'shared': False, 'project_id': '438ced837db844bc8feb14be574a02d8', 'port_security_enabled': True, 'router:external': False, 'provider:network_type': 'vlan', 'provider:physical_network': 'default', 'provider:segmentation_id': 754, 'is_default': False, 'availability_zone_hints': [], 'availability_zones': [], 'ipv4_address_scope': None, 'ipv6_address_scope': None, 'description': '', 'tags': [], 'created_at': '2024-12-17T14:00:33Z', 'updated_at': '2024-12-17T14:00:34Z', 'revision_number': 1}, Subnet: {'id': '11ea512f-7ad3-4c2f-9572-3e2f548289bb', 'name': 'tempest-FloatingIPsTestJSON-1971480368-subnet', 'tenant_id': '438ced837db844bc8feb14be574a02d8', 'network_id': '2a1ce300-7b32-4a05-884b-05af60f2a12a', 'ip_version': 4, 'subnetpool_id': None, 'enable_dhcp': True, 'ipv6_ra_mode': None, 'ipv6_address_mode': None, 'gateway_ip': '192.168.128.1', 'cidr': '192.168.128.0/28', 'allocation_pools': [{'start': '192.168.128.2', 'end': '192.168.128.14'}], 'host_routes': [], 'dns_nameservers': [], 'description': '', 'service_types': [], 'tags': [], 'created_at': '2024-12-17T14:00:34Z', 'updated_at': '2024-12-17T14:00:34Z', 'revision_number': 0, 'project_id': '438ced837db844bc8feb14be574a02d8'}, Router: {'id': 'b0ecdeff-6e6d-41a9-8846-e9b6f6f7ebfa', 'name': 'tempest-FloatingIPsTestJSON-1971480368-router', 'tenant_id': '438ced837db844bc8feb14be574a02d8', 'admin_state_up': True, 'status': 'ACTIVE', 'external_gateway_info': {'network_id': '6285eefb-8a1c-4920-9832-2695c6a4bbc4', 'external_fixed_ips': [{'subnet_id': '0366d6a0-b8a7-48da-b533-a669f5ef09a5', 'ip_address': '10.180.180.132'}], 'enable_snat': True}, 'description': '', 'availability_zones': [], 'distributed': False, 'ha': False, 'availability_zone_hints': [], 'routes': [], 'flavor_id': None, 'tags': [], 'created_at': '2024-12-17T14:00:34Z', 'updated_at': '2024-12-17T14:00:35Z', 'revision_number': 2, 'project_id': '438ced837db844bc8feb14be574a02d8'}
2024-12-17 14:00:38.259 63147 INFO tempest.lib.common.rest_client [req-11a4a1cf-29ad-46dd-aeca-6b130712890e req-11a4a1cf-29ad-46dd-aeca-6b130712890e ] Request (ServerGroupTestJSON:setUpClass): 201 POST http://10.180.1.21/identity/v3/projects 0.039s
2024-12-17 14:00:38.261 63154 INFO tempest.lib.common.rest_client [req-c3ec6b7f-0350-4eda-9d79-0c5a65f95ae2 req-c3ec6b7f-0350-4eda-9d79-0c5a65f95ae2 ] Request (ServerDiskConfigTestJSON:test_resize_server_from_auto_to_manual): 200 GET http://10.180.1.21/compute/v2.1/servers/6855f7a9-0dc0-41e1-900b-112181064d7d 0.236s
2024-12-17 14:00:38.304 63136 INFO tempest.lib.common.rest_client [req-01c3a612-c8a4-4f55-9c82-38c19eb2dcf8 req-01c3a612-c8a4-4f55-9c82-38c19eb2dcf8 ] Request (FloatingIPsTestJSON:setUpClass): 201 POST http://10.180.1.21/identity/v3/auth/tokens 0.073s
2024-12-17 14:00:38.310 63108 INFO tempest.lib.common.rest_client [req-349055e4-00b2-4396-9662-d4e1b39fa9bb req-349055e4-00b2-4396-9662-d4e1b39fa9bb ] Request (AttachVolumeNegativeTest:test_attach_attached_volume_to_different_server): 200 GET http://10.180.1.21/compute/v2.1/servers/16a36155-12ef-40b2-b94d-db4619ac2f4b 0.218s
2024-12-17 14:00:38.324 63147 INFO tempest.lib.common.rest_client [req-6caa0a40-b3d4-402a-9766-fef357b78a89 req-6caa0a40-b3d4-402a-9766-fef357b78a89 ] Request (ServerGroupTestJSON:setUpClass): 201 POST http://10.180.1.21/identity/v3/users 0.065s
2024-12-17 14:00:38.342 63147 INFO tempest.lib.common.rest_client [req-86de70dc-9e3b-4e4e-968b-afd00a3ba0d4 req-86de70dc-9e3b-4e4e-968b-afd00a3ba0d4 ] Request (ServerGroupTestJSON:setUpClass): 200 GET http://10.180.1.21/identity/v3/roles 0.017s
2024-12-17 14:00:38.357 63116 INFO tempest.lib.common.rest_client [req-16eaf6d6-d2ff-4db1-b3bd-d3034d4b07a5 req-16eaf6d6-d2ff-4db1-b3bd-d3034d4b07a5 ] Request (ServerRescueTestJSON:setUpClass): 200 GET http://10.180.1.21/compute/v2.1/servers/e7945a83-b063-42c4-9991-7f1e0545361d 0.203s
2024-12-17 14:00:38.364 63116 INFO tempest.common.waiters [-] State transition "BUILD/scheduling" ==> "BUILD/spawning" after 16 second wait
2024-12-17 14:00:38.377 63147 INFO tempest.lib.common.rest_client [req-2871db75-388e-4387-88b3-24b037c98277 req-2871db75-388e-4387-88b3-24b037c98277 ] Request (ServerGroupTestJSON:setUpClass): 204 PUT http://10.180.1.21/identity/v3/projects/7e204dcbdf1542f0846f39e3f7800a70/users/485beb255286491fa346915b859a5b2f/roles/b7e1e390e0364ab28ee3f13477ef5852 0.034s
2024-12-17 14:00:38.377 63147 INFO tempest.lib.common.dynamic_creds [-] Dynamic test user 485beb255286491fa346915b859a5b2f is created with scope project and roles: ['member']
2024-12-17 14:00:38.377 63147 INFO tempest.lib.common.dynamic_creds [-] Acquired dynamic creds: credentials: Credentials: {'domain_id': 'default', 'domain_name': 'Default', 'username': 'tempest-ServerGroupTestJSON-834758818-project-member', 'project_domain_id': 'default', 'project_domain_name': 'Default', 'project_id': '7e204dcbdf1542f0846f39e3f7800a70', 'project_name': 'tempest-ServerGroupTestJSON-834758818', 'tenant_id': '7e204dcbdf1542f0846f39e3f7800a70', 'tenant_name': 'tempest-ServerGroupTestJSON-834758818', 'user_domain_id': 'default', 'user_domain_name': 'Default', 'user_id': '485beb255286491fa346915b859a5b2f', 'system': None}, Network: None, Subnet: None, Router: None
2024-12-17 14:00:38.425 63147 INFO tempest.lib.common.rest_client [req-49ca59b1-f406-4e3e-9440-00911aedf693 req-49ca59b1-f406-4e3e-9440-00911aedf693 ] Request (ServerGroupTestJSON:setUpClass): 201 POST http://10.180.1.21/identity/v3/auth/tokens 0.048s
2024-12-17 14:00:38.482 63114 INFO tempest.lib.common.rest_client [req-e32af96d-c93b-4a0d-8778-536a92d7a123 req-e32af96d-c93b-4a0d-8778-536a92d7a123 ] Request (MigrationsAdminTest:test_resize_server_revert_deleted_flavor): 200 GET http://10.180.1.21/compute/v2.1/servers/145736d0-0f14-4ec3-ada2-ddb1fe6f271a 0.215s
2024-12-17 14:00:38.644 63134 INFO tempest.lib.common.rest_client [req-99e0d8bf-fa7e-47be-b0dd-f677958a052d req-99e0d8bf-fa7e-47be-b0dd-f677958a052d ] Request (AttachInterfacesUnderV243Test:test_add_remove_fixed_ip): 202 POST http://10.180.1.21/compute/v2.1/servers 0.818s
2024-12-17 14:00:38.663 63147 INFO tempest.lib.common.rest_client [req-a70e9cda-5408-4e60-8ee3-76d7c1f13dc5 req-a70e9cda-5408-4e60-8ee3-76d7c1f13dc5 ] Request (ServerGroupTestJSON:setUpClass): 201 POST http://10.180.1.21:9696/networking/v2.0/networks 0.237s
2024-12-17 14:00:38.710 63106 INFO tempest.lib.common.rest_client [req-0fd4e6a3-73d1-443f-9981-1518395d1497 req-0fd4e6a3-73d1-443f-9981-1518395d1497 ] Request (DeleteServersAdminTestJSON:test_admin_delete_servers_of_others): 200 GET http://10.180.1.21/compute/v2.1/servers/02000be7-32ff-4158-8ce7-02bcefe7d81c 0.369s
2024-12-17 14:00:38.716 63106 INFO tempest.common.waiters [-] State transition "BUILD/spawning" ==> "ERROR/None" after 107 second wait
2024-12-17 14:00:38.978 63130 INFO tempest.lib.common.rest_client [req-21b2ea94-8082-431b-aca9-2e6ee3fc8723 req-21b2ea94-8082-431b-aca9-2e6ee3fc8723 ] Request (DeleteServersTestJSON:test_delete_active_server): 200 GET http://10.180.1.21/compute/v2.1/servers/cc3276aa-0d5a-4a14-ae90-e20a1b823bd3 0.568s
2024-12-17 14:00:39.043 63118 INFO tempest.lib.common.rest_client [req-6e5b63eb-4802-44a7-a098-d03e3535131e req-6e5b63eb-4802-44a7-a098-d03e3535131e ] Request (ServerActionsTestOtherA:setUpClass): 200 GET http://10.180.1.21/compute/v2.1/servers/eaa781b6-6542-495d-8430-73416444d972 0.632s
2024-12-17 14:00:39.064 63147 INFO tempest.lib.common.rest_client [req-1c096c3a-811c-46cb-9e42-3efdc30fb66b req-1c096c3a-811c-46cb-9e42-3efdc30fb66b ] Request (ServerGroupTestJSON:setUpClass): 201 POST http://10.180.1.21:9696/networking/v2.0/subnets 0.400s
2024-12-17 14:00:39.089 63162 INFO tempest.lib.common.rest_client [req-643a32c4-87bd-43f1-94ee-8b7d953a28de req-643a32c4-87bd-43f1-94ee-8b7d953a28de ] Request (ServerActionsTestJSON:setUpClass): 200 GET http://10.180.1.21/compute/v2.1/servers/640c1048-dca1-4fbd-889b-cd8aa23eb3f2 0.621s
2024-12-17 14:00:39.137 63166 INFO tempest.lib.common.rest_client [req-468358a6-82d9-4f6f-bbee-a4c052c59569 req-468358a6-82d9-4f6f-bbee-a4c052c59569 ] Request (AttachVolumeTestJSON:test_attach_detach_volume): 200 GET http://10.180.1.21/compute/v2.1/servers/d25dbbad-94bb-4147-aa56-91aaab4ed077 0.604s
2024-12-17 14:00:39.335 63152 INFO tempest.lib.common.rest_client [req-bdea2793-a76a-42f2-8b28-22373344f04a req-bdea2793-a76a-42f2-8b28-22373344f04a ] Request (ImagesNegativeTestJSON:test_create_image_from_deleted_server): 200 GET http://10.180.1.21/compute/v2.1/servers/3070aef7-432d-4f92-80d5-18efd8cceec3 0.741s
2024-12-17 14:00:39.382 63136 INFO tempest.lib.common.rest_client [req-e36b75b6-c6f1-4e8d-919e-b68bce3b1db3 req-e36b75b6-c6f1-4e8d-919e-b68bce3b1db3 ] Request (FloatingIPsTestJSON:test_allocate_floating_ip): 200 POST http://10.180.1.21/compute/v2.1/os-floating-ips 1.077s
2024-12-17 14:00:39.388 63134 INFO tempest.lib.common.rest_client [req-294a224b-2436-496a-a848-2da1fa31866a req-294a224b-2436-496a-a848-2da1fa31866a ] Request (AttachInterfacesUnderV243Test:test_add_remove_fixed_ip): 200 GET http://10.180.1.21/compute/v2.1/servers/8ed18ae2-2ba1-424c-b695-846afd7b3501 0.742s
2024-12-17 14:00:39.454 63150 INFO tempest.lib.common.rest_client [req-980cf457-cf69-46af-a9e6-c9f470699c8c req-980cf457-cf69-46af-a9e6-c9f470699c8c ] Request (ServerDiagnosticsV248Test:test_get_server_diagnostics): 200 GET http://10.180.1.21/compute/v2.1/servers/7b8c78af-c9f9-4bff-a667-6faa0fb7c482 0.791s
2024-12-17 14:00:39.553 63129 INFO tempest.lib.common.rest_client [req-2180a7a1-851b-4e78-86d1-e2271ddcf77f req-2180a7a1-851b-4e78-86d1-e2271ddcf77f ] Request (ServerTagsTestJSON:setUpClass): 200 GET http://10.180.1.21/compute/v2.1/servers/e9b9f5db-afac-494e-9850-c0d82f26fc68 0.851s
2024-12-17 14:00:39.611 63122 INFO tempest.lib.common.rest_client [req-015993d7-d987-43a7-96db-953daef702bc req-015993d7-d987-43a7-96db-953daef702bc ] Request (AttachInterfacesTestJSON:test_create_list_show_delete_interfaces_by_fixed_ip): 200 GET http://10.180.1.21/compute/v2.1/servers/cefa22cd-9d7a-4b86-9ec5-bb9f005b42e0 0.876s
2024-12-17 14:00:39.655 63106 INFO tempest.lib.common.rest_client [req-f74dd99d-2fab-48f0-b1f7-289edae6556f req-f74dd99d-2fab-48f0-b1f7-289edae6556f ] Request (DeleteServersAdminTestJSON:test_admin_delete_servers_of_others): 204 DELETE http://10.180.1.21/compute/v2.1/servers/02000be7-32ff-4158-8ce7-02bcefe7d81c 0.938s
2024-12-17 14:00:39.661 63138 INFO tempest.lib.common.rest_client [req-411dc876-d0a1-4b28-b3d4-f38105255564 req-411dc876-d0a1-4b28-b3d4-f38105255564 ] Request (ServersTestJSON:test_create_server_specify_multibyte_character_name): 200 GET http://10.180.1.21/compute/v2.1/servers/b8002da2-eecd-490a-a34b-c651c28c57fc 0.895s
2024-12-17 14:00:39.715 63124 INFO tempest.lib.common.rest_client [req-6369736e-c3b7-4b6b-8b85-865cc10fed4c req-6369736e-c3b7-4b6b-8b85-865cc10fed4c ] Request (ServersNegativeTestJSON:setUpClass): 200 GET http://10.180.1.21/compute/v2.1/servers/1ebb8847-1932-4ed6-8e56-bf48952cfc9c 0.887s
2024-12-17 14:00:39.848 63132 INFO tempest.lib.common.rest_client [req-bee7e37e-2b6f-43e5-899c-74bee4b28ac9 req-bee7e37e-2b6f-43e5-899c-74bee4b28ac9 ] Request (SecurityGroupsTestJSON:test_server_security_groups): 200 GET http://10.180.1.21/compute/v2.1/servers/1a375c37-fcec-4442-827d-103352e81035 0.949s
2024-12-17 14:00:39.853 63156 INFO tempest.lib.common.rest_client [req-b82ecd38-07ec-4d09-8237-9e81de681245 req-b82ecd38-07ec-4d09-8237-9e81de681245 ] Request (ServersTestFqdnHostnames:test_create_server_with_fqdn_name): 200 GET http://10.180.1.21/compute/v2.1/servers/ee50624e-74d6-4afc-9fba-c541f1b83554 0.887s
2024-12-17 14:00:39.912 63120 INFO tempest.lib.common.rest_client [req-ea4f803a-b3b6-4a9a-a2da-af8502cfba32 req-ea4f803a-b3b6-4a9a-a2da-af8502cfba32 ] Request (AttachVolumeShelveTestJSON:test_attach_volume_shelved_or_offload_server): 200 GET http://10.180.1.21/compute/v2.1/servers/077b8c8d-ee7e-495b-a7f7-676fe7c70f83 0.881s
2024-12-17 14:00:40.010 63164 INFO tempest.lib.common.rest_client [req-5e8b5003-0ffb-4512-a77d-362acca7d56c req-5e8b5003-0ffb-4512-a77d-362acca7d56c ] Request (MultipleCreateTestJSON:test_multiple_create): 200 GET http://10.180.1.21/compute/v2.1/servers/47aac36c-3f70-40a8-ab60-cebba86d3f85 0.831s
