2024-12-21 03:21:57.272 66456 INFO tempest.lib.common.rest_client [req-c278390e-cea1-4830-b22a-f50bf8764899 req-c278390e-cea1-4830-b22a-f50bf8764899 ] Request (FloatingIPDetailsTestJSON:tearDownClass): 204 DELETE http://10.180.1.21/identity/v3/users/41c98f43533c417c871bec8d85747cc6 0.117s
2024-12-21 03:21:57.273 66456 INFO tempest.lib.common.dynamic_creds [-] Deleting project and security group for project: 962af4289bab49c59e8f93c98a5a2ac8
2024-12-21 03:21:57.306 66456 INFO tempest.lib.common.rest_client [req-2504ad8f-a142-47d9-9e08-25b20dc98153 req-2504ad8f-a142-47d9-9e08-25b20dc98153 ] Request (FloatingIPDetailsTestJSON:tearDownClass): 200 GET http://10.180.1.21:9696/networking/v2.0/security-groups?tenant_id=962af4289bab49c59e8f93c98a5a2ac8&name=default 0.033s
2024-12-21 03:21:57.323 66440 INFO tempest.lib.common.rest_client [req-cc016fc5-c3b6-4262-87f2-bc7ca0e52d0d req-cc016fc5-c3b6-4262-87f2-bc7ca0e52d0d ] Request (SecurityGroupsTestJSON:test_security_groups_create_list_delete): 200 POST http://10.180.1.21/compute/v2.1/os-security-groups 1.639s
2024-12-21 03:21:57.333 66496 INFO tempest.lib.common.rest_client [req-4b46bb80-4fab-476b-bbec-8ed05f18f493 req-4b46bb80-4fab-476b-bbec-8ed05f18f493 ] Request (ListServersNegativeTestJSON:setUpClass): 200 GET http://10.180.1.21/compute/v2.1/servers/ca0aca02-4b99-4393-900c-b9cb0dad55c7 1.453s
2024-12-21 03:21:57.345 66472 INFO tempest.lib.common.rest_client [req-89c7c5c7-7ef0-421b-a680-ff2b61cd10c5 req-89c7c5c7-7ef0-421b-a680-ff2b61cd10c5 ] Request (AggregatesAdminNegativeTestJSON:test_aggregate_get_details_with_invalid_id): 404 GET http://10.180.1.21/compute/v2.1/os-aggregates/-1 1.372s
2024-12-21 03:21:57.456 66466 WARNING tempest.lib.common.ssh [-] Failed to establish authenticated ssh connection to cirros@10.180.180.234 ([Errno None] Unable to connect to port 22 on 10.180.180.234). Number attempts: 1. Retry after 2 seconds.: paramiko.ssh_exception.NoValidConnectionsError: [Errno None] Unable to connect to port 22 on 10.180.180.234
2024-12-21 03:21:57.457 66456 INFO tempest.lib.common.rest_client [req-1947842b-b131-40f9-bb82-40a5dff8adc4 req-1947842b-b131-40f9-bb82-40a5dff8adc4 ] Request (FloatingIPDetailsTestJSON:tearDownClass): 204 DELETE http://10.180.1.21:9696/networking/v2.0/security-groups/5c063a38-6e3e-4ee8-8770-a9110cb8d52b 0.150s
2024-12-21 03:21:57.511 66480 INFO tempest.lib.common.rest_client [req-ae1b51ad-27c5-4c8e-b184-c7195f02c2dd req-ae1b51ad-27c5-4c8e-b184-c7195f02c2dd ] Request (QuotasAdminTestJSON:test_get_updated_quotas): 200 GET http://10.180.1.21/compute/v2.1/os-quota-sets/8d87317f33cb4d92a4b0949f25fd1232/detail 1.342s
2024-12-21 03:21:57.552 66480 INFO tempest.lib.common.rest_client [req-ba06064f-996a-45e1-b3a9-71a63dc544fb req-ba06064f-996a-45e1-b3a9-71a63dc544fb ] Request (QuotasAdminTestJSON:test_get_updated_quotas): 200 GET http://10.180.1.21/identity/v3/domains?name=Default 0.032s
2024-12-21 03:21:57.562 66448 INFO tempest.lib.common.rest_client [req-a24a0074-a4e3-42db-b508-7abfaa003558 req-a24a0074-a4e3-42db-b508-7abfaa003558 ] Request (VolumesAdminNegativeTest:test_update_attached_volume_with_nonexistent_volume_in_body): 200 GET http://10.180.1.21/compute/v2.1/servers/777ddb84-25b9-4da6-be6b-a2289dbf510a 1.682s
2024-12-21 03:21:57.571 66456 INFO tempest.lib.common.rest_client [req-e9db8b02-338e-4b27-99c0-a40160d27113 req-e9db8b02-338e-4b27-99c0-a40160d27113 ] Request (FloatingIPDetailsTestJSON:tearDownClass): 204 DELETE http://10.180.1.21/identity/v3/projects/962af4289bab49c59e8f93c98a5a2ac8 0.113s
2024-12-21 03:21:57.588 66490 INFO tempest.lib.common.rest_client [req-a5805513-16ef-4772-b2bc-4c0ba88fb521 req-a5805513-16ef-4772-b2bc-4c0ba88fb521 ] Request (SecurityGroupRulesNegativeTestJSON:test_create_security_group_rule_with_non_existent_id): 404 POST http://10.180.1.21/compute/v2.1/os-security-group-rules 1.241s
2024-12-21 03:21:57.596 66464 INFO tempest.lib.common.rest_client [req-9c1158a6-3f97-433f-9d64-29d72dfd2fbd req-9c1158a6-3f97-433f-9d64-29d72dfd2fbd ] Request (ServersTestManualDisk:setUpClass): 200 GET http://10.180.1.21/compute/v2.1/servers/f8c6f99f-499f-4886-aae9-5f08969175f6 1.267s
2024-12-21 03:21:57.610 66470 INFO tempest.lib.common.rest_client [req-b972c893-226d-4959-8464-76dab696ac5a req-b972c893-226d-4959-8464-76dab696ac5a ] Request (ServerActionsV293TestJSON:setUpClass): 200 GET http://10.180.1.21/volume/v3/volumes/2c06d022-a782-4194-9dee-348bf3888516 0.036s
2024-12-21 03:21:57.619 66480 INFO tempest.lib.common.rest_client [req-75581803-e201-41b3-ba1e-dc3bacaf9737 req-75581803-e201-41b3-ba1e-dc3bacaf9737 ] Request (QuotasAdminTestJSON:test_get_updated_quotas): 201 POST http://10.180.1.21/identity/v3/users 0.066s
2024-12-21 03:21:57.626 66452 INFO tempest.lib.common.rest_client [req-e8ec7720-69a6-496a-a19e-59d4bb0885a1 req-e8ec7720-69a6-496a-a19e-59d4bb0885a1 ] Request (ServerPasswordTestJSON:setUpClass): 201 POST http://10.180.1.21:9696/networking/v2.0/networks 0.431s
2024-12-21 03:21:57.652 66456 INFO tempest.lib.common.rest_client [req-01c0acfb-9b23-4366-abfe-b8ce9ca6bce8 req-01c0acfb-9b23-4366-abfe-b8ce9ca6bce8 ] Request (SecurityGroupsNegativeTestJSON:setUpClass): 201 POST http://10.180.1.21/identity/v3/auth/tokens 0.080s
2024-12-21 03:21:57.660 66502 INFO tempest.lib.common.rest_client [req-6f84c326-cf11-45e4-b597-af8ee9b318d8 req-6f84c326-cf11-45e4-b597-af8ee9b318d8 ] Request (ServersWithSpecificFlavorTestJSON:test_verify_created_server_ephemeral_disk): 200 GET http://10.180.1.21/compute/v2.1/servers/b21dc1e7-dacd-4154-9bc3-0fa3774695a8 1.264s
2024-12-21 03:21:57.679 66480 INFO tempest.lib.common.rest_client [req-cbf9c4b7-a7f6-46ee-8204-a5aa798ad04c req-cbf9c4b7-a7f6-46ee-8204-a5aa798ad04c ] Request (QuotasAdminTestJSON:test_get_updated_quotas): 200 GET http://10.180.1.21/identity/v3/domains?name=Default 0.060s
2024-12-21 03:21:57.703 66456 INFO tempest.lib.common.rest_client [req-86aae27a-e6bd-45e0-9b3b-c0ceb8e4a949 req-86aae27a-e6bd-45e0-9b3b-c0ceb8e4a949 ] Request (SecurityGroupsNegativeTestJSON:setUpClass): 201 POST http://10.180.1.21/identity/v3/auth/tokens 0.047s
2024-12-21 03:21:57.711 66462 INFO tempest.lib.common.rest_client [req-8c4998f6-6d0c-4c23-8665-6c88be483bf5 req-8c4998f6-6d0c-4c23-8665-6c88be483bf5 ] Request (ExtensionsTest:test_get_extension): 200 GET http://10.180.1.21/compute/v2.1/extensions/os-consoles 1.321s
2024-12-21 03:21:57.729 66456 INFO tempest.lib.common.rest_client [req-c4aaf01a-a2b6-4489-85eb-dd63b6f146f9 req-c4aaf01a-a2b6-4489-85eb-dd63b6f146f9 ] Request (SecurityGroupsNegativeTestJSON:setUpClass): 200 GET http://10.180.1.21/identity/v3/domains?name=Default 0.026s
2024-12-21 03:21:57.761 66456 INFO tempest.lib.common.rest_client [req-1933cdee-0c73-4de6-a847-83ec7b398925 req-1933cdee-0c73-4de6-a847-83ec7b398925 ] Request (SecurityGroupsNegativeTestJSON:setUpClass): 201 POST http://10.180.1.21/identity/v3/projects 0.031s
2024-12-21 03:21:57.791 66452 INFO tempest.lib.common.rest_client [req-2a8b87e5-8aba-4999-928f-f892e7fa9ed9 req-2a8b87e5-8aba-4999-928f-f892e7fa9ed9 ] Request (ServerPasswordTestJSON:setUpClass): 201 POST http://10.180.1.21:9696/networking/v2.0/subnets 0.163s
2024-12-21 03:21:57.792 66482 INFO tempest.lib.common.rest_client [req-97793f22-20c2-4f33-b045-e99fa347f433 req-97793f22-20c2-4f33-b045-e99fa347f433 ] Request (VolumesAssistedSnapshotsTest:test_volume_assisted_snapshot_create_delete): 200 GET http://10.180.1.21/compute/v2.1/servers/792cd2c8-a67d-4b16-93ab-722fcc8b622d 1.363s
2024-12-21 03:21:57.826 66456 INFO tempest.lib.common.rest_client [req-89c8b062-7a92-49d1-8217-bd51975e7631 req-89c8b062-7a92-49d1-8217-bd51975e7631 ] Request (SecurityGroupsNegativeTestJSON:setUpClass): 201 POST http://10.180.1.21/identity/v3/users 0.065s
2024-12-21 03:21:57.846 66456 INFO tempest.lib.common.rest_client [req-922d1c25-220c-46ab-bb91-6bf78185ad66 req-922d1c25-220c-46ab-bb91-6bf78185ad66 ] Request (SecurityGroupsNegativeTestJSON:setUpClass): 200 GET http://10.180.1.21/identity/v3/roles 0.019s
2024-12-21 03:21:57.868 66501 INFO tempest.lib.common.rest_client [req-5aeb93c3-9e65-433c-9f01-25dbaa6f3e63 req-5aeb93c3-9e65-433c-9f01-25dbaa6f3e63 ] Request (ServerDiskConfigTestJSON:test_rebuild_server_with_auto_disk_config): 200 GET http://10.180.1.21/compute/v2.1/servers/e8ed73c3-fb86-42c3-aae6-b0c8d03149ce 1.213s
2024-12-21 03:21:57.873 66458 INFO tempest.lib.common.rest_client [req-ab808489-a704-48ff-a426-64e913ad621f req-ab808489-a704-48ff-a426-64e913ad621f ] Request (ServersTestBootFromVolume:setUpClass): 200 GET http://10.180.1.21/compute/v2.1/servers/3f9849b8-6aaa-4d32-b140-207d5b54d68f 1.290s
2024-12-21 03:21:57.875 66456 INFO tempest.lib.common.rest_client [req-919a4561-8c05-44c7-8025-f6477a2684db req-919a4561-8c05-44c7-8025-f6477a2684db ] Request (SecurityGroupsNegativeTestJSON:setUpClass): 204 PUT http://10.180.1.21/identity/v3/projects/871869d23c33498a9a9abacee28df82a/users/fc476e5c12044c00bd27b19294b34aa4/roles/e570f08697e249dc81aa8ea8b3eacfcd 0.029s
2024-12-21 03:21:57.876 66456 INFO tempest.lib.common.dynamic_creds [-] Dynamic test user fc476e5c12044c00bd27b19294b34aa4 is created with scope project and roles: ['member']
2024-12-21 03:21:57.876 66456 INFO tempest.lib.common.dynamic_creds [-] Acquired dynamic creds: credentials: Credentials: {'domain_id': 'default', 'domain_name': 'Default', 'username': 'tempest-SecurityGroupsNegativeTestJSON-1736554305-project-member', 'project_domain_id': 'default', 'project_domain_name': 'Default', 'project_id': '871869d23c33498a9a9abacee28df82a', 'project_name': 'tempest-SecurityGroupsNegativeTestJSON-1736554305', 'tenant_id': '871869d23c33498a9a9abacee28df82a', 'tenant_name': 'tempest-SecurityGroupsNegativeTestJSON-1736554305', 'user_domain_id': 'default', 'user_domain_name': 'Default', 'user_id': 'fc476e5c12044c00bd27b19294b34aa4', 'system': None}, Network: None, Subnet: None, Router: None
2024-12-21 03:21:57.883 66458 INFO tempest.common.waiters [-] State transition "BUILD/spawning" ==> "ACTIVE/None" after 19 second wait
2024-12-21 03:21:57.942 66456 INFO tempest.lib.common.rest_client [req-9946eaad-d390-43df-93cd-aa700243ac2b req-9946eaad-d390-43df-93cd-aa700243ac2b ] Request (SecurityGroupsNegativeTestJSON:setUpClass): 201 POST http://10.180.1.21/identity/v3/auth/tokens 0.065s
2024-12-21 03:21:57.957 66488 INFO tempest.lib.common.rest_client [req-a6b2388d-2ef6-497e-9aa8-393eb5f36a31 req-a6b2388d-2ef6-497e-9aa8-393eb5f36a31 ] Request (TenantUsagesTestJSON:tearDownClass): 200 GET http://10.180.1.21/compute/v2.1/servers/3c0b964f-c900-4704-ae12-7eba7952f678 1.094s
2024-12-21 03:21:57.966 66446 INFO tempest.lib.common.rest_client [req-fc4f0bb2-6bdc-4c44-bc6d-f1377d9f0aaa req-fc4f0bb2-6bdc-4c44-bc6d-f1377d9f0aaa ] Request (ServerDiagnosticsV248Test:tearDownClass): 200 GET http://10.180.1.21/compute/v2.1/servers/2257c786-54f9-441a-832c-cf3178bfcc78 1.180s
2024-12-21 03:21:58.005 66444 INFO tempest.lib.common.rest_client [req-ffd1bdfe-d0b1-4fc8-98f2-ee0c2692884f req-ffd1bdfe-d0b1-4fc8-98f2-ee0c2692884f ] Request (ServerTagsTestJSON:test_delete_all_tags): 204 DELETE http://10.180.1.21/compute/v2.1/servers/6199de01-baca-4461-9572-111eda11adac/tags 1.103s
2024-12-21 03:21:58.067 66486 INFO tempest.lib.common.rest_client [req-f35febb3-9f92-46fa-b00a-a55826a7bf9c req-f35febb3-9f92-46fa-b00a-a55826a7bf9c ] Request (ServerActionsTestOtherB:setUpClass): 200 GET http://10.180.1.21/compute/v2.1/servers/15218373-ffa5-49ce-b604-423b7fc5fb35 1.113s
2024-12-21 03:21:58.086 66478 INFO tempest.lib.common.rest_client [req-ecbf15e1-4c5c-4a56-a2ef-cf6c8f8b9e9e req-ecbf15e1-4c5c-4a56-a2ef-cf6c8f8b9e9e ] Request (FlavorsAccessNegativeTestJSON:_run_cleanups): 200 POST http://10.180.1.21/compute/v2.1/flavors/944641444/action 1.180s
2024-12-21 03:21:58.294 66454 INFO tempest.lib.common.rest_client [req-d9aad469-c284-4acd-a574-a19981bf0b96 req-d9aad469-c284-4acd-a574-a19981bf0b96 ] Request (SecurityGroupsTestAdminJSON:test_list_security_groups_list_all_tenants_filter): 200 POST http://10.180.1.21/compute/v2.1/os-security-groups 1.199s
2024-12-21 03:21:58.295 66498 INFO tempest.lib.common.rest_client [req-bd6e094a-2f3c-4e66-9224-40c6c77cfe8f req-bd6e094a-2f3c-4e66-9224-40c6c77cfe8f ] Request (AttachInterfacesV270Test:test_create_get_list_interfaces): 200 GET http://10.180.1.21/compute/v2.1/servers/0eec4a5f-9f9b-4a86-a046-2e2d107adc48 1.057s
2024-12-21 03:21:58.301 66456 INFO tempest.lib.common.rest_client [req-b7f68cc7-8a9d-43ed-bc46-5786daea479d req-b7f68cc7-8a9d-43ed-bc46-5786daea479d ] Request (SecurityGroupsNegativeTestJSON:setUpClass): 201 POST http://10.180.1.21:9696/networking/v2.0/networks 0.359s
2024-12-21 03:21:58.364 66494 INFO tempest.lib.common.rest_client [req-a4d1a093-b24b-4968-8d3f-db8e3afc4220 req-a4d1a093-b24b-4968-8d3f-db8e3afc4220 ] Request (ImagesTestJSON:test_create_image_from_stopped_server): 200 GET http://10.180.1.21/compute/v2.1/servers/ca4d11fe-1d0f-468b-a2f4-21c5b84342ab 1.105s
2024-12-21 03:21:58.440 66496 INFO tempest.lib.common.rest_client [req-df06cd55-95fe-4b37-813d-25bb8e23e856 req-df06cd55-95fe-4b37-813d-25bb8e23e856 ] Request (ListServersNegativeTestJSON:setUpClass): 204 DELETE http://10.180.1.21/compute/v2.1/servers/8995f9cb-8454-4a98-9090-290f87f8af18 1.100s
2024-12-21 03:21:58.458 66472 INFO tempest.lib.common.rest_client [req-d01f5f00-41f2-4c11-9c7f-c25ed40eaa25 req-d01f5f00-41f2-4c11-9c7f-c25ed40eaa25 ] Request (AggregatesAdminNegativeTestJSON:test_aggregate_list_as_user): 403 GET http://10.180.1.21/compute/v2.1/os-aggregates 1.111s
2024-12-21 03:21:58.479 66440 INFO tempest.lib.common.rest_client [req-df7a42fe-6066-4605-bd77-8776df96c975 req-df7a42fe-6066-4605-bd77-8776df96c975 ] Request (SecurityGroupsTestJSON:test_security_groups_create_list_delete): 200 POST http://10.180.1.21/compute/v2.1/os-security-groups 1.153s
2024-12-21 03:21:58.517 66450 INFO tempest.lib.common.rest_client [req-dc667bd3-f096-44a2-84d5-20ead1f1cf1d req-dc667bd3-f096-44a2-84d5-20ead1f1cf1d ] Request (ListImageFiltersTestJSON:setUpClass): 200 GET http://10.180.1.21/compute/v2.1/servers/b3647042-89a1-4d15-b85e-49a5c8def1d4 1.074s
2024-12-21 03:21:58.553 66490 INFO tempest.lib.common.rest_client [req-dedc52da-109f-4c96-a53c-0aa6efb56384 req-dedc52da-109f-4c96-a53c-0aa6efb56384 ] Request (SecurityGroupRulesNegativeTestJSON:test_delete_security_group_rule_with_non_existent_id): 404 DELETE http://10.180.1.21/compute/v2.1/os-security-group-rules/8b1f71ea-4e39-4480-bda6-e953d1d3b621 0.964s
2024-12-21 03:21:58.581 66456 INFO tempest.lib.common.rest_client [req-dc96af04-067c-495d-a84a-702f5f2addc5 req-dc96af04-067c-495d-a84a-702f5f2addc5 ] Request (SecurityGroupsNegativeTestJSON:setUpClass): 201 POST http://10.180.1.21:9696/networking/v2.0/subnets 0.279s
2024-12-21 03:21:58.629 66484 INFO tempest.lib.common.rest_client [req-f681b97d-6134-46dc-a6a1-b8873755e5ee req-f681b97d-6134-46dc-a6a1-b8873755e5ee ] Request (ImagesOneServerTestJSON:setUpClass): 200 GET http://10.180.1.21/compute/v2.1/servers/fbedaa93-5968-4b42-b93e-201d2b44b32b 1.039s
2024-12-21 03:21:58.657 66470 INFO tempest.lib.common.rest_client [req-223b34cb-f176-40a2-a51d-0359a1e603eb req-223b34cb-f176-40a2-a51d-0359a1e603eb ] Request (ServerActionsV293TestJSON:setUpClass): 200 GET http://10.180.1.21/volume/v3/volumes/2c06d022-a782-4194-9dee-348bf3888516 0.038s
2024-12-21 03:21:58.683 66474 INFO tempest.lib.common.rest_client [req-9e9e530f-8180-4c65-850a-ad1cd8c793d9 req-9e9e530f-8180-4c65-850a-ad1cd8c793d9 ] Request (MigrationsAdminTest:test_list_migrations_in_flavor_resize_situation): 200 GET http://10.180.1.21/compute/v2.1/servers/058682a1-5240-4414-9203-c612ecd12999 1.189s
2024-12-21 03:21:58.703 66462 INFO tempest.lib.common.rest_client [req-93f9dedb-9a3d-4619-aecb-6b38f3c80746 req-93f9dedb-9a3d-4619-aecb-6b38f3c80746 ] Request (ExtensionsTest:test_list_extensions): 200 GET http://10.180.1.21/compute/v2.1/extensions 0.987s
2024-12-21 03:21:58.768 66452 INFO tempest.lib.common.rest_client [req-3070f98b-2fb5-4182-a207-95a2403ba294 req-3070f98b-2fb5-4182-a207-95a2403ba294 ] Request (ServerPasswordTestJSON:setUpClass): 201 POST http://10.180.1.21:9696/networking/v2.0/routers 0.976s
2024-12-21 03:21:58.775 66468 INFO tempest.lib.common.rest_client [req-33ce888c-2d62-44ab-b85f-8636230db8d4 req-33ce888c-2d62-44ab-b85f-8636230db8d4 ] Request (ServerExternalEventsTest:tearDownClass): 200 GET http://10.180.1.21/compute/v2.1/servers/02abae6c-8962-49eb-8fa9-36b13a20eff1 0.939s
2024-12-21 03:21:58.821 66462 INFO tempest.lib.common.rest_client [req-f68ab1ee-b7d0-4298-8ca0-4b4023e72eb8 req-f68ab1ee-b7d0-4298-8ca0-4b4023e72eb8 ] Request (ExtensionsTest:tearDownClass): 204 DELETE http://10.180.1.21/identity/v3/users/e52ed725943d4826a75022aaaccbce6a 0.104s
2024-12-21 03:21:58.821 66462 INFO tempest.lib.common.dynamic_creds [-] Deleting project and security group for project: b4dbd7dfc33e43feaec50a34fbe3cef1
2024-12-21 03:21:58.835 66480 INFO tempest.lib.common.rest_client [req-b383be7f-0746-429c-b4a3-e430338aeb33 req-b383be7f-0746-429c-b4a3-e430338aeb33 ] Request (QuotasAdminTestJSON:test_get_updated_quotas): 200 PUT http://10.180.1.21/compute/v2.1/os-quota-sets/8d87317f33cb4d92a4b0949f25fd1232?user_id=33c7ef32e2db4cd08d3be449f7bda6d0 1.155s
2024-12-21 03:21:58.851 66444 INFO tempest.lib.common.rest_client [req-9eae5b31-9408-4be9-bc4e-d4c48f52f7e9 req-9eae5b31-9408-4be9-bc4e-d4c48f52f7e9 ] Request (ServerTagsTestJSON:test_delete_all_tags): 200 GET http://10.180.1.21/compute/v2.1/servers/6199de01-baca-4461-9572-111eda11adac/tags 0.845s
2024-12-21 03:21:58.874 66458 INFO tempest.lib.common.rest_client [req-d4753158-b986-4685-bfc3-a46969d770b8 req-d4753158-b986-4685-bfc3-a46969d770b8 ] Request (ServersTestBootFromVolume:setUpClass): 200 GET http://10.180.1.21/compute/v2.1/servers/3f9849b8-6aaa-4d32-b140-207d5b54d68f/os-interface 0.990s
2024-12-21 03:21:58.901 66478 INFO tempest.lib.common.rest_client [req-5b804c33-06fb-443b-ad89-6fd6e67388bf req-5b804c33-06fb-443b-ad89-6fd6e67388bf ] Request (FlavorsAccessNegativeTestJSON:_run_cleanups): 202 DELETE http://10.180.1.21/compute/v2.1/flavors/944641444 0.813s
2024-12-21 03:21:58.908 66462 INFO tempest.lib.common.rest_client [req-afd1d2f5-b704-4e16-86c6-f57751b0a4c1 req-afd1d2f5-b704-4e16-86c6-f57751b0a4c1 ] Request (ExtensionsTest:tearDownClass): 201 POST http://10.180.1.21/identity/v3/auth/tokens 0.087s
2024-12-21 03:21:58.926 66442 INFO tempest.lib.common.rest_client [req-eea89297-3fcd-4769-97b8-470883982bc7 req-eea89297-3fcd-4769-97b8-470883982bc7 ] Request (ServerDiagnosticsNegativeTest:tearDownClass): 200 GET http://10.180.1.21/compute/v2.1/servers/801e7086-5742-4a04-962c-7546284aa12d 0.903s
2024-12-21 03:21:58.982 66460 INFO tempest.lib.common.rest_client [req-45d18459-0a17-4f0e-9b36-54250b4051d8 req-45d18459-0a17-4f0e-9b36-54250b4051d8 ] Request (FloatingIPsAssociationTestJSON:test_associate_already_associated_floating_ip): 200 GET http://10.180.1.21/compute/v2.1/servers/65462c7a-372e-4ba6-8f6d-e300080d65d0 0.794s
2024-12-21 03:21:58.995 66492 INFO tempest.lib.common.rest_client [req-231a317f-8b4d-4a9d-8c0e-ff8daafcfb09 req-231a317f-8b4d-4a9d-8c0e-ff8daafcfb09 ] Request (DeleteServersTestJSON:test_delete_active_server): 200 GET http://10.180.1.21/compute/v2.1/servers/8624629d-642a-4adf-984e-3925beeb4fef 0.900s
2024-12-21 03:21:59.218 66496 INFO tempest.lib.common.rest_client [req-407a088d-6959-4d49-935e-96ec5db694a8 req-407a088d-6959-4d49-935e-96ec5db694a8 ] Request (ListServersNegativeTestJSON:setUpClass): 200 GET http://10.180.1.21/compute/v2.1/servers/8995f9cb-8454-4a98-9090-290f87f8af18 0.777s
2024-12-21 03:21:59.257 66472 INFO tempest.lib.common.rest_client [req-55404abd-adf0-4b63-be0d-e5ca2094bb10 req-55404abd-adf0-4b63-be0d-e5ca2094bb10 ] Request (AggregatesAdminNegativeTestJSON:test_aggregate_remove_host_as_user): 200 POST http://10.180.1.21/compute/v2.1/os-aggregates 0.797s
2024-12-21 03:21:59.492 66440 INFO tempest.lib.common.rest_client [req-cd0af9cb-8f38-43ed-ab53-d51d68825a96 req-cd0af9cb-8f38-43ed-ab53-d51d68825a96 ] Request (SecurityGroupsTestJSON:test_security_groups_create_list_delete): 200 GET http://10.180.1.21/compute/v2.1/os-security-groups 1.009s
2024-12-21 03:21:59.494 66462 INFO tempest.lib.common.rest_client [req-79ef3782-7a07-4fa3-a65d-5b87f800f820 req-79ef3782-7a07-4fa3-a65d-5b87f800f820 ] Request (ExtensionsTest:tearDownClass): 200 GET http://10.180.1.21:9696/networking/v2.0/security-groups?tenant_id=b4dbd7dfc33e43feaec50a34fbe3cef1&name=default 0.585s
2024-12-21 03:21:59.703 66470 INFO tempest.lib.common.rest_client [req-853b2ffc-2059-47f1-bc21-03e174cc0384 req-853b2ffc-2059-47f1-bc21-03e174cc0384 ] Request (ServerActionsV293TestJSON:setUpClass): 200 GET http://10.180.1.21/volume/v3/volumes/2c06d022-a782-4194-9dee-348bf3888516 0.036s
2024-12-21 03:21:59.710 66470 INFO tempest.common.waiters [-] volume 2c06d022-a782-4194-9dee-348bf3888516 reached available after waiting for 19.710378 seconds
2024-12-21 03:21:59.748 66462 INFO tempest.lib.common.rest_client [req-902e54ab-5f80-45ba-8842-ef9f2ec14f71 req-902e54ab-5f80-45ba-8842-ef9f2ec14f71 ] Request (ExtensionsTest:tearDownClass): 204 DELETE http://10.180.1.21:9696/networking/v2.0/security-groups/94890b32-697e-417f-9e82-3d7e8cfa4764 0.253s
2024-12-21 03:21:59.764 66490 INFO tempest.lib.common.rest_client [req-8342b0a9-7027-4ed3-86c3-bb692817328f req-8342b0a9-7027-4ed3-86c3-bb692817328f ] Request (SecurityGroupRulesNegativeTestJSON:tearDownClass): 202 DELETE http://10.180.1.21/compute/v2.1/os-security-groups/d94263cf-257b-41e8-aa0b-6e8c63fe628d 1.210s
2024-12-21 03:21:59.839 66448 INFO tempest.lib.common.rest_client [req-7a770d59-177c-4740-91f8-65aca10480c7 req-7a770d59-177c-4740-91f8-65aca10480c7 ] Request (VolumesAdminNegativeTest:test_update_attached_volume_with_nonexistent_volume_in_body): 200 GET http://10.180.1.21/compute/v2.1/servers/777ddb84-25b9-4da6-be6b-a2289dbf510a 1.268s
2024-12-21 03:21:59.850 66462 INFO tempest.lib.common.rest_client [req-a61ff832-5a50-42dd-a55c-f7df76fdd229 req-a61ff832-5a50-42dd-a55c-f7df76fdd229 ] Request (ExtensionsTest:tearDownClass): 204 DELETE http://10.180.1.21/identity/v3/projects/b4dbd7dfc33e43feaec50a34fbe3cef1 0.102s
2024-12-21 03:21:59.903 66464 INFO tempest.lib.common.rest_client [req-9f4b9f79-bc0d-4d09-99d1-a0d321d09b07 req-9f4b9f79-bc0d-4d09-99d1-a0d321d09b07 ] Request (ServersTestManualDisk:setUpClass): 200 GET http://10.180.1.21/compute/v2.1/servers/f8c6f99f-499f-4886-aae9-5f08969175f6 1.299s
2024-12-21 03:21:59.932 66462 INFO tempest.lib.common.rest_client [req-d46a1856-446b-482d-9110-8cda822af450 req-d46a1856-446b-482d-9110-8cda822af450 ] Request (ComputeTenantNetworksTest:setUpClass): 201 POST http://10.180.1.21/identity/v3/auth/tokens 0.081s
2024-12-21 03:21:59.954 66502 INFO tempest.lib.common.rest_client [req-a11aa42a-c2de-4183-87cb-8f18fab2d2c8 req-a11aa42a-c2de-4183-87cb-8f18fab2d2c8 ] Request (ServersWithSpecificFlavorTestJSON:test_verify_created_server_ephemeral_disk): 200 GET http://10.180.1.21/compute/v2.1/servers/b21dc1e7-dacd-4154-9bc3-0fa3774695a8 1.281s
2024-12-21 03:21:59.969 66462 INFO tempest.lib.common.rest_client [req-346fa171-255e-41c3-8b9b-34746c72fe68 req-346fa171-255e-41c3-8b9b-34746c72fe68 ] Request (ComputeTenantNetworksTest:setUpClass): 201 POST http://10.180.1.21/identity/v3/auth/tokens 0.034s
2024-12-21 03:22:00.004 66462 INFO tempest.lib.common.rest_client [req-aac3e1fc-95ea-4024-8852-167b2531773b req-aac3e1fc-95ea-4024-8852-167b2531773b ] Request (ComputeTenantNetworksTest:setUpClass): 200 GET http://10.180.1.21/identity/v3/domains?name=Default 0.035s
2024-12-21 03:22:00.046 66462 INFO tempest.lib.common.rest_client [req-2c361936-6a48-44cc-aaae-0e42cff755b4 req-2c361936-6a48-44cc-aaae-0e42cff755b4 ] Request (ComputeTenantNetworksTest:setUpClass): 201 POST http://10.180.1.21/identity/v3/projects 0.041s
2024-12-21 03:22:00.098 66482 INFO tempest.lib.common.rest_client [req-b229bb22-f1b8-4d30-b758-dc4790cf18a3 req-b229bb22-f1b8-4d30-b758-dc4790cf18a3 ] Request (VolumesAssistedSnapshotsTest:test_volume_assisted_snapshot_create_delete): 200 GET http://10.180.1.21/compute/v2.1/servers/792cd2c8-a67d-4b16-93ab-722fcc8b622d 1.295s
2024-12-21 03:22:00.116 66462 INFO tempest.lib.common.rest_client [req-150ace6b-689b-4416-ad51-a1d5da0ea6e6 req-150ace6b-689b-4416-ad51-a1d5da0ea6e6 ] Request (ComputeTenantNetworksTest:setUpClass): 201 POST http://10.180.1.21/identity/v3/users 0.070s
2024-12-21 03:22:00.160 66462 INFO tempest.lib.common.rest_client [req-8fcaee92-ab7f-4a17-9bad-27389b222cf2 req-8fcaee92-ab7f-4a17-9bad-27389b222cf2 ] Request (ComputeTenantNetworksTest:setUpClass): 200 GET http://10.180.1.21/identity/v3/roles 0.044s
2024-12-21 03:22:00.197 66462 INFO tempest.lib.common.rest_client [req-0a9ff2dc-09a0-455d-a7dc-14989e485c1f req-0a9ff2dc-09a0-455d-a7dc-14989e485c1f ] Request (ComputeTenantNetworksTest:setUpClass): 204 PUT http://10.180.1.21/identity/v3/projects/8f8147f74d9846c89ecc8aa29eb66678/users/e424f3b5ba5f4c2180e80f8dacad06c5/roles/e570f08697e249dc81aa8ea8b3eacfcd 0.036s
2024-12-21 03:22:00.198 66462 INFO tempest.lib.common.dynamic_creds [-] Dynamic test user e424f3b5ba5f4c2180e80f8dacad06c5 is created with scope project and roles: ['member']
2024-12-21 03:22:00.198 66462 INFO tempest.lib.common.dynamic_creds [-] Acquired dynamic creds: credentials: Credentials: {'domain_id': 'default', 'domain_name': 'Default', 'username': 'tempest-ComputeTenantNetworksTest-1751752496-project-member', 'project_domain_id': 'default', 'project_domain_name': 'Default', 'project_id': '8f8147f74d9846c89ecc8aa29eb66678', 'project_name': 'tempest-ComputeTenantNetworksTest-1751752496', 'tenant_id': '8f8147f74d9846c89ecc8aa29eb66678', 'tenant_name': 'tempest-ComputeTenantNetworksTest-1751752496', 'user_domain_id': 'default', 'user_domain_name': 'Default', 'user_id': 'e424f3b5ba5f4c2180e80f8dacad06c5', 'system': None}, Network: None, Subnet: None, Router: None
2024-12-21 03:22:00.265 66462 INFO tempest.lib.common.rest_client [req-329d6089-fc72-4bff-ae4d-edfea30b4e5d req-329d6089-fc72-4bff-ae4d-edfea30b4e5d ] Request (ComputeTenantNetworksTest:setUpClass): 201 POST http://10.180.1.21/identity/v3/auth/tokens 0.066s
2024-12-21 03:22:00.291 66480 INFO tempest.lib.common.rest_client [req-02b51f93-f775-4e4a-a982-719c2a4d6574 req-02b51f93-f775-4e4a-a982-719c2a4d6574 ] Request (QuotasAdminTestJSON:test_get_updated_quotas): 200 GET http://10.180.1.21/compute/v2.1/os-quota-sets/8d87317f33cb4d92a4b0949f25fd1232?user_id=33c7ef32e2db4cd08d3be449f7bda6d0 1.454s
2024-12-21 03:22:00.302 66458 INFO tempest.lib.common.rest_client [req-05ef264a-e2da-481a-b19a-7a5bd386306b req-05ef264a-e2da-481a-b19a-7a5bd386306b ] Request (ServersTestBootFromVolume:setUpClass): 200 PUT http://10.180.1.21:9696/networking/v2.0/floatingips/cda8f7a5-6be2-4697-b256-ecfc2bee879d 1.426s
2024-12-21 03:22:00.355 66444 INFO tempest.lib.common.rest_client [req-21439332-7f90-46d0-ad6c-186bd2df7f48 req-21439332-7f90-46d0-ad6c-186bd2df7f48 ] Request (ServerTagsTestJSON:_run_cleanups): 204 DELETE http://10.180.1.21/compute/v2.1/servers/6199de01-baca-4461-9572-111eda11adac/tags 1.503s
2024-12-21 03:22:00.384 66480 INFO tempest.lib.common.rest_client [req-50cfcb26-cd83-4301-b35f-6cffd5ff4d73 req-50cfcb26-cd83-4301-b35f-6cffd5ff4d73 ] Request (QuotasAdminTestJSON:_run_cleanups): 204 DELETE http://10.180.1.21/identity/v3/users/33c7ef32e2db4cd08d3be449f7bda6d0 0.090s
2024-12-21 03:22:00.419 66456 INFO tempest.lib.common.rest_client [req-84ba8e41-f428-42b5-a2a1-8234bf9076ca req-84ba8e41-f428-42b5-a2a1-8234bf9076ca ] Request (SecurityGroupsNegativeTestJSON:setUpClass): 201 POST http://10.180.1.21:9696/networking/v2.0/routers 1.837s
2024-12-21 03:22:00.444 66501 INFO tempest.lib.common.rest_client [req-b16cec6b-ae40-4218-8ff4-89f905920db0 req-b16cec6b-ae40-4218-8ff4-89f905920db0 ] Request (ServerDiskConfigTestJSON:test_rebuild_server_with_auto_disk_config): 200 GET http://10.180.1.21/compute/v2.1/servers/e8ed73c3-fb86-42c3-aae6-b0c8d03149ce 1.568s
2024-12-21 03:22:00.478 66478 INFO tempest.lib.common.rest_client [req-39076c4f-e2a9-45b2-9d1a-70901aefb109 req-39076c4f-e2a9-45b2-9d1a-70901aefb109 ] Request (FlavorsAccessNegativeTestJSON:_run_cleanups): 200 GET http://10.180.1.21/compute/v2.1/flavors/detail 1.576s
2024-12-21 03:22:00.498 66480 INFO tempest.lib.common.rest_client [req-68f13f84-2d4e-43c2-8e6e-49b18efe5f15 req-68f13f84-2d4e-43c2-8e6e-49b18efe5f15 ] Request (QuotasAdminTestJSON:_run_cleanups): 204 DELETE http://10.180.1.21/identity/v3/projects/8d87317f33cb4d92a4b0949f25fd1232 0.114s
2024-12-21 03:22:00.529 66466 WARNING tempest.lib.common.ssh [-] Failed to establish authenticated ssh connection to cirros@10.180.180.234 ([Errno None] Unable to connect to port 22 on 10.180.180.234). Number attempts: 2. Retry after 3 seconds.: paramiko.ssh_exception.NoValidConnectionsError: [Errno None] Unable to connect to port 22 on 10.180.180.234
2024-12-21 03:22:00.577 66488 INFO tempest.lib.common.rest_client [req-ddad1ce0-56ab-46f4-9dea-e9491dcf1b9f req-ddad1ce0-56ab-46f4-9dea-e9491dcf1b9f ] Request (TenantUsagesTestJSON:tearDownClass): 200 GET http://10.180.1.21/compute/v2.1/servers/3c0b964f-c900-4704-ae12-7eba7952f678 1.611s
2024-12-21 03:22:00.596 66446 INFO tempest.lib.common.rest_client [req-cda39800-460f-4ffa-9624-1634d38cc979 req-cda39800-460f-4ffa-9624-1634d38cc979 ] Request (ServerDiagnosticsV248Test:tearDownClass): 404 GET http://10.180.1.21/compute/v2.1/servers/2257c786-54f9-441a-832c-cf3178bfcc78 1.622s
2024-12-21 03:22:00.689 66486 INFO tempest.lib.common.rest_client [req-dd118e6a-4c2c-4dbe-be78-b5b270e237c7 req-dd118e6a-4c2c-4dbe-be78-b5b270e237c7 ] Request (ServerActionsTestOtherB:setUpClass): 200 GET http://10.180.1.21/compute/v2.1/servers/15218373-ffa5-49ce-b604-423b7fc5fb35 1.612s
2024-12-21 03:22:00.696 66486 INFO tempest.common.waiters [-] State transition "BUILD/scheduling" ==> "BUILD/None" after 12 second wait
2024-12-21 03:22:00.736 66462 INFO tempest.lib.common.rest_client [req-1d4996f6-c011-4b21-b677-4dcd55661467 req-1d4996f6-c011-4b21-b677-4dcd55661467 ] Request (ComputeTenantNetworksTest:setUpClass): 201 POST http://10.180.1.21:9696/networking/v2.0/networks 0.471s
2024-12-21 03:22:00.736 66462 INFO tempest.lib.common.dynamic_creds [-] Created isolated network resources for: credentials: Credentials: {'domain_id': 'default', 'domain_name': 'Default', 'username': 'tempest-ComputeTenantNetworksTest-1751752496-project-member', 'project_domain_id': 'default', 'project_domain_name': 'Default', 'project_id': '8f8147f74d9846c89ecc8aa29eb66678', 'project_name': 'tempest-ComputeTenantNetworksTest-1751752496', 'tenant_id': '8f8147f74d9846c89ecc8aa29eb66678', 'tenant_name': 'tempest-ComputeTenantNetworksTest-1751752496', 'user_domain_id': 'default', 'user_domain_name': 'Default', 'user_id': 'e424f3b5ba5f4c2180e80f8dacad06c5', 'system': None}, Network: {'id': '38376518-c43f-4dc5-b07b-5b19ab0133c7', 'name': 'tempest-ComputeTenantNetworksTest-602939107-network', 'tenant_id': '8f8147f74d9846c89ecc8aa29eb66678', 'admin_state_up': True, 'mtu': 8950, 'status': 'ACTIVE', 'subnets': [], 'shared': False, 'project_id': '8f8147f74d9846c89ecc8aa29eb66678', 'port_security_enabled': True, 'router:external': False, 'provider:network_type': 'vlan', 'provider:physical_network': 'default', 'provider:segmentation_id': 547, 'availability_zone_hints': [], 'availability_zones': [], 'ipv4_address_scope': None, 'ipv6_address_scope': None, 'description': '', 'tags': [], 'created_at': '2024-12-21T03:22:00Z', 'updated_at': '2024-12-21T03:22:00Z', 'revision_number': 1}, Subnet: None, Router: None
2024-12-21 03:22:00.782 66446 INFO tempest.lib.common.rest_client [req-51f2cffa-23b6-472c-a4c2-56eab300e275 req-51f2cffa-23b6-472c-a4c2-56eab300e275 ] Request (ServerDiagnosticsV248Test:tearDownClass): 204 DELETE http://10.180.1.21/identity/v3/users/4a9c124d66f94b4b8e938c4ea15758bc 0.185s
2024-12-21 03:22:00.846 66462 INFO tempest.lib.common.rest_client [req-2be9a976-6284-44ac-a7f3-a7fa02781057 req-2be9a976-6284-44ac-a7f3-a7fa02781057 ] Request (ComputeTenantNetworksTest:setUpClass): 201 POST http://10.180.1.21/identity/v3/auth/tokens 0.105s
2024-12-21 03:22:00.904 66446 INFO tempest.lib.common.rest_client [req-be0e0aa3-3e7a-4e4a-8456-441521559c65 req-be0e0aa3-3e7a-4e4a-8456-441521559c65 ] Request (ServerDiagnosticsV248Test:tearDownClass): 204 DELETE http://10.180.1.21/identity/v3/users/d9d5ae2c26c94569b92af57842f4f871 0.120s
2024-12-21 03:22:00.905 66446 INFO tempest.lib.common.dynamic_creds [-] Deleting project and security group for project: 3459296fe9f7486f947a1712001bab8b
2024-12-21 03:22:00.956 66462 INFO tempest.lib.common.rest_client [req-5fcd9677-cf21-4a12-bbd6-75de9fb87b94 req-5fcd9677-cf21-4a12-bbd6-75de9fb87b94 ] Request (ComputeTenantNetworksTest:setUpClass): 201 POST http://10.180.1.21/identity/v3/auth/tokens 0.104s
2024-12-21 03:22:00.957 66462 INFO tempest.lib.common.fixed_network [-] (ComputeTenantNetworksTest:setUpClass) Found network {'id': '38376518-c43f-4dc5-b07b-5b19ab0133c7', 'name': 'tempest-ComputeTenantNetworksTest-602939107-network', 'tenant_id': '8f8147f74d9846c89ecc8aa29eb66678', 'admin_state_up': True, 'mtu': 8950, 'status': 'ACTIVE', 'subnets': [], 'shared': False, 'project_id': '8f8147f74d9846c89ecc8aa29eb66678', 'port_security_enabled': True, 'router:external': False, 'provider:network_type': 'vlan', 'provider:physical_network': 'default', 'provider:segmentation_id': 547, 'availability_zone_hints': [], 'availability_zones': [], 'ipv4_address_scope': None, 'ipv6_address_scope': None, 'description': '', 'tags': [], 'created_at': '2024-12-21T03:22:00Z', 'updated_at': '2024-12-21T03:22:00Z', 'revision_number': 1} available for tenant
2024-12-21 03:22:00.982 66446 INFO tempest.lib.common.rest_client [req-9b54b4a9-b5b1-4ba5-b09c-f0a0adfedaa4 req-9b54b4a9-b5b1-4ba5-b09c-f0a0adfedaa4 ] Request (ServerDiagnosticsV248Test:tearDownClass): 201 POST http://10.180.1.21/identity/v3/auth/tokens 0.077s
2024-12-21 03:22:01.023 66452 INFO tempest.lib.common.rest_client [req-05d45685-49d4-431d-a36f-752ffa1de6c1 req-05d45685-49d4-431d-a36f-752ffa1de6c1 ] Request (ServerPasswordTestJSON:setUpClass): 200 PUT http://10.180.1.21:9696/networking/v2.0/routers/a5f87aa4-3c0b-45c9-a03d-81f1ed1ef0fe/add_router_interface 2.254s
2024-12-21 03:22:01.023 66452 INFO tempest.lib.common.dynamic_creds [-] Created isolated network resources for: credentials: Credentials: {'domain_id': 'default', 'domain_name': 'Default', 'username': 'tempest-ServerPasswordTestJSON-1820807057-project-member', 'project_domain_id': 'default', 'project_domain_name': 'Default', 'project_id': '64c9c25765314168a99388fa3472e5c9', 'project_name': 'tempest-ServerPasswordTestJSON-1820807057', 'tenant_id': '64c9c25765314168a99388fa3472e5c9', 'tenant_name': 'tempest-ServerPasswordTestJSON-1820807057', 'user_domain_id': 'default', 'user_domain_name': 'Default', 'user_id': 'af192634fc4847c598c198e5e92e4b32', 'system': None}, Network: {'id': 'a2e514c6-e752-472b-8b89-ef96dce4843e', 'name': 'tempest-ServerPasswordTestJSON-614451256-network', 'tenant_id': '64c9c25765314168a99388fa3472e5c9', 'admin_state_up': True, 'mtu': 8950, 'status': 'ACTIVE', 'subnets': [], 'shared': False, 'project_id': '64c9c25765314168a99388fa3472e5c9', 'port_security_enabled': True, 'router:external': False, 'provider:network_type': 'vlan', 'provider:physical_network': 'default', 'provider:segmentation_id': 865, 'availability_zone_hints': [], 'availability_zones': [], 'ipv4_address_scope': None, 'ipv6_address_scope': None, 'description': '', 'tags': [], 'created_at': '2024-12-21T03:21:57Z', 'updated_at': '2024-12-21T03:21:57Z', 'revision_number': 1}, Subnet: {'id': 'bb005afc-7c0a-40d8-adf3-b407ee600185', 'name': 'tempest-ServerPasswordTestJSON-614451256-subnet', 'tenant_id': '64c9c25765314168a99388fa3472e5c9', 'network_id': 'a2e514c6-e752-472b-8b89-ef96dce4843e', 'ip_version': 4, 'subnetpool_id': None, 'enable_dhcp': True, 'ipv6_ra_mode': None, 'ipv6_address_mode': None, 'gateway_ip': '192.168.128.1', 'cidr': '192.168.128.0/28', 'allocation_pools': [{'start': '192.168.128.2', 'end': '192.168.128.14'}], 'host_routes': [], 'dns_nameservers': [], 'description': '', 'router:external': False, 'service_types': [], 'tags': [], 'created_at': '2024-12-21T03:21:57Z', 'updated_at': '2024-12-21T03:21:57Z', 'revision_number': 0, 'project_id': '64c9c25765314168a99388fa3472e5c9'}, Router: {'id': 'a5f87aa4-3c0b-45c9-a03d-81f1ed1ef0fe', 'name': 'tempest-ServerPasswordTestJSON-614451256-router', 'tenant_id': '64c9c25765314168a99388fa3472e5c9', 'admin_state_up': True, 'status': 'ACTIVE', 'external_gateway_info': {'network_id': 'a27f3b25-54c8-440f-af34-b145a96d074f', 'external_fixed_ips': [{'subnet_id': '3f965399-f0ac-497f-8aa7-2f532941755c', 'ip_address': '10.180.180.200'}], 'enable_snat': True}, 'description': '', 'availability_zones': [], 'distributed': False, 'ha': False, 'availability_zone_hints': [], 'routes': [], 'flavor_id': None, 'tags': [], 'created_at': '2024-12-21T03:21:57Z', 'updated_at': '2024-12-21T03:21:58Z', 'revision_number': 2, 'project_id': '64c9c25765314168a99388fa3472e5c9'}
2024-12-21 03:22:01.120 66472 INFO tempest.lib.common.rest_client [req-bf04c87c-5213-443c-8ece-4864914848ba req-bf04c87c-5213-443c-8ece-4864914848ba ] Request (AggregatesAdminNegativeTestJSON:test_aggregate_remove_host_as_user): 200 POST http://10.180.1.21/compute/v2.1/os-aggregates/7/action 1.860s
2024-12-21 03:22:01.142 66452 INFO tempest.lib.common.rest_client [req-a921124e-3e7f-4ead-8d77-27b982a5298f req-a921124e-3e7f-4ead-8d77-27b982a5298f ] Request (ServerPasswordTestJSON:setUpClass): 201 POST http://10.180.1.21/identity/v3/auth/tokens 0.114s
2024-12-21 03:22:01.168 66476 WARNING tempest.lib.common.ssh [-] Failed to establish authenticated ssh connection to cirros@10.180.180.251 ([Errno None] Unable to connect to port 22 on 10.180.180.251). Number attempts: 3. Retry after 4 seconds.: paramiko.ssh_exception.NoValidConnectionsError: [Errno None] Unable to connect to port 22 on 10.180.180.251
2024-12-21 03:22:01.181 66452 INFO tempest.lib.common.rest_client [req-a1db060f-cf14-4013-8bff-229cb07d1cf7 req-a1db060f-cf14-4013-8bff-229cb07d1cf7 ] Request (ServerPasswordTestJSON:setUpClass): 201 POST http://10.180.1.21/identity/v3/auth/tokens 0.036s
2024-12-21 03:22:01.182 66452 INFO tempest.lib.common.fixed_network [-] (ServerPasswordTestJSON:setUpClass) Found network {'id': 'a2e514c6-e752-472b-8b89-ef96dce4843e', 'name': 'tempest-ServerPasswordTestJSON-614451256-network', 'tenant_id': '64c9c25765314168a99388fa3472e5c9', 'admin_state_up': True, 'mtu': 8950, 'status': 'ACTIVE', 'subnets': [], 'shared': False, 'project_id': '64c9c25765314168a99388fa3472e5c9', 'port_security_enabled': True, 'router:external': False, 'provider:network_type': 'vlan', 'provider:physical_network': 'default', 'provider:segmentation_id': 865, 'availability_zone_hints': [], 'availability_zones': [], 'ipv4_address_scope': None, 'ipv6_address_scope': None, 'description': '', 'tags': [], 'created_at': '2024-12-21T03:21:57Z', 'updated_at': '2024-12-21T03:21:57Z', 'revision_number': 1} available for tenant
2024-12-21 03:22:01.353 66446 INFO tempest.lib.common.rest_client [req-b6c12cec-5317-41c8-a566-5211911e26e3 req-b6c12cec-5317-41c8-a566-5211911e26e3 ] Request (ServerDiagnosticsV248Test:tearDownClass): 200 GET http://10.180.1.21:9696/networking/v2.0/security-groups?tenant_id=3459296fe9f7486f947a1712001bab8b&name=default 0.371s
2024-12-21 03:22:01.435 66498 INFO tempest.lib.common.rest_client [req-22ca3b81-370f-409c-b824-e4d1d85f2795 req-22ca3b81-370f-409c-b824-e4d1d85f2795 ] Request (AttachInterfacesV270Test:test_create_get_list_interfaces): 200 GET http://10.180.1.21/compute/v2.1/servers/0eec4a5f-9f9b-4a86-a046-2e2d107adc48 2.127s
2024-12-21 03:22:01.470 66446 INFO tempest.lib.common.rest_client [req-71def316-5c1f-40c3-945b-f9ced2698d67 req-71def316-5c1f-40c3-945b-f9ced2698d67 ] Request (ServerDiagnosticsV248Test:tearDownClass): 204 DELETE http://10.180.1.21:9696/networking/v2.0/security-groups/a24a123f-6cd6-4cbe-a7e0-9676393e8a8b 0.116s
2024-12-21 03:22:01.546 66494 INFO tempest.lib.common.rest_client [req-344bd137-97e7-43a2-9707-71e20723c35a req-344bd137-97e7-43a2-9707-71e20723c35a ] Request (ImagesTestJSON:test_create_image_from_stopped_server): 200 GET http://10.180.1.21/compute/v2.1/servers/ca4d11fe-1d0f-468b-a2f4-21c5b84342ab 2.170s
2024-12-21 03:22:01.584 66446 INFO tempest.lib.common.rest_client [req-2406fd6e-c686-4b0f-bc87-a739b6dfcf81 req-2406fd6e-c686-4b0f-bc87-a739b6dfcf81 ] Request (ServerDiagnosticsV248Test:tearDownClass): 204 DELETE http://10.180.1.21/identity/v3/projects/3459296fe9f7486f947a1712001bab8b 0.113s
2024-12-21 03:22:01.584 66446 INFO tempest.lib.common.dynamic_creds [-] Deleting project and security group for project: 85c98cf07a8844d596488472599100d6
2024-12-21 03:22:01.737 66440 INFO tempest.lib.common.rest_client [req-e2b6903b-6c57-4b2a-a621-acabd4c6e90d req-e2b6903b-6c57-4b2a-a621-acabd4c6e90d ] Request (SecurityGroupsTestJSON:test_security_groups_create_list_delete): 202 DELETE http://10.180.1.21/compute/v2.1/os-security-groups/0770ed53-8ed4-45b8-a755-e8e0992195b9 2.242s
2024-12-21 03:22:01.744 66456 INFO tempest.lib.common.rest_client [req-012b0bce-afd5-44ae-b8d5-74a0228f8548 req-012b0bce-afd5-44ae-b8d5-74a0228f8548 ] Request (SecurityGroupsNegativeTestJSON:setUpClass): 200 PUT http://10.180.1.21:9696/networking/v2.0/routers/75da7a76-4648-407e-b9d0-d5bcd8ee54b0/add_router_interface 1.324s
2024-12-21 03:22:01.744 66456 INFO tempest.lib.common.dynamic_creds [-] Created isolated network resources for: credentials: Credentials: {'domain_id': 'default', 'domain_name': 'Default', 'username': 'tempest-SecurityGroupsNegativeTestJSON-1736554305-project-member', 'project_domain_id': 'default', 'project_domain_name': 'Default', 'project_id': '871869d23c33498a9a9abacee28df82a', 'project_name': 'tempest-SecurityGroupsNegativeTestJSON-1736554305', 'tenant_id': '871869d23c33498a9a9abacee28df82a', 'tenant_name': 'tempest-SecurityGroupsNegativeTestJSON-1736554305', 'user_domain_id': 'default', 'user_domain_name': 'Default', 'user_id': 'fc476e5c12044c00bd27b19294b34aa4', 'system': None}, Network: {'id': 'fd70fa97-3ac2-4c25-ab59-4657a233a091', 'name': 'tempest-SecurityGroupsNegativeTestJSON-1086921039-network', 'tenant_id': '871869d23c33498a9a9abacee28df82a', 'admin_state_up': True, 'mtu': 8950, 'status': 'ACTIVE', 'subnets': [], 'shared': False, 'project_id': '871869d23c33498a9a9abacee28df82a', 'port_security_enabled': True, 'router:external': False, 'provider:network_type': 'vlan', 'provider:physical_network': 'default', 'provider:segmentation_id': 847, 'availability_zone_hints': [], 'availability_zones': [], 'ipv4_address_scope': None, 'ipv6_address_scope': None, 'description': '', 'tags': [], 'created_at': '2024-12-21T03:21:58Z', 'updated_at': '2024-12-21T03:21:58Z', 'revision_number': 1}, Subnet: {'id': '6f540a9c-2ec0-41d5-94e6-a8b3c5705a74', 'name': 'tempest-SecurityGroupsNegativeTestJSON-1086921039-subnet', 'tenant_id': '871869d23c33498a9a9abacee28df82a', 'network_id': 'fd70fa97-3ac2-4c25-ab59-4657a233a091', 'ip_version': 4, 'subnetpool_id': None, 'enable_dhcp': True, 'ipv6_ra_mode': None, 'ipv6_address_mode': None, 'gateway_ip': '192.168.128.1', 'cidr': '192.168.128.0/28', 'allocation_pools': [{'start': '192.168.128.2', 'end': '192.168.128.14'}], 'host_routes': [], 'dns_nameservers': [], 'description': '', 'router:external': False, 'service_types': [], 'tags': [], 'created_at': '2024-12-21T03:21:58Z', 'updated_at': '2024-12-21T03:21:58Z', 'revision_number': 0, 'project_id': '871869d23c33498a9a9abacee28df82a'}, Router: {'id': '75da7a76-4648-407e-b9d0-d5bcd8ee54b0', 'name': 'tempest-SecurityGroupsNegativeTestJSON-1086921039-router', 'tenant_id': '871869d23c33498a9a9abacee28df82a', 'admin_state_up': True, 'status': 'ACTIVE', 'external_gateway_info': {'network_id': 'a27f3b25-54c8-440f-af34-b145a96d074f', 'external_fixed_ips': [{'subnet_id': '3f965399-f0ac-497f-8aa7-2f532941755c', 'ip_address': '10.180.180.187'}], 'enable_snat': True}, 'description': '', 'availability_zones': [], 'distributed': False, 'ha': False, 'availability_zone_hints': [], 'routes': [], 'flavor_id': None, 'tags': [], 'created_at': '2024-12-21T03:21:58Z', 'updated_at': '2024-12-21T03:21:59Z', 'revision_number': 2, 'project_id': '871869d23c33498a9a9abacee28df82a'}
2024-12-21 03:22:01.767 66446 INFO tempest.lib.common.rest_client [req-6239520f-a60d-4586-8a0f-98aefc37366e req-6239520f-a60d-4586-8a0f-98aefc37366e ] Request (ServerDiagnosticsV248Test:tearDownClass): 200 GET http://10.180.1.21:9696/networking/v2.0/security-groups?tenant_id=85c98cf07a8844d596488472599100d6&name=default 0.182s
2024-12-21 03:22:01.813 66450 INFO tempest.lib.common.rest_client [req-b82d9f9d-c5a3-4752-9de5-22a25b9757f3 req-b82d9f9d-c5a3-4752-9de5-22a25b9757f3 ] Request (ListImageFiltersTestJSON:setUpClass): 200 GET http://10.180.1.21/compute/v2.1/servers/b3647042-89a1-4d15-b85e-49a5c8def1d4 2.288s
2024-12-21 03:22:01.858 66456 INFO tempest.lib.common.rest_client [req-f7af3f9a-9535-44e1-a259-b3bbd061e325 req-f7af3f9a-9535-44e1-a259-b3bbd061e325 ] Request (SecurityGroupsNegativeTestJSON:setUpClass): 201 POST http://10.180.1.21/identity/v3/auth/tokens 0.110s
2024-12-21 03:22:01.868 66484 INFO tempest.lib.common.rest_client [req-a67010fa-029f-400e-8596-2080f8a1c08b req-a67010fa-029f-400e-8596-2080f8a1c08b ] Request (ImagesOneServerTestJSON:setUpClass): 200 GET http://10.180.1.21/compute/v2.1/servers/fbedaa93-5968-4b42-b93e-201d2b44b32b 2.231s
2024-12-21 03:22:01.980 66474 INFO tempest.lib.common.rest_client [req-88cc4b12-2b57-4692-a7fa-2e7c7d1cd53d req-88cc4b12-2b57-4692-a7fa-2e7c7d1cd53d ] Request (MigrationsAdminTest:test_list_migrations_in_flavor_resize_situation): 200 GET http://10.180.1.21/compute/v2.1/servers/058682a1-5240-4414-9203-c612ecd12999 2.289s
2024-12-21 03:22:02.031 66446 INFO tempest.lib.common.rest_client [req-b32bd21c-e38c-4845-b935-a4f7e4609a3b req-b32bd21c-e38c-4845-b935-a4f7e4609a3b ] Request (ServerDiagnosticsV248Test:tearDownClass): 204 DELETE http://10.180.1.21:9696/networking/v2.0/security-groups/b7c8a121-6377-484d-b8d3-adc104465ffa 0.264s
2024-12-21 03:22:02.122 66446 INFO tempest.lib.common.rest_client [req-5443401d-0565-4f8c-a987-3c9a17a37e0a req-5443401d-0565-4f8c-a987-3c9a17a37e0a ] Request (ServerDiagnosticsV248Test:tearDownClass): 204 DELETE http://10.180.1.21/identity/v3/projects/85c98cf07a8844d596488472599100d6 0.091s
2024-12-21 03:22:02.192 66446 INFO tempest.lib.common.rest_client [req-6e682616-a21d-4d46-a485-a91e0cbf9fbf req-6e682616-a21d-4d46-a485-a91e0cbf9fbf ] Request (ServersAdminNegativeTestJSON:setUpClass): 201 POST http://10.180.1.21/identity/v3/auth/tokens 0.068s
2024-12-21 03:22:02.222 66446 INFO tempest.lib.common.rest_client [req-120495e6-bf1b-488f-95a6-e799208f2279 req-120495e6-bf1b-488f-95a6-e799208f2279 ] Request (ServersAdminNegativeTestJSON:setUpClass): 201 POST http://10.180.1.21/identity/v3/auth/tokens 0.027s
2024-12-21 03:22:02.255 66446 INFO tempest.lib.common.rest_client [req-a88fbb3f-0e90-4978-94c7-498ca0b293c8 req-a88fbb3f-0e90-4978-94c7-498ca0b293c8 ] Request (ServersAdminNegativeTestJSON:setUpClass): 200 GET http://10.180.1.21/identity/v3/domains?name=Default 0.030s
2024-12-21 03:22:02.284 66446 INFO tempest.lib.common.rest_client [req-2b6351e1-839a-47a5-86d5-7fda5e06bc98 req-2b6351e1-839a-47a5-86d5-7fda5e06bc98 ] Request (ServersAdminNegativeTestJSON:setUpClass): 201 POST http://10.180.1.21/identity/v3/projects 0.028s
2024-12-21 03:22:02.299 66454 INFO tempest.lib.common.rest_client [req-4abee203-98d9-40d1-94b0-cb83c630d599 req-4abee203-98d9-40d1-94b0-cb83c630d599 ] Request (SecurityGroupsTestAdminJSON:test_list_security_groups_list_all_tenants_filter): 200 GET http://10.180.1.21/compute/v2.1/os-security-groups?all_tenants=true 4.002s
2024-12-21 03:22:02.343 66446 INFO tempest.lib.common.rest_client [req-e985696f-ae73-493e-9fff-de80c1d58933 req-e985696f-ae73-493e-9fff-de80c1d58933 ] Request (ServersAdminNegativeTestJSON:setUpClass): 201 POST http://10.180.1.21/identity/v3/users 0.058s
2024-12-21 03:22:02.370 66446 INFO tempest.lib.common.rest_client [req-e860896b-2a87-4941-b609-c8ccce25964d req-e860896b-2a87-4941-b609-c8ccce25964d ] Request (ServersAdminNegativeTestJSON:setUpClass): 200 GET http://10.180.1.21/identity/v3/roles 0.027s
2024-12-21 03:22:02.397 66446 INFO tempest.lib.common.rest_client [req-758108ab-c59e-4966-ad8a-7cb32f3b4141 req-758108ab-c59e-4966-ad8a-7cb32f3b4141 ] Request (ServersAdminNegativeTestJSON:setUpClass): 204 PUT http://10.180.1.21/identity/v3/projects/3e41926f72174671982ba0d6c4b0f2d7/users/4776ce09f9114ddb9bc1e4c03b8e0512/roles/e570f08697e249dc81aa8ea8b3eacfcd 0.026s
2024-12-21 03:22:02.397 66446 INFO tempest.lib.common.dynamic_creds [-] Dynamic test user 4776ce09f9114ddb9bc1e4c03b8e0512 is created with scope project and roles: ['member']
2024-12-21 03:22:02.397 66446 INFO tempest.lib.common.dynamic_creds [-] Acquired dynamic creds: credentials: Credentials: {'domain_id': 'default', 'domain_name': 'Default', 'username': 'tempest-ServersAdminNegativeTestJSON-1224553160-project-member', 'project_domain_id': 'default', 'project_domain_name': 'Default', 'project_id': '3e41926f72174671982ba0d6c4b0f2d7', 'project_name': 'tempest-ServersAdminNegativeTestJSON-1224553160', 'tenant_id': '3e41926f72174671982ba0d6c4b0f2d7', 'tenant_name': 'tempest-ServersAdminNegativeTestJSON-1224553160', 'user_domain_id': 'default', 'user_domain_name': 'Default', 'user_id': '4776ce09f9114ddb9bc1e4c03b8e0512', 'system': None}, Network: None, Subnet: None, Router: None
