2024-12-21 03:22:15.406 66488 INFO tempest.lib.common.dynamic_creds [-] Created isolated network resources for: credentials: Credentials: {'domain_id': 'default', 'domain_name': 'Default', 'username': 'tempest-SecurityGroupRulesTestJSON-1901591972-project-member', 'project_domain_id': 'default', 'project_domain_name': 'Default', 'project_id': 'c4370dbc419e4e1d8117371c33b2eb8c', 'project_name': 'tempest-SecurityGroupRulesTestJSON-1901591972', 'tenant_id': 'c4370dbc419e4e1d8117371c33b2eb8c', 'tenant_name': 'tempest-SecurityGroupRulesTestJSON-1901591972', 'user_domain_id': 'default', 'user_domain_name': 'Default', 'user_id': '9b68182345d242d383e14c0cc7f9a584', 'system': None}, Network: {'id': 'cd38ed68-dcfd-4574-b85b-b086ba8aa239', 'name': 'tempest-SecurityGroupRulesTestJSON-1143865896-network', 'tenant_id': 'c4370dbc419e4e1d8117371c33b2eb8c', 'admin_state_up': True, 'mtu': 8950, 'status': 'ACTIVE', 'subnets': [], 'shared': False, 'project_id': 'c4370dbc419e4e1d8117371c33b2eb8c', 'port_security_enabled': True, 'router:external': False, 'provider:network_type': 'vlan', 'provider:physical_network': 'default', 'provider:segmentation_id': 244, 'availability_zone_hints': [], 'availability_zones': [], 'ipv4_address_scope': None, 'ipv6_address_scope': None, 'description': '', 'tags': [], 'created_at': '2024-12-21T03:22:12Z', 'updated_at': '2024-12-21T03:22:12Z', 'revision_number': 1}, Subnet: {'id': '447ca704-6315-4fd3-8adb-62e4392af8ba', 'name': 'tempest-SecurityGroupRulesTestJSON-1143865896-subnet', 'tenant_id': 'c4370dbc419e4e1d8117371c33b2eb8c', 'network_id': 'cd38ed68-dcfd-4574-b85b-b086ba8aa239', 'ip_version': 4, 'subnetpool_id': None, 'enable_dhcp': True, 'ipv6_ra_mode': None, 'ipv6_address_mode': None, 'gateway_ip': '192.168.128.1', 'cidr': '192.168.128.0/28', 'allocation_pools': [{'start': '192.168.128.2', 'end': '192.168.128.14'}], 'host_routes': [], 'dns_nameservers': [], 'description': '', 'router:external': False, 'service_types': [], 'tags': [], 'created_at': '2024-12-21T03:22:12Z', 'updated_at': '2024-12-21T03:22:12Z', 'revision_number': 0, 'project_id': 'c4370dbc419e4e1d8117371c33b2eb8c'}, Router: {'id': '5510409a-b7f5-49d2-968c-23542eb5d472', 'name': 'tempest-SecurityGroupRulesTestJSON-1143865896-router', 'tenant_id': 'c4370dbc419e4e1d8117371c33b2eb8c', 'admin_state_up': True, 'status': 'ACTIVE', 'external_gateway_info': {'network_id': 'a27f3b25-54c8-440f-af34-b145a96d074f', 'external_fixed_ips': [{'subnet_id': '3f965399-f0ac-497f-8aa7-2f532941755c', 'ip_address': '10.180.180.230'}], 'enable_snat': True}, 'description': '', 'availability_zones': [], 'distributed': False, 'ha': False, 'availability_zone_hints': [], 'routes': [], 'flavor_id': None, 'tags': [], 'created_at': '2024-12-21T03:22:12Z', 'updated_at': '2024-12-21T03:22:13Z', 'revision_number': 2, 'project_id': 'c4370dbc419e4e1d8117371c33b2eb8c'}
2024-12-21 03:22:15.433 66442 INFO tempest.lib.common.rest_client [req-3083d6bf-b2c9-409c-b270-e4198aed521b req-3083d6bf-b2c9-409c-b270-e4198aed521b ] Request (ServerDiagnosticsNegativeTest:tearDownClass): 200 GET http://10.180.1.21/compute/v2.1/servers/801e7086-5742-4a04-962c-7546284aa12d 0.409s
2024-12-21 03:22:15.447 66478 INFO tempest.lib.common.rest_client [req-72d02609-c538-4841-b6e5-e97ad7df106b req-72d02609-c538-4841-b6e5-e97ad7df106b ] Request (AttachVolumeNegativeTest:setUpClass): 201 POST http://10.180.1.21/identity/v3/auth/tokens 0.083s
2024-12-21 03:22:15.453 66480 INFO tempest.lib.common.rest_client [req-ab5edc46-c80a-494e-8b08-7b4afcab56e1 req-ab5edc46-c80a-494e-8b08-7b4afcab56e1 ] Request (FlavorsV2TestJSON:test_list_flavors_detailed_filter_by_min_ram): 200 GET http://10.180.1.21/compute/v2.1/flavors/42 0.287s
2024-12-21 03:22:15.486 66478 INFO tempest.lib.common.rest_client [req-bcd40d8b-647f-4f3a-a6c5-984fc8c3596c req-bcd40d8b-647f-4f3a-a6c5-984fc8c3596c ] Request (AttachVolumeNegativeTest:setUpClass): 201 POST http://10.180.1.21/identity/v3/auth/tokens 0.034s
2024-12-21 03:22:15.515 66478 INFO tempest.lib.common.rest_client [req-9eb381e3-b766-4f61-a281-1040ab4b137e req-9eb381e3-b766-4f61-a281-1040ab4b137e ] Request (AttachVolumeNegativeTest:setUpClass): 200 GET http://10.180.1.21/identity/v3/domains?name=Default 0.028s
2024-12-21 03:22:15.521 66496 INFO tempest.lib.common.rest_client [req-e7b1a4f7-fd8b-4c8d-98fd-f29362f617fd req-e7b1a4f7-fd8b-4c8d-98fd-f29362f617fd ] Request (ListServersNegativeTestJSON:setUpClass): 200 GET http://10.180.1.21/compute/v2.1/servers/8995f9cb-8454-4a98-9090-290f87f8af18 0.330s
2024-12-21 03:22:15.530 66488 INFO tempest.lib.common.rest_client [req-ae03d0df-8024-48b7-b364-3ff14de38669 req-ae03d0df-8024-48b7-b364-3ff14de38669 ] Request (SecurityGroupRulesTestJSON:setUpClass): 201 POST http://10.180.1.21/identity/v3/auth/tokens 0.119s
2024-12-21 03:22:15.545 66478 INFO tempest.lib.common.rest_client [req-b7a46e2f-5239-4ac7-92b3-fa5e121695fe req-b7a46e2f-5239-4ac7-92b3-fa5e121695fe ] Request (AttachVolumeNegativeTest:setUpClass): 201 POST http://10.180.1.21/identity/v3/projects 0.029s
2024-12-21 03:22:15.565 66450 INFO tempest.lib.common.rest_client [req-ce6d86c2-4c2a-461f-93a2-c4c51b75f5ff req-ce6d86c2-4c2a-461f-93a2-c4c51b75f5ff ] Request (ListImageFiltersTestJSON:setUpClass): 200 GET http://10.180.1.21/compute/v2.1/servers/b8ff115b-64f1-4584-afa2-478c5e6b726b 0.427s
2024-12-21 03:22:15.597 66498 INFO tempest.lib.common.rest_client [req-40874dce-ad51-48ad-b20c-660aa5157aa0 req-40874dce-ad51-48ad-b20c-660aa5157aa0 ] Request (AttachInterfacesV270Test:tearDownClass): 200 GET http://10.180.1.21/compute/v2.1/servers/0eec4a5f-9f9b-4a86-a046-2e2d107adc48 0.387s
2024-12-21 03:22:15.605 66498 INFO tempest.common.waiters [-] State transition "ACTIVE/deleting" ==> "DELETED/None" after 4 second wait
2024-12-21 03:22:15.605 66478 INFO tempest.lib.common.rest_client [req-dc812d1b-6750-4d96-80b5-0277797de21a req-dc812d1b-6750-4d96-80b5-0277797de21a ] Request (AttachVolumeNegativeTest:setUpClass): 201 POST http://10.180.1.21/identity/v3/users 0.059s
2024-12-21 03:22:15.614 66448 INFO tempest.lib.common.rest_client [req-c61053ad-4292-4236-b165-d7efd7102572 req-c61053ad-4292-4236-b165-d7efd7102572 ] Request (VolumesAdminNegativeTest:test_update_attached_volume_with_nonexistent_volume_in_body): 200 GET http://10.180.1.21/compute/v2.1/servers/777ddb84-25b9-4da6-be6b-a2289dbf510a 0.350s
2024-12-21 03:22:15.630 66478 INFO tempest.lib.common.rest_client [req-4879f52b-4ea9-4398-be70-245d46a6229d req-4879f52b-4ea9-4398-be70-245d46a6229d ] Request (AttachVolumeNegativeTest:setUpClass): 200 GET http://10.180.1.21/identity/v3/roles 0.025s
2024-12-21 03:22:15.649 66454 INFO tempest.lib.common.rest_client [req-bc4c1ac9-6c37-4380-9045-16d694c5c9a9 req-bc4c1ac9-6c37-4380-9045-16d694c5c9a9 ] Request (ServerDiagnosticsTest:test_get_server_diagnostics): 200 GET http://10.180.1.21/compute/v2.1/servers/9e73e2ab-1eac-4aca-905f-a8391d3f5a9b 0.354s
2024-12-21 03:22:15.666 66464 INFO tempest.lib.common.rest_client [req-b5d15c56-a6ab-4d0e-833c-f1137ea33598 req-b5d15c56-a6ab-4d0e-833c-f1137ea33598 ] Request (ServersTestManualDisk:setUpClass): 200 GET http://10.180.1.21/compute/v2.1/servers/f8c6f99f-499f-4886-aae9-5f08969175f6 0.333s
2024-12-21 03:22:15.669 66478 INFO tempest.lib.common.rest_client [req-19a4de2a-006d-429c-b022-5735758867af req-19a4de2a-006d-429c-b022-5735758867af ] Request (AttachVolumeNegativeTest:setUpClass): 204 PUT http://10.180.1.21/identity/v3/projects/6014bab6bc9a4b059bab88e44b31f446/users/96a739701a824313b30b0d214f43757b/roles/e570f08697e249dc81aa8ea8b3eacfcd 0.039s
2024-12-21 03:22:15.670 66478 INFO tempest.lib.common.dynamic_creds [-] Dynamic test user 96a739701a824313b30b0d214f43757b is created with scope project and roles: ['member']
2024-12-21 03:22:15.670 66478 INFO tempest.lib.common.dynamic_creds [-] Acquired dynamic creds: credentials: Credentials: {'domain_id': 'default', 'domain_name': 'Default', 'username': 'tempest-AttachVolumeNegativeTest-1699536865-project-member', 'project_domain_id': 'default', 'project_domain_name': 'Default', 'project_id': '6014bab6bc9a4b059bab88e44b31f446', 'project_name': 'tempest-AttachVolumeNegativeTest-1699536865', 'tenant_id': '6014bab6bc9a4b059bab88e44b31f446', 'tenant_name': 'tempest-AttachVolumeNegativeTest-1699536865', 'user_domain_id': 'default', 'user_domain_name': 'Default', 'user_id': '96a739701a824313b30b0d214f43757b', 'system': None}, Network: None, Subnet: None, Router: None
2024-12-21 03:22:15.677 66472 INFO tempest.lib.common.rest_client [req-eeb10825-58fa-48fa-8e30-43e542fd8c97 req-eeb10825-58fa-48fa-8e30-43e542fd8c97 ] Request (FlavorsV261TestJSON:test_crud_flavor): 200 GET http://10.180.1.21/compute/v2.1/flavors/detail 0.327s
2024-12-21 03:22:15.717 66502 INFO tempest.lib.common.rest_client [req-a132dc7e-ad7c-49d6-ac47-3827060618c9 req-a132dc7e-ad7c-49d6-ac47-3827060618c9 ] Request (ServersWithSpecificFlavorTestJSON:test_verify_created_server_ephemeral_disk): 200 GET http://10.180.1.21/compute/v2.1/servers/b21dc1e7-dacd-4154-9bc3-0fa3774695a8 0.351s
2024-12-21 03:22:15.732 66452 INFO tempest.lib.common.rest_client [req-8c5fddc2-7ce4-4974-8c1a-24226a90ead3 req-8c5fddc2-7ce4-4974-8c1a-24226a90ead3 ] Request (ServerPasswordTestJSON:setUpClass): 200 GET http://10.180.1.21/compute/v2.1/servers/14dab775-19b4-4d0d-a7ee-67705f7e45ca 0.343s
2024-12-21 03:22:15.743 66478 INFO tempest.lib.common.rest_client [req-60244507-49be-4c65-8b37-c26a73a264eb req-60244507-49be-4c65-8b37-c26a73a264eb ] Request (AttachVolumeNegativeTest:setUpClass): 201 POST http://10.180.1.21/identity/v3/auth/tokens 0.073s
2024-12-21 03:22:15.780 66486 INFO tempest.lib.common.rest_client [req-5bc848d6-d94c-4c77-9185-f65f4ebdba2c req-5bc848d6-d94c-4c77-9185-f65f4ebdba2c ] Request (ServerActionsTestOtherB:setUpClass): 200 GET http://10.180.1.21/compute/v2.1/servers/15218373-ffa5-49ce-b604-423b7fc5fb35 0.362s
2024-12-21 03:22:15.808 66480 INFO tempest.lib.common.rest_client [req-b6a92373-d51d-42b1-9e0c-89b9e15e4ded req-b6a92373-d51d-42b1-9e0c-89b9e15e4ded ] Request (FlavorsV2TestJSON:test_list_flavors_detailed_filter_by_min_ram): 200 GET http://10.180.1.21/compute/v2.1/flavors/detail?minRam=193 0.353s
2024-12-21 03:22:15.861 66490 INFO tempest.lib.common.rest_client [req-cca5edea-8a89-42a2-9a13-916a7b93715c req-cca5edea-8a89-42a2-9a13-916a7b93715c ] Request (ValidationResourcesFixture:setUp): 200 POST http://10.180.1.21/compute/v2.1/os-keypairs 0.457s
2024-12-21 03:22:15.866 66501 INFO tempest.lib.common.rest_client [req-d90afe7e-c769-46b4-8d85-166352d263d8 req-d90afe7e-c769-46b4-8d85-166352d263d8 ] Request (ServerDiskConfigTestJSON:test_rebuild_server_with_auto_disk_config): 200 GET http://10.180.1.21/compute/v2.1/servers/e8ed73c3-fb86-42c3-aae6-b0c8d03149ce 0.405s
2024-12-21 03:22:15.888 66482 WARNING tempest.lib.common.ssh [-] Failed to establish authenticated ssh connection to cirros@10.180.180.138 ([Errno None] Unable to connect to port 22 on 10.180.180.138). Number attempts: 2. Retry after 3 seconds.: paramiko.ssh_exception.NoValidConnectionsError: [Errno None] Unable to connect to port 22 on 10.180.180.138
2024-12-21 03:22:15.922 66492 INFO tempest.lib.common.rest_client [req-9eac6163-6698-4409-ace9-6c037829435d req-9eac6163-6698-4409-ace9-6c037829435d ] Request (DeleteServersTestJSON:test_delete_server_while_in_attached_volume): 200 GET http://10.180.1.21/compute/v2.1/servers/900b95b5-fe5a-46c1-909a-f81b82ced0ef 0.429s
2024-12-21 03:22:15.974 66490 INFO tempest.lib.common.rest_client [req-fce8705b-ed48-41e9-b425-37d729cbb49c req-fce8705b-ed48-41e9-b425-37d729cbb49c ] Request (ValidationResourcesFixture:setUp): 201 POST http://10.180.1.21:9696/networking/v2.0/security-groups 0.112s
2024-12-21 03:22:15.986 66446 INFO tempest.lib.common.rest_client [req-b7099389-e874-4f8b-81b3-22ae8d87c72b req-b7099389-e874-4f8b-81b3-22ae8d87c72b ] Request (ServersAdminNegativeTestJSON:setUpClass): 200 GET http://10.180.1.21/compute/v2.1/servers/78b4c6ea-6f5b-40d8-8c4a-10332f176e0b 0.431s
2024-12-21 03:22:16.067 66490 INFO tempest.lib.common.rest_client [req-007bbc6b-e5ae-4df4-b4d2-0527fcd67c11 req-007bbc6b-e5ae-4df4-b4d2-0527fcd67c11 ] Request (ValidationResourcesFixture:setUp): 201 POST http://10.180.1.21:9696/networking/v2.0/security-group-rules 0.092s
2024-12-21 03:22:16.083 66478 INFO tempest.lib.common.rest_client [req-7bc17f79-31e3-467f-8ba7-497ad4111cb8 req-7bc17f79-31e3-467f-8ba7-497ad4111cb8 ] Request (AttachVolumeNegativeTest:setUpClass): 201 POST http://10.180.1.21:9696/networking/v2.0/networks 0.340s
2024-12-21 03:22:16.106 66488 INFO tempest.lib.common.rest_client [req-8885c1b4-5dbf-4305-801d-ec3aa1899363 req-8885c1b4-5dbf-4305-801d-ec3aa1899363 ] Request (SecurityGroupRulesTestJSON:test_security_group_rules_create): 200 POST http://10.180.1.21/compute/v2.1/os-security-groups 0.574s
2024-12-21 03:22:16.174 66494 INFO tempest.lib.common.rest_client [req-4141232f-16c8-48f8-931b-e2a854f003ab req-4141232f-16c8-48f8-931b-e2a854f003ab ] Request (ImagesTestJSON:test_create_image_from_stopped_server): 200 GET http://10.180.1.21/compute/v2.1/servers/ca4d11fe-1d0f-468b-a2f4-21c5b84342ab 0.555s
2024-12-21 03:22:16.202 66490 INFO tempest.lib.common.rest_client [req-98782795-84cf-4d65-8bd9-62556966763e req-98782795-84cf-4d65-8bd9-62556966763e ] Request (ValidationResourcesFixture:setUp): 201 POST http://10.180.1.21:9696/networking/v2.0/security-group-rules 0.134s
2024-12-21 03:22:16.208 66472 INFO tempest.lib.common.rest_client [req-fc3a7f60-50d5-41ad-be91-5595c5740df4 req-fc3a7f60-50d5-41ad-be91-5595c5740df4 ] Request (FlavorsV261TestJSON:test_crud_flavor): 200 GET http://10.180.1.21/compute/v2.1/flavors 0.524s
2024-12-21 03:22:16.282 66470 INFO tempest.lib.common.rest_client [req-fd2470df-371d-434a-90e8-5a960687cb67 req-fd2470df-371d-434a-90e8-5a960687cb67 ] Request (ServerActionsV293TestJSON:setUpClass): 200 GET http://10.180.1.21/compute/v2.1/servers/fae2dd0d-f83c-45ba-bfe4-8c51b0c885c9 0.582s
2024-12-21 03:22:16.369 66444 INFO tempest.lib.common.rest_client [req-a7c579cf-9429-45dd-8b66-889ef18a69cc req-a7c579cf-9429-45dd-8b66-889ef18a69cc ] Request (ServerTagsTestJSON:tearDownClass): 200 GET http://10.180.1.21/compute/v2.1/servers/6199de01-baca-4461-9572-111eda11adac 0.566s
2024-12-21 03:22:16.385 66480 INFO tempest.lib.common.rest_client [req-0cb6f4e9-67c1-4c05-96c3-bea913ee5e68 req-0cb6f4e9-67c1-4c05-96c3-bea913ee5e68 ] Request (FlavorsV2TestJSON:test_list_flavors_detailed_limit_results): 200 GET http://10.180.1.21/compute/v2.1/flavors/detail?limit=1 0.571s
2024-12-21 03:22:16.387 66444 INFO tempest.common.waiters [-] State transition "ACTIVE/deleting" ==> "DELETED/None" after 5 second wait
2024-12-21 03:22:16.423 66478 INFO tempest.lib.common.rest_client [req-db680c6c-981a-4125-b1f6-6d6acccb4f2e req-db680c6c-981a-4125-b1f6-6d6acccb4f2e ] Request (AttachVolumeNegativeTest:setUpClass): 201 POST http://10.180.1.21:9696/networking/v2.0/subnets 0.337s
2024-12-21 03:22:16.456 66440 INFO tempest.lib.common.rest_client [req-99b53c22-1ccf-4614-be40-a005a71232ca req-99b53c22-1ccf-4614-be40-a005a71232ca ] Request (SecurityGroupsTestJSON:test_server_security_groups): 200 GET http://10.180.1.21/compute/v2.1/servers/0feaeb5d-9f4a-4166-99b1-f213bc4fa458 0.543s
2024-12-21 03:22:16.591 66450 INFO tempest.lib.common.rest_client [req-7b88e272-7c72-414d-8240-40a604e31ff5 req-7b88e272-7c72-414d-8240-40a604e31ff5 ] Request (ListImageFiltersTestJSON:setUpClass): 202 POST http://10.180.1.21/compute/v2.1/servers/b8ff115b-64f1-4584-afa2-478c5e6b726b/action 1.016s
2024-12-21 03:22:16.592 66458 WARNING tempest.lib.common.ssh [-] Failed to establish authenticated ssh connection to cirros@10.180.180.171 ([Errno None] Unable to connect to port 22 on 10.180.180.171). Number attempts: 3. Retry after 4 seconds.: paramiko.ssh_exception.NoValidConnectionsError: [Errno None] Unable to connect to port 22 on 10.180.180.171
2024-12-21 03:22:16.709 66488 INFO tempest.lib.common.rest_client [req-b6641053-d360-47fa-be9a-04e6e775d1ee req-b6641053-d360-47fa-be9a-04e6e775d1ee ] Request (SecurityGroupRulesTestJSON:test_security_group_rules_create): 200 POST http://10.180.1.21/compute/v2.1/os-security-group-rules 0.599s
2024-12-21 03:22:16.734 66472 INFO tempest.lib.common.rest_client [req-8495b0ac-bf40-403c-8684-62df874f4525 req-8495b0ac-bf40-403c-8684-62df874f4525 ] Request (FlavorsV261TestJSON:_run_cleanups): 202 DELETE http://10.180.1.21/compute/v2.1/flavors/665415162 0.523s
2024-12-21 03:22:16.781 66484 INFO tempest.lib.common.rest_client [req-7192cf3d-ec07-497f-8b80-dc75a53daa6b req-7192cf3d-ec07-497f-8b80-dc75a53daa6b ] Request (ImagesOneServerTestJSON:setUpClass): 200 GET http://10.180.1.21/compute/v2.1/servers/fbedaa93-5968-4b42-b93e-201d2b44b32b 0.614s
2024-12-21 03:22:16.811 66456 INFO tempest.lib.common.rest_client [req-ca55124e-5a81-4b1a-9181-0d62d04713a7 req-ca55124e-5a81-4b1a-9181-0d62d04713a7 ] Request (ServersAaction247Test:test_create_backup): 200 GET http://10.180.1.21/compute/v2.1/servers/a73579d1-8647-49fe-98ce-0baffd1a558f 0.565s
2024-12-21 03:22:16.906 66468 INFO tempest.lib.common.rest_client [req-5d61f545-29a7-4e42-8680-bc47be435230 req-5d61f545-29a7-4e42-8680-bc47be435230 ] Request (ServerExternalEventsTest:tearDownClass): 200 GET http://10.180.1.21/compute/v2.1/servers/02abae6c-8962-49eb-8fa9-36b13a20eff1 0.560s
2024-12-21 03:22:16.923 66480 INFO tempest.lib.common.rest_client [req-12e57dd5-bf97-4ded-ae98-2a862f4bd2ee req-12e57dd5-bf97-4ded-ae98-2a862f4bd2ee ] Request (FlavorsV2TestJSON:test_list_flavors_detailed_using_marker): 200 GET http://10.180.1.21/compute/v2.1/flavors/42 0.533s
2024-12-21 03:22:16.993 66460 INFO tempest.lib.common.rest_client [req-41eae00f-6867-4b19-80ee-76efeb979bda req-41eae00f-6867-4b19-80ee-76efeb979bda ] Request (FloatingIPsAssociationTestJSON:test_associate_already_associated_floating_ip): 200 GET http://10.180.1.21/compute/v2.1/servers/65462c7a-372e-4ba6-8f6d-e300080d65d0 0.582s
2024-12-21 03:22:16.995 66490 INFO tempest.lib.common.rest_client [req-19421e05-f471-4152-8d5d-fe6b10eedbdd req-19421e05-f471-4152-8d5d-fe6b10eedbdd ] Request (ValidationResourcesFixture:setUp): 201 POST http://10.180.1.21:9696/networking/v2.0/floatingips 0.792s
2024-12-21 03:22:17.030 66474 INFO tempest.lib.common.rest_client [req-c79c3e74-e80f-43b8-a9ee-c4285c9231f8 req-c79c3e74-e80f-43b8-a9ee-c4285c9231f8 ] Request (MigrationsAdminTest:test_list_migrations_in_flavor_resize_situation): 200 GET http://10.180.1.21/compute/v2.1/servers/058682a1-5240-4414-9203-c612ecd12999 0.718s
2024-12-21 03:22:17.046 66490 INFO tempest.lib.common.rest_client [req-f08a45d4-2931-4787-ba4d-3c7d8c12f8c0 req-f08a45d4-2931-4787-ba4d-3c7d8c12f8c0 ] Request (AttachInterfacesTestJSON:test_create_list_show_delete_interfaces_by_fixed_ip): 201 POST http://10.180.1.21/identity/v3/auth/tokens 0.047s
2024-12-21 03:22:17.046 66490 INFO tempest.lib.common.fixed_network [-] (AttachInterfacesTestJSON:test_create_list_show_delete_interfaces_by_fixed_ip) Found network {'id': '8e7f7222-48db-4dd5-a9e8-9a6d2b598918', 'name': 'tempest-AttachInterfacesTestJSON-1945720715-network', 'tenant_id': 'ba9083cddcc24345b6ea5d2cbbbec5ba', 'admin_state_up': True, 'mtu': 8950, 'status': 'ACTIVE', 'subnets': [], 'shared': False, 'project_id': 'ba9083cddcc24345b6ea5d2cbbbec5ba', 'port_security_enabled': True, 'router:external': False, 'provider:network_type': 'vlan', 'provider:physical_network': 'default', 'provider:segmentation_id': 165, 'availability_zone_hints': [], 'availability_zones': [], 'ipv4_address_scope': None, 'ipv6_address_scope': None, 'description': '', 'tags': [], 'created_at': '2024-12-21T03:22:11Z', 'updated_at': '2024-12-21T03:22:11Z', 'revision_number': 1} available for tenant
2024-12-21 03:22:17.056 66442 INFO tempest.lib.common.rest_client [req-3bdf8a78-5bce-44b5-8351-af7de55d3c9b req-3bdf8a78-5bce-44b5-8351-af7de55d3c9b ] Request (ServerDiagnosticsNegativeTest:tearDownClass): 200 GET http://10.180.1.21/compute/v2.1/servers/801e7086-5742-4a04-962c-7546284aa12d 0.616s
2024-12-21 03:22:17.088 66496 INFO tempest.lib.common.rest_client [req-d8bb1681-25e9-4da5-82e1-0c0aba24f6ff req-d8bb1681-25e9-4da5-82e1-0c0aba24f6ff ] Request (ListServersNegativeTestJSON:setUpClass): 200 GET http://10.180.1.21/compute/v2.1/servers/8995f9cb-8454-4a98-9090-290f87f8af18 0.552s
2024-12-21 03:22:17.095 66450 INFO tempest.lib.common.rest_client [req-bed603e2-7686-4c52-9dec-7dd124973014 req-bed603e2-7686-4c52-9dec-7dd124973014 ] Request (ListImageFiltersTestJSON:setUpClass): 200 GET http://10.180.1.21/compute/v2.1/images/47c64ab2-fad8-4839-a33b-53a897e09d15 0.500s
2024-12-21 03:22:17.154 66448 INFO tempest.lib.common.rest_client [req-e24d9ab0-c308-45b0-95bb-448a45d190f3 req-e24d9ab0-c308-45b0-95bb-448a45d190f3 ] Request (VolumesAdminNegativeTest:test_update_attached_volume_with_nonexistent_volume_in_body): 200 GET http://10.180.1.21/compute/v2.1/servers/777ddb84-25b9-4da6-be6b-a2289dbf510a 0.530s
2024-12-21 03:22:17.170 66498 INFO tempest.lib.common.rest_client [req-b304a6f3-b898-445b-9613-6edff54eca10 req-b304a6f3-b898-445b-9613-6edff54eca10 ] Request (AttachInterfacesV270Test:tearDownClass): 200 GET http://10.180.1.21/compute/v2.1/servers/0eec4a5f-9f9b-4a86-a046-2e2d107adc48 0.564s
2024-12-21 03:22:17.219 66478 INFO tempest.lib.common.rest_client [req-3c59f42a-f13e-4694-93f6-074a508c2ff9 req-3c59f42a-f13e-4694-93f6-074a508c2ff9 ] Request (AttachVolumeNegativeTest:setUpClass): 201 POST http://10.180.1.21:9696/networking/v2.0/routers 0.795s
2024-12-21 03:22:17.220 66454 INFO tempest.lib.common.rest_client [req-6cb82170-205f-4cde-a596-ca7b0fe390da req-6cb82170-205f-4cde-a596-ca7b0fe390da ] Request (ServerDiagnosticsTest:test_get_server_diagnostics): 200 GET http://10.180.1.21/compute/v2.1/servers/9e73e2ab-1eac-4aca-905f-a8391d3f5a9b 0.564s
2024-12-21 03:22:17.227 66464 INFO tempest.lib.common.rest_client [req-1d513e99-5422-4255-9df4-4e72960d6f6b req-1d513e99-5422-4255-9df4-4e72960d6f6b ] Request (ServersTestManualDisk:setUpClass): 200 GET http://10.180.1.21/compute/v2.1/servers/f8c6f99f-499f-4886-aae9-5f08969175f6 0.555s
2024-12-21 03:22:17.283 66502 INFO tempest.lib.common.rest_client [req-6e6c3c8f-9e15-4422-9ba2-198a4058602c req-6e6c3c8f-9e15-4422-9ba2-198a4058602c ] Request (ServersWithSpecificFlavorTestJSON:test_verify_created_server_ephemeral_disk): 200 GET http://10.180.1.21/compute/v2.1/servers/b21dc1e7-dacd-4154-9bc3-0fa3774695a8 0.559s
2024-12-21 03:22:17.311 66472 INFO tempest.lib.common.rest_client [req-b6603797-3a4e-4997-8345-61f8716bb124 req-b6603797-3a4e-4997-8345-61f8716bb124 ] Request (FlavorsV261TestJSON:_run_cleanups): 200 GET http://10.180.1.21/compute/v2.1/flavors/detail 0.576s
2024-12-21 03:22:17.361 66476 WARNING tempest.lib.common.ssh [-] Failed to establish authenticated ssh connection to cirros@10.180.180.251 ([Errno None] Unable to connect to port 22 on 10.180.180.251). Number attempts: 5. Retry after 6 seconds.: paramiko.ssh_exception.NoValidConnectionsError: [Errno None] Unable to connect to port 22 on 10.180.180.251
2024-12-21 03:22:17.361 66488 INFO tempest.lib.common.rest_client [req-8ba9005c-b1cf-45bc-80c6-c0ebb48dc235 req-8ba9005c-b1cf-45bc-80c6-c0ebb48dc235 ] Request (SecurityGroupRulesTestJSON:test_security_group_rules_create_with_optional_cidr): 200 POST http://10.180.1.21/compute/v2.1/os-security-groups 0.643s
2024-12-21 03:22:17.376 66452 INFO tempest.lib.common.rest_client [req-3031e33a-b994-4159-8be4-822ef0696de9 req-3031e33a-b994-4159-8be4-822ef0696de9 ] Request (ServerPasswordTestJSON:setUpClass): 200 GET http://10.180.1.21/compute/v2.1/servers/14dab775-19b4-4d0d-a7ee-67705f7e45ca 0.636s
2024-12-21 03:22:17.385 66452 INFO tempest.common.waiters [-] State transition "BUILD/scheduling" ==> "BUILD/None" after 12 second wait
2024-12-21 03:22:17.413 66486 INFO tempest.lib.common.rest_client [req-aad028b2-661c-4456-ae56-5b0e2a7aea55 req-aad028b2-661c-4456-ae56-5b0e2a7aea55 ] Request (ServerActionsTestOtherB:setUpClass): 200 GET http://10.180.1.21/compute/v2.1/servers/15218373-ffa5-49ce-b604-423b7fc5fb35 0.624s
2024-12-21 03:22:17.436 66501 INFO tempest.lib.common.rest_client [req-68ddb401-40df-4ea1-912a-f2765962cb2a req-68ddb401-40df-4ea1-912a-f2765962cb2a ] Request (ServerDiskConfigTestJSON:test_rebuild_server_with_auto_disk_config): 200 GET http://10.180.1.21/compute/v2.1/servers/e8ed73c3-fb86-42c3-aae6-b0c8d03149ce 0.561s
2024-12-21 03:22:17.442 66472 INFO tempest.lib.common.rest_client [req-5f098435-9999-46f9-8509-5b618490e0a3 req-5f098435-9999-46f9-8509-5b618490e0a3 ] Request (FlavorsV261TestJSON:tearDownClass): 204 DELETE http://10.180.1.21/identity/v3/users/68249adfbd444abd82b45a78cf1f2d79 0.124s
2024-12-21 03:22:17.455 66480 INFO tempest.lib.common.rest_client [req-3979b28a-4174-408b-8031-f2cf66257e99 req-3979b28a-4174-408b-8031-f2cf66257e99 ] Request (FlavorsV2TestJSON:test_list_flavors_detailed_using_marker): 200 GET http://10.180.1.21/compute/v2.1/flavors/detail?marker=42 0.529s
2024-12-21 03:22:17.498 66492 INFO tempest.lib.common.rest_client [req-053ba3e8-bbd8-45be-a6ed-0428bb81d45e req-053ba3e8-bbd8-45be-a6ed-0428bb81d45e ] Request (DeleteServersTestJSON:test_delete_server_while_in_attached_volume): 200 GET http://10.180.1.21/compute/v2.1/servers/900b95b5-fe5a-46c1-909a-f81b82ced0ef 0.569s
2024-12-21 03:22:17.519 66446 INFO tempest.lib.common.rest_client [req-f3674b22-7914-48fe-b0b5-637fbe12b9bf req-f3674b22-7914-48fe-b0b5-637fbe12b9bf ] Request (ServersAdminNegativeTestJSON:setUpClass): 200 GET http://10.180.1.21/compute/v2.1/servers/78b4c6ea-6f5b-40d8-8c4a-10332f176e0b 0.526s
2024-12-21 03:22:17.578 66494 INFO tempest.lib.common.rest_client [req-71a1ef64-9b16-410d-bb7e-2230353efc80 req-71a1ef64-9b16-410d-bb7e-2230353efc80 ] Request (ImagesTestJSON:test_create_image_from_stopped_server): 200 GET http://10.180.1.21/compute/v2.1/servers/ca4d11fe-1d0f-468b-a2f4-21c5b84342ab 0.391s
2024-12-21 03:22:17.585 66472 INFO tempest.lib.common.rest_client [req-8e0b9ff3-cf25-4578-9422-6fdd179aaba7 req-8e0b9ff3-cf25-4578-9422-6fdd179aaba7 ] Request (FlavorsV261TestJSON:tearDownClass): 204 DELETE http://10.180.1.21/identity/v3/users/86dafe08a4524feebccd8f152c9276b1 0.142s
2024-12-21 03:22:17.585 66472 INFO tempest.lib.common.dynamic_creds [-] Deleting project and security group for project: 53ba1086732c412baf999a799351c49b
2024-12-21 03:22:17.645 66470 INFO tempest.lib.common.rest_client [req-e867bf3f-ed6d-4af8-8a77-60dc4b8338fa req-e867bf3f-ed6d-4af8-8a77-60dc4b8338fa ] Request (ServerActionsV293TestJSON:setUpClass): 200 GET http://10.180.1.21/compute/v2.1/servers/fae2dd0d-f83c-45ba-bfe4-8c51b0c885c9 0.351s
2024-12-21 03:22:17.656 66472 INFO tempest.lib.common.rest_client [req-b90ecb13-ef7c-466b-b1a1-2f52bfd3a9b5 req-b90ecb13-ef7c-466b-b1a1-2f52bfd3a9b5 ] Request (FlavorsV261TestJSON:tearDownClass): 201 POST http://10.180.1.21/identity/v3/auth/tokens 0.071s
2024-12-21 03:22:18.105 66488 INFO tempest.lib.common.rest_client [req-75f3e8c9-bcfd-4c10-8898-e10d8e249b24 req-75f3e8c9-bcfd-4c10-8898-e10d8e249b24 ] Request (SecurityGroupRulesTestJSON:test_security_group_rules_create_with_optional_cidr): 200 POST http://10.180.1.21/compute/v2.1/os-security-group-rules 0.741s
2024-12-21 03:22:18.131 66472 INFO tempest.lib.common.rest_client [req-39c81bdc-9c23-4280-8c0b-b993acb463b5 req-39c81bdc-9c23-4280-8c0b-b993acb463b5 ] Request (FlavorsV261TestJSON:tearDownClass): 200 GET http://10.180.1.21:9696/networking/v2.0/security-groups?tenant_id=53ba1086732c412baf999a799351c49b&name=default 0.474s
2024-12-21 03:22:18.211 66444 INFO tempest.lib.common.rest_client [req-d5fbb339-7be5-408b-87c9-5cb91b667eb3 req-d5fbb339-7be5-408b-87c9-5cb91b667eb3 ] Request (ServerTagsTestJSON:tearDownClass): 200 GET http://10.180.1.21/compute/v2.1/servers/6199de01-baca-4461-9572-111eda11adac 0.822s
2024-12-21 03:22:18.215 66478 INFO tempest.lib.common.rest_client [req-dfff0d15-a6f7-4bb7-b805-27f2dc767d22 req-dfff0d15-a6f7-4bb7-b805-27f2dc767d22 ] Request (AttachVolumeNegativeTest:setUpClass): 200 PUT http://10.180.1.21:9696/networking/v2.0/routers/c7af048a-58c3-461d-9db2-9ebb19aead30/add_router_interface 0.996s
2024-12-21 03:22:18.218 66478 INFO tempest.lib.common.dynamic_creds [-] Created isolated network resources for: credentials: Credentials: {'domain_id': 'default', 'domain_name': 'Default', 'username': 'tempest-AttachVolumeNegativeTest-1699536865-project-member', 'project_domain_id': 'default', 'project_domain_name': 'Default', 'project_id': '6014bab6bc9a4b059bab88e44b31f446', 'project_name': 'tempest-AttachVolumeNegativeTest-1699536865', 'tenant_id': '6014bab6bc9a4b059bab88e44b31f446', 'tenant_name': 'tempest-AttachVolumeNegativeTest-1699536865', 'user_domain_id': 'default', 'user_domain_name': 'Default', 'user_id': '96a739701a824313b30b0d214f43757b', 'system': None}, Network: {'id': 'dfd15c21-b7a5-492a-afe3-8eb96515351d', 'name': 'tempest-AttachVolumeNegativeTest-175692276-network', 'tenant_id': '6014bab6bc9a4b059bab88e44b31f446', 'admin_state_up': True, 'mtu': 8950, 'status': 'ACTIVE', 'subnets': [], 'shared': False, 'project_id': '6014bab6bc9a4b059bab88e44b31f446', 'port_security_enabled': True, 'router:external': False, 'provider:network_type': 'vlan', 'provider:physical_network': 'default', 'provider:segmentation_id': 549, 'availability_zone_hints': [], 'availability_zones': [], 'ipv4_address_scope': None, 'ipv6_address_scope': None, 'description': '', 'tags': [], 'created_at': '2024-12-21T03:22:15Z', 'updated_at': '2024-12-21T03:22:15Z', 'revision_number': 1}, Subnet: {'id': '968aeb2a-7f1d-4238-b5be-e1fe684cf411', 'name': 'tempest-AttachVolumeNegativeTest-175692276-subnet', 'tenant_id': '6014bab6bc9a4b059bab88e44b31f446', 'network_id': 'dfd15c21-b7a5-492a-afe3-8eb96515351d', 'ip_version': 4, 'subnetpool_id': None, 'enable_dhcp': True, 'ipv6_ra_mode': None, 'ipv6_address_mode': None, 'gateway_ip': '192.168.128.1', 'cidr': '192.168.128.0/28', 'allocation_pools': [{'start': '192.168.128.2', 'end': '192.168.128.14'}], 'host_routes': [], 'dns_nameservers': [], 'description': '', 'router:external': False, 'service_types': [], 'tags': [], 'created_at': '2024-12-21T03:22:16Z', 'updated_at': '2024-12-21T03:22:16Z', 'revision_number': 0, 'project_id': '6014bab6bc9a4b059bab88e44b31f446'}, Router: {'id': 'c7af048a-58c3-461d-9db2-9ebb19aead30', 'name': 'tempest-AttachVolumeNegativeTest-175692276-router', 'tenant_id': '6014bab6bc9a4b059bab88e44b31f446', 'admin_state_up': True, 'status': 'ACTIVE', 'external_gateway_info': {'network_id': 'a27f3b25-54c8-440f-af34-b145a96d074f', 'external_fixed_ips': [{'subnet_id': '3f965399-f0ac-497f-8aa7-2f532941755c', 'ip_address': '10.180.180.235'}], 'enable_snat': True}, 'description': '', 'availability_zones': [], 'distributed': False, 'ha': False, 'availability_zone_hints': [], 'routes': [], 'flavor_id': None, 'tags': [], 'created_at': '2024-12-21T03:22:16Z', 'updated_at': '2024-12-21T03:22:16Z', 'revision_number': 2, 'project_id': '6014bab6bc9a4b059bab88e44b31f446'}
2024-12-21 03:22:18.228 66480 INFO tempest.lib.common.rest_client [req-a80c65b9-da62-4aee-b886-5cbd5370d456 req-a80c65b9-da62-4aee-b886-5cbd5370d456 ] Request (FlavorsV2TestJSON:test_list_flavors_filter_by_min_disk): 200 GET http://10.180.1.21/compute/v2.1/flavors/42 0.767s
2024-12-21 03:22:18.284 66472 INFO tempest.lib.common.rest_client [req-f4e3546d-917b-4da6-af1b-53b862df2d3c req-f4e3546d-917b-4da6-af1b-53b862df2d3c ] Request (FlavorsV261TestJSON:tearDownClass): 204 DELETE http://10.180.1.21:9696/networking/v2.0/security-groups/d0983266-d4be-49d7-891d-a0e8b47939aa 0.153s
2024-12-21 03:22:18.287 66440 INFO tempest.lib.common.rest_client [req-da7971c3-9c29-4105-96fe-3adc17e55de5 req-da7971c3-9c29-4105-96fe-3adc17e55de5 ] Request (SecurityGroupsTestJSON:test_server_security_groups): 200 GET http://10.180.1.21/compute/v2.1/servers/0feaeb5d-9f4a-4166-99b1-f213bc4fa458 0.819s
2024-12-21 03:22:18.306 66490 INFO tempest.lib.common.rest_client [req-84c1a9c9-b820-4a6e-adea-e71b036acf13 req-84c1a9c9-b820-4a6e-adea-e71b036acf13 ] Request (AttachInterfacesTestJSON:test_create_list_show_delete_interfaces_by_fixed_ip): 202 POST http://10.180.1.21/compute/v2.1/servers 1.259s
2024-12-21 03:22:18.310 66478 INFO tempest.lib.common.rest_client [req-2b40b66b-2a8d-4e1d-b924-5f43e4de14e6 req-2b40b66b-2a8d-4e1d-b924-5f43e4de14e6 ] Request (AttachVolumeNegativeTest:setUpClass): 201 POST http://10.180.1.21/identity/v3/auth/tokens 0.086s
2024-12-21 03:22:18.362 66472 INFO tempest.lib.common.rest_client [req-ae1e83ce-9e72-4288-b016-57ba58c0e4ff req-ae1e83ce-9e72-4288-b016-57ba58c0e4ff ] Request (FlavorsV261TestJSON:tearDownClass): 204 DELETE http://10.180.1.21/identity/v3/projects/53ba1086732c412baf999a799351c49b 0.077s
2024-12-21 03:22:18.363 66472 INFO tempest.lib.common.dynamic_creds [-] Deleting project and security group for project: 6d101cc6abf94c4db41a86aed2370880
2024-12-21 03:22:18.368 66456 INFO tempest.lib.common.rest_client [req-52a8eede-3a9e-46f0-9f6c-a62cdc2c7d8e req-52a8eede-3a9e-46f0-9f6c-a62cdc2c7d8e ] Request (ServersAaction247Test:test_create_backup): 200 GET http://10.180.1.21/compute/v2.1/servers/a73579d1-8647-49fe-98ce-0baffd1a558f 0.545s
2024-12-21 03:22:18.411 66484 INFO tempest.lib.common.rest_client [req-67bbab75-a73f-453b-ba4b-683b0a9696fa req-67bbab75-a73f-453b-ba4b-683b0a9696fa ] Request (ImagesOneServerTestJSON:setUpClass): 200 GET http://10.180.1.21/compute/v2.1/servers/fbedaa93-5968-4b42-b93e-201d2b44b32b 0.617s
2024-12-21 03:22:18.423 66468 INFO tempest.lib.common.rest_client [req-3c8f980e-237a-469f-8256-dfe3d3b1bae5 req-3c8f980e-237a-469f-8256-dfe3d3b1bae5 ] Request (ServerExternalEventsTest:tearDownClass): 200 GET http://10.180.1.21/compute/v2.1/servers/02abae6c-8962-49eb-8fa9-36b13a20eff1 0.505s
2024-12-21 03:22:18.478 66460 INFO tempest.lib.common.rest_client [req-351aa242-270d-4e92-af50-938d985ca953 req-351aa242-270d-4e92-af50-938d985ca953 ] Request (FloatingIPsAssociationTestJSON:test_associate_already_associated_floating_ip): 200 GET http://10.180.1.21/compute/v2.1/servers/65462c7a-372e-4ba6-8f6d-e300080d65d0 0.475s
2024-12-21 03:22:18.517 66472 INFO tempest.lib.common.rest_client [req-2682f660-d45c-4a6f-ae8e-d7ccdd1a20d5 req-2682f660-d45c-4a6f-ae8e-d7ccdd1a20d5 ] Request (FlavorsV261TestJSON:tearDownClass): 200 GET http://10.180.1.21:9696/networking/v2.0/security-groups?tenant_id=6d101cc6abf94c4db41a86aed2370880&name=default 0.154s
2024-12-21 03:22:18.554 66442 INFO tempest.lib.common.rest_client [req-02fe2942-c95e-465f-bccc-0ed1118a9495 req-02fe2942-c95e-465f-bccc-0ed1118a9495 ] Request (ServerDiagnosticsNegativeTest:tearDownClass): 200 GET http://10.180.1.21/compute/v2.1/servers/801e7086-5742-4a04-962c-7546284aa12d 0.491s
2024-12-21 03:22:18.564 66474 INFO tempest.lib.common.rest_client [req-15ba3df0-c421-4b3c-9fad-ec79e037f26d req-15ba3df0-c421-4b3c-9fad-ec79e037f26d ] Request (MigrationsAdminTest:test_list_migrations_in_flavor_resize_situation): 200 GET http://10.180.1.21/compute/v2.1/servers/058682a1-5240-4414-9203-c612ecd12999 0.523s
2024-12-21 03:22:18.588 66450 INFO tempest.lib.common.rest_client [req-c19b2dd5-c984-451a-b551-c09da1b25d69 req-c19b2dd5-c984-451a-b551-c09da1b25d69 ] Request (ListImageFiltersTestJSON:setUpClass): 200 GET http://10.180.1.21/compute/v2.1/images/47c64ab2-fad8-4839-a33b-53a897e09d15 0.489s
2024-12-21 03:22:18.637 66496 INFO tempest.lib.common.rest_client [req-47bdc9d9-427a-4775-840a-fc40c6b3d96e req-47bdc9d9-427a-4775-840a-fc40c6b3d96e ] Request (ListServersNegativeTestJSON:setUpClass): 200 GET http://10.180.1.21/compute/v2.1/servers/8995f9cb-8454-4a98-9090-290f87f8af18 0.538s
2024-12-21 03:22:18.662 66472 INFO tempest.lib.common.rest_client [req-af35bcb7-b4dd-4987-b702-ec6a5f931a06 req-af35bcb7-b4dd-4987-b702-ec6a5f931a06 ] Request (FlavorsV261TestJSON:tearDownClass): 204 DELETE http://10.180.1.21:9696/networking/v2.0/security-groups/c5446a8b-0659-4888-84c9-5f92ddba407c 0.144s
2024-12-21 03:22:18.738 66488 INFO tempest.lib.common.rest_client [req-f1585dad-a864-46b3-a177-f0bd6d082c74 req-f1585dad-a864-46b3-a177-f0bd6d082c74 ] Request (SecurityGroupRulesTestJSON:test_security_group_rules_create_with_optional_group_id): 200 POST http://10.180.1.21/compute/v2.1/os-security-groups 0.630s
2024-12-21 03:22:18.815 66498 INFO tempest.lib.common.rest_client [req-c9decdb5-0887-4aa0-93d9-f24263b997c1 req-c9decdb5-0887-4aa0-93d9-f24263b997c1 ] Request (AttachInterfacesV270Test:tearDownClass): 200 GET http://10.180.1.21/compute/v2.1/servers/0eec4a5f-9f9b-4a86-a046-2e2d107adc48 0.630s
2024-12-21 03:22:18.816 66448 INFO tempest.lib.common.rest_client [req-2943962b-4b3b-47ce-9510-90de95037f82 req-2943962b-4b3b-47ce-9510-90de95037f82 ] Request (VolumesAdminNegativeTest:test_update_attached_volume_with_nonexistent_volume_in_body): 200 GET http://10.180.1.21/compute/v2.1/servers/777ddb84-25b9-4da6-be6b-a2289dbf510a 0.652s
2024-12-21 03:22:18.821 66472 INFO tempest.lib.common.rest_client [req-5b315c6f-33bd-4d9e-a5be-31ed67f1b597 req-5b315c6f-33bd-4d9e-a5be-31ed67f1b597 ] Request (FlavorsV261TestJSON:tearDownClass): 204 DELETE http://10.180.1.21/identity/v3/projects/6d101cc6abf94c4db41a86aed2370880 0.159s
2024-12-21 03:22:18.829 66448 INFO tempest.common.waiters [-] State transition "BUILD/None" ==> "BUILD/networking" after 35 second wait
2024-12-21 03:22:18.845 66480 INFO tempest.lib.common.rest_client [req-c0604577-735a-428c-b521-4a2eebdfb34a req-c0604577-735a-428c-b521-4a2eebdfb34a ] Request (FlavorsV2TestJSON:test_list_flavors_filter_by_min_disk): 200 GET http://10.180.1.21/compute/v2.1/flavors?minDisk=2 0.615s
2024-12-21 03:22:18.876 66454 INFO tempest.lib.common.rest_client [req-f24a6361-7fcf-4152-87da-80e0691be01e req-f24a6361-7fcf-4152-87da-80e0691be01e ] Request (ServerDiagnosticsTest:test_get_server_diagnostics): 200 GET http://10.180.1.21/compute/v2.1/servers/9e73e2ab-1eac-4aca-905f-a8391d3f5a9b 0.645s
2024-12-21 03:22:18.922 66472 INFO tempest.lib.common.rest_client [req-4e56870d-75d9-47a2-9a4b-225d0eb5f94a req-4e56870d-75d9-47a2-9a4b-225d0eb5f94a ] Request (FloatingIPDetailsNegativeTestJSON:setUpClass): 201 POST http://10.180.1.21/identity/v3/auth/tokens 0.099s
2024-12-21 03:22:18.929 66464 INFO tempest.lib.common.rest_client [req-a0d76d59-454c-46e3-928d-ff5750469069 req-a0d76d59-454c-46e3-928d-ff5750469069 ] Request (ServersTestManualDisk:setUpClass): 200 GET http://10.180.1.21/compute/v2.1/servers/f8c6f99f-499f-4886-aae9-5f08969175f6 0.692s
2024-12-21 03:22:18.956 66502 INFO tempest.lib.common.rest_client [req-bda6718a-b269-488a-bf6e-88ad0a026d46 req-bda6718a-b269-488a-bf6e-88ad0a026d46 ] Request (ServersWithSpecificFlavorTestJSON:test_verify_created_server_ephemeral_disk): 200 GET http://10.180.1.21/compute/v2.1/servers/b21dc1e7-dacd-4154-9bc3-0fa3774695a8 0.664s
2024-12-21 03:22:18.986 66472 INFO tempest.lib.common.rest_client [req-7268b1f3-e043-4503-9a71-3c4cb4fcc9eb req-7268b1f3-e043-4503-9a71-3c4cb4fcc9eb ] Request (FloatingIPDetailsNegativeTestJSON:setUpClass): 201 POST http://10.180.1.21/identity/v3/auth/tokens 0.061s
2024-12-21 03:22:18.994 66490 INFO tempest.lib.common.rest_client [req-61c75f7f-be46-49ec-a150-db8c63995252 req-61c75f7f-be46-49ec-a150-db8c63995252 ] Request (AttachInterfacesTestJSON:test_create_list_show_delete_interfaces_by_fixed_ip): 200 GET http://10.180.1.21/compute/v2.1/servers/23748dfd-7c60-41db-8acb-7b49cf1c27db 0.686s
2024-12-21 03:22:19.020 66472 INFO tempest.lib.common.rest_client [req-bd1da0ea-de8a-463b-8bfa-57bd6dd812bc req-bd1da0ea-de8a-463b-8bfa-57bd6dd812bc ] Request (FloatingIPDetailsNegativeTestJSON:setUpClass): 200 GET http://10.180.1.21/identity/v3/domains?name=Default 0.034s
2024-12-21 03:22:19.054 66472 INFO tempest.lib.common.rest_client [req-6a7bb508-f5b2-4c4d-9304-e3f98aaa173b req-6a7bb508-f5b2-4c4d-9304-e3f98aaa173b ] Request (FloatingIPDetailsNegativeTestJSON:setUpClass): 201 POST http://10.180.1.21/identity/v3/projects 0.033s
2024-12-21 03:22:19.063 66452 INFO tempest.lib.common.rest_client [req-92edccd1-3e2e-4e62-85d4-488d97cf79b1 req-92edccd1-3e2e-4e62-85d4-488d97cf79b1 ] Request (ServerPasswordTestJSON:setUpClass): 200 GET http://10.180.1.21/compute/v2.1/servers/14dab775-19b4-4d0d-a7ee-67705f7e45ca 0.676s
2024-12-21 03:22:19.106 66478 INFO tempest.lib.common.rest_client [req-62c59f97-d247-45b1-86dc-6288df63e7e3 req-62c59f97-d247-45b1-86dc-6288df63e7e3 ] Request (ValidationResourcesFixture:setUp): 200 POST http://10.180.1.21/compute/v2.1/os-keypairs 0.794s
2024-12-21 03:22:19.111 66486 INFO tempest.lib.common.rest_client [req-7c7ed780-0ab5-4e03-a87e-572b52f2198f req-7c7ed780-0ab5-4e03-a87e-572b52f2198f ] Request (ServerActionsTestOtherB:setUpClass): 200 GET http://10.180.1.21/compute/v2.1/servers/15218373-ffa5-49ce-b604-423b7fc5fb35 0.688s
2024-12-21 03:22:19.132 66472 INFO tempest.lib.common.rest_client [req-c0bc099f-f4d3-4d07-b0a1-4cad7c05aef6 req-c0bc099f-f4d3-4d07-b0a1-4cad7c05aef6 ] Request (FloatingIPDetailsNegativeTestJSON:setUpClass): 201 POST http://10.180.1.21/identity/v3/users 0.077s
2024-12-21 03:22:19.161 66472 INFO tempest.lib.common.rest_client [req-1b327260-5697-417b-8b2a-6270224353df req-1b327260-5697-417b-8b2a-6270224353df ] Request (FloatingIPDetailsNegativeTestJSON:setUpClass): 200 GET http://10.180.1.21/identity/v3/roles 0.029s
2024-12-21 03:22:19.170 66501 INFO tempest.lib.common.rest_client [req-cc58c590-67a3-4a9e-8577-320a7e6efeed req-cc58c590-67a3-4a9e-8577-320a7e6efeed ] Request (ServerDiskConfigTestJSON:test_rebuild_server_with_auto_disk_config): 200 GET http://10.180.1.21/compute/v2.1/servers/e8ed73c3-fb86-42c3-aae6-b0c8d03149ce 0.724s
2024-12-21 03:22:19.178 66492 INFO tempest.lib.common.rest_client [req-98c50224-51aa-4632-98c0-a404eb65cfaa req-98c50224-51aa-4632-98c0-a404eb65cfaa ] Request (DeleteServersTestJSON:test_delete_server_while_in_attached_volume): 200 GET http://10.180.1.21/compute/v2.1/servers/900b95b5-fe5a-46c1-909a-f81b82ced0ef 0.668s
2024-12-21 03:22:19.205 66472 INFO tempest.lib.common.rest_client [req-2f4fa1a9-9727-4885-826a-598b4e4fa313 req-2f4fa1a9-9727-4885-826a-598b4e4fa313 ] Request (FloatingIPDetailsNegativeTestJSON:setUpClass): 204 PUT http://10.180.1.21/identity/v3/projects/aa61af98463d4f82be9fb4d18549d660/users/5e9fa1c657b64c24bdc342b58c76567b/roles/e570f08697e249dc81aa8ea8b3eacfcd 0.043s
2024-12-21 03:22:19.205 66472 INFO tempest.lib.common.dynamic_creds [-] Dynamic test user 5e9fa1c657b64c24bdc342b58c76567b is created with scope project and roles: ['member']
2024-12-21 03:22:19.205 66472 INFO tempest.lib.common.dynamic_creds [-] Acquired dynamic creds: credentials: Credentials: {'domain_id': 'default', 'domain_name': 'Default', 'username': 'tempest-FloatingIPDetailsNegativeTestJSON-1406823808-project-member', 'project_domain_id': 'default', 'project_domain_name': 'Default', 'project_id': 'aa61af98463d4f82be9fb4d18549d660', 'project_name': 'tempest-FloatingIPDetailsNegativeTestJSON-1406823808', 'tenant_id': 'aa61af98463d4f82be9fb4d18549d660', 'tenant_name': 'tempest-FloatingIPDetailsNegativeTestJSON-1406823808', 'user_domain_id': 'default', 'user_domain_name': 'Default', 'user_id': '5e9fa1c657b64c24bdc342b58c76567b', 'system': None}, Network: None, Subnet: None, Router: None
2024-12-21 03:22:19.244 66446 INFO tempest.lib.common.rest_client [req-4bb9af43-c8ae-4c51-8b17-5809b2eb8628 req-4bb9af43-c8ae-4c51-8b17-5809b2eb8628 ] Request (ServersAdminNegativeTestJSON:setUpClass): 200 GET http://10.180.1.21/compute/v2.1/servers/78b4c6ea-6f5b-40d8-8c4a-10332f176e0b 0.717s
2024-12-21 03:22:19.255 66494 INFO tempest.lib.common.rest_client [req-e73822ae-c9fe-49fd-887c-6ca64bc7ba54 req-e73822ae-c9fe-49fd-887c-6ca64bc7ba54 ] Request (ImagesTestJSON:test_create_image_from_stopped_server): 200 GET http://10.180.1.21/compute/v2.1/servers/ca4d11fe-1d0f-468b-a2f4-21c5b84342ab 0.667s
2024-12-21 03:22:19.262 66478 INFO tempest.lib.common.rest_client [req-cfec5318-c140-4718-b3db-9e5b896cc527 req-cfec5318-c140-4718-b3db-9e5b896cc527 ] Request (ValidationResourcesFixture:setUp): 201 POST http://10.180.1.21:9696/networking/v2.0/security-groups 0.154s
2024-12-21 03:22:19.300 66472 INFO tempest.lib.common.rest_client [req-226f8fb4-688a-48c7-b703-95248a5f1053 req-226f8fb4-688a-48c7-b703-95248a5f1053 ] Request (FloatingIPDetailsNegativeTestJSON:setUpClass): 201 POST http://10.180.1.21/identity/v3/auth/tokens 0.094s
2024-12-21 03:22:19.319 66470 INFO tempest.lib.common.rest_client [req-bdb64950-59c6-4161-8b1d-c9042638bcda req-bdb64950-59c6-4161-8b1d-c9042638bcda ] Request (ServerActionsV293TestJSON:setUpClass): 200 GET http://10.180.1.21/compute/v2.1/servers/fae2dd0d-f83c-45ba-bfe4-8c51b0c885c9 0.662s
2024-12-21 03:22:19.331 66480 INFO tempest.lib.common.rest_client [req-b27111bf-0563-4a9a-b81c-fe77d62f17d4 req-b27111bf-0563-4a9a-b81c-fe77d62f17d4 ] Request (FlavorsV2TestJSON:test_list_flavors_filter_by_min_ram): 200 GET http://10.180.1.21/compute/v2.1/flavors/42 0.482s
2024-12-21 03:22:19.416 66444 INFO tempest.lib.common.rest_client [req-2abd04fd-797b-49ef-a6c9-9a14650b48c9 req-2abd04fd-797b-49ef-a6c9-9a14650b48c9 ] Request (ServerTagsTestJSON:tearDownClass): 200 GET http://10.180.1.21/compute/v2.1/servers/6199de01-baca-4461-9572-111eda11adac 0.195s
2024-12-21 03:22:19.511 66440 INFO tempest.lib.common.rest_client [req-738db983-bf89-4c4f-93fa-8351a00af64f req-738db983-bf89-4c4f-93fa-8351a00af64f ] Request (SecurityGroupsTestJSON:test_server_security_groups): 200 GET http://10.180.1.21/compute/v2.1/servers/0feaeb5d-9f4a-4166-99b1-f213bc4fa458 0.217s
2024-12-21 03:22:19.517 66478 INFO tempest.lib.common.rest_client [req-183a0feb-d3eb-4fd7-b544-bdf817f39fc4 req-183a0feb-d3eb-4fd7-b544-bdf817f39fc4 ] Request (ValidationResourcesFixture:setUp): 201 POST http://10.180.1.21:9696/networking/v2.0/security-group-rules 0.254s
2024-12-21 03:22:19.533 66488 INFO tempest.lib.common.rest_client [req-d0d27039-a012-41e8-a002-902ada296b2e req-d0d27039-a012-41e8-a002-902ada296b2e ] Request (SecurityGroupRulesTestJSON:test_security_group_rules_create_with_optional_group_id): 200 POST http://10.180.1.21/compute/v2.1/os-security-groups 0.791s
2024-12-21 03:22:19.544 66480 INFO tempest.lib.common.rest_client [req-330cfad8-c6c2-4d03-9899-615d8178051e req-330cfad8-c6c2-4d03-9899-615d8178051e ] Request (FlavorsV2TestJSON:test_list_flavors_filter_by_min_ram): 200 GET http://10.180.1.21/compute/v2.1/flavors?minRam=193 0.211s
2024-12-21 03:22:19.606 66456 INFO tempest.lib.common.rest_client [req-f68bd58a-02b9-44f0-a5a0-e7d79eb81f29 req-f68bd58a-02b9-44f0-a5a0-e7d79eb81f29 ] Request (ServersAaction247Test:test_create_backup): 200 GET http://10.180.1.21/compute/v2.1/servers/a73579d1-8647-49fe-98ce-0baffd1a558f 0.228s
2024-12-21 03:22:19.620 66478 INFO tempest.lib.common.rest_client [req-5df56282-d6a4-4b0b-b15c-df9a13e68d8e req-5df56282-d6a4-4b0b-b15c-df9a13e68d8e ] Request (ValidationResourcesFixture:setUp): 201 POST http://10.180.1.21:9696/networking/v2.0/security-group-rules 0.102s
2024-12-21 03:22:19.693 66468 INFO tempest.lib.common.rest_client [req-238d5120-56de-4ba5-ae0a-0c22aae85df9 req-238d5120-56de-4ba5-ae0a-0c22aae85df9 ] Request (ServerExternalEventsTest:tearDownClass): 200 GET http://10.180.1.21/compute/v2.1/servers/02abae6c-8962-49eb-8fa9-36b13a20eff1 0.261s
2024-12-21 03:22:19.714 66484 INFO tempest.lib.common.rest_client [req-1765f114-33f6-4ddb-80d7-b1f892b35f28 req-1765f114-33f6-4ddb-80d7-b1f892b35f28 ] Request (ImagesOneServerTestJSON:setUpClass): 200 GET http://10.180.1.21/compute/v2.1/servers/fbedaa93-5968-4b42-b93e-201d2b44b32b 0.290s
2024-12-21 03:22:19.759 66460 INFO tempest.lib.common.rest_client [req-7320a349-3b11-4ae5-9db5-3d97b55e89ee req-7320a349-3b11-4ae5-9db5-3d97b55e89ee ] Request (FloatingIPsAssociationTestJSON:test_associate_already_associated_floating_ip): 200 GET http://10.180.1.21/compute/v2.1/servers/65462c7a-372e-4ba6-8f6d-e300080d65d0 0.272s
2024-12-21 03:22:19.770 66472 INFO tempest.lib.common.rest_client [req-ef0d215e-b178-4a79-a435-30373de78838 req-ef0d215e-b178-4a79-a435-30373de78838 ] Request (FloatingIPDetailsNegativeTestJSON:setUpClass): 201 POST http://10.180.1.21:9696/networking/v2.0/networks 0.469s
2024-12-21 03:22:19.776 66480 INFO tempest.lib.common.rest_client [req-728f4895-0477-4951-9368-265b20f0c13d req-728f4895-0477-4951-9368-265b20f0c13d ] Request (FlavorsV2TestJSON:test_list_flavors_limit_results): 200 GET http://10.180.1.21/compute/v2.1/flavors?limit=1 0.228s
2024-12-21 03:22:19.836 66442 INFO tempest.lib.common.rest_client [req-b249ea29-6aaf-49a6-ba21-0dd12a75f31a req-b249ea29-6aaf-49a6-ba21-0dd12a75f31a ] Request (ServerDiagnosticsNegativeTest:tearDownClass): 200 GET http://10.180.1.21/compute/v2.1/servers/801e7086-5742-4a04-962c-7546284aa12d 0.264s
2024-12-21 03:22:19.945 66488 INFO tempest.lib.common.rest_client [req-e8973c60-9a24-4159-aafd-6c6901f31977 req-e8973c60-9a24-4159-aafd-6c6901f31977 ] Request (SecurityGroupRulesTestJSON:test_security_group_rules_create_with_optional_group_id): 200 POST http://10.180.1.21/compute/v2.1/os-security-group-rules 0.410s
2024-12-21 03:22:19.968 66474 INFO tempest.lib.common.rest_client [req-44831f55-7889-446e-9cfa-297f21984d3e req-44831f55-7889-446e-9cfa-297f21984d3e ] Request (MigrationsAdminTest:test_list_migrations_in_flavor_resize_situation): 200 GET http://10.180.1.21/compute/v2.1/servers/058682a1-5240-4414-9203-c612ecd12999 0.391s
2024-12-21 03:22:19.981 66450 INFO tempest.lib.common.rest_client [req-134e445d-c6da-4bac-891e-254c72a853bd req-134e445d-c6da-4bac-891e-254c72a853bd ] Request (ListImageFiltersTestJSON:setUpClass): 200 GET http://10.180.1.21/compute/v2.1/images/47c64ab2-fad8-4839-a33b-53a897e09d15 0.389s
2024-12-21 03:22:19.994 66480 INFO tempest.lib.common.rest_client [req-56ad8e5e-4b60-423e-ae17-37991d7f8892 req-56ad8e5e-4b60-423e-ae17-37991d7f8892 ] Request (FlavorsV2TestJSON:test_list_flavors_using_marker): 200 GET http://10.180.1.21/compute/v2.1/flavors/42 0.215s
