2024-12-21 03:21:51.437 66454 INFO tempest.lib.common.rest_client [req-9a6d2060-8264-4ea8-8f5b-830d8b9b8f60 req-9a6d2060-8264-4ea8-8f5b-830d8b9b8f60 ] Request (SecurityGroupsTestAdminJSON:setUpClass): 204 PUT http://10.180.1.21/identity/v3/projects/48dd6865bf8d49cb9b5e1ed79b5f1c1a/users/fd0ff554d4b842deaaeab43dbda21fa5/roles/e570f08697e249dc81aa8ea8b3eacfcd 0.073s
2024-12-21 03:21:51.437 66454 INFO tempest.lib.common.dynamic_creds [-] Dynamic test user fd0ff554d4b842deaaeab43dbda21fa5 is created with scope project and roles: ['member']
2024-12-21 03:21:51.438 66454 INFO tempest.lib.common.dynamic_creds [-] Acquired dynamic creds: credentials: Credentials: {'domain_id': 'default', 'domain_name': 'Default', 'username': 'tempest-SecurityGroupsTestAdminJSON-792612549-project-member', 'project_domain_id': 'default', 'project_domain_name': 'Default', 'project_id': '48dd6865bf8d49cb9b5e1ed79b5f1c1a', 'project_name': 'tempest-SecurityGroupsTestAdminJSON-792612549', 'tenant_id': '48dd6865bf8d49cb9b5e1ed79b5f1c1a', 'tenant_name': 'tempest-SecurityGroupsTestAdminJSON-792612549', 'user_domain_id': 'default', 'user_domain_name': 'Default', 'user_id': 'fd0ff554d4b842deaaeab43dbda21fa5', 'system': None}, Network: None, Subnet: None, Router: None
2024-12-21 03:21:51.438 66454 INFO tempest.lib.common.dynamic_creds [-] Created isolated network resources for: credentials: Credentials: {'domain_id': 'default', 'domain_name': 'Default', 'username': 'tempest-SecurityGroupsTestAdminJSON-792612549-project-member', 'project_domain_id': 'default', 'project_domain_name': 'Default', 'project_id': '48dd6865bf8d49cb9b5e1ed79b5f1c1a', 'project_name': 'tempest-SecurityGroupsTestAdminJSON-792612549', 'tenant_id': '48dd6865bf8d49cb9b5e1ed79b5f1c1a', 'tenant_name': 'tempest-SecurityGroupsTestAdminJSON-792612549', 'user_domain_id': 'default', 'user_domain_name': 'Default', 'user_id': 'fd0ff554d4b842deaaeab43dbda21fa5', 'system': None}, Network: None, Subnet: None, Router: None
2024-12-21 03:21:51.449 66452 INFO tempest.lib.common.rest_client [req-7714e4fc-ef67-427d-9f8c-a9b7bd9770f3 req-7714e4fc-ef67-427d-9f8c-a9b7bd9770f3 ] Request (ListImagesTestJSON:setUpClass): 201 POST http://10.180.1.21/identity/v3/users 0.080s
2024-12-21 03:21:51.471 66484 INFO tempest.lib.common.rest_client [req-d5b2423e-469e-4282-8768-43c7db87ee51 req-d5b2423e-469e-4282-8768-43c7db87ee51 ] Request (ImagesOneServerTestJSON:setUpClass): 200 GET http://10.180.1.21/compute/v2.1/servers/fbedaa93-5968-4b42-b93e-201d2b44b32b 1.003s
2024-12-21 03:21:51.506 66476 WARNING tempest.lib.common.ssh [-] Failed to establish authenticated ssh connection to cirros@10.180.180.251 ([Errno None] Unable to connect to port 22 on 10.180.180.251). Number attempts: 1. Retry after 2 seconds.: paramiko.ssh_exception.NoValidConnectionsError: [Errno None] Unable to connect to port 22 on 10.180.180.251
2024-12-21 03:21:51.513 66452 INFO tempest.lib.common.rest_client [req-740f0ca4-4f19-4af1-9ebc-3fbd90fc02ea req-740f0ca4-4f19-4af1-9ebc-3fbd90fc02ea ] Request (ListImagesTestJSON:setUpClass): 200 GET http://10.180.1.21/identity/v3/roles 0.064s
2024-12-21 03:21:51.532 66454 INFO tempest.lib.common.rest_client [req-172640dc-2430-410f-9e84-7049cde612a7 req-172640dc-2430-410f-9e84-7049cde612a7 ] Request (SecurityGroupsTestAdminJSON:setUpClass): 201 POST http://10.180.1.21/identity/v3/auth/tokens 0.089s
2024-12-21 03:21:51.543 66452 INFO tempest.lib.common.rest_client [req-279c4bd6-3c91-4f0a-a71a-655d73cc889c req-279c4bd6-3c91-4f0a-a71a-655d73cc889c ] Request (ListImagesTestJSON:setUpClass): 204 PUT http://10.180.1.21/identity/v3/projects/035c23ee939b487ab2a3c2ff82796945/users/2a6a84b5b0c6458fa3852402aba8f96d/roles/e570f08697e249dc81aa8ea8b3eacfcd 0.029s
2024-12-21 03:21:51.543 66452 INFO tempest.lib.common.dynamic_creds [-] Dynamic test user 2a6a84b5b0c6458fa3852402aba8f96d is created with scope project and roles: ['member']
2024-12-21 03:21:51.544 66452 INFO tempest.lib.common.dynamic_creds [-] Acquired dynamic creds: credentials: Credentials: {'domain_id': 'default', 'domain_name': 'Default', 'username': 'tempest-ListImagesTestJSON-1577430209-project-member', 'project_domain_id': 'default', 'project_domain_name': 'Default', 'project_id': '035c23ee939b487ab2a3c2ff82796945', 'project_name': 'tempest-ListImagesTestJSON-1577430209', 'tenant_id': '035c23ee939b487ab2a3c2ff82796945', 'tenant_name': 'tempest-ListImagesTestJSON-1577430209', 'user_domain_id': 'default', 'user_domain_name': 'Default', 'user_id': '2a6a84b5b0c6458fa3852402aba8f96d', 'system': None}, Network: None, Subnet: None, Router: None
2024-12-21 03:21:51.544 66452 INFO tempest.lib.common.dynamic_creds [-] Created isolated network resources for: credentials: Credentials: {'domain_id': 'default', 'domain_name': 'Default', 'username': 'tempest-ListImagesTestJSON-1577430209-project-member', 'project_domain_id': 'default', 'project_domain_name': 'Default', 'project_id': '035c23ee939b487ab2a3c2ff82796945', 'project_name': 'tempest-ListImagesTestJSON-1577430209', 'tenant_id': '035c23ee939b487ab2a3c2ff82796945', 'tenant_name': 'tempest-ListImagesTestJSON-1577430209', 'user_domain_id': 'default', 'user_domain_name': 'Default', 'user_id': '2a6a84b5b0c6458fa3852402aba8f96d', 'system': None}, Network: None, Subnet: None, Router: None
2024-12-21 03:21:51.567 66454 INFO tempest.lib.common.rest_client [req-5735c4d0-23bf-45a7-ae9a-50a408df4dc1 req-5735c4d0-23bf-45a7-ae9a-50a408df4dc1 ] Request (SecurityGroupsTestAdminJSON:setUpClass): 201 POST http://10.180.1.21/identity/v3/projects 0.034s
2024-12-21 03:21:51.618 66496 INFO tempest.lib.common.rest_client [req-9976c931-34ff-4f5d-989b-d7e7326d48d2 req-9976c931-34ff-4f5d-989b-d7e7326d48d2 ] Request (ListServersNegativeTestJSON:setUpClass): 200 GET http://10.180.1.21/compute/v2.1/servers/8995f9cb-8454-4a98-9090-290f87f8af18 1.074s
2024-12-21 03:21:51.632 66452 INFO tempest.lib.common.rest_client [req-62cdb194-e3b4-4df9-a0ac-6759346d7db4 req-62cdb194-e3b4-4df9-a0ac-6759346d7db4 ] Request (ListImagesTestJSON:setUpClass): 201 POST http://10.180.1.21/identity/v3/auth/tokens 0.085s
2024-12-21 03:21:51.640 66454 INFO tempest.lib.common.rest_client [req-5b4a177d-e465-4c7e-9efc-e901e75bf1c4 req-5b4a177d-e465-4c7e-9efc-e901e75bf1c4 ] Request (SecurityGroupsTestAdminJSON:setUpClass): 201 POST http://10.180.1.21/identity/v3/users 0.073s
2024-12-21 03:21:51.665 66454 INFO tempest.lib.common.rest_client [req-65215844-978b-4724-816d-ee390cfe0147 req-65215844-978b-4724-816d-ee390cfe0147 ] Request (SecurityGroupsTestAdminJSON:setUpClass): 200 GET http://10.180.1.21/identity/v3/roles 0.024s
2024-12-21 03:21:51.671 66442 INFO tempest.lib.common.rest_client [req-9a00038a-82ba-4657-baf0-c521ce934858 req-9a00038a-82ba-4657-baf0-c521ce934858 ] Request (ServerDiagnosticsNegativeTest:tearDownClass): 200 GET http://10.180.1.21/compute/v2.1/servers/801e7086-5742-4a04-962c-7546284aa12d 1.113s
2024-12-21 03:21:51.695 66492 INFO tempest.lib.common.rest_client [req-d2716931-37ce-4ad6-b2ea-e747eb3abf30 req-d2716931-37ce-4ad6-b2ea-e747eb3abf30 ] Request (DeleteServersTestJSON:test_delete_active_server): 200 GET http://10.180.1.21/compute/v2.1/servers/8624629d-642a-4adf-984e-3925beeb4fef 1.098s
2024-12-21 03:21:51.698 66454 INFO tempest.lib.common.rest_client [req-daa4386b-c4d0-4d16-9b99-f72e34b17f46 req-daa4386b-c4d0-4d16-9b99-f72e34b17f46 ] Request (SecurityGroupsTestAdminJSON:setUpClass): 204 PUT http://10.180.1.21/identity/v3/projects/c69f43ff238c4930ae38d5be1c7dba01/users/b8ecf550edee406ab037dcda1ec33f75/roles/60b14f3efeb242d48e6072eef6ff72cb 0.032s
2024-12-21 03:21:51.759 66454 INFO tempest.lib.common.rest_client [req-192f847d-9d78-4671-8c31-e9f268be7035 req-192f847d-9d78-4671-8c31-e9f268be7035 ] Request (SecurityGroupsTestAdminJSON:setUpClass): 200 GET http://10.180.1.21/identity/v3/roles 0.061s
2024-12-21 03:21:51.782 66454 INFO tempest.lib.common.rest_client [req-b17dc110-3c52-4223-a48c-6474236b876f req-b17dc110-3c52-4223-a48c-6474236b876f ] Request (SecurityGroupsTestAdminJSON:setUpClass): 204 PUT http://10.180.1.21/identity/v3/projects/c69f43ff238c4930ae38d5be1c7dba01/users/b8ecf550edee406ab037dcda1ec33f75/roles/60b14f3efeb242d48e6072eef6ff72cb 0.022s
2024-12-21 03:21:51.782 66454 INFO tempest.lib.common.dynamic_creds [-] Dynamic test user b8ecf550edee406ab037dcda1ec33f75 is created with scope project and roles: ['admin']
2024-12-21 03:21:51.782 66454 INFO tempest.lib.common.dynamic_creds [-] Acquired dynamic creds: credentials: Credentials: {'domain_id': 'default', 'domain_name': 'Default', 'username': 'tempest-SecurityGroupsTestAdminJSON-899854577-project-admin', 'project_domain_id': 'default', 'project_domain_name': 'Default', 'project_id': 'c69f43ff238c4930ae38d5be1c7dba01', 'project_name': 'tempest-SecurityGroupsTestAdminJSON-899854577', 'tenant_id': 'c69f43ff238c4930ae38d5be1c7dba01', 'tenant_name': 'tempest-SecurityGroupsTestAdminJSON-899854577', 'user_domain_id': 'default', 'user_domain_name': 'Default', 'user_id': 'b8ecf550edee406ab037dcda1ec33f75', 'system': None}, Network: None, Subnet: None, Router: None
2024-12-21 03:21:51.782 66454 INFO tempest.lib.common.dynamic_creds [-] Created isolated network resources for: credentials: Credentials: {'domain_id': 'default', 'domain_name': 'Default', 'username': 'tempest-SecurityGroupsTestAdminJSON-899854577-project-admin', 'project_domain_id': 'default', 'project_domain_name': 'Default', 'project_id': 'c69f43ff238c4930ae38d5be1c7dba01', 'project_name': 'tempest-SecurityGroupsTestAdminJSON-899854577', 'tenant_id': 'c69f43ff238c4930ae38d5be1c7dba01', 'tenant_name': 'tempest-SecurityGroupsTestAdminJSON-899854577', 'user_domain_id': 'default', 'user_domain_name': 'Default', 'user_id': 'b8ecf550edee406ab037dcda1ec33f75', 'system': None}, Network: None, Subnet: None, Router: None
2024-12-21 03:21:51.793 66460 INFO tempest.lib.common.rest_client [req-32952804-7cb8-44b7-beb9-0a64c7566dad req-32952804-7cb8-44b7-beb9-0a64c7566dad ] Request (FloatingIPsAssociationTestJSON:test_associate_already_associated_floating_ip): 200 GET http://10.180.1.21/compute/v2.1/servers/65462c7a-372e-4ba6-8f6d-e300080d65d0 1.117s
2024-12-21 03:21:51.809 66472 INFO tempest.lib.common.rest_client [req-b58ba263-6613-4903-a5e4-fad7119046e5 req-b58ba263-6613-4903-a5e4-fad7119046e5 ] Request (AggregatesAdminNegativeTestJSON:test_aggregate_delete_with_invalid_id): 404 DELETE http://10.180.1.21/compute/v2.1/os-aggregates/-1 1.095s
2024-12-21 03:21:51.898 66454 INFO tempest.lib.common.rest_client [req-5eef631e-38ac-4839-b982-356df02bc798 req-5eef631e-38ac-4839-b982-356df02bc798 ] Request (SecurityGroupsTestAdminJSON:setUpClass): 201 POST http://10.180.1.21/identity/v3/auth/tokens 0.109s
2024-12-21 03:21:52.017 66466 INFO tempest.lib.common.rest_client [req-75c96ac4-5cdb-4df8-93d5-23d3dec6f451 req-75c96ac4-5cdb-4df8-93d5-23d3dec6f451 ] Request (ServersV294TestFqdnHostnames:setUpClass): 200 PUT http://10.180.1.21:9696/networking/v2.0/floatingips/be161c1f-84c2-4ed1-8207-e06ac45379ba 1.063s
2024-12-21 03:21:52.070 66468 INFO tempest.lib.common.rest_client [req-aa48add8-bccc-4d73-9d25-cad18df28658 req-aa48add8-bccc-4d73-9d25-cad18df28658 ] Request (ServerExternalEventsTest:test_create_server_external_events): 200 GET http://10.180.1.21/compute/v2.1/servers/02abae6c-8962-49eb-8fa9-36b13a20eff1 1.358s
2024-12-21 03:21:52.077 66490 INFO tempest.lib.common.rest_client [req-8af64dce-4ac7-4d06-9292-733de5ab10b1 req-8af64dce-4ac7-4d06-9292-733de5ab10b1 ] Request (SecurityGroupRulesNegativeTestJSON:test_create_security_group_rule_with_invalid_port_range): 200 POST http://10.180.1.21/compute/v2.1/os-security-groups 1.451s
2024-12-21 03:21:52.081 66468 INFO tempest.common.waiters [-] State transition "BUILD/spawning" ==> "ACTIVE/None" after 21 second wait
2024-12-21 03:21:52.151 66448 INFO tempest.lib.common.rest_client [req-9ba6596e-5684-46dc-94d6-f8cd39938627 req-9ba6596e-5684-46dc-94d6-f8cd39938627 ] Request (VolumesAdminNegativeTest:test_update_attached_volume_with_nonexistent_volume_in_body): 200 GET http://10.180.1.21/compute/v2.1/servers/777ddb84-25b9-4da6-be6b-a2289dbf510a 1.378s
2024-12-21 03:21:52.155 66462 INFO tempest.lib.common.rest_client [req-f7d7db4b-bb29-464c-a635-e7a96e6d6edc req-f7d7db4b-bb29-464c-a635-e7a96e6d6edc ] Request (MultipleCreateNegativeTestJSON:test_max_count_non_integer): 400 POST http://10.180.1.21/compute/v2.1/servers 1.199s
2024-12-21 03:21:52.187 66478 INFO tempest.lib.common.rest_client [req-2bc71701-01f6-4763-bf65-d301da92368f req-2bc71701-01f6-4763-bf65-d301da92368f ] Request (FlavorsAccessNegativeTestJSON:_run_cleanups): 200 GET http://10.180.1.21/compute/v2.1/flavors/detail 1.219s
2024-12-21 03:21:52.200 66444 INFO tempest.lib.common.rest_client [req-16122993-cd74-4bbd-a5e3-2ca184dcdbbe req-16122993-cd74-4bbd-a5e3-2ca184dcdbbe ] Request (ServerTagsTestJSON:test_create_delete_tag): 200 GET http://10.180.1.21/compute/v2.1/servers/6199de01-baca-4461-9572-111eda11adac/tags 1.173s
2024-12-21 03:21:52.234 66462 INFO tempest.lib.common.rest_client [req-59ede6e0-c716-4466-8690-d16242f876e6 req-59ede6e0-c716-4466-8690-d16242f876e6 ] Request (MultipleCreateNegativeTestJSON:test_min_count_less_than_one): 201 POST http://10.180.1.21/identity/v3/auth/tokens 0.072s
2024-12-21 03:21:52.235 66462 INFO tempest.lib.common.fixed_network [-] (MultipleCreateNegativeTestJSON:test_min_count_less_than_one) Found network None available for tenant
2024-12-21 03:21:52.378 66470 INFO tempest.lib.common.rest_client [req-65ae9a76-fbca-40bf-8bdd-ff2a9c1b9b1b req-65ae9a76-fbca-40bf-8bdd-ff2a9c1b9b1b ] Request (ServerActionsV293TestJSON:setUpClass): 200 GET http://10.180.1.21/volume/v3/volumes/2c06d022-a782-4194-9dee-348bf3888516 0.035s
2024-12-21 03:21:52.482 66440 INFO tempest.lib.common.rest_client [req-3e4085b4-c56c-4355-b9bc-2e65e329fea5 req-3e4085b4-c56c-4355-b9bc-2e65e329fea5 ] Request (SecurityGroupsTestJSON:test_security_group_create_get_delete): 202 DELETE http://10.180.1.21/compute/v2.1/os-security-groups/47f866cd-c3a1-4076-9006-e1aee81eb402 1.379s
2024-12-21 03:21:52.653 66480 INFO tempest.lib.common.rest_client [req-e90517c5-14bb-4778-acfe-f80589eeadba req-e90517c5-14bb-4778-acfe-f80589eeadba ] Request (QuotasAdminTestJSON:test_delete_quota): 200 GET http://10.180.1.21/compute/v2.1/os-quota-sets/db9f612e74354e1386ed3363601bb797 1.532s
2024-12-21 03:21:52.663 66456 INFO tempest.lib.common.rest_client [req-13fc299d-d2f3-4e8d-a9f9-815090baf784 req-13fc299d-d2f3-4e8d-a9f9-815090baf784 ] Request (FloatingIPDetailsTestJSON:tearDownClass): 202 DELETE http://10.180.1.21/compute/v2.1/os-floating-ips/72ac55a0-9a84-4063-8ddc-4a2ad8ae0e98 1.886s
2024-12-21 03:21:52.732 66480 INFO tempest.lib.common.rest_client [req-e633fb8c-0be7-4a2a-8a6a-468baf02f96f req-e633fb8c-0be7-4a2a-8a6a-468baf02f96f ] Request (QuotasAdminTestJSON:_run_cleanups): 204 DELETE http://10.180.1.21/identity/v3/projects/db9f612e74354e1386ed3363601bb797 0.076s
2024-12-21 03:21:52.766 66452 INFO tempest.lib.common.rest_client [req-e5633ac4-3e50-411b-92d4-3d7a1fe72ea0 req-e5633ac4-3e50-411b-92d4-3d7a1fe72ea0 ] Request (ListImagesTestJSON:test_get_image): 200 GET http://10.180.1.21/compute/v2.1/images/e6bba7a8-c2de-41dc-871a-3859bba5f4f9 1.132s
2024-12-21 03:21:52.772 66482 INFO tempest.lib.common.rest_client [req-9b483e87-a7ce-4cb5-8b2e-1c5404e0c20a req-9b483e87-a7ce-4cb5-8b2e-1c5404e0c20a ] Request (VolumesAssistedSnapshotsTest:test_volume_assisted_snapshot_create_delete): 200 GET http://10.180.1.21/compute/v2.1/servers/792cd2c8-a67d-4b16-93ab-722fcc8b622d 1.372s
2024-12-21 03:21:52.781 66482 INFO tempest.common.waiters [-] State transition "BUILD/networking" ==> "BUILD/spawning" after 14 second wait
2024-12-21 03:21:52.804 66472 INFO tempest.lib.common.rest_client [req-38a84eae-1ede-46d4-9994-8856abf7965f req-38a84eae-1ede-46d4-9994-8856abf7965f ] Request (AggregatesAdminNegativeTestJSON:test_aggregate_get_details_as_user): 200 POST http://10.180.1.21/compute/v2.1/os-aggregates 0.993s
2024-12-21 03:21:52.833 66464 INFO tempest.lib.common.rest_client [req-af2b8d47-2dd8-4d88-b36c-76cec2a2c9b5 req-af2b8d47-2dd8-4d88-b36c-76cec2a2c9b5 ] Request (ServersTestManualDisk:setUpClass): 200 GET http://10.180.1.21/compute/v2.1/servers/f8c6f99f-499f-4886-aae9-5f08969175f6 1.132s
2024-12-21 03:21:52.893 66502 INFO tempest.lib.common.rest_client [req-e6242473-c381-4e84-ac7a-47201a36ca70 req-e6242473-c381-4e84-ac7a-47201a36ca70 ] Request (ServersWithSpecificFlavorTestJSON:test_verify_created_server_ephemeral_disk): 200 GET http://10.180.1.21/compute/v2.1/servers/b21dc1e7-dacd-4154-9bc3-0fa3774695a8 1.012s
2024-12-21 03:21:53.022 66458 INFO tempest.lib.common.rest_client [req-623c7ebd-27f3-4102-8ddc-70ae308858c6 req-623c7ebd-27f3-4102-8ddc-70ae308858c6 ] Request (ServersTestBootFromVolume:setUpClass): 200 GET http://10.180.1.21/compute/v2.1/servers/3f9849b8-6aaa-4d32-b140-207d5b54d68f 1.169s
2024-12-21 03:21:53.076 66501 INFO tempest.lib.common.rest_client [req-a3dd8cea-2fef-4ff1-a3c6-2326e4ddcb8e req-a3dd8cea-2fef-4ff1-a3c6-2326e4ddcb8e ] Request (ServerDiskConfigTestJSON:test_rebuild_server_with_auto_disk_config): 200 GET http://10.180.1.21/compute/v2.1/servers/e8ed73c3-fb86-42c3-aae6-b0c8d03149ce 1.129s
2024-12-21 03:21:53.326 66466 INFO tempest.lib.common.rest_client [req-18374047-2916-428c-bbd1-72f414e47613 req-18374047-2916-428c-bbd1-72f414e47613 ] Request (ServersV294TestFqdnHostnames:setUpClass): 200 GET http://10.180.1.21/compute/v2.1/servers/7db1b086-942e-4890-8750-0d717e522786 1.308s
2024-12-21 03:21:53.338 66466 INFO tempest.api.compute.base [-] Attempting to verify tagged devices in server 7db1b086-942e-4890-8750-0d717e522786 via the metadata service: http://169.254.169.254/openstack/latest/meta_data.json
2024-12-21 03:21:53.338 66466 INFO tempest.lib.common.ssh [-] Creating ssh connection to '10.180.180.234:22' as 'cirros' with public key authentication
2024-12-21 03:21:53.421 66470 INFO tempest.lib.common.rest_client [req-0d32ad32-ec29-4fdd-87c0-fc1e88244028 req-0d32ad32-ec29-4fdd-87c0-fc1e88244028 ] Request (ServerActionsV293TestJSON:setUpClass): 200 GET http://10.180.1.21/volume/v3/volumes/2c06d022-a782-4194-9dee-348bf3888516 0.033s
2024-12-21 03:21:53.456 66446 INFO tempest.lib.common.rest_client [req-7562b805-bf03-4133-b100-e9d48836bb2f req-7562b805-bf03-4133-b100-e9d48836bb2f ] Request (ServerDiagnosticsV248Test:tearDownClass): 200 GET http://10.180.1.21/compute/v2.1/servers/2257c786-54f9-441a-832c-cf3178bfcc78 1.396s
2024-12-21 03:21:53.538 66490 INFO tempest.lib.common.rest_client [req-c225ccc5-c5f6-47ce-a81f-7715faffcc4b req-c225ccc5-c5f6-47ce-a81f-7715faffcc4b ] Request (SecurityGroupRulesNegativeTestJSON:test_create_security_group_rule_with_invalid_port_range): 400 POST http://10.180.1.21/compute/v2.1/os-security-group-rules 1.458s
2024-12-21 03:21:53.560 66454 INFO tempest.lib.common.rest_client [req-45eb20b2-0acf-4718-843f-b48ab49cd207 req-45eb20b2-0acf-4718-843f-b48ab49cd207 ] Request (SecurityGroupsTestAdminJSON:test_list_security_groups_list_all_tenants_filter): 200 POST http://10.180.1.21/compute/v2.1/os-security-groups 1.660s
2024-12-21 03:21:53.647 66468 INFO tempest.lib.common.rest_client [req-54cab6dd-c950-4797-858a-7108807100cb req-54cab6dd-c950-4797-858a-7108807100cb ] Request (ServerExternalEventsTest:test_create_server_external_events): 200 POST http://10.180.1.21/compute/v2.1/os-server-external-events 1.565s
2024-12-21 03:21:53.649 66488 INFO tempest.lib.common.rest_client [req-56fb15cd-6e93-42cf-9160-f2b17eba58ed req-56fb15cd-6e93-42cf-9160-f2b17eba58ed ] Request (TenantUsagesTestJSON:tearDownClass): 200 GET http://10.180.1.21/compute/v2.1/servers/3c0b964f-c900-4704-ae12-7eba7952f678 1.528s
2024-12-21 03:21:53.672 66478 INFO tempest.lib.common.rest_client [req-706b41f3-17fc-4518-9b06-353ebdeb4d76 req-706b41f3-17fc-4518-9b06-353ebdeb4d76 ] Request (FlavorsAccessNegativeTestJSON:test_flavor_non_admin_remove): 200 POST http://10.180.1.21/compute/v2.1/flavors 1.474s
2024-12-21 03:21:53.712 66486 INFO tempest.lib.common.rest_client [req-df827856-3c7a-44ed-97c3-c52c5dac9cc1 req-df827856-3c7a-44ed-97c3-c52c5dac9cc1 ] Request (ServerActionsTestOtherB:setUpClass): 200 GET http://10.180.1.21/compute/v2.1/servers/15218373-ffa5-49ce-b604-423b7fc5fb35 1.515s
2024-12-21 03:21:53.719 66462 INFO tempest.lib.common.rest_client [req-642309c9-8f96-4a22-8e52-3ac845424315 req-642309c9-8f96-4a22-8e52-3ac845424315 ] Request (MultipleCreateNegativeTestJSON:test_min_count_less_than_one): 400 POST http://10.180.1.21/compute/v2.1/servers 1.484s
2024-12-21 03:21:53.720 66444 INFO tempest.lib.common.rest_client [req-dddd0304-84f8-4e06-98bd-af7a682ce026 req-dddd0304-84f8-4e06-98bd-af7a682ce026 ] Request (ServerTagsTestJSON:_run_cleanups): 204 DELETE http://10.180.1.21/compute/v2.1/servers/6199de01-baca-4461-9572-111eda11adac/tags 1.517s
2024-12-21 03:21:53.785 66498 INFO tempest.lib.common.rest_client [req-fdb81aab-12c5-4d73-adff-aa6283112cfb req-fdb81aab-12c5-4d73-adff-aa6283112cfb ] Request (AttachInterfacesV270Test:test_create_get_list_interfaces): 200 GET http://10.180.1.21/compute/v2.1/servers/0eec4a5f-9f9b-4a86-a046-2e2d107adc48 1.473s
2024-12-21 03:21:53.793 66462 INFO tempest.lib.common.rest_client [req-2394f1a9-198c-4380-bd8b-c1c9e97f49e6 req-2394f1a9-198c-4380-bd8b-c1c9e97f49e6 ] Request (MultipleCreateNegativeTestJSON:test_min_count_non_integer): 201 POST http://10.180.1.21/identity/v3/auth/tokens 0.068s
2024-12-21 03:21:53.794 66498 INFO tempest.common.waiters [-] State transition "BUILD/None" ==> "BUILD/networking" after 11 second wait
2024-12-21 03:21:53.794 66462 INFO tempest.lib.common.fixed_network [-] (MultipleCreateNegativeTestJSON:test_min_count_non_integer) Found network None available for tenant
2024-12-21 03:21:54.017 66494 INFO tempest.lib.common.rest_client [req-a1cec99c-cad1-4249-b8c8-3b0571238a13 req-a1cec99c-cad1-4249-b8c8-3b0571238a13 ] Request (ImagesTestJSON:test_create_image_from_stopped_server): 200 GET http://10.180.1.21/compute/v2.1/servers/ca4d11fe-1d0f-468b-a2f4-21c5b84342ab 1.638s
2024-12-21 03:21:54.042 66474 INFO tempest.lib.common.rest_client [req-93663ada-d894-46e7-a406-2c7a2a6d27f0 req-93663ada-d894-46e7-a406-2c7a2a6d27f0 ] Request (MigrationsAdminTest:test_list_migrations_in_flavor_resize_situation): 200 GET http://10.180.1.21/compute/v2.1/servers/058682a1-5240-4414-9203-c612ecd12999 1.750s
2024-12-21 03:21:54.070 66440 INFO tempest.lib.common.rest_client [req-1359ecbd-3b6c-4c6a-9ad4-7caa85249b6f req-1359ecbd-3b6c-4c6a-9ad4-7caa85249b6f ] Request (SecurityGroupsTestJSON:test_security_group_create_get_delete): 404 GET http://10.180.1.21/compute/v2.1/os-security-groups/47f866cd-c3a1-4076-9006-e1aee81eb402 1.587s
2024-12-21 03:21:54.075 66450 INFO tempest.lib.common.rest_client [req-151b38dd-897c-4210-824f-955e52c5e5d1 req-151b38dd-897c-4210-824f-955e52c5e5d1 ] Request (ListImageFiltersTestJSON:setUpClass): 200 GET http://10.180.1.21/compute/v2.1/servers/b3647042-89a1-4d15-b85e-49a5c8def1d4 1.670s
2024-12-21 03:21:54.137 66484 INFO tempest.lib.common.rest_client [req-36f26730-3499-44b6-ba9e-04fca2342361 req-36f26730-3499-44b6-ba9e-04fca2342361 ] Request (ImagesOneServerTestJSON:setUpClass): 200 GET http://10.180.1.21/compute/v2.1/servers/fbedaa93-5968-4b42-b93e-201d2b44b32b 1.652s
2024-12-21 03:21:54.309 66496 INFO tempest.lib.common.rest_client [req-f9739b7b-a5ac-4280-bef8-9383eab0979a req-f9739b7b-a5ac-4280-bef8-9383eab0979a ] Request (ListServersNegativeTestJSON:setUpClass): 200 GET http://10.180.1.21/compute/v2.1/servers/8995f9cb-8454-4a98-9090-290f87f8af18 1.679s
2024-12-21 03:21:54.317 66496 INFO tempest.common.waiters [-] State transition "BUILD/spawning" ==> "ACTIVE/None" after 17 second wait
2024-12-21 03:21:54.387 66442 INFO tempest.lib.common.rest_client [req-fb032ea4-151c-4c62-bf86-982fecae34a4 req-fb032ea4-151c-4c62-bf86-982fecae34a4 ] Request (ServerDiagnosticsNegativeTest:tearDownClass): 200 GET http://10.180.1.21/compute/v2.1/servers/801e7086-5742-4a04-962c-7546284aa12d 1.706s
2024-12-21 03:21:54.468 66470 INFO tempest.lib.common.rest_client [req-4f48a788-741f-4182-a0ff-a7bd6b864c50 req-4f48a788-741f-4182-a0ff-a7bd6b864c50 ] Request (ServerActionsV293TestJSON:setUpClass): 200 GET http://10.180.1.21/volume/v3/volumes/2c06d022-a782-4194-9dee-348bf3888516 0.036s
2024-12-21 03:21:54.492 66492 INFO tempest.lib.common.rest_client [req-319163be-0ca0-451e-9d3b-d81cfa86685e req-319163be-0ca0-451e-9d3b-d81cfa86685e ] Request (DeleteServersTestJSON:test_delete_active_server): 200 GET http://10.180.1.21/compute/v2.1/servers/8624629d-642a-4adf-984e-3925beeb4fef 1.788s
2024-12-21 03:21:54.576 66476 WARNING tempest.lib.common.ssh [-] Failed to establish authenticated ssh connection to cirros@10.180.180.251 ([Errno None] Unable to connect to port 22 on 10.180.180.251). Number attempts: 2. Retry after 3 seconds.: paramiko.ssh_exception.NoValidConnectionsError: [Errno None] Unable to connect to port 22 on 10.180.180.251
2024-12-21 03:21:54.612 66480 INFO tempest.lib.common.rest_client [req-13f1790b-7893-41b0-9515-b13f9cf85752 req-13f1790b-7893-41b0-9515-b13f9cf85752 ] Request (QuotasAdminTestJSON:test_get_default_quotas): 200 GET http://10.180.1.21/compute/v2.1/os-quota-sets/237af470bc5d4eaf9bb5654e20f625bd/defaults 1.879s
2024-12-21 03:21:54.642 66480 INFO tempest.lib.common.rest_client [req-bb03a048-ad8d-4497-98d3-669cf8b749e7 req-bb03a048-ad8d-4497-98d3-669cf8b749e7 ] Request (QuotasAdminTestJSON:test_get_updated_quotas): 200 GET http://10.180.1.21/identity/v3/domains?name=Default 0.026s
2024-12-21 03:21:54.684 66452 INFO tempest.lib.common.rest_client [req-02a51a39-e095-4c90-814b-aebd8ab83f0d req-02a51a39-e095-4c90-814b-aebd8ab83f0d ] Request (ListImagesTestJSON:test_list_images): 200 GET http://10.180.1.21/compute/v2.1/images 1.910s
2024-12-21 03:21:54.697 66480 INFO tempest.lib.common.rest_client [req-6dfd0b35-ffbf-4dd4-926d-a15c794209af req-6dfd0b35-ffbf-4dd4-926d-a15c794209af ] Request (QuotasAdminTestJSON:test_get_updated_quotas): 201 POST http://10.180.1.21/identity/v3/projects 0.054s
2024-12-21 03:21:54.761 66480 INFO tempest.lib.common.rest_client [req-83d86c0e-bd92-4be4-91d4-7e93d97f9761 req-83d86c0e-bd92-4be4-91d4-7e93d97f9761 ] Request (QuotasAdminTestJSON:test_get_updated_quotas): 200 GET http://10.180.1.21/identity/v3/domains?name=Default 0.063s
2024-12-21 03:21:54.773 66460 INFO tempest.lib.common.rest_client [req-163ce9a4-7c98-4a86-bf77-cdfb9d5885c1 req-163ce9a4-7c98-4a86-bf77-cdfb9d5885c1 ] Request (FloatingIPsAssociationTestJSON:test_associate_already_associated_floating_ip): 200 GET http://10.180.1.21/compute/v2.1/servers/65462c7a-372e-4ba6-8f6d-e300080d65d0 1.971s
2024-12-21 03:21:54.779 66472 INFO tempest.lib.common.rest_client [req-fa9f9850-f082-4388-83c9-6ab2b2e613ee req-fa9f9850-f082-4388-83c9-6ab2b2e613ee ] Request (AggregatesAdminNegativeTestJSON:test_aggregate_get_details_as_user): 403 GET http://10.180.1.21/compute/v2.1/os-aggregates/6 1.974s
2024-12-21 03:21:54.868 66448 INFO tempest.lib.common.rest_client [req-050d699e-df43-45ec-9319-5748f7217577 req-050d699e-df43-45ec-9319-5748f7217577 ] Request (VolumesAdminNegativeTest:test_update_attached_volume_with_nonexistent_volume_in_body): 200 GET http://10.180.1.21/compute/v2.1/servers/777ddb84-25b9-4da6-be6b-a2289dbf510a 1.708s
2024-12-21 03:21:54.879 66448 INFO tempest.common.waiters [-] State transition "BUILD/scheduling" ==> "BUILD/None" after 11 second wait
2024-12-21 03:21:54.956 66456 INFO tempest.lib.common.rest_client [req-c6cf1c88-59af-4c7d-b92f-7d0b59df3ee3 req-c6cf1c88-59af-4c7d-b92f-7d0b59df3ee3 ] Request (FloatingIPDetailsTestJSON:tearDownClass): 202 DELETE http://10.180.1.21/compute/v2.1/os-floating-ips/f873ccf8-f34a-439b-80eb-a50e519f960c 2.289s
2024-12-21 03:21:55.076 66490 INFO tempest.lib.common.rest_client [req-4367ad0e-b0e4-4042-9f05-eeca6eeeee40 req-4367ad0e-b0e4-4042-9f05-eeca6eeeee40 ] Request (SecurityGroupRulesNegativeTestJSON:test_create_security_group_rule_with_invalid_to_port): 200 POST http://10.180.1.21/compute/v2.1/os-security-groups 1.536s
2024-12-21 03:21:55.103 66454 INFO tempest.lib.common.rest_client [req-d4f90e92-4071-45cc-b775-afae88027c9a req-d4f90e92-4071-45cc-b775-afae88027c9a ] Request (SecurityGroupsTestAdminJSON:test_list_security_groups_list_all_tenants_filter): 200 POST http://10.180.1.21/compute/v2.1/os-security-groups 1.540s
2024-12-21 03:21:55.165 66468 INFO tempest.lib.common.rest_client [req-a7ffb043-2765-4989-b831-725982cf077a req-a7ffb043-2765-4989-b831-725982cf077a ] Request (ServerExternalEventsTest:tearDownClass): 204 DELETE http://10.180.1.21/compute/v2.1/servers/02abae6c-8962-49eb-8fa9-36b13a20eff1 1.515s
2024-12-21 03:21:55.222 66444 INFO tempest.lib.common.rest_client [req-23af9f51-f69e-491a-8d67-dad7183c3f71 req-23af9f51-f69e-491a-8d67-dad7183c3f71 ] Request (ServerTagsTestJSON:test_delete_all_tags): 201 PUT http://10.180.1.21/compute/v2.1/servers/6199de01-baca-4461-9572-111eda11adac/tags/tempest-tag-1750851586 1.501s
2024-12-21 03:21:55.263 66478 INFO tempest.lib.common.rest_client [req-8285df48-6925-472a-ab96-c04d8a93b11f req-8285df48-6925-472a-ab96-c04d8a93b11f ] Request (FlavorsAccessNegativeTestJSON:test_flavor_non_admin_remove): 200 POST http://10.180.1.21/compute/v2.1/flavors/944641444/action 1.589s
2024-12-21 03:21:55.267 66462 INFO tempest.lib.common.rest_client [req-7d3a22ab-5534-4547-9ef8-788db1de7829 req-7d3a22ab-5534-4547-9ef8-788db1de7829 ] Request (MultipleCreateNegativeTestJSON:test_min_count_non_integer): 400 POST http://10.180.1.21/compute/v2.1/servers 1.473s
2024-12-21 03:21:55.318 66464 INFO tempest.lib.common.rest_client [req-327bc8f6-7ff0-4c81-ba87-1d6c97b308dc req-327bc8f6-7ff0-4c81-ba87-1d6c97b308dc ] Request (ServersTestManualDisk:setUpClass): 200 GET http://10.180.1.21/compute/v2.1/servers/f8c6f99f-499f-4886-aae9-5f08969175f6 1.475s
2024-12-21 03:21:55.328 66464 INFO tempest.common.waiters [-] State transition "BUILD/scheduling" ==> "BUILD/None" after 12 second wait
2024-12-21 03:21:55.383 66462 INFO tempest.lib.common.rest_client [req-f4a75132-e750-42e3-bf68-e85052536ed9 req-f4a75132-e750-42e3-bf68-e85052536ed9 ] Request (MultipleCreateNegativeTestJSON:tearDownClass): 204 DELETE http://10.180.1.21/identity/v3/users/a41129ab17da41789757de87f259673f 0.112s
2024-12-21 03:21:55.383 66462 INFO tempest.lib.common.dynamic_creds [-] Deleting project and security group for project: 8cd45fd2e1f24065988e6ff2d0beec62
2024-12-21 03:21:55.387 66502 INFO tempest.lib.common.rest_client [req-5926e121-97e5-4592-a48b-f7c0313ce0ad req-5926e121-97e5-4592-a48b-f7c0313ce0ad ] Request (ServersWithSpecificFlavorTestJSON:test_verify_created_server_ephemeral_disk): 200 GET http://10.180.1.21/compute/v2.1/servers/b21dc1e7-dacd-4154-9bc3-0fa3774695a8 1.484s
2024-12-21 03:21:55.394 66502 INFO tempest.common.waiters [-] State transition "BUILD/scheduling" ==> "BUILD/None" after 11 second wait
2024-12-21 03:21:55.420 66482 INFO tempest.lib.common.rest_client [req-cc024a3e-844f-4198-a695-7b487fec5152 req-cc024a3e-844f-4198-a695-7b487fec5152 ] Request (VolumesAssistedSnapshotsTest:test_volume_assisted_snapshot_create_delete): 200 GET http://10.180.1.21/compute/v2.1/servers/792cd2c8-a67d-4b16-93ab-722fcc8b622d 1.638s
2024-12-21 03:21:55.484 66462 INFO tempest.lib.common.rest_client [req-bab573d4-0a53-43d5-bf6a-44612a4c7784 req-bab573d4-0a53-43d5-bf6a-44612a4c7784 ] Request (MultipleCreateNegativeTestJSON:tearDownClass): 201 POST http://10.180.1.21/identity/v3/auth/tokens 0.101s
2024-12-21 03:21:55.512 66470 INFO tempest.lib.common.rest_client [req-7e03371d-5569-4fe1-a356-f2e403dae520 req-7e03371d-5569-4fe1-a356-f2e403dae520 ] Request (ServerActionsV293TestJSON:setUpClass): 200 GET http://10.180.1.21/volume/v3/volumes/2c06d022-a782-4194-9dee-348bf3888516 0.038s
2024-12-21 03:21:55.570 66458 INFO tempest.lib.common.rest_client [req-b4b7468b-82b2-4792-b2ea-ed9a2ccf9519 req-b4b7468b-82b2-4792-b2ea-ed9a2ccf9519 ] Request (ServersTestBootFromVolume:setUpClass): 200 GET http://10.180.1.21/compute/v2.1/servers/3f9849b8-6aaa-4d32-b140-207d5b54d68f 1.541s
2024-12-21 03:21:55.644 66501 INFO tempest.lib.common.rest_client [req-bbefc9c3-fa9d-493f-8fbc-5f26b757dc34 req-bbefc9c3-fa9d-493f-8fbc-5f26b757dc34 ] Request (ServerDiskConfigTestJSON:test_rebuild_server_with_auto_disk_config): 200 GET http://10.180.1.21/compute/v2.1/servers/e8ed73c3-fb86-42c3-aae6-b0c8d03149ce 1.560s
2024-12-21 03:21:55.681 66440 INFO tempest.lib.common.rest_client [req-6ce7913c-46fe-4027-aa71-a41ebb9d03fb req-6ce7913c-46fe-4027-aa71-a41ebb9d03fb ] Request (SecurityGroupsTestJSON:test_security_groups_create_list_delete): 200 POST http://10.180.1.21/compute/v2.1/os-security-groups 1.610s
2024-12-21 03:21:55.724 66462 INFO tempest.lib.common.rest_client [req-784e9cf5-1e0d-4d53-9c4e-0d56508663dd req-784e9cf5-1e0d-4d53-9c4e-0d56508663dd ] Request (MultipleCreateNegativeTestJSON:tearDownClass): 200 GET http://10.180.1.21:9696/networking/v2.0/security-groups?tenant_id=8cd45fd2e1f24065988e6ff2d0beec62&name=default 0.239s
2024-12-21 03:21:55.726 66456 INFO tempest.lib.common.rest_client [req-0ab0e9c1-d689-46f9-a637-86a1a344d137 req-0ab0e9c1-d689-46f9-a637-86a1a344d137 ] Request (FloatingIPDetailsTestJSON:tearDownClass): 200 PUT http://10.180.1.21:9696/networking/v2.0/routers/8164a5a8-eba7-4f62-9b73-e85cb2c288d8/remove_router_interface 0.770s
2024-12-21 03:21:55.776 66446 INFO tempest.lib.common.rest_client [req-862a45ab-1ef6-4a09-bb97-1cf7f7cf437d req-862a45ab-1ef6-4a09-bb97-1cf7f7cf437d ] Request (ServerDiagnosticsV248Test:tearDownClass): 200 GET http://10.180.1.21/compute/v2.1/servers/2257c786-54f9-441a-832c-cf3178bfcc78 1.312s
2024-12-21 03:21:55.813 66462 INFO tempest.lib.common.rest_client [req-23251ee9-cef0-493a-a833-0714e91e66c6 req-23251ee9-cef0-493a-a833-0714e91e66c6 ] Request (MultipleCreateNegativeTestJSON:tearDownClass): 204 DELETE http://10.180.1.21:9696/networking/v2.0/security-groups/c105c7bf-6df6-4660-9fff-b94389b22203 0.088s
2024-12-21 03:21:55.854 66488 INFO tempest.lib.common.rest_client [req-e815c0b6-91bf-4f74-8b62-d88b0648f853 req-e815c0b6-91bf-4f74-8b62-d88b0648f853 ] Request (TenantUsagesTestJSON:tearDownClass): 200 GET http://10.180.1.21/compute/v2.1/servers/3c0b964f-c900-4704-ae12-7eba7952f678 1.198s
2024-12-21 03:21:55.873 66496 INFO tempest.lib.common.rest_client [req-a2b0eae6-2d43-4ede-a4c3-8d64a51acbb2 req-a2b0eae6-2d43-4ede-a4c3-8d64a51acbb2 ] Request (ListServersNegativeTestJSON:setUpClass): 200 GET http://10.180.1.21/compute/v2.1/servers/a1d35009-ea11-4e64-bbe4-604ed39d08f4 1.555s
2024-12-21 03:21:55.883 66462 INFO tempest.lib.common.rest_client [req-7fe7dbe7-e02c-4568-8db9-cfde44ebe32b req-7fe7dbe7-e02c-4568-8db9-cfde44ebe32b ] Request (MultipleCreateNegativeTestJSON:tearDownClass): 204 DELETE http://10.180.1.21/identity/v3/projects/8cd45fd2e1f24065988e6ff2d0beec62 0.069s
2024-12-21 03:21:55.899 66452 INFO tempest.lib.common.rest_client [req-a55f8bb0-db75-4df0-9bc0-4f893a9aade4 req-a55f8bb0-db75-4df0-9bc0-4f893a9aade4 ] Request (ListImagesTestJSON:test_list_images_with_detail): 200 GET http://10.180.1.21/compute/v2.1/images/detail 1.212s
2024-12-21 03:21:55.938 66486 INFO tempest.lib.common.rest_client [req-6a942038-c574-4f5d-bd77-47e32d4589f6 req-6a942038-c574-4f5d-bd77-47e32d4589f6 ] Request (ServerActionsTestOtherB:setUpClass): 200 GET http://10.180.1.21/compute/v2.1/servers/15218373-ffa5-49ce-b604-423b7fc5fb35 1.219s
2024-12-21 03:21:55.972 66472 INFO tempest.lib.common.rest_client [req-7f9b9c16-3384-4f56-9e99-eaec0bc200a4 req-7f9b9c16-3384-4f56-9e99-eaec0bc200a4 ] Request (AggregatesAdminNegativeTestJSON:_run_cleanups): 200 DELETE http://10.180.1.21/compute/v2.1/os-aggregates/6 1.192s
2024-12-21 03:21:55.972 66462 INFO tempest.lib.common.rest_client [req-3f378b9d-3ac3-4d5a-b7eb-a88a04414d71 req-3f378b9d-3ac3-4d5a-b7eb-a88a04414d71 ] Request (ExtensionsTest:setUpClass): 201 POST http://10.180.1.21/identity/v3/auth/tokens 0.087s
2024-12-21 03:21:56.020 66452 INFO tempest.lib.common.rest_client [req-4c9ef57a-0659-4cd4-b35e-e9ba81398da4 req-4c9ef57a-0659-4cd4-b35e-e9ba81398da4 ] Request (ListImagesTestJSON:tearDownClass): 204 DELETE http://10.180.1.21/identity/v3/users/2a6a84b5b0c6458fa3852402aba8f96d 0.116s
2024-12-21 03:21:56.020 66452 INFO tempest.lib.common.dynamic_creds [-] Deleting project and security group for project: 035c23ee939b487ab2a3c2ff82796945
2024-12-21 03:21:56.075 66462 INFO tempest.lib.common.rest_client [req-cc3998d3-7c42-40d8-a7d1-ddd1cdffe4e2 req-cc3998d3-7c42-40d8-a7d1-ddd1cdffe4e2 ] Request (ExtensionsTest:setUpClass): 201 POST http://10.180.1.21/identity/v3/auth/tokens 0.099s
2024-12-21 03:21:56.100 66452 INFO tempest.lib.common.rest_client [req-3631a077-f593-4b1e-8a73-43fd59fd4530 req-3631a077-f593-4b1e-8a73-43fd59fd4530 ] Request (ListImagesTestJSON:tearDownClass): 201 POST http://10.180.1.21/identity/v3/auth/tokens 0.079s
2024-12-21 03:21:56.124 66462 INFO tempest.lib.common.rest_client [req-9168c11d-7746-43d8-bec3-83926de4cfb1 req-9168c11d-7746-43d8-bec3-83926de4cfb1 ] Request (ExtensionsTest:setUpClass): 200 GET http://10.180.1.21/identity/v3/domains?name=Default 0.048s
2024-12-21 03:21:56.157 66462 INFO tempest.lib.common.rest_client [req-f8ac02df-8315-4036-a441-a2e7f5533090 req-f8ac02df-8315-4036-a441-a2e7f5533090 ] Request (ExtensionsTest:setUpClass): 201 POST http://10.180.1.21/identity/v3/projects 0.031s
2024-12-21 03:21:56.167 66480 INFO tempest.lib.common.rest_client [req-9dcb8f86-8c89-41dc-8563-bf71588f48e3 req-9dcb8f86-8c89-41dc-8563-bf71588f48e3 ] Request (QuotasAdminTestJSON:test_get_updated_quotas): 200 PUT http://10.180.1.21/compute/v2.1/os-quota-sets/8d87317f33cb4d92a4b0949f25fd1232 1.405s
2024-12-21 03:21:56.225 66462 INFO tempest.lib.common.rest_client [req-ede4d4f0-2f9a-4328-a2f4-9734e54d6907 req-ede4d4f0-2f9a-4328-a2f4-9734e54d6907 ] Request (ExtensionsTest:setUpClass): 201 POST http://10.180.1.21/identity/v3/users 0.068s
2024-12-21 03:21:56.227 66498 INFO tempest.lib.common.rest_client [req-a9fa3be5-ae13-47c4-8529-0a10d691c024 req-a9fa3be5-ae13-47c4-8529-0a10d691c024 ] Request (AttachInterfacesV270Test:test_create_get_list_interfaces): 200 GET http://10.180.1.21/compute/v2.1/servers/0eec4a5f-9f9b-4a86-a046-2e2d107adc48 1.433s
2024-12-21 03:21:56.237 66498 INFO tempest.common.waiters [-] State transition "BUILD/networking" ==> "BUILD/spawning" after 14 second wait
2024-12-21 03:21:56.251 66494 INFO tempest.lib.common.rest_client [req-61add6df-ec48-46cd-b5e7-fe3ee640b824 req-61add6df-ec48-46cd-b5e7-fe3ee640b824 ] Request (ImagesTestJSON:test_create_image_from_stopped_server): 200 GET http://10.180.1.21/compute/v2.1/servers/ca4d11fe-1d0f-468b-a2f4-21c5b84342ab 1.226s
2024-12-21 03:21:56.258 66494 INFO tempest.common.waiters [-] State transition "BUILD/scheduling" ==> "BUILD/None" after 10 second wait
2024-12-21 03:21:56.260 66462 INFO tempest.lib.common.rest_client [req-bd3083b3-8c8c-4db1-844d-7025ffa0c76c req-bd3083b3-8c8c-4db1-844d-7025ffa0c76c ] Request (ExtensionsTest:setUpClass): 200 GET http://10.180.1.21/identity/v3/roles 0.035s
2024-12-21 03:21:56.296 66462 INFO tempest.lib.common.rest_client [req-6feb13b9-a951-488a-aca0-95ce7b35f4da req-6feb13b9-a951-488a-aca0-95ce7b35f4da ] Request (ExtensionsTest:setUpClass): 204 PUT http://10.180.1.21/identity/v3/projects/b4dbd7dfc33e43feaec50a34fbe3cef1/users/e52ed725943d4826a75022aaaccbce6a/roles/e570f08697e249dc81aa8ea8b3eacfcd 0.035s
2024-12-21 03:21:56.297 66462 INFO tempest.lib.common.dynamic_creds [-] Dynamic test user e52ed725943d4826a75022aaaccbce6a is created with scope project and roles: ['member']
2024-12-21 03:21:56.297 66462 INFO tempest.lib.common.dynamic_creds [-] Acquired dynamic creds: credentials: Credentials: {'domain_id': 'default', 'domain_name': 'Default', 'username': 'tempest-ExtensionsTest-1407505129-project-member', 'project_domain_id': 'default', 'project_domain_name': 'Default', 'project_id': 'b4dbd7dfc33e43feaec50a34fbe3cef1', 'project_name': 'tempest-ExtensionsTest-1407505129', 'tenant_id': 'b4dbd7dfc33e43feaec50a34fbe3cef1', 'tenant_name': 'tempest-ExtensionsTest-1407505129', 'user_domain_id': 'default', 'user_domain_name': 'Default', 'user_id': 'e52ed725943d4826a75022aaaccbce6a', 'system': None}, Network: None, Subnet: None, Router: None
2024-12-21 03:21:56.297 66462 INFO tempest.lib.common.dynamic_creds [-] Created isolated network resources for: credentials: Credentials: {'domain_id': 'default', 'domain_name': 'Default', 'username': 'tempest-ExtensionsTest-1407505129-project-member', 'project_domain_id': 'default', 'project_domain_name': 'Default', 'project_id': 'b4dbd7dfc33e43feaec50a34fbe3cef1', 'project_name': 'tempest-ExtensionsTest-1407505129', 'tenant_id': 'b4dbd7dfc33e43feaec50a34fbe3cef1', 'tenant_name': 'tempest-ExtensionsTest-1407505129', 'user_domain_id': 'default', 'user_domain_name': 'Default', 'user_id': 'e52ed725943d4826a75022aaaccbce6a', 'system': None}, Network: None, Subnet: None, Router: None
2024-12-21 03:21:56.345 66490 INFO tempest.lib.common.rest_client [req-ad0ca4aa-5a98-42a4-a202-470f650b7b86 req-ad0ca4aa-5a98-42a4-a202-470f650b7b86 ] Request (SecurityGroupRulesNegativeTestJSON:test_create_security_group_rule_with_invalid_to_port): 400 POST http://10.180.1.21/compute/v2.1/os-security-group-rules 1.265s
2024-12-21 03:21:56.367 66452 INFO tempest.lib.common.rest_client [req-d7bf3d2b-ef87-4ff5-8f75-0e5845b16453 req-d7bf3d2b-ef87-4ff5-8f75-0e5845b16453 ] Request (ListImagesTestJSON:tearDownClass): 200 GET http://10.180.1.21:9696/networking/v2.0/security-groups?tenant_id=035c23ee939b487ab2a3c2ff82796945&name=default 0.267s
2024-12-21 03:21:56.389 66462 INFO tempest.lib.common.rest_client [req-03b42738-29bd-4244-b14d-481776e3c0eb req-03b42738-29bd-4244-b14d-481776e3c0eb ] Request (ExtensionsTest:setUpClass): 201 POST http://10.180.1.21/identity/v3/auth/tokens 0.086s
2024-12-21 03:21:56.409 66456 INFO tempest.lib.common.rest_client [req-44df14b4-24c4-4bd4-9493-7f32d907fc3e req-44df14b4-24c4-4bd4-9493-7f32d907fc3e ] Request (FloatingIPDetailsTestJSON:tearDownClass): 204 DELETE http://10.180.1.21:9696/networking/v2.0/routers/8164a5a8-eba7-4f62-9b73-e85cb2c288d8 0.682s
2024-12-21 03:21:56.432 66450 INFO tempest.lib.common.rest_client [req-edd41129-5cff-4711-87bc-241bf14f857a req-edd41129-5cff-4711-87bc-241bf14f857a ] Request (ListImageFiltersTestJSON:setUpClass): 200 GET http://10.180.1.21/compute/v2.1/servers/b3647042-89a1-4d15-b85e-49a5c8def1d4 1.350s
2024-12-21 03:21:56.476 66474 INFO tempest.lib.common.rest_client [req-833b6ce1-44cf-4ce0-a804-952f237a4220 req-833b6ce1-44cf-4ce0-a804-952f237a4220 ] Request (MigrationsAdminTest:test_list_migrations_in_flavor_resize_situation): 200 GET http://10.180.1.21/compute/v2.1/servers/058682a1-5240-4414-9203-c612ecd12999 1.427s
2024-12-21 03:21:56.493 66452 INFO tempest.lib.common.rest_client [req-0283d3be-f3e5-44e8-955c-c51e27aa3b5d req-0283d3be-f3e5-44e8-955c-c51e27aa3b5d ] Request (ListImagesTestJSON:tearDownClass): 204 DELETE http://10.180.1.21:9696/networking/v2.0/security-groups/660dfe3e-6f84-4919-8d4f-9e278d4e8a95 0.125s
2024-12-21 03:21:56.560 66470 INFO tempest.lib.common.rest_client [req-49cc5e04-1eb7-4279-b8df-3bb48b6de4e5 req-49cc5e04-1eb7-4279-b8df-3bb48b6de4e5 ] Request (ServerActionsV293TestJSON:setUpClass): 200 GET http://10.180.1.21/volume/v3/volumes/2c06d022-a782-4194-9dee-348bf3888516 0.038s
2024-12-21 03:21:56.578 66484 INFO tempest.lib.common.rest_client [req-9fce2e84-6e53-4a08-9ff7-64c01e537990 req-9fce2e84-6e53-4a08-9ff7-64c01e537990 ] Request (ImagesOneServerTestJSON:setUpClass): 200 GET http://10.180.1.21/compute/v2.1/servers/fbedaa93-5968-4b42-b93e-201d2b44b32b 1.432s
2024-12-21 03:21:56.631 66452 INFO tempest.lib.common.rest_client [req-732665e5-0879-499e-9eb5-3beb59c96c28 req-732665e5-0879-499e-9eb5-3beb59c96c28 ] Request (ListImagesTestJSON:tearDownClass): 204 DELETE http://10.180.1.21/identity/v3/projects/035c23ee939b487ab2a3c2ff82796945 0.138s
2024-12-21 03:21:56.792 66456 INFO tempest.lib.common.rest_client [req-98b61afc-bfdd-4e95-98b9-5908f8109c66 req-98b61afc-bfdd-4e95-98b9-5908f8109c66 ] Request (FloatingIPDetailsTestJSON:tearDownClass): 204 DELETE http://10.180.1.21:9696/networking/v2.0/subnets/daa67b6d-3405-42b3-82b5-cb05c8e12d42 0.382s
2024-12-21 03:21:56.822 66468 INFO tempest.lib.common.rest_client [req-46302c75-8f47-4bcb-82ee-56191e799130 req-46302c75-8f47-4bcb-82ee-56191e799130 ] Request (ServerExternalEventsTest:tearDownClass): 200 GET http://10.180.1.21/compute/v2.1/servers/02abae6c-8962-49eb-8fa9-36b13a20eff1 1.657s
2024-12-21 03:21:56.846 66452 INFO tempest.lib.common.rest_client [req-a6d7be16-d5a1-45bb-aab2-9fbf10edce15 req-a6d7be16-d5a1-45bb-aab2-9fbf10edce15 ] Request (ServerPasswordTestJSON:setUpClass): 201 POST http://10.180.1.21/identity/v3/auth/tokens 0.213s
2024-12-21 03:21:56.893 66452 INFO tempest.lib.common.rest_client [req-97573575-ef0e-44d6-8d04-3f53bc60571f req-97573575-ef0e-44d6-8d04-3f53bc60571f ] Request (ServerPasswordTestJSON:setUpClass): 201 POST http://10.180.1.21/identity/v3/auth/tokens 0.044s
2024-12-21 03:21:56.900 66444 INFO tempest.lib.common.rest_client [req-2bb9fd1d-106e-479b-994b-bbbca7c39a50 req-2bb9fd1d-106e-479b-994b-bbbca7c39a50 ] Request (ServerTagsTestJSON:test_delete_all_tags): 201 PUT http://10.180.1.21/compute/v2.1/servers/6199de01-baca-4461-9572-111eda11adac/tags/tempest-tag-595998696 1.677s
2024-12-21 03:21:56.906 66478 INFO tempest.lib.common.rest_client [req-25323fe8-ee56-4186-a489-e534e053a6c1 req-25323fe8-ee56-4186-a489-e534e053a6c1 ] Request (FlavorsAccessNegativeTestJSON:test_flavor_non_admin_remove): 403 POST http://10.180.1.21/compute/v2.1/flavors/944641444/action 1.641s
2024-12-21 03:21:56.928 66452 INFO tempest.lib.common.rest_client [req-111f9bdc-1f31-4125-9f27-5aa2b87ed230 req-111f9bdc-1f31-4125-9f27-5aa2b87ed230 ] Request (ServerPasswordTestJSON:setUpClass): 200 GET http://10.180.1.21/identity/v3/domains?name=Default 0.035s
2024-12-21 03:21:56.980 66452 INFO tempest.lib.common.rest_client [req-3315e416-3da8-4a66-9499-dcb964320c4c req-3315e416-3da8-4a66-9499-dcb964320c4c ] Request (ServerPasswordTestJSON:setUpClass): 201 POST http://10.180.1.21/identity/v3/projects 0.052s
2024-12-21 03:21:57.007 66442 INFO tempest.lib.common.rest_client [req-dd18ad91-001d-4e2c-8568-ee8a55787cdb req-dd18ad91-001d-4e2c-8568-ee8a55787cdb ] Request (ServerDiagnosticsNegativeTest:tearDownClass): 200 GET http://10.180.1.21/compute/v2.1/servers/801e7086-5742-4a04-962c-7546284aa12d 1.610s
2024-12-21 03:21:57.019 66442 INFO tempest.common.waiters [-] State transition "ACTIVE/deleting" ==> "DELETED/None" after 6 second wait
2024-12-21 03:21:57.050 66452 INFO tempest.lib.common.rest_client [req-6af5d702-1459-449d-a1d2-ecb7aef3dcd5 req-6af5d702-1459-449d-a1d2-ecb7aef3dcd5 ] Request (ServerPasswordTestJSON:setUpClass): 201 POST http://10.180.1.21/identity/v3/users 0.069s
2024-12-21 03:21:57.077 66452 INFO tempest.lib.common.rest_client [req-f8e6536c-1327-467d-a58c-6e20382cb882 req-f8e6536c-1327-467d-a58c-6e20382cb882 ] Request (ServerPasswordTestJSON:setUpClass): 200 GET http://10.180.1.21/identity/v3/roles 0.027s
2024-12-21 03:21:57.086 66492 INFO tempest.lib.common.rest_client [req-09099dbd-c4b6-4fc2-902d-378b1a57a5ca req-09099dbd-c4b6-4fc2-902d-378b1a57a5ca ] Request (DeleteServersTestJSON:test_delete_active_server): 200 GET http://10.180.1.21/compute/v2.1/servers/8624629d-642a-4adf-984e-3925beeb4fef 1.586s
2024-12-21 03:21:57.092 66454 INFO tempest.lib.common.rest_client [req-addca600-67de-4418-a737-99f180e4ea78 req-addca600-67de-4418-a737-99f180e4ea78 ] Request (SecurityGroupsTestAdminJSON:test_list_security_groups_list_all_tenants_filter): 200 POST http://10.180.1.21/compute/v2.1/os-security-groups 1.986s
2024-12-21 03:21:57.120 66452 INFO tempest.lib.common.rest_client [req-a60c34a0-69ce-490a-b6d6-aaea3179b37a req-a60c34a0-69ce-490a-b6d6-aaea3179b37a ] Request (ServerPasswordTestJSON:setUpClass): 204 PUT http://10.180.1.21/identity/v3/projects/64c9c25765314168a99388fa3472e5c9/users/af192634fc4847c598c198e5e92e4b32/roles/e570f08697e249dc81aa8ea8b3eacfcd 0.042s
2024-12-21 03:21:57.120 66452 INFO tempest.lib.common.dynamic_creds [-] Dynamic test user af192634fc4847c598c198e5e92e4b32 is created with scope project and roles: ['member']
2024-12-21 03:21:57.120 66452 INFO tempest.lib.common.dynamic_creds [-] Acquired dynamic creds: credentials: Credentials: {'domain_id': 'default', 'domain_name': 'Default', 'username': 'tempest-ServerPasswordTestJSON-1820807057-project-member', 'project_domain_id': 'default', 'project_domain_name': 'Default', 'project_id': '64c9c25765314168a99388fa3472e5c9', 'project_name': 'tempest-ServerPasswordTestJSON-1820807057', 'tenant_id': '64c9c25765314168a99388fa3472e5c9', 'tenant_name': 'tempest-ServerPasswordTestJSON-1820807057', 'user_domain_id': 'default', 'user_domain_name': 'Default', 'user_id': 'af192634fc4847c598c198e5e92e4b32', 'system': None}, Network: None, Subnet: None, Router: None
2024-12-21 03:21:57.155 66456 INFO tempest.lib.common.rest_client [req-8d80a677-f4c0-440c-8db7-7a325864d45a req-8d80a677-f4c0-440c-8db7-7a325864d45a ] Request (FloatingIPDetailsTestJSON:tearDownClass): 204 DELETE http://10.180.1.21:9696/networking/v2.0/networks/f44dd541-0417-4f11-bf3d-dde7d5064d55 0.363s
2024-12-21 03:21:57.180 66460 INFO tempest.lib.common.rest_client [req-26022e39-a592-4a5f-ab2e-241ec95e251f req-26022e39-a592-4a5f-ab2e-241ec95e251f ] Request (FloatingIPsAssociationTestJSON:test_associate_already_associated_floating_ip): 200 GET http://10.180.1.21/compute/v2.1/servers/65462c7a-372e-4ba6-8f6d-e300080d65d0 1.399s
2024-12-21 03:21:57.186 66460 INFO tempest.common.waiters [-] State transition "BUILD/scheduling" ==> "BUILD/None" after 10 second wait
2024-12-21 03:21:57.194 66452 INFO tempest.lib.common.rest_client [req-006b94f0-1205-4518-afb8-b13ff51845ed req-006b94f0-1205-4518-afb8-b13ff51845ed ] Request (ServerPasswordTestJSON:setUpClass): 201 POST http://10.180.1.21/identity/v3/auth/tokens 0.073s
