2025-02-09 04:28:19.700 63126 INFO tempest.lib.common.rest_client [req-91be4eb3-4425-4d19-a660-56df54bd6526 req-91be4eb3-4425-4d19-a660-56df54bd6526 ] Request (ServersAdminTestJSON:test_create_server_with_scheduling_hint): 200 GET http://10.180.1.21/compute/v2.1/servers/7dc6128f-ff23-4add-a7cf-52c54174ea85 0.049s
2025-02-09 04:28:19.837 63134 INFO tempest.lib.common.rest_client [req-e2f3eae7-19cc-4939-b9e7-ca0ad2a74ad3 req-e2f3eae7-19cc-4939-b9e7-ca0ad2a74ad3 ] Request (AttachInterfacesTestJSON:test_create_list_show_delete_interfaces_by_fixed_ip): 200 GET http://10.180.1.21/compute/v2.1/servers/17e14f3f-8170-4dff-bc39-6123194ed8e0 0.049s
2025-02-09 04:28:19.887 63116 INFO tempest.lib.common.rest_client [req-4af2a005-1264-4578-9777-c99cd1eb395b req-4af2a005-1264-4578-9777-c99cd1eb395b ] Request (ServersNegativeTestJSON:setUpClass): 200 GET http://10.180.1.21/compute/v2.1/servers/7a5bea28-eabd-49dd-a854-33805622c7d4 0.046s
2025-02-09 04:28:19.915 63156 INFO tempest.lib.common.rest_client [req-94594008-4ab1-42ee-a7f3-590daf49f533 req-94594008-4ab1-42ee-a7f3-590daf49f533 ] Request (FloatingIPsAssociationNegativeTestJSON:setUpClass): 200 GET http://10.180.1.21/compute/v2.1/servers/f70fe324-e094-4b2e-a45f-a5ceb25d247b 0.090s
2025-02-09 04:28:19.958 63162 INFO tempest.lib.common.rest_client [req-b7957c98-5db6-4d01-8fe8-2978bcf72c84 req-b7957c98-5db6-4d01-8fe8-2978bcf72c84 ] Request (ImagesOneServerNegativeTestJSON:_run_cleanups): 200 GET http://10.180.1.21/compute/v2.1/servers/23dd65a4-a98a-46db-8006-b00482ece873 0.047s
2025-02-09 04:28:20.019 63140 INFO tempest.lib.common.rest_client [req-7b974d91-959f-44f8-b07e-2cd7769b1936 req-7b974d91-959f-44f8-b07e-2cd7769b1936 ] Request (ListServerFiltersTestJSON:setUpClass): 200 GET http://10.180.1.21/compute/v2.1/servers/c66cf078-4d7d-433d-98ee-2206453351f4 0.056s
2025-02-09 04:28:20.108 63164 INFO tempest.lib.common.rest_client [req-56faa59d-fdc7-4c61-ad20-c90d01aee13f req-56faa59d-fdc7-4c61-ad20-c90d01aee13f ] Request (MultipleCreateTestJSON:test_multiple_create_with_reservation_return): 200 GET http://10.180.1.21/compute/v2.1/servers/14111a68-61bd-4fd1-83ae-023db0110c0b 0.049s
2025-02-09 04:28:20.216 63110 INFO tempest.lib.common.rest_client [req-a7dc3e69-9f79-477c-9c99-4668a39ec579 req-a7dc3e69-9f79-477c-9c99-4668a39ec579 ] Request (ServerRescueTestJSONUnderV235:setUpClass): 200 GET http://10.180.1.21/compute/v2.1/servers/83538639-b73e-4533-be47-0ee88752d4b2 0.050s
2025-02-09 04:28:20.223 63132 INFO tempest.lib.common.rest_client [req-6ade227b-4783-4193-95ce-39c12e143e3d req-6ade227b-4783-4193-95ce-39c12e143e3d ] Request (ServerDiagnosticsTest:tearDownClass): 200 GET http://10.180.1.21/compute/v2.1/servers/d55dd43d-e3a5-413a-8d09-340cfd8b8090 0.069s
2025-02-09 04:28:20.293 63152 INFO tempest.lib.common.rest_client [req-ed33fdc0-f14b-4fdd-b8ee-424cbe9d328d req-ed33fdc0-f14b-4fdd-b8ee-424cbe9d328d ] Request (ServersTestManualDisk:setUpClass): 200 GET http://10.180.1.21/compute/v2.1/servers/4ac2d7b0-2633-4684-a1ee-71d15d2b4466 0.057s
2025-02-09 04:28:20.394 63118 INFO tempest.lib.common.rest_client [req-535c9057-450d-4457-ac39-102b4c36e533 req-535c9057-450d-4457-ac39-102b4c36e533 ] Request (DeleteServersTestJSON:test_delete_active_server): 200 GET http://10.180.1.21/compute/v2.1/servers/72804449-7f6a-4b4d-94d7-9c6e0e801c30 0.049s
2025-02-09 04:28:20.421 63128 INFO tempest.lib.common.rest_client [req-08d51b5b-1537-477c-8448-8561bb7f6590 req-08d51b5b-1537-477c-8448-8561bb7f6590 ] Request (ServerGroupTestJSON:test_create_server_with_scheduler_hint_group): 200 GET http://10.180.1.21/compute/v2.1/servers/a4067f64-aa31-4e97-b4bc-0a1919967123 0.134s
2025-02-09 04:28:20.427 63128 INFO tempest.common.waiters [-] State transition "BUILD/None" ==> "BUILD/networking" after 66 second wait
2025-02-09 04:28:20.472 63130 INFO tempest.lib.common.rest_client [req-97ee44bf-4d8e-4407-a467-fdc907facca2 req-97ee44bf-4d8e-4407-a467-fdc907facca2 ] Request (ServerShowV254Test:test_rebuild_server): 200 GET http://10.180.1.21/compute/v2.1/servers/6617ac7f-d6bd-4e9a-baf4-a0be1fdb955c 0.068s
2025-02-09 04:28:20.488 63108 INFO tempest.lib.common.rest_client [req-68d2f19a-a6ae-4aac-b7e6-4d169b0f8332 req-68d2f19a-a6ae-4aac-b7e6-4d169b0f8332 ] Request (DeleteServersAdminTestJSON:test_delete_server_while_in_error_state): 200 GET http://10.180.1.21/compute/v2.1/servers/46b91d04-730f-4ef1-9fc9-d7cf458b2bb5 0.125s
2025-02-09 04:28:20.549 63112 INFO tempest.lib.common.rest_client [req-6851b933-d4ef-46c1-b6a1-cb92198dfa48 req-6851b933-d4ef-46c1-b6a1-cb92198dfa48 ] Request (ServersV294TestFqdnHostnames:setUpClass): 200 GET http://10.180.1.21/compute/v2.1/servers/114c361b-5947-411c-a055-6a22bdb3cf97 0.073s
2025-02-09 04:28:20.587 63166 INFO tempest.lib.common.rest_client [req-4ed9f0dd-ecb1-4dc7-9c65-6a619e82c62e req-4ed9f0dd-ecb1-4dc7-9c65-6a619e82c62e ] Request (ServerShowV257Test:tearDownClass): 200 GET http://10.180.1.21/compute/v2.1/servers/b008518e-6ef8-4750-85e0-2f9e8242e30f 0.068s
2025-02-09 04:28:20.615 63144 INFO tempest.lib.common.rest_client [req-0530833b-74c1-4182-8cec-b5ee1218eaad req-0530833b-74c1-4182-8cec-b5ee1218eaad ] Request (ServerActionsV293TestJSON:setUpClass): 200 GET http://10.180.1.21/compute/v2.1/servers/944ab7ab-87b0-4f21-bbc1-2273bc9862bd 0.064s
2025-02-09 04:28:20.643 63146 INFO tempest.lib.common.rest_client [req-95d6d249-8430-448c-837d-d5576b0cdfc9 req-95d6d249-8430-448c-837d-d5576b0cdfc9 ] Request (ServersAdminNegativeTestJSON:tearDownClass): 200 GET http://10.180.1.21/compute/v2.1/servers/45f90bea-e2cc-4315-96c7-53c8c0ef67fd 0.071s
2025-02-09 04:28:20.665 63148 INFO tempest.lib.common.rest_client [req-f7e78993-2a8d-4e20-8352-4b7b2293c735 req-f7e78993-2a8d-4e20-8352-4b7b2293c735 ] Request (MigrationsAdminTest:test_resize_server_revert_deleted_flavor): 200 GET http://10.180.1.21/compute/v2.1/servers/ff1d5b52-ea04-469f-8971-14419e9c138f 0.070s
2025-02-09 04:28:20.693 63142 INFO tempest.lib.common.rest_client [req-c77c66ca-d697-4583-ae05-a345aec507ac req-c77c66ca-d697-4583-ae05-a345aec507ac ] Request (InstanceActionsNegativeTestJSON:setUpClass): 200 GET http://10.180.1.21/compute/v2.1/servers/a0e5daa1-b1a2-4630-bc21-a83d6d03fe5a 0.077s
2025-02-09 04:28:20.724 63154 INFO tempest.lib.common.rest_client [req-d3581206-6a0d-4be1-b411-b479123732ce req-d3581206-6a0d-4be1-b411-b479123732ce ] Request (ServerAddressesNegativeTestJSON:tearDownClass): 200 GET http://10.180.1.21/compute/v2.1/servers/b4e1a19a-91c7-42ed-a180-bb0c6a897409 0.062s
2025-02-09 04:28:20.759 63106 INFO tempest.lib.common.rest_client [req-ea54ef6a-da92-43e8-988e-b06374c29280 req-ea54ef6a-da92-43e8-988e-b06374c29280 ] Request (ServersAdmin275Test:tearDownClass): 200 GET http://10.180.1.21/compute/v2.1/servers/c1dc52c6-3ba9-4b2e-bfbe-d20ce3aca127 0.078s
2025-02-09 04:28:20.771 63126 INFO tempest.lib.common.rest_client [req-1a48242b-81c9-4d56-b2be-dfe69d50c542 req-1a48242b-81c9-4d56-b2be-dfe69d50c542 ] Request (ServersAdminTestJSON:test_create_server_with_scheduling_hint): 200 GET http://10.180.1.21/compute/v2.1/servers/7dc6128f-ff23-4add-a7cf-52c54174ea85 0.059s
2025-02-09 04:28:20.891 63134 INFO tempest.lib.common.rest_client [req-cc2f6fe1-7601-4e31-8a09-6bce48b67190 req-cc2f6fe1-7601-4e31-8a09-6bce48b67190 ] Request (AttachInterfacesTestJSON:test_create_list_show_delete_interfaces_by_fixed_ip): 200 GET http://10.180.1.21/compute/v2.1/servers/17e14f3f-8170-4dff-bc39-6123194ed8e0 0.045s
2025-02-09 04:28:20.940 63116 INFO tempest.lib.common.rest_client [req-451c4a96-569e-4a03-bdce-76f9c0c14243 req-451c4a96-569e-4a03-bdce-76f9c0c14243 ] Request (ServersNegativeTestJSON:setUpClass): 200 GET http://10.180.1.21/compute/v2.1/servers/7a5bea28-eabd-49dd-a854-33805622c7d4 0.045s
2025-02-09 04:28:21.015 63162 INFO tempest.lib.common.rest_client [req-c213b69b-74b6-4f08-a83f-6b0d1e37b5ce req-c213b69b-74b6-4f08-a83f-6b0d1e37b5ce ] Request (ImagesOneServerNegativeTestJSON:_run_cleanups): 200 GET http://10.180.1.21/compute/v2.1/servers/23dd65a4-a98a-46db-8006-b00482ece873 0.049s
2025-02-09 04:28:21.017 63156 INFO tempest.lib.common.rest_client [req-77aa88b9-2b24-4980-a2b8-50886804d867 req-77aa88b9-2b24-4980-a2b8-50886804d867 ] Request (FloatingIPsAssociationNegativeTestJSON:setUpClass): 200 GET http://10.180.1.21/compute/v2.1/servers/f70fe324-e094-4b2e-a45f-a5ceb25d247b 0.094s
2025-02-09 04:28:21.024 63156 INFO tempest.common.waiters [-] State transition "BUILD/spawning" ==> "ACTIVE/None" after 70 second wait
2025-02-09 04:28:21.072 63140 INFO tempest.lib.common.rest_client [req-6294d5ab-b7a3-4cef-adc6-e68ec1da8c33 req-6294d5ab-b7a3-4cef-adc6-e68ec1da8c33 ] Request (ListServerFiltersTestJSON:setUpClass): 200 GET http://10.180.1.21/compute/v2.1/servers/c66cf078-4d7d-433d-98ee-2206453351f4 0.045s
2025-02-09 04:28:21.162 63164 INFO tempest.lib.common.rest_client [req-fdd700af-e065-47fe-81ee-fad6805419ac req-fdd700af-e065-47fe-81ee-fad6805419ac ] Request (MultipleCreateTestJSON:test_multiple_create_with_reservation_return): 200 GET http://10.180.1.21/compute/v2.1/servers/14111a68-61bd-4fd1-83ae-023db0110c0b 0.045s
2025-02-09 04:28:21.275 63110 INFO tempest.lib.common.rest_client [req-5d0db1fc-63a4-4d48-a01a-124a6ec0d766 req-5d0db1fc-63a4-4d48-a01a-124a6ec0d766 ] Request (ServerRescueTestJSONUnderV235:setUpClass): 200 GET http://10.180.1.21/compute/v2.1/servers/83538639-b73e-4533-be47-0ee88752d4b2 0.050s
2025-02-09 04:28:21.326 63132 INFO tempest.lib.common.rest_client [req-d7a2ec7f-d81c-45ad-a308-a275331c27f6 req-d7a2ec7f-d81c-45ad-a308-a275331c27f6 ] Request (ServerDiagnosticsTest:tearDownClass): 200 GET http://10.180.1.21/compute/v2.1/servers/d55dd43d-e3a5-413a-8d09-340cfd8b8090 0.095s
2025-02-09 04:28:21.373 63152 INFO tempest.lib.common.rest_client [req-5814fa06-dfea-42fe-a28b-36651d3f80cb req-5814fa06-dfea-42fe-a28b-36651d3f80cb ] Request (ServersTestManualDisk:setUpClass): 200 GET http://10.180.1.21/compute/v2.1/servers/4ac2d7b0-2633-4684-a1ee-71d15d2b4466 0.066s
2025-02-09 04:28:21.456 63118 INFO tempest.lib.common.rest_client [req-5ff3b970-1f11-4fe6-9da2-61dc7e0f463f req-5ff3b970-1f11-4fe6-9da2-61dc7e0f463f ] Request (DeleteServersTestJSON:test_delete_active_server): 200 GET http://10.180.1.21/compute/v2.1/servers/72804449-7f6a-4b4d-94d7-9c6e0e801c30 0.051s
2025-02-09 04:28:21.517 63156 INFO tempest.lib.common.rest_client [req-d86aac68-3a22-4820-aa9c-4b611534de67 req-d86aac68-3a22-4820-aa9c-4b611534de67 ] Request (FloatingIPsAssociationNegativeTestJSON:test_associate_ip_to_server_with_floating_ip): 200 POST http://10.180.1.21/compute/v2.1/os-floating-ips 0.492s
2025-02-09 04:28:21.575 63130 INFO tempest.lib.common.rest_client [req-efbbcc70-c76d-451c-a07e-8dc29686c443 req-efbbcc70-c76d-451c-a07e-8dc29686c443 ] Request (ServerShowV254Test:test_rebuild_server): 200 GET http://10.180.1.21/compute/v2.1/servers/6617ac7f-d6bd-4e9a-baf4-a0be1fdb955c 0.090s
2025-02-09 04:28:21.597 63128 INFO tempest.lib.common.rest_client [req-0e5901e2-fd11-4515-902b-9feb6c2e5fef req-0e5901e2-fd11-4515-902b-9feb6c2e5fef ] Request (ServerGroupTestJSON:test_create_server_with_scheduler_hint_group): 200 GET http://10.180.1.21/compute/v2.1/servers/a4067f64-aa31-4e97-b4bc-0a1919967123 0.166s
2025-02-09 04:28:21.605 63128 INFO tempest.common.waiters [-] State transition "BUILD/networking" ==> "BUILD/spawning" after 67 second wait
2025-02-09 04:28:21.778 63108 INFO tempest.lib.common.rest_client [req-d757ae53-a94b-4d0d-9ff5-a8cd4eaebe23 req-d757ae53-a94b-4d0d-9ff5-a8cd4eaebe23 ] Request (DeleteServersAdminTestJSON:test_delete_server_while_in_error_state): 200 GET http://10.180.1.21/compute/v2.1/servers/46b91d04-730f-4ef1-9fc9-d7cf458b2bb5 0.280s
2025-02-09 04:28:21.845 63112 INFO tempest.lib.common.rest_client [req-2ccb8516-a6e5-497c-9b5a-15c1bb10dc1b req-2ccb8516-a6e5-497c-9b5a-15c1bb10dc1b ] Request (ServersV294TestFqdnHostnames:setUpClass): 200 GET http://10.180.1.21/compute/v2.1/servers/114c361b-5947-411c-a055-6a22bdb3cf97 0.286s
2025-02-09 04:28:21.929 63166 INFO tempest.lib.common.rest_client [req-dcef2479-fc19-403e-8a27-63564f7ee57d req-dcef2479-fc19-403e-8a27-63564f7ee57d ] Request (ServerShowV257Test:tearDownClass): 200 GET http://10.180.1.21/compute/v2.1/servers/b008518e-6ef8-4750-85e0-2f9e8242e30f 0.329s
2025-02-09 04:28:21.955 63138 WARNING tempest.lib.common.ssh [-] Failed to establish authenticated ssh connection to cirros@10.180.180.140 ([Errno None] Unable to connect to port 22 on 10.180.180.140). Number attempts: 7. Retry after 8 seconds.: paramiko.ssh_exception.NoValidConnectionsError: [Errno None] Unable to connect to port 22 on 10.180.180.140
2025-02-09 04:28:21.994 63144 INFO tempest.lib.common.rest_client [req-99b1eaa2-bb5d-42f9-b607-f5f482b59cac req-99b1eaa2-bb5d-42f9-b607-f5f482b59cac ] Request (ServerActionsV293TestJSON:setUpClass): 200 GET http://10.180.1.21/compute/v2.1/servers/944ab7ab-87b0-4f21-bbc1-2273bc9862bd 0.366s
2025-02-09 04:28:22.013 63146 INFO tempest.lib.common.rest_client [req-539123ec-f640-4d79-af3e-7c79fa95626a req-539123ec-f640-4d79-af3e-7c79fa95626a ] Request (ServersAdminNegativeTestJSON:tearDownClass): 404 GET http://10.180.1.21/compute/v2.1/servers/45f90bea-e2cc-4315-96c7-53c8c0ef67fd 0.361s
2025-02-09 04:28:22.058 63148 INFO tempest.lib.common.rest_client [req-03300d19-81ae-4849-b8cd-5649152907f5 req-03300d19-81ae-4849-b8cd-5649152907f5 ] Request (MigrationsAdminTest:test_resize_server_revert_deleted_flavor): 200 GET http://10.180.1.21/compute/v2.1/servers/ff1d5b52-ea04-469f-8971-14419e9c138f 0.384s
2025-02-09 04:28:22.103 63142 INFO tempest.lib.common.rest_client [req-433ddda4-8c19-4f5c-a14d-22243e68a7c6 req-433ddda4-8c19-4f5c-a14d-22243e68a7c6 ] Request (InstanceActionsNegativeTestJSON:setUpClass): 200 GET http://10.180.1.21/compute/v2.1/servers/a0e5daa1-b1a2-4630-bc21-a83d6d03fe5a 0.400s
2025-02-09 04:28:22.151 63154 INFO tempest.lib.common.rest_client [req-0b0fbd81-f814-40c3-899c-1e471c034a09 req-0b0fbd81-f814-40c3-899c-1e471c034a09 ] Request (ServerAddressesNegativeTestJSON:tearDownClass): 200 GET http://10.180.1.21/compute/v2.1/servers/b4e1a19a-91c7-42ed-a180-bb0c6a897409 0.417s
2025-02-09 04:28:22.204 63106 INFO tempest.lib.common.rest_client [req-104cdeea-295d-4f55-99e3-bf6ebfb141f3 req-104cdeea-295d-4f55-99e3-bf6ebfb141f3 ] Request (ServersAdmin275Test:tearDownClass): 200 GET http://10.180.1.21/compute/v2.1/servers/c1dc52c6-3ba9-4b2e-bfbe-d20ce3aca127 0.434s
2025-02-09 04:28:22.250 63126 INFO tempest.lib.common.rest_client [req-6af446e6-598b-4107-9fd0-021fb85ad4fd req-6af446e6-598b-4107-9fd0-021fb85ad4fd ] Request (ServersAdminTestJSON:test_create_server_with_scheduling_hint): 200 GET http://10.180.1.21/compute/v2.1/servers/7dc6128f-ff23-4add-a7cf-52c54174ea85 0.471s
2025-02-09 04:28:22.309 63134 INFO tempest.lib.common.rest_client [req-7c92bd05-f282-4e7e-b745-98fd93144d24 req-7c92bd05-f282-4e7e-b745-98fd93144d24 ] Request (AttachInterfacesTestJSON:test_create_list_show_delete_interfaces_by_fixed_ip): 200 GET http://10.180.1.21/compute/v2.1/servers/17e14f3f-8170-4dff-bc39-6123194ed8e0 0.412s
2025-02-09 04:28:22.356 63116 INFO tempest.lib.common.rest_client [req-42be9869-34f6-4a21-b4da-49d3fbda251e req-42be9869-34f6-4a21-b4da-49d3fbda251e ] Request (ServersNegativeTestJSON:setUpClass): 200 GET http://10.180.1.21/compute/v2.1/servers/7a5bea28-eabd-49dd-a854-33805622c7d4 0.409s
2025-02-09 04:28:22.425 63146 INFO tempest.lib.common.rest_client [req-1bbe23f3-0366-4f4e-b7c7-c76663725ed1 req-1bbe23f3-0366-4f4e-b7c7-c76663725ed1 ] Request (ServersAdminNegativeTestJSON:tearDownClass): 204 DELETE http://10.180.1.21/compute/v2.1/servers/20a7f81e-dfe7-43c9-adba-309257926a89 0.412s
2025-02-09 04:28:22.435 63156 INFO tempest.lib.common.rest_client [req-e720cc80-1272-438e-b4e5-bca1110b9ee7 req-e720cc80-1272-438e-b4e5-bca1110b9ee7 ] Request (FloatingIPsAssociationNegativeTestJSON:test_associate_ip_to_server_with_floating_ip): 202 POST http://10.180.1.21/compute/v2.1/servers/f70fe324-e094-4b2e-a45f-a5ceb25d247b/action 0.916s
2025-02-09 04:28:22.479 63162 INFO tempest.lib.common.rest_client [req-c40ec672-f8a7-43fd-8330-af8885a1ea36 req-c40ec672-f8a7-43fd-8330-af8885a1ea36 ] Request (ImagesOneServerNegativeTestJSON:_run_cleanups): 200 GET http://10.180.1.21/compute/v2.1/servers/23dd65a4-a98a-46db-8006-b00482ece873 0.455s
2025-02-09 04:28:22.484 63140 INFO tempest.lib.common.rest_client [req-a4060782-34ea-4e48-b231-0d0f09b814be req-a4060782-34ea-4e48-b231-0d0f09b814be ] Request (ListServerFiltersTestJSON:setUpClass): 200 GET http://10.180.1.21/compute/v2.1/servers/c66cf078-4d7d-433d-98ee-2206453351f4 0.404s
2025-02-09 04:28:22.528 63164 INFO tempest.lib.common.rest_client [req-a02b7082-c8d4-4a6c-9c81-439a423c7aa4 req-a02b7082-c8d4-4a6c-9c81-439a423c7aa4 ] Request (MultipleCreateTestJSON:test_multiple_create_with_reservation_return): 200 GET http://10.180.1.21/compute/v2.1/servers/14111a68-61bd-4fd1-83ae-023db0110c0b 0.357s
2025-02-09 04:28:22.549 63110 INFO tempest.lib.common.rest_client [req-474feea3-bb43-47b4-9062-e33643aa98c4 req-474feea3-bb43-47b4-9062-e33643aa98c4 ] Request (ServerRescueTestJSONUnderV235:setUpClass): 200 GET http://10.180.1.21/compute/v2.1/servers/83538639-b73e-4533-be47-0ee88752d4b2 0.266s
2025-02-09 04:28:22.583 63132 INFO tempest.lib.common.rest_client [req-7166380d-432f-4878-aac4-77ec09baf334 req-7166380d-432f-4878-aac4-77ec09baf334 ] Request (ServerDiagnosticsTest:tearDownClass): 200 GET http://10.180.1.21/compute/v2.1/servers/d55dd43d-e3a5-413a-8d09-340cfd8b8090 0.248s
2025-02-09 04:28:22.592 63152 INFO tempest.lib.common.rest_client [req-d8bed3cf-1b7b-4bba-81c2-41cbb9f85b92 req-d8bed3cf-1b7b-4bba-81c2-41cbb9f85b92 ] Request (ServersTestManualDisk:setUpClass): 200 GET http://10.180.1.21/compute/v2.1/servers/4ac2d7b0-2633-4684-a1ee-71d15d2b4466 0.212s
2025-02-09 04:28:22.676 63146 INFO tempest.lib.common.rest_client [req-fdfc0b63-0e2e-4191-8add-444e0cdf6fe1 req-fdfc0b63-0e2e-4191-8add-444e0cdf6fe1 ] Request (ServersAdminNegativeTestJSON:tearDownClass): 200 GET http://10.180.1.21/compute/v2.1/servers/20a7f81e-dfe7-43c9-adba-309257926a89 0.250s
2025-02-09 04:28:22.732 63118 INFO tempest.lib.common.rest_client [req-a2cecd6c-5c4a-447d-ade6-d55f5340255f req-a2cecd6c-5c4a-447d-ade6-d55f5340255f ] Request (DeleteServersTestJSON:test_delete_active_server): 200 GET http://10.180.1.21/compute/v2.1/servers/72804449-7f6a-4b4d-94d7-9c6e0e801c30 0.267s
2025-02-09 04:28:22.790 63130 INFO tempest.lib.common.rest_client [req-eaa3b3a0-ae7a-416d-8484-b39d6e76428a req-eaa3b3a0-ae7a-416d-8484-b39d6e76428a ] Request (ServerShowV254Test:test_rebuild_server): 200 GET http://10.180.1.21/compute/v2.1/servers/6617ac7f-d6bd-4e9a-baf4-a0be1fdb955c 0.204s
2025-02-09 04:28:22.896 63128 INFO tempest.lib.common.rest_client [req-e9c691d4-6cc3-40da-8b25-f393c198bc69 req-e9c691d4-6cc3-40da-8b25-f393c198bc69 ] Request (ServerGroupTestJSON:test_create_server_with_scheduler_hint_group): 200 GET http://10.180.1.21/compute/v2.1/servers/a4067f64-aa31-4e97-b4bc-0a1919967123 0.290s
2025-02-09 04:28:22.992 63108 INFO tempest.lib.common.rest_client [req-557497aa-f962-441f-ba77-18d75f305bbf req-557497aa-f962-441f-ba77-18d75f305bbf ] Request (DeleteServersAdminTestJSON:test_delete_server_while_in_error_state): 200 GET http://10.180.1.21/compute/v2.1/servers/46b91d04-730f-4ef1-9fc9-d7cf458b2bb5 0.206s
2025-02-09 04:28:23.059 63112 INFO tempest.lib.common.rest_client [req-ce46bfb3-298d-4411-8ee2-b59db41eba1a req-ce46bfb3-298d-4411-8ee2-b59db41eba1a ] Request (ServersV294TestFqdnHostnames:setUpClass): 200 GET http://10.180.1.21/compute/v2.1/servers/114c361b-5947-411c-a055-6a22bdb3cf97 0.203s
2025-02-09 04:28:23.117 63166 INFO tempest.lib.common.rest_client [req-9054220b-1f09-4e2a-b6f6-88ca8e1b3f3b req-9054220b-1f09-4e2a-b6f6-88ca8e1b3f3b ] Request (ServerShowV257Test:tearDownClass): 200 GET http://10.180.1.21/compute/v2.1/servers/b008518e-6ef8-4750-85e0-2f9e8242e30f 0.171s
2025-02-09 04:28:23.127 63156 INFO tempest.lib.common.rest_client [req-14ec8f35-d6b5-47b3-ad47-8e6a30bd1255 req-14ec8f35-d6b5-47b3-ad47-8e6a30bd1255 ] Request (FloatingIPsAssociationNegativeTestJSON:test_associate_ip_to_server_with_floating_ip): 200 POST http://10.180.1.21/compute/v2.1/os-floating-ips 0.691s
2025-02-09 04:28:23.177 63148 INFO tempest.lib.common.rest_client [req-7d5f1f1b-4dec-44c7-944d-615fe753674f req-7d5f1f1b-4dec-44c7-944d-615fe753674f ] Request (MigrationsAdminTest:test_resize_server_revert_deleted_flavor): 200 GET http://10.180.1.21/compute/v2.1/servers/ff1d5b52-ea04-469f-8971-14419e9c138f 0.108s
2025-02-09 04:28:23.180 63144 INFO tempest.lib.common.rest_client [req-7a155312-a493-4963-a983-1fe705248335 req-7a155312-a493-4963-a983-1fe705248335 ] Request (ServerActionsV293TestJSON:setUpClass): 200 GET http://10.180.1.21/compute/v2.1/servers/944ab7ab-87b0-4f21-bbc1-2273bc9862bd 0.173s
2025-02-09 04:28:23.227 63142 INFO tempest.lib.common.rest_client [req-7121e7cf-d474-4987-afcf-8ec8b6fc93ea req-7121e7cf-d474-4987-afcf-8ec8b6fc93ea ] Request (InstanceActionsNegativeTestJSON:setUpClass): 200 GET http://10.180.1.21/compute/v2.1/servers/a0e5daa1-b1a2-4630-bc21-a83d6d03fe5a 0.115s
2025-02-09 04:28:23.283 63154 INFO tempest.lib.common.rest_client [req-7958992e-33b6-4f20-a9e4-96adb17ec323 req-7958992e-33b6-4f20-a9e4-96adb17ec323 ] Request (ServerAddressesNegativeTestJSON:tearDownClass): 200 GET http://10.180.1.21/compute/v2.1/servers/b4e1a19a-91c7-42ed-a180-bb0c6a897409 0.123s
2025-02-09 04:28:23.347 63106 INFO tempest.lib.common.rest_client [req-77a49d1d-97ca-409d-a2b1-14c9ee1bf958 req-77a49d1d-97ca-409d-a2b1-14c9ee1bf958 ] Request (ServersAdmin275Test:tearDownClass): 200 GET http://10.180.1.21/compute/v2.1/servers/c1dc52c6-3ba9-4b2e-bfbe-d20ce3aca127 0.132s
2025-02-09 04:28:23.397 63126 INFO tempest.lib.common.rest_client [req-f685d91c-ef54-4c44-be31-33d1620ce02d req-f685d91c-ef54-4c44-be31-33d1620ce02d ] Request (ServersAdminTestJSON:test_create_server_with_scheduling_hint): 200 GET http://10.180.1.21/compute/v2.1/servers/7dc6128f-ff23-4add-a7cf-52c54174ea85 0.135s
2025-02-09 04:28:23.440 63134 INFO tempest.lib.common.rest_client [req-deae95ff-ae08-461b-a3dc-60d698144466 req-deae95ff-ae08-461b-a3dc-60d698144466 ] Request (AttachInterfacesTestJSON:test_create_list_show_delete_interfaces_by_fixed_ip): 200 GET http://10.180.1.21/compute/v2.1/servers/17e14f3f-8170-4dff-bc39-6123194ed8e0 0.122s
2025-02-09 04:28:23.495 63116 INFO tempest.lib.common.rest_client [req-6f01b448-7449-49a3-bab7-e58368d45d28 req-6f01b448-7449-49a3-bab7-e58368d45d28 ] Request (ServersNegativeTestJSON:setUpClass): 200 GET http://10.180.1.21/compute/v2.1/servers/7a5bea28-eabd-49dd-a854-33805622c7d4 0.129s
2025-02-09 04:28:23.538 63162 INFO tempest.lib.common.rest_client [req-6b549fc2-96d5-4323-baba-dbd78e41827d req-6b549fc2-96d5-4323-baba-dbd78e41827d ] Request (ImagesOneServerNegativeTestJSON:_run_cleanups): 200 GET http://10.180.1.21/compute/v2.1/servers/23dd65a4-a98a-46db-8006-b00482ece873 0.052s
2025-02-09 04:28:23.573 63156 INFO tempest.lib.common.rest_client [req-d3ea06d3-1b47-4815-b70f-d5c06741e9dc req-d3ea06d3-1b47-4815-b70f-d5c06741e9dc ] Request (FloatingIPsAssociationNegativeTestJSON:test_associate_ip_to_server_with_floating_ip): 400 POST http://10.180.1.21/compute/v2.1/servers/f70fe324-e094-4b2e-a45f-a5ceb25d247b/action 0.442s
2025-02-09 04:28:23.583 63140 INFO tempest.lib.common.rest_client [req-3aef2764-48ec-4fb6-b84b-5f8447b90be1 req-3aef2764-48ec-4fb6-b84b-5f8447b90be1 ] Request (ListServerFiltersTestJSON:setUpClass): 200 GET http://10.180.1.21/compute/v2.1/servers/c66cf078-4d7d-433d-98ee-2206453351f4 0.091s
2025-02-09 04:28:23.618 63164 INFO tempest.lib.common.rest_client [req-1268c513-684d-45bd-a065-55efa5f59d4d req-1268c513-684d-45bd-a065-55efa5f59d4d ] Request (MultipleCreateTestJSON:test_multiple_create_with_reservation_return): 200 GET http://10.180.1.21/compute/v2.1/servers/14111a68-61bd-4fd1-83ae-023db0110c0b 0.080s
2025-02-09 04:28:23.626 63110 INFO tempest.lib.common.rest_client [req-3275a618-374d-4583-a22c-b044b6f1462c req-3275a618-374d-4583-a22c-b044b6f1462c ] Request (ServerRescueTestJSONUnderV235:setUpClass): 200 GET http://10.180.1.21/compute/v2.1/servers/83538639-b73e-4533-be47-0ee88752d4b2 0.068s
2025-02-09 04:28:23.674 63132 INFO tempest.lib.common.rest_client [req-5e16f31f-da0b-49a8-9953-faf06038445d req-5e16f31f-da0b-49a8-9953-faf06038445d ] Request (ServerDiagnosticsTest:tearDownClass): 200 GET http://10.180.1.21/compute/v2.1/servers/d55dd43d-e3a5-413a-8d09-340cfd8b8090 0.083s
2025-02-09 04:28:23.721 63152 INFO tempest.lib.common.rest_client [req-98cd37f3-49df-48b6-ac74-a794662fc314 req-98cd37f3-49df-48b6-ac74-a794662fc314 ] Request (ServersTestManualDisk:setUpClass): 200 GET http://10.180.1.21/compute/v2.1/servers/4ac2d7b0-2633-4684-a1ee-71d15d2b4466 0.120s
2025-02-09 04:28:23.854 63146 INFO tempest.lib.common.rest_client [req-f06c3a7f-fbe5-4937-888a-04d2be5e1d26 req-f06c3a7f-fbe5-4937-888a-04d2be5e1d26 ] Request (ServersAdminNegativeTestJSON:tearDownClass): 200 GET http://10.180.1.21/compute/v2.1/servers/20a7f81e-dfe7-43c9-adba-309257926a89 0.169s
2025-02-09 04:28:23.904 63118 INFO tempest.lib.common.rest_client [req-4b7e466a-bc65-4ca3-980c-2d2c8402f0fb req-4b7e466a-bc65-4ca3-980c-2d2c8402f0fb ] Request (DeleteServersTestJSON:test_delete_active_server): 200 GET http://10.180.1.21/compute/v2.1/servers/72804449-7f6a-4b4d-94d7-9c6e0e801c30 0.164s
2025-02-09 04:28:23.935 63156 INFO tempest.lib.common.rest_client [req-2c95e966-f46b-4dde-95b8-a54d160f1cfb req-2c95e966-f46b-4dde-95b8-a54d160f1cfb ] Request (FloatingIPsAssociationNegativeTestJSON:_run_cleanups): 202 DELETE http://10.180.1.21/compute/v2.1/os-floating-ips/f811b45e-048b-426f-aa35-7d06dc81515a 0.362s
2025-02-09 04:28:23.954 63130 INFO tempest.lib.common.rest_client [req-38c5e244-386e-4ca3-9655-762652aa37a9 req-38c5e244-386e-4ca3-9655-762652aa37a9 ] Request (ServerShowV254Test:test_rebuild_server): 200 GET http://10.180.1.21/compute/v2.1/servers/6617ac7f-d6bd-4e9a-baf4-a0be1fdb955c 0.152s
2025-02-09 04:28:24.035 63128 INFO tempest.lib.common.rest_client [req-f0f22e2e-5b65-46c4-a434-a9ce85f7f4d4 req-f0f22e2e-5b65-46c4-a434-a9ce85f7f4d4 ] Request (ServerGroupTestJSON:test_create_server_with_scheduler_hint_group): 200 GET http://10.180.1.21/compute/v2.1/servers/a4067f64-aa31-4e97-b4bc-0a1919967123 0.132s
2025-02-09 04:28:24.139 63108 INFO tempest.lib.common.rest_client [req-5c436ef9-22b4-4618-aafb-0cdf8da72f5e req-5c436ef9-22b4-4618-aafb-0cdf8da72f5e ] Request (DeleteServersAdminTestJSON:test_delete_server_while_in_error_state): 200 GET http://10.180.1.21/compute/v2.1/servers/46b91d04-730f-4ef1-9fc9-d7cf458b2bb5 0.139s
2025-02-09 04:28:24.196 63112 INFO tempest.lib.common.rest_client [req-6f254e09-6083-4b55-b354-2623e44734f2 req-6f254e09-6083-4b55-b354-2623e44734f2 ] Request (ServersV294TestFqdnHostnames:setUpClass): 200 GET http://10.180.1.21/compute/v2.1/servers/114c361b-5947-411c-a055-6a22bdb3cf97 0.125s
2025-02-09 04:28:24.239 63136 WARNING tempest.lib.common.ssh [-] Failed to establish authenticated ssh connection to cirros@10.180.180.151 ([Errno None] Unable to connect to port 22 on 10.180.180.151). Number attempts: 10. Retry after 11 seconds.: paramiko.ssh_exception.NoValidConnectionsError: [Errno None] Unable to connect to port 22 on 10.180.180.151
2025-02-09 04:28:24.255 63166 INFO tempest.lib.common.rest_client [req-ca191de6-105a-45dd-b70c-f61f8290b6dd req-ca191de6-105a-45dd-b70c-f61f8290b6dd ] Request (ServerShowV257Test:tearDownClass): 200 GET http://10.180.1.21/compute/v2.1/servers/b008518e-6ef8-4750-85e0-2f9e8242e30f 0.124s
2025-02-09 04:28:24.300 63148 INFO tempest.lib.common.rest_client [req-c85c8c06-a5df-4211-83ef-35e75898a646 req-c85c8c06-a5df-4211-83ef-35e75898a646 ] Request (MigrationsAdminTest:test_resize_server_revert_deleted_flavor): 200 GET http://10.180.1.21/compute/v2.1/servers/ff1d5b52-ea04-469f-8971-14419e9c138f 0.116s
2025-02-09 04:28:24.356 63144 INFO tempest.lib.common.rest_client [req-d080c7d9-dfda-4970-991a-48b455b16c5a req-d080c7d9-dfda-4970-991a-48b455b16c5a ] Request (ServerActionsV293TestJSON:setUpClass): 200 GET http://10.180.1.21/compute/v2.1/servers/944ab7ab-87b0-4f21-bbc1-2273bc9862bd 0.166s
2025-02-09 04:28:24.409 63142 INFO tempest.lib.common.rest_client [req-36e790b4-2532-4229-83b5-c00bee0311f0 req-36e790b4-2532-4229-83b5-c00bee0311f0 ] Request (InstanceActionsNegativeTestJSON:setUpClass): 200 GET http://10.180.1.21/compute/v2.1/servers/a0e5daa1-b1a2-4630-bc21-a83d6d03fe5a 0.168s
2025-02-09 04:28:24.484 63154 INFO tempest.lib.common.rest_client [req-f66c8849-914b-42e6-a78e-3424b3b83d4b req-f66c8849-914b-42e6-a78e-3424b3b83d4b ] Request (ServerAddressesNegativeTestJSON:tearDownClass): 200 GET http://10.180.1.21/compute/v2.1/servers/b4e1a19a-91c7-42ed-a180-bb0c6a897409 0.183s
2025-02-09 04:28:24.547 63106 INFO tempest.lib.common.rest_client [req-b40e88f6-1102-4833-a23a-8cf76889c114 req-b40e88f6-1102-4833-a23a-8cf76889c114 ] Request (ServersAdmin275Test:tearDownClass): 200 GET http://10.180.1.21/compute/v2.1/servers/c1dc52c6-3ba9-4b2e-bfbe-d20ce3aca127 0.189s
2025-02-09 04:28:24.580 63169 WARNING tempest.lib.common.ssh [-] Failed to establish authenticated ssh connection to cirros@10.180.180.150 ([Errno None] Unable to connect to port 22 on 10.180.180.150). Number attempts: 8. Retry after 9 seconds.: paramiko.ssh_exception.NoValidConnectionsError: [Errno None] Unable to connect to port 22 on 10.180.180.150
2025-02-09 04:28:24.603 63126 INFO tempest.lib.common.rest_client [req-e53d6728-c3d2-404c-8094-ec950f8960b5 req-e53d6728-c3d2-404c-8094-ec950f8960b5 ] Request (ServersAdminTestJSON:test_create_server_with_scheduling_hint): 200 GET http://10.180.1.21/compute/v2.1/servers/7dc6128f-ff23-4add-a7cf-52c54174ea85 0.193s
2025-02-09 04:28:24.658 63134 INFO tempest.lib.common.rest_client [req-585d170c-03b7-4547-a670-07398a181e18 req-585d170c-03b7-4547-a670-07398a181e18 ] Request (AttachInterfacesTestJSON:test_create_list_show_delete_interfaces_by_fixed_ip): 200 GET http://10.180.1.21/compute/v2.1/servers/17e14f3f-8170-4dff-bc39-6123194ed8e0 0.210s
2025-02-09 04:28:24.720 63116 INFO tempest.lib.common.rest_client [req-a92d2899-aed6-404d-88fa-a0cb9f4145f1 req-a92d2899-aed6-404d-88fa-a0cb9f4145f1 ] Request (ServersNegativeTestJSON:setUpClass): 200 GET http://10.180.1.21/compute/v2.1/servers/7a5bea28-eabd-49dd-a854-33805622c7d4 0.215s
2025-02-09 04:28:24.795 63162 INFO tempest.lib.common.rest_client [req-6ab6d68b-584f-4ff4-a0a1-e5ad31a955e4 req-6ab6d68b-584f-4ff4-a0a1-e5ad31a955e4 ] Request (ImagesOneServerNegativeTestJSON:_run_cleanups): 200 GET http://10.180.1.21/compute/v2.1/servers/23dd65a4-a98a-46db-8006-b00482ece873 0.246s
2025-02-09 04:28:24.858 63140 INFO tempest.lib.common.rest_client [req-9f72bdb0-2bf6-4cb6-9f1a-47bc6fe3d1e0 req-9f72bdb0-2bf6-4cb6-9f1a-47bc6fe3d1e0 ] Request (ListServerFiltersTestJSON:setUpClass): 200 GET http://10.180.1.21/compute/v2.1/servers/c66cf078-4d7d-433d-98ee-2206453351f4 0.267s
2025-02-09 04:28:24.928 63164 INFO tempest.lib.common.rest_client [req-a89087f2-b30b-4718-ae6c-5919e2a5b0d3 req-a89087f2-b30b-4718-ae6c-5919e2a5b0d3 ] Request (MultipleCreateTestJSON:test_multiple_create_with_reservation_return): 200 GET http://10.180.1.21/compute/v2.1/servers/14111a68-61bd-4fd1-83ae-023db0110c0b 0.302s
2025-02-09 04:28:24.972 63156 INFO tempest.lib.common.rest_client [req-58892ec4-b741-42fd-8fa4-1a3679457c6d req-58892ec4-b741-42fd-8fa4-1a3679457c6d ] Request (FloatingIPsAssociationNegativeTestJSON:_run_cleanups): 202 POST http://10.180.1.21/compute/v2.1/servers/f70fe324-e094-4b2e-a45f-a5ceb25d247b/action 1.036s
2025-02-09 04:28:25.019 63110 INFO tempest.lib.common.rest_client [req-a8aa27ce-11d1-4440-bf2c-44d4120d211a req-a8aa27ce-11d1-4440-bf2c-44d4120d211a ] Request (ServerRescueTestJSONUnderV235:setUpClass): 200 GET http://10.180.1.21/compute/v2.1/servers/83538639-b73e-4533-be47-0ee88752d4b2 0.385s
2025-02-09 04:28:25.030 63110 INFO tempest.common.waiters [-] State transition "BUILD/None" ==> "BUILD/networking" after 66 second wait
2025-02-09 04:28:25.075 63132 INFO tempest.lib.common.rest_client [req-88e5dce9-ce04-49a8-92d8-34095d3ca8cc req-88e5dce9-ce04-49a8-92d8-34095d3ca8cc ] Request (ServerDiagnosticsTest:tearDownClass): 200 GET http://10.180.1.21/compute/v2.1/servers/d55dd43d-e3a5-413a-8d09-340cfd8b8090 0.393s
2025-02-09 04:28:25.084 63152 INFO tempest.lib.common.rest_client [req-a1aad2dd-d2c3-4dc8-9c4b-9bb7186cd0d2 req-a1aad2dd-d2c3-4dc8-9c4b-9bb7186cd0d2 ] Request (ServersTestManualDisk:setUpClass): 200 GET http://10.180.1.21/compute/v2.1/servers/4ac2d7b0-2633-4684-a1ee-71d15d2b4466 0.352s
2025-02-09 04:28:25.136 63159 WARNING tempest.lib.common.ssh [-] Failed to establish authenticated ssh connection to cirros@10.180.180.145 ([Errno None] Unable to connect to port 22 on 10.180.180.145). Number attempts: 4. Retry after 5 seconds.: paramiko.ssh_exception.NoValidConnectionsError: [Errno None] Unable to connect to port 22 on 10.180.180.145
2025-02-09 04:28:25.145 63118 INFO tempest.lib.common.rest_client [req-7f85fda1-a601-470d-b530-41dfab280425 req-7f85fda1-a601-470d-b530-41dfab280425 ] Request (DeleteServersTestJSON:test_delete_active_server): 200 GET http://10.180.1.21/compute/v2.1/servers/72804449-7f6a-4b4d-94d7-9c6e0e801c30 0.234s
2025-02-09 04:28:25.155 63146 INFO tempest.lib.common.rest_client [req-4b04ee1c-6d56-41cc-8bc0-106221bfbbda req-4b04ee1c-6d56-41cc-8bc0-106221bfbbda ] Request (ServersAdminNegativeTestJSON:tearDownClass): 200 GET http://10.180.1.21/compute/v2.1/servers/20a7f81e-dfe7-43c9-adba-309257926a89 0.292s
2025-02-09 04:28:25.221 63130 INFO tempest.lib.common.rest_client [req-050fc3d5-e5a9-4ac7-9f5e-2032628bbcae req-050fc3d5-e5a9-4ac7-9f5e-2032628bbcae ] Request (ServerShowV254Test:test_rebuild_server): 200 GET http://10.180.1.21/compute/v2.1/servers/6617ac7f-d6bd-4e9a-baf4-a0be1fdb955c 0.257s
2025-02-09 04:28:25.358 63128 INFO tempest.lib.common.rest_client [req-9eb034bf-18e5-4415-9d82-6feac3b89548 req-9eb034bf-18e5-4415-9d82-6feac3b89548 ] Request (ServerGroupTestJSON:test_create_server_with_scheduler_hint_group): 200 GET http://10.180.1.21/compute/v2.1/servers/a4067f64-aa31-4e97-b4bc-0a1919967123 0.315s
2025-02-09 04:28:25.508 63108 INFO tempest.lib.common.rest_client [req-4f2268d5-1e6f-4a8c-8394-e9411ebe5fe2 req-4f2268d5-1e6f-4a8c-8394-e9411ebe5fe2 ] Request (DeleteServersAdminTestJSON:test_delete_server_while_in_error_state): 200 GET http://10.180.1.21/compute/v2.1/servers/46b91d04-730f-4ef1-9fc9-d7cf458b2bb5 0.360s
2025-02-09 04:28:25.516 63108 INFO tempest.common.waiters [-] State transition "BUILD/spawning" ==> "ACTIVE/None" after 71 second wait
2025-02-09 04:28:25.584 63112 INFO tempest.lib.common.rest_client [req-141843f3-ac6d-465d-865e-376892ece065 req-141843f3-ac6d-465d-865e-376892ece065 ] Request (ServersV294TestFqdnHostnames:setUpClass): 200 GET http://10.180.1.21/compute/v2.1/servers/114c361b-5947-411c-a055-6a22bdb3cf97 0.378s
2025-02-09 04:28:25.601 63156 INFO tempest.lib.common.rest_client [req-9e67c2e0-dd3a-48f9-ba11-beef76d5df47 req-9e67c2e0-dd3a-48f9-ba11-beef76d5df47 ] Request (FloatingIPsAssociationNegativeTestJSON:_run_cleanups): 202 DELETE http://10.180.1.21/compute/v2.1/os-floating-ips/849c741e-4a20-4e3f-9a4a-a9e5274ac633 0.628s
2025-02-09 04:28:25.663 63148 INFO tempest.lib.common.rest_client [req-1b1d3f63-6748-4414-8aa3-ee3934f0f38c req-1b1d3f63-6748-4414-8aa3-ee3934f0f38c ] Request (MigrationsAdminTest:test_resize_server_revert_deleted_flavor): 200 GET http://10.180.1.21/compute/v2.1/servers/ff1d5b52-ea04-469f-8971-14419e9c138f 0.354s
2025-02-09 04:28:25.687 63166 INFO tempest.lib.common.rest_client [req-59aa61ea-aa25-4073-890e-48d944b1bb58 req-59aa61ea-aa25-4073-890e-48d944b1bb58 ] Request (ServerShowV257Test:tearDownClass): 200 GET http://10.180.1.21/compute/v2.1/servers/b008518e-6ef8-4750-85e0-2f9e8242e30f 0.422s
2025-02-09 04:28:25.747 63144 INFO tempest.lib.common.rest_client [req-87e94ba9-f9fc-458d-973d-13ec5b9e61ef req-87e94ba9-f9fc-458d-973d-13ec5b9e61ef ] Request (ServerActionsV293TestJSON:setUpClass): 200 GET http://10.180.1.21/compute/v2.1/servers/944ab7ab-87b0-4f21-bbc1-2273bc9862bd 0.380s
2025-02-09 04:28:25.807 63154 INFO tempest.lib.common.rest_client [req-bf3f7b1f-3d17-488e-a363-81b38d8e0b05 req-bf3f7b1f-3d17-488e-a363-81b38d8e0b05 ] Request (ServerAddressesNegativeTestJSON:tearDownClass): 200 GET http://10.180.1.21/compute/v2.1/servers/b4e1a19a-91c7-42ed-a180-bb0c6a897409 0.315s
2025-02-09 04:28:25.870 63108 INFO tempest.lib.common.rest_client [req-42de4f8b-7d64-48ca-bd83-97adc9d50a2f req-42de4f8b-7d64-48ca-bd83-97adc9d50a2f ] Request (DeleteServersAdminTestJSON:test_delete_server_while_in_error_state): 202 POST http://10.180.1.21/compute/v2.1/servers/46b91d04-730f-4ef1-9fc9-d7cf458b2bb5/action 0.353s
2025-02-09 04:28:25.932 63106 INFO tempest.lib.common.rest_client [req-97da5052-20fe-4fe2-a69c-38d8b78a4872 req-97da5052-20fe-4fe2-a69c-38d8b78a4872 ] Request (ServersAdmin275Test:tearDownClass): 200 GET http://10.180.1.21/compute/v2.1/servers/c1dc52c6-3ba9-4b2e-bfbe-d20ce3aca127 0.373s
2025-02-09 04:28:25.937 63142 INFO tempest.lib.common.rest_client [req-8d29235f-bdee-4753-b500-f7bf2898dafe req-8d29235f-bdee-4753-b500-f7bf2898dafe ] Request (InstanceActionsNegativeTestJSON:setUpClass): 200 GET http://10.180.1.21/compute/v2.1/servers/a0e5daa1-b1a2-4630-bc21-a83d6d03fe5a 0.521s
2025-02-09 04:28:25.941 63156 INFO tempest.lib.common.rest_client [req-622d7c04-02d3-4596-8d59-39b1a7445f82 req-622d7c04-02d3-4596-8d59-39b1a7445f82 ] Request (FloatingIPsAssociationNegativeTestJSON:test_associate_ip_to_server_without_passing_floating_ip): 400 POST http://10.180.1.21/compute/v2.1/servers/f70fe324-e094-4b2e-a45f-a5ceb25d247b/action 0.338s
2025-02-09 04:28:25.983 63126 INFO tempest.lib.common.rest_client [req-66c043ec-3444-486e-b53c-7e7de6e442f4 req-66c043ec-3444-486e-b53c-7e7de6e442f4 ] Request (ServersAdminTestJSON:test_create_server_with_scheduling_hint): 200 GET http://10.180.1.21/compute/v2.1/servers/7dc6128f-ff23-4add-a7cf-52c54174ea85 0.372s
2025-02-09 04:28:25.985 63134 INFO tempest.lib.common.rest_client [req-0099febf-d6ba-4afd-8bc4-2d8ec0e43014 req-0099febf-d6ba-4afd-8bc4-2d8ec0e43014 ] Request (AttachInterfacesTestJSON:test_create_list_show_delete_interfaces_by_fixed_ip): 200 GET http://10.180.1.21/compute/v2.1/servers/17e14f3f-8170-4dff-bc39-6123194ed8e0 0.317s
2025-02-09 04:28:26.031 63162 INFO tempest.lib.common.rest_client [req-0bbb7379-9f14-4aee-bc1e-e156652720e5 req-0bbb7379-9f14-4aee-bc1e-e156652720e5 ] Request (ImagesOneServerNegativeTestJSON:_run_cleanups): 200 GET http://10.180.1.21/compute/v2.1/servers/23dd65a4-a98a-46db-8006-b00482ece873 0.227s
2025-02-09 04:28:26.035 63116 INFO tempest.lib.common.rest_client [req-124cab62-698f-43ee-8031-c956504b5a6a req-124cab62-698f-43ee-8031-c956504b5a6a ] Request (ServersNegativeTestJSON:setUpClass): 200 GET http://10.180.1.21/compute/v2.1/servers/7a5bea28-eabd-49dd-a854-33805622c7d4 0.305s
2025-02-09 04:28:26.082 63140 INFO tempest.lib.common.rest_client [req-ed4877ba-d0f6-4905-84e5-8704488cf766 req-ed4877ba-d0f6-4905-84e5-8704488cf766 ] Request (ListServerFiltersTestJSON:setUpClass): 200 GET http://10.180.1.21/compute/v2.1/servers/c66cf078-4d7d-433d-98ee-2206453351f4 0.202s
2025-02-09 04:28:26.128 63108 INFO tempest.lib.common.rest_client [req-98cebc1b-3492-4a7c-b31c-f29482101b49 req-98cebc1b-3492-4a7c-b31c-f29482101b49 ] Request (DeleteServersAdminTestJSON:test_delete_server_while_in_error_state): 200 GET http://10.180.1.21/compute/v2.1/servers/46b91d04-730f-4ef1-9fc9-d7cf458b2bb5 0.257s
2025-02-09 04:28:26.130 63164 INFO tempest.lib.common.rest_client [req-00f11487-98b1-4aa9-8e0f-64096afdf474 req-00f11487-98b1-4aa9-8e0f-64096afdf474 ] Request (MultipleCreateTestJSON:test_multiple_create_with_reservation_return): 200 GET http://10.180.1.21/compute/v2.1/servers/14111a68-61bd-4fd1-83ae-023db0110c0b 0.193s
2025-02-09 04:28:26.204 63156 INFO tempest.lib.common.rest_client [req-c23837ff-5e47-479a-abda-86814b1d21ca req-c23837ff-5e47-479a-abda-86814b1d21ca ] Request (FloatingIPsAssociationNegativeTestJSON:test_associate_nonexistent_floating_ip): 404 POST http://10.180.1.21/compute/v2.1/servers/f70fe324-e094-4b2e-a45f-a5ceb25d247b/action 0.259s
2025-02-09 04:28:26.248 63110 INFO tempest.lib.common.rest_client [req-99b2a13f-cf77-40c1-9ac7-e04c2effde48 req-99b2a13f-cf77-40c1-9ac7-e04c2effde48 ] Request (ServerRescueTestJSONUnderV235:setUpClass): 200 GET http://10.180.1.21/compute/v2.1/servers/83538639-b73e-4533-be47-0ee88752d4b2 0.218s
2025-02-09 04:28:26.256 63110 INFO tempest.common.waiters [-] State transition "BUILD/networking" ==> "BUILD/spawning" after 67 second wait
2025-02-09 04:28:26.261 63132 INFO tempest.lib.common.rest_client [req-397bac6d-4271-4490-b278-1001924e4f35 req-397bac6d-4271-4490-b278-1001924e4f35 ] Request (ServerDiagnosticsTest:tearDownClass): 200 GET http://10.180.1.21/compute/v2.1/servers/d55dd43d-e3a5-413a-8d09-340cfd8b8090 0.173s
2025-02-09 04:28:26.296 63152 INFO tempest.lib.common.rest_client [req-eea57cc8-4300-461a-b063-341dab6b21b1 req-eea57cc8-4300-461a-b063-341dab6b21b1 ] Request (ServersTestManualDisk:setUpClass): 200 GET http://10.180.1.21/compute/v2.1/servers/4ac2d7b0-2633-4684-a1ee-71d15d2b4466 0.200s
2025-02-09 04:28:26.329 63108 INFO tempest.lib.common.rest_client [req-96e2c589-f72f-4376-a231-f5737d8cb438 req-96e2c589-f72f-4376-a231-f5737d8cb438 ] Request (DeleteServersAdminTestJSON:test_delete_server_while_in_error_state): 204 DELETE http://10.180.1.21/compute/v2.1/servers/46b91d04-730f-4ef1-9fc9-d7cf458b2bb5 0.194s
2025-02-09 04:28:26.341 63118 INFO tempest.lib.common.rest_client [req-4e9cb3c7-6705-47b1-9d14-b3559ba50000 req-4e9cb3c7-6705-47b1-9d14-b3559ba50000 ] Request (DeleteServersTestJSON:test_delete_active_server): 200 GET http://10.180.1.21/compute/v2.1/servers/72804449-7f6a-4b4d-94d7-9c6e0e801c30 0.187s
2025-02-09 04:28:26.361 63156 INFO tempest.lib.common.rest_client [req-c0a1c6ca-ddd5-4936-bc8e-0e9957605861 req-c0a1c6ca-ddd5-4936-bc8e-0e9957605861 ] Request (FloatingIPsAssociationNegativeTestJSON:test_dissociate_nonexistent_floating_ip): 404 POST http://10.180.1.21/compute/v2.1/servers/f70fe324-e094-4b2e-a45f-a5ceb25d247b/action 0.156s
2025-02-09 04:28:26.384 63146 INFO tempest.lib.common.rest_client [req-73a0028a-a09a-4130-b352-f4745c99a781 req-73a0028a-a09a-4130-b352-f4745c99a781 ] Request (ServersAdminNegativeTestJSON:tearDownClass): 200 GET http://10.180.1.21/compute/v2.1/servers/20a7f81e-dfe7-43c9-adba-309257926a89 0.217s
2025-02-09 04:28:26.391 63146 INFO tempest.common.waiters [-] State transition "ACTIVE/deleting" ==> "DELETED/None" after 4 second wait
2025-02-09 04:28:26.407 63130 INFO tempest.lib.common.rest_client [req-a8ac7f29-801f-42b2-a577-e31e13e45b3f req-a8ac7f29-801f-42b2-a577-e31e13e45b3f ] Request (ServerShowV254Test:test_rebuild_server): 200 GET http://10.180.1.21/compute/v2.1/servers/6617ac7f-d6bd-4e9a-baf4-a0be1fdb955c 0.177s
2025-02-09 04:28:26.470 63156 INFO tempest.lib.common.rest_client [req-7dc29c22-d8fc-4c2b-8fcf-e557b0379d14 req-7dc29c22-d8fc-4c2b-8fcf-e557b0379d14 ] Request (FloatingIPsAssociationNegativeTestJSON:tearDownClass): 204 DELETE http://10.180.1.21/compute/v2.1/servers/f70fe324-e094-4b2e-a45f-a5ceb25d247b 0.107s
2025-02-09 04:28:26.486 63108 INFO tempest.lib.common.rest_client [req-474f4000-853b-4aba-b39f-581edc75512d req-474f4000-853b-4aba-b39f-581edc75512d ] Request (DeleteServersAdminTestJSON:test_delete_server_while_in_error_state): 200 GET http://10.180.1.21/compute/v2.1/servers/46b91d04-730f-4ef1-9fc9-d7cf458b2bb5 0.156s
2025-02-09 04:28:26.561 63128 INFO tempest.lib.common.rest_client [req-1a544968-c188-4d64-8168-3499543505d7 req-1a544968-c188-4d64-8168-3499543505d7 ] Request (ServerGroupTestJSON:test_create_server_with_scheduler_hint_group): 200 GET http://10.180.1.21/compute/v2.1/servers/a4067f64-aa31-4e97-b4bc-0a1919967123 0.195s
2025-02-09 04:28:26.591 63156 INFO tempest.lib.common.rest_client [req-de7830bc-83ee-49a0-9a8b-cfd982f36d06 req-de7830bc-83ee-49a0-9a8b-cfd982f36d06 ] Request (FloatingIPsAssociationNegativeTestJSON:tearDownClass): 200 GET http://10.180.1.21/compute/v2.1/servers/f70fe324-e094-4b2e-a45f-a5ceb25d247b 0.120s
2025-02-09 04:28:26.648 63112 INFO tempest.lib.common.rest_client [req-af99be94-878f-4981-b067-34257cfaa266 req-af99be94-878f-4981-b067-34257cfaa266 ] Request (ServersV294TestFqdnHostnames:setUpClass): 200 GET http://10.180.1.21/compute/v2.1/servers/114c361b-5947-411c-a055-6a22bdb3cf97 0.051s
2025-02-09 04:28:26.732 63148 INFO tempest.lib.common.rest_client [req-64f8303d-beb4-4339-925c-f2dd91941c08 req-64f8303d-beb4-4339-925c-f2dd91941c08 ] Request (MigrationsAdminTest:test_resize_server_revert_deleted_flavor): 200 GET http://10.180.1.21/compute/v2.1/servers/ff1d5b52-ea04-469f-8971-14419e9c138f 0.053s
2025-02-09 04:28:26.764 63166 INFO tempest.lib.common.rest_client [req-701fd779-0ade-4e7e-9c40-cda41a66adaa req-701fd779-0ade-4e7e-9c40-cda41a66adaa ] Request (ServerShowV257Test:tearDownClass): 200 GET http://10.180.1.21/compute/v2.1/servers/b008518e-6ef8-4750-85e0-2f9e8242e30f 0.065s
2025-02-09 04:28:26.819 63144 INFO tempest.lib.common.rest_client [req-cdc8f18e-af55-4492-9107-61000a4f3688 req-cdc8f18e-af55-4492-9107-61000a4f3688 ] Request (ServerActionsV293TestJSON:setUpClass): 200 GET http://10.180.1.21/compute/v2.1/servers/944ab7ab-87b0-4f21-bbc1-2273bc9862bd 0.057s
2025-02-09 04:28:26.885 63154 INFO tempest.lib.common.rest_client [req-0dd31230-0ac2-4a64-a4fc-d9659b866f1b req-0dd31230-0ac2-4a64-a4fc-d9659b866f1b ] Request (ServerAddressesNegativeTestJSON:tearDownClass): 200 GET http://10.180.1.21/compute/v2.1/servers/b4e1a19a-91c7-42ed-a180-bb0c6a897409 0.069s
2025-02-09 04:28:27.006 63142 INFO tempest.lib.common.rest_client [req-d86116d6-30a7-44b3-b1e3-955ec771ae7f req-d86116d6-30a7-44b3-b1e3-955ec771ae7f ] Request (InstanceActionsNegativeTestJSON:setUpClass): 200 GET http://10.180.1.21/compute/v2.1/servers/a0e5daa1-b1a2-4630-bc21-a83d6d03fe5a 0.058s
2025-02-09 04:28:27.034 63106 INFO tempest.lib.common.rest_client [req-9cfa22f7-06ce-48df-a468-29ec30edcc71 req-9cfa22f7-06ce-48df-a468-29ec30edcc71 ] Request (ServersAdmin275Test:tearDownClass): 200 GET http://10.180.1.21/compute/v2.1/servers/c1dc52c6-3ba9-4b2e-bfbe-d20ce3aca127 0.083s
2025-02-09 04:28:27.052 63126 INFO tempest.lib.common.rest_client [req-f1834ab6-6554-4e60-a254-cffd68fcce88 req-f1834ab6-6554-4e60-a254-cffd68fcce88 ] Request (ServersAdminTestJSON:test_create_server_with_scheduling_hint): 200 GET http://10.180.1.21/compute/v2.1/servers/7dc6128f-ff23-4add-a7cf-52c54174ea85 0.061s
2025-02-09 04:28:27.077 63134 INFO tempest.lib.common.rest_client [req-761c1e7e-a7df-4d8f-a282-a89216e7c3cf req-761c1e7e-a7df-4d8f-a282-a89216e7c3cf ] Request (AttachInterfacesTestJSON:test_create_list_show_delete_interfaces_by_fixed_ip): 200 GET http://10.180.1.21/compute/v2.1/servers/17e14f3f-8170-4dff-bc39-6123194ed8e0 0.085s
2025-02-09 04:28:27.094 63162 INFO tempest.lib.common.rest_client [req-3c6f0d39-ffc7-4fa5-8821-4184e44bd33a req-3c6f0d39-ffc7-4fa5-8821-4184e44bd33a ] Request (ImagesOneServerNegativeTestJSON:_run_cleanups): 200 GET http://10.180.1.21/compute/v2.1/servers/23dd65a4-a98a-46db-8006-b00482ece873 0.055s
2025-02-09 04:28:27.123 63116 INFO tempest.lib.common.rest_client [req-86d7a15f-43f7-4a0c-965c-548ddf8411c5 req-86d7a15f-43f7-4a0c-965c-548ddf8411c5 ] Request (ServersNegativeTestJSON:setUpClass): 200 GET http://10.180.1.21/compute/v2.1/servers/7a5bea28-eabd-49dd-a854-33805622c7d4 0.081s
2025-02-09 04:28:27.135 63140 INFO tempest.lib.common.rest_client [req-059624bf-2bff-40f5-bc33-3d3f09ce7e40 req-059624bf-2bff-40f5-bc33-3d3f09ce7e40 ] Request (ListServerFiltersTestJSON:setUpClass): 200 GET http://10.180.1.21/compute/v2.1/servers/c66cf078-4d7d-433d-98ee-2206453351f4 0.044s
2025-02-09 04:28:27.185 63164 INFO tempest.lib.common.rest_client [req-96f7daec-06d5-4f7d-8dfe-303385425cdf req-96f7daec-06d5-4f7d-8dfe-303385425cdf ] Request (MultipleCreateTestJSON:test_multiple_create_with_reservation_return): 200 GET http://10.180.1.21/compute/v2.1/servers/14111a68-61bd-4fd1-83ae-023db0110c0b 0.047s
2025-02-09 04:28:27.192 63164 INFO tempest.common.waiters [-] State transition "BUILD/scheduling" ==> "BUILD/None" after 36 second wait
2025-02-09 04:28:27.325 63132 INFO tempest.lib.common.rest_client [req-7ca84c7a-fea9-4414-bff4-0a12994f30dd req-7ca84c7a-fea9-4414-bff4-0a12994f30dd ] Request (ServerDiagnosticsTest:tearDownClass): 200 GET http://10.180.1.21/compute/v2.1/servers/d55dd43d-e3a5-413a-8d09-340cfd8b8090 0.057s
2025-02-09 04:28:27.351 63110 INFO tempest.lib.common.rest_client [req-dfeaaa8d-10f2-4078-86ec-beaf88c96c68 req-dfeaaa8d-10f2-4078-86ec-beaf88c96c68 ] Request (ServerRescueTestJSONUnderV235:setUpClass): 200 GET http://10.180.1.21/compute/v2.1/servers/83538639-b73e-4533-be47-0ee88752d4b2 0.093s
2025-02-09 04:28:27.372 63152 INFO tempest.lib.common.rest_client [req-aa1e109c-5b6b-402d-a40e-8903c64eb3d6 req-aa1e109c-5b6b-402d-a40e-8903c64eb3d6 ] Request (ServersTestManualDisk:setUpClass): 200 GET http://10.180.1.21/compute/v2.1/servers/4ac2d7b0-2633-4684-a1ee-71d15d2b4466 0.068s
2025-02-09 04:28:27.399 63118 INFO tempest.lib.common.rest_client [req-bc426761-bae5-4690-b945-d3a5b7fb50d0 req-bc426761-bae5-4690-b945-d3a5b7fb50d0 ] Request (DeleteServersTestJSON:test_delete_active_server): 200 GET http://10.180.1.21/compute/v2.1/servers/72804449-7f6a-4b4d-94d7-9c6e0e801c30 0.049s
2025-02-09 04:28:27.452 63146 INFO tempest.lib.common.rest_client [req-34195fc3-75fa-4577-80c7-5ab8551d623a req-34195fc3-75fa-4577-80c7-5ab8551d623a ] Request (ServersAdminNegativeTestJSON:tearDownClass): 200 GET http://10.180.1.21/compute/v2.1/servers/20a7f81e-dfe7-43c9-adba-309257926a89 0.059s
2025-02-09 04:28:27.469 63130 INFO tempest.lib.common.rest_client [req-f74aa5b2-17c8-479b-93ca-0514f78f53eb req-f74aa5b2-17c8-479b-93ca-0514f78f53eb ] Request (ServerShowV254Test:test_rebuild_server): 200 GET http://10.180.1.21/compute/v2.1/servers/6617ac7f-d6bd-4e9a-baf4-a0be1fdb955c 0.052s
