2025-02-09 04:28:12.753 63166 INFO tempest.lib.common.rest_client [req-7df2efb1-99aa-445d-a25a-b210e8774f07 req-7df2efb1-99aa-445d-a25a-b210e8774f07 ] Request (ServerShowV257Test:tearDownClass): 200 GET http://10.180.1.21/compute/v2.1/servers/b008518e-6ef8-4750-85e0-2f9e8242e30f 0.139s
2025-02-09 04:28:12.794 63152 INFO tempest.lib.common.rest_client [req-d9aa8c71-16bf-48c4-b3e2-ca00bd82d500 req-d9aa8c71-16bf-48c4-b3e2-ca00bd82d500 ] Request (ServersTestManualDisk:setUpClass): 200 GET http://10.180.1.21/compute/v2.1/servers/4ac2d7b0-2633-4684-a1ee-71d15d2b4466 0.129s
2025-02-09 04:28:12.794 63128 INFO tempest.lib.common.rest_client [req-b944a6f2-c847-43dd-ac96-c4488e6cff51 req-b944a6f2-c847-43dd-ac96-c4488e6cff51 ] Request (ServerGroupTestJSON:test_create_server_with_scheduler_hint_group): 200 GET http://10.180.1.21/compute/v2.1/servers/a4067f64-aa31-4e97-b4bc-0a1919967123 0.077s
2025-02-09 04:28:12.836 63118 INFO tempest.lib.common.rest_client [req-34ea0893-85fe-41f1-8f97-ae06cdefb18d req-34ea0893-85fe-41f1-8f97-ae06cdefb18d ] Request (DeleteServersTestJSON:test_delete_active_server): 200 GET http://10.180.1.21/compute/v2.1/servers/72804449-7f6a-4b4d-94d7-9c6e0e801c30 0.118s
2025-02-09 04:28:12.838 63130 INFO tempest.lib.common.rest_client [req-b30005df-4ecc-49a8-bec5-371ad0cc9955 req-b30005df-4ecc-49a8-bec5-371ad0cc9955 ] Request (ServerShowV254Test:test_rebuild_server): 200 GET http://10.180.1.21/compute/v2.1/servers/6617ac7f-d6bd-4e9a-baf4-a0be1fdb955c 0.062s
2025-02-09 04:28:12.885 63112 INFO tempest.lib.common.rest_client [req-6cb49f96-4bfe-4bfb-be49-46000cf9a9c8 req-6cb49f96-4bfe-4bfb-be49-46000cf9a9c8 ] Request (ServersV294TestFqdnHostnames:setUpClass): 200 GET http://10.180.1.21/compute/v2.1/servers/114c361b-5947-411c-a055-6a22bdb3cf97 0.108s
2025-02-09 04:28:12.886 63144 INFO tempest.lib.common.rest_client [req-c729ead1-1a51-4169-8c9b-ee4d151635e9 req-c729ead1-1a51-4169-8c9b-ee4d151635e9 ] Request (ServerActionsV293TestJSON:setUpClass): 200 GET http://10.180.1.21/compute/v2.1/servers/944ab7ab-87b0-4f21-bbc1-2273bc9862bd 0.067s
2025-02-09 04:28:13.076 63146 INFO tempest.lib.common.rest_client [req-91dec67f-a56c-438d-8819-eb513c5fec02 req-91dec67f-a56c-438d-8819-eb513c5fec02 ] Request (ServersAdminNegativeTestJSON:tearDownClass): 200 GET http://10.180.1.21/compute/v2.1/servers/45f90bea-e2cc-4315-96c7-53c8c0ef67fd 0.075s
2025-02-09 04:28:13.134 63148 INFO tempest.lib.common.rest_client [req-d5f4ef9c-dd44-44eb-9bdd-4660b2da5b4e req-d5f4ef9c-dd44-44eb-9bdd-4660b2da5b4e ] Request (MigrationsAdminTest:test_resize_server_revert_deleted_flavor): 200 GET http://10.180.1.21/compute/v2.1/servers/ff1d5b52-ea04-469f-8971-14419e9c138f 0.078s
2025-02-09 04:28:13.139 63156 INFO tempest.lib.common.rest_client [req-9fb792b7-5cf3-48ba-8a98-3fba97c6a5f2 req-9fb792b7-5cf3-48ba-8a98-3fba97c6a5f2 ] Request (FloatingIPsAssociationNegativeTestJSON:setUpClass): 200 GET http://10.180.1.21/compute/v2.1/servers/f70fe324-e094-4b2e-a45f-a5ceb25d247b 0.212s
2025-02-09 04:28:13.193 63142 INFO tempest.lib.common.rest_client [req-087febe9-2095-4475-84f1-d7cc63dbf06c req-087febe9-2095-4475-84f1-d7cc63dbf06c ] Request (InstanceActionsNegativeTestJSON:setUpClass): 200 GET http://10.180.1.21/compute/v2.1/servers/a0e5daa1-b1a2-4630-bc21-a83d6d03fe5a 0.060s
2025-02-09 04:28:13.200 63106 INFO tempest.lib.common.rest_client [req-15fbc68d-e760-4a89-91b9-9d501b2c03ab req-15fbc68d-e760-4a89-91b9-9d501b2c03ab ] Request (ServersAdmin275Test:tearDownClass): 200 GET http://10.180.1.21/compute/v2.1/servers/c1dc52c6-3ba9-4b2e-bfbe-d20ce3aca127 0.084s
2025-02-09 04:28:13.257 63162 INFO tempest.lib.common.rest_client [req-9e17d57f-ea60-4962-a95a-d3a028ef7aba req-9e17d57f-ea60-4962-a95a-d3a028ef7aba ] Request (ImagesOneServerNegativeTestJSON:_run_cleanups): 200 GET http://10.180.1.21/compute/v2.1/servers/3439b9b7-2d18-4068-98ee-ca3e206d6d2f 0.089s
2025-02-09 04:28:13.258 63126 INFO tempest.lib.common.rest_client [req-6b4d515c-1259-4530-ae76-3d79080e9da7 req-6b4d515c-1259-4530-ae76-3d79080e9da7 ] Request (ServersAdminTestJSON:test_create_server_with_scheduling_hint): 200 GET http://10.180.1.21/compute/v2.1/servers/7dc6128f-ff23-4add-a7cf-52c54174ea85 0.048s
2025-02-09 04:28:13.309 63116 INFO tempest.lib.common.rest_client [req-1b451a02-50fb-4be5-b843-40daf420b462 req-1b451a02-50fb-4be5-b843-40daf420b462 ] Request (ServersNegativeTestJSON:setUpClass): 200 GET http://10.180.1.21/compute/v2.1/servers/7a5bea28-eabd-49dd-a854-33805622c7d4 0.086s
2025-02-09 04:28:13.318 63134 INFO tempest.lib.common.rest_client [req-1c623995-f161-4f97-a98f-f8c7a2151352 req-1c623995-f161-4f97-a98f-f8c7a2151352 ] Request (AttachInterfacesTestJSON:test_create_list_show_delete_interfaces_by_fixed_ip): 200 GET http://10.180.1.21/compute/v2.1/servers/17e14f3f-8170-4dff-bc39-6123194ed8e0 0.048s
2025-02-09 04:28:13.632 63140 INFO tempest.lib.common.rest_client [req-840ada88-a1cc-456f-a4e3-7ad178179855 req-840ada88-a1cc-456f-a4e3-7ad178179855 ] Request (ListServerFiltersTestJSON:setUpClass): 200 GET http://10.180.1.21/compute/v2.1/servers/c66cf078-4d7d-433d-98ee-2206453351f4 0.049s
2025-02-09 04:28:13.687 63108 INFO tempest.lib.common.rest_client [req-58308e87-7cca-4b14-8ccb-217a83cf9f2e req-58308e87-7cca-4b14-8ccb-217a83cf9f2e ] Request (DeleteServersAdminTestJSON:test_delete_server_while_in_error_state): 200 GET http://10.180.1.21/compute/v2.1/servers/46b91d04-730f-4ef1-9fc9-d7cf458b2bb5 0.048s
2025-02-09 04:28:13.694 63108 INFO tempest.common.waiters [-] State transition "BUILD/None" ==> "BUILD/networking" after 59 second wait
2025-02-09 04:28:13.739 63154 INFO tempest.lib.common.rest_client [req-bf2244c4-9896-42f7-9033-36482bd4e002 req-bf2244c4-9896-42f7-9033-36482bd4e002 ] Request (ServerAddressesNegativeTestJSON:setUpClass): 200 GET http://10.180.1.21/compute/v2.1/servers/b4e1a19a-91c7-42ed-a180-bb0c6a897409 0.093s
2025-02-09 04:28:13.747 63154 INFO tempest.common.waiters [-] State transition "BUILD/spawning" ==> "ACTIVE/None" after 63 second wait
2025-02-09 04:28:13.754 63164 INFO tempest.lib.common.rest_client [req-f21c715a-b845-47f6-9292-0845bb7b6435 req-f21c715a-b845-47f6-9292-0845bb7b6435 ] Request (MultipleCreateTestJSON:test_multiple_create_with_reservation_return): 200 GET http://10.180.1.21/compute/v2.1/servers/14111a68-61bd-4fd1-83ae-023db0110c0b 0.053s
2025-02-09 04:28:13.781 63154 INFO tempest.lib.common.rest_client [req-b5ecce0c-4823-41de-9cac-9785367cc312 req-b5ecce0c-4823-41de-9cac-9785367cc312 ] Request (ServerAddressesNegativeTestJSON:test_list_server_addresses_by_network_neg): 404 GET http://10.180.1.21/compute/v2.1/servers/b4e1a19a-91c7-42ed-a180-bb0c6a897409/ips/invalid 0.032s
2025-02-09 04:28:13.795 63132 INFO tempest.lib.common.rest_client [req-3182aeb1-4233-4b74-997d-2ce347c036b1 req-3182aeb1-4233-4b74-997d-2ce347c036b1 ] Request (ServerDiagnosticsTest:tearDownClass): 200 GET http://10.180.1.21/compute/v2.1/servers/d55dd43d-e3a5-413a-8d09-340cfd8b8090 0.080s
2025-02-09 04:28:13.803 63132 INFO tempest.common.waiters [-] State transition "ACTIVE/deleting" ==> "DELETED/None" after 3 second wait
2025-02-09 04:28:13.825 63110 INFO tempest.lib.common.rest_client [req-125f2d3a-43fa-40ab-a66b-8325aa334aa2 req-125f2d3a-43fa-40ab-a66b-8325aa334aa2 ] Request (ServerRescueTestJSONUnderV235:setUpClass): 200 GET http://10.180.1.21/compute/v2.1/servers/83538639-b73e-4533-be47-0ee88752d4b2 0.065s
2025-02-09 04:28:13.830 63154 INFO tempest.lib.common.rest_client [req-32b8ec95-fb0d-4179-97e0-68809b70c03d req-32b8ec95-fb0d-4179-97e0-68809b70c03d ] Request (ServerAddressesNegativeTestJSON:test_list_server_addresses_invalid_server_id): 404 GET http://10.180.1.21/compute/v2.1/servers/999/ips 0.048s
2025-02-09 04:28:13.847 63166 INFO tempest.lib.common.rest_client [req-ed259dca-2c56-4191-92b4-d2cb57316a11 req-ed259dca-2c56-4191-92b4-d2cb57316a11 ] Request (ServerShowV257Test:tearDownClass): 200 GET http://10.180.1.21/compute/v2.1/servers/b008518e-6ef8-4750-85e0-2f9e8242e30f 0.085s
2025-02-09 04:28:13.879 63152 INFO tempest.lib.common.rest_client [req-52d4aa17-c982-4eb6-b630-57ef4cd1a118 req-52d4aa17-c982-4eb6-b630-57ef4cd1a118 ] Request (ServersTestManualDisk:setUpClass): 200 GET http://10.180.1.21/compute/v2.1/servers/4ac2d7b0-2633-4684-a1ee-71d15d2b4466 0.079s
2025-02-09 04:28:13.892 63128 INFO tempest.lib.common.rest_client [req-63fa4b4a-2630-46a6-80fe-490b0c4126cf req-63fa4b4a-2630-46a6-80fe-490b0c4126cf ] Request (ServerGroupTestJSON:test_create_server_with_scheduler_hint_group): 200 GET http://10.180.1.21/compute/v2.1/servers/a4067f64-aa31-4e97-b4bc-0a1919967123 0.091s
2025-02-09 04:28:13.936 63118 INFO tempest.lib.common.rest_client [req-4b7e3321-57cf-40f5-b99c-d2c2ec4db8fc req-4b7e3321-57cf-40f5-b99c-d2c2ec4db8fc ] Request (DeleteServersTestJSON:test_delete_active_server): 200 GET http://10.180.1.21/compute/v2.1/servers/72804449-7f6a-4b4d-94d7-9c6e0e801c30 0.092s
2025-02-09 04:28:13.953 63154 INFO tempest.lib.common.rest_client [req-7dca9fbb-b76a-41ce-90ef-112ea041977e req-7dca9fbb-b76a-41ce-90ef-112ea041977e ] Request (ServerAddressesNegativeTestJSON:tearDownClass): 204 DELETE http://10.180.1.21/compute/v2.1/servers/b4e1a19a-91c7-42ed-a180-bb0c6a897409 0.121s
2025-02-09 04:28:13.985 63130 INFO tempest.lib.common.rest_client [req-4b3ac8fa-180e-4440-8b51-8f3c1f133edc req-4b3ac8fa-180e-4440-8b51-8f3c1f133edc ] Request (ServerShowV254Test:test_rebuild_server): 200 GET http://10.180.1.21/compute/v2.1/servers/6617ac7f-d6bd-4e9a-baf4-a0be1fdb955c 0.138s
2025-02-09 04:28:14.005 63112 INFO tempest.lib.common.rest_client [req-c9426f38-8e61-4b80-bdb1-e33698c5ea98 req-c9426f38-8e61-4b80-bdb1-e33698c5ea98 ] Request (ServersV294TestFqdnHostnames:setUpClass): 200 GET http://10.180.1.21/compute/v2.1/servers/114c361b-5947-411c-a055-6a22bdb3cf97 0.109s
2025-02-09 04:28:14.037 63144 INFO tempest.lib.common.rest_client [req-d265bb84-b1c7-4fe7-8ce0-3581670f41f4 req-d265bb84-b1c7-4fe7-8ce0-3581670f41f4 ] Request (ServerActionsV293TestJSON:setUpClass): 200 GET http://10.180.1.21/compute/v2.1/servers/944ab7ab-87b0-4f21-bbc1-2273bc9862bd 0.141s
2025-02-09 04:28:14.123 63154 INFO tempest.lib.common.rest_client [req-fc6f4a0c-4ba4-44f0-9ab1-ee6767214ef5 req-fc6f4a0c-4ba4-44f0-9ab1-ee6767214ef5 ] Request (ServerAddressesNegativeTestJSON:tearDownClass): 200 GET http://10.180.1.21/compute/v2.1/servers/b4e1a19a-91c7-42ed-a180-bb0c6a897409 0.169s
2025-02-09 04:28:14.145 63146 INFO tempest.lib.common.rest_client [req-d44fa1cd-189f-460a-942d-9de70ff56d10 req-d44fa1cd-189f-460a-942d-9de70ff56d10 ] Request (ServersAdminNegativeTestJSON:tearDownClass): 200 GET http://10.180.1.21/compute/v2.1/servers/45f90bea-e2cc-4315-96c7-53c8c0ef67fd 0.061s
2025-02-09 04:28:14.200 63148 INFO tempest.lib.common.rest_client [req-32c4e57c-ad67-469a-9a2a-00544c17a09a req-32c4e57c-ad67-469a-9a2a-00544c17a09a ] Request (MigrationsAdminTest:test_resize_server_revert_deleted_flavor): 200 GET http://10.180.1.21/compute/v2.1/servers/ff1d5b52-ea04-469f-8971-14419e9c138f 0.052s
2025-02-09 04:28:14.248 63142 INFO tempest.lib.common.rest_client [req-3706d80c-bc2e-4484-b554-992011349d0e req-3706d80c-bc2e-4484-b554-992011349d0e ] Request (InstanceActionsNegativeTestJSON:setUpClass): 200 GET http://10.180.1.21/compute/v2.1/servers/a0e5daa1-b1a2-4630-bc21-a83d6d03fe5a 0.046s
2025-02-09 04:28:14.287 63156 INFO tempest.lib.common.rest_client [req-9f8dfed4-2220-4099-9e23-fb8459e2dc86 req-9f8dfed4-2220-4099-9e23-fb8459e2dc86 ] Request (FloatingIPsAssociationNegativeTestJSON:setUpClass): 200 GET http://10.180.1.21/compute/v2.1/servers/f70fe324-e094-4b2e-a45f-a5ceb25d247b 0.141s
2025-02-09 04:28:14.305 63106 INFO tempest.lib.common.rest_client [req-7ef1051c-4eee-4fd4-a993-51e6bb5500fe req-7ef1051c-4eee-4fd4-a993-51e6bb5500fe ] Request (ServersAdmin275Test:tearDownClass): 200 GET http://10.180.1.21/compute/v2.1/servers/c1dc52c6-3ba9-4b2e-bfbe-d20ce3aca127 0.094s
2025-02-09 04:28:14.351 63162 INFO tempest.lib.common.rest_client [req-9c2cd98a-6e9f-45ed-ad4b-0f9b95a28246 req-9c2cd98a-6e9f-45ed-ad4b-0f9b95a28246 ] Request (ImagesOneServerNegativeTestJSON:_run_cleanups): 200 GET http://10.180.1.21/compute/v2.1/servers/3439b9b7-2d18-4068-98ee-ca3e206d6d2f 0.087s
2025-02-09 04:28:14.351 63126 INFO tempest.lib.common.rest_client [req-5f4ee87f-8e8a-4ecd-9338-83b5030c40fb req-5f4ee87f-8e8a-4ecd-9338-83b5030c40fb ] Request (ServersAdminTestJSON:test_create_server_with_scheduling_hint): 200 GET http://10.180.1.21/compute/v2.1/servers/7dc6128f-ff23-4add-a7cf-52c54174ea85 0.086s
2025-02-09 04:28:14.403 63134 INFO tempest.lib.common.rest_client [req-2a27457a-65a8-46e7-a222-5f14e3609125 req-2a27457a-65a8-46e7-a222-5f14e3609125 ] Request (AttachInterfacesTestJSON:test_create_list_show_delete_interfaces_by_fixed_ip): 200 GET http://10.180.1.21/compute/v2.1/servers/17e14f3f-8170-4dff-bc39-6123194ed8e0 0.078s
2025-02-09 04:28:14.410 63116 INFO tempest.lib.common.rest_client [req-8c3293af-aa2f-4d4e-8b87-dab5d541653e req-8c3293af-aa2f-4d4e-8b87-dab5d541653e ] Request (ServersNegativeTestJSON:setUpClass): 200 GET http://10.180.1.21/compute/v2.1/servers/7a5bea28-eabd-49dd-a854-33805622c7d4 0.093s
2025-02-09 04:28:14.447 63138 WARNING tempest.lib.common.ssh [-] Failed to establish authenticated ssh connection to cirros@10.180.180.140 ([Errno None] Unable to connect to port 22 on 10.180.180.140). Number attempts: 6. Retry after 7 seconds.: paramiko.ssh_exception.NoValidConnectionsError: [Errno None] Unable to connect to port 22 on 10.180.180.140
2025-02-09 04:28:14.708 63140 INFO tempest.lib.common.rest_client [req-6db3e5c0-9fe7-4bb9-a6c0-63a289d5714b req-6db3e5c0-9fe7-4bb9-a6c0-63a289d5714b ] Request (ListServerFiltersTestJSON:setUpClass): 200 GET http://10.180.1.21/compute/v2.1/servers/c66cf078-4d7d-433d-98ee-2206453351f4 0.068s
2025-02-09 04:28:14.818 63164 INFO tempest.lib.common.rest_client [req-42ee9bc2-1a6f-422c-bb88-6a9af884cadb req-42ee9bc2-1a6f-422c-bb88-6a9af884cadb ] Request (MultipleCreateTestJSON:test_multiple_create_with_reservation_return): 200 GET http://10.180.1.21/compute/v2.1/servers/14111a68-61bd-4fd1-83ae-023db0110c0b 0.056s
2025-02-09 04:28:14.857 63108 INFO tempest.lib.common.rest_client [req-772f6ceb-4eef-4e7d-89dc-eeb1f3451169 req-772f6ceb-4eef-4e7d-89dc-eeb1f3451169 ] Request (DeleteServersAdminTestJSON:test_delete_server_while_in_error_state): 200 GET http://10.180.1.21/compute/v2.1/servers/46b91d04-730f-4ef1-9fc9-d7cf458b2bb5 0.161s
2025-02-09 04:28:14.865 63108 INFO tempest.common.waiters [-] State transition "BUILD/networking" ==> "BUILD/block_device_mapping" after 60 second wait
2025-02-09 04:28:14.877 63132 INFO tempest.lib.common.rest_client [req-712d0238-cde7-441f-ad0e-25f4da6fbf07 req-712d0238-cde7-441f-ad0e-25f4da6fbf07 ] Request (ServerDiagnosticsTest:tearDownClass): 200 GET http://10.180.1.21/compute/v2.1/servers/d55dd43d-e3a5-413a-8d09-340cfd8b8090 0.070s
2025-02-09 04:28:14.906 63110 INFO tempest.lib.common.rest_client [req-29fc412a-86c8-49a9-9c90-61c0b28fb881 req-29fc412a-86c8-49a9-9c90-61c0b28fb881 ] Request (ServerRescueTestJSONUnderV235:setUpClass): 200 GET http://10.180.1.21/compute/v2.1/servers/83538639-b73e-4533-be47-0ee88752d4b2 0.073s
2025-02-09 04:28:14.938 63166 INFO tempest.lib.common.rest_client [req-b8989fde-15c8-49f4-aa79-cadbf8631834 req-b8989fde-15c8-49f4-aa79-cadbf8631834 ] Request (ServerShowV257Test:tearDownClass): 200 GET http://10.180.1.21/compute/v2.1/servers/b008518e-6ef8-4750-85e0-2f9e8242e30f 0.081s
2025-02-09 04:28:14.953 63152 INFO tempest.lib.common.rest_client [req-ece4a070-93d4-49be-bf9b-ffcb8a689fd9 req-ece4a070-93d4-49be-bf9b-ffcb8a689fd9 ] Request (ServersTestManualDisk:setUpClass): 200 GET http://10.180.1.21/compute/v2.1/servers/4ac2d7b0-2633-4684-a1ee-71d15d2b4466 0.066s
2025-02-09 04:28:14.960 63152 INFO tempest.common.waiters [-] State transition "BUILD/scheduling" ==> "BUILD/None" after 30 second wait
2025-02-09 04:28:14.984 63128 INFO tempest.lib.common.rest_client [req-1511333e-07f4-4cfb-bac7-da3eeaf99954 req-1511333e-07f4-4cfb-bac7-da3eeaf99954 ] Request (ServerGroupTestJSON:test_create_server_with_scheduler_hint_group): 200 GET http://10.180.1.21/compute/v2.1/servers/a4067f64-aa31-4e97-b4bc-0a1919967123 0.084s
2025-02-09 04:28:14.999 63118 INFO tempest.lib.common.rest_client [req-b8b9c67f-9836-405d-b46c-bec6a851bc3d req-b8b9c67f-9836-405d-b46c-bec6a851bc3d ] Request (DeleteServersTestJSON:test_delete_active_server): 200 GET http://10.180.1.21/compute/v2.1/servers/72804449-7f6a-4b4d-94d7-9c6e0e801c30 0.056s
2025-02-09 04:28:15.046 63130 INFO tempest.lib.common.rest_client [req-57e55722-5edb-4b21-b8d6-050e00af1e6e req-57e55722-5edb-4b21-b8d6-050e00af1e6e ] Request (ServerShowV254Test:test_rebuild_server): 200 GET http://10.180.1.21/compute/v2.1/servers/6617ac7f-d6bd-4e9a-baf4-a0be1fdb955c 0.051s
2025-02-09 04:28:15.078 63112 INFO tempest.lib.common.rest_client [req-caddd65b-f2d9-43eb-90e0-95b221beeac6 req-caddd65b-f2d9-43eb-90e0-95b221beeac6 ] Request (ServersV294TestFqdnHostnames:setUpClass): 200 GET http://10.180.1.21/compute/v2.1/servers/114c361b-5947-411c-a055-6a22bdb3cf97 0.062s
2025-02-09 04:28:15.100 63144 INFO tempest.lib.common.rest_client [req-914efb39-7e0f-4957-b75c-81f8d512f51c req-914efb39-7e0f-4957-b75c-81f8d512f51c ] Request (ServerActionsV293TestJSON:setUpClass): 200 GET http://10.180.1.21/compute/v2.1/servers/944ab7ab-87b0-4f21-bbc1-2273bc9862bd 0.052s
2025-02-09 04:28:15.225 63146 INFO tempest.lib.common.rest_client [req-7348ccb2-e275-436b-b82d-c5ccab124f08 req-7348ccb2-e275-436b-b82d-c5ccab124f08 ] Request (ServersAdminNegativeTestJSON:tearDownClass): 200 GET http://10.180.1.21/compute/v2.1/servers/45f90bea-e2cc-4315-96c7-53c8c0ef67fd 0.072s
2025-02-09 04:28:15.269 63148 INFO tempest.lib.common.rest_client [req-6777d6bd-86a0-40b7-8cd0-0a79dcb7a2fe req-6777d6bd-86a0-40b7-8cd0-0a79dcb7a2fe ] Request (MigrationsAdminTest:test_resize_server_revert_deleted_flavor): 200 GET http://10.180.1.21/compute/v2.1/servers/ff1d5b52-ea04-469f-8971-14419e9c138f 0.061s
2025-02-09 04:28:15.269 63154 INFO tempest.lib.common.rest_client [req-632c5104-02f5-4f2a-a310-6fdf7f465f09 req-632c5104-02f5-4f2a-a310-6fdf7f465f09 ] Request (ServerAddressesNegativeTestJSON:tearDownClass): 200 GET http://10.180.1.21/compute/v2.1/servers/b4e1a19a-91c7-42ed-a180-bb0c6a897409 0.133s
2025-02-09 04:28:15.312 63142 INFO tempest.lib.common.rest_client [req-6f7ed969-9320-4c70-a863-095e2d88af86 req-6f7ed969-9320-4c70-a863-095e2d88af86 ] Request (InstanceActionsNegativeTestJSON:setUpClass): 200 GET http://10.180.1.21/compute/v2.1/servers/a0e5daa1-b1a2-4630-bc21-a83d6d03fe5a 0.055s
2025-02-09 04:28:15.370 63106 INFO tempest.lib.common.rest_client [req-48e47180-96d9-4917-8b14-a44e81ff7595 req-48e47180-96d9-4917-8b14-a44e81ff7595 ] Request (ServersAdmin275Test:tearDownClass): 200 GET http://10.180.1.21/compute/v2.1/servers/c1dc52c6-3ba9-4b2e-bfbe-d20ce3aca127 0.054s
2025-02-09 04:28:15.386 63156 INFO tempest.lib.common.rest_client [req-0415f6ab-9dc2-4fa8-b25e-c2dd09bf0fc1 req-0415f6ab-9dc2-4fa8-b25e-c2dd09bf0fc1 ] Request (FloatingIPsAssociationNegativeTestJSON:setUpClass): 200 GET http://10.180.1.21/compute/v2.1/servers/f70fe324-e094-4b2e-a45f-a5ceb25d247b 0.089s
2025-02-09 04:28:15.412 63126 INFO tempest.lib.common.rest_client [req-925ff956-c6a6-4736-93a9-bc8276f9feb6 req-925ff956-c6a6-4736-93a9-bc8276f9feb6 ] Request (ServersAdminTestJSON:test_create_server_with_scheduling_hint): 200 GET http://10.180.1.21/compute/v2.1/servers/7dc6128f-ff23-4add-a7cf-52c54174ea85 0.053s
2025-02-09 04:28:15.438 63162 INFO tempest.lib.common.rest_client [req-765c3d67-69fd-4e3b-ad93-853988139fbd req-765c3d67-69fd-4e3b-ad93-853988139fbd ] Request (ImagesOneServerNegativeTestJSON:_run_cleanups): 200 GET http://10.180.1.21/compute/v2.1/servers/3439b9b7-2d18-4068-98ee-ca3e206d6d2f 0.078s
2025-02-09 04:28:15.460 63134 INFO tempest.lib.common.rest_client [req-bb4f147f-cd24-4e45-bd8e-b35e01b7b569 req-bb4f147f-cd24-4e45-bd8e-b35e01b7b569 ] Request (AttachInterfacesTestJSON:test_create_list_show_delete_interfaces_by_fixed_ip): 200 GET http://10.180.1.21/compute/v2.1/servers/17e14f3f-8170-4dff-bc39-6123194ed8e0 0.045s
2025-02-09 04:28:15.481 63116 INFO tempest.lib.common.rest_client [req-99fac218-4de7-46ae-b9f7-db5a79e38687 req-99fac218-4de7-46ae-b9f7-db5a79e38687 ] Request (ServersNegativeTestJSON:setUpClass): 200 GET http://10.180.1.21/compute/v2.1/servers/7a5bea28-eabd-49dd-a854-33805622c7d4 0.063s
2025-02-09 04:28:15.769 63140 INFO tempest.lib.common.rest_client [req-f05016fb-0028-419b-bf07-251c6371ffb2 req-f05016fb-0028-419b-bf07-251c6371ffb2 ] Request (ListServerFiltersTestJSON:setUpClass): 200 GET http://10.180.1.21/compute/v2.1/servers/c66cf078-4d7d-433d-98ee-2206453351f4 0.050s
2025-02-09 04:28:15.873 63164 INFO tempest.lib.common.rest_client [req-e1910b66-236c-4584-8b79-105ac25def70 req-e1910b66-236c-4584-8b79-105ac25def70 ] Request (MultipleCreateTestJSON:test_multiple_create_with_reservation_return): 200 GET http://10.180.1.21/compute/v2.1/servers/14111a68-61bd-4fd1-83ae-023db0110c0b 0.046s
2025-02-09 04:28:15.940 63132 INFO tempest.lib.common.rest_client [req-07784f6c-66e1-4138-bd4d-4e80e021523a req-07784f6c-66e1-4138-bd4d-4e80e021523a ] Request (ServerDiagnosticsTest:tearDownClass): 200 GET http://10.180.1.21/compute/v2.1/servers/d55dd43d-e3a5-413a-8d09-340cfd8b8090 0.056s
2025-02-09 04:28:15.984 63110 INFO tempest.lib.common.rest_client [req-aa3f0d67-baca-44f1-81c6-c9569ad6cc6a req-aa3f0d67-baca-44f1-81c6-c9569ad6cc6a ] Request (ServerRescueTestJSONUnderV235:setUpClass): 200 GET http://10.180.1.21/compute/v2.1/servers/83538639-b73e-4533-be47-0ee88752d4b2 0.070s
2025-02-09 04:28:15.992 63108 INFO tempest.lib.common.rest_client [req-b5adbc3f-6801-4c90-8f56-2221e7de7f14 req-b5adbc3f-6801-4c90-8f56-2221e7de7f14 ] Request (DeleteServersAdminTestJSON:test_delete_server_while_in_error_state): 200 GET http://10.180.1.21/compute/v2.1/servers/46b91d04-730f-4ef1-9fc9-d7cf458b2bb5 0.126s
2025-02-09 04:28:16.003 63108 INFO tempest.common.waiters [-] State transition "BUILD/block_device_mapping" ==> "BUILD/spawning" after 62 second wait
2025-02-09 04:28:16.047 63166 INFO tempest.lib.common.rest_client [req-2233b529-6102-4fd1-82ea-366bb3f15ca2 req-2233b529-6102-4fd1-82ea-366bb3f15ca2 ] Request (ServerShowV257Test:tearDownClass): 200 GET http://10.180.1.21/compute/v2.1/servers/b008518e-6ef8-4750-85e0-2f9e8242e30f 0.099s
2025-02-09 04:28:16.050 63152 INFO tempest.lib.common.rest_client [req-bb87f8a6-5c73-47a7-ba3b-3778a828924c req-bb87f8a6-5c73-47a7-ba3b-3778a828924c ] Request (ServersTestManualDisk:setUpClass): 200 GET http://10.180.1.21/compute/v2.1/servers/4ac2d7b0-2633-4684-a1ee-71d15d2b4466 0.088s
2025-02-09 04:28:16.070 63169 WARNING tempest.lib.common.ssh [-] Failed to establish authenticated ssh connection to cirros@10.180.180.150 ([Errno None] Unable to connect to port 22 on 10.180.180.150). Number attempts: 7. Retry after 8 seconds.: paramiko.ssh_exception.NoValidConnectionsError: [Errno None] Unable to connect to port 22 on 10.180.180.150
2025-02-09 04:28:16.096 63128 INFO tempest.lib.common.rest_client [req-ddc601fa-f4dc-47ae-8929-6d03f4aa7881 req-ddc601fa-f4dc-47ae-8929-6d03f4aa7881 ] Request (ServerGroupTestJSON:test_create_server_with_scheduler_hint_group): 200 GET http://10.180.1.21/compute/v2.1/servers/a4067f64-aa31-4e97-b4bc-0a1919967123 0.104s
2025-02-09 04:28:16.112 63118 INFO tempest.lib.common.rest_client [req-edee4ccf-ec22-4a02-88dd-32841a231104 req-edee4ccf-ec22-4a02-88dd-32841a231104 ] Request (DeleteServersTestJSON:test_delete_active_server): 200 GET http://10.180.1.21/compute/v2.1/servers/72804449-7f6a-4b4d-94d7-9c6e0e801c30 0.104s
2025-02-09 04:28:16.150 63130 INFO tempest.lib.common.rest_client [req-46537847-e3ac-4671-a66c-0cefc50c3c21 req-46537847-e3ac-4671-a66c-0cefc50c3c21 ] Request (ServerShowV254Test:test_rebuild_server): 200 GET http://10.180.1.21/compute/v2.1/servers/6617ac7f-d6bd-4e9a-baf4-a0be1fdb955c 0.094s
2025-02-09 04:28:16.172 63112 INFO tempest.lib.common.rest_client [req-9420571e-18e9-4beb-97a5-d85a01868551 req-9420571e-18e9-4beb-97a5-d85a01868551 ] Request (ServersV294TestFqdnHostnames:setUpClass): 200 GET http://10.180.1.21/compute/v2.1/servers/114c361b-5947-411c-a055-6a22bdb3cf97 0.083s
2025-02-09 04:28:16.204 63144 INFO tempest.lib.common.rest_client [req-bac87c04-b8f6-4e87-88c8-52e5ff25c5ca req-bac87c04-b8f6-4e87-88c8-52e5ff25c5ca ] Request (ServerActionsV293TestJSON:setUpClass): 200 GET http://10.180.1.21/compute/v2.1/servers/944ab7ab-87b0-4f21-bbc1-2273bc9862bd 0.093s
2025-02-09 04:28:16.318 63146 INFO tempest.lib.common.rest_client [req-93a999d8-edc4-4631-8c87-222aab394327 req-93a999d8-edc4-4631-8c87-222aab394327 ] Request (ServersAdminNegativeTestJSON:tearDownClass): 200 GET http://10.180.1.21/compute/v2.1/servers/45f90bea-e2cc-4315-96c7-53c8c0ef67fd 0.083s
2025-02-09 04:28:16.329 63148 INFO tempest.lib.common.rest_client [req-face258d-3eb3-4564-99e9-97868596bad6 req-face258d-3eb3-4564-99e9-97868596bad6 ] Request (MigrationsAdminTest:test_resize_server_revert_deleted_flavor): 200 GET http://10.180.1.21/compute/v2.1/servers/ff1d5b52-ea04-469f-8971-14419e9c138f 0.051s
2025-02-09 04:28:16.376 63142 INFO tempest.lib.common.rest_client [req-4adf52be-e5ef-4a94-ab79-ee3fc7cee3b9 req-4adf52be-e5ef-4a94-ab79-ee3fc7cee3b9 ] Request (InstanceActionsNegativeTestJSON:setUpClass): 200 GET http://10.180.1.21/compute/v2.1/servers/a0e5daa1-b1a2-4630-bc21-a83d6d03fe5a 0.056s
2025-02-09 04:28:16.439 63154 INFO tempest.lib.common.rest_client [req-8f2d1c51-b5b1-4eb1-9088-c4f4321366fc req-8f2d1c51-b5b1-4eb1-9088-c4f4321366fc ] Request (ServerAddressesNegativeTestJSON:tearDownClass): 200 GET http://10.180.1.21/compute/v2.1/servers/b4e1a19a-91c7-42ed-a180-bb0c6a897409 0.162s
2025-02-09 04:28:16.454 63106 INFO tempest.lib.common.rest_client [req-afd480d4-0887-41e8-b505-5b55997d7fab req-afd480d4-0887-41e8-b505-5b55997d7fab ] Request (ServersAdmin275Test:tearDownClass): 200 GET http://10.180.1.21/compute/v2.1/servers/c1dc52c6-3ba9-4b2e-bfbe-d20ce3aca127 0.075s
2025-02-09 04:28:16.501 63126 INFO tempest.lib.common.rest_client [req-80b58e82-b2d0-43fe-a155-91473f5011ba req-80b58e82-b2d0-43fe-a155-91473f5011ba ] Request (ServersAdminTestJSON:test_create_server_with_scheduling_hint): 200 GET http://10.180.1.21/compute/v2.1/servers/7dc6128f-ff23-4add-a7cf-52c54174ea85 0.080s
2025-02-09 04:28:16.528 63162 INFO tempest.lib.common.rest_client [req-d2f540c2-f1cb-423d-8454-5cb2e720eb55 req-d2f540c2-f1cb-423d-8454-5cb2e720eb55 ] Request (ImagesOneServerNegativeTestJSON:_run_cleanups): 404 GET http://10.180.1.21/compute/v2.1/servers/3439b9b7-2d18-4068-98ee-ca3e206d6d2f 0.081s
2025-02-09 04:28:16.568 63156 INFO tempest.lib.common.rest_client [req-d1e92760-0a44-4ea2-bea7-ef6520f3698e req-d1e92760-0a44-4ea2-bea7-ef6520f3698e ] Request (FloatingIPsAssociationNegativeTestJSON:setUpClass): 200 GET http://10.180.1.21/compute/v2.1/servers/f70fe324-e094-4b2e-a45f-a5ceb25d247b 0.173s
2025-02-09 04:28:16.578 63134 INFO tempest.lib.common.rest_client [req-49da20c2-0bcb-4709-9bc3-b424de468b64 req-49da20c2-0bcb-4709-9bc3-b424de468b64 ] Request (AttachInterfacesTestJSON:test_create_list_show_delete_interfaces_by_fixed_ip): 200 GET http://10.180.1.21/compute/v2.1/servers/17e14f3f-8170-4dff-bc39-6123194ed8e0 0.111s
2025-02-09 04:28:16.615 63116 INFO tempest.lib.common.rest_client [req-0f227136-4b3c-4914-b986-b8c9a09cba7a req-0f227136-4b3c-4914-b986-b8c9a09cba7a ] Request (ServersNegativeTestJSON:setUpClass): 200 GET http://10.180.1.21/compute/v2.1/servers/7a5bea28-eabd-49dd-a854-33805622c7d4 0.126s
2025-02-09 04:28:16.631 63162 INFO tempest.lib.common.rest_client [req-4653e1e2-68f1-49ea-a101-3da88b3bffa9 req-4653e1e2-68f1-49ea-a101-3da88b3bffa9 ] Request (ImagesOneServerNegativeTestJSON:_run_cleanups): 200 POST http://10.180.1.21/compute/v2.1/os-keypairs 0.102s
2025-02-09 04:28:16.727 63162 INFO tempest.lib.common.rest_client [req-5c46eef4-f77b-4403-b3b3-0767ca4f49b2 req-5c46eef4-f77b-4403-b3b3-0767ca4f49b2 ] Request (ImagesOneServerNegativeTestJSON:_run_cleanups): 201 POST http://10.180.1.21:9696/networking/v2.0/security-groups 0.094s
2025-02-09 04:28:16.811 63162 INFO tempest.lib.common.rest_client [req-32b01f3e-8e52-4867-987c-cc170f184b61 req-32b01f3e-8e52-4867-987c-cc170f184b61 ] Request (ImagesOneServerNegativeTestJSON:_run_cleanups): 201 POST http://10.180.1.21:9696/networking/v2.0/security-group-rules 0.084s
2025-02-09 04:28:16.840 63140 INFO tempest.lib.common.rest_client [req-c0c36bbb-1e60-487f-b59e-ae4a81e4c12e req-c0c36bbb-1e60-487f-b59e-ae4a81e4c12e ] Request (ListServerFiltersTestJSON:setUpClass): 200 GET http://10.180.1.21/compute/v2.1/servers/c66cf078-4d7d-433d-98ee-2206453351f4 0.064s
2025-02-09 04:28:16.904 63162 INFO tempest.lib.common.rest_client [req-9e582ca1-af0f-4575-8241-a426baf37177 req-9e582ca1-af0f-4575-8241-a426baf37177 ] Request (ImagesOneServerNegativeTestJSON:_run_cleanups): 201 POST http://10.180.1.21:9696/networking/v2.0/security-group-rules 0.092s
2025-02-09 04:28:16.940 63164 INFO tempest.lib.common.rest_client [req-87c53ce2-903c-4704-95dd-4705874bf368 req-87c53ce2-903c-4704-95dd-4705874bf368 ] Request (MultipleCreateTestJSON:test_multiple_create_with_reservation_return): 200 GET http://10.180.1.21/compute/v2.1/servers/14111a68-61bd-4fd1-83ae-023db0110c0b 0.059s
2025-02-09 04:28:17.018 63132 INFO tempest.lib.common.rest_client [req-b4f53ce4-21b5-4034-afa1-a3c8954d0061 req-b4f53ce4-21b5-4034-afa1-a3c8954d0061 ] Request (ServerDiagnosticsTest:tearDownClass): 200 GET http://10.180.1.21/compute/v2.1/servers/d55dd43d-e3a5-413a-8d09-340cfd8b8090 0.069s
2025-02-09 04:28:17.050 63110 INFO tempest.lib.common.rest_client [req-fc0544e0-be1a-4dbf-8eb1-54f4e3d53511 req-fc0544e0-be1a-4dbf-8eb1-54f4e3d53511 ] Request (ServerRescueTestJSONUnderV235:setUpClass): 200 GET http://10.180.1.21/compute/v2.1/servers/83538639-b73e-4533-be47-0ee88752d4b2 0.057s
2025-02-09 04:28:17.111 63108 INFO tempest.lib.common.rest_client [req-2b251e45-3fcc-4e7b-b403-cb4ed3291c4a req-2b251e45-3fcc-4e7b-b403-cb4ed3291c4a ] Request (DeleteServersAdminTestJSON:test_delete_server_while_in_error_state): 200 GET http://10.180.1.21/compute/v2.1/servers/46b91d04-730f-4ef1-9fc9-d7cf458b2bb5 0.107s
2025-02-09 04:28:17.112 63152 INFO tempest.lib.common.rest_client [req-6428d9cc-7742-4b4c-9871-39e3f25c8e45 req-6428d9cc-7742-4b4c-9871-39e3f25c8e45 ] Request (ServersTestManualDisk:setUpClass): 200 GET http://10.180.1.21/compute/v2.1/servers/4ac2d7b0-2633-4684-a1ee-71d15d2b4466 0.054s
2025-02-09 04:28:17.165 63128 INFO tempest.lib.common.rest_client [req-af0d54d1-22be-40ac-9407-082da7a8ad9a req-af0d54d1-22be-40ac-9407-082da7a8ad9a ] Request (ServerGroupTestJSON:test_create_server_with_scheduler_hint_group): 200 GET http://10.180.1.21/compute/v2.1/servers/a4067f64-aa31-4e97-b4bc-0a1919967123 0.055s
2025-02-09 04:28:17.199 63124 WARNING tempest.lib.common.ssh [-] Failed to establish authenticated ssh connection to cirros@10.180.180.169 ([Errno None] Unable to connect to port 22 on 10.180.180.169). Number attempts: 8. Retry after 9 seconds.: paramiko.ssh_exception.NoValidConnectionsError: [Errno None] Unable to connect to port 22 on 10.180.180.169
2025-02-09 04:28:17.217 63118 INFO tempest.lib.common.rest_client [req-e76e8c54-93e4-434a-a1f0-e775f1a9ee2e req-e76e8c54-93e4-434a-a1f0-e775f1a9ee2e ] Request (DeleteServersTestJSON:test_delete_active_server): 200 GET http://10.180.1.21/compute/v2.1/servers/72804449-7f6a-4b4d-94d7-9c6e0e801c30 0.095s
2025-02-09 04:28:17.271 63130 INFO tempest.lib.common.rest_client [req-162e06f7-c32c-4682-939f-bfaf6a1874e7 req-162e06f7-c32c-4682-939f-bfaf6a1874e7 ] Request (ServerShowV254Test:test_rebuild_server): 200 GET http://10.180.1.21/compute/v2.1/servers/6617ac7f-d6bd-4e9a-baf4-a0be1fdb955c 0.113s
2025-02-09 04:28:17.328 63112 INFO tempest.lib.common.rest_client [req-1e069e5d-1ec7-4962-b92d-087b76cddb8f req-1e069e5d-1ec7-4962-b92d-087b76cddb8f ] Request (ServersV294TestFqdnHostnames:setUpClass): 200 GET http://10.180.1.21/compute/v2.1/servers/114c361b-5947-411c-a055-6a22bdb3cf97 0.145s
2025-02-09 04:28:17.361 63166 INFO tempest.lib.common.rest_client [req-b51cc640-799d-4cd3-8647-4bed24b96e43 req-b51cc640-799d-4cd3-8647-4bed24b96e43 ] Request (ServerShowV257Test:tearDownClass): 200 GET http://10.180.1.21/compute/v2.1/servers/b008518e-6ef8-4750-85e0-2f9e8242e30f 0.303s
2025-02-09 04:28:17.388 63144 INFO tempest.lib.common.rest_client [req-10fc96b7-9c5c-4fd6-9d7f-217e910ee86c req-10fc96b7-9c5c-4fd6-9d7f-217e910ee86c ] Request (ServerActionsV293TestJSON:setUpClass): 200 GET http://10.180.1.21/compute/v2.1/servers/944ab7ab-87b0-4f21-bbc1-2273bc9862bd 0.172s
2025-02-09 04:28:17.394 63162 INFO tempest.lib.common.rest_client [req-db0bfd93-4e30-4698-8c30-ee0dea8237b1 req-db0bfd93-4e30-4698-8c30-ee0dea8237b1 ] Request (ImagesOneServerNegativeTestJSON:_run_cleanups): 201 POST http://10.180.1.21:9696/networking/v2.0/floatingips 0.489s
2025-02-09 04:28:17.422 63146 INFO tempest.lib.common.rest_client [req-6c266f3e-ee92-4377-9bfc-c728914ce0dc req-6c266f3e-ee92-4377-9bfc-c728914ce0dc ] Request (ServersAdminNegativeTestJSON:tearDownClass): 200 GET http://10.180.1.21/compute/v2.1/servers/45f90bea-e2cc-4315-96c7-53c8c0ef67fd 0.096s
2025-02-09 04:28:17.434 63148 INFO tempest.lib.common.rest_client [req-636c5506-3809-4221-8307-afdfb66b910f req-636c5506-3809-4221-8307-afdfb66b910f ] Request (MigrationsAdminTest:test_resize_server_revert_deleted_flavor): 200 GET http://10.180.1.21/compute/v2.1/servers/ff1d5b52-ea04-469f-8971-14419e9c138f 0.098s
2025-02-09 04:28:17.471 63162 INFO tempest.lib.common.rest_client [req-88622292-8086-444c-8014-6af60cb42d01 req-88622292-8086-444c-8014-6af60cb42d01 ] Request (ImagesOneServerNegativeTestJSON:_run_cleanups): 201 POST http://10.180.1.21/identity/v3/auth/tokens 0.074s
2025-02-09 04:28:17.472 63162 INFO tempest.lib.common.fixed_network [-] (ImagesOneServerNegativeTestJSON:_run_cleanups) Found network {'id': '533517a7-8339-4dfd-bc55-f5a5d1787ada', 'name': 'tempest-ImagesOneServerNegativeTestJSON-1458211869-network', 'tenant_id': '513a92ad30804424b80031b4aa3da985', 'admin_state_up': True, 'mtu': 8950, 'status': 'ACTIVE', 'subnets': [], 'shared': False, 'project_id': '513a92ad30804424b80031b4aa3da985', 'port_security_enabled': True, 'router:external': False, 'provider:network_type': 'vlan', 'provider:physical_network': 'default', 'provider:segmentation_id': 907, 'availability_zone_hints': [], 'availability_zones': [], 'ipv4_address_scope': None, 'ipv6_address_scope': None, 'description': '', 'tags': [], 'created_at': '2025-02-09T04:26:27Z', 'updated_at': '2025-02-09T04:26:27Z', 'revision_number': 1} available for tenant
2025-02-09 04:28:17.479 63142 INFO tempest.lib.common.rest_client [req-2ed9a9eb-b1c2-49b7-8493-9b3e6e29ec53 req-2ed9a9eb-b1c2-49b7-8493-9b3e6e29ec53 ] Request (InstanceActionsNegativeTestJSON:setUpClass): 200 GET http://10.180.1.21/compute/v2.1/servers/a0e5daa1-b1a2-4630-bc21-a83d6d03fe5a 0.092s
2025-02-09 04:28:17.502 63154 INFO tempest.lib.common.rest_client [req-c3f28d43-38fe-469b-89b7-8fe52c7b951c req-c3f28d43-38fe-469b-89b7-8fe52c7b951c ] Request (ServerAddressesNegativeTestJSON:tearDownClass): 200 GET http://10.180.1.21/compute/v2.1/servers/b4e1a19a-91c7-42ed-a180-bb0c6a897409 0.049s
2025-02-09 04:28:17.519 63159 WARNING tempest.lib.common.ssh [-] Failed to establish authenticated ssh connection to cirros@10.180.180.145 ([Errno None] Unable to connect to port 22 on 10.180.180.145). Number attempts: 3. Retry after 4 seconds.: paramiko.ssh_exception.NoValidConnectionsError: [Errno None] Unable to connect to port 22 on 10.180.180.145
2025-02-09 04:28:17.531 63106 INFO tempest.lib.common.rest_client [req-b5c6eb85-fd80-417d-87f2-b985b2c0b27f req-b5c6eb85-fd80-417d-87f2-b985b2c0b27f ] Request (ServersAdmin275Test:tearDownClass): 200 GET http://10.180.1.21/compute/v2.1/servers/c1dc52c6-3ba9-4b2e-bfbe-d20ce3aca127 0.066s
2025-02-09 04:28:17.578 63126 INFO tempest.lib.common.rest_client [req-d3210b5e-e843-42f7-af73-4bf63454821f req-d3210b5e-e843-42f7-af73-4bf63454821f ] Request (ServersAdminTestJSON:test_create_server_with_scheduling_hint): 200 GET http://10.180.1.21/compute/v2.1/servers/7dc6128f-ff23-4add-a7cf-52c54174ea85 0.065s
2025-02-09 04:28:17.669 63156 INFO tempest.lib.common.rest_client [req-8b31bd37-505d-444a-b73b-e1a871f4e258 req-8b31bd37-505d-444a-b73b-e1a871f4e258 ] Request (FloatingIPsAssociationNegativeTestJSON:setUpClass): 200 GET http://10.180.1.21/compute/v2.1/servers/f70fe324-e094-4b2e-a45f-a5ceb25d247b 0.092s
2025-02-09 04:28:17.718 63134 INFO tempest.lib.common.rest_client [req-1843dc5e-a739-45e4-ac0f-db514b19dc09 req-1843dc5e-a739-45e4-ac0f-db514b19dc09 ] Request (AttachInterfacesTestJSON:test_create_list_show_delete_interfaces_by_fixed_ip): 200 GET http://10.180.1.21/compute/v2.1/servers/17e14f3f-8170-4dff-bc39-6123194ed8e0 0.131s
2025-02-09 04:28:17.776 63116 INFO tempest.lib.common.rest_client [req-11fdbc6d-2745-4c66-bf70-ef75c03a7da3 req-11fdbc6d-2745-4c66-bf70-ef75c03a7da3 ] Request (ServersNegativeTestJSON:setUpClass): 200 GET http://10.180.1.21/compute/v2.1/servers/7a5bea28-eabd-49dd-a854-33805622c7d4 0.152s
2025-02-09 04:28:17.807 63162 INFO tempest.lib.common.rest_client [req-0512b966-cb95-4cde-9f34-3522e4c2a2ba req-0512b966-cb95-4cde-9f34-3522e4c2a2ba ] Request (ImagesOneServerNegativeTestJSON:_run_cleanups): 202 POST http://10.180.1.21/compute/v2.1/servers 0.334s
2025-02-09 04:28:17.847 63162 INFO tempest.lib.common.rest_client [req-c99833f5-b322-4762-80a0-4eb54285a041 req-c99833f5-b322-4762-80a0-4eb54285a041 ] Request (ImagesOneServerNegativeTestJSON:_run_cleanups): 200 GET http://10.180.1.21/compute/v2.1/servers/23dd65a4-a98a-46db-8006-b00482ece873 0.039s
2025-02-09 04:28:17.902 63140 INFO tempest.lib.common.rest_client [req-a2ea464e-0fb3-4780-80a4-9cd3cce3e372 req-a2ea464e-0fb3-4780-80a4-9cd3cce3e372 ] Request (ListServerFiltersTestJSON:setUpClass): 200 GET http://10.180.1.21/compute/v2.1/servers/c66cf078-4d7d-433d-98ee-2206453351f4 0.053s
2025-02-09 04:28:17.997 63164 INFO tempest.lib.common.rest_client [req-16492d68-4a60-4186-b570-c214d4a0c12a req-16492d68-4a60-4186-b570-c214d4a0c12a ] Request (MultipleCreateTestJSON:test_multiple_create_with_reservation_return): 200 GET http://10.180.1.21/compute/v2.1/servers/14111a68-61bd-4fd1-83ae-023db0110c0b 0.047s
2025-02-09 04:28:18.082 63132 INFO tempest.lib.common.rest_client [req-f75920b9-f42e-4cd6-86c5-efe6c0b630d2 req-f75920b9-f42e-4cd6-86c5-efe6c0b630d2 ] Request (ServerDiagnosticsTest:tearDownClass): 200 GET http://10.180.1.21/compute/v2.1/servers/d55dd43d-e3a5-413a-8d09-340cfd8b8090 0.056s
2025-02-09 04:28:18.104 63110 INFO tempest.lib.common.rest_client [req-8d372816-c7ce-42bc-882c-01ded7bcd068 req-8d372816-c7ce-42bc-882c-01ded7bcd068 ] Request (ServerRescueTestJSONUnderV235:setUpClass): 200 GET http://10.180.1.21/compute/v2.1/servers/83538639-b73e-4533-be47-0ee88752d4b2 0.047s
2025-02-09 04:28:18.169 63152 INFO tempest.lib.common.rest_client [req-17abddd3-0e25-44ad-962d-137350a14333 req-17abddd3-0e25-44ad-962d-137350a14333 ] Request (ServersTestManualDisk:setUpClass): 200 GET http://10.180.1.21/compute/v2.1/servers/4ac2d7b0-2633-4684-a1ee-71d15d2b4466 0.050s
2025-02-09 04:28:18.217 63128 INFO tempest.lib.common.rest_client [req-51c02bbb-554e-4e21-a4fd-d6c3d2f40957 req-51c02bbb-554e-4e21-a4fd-d6c3d2f40957 ] Request (ServerGroupTestJSON:test_create_server_with_scheduler_hint_group): 200 GET http://10.180.1.21/compute/v2.1/servers/a4067f64-aa31-4e97-b4bc-0a1919967123 0.044s
2025-02-09 04:28:18.245 63108 INFO tempest.lib.common.rest_client [req-4c43c39f-7e2e-49af-b3d2-333b23b8c04b req-4c43c39f-7e2e-49af-b3d2-333b23b8c04b ] Request (DeleteServersAdminTestJSON:test_delete_server_while_in_error_state): 200 GET http://10.180.1.21/compute/v2.1/servers/46b91d04-730f-4ef1-9fc9-d7cf458b2bb5 0.127s
2025-02-09 04:28:18.277 63118 INFO tempest.lib.common.rest_client [req-b2979c5c-4899-4f61-862e-b5324edd8163 req-b2979c5c-4899-4f61-862e-b5324edd8163 ] Request (DeleteServersTestJSON:test_delete_active_server): 200 GET http://10.180.1.21/compute/v2.1/servers/72804449-7f6a-4b4d-94d7-9c6e0e801c30 0.049s
2025-02-09 04:28:18.334 63130 INFO tempest.lib.common.rest_client [req-adea72ac-395e-4a37-a154-b0b4eb5c1140 req-adea72ac-395e-4a37-a154-b0b4eb5c1140 ] Request (ServerShowV254Test:test_rebuild_server): 200 GET http://10.180.1.21/compute/v2.1/servers/6617ac7f-d6bd-4e9a-baf4-a0be1fdb955c 0.050s
2025-02-09 04:28:18.395 63112 INFO tempest.lib.common.rest_client [req-fd8333fd-b63f-4e04-ab91-23c7fa516e78 req-fd8333fd-b63f-4e04-ab91-23c7fa516e78 ] Request (ServersV294TestFqdnHostnames:setUpClass): 200 GET http://10.180.1.21/compute/v2.1/servers/114c361b-5947-411c-a055-6a22bdb3cf97 0.052s
2025-02-09 04:28:18.440 63166 INFO tempest.lib.common.rest_client [req-345fd203-1fbe-4697-86ca-8f8199ba73a0 req-345fd203-1fbe-4697-86ca-8f8199ba73a0 ] Request (ServerShowV257Test:tearDownClass): 200 GET http://10.180.1.21/compute/v2.1/servers/b008518e-6ef8-4750-85e0-2f9e8242e30f 0.060s
2025-02-09 04:28:18.469 63144 INFO tempest.lib.common.rest_client [req-7f6b666e-ff81-42c5-a1f3-26f6edf718a5 req-7f6b666e-ff81-42c5-a1f3-26f6edf718a5 ] Request (ServerActionsV293TestJSON:setUpClass): 200 GET http://10.180.1.21/compute/v2.1/servers/944ab7ab-87b0-4f21-bbc1-2273bc9862bd 0.070s
2025-02-09 04:28:18.495 63146 INFO tempest.lib.common.rest_client [req-43ba7041-73e0-4139-8189-8ffeaea720aa req-43ba7041-73e0-4139-8189-8ffeaea720aa ] Request (ServersAdminNegativeTestJSON:tearDownClass): 200 GET http://10.180.1.21/compute/v2.1/servers/45f90bea-e2cc-4315-96c7-53c8c0ef67fd 0.063s
2025-02-09 04:28:18.533 63148 INFO tempest.lib.common.rest_client [req-7cc0a3df-faa6-4d3d-9054-2620d74ed4fb req-7cc0a3df-faa6-4d3d-9054-2620d74ed4fb ] Request (MigrationsAdminTest:test_resize_server_revert_deleted_flavor): 200 GET http://10.180.1.21/compute/v2.1/servers/ff1d5b52-ea04-469f-8971-14419e9c138f 0.089s
2025-02-09 04:28:18.541 63142 INFO tempest.lib.common.rest_client [req-e2cea49f-4da5-47fd-8065-09bc9c678d50 req-e2cea49f-4da5-47fd-8065-09bc9c678d50 ] Request (InstanceActionsNegativeTestJSON:setUpClass): 200 GET http://10.180.1.21/compute/v2.1/servers/a0e5daa1-b1a2-4630-bc21-a83d6d03fe5a 0.054s
2025-02-09 04:28:18.594 63154 INFO tempest.lib.common.rest_client [req-6863991c-2399-4f75-b89e-2edb1df1fd90 req-6863991c-2399-4f75-b89e-2edb1df1fd90 ] Request (ServerAddressesNegativeTestJSON:tearDownClass): 200 GET http://10.180.1.21/compute/v2.1/servers/b4e1a19a-91c7-42ed-a180-bb0c6a897409 0.082s
2025-02-09 04:28:18.601 63154 INFO tempest.common.waiters [-] State transition "ACTIVE/deleting" ==> "DELETED/None" after 4 second wait
2025-02-09 04:28:18.604 63106 INFO tempest.lib.common.rest_client [req-7b4cb3f7-8fbd-485d-a0a3-67c2eea524f3 req-7b4cb3f7-8fbd-485d-a0a3-67c2eea524f3 ] Request (ServersAdmin275Test:tearDownClass): 200 GET http://10.180.1.21/compute/v2.1/servers/c1dc52c6-3ba9-4b2e-bfbe-d20ce3aca127 0.062s
2025-02-09 04:28:18.643 63126 INFO tempest.lib.common.rest_client [req-5a6c4bfd-7676-494e-9d73-67b7bd0bc9fe req-5a6c4bfd-7676-494e-9d73-67b7bd0bc9fe ] Request (ServersAdminTestJSON:test_create_server_with_scheduling_hint): 200 GET http://10.180.1.21/compute/v2.1/servers/7dc6128f-ff23-4add-a7cf-52c54174ea85 0.056s
2025-02-09 04:28:18.780 63134 INFO tempest.lib.common.rest_client [req-59040405-c606-4480-8284-0836a1778999 req-59040405-c606-4480-8284-0836a1778999 ] Request (AttachInterfacesTestJSON:test_create_list_show_delete_interfaces_by_fixed_ip): 200 GET http://10.180.1.21/compute/v2.1/servers/17e14f3f-8170-4dff-bc39-6123194ed8e0 0.054s
2025-02-09 04:28:18.818 63156 INFO tempest.lib.common.rest_client [req-660eb396-26ab-4c2c-839a-759e7ebcb09c req-660eb396-26ab-4c2c-839a-759e7ebcb09c ] Request (FloatingIPsAssociationNegativeTestJSON:setUpClass): 200 GET http://10.180.1.21/compute/v2.1/servers/f70fe324-e094-4b2e-a45f-a5ceb25d247b 0.141s
2025-02-09 04:28:18.834 63116 INFO tempest.lib.common.rest_client [req-2a8339d9-026f-42b8-a148-cd5b28b126f5 req-2a8339d9-026f-42b8-a148-cd5b28b126f5 ] Request (ServersNegativeTestJSON:setUpClass): 200 GET http://10.180.1.21/compute/v2.1/servers/7a5bea28-eabd-49dd-a854-33805622c7d4 0.049s
2025-02-09 04:28:18.903 63162 INFO tempest.lib.common.rest_client [req-bef6b037-8c43-4d8d-b945-d08844be38d7 req-bef6b037-8c43-4d8d-b945-d08844be38d7 ] Request (ImagesOneServerNegativeTestJSON:_run_cleanups): 200 GET http://10.180.1.21/compute/v2.1/servers/23dd65a4-a98a-46db-8006-b00482ece873 0.047s
2025-02-09 04:28:18.956 63140 INFO tempest.lib.common.rest_client [req-39fd061c-729a-4cbe-b978-4060e505727c req-39fd061c-729a-4cbe-b978-4060e505727c ] Request (ListServerFiltersTestJSON:setUpClass): 200 GET http://10.180.1.21/compute/v2.1/servers/c66cf078-4d7d-433d-98ee-2206453351f4 0.046s
2025-02-09 04:28:19.051 63164 INFO tempest.lib.common.rest_client [req-d562b206-8fa9-4e22-8f84-431685410afa req-d562b206-8fa9-4e22-8f84-431685410afa ] Request (MultipleCreateTestJSON:test_multiple_create_with_reservation_return): 200 GET http://10.180.1.21/compute/v2.1/servers/14111a68-61bd-4fd1-83ae-023db0110c0b 0.047s
2025-02-09 04:28:19.146 63132 INFO tempest.lib.common.rest_client [req-4c29e352-57cb-483f-ad4d-118e4e8cabb5 req-4c29e352-57cb-483f-ad4d-118e4e8cabb5 ] Request (ServerDiagnosticsTest:tearDownClass): 200 GET http://10.180.1.21/compute/v2.1/servers/d55dd43d-e3a5-413a-8d09-340cfd8b8090 0.056s
2025-02-09 04:28:19.158 63110 INFO tempest.lib.common.rest_client [req-175f017a-5ab8-4ad5-9200-9ca60d21ce67 req-175f017a-5ab8-4ad5-9200-9ca60d21ce67 ] Request (ServerRescueTestJSONUnderV235:setUpClass): 200 GET http://10.180.1.21/compute/v2.1/servers/83538639-b73e-4533-be47-0ee88752d4b2 0.046s
2025-02-09 04:28:19.229 63152 INFO tempest.lib.common.rest_client [req-38fd8b49-35fe-44c0-952e-2d1920c9a0e2 req-38fd8b49-35fe-44c0-952e-2d1920c9a0e2 ] Request (ServersTestManualDisk:setUpClass): 200 GET http://10.180.1.21/compute/v2.1/servers/4ac2d7b0-2633-4684-a1ee-71d15d2b4466 0.052s
2025-02-09 04:28:19.247 63120 WARNING tempest.lib.common.ssh [-] Failed to establish authenticated ssh connection to cirros@10.180.180.190 ([Errno None] Unable to connect to port 22 on 10.180.180.190). Number attempts: 4. Retry after 5 seconds.: paramiko.ssh_exception.NoValidConnectionsError: [Errno None] Unable to connect to port 22 on 10.180.180.190
2025-02-09 04:28:19.279 63128 INFO tempest.lib.common.rest_client [req-e5367db6-2100-48e0-8133-67f49c1a4da2 req-e5367db6-2100-48e0-8133-67f49c1a4da2 ] Request (ServerGroupTestJSON:test_create_server_with_scheduler_hint_group): 200 GET http://10.180.1.21/compute/v2.1/servers/a4067f64-aa31-4e97-b4bc-0a1919967123 0.054s
2025-02-09 04:28:19.337 63118 INFO tempest.lib.common.rest_client [req-d1cae427-40d4-4580-b280-3beff62d00f8 req-d1cae427-40d4-4580-b280-3beff62d00f8 ] Request (DeleteServersTestJSON:test_delete_active_server): 200 GET http://10.180.1.21/compute/v2.1/servers/72804449-7f6a-4b4d-94d7-9c6e0e801c30 0.052s
2025-02-09 04:28:19.355 63108 INFO tempest.lib.common.rest_client [req-3dea3972-468c-473f-830c-fcb0da4eb50f req-3dea3972-468c-473f-830c-fcb0da4eb50f ] Request (DeleteServersAdminTestJSON:test_delete_server_while_in_error_state): 200 GET http://10.180.1.21/compute/v2.1/servers/46b91d04-730f-4ef1-9fc9-d7cf458b2bb5 0.100s
2025-02-09 04:28:19.395 63130 INFO tempest.lib.common.rest_client [req-281c48cd-e661-4218-9d6f-d0f0ce68d866 req-281c48cd-e661-4218-9d6f-d0f0ce68d866 ] Request (ServerShowV254Test:test_rebuild_server): 200 GET http://10.180.1.21/compute/v2.1/servers/6617ac7f-d6bd-4e9a-baf4-a0be1fdb955c 0.051s
2025-02-09 04:28:19.464 63112 INFO tempest.lib.common.rest_client [req-7aa5c59f-8778-40fb-82c1-2ed1ccdbb9ae req-7aa5c59f-8778-40fb-82c1-2ed1ccdbb9ae ] Request (ServersV294TestFqdnHostnames:setUpClass): 200 GET http://10.180.1.21/compute/v2.1/servers/114c361b-5947-411c-a055-6a22bdb3cf97 0.058s
2025-02-09 04:28:19.511 63166 INFO tempest.lib.common.rest_client [req-d4a05716-a310-473d-b432-2c000e1abe8c req-d4a05716-a310-473d-b432-2c000e1abe8c ] Request (ServerShowV257Test:tearDownClass): 200 GET http://10.180.1.21/compute/v2.1/servers/b008518e-6ef8-4750-85e0-2f9e8242e30f 0.060s
2025-02-09 04:28:19.541 63144 INFO tempest.lib.common.rest_client [req-fde4b8df-5701-42ad-8dcd-4996c787d933 req-fde4b8df-5701-42ad-8dcd-4996c787d933 ] Request (ServerActionsV293TestJSON:setUpClass): 200 GET http://10.180.1.21/compute/v2.1/servers/944ab7ab-87b0-4f21-bbc1-2273bc9862bd 0.057s
2025-02-09 04:28:19.562 63146 INFO tempest.lib.common.rest_client [req-9fcd3b1a-6c59-44c2-8f13-918e42e90aee req-9fcd3b1a-6c59-44c2-8f13-918e42e90aee ] Request (ServersAdminNegativeTestJSON:tearDownClass): 200 GET http://10.180.1.21/compute/v2.1/servers/45f90bea-e2cc-4315-96c7-53c8c0ef67fd 0.058s
2025-02-09 04:28:19.586 63148 INFO tempest.lib.common.rest_client [req-b44fd2c6-ec26-4c84-9ba9-984e90e4a040 req-b44fd2c6-ec26-4c84-9ba9-984e90e4a040 ] Request (MigrationsAdminTest:test_resize_server_revert_deleted_flavor): 200 GET http://10.180.1.21/compute/v2.1/servers/ff1d5b52-ea04-469f-8971-14419e9c138f 0.045s
2025-02-09 04:28:19.606 63142 INFO tempest.lib.common.rest_client [req-d246347b-75cb-4d39-8d4f-d47c4039c595 req-d246347b-75cb-4d39-8d4f-d47c4039c595 ] Request (InstanceActionsNegativeTestJSON:setUpClass): 200 GET http://10.180.1.21/compute/v2.1/servers/a0e5daa1-b1a2-4630-bc21-a83d6d03fe5a 0.054s
2025-02-09 04:28:19.654 63154 INFO tempest.lib.common.rest_client [req-ba330a3d-1866-424f-9534-be4fe6f9466e req-ba330a3d-1866-424f-9534-be4fe6f9466e ] Request (ServerAddressesNegativeTestJSON:tearDownClass): 200 GET http://10.180.1.21/compute/v2.1/servers/b4e1a19a-91c7-42ed-a180-bb0c6a897409 0.051s
2025-02-09 04:28:19.669 63106 INFO tempest.lib.common.rest_client [req-8a286850-37f6-493b-bf78-4d1dd995fafe req-8a286850-37f6-493b-bf78-4d1dd995fafe ] Request (ServersAdmin275Test:tearDownClass): 200 GET http://10.180.1.21/compute/v2.1/servers/c1dc52c6-3ba9-4b2e-bfbe-d20ce3aca127 0.056s
