2025-02-09 04:27:22.101 63160 INFO tempest.lib.common.rest_client [req-a0bfc52a-aef3-408c-b374-c60cb93e812c req-a0bfc52a-aef3-408c-b374-c60cb93e812c ] Request (KeyPairsV22TestJSON:_run_cleanups): 204 DELETE http://10.180.1.21/compute/v2.1/os-keypairs/tempest-KeyPairsV22TestJSON-keypair-1594800868 0.416s
2025-02-09 04:27:22.103 63130 INFO tempest.lib.common.rest_client [req-5a020a0e-9430-488f-b7cf-533d58229fd0 req-5a020a0e-9430-488f-b7cf-533d58229fd0 ] Request (ServicesAdminNegativeV253TestJSON:tearDownClass): 200 GET http://10.180.1.21:9696/networking/v2.0/security-groups?tenant_id=a51f59606f86433088783980fd9dc68e&name=default 0.177s
2025-02-09 04:27:22.194 63130 INFO tempest.lib.common.rest_client [req-bdcce547-f5d8-4b9f-9eaf-750c46d3e894 req-bdcce547-f5d8-4b9f-9eaf-750c46d3e894 ] Request (ServicesAdminNegativeV253TestJSON:tearDownClass): 204 DELETE http://10.180.1.21:9696/networking/v2.0/security-groups/9fd184e5-40b0-4a3f-b7ec-278e525de856 0.090s
2025-02-09 04:27:22.195 63140 INFO tempest.lib.common.rest_client [req-1471d13d-48b7-49ed-a68e-ff58fef576c2 req-1471d13d-48b7-49ed-a68e-ff58fef576c2 ] Request (InstanceActionsTestJSON:test_list_instance_actions): 200 GET http://10.180.1.21/compute/v2.1/servers/e25dd119-c032-4dfa-bd50-efa59fa5849f 0.485s
2025-02-09 04:27:22.279 63130 INFO tempest.lib.common.rest_client [req-a99c4f3e-b5fd-4340-accb-a46c56b1f5d3 req-a99c4f3e-b5fd-4340-accb-a46c56b1f5d3 ] Request (ServicesAdminNegativeV253TestJSON:tearDownClass): 204 DELETE http://10.180.1.21/identity/v3/projects/a51f59606f86433088783980fd9dc68e 0.085s
2025-02-09 04:27:22.279 63130 INFO tempest.lib.common.dynamic_creds [-] Deleting project and security group for project: 0d53e02ca563498c91c86acffa6b32cd
2025-02-09 04:27:22.329 63169 INFO tempest.lib.common.rest_client [req-d38658f5-a7fc-426f-bc2d-73b35702f730 req-d38658f5-a7fc-426f-bc2d-73b35702f730 ] Request (ServersWithSpecificFlavorTestJSON:test_verify_created_server_ephemeral_disk): 200 GET http://10.180.1.21/compute/v2.1/servers/aedf6b6d-5624-4217-9479-60a13b6d1494 0.522s
2025-02-09 04:27:22.391 63146 INFO tempest.lib.common.rest_client [req-e95b1c26-2770-4a21-9478-7dea91c27675 req-e95b1c26-2770-4a21-9478-7dea91c27675 ] Request (ServersAdminNegativeTestJSON:test_migrate_server_invalid_state): 200 GET http://10.180.1.21/compute/v2.1/servers/45f90bea-e2cc-4315-96c7-53c8c0ef67fd 0.515s
2025-02-09 04:27:22.444 63154 INFO tempest.lib.common.rest_client [req-1443dcda-f5f8-4807-90df-31cd756754cd req-1443dcda-f5f8-4807-90df-31cd756754cd ] Request (ServerAddressesNegativeTestJSON:setUpClass): 200 GET http://10.180.1.21/compute/v2.1/servers/b4e1a19a-91c7-42ed-a180-bb0c6a897409 0.559s
2025-02-09 04:27:22.451 63130 INFO tempest.lib.common.rest_client [req-2d0dcc94-32e6-43ec-882d-d1ac4a94cc5e req-2d0dcc94-32e6-43ec-882d-d1ac4a94cc5e ] Request (ServicesAdminNegativeV253TestJSON:tearDownClass): 200 GET http://10.180.1.21:9696/networking/v2.0/security-groups?tenant_id=0d53e02ca563498c91c86acffa6b32cd&name=default 0.171s
2025-02-09 04:27:22.477 63162 INFO tempest.lib.common.rest_client [req-3dba288d-2a93-4935-a576-ca693afa9dd6 req-3dba288d-2a93-4935-a576-ca693afa9dd6 ] Request (ImagesOneServerNegativeTestJSON:test_create_second_image_when_first_image_is_being_saved): 202 POST http://10.180.1.21/compute/v2.1/servers/3439b9b7-2d18-4068-98ee-ca3e206d6d2f/action 0.831s
2025-02-09 04:27:22.497 63128 INFO tempest.lib.common.rest_client [req-24d7fcc4-e004-4208-92c5-a49aa6e6357a req-24d7fcc4-e004-4208-92c5-a49aa6e6357a ] Request (ServerGroupTestJSON:test_create_server_with_scheduler_hint_group): 200 GET http://10.180.1.21/compute/v2.1/servers/a4067f64-aa31-4e97-b4bc-0a1919967123 0.572s
2025-02-09 04:27:22.542 63159 INFO tempest.lib.common.rest_client [req-bd8b0d23-9a01-4e8b-862e-b922e4cf38bb req-bd8b0d23-9a01-4e8b-862e-b922e4cf38bb ] Request (ServerActionsTestJSON:setUpClass): 200 GET http://10.180.1.21/compute/v2.1/servers/11a2b336-8e4b-4627-872c-b70cf0d19cc0 0.612s
2025-02-09 04:27:22.553 63112 INFO tempest.lib.common.rest_client [req-1511b315-9015-4524-a95c-808bdbf4b4c1 req-1511b315-9015-4524-a95c-808bdbf4b4c1 ] Request (ServersV294TestFqdnHostnames:setUpClass): 200 GET http://10.180.1.21/compute/v2.1/servers/114c361b-5947-411c-a055-6a22bdb3cf97 0.568s
2025-02-09 04:27:22.554 63130 INFO tempest.lib.common.rest_client [req-e6786ba3-7a92-4bc5-ac85-2fecde40333b req-e6786ba3-7a92-4bc5-ac85-2fecde40333b ] Request (ServicesAdminNegativeV253TestJSON:tearDownClass): 204 DELETE http://10.180.1.21:9696/networking/v2.0/security-groups/b9067ded-e190-4466-9e88-8422c5a47fc0 0.102s
2025-02-09 04:27:22.594 63114 INFO tempest.lib.common.rest_client [req-0bb0a46e-a7fe-4677-8c26-4ca493f1bcc3 req-0bb0a46e-a7fe-4677-8c26-4ca493f1bcc3 ] Request (ImagesMetadataTestJSON:test_set_image_metadata_item): 200 GET http://10.180.1.21/compute/v2.1/images/ce77f2d6-ef9c-458e-929b-f92682173767/metadata 0.552s
2025-02-09 04:27:22.615 63160 INFO tempest.lib.common.rest_client [req-9628f418-793a-418f-a2f4-2781c77c7e86 req-9628f418-793a-418f-a2f4-2781c77c7e86 ] Request (KeyPairsV22TestJSON:_run_cleanups): 204 DELETE http://10.180.1.21/compute/v2.1/os-keypairs/tempest-KeyPairsV22TestJSON-keypair-1448855412 0.513s
2025-02-09 04:27:22.620 63164 INFO tempest.lib.common.rest_client [req-74cfb333-461f-4389-8cf4-f2805614df20 req-74cfb333-461f-4389-8cf4-f2805614df20 ] Request (MultipleCreateTestJSON:_run_cleanups): 200 GET http://10.180.1.21/compute/v2.1/servers/eae5873e-40ed-4e98-914c-bb40dca360aa 0.588s
2025-02-09 04:27:22.672 63124 WARNING tempest.lib.common.ssh [-] Failed to establish authenticated ssh connection to cirros@10.180.180.169 ([Errno None] Unable to connect to port 22 on 10.180.180.169). Number attempts: 2. Retry after 3 seconds.: paramiko.ssh_exception.NoValidConnectionsError: [Errno None] Unable to connect to port 22 on 10.180.180.169
2025-02-09 04:27:22.673 63130 INFO tempest.lib.common.rest_client [req-bd71052d-82aa-4b8b-8b51-e2e743a6620b req-bd71052d-82aa-4b8b-8b51-e2e743a6620b ] Request (ServicesAdminNegativeV253TestJSON:tearDownClass): 204 DELETE http://10.180.1.21/identity/v3/projects/0d53e02ca563498c91c86acffa6b32cd 0.119s
2025-02-09 04:27:22.687 63166 INFO tempest.lib.common.rest_client [req-905f2ee6-b0ec-462f-b9de-e0222da75473 req-905f2ee6-b0ec-462f-b9de-e0222da75473 ] Request (ServerShowV257Test:test_rebuild_server): 200 GET http://10.180.1.21/compute/v2.1/servers/b008518e-6ef8-4750-85e0-2f9e8242e30f 0.486s
2025-02-09 04:27:22.764 63130 INFO tempest.lib.common.rest_client [req-2b135291-ff81-4add-93ec-1fb52d20121c req-2b135291-ff81-4add-93ec-1fb52d20121c ] Request (ServerShowV254Test:setUpClass): 201 POST http://10.180.1.21/identity/v3/auth/tokens 0.089s
2025-02-09 04:27:22.775 63144 INFO tempest.lib.common.rest_client [req-2bedd13e-fb7a-4437-bbf5-c961fb35e205 req-2bedd13e-fb7a-4437-bbf5-c961fb35e205 ] Request (ServerDiagnosticsNegativeTest:tearDownClass): 200 GET http://10.180.1.21/compute/v2.1/servers/20b46e5d-c3db-48c5-b10b-4494c2f3dca5 0.525s
2025-02-09 04:27:22.807 63148 INFO tempest.lib.common.rest_client [req-260adc33-a9cf-4171-be2b-02366d23f8e0 req-260adc33-a9cf-4171-be2b-02366d23f8e0 ] Request (MigrationsAdminTest:test_list_migrations_in_flavor_resize_situation): 200 GET http://10.180.1.21/compute/v2.1/servers/1c4ddad5-e6ec-435a-83ac-685492e923f3 0.662s
2025-02-09 04:27:22.808 63130 INFO tempest.lib.common.rest_client [req-d3e932e5-48d1-4ce3-826a-988f37d6f67c req-d3e932e5-48d1-4ce3-826a-988f37d6f67c ] Request (ServerShowV254Test:setUpClass): 201 POST http://10.180.1.21/identity/v3/auth/tokens 0.041s
2025-02-09 04:27:22.816 63148 INFO tempest.common.waiters [-] State transition "RESIZE/resize_migrated" ==> "RESIZE/resize_finish" after 28 second wait
2025-02-09 04:27:22.839 63130 INFO tempest.lib.common.rest_client [req-2ca8646f-3556-44bf-9d69-ff4ec09e5826 req-2ca8646f-3556-44bf-9d69-ff4ec09e5826 ] Request (ServerShowV254Test:setUpClass): 200 GET http://10.180.1.21/identity/v3/domains?name=Default 0.031s
2025-02-09 04:27:22.840 63156 INFO tempest.lib.common.rest_client [req-52c63f52-9643-46c5-98c4-c228e4f8d851 req-52c63f52-9643-46c5-98c4-c228e4f8d851 ] Request (FloatingIPsAssociationNegativeTestJSON:setUpClass): 200 GET http://10.180.1.21/compute/v2.1/servers/f70fe324-e094-4b2e-a45f-a5ceb25d247b 0.574s
2025-02-09 04:27:22.874 63120 INFO tempest.lib.common.rest_client [req-6f19dc54-fad3-4f99-a343-cd83fa45e061 req-6f19dc54-fad3-4f99-a343-cd83fa45e061 ] Request (VolumesAdminNegativeTest:test_update_attached_volume_with_nonexistent_volume_in_body): 200 GET http://10.180.1.21/compute/v2.1/servers/ea8fac5b-af8a-4752-a651-8049f4c863a8 0.556s
2025-02-09 04:27:22.881 63130 INFO tempest.lib.common.rest_client [req-a0041904-d27a-4eed-ac4d-832d0e9e5fe1 req-a0041904-d27a-4eed-ac4d-832d0e9e5fe1 ] Request (ServerShowV254Test:setUpClass): 201 POST http://10.180.1.21/identity/v3/projects 0.040s
2025-02-09 04:27:22.903 63106 INFO tempest.lib.common.rest_client [req-00afae9f-49cf-4f02-8a2a-415dbcba1127 req-00afae9f-49cf-4f02-8a2a-415dbcba1127 ] Request (ServersAdmin275Test:test_rebuild_update_server_275): 200 GET http://10.180.1.21/compute/v2.1/servers/c1dc52c6-3ba9-4b2e-bfbe-d20ce3aca127 0.499s
2025-02-09 04:27:22.940 63132 INFO tempest.lib.common.rest_client [req-4a83d845-7a51-4d56-a3dc-a4bbae9f5ad2 req-4a83d845-7a51-4d56-a3dc-a4bbae9f5ad2 ] Request (ServerDiagnosticsTest:test_get_server_diagnostics): 200 GET http://10.180.1.21/compute/v2.1/servers/d55dd43d-e3a5-413a-8d09-340cfd8b8090 0.481s
2025-02-09 04:27:22.946 63162 INFO tempest.lib.common.rest_client [req-a848a96a-1824-4b57-a690-8d4a63d6b07d req-a848a96a-1824-4b57-a690-8d4a63d6b07d ] Request (ImagesOneServerNegativeTestJSON:test_create_second_image_when_first_image_is_being_saved): 409 POST http://10.180.1.21/compute/v2.1/servers/3439b9b7-2d18-4068-98ee-ca3e206d6d2f/action 0.465s
2025-02-09 04:27:22.949 63130 INFO tempest.lib.common.rest_client [req-516074b9-09d8-47b2-b7e1-f68a0d3f70e1 req-516074b9-09d8-47b2-b7e1-f68a0d3f70e1 ] Request (ServerShowV254Test:setUpClass): 201 POST http://10.180.1.21/identity/v3/users 0.067s
2025-02-09 04:27:22.974 63130 INFO tempest.lib.common.rest_client [req-64f5cd5b-ec68-42bb-a98b-334760a2a4dc req-64f5cd5b-ec68-42bb-a98b-334760a2a4dc ] Request (ServerShowV254Test:setUpClass): 200 GET http://10.180.1.21/identity/v3/roles 0.024s
2025-02-09 04:27:23.002 63130 INFO tempest.lib.common.rest_client [req-3145a62e-e3eb-4f49-b39f-43d09c79f855 req-3145a62e-e3eb-4f49-b39f-43d09c79f855 ] Request (ServerShowV254Test:setUpClass): 204 PUT http://10.180.1.21/identity/v3/projects/083803620f2c451497db1a3714f0306c/users/b1bb41350fd145e2adec76171f4a6a97/roles/17ab35d82aa546b38e09acefcf2b880a 0.028s
2025-02-09 04:27:23.002 63130 INFO tempest.lib.common.dynamic_creds [-] Dynamic test user b1bb41350fd145e2adec76171f4a6a97 is created with scope project and roles: ['member']
2025-02-09 04:27:23.003 63130 INFO tempest.lib.common.dynamic_creds [-] Acquired dynamic creds: credentials: Credentials: {'domain_id': 'default', 'domain_name': 'Default', 'username': 'tempest-ServerShowV254Test-834855338-project-member', 'project_domain_id': 'default', 'project_domain_name': 'Default', 'project_id': '083803620f2c451497db1a3714f0306c', 'project_name': 'tempest-ServerShowV254Test-834855338', 'tenant_id': '083803620f2c451497db1a3714f0306c', 'tenant_name': 'tempest-ServerShowV254Test-834855338', 'user_domain_id': 'default', 'user_domain_name': 'Default', 'user_id': 'b1bb41350fd145e2adec76171f4a6a97', 'system': None}, Network: None, Subnet: None, Router: None
2025-02-09 04:27:23.003 63130 INFO tempest.lib.common.dynamic_creds [-] Created isolated network resources for: credentials: Credentials: {'domain_id': 'default', 'domain_name': 'Default', 'username': 'tempest-ServerShowV254Test-834855338-project-member', 'project_domain_id': 'default', 'project_domain_name': 'Default', 'project_id': '083803620f2c451497db1a3714f0306c', 'project_name': 'tempest-ServerShowV254Test-834855338', 'tenant_id': '083803620f2c451497db1a3714f0306c', 'tenant_name': 'tempest-ServerShowV254Test-834855338', 'user_domain_id': 'default', 'user_domain_name': 'Default', 'user_id': 'b1bb41350fd145e2adec76171f4a6a97', 'system': None}, Network: None, Subnet: None, Router: None
2025-02-09 04:27:23.003 63126 INFO tempest.lib.common.rest_client [req-8948a8bc-e62a-4b3f-9bb9-1a8ef111ba33 req-8948a8bc-e62a-4b3f-9bb9-1a8ef111ba33 ] Request (ServersAdminTestJSON:setUpClass): 200 GET http://10.180.1.21/compute/v2.1/servers/33227b7a-3dfe-4d7b-8fd8-da6100ecb820 0.495s
2025-02-09 04:27:23.018 63151 INFO tempest.lib.common.rest_client [req-e4395e2d-acd4-417b-835a-b0b736930548 req-e4395e2d-acd4-417b-835a-b0b736930548 ] Request (ServerPasswordTestJSON:tearDownClass): 200 GET http://10.180.1.21/compute/v2.1/servers/bb73b636-f415-43c3-bbdc-16f322315b81 0.464s
2025-02-09 04:27:23.040 63160 INFO tempest.lib.common.rest_client [req-7b4dceac-b27b-40a7-84cf-496bf713502e req-7b4dceac-b27b-40a7-84cf-496bf713502e ] Request (KeyPairsV22TestJSON:_run_cleanups): 204 DELETE http://10.180.1.21/compute/v2.1/os-keypairs/tempest-KeyPairsV22TestJSON-keypair-1474449652 0.425s
2025-02-09 04:27:23.095 63130 INFO tempest.lib.common.rest_client [req-f95ac0db-6a84-4fd8-8b46-f7583842506d req-f95ac0db-6a84-4fd8-8b46-f7583842506d ] Request (ServerShowV254Test:setUpClass): 201 POST http://10.180.1.21/identity/v3/auth/tokens 0.088s
2025-02-09 04:27:23.097 63116 INFO tempest.lib.common.rest_client [req-9be3e619-f46e-4082-85fc-5c20def72056 req-9be3e619-f46e-4082-85fc-5c20def72056 ] Request (ServersNegativeTestJSON:setUpClass): 200 GET http://10.180.1.21/compute/v2.1/servers/adb75301-5ea3-4467-bf86-e4e7891e9d28 0.404s
2025-02-09 04:27:23.141 63130 INFO tempest.lib.common.rest_client [req-7e876edb-f272-4944-a579-657131618163 req-7e876edb-f272-4944-a579-657131618163 ] Request (ServerShowV254Test:test_rebuild_server): 201 POST http://10.180.1.21/identity/v3/auth/tokens 0.040s
2025-02-09 04:27:23.141 63130 INFO tempest.lib.common.fixed_network [-] (ServerShowV254Test:test_rebuild_server) Found network None available for tenant
2025-02-09 04:27:23.147 63108 INFO tempest.lib.common.rest_client [req-d21e9f1b-9566-425a-b532-3ab1e3cadc55 req-d21e9f1b-9566-425a-b532-3ab1e3cadc55 ] Request (DeleteServersAdminTestJSON:test_delete_server_while_in_error_state): 200 GET http://10.180.1.21/compute/v2.1/servers/46b91d04-730f-4ef1-9fc9-d7cf458b2bb5 0.383s
2025-02-09 04:27:23.208 63118 INFO tempest.lib.common.rest_client [req-72eadc1f-ea56-4eea-932b-c7450e0bc32b req-72eadc1f-ea56-4eea-932b-c7450e0bc32b ] Request (AttachInterfacesV270Test:tearDownClass): 200 GET http://10.180.1.21/compute/v2.1/servers/fe93d593-a03b-4709-8716-7ec3965f81cf 0.373s
2025-02-09 04:27:23.209 63114 INFO tempest.lib.common.rest_client [req-07ae8fd9-b660-40bf-b26a-08a95be8a7bf req-07ae8fd9-b660-40bf-b26a-08a95be8a7bf ] Request (ImagesMetadataTestJSON:setUp): 200 PUT http://10.180.1.21/compute/v2.1/images/ce77f2d6-ef9c-458e-929b-f92682173767/metadata 0.614s
2025-02-09 04:27:23.264 63134 INFO tempest.lib.common.rest_client [req-868de8a3-c4fa-453a-a073-435c3e72e8f4 req-868de8a3-c4fa-453a-a073-435c3e72e8f4 ] Request (ImagesNegativeTestJSON:test_create_image_from_deleted_server): 200 GET http://10.180.1.21/compute/v2.1/servers/f86fbb84-d0e7-4c7e-8b42-be203156b02f 0.340s
2025-02-09 04:27:23.317 63138 INFO tempest.lib.common.rest_client [req-6b702b86-0f3a-43bf-9a49-bef56c9712f6 req-6b702b86-0f3a-43bf-9a49-bef56c9712f6 ] Request (ServersTestBootFromVolume:setUpClass): 200 GET http://10.180.1.21/compute/v2.1/servers/a03a8428-c4fc-4b30-85de-ae82635462fe 0.476s
2025-02-09 04:27:23.324 63138 INFO tempest.common.waiters [-] State transition "BUILD/block_device_mapping" ==> "BUILD/spawning" after 39 second wait
2025-02-09 04:27:23.342 63162 INFO tempest.lib.common.rest_client [req-dd2f84c3-849e-44a3-8012-e6d82b833fec req-dd2f84c3-849e-44a3-8012-e6d82b833fec ] Request (ImagesOneServerNegativeTestJSON:test_create_second_image_when_first_image_is_being_saved): 204 DELETE http://10.180.1.21/compute/v2.1/images/c31db2ea-14a5-49dd-9ff4-e4f9f5daf86d 0.395s
2025-02-09 04:27:23.377 63160 INFO tempest.lib.common.rest_client [req-3d810303-53ea-4077-9087-ba5b9157d7d4 req-3d810303-53ea-4077-9087-ba5b9157d7d4 ] Request (KeyPairsV22TestJSON:test_keypairsv22_create_list_show): 201 POST http://10.180.1.21/compute/v2.1/os-keypairs 0.335s
2025-02-09 04:27:23.378 63152 INFO tempest.lib.common.rest_client [req-356bc131-ac9a-460b-a24c-075bdd9fc481 req-356bc131-ac9a-460b-a24c-075bdd9fc481 ] Request (ServerDiagnosticsV248Test:tearDownClass): 200 GET http://10.180.1.21/compute/v2.1/servers/29c06b51-9044-4e41-8bad-d09cd62a9622 0.399s
2025-02-09 04:27:23.422 63110 INFO tempest.lib.common.rest_client [req-78eda4a4-07b8-4533-a783-96ed1cc8ce73 req-78eda4a4-07b8-4533-a783-96ed1cc8ce73 ] Request (ServerRescueTestJSONUnderV235:setUpClass): 200 GET http://10.180.1.21/compute/v2.1/servers/83538639-b73e-4533-be47-0ee88752d4b2 0.322s
2025-02-09 04:27:23.438 63142 INFO tempest.lib.common.rest_client [req-8790fd12-3c24-4b3c-a00e-fb9fe9ecc833 req-8790fd12-3c24-4b3c-a00e-fb9fe9ecc833 ] Request (TenantUsagesTestJSON:tearDownClass): 200 GET http://10.180.1.21/compute/v2.1/servers/f1f06a26-f8d4-44d3-8f56-7ba3dea65dd8 0.391s
2025-02-09 04:27:23.600 63130 INFO tempest.lib.common.rest_client [req-c456654c-5511-4010-a5f2-3f2aa6253794 req-c456654c-5511-4010-a5f2-3f2aa6253794 ] Request (ServerShowV254Test:test_rebuild_server): 202 POST http://10.180.1.21/compute/v2.1/servers 0.458s
2025-02-09 04:27:23.619 63140 INFO tempest.lib.common.rest_client [req-db390337-8205-49a4-bbf0-4dd8b0f3a5c5 req-db390337-8205-49a4-bbf0-4dd8b0f3a5c5 ] Request (InstanceActionsTestJSON:test_list_instance_actions): 200 GET http://10.180.1.21/compute/v2.1/servers/e25dd119-c032-4dfa-bd50-efa59fa5849f 0.415s
2025-02-09 04:27:23.729 63169 INFO tempest.lib.common.rest_client [req-b43e4260-dc62-4386-89f2-573a7d54be53 req-b43e4260-dc62-4386-89f2-573a7d54be53 ] Request (ServersWithSpecificFlavorTestJSON:test_verify_created_server_ephemeral_disk): 200 GET http://10.180.1.21/compute/v2.1/servers/aedf6b6d-5624-4217-9479-60a13b6d1494 0.391s
2025-02-09 04:27:23.840 63114 INFO tempest.lib.common.rest_client [req-3d27deb0-a46f-4c59-89c3-c55b90aee3b6 req-3d27deb0-a46f-4c59-89c3-c55b90aee3b6 ] Request (ImagesMetadataTestJSON:test_update_image_metadata): 200 POST http://10.180.1.21/compute/v2.1/images/ce77f2d6-ef9c-458e-929b-f92682173767/metadata 0.629s
2025-02-09 04:27:23.859 63160 INFO tempest.lib.common.rest_client [req-3c268b10-e62e-448e-b91f-5b4344106ad4 req-3c268b10-e62e-448e-b91f-5b4344106ad4 ] Request (KeyPairsV22TestJSON:test_keypairsv22_create_list_show): 200 GET http://10.180.1.21/compute/v2.1/os-keypairs/tempest-keypair-372350561 0.481s
2025-02-09 04:27:23.887 63162 INFO tempest.lib.common.rest_client [req-53169bf8-b54c-4c88-b8db-d682f9529803 req-53169bf8-b54c-4c88-b8db-d682f9529803 ] Request (ImagesOneServerNegativeTestJSON:tearDown): 200 GET http://10.180.1.21/compute/v2.1/servers/3439b9b7-2d18-4068-98ee-ca3e206d6d2f 0.544s
2025-02-09 04:27:23.913 63146 INFO tempest.lib.common.rest_client [req-5574eb48-1496-4893-8cc7-d6b0191c687d req-5574eb48-1496-4893-8cc7-d6b0191c687d ] Request (ServersAdminNegativeTestJSON:test_migrate_server_invalid_state): 200 GET http://10.180.1.21/compute/v2.1/servers/45f90bea-e2cc-4315-96c7-53c8c0ef67fd 0.514s
2025-02-09 04:27:23.935 63154 INFO tempest.lib.common.rest_client [req-164a091b-b07b-40c0-8f04-e5b8d4598288 req-164a091b-b07b-40c0-8f04-e5b8d4598288 ] Request (ServerAddressesNegativeTestJSON:setUpClass): 200 GET http://10.180.1.21/compute/v2.1/servers/b4e1a19a-91c7-42ed-a180-bb0c6a897409 0.482s
2025-02-09 04:27:23.961 63128 INFO tempest.lib.common.rest_client [req-4a7e16f5-c0f1-473d-85c0-5b5661dce58d req-4a7e16f5-c0f1-473d-85c0-5b5661dce58d ] Request (ServerGroupTestJSON:test_create_server_with_scheduler_hint_group): 200 GET http://10.180.1.21/compute/v2.1/servers/a4067f64-aa31-4e97-b4bc-0a1919967123 0.456s
2025-02-09 04:27:23.983 63159 INFO tempest.lib.common.rest_client [req-244346c3-2209-4c12-b98c-ac09d0d39f8c req-244346c3-2209-4c12-b98c-ac09d0d39f8c ] Request (ServerActionsTestJSON:setUpClass): 200 GET http://10.180.1.21/compute/v2.1/servers/11a2b336-8e4b-4627-872c-b70cf0d19cc0 0.432s
2025-02-09 04:27:24.015 63112 INFO tempest.lib.common.rest_client [req-6d474f9f-b5dd-4050-9f0f-9e3069b4c1fd req-6d474f9f-b5dd-4050-9f0f-9e3069b4c1fd ] Request (ServersV294TestFqdnHostnames:setUpClass): 200 GET http://10.180.1.21/compute/v2.1/servers/114c361b-5947-411c-a055-6a22bdb3cf97 0.451s
2025-02-09 04:27:24.021 63130 INFO tempest.lib.common.rest_client [req-40b4431e-bec4-4bde-8771-439788543bfb req-40b4431e-bec4-4bde-8771-439788543bfb ] Request (ServerShowV254Test:test_rebuild_server): 200 GET http://10.180.1.21/compute/v2.1/servers/6617ac7f-d6bd-4e9a-baf4-a0be1fdb955c 0.419s
2025-02-09 04:27:24.067 63166 INFO tempest.lib.common.rest_client [req-420aed2e-8a60-4d07-adf6-b2c721f04cee req-420aed2e-8a60-4d07-adf6-b2c721f04cee ] Request (ServerShowV257Test:test_rebuild_server): 200 GET http://10.180.1.21/compute/v2.1/servers/b008518e-6ef8-4750-85e0-2f9e8242e30f 0.369s
2025-02-09 04:27:24.075 63164 INFO tempest.lib.common.rest_client [req-c6c9e910-601f-4d5b-88ba-8c5e029b3280 req-c6c9e910-601f-4d5b-88ba-8c5e029b3280 ] Request (MultipleCreateTestJSON:_run_cleanups): 200 GET http://10.180.1.21/compute/v2.1/servers/eae5873e-40ed-4e98-914c-bb40dca360aa 0.445s
2025-02-09 04:27:24.281 63148 INFO tempest.lib.common.rest_client [req-06afdab5-4f8d-47dd-9e7a-a180ffff6b08 req-06afdab5-4f8d-47dd-9e7a-a180ffff6b08 ] Request (MigrationsAdminTest:test_list_migrations_in_flavor_resize_situation): 200 GET http://10.180.1.21/compute/v2.1/servers/1c4ddad5-e6ec-435a-83ac-685492e923f3 0.464s
2025-02-09 04:27:24.311 63114 INFO tempest.lib.common.rest_client [req-5112b478-5c74-4fc9-bfde-4096fbbf13dc req-5112b478-5c74-4fc9-bfde-4096fbbf13dc ] Request (ImagesMetadataTestJSON:test_update_image_metadata): 200 GET http://10.180.1.21/compute/v2.1/images/ce77f2d6-ef9c-458e-929b-f92682173767/metadata 0.471s
2025-02-09 04:27:24.325 63144 INFO tempest.lib.common.rest_client [req-55df042b-7cc9-4a61-9768-d2612428995e req-55df042b-7cc9-4a61-9768-d2612428995e ] Request (ServerDiagnosticsNegativeTest:tearDownClass): 200 GET http://10.180.1.21/compute/v2.1/servers/20b46e5d-c3db-48c5-b10b-4494c2f3dca5 0.540s
2025-02-09 04:27:24.358 63160 INFO tempest.lib.common.rest_client [req-653494bb-0b0b-43c4-a5f3-fcfb331060b8 req-653494bb-0b0b-43c4-a5f3-fcfb331060b8 ] Request (KeyPairsV22TestJSON:test_keypairsv22_create_list_show): 200 GET http://10.180.1.21/compute/v2.1/os-keypairs 0.496s
2025-02-09 04:27:24.371 63156 INFO tempest.lib.common.rest_client [req-168b6d37-788d-4369-913d-fede7cfddac5 req-168b6d37-788d-4369-913d-fede7cfddac5 ] Request (FloatingIPsAssociationNegativeTestJSON:setUpClass): 200 GET http://10.180.1.21/compute/v2.1/servers/f70fe324-e094-4b2e-a45f-a5ceb25d247b 0.522s
2025-02-09 04:27:24.392 63114 INFO tempest.lib.common.rest_client [req-05f797df-331a-47c8-b9c5-4c8465d0ae26 req-05f797df-331a-47c8-b9c5-4c8465d0ae26 ] Request (ImagesMetadataTestJSON:tearDownClass): 204 DELETE http://10.180.1.21/image/v2/images/ce77f2d6-ef9c-458e-929b-f92682173767 0.079s
2025-02-09 04:27:24.410 63120 INFO tempest.lib.common.rest_client [req-f9ada6b9-fa14-475f-b4f6-a1a482bbce5c req-f9ada6b9-fa14-475f-b4f6-a1a482bbce5c ] Request (VolumesAdminNegativeTest:test_update_attached_volume_with_nonexistent_volume_in_body): 200 GET http://10.180.1.21/compute/v2.1/servers/ea8fac5b-af8a-4752-a651-8049f4c863a8 0.527s
2025-02-09 04:27:24.439 63106 INFO tempest.lib.common.rest_client [req-e27c1e5e-38ca-45f7-acab-3d21867fe7e5 req-e27c1e5e-38ca-45f7-acab-3d21867fe7e5 ] Request (ServersAdmin275Test:test_rebuild_update_server_275): 200 GET http://10.180.1.21/compute/v2.1/servers/c1dc52c6-3ba9-4b2e-bfbe-d20ce3aca127 0.516s
2025-02-09 04:27:24.450 63106 INFO tempest.common.waiters [-] State transition "BUILD/spawning" ==> "ACTIVE/None" after 40 second wait
2025-02-09 04:27:24.469 63132 INFO tempest.lib.common.rest_client [req-34fbd6ce-5e31-4240-be50-ee0a7ae4f1e0 req-34fbd6ce-5e31-4240-be50-ee0a7ae4f1e0 ] Request (ServerDiagnosticsTest:test_get_server_diagnostics): 200 GET http://10.180.1.21/compute/v2.1/servers/d55dd43d-e3a5-413a-8d09-340cfd8b8090 0.511s
2025-02-09 04:27:24.494 63126 INFO tempest.lib.common.rest_client [req-1feed74a-12db-4314-afd2-456f8c925907 req-1feed74a-12db-4314-afd2-456f8c925907 ] Request (ServersAdminTestJSON:setUpClass): 200 GET http://10.180.1.21/compute/v2.1/servers/33227b7a-3dfe-4d7b-8fd8-da6100ecb820 0.484s
2025-02-09 04:27:24.528 63151 INFO tempest.lib.common.rest_client [req-7ac1b8af-338a-4ec2-b398-631169f18108 req-7ac1b8af-338a-4ec2-b398-631169f18108 ] Request (ServerPasswordTestJSON:tearDownClass): 200 GET http://10.180.1.21/compute/v2.1/servers/bb73b636-f415-43c3-bbdc-16f322315b81 0.502s
2025-02-09 04:27:24.531 63114 INFO tempest.lib.common.rest_client [req-c6d8c524-33ae-4c0d-9f01-e6ce83a50a89 req-c6d8c524-33ae-4c0d-9f01-e6ce83a50a89 ] Request (ImagesMetadataTestJSON:tearDownClass): 204 DELETE http://10.180.1.21/identity/v3/users/a22ee0ec8a4d4967a605ebb8b30f8039 0.139s
2025-02-09 04:27:24.532 63114 INFO tempest.lib.common.dynamic_creds [-] Deleting project and security group for project: 8943b6b90e2343dfb717d851ba16cdff
2025-02-09 04:27:24.541 63116 INFO tempest.lib.common.rest_client [req-9543f1ba-0e35-42fe-9e5d-3ec229dd46dc req-9543f1ba-0e35-42fe-9e5d-3ec229dd46dc ] Request (ServersNegativeTestJSON:setUpClass): 200 GET http://10.180.1.21/compute/v2.1/servers/adb75301-5ea3-4467-bf86-e4e7891e9d28 0.435s
2025-02-09 04:27:24.575 63108 INFO tempest.lib.common.rest_client [req-d62104b0-a490-4a12-8654-03aea431b0c8 req-d62104b0-a490-4a12-8654-03aea431b0c8 ] Request (DeleteServersAdminTestJSON:test_delete_server_while_in_error_state): 200 GET http://10.180.1.21/compute/v2.1/servers/46b91d04-730f-4ef1-9fc9-d7cf458b2bb5 0.420s
2025-02-09 04:27:24.589 63114 INFO tempest.lib.common.rest_client [req-525bcf0e-4d4d-481d-81a5-97c8103fa710 req-525bcf0e-4d4d-481d-81a5-97c8103fa710 ] Request (ImagesMetadataTestJSON:tearDownClass): 201 POST http://10.180.1.21/identity/v3/auth/tokens 0.056s
2025-02-09 04:27:24.596 63118 INFO tempest.lib.common.rest_client [req-7486f552-1290-4ed9-823f-8b2c7c0b1302 req-7486f552-1290-4ed9-823f-8b2c7c0b1302 ] Request (AttachInterfacesV270Test:tearDownClass): 200 GET http://10.180.1.21/compute/v2.1/servers/fe93d593-a03b-4709-8716-7ec3965f81cf 0.378s
2025-02-09 04:27:24.626 63134 INFO tempest.lib.common.rest_client [req-473728a8-7374-4b2a-9e53-2f7c637b4b05 req-473728a8-7374-4b2a-9e53-2f7c637b4b05 ] Request (ImagesNegativeTestJSON:test_create_image_from_deleted_server): 200 GET http://10.180.1.21/compute/v2.1/servers/f86fbb84-d0e7-4c7e-8b42-be203156b02f 0.353s
2025-02-09 04:27:24.645 63160 INFO tempest.lib.common.rest_client [req-492c3740-04ae-45d7-ab17-692434971cde req-492c3740-04ae-45d7-ab17-692434971cde ] Request (KeyPairsV22TestJSON:_run_cleanups): 204 DELETE http://10.180.1.21/compute/v2.1/os-keypairs/tempest-keypair-372350561 0.285s
2025-02-09 04:27:24.713 63138 INFO tempest.lib.common.rest_client [req-3dcf8006-dde9-4fa5-9ea2-1bb2087ce8f5 req-3dcf8006-dde9-4fa5-9ea2-1bb2087ce8f5 ] Request (ServersTestBootFromVolume:setUpClass): 200 GET http://10.180.1.21/compute/v2.1/servers/a03a8428-c4fc-4b30-85de-ae82635462fe 0.387s
2025-02-09 04:27:24.721 63152 INFO tempest.lib.common.rest_client [req-dd10c3d1-7471-4ad8-95dd-3a94cdf2c924 req-dd10c3d1-7471-4ad8-95dd-3a94cdf2c924 ] Request (ServerDiagnosticsV248Test:tearDownClass): 200 GET http://10.180.1.21/compute/v2.1/servers/29c06b51-9044-4e41-8bad-d09cd62a9622 0.330s
2025-02-09 04:27:24.774 63114 INFO tempest.lib.common.rest_client [req-a629e176-940d-4025-9a40-9a2023c55ba2 req-a629e176-940d-4025-9a40-9a2023c55ba2 ] Request (ImagesMetadataTestJSON:tearDownClass): 200 GET http://10.180.1.21:9696/networking/v2.0/security-groups?tenant_id=8943b6b90e2343dfb717d851ba16cdff&name=default 0.185s
2025-02-09 04:27:24.781 63110 INFO tempest.lib.common.rest_client [req-7abcb11c-6341-4e2e-b61d-3e7ad3bcba1a req-7abcb11c-6341-4e2e-b61d-3e7ad3bcba1a ] Request (ServerRescueTestJSONUnderV235:setUpClass): 200 GET http://10.180.1.21/compute/v2.1/servers/83538639-b73e-4533-be47-0ee88752d4b2 0.351s
2025-02-09 04:27:24.787 63142 INFO tempest.lib.common.rest_client [req-0b703815-442b-4c90-9d23-e2b8359c9606 req-0b703815-442b-4c90-9d23-e2b8359c9606 ] Request (TenantUsagesTestJSON:tearDownClass): 200 GET http://10.180.1.21/compute/v2.1/servers/f1f06a26-f8d4-44d3-8f56-7ba3dea65dd8 0.340s
2025-02-09 04:27:24.890 63114 INFO tempest.lib.common.rest_client [req-754eea7d-dc98-4581-9274-923cc3a9daf1 req-754eea7d-dc98-4581-9274-923cc3a9daf1 ] Request (ImagesMetadataTestJSON:tearDownClass): 204 DELETE http://10.180.1.21:9696/networking/v2.0/security-groups/f0301725-bb69-47be-a462-995aed56cb74 0.116s
2025-02-09 04:27:25.002 63114 INFO tempest.lib.common.rest_client [req-59c0f833-7fdd-4757-b316-9c36bb6b1a8c req-59c0f833-7fdd-4757-b316-9c36bb6b1a8c ] Request (ImagesMetadataTestJSON:tearDownClass): 204 DELETE http://10.180.1.21/identity/v3/projects/8943b6b90e2343dfb717d851ba16cdff 0.111s
2025-02-09 04:27:25.013 63140 INFO tempest.lib.common.rest_client [req-52627bfb-2a2d-4849-b65c-5d6303d69935 req-52627bfb-2a2d-4849-b65c-5d6303d69935 ] Request (InstanceActionsTestJSON:test_list_instance_actions): 200 GET http://10.180.1.21/compute/v2.1/servers/e25dd119-c032-4dfa-bd50-efa59fa5849f 0.385s
2025-02-09 04:27:25.025 63140 INFO tempest.common.waiters [-] State transition "HARD_REBOOT/rebooting_hard" ==> "HARD_REBOOT/reboot_pending_hard" after 3 second wait
2025-02-09 04:27:25.057 63106 INFO tempest.lib.common.rest_client [req-e1b9a799-ebd8-42ed-92df-577e72199489 req-e1b9a799-ebd8-42ed-92df-577e72199489 ] Request (ServersAdmin275Test:test_rebuild_update_server_275): 202 POST http://10.180.1.21/compute/v2.1/servers/c1dc52c6-3ba9-4b2e-bfbe-d20ce3aca127/action 0.606s
2025-02-09 04:27:25.117 63114 INFO tempest.lib.common.rest_client [req-7afe678d-26d1-4449-bbee-1721c71a5676 req-7afe678d-26d1-4449-bbee-1721c71a5676 ] Request (ListImagesTestJSON:setUpClass): 201 POST http://10.180.1.21/identity/v3/auth/tokens 0.113s
2025-02-09 04:27:25.148 63114 INFO tempest.lib.common.rest_client [req-8487420c-0d6c-40de-a407-85210512bdf9 req-8487420c-0d6c-40de-a407-85210512bdf9 ] Request (ListImagesTestJSON:setUpClass): 201 POST http://10.180.1.21/identity/v3/auth/tokens 0.029s
2025-02-09 04:27:25.188 63114 INFO tempest.lib.common.rest_client [req-a803ad0c-ccb7-4a26-a8f2-21e5f02cb9a8 req-a803ad0c-ccb7-4a26-a8f2-21e5f02cb9a8 ] Request (ListImagesTestJSON:setUpClass): 200 GET http://10.180.1.21/identity/v3/domains?name=Default 0.039s
2025-02-09 04:27:25.219 63114 INFO tempest.lib.common.rest_client [req-95075f47-638e-4923-ab9c-1a69f379bce3 req-95075f47-638e-4923-ab9c-1a69f379bce3 ] Request (ListImagesTestJSON:setUpClass): 201 POST http://10.180.1.21/identity/v3/projects 0.030s
2025-02-09 04:27:25.278 63169 INFO tempest.lib.common.rest_client [req-729e006c-9304-415d-a4ae-e98d64daaea1 req-729e006c-9304-415d-a4ae-e98d64daaea1 ] Request (ServersWithSpecificFlavorTestJSON:test_verify_created_server_ephemeral_disk): 200 GET http://10.180.1.21/compute/v2.1/servers/aedf6b6d-5624-4217-9479-60a13b6d1494 0.542s
2025-02-09 04:27:25.291 63114 INFO tempest.lib.common.rest_client [req-8aac2e99-6dd3-4d83-a793-a0acf64b5542 req-8aac2e99-6dd3-4d83-a793-a0acf64b5542 ] Request (ListImagesTestJSON:setUpClass): 201 POST http://10.180.1.21/identity/v3/users 0.071s
2025-02-09 04:27:25.315 63114 INFO tempest.lib.common.rest_client [req-22079c91-6b99-4c2c-a2ba-4ecfdb2f6d44 req-22079c91-6b99-4c2c-a2ba-4ecfdb2f6d44 ] Request (ListImagesTestJSON:setUpClass): 200 GET http://10.180.1.21/identity/v3/roles 0.024s
2025-02-09 04:27:25.351 63114 INFO tempest.lib.common.rest_client [req-979fd871-9ac5-4639-8a97-c08d05fb0530 req-979fd871-9ac5-4639-8a97-c08d05fb0530 ] Request (ListImagesTestJSON:setUpClass): 204 PUT http://10.180.1.21/identity/v3/projects/e333e9af1f7940e5a4f4f43967cb29b3/users/924807c4ab954f8f9f7db067cc5e0446/roles/17ab35d82aa546b38e09acefcf2b880a 0.035s
2025-02-09 04:27:25.351 63114 INFO tempest.lib.common.dynamic_creds [-] Dynamic test user 924807c4ab954f8f9f7db067cc5e0446 is created with scope project and roles: ['member']
2025-02-09 04:27:25.352 63114 INFO tempest.lib.common.dynamic_creds [-] Acquired dynamic creds: credentials: Credentials: {'domain_id': 'default', 'domain_name': 'Default', 'username': 'tempest-ListImagesTestJSON-999295603-project-member', 'project_domain_id': 'default', 'project_domain_name': 'Default', 'project_id': 'e333e9af1f7940e5a4f4f43967cb29b3', 'project_name': 'tempest-ListImagesTestJSON-999295603', 'tenant_id': 'e333e9af1f7940e5a4f4f43967cb29b3', 'tenant_name': 'tempest-ListImagesTestJSON-999295603', 'user_domain_id': 'default', 'user_domain_name': 'Default', 'user_id': '924807c4ab954f8f9f7db067cc5e0446', 'system': None}, Network: None, Subnet: None, Router: None
2025-02-09 04:27:25.352 63114 INFO tempest.lib.common.dynamic_creds [-] Created isolated network resources for: credentials: Credentials: {'domain_id': 'default', 'domain_name': 'Default', 'username': 'tempest-ListImagesTestJSON-999295603-project-member', 'project_domain_id': 'default', 'project_domain_name': 'Default', 'project_id': 'e333e9af1f7940e5a4f4f43967cb29b3', 'project_name': 'tempest-ListImagesTestJSON-999295603', 'tenant_id': 'e333e9af1f7940e5a4f4f43967cb29b3', 'tenant_name': 'tempest-ListImagesTestJSON-999295603', 'user_domain_id': 'default', 'user_domain_name': 'Default', 'user_id': '924807c4ab954f8f9f7db067cc5e0446', 'system': None}, Network: None, Subnet: None, Router: None
2025-02-09 04:27:25.413 63162 INFO tempest.lib.common.rest_client [req-bf4ae906-4a59-4d16-81e7-3cfd585a8cc4 req-bf4ae906-4a59-4d16-81e7-3cfd585a8cc4 ] Request (ImagesOneServerNegativeTestJSON:tearDown): 200 GET http://10.180.1.21/compute/v2.1/servers/3439b9b7-2d18-4068-98ee-ca3e206d6d2f 0.519s
2025-02-09 04:27:25.426 63162 INFO tempest.common.waiters [-] State transition "ACTIVE/image_snapshot" ==> "ACTIVE/image_pending_upload" after 2 second wait
2025-02-09 04:27:25.437 63160 INFO tempest.lib.common.rest_client [req-1d264ff4-ea56-4b2e-a942-43df1b7d731c req-1d264ff4-ea56-4b2e-a942-43df1b7d731c ] Request (KeyPairsV22TestJSON:test_keypairsv22_create_list_show_with_type): 201 POST http://10.180.1.21/compute/v2.1/os-keypairs 0.790s
2025-02-09 04:27:25.453 63114 INFO tempest.lib.common.rest_client [req-e164fcaf-8ca7-4b71-b460-501731e1fb5c req-e164fcaf-8ca7-4b71-b460-501731e1fb5c ] Request (ListImagesTestJSON:setUpClass): 201 POST http://10.180.1.21/identity/v3/auth/tokens 0.095s
2025-02-09 04:27:25.507 63154 INFO tempest.lib.common.rest_client [req-e219136f-a490-4b3f-a85c-97a4244025a6 req-e219136f-a490-4b3f-a85c-97a4244025a6 ] Request (ServerAddressesNegativeTestJSON:setUpClass): 200 GET http://10.180.1.21/compute/v2.1/servers/b4e1a19a-91c7-42ed-a180-bb0c6a897409 0.562s
2025-02-09 04:27:25.560 63146 INFO tempest.lib.common.rest_client [req-d3581a07-4619-4960-915b-fd2f3574e4bf req-d3581a07-4619-4960-915b-fd2f3574e4bf ] Request (ServersAdminNegativeTestJSON:test_migrate_server_invalid_state): 200 GET http://10.180.1.21/compute/v2.1/servers/45f90bea-e2cc-4315-96c7-53c8c0ef67fd 0.639s
2025-02-09 04:27:25.568 63146 INFO tempest.common.waiters [-] State transition "BUILD/None" ==> "BUILD/block_device_mapping" after 34 second wait
2025-02-09 04:27:25.576 63128 INFO tempest.lib.common.rest_client [req-6f2f3734-6e1b-4303-9468-72188d9b8ec2 req-6f2f3734-6e1b-4303-9468-72188d9b8ec2 ] Request (ServerGroupTestJSON:test_create_server_with_scheduler_hint_group): 200 GET http://10.180.1.21/compute/v2.1/servers/a4067f64-aa31-4e97-b4bc-0a1919967123 0.607s
2025-02-09 04:27:25.634 63159 INFO tempest.lib.common.rest_client [req-ee0d596e-92cf-4407-90a0-97adcef7a0b3 req-ee0d596e-92cf-4407-90a0-97adcef7a0b3 ] Request (ServerActionsTestJSON:setUpClass): 200 GET http://10.180.1.21/compute/v2.1/servers/11a2b336-8e4b-4627-872c-b70cf0d19cc0 0.641s
2025-02-09 04:27:25.664 63112 INFO tempest.lib.common.rest_client [req-a5d88759-6015-45c5-820b-38893b8f0429 req-a5d88759-6015-45c5-820b-38893b8f0429 ] Request (ServersV294TestFqdnHostnames:setUpClass): 200 GET http://10.180.1.21/compute/v2.1/servers/114c361b-5947-411c-a055-6a22bdb3cf97 0.636s
2025-02-09 04:27:25.707 63130 INFO tempest.lib.common.rest_client [req-768b2de4-3d19-41ec-a017-fc0bafd4e0e2 req-768b2de4-3d19-41ec-a017-fc0bafd4e0e2 ] Request (ServerShowV254Test:test_rebuild_server): 200 GET http://10.180.1.21/compute/v2.1/servers/6617ac7f-d6bd-4e9a-baf4-a0be1fdb955c 0.675s
2025-02-09 04:27:25.743 63106 INFO tempest.lib.common.rest_client [req-033f39e7-a16e-4fa3-87d0-95f294ab69fe req-033f39e7-a16e-4fa3-87d0-95f294ab69fe ] Request (ServersAdmin275Test:test_rebuild_update_server_275): 200 GET http://10.180.1.21/compute/v2.1/servers/c1dc52c6-3ba9-4b2e-bfbe-d20ce3aca127 0.670s
2025-02-09 04:27:25.786 63166 INFO tempest.lib.common.rest_client [req-d0f02e59-9443-4bcf-965f-0800e1f3b6c9 req-d0f02e59-9443-4bcf-965f-0800e1f3b6c9 ] Request (ServerShowV257Test:test_rebuild_server): 200 GET http://10.180.1.21/compute/v2.1/servers/b008518e-6ef8-4750-85e0-2f9e8242e30f 0.709s
2025-02-09 04:27:25.819 63164 INFO tempest.lib.common.rest_client [req-07f5ffa7-41ae-42d9-b0e3-2817dc9c5c25 req-07f5ffa7-41ae-42d9-b0e3-2817dc9c5c25 ] Request (MultipleCreateTestJSON:_run_cleanups): 200 GET http://10.180.1.21/compute/v2.1/servers/eae5873e-40ed-4e98-914c-bb40dca360aa 0.734s
2025-02-09 04:27:25.884 63144 INFO tempest.lib.common.rest_client [req-d01672e2-9725-42a3-8769-1ec02b7cefd2 req-d01672e2-9725-42a3-8769-1ec02b7cefd2 ] Request (ServerDiagnosticsNegativeTest:tearDownClass): 200 GET http://10.180.1.21/compute/v2.1/servers/20b46e5d-c3db-48c5-b10b-4494c2f3dca5 0.551s
2025-02-09 04:27:25.900 63148 INFO tempest.lib.common.rest_client [req-822c5365-1315-4001-b7c3-bb232c1bd773 req-822c5365-1315-4001-b7c3-bb232c1bd773 ] Request (MigrationsAdminTest:test_list_migrations_in_flavor_resize_situation): 200 GET http://10.180.1.21/compute/v2.1/servers/1c4ddad5-e6ec-435a-83ac-685492e923f3 0.610s
2025-02-09 04:27:25.908 63148 INFO tempest.common.waiters [-] State transition "RESIZE/resize_finish" ==> "VERIFY_RESIZE/None" after 31 second wait
2025-02-09 04:27:25.941 63156 INFO tempest.lib.common.rest_client [req-013fcffa-5084-4058-860e-bc39b853c48c req-013fcffa-5084-4058-860e-bc39b853c48c ] Request (FloatingIPsAssociationNegativeTestJSON:setUpClass): 200 GET http://10.180.1.21/compute/v2.1/servers/f70fe324-e094-4b2e-a45f-a5ceb25d247b 0.561s
2025-02-09 04:27:25.956 63160 INFO tempest.lib.common.rest_client [req-1483128f-46a8-4fc6-a44a-65a08a5c53ae req-1483128f-46a8-4fc6-a44a-65a08a5c53ae ] Request (KeyPairsV22TestJSON:test_keypairsv22_create_list_show_with_type): 200 GET http://10.180.1.21/compute/v2.1/os-keypairs/tempest-keypair-333792801 0.518s
2025-02-09 04:27:25.972 63120 INFO tempest.lib.common.rest_client [req-dfe6d6a5-ccc2-406f-a01e-bc34897c49e4 req-dfe6d6a5-ccc2-406f-a01e-bc34897c49e4 ] Request (VolumesAdminNegativeTest:test_update_attached_volume_with_nonexistent_volume_in_body): 200 GET http://10.180.1.21/compute/v2.1/servers/ea8fac5b-af8a-4752-a651-8049f4c863a8 0.553s
2025-02-09 04:27:26.025 63132 INFO tempest.lib.common.rest_client [req-1a6e02c7-c7b4-4358-b37e-6998230f4b71 req-1a6e02c7-c7b4-4358-b37e-6998230f4b71 ] Request (ServerDiagnosticsTest:test_get_server_diagnostics): 200 GET http://10.180.1.21/compute/v2.1/servers/d55dd43d-e3a5-413a-8d09-340cfd8b8090 0.546s
2025-02-09 04:27:26.033 63132 INFO tempest.common.waiters [-] State transition "BUILD/scheduling" ==> "BUILD/None" after 18 second wait
2025-02-09 04:27:26.081 63126 INFO tempest.lib.common.rest_client [req-67a45488-43bd-4808-a42f-5222e0ee6fa6 req-67a45488-43bd-4808-a42f-5222e0ee6fa6 ] Request (ServersAdminTestJSON:setUpClass): 200 GET http://10.180.1.21/compute/v2.1/servers/33227b7a-3dfe-4d7b-8fd8-da6100ecb820 0.574s
2025-02-09 04:27:26.083 63114 INFO tempest.lib.common.rest_client [req-d2e80795-5c56-4d44-aea8-eacab436009a req-d2e80795-5c56-4d44-aea8-eacab436009a ] Request (ListImagesTestJSON:test_get_image): 200 GET http://10.180.1.21/compute/v2.1/images/ded308c2-03fc-44b4-b2d2-14ca94f4b07f 0.629s
2025-02-09 04:27:26.134 63116 INFO tempest.lib.common.rest_client [req-e0387c81-a64c-4cbe-9357-ab6165b999f7 req-e0387c81-a64c-4cbe-9357-ab6165b999f7 ] Request (ServersNegativeTestJSON:setUpClass): 200 GET http://10.180.1.21/compute/v2.1/servers/adb75301-5ea3-4467-bf86-e4e7891e9d28 0.583s
2025-02-09 04:27:26.147 63151 INFO tempest.lib.common.rest_client [req-fcc8f08f-17c0-4afa-9eb4-a78413646567 req-fcc8f08f-17c0-4afa-9eb4-a78413646567 ] Request (ServerPasswordTestJSON:tearDownClass): 200 GET http://10.180.1.21/compute/v2.1/servers/bb73b636-f415-43c3-bbdc-16f322315b81 0.610s
2025-02-09 04:27:26.185 63108 INFO tempest.lib.common.rest_client [req-c7b885f6-c2d8-49b5-ab99-4f1ed4e5a336 req-c7b885f6-c2d8-49b5-ab99-4f1ed4e5a336 ] Request (DeleteServersAdminTestJSON:test_delete_server_while_in_error_state): 200 GET http://10.180.1.21/compute/v2.1/servers/46b91d04-730f-4ef1-9fc9-d7cf458b2bb5 0.601s
2025-02-09 04:27:26.213 63118 INFO tempest.lib.common.rest_client [req-816cde95-5758-49d2-a9d5-4cc32eed0271 req-816cde95-5758-49d2-a9d5-4cc32eed0271 ] Request (AttachInterfacesV270Test:tearDownClass): 200 GET http://10.180.1.21/compute/v2.1/servers/fe93d593-a03b-4709-8716-7ec3965f81cf 0.607s
2025-02-09 04:27:26.255 63134 INFO tempest.lib.common.rest_client [req-75b7201d-332c-4467-b405-ad033d9a2a22 req-75b7201d-332c-4467-b405-ad033d9a2a22 ] Request (ImagesNegativeTestJSON:test_create_image_from_deleted_server): 200 GET http://10.180.1.21/compute/v2.1/servers/f86fbb84-d0e7-4c7e-8b42-be203156b02f 0.621s
2025-02-09 04:27:26.319 63136 WARNING tempest.lib.common.ssh [-] Failed to establish authenticated ssh connection to cirros@10.180.180.151 ([Errno None] Unable to connect to port 22 on 10.180.180.151). Number attempts: 5. Retry after 6 seconds.: paramiko.ssh_exception.NoValidConnectionsError: [Errno None] Unable to connect to port 22 on 10.180.180.151
2025-02-09 04:27:26.324 63152 INFO tempest.lib.common.rest_client [req-a69c89d3-730e-435e-a34d-60e03472f9e6 req-a69c89d3-730e-435e-a34d-60e03472f9e6 ] Request (ServerDiagnosticsV248Test:tearDownClass): 200 GET http://10.180.1.21/compute/v2.1/servers/29c06b51-9044-4e41-8bad-d09cd62a9622 0.592s
2025-02-09 04:27:26.367 63138 INFO tempest.lib.common.rest_client [req-d3262522-c257-40cf-818e-92ef87b7dc69 req-d3262522-c257-40cf-818e-92ef87b7dc69 ] Request (ServersTestBootFromVolume:setUpClass): 200 GET http://10.180.1.21/compute/v2.1/servers/a03a8428-c4fc-4b30-85de-ae82635462fe 0.645s
2025-02-09 04:27:26.393 63110 INFO tempest.lib.common.rest_client [req-8a2338e7-9c1e-49b0-95b0-1dde3a3306ed req-8a2338e7-9c1e-49b0-95b0-1dde3a3306ed ] Request (ServerRescueTestJSONUnderV235:setUpClass): 200 GET http://10.180.1.21/compute/v2.1/servers/83538639-b73e-4533-be47-0ee88752d4b2 0.605s
2025-02-09 04:27:26.431 63142 INFO tempest.lib.common.rest_client [req-94dc3e2e-97dd-46c7-9615-8e314fa90226 req-94dc3e2e-97dd-46c7-9615-8e314fa90226 ] Request (TenantUsagesTestJSON:tearDownClass): 200 GET http://10.180.1.21/compute/v2.1/servers/f1f06a26-f8d4-44d3-8f56-7ba3dea65dd8 0.634s
2025-02-09 04:27:26.442 63160 INFO tempest.lib.common.rest_client [req-158a8e55-1239-4cb3-8252-6ed874146974 req-158a8e55-1239-4cb3-8252-6ed874146974 ] Request (KeyPairsV22TestJSON:test_keypairsv22_create_list_show_with_type): 200 GET http://10.180.1.21/compute/v2.1/os-keypairs 0.484s
2025-02-09 04:27:26.456 63148 INFO tempest.lib.common.rest_client [req-e45145e4-f1a8-47c7-b344-306d5acffb95 req-e45145e4-f1a8-47c7-b344-306d5acffb95 ] Request (MigrationsAdminTest:test_list_migrations_in_flavor_resize_situation): 204 POST http://10.180.1.21/compute/v2.1/servers/1c4ddad5-e6ec-435a-83ac-685492e923f3/action 0.548s
2025-02-09 04:27:26.517 63114 INFO tempest.lib.common.rest_client [req-22392d49-3af1-4136-a05a-e791c5f253cf req-22392d49-3af1-4136-a05a-e791c5f253cf ] Request (ListImagesTestJSON:test_list_images): 200 GET http://10.180.1.21/compute/v2.1/images 0.427s
2025-02-09 04:27:26.588 63140 INFO tempest.lib.common.rest_client [req-4720a285-1805-4f39-ad7f-063be20439c9 req-4720a285-1805-4f39-ad7f-063be20439c9 ] Request (InstanceActionsTestJSON:test_list_instance_actions): 200 GET http://10.180.1.21/compute/v2.1/servers/e25dd119-c032-4dfa-bd50-efa59fa5849f 0.561s
2025-02-09 04:27:26.597 63140 INFO tempest.common.waiters [-] State transition "HARD_REBOOT/reboot_pending_hard" ==> "ACTIVE/None" after 4 second wait
2025-02-09 04:27:26.640 63169 INFO tempest.lib.common.rest_client [req-766a3651-ab90-4aaf-8783-40dc4c4b38b8 req-766a3651-ab90-4aaf-8783-40dc4c4b38b8 ] Request (ServersWithSpecificFlavorTestJSON:test_verify_created_server_ephemeral_disk): 200 GET http://10.180.1.21/compute/v2.1/servers/aedf6b6d-5624-4217-9479-60a13b6d1494 0.351s
2025-02-09 04:27:26.659 63160 INFO tempest.lib.common.rest_client [req-d9bc1b8c-5c76-4278-b909-8b3d9b26c6be req-d9bc1b8c-5c76-4278-b909-8b3d9b26c6be ] Request (KeyPairsV22TestJSON:_run_cleanups): 204 DELETE http://10.180.1.21/compute/v2.1/os-keypairs/tempest-keypair-333792801 0.214s
2025-02-09 04:27:26.787 63148 INFO tempest.lib.common.rest_client [req-7915f637-4eda-4c23-b2d7-e7e2a6c32a53 req-7915f637-4eda-4c23-b2d7-e7e2a6c32a53 ] Request (MigrationsAdminTest:test_list_migrations_in_flavor_resize_situation): 200 GET http://10.180.1.21/compute/v2.1/servers/1c4ddad5-e6ec-435a-83ac-685492e923f3 0.330s
2025-02-09 04:27:26.787 63162 INFO tempest.lib.common.rest_client [req-d6735fda-031b-4c92-9e89-d1fa45174390 req-d6735fda-031b-4c92-9e89-d1fa45174390 ] Request (ImagesOneServerNegativeTestJSON:tearDown): 200 GET http://10.180.1.21/compute/v2.1/servers/3439b9b7-2d18-4068-98ee-ca3e206d6d2f 0.359s
2025-02-09 04:27:26.796 63162 INFO tempest.common.waiters [-] State transition "ACTIVE/image_pending_upload" ==> "ACTIVE/image_uploading" after 3 second wait
2025-02-09 04:27:26.807 63160 INFO tempest.lib.common.rest_client [req-2eeb68fe-5c63-4a4c-b2de-d1dc1ca7bb20 req-2eeb68fe-5c63-4a4c-b2de-d1dc1ca7bb20 ] Request (KeyPairsV22TestJSON:tearDownClass): 204 DELETE http://10.180.1.21/identity/v3/users/5757f615bd034f84b1911b6821637396 0.141s
2025-02-09 04:27:26.807 63160 INFO tempest.lib.common.dynamic_creds [-] Deleting project and security group for project: 8e01beae7bb74630b7c835c30603e2d5
2025-02-09 04:27:26.830 63114 INFO tempest.lib.common.rest_client [req-d6176156-f47f-4029-912d-477eb590ba0a req-d6176156-f47f-4029-912d-477eb590ba0a ] Request (ListImagesTestJSON:test_list_images_with_detail): 200 GET http://10.180.1.21/compute/v2.1/images/detail 0.310s
2025-02-09 04:27:26.851 63154 INFO tempest.lib.common.rest_client [req-e730626b-1e51-4f5f-9c55-da5a3c264c1a req-e730626b-1e51-4f5f-9c55-da5a3c264c1a ] Request (ServerAddressesNegativeTestJSON:setUpClass): 200 GET http://10.180.1.21/compute/v2.1/servers/b4e1a19a-91c7-42ed-a180-bb0c6a897409 0.331s
2025-02-09 04:27:26.879 63160 INFO tempest.lib.common.rest_client [req-8b02fb7f-e503-4fac-8ae9-48785403fb44 req-8b02fb7f-e503-4fac-8ae9-48785403fb44 ] Request (KeyPairsV22TestJSON:tearDownClass): 201 POST http://10.180.1.21/identity/v3/auth/tokens 0.072s
2025-02-09 04:27:26.919 63128 INFO tempest.lib.common.rest_client [req-ccda334f-3ab9-43fe-be4c-ae7594476a8b req-ccda334f-3ab9-43fe-be4c-ae7594476a8b ] Request (ServerGroupTestJSON:test_create_server_with_scheduler_hint_group): 200 GET http://10.180.1.21/compute/v2.1/servers/a4067f64-aa31-4e97-b4bc-0a1919967123 0.336s
2025-02-09 04:27:26.953 63140 INFO tempest.lib.common.rest_client [req-7f576af3-7bdc-4c7c-9bec-c140c3eb7211 req-7f576af3-7bdc-4c7c-9bec-c140c3eb7211 ] Request (InstanceActionsTestJSON:test_list_instance_actions): 200 GET http://10.180.1.21/compute/v2.1/servers/e25dd119-c032-4dfa-bd50-efa59fa5849f/os-instance-actions 0.355s
2025-02-09 04:27:26.962 63114 INFO tempest.lib.common.rest_client [req-9d79c677-9144-4e5b-94d2-986cde083ced req-9d79c677-9144-4e5b-94d2-986cde083ced ] Request (ListImagesTestJSON:tearDownClass): 204 DELETE http://10.180.1.21/identity/v3/users/924807c4ab954f8f9f7db067cc5e0446 0.120s
2025-02-09 04:27:26.963 63114 INFO tempest.lib.common.dynamic_creds [-] Deleting project and security group for project: e333e9af1f7940e5a4f4f43967cb29b3
2025-02-09 04:27:26.987 63146 INFO tempest.lib.common.rest_client [req-4709a916-e974-47fc-b25a-795551931d0d req-4709a916-e974-47fc-b25a-795551931d0d ] Request (ServersAdminNegativeTestJSON:test_migrate_server_invalid_state): 200 GET http://10.180.1.21/compute/v2.1/servers/45f90bea-e2cc-4315-96c7-53c8c0ef67fd 0.417s
2025-02-09 04:27:26.995 63146 INFO tempest.common.waiters [-] State transition "BUILD/block_device_mapping" ==> "BUILD/spawning" after 35 second wait
2025-02-09 04:27:27.024 63159 INFO tempest.lib.common.rest_client [req-31a7db83-459d-441b-8e3b-0e3d21049186 req-31a7db83-459d-441b-8e3b-0e3d21049186 ] Request (ServerActionsTestJSON:setUpClass): 200 GET http://10.180.1.21/compute/v2.1/servers/11a2b336-8e4b-4627-872c-b70cf0d19cc0 0.377s
2025-02-09 04:27:27.027 63114 INFO tempest.lib.common.rest_client [req-e456354a-bcd6-43f8-bf88-8a3e978f96c6 req-e456354a-bcd6-43f8-bf88-8a3e978f96c6 ] Request (ListImagesTestJSON:tearDownClass): 201 POST http://10.180.1.21/identity/v3/auth/tokens 0.064s
2025-02-09 04:27:27.071 63112 INFO tempest.lib.common.rest_client [req-08aab8db-341d-471f-b744-018d19acb63c req-08aab8db-341d-471f-b744-018d19acb63c ] Request (ServersV294TestFqdnHostnames:setUpClass): 200 GET http://10.180.1.21/compute/v2.1/servers/114c361b-5947-411c-a055-6a22bdb3cf97 0.395s
2025-02-09 04:27:27.091 63130 INFO tempest.lib.common.rest_client [req-9b3006b4-cb59-4362-80be-730d49754408 req-9b3006b4-cb59-4362-80be-730d49754408 ] Request (ServerShowV254Test:test_rebuild_server): 200 GET http://10.180.1.21/compute/v2.1/servers/6617ac7f-d6bd-4e9a-baf4-a0be1fdb955c 0.373s
