2025-02-09 04:28:27.700 63128 INFO tempest.lib.common.rest_client [req-a5cd4807-10de-41d0-8ae6-fcbd2a3ec4e3 req-a5cd4807-10de-41d0-8ae6-fcbd2a3ec4e3 ] Request (ServerGroupTestJSON:test_create_server_with_scheduler_hint_group): 200 GET http://10.180.1.21/compute/v2.1/servers/a4067f64-aa31-4e97-b4bc-0a1919967123 0.131s
2025-02-09 04:28:27.822 63156 INFO tempest.lib.common.rest_client [req-25e22cc9-d7e3-4335-9c7f-1c1b19f81141 req-25e22cc9-d7e3-4335-9c7f-1c1b19f81141 ] Request (FloatingIPsAssociationNegativeTestJSON:tearDownClass): 200 GET http://10.180.1.21/compute/v2.1/servers/f70fe324-e094-4b2e-a45f-a5ceb25d247b 0.224s
2025-02-09 04:28:27.823 63120 WARNING tempest.lib.common.ssh [-] Failed to establish authenticated ssh connection to cirros@10.180.180.190 ([Errno None] Unable to connect to port 22 on 10.180.180.190). Number attempts: 5. Retry after 6 seconds.: paramiko.ssh_exception.NoValidConnectionsError: [Errno None] Unable to connect to port 22 on 10.180.180.190
2025-02-09 04:28:27.850 63108 INFO tempest.lib.common.rest_client [req-477b66f8-ee7e-4fc7-ba53-9276acf67fca req-477b66f8-ee7e-4fc7-ba53-9276acf67fca ] Request (DeleteServersAdminTestJSON:test_delete_server_while_in_error_state): 200 GET http://10.180.1.21/compute/v2.1/servers/46b91d04-730f-4ef1-9fc9-d7cf458b2bb5 0.356s
2025-02-09 04:28:27.876 63112 INFO tempest.lib.common.rest_client [req-c5ba30db-2d3b-4977-a044-f82d3bfb43e4 req-c5ba30db-2d3b-4977-a044-f82d3bfb43e4 ] Request (ServersV294TestFqdnHostnames:setUpClass): 200 GET http://10.180.1.21/compute/v2.1/servers/114c361b-5947-411c-a055-6a22bdb3cf97 0.217s
2025-02-09 04:28:27.896 63148 INFO tempest.lib.common.rest_client [req-961753ce-9271-48b5-87c4-0a7009d56ca1 req-961753ce-9271-48b5-87c4-0a7009d56ca1 ] Request (MigrationsAdminTest:test_resize_server_revert_deleted_flavor): 200 GET http://10.180.1.21/compute/v2.1/servers/ff1d5b52-ea04-469f-8971-14419e9c138f 0.156s
2025-02-09 04:28:27.935 63166 INFO tempest.lib.common.rest_client [req-b11b4b63-b9ce-4b6b-ad21-ef110fef0110 req-b11b4b63-b9ce-4b6b-ad21-ef110fef0110 ] Request (ServerShowV257Test:tearDownClass): 200 GET http://10.180.1.21/compute/v2.1/servers/b008518e-6ef8-4750-85e0-2f9e8242e30f 0.163s
2025-02-09 04:28:27.947 63144 INFO tempest.lib.common.rest_client [req-471ece7b-19e0-4137-9e7e-765624627a1a req-471ece7b-19e0-4137-9e7e-765624627a1a ] Request (ServerActionsV293TestJSON:setUpClass): 200 GET http://10.180.1.21/compute/v2.1/servers/944ab7ab-87b0-4f21-bbc1-2273bc9862bd 0.117s
2025-02-09 04:28:27.987 63154 INFO tempest.lib.common.rest_client [req-df98e7fe-ad4e-4293-ba0e-8d4390f0e829 req-df98e7fe-ad4e-4293-ba0e-8d4390f0e829 ] Request (ServerAddressesNegativeTestJSON:tearDownClass): 200 GET http://10.180.1.21/compute/v2.1/servers/b4e1a19a-91c7-42ed-a180-bb0c6a897409 0.093s
2025-02-09 04:28:28.067 63142 INFO tempest.lib.common.rest_client [req-084af172-8ded-4db1-901e-c99d6ff2cca3 req-084af172-8ded-4db1-901e-c99d6ff2cca3 ] Request (InstanceActionsNegativeTestJSON:setUpClass): 200 GET http://10.180.1.21/compute/v2.1/servers/a0e5daa1-b1a2-4630-bc21-a83d6d03fe5a 0.051s
2025-02-09 04:28:28.068 63106 INFO tempest.lib.common.rest_client [req-3d5f7b73-ac51-455a-a166-08abc26d077b req-3d5f7b73-ac51-455a-a166-08abc26d077b ] Request (ServersAdmin275Test:tearDownClass): 404 GET http://10.180.1.21/compute/v2.1/servers/c1dc52c6-3ba9-4b2e-bfbe-d20ce3aca127 0.023s
2025-02-09 04:28:28.115 63126 INFO tempest.lib.common.rest_client [req-21f8b8f6-02a7-4019-81c9-270bc33a1f6b req-21f8b8f6-02a7-4019-81c9-270bc33a1f6b ] Request (ServersAdminTestJSON:test_create_server_with_scheduling_hint): 200 GET http://10.180.1.21/compute/v2.1/servers/7dc6128f-ff23-4add-a7cf-52c54174ea85 0.056s
2025-02-09 04:28:28.147 63134 INFO tempest.lib.common.rest_client [req-1ca26b40-6e8e-44d3-9611-4da29986455c req-1ca26b40-6e8e-44d3-9611-4da29986455c ] Request (AttachInterfacesTestJSON:test_create_list_show_delete_interfaces_by_fixed_ip): 200 GET http://10.180.1.21/compute/v2.1/servers/17e14f3f-8170-4dff-bc39-6123194ed8e0 0.062s
2025-02-09 04:28:28.156 63106 INFO tempest.lib.common.rest_client [req-d119c35a-c066-4d98-9469-86a4dedc6e3d req-d119c35a-c066-4d98-9469-86a4dedc6e3d ] Request (ServersAdmin275Test:tearDownClass): 204 DELETE http://10.180.1.21/identity/v3/users/7832d848c3c94fa0a2b0f9eb4f041a37 0.088s
2025-02-09 04:28:28.165 63162 INFO tempest.lib.common.rest_client [req-c53f8f0d-7f17-4f9a-a374-c56bcb09104c req-c53f8f0d-7f17-4f9a-a374-c56bcb09104c ] Request (ImagesOneServerNegativeTestJSON:_run_cleanups): 200 GET http://10.180.1.21/compute/v2.1/servers/23dd65a4-a98a-46db-8006-b00482ece873 0.064s
2025-02-09 04:28:28.195 63116 INFO tempest.lib.common.rest_client [req-61fb3d80-09b1-4897-844b-7ca9d3d519c0 req-61fb3d80-09b1-4897-844b-7ca9d3d519c0 ] Request (ServersNegativeTestJSON:setUpClass): 200 GET http://10.180.1.21/compute/v2.1/servers/7a5bea28-eabd-49dd-a854-33805622c7d4 0.064s
2025-02-09 04:28:28.213 63140 INFO tempest.lib.common.rest_client [req-ea2f3794-7e2d-4459-906e-ab32e3cb2005 req-ea2f3794-7e2d-4459-906e-ab32e3cb2005 ] Request (ListServerFiltersTestJSON:setUpClass): 200 GET http://10.180.1.21/compute/v2.1/servers/c66cf078-4d7d-433d-98ee-2206453351f4 0.070s
2025-02-09 04:28:28.242 63164 INFO tempest.lib.common.rest_client [req-63d49d12-a554-446b-8294-9c449a02cf19 req-63d49d12-a554-446b-8294-9c449a02cf19 ] Request (MultipleCreateTestJSON:test_multiple_create_with_reservation_return): 200 GET http://10.180.1.21/compute/v2.1/servers/14111a68-61bd-4fd1-83ae-023db0110c0b 0.050s
2025-02-09 04:28:28.249 63106 INFO tempest.lib.common.rest_client [req-2b3b05fd-8d0c-4cc5-b836-107b749610fd req-2b3b05fd-8d0c-4cc5-b836-107b749610fd ] Request (ServersAdmin275Test:tearDownClass): 204 DELETE http://10.180.1.21/identity/v3/users/f455047ee22549e7ade30af199d79b4b 0.091s
2025-02-09 04:28:28.250 63106 INFO tempest.lib.common.dynamic_creds [-] Deleting project and security group for project: 000397056b8e460e88fcc930fe3da305
2025-02-09 04:28:28.301 63106 INFO tempest.lib.common.rest_client [req-8347ea98-d767-460f-89e1-c0bf5a685aef req-8347ea98-d767-460f-89e1-c0bf5a685aef ] Request (ServersAdmin275Test:tearDownClass): 201 POST http://10.180.1.21/identity/v3/auth/tokens 0.051s
2025-02-09 04:28:28.386 63132 INFO tempest.lib.common.rest_client [req-3800381a-12bc-4ccf-be31-d4ce91530f3e req-3800381a-12bc-4ccf-be31-d4ce91530f3e ] Request (ServerDiagnosticsTest:tearDownClass): 200 GET http://10.180.1.21/compute/v2.1/servers/d55dd43d-e3a5-413a-8d09-340cfd8b8090 0.053s
2025-02-09 04:28:28.432 63152 INFO tempest.lib.common.rest_client [req-4f91ec38-d5df-48b9-bdde-2887c924706b req-4f91ec38-d5df-48b9-bdde-2887c924706b ] Request (ServersTestManualDisk:setUpClass): 200 GET http://10.180.1.21/compute/v2.1/servers/4ac2d7b0-2633-4684-a1ee-71d15d2b4466 0.053s
2025-02-09 04:28:28.486 63118 INFO tempest.lib.common.rest_client [req-6f65c67f-5471-4ef1-8f83-be2637287fd3 req-6f65c67f-5471-4ef1-8f83-be2637287fd3 ] Request (DeleteServersTestJSON:test_delete_active_server): 200 GET http://10.180.1.21/compute/v2.1/servers/72804449-7f6a-4b4d-94d7-9c6e0e801c30 0.079s
2025-02-09 04:28:28.497 63106 INFO tempest.lib.common.rest_client [req-43e24547-bb6e-49d3-b030-7acc6b3d590e req-43e24547-bb6e-49d3-b030-7acc6b3d590e ] Request (ServersAdmin275Test:tearDownClass): 200 GET http://10.180.1.21:9696/networking/v2.0/security-groups?tenant_id=000397056b8e460e88fcc930fe3da305&name=default 0.195s
2025-02-09 04:28:28.501 63110 INFO tempest.lib.common.rest_client [req-2eff5db2-3eaa-412e-802b-c858cbf4da85 req-2eff5db2-3eaa-412e-802b-c858cbf4da85 ] Request (ServerRescueTestJSONUnderV235:setUpClass): 200 GET http://10.180.1.21/compute/v2.1/servers/83538639-b73e-4533-be47-0ee88752d4b2 0.143s
2025-02-09 04:28:28.558 63146 INFO tempest.lib.common.rest_client [req-5d430d71-299a-41f5-8690-050e5252752c req-5d430d71-299a-41f5-8690-050e5252752c ] Request (ServersAdminNegativeTestJSON:tearDownClass): 200 GET http://10.180.1.21/compute/v2.1/servers/20a7f81e-dfe7-43c9-adba-309257926a89 0.098s
2025-02-09 04:28:28.563 63130 INFO tempest.lib.common.rest_client [req-59f3d4d0-a24f-4dbd-95ca-a426b0fa0f11 req-59f3d4d0-a24f-4dbd-95ca-a426b0fa0f11 ] Request (ServerShowV254Test:test_rebuild_server): 200 GET http://10.180.1.21/compute/v2.1/servers/6617ac7f-d6bd-4e9a-baf4-a0be1fdb955c 0.084s
2025-02-09 04:28:28.600 63106 INFO tempest.lib.common.rest_client [req-7dd7de94-5246-47d2-b2ec-488514764051 req-7dd7de94-5246-47d2-b2ec-488514764051 ] Request (ServersAdmin275Test:tearDownClass): 204 DELETE http://10.180.1.21:9696/networking/v2.0/security-groups/6b6cb63f-0b0c-434b-8525-92348f7c0eae 0.103s
2025-02-09 04:28:28.674 63106 INFO tempest.lib.common.rest_client [req-3d5927de-c669-4bce-b9cd-093b0d8cbe2c req-3d5927de-c669-4bce-b9cd-093b0d8cbe2c ] Request (ServersAdmin275Test:tearDownClass): 204 DELETE http://10.180.1.21/identity/v3/projects/000397056b8e460e88fcc930fe3da305 0.074s
2025-02-09 04:28:28.675 63106 INFO tempest.lib.common.dynamic_creds [-] Deleting project and security group for project: f7f9e490ccf7457eb5a6efb33ad68cb9
2025-02-09 04:28:28.902 63106 INFO tempest.lib.common.rest_client [req-61458dff-70aa-4360-afda-b3dfc74a6a46 req-61458dff-70aa-4360-afda-b3dfc74a6a46 ] Request (ServersAdmin275Test:tearDownClass): 200 GET http://10.180.1.21:9696/networking/v2.0/security-groups?tenant_id=f7f9e490ccf7457eb5a6efb33ad68cb9&name=default 0.227s
2025-02-09 04:28:28.915 63156 INFO tempest.lib.common.rest_client [req-469735ce-43b0-46ab-8728-9539a369e038 req-469735ce-43b0-46ab-8728-9539a369e038 ] Request (FloatingIPsAssociationNegativeTestJSON:tearDownClass): 200 GET http://10.180.1.21/compute/v2.1/servers/f70fe324-e094-4b2e-a45f-a5ceb25d247b 0.082s
2025-02-09 04:28:28.939 63128 INFO tempest.lib.common.rest_client [req-dff6cc5b-9744-4f9e-a5c6-cef41a09ebd2 req-dff6cc5b-9744-4f9e-a5c6-cef41a09ebd2 ] Request (ServerGroupTestJSON:test_create_server_with_scheduler_hint_group): 200 GET http://10.180.1.21/compute/v2.1/servers/a4067f64-aa31-4e97-b4bc-0a1919967123 0.228s
2025-02-09 04:28:28.987 63108 INFO tempest.lib.common.rest_client [req-1cc0e3e2-65da-4ed1-9cb2-e29b7cc9f465 req-1cc0e3e2-65da-4ed1-9cb2-e29b7cc9f465 ] Request (DeleteServersAdminTestJSON:test_delete_server_while_in_error_state): 200 GET http://10.180.1.21/compute/v2.1/servers/46b91d04-730f-4ef1-9fc9-d7cf458b2bb5 0.127s
2025-02-09 04:28:29.017 63112 INFO tempest.lib.common.rest_client [req-ac2f7c4f-e662-4a9d-afe0-0c978cde6c2b req-ac2f7c4f-e662-4a9d-afe0-0c978cde6c2b ] Request (ServersV294TestFqdnHostnames:setUpClass): 200 GET http://10.180.1.21/compute/v2.1/servers/114c361b-5947-411c-a055-6a22bdb3cf97 0.131s
2025-02-09 04:28:29.036 63148 INFO tempest.lib.common.rest_client [req-7b4152c3-d49c-4b58-b598-ff07fb810d86 req-7b4152c3-d49c-4b58-b598-ff07fb810d86 ] Request (MigrationsAdminTest:test_resize_server_revert_deleted_flavor): 200 GET http://10.180.1.21/compute/v2.1/servers/ff1d5b52-ea04-469f-8971-14419e9c138f 0.130s
2025-02-09 04:28:29.051 63106 INFO tempest.lib.common.rest_client [req-3622ea00-23bc-4461-88ff-d95f63095049 req-3622ea00-23bc-4461-88ff-d95f63095049 ] Request (ServersAdmin275Test:tearDownClass): 204 DELETE http://10.180.1.21:9696/networking/v2.0/security-groups/8ff07b0c-0d04-4b72-a134-541b6b003aee 0.148s
2025-02-09 04:28:29.101 63144 INFO tempest.lib.common.rest_client [req-fe43efa0-8718-44c4-a60d-d4f85446c309 req-fe43efa0-8718-44c4-a60d-d4f85446c309 ] Request (ServerActionsV293TestJSON:setUpClass): 200 GET http://10.180.1.21/compute/v2.1/servers/944ab7ab-87b0-4f21-bbc1-2273bc9862bd 0.140s
2025-02-09 04:28:29.118 63166 INFO tempest.lib.common.rest_client [req-807db6d9-d32c-4da1-9620-eee99504d847 req-807db6d9-d32c-4da1-9620-eee99504d847 ] Request (ServerShowV257Test:tearDownClass): 200 GET http://10.180.1.21/compute/v2.1/servers/b008518e-6ef8-4750-85e0-2f9e8242e30f 0.173s
2025-02-09 04:28:29.173 63154 INFO tempest.lib.common.rest_client [req-7cfa57a6-7710-407a-a4ee-e4a816b1a972 req-7cfa57a6-7710-407a-a4ee-e4a816b1a972 ] Request (ServerAddressesNegativeTestJSON:tearDownClass): 200 GET http://10.180.1.21/compute/v2.1/servers/b4e1a19a-91c7-42ed-a180-bb0c6a897409 0.177s
2025-02-09 04:28:29.175 63142 INFO tempest.lib.common.rest_client [req-11a0e1a4-daad-4c9d-acd1-1e730c371816 req-11a0e1a4-daad-4c9d-acd1-1e730c371816 ] Request (InstanceActionsNegativeTestJSON:setUpClass): 200 GET http://10.180.1.21/compute/v2.1/servers/a0e5daa1-b1a2-4630-bc21-a83d6d03fe5a 0.099s
2025-02-09 04:28:29.175 63106 INFO tempest.lib.common.rest_client [req-2ad4d509-1591-46d1-b04b-b99959b59c75 req-2ad4d509-1591-46d1-b04b-b99959b59c75 ] Request (ServersAdmin275Test:tearDownClass): 204 DELETE http://10.180.1.21/identity/v3/projects/f7f9e490ccf7457eb5a6efb33ad68cb9 0.122s
2025-02-09 04:28:29.221 63126 INFO tempest.lib.common.rest_client [req-78e7a2cb-f961-429a-b3de-5cac03707722 req-78e7a2cb-f961-429a-b3de-5cac03707722 ] Request (ServersAdminTestJSON:test_create_server_with_scheduling_hint): 200 GET http://10.180.1.21/compute/v2.1/servers/7dc6128f-ff23-4add-a7cf-52c54174ea85 0.099s
2025-02-09 04:28:29.224 63134 INFO tempest.lib.common.rest_client [req-10b7756c-ea89-47dd-a5fe-8fdc9d56b959 req-10b7756c-ea89-47dd-a5fe-8fdc9d56b959 ] Request (AttachInterfacesTestJSON:test_create_list_show_delete_interfaces_by_fixed_ip): 200 GET http://10.180.1.21/compute/v2.1/servers/17e14f3f-8170-4dff-bc39-6123194ed8e0 0.063s
2025-02-09 04:28:29.234 63106 INFO tempest.lib.common.rest_client [req-e670629a-2c89-4b81-99ac-ab244ad20b10 req-e670629a-2c89-4b81-99ac-ab244ad20b10 ] Request (InstanceActionsV221TestJSON:setUpClass): 201 POST http://10.180.1.21/identity/v3/auth/tokens 0.057s
2025-02-09 04:28:29.262 63106 INFO tempest.lib.common.rest_client [req-dce67c0b-a16d-4ffc-b930-5081d53b0b8d req-dce67c0b-a16d-4ffc-b930-5081d53b0b8d ] Request (InstanceActionsV221TestJSON:setUpClass): 201 POST http://10.180.1.21/identity/v3/auth/tokens 0.025s
2025-02-09 04:28:29.264 63162 INFO tempest.lib.common.rest_client [req-da6a9c61-1def-44f8-b973-9eeaccb29d91 req-da6a9c61-1def-44f8-b973-9eeaccb29d91 ] Request (ImagesOneServerNegativeTestJSON:_run_cleanups): 200 GET http://10.180.1.21/compute/v2.1/servers/23dd65a4-a98a-46db-8006-b00482ece873 0.087s
2025-02-09 04:28:29.267 63116 INFO tempest.lib.common.rest_client [req-542fef23-b729-41d3-bc66-c3d1742ee16c req-542fef23-b729-41d3-bc66-c3d1742ee16c ] Request (ServersNegativeTestJSON:setUpClass): 200 GET http://10.180.1.21/compute/v2.1/servers/7a5bea28-eabd-49dd-a854-33805622c7d4 0.064s
2025-02-09 04:28:29.284 63106 INFO tempest.lib.common.rest_client [req-7f916ab1-d328-4426-a436-ce07afead969 req-7f916ab1-d328-4426-a436-ce07afead969 ] Request (InstanceActionsV221TestJSON:setUpClass): 200 GET http://10.180.1.21/identity/v3/domains?name=Default 0.022s
2025-02-09 04:28:29.312 63140 INFO tempest.lib.common.rest_client [req-704da2cc-ac35-466c-aff7-88cd7128e869 req-704da2cc-ac35-466c-aff7-88cd7128e869 ] Request (ListServerFiltersTestJSON:setUpClass): 200 GET http://10.180.1.21/compute/v2.1/servers/c66cf078-4d7d-433d-98ee-2206453351f4 0.089s
2025-02-09 04:28:29.312 63164 INFO tempest.lib.common.rest_client [req-0ad9c4e4-5497-42bd-9a13-550e1c55ca44 req-0ad9c4e4-5497-42bd-9a13-550e1c55ca44 ] Request (MultipleCreateTestJSON:test_multiple_create_with_reservation_return): 200 GET http://10.180.1.21/compute/v2.1/servers/14111a68-61bd-4fd1-83ae-023db0110c0b 0.062s
2025-02-09 04:28:29.313 63106 INFO tempest.lib.common.rest_client [req-7097bff2-d763-4d27-be99-2b5cc7f509ab req-7097bff2-d763-4d27-be99-2b5cc7f509ab ] Request (InstanceActionsV221TestJSON:setUpClass): 201 POST http://10.180.1.21/identity/v3/projects 0.029s
2025-02-09 04:28:29.367 63106 INFO tempest.lib.common.rest_client [req-35ebd01b-95e0-4edc-a923-3311a499f706 req-35ebd01b-95e0-4edc-a923-3311a499f706 ] Request (InstanceActionsV221TestJSON:setUpClass): 201 POST http://10.180.1.21/identity/v3/users 0.053s
2025-02-09 04:28:29.387 63106 INFO tempest.lib.common.rest_client [req-eb29bc93-f667-4dd0-a84d-6b913b0d3707 req-eb29bc93-f667-4dd0-a84d-6b913b0d3707 ] Request (InstanceActionsV221TestJSON:setUpClass): 200 GET http://10.180.1.21/identity/v3/roles 0.020s
2025-02-09 04:28:29.412 63106 INFO tempest.lib.common.rest_client [req-7654c3dd-6da7-4c51-9290-e8f4a229fa76 req-7654c3dd-6da7-4c51-9290-e8f4a229fa76 ] Request (InstanceActionsV221TestJSON:setUpClass): 204 PUT http://10.180.1.21/identity/v3/projects/e7f2672f6f214ef19a139aad3d48f3f2/users/40acfa2ad63346cea94b778524c1aedb/roles/17ab35d82aa546b38e09acefcf2b880a 0.024s
2025-02-09 04:28:29.412 63106 INFO tempest.lib.common.dynamic_creds [-] Dynamic test user 40acfa2ad63346cea94b778524c1aedb is created with scope project and roles: ['member']
2025-02-09 04:28:29.413 63106 INFO tempest.lib.common.dynamic_creds [-] Acquired dynamic creds: credentials: Credentials: {'domain_id': 'default', 'domain_name': 'Default', 'username': 'tempest-InstanceActionsV221TestJSON-61193475-project-member', 'project_domain_id': 'default', 'project_domain_name': 'Default', 'project_id': 'e7f2672f6f214ef19a139aad3d48f3f2', 'project_name': 'tempest-InstanceActionsV221TestJSON-61193475', 'tenant_id': 'e7f2672f6f214ef19a139aad3d48f3f2', 'tenant_name': 'tempest-InstanceActionsV221TestJSON-61193475', 'user_domain_id': 'default', 'user_domain_name': 'Default', 'user_id': '40acfa2ad63346cea94b778524c1aedb', 'system': None}, Network: None, Subnet: None, Router: None
2025-02-09 04:28:29.447 63132 INFO tempest.lib.common.rest_client [req-39beec7f-dd1d-4fb2-b5ab-4132e42fda9e req-39beec7f-dd1d-4fb2-b5ab-4132e42fda9e ] Request (ServerDiagnosticsTest:tearDownClass): 200 GET http://10.180.1.21/compute/v2.1/servers/d55dd43d-e3a5-413a-8d09-340cfd8b8090 0.052s
2025-02-09 04:28:29.465 63106 INFO tempest.lib.common.rest_client [req-9d1d0b7d-56c7-475f-adf8-273223ba82b3 req-9d1d0b7d-56c7-475f-adf8-273223ba82b3 ] Request (InstanceActionsV221TestJSON:setUpClass): 201 POST http://10.180.1.21/identity/v3/auth/tokens 0.052s
2025-02-09 04:28:29.487 63152 INFO tempest.lib.common.rest_client [req-d76fdf55-4562-4a6e-b3e1-c7990ccb9744 req-d76fdf55-4562-4a6e-b3e1-c7990ccb9744 ] Request (ServersTestManualDisk:setUpClass): 200 GET http://10.180.1.21/compute/v2.1/servers/4ac2d7b0-2633-4684-a1ee-71d15d2b4466 0.046s
2025-02-09 04:28:29.546 63118 INFO tempest.lib.common.rest_client [req-ef50fc39-842b-467b-a7a0-81d9b101c797 req-ef50fc39-842b-467b-a7a0-81d9b101c797 ] Request (DeleteServersTestJSON:test_delete_active_server): 200 GET http://10.180.1.21/compute/v2.1/servers/72804449-7f6a-4b4d-94d7-9c6e0e801c30 0.050s
2025-02-09 04:28:29.604 63110 INFO tempest.lib.common.rest_client [req-765585ed-245c-4f86-9d16-8aa7c96ad100 req-765585ed-245c-4f86-9d16-8aa7c96ad100 ] Request (ServerRescueTestJSONUnderV235:setUpClass): 200 GET http://10.180.1.21/compute/v2.1/servers/83538639-b73e-4533-be47-0ee88752d4b2 0.096s
2025-02-09 04:28:29.632 63146 INFO tempest.lib.common.rest_client [req-1a1f4f7e-b755-473f-8af0-93722c6182b6 req-1a1f4f7e-b755-473f-8af0-93722c6182b6 ] Request (ServersAdminNegativeTestJSON:tearDownClass): 200 GET http://10.180.1.21/compute/v2.1/servers/20a7f81e-dfe7-43c9-adba-309257926a89 0.066s
2025-02-09 04:28:29.652 63130 INFO tempest.lib.common.rest_client [req-fd031dc0-d5c2-45b1-b326-9c8f1033facc req-fd031dc0-d5c2-45b1-b326-9c8f1033facc ] Request (ServerShowV254Test:test_rebuild_server): 200 GET http://10.180.1.21/compute/v2.1/servers/6617ac7f-d6bd-4e9a-baf4-a0be1fdb955c 0.077s
2025-02-09 04:28:29.699 63106 INFO tempest.lib.common.rest_client [req-ff8a88d1-a198-4982-9ab2-0bd9fd2e90c3 req-ff8a88d1-a198-4982-9ab2-0bd9fd2e90c3 ] Request (InstanceActionsV221TestJSON:setUpClass): 201 POST http://10.180.1.21:9696/networking/v2.0/networks 0.233s
2025-02-09 04:28:29.807 63124 WARNING tempest.lib.common.ssh [-] Failed to establish authenticated ssh connection to cirros@10.180.180.169 ([Errno None] Unable to connect to port 22 on 10.180.180.169). Number attempts: 9. Retry after 10 seconds.: paramiko.ssh_exception.NoValidConnectionsError: [Errno None] Unable to connect to port 22 on 10.180.180.169
2025-02-09 04:28:29.839 63106 INFO tempest.lib.common.rest_client [req-88921e65-c4b2-4788-b09e-ef53dac7606a req-88921e65-c4b2-4788-b09e-ef53dac7606a ] Request (InstanceActionsV221TestJSON:setUpClass): 201 POST http://10.180.1.21:9696/networking/v2.0/subnets 0.139s
2025-02-09 04:28:29.996 63156 INFO tempest.lib.common.rest_client [req-562aa21c-1b76-4bf8-91f8-74648bcaa745 req-562aa21c-1b76-4bf8-91f8-74648bcaa745 ] Request (FloatingIPsAssociationNegativeTestJSON:tearDownClass): 200 GET http://10.180.1.21/compute/v2.1/servers/f70fe324-e094-4b2e-a45f-a5ceb25d247b 0.068s
2025-02-09 04:28:30.070 63108 INFO tempest.lib.common.rest_client [req-efef2397-d0b9-46fd-9dd8-2acea9261b69 req-efef2397-d0b9-46fd-9dd8-2acea9261b69 ] Request (DeleteServersAdminTestJSON:test_delete_server_while_in_error_state): 200 GET http://10.180.1.21/compute/v2.1/servers/46b91d04-730f-4ef1-9fc9-d7cf458b2bb5 0.072s
2025-02-09 04:28:30.077 63108 INFO tempest.common.waiters [-] State transition "ERROR/deleting" ==> "DELETED/None" after 4 second wait
2025-02-09 04:28:30.087 63128 INFO tempest.lib.common.rest_client [req-c4087009-100b-4da8-98ae-9bb55e3692e4 req-c4087009-100b-4da8-98ae-9bb55e3692e4 ] Request (ServerGroupTestJSON:test_create_server_with_scheduler_hint_group): 200 GET http://10.180.1.21/compute/v2.1/servers/a4067f64-aa31-4e97-b4bc-0a1919967123 0.135s
2025-02-09 04:28:30.095 63128 INFO tempest.common.waiters [-] State transition "BUILD/spawning" ==> "ACTIVE/None" after 76 second wait
2025-02-09 04:28:30.129 63112 INFO tempest.lib.common.rest_client [req-9fe04d96-193a-400f-83ea-7400877bcfb2 req-9fe04d96-193a-400f-83ea-7400877bcfb2 ] Request (ServersV294TestFqdnHostnames:setUpClass): 200 GET http://10.180.1.21/compute/v2.1/servers/114c361b-5947-411c-a055-6a22bdb3cf97 0.098s
2025-02-09 04:28:30.146 63148 INFO tempest.lib.common.rest_client [req-a7e087ae-92e6-4535-8a3a-52386d70bbfe req-a7e087ae-92e6-4535-8a3a-52386d70bbfe ] Request (MigrationsAdminTest:test_resize_server_revert_deleted_flavor): 200 GET http://10.180.1.21/compute/v2.1/servers/ff1d5b52-ea04-469f-8971-14419e9c138f 0.101s
2025-02-09 04:28:30.160 63128 INFO tempest.lib.common.rest_client [req-ee797191-0895-469a-bb71-16fa3f8efe67 req-ee797191-0895-469a-bb71-16fa3f8efe67 ] Request (ServerGroupTestJSON:test_create_server_with_scheduler_hint_group): 200 GET http://10.180.1.21/compute/v2.1/os-server-groups/865227be-039c-4c88-8560-3183409feb2c 0.065s
2025-02-09 04:28:30.195 63144 INFO tempest.lib.common.rest_client [req-be15ad6c-e7f5-48ef-88b7-9ffa2305a3e0 req-be15ad6c-e7f5-48ef-88b7-9ffa2305a3e0 ] Request (ServerActionsV293TestJSON:setUpClass): 200 GET http://10.180.1.21/compute/v2.1/servers/944ab7ab-87b0-4f21-bbc1-2273bc9862bd 0.083s
2025-02-09 04:28:30.215 63166 INFO tempest.lib.common.rest_client [req-8e44996e-d1b3-4483-bc16-ce0f9c321602 req-8e44996e-d1b3-4483-bc16-ce0f9c321602 ] Request (ServerShowV257Test:tearDownClass): 200 GET http://10.180.1.21/compute/v2.1/servers/b008518e-6ef8-4750-85e0-2f9e8242e30f 0.085s
2025-02-09 04:28:30.257 63128 INFO tempest.lib.common.rest_client [req-92e1e469-9a68-4809-b0db-0338ab53fffd req-92e1e469-9a68-4809-b0db-0338ab53fffd ] Request (ServerGroupTestJSON:_run_cleanups): 204 DELETE http://10.180.1.21/compute/v2.1/servers/a4067f64-aa31-4e97-b4bc-0a1919967123 0.095s
2025-02-09 04:28:30.277 63154 INFO tempest.lib.common.rest_client [req-e0ad2eee-6a82-4ca9-8d21-51945ce369ab req-e0ad2eee-6a82-4ca9-8d21-51945ce369ab ] Request (ServerAddressesNegativeTestJSON:tearDownClass): 200 GET http://10.180.1.21/compute/v2.1/servers/b4e1a19a-91c7-42ed-a180-bb0c6a897409 0.094s
2025-02-09 04:28:30.304 63142 INFO tempest.lib.common.rest_client [req-ddfca34e-cc0b-4735-95b3-85231c1c44d3 req-ddfca34e-cc0b-4735-95b3-85231c1c44d3 ] Request (InstanceActionsNegativeTestJSON:setUpClass): 200 GET http://10.180.1.21/compute/v2.1/servers/a0e5daa1-b1a2-4630-bc21-a83d6d03fe5a 0.121s
2025-02-09 04:28:30.328 63126 INFO tempest.lib.common.rest_client [req-3acf814d-9326-48c6-bfe4-c27e10fb51ce req-3acf814d-9326-48c6-bfe4-c27e10fb51ce ] Request (ServersAdminTestJSON:test_create_server_with_scheduling_hint): 200 GET http://10.180.1.21/compute/v2.1/servers/7dc6128f-ff23-4add-a7cf-52c54174ea85 0.099s
2025-02-09 04:28:30.349 63134 INFO tempest.lib.common.rest_client [req-505d16cf-8b55-4b67-a01a-73ed27d7e4a2 req-505d16cf-8b55-4b67-a01a-73ed27d7e4a2 ] Request (AttachInterfacesTestJSON:test_create_list_show_delete_interfaces_by_fixed_ip): 200 GET http://10.180.1.21/compute/v2.1/servers/17e14f3f-8170-4dff-bc39-6123194ed8e0 0.116s
2025-02-09 04:28:30.402 63162 INFO tempest.lib.common.rest_client [req-85a77837-9fa3-404b-a5ec-ad570f30b804 req-85a77837-9fa3-404b-a5ec-ad570f30b804 ] Request (ImagesOneServerNegativeTestJSON:_run_cleanups): 200 GET http://10.180.1.21/compute/v2.1/servers/23dd65a4-a98a-46db-8006-b00482ece873 0.130s
2025-02-09 04:28:30.450 63116 INFO tempest.lib.common.rest_client [req-270f2160-69e8-41c0-83b8-ada8deb3e0a7 req-270f2160-69e8-41c0-83b8-ada8deb3e0a7 ] Request (ServersNegativeTestJSON:setUpClass): 200 GET http://10.180.1.21/compute/v2.1/servers/7a5bea28-eabd-49dd-a854-33805622c7d4 0.175s
2025-02-09 04:28:30.462 63128 INFO tempest.lib.common.rest_client [req-2f659ed4-5747-404e-89ea-dd4be68fc842 req-2f659ed4-5747-404e-89ea-dd4be68fc842 ] Request (ServerGroupTestJSON:_run_cleanups): 200 GET http://10.180.1.21/compute/v2.1/servers/a4067f64-aa31-4e97-b4bc-0a1919967123 0.204s
2025-02-09 04:28:30.465 63138 WARNING tempest.lib.common.ssh [-] Failed to establish authenticated ssh connection to cirros@10.180.180.140 ([Errno None] Unable to connect to port 22 on 10.180.180.140). Number attempts: 8. Retry after 9 seconds.: paramiko.ssh_exception.NoValidConnectionsError: [Errno None] Unable to connect to port 22 on 10.180.180.140
2025-02-09 04:28:30.491 63140 INFO tempest.lib.common.rest_client [req-8e179f23-6b10-48d7-bc08-718ff3460b6c req-8e179f23-6b10-48d7-bc08-718ff3460b6c ] Request (ListServerFiltersTestJSON:setUpClass): 200 GET http://10.180.1.21/compute/v2.1/servers/c66cf078-4d7d-433d-98ee-2206453351f4 0.173s
2025-02-09 04:28:30.510 63164 INFO tempest.lib.common.rest_client [req-8a739e4d-2104-4514-9036-4cfaacb3ad16 req-8a739e4d-2104-4514-9036-4cfaacb3ad16 ] Request (MultipleCreateTestJSON:test_multiple_create_with_reservation_return): 200 GET http://10.180.1.21/compute/v2.1/servers/14111a68-61bd-4fd1-83ae-023db0110c0b 0.186s
2025-02-09 04:28:30.549 63132 INFO tempest.lib.common.rest_client [req-6a01accd-e499-4352-afd0-27b1108f1b21 req-6a01accd-e499-4352-afd0-27b1108f1b21 ] Request (ServerDiagnosticsTest:tearDownClass): 200 GET http://10.180.1.21/compute/v2.1/servers/d55dd43d-e3a5-413a-8d09-340cfd8b8090 0.093s
2025-02-09 04:28:30.572 63152 INFO tempest.lib.common.rest_client [req-53220d70-d382-4f38-9f34-b1eb48340527 req-53220d70-d382-4f38-9f34-b1eb48340527 ] Request (ServersTestManualDisk:setUpClass): 200 GET http://10.180.1.21/compute/v2.1/servers/4ac2d7b0-2633-4684-a1ee-71d15d2b4466 0.077s
2025-02-09 04:28:30.609 63118 INFO tempest.lib.common.rest_client [req-c40ddf95-8b3f-4133-a47f-7fa614574f12 req-c40ddf95-8b3f-4133-a47f-7fa614574f12 ] Request (DeleteServersTestJSON:test_delete_active_server): 200 GET http://10.180.1.21/compute/v2.1/servers/72804449-7f6a-4b4d-94d7-9c6e0e801c30 0.055s
2025-02-09 04:28:30.697 63146 INFO tempest.lib.common.rest_client [req-d0af8e6e-3069-4883-817c-cc317393e102 req-d0af8e6e-3069-4883-817c-cc317393e102 ] Request (ServersAdminNegativeTestJSON:tearDownClass): 200 GET http://10.180.1.21/compute/v2.1/servers/20a7f81e-dfe7-43c9-adba-309257926a89 0.058s
2025-02-09 04:28:30.698 63106 INFO tempest.lib.common.rest_client [req-e430c225-d5c4-4316-94a9-c9147e6a7093 req-e430c225-d5c4-4316-94a9-c9147e6a7093 ] Request (InstanceActionsV221TestJSON:setUpClass): 201 POST http://10.180.1.21:9696/networking/v2.0/routers 0.859s
2025-02-09 04:28:30.773 63130 INFO tempest.lib.common.rest_client [req-e1b6ce3e-d6b6-4ef0-9b94-53af32f9209b req-e1b6ce3e-d6b6-4ef0-9b94-53af32f9209b ] Request (ServerShowV254Test:test_rebuild_server): 200 GET http://10.180.1.21/compute/v2.1/servers/6617ac7f-d6bd-4e9a-baf4-a0be1fdb955c 0.111s
2025-02-09 04:28:30.789 63110 INFO tempest.lib.common.rest_client [req-cb50f728-fa98-4eba-9d71-0f5c47214834 req-cb50f728-fa98-4eba-9d71-0f5c47214834 ] Request (ServerRescueTestJSONUnderV235:setUpClass): 200 GET http://10.180.1.21/compute/v2.1/servers/83538639-b73e-4533-be47-0ee88752d4b2 0.174s
2025-02-09 04:28:31.086 63156 INFO tempest.lib.common.rest_client [req-7fff0b64-0da7-4ac9-80bd-6501bafe046b req-7fff0b64-0da7-4ac9-80bd-6501bafe046b ] Request (FloatingIPsAssociationNegativeTestJSON:tearDownClass): 200 GET http://10.180.1.21/compute/v2.1/servers/f70fe324-e094-4b2e-a45f-a5ceb25d247b 0.081s
2025-02-09 04:28:31.098 63156 INFO tempest.common.waiters [-] State transition "ACTIVE/deleting" ==> "DELETED/None" after 5 second wait
2025-02-09 04:28:31.154 63108 INFO tempest.lib.common.rest_client [req-2537c0ab-e3d7-4878-9a35-e018f216b5c4 req-2537c0ab-e3d7-4878-9a35-e018f216b5c4 ] Request (DeleteServersAdminTestJSON:test_delete_server_while_in_error_state): 200 GET http://10.180.1.21/compute/v2.1/servers/46b91d04-730f-4ef1-9fc9-d7cf458b2bb5 0.074s
2025-02-09 04:28:31.214 63148 INFO tempest.lib.common.rest_client [req-1521cf2b-b0df-4f3a-8061-4b9cb35db62b req-1521cf2b-b0df-4f3a-8061-4b9cb35db62b ] Request (MigrationsAdminTest:test_resize_server_revert_deleted_flavor): 200 GET http://10.180.1.21/compute/v2.1/servers/ff1d5b52-ea04-469f-8971-14419e9c138f 0.060s
2025-02-09 04:28:31.279 63144 INFO tempest.lib.common.rest_client [req-802df8d9-0087-4556-893b-95f2e554bc22 req-802df8d9-0087-4556-893b-95f2e554bc22 ] Request (ServerActionsV293TestJSON:setUpClass): 200 GET http://10.180.1.21/compute/v2.1/servers/944ab7ab-87b0-4f21-bbc1-2273bc9862bd 0.068s
2025-02-09 04:28:31.347 63166 INFO tempest.lib.common.rest_client [req-52ed106f-a4a0-482f-aa49-67ce736722dc req-52ed106f-a4a0-482f-aa49-67ce736722dc ] Request (ServerShowV257Test:tearDownClass): 200 GET http://10.180.1.21/compute/v2.1/servers/b008518e-6ef8-4750-85e0-2f9e8242e30f 0.117s
2025-02-09 04:28:31.377 63112 INFO tempest.lib.common.rest_client [req-3031a1a9-4ae7-48ee-8378-ace92658c105 req-3031a1a9-4ae7-48ee-8378-ace92658c105 ] Request (ServersV294TestFqdnHostnames:setUpClass): 200 GET http://10.180.1.21/compute/v2.1/servers/114c361b-5947-411c-a055-6a22bdb3cf97 0.236s
2025-02-09 04:28:31.392 63112 INFO tempest.common.waiters [-] State transition "BUILD/None" ==> "BUILD/networking" after 72 second wait
2025-02-09 04:28:31.407 63154 INFO tempest.lib.common.rest_client [req-9f9048b7-0fa5-4db3-9e30-35ecfca30751 req-9f9048b7-0fa5-4db3-9e30-35ecfca30751 ] Request (ServerAddressesNegativeTestJSON:tearDownClass): 200 GET http://10.180.1.21/compute/v2.1/servers/b4e1a19a-91c7-42ed-a180-bb0c6a897409 0.120s
2025-02-09 04:28:31.446 63142 INFO tempest.lib.common.rest_client [req-bc16f6ae-5706-433b-b131-547afe1cae02 req-bc16f6ae-5706-433b-b131-547afe1cae02 ] Request (InstanceActionsNegativeTestJSON:setUpClass): 200 GET http://10.180.1.21/compute/v2.1/servers/a0e5daa1-b1a2-4630-bc21-a83d6d03fe5a 0.134s
2025-02-09 04:28:31.461 63126 INFO tempest.lib.common.rest_client [req-4910a4c9-25e3-4a2b-93df-9aba93f2c167 req-4910a4c9-25e3-4a2b-93df-9aba93f2c167 ] Request (ServersAdminTestJSON:test_create_server_with_scheduling_hint): 200 GET http://10.180.1.21/compute/v2.1/servers/7dc6128f-ff23-4add-a7cf-52c54174ea85 0.126s
2025-02-09 04:28:31.468 63126 INFO tempest.common.waiters [-] State transition "BUILD/scheduling" ==> "BUILD/None" after 32 second wait
2025-02-09 04:28:31.504 63134 INFO tempest.lib.common.rest_client [req-54493bbe-f0ce-40c6-be79-1f232c62ed8e req-54493bbe-f0ce-40c6-be79-1f232c62ed8e ] Request (AttachInterfacesTestJSON:test_create_list_show_delete_interfaces_by_fixed_ip): 200 GET http://10.180.1.21/compute/v2.1/servers/17e14f3f-8170-4dff-bc39-6123194ed8e0 0.146s
2025-02-09 04:28:31.515 63162 INFO tempest.lib.common.rest_client [req-965463e3-6ff8-4be4-86aa-fa818d6e21ca req-965463e3-6ff8-4be4-86aa-fa818d6e21ca ] Request (ImagesOneServerNegativeTestJSON:_run_cleanups): 200 GET http://10.180.1.21/compute/v2.1/servers/23dd65a4-a98a-46db-8006-b00482ece873 0.105s
2025-02-09 04:28:31.557 63116 INFO tempest.lib.common.rest_client [req-7fefccd9-1bab-45cb-8333-1c857f67338f req-7fefccd9-1bab-45cb-8333-1c857f67338f ] Request (ServersNegativeTestJSON:setUpClass): 200 GET http://10.180.1.21/compute/v2.1/servers/7a5bea28-eabd-49dd-a854-33805622c7d4 0.098s
2025-02-09 04:28:31.612 63128 INFO tempest.lib.common.rest_client [req-ba8bcb1e-7aad-4aa9-8d42-0f0b31a6d7a7 req-ba8bcb1e-7aad-4aa9-8d42-0f0b31a6d7a7 ] Request (ServerGroupTestJSON:_run_cleanups): 200 GET http://10.180.1.21/compute/v2.1/servers/a4067f64-aa31-4e97-b4bc-0a1919967123 0.140s
2025-02-09 04:28:31.612 63140 INFO tempest.lib.common.rest_client [req-9b348f23-5074-4047-b056-92a6a289e1b3 req-9b348f23-5074-4047-b056-92a6a289e1b3 ] Request (ListServerFiltersTestJSON:setUpClass): 200 GET http://10.180.1.21/compute/v2.1/servers/c66cf078-4d7d-433d-98ee-2206453351f4 0.112s
2025-02-09 04:28:31.662 63164 INFO tempest.lib.common.rest_client [req-4fe5189d-02e3-47a9-b25f-3c5c33d62d0d req-4fe5189d-02e3-47a9-b25f-3c5c33d62d0d ] Request (MultipleCreateTestJSON:test_multiple_create_with_reservation_return): 200 GET http://10.180.1.21/compute/v2.1/servers/14111a68-61bd-4fd1-83ae-023db0110c0b 0.140s
2025-02-09 04:28:31.675 63132 INFO tempest.lib.common.rest_client [req-a2c75f22-69d7-4843-ae4f-487b21c5875d req-a2c75f22-69d7-4843-ae4f-487b21c5875d ] Request (ServerDiagnosticsTest:tearDownClass): 200 GET http://10.180.1.21/compute/v2.1/servers/d55dd43d-e3a5-413a-8d09-340cfd8b8090 0.112s
2025-02-09 04:28:31.690 63106 INFO tempest.lib.common.rest_client [req-25ccf4ba-9eab-4149-b402-38ae030ee0a0 req-25ccf4ba-9eab-4149-b402-38ae030ee0a0 ] Request (InstanceActionsV221TestJSON:setUpClass): 200 PUT http://10.180.1.21:9696/networking/v2.0/routers/6a3a48dc-b530-4deb-a371-151df3cdff13/add_router_interface 0.991s
2025-02-09 04:28:31.690 63106 INFO tempest.lib.common.dynamic_creds [-] Created isolated network resources for: credentials: Credentials: {'domain_id': 'default', 'domain_name': 'Default', 'username': 'tempest-InstanceActionsV221TestJSON-61193475-project-member', 'project_domain_id': 'default', 'project_domain_name': 'Default', 'project_id': 'e7f2672f6f214ef19a139aad3d48f3f2', 'project_name': 'tempest-InstanceActionsV221TestJSON-61193475', 'tenant_id': 'e7f2672f6f214ef19a139aad3d48f3f2', 'tenant_name': 'tempest-InstanceActionsV221TestJSON-61193475', 'user_domain_id': 'default', 'user_domain_name': 'Default', 'user_id': '40acfa2ad63346cea94b778524c1aedb', 'system': None}, Network: {'id': '28693711-b5c7-45af-811a-59a4bd42f02a', 'name': 'tempest-InstanceActionsV221TestJSON-1713888524-network', 'tenant_id': 'e7f2672f6f214ef19a139aad3d48f3f2', 'admin_state_up': True, 'mtu': 8950, 'status': 'ACTIVE', 'subnets': [], 'shared': False, 'project_id': 'e7f2672f6f214ef19a139aad3d48f3f2', 'port_security_enabled': True, 'router:external': False, 'provider:network_type': 'vlan', 'provider:physical_network': 'default', 'provider:segmentation_id': 894, 'availability_zone_hints': [], 'availability_zones': [], 'ipv4_address_scope': None, 'ipv6_address_scope': None, 'description': '', 'tags': [], 'created_at': '2025-02-09T04:28:29Z', 'updated_at': '2025-02-09T04:28:29Z', 'revision_number': 1}, Subnet: {'id': '85393df3-d168-4869-acab-33edcb382bcf', 'name': 'tempest-InstanceActionsV221TestJSON-1713888524-subnet', 'tenant_id': 'e7f2672f6f214ef19a139aad3d48f3f2', 'network_id': '28693711-b5c7-45af-811a-59a4bd42f02a', 'ip_version': 4, 'subnetpool_id': None, 'enable_dhcp': True, 'ipv6_ra_mode': None, 'ipv6_address_mode': None, 'gateway_ip': '192.168.128.1', 'cidr': '192.168.128.0/28', 'allocation_pools': [{'start': '192.168.128.2', 'end': '192.168.128.14'}], 'host_routes': [], 'dns_nameservers': [], 'description': '', 'router:external': False, 'service_types': [], 'tags': [], 'created_at': '2025-02-09T04:28:29Z', 'updated_at': '2025-02-09T04:28:29Z', 'revision_number': 0, 'project_id': 'e7f2672f6f214ef19a139aad3d48f3f2'}, Router: {'id': '6a3a48dc-b530-4deb-a371-151df3cdff13', 'name': 'tempest-InstanceActionsV221TestJSON-1713888524-router', 'tenant_id': 'e7f2672f6f214ef19a139aad3d48f3f2', 'admin_state_up': True, 'status': 'ACTIVE', 'external_gateway_info': {'network_id': '868961f4-2bf7-45f9-a763-08e38a789712', 'external_fixed_ips': [{'subnet_id': '43beed3b-0a9a-4ea2-ab22-53bed4c1f960', 'ip_address': '10.180.180.234'}], 'enable_snat': True}, 'description': '', 'availability_zones': [], 'distributed': False, 'ha': False, 'availability_zone_hints': [], 'routes': [], 'flavor_id': None, 'tags': [], 'created_at': '2025-02-09T04:28:29Z', 'updated_at': '2025-02-09T04:28:30Z', 'revision_number': 2, 'project_id': 'e7f2672f6f214ef19a139aad3d48f3f2'}
2025-02-09 04:28:31.714 63152 INFO tempest.lib.common.rest_client [req-6ff4910c-0b00-4d8b-ac00-6ad62f5514bb req-6ff4910c-0b00-4d8b-ac00-6ad62f5514bb ] Request (ServersTestManualDisk:setUpClass): 200 GET http://10.180.1.21/compute/v2.1/servers/4ac2d7b0-2633-4684-a1ee-71d15d2b4466 0.125s
2025-02-09 04:28:31.724 63118 INFO tempest.lib.common.rest_client [req-1afabc88-746a-4368-803e-19296189d4ab req-1afabc88-746a-4368-803e-19296189d4ab ] Request (DeleteServersTestJSON:test_delete_active_server): 200 GET http://10.180.1.21/compute/v2.1/servers/72804449-7f6a-4b4d-94d7-9c6e0e801c30 0.105s
2025-02-09 04:28:31.772 63146 INFO tempest.lib.common.rest_client [req-051dab07-8329-4403-a1cb-a36111cb1966 req-051dab07-8329-4403-a1cb-a36111cb1966 ] Request (ServersAdminNegativeTestJSON:tearDownClass): 200 GET http://10.180.1.21/compute/v2.1/servers/20a7f81e-dfe7-43c9-adba-309257926a89 0.064s
2025-02-09 04:28:31.781 63106 INFO tempest.lib.common.rest_client [req-5ef5e7a8-4ff1-4cbf-bb50-b42a98f3b543 req-5ef5e7a8-4ff1-4cbf-bb50-b42a98f3b543 ] Request (InstanceActionsV221TestJSON:setUpClass): 201 POST http://10.180.1.21/identity/v3/auth/tokens 0.087s
2025-02-09 04:28:31.822 63106 INFO tempest.lib.common.rest_client [req-2f574f0b-ab1c-4e3c-af25-070fd0aacf1a req-2f574f0b-ab1c-4e3c-af25-070fd0aacf1a ] Request (InstanceActionsV221TestJSON:test_get_list_deleted_instance_actions): 201 POST http://10.180.1.21/identity/v3/auth/tokens 0.032s
2025-02-09 04:28:31.823 63106 INFO tempest.lib.common.fixed_network [-] (InstanceActionsV221TestJSON:test_get_list_deleted_instance_actions) Found network {'id': '28693711-b5c7-45af-811a-59a4bd42f02a', 'name': 'tempest-InstanceActionsV221TestJSON-1713888524-network', 'tenant_id': 'e7f2672f6f214ef19a139aad3d48f3f2', 'admin_state_up': True, 'mtu': 8950, 'status': 'ACTIVE', 'subnets': [], 'shared': False, 'project_id': 'e7f2672f6f214ef19a139aad3d48f3f2', 'port_security_enabled': True, 'router:external': False, 'provider:network_type': 'vlan', 'provider:physical_network': 'default', 'provider:segmentation_id': 894, 'availability_zone_hints': [], 'availability_zones': [], 'ipv4_address_scope': None, 'ipv6_address_scope': None, 'description': '', 'tags': [], 'created_at': '2025-02-09T04:28:29Z', 'updated_at': '2025-02-09T04:28:29Z', 'revision_number': 1} available for tenant
2025-02-09 04:28:31.847 63130 INFO tempest.lib.common.rest_client [req-f63aed6c-dcd7-4ca3-888e-0658377e2141 req-f63aed6c-dcd7-4ca3-888e-0658377e2141 ] Request (ServerShowV254Test:test_rebuild_server): 200 GET http://10.180.1.21/compute/v2.1/servers/6617ac7f-d6bd-4e9a-baf4-a0be1fdb955c 0.061s
2025-02-09 04:28:31.912 63110 INFO tempest.lib.common.rest_client [req-75c87024-1b4e-48e8-94b3-c2900b7fea01 req-75c87024-1b4e-48e8-94b3-c2900b7fea01 ] Request (ServerRescueTestJSONUnderV235:setUpClass): 200 GET http://10.180.1.21/compute/v2.1/servers/83538639-b73e-4533-be47-0ee88752d4b2 0.115s
2025-02-09 04:28:32.167 63156 INFO tempest.lib.common.rest_client [req-169388a4-53f1-4a36-9e61-218a5cb09270 req-169388a4-53f1-4a36-9e61-218a5cb09270 ] Request (FloatingIPsAssociationNegativeTestJSON:tearDownClass): 200 GET http://10.180.1.21/compute/v2.1/servers/f70fe324-e094-4b2e-a45f-a5ceb25d247b 0.068s
2025-02-09 04:28:32.234 63108 INFO tempest.lib.common.rest_client [req-8c252a11-efa7-4ed8-aeeb-737a26831f5c req-8c252a11-efa7-4ed8-aeeb-737a26831f5c ] Request (DeleteServersAdminTestJSON:test_delete_server_while_in_error_state): 200 GET http://10.180.1.21/compute/v2.1/servers/46b91d04-730f-4ef1-9fc9-d7cf458b2bb5 0.066s
2025-02-09 04:28:32.254 63106 INFO tempest.lib.common.rest_client [req-ddf7c7a3-8d51-4f2e-8a6b-801d617bd28d req-ddf7c7a3-8d51-4f2e-8a6b-801d617bd28d ] Request (InstanceActionsV221TestJSON:test_get_list_deleted_instance_actions): 202 POST http://10.180.1.21/compute/v2.1/servers 0.430s
2025-02-09 04:28:32.286 63148 INFO tempest.lib.common.rest_client [req-c6a3300b-de01-409c-89de-091e33cd9fb2 req-c6a3300b-de01-409c-89de-091e33cd9fb2 ] Request (MigrationsAdminTest:test_resize_server_revert_deleted_flavor): 200 GET http://10.180.1.21/compute/v2.1/servers/ff1d5b52-ea04-469f-8971-14419e9c138f 0.063s
2025-02-09 04:28:32.329 63106 INFO tempest.lib.common.rest_client [req-cefc0fd0-7fbd-49a1-8e66-605546533a4f req-cefc0fd0-7fbd-49a1-8e66-605546533a4f ] Request (InstanceActionsV221TestJSON:test_get_list_deleted_instance_actions): 200 GET http://10.180.1.21/compute/v2.1/servers/246d0e5d-6fe4-4a7f-9eaf-5c4a22e576af 0.073s
2025-02-09 04:28:32.353 63144 INFO tempest.lib.common.rest_client [req-9e7a6ac7-6d58-47f7-94ab-22fad7caeceb req-9e7a6ac7-6d58-47f7-94ab-22fad7caeceb ] Request (ServerActionsV293TestJSON:setUpClass): 200 GET http://10.180.1.21/compute/v2.1/servers/944ab7ab-87b0-4f21-bbc1-2273bc9862bd 0.057s
2025-02-09 04:28:32.430 63166 INFO tempest.lib.common.rest_client [req-69bff12d-707b-40b3-a336-d457f3c3a70d req-69bff12d-707b-40b3-a336-d457f3c3a70d ] Request (ServerShowV257Test:tearDownClass): 200 GET http://10.180.1.21/compute/v2.1/servers/b008518e-6ef8-4750-85e0-2f9e8242e30f 0.071s
2025-02-09 04:28:32.491 63154 INFO tempest.lib.common.rest_client [req-3f15e3ff-d5f5-4da6-9ac1-19b24fe63d15 req-3f15e3ff-d5f5-4da6-9ac1-19b24fe63d15 ] Request (ServerAddressesNegativeTestJSON:tearDownClass): 200 GET http://10.180.1.21/compute/v2.1/servers/b4e1a19a-91c7-42ed-a180-bb0c6a897409 0.067s
2025-02-09 04:28:32.509 63112 INFO tempest.lib.common.rest_client [req-46c3780e-2bc1-40f1-a712-2f22692aed07 req-46c3780e-2bc1-40f1-a712-2f22692aed07 ] Request (ServersV294TestFqdnHostnames:setUpClass): 200 GET http://10.180.1.21/compute/v2.1/servers/114c361b-5947-411c-a055-6a22bdb3cf97 0.115s
2025-02-09 04:28:32.520 63112 INFO tempest.common.waiters [-] State transition "BUILD/networking" ==> "BUILD/spawning" after 73 second wait
2025-02-09 04:28:32.554 63142 INFO tempest.lib.common.rest_client [req-ae42fa90-dc1b-44d1-8e43-be2a41356de8 req-ae42fa90-dc1b-44d1-8e43-be2a41356de8 ] Request (InstanceActionsNegativeTestJSON:setUpClass): 200 GET http://10.180.1.21/compute/v2.1/servers/a0e5daa1-b1a2-4630-bc21-a83d6d03fe5a 0.097s
2025-02-09 04:28:32.569 63126 INFO tempest.lib.common.rest_client [req-34e6c5a2-eed3-4101-aea3-04a28bf157df req-34e6c5a2-eed3-4101-aea3-04a28bf157df ] Request (ServersAdminTestJSON:test_create_server_with_scheduling_hint): 200 GET http://10.180.1.21/compute/v2.1/servers/7dc6128f-ff23-4add-a7cf-52c54174ea85 0.099s
2025-02-09 04:28:32.617 63134 INFO tempest.lib.common.rest_client [req-6bcd0f42-245a-484e-a057-057064572484 req-6bcd0f42-245a-484e-a057-057064572484 ] Request (AttachInterfacesTestJSON:test_create_list_show_delete_interfaces_by_fixed_ip): 200 GET http://10.180.1.21/compute/v2.1/servers/17e14f3f-8170-4dff-bc39-6123194ed8e0 0.094s
2025-02-09 04:28:32.625 63162 INFO tempest.lib.common.rest_client [req-9fd0bf90-835a-4dd5-9f18-23cfd26ea2a6 req-9fd0bf90-835a-4dd5-9f18-23cfd26ea2a6 ] Request (ImagesOneServerNegativeTestJSON:_run_cleanups): 200 GET http://10.180.1.21/compute/v2.1/servers/23dd65a4-a98a-46db-8006-b00482ece873 0.101s
2025-02-09 04:28:32.679 63116 INFO tempest.lib.common.rest_client [req-920a9826-703c-4eeb-8d36-e0c8c093bb99 req-920a9826-703c-4eeb-8d36-e0c8c093bb99 ] Request (ServersNegativeTestJSON:setUpClass): 200 GET http://10.180.1.21/compute/v2.1/servers/7a5bea28-eabd-49dd-a854-33805622c7d4 0.112s
2025-02-09 04:28:32.690 63140 INFO tempest.lib.common.rest_client [req-2f8184eb-d64c-499e-adf3-921ca9d29c7b req-2f8184eb-d64c-499e-adf3-921ca9d29c7b ] Request (ListServerFiltersTestJSON:setUpClass): 200 GET http://10.180.1.21/compute/v2.1/servers/c66cf078-4d7d-433d-98ee-2206453351f4 0.070s
2025-02-09 04:28:32.748 63164 INFO tempest.lib.common.rest_client [req-94617ea0-5972-416d-8394-603654e7cb48 req-94617ea0-5972-416d-8394-603654e7cb48 ] Request (MultipleCreateTestJSON:test_multiple_create_with_reservation_return): 200 GET http://10.180.1.21/compute/v2.1/servers/14111a68-61bd-4fd1-83ae-023db0110c0b 0.073s
2025-02-09 04:28:32.748 63128 INFO tempest.lib.common.rest_client [req-35c7ad48-989f-4203-b02c-700f113cfb70 req-35c7ad48-989f-4203-b02c-700f113cfb70 ] Request (ServerGroupTestJSON:_run_cleanups): 200 GET http://10.180.1.21/compute/v2.1/servers/a4067f64-aa31-4e97-b4bc-0a1919967123 0.124s
2025-02-09 04:28:32.844 63132 INFO tempest.lib.common.rest_client [req-6efdaa26-d771-49de-80b9-528bc5f18182 req-6efdaa26-d771-49de-80b9-528bc5f18182 ] Request (ServerDiagnosticsTest:tearDownClass): 200 GET http://10.180.1.21/compute/v2.1/servers/d55dd43d-e3a5-413a-8d09-340cfd8b8090 0.161s
2025-02-09 04:28:32.859 63152 INFO tempest.lib.common.rest_client [req-bebce445-8a26-44e3-9522-ce9c181296b7 req-bebce445-8a26-44e3-9522-ce9c181296b7 ] Request (ServersTestManualDisk:setUpClass): 200 GET http://10.180.1.21/compute/v2.1/servers/4ac2d7b0-2633-4684-a1ee-71d15d2b4466 0.132s
2025-02-09 04:28:32.912 63118 INFO tempest.lib.common.rest_client [req-dab7c933-65f8-4a4f-9aaa-d182e8214076 req-dab7c933-65f8-4a4f-9aaa-d182e8214076 ] Request (DeleteServersTestJSON:test_delete_active_server): 200 GET http://10.180.1.21/compute/v2.1/servers/72804449-7f6a-4b4d-94d7-9c6e0e801c30 0.180s
2025-02-09 04:28:32.940 63146 INFO tempest.lib.common.rest_client [req-b4def32d-3e11-446a-994b-1eae8f42b277 req-b4def32d-3e11-446a-994b-1eae8f42b277 ] Request (ServersAdminNegativeTestJSON:tearDownClass): 200 GET http://10.180.1.21/compute/v2.1/servers/20a7f81e-dfe7-43c9-adba-309257926a89 0.160s
2025-02-09 04:28:32.983 63130 INFO tempest.lib.common.rest_client [req-1a528d96-4b0d-4112-b5bc-c932f1b6eaac req-1a528d96-4b0d-4112-b5bc-c932f1b6eaac ] Request (ServerShowV254Test:test_rebuild_server): 200 GET http://10.180.1.21/compute/v2.1/servers/6617ac7f-d6bd-4e9a-baf4-a0be1fdb955c 0.123s
2025-02-09 04:28:33.078 63110 INFO tempest.lib.common.rest_client [req-14adccbc-2920-4b56-93fe-22c7f5a6f708 req-14adccbc-2920-4b56-93fe-22c7f5a6f708 ] Request (ServerRescueTestJSONUnderV235:setUpClass): 200 GET http://10.180.1.21/compute/v2.1/servers/83538639-b73e-4533-be47-0ee88752d4b2 0.157s
2025-02-09 04:28:33.230 63156 INFO tempest.lib.common.rest_client [req-16c30a33-97ac-4af8-a8f9-571add017dbd req-16c30a33-97ac-4af8-a8f9-571add017dbd ] Request (FloatingIPsAssociationNegativeTestJSON:tearDownClass): 200 GET http://10.180.1.21/compute/v2.1/servers/f70fe324-e094-4b2e-a45f-a5ceb25d247b 0.054s
2025-02-09 04:28:33.308 63108 INFO tempest.lib.common.rest_client [req-5e07529e-8e7c-4878-993c-b9fb0bd965a8 req-5e07529e-8e7c-4878-993c-b9fb0bd965a8 ] Request (DeleteServersAdminTestJSON:test_delete_server_while_in_error_state): 200 GET http://10.180.1.21/compute/v2.1/servers/46b91d04-730f-4ef1-9fc9-d7cf458b2bb5 0.066s
2025-02-09 04:28:33.349 63148 INFO tempest.lib.common.rest_client [req-739e4b4d-7282-4758-83e2-8a3a3b9becd6 req-739e4b4d-7282-4758-83e2-8a3a3b9becd6 ] Request (MigrationsAdminTest:test_resize_server_revert_deleted_flavor): 200 GET http://10.180.1.21/compute/v2.1/servers/ff1d5b52-ea04-469f-8971-14419e9c138f 0.050s
2025-02-09 04:28:33.386 63106 INFO tempest.lib.common.rest_client [req-f382c306-06f9-40b2-ae52-fae15562c86e req-f382c306-06f9-40b2-ae52-fae15562c86e ] Request (InstanceActionsV221TestJSON:test_get_list_deleted_instance_actions): 200 GET http://10.180.1.21/compute/v2.1/servers/246d0e5d-6fe4-4a7f-9eaf-5c4a22e576af 0.047s
2025-02-09 04:28:33.431 63144 INFO tempest.lib.common.rest_client [req-9e6e7c9b-9317-4ffa-9c98-efbf87af4d17 req-9e6e7c9b-9317-4ffa-9c98-efbf87af4d17 ] Request (ServerActionsV293TestJSON:setUpClass): 200 GET http://10.180.1.21/compute/v2.1/servers/944ab7ab-87b0-4f21-bbc1-2273bc9862bd 0.059s
2025-02-09 04:28:33.501 63166 INFO tempest.lib.common.rest_client [req-22d34ff7-dc43-4f5a-a5c6-56880178bf9b req-22d34ff7-dc43-4f5a-a5c6-56880178bf9b ] Request (ServerShowV257Test:tearDownClass): 200 GET http://10.180.1.21/compute/v2.1/servers/b008518e-6ef8-4750-85e0-2f9e8242e30f 0.063s
2025-02-09 04:28:33.566 63154 INFO tempest.lib.common.rest_client [req-af93a066-2fc4-4a6c-97a7-2f72dbfaab85 req-af93a066-2fc4-4a6c-97a7-2f72dbfaab85 ] Request (ServerAddressesNegativeTestJSON:tearDownClass): 200 GET http://10.180.1.21/compute/v2.1/servers/b4e1a19a-91c7-42ed-a180-bb0c6a897409 0.067s
2025-02-09 04:28:33.616 63142 INFO tempest.lib.common.rest_client [req-3e13bdad-b58a-42da-8400-d5d0207fa662 req-3e13bdad-b58a-42da-8400-d5d0207fa662 ] Request (InstanceActionsNegativeTestJSON:setUpClass): 200 GET http://10.180.1.21/compute/v2.1/servers/a0e5daa1-b1a2-4630-bc21-a83d6d03fe5a 0.053s
2025-02-09 04:28:33.639 63112 INFO tempest.lib.common.rest_client [req-8c01af3c-74f2-4daa-9ba6-53e98460232a req-8c01af3c-74f2-4daa-9ba6-53e98460232a ] Request (ServersV294TestFqdnHostnames:setUpClass): 200 GET http://10.180.1.21/compute/v2.1/servers/114c361b-5947-411c-a055-6a22bdb3cf97 0.117s
2025-02-09 04:28:33.672 63126 INFO tempest.lib.common.rest_client [req-b1c1a36f-bae0-4583-93e2-093e895c8acc req-b1c1a36f-bae0-4583-93e2-093e895c8acc ] Request (ServersAdminTestJSON:test_create_server_with_scheduling_hint): 200 GET http://10.180.1.21/compute/v2.1/servers/7dc6128f-ff23-4add-a7cf-52c54174ea85 0.096s
