2025-02-09 04:28:07.007 63116 INFO tempest.lib.common.rest_client [req-29200602-2808-4ee4-9ff6-3be87fd5f463 req-29200602-2808-4ee4-9ff6-3be87fd5f463 ] Request (ServersNegativeTestJSON:setUpClass): 200 GET http://10.180.1.21/compute/v2.1/servers/adb75301-5ea3-4467-bf86-e4e7891e9d28 0.121s
2025-02-09 04:28:07.040 63130 INFO tempest.lib.common.rest_client [req-d470dc5f-678f-431d-b992-da909d2891ce req-d470dc5f-678f-431d-b992-da909d2891ce ] Request (ServerShowV254Test:test_rebuild_server): 200 GET http://10.180.1.21/compute/v2.1/servers/6617ac7f-d6bd-4e9a-baf4-a0be1fdb955c 0.047s
2025-02-09 04:28:07.085 63156 INFO tempest.lib.common.rest_client [req-2920739e-9337-4c34-9206-8b61cdb13ce0 req-2920739e-9337-4c34-9206-8b61cdb13ce0 ] Request (FloatingIPsAssociationNegativeTestJSON:setUpClass): 200 GET http://10.180.1.21/compute/v2.1/servers/f70fe324-e094-4b2e-a45f-a5ceb25d247b 0.049s
2025-02-09 04:28:07.300 63146 INFO tempest.lib.common.rest_client [req-f294ae1d-d98b-48eb-81bb-b7db25359206 req-f294ae1d-d98b-48eb-81bb-b7db25359206 ] Request (ServersAdminNegativeTestJSON:tearDownClass): 200 GET http://10.180.1.21/compute/v2.1/servers/45f90bea-e2cc-4315-96c7-53c8c0ef67fd 0.063s
2025-02-09 04:28:07.361 63148 INFO tempest.lib.common.rest_client [req-61463981-2da7-4b1a-a870-7c7e3c6e16a8 req-61463981-2da7-4b1a-a870-7c7e3c6e16a8 ] Request (MigrationsAdminTest:test_resize_server_revert_deleted_flavor): 200 GET http://10.180.1.21/compute/v2.1/servers/ff1d5b52-ea04-469f-8971-14419e9c138f 0.050s
2025-02-09 04:28:07.451 63106 INFO tempest.lib.common.rest_client [req-9518272f-41e5-4de0-a117-e062bdf7917b req-9518272f-41e5-4de0-a117-e062bdf7917b ] Request (ServersAdmin275Test:tearDownClass): 200 GET http://10.180.1.21/compute/v2.1/servers/c1dc52c6-3ba9-4b2e-bfbe-d20ce3aca127 0.061s
2025-02-09 04:28:07.485 63142 INFO tempest.lib.common.rest_client [req-b7306179-cd11-455e-a0d8-a8946868009d req-b7306179-cd11-455e-a0d8-a8946868009d ] Request (InstanceActionsNegativeTestJSON:setUpClass): 200 GET http://10.180.1.21/compute/v2.1/servers/a0e5daa1-b1a2-4630-bc21-a83d6d03fe5a 0.050s
2025-02-09 04:28:07.545 63162 INFO tempest.lib.common.rest_client [req-aaa9102d-8a76-41bc-ae66-790360fd7b93 req-aaa9102d-8a76-41bc-ae66-790360fd7b93 ] Request (ImagesOneServerNegativeTestJSON:_run_cleanups): 200 GET http://10.180.1.21/compute/v2.1/servers/3439b9b7-2d18-4068-98ee-ca3e206d6d2f 0.057s
2025-02-09 04:28:07.567 63154 INFO tempest.lib.common.rest_client [req-c1de1142-6901-472e-93c0-51c1760aa060 req-c1de1142-6901-472e-93c0-51c1760aa060 ] Request (ServerAddressesNegativeTestJSON:setUpClass): 200 GET http://10.180.1.21/compute/v2.1/servers/b4e1a19a-91c7-42ed-a180-bb0c6a897409 0.097s
2025-02-09 04:28:07.593 63126 INFO tempest.lib.common.rest_client [req-989e69ff-cb84-4515-b27d-b99a3753b3c7 req-989e69ff-cb84-4515-b27d-b99a3753b3c7 ] Request (ServersAdminTestJSON:test_create_server_with_scheduling_hint): 200 GET http://10.180.1.21/compute/v2.1/servers/7dc6128f-ff23-4add-a7cf-52c54174ea85 0.080s
2025-02-09 04:28:07.624 63134 INFO tempest.lib.common.rest_client [req-d9901de9-41e7-42ca-a078-258285368347 req-d9901de9-41e7-42ca-a078-258285368347 ] Request (AttachInterfacesTestJSON:test_create_list_show_delete_interfaces_by_fixed_ip): 200 GET http://10.180.1.21/compute/v2.1/servers/17e14f3f-8170-4dff-bc39-6123194ed8e0 0.091s
2025-02-09 04:28:07.645 63108 INFO tempest.lib.common.rest_client [req-d8c86873-23d6-4a77-aeee-605d1a51c40c req-d8c86873-23d6-4a77-aeee-605d1a51c40c ] Request (DeleteServersAdminTestJSON:test_delete_server_while_in_error_state): 200 GET http://10.180.1.21/compute/v2.1/servers/46b91d04-730f-4ef1-9fc9-d7cf458b2bb5 0.059s
2025-02-09 04:28:07.738 63166 INFO tempest.lib.common.rest_client [req-217e8bd8-2b21-4fa5-9503-b4ad646f6892 req-217e8bd8-2b21-4fa5-9503-b4ad646f6892 ] Request (ServerShowV257Test:tearDownClass): 200 GET http://10.180.1.21/compute/v2.1/servers/b008518e-6ef8-4750-85e0-2f9e8242e30f 0.069s
2025-02-09 04:28:07.760 63132 INFO tempest.lib.common.rest_client [req-c060cc70-e773-46c4-9527-6e5aa9a3382d req-c060cc70-e773-46c4-9527-6e5aa9a3382d ] Request (ServerDiagnosticsTest:test_get_server_diagnostics): 200 GET http://10.180.1.21/compute/v2.1/servers/d55dd43d-e3a5-413a-8d09-340cfd8b8090 0.115s
2025-02-09 04:28:07.777 63144 INFO tempest.lib.common.rest_client [req-fbe8eaae-a4f9-4b75-84d6-c835d3818d83 req-fbe8eaae-a4f9-4b75-84d6-c835d3818d83 ] Request (ServerActionsV293TestJSON:setUpClass): 200 GET http://10.180.1.21/volume/v3/volumes/1c107202-f629-4b5e-81fc-426298af0ab2 0.030s
2025-02-09 04:28:07.797 63118 INFO tempest.lib.common.rest_client [req-fab69a08-d0e8-4d8d-b142-00ff6c0a7889 req-fab69a08-d0e8-4d8d-b142-00ff6c0a7889 ] Request (DeleteServersTestJSON:test_delete_active_server): 200 GET http://10.180.1.21/compute/v2.1/servers/72804449-7f6a-4b4d-94d7-9c6e0e801c30 0.096s
2025-02-09 04:28:07.816 63164 INFO tempest.lib.common.rest_client [req-5daac64a-6be5-4fc5-9805-9817a67c5bc4 req-5daac64a-6be5-4fc5-9805-9817a67c5bc4 ] Request (MultipleCreateTestJSON:test_multiple_create_with_reservation_return): 200 GET http://10.180.1.21/compute/v2.1/servers/14111a68-61bd-4fd1-83ae-023db0110c0b 0.099s
2025-02-09 04:28:07.850 63110 INFO tempest.lib.common.rest_client [req-d89430a5-3fb6-4f73-8fad-ec3735597458 req-d89430a5-3fb6-4f73-8fad-ec3735597458 ] Request (ServerRescueTestJSONUnderV235:setUpClass): 200 GET http://10.180.1.21/compute/v2.1/servers/83538639-b73e-4533-be47-0ee88752d4b2 0.093s
2025-02-09 04:28:07.869 63159 WARNING tempest.lib.common.ssh [-] Failed to establish authenticated ssh connection to cirros@10.180.180.145 ([Errno None] Unable to connect to port 22 on 10.180.180.145). Number attempts: 1. Retry after 2 seconds.: paramiko.ssh_exception.NoValidConnectionsError: [Errno None] Unable to connect to port 22 on 10.180.180.145
2025-02-09 04:28:07.884 63152 INFO tempest.lib.common.rest_client [req-2c4514c6-6986-41ca-9e6b-c8d3b9abf62d req-2c4514c6-6986-41ca-9e6b-c8d3b9abf62d ] Request (ServersTestManualDisk:setUpClass): 200 GET http://10.180.1.21/compute/v2.1/servers/4ac2d7b0-2633-4684-a1ee-71d15d2b4466 0.097s
2025-02-09 04:28:07.907 63128 INFO tempest.lib.common.rest_client [req-7c4e0a5a-64a3-48b6-b751-e46fac7b02f2 req-7c4e0a5a-64a3-48b6-b751-e46fac7b02f2 ] Request (ServerGroupTestJSON:test_create_server_with_scheduler_hint_group): 200 GET http://10.180.1.21/compute/v2.1/servers/a4067f64-aa31-4e97-b4bc-0a1919967123 0.072s
2025-02-09 04:28:07.968 63140 INFO tempest.lib.common.rest_client [req-194e1593-1b8f-438b-9ce5-49231ab9794d req-194e1593-1b8f-438b-9ce5-49231ab9794d ] Request (InstanceActionsTestJSON:tearDownClass): 404 GET http://10.180.1.21/compute/v2.1/servers/e25dd119-c032-4dfa-bd50-efa59fa5849f 0.023s
2025-02-09 04:28:08.050 63112 INFO tempest.lib.common.rest_client [req-abae2e3d-751d-4d13-b86e-92e420655bc6 req-abae2e3d-751d-4d13-b86e-92e420655bc6 ] Request (ServersV294TestFqdnHostnames:setUpClass): 200 GET http://10.180.1.21/compute/v2.1/servers/114c361b-5947-411c-a055-6a22bdb3cf97 0.054s
2025-02-09 04:28:08.102 63130 INFO tempest.lib.common.rest_client [req-64c5a29c-8ce1-4edf-a30b-820e5208d2b6 req-64c5a29c-8ce1-4edf-a30b-820e5208d2b6 ] Request (ServerShowV254Test:test_rebuild_server): 200 GET http://10.180.1.21/compute/v2.1/servers/6617ac7f-d6bd-4e9a-baf4-a0be1fdb955c 0.049s
2025-02-09 04:28:08.147 63156 INFO tempest.lib.common.rest_client [req-49612816-548e-45ca-87cd-89204e467776 req-49612816-548e-45ca-87cd-89204e467776 ] Request (FloatingIPsAssociationNegativeTestJSON:setUpClass): 200 GET http://10.180.1.21/compute/v2.1/servers/f70fe324-e094-4b2e-a45f-a5ceb25d247b 0.054s
2025-02-09 04:28:08.200 63116 INFO tempest.lib.common.rest_client [req-022b73b1-1d93-45b1-928d-30eeb7f32569 req-022b73b1-1d93-45b1-928d-30eeb7f32569 ] Request (ServersNegativeTestJSON:setUpClass): 200 GET http://10.180.1.21/compute/v2.1/servers/adb75301-5ea3-4467-bf86-e4e7891e9d28 0.185s
2025-02-09 04:28:08.208 63116 INFO tempest.common.waiters [-] State transition "BUILD/spawning" ==> "ACTIVE/None" after 70 second wait
2025-02-09 04:28:08.273 63116 INFO tempest.lib.common.rest_client [req-41219c6a-ccf3-47fc-8637-87af0fe0281f req-41219c6a-ccf3-47fc-8637-87af0fe0281f ] Request (ServersNegativeTestJSON:setUpClass): 201 POST http://10.180.1.21/identity/v3/auth/tokens 0.063s
2025-02-09 04:28:08.274 63116 INFO tempest.lib.common.fixed_network [-] (ServersNegativeTestJSON:setUpClass) Found network {'id': '4eee5c24-7766-47cd-b885-4a274fdb5719', 'name': 'tempest-ServersNegativeTestJSON-850157775-network', 'tenant_id': '52c94b5e973e4a1eb6c0afb449bb17fd', 'admin_state_up': True, 'mtu': 8950, 'status': 'ACTIVE', 'subnets': [], 'shared': False, 'project_id': '52c94b5e973e4a1eb6c0afb449bb17fd', 'port_security_enabled': True, 'router:external': False, 'provider:network_type': 'vlan', 'provider:physical_network': 'default', 'provider:segmentation_id': 822, 'availability_zone_hints': [], 'availability_zones': [], 'ipv4_address_scope': None, 'ipv6_address_scope': None, 'description': '', 'tags': [], 'created_at': '2025-02-09T04:26:50Z', 'updated_at': '2025-02-09T04:26:50Z', 'revision_number': 1} available for tenant
2025-02-09 04:28:08.382 63146 INFO tempest.lib.common.rest_client [req-ba747857-a38a-4dc4-bd93-ea25e92087d1 req-ba747857-a38a-4dc4-bd93-ea25e92087d1 ] Request (ServersAdminNegativeTestJSON:tearDownClass): 200 GET http://10.180.1.21/compute/v2.1/servers/45f90bea-e2cc-4315-96c7-53c8c0ef67fd 0.074s
2025-02-09 04:28:08.432 63148 INFO tempest.lib.common.rest_client [req-a9a35ce0-56db-42d7-a2bb-153ca2b0399e req-a9a35ce0-56db-42d7-a2bb-153ca2b0399e ] Request (MigrationsAdminTest:test_resize_server_revert_deleted_flavor): 200 GET http://10.180.1.21/compute/v2.1/servers/ff1d5b52-ea04-469f-8971-14419e9c138f 0.063s
2025-02-09 04:28:08.538 63106 INFO tempest.lib.common.rest_client [req-3bc08b9a-697b-4899-ad9a-e6e343ec31a4 req-3bc08b9a-697b-4899-ad9a-e6e343ec31a4 ] Request (ServersAdmin275Test:tearDownClass): 200 GET http://10.180.1.21/compute/v2.1/servers/c1dc52c6-3ba9-4b2e-bfbe-d20ce3aca127 0.076s
2025-02-09 04:28:08.557 63169 WARNING tempest.lib.common.ssh [-] Failed to establish authenticated ssh connection to cirros@10.180.180.150 ([Errno None] Unable to connect to port 22 on 10.180.180.150). Number attempts: 6. Retry after 7 seconds.: paramiko.ssh_exception.NoValidConnectionsError: [Errno None] Unable to connect to port 22 on 10.180.180.150
2025-02-09 04:28:08.593 63142 INFO tempest.lib.common.rest_client [req-0e501f8b-d1b5-4f82-a392-c2bbaf34e5b4 req-0e501f8b-d1b5-4f82-a392-c2bbaf34e5b4 ] Request (InstanceActionsNegativeTestJSON:setUpClass): 200 GET http://10.180.1.21/compute/v2.1/servers/a0e5daa1-b1a2-4630-bc21-a83d6d03fe5a 0.100s
2025-02-09 04:28:08.605 63142 INFO tempest.common.waiters [-] State transition "BUILD/scheduling" ==> "BUILD/None" after 27 second wait
2025-02-09 04:28:08.629 63116 INFO tempest.lib.common.rest_client [req-cf69bcdc-3c47-4fbf-9252-4ce02667e005 req-cf69bcdc-3c47-4fbf-9252-4ce02667e005 ] Request (ServersNegativeTestJSON:setUpClass): 202 POST http://10.180.1.21/compute/v2.1/servers 0.355s
2025-02-09 04:28:08.656 63162 INFO tempest.lib.common.rest_client [req-6225ec0a-4ac6-41cd-a25f-6444ce6ac0b1 req-6225ec0a-4ac6-41cd-a25f-6444ce6ac0b1 ] Request (ImagesOneServerNegativeTestJSON:_run_cleanups): 200 GET http://10.180.1.21/compute/v2.1/servers/3439b9b7-2d18-4068-98ee-ca3e206d6d2f 0.100s
2025-02-09 04:28:08.734 63126 INFO tempest.lib.common.rest_client [req-15691618-0745-48d1-8678-499efa9290d0 req-15691618-0745-48d1-8678-499efa9290d0 ] Request (ServersAdminTestJSON:test_create_server_with_scheduling_hint): 200 GET http://10.180.1.21/compute/v2.1/servers/7dc6128f-ff23-4add-a7cf-52c54174ea85 0.132s
2025-02-09 04:28:08.790 63116 INFO tempest.lib.common.rest_client [req-1c787314-543e-489b-8e97-1d77df2c2c96 req-1c787314-543e-489b-8e97-1d77df2c2c96 ] Request (ServersNegativeTestJSON:setUpClass): 200 GET http://10.180.1.21/compute/v2.1/servers/7a5bea28-eabd-49dd-a854-33805622c7d4 0.160s
2025-02-09 04:28:08.825 63144 INFO tempest.lib.common.rest_client [req-6756bda2-86d6-406c-a64f-f3c4ec3c11b9 req-6756bda2-86d6-406c-a64f-f3c4ec3c11b9 ] Request (ServerActionsV293TestJSON:setUpClass): 200 GET http://10.180.1.21/volume/v3/volumes/1c107202-f629-4b5e-81fc-426298af0ab2 0.038s
2025-02-09 04:28:08.833 63140 INFO tempest.lib.common.rest_client [req-8b0a551d-ddc2-458a-879d-d4395e94ec17 req-8b0a551d-ddc2-458a-879d-d4395e94ec17 ] Request (InstanceActionsTestJSON:tearDownClass): 200 PUT http://10.180.1.21:9696/networking/v2.0/routers/2a507234-7f73-43eb-a2f3-39f48ccaad7e/remove_router_interface 0.864s
2025-02-09 04:28:08.841 63154 INFO tempest.lib.common.rest_client [req-2bfbe6dd-03bc-45ba-b26c-df8a2fec7ad4 req-2bfbe6dd-03bc-45ba-b26c-df8a2fec7ad4 ] Request (ServerAddressesNegativeTestJSON:setUpClass): 200 GET http://10.180.1.21/compute/v2.1/servers/b4e1a19a-91c7-42ed-a180-bb0c6a897409 0.266s
2025-02-09 04:28:08.884 63134 INFO tempest.lib.common.rest_client [req-2a8303cb-60bd-4714-b93e-e7bddc261de1 req-2a8303cb-60bd-4714-b93e-e7bddc261de1 ] Request (AttachInterfacesTestJSON:test_create_list_show_delete_interfaces_by_fixed_ip): 200 GET http://10.180.1.21/compute/v2.1/servers/17e14f3f-8170-4dff-bc39-6123194ed8e0 0.251s
2025-02-09 04:28:08.889 63108 INFO tempest.lib.common.rest_client [req-e0332c73-71c6-4af8-b5e0-e232c58735f7 req-e0332c73-71c6-4af8-b5e0-e232c58735f7 ] Request (DeleteServersAdminTestJSON:test_delete_server_while_in_error_state): 200 GET http://10.180.1.21/compute/v2.1/servers/46b91d04-730f-4ef1-9fc9-d7cf458b2bb5 0.235s
2025-02-09 04:28:08.969 63166 INFO tempest.lib.common.rest_client [req-3b3ecd97-881e-4553-a7e8-f4c26c0c8be2 req-3b3ecd97-881e-4553-a7e8-f4c26c0c8be2 ] Request (ServerShowV257Test:tearDownClass): 200 GET http://10.180.1.21/compute/v2.1/servers/b008518e-6ef8-4750-85e0-2f9e8242e30f 0.218s
2025-02-09 04:28:09.021 63132 INFO tempest.lib.common.rest_client [req-be41076c-12db-4dc2-80c7-760d1493a725 req-be41076c-12db-4dc2-80c7-760d1493a725 ] Request (ServerDiagnosticsTest:test_get_server_diagnostics): 200 GET http://10.180.1.21/compute/v2.1/servers/d55dd43d-e3a5-413a-8d09-340cfd8b8090 0.251s
2025-02-09 04:28:09.028 63132 INFO tempest.common.waiters [-] State transition "BUILD/spawning" ==> "ACTIVE/None" after 61 second wait
2025-02-09 04:28:09.065 63164 INFO tempest.lib.common.rest_client [req-ffe42bb2-8d8f-4324-805d-dd428a43135d req-ffe42bb2-8d8f-4324-805d-dd428a43135d ] Request (MultipleCreateTestJSON:test_multiple_create_with_reservation_return): 200 GET http://10.180.1.21/compute/v2.1/servers/14111a68-61bd-4fd1-83ae-023db0110c0b 0.239s
2025-02-09 04:28:09.114 63110 INFO tempest.lib.common.rest_client [req-7aff7267-a556-4245-8bed-f093287f8f4d req-7aff7267-a556-4245-8bed-f093287f8f4d ] Request (ServerRescueTestJSONUnderV235:setUpClass): 200 GET http://10.180.1.21/compute/v2.1/servers/83538639-b73e-4533-be47-0ee88752d4b2 0.254s
2025-02-09 04:28:09.163 63152 INFO tempest.lib.common.rest_client [req-44f6ab1c-8389-44e1-b6f6-af8cc16dca48 req-44f6ab1c-8389-44e1-b6f6-af8cc16dca48 ] Request (ServersTestManualDisk:setUpClass): 200 GET http://10.180.1.21/compute/v2.1/servers/4ac2d7b0-2633-4684-a1ee-71d15d2b4466 0.269s
2025-02-09 04:28:09.210 63118 INFO tempest.lib.common.rest_client [req-b07bca6d-5f6f-4e06-b122-71c87644ed89 req-b07bca6d-5f6f-4e06-b122-71c87644ed89 ] Request (DeleteServersTestJSON:test_delete_active_server): 200 GET http://10.180.1.21/compute/v2.1/servers/72804449-7f6a-4b4d-94d7-9c6e0e801c30 0.403s
2025-02-09 04:28:09.214 63128 INFO tempest.lib.common.rest_client [req-7d04c7a7-b987-46c9-88eb-362d9c6a2df8 req-7d04c7a7-b987-46c9-88eb-362d9c6a2df8 ] Request (ServerGroupTestJSON:test_create_server_with_scheduler_hint_group): 200 GET http://10.180.1.21/compute/v2.1/servers/a4067f64-aa31-4e97-b4bc-0a1919967123 0.299s
2025-02-09 04:28:09.264 63112 INFO tempest.lib.common.rest_client [req-3f4b3d38-1f0f-44f2-90f8-054152d9a9f0 req-3f4b3d38-1f0f-44f2-90f8-054152d9a9f0 ] Request (ServersV294TestFqdnHostnames:setUpClass): 200 GET http://10.180.1.21/compute/v2.1/servers/114c361b-5947-411c-a055-6a22bdb3cf97 0.204s
2025-02-09 04:28:09.314 63130 INFO tempest.lib.common.rest_client [req-52bf2a82-605a-4f96-8283-d262842be5ac req-52bf2a82-605a-4f96-8283-d262842be5ac ] Request (ServerShowV254Test:test_rebuild_server): 200 GET http://10.180.1.21/compute/v2.1/servers/6617ac7f-d6bd-4e9a-baf4-a0be1fdb955c 0.202s
2025-02-09 04:28:09.371 63156 INFO tempest.lib.common.rest_client [req-efbf3a75-b1c5-407d-8e91-2b05bba159bb req-efbf3a75-b1c5-407d-8e91-2b05bba159bb ] Request (FloatingIPsAssociationNegativeTestJSON:setUpClass): 200 GET http://10.180.1.21/compute/v2.1/servers/f70fe324-e094-4b2e-a45f-a5ceb25d247b 0.216s
2025-02-09 04:28:09.447 63140 INFO tempest.lib.common.rest_client [req-c470996d-f045-4420-8f47-5df025671196 req-c470996d-f045-4420-8f47-5df025671196 ] Request (InstanceActionsTestJSON:tearDownClass): 204 DELETE http://10.180.1.21:9696/networking/v2.0/routers/2a507234-7f73-43eb-a2f3-39f48ccaad7e 0.614s
2025-02-09 04:28:09.454 63146 INFO tempest.lib.common.rest_client [req-592e4b39-49ff-4cca-9bbb-9043a88db6ed req-592e4b39-49ff-4cca-9bbb-9043a88db6ed ] Request (ServersAdminNegativeTestJSON:tearDownClass): 200 GET http://10.180.1.21/compute/v2.1/servers/45f90bea-e2cc-4315-96c7-53c8c0ef67fd 0.065s
2025-02-09 04:28:09.512 63148 INFO tempest.lib.common.rest_client [req-ea09688d-b2c8-46c3-85f4-1e12192e11f8 req-ea09688d-b2c8-46c3-85f4-1e12192e11f8 ] Request (MigrationsAdminTest:test_resize_server_revert_deleted_flavor): 200 GET http://10.180.1.21/compute/v2.1/servers/ff1d5b52-ea04-469f-8971-14419e9c138f 0.069s
2025-02-09 04:28:09.558 63140 INFO tempest.lib.common.rest_client [req-4c92ccad-3a86-44ad-bbb2-fc91ba15b01f req-4c92ccad-3a86-44ad-bbb2-fc91ba15b01f ] Request (InstanceActionsTestJSON:tearDownClass): 204 DELETE http://10.180.1.21:9696/networking/v2.0/subnets/bfc7fe38-967e-49c5-a643-d55383d8d3f7 0.110s
2025-02-09 04:28:09.618 63106 INFO tempest.lib.common.rest_client [req-dd9cd0bf-4a9f-450e-a291-9fda7644865d req-dd9cd0bf-4a9f-450e-a291-9fda7644865d ] Request (ServersAdmin275Test:tearDownClass): 200 GET http://10.180.1.21/compute/v2.1/servers/c1dc52c6-3ba9-4b2e-bfbe-d20ce3aca127 0.070s
2025-02-09 04:28:09.669 63142 INFO tempest.lib.common.rest_client [req-5188ee55-0f7b-45c1-8e3c-cc698c996e2c req-5188ee55-0f7b-45c1-8e3c-cc698c996e2c ] Request (InstanceActionsNegativeTestJSON:setUpClass): 200 GET http://10.180.1.21/compute/v2.1/servers/a0e5daa1-b1a2-4630-bc21-a83d6d03fe5a 0.062s
2025-02-09 04:28:09.739 63162 INFO tempest.lib.common.rest_client [req-43fdd03e-c7ca-4aad-8814-7bef646805c0 req-43fdd03e-c7ca-4aad-8814-7bef646805c0 ] Request (ImagesOneServerNegativeTestJSON:_run_cleanups): 200 GET http://10.180.1.21/compute/v2.1/servers/3439b9b7-2d18-4068-98ee-ca3e206d6d2f 0.067s
2025-02-09 04:28:09.799 63140 INFO tempest.lib.common.rest_client [req-2fcf005f-17eb-4ccb-ac87-f526d4ca4357 req-2fcf005f-17eb-4ccb-ac87-f526d4ca4357 ] Request (InstanceActionsTestJSON:tearDownClass): 204 DELETE http://10.180.1.21:9696/networking/v2.0/networks/9ab3a2b7-0e6c-402c-99c4-081a8a7a5623 0.241s
2025-02-09 04:28:09.807 63132 INFO tempest.lib.common.rest_client [req-2ce9e777-46b8-407e-b02f-74c9454a8173 req-2ce9e777-46b8-407e-b02f-74c9454a8173 ] Request (ServerDiagnosticsTest:test_get_server_diagnostics): 200 GET http://10.180.1.21/compute/v2.1/servers/d55dd43d-e3a5-413a-8d09-340cfd8b8090/diagnostics 0.778s
2025-02-09 04:28:09.814 63126 INFO tempest.lib.common.rest_client [req-7f4e8c8c-714d-4f24-bce4-0950cdd4a7a2 req-7f4e8c8c-714d-4f24-bce4-0950cdd4a7a2 ] Request (ServersAdminTestJSON:test_create_server_with_scheduling_hint): 200 GET http://10.180.1.21/compute/v2.1/servers/7dc6128f-ff23-4add-a7cf-52c54174ea85 0.070s
2025-02-09 04:28:09.854 63116 INFO tempest.lib.common.rest_client [req-cac87bbe-7423-4670-b85c-9833ed60a5ab req-cac87bbe-7423-4670-b85c-9833ed60a5ab ] Request (ServersNegativeTestJSON:setUpClass): 200 GET http://10.180.1.21/compute/v2.1/servers/7a5bea28-eabd-49dd-a854-33805622c7d4 0.052s
2025-02-09 04:28:09.870 63144 INFO tempest.lib.common.rest_client [req-2fdb232f-8ca8-4084-ba81-ce44fcebab99 req-2fdb232f-8ca8-4084-ba81-ce44fcebab99 ] Request (ServerActionsV293TestJSON:setUpClass): 200 GET http://10.180.1.21/volume/v3/volumes/1c107202-f629-4b5e-81fc-426298af0ab2 0.032s
2025-02-09 04:28:09.872 63140 INFO tempest.lib.common.rest_client [req-909da482-ce97-446d-9206-0409c9f45ade req-909da482-ce97-446d-9206-0409c9f45ade ] Request (InstanceActionsTestJSON:tearDownClass): 204 DELETE http://10.180.1.21/identity/v3/users/c96bbf9d3f00477680cc65413b276de8 0.073s
2025-02-09 04:28:09.872 63140 INFO tempest.lib.common.dynamic_creds [-] Deleting project and security group for project: 558ff92e19cf498e8f60f2e6b4ae9104
2025-02-09 04:28:09.898 63132 INFO tempest.lib.common.rest_client [req-db980ad5-61c6-4207-8c67-f1311dcddaef req-db980ad5-61c6-4207-8c67-f1311dcddaef ] Request (ServerDiagnosticsTest:tearDownClass): 204 DELETE http://10.180.1.21/compute/v2.1/servers/d55dd43d-e3a5-413a-8d09-340cfd8b8090 0.089s
2025-02-09 04:28:09.937 63140 INFO tempest.lib.common.rest_client [req-e354b7fc-198a-4e4a-bb2e-9fd1bd50b715 req-e354b7fc-198a-4e4a-bb2e-9fd1bd50b715 ] Request (InstanceActionsTestJSON:tearDownClass): 200 GET http://10.180.1.21:9696/networking/v2.0/security-groups?tenant_id=558ff92e19cf498e8f60f2e6b4ae9104&name=default 0.065s
2025-02-09 04:28:09.962 63134 INFO tempest.lib.common.rest_client [req-20fad74a-5ca2-4ee0-ad6b-008b59c5dfe8 req-20fad74a-5ca2-4ee0-ad6b-008b59c5dfe8 ] Request (AttachInterfacesTestJSON:test_create_list_show_delete_interfaces_by_fixed_ip): 200 GET http://10.180.1.21/compute/v2.1/servers/17e14f3f-8170-4dff-bc39-6123194ed8e0 0.070s
2025-02-09 04:28:10.040 63154 INFO tempest.lib.common.rest_client [req-06e5d638-d607-4b98-b223-05b5a1911ea1 req-06e5d638-d607-4b98-b223-05b5a1911ea1 ] Request (ServerAddressesNegativeTestJSON:setUpClass): 200 GET http://10.180.1.21/compute/v2.1/servers/b4e1a19a-91c7-42ed-a180-bb0c6a897409 0.189s
2025-02-09 04:28:10.049 63140 INFO tempest.lib.common.rest_client [req-d1321c0f-4918-4cb5-9e67-522077592372 req-d1321c0f-4918-4cb5-9e67-522077592372 ] Request (InstanceActionsTestJSON:tearDownClass): 204 DELETE http://10.180.1.21:9696/networking/v2.0/security-groups/ce4a4ee6-a37d-49a0-9e08-bbe46acbe6ab 0.111s
2025-02-09 04:28:10.066 63132 INFO tempest.lib.common.rest_client [req-64463822-f5fb-4675-b609-607c83e796ae req-64463822-f5fb-4675-b609-607c83e796ae ] Request (ServerDiagnosticsTest:tearDownClass): 200 GET http://10.180.1.21/compute/v2.1/servers/d55dd43d-e3a5-413a-8d09-340cfd8b8090 0.167s
2025-02-09 04:28:10.086 63108 INFO tempest.lib.common.rest_client [req-bca3d85e-d4f1-4b39-b889-a7b7d4be26c9 req-bca3d85e-d4f1-4b39-b889-a7b7d4be26c9 ] Request (DeleteServersAdminTestJSON:test_delete_server_while_in_error_state): 200 GET http://10.180.1.21/compute/v2.1/servers/46b91d04-730f-4ef1-9fc9-d7cf458b2bb5 0.188s
2025-02-09 04:28:10.122 63166 INFO tempest.lib.common.rest_client [req-716cfa16-d53a-4396-9192-7a54bd10f89d req-716cfa16-d53a-4396-9192-7a54bd10f89d ] Request (ServerShowV257Test:tearDownClass): 200 GET http://10.180.1.21/compute/v2.1/servers/b008518e-6ef8-4750-85e0-2f9e8242e30f 0.140s
2025-02-09 04:28:10.131 63164 INFO tempest.lib.common.rest_client [req-f82bbe06-2c26-429e-8db7-a9d4cf286544 req-f82bbe06-2c26-429e-8db7-a9d4cf286544 ] Request (MultipleCreateTestJSON:test_multiple_create_with_reservation_return): 200 GET http://10.180.1.21/compute/v2.1/servers/14111a68-61bd-4fd1-83ae-023db0110c0b 0.057s
2025-02-09 04:28:10.139 63140 INFO tempest.lib.common.rest_client [req-75b17444-0f0d-4796-8875-eee89f58556a req-75b17444-0f0d-4796-8875-eee89f58556a ] Request (InstanceActionsTestJSON:tearDownClass): 204 DELETE http://10.180.1.21/identity/v3/projects/558ff92e19cf498e8f60f2e6b4ae9104 0.088s
2025-02-09 04:28:10.170 63110 INFO tempest.lib.common.rest_client [req-04991b64-62c3-4747-b3e5-6d8162cbccb9 req-04991b64-62c3-4747-b3e5-6d8162cbccb9 ] Request (ServerRescueTestJSONUnderV235:setUpClass): 200 GET http://10.180.1.21/compute/v2.1/servers/83538639-b73e-4533-be47-0ee88752d4b2 0.048s
2025-02-09 04:28:10.195 63140 INFO tempest.lib.common.rest_client [req-5c9dfdf1-43c3-4ea7-8cbc-ab69fc8a3c86 req-5c9dfdf1-43c3-4ea7-8cbc-ab69fc8a3c86 ] Request (ListServerFiltersTestJSON:setUpClass): 201 POST http://10.180.1.21/identity/v3/auth/tokens 0.055s
2025-02-09 04:28:10.220 63152 INFO tempest.lib.common.rest_client [req-9aee69e2-f01b-4e0e-a15d-1486a6839a08 req-9aee69e2-f01b-4e0e-a15d-1486a6839a08 ] Request (ServersTestManualDisk:setUpClass): 200 GET http://10.180.1.21/compute/v2.1/servers/4ac2d7b0-2633-4684-a1ee-71d15d2b4466 0.048s
2025-02-09 04:28:10.226 63140 INFO tempest.lib.common.rest_client [req-9bf3f3df-ffee-4602-98b1-39a45a97b4d4 req-9bf3f3df-ffee-4602-98b1-39a45a97b4d4 ] Request (ListServerFiltersTestJSON:setUpClass): 201 POST http://10.180.1.21/identity/v3/auth/tokens 0.028s
2025-02-09 04:28:10.249 63140 INFO tempest.lib.common.rest_client [req-62d5eef7-d12f-4b34-9c3e-963d3d363488 req-62d5eef7-d12f-4b34-9c3e-963d3d363488 ] Request (ListServerFiltersTestJSON:setUpClass): 200 GET http://10.180.1.21/identity/v3/domains?name=Default 0.023s
2025-02-09 04:28:10.267 63118 INFO tempest.lib.common.rest_client [req-c674d8fe-fc56-4a80-914c-2ca5aaa11fd6 req-c674d8fe-fc56-4a80-914c-2ca5aaa11fd6 ] Request (DeleteServersTestJSON:test_delete_active_server): 200 GET http://10.180.1.21/compute/v2.1/servers/72804449-7f6a-4b4d-94d7-9c6e0e801c30 0.048s
2025-02-09 04:28:10.268 63128 INFO tempest.lib.common.rest_client [req-e91772bb-d28e-42ad-8310-3b08f965d5b3 req-e91772bb-d28e-42ad-8310-3b08f965d5b3 ] Request (ServerGroupTestJSON:test_create_server_with_scheduler_hint_group): 200 GET http://10.180.1.21/compute/v2.1/servers/a4067f64-aa31-4e97-b4bc-0a1919967123 0.046s
2025-02-09 04:28:10.275 63118 INFO tempest.common.waiters [-] State transition "BUILD/scheduling" ==> "BUILD/None" after 29 second wait
2025-02-09 04:28:10.277 63140 INFO tempest.lib.common.rest_client [req-99ee0f4c-5d01-44de-9418-ff6e0502deb3 req-99ee0f4c-5d01-44de-9418-ff6e0502deb3 ] Request (ListServerFiltersTestJSON:setUpClass): 201 POST http://10.180.1.21/identity/v3/projects 0.027s
2025-02-09 04:28:10.331 63112 INFO tempest.lib.common.rest_client [req-af6a7793-13ae-43a3-a62e-19be6b349d52 req-af6a7793-13ae-43a3-a62e-19be6b349d52 ] Request (ServersV294TestFqdnHostnames:setUpClass): 200 GET http://10.180.1.21/compute/v2.1/servers/114c361b-5947-411c-a055-6a22bdb3cf97 0.056s
2025-02-09 04:28:10.332 63140 INFO tempest.lib.common.rest_client [req-b93fb705-4390-4920-b3d7-4d198ba2350f req-b93fb705-4390-4920-b3d7-4d198ba2350f ] Request (ListServerFiltersTestJSON:setUpClass): 201 POST http://10.180.1.21/identity/v3/users 0.055s
2025-02-09 04:28:10.354 63140 INFO tempest.lib.common.rest_client [req-969ad106-af6b-4100-8465-cb25b396c5fe req-969ad106-af6b-4100-8465-cb25b396c5fe ] Request (ListServerFiltersTestJSON:setUpClass): 200 GET http://10.180.1.21/identity/v3/roles 0.021s
2025-02-09 04:28:10.378 63140 INFO tempest.lib.common.rest_client [req-230a9082-c3ac-4414-b335-bfeaa3206a66 req-230a9082-c3ac-4414-b335-bfeaa3206a66 ] Request (ListServerFiltersTestJSON:setUpClass): 204 PUT http://10.180.1.21/identity/v3/projects/d8d742061198458d806e553de8f4d22b/users/32faa2b016eb4458bb7188a2f62be888/roles/17ab35d82aa546b38e09acefcf2b880a 0.024s
2025-02-09 04:28:10.378 63140 INFO tempest.lib.common.dynamic_creds [-] Dynamic test user 32faa2b016eb4458bb7188a2f62be888 is created with scope project and roles: ['member']
2025-02-09 04:28:10.379 63140 INFO tempest.lib.common.dynamic_creds [-] Acquired dynamic creds: credentials: Credentials: {'domain_id': 'default', 'domain_name': 'Default', 'username': 'tempest-ListServerFiltersTestJSON-822425606-project-member', 'project_domain_id': 'default', 'project_domain_name': 'Default', 'project_id': 'd8d742061198458d806e553de8f4d22b', 'project_name': 'tempest-ListServerFiltersTestJSON-822425606', 'tenant_id': 'd8d742061198458d806e553de8f4d22b', 'tenant_name': 'tempest-ListServerFiltersTestJSON-822425606', 'user_domain_id': 'default', 'user_domain_name': 'Default', 'user_id': '32faa2b016eb4458bb7188a2f62be888', 'system': None}, Network: None, Subnet: None, Router: None
2025-02-09 04:28:10.380 63130 INFO tempest.lib.common.rest_client [req-c6095333-f0b4-4f6c-9b8f-e5bb294babf4 req-c6095333-f0b4-4f6c-9b8f-e5bb294babf4 ] Request (ServerShowV254Test:test_rebuild_server): 200 GET http://10.180.1.21/compute/v2.1/servers/6617ac7f-d6bd-4e9a-baf4-a0be1fdb955c 0.057s
2025-02-09 04:28:10.441 63140 INFO tempest.lib.common.rest_client [req-95bd389c-077c-415c-ab07-426efbb4088d req-95bd389c-077c-415c-ab07-426efbb4088d ] Request (ListServerFiltersTestJSON:setUpClass): 201 POST http://10.180.1.21/identity/v3/auth/tokens 0.062s
2025-02-09 04:28:10.442 63156 INFO tempest.lib.common.rest_client [req-fe3d3c40-dcf9-45ff-a28e-3172d1cf581b req-fe3d3c40-dcf9-45ff-a28e-3172d1cf581b ] Request (FloatingIPsAssociationNegativeTestJSON:setUpClass): 200 GET http://10.180.1.21/compute/v2.1/servers/f70fe324-e094-4b2e-a45f-a5ceb25d247b 0.061s
2025-02-09 04:28:10.449 63156 INFO tempest.common.waiters [-] State transition "BUILD/None" ==> "BUILD/networking" after 59 second wait
2025-02-09 04:28:10.525 63146 INFO tempest.lib.common.rest_client [req-2802533a-f241-40d2-b5ae-11dee46da389 req-2802533a-f241-40d2-b5ae-11dee46da389 ] Request (ServersAdminNegativeTestJSON:tearDownClass): 200 GET http://10.180.1.21/compute/v2.1/servers/45f90bea-e2cc-4315-96c7-53c8c0ef67fd 0.064s
2025-02-09 04:28:10.575 63148 INFO tempest.lib.common.rest_client [req-15433920-ed56-4fcf-86b5-22ac12a761aa req-15433920-ed56-4fcf-86b5-22ac12a761aa ] Request (MigrationsAdminTest:test_resize_server_revert_deleted_flavor): 200 GET http://10.180.1.21/compute/v2.1/servers/ff1d5b52-ea04-469f-8971-14419e9c138f 0.056s
2025-02-09 04:28:10.671 63136 WARNING tempest.lib.common.ssh [-] Failed to establish authenticated ssh connection to cirros@10.180.180.151 ([Errno None] Unable to connect to port 22 on 10.180.180.151). Number attempts: 9. Retry after 10 seconds.: paramiko.ssh_exception.NoValidConnectionsError: [Errno None] Unable to connect to port 22 on 10.180.180.151
2025-02-09 04:28:10.692 63140 INFO tempest.lib.common.rest_client [req-42459cb2-5027-4b25-8bf6-867cdf4b6f78 req-42459cb2-5027-4b25-8bf6-867cdf4b6f78 ] Request (ListServerFiltersTestJSON:setUpClass): 201 POST http://10.180.1.21:9696/networking/v2.0/networks 0.251s
2025-02-09 04:28:10.706 63106 INFO tempest.lib.common.rest_client [req-8e504c22-0f4a-4c26-b774-af4e4ab8aa12 req-8e504c22-0f4a-4c26-b774-af4e4ab8aa12 ] Request (ServersAdmin275Test:tearDownClass): 200 GET http://10.180.1.21/compute/v2.1/servers/c1dc52c6-3ba9-4b2e-bfbe-d20ce3aca127 0.076s
2025-02-09 04:28:10.752 63142 INFO tempest.lib.common.rest_client [req-909f47de-2995-4a36-a026-eee8b4204a23 req-909f47de-2995-4a36-a026-eee8b4204a23 ] Request (InstanceActionsNegativeTestJSON:setUpClass): 200 GET http://10.180.1.21/compute/v2.1/servers/a0e5daa1-b1a2-4630-bc21-a83d6d03fe5a 0.070s
2025-02-09 04:28:10.835 63162 INFO tempest.lib.common.rest_client [req-d6990653-4b34-4bc8-8f0e-dfd6b45be163 req-d6990653-4b34-4bc8-8f0e-dfd6b45be163 ] Request (ImagesOneServerNegativeTestJSON:_run_cleanups): 200 GET http://10.180.1.21/compute/v2.1/servers/3439b9b7-2d18-4068-98ee-ca3e206d6d2f 0.088s
2025-02-09 04:28:10.876 63126 INFO tempest.lib.common.rest_client [req-f37b6b71-6cc0-447f-8467-0cc884aed6ff req-f37b6b71-6cc0-447f-8467-0cc884aed6ff ] Request (ServersAdminTestJSON:test_create_server_with_scheduling_hint): 200 GET http://10.180.1.21/compute/v2.1/servers/7dc6128f-ff23-4add-a7cf-52c54174ea85 0.054s
2025-02-09 04:28:10.876 63140 INFO tempest.lib.common.rest_client [req-1c0cbde9-0f5f-41d0-985f-78be90d84bda req-1c0cbde9-0f5f-41d0-985f-78be90d84bda ] Request (ListServerFiltersTestJSON:setUpClass): 201 POST http://10.180.1.21:9696/networking/v2.0/subnets 0.183s
2025-02-09 04:28:10.877 63140 INFO tempest.lib.common.dynamic_creds [-] Created isolated network resources for: credentials: Credentials: {'domain_id': 'default', 'domain_name': 'Default', 'username': 'tempest-ListServerFiltersTestJSON-822425606-project-member', 'project_domain_id': 'default', 'project_domain_name': 'Default', 'project_id': 'd8d742061198458d806e553de8f4d22b', 'project_name': 'tempest-ListServerFiltersTestJSON-822425606', 'tenant_id': 'd8d742061198458d806e553de8f4d22b', 'tenant_name': 'tempest-ListServerFiltersTestJSON-822425606', 'user_domain_id': 'default', 'user_domain_name': 'Default', 'user_id': '32faa2b016eb4458bb7188a2f62be888', 'system': None}, Network: {'id': 'c65563e2-5f8e-4bb1-b140-3e1c4039eb4a', 'name': 'tempest-ListServerFiltersTestJSON-1857220186-network', 'tenant_id': 'd8d742061198458d806e553de8f4d22b', 'admin_state_up': True, 'mtu': 8950, 'status': 'ACTIVE', 'subnets': [], 'shared': False, 'project_id': 'd8d742061198458d806e553de8f4d22b', 'port_security_enabled': True, 'router:external': False, 'provider:network_type': 'vlan', 'provider:physical_network': 'default', 'provider:segmentation_id': 333, 'availability_zone_hints': [], 'availability_zones': [], 'ipv4_address_scope': None, 'ipv6_address_scope': None, 'description': '', 'tags': [], 'created_at': '2025-02-09T04:28:10Z', 'updated_at': '2025-02-09T04:28:10Z', 'revision_number': 1}, Subnet: {'id': '17ee23ed-9baa-4918-9e5a-2df402c1484f', 'name': 'tempest-ListServerFiltersTestJSON-1857220186-subnet', 'tenant_id': 'd8d742061198458d806e553de8f4d22b', 'network_id': 'c65563e2-5f8e-4bb1-b140-3e1c4039eb4a', 'ip_version': 4, 'subnetpool_id': None, 'enable_dhcp': True, 'ipv6_ra_mode': None, 'ipv6_address_mode': None, 'gateway_ip': '192.168.128.1', 'cidr': '192.168.128.0/28', 'allocation_pools': [{'start': '192.168.128.2', 'end': '192.168.128.14'}], 'host_routes': [], 'dns_nameservers': [], 'description': '', 'router:external': False, 'service_types': [], 'tags': [], 'created_at': '2025-02-09T04:28:10Z', 'updated_at': '2025-02-09T04:28:10Z', 'revision_number': 0, 'project_id': 'd8d742061198458d806e553de8f4d22b'}, Router: None
2025-02-09 04:28:10.914 63144 INFO tempest.lib.common.rest_client [req-41dab0f4-2a1e-4bc1-bc78-e5f046050ac9 req-41dab0f4-2a1e-4bc1-bc78-e5f046050ac9 ] Request (ServerActionsV293TestJSON:setUpClass): 200 GET http://10.180.1.21/volume/v3/volumes/1c107202-f629-4b5e-81fc-426298af0ab2 0.034s
2025-02-09 04:28:10.921 63144 INFO tempest.common.waiters [-] volume 1c107202-f629-4b5e-81fc-426298af0ab2 reached available after waiting for 17.921162 seconds
2025-02-09 04:28:10.923 63116 INFO tempest.lib.common.rest_client [req-a3dffc9f-73b5-4078-a206-6a6bac97efc0 req-a3dffc9f-73b5-4078-a206-6a6bac97efc0 ] Request (ServersNegativeTestJSON:setUpClass): 200 GET http://10.180.1.21/compute/v2.1/servers/7a5bea28-eabd-49dd-a854-33805622c7d4 0.061s
2025-02-09 04:28:10.929 63159 WARNING tempest.lib.common.ssh [-] Failed to establish authenticated ssh connection to cirros@10.180.180.145 ([Errno None] Unable to connect to port 22 on 10.180.180.145). Number attempts: 2. Retry after 3 seconds.: paramiko.ssh_exception.NoValidConnectionsError: [Errno None] Unable to connect to port 22 on 10.180.180.145
2025-02-09 04:28:10.976 63140 INFO tempest.lib.common.rest_client [req-c02ceefb-cbf9-458d-af2e-409b2deb5e09 req-c02ceefb-cbf9-458d-af2e-409b2deb5e09 ] Request (ListServerFiltersTestJSON:setUpClass): 201 POST http://10.180.1.21/identity/v3/auth/tokens 0.096s
2025-02-09 04:28:11.012 63140 INFO tempest.lib.common.rest_client [req-37545b75-5219-492d-b31b-c7b9d2afb95c req-37545b75-5219-492d-b31b-c7b9d2afb95c ] Request (ListServerFiltersTestJSON:setUpClass): 201 POST http://10.180.1.21/identity/v3/auth/tokens 0.032s
2025-02-09 04:28:11.013 63140 INFO tempest.lib.common.fixed_network [-] (ListServerFiltersTestJSON:setUpClass) Found network {'id': 'c65563e2-5f8e-4bb1-b140-3e1c4039eb4a', 'name': 'tempest-ListServerFiltersTestJSON-1857220186-network', 'tenant_id': 'd8d742061198458d806e553de8f4d22b', 'admin_state_up': True, 'mtu': 8950, 'status': 'ACTIVE', 'subnets': [], 'shared': False, 'project_id': 'd8d742061198458d806e553de8f4d22b', 'port_security_enabled': True, 'router:external': False, 'provider:network_type': 'vlan', 'provider:physical_network': 'default', 'provider:segmentation_id': 333, 'availability_zone_hints': [], 'availability_zones': [], 'ipv4_address_scope': None, 'ipv6_address_scope': None, 'description': '', 'tags': [], 'created_at': '2025-02-09T04:28:10Z', 'updated_at': '2025-02-09T04:28:10Z', 'revision_number': 1} available for tenant
2025-02-09 04:28:11.025 63134 INFO tempest.lib.common.rest_client [req-433c2271-dbd3-4cff-b45c-ca60c350d1d6 req-433c2271-dbd3-4cff-b45c-ca60c350d1d6 ] Request (AttachInterfacesTestJSON:test_create_list_show_delete_interfaces_by_fixed_ip): 200 GET http://10.180.1.21/compute/v2.1/servers/17e14f3f-8170-4dff-bc39-6123194ed8e0 0.054s
2025-02-09 04:28:11.044 63140 INFO tempest.lib.common.rest_client [req-6b5e48ad-ceeb-4935-8977-0ec6037ff45b req-6b5e48ad-ceeb-4935-8977-0ec6037ff45b ] Request (ListServerFiltersTestJSON:setUpClass): 201 POST http://10.180.1.21/identity/v3/auth/tokens 0.029s
2025-02-09 04:28:11.045 63140 INFO tempest.lib.common.fixed_network [-] (ListServerFiltersTestJSON:setUpClass) Found network {'id': 'c65563e2-5f8e-4bb1-b140-3e1c4039eb4a', 'name': 'tempest-ListServerFiltersTestJSON-1857220186-network', 'tenant_id': 'd8d742061198458d806e553de8f4d22b', 'admin_state_up': True, 'mtu': 8950, 'status': 'ACTIVE', 'subnets': [], 'shared': False, 'project_id': 'd8d742061198458d806e553de8f4d22b', 'port_security_enabled': True, 'router:external': False, 'provider:network_type': 'vlan', 'provider:physical_network': 'default', 'provider:segmentation_id': 333, 'availability_zone_hints': [], 'availability_zones': [], 'ipv4_address_scope': None, 'ipv6_address_scope': None, 'description': '', 'tags': [], 'created_at': '2025-02-09T04:28:10Z', 'updated_at': '2025-02-09T04:28:10Z', 'revision_number': 1} available for tenant
2025-02-09 04:28:11.371 63140 INFO tempest.lib.common.rest_client [req-84059030-69fe-472c-9990-9e449570ddfa req-84059030-69fe-472c-9990-9e449570ddfa ] Request (ListServerFiltersTestJSON:setUpClass): 202 POST http://10.180.1.21/compute/v2.1/servers 0.325s
2025-02-09 04:28:11.402 63140 INFO tempest.lib.common.rest_client [req-3cf17d18-5b0c-43da-9874-895b7c8368ec req-3cf17d18-5b0c-43da-9874-895b7c8368ec ] Request (ListServerFiltersTestJSON:setUpClass): 201 POST http://10.180.1.21/identity/v3/auth/tokens 0.026s
2025-02-09 04:28:11.402 63140 INFO tempest.lib.common.fixed_network [-] (ListServerFiltersTestJSON:setUpClass) Found network {'id': 'c65563e2-5f8e-4bb1-b140-3e1c4039eb4a', 'name': 'tempest-ListServerFiltersTestJSON-1857220186-network', 'tenant_id': 'd8d742061198458d806e553de8f4d22b', 'admin_state_up': True, 'mtu': 8950, 'status': 'ACTIVE', 'subnets': [], 'shared': False, 'project_id': 'd8d742061198458d806e553de8f4d22b', 'port_security_enabled': True, 'router:external': False, 'provider:network_type': 'vlan', 'provider:physical_network': 'default', 'provider:segmentation_id': 333, 'availability_zone_hints': [], 'availability_zones': [], 'ipv4_address_scope': None, 'ipv6_address_scope': None, 'description': '', 'tags': [], 'created_at': '2025-02-09T04:28:10Z', 'updated_at': '2025-02-09T04:28:10Z', 'revision_number': 1} available for tenant
2025-02-09 04:28:11.442 63144 INFO tempest.lib.common.rest_client [req-5ff2460a-dbf7-44cf-ad29-7361b3a4c2ef req-5ff2460a-dbf7-44cf-ad29-7361b3a4c2ef ] Request (ServerActionsV293TestJSON:setUpClass): 202 POST http://10.180.1.21/compute/v2.1/servers 0.521s
2025-02-09 04:28:11.487 63154 INFO tempest.lib.common.rest_client [req-12871b1c-db0a-46fd-9bc4-e3bda262e7d5 req-12871b1c-db0a-46fd-9bc4-e3bda262e7d5 ] Request (ServerAddressesNegativeTestJSON:setUpClass): 200 GET http://10.180.1.21/compute/v2.1/servers/b4e1a19a-91c7-42ed-a180-bb0c6a897409 0.438s
2025-02-09 04:28:11.540 63108 INFO tempest.lib.common.rest_client [req-d67d155a-b418-47c5-80d3-e95f645a93fc req-d67d155a-b418-47c5-80d3-e95f645a93fc ] Request (DeleteServersAdminTestJSON:test_delete_server_while_in_error_state): 200 GET http://10.180.1.21/compute/v2.1/servers/46b91d04-730f-4ef1-9fc9-d7cf458b2bb5 0.445s
2025-02-09 04:28:11.550 63132 INFO tempest.lib.common.rest_client [req-246d7935-67ba-4b7b-b967-3cbd57090abd req-246d7935-67ba-4b7b-b967-3cbd57090abd ] Request (ServerDiagnosticsTest:tearDownClass): 200 GET http://10.180.1.21/compute/v2.1/servers/d55dd43d-e3a5-413a-8d09-340cfd8b8090 0.476s
2025-02-09 04:28:11.603 63166 INFO tempest.lib.common.rest_client [req-7b84d9a0-e63c-42f3-a4c7-d4bd3e907026 req-7b84d9a0-e63c-42f3-a4c7-d4bd3e907026 ] Request (ServerShowV257Test:tearDownClass): 200 GET http://10.180.1.21/compute/v2.1/servers/b008518e-6ef8-4750-85e0-2f9e8242e30f 0.471s
2025-02-09 04:28:11.604 63164 INFO tempest.lib.common.rest_client [req-3a940393-705b-4cca-9351-a686b4e43e8f req-3a940393-705b-4cca-9351-a686b4e43e8f ] Request (MultipleCreateTestJSON:test_multiple_create_with_reservation_return): 200 GET http://10.180.1.21/compute/v2.1/servers/14111a68-61bd-4fd1-83ae-023db0110c0b 0.464s
2025-02-09 04:28:11.632 63120 WARNING tempest.lib.common.ssh [-] Failed to establish authenticated ssh connection to cirros@10.180.180.190 ([Errno None] Unable to connect to port 22 on 10.180.180.190). Number attempts: 3. Retry after 4 seconds.: paramiko.ssh_exception.NoValidConnectionsError: [Errno None] Unable to connect to port 22 on 10.180.180.190
2025-02-09 04:28:11.648 63110 INFO tempest.lib.common.rest_client [req-8e231a9f-fce9-45ba-915f-196def567e7b req-8e231a9f-fce9-45ba-915f-196def567e7b ] Request (ServerRescueTestJSONUnderV235:setUpClass): 200 GET http://10.180.1.21/compute/v2.1/servers/83538639-b73e-4533-be47-0ee88752d4b2 0.470s
2025-02-09 04:28:11.654 63152 INFO tempest.lib.common.rest_client [req-27da595a-904c-473b-bea4-32c00f2079dc req-27da595a-904c-473b-bea4-32c00f2079dc ] Request (ServersTestManualDisk:setUpClass): 200 GET http://10.180.1.21/compute/v2.1/servers/4ac2d7b0-2633-4684-a1ee-71d15d2b4466 0.427s
2025-02-09 04:28:11.708 63128 INFO tempest.lib.common.rest_client [req-a0f9b9db-08e8-4763-aecf-fafccd83ba3f req-a0f9b9db-08e8-4763-aecf-fafccd83ba3f ] Request (ServerGroupTestJSON:test_create_server_with_scheduler_hint_group): 200 GET http://10.180.1.21/compute/v2.1/servers/a4067f64-aa31-4e97-b4bc-0a1919967123 0.432s
2025-02-09 04:28:11.709 63118 INFO tempest.lib.common.rest_client [req-1db9e84f-eea9-4bf9-a936-bdc46861d0cb req-1db9e84f-eea9-4bf9-a936-bdc46861d0cb ] Request (DeleteServersTestJSON:test_delete_active_server): 200 GET http://10.180.1.21/compute/v2.1/servers/72804449-7f6a-4b4d-94d7-9c6e0e801c30 0.433s
2025-02-09 04:28:11.766 63112 INFO tempest.lib.common.rest_client [req-d1b5870c-719f-4ff1-945d-81033dae8843 req-d1b5870c-719f-4ff1-945d-81033dae8843 ] Request (ServersV294TestFqdnHostnames:setUpClass): 200 GET http://10.180.1.21/compute/v2.1/servers/114c361b-5947-411c-a055-6a22bdb3cf97 0.425s
2025-02-09 04:28:11.766 63130 INFO tempest.lib.common.rest_client [req-f9ccf140-7cc7-4afd-9356-7239ed74d51d req-f9ccf140-7cc7-4afd-9356-7239ed74d51d ] Request (ServerShowV254Test:test_rebuild_server): 200 GET http://10.180.1.21/compute/v2.1/servers/6617ac7f-d6bd-4e9a-baf4-a0be1fdb955c 0.377s
2025-02-09 04:28:11.809 63144 INFO tempest.lib.common.rest_client [req-0072651e-80fa-47e1-8b37-29513297f284 req-0072651e-80fa-47e1-8b37-29513297f284 ] Request (ServerActionsV293TestJSON:setUpClass): 200 GET http://10.180.1.21/compute/v2.1/servers/944ab7ab-87b0-4f21-bbc1-2273bc9862bd 0.365s
2025-02-09 04:28:11.918 63156 INFO tempest.lib.common.rest_client [req-25de109b-30ba-4e7d-b116-5d2765a449e9 req-25de109b-30ba-4e7d-b116-5d2765a449e9 ] Request (FloatingIPsAssociationNegativeTestJSON:setUpClass): 200 GET http://10.180.1.21/compute/v2.1/servers/f70fe324-e094-4b2e-a45f-a5ceb25d247b 0.467s
2025-02-09 04:28:11.925 63156 INFO tempest.common.waiters [-] State transition "BUILD/networking" ==> "BUILD/spawning" after 60 second wait
2025-02-09 04:28:11.992 63146 INFO tempest.lib.common.rest_client [req-6e0ad6c9-9f83-48d3-8bad-4abc7eba9abb req-6e0ad6c9-9f83-48d3-8bad-4abc7eba9abb ] Request (ServersAdminNegativeTestJSON:tearDownClass): 200 GET http://10.180.1.21/compute/v2.1/servers/45f90bea-e2cc-4315-96c7-53c8c0ef67fd 0.457s
2025-02-09 04:28:12.022 63140 INFO tempest.lib.common.rest_client [req-aa332189-4d25-4f30-9f1b-eb05228467ff req-aa332189-4d25-4f30-9f1b-eb05228467ff ] Request (ListServerFiltersTestJSON:setUpClass): 202 POST http://10.180.1.21/compute/v2.1/servers 0.619s
2025-02-09 04:28:12.047 63148 INFO tempest.lib.common.rest_client [req-1ebe6426-acf3-4551-834e-dc2acf24e520 req-1ebe6426-acf3-4551-834e-dc2acf24e520 ] Request (MigrationsAdminTest:test_resize_server_revert_deleted_flavor): 200 GET http://10.180.1.21/compute/v2.1/servers/ff1d5b52-ea04-469f-8971-14419e9c138f 0.463s
2025-02-09 04:28:12.076 63140 INFO tempest.lib.common.rest_client [req-5e285280-bd89-44eb-bee4-39a9bf5686e8 req-5e285280-bd89-44eb-bee4-39a9bf5686e8 ] Request (ListServerFiltersTestJSON:setUpClass): 201 POST http://10.180.1.21/identity/v3/auth/tokens 0.050s
2025-02-09 04:28:12.076 63140 INFO tempest.lib.common.fixed_network [-] (ListServerFiltersTestJSON:setUpClass) Found network {'id': 'c65563e2-5f8e-4bb1-b140-3e1c4039eb4a', 'name': 'tempest-ListServerFiltersTestJSON-1857220186-network', 'tenant_id': 'd8d742061198458d806e553de8f4d22b', 'admin_state_up': True, 'mtu': 8950, 'status': 'ACTIVE', 'subnets': [], 'shared': False, 'project_id': 'd8d742061198458d806e553de8f4d22b', 'port_security_enabled': True, 'router:external': False, 'provider:network_type': 'vlan', 'provider:physical_network': 'default', 'provider:segmentation_id': 333, 'availability_zone_hints': [], 'availability_zones': [], 'ipv4_address_scope': None, 'ipv6_address_scope': None, 'description': '', 'tags': [], 'created_at': '2025-02-09T04:28:10Z', 'updated_at': '2025-02-09T04:28:10Z', 'revision_number': 1} available for tenant
2025-02-09 04:28:12.098 63106 INFO tempest.lib.common.rest_client [req-2f682925-88d7-4c51-ab0b-84c1b0ce521d req-2f682925-88d7-4c51-ab0b-84c1b0ce521d ] Request (ServersAdmin275Test:tearDownClass): 200 GET http://10.180.1.21/compute/v2.1/servers/c1dc52c6-3ba9-4b2e-bfbe-d20ce3aca127 0.377s
2025-02-09 04:28:12.123 63142 INFO tempest.lib.common.rest_client [req-ca6206c7-ad7b-4866-870b-af129a95de39 req-ca6206c7-ad7b-4866-870b-af129a95de39 ] Request (InstanceActionsNegativeTestJSON:setUpClass): 200 GET http://10.180.1.21/compute/v2.1/servers/a0e5daa1-b1a2-4630-bc21-a83d6d03fe5a 0.364s
2025-02-09 04:28:12.160 63162 INFO tempest.lib.common.rest_client [req-42962e90-ff4d-4fc4-a60f-3efacfd5eb8c req-42962e90-ff4d-4fc4-a60f-3efacfd5eb8c ] Request (ImagesOneServerNegativeTestJSON:_run_cleanups): 200 GET http://10.180.1.21/compute/v2.1/servers/3439b9b7-2d18-4068-98ee-ca3e206d6d2f 0.316s
2025-02-09 04:28:12.200 63126 INFO tempest.lib.common.rest_client [req-eb672a84-bcb8-4a39-9154-6950b89af003 req-eb672a84-bcb8-4a39-9154-6950b89af003 ] Request (ServersAdminTestJSON:test_create_server_with_scheduling_hint): 200 GET http://10.180.1.21/compute/v2.1/servers/7dc6128f-ff23-4add-a7cf-52c54174ea85 0.316s
2025-02-09 04:28:12.212 63116 INFO tempest.lib.common.rest_client [req-307972c8-1e0a-4e5b-a700-658a53568f1a req-307972c8-1e0a-4e5b-a700-658a53568f1a ] Request (ServersNegativeTestJSON:setUpClass): 200 GET http://10.180.1.21/compute/v2.1/servers/7a5bea28-eabd-49dd-a854-33805622c7d4 0.280s
2025-02-09 04:28:12.261 63134 INFO tempest.lib.common.rest_client [req-06662442-a118-462a-a14b-f5b5b01a1cdb req-06662442-a118-462a-a14b-f5b5b01a1cdb ] Request (AttachInterfacesTestJSON:test_create_list_show_delete_interfaces_by_fixed_ip): 200 GET http://10.180.1.21/compute/v2.1/servers/17e14f3f-8170-4dff-bc39-6123194ed8e0 0.226s
2025-02-09 04:28:12.522 63140 INFO tempest.lib.common.rest_client [req-23e38e80-1963-4e8a-a9cc-e82e58fe7b9c req-23e38e80-1963-4e8a-a9cc-e82e58fe7b9c ] Request (ListServerFiltersTestJSON:setUpClass): 202 POST http://10.180.1.21/compute/v2.1/servers 0.445s
2025-02-09 04:28:12.574 63140 INFO tempest.lib.common.rest_client [req-8f358b53-2b6c-4ba7-a50d-c4861471233c req-8f358b53-2b6c-4ba7-a50d-c4861471233c ] Request (ListServerFiltersTestJSON:setUpClass): 200 GET http://10.180.1.21/compute/v2.1/servers/c66cf078-4d7d-433d-98ee-2206453351f4 0.050s
2025-02-09 04:28:12.631 63108 INFO tempest.lib.common.rest_client [req-4490278f-4a3a-45de-b1ec-3495e3ffee1d req-4490278f-4a3a-45de-b1ec-3495e3ffee1d ] Request (DeleteServersAdminTestJSON:test_delete_server_while_in_error_state): 200 GET http://10.180.1.21/compute/v2.1/servers/46b91d04-730f-4ef1-9fc9-d7cf458b2bb5 0.081s
2025-02-09 04:28:12.636 63154 INFO tempest.lib.common.rest_client [req-fe821692-a864-4543-b538-d279af22e9f6 req-fe821692-a864-4543-b538-d279af22e9f6 ] Request (ServerAddressesNegativeTestJSON:setUpClass): 200 GET http://10.180.1.21/compute/v2.1/servers/b4e1a19a-91c7-42ed-a180-bb0c6a897409 0.140s
2025-02-09 04:28:12.693 63164 INFO tempest.lib.common.rest_client [req-05da96a3-475d-4ada-b61d-6b580a6db794 req-05da96a3-475d-4ada-b61d-6b580a6db794 ] Request (MultipleCreateTestJSON:test_multiple_create_with_reservation_return): 200 GET http://10.180.1.21/compute/v2.1/servers/14111a68-61bd-4fd1-83ae-023db0110c0b 0.079s
2025-02-09 04:28:12.704 63132 INFO tempest.lib.common.rest_client [req-0a63cf1d-18c6-4aeb-8522-5539e34fad44 req-0a63cf1d-18c6-4aeb-8522-5539e34fad44 ] Request (ServerDiagnosticsTest:tearDownClass): 200 GET http://10.180.1.21/compute/v2.1/servers/d55dd43d-e3a5-413a-8d09-340cfd8b8090 0.145s
2025-02-09 04:28:12.751 63110 INFO tempest.lib.common.rest_client [req-2ac2ad2d-b93a-4b45-a89c-4f6d87a2c623 req-2ac2ad2d-b93a-4b45-a89c-4f6d87a2c623 ] Request (ServerRescueTestJSONUnderV235:setUpClass): 200 GET http://10.180.1.21/compute/v2.1/servers/83538639-b73e-4533-be47-0ee88752d4b2 0.092s
