2025-02-09 04:27:05.086 63156 INFO tempest.lib.common.dynamic_creds [-] Acquired dynamic creds: credentials: Credentials: {'domain_id': 'default', 'domain_name': 'Default', 'username': 'tempest-FloatingIPsAssociationNegativeTestJSON-355207766-project-member', 'project_domain_id': 'default', 'project_domain_name': 'Default', 'project_id': '4b44708ce80f4f36928beb1f749f1994', 'project_name': 'tempest-FloatingIPsAssociationNegativeTestJSON-355207766', 'tenant_id': '4b44708ce80f4f36928beb1f749f1994', 'tenant_name': 'tempest-FloatingIPsAssociationNegativeTestJSON-355207766', 'user_domain_id': 'default', 'user_domain_name': 'Default', 'user_id': '8a16e7d903ce4b52a73edd988e988601', 'system': None}, Network: None, Subnet: None, Router: None
2025-02-09 04:27:05.107 63132 INFO tempest.lib.common.rest_client [req-16c88f73-6d72-4864-882a-761c53253f29 req-16c88f73-6d72-4864-882a-761c53253f29 ] Request (ServerDiagnosticsTest:setUpClass): 204 PUT http://10.180.1.21/identity/v3/projects/b78a46083df84e0bb97e0d2964e65d3b/users/f5d96672c88846c7a5a4fba916c52799/roles/17ab35d82aa546b38e09acefcf2b880a 0.035s
2025-02-09 04:27:05.107 63132 INFO tempest.lib.common.dynamic_creds [-] Dynamic test user f5d96672c88846c7a5a4fba916c52799 is created with scope project and roles: ['member']
2025-02-09 04:27:05.107 63132 INFO tempest.lib.common.dynamic_creds [-] Acquired dynamic creds: credentials: Credentials: {'domain_id': 'default', 'domain_name': 'Default', 'username': 'tempest-ServerDiagnosticsTest-148048884-project-member', 'project_domain_id': 'default', 'project_domain_name': 'Default', 'project_id': 'b78a46083df84e0bb97e0d2964e65d3b', 'project_name': 'tempest-ServerDiagnosticsTest-148048884', 'tenant_id': 'b78a46083df84e0bb97e0d2964e65d3b', 'tenant_name': 'tempest-ServerDiagnosticsTest-148048884', 'user_domain_id': 'default', 'user_domain_name': 'Default', 'user_id': 'f5d96672c88846c7a5a4fba916c52799', 'system': None}, Network: None, Subnet: None, Router: None
2025-02-09 04:27:05.107 63132 INFO tempest.lib.common.dynamic_creds [-] Created isolated network resources for: credentials: Credentials: {'domain_id': 'default', 'domain_name': 'Default', 'username': 'tempest-ServerDiagnosticsTest-148048884-project-member', 'project_domain_id': 'default', 'project_domain_name': 'Default', 'project_id': 'b78a46083df84e0bb97e0d2964e65d3b', 'project_name': 'tempest-ServerDiagnosticsTest-148048884', 'tenant_id': 'b78a46083df84e0bb97e0d2964e65d3b', 'tenant_name': 'tempest-ServerDiagnosticsTest-148048884', 'user_domain_id': 'default', 'user_domain_name': 'Default', 'user_id': 'f5d96672c88846c7a5a4fba916c52799', 'system': None}, Network: None, Subnet: None, Router: None
2025-02-09 04:27:05.148 63166 INFO tempest.lib.common.rest_client [req-2427fad2-8bbb-408e-b32e-b15b69b2682f req-2427fad2-8bbb-408e-b32e-b15b69b2682f ] Request (ServerShowV257Test:test_rebuild_server): 200 GET http://10.180.1.21/compute/v2.1/servers/b008518e-6ef8-4750-85e0-2f9e8242e30f 1.393s
2025-02-09 04:27:05.157 63156 INFO tempest.lib.common.rest_client [req-7f0e71c8-e19e-402c-94b5-723fab8c90ad req-7f0e71c8-e19e-402c-94b5-723fab8c90ad ] Request (FloatingIPsAssociationNegativeTestJSON:setUpClass): 201 POST http://10.180.1.21/identity/v3/auth/tokens 0.070s
2025-02-09 04:27:05.174 63164 INFO tempest.lib.common.rest_client [req-7f0224b7-a844-42a5-8bee-ed7a9561c579 req-7f0224b7-a844-42a5-8bee-ed7a9561c579 ] Request (MultipleCreateTestJSON:test_multiple_create): 200 GET http://10.180.1.21/compute/v2.1/servers/5d246a26-0c0e-4694-97bd-cc07fa66b869 1.526s
2025-02-09 04:27:05.203 63132 INFO tempest.lib.common.rest_client [req-a1243d2c-619b-4201-be61-97c24d399dd0 req-a1243d2c-619b-4201-be61-97c24d399dd0 ] Request (ServerDiagnosticsTest:setUpClass): 201 POST http://10.180.1.21/identity/v3/auth/tokens 0.092s
2025-02-09 04:27:05.212 63112 INFO tempest.lib.common.rest_client [req-963c753c-d67c-4842-bfee-cebff484c737 req-963c753c-d67c-4842-bfee-cebff484c737 ] Request (HostsAdminNegativeTestJSON:tearDownClass): 200 GET http://10.180.1.21:9696/networking/v2.0/security-groups?tenant_id=253b1691d1fc4be1a53829555d908728&name=default 0.387s
2025-02-09 04:27:05.244 63132 INFO tempest.lib.common.rest_client [req-d377e3e9-c1ce-41da-b98c-471c4275463e req-d377e3e9-c1ce-41da-b98c-471c4275463e ] Request (ServerDiagnosticsTest:setUpClass): 201 POST http://10.180.1.21/identity/v3/projects 0.040s
2025-02-09 04:27:05.272 63110 INFO tempest.lib.common.rest_client [req-6f5c1b33-119a-4346-9415-0842afb7b9a1 req-6f5c1b33-119a-4346-9415-0842afb7b9a1 ] Request (QuotaClassesAdmin257Test:tearDownClass): 204 DELETE http://10.180.1.21:9696/networking/v2.0/security-groups/a72f3349-f75d-4b36-9b5f-6146af2d8269 0.436s
2025-02-09 04:27:05.311 63132 INFO tempest.lib.common.rest_client [req-a333bc8a-ec09-47cc-ba76-8f9ee7775eac req-a333bc8a-ec09-47cc-ba76-8f9ee7775eac ] Request (ServerDiagnosticsTest:setUpClass): 201 POST http://10.180.1.21/identity/v3/users 0.067s
2025-02-09 04:27:05.332 63132 INFO tempest.lib.common.rest_client [req-365450de-92de-40b7-9dbc-d3f5b184b816 req-365450de-92de-40b7-9dbc-d3f5b184b816 ] Request (ServerDiagnosticsTest:setUpClass): 200 GET http://10.180.1.21/identity/v3/roles 0.020s
2025-02-09 04:27:05.361 63132 INFO tempest.lib.common.rest_client [req-1c3830da-b54b-49eb-a790-e4716a71fdc7 req-1c3830da-b54b-49eb-a790-e4716a71fdc7 ] Request (ServerDiagnosticsTest:setUpClass): 204 PUT http://10.180.1.21/identity/v3/projects/1059bcdaa348492ab5d374a0795651df/users/9b613eac33384172a5e9348ed018b8f4/roles/233e513a52c74aa7a0278ca858abfd77 0.029s
2025-02-09 04:27:05.369 63110 INFO tempest.lib.common.rest_client [req-c97db8c7-1b1a-4f06-aff9-5579bf3de88d req-c97db8c7-1b1a-4f06-aff9-5579bf3de88d ] Request (QuotaClassesAdmin257Test:tearDownClass): 204 DELETE http://10.180.1.21/identity/v3/projects/b4382294a3e84402b56593a67f3c4076 0.096s
2025-02-09 04:27:05.417 63132 INFO tempest.lib.common.rest_client [req-462d7e3d-a6ad-47a3-af00-80b1328d6e01 req-462d7e3d-a6ad-47a3-af00-80b1328d6e01 ] Request (ServerDiagnosticsTest:setUpClass): 200 GET http://10.180.1.21/identity/v3/roles 0.055s
2025-02-09 04:27:05.429 63144 INFO tempest.lib.common.rest_client [req-686a0e1b-a4b4-4fb7-b6de-642f8321e49d req-686a0e1b-a4b4-4fb7-b6de-642f8321e49d ] Request (ServerDiagnosticsNegativeTest:tearDownClass): 200 GET http://10.180.1.21/compute/v2.1/servers/20b46e5d-c3db-48c5-b10b-4494c2f3dca5 1.507s
2025-02-09 04:27:05.440 63110 INFO tempest.lib.common.rest_client [req-c48c6e4c-c805-4f3b-a33d-cafe062152cd req-c48c6e4c-c805-4f3b-a33d-cafe062152cd ] Request (ServicesAdminTestJSON:setUpClass): 201 POST http://10.180.1.21/identity/v3/auth/tokens 0.070s
2025-02-09 04:27:05.449 63132 INFO tempest.lib.common.rest_client [req-32503e53-d1c0-464b-9636-eec8eaa8484b req-32503e53-d1c0-464b-9636-eec8eaa8484b ] Request (ServerDiagnosticsTest:setUpClass): 204 PUT http://10.180.1.21/identity/v3/projects/1059bcdaa348492ab5d374a0795651df/users/9b613eac33384172a5e9348ed018b8f4/roles/233e513a52c74aa7a0278ca858abfd77 0.031s
2025-02-09 04:27:05.449 63132 INFO tempest.lib.common.dynamic_creds [-] Dynamic test user 9b613eac33384172a5e9348ed018b8f4 is created with scope project and roles: ['admin']
2025-02-09 04:27:05.450 63132 INFO tempest.lib.common.dynamic_creds [-] Acquired dynamic creds: credentials: Credentials: {'domain_id': 'default', 'domain_name': 'Default', 'username': 'tempest-ServerDiagnosticsTest-2075800659-project-admin', 'project_domain_id': 'default', 'project_domain_name': 'Default', 'project_id': '1059bcdaa348492ab5d374a0795651df', 'project_name': 'tempest-ServerDiagnosticsTest-2075800659', 'tenant_id': '1059bcdaa348492ab5d374a0795651df', 'tenant_name': 'tempest-ServerDiagnosticsTest-2075800659', 'user_domain_id': 'default', 'user_domain_name': 'Default', 'user_id': '9b613eac33384172a5e9348ed018b8f4', 'system': None}, Network: None, Subnet: None, Router: None
2025-02-09 04:27:05.450 63132 INFO tempest.lib.common.dynamic_creds [-] Created isolated network resources for: credentials: Credentials: {'domain_id': 'default', 'domain_name': 'Default', 'username': 'tempest-ServerDiagnosticsTest-2075800659-project-admin', 'project_domain_id': 'default', 'project_domain_name': 'Default', 'project_id': '1059bcdaa348492ab5d374a0795651df', 'project_name': 'tempest-ServerDiagnosticsTest-2075800659', 'tenant_id': '1059bcdaa348492ab5d374a0795651df', 'tenant_name': 'tempest-ServerDiagnosticsTest-2075800659', 'user_domain_id': 'default', 'user_domain_name': 'Default', 'user_id': '9b613eac33384172a5e9348ed018b8f4', 'system': None}, Network: None, Subnet: None, Router: None
2025-02-09 04:27:05.501 63124 INFO tempest.lib.common.rest_client [req-8952128e-e25f-46c5-8750-be3039f6e92f req-8952128e-e25f-46c5-8750-be3039f6e92f ] Request (VolumesAssistedSnapshotsTest:test_volume_assisted_snapshot_create_delete): 200 GET http://10.180.1.21/compute/v2.1/servers/23c11f04-d3f5-48a7-831b-c08ca532376c 1.571s
2025-02-09 04:27:05.512 63110 INFO tempest.lib.common.rest_client [req-eecf748a-4d5c-4313-b06b-cef01ad2edb0 req-eecf748a-4d5c-4313-b06b-cef01ad2edb0 ] Request (ServicesAdminTestJSON:setUpClass): 201 POST http://10.180.1.21/identity/v3/auth/tokens 0.069s
2025-02-09 04:27:05.542 63110 INFO tempest.lib.common.rest_client [req-d4b25b1c-a170-4916-b82c-f406de8bc996 req-d4b25b1c-a170-4916-b82c-f406de8bc996 ] Request (ServicesAdminTestJSON:setUpClass): 200 GET http://10.180.1.21/identity/v3/domains?name=Default 0.029s
2025-02-09 04:27:05.547 63132 INFO tempest.lib.common.rest_client [req-8e33e23b-21cb-4ab5-811f-57aa4c439c60 req-8e33e23b-21cb-4ab5-811f-57aa4c439c60 ] Request (ServerDiagnosticsTest:setUpClass): 201 POST http://10.180.1.21/identity/v3/auth/tokens 0.094s
2025-02-09 04:27:05.576 63110 INFO tempest.lib.common.rest_client [req-502a5d65-b3b1-4c30-b928-e25899e1b005 req-502a5d65-b3b1-4c30-b928-e25899e1b005 ] Request (ServicesAdminTestJSON:setUpClass): 201 POST http://10.180.1.21/identity/v3/projects 0.033s
2025-02-09 04:27:05.620 63154 INFO tempest.lib.common.rest_client [req-28271e4f-f407-4a10-8a71-42177d26e86d req-28271e4f-f407-4a10-8a71-42177d26e86d ] Request (ServerAddressesNegativeTestJSON:setUpClass): 201 POST http://10.180.1.21:9696/networking/v2.0/routers 2.356s
2025-02-09 04:27:05.622 63132 INFO tempest.lib.common.rest_client [req-e3c07c29-fcfb-4d75-9fdc-639545344014 req-e3c07c29-fcfb-4d75-9fdc-639545344014 ] Request (ServerDiagnosticsTest:test_get_server_diagnostics): 201 POST http://10.180.1.21/identity/v3/auth/tokens 0.070s
2025-02-09 04:27:05.622 63132 INFO tempest.lib.common.fixed_network [-] (ServerDiagnosticsTest:test_get_server_diagnostics) Found network None available for tenant
2025-02-09 04:27:05.625 63120 INFO tempest.lib.common.rest_client [req-9e61f1e0-f150-4717-830e-787d96e07980 req-9e61f1e0-f150-4717-830e-787d96e07980 ] Request (VolumesAdminNegativeTest:test_update_attached_volume_with_nonexistent_volume_in_body): 200 GET http://10.180.1.21/compute/v2.1/servers/ea8fac5b-af8a-4752-a651-8049f4c863a8 1.535s
2025-02-09 04:27:05.650 63128 INFO tempest.lib.common.rest_client [req-5e25b6fe-bb56-45c4-9777-0f362e099cdf req-5e25b6fe-bb56-45c4-9777-0f362e099cdf ] Request (ServerGroupTestJSON:test_create_delete_multiple_server_groups_with_same_name_policy): 200 GET http://10.180.1.21/compute/v2.1/os-server-groups 1.559s
2025-02-09 04:27:05.668 63110 INFO tempest.lib.common.rest_client [req-6aa7672d-4578-42a3-a9f8-57c96d58544f req-6aa7672d-4578-42a3-a9f8-57c96d58544f ] Request (ServicesAdminTestJSON:setUpClass): 201 POST http://10.180.1.21/identity/v3/users 0.092s
2025-02-09 04:27:05.676 63112 INFO tempest.lib.common.rest_client [req-68f88151-ded5-495b-9a74-0ebaca6b31e0 req-68f88151-ded5-495b-9a74-0ebaca6b31e0 ] Request (HostsAdminNegativeTestJSON:tearDownClass): 204 DELETE http://10.180.1.21:9696/networking/v2.0/security-groups/21010827-ea4b-4e57-9e48-c2b0fbfd0601 0.463s
2025-02-09 04:27:05.720 63110 INFO tempest.lib.common.rest_client [req-4cb6cea4-0141-494f-bbc2-e7c280d9def2 req-4cb6cea4-0141-494f-bbc2-e7c280d9def2 ] Request (ServicesAdminTestJSON:setUpClass): 200 GET http://10.180.1.21/identity/v3/roles 0.051s
2025-02-09 04:27:05.755 63114 INFO tempest.lib.common.rest_client [req-0dcb7ecc-57f2-486c-bb94-fe2340baaab9 req-0dcb7ecc-57f2-486c-bb94-fe2340baaab9 ] Request (FloatingIPDetailsTestJSON:test_list_floating_ips): 200 GET http://10.180.1.21/compute/v2.1/os-floating-ips 1.694s
2025-02-09 04:27:05.778 63110 INFO tempest.lib.common.rest_client [req-92230d99-e106-4ba6-b0d0-8bf112a6c6f2 req-92230d99-e106-4ba6-b0d0-8bf112a6c6f2 ] Request (ServicesAdminTestJSON:setUpClass): 204 PUT http://10.180.1.21/identity/v3/projects/ebdfb14a5f5f4515985a90a92823fd40/users/4e1166ddc13a4514857bfecc241c6faf/roles/17ab35d82aa546b38e09acefcf2b880a 0.058s
2025-02-09 04:27:05.779 63110 INFO tempest.lib.common.dynamic_creds [-] Dynamic test user 4e1166ddc13a4514857bfecc241c6faf is created with scope project and roles: ['member']
2025-02-09 04:27:05.779 63110 INFO tempest.lib.common.dynamic_creds [-] Acquired dynamic creds: credentials: Credentials: {'domain_id': 'default', 'domain_name': 'Default', 'username': 'tempest-ServicesAdminTestJSON-75614853-project-member', 'project_domain_id': 'default', 'project_domain_name': 'Default', 'project_id': 'ebdfb14a5f5f4515985a90a92823fd40', 'project_name': 'tempest-ServicesAdminTestJSON-75614853', 'tenant_id': 'ebdfb14a5f5f4515985a90a92823fd40', 'tenant_name': 'tempest-ServicesAdminTestJSON-75614853', 'user_domain_id': 'default', 'user_domain_name': 'Default', 'user_id': '4e1166ddc13a4514857bfecc241c6faf', 'system': None}, Network: None, Subnet: None, Router: None
2025-02-09 04:27:05.779 63110 INFO tempest.lib.common.dynamic_creds [-] Created isolated network resources for: credentials: Credentials: {'domain_id': 'default', 'domain_name': 'Default', 'username': 'tempest-ServicesAdminTestJSON-75614853-project-member', 'project_domain_id': 'default', 'project_domain_name': 'Default', 'project_id': 'ebdfb14a5f5f4515985a90a92823fd40', 'project_name': 'tempest-ServicesAdminTestJSON-75614853', 'tenant_id': 'ebdfb14a5f5f4515985a90a92823fd40', 'tenant_name': 'tempest-ServicesAdminTestJSON-75614853', 'user_domain_id': 'default', 'user_domain_name': 'Default', 'user_id': '4e1166ddc13a4514857bfecc241c6faf', 'system': None}, Network: None, Subnet: None, Router: None
2025-02-09 04:27:05.784 63126 INFO tempest.lib.common.rest_client [req-ae7a5ece-f0ee-4486-99bd-ee84bdd3ad6e req-ae7a5ece-f0ee-4486-99bd-ee84bdd3ad6e ] Request (ServersAdminTestJSON:setUpClass): 200 GET http://10.180.1.21/compute/v2.1/servers/33227b7a-3dfe-4d7b-8fd8-da6100ecb820 1.591s
2025-02-09 04:27:05.841 63112 INFO tempest.lib.common.rest_client [req-7cb08cef-86eb-424b-9df3-cb9eb6aad7d7 req-7cb08cef-86eb-424b-9df3-cb9eb6aad7d7 ] Request (HostsAdminNegativeTestJSON:tearDownClass): 204 DELETE http://10.180.1.21/identity/v3/projects/253b1691d1fc4be1a53829555d908728 0.165s
2025-02-09 04:27:05.842 63112 INFO tempest.test [-] raised in TestMultiAttachVolumeSwap.setUpClass. Invoking tearDownClass.
2025-02-09 04:27:05.917 63106 INFO tempest.lib.common.rest_client [req-e7626229-3df4-4005-bdab-b2781e735e75 req-e7626229-3df4-4005-bdab-b2781e735e75 ] Request (ServersAdmin275Test:test_rebuild_update_server_275): 200 GET http://10.180.1.21/compute/v2.1/servers/c1dc52c6-3ba9-4b2e-bfbe-d20ce3aca127 1.675s
2025-02-09 04:27:05.926 63110 INFO tempest.lib.common.rest_client [req-35aa2706-3951-4407-bd37-7d7465b0eb79 req-35aa2706-3951-4407-bd37-7d7465b0eb79 ] Request (ServicesAdminTestJSON:setUpClass): 201 POST http://10.180.1.21/identity/v3/auth/tokens 0.141s
2025-02-09 04:27:05.928 63112 INFO tempest.lib.common.rest_client [req-92d7adc1-bfaa-411e-9d45-fe3a28d0df6c req-92d7adc1-bfaa-411e-9d45-fe3a28d0df6c ] Request (FlavorsV2NegativeTest:setUpClass): 201 POST http://10.180.1.21/identity/v3/auth/tokens 0.082s
2025-02-09 04:27:05.959 63160 INFO tempest.lib.common.rest_client [req-45b5dd1a-7a63-4ecb-a692-054c99b98a2d req-45b5dd1a-7a63-4ecb-a692-054c99b98a2d ] Request (KeyPairsV210TestJSON:test_admin_manage_keypairs_for_other_users): 201 POST http://10.180.1.21/compute/v2.1/os-keypairs 1.471s
2025-02-09 04:27:05.974 63112 INFO tempest.lib.common.rest_client [req-58daaa42-bbae-4e35-931c-000dd26bded1 req-58daaa42-bbae-4e35-931c-000dd26bded1 ] Request (FlavorsV2NegativeTest:setUpClass): 201 POST http://10.180.1.21/identity/v3/auth/tokens 0.042s
2025-02-09 04:27:06.000 63110 INFO tempest.lib.common.rest_client [req-e14c1509-248b-4ae4-b2c9-c58b81dc941a req-e14c1509-248b-4ae4-b2c9-c58b81dc941a ] Request (ServicesAdminTestJSON:setUpClass): 201 POST http://10.180.1.21/identity/v3/projects 0.073s
2025-02-09 04:27:06.012 63112 INFO tempest.lib.common.rest_client [req-e7a0432b-841a-47c1-8c50-9d9ce8f55aff req-e7a0432b-841a-47c1-8c50-9d9ce8f55aff ] Request (FlavorsV2NegativeTest:setUpClass): 200 GET http://10.180.1.21/identity/v3/domains?name=Default 0.038s
2025-02-09 04:27:06.070 63116 INFO tempest.lib.common.rest_client [req-edd194ca-52fe-42f5-8b3f-5725708ca6b8 req-edd194ca-52fe-42f5-8b3f-5725708ca6b8 ] Request (ServersNegativeTestJSON:setUpClass): 200 GET http://10.180.1.21/compute/v2.1/servers/adb75301-5ea3-4467-bf86-e4e7891e9d28 1.813s
2025-02-09 04:27:06.077 63110 INFO tempest.lib.common.rest_client [req-6691e75d-bdd6-41c7-ae1f-5c8e3919977f req-6691e75d-bdd6-41c7-ae1f-5c8e3919977f ] Request (ServicesAdminTestJSON:setUpClass): 201 POST http://10.180.1.21/identity/v3/users 0.077s
2025-02-09 04:27:06.085 63151 INFO tempest.lib.common.rest_client [req-55e6871d-8897-4abe-b8b5-f6c325fa95e3 req-55e6871d-8897-4abe-b8b5-f6c325fa95e3 ] Request (ServerPasswordTestJSON:tearDownClass): 200 GET http://10.180.1.21/compute/v2.1/servers/bb73b636-f415-43c3-bbdc-16f322315b81 1.411s
2025-02-09 04:27:06.086 63156 INFO tempest.lib.common.rest_client [req-6e8f2337-5f39-4079-8b92-7cc98634d697 req-6e8f2337-5f39-4079-8b92-7cc98634d697 ] Request (FloatingIPsAssociationNegativeTestJSON:setUpClass): 201 POST http://10.180.1.21:9696/networking/v2.0/networks 0.928s
2025-02-09 04:27:06.087 63112 INFO tempest.lib.common.rest_client [req-64a51d9a-4c1f-4c11-94f9-56ee5c394c7b req-64a51d9a-4c1f-4c11-94f9-56ee5c394c7b ] Request (FlavorsV2NegativeTest:setUpClass): 201 POST http://10.180.1.21/identity/v3/projects 0.074s
2025-02-09 04:27:06.096 63130 INFO tempest.lib.common.rest_client [req-5c6bffc6-5515-4cd5-9cba-8c6049f3de9e req-5c6bffc6-5515-4cd5-9cba-8c6049f3de9e ] Request (AggregatesAdminNegativeTestJSON:test_aggregate_remove_host_as_user): 403 POST http://10.180.1.21/compute/v2.1/os-aggregates/7/action 1.254s
2025-02-09 04:27:06.155 63112 INFO tempest.lib.common.rest_client [req-64727526-95e0-49b9-9b62-6549c99ff4ba req-64727526-95e0-49b9-9b62-6549c99ff4ba ] Request (FlavorsV2NegativeTest:setUpClass): 201 POST http://10.180.1.21/identity/v3/users 0.067s
2025-02-09 04:27:06.169 63110 INFO tempest.lib.common.rest_client [req-adedd9d9-9612-4c23-ba49-c677127d3a62 req-adedd9d9-9612-4c23-ba49-c677127d3a62 ] Request (ServicesAdminTestJSON:setUpClass): 200 GET http://10.180.1.21/identity/v3/roles 0.091s
2025-02-09 04:27:06.177 63112 INFO tempest.lib.common.rest_client [req-8dc2d5ca-dce0-40c9-b3bc-3d78e0bc50e2 req-8dc2d5ca-dce0-40c9-b3bc-3d78e0bc50e2 ] Request (FlavorsV2NegativeTest:setUpClass): 200 GET http://10.180.1.21/identity/v3/roles 0.022s
2025-02-09 04:27:06.204 63138 INFO tempest.lib.common.rest_client [req-9e53f13b-67a8-4d94-ac06-e1c9b6ba876d req-9e53f13b-67a8-4d94-ac06-e1c9b6ba876d ] Request (ServersTestBootFromVolume:setUpClass): 200 GET http://10.180.1.21/compute/v2.1/servers/a03a8428-c4fc-4b30-85de-ae82635462fe 1.028s
2025-02-09 04:27:06.207 63134 INFO tempest.lib.common.rest_client [req-fe7a4848-0013-48eb-a839-0b6391ba4c11 req-fe7a4848-0013-48eb-a839-0b6391ba4c11 ] Request (ImagesNegativeTestJSON:test_create_image_from_deleted_server): 200 GET http://10.180.1.21/compute/v2.1/servers/f86fbb84-d0e7-4c7e-8b42-be203156b02f 1.398s
2025-02-09 04:27:06.210 63112 INFO tempest.lib.common.rest_client [req-fed4bd1c-b3fc-4ed9-878d-d8271c513e1b req-fed4bd1c-b3fc-4ed9-878d-d8271c513e1b ] Request (FlavorsV2NegativeTest:setUpClass): 204 PUT http://10.180.1.21/identity/v3/projects/007c0b3a6cea404b8dc572d0741bdc87/users/e863bf36510e46c6827f6723801aec6a/roles/17ab35d82aa546b38e09acefcf2b880a 0.033s
2025-02-09 04:27:06.211 63112 INFO tempest.lib.common.dynamic_creds [-] Dynamic test user e863bf36510e46c6827f6723801aec6a is created with scope project and roles: ['member']
2025-02-09 04:27:06.211 63112 INFO tempest.lib.common.dynamic_creds [-] Acquired dynamic creds: credentials: Credentials: {'domain_id': 'default', 'domain_name': 'Default', 'username': 'tempest-FlavorsV2NegativeTest-1894823667-project-member', 'project_domain_id': 'default', 'project_domain_name': 'Default', 'project_id': '007c0b3a6cea404b8dc572d0741bdc87', 'project_name': 'tempest-FlavorsV2NegativeTest-1894823667', 'tenant_id': '007c0b3a6cea404b8dc572d0741bdc87', 'tenant_name': 'tempest-FlavorsV2NegativeTest-1894823667', 'user_domain_id': 'default', 'user_domain_name': 'Default', 'user_id': 'e863bf36510e46c6827f6723801aec6a', 'system': None}, Network: None, Subnet: None, Router: None
2025-02-09 04:27:06.211 63112 INFO tempest.lib.common.dynamic_creds [-] Created isolated network resources for: credentials: Credentials: {'domain_id': 'default', 'domain_name': 'Default', 'username': 'tempest-FlavorsV2NegativeTest-1894823667-project-member', 'project_domain_id': 'default', 'project_domain_name': 'Default', 'project_id': '007c0b3a6cea404b8dc572d0741bdc87', 'project_name': 'tempest-FlavorsV2NegativeTest-1894823667', 'tenant_id': '007c0b3a6cea404b8dc572d0741bdc87', 'tenant_name': 'tempest-FlavorsV2NegativeTest-1894823667', 'user_domain_id': 'default', 'user_domain_name': 'Default', 'user_id': 'e863bf36510e46c6827f6723801aec6a', 'system': None}, Network: None, Subnet: None, Router: None
2025-02-09 04:27:06.213 63110 INFO tempest.lib.common.rest_client [req-42084371-3e39-4a78-85d0-4666254c8209 req-42084371-3e39-4a78-85d0-4666254c8209 ] Request (ServicesAdminTestJSON:setUpClass): 204 PUT http://10.180.1.21/identity/v3/projects/da17edebb5f848bcb976d7c4b8193c94/users/7384f9345b41429e8de8c6358a1874fd/roles/233e513a52c74aa7a0278ca858abfd77 0.042s
2025-02-09 04:27:06.294 63118 INFO tempest.lib.common.rest_client [req-263da3e0-8c08-4be7-8dba-736d4717f09e req-263da3e0-8c08-4be7-8dba-736d4717f09e ] Request (AttachInterfacesV270Test:tearDownClass): 200 GET http://10.180.1.21/compute/v2.1/servers/fe93d593-a03b-4709-8716-7ec3965f81cf 0.922s
2025-02-09 04:27:06.302 63112 INFO tempest.lib.common.rest_client [req-d32cce08-86f0-40c5-99a4-cb91253e9df1 req-d32cce08-86f0-40c5-99a4-cb91253e9df1 ] Request (FlavorsV2NegativeTest:setUpClass): 201 POST http://10.180.1.21/identity/v3/auth/tokens 0.083s
2025-02-09 04:27:06.307 63152 INFO tempest.lib.common.rest_client [req-d0767424-b9a2-45cb-ab2a-4b5de5ffdb6b req-d0767424-b9a2-45cb-ab2a-4b5de5ffdb6b ] Request (ServerDiagnosticsV248Test:tearDownClass): 200 GET http://10.180.1.21/compute/v2.1/servers/29c06b51-9044-4e41-8bad-d09cd62a9622 0.876s
2025-02-09 04:27:06.364 63110 INFO tempest.lib.common.rest_client [req-472223f2-0be6-4c4d-a653-fe630cff3528 req-472223f2-0be6-4c4d-a653-fe630cff3528 ] Request (ServicesAdminTestJSON:setUpClass): 200 GET http://10.180.1.21/identity/v3/roles 0.151s
2025-02-09 04:27:06.375 63140 INFO tempest.lib.common.rest_client [req-88af5ef3-509d-41a1-bca2-5b0fed2ba47f req-88af5ef3-509d-41a1-bca2-5b0fed2ba47f ] Request (InstanceActionsTestJSON:setUpClass): 200 GET http://10.180.1.21/compute/v2.1/servers/e25dd119-c032-4dfa-bd50-efa59fa5849f 0.893s
2025-02-09 04:27:06.381 63110 INFO tempest.lib.common.rest_client [req-eb37ab1c-972f-4a6c-9af6-aa7511513087 req-eb37ab1c-972f-4a6c-9af6-aa7511513087 ] Request (ServicesAdminTestJSON:setUpClass): 204 PUT http://10.180.1.21/identity/v3/projects/da17edebb5f848bcb976d7c4b8193c94/users/7384f9345b41429e8de8c6358a1874fd/roles/233e513a52c74aa7a0278ca858abfd77 0.016s
2025-02-09 04:27:06.381 63110 INFO tempest.lib.common.dynamic_creds [-] Dynamic test user 7384f9345b41429e8de8c6358a1874fd is created with scope project and roles: ['admin']
2025-02-09 04:27:06.382 63110 INFO tempest.lib.common.dynamic_creds [-] Acquired dynamic creds: credentials: Credentials: {'domain_id': 'default', 'domain_name': 'Default', 'username': 'tempest-ServicesAdminTestJSON-1915686048-project-admin', 'project_domain_id': 'default', 'project_domain_name': 'Default', 'project_id': 'da17edebb5f848bcb976d7c4b8193c94', 'project_name': 'tempest-ServicesAdminTestJSON-1915686048', 'tenant_id': 'da17edebb5f848bcb976d7c4b8193c94', 'tenant_name': 'tempest-ServicesAdminTestJSON-1915686048', 'user_domain_id': 'default', 'user_domain_name': 'Default', 'user_id': '7384f9345b41429e8de8c6358a1874fd', 'system': None}, Network: None, Subnet: None, Router: None
2025-02-09 04:27:06.382 63110 INFO tempest.lib.common.dynamic_creds [-] Created isolated network resources for: credentials: Credentials: {'domain_id': 'default', 'domain_name': 'Default', 'username': 'tempest-ServicesAdminTestJSON-1915686048-project-admin', 'project_domain_id': 'default', 'project_domain_name': 'Default', 'project_id': 'da17edebb5f848bcb976d7c4b8193c94', 'project_name': 'tempest-ServicesAdminTestJSON-1915686048', 'tenant_id': 'da17edebb5f848bcb976d7c4b8193c94', 'tenant_name': 'tempest-ServicesAdminTestJSON-1915686048', 'user_domain_id': 'default', 'user_domain_name': 'Default', 'user_id': '7384f9345b41429e8de8c6358a1874fd', 'system': None}, Network: None, Subnet: None, Router: None
2025-02-09 04:27:06.398 63142 INFO tempest.lib.common.rest_client [req-4e41eccf-f31d-4ccb-85f6-5601cf28374f req-4e41eccf-f31d-4ccb-85f6-5601cf28374f ] Request (TenantUsagesTestJSON:tearDownClass): 200 GET http://10.180.1.21/compute/v2.1/servers/f1f06a26-f8d4-44d3-8f56-7ba3dea65dd8 0.791s
2025-02-09 04:27:06.433 63128 INFO tempest.lib.common.rest_client [req-8cbcac07-6757-48d0-a28d-5619ad6cd2ae req-8cbcac07-6757-48d0-a28d-5619ad6cd2ae ] Request (ServerGroupTestJSON:test_create_delete_multiple_server_groups_with_same_name_policy): 204 DELETE http://10.180.1.21/compute/v2.1/os-server-groups/1bd25de8-2880-4ea9-b929-55dd6ef82451 0.781s
2025-02-09 04:27:06.473 63110 INFO tempest.lib.common.rest_client [req-2ab480f2-1c5c-4ec2-bd9e-0c0cc63ae094 req-2ab480f2-1c5c-4ec2-bd9e-0c0cc63ae094 ] Request (ServicesAdminTestJSON:setUpClass): 201 POST http://10.180.1.21/identity/v3/auth/tokens 0.086s
2025-02-09 04:27:06.544 63156 INFO tempest.lib.common.rest_client [req-6bb4f611-da12-4317-b0a4-cff31495a1c8 req-6bb4f611-da12-4317-b0a4-cff31495a1c8 ] Request (FloatingIPsAssociationNegativeTestJSON:setUpClass): 201 POST http://10.180.1.21:9696/networking/v2.0/subnets 0.457s
2025-02-09 04:27:06.605 63148 INFO tempest.lib.common.rest_client [req-5fb3b873-3043-402d-a0e8-111c9daefbec req-5fb3b873-3043-402d-a0e8-111c9daefbec ] Request (MigrationsAdminTest:test_list_migrations_in_flavor_resize_situation): 200 GET http://10.180.1.21/compute/v2.1/servers/1c4ddad5-e6ec-435a-83ac-685492e923f3 0.952s
2025-02-09 04:27:06.681 63108 INFO tempest.lib.common.rest_client [req-48cc97cc-d76c-4f1a-b921-34be9bcecfd7 req-48cc97cc-d76c-4f1a-b921-34be9bcecfd7 ] Request (DeleteServersAdminTestJSON:test_admin_delete_servers_of_others): 200 GET http://10.180.1.21/compute/v2.1/servers/0c084ee8-62b3-427f-a7e8-4796ff1d32e1 0.978s
2025-02-09 04:27:06.874 63132 INFO tempest.lib.common.rest_client [req-e0cfb3a9-8eb5-4bee-8dda-438d75b096db req-e0cfb3a9-8eb5-4bee-8dda-438d75b096db ] Request (ServerDiagnosticsTest:test_get_server_diagnostics): 202 POST http://10.180.1.21/compute/v2.1/servers 1.251s
2025-02-09 04:27:06.957 63169 INFO tempest.lib.common.rest_client [req-e3a1dc95-b58d-4cb0-a9a9-481c7d1d25e6 req-e3a1dc95-b58d-4cb0-a9a9-481c7d1d25e6 ] Request (ServersWithSpecificFlavorTestJSON:test_verify_created_server_ephemeral_disk): 200 GET http://10.180.1.21/compute/v2.1/servers/aedf6b6d-5624-4217-9479-60a13b6d1494 1.159s
2025-02-09 04:27:07.133 63162 INFO tempest.lib.common.rest_client [req-c6cef05b-6c3c-4137-bf30-6502aa7bcb6d req-c6cef05b-6c3c-4137-bf30-6502aa7bcb6d ] Request (ImagesOneServerNegativeTestJSON:setUpClass): 200 GET http://10.180.1.21/compute/v2.1/servers/3439b9b7-2d18-4068-98ee-ca3e206d6d2f 1.234s
2025-02-09 04:27:07.144 63162 INFO tempest.common.waiters [-] State transition "BUILD/block_device_mapping" ==> "BUILD/spawning" after 27 second wait
2025-02-09 04:27:07.158 63160 INFO tempest.lib.common.rest_client [req-f7765939-81f9-4bc1-a4de-5ec9b488dca7 req-f7765939-81f9-4bc1-a4de-5ec9b488dca7 ] Request (KeyPairsV210TestJSON:test_admin_manage_keypairs_for_other_users): 200 GET http://10.180.1.21/compute/v2.1/os-keypairs?user_id=e1f8976089be4ec5a7a649eed9fbc47a 1.197s
2025-02-09 04:27:07.219 63146 INFO tempest.lib.common.rest_client [req-9668b61b-879b-4d94-9559-f0a2343e91dc req-9668b61b-879b-4d94-9559-f0a2343e91dc ] Request (ServersAdminNegativeTestJSON:test_migrate_server_invalid_state): 200 GET http://10.180.1.21/compute/v2.1/servers/45f90bea-e2cc-4315-96c7-53c8c0ef67fd 1.242s
2025-02-09 04:27:07.245 63114 INFO tempest.lib.common.rest_client [req-b6aaa09d-8a6d-4590-8732-94382502822c req-b6aaa09d-8a6d-4590-8732-94382502822c ] Request (FloatingIPDetailsTestJSON:tearDownClass): 202 DELETE http://10.180.1.21/compute/v2.1/os-floating-ips/2f0a1166-1ab8-4604-9a5a-059da030e01a 1.480s
2025-02-09 04:27:07.282 63159 INFO tempest.lib.common.rest_client [req-d2849432-1937-4f98-b4bf-928f0c61ec2e req-d2849432-1937-4f98-b4bf-928f0c61ec2e ] Request (ServerActionsTestJSON:setUpClass): 200 GET http://10.180.1.21/compute/v2.1/servers/11a2b336-8e4b-4627-872c-b70cf0d19cc0 1.204s
2025-02-09 04:27:07.361 63166 INFO tempest.lib.common.rest_client [req-168b4aa4-589f-4f00-9b47-5d18d371f537 req-168b4aa4-589f-4f00-9b47-5d18d371f537 ] Request (ServerShowV257Test:test_rebuild_server): 200 GET http://10.180.1.21/compute/v2.1/servers/b008518e-6ef8-4750-85e0-2f9e8242e30f 1.195s
2025-02-09 04:27:07.391 63130 INFO tempest.lib.common.rest_client [req-5139b466-d496-43b0-bc9d-38091dadf41f req-5139b466-d496-43b0-bc9d-38091dadf41f ] Request (AggregatesAdminNegativeTestJSON:_run_cleanups): 200 POST http://10.180.1.21/compute/v2.1/os-aggregates/7/action 1.294s
2025-02-09 04:27:07.499 63112 INFO tempest.lib.common.rest_client [req-ec048035-029f-4f15-8d23-d7548746313a req-ec048035-029f-4f15-8d23-d7548746313a ] Request (FlavorsV2NegativeTest:test_boot_with_low_ram): 200 GET http://10.180.1.21/compute/v2.1/flavors/42 1.195s
2025-02-09 04:27:07.513 63128 INFO tempest.lib.common.rest_client [req-baa7df65-8893-4657-a2fb-2e7b2c73b256 req-baa7df65-8893-4657-a2fb-2e7b2c73b256 ] Request (ServerGroupTestJSON:test_create_delete_multiple_server_groups_with_same_name_policy): 200 GET http://10.180.1.21/compute/v2.1/os-server-groups 1.080s
2025-02-09 04:27:07.561 63156 INFO tempest.lib.common.rest_client [req-a3444de3-1c51-492c-9a2b-d8d9ef4a5580 req-a3444de3-1c51-492c-9a2b-d8d9ef4a5580 ] Request (FloatingIPsAssociationNegativeTestJSON:setUpClass): 201 POST http://10.180.1.21:9696/networking/v2.0/routers 1.017s
2025-02-09 04:27:07.578 63144 INFO tempest.lib.common.rest_client [req-0458af75-dbd3-4a16-8e10-415989dced31 req-0458af75-dbd3-4a16-8e10-415989dced31 ] Request (ServerDiagnosticsNegativeTest:tearDownClass): 200 GET http://10.180.1.21/compute/v2.1/servers/20b46e5d-c3db-48c5-b10b-4494c2f3dca5 1.140s
2025-02-09 04:27:07.628 63110 INFO tempest.lib.common.rest_client [req-b0191ccb-9f9d-4fef-a4b5-2e827ef127f4 req-b0191ccb-9f9d-4fef-a4b5-2e827ef127f4 ] Request (ServicesAdminTestJSON:test_get_service_by_host_name): 200 GET http://10.180.1.21/compute/v2.1/os-services 1.154s
2025-02-09 04:27:07.833 63124 INFO tempest.lib.common.rest_client [req-a3d310f9-700a-4e19-ab87-609c9aed3c8b req-a3d310f9-700a-4e19-ab87-609c9aed3c8b ] Request (VolumesAssistedSnapshotsTest:test_volume_assisted_snapshot_create_delete): 200 GET http://10.180.1.21/compute/v2.1/servers/23c11f04-d3f5-48a7-831b-c08ca532376c 1.322s
2025-02-09 04:27:07.901 63164 INFO tempest.lib.common.rest_client [req-14d6888e-1baf-48ca-bc3b-615ffe4c3314 req-14d6888e-1baf-48ca-bc3b-615ffe4c3314 ] Request (MultipleCreateTestJSON:test_multiple_create): 200 GET http://10.180.1.21/compute/v2.1/servers/5d246a26-0c0e-4694-97bd-cc07fa66b869 1.711s
2025-02-09 04:27:07.901 63120 INFO tempest.lib.common.rest_client [req-bd29c970-838b-4fac-bbc0-235b89206928 req-bd29c970-838b-4fac-bbc0-235b89206928 ] Request (VolumesAdminNegativeTest:test_update_attached_volume_with_nonexistent_volume_in_body): 200 GET http://10.180.1.21/compute/v2.1/servers/ea8fac5b-af8a-4752-a651-8049f4c863a8 1.264s
2025-02-09 04:27:07.941 63112 INFO tempest.lib.common.rest_client [req-79dc3854-a925-4fb0-b9dd-12d8758372ca req-79dc3854-a925-4fb0-b9dd-12d8758372ca ] Request (FlavorsV2NegativeTest:test_boot_with_low_ram): 201 POST http://10.180.1.21/image/v2/images 0.433s
2025-02-09 04:27:07.967 63126 INFO tempest.lib.common.rest_client [req-9219e0f5-4f04-4178-94e9-4c666f1a4157 req-9219e0f5-4f04-4178-94e9-4c666f1a4157 ] Request (ServersAdminTestJSON:setUpClass): 200 GET http://10.180.1.21/compute/v2.1/servers/33227b7a-3dfe-4d7b-8fd8-da6100ecb820 1.169s
2025-02-09 04:27:08.024 63106 INFO tempest.lib.common.rest_client [req-6222a5bd-0727-4748-8fd4-7a64c4d16aa9 req-6222a5bd-0727-4748-8fd4-7a64c4d16aa9 ] Request (ServersAdmin275Test:test_rebuild_update_server_275): 200 GET http://10.180.1.21/compute/v2.1/servers/c1dc52c6-3ba9-4b2e-bfbe-d20ce3aca127 1.087s
2025-02-09 04:27:08.030 63132 INFO tempest.lib.common.rest_client [req-1b41f7ed-6334-4459-9794-33e17bb80408 req-1b41f7ed-6334-4459-9794-33e17bb80408 ] Request (ServerDiagnosticsTest:test_get_server_diagnostics): 200 GET http://10.180.1.21/compute/v2.1/servers/d55dd43d-e3a5-413a-8d09-340cfd8b8090 1.153s
2025-02-09 04:27:08.077 63154 INFO tempest.lib.common.rest_client [req-508618cf-e85b-46e7-80b4-f93f4843aa97 req-508618cf-e85b-46e7-80b4-f93f4843aa97 ] Request (ServerAddressesNegativeTestJSON:setUpClass): 200 PUT http://10.180.1.21:9696/networking/v2.0/routers/48696179-1084-4ac0-bf4c-82f1e840c85f/add_router_interface 2.457s
2025-02-09 04:27:08.078 63154 INFO tempest.lib.common.dynamic_creds [-] Created isolated network resources for: credentials: Credentials: {'domain_id': 'default', 'domain_name': 'Default', 'username': 'tempest-ServerAddressesNegativeTestJSON-53686731-project-member', 'project_domain_id': 'default', 'project_domain_name': 'Default', 'project_id': '486df81035b346ec93218bf174889908', 'project_name': 'tempest-ServerAddressesNegativeTestJSON-53686731', 'tenant_id': '486df81035b346ec93218bf174889908', 'tenant_name': 'tempest-ServerAddressesNegativeTestJSON-53686731', 'user_domain_id': 'default', 'user_domain_name': 'Default', 'user_id': 'eeae49e8cdf8441298dde4138c24bdcc', 'system': None}, Network: {'id': 'd7f705f7-73f3-46ea-82a4-fab96d41dcdc', 'name': 'tempest-ServerAddressesNegativeTestJSON-1112691678-network', 'tenant_id': '486df81035b346ec93218bf174889908', 'admin_state_up': True, 'mtu': 8950, 'status': 'ACTIVE', 'subnets': [], 'shared': False, 'project_id': '486df81035b346ec93218bf174889908', 'port_security_enabled': True, 'router:external': False, 'provider:network_type': 'vlan', 'provider:physical_network': 'default', 'provider:segmentation_id': 804, 'availability_zone_hints': [], 'availability_zones': [], 'ipv4_address_scope': None, 'ipv6_address_scope': None, 'description': '', 'tags': [], 'created_at': '2025-02-09T04:27:02Z', 'updated_at': '2025-02-09T04:27:02Z', 'revision_number': 1}, Subnet: {'id': 'ad188a8d-ef69-4848-834c-93282006795f', 'name': 'tempest-ServerAddressesNegativeTestJSON-1112691678-subnet', 'tenant_id': '486df81035b346ec93218bf174889908', 'network_id': 'd7f705f7-73f3-46ea-82a4-fab96d41dcdc', 'ip_version': 4, 'subnetpool_id': None, 'enable_dhcp': True, 'ipv6_ra_mode': None, 'ipv6_address_mode': None, 'gateway_ip': '192.168.128.1', 'cidr': '192.168.128.0/28', 'allocation_pools': [{'start': '192.168.128.2', 'end': '192.168.128.14'}], 'host_routes': [], 'dns_nameservers': [], 'description': '', 'router:external': False, 'service_types': [], 'tags': [], 'created_at': '2025-02-09T04:27:03Z', 'updated_at': '2025-02-09T04:27:03Z', 'revision_number': 0, 'project_id': '486df81035b346ec93218bf174889908'}, Router: {'id': '48696179-1084-4ac0-bf4c-82f1e840c85f', 'name': 'tempest-ServerAddressesNegativeTestJSON-1112691678-router', 'tenant_id': '486df81035b346ec93218bf174889908', 'admin_state_up': True, 'status': 'ACTIVE', 'external_gateway_info': {'network_id': '868961f4-2bf7-45f9-a763-08e38a789712', 'external_fixed_ips': [{'subnet_id': '43beed3b-0a9a-4ea2-ab22-53bed4c1f960', 'ip_address': '10.180.180.208'}], 'enable_snat': True}, 'description': '', 'availability_zones': [], 'distributed': False, 'ha': False, 'availability_zone_hints': [], 'routes': [], 'flavor_id': None, 'tags': [], 'created_at': '2025-02-09T04:27:03Z', 'updated_at': '2025-02-09T04:27:04Z', 'revision_number': 2, 'project_id': '486df81035b346ec93218bf174889908'}
2025-02-09 04:27:08.085 63116 INFO tempest.lib.common.rest_client [req-fae01f54-93ef-4b4d-82ef-310bed404c89 req-fae01f54-93ef-4b4d-82ef-310bed404c89 ] Request (ServersNegativeTestJSON:setUpClass): 200 GET http://10.180.1.21/compute/v2.1/servers/adb75301-5ea3-4467-bf86-e4e7891e9d28 1.000s
2025-02-09 04:27:08.115 63160 INFO tempest.lib.common.rest_client [req-b27b00a6-618b-40b8-8ebb-772dd62e33d7 req-b27b00a6-618b-40b8-8ebb-772dd62e33d7 ] Request (KeyPairsV210TestJSON:_run_cleanups): 204 DELETE http://10.180.1.21/compute/v2.1/os-keypairs/tempest-KeyPairsV210TestJSON-keypair-1369826798 0.954s
2025-02-09 04:27:08.121 63151 INFO tempest.lib.common.rest_client [req-a725bdb3-49f7-4f90-9341-68418f7c3305 req-a725bdb3-49f7-4f90-9341-68418f7c3305 ] Request (ServerPasswordTestJSON:tearDownClass): 200 GET http://10.180.1.21/compute/v2.1/servers/bb73b636-f415-43c3-bbdc-16f322315b81 1.022s
2025-02-09 04:27:08.133 63151 INFO tempest.common.waiters [-] State transition "ACTIVE/deleting" ==> "DELETED/None" after 5 second wait
2025-02-09 04:27:08.165 63154 INFO tempest.lib.common.rest_client [req-cb898435-58ee-4136-9c4e-6ca2439bf29b req-cb898435-58ee-4136-9c4e-6ca2439bf29b ] Request (ServerAddressesNegativeTestJSON:setUpClass): 201 POST http://10.180.1.21/identity/v3/auth/tokens 0.083s
2025-02-09 04:27:08.186 63138 INFO tempest.lib.common.rest_client [req-6b9db259-5c90-4907-9a08-3f391876365f req-6b9db259-5c90-4907-9a08-3f391876365f ] Request (ServersTestBootFromVolume:setUpClass): 200 GET http://10.180.1.21/compute/v2.1/servers/a03a8428-c4fc-4b30-85de-ae82635462fe 0.967s
2025-02-09 04:27:08.197 63134 INFO tempest.lib.common.rest_client [req-30ba80ad-ad52-4035-acb4-a2d411042b54 req-30ba80ad-ad52-4035-acb4-a2d411042b54 ] Request (ImagesNegativeTestJSON:test_create_image_from_deleted_server): 200 GET http://10.180.1.21/compute/v2.1/servers/f86fbb84-d0e7-4c7e-8b42-be203156b02f 0.975s
2025-02-09 04:27:08.199 63154 INFO tempest.lib.common.rest_client [req-3ff047a9-cc19-41fa-aaca-51b6e14bf59a req-3ff047a9-cc19-41fa-aaca-51b6e14bf59a ] Request (ServerAddressesNegativeTestJSON:setUpClass): 201 POST http://10.180.1.21/identity/v3/auth/tokens 0.031s
2025-02-09 04:27:08.199 63154 INFO tempest.lib.common.fixed_network [-] (ServerAddressesNegativeTestJSON:setUpClass) Found network {'id': 'd7f705f7-73f3-46ea-82a4-fab96d41dcdc', 'name': 'tempest-ServerAddressesNegativeTestJSON-1112691678-network', 'tenant_id': '486df81035b346ec93218bf174889908', 'admin_state_up': True, 'mtu': 8950, 'status': 'ACTIVE', 'subnets': [], 'shared': False, 'project_id': '486df81035b346ec93218bf174889908', 'port_security_enabled': True, 'router:external': False, 'provider:network_type': 'vlan', 'provider:physical_network': 'default', 'provider:segmentation_id': 804, 'availability_zone_hints': [], 'availability_zones': [], 'ipv4_address_scope': None, 'ipv6_address_scope': None, 'description': '', 'tags': [], 'created_at': '2025-02-09T04:27:02Z', 'updated_at': '2025-02-09T04:27:02Z', 'revision_number': 1} available for tenant
2025-02-09 04:27:08.282 63118 INFO tempest.lib.common.rest_client [req-e4e1fa5b-eb35-4bc7-bbff-0013e6f9cc47 req-e4e1fa5b-eb35-4bc7-bbff-0013e6f9cc47 ] Request (AttachInterfacesV270Test:tearDownClass): 200 GET http://10.180.1.21/compute/v2.1/servers/fe93d593-a03b-4709-8716-7ec3965f81cf 0.970s
2025-02-09 04:27:08.295 63118 INFO tempest.common.waiters [-] State transition "ACTIVE/deleting" ==> "DELETED/None" after 4 second wait
2025-02-09 04:27:08.372 63152 INFO tempest.lib.common.rest_client [req-07911cbf-c91b-4a23-b8cb-a03bdd7517f8 req-07911cbf-c91b-4a23-b8cb-a03bdd7517f8 ] Request (ServerDiagnosticsV248Test:tearDownClass): 200 GET http://10.180.1.21/compute/v2.1/servers/29c06b51-9044-4e41-8bad-d09cd62a9622 1.046s
2025-02-09 04:27:08.381 63152 INFO tempest.common.waiters [-] State transition "ACTIVE/deleting" ==> "DELETED/None" after 4 second wait
2025-02-09 04:27:08.512 63140 INFO tempest.lib.common.rest_client [req-80a06b28-27c8-442e-8992-94187cddb0f7 req-80a06b28-27c8-442e-8992-94187cddb0f7 ] Request (InstanceActionsTestJSON:setUpClass): 200 GET http://10.180.1.21/compute/v2.1/servers/e25dd119-c032-4dfa-bd50-efa59fa5849f 1.126s
2025-02-09 04:27:08.525 63140 INFO tempest.common.waiters [-] State transition "BUILD/None" ==> "BUILD/spawning" after 27 second wait
2025-02-09 04:27:08.532 63130 INFO tempest.lib.common.rest_client [req-22e5c793-b784-4231-b721-0a18ba5ca4f8 req-22e5c793-b784-4231-b721-0a18ba5ca4f8 ] Request (AggregatesAdminNegativeTestJSON:_run_cleanups): 200 DELETE http://10.180.1.21/compute/v2.1/os-aggregates/7 1.136s
2025-02-09 04:27:08.604 63142 INFO tempest.lib.common.rest_client [req-0b21dc47-c183-49ff-b4e2-efeb52483f83 req-0b21dc47-c183-49ff-b4e2-efeb52483f83 ] Request (TenantUsagesTestJSON:tearDownClass): 200 GET http://10.180.1.21/compute/v2.1/servers/f1f06a26-f8d4-44d3-8f56-7ba3dea65dd8 1.193s
2025-02-09 04:27:08.612 63142 INFO tempest.common.waiters [-] State transition "ACTIVE/deleting" ==> "DELETED/None" after 4 second wait
2025-02-09 04:27:08.622 63112 INFO tempest.lib.common.rest_client [req-6154e90f-1bba-4a5b-b974-07e253635d3a req-6154e90f-1bba-4a5b-b974-07e253635d3a ] Request (FlavorsV2NegativeTest:test_boot_with_low_ram): 204 PUT http://10.180.1.21/image/v2/images/02340d6b-2e9f-4fbf-ba3b-389ad4601e3c/file 0.680s
2025-02-09 04:27:08.670 63112 INFO tempest.lib.common.rest_client [req-9fbdf86f-e848-42a5-b5df-015cc71d27d6 req-9fbdf86f-e848-42a5-b5df-015cc71d27d6 ] Request (FlavorsV2NegativeTest:test_boot_with_low_ram): 201 POST http://10.180.1.21/identity/v3/auth/tokens 0.045s
2025-02-09 04:27:08.670 63112 INFO tempest.lib.common.fixed_network [-] (FlavorsV2NegativeTest:test_boot_with_low_ram) Found network None available for tenant
2025-02-09 04:27:08.684 63128 INFO tempest.lib.common.rest_client [req-bb7ce9a6-fbc4-4282-891f-2c17bfcf5553 req-bb7ce9a6-fbc4-4282-891f-2c17bfcf5553 ] Request (ServerGroupTestJSON:test_create_delete_server_group_with_affinity_policy): 200 POST http://10.180.1.21/compute/v2.1/os-server-groups 1.165s
2025-02-09 04:27:08.715 63114 INFO tempest.lib.common.rest_client [req-b59f1218-7ecd-4932-a5ac-fd62901b80f2 req-b59f1218-7ecd-4932-a5ac-fd62901b80f2 ] Request (FloatingIPDetailsTestJSON:tearDownClass): 202 DELETE http://10.180.1.21/compute/v2.1/os-floating-ips/c6891d93-9684-4f68-8411-973353da90cc 1.467s
2025-02-09 04:27:08.743 63110 INFO tempest.lib.common.rest_client [req-0015c8e3-3207-429f-b80f-6f42a222e836 req-0015c8e3-3207-429f-b80f-6f42a222e836 ] Request (ServicesAdminTestJSON:test_get_service_by_host_name): 200 GET http://10.180.1.21/compute/v2.1/os-services?host=devstack 1.112s
2025-02-09 04:27:08.843 63108 INFO tempest.lib.common.rest_client [req-3605eb4c-a0b8-4951-8937-3a9e3f94bf1d req-3605eb4c-a0b8-4951-8937-3a9e3f94bf1d ] Request (DeleteServersAdminTestJSON:test_admin_delete_servers_of_others): 200 GET http://10.180.1.21/compute/v2.1/servers/0c084ee8-62b3-427f-a7e8-4796ff1d32e1 1.151s
2025-02-09 04:27:08.851 63148 INFO tempest.lib.common.rest_client [req-d10b6cbc-1e97-4b9a-8354-f0ad56c27162 req-d10b6cbc-1e97-4b9a-8354-f0ad56c27162 ] Request (MigrationsAdminTest:test_list_migrations_in_flavor_resize_situation): 200 GET http://10.180.1.21/compute/v2.1/servers/1c4ddad5-e6ec-435a-83ac-685492e923f3 1.237s
2025-02-09 04:27:08.860 63156 INFO tempest.lib.common.rest_client [req-3d8f3139-4076-454c-a632-b1351ce6eaba req-3d8f3139-4076-454c-a632-b1351ce6eaba ] Request (FloatingIPsAssociationNegativeTestJSON:setUpClass): 200 PUT http://10.180.1.21:9696/networking/v2.0/routers/b4af11d5-1814-43cc-841c-ae7a03117579/add_router_interface 1.298s
2025-02-09 04:27:08.860 63156 INFO tempest.lib.common.dynamic_creds [-] Created isolated network resources for: credentials: Credentials: {'domain_id': 'default', 'domain_name': 'Default', 'username': 'tempest-FloatingIPsAssociationNegativeTestJSON-355207766-project-member', 'project_domain_id': 'default', 'project_domain_name': 'Default', 'project_id': '4b44708ce80f4f36928beb1f749f1994', 'project_name': 'tempest-FloatingIPsAssociationNegativeTestJSON-355207766', 'tenant_id': '4b44708ce80f4f36928beb1f749f1994', 'tenant_name': 'tempest-FloatingIPsAssociationNegativeTestJSON-355207766', 'user_domain_id': 'default', 'user_domain_name': 'Default', 'user_id': '8a16e7d903ce4b52a73edd988e988601', 'system': None}, Network: {'id': '25f37366-7056-4e60-9274-d79d575e9218', 'name': 'tempest-FloatingIPsAssociationNegativeTestJSON-86204432-network', 'tenant_id': '4b44708ce80f4f36928beb1f749f1994', 'admin_state_up': True, 'mtu': 8950, 'status': 'ACTIVE', 'subnets': [], 'shared': False, 'project_id': '4b44708ce80f4f36928beb1f749f1994', 'port_security_enabled': True, 'router:external': False, 'provider:network_type': 'vlan', 'provider:physical_network': 'default', 'provider:segmentation_id': 537, 'availability_zone_hints': [], 'availability_zones': [], 'ipv4_address_scope': None, 'ipv6_address_scope': None, 'description': '', 'tags': [], 'created_at': '2025-02-09T04:27:05Z', 'updated_at': '2025-02-09T04:27:05Z', 'revision_number': 1}, Subnet: {'id': '06c4c446-307a-4bc1-9c40-2ef7fd90fa7c', 'name': 'tempest-FloatingIPsAssociationNegativeTestJSON-86204432-subnet', 'tenant_id': '4b44708ce80f4f36928beb1f749f1994', 'network_id': '25f37366-7056-4e60-9274-d79d575e9218', 'ip_version': 4, 'subnetpool_id': None, 'enable_dhcp': True, 'ipv6_ra_mode': None, 'ipv6_address_mode': None, 'gateway_ip': '192.168.128.1', 'cidr': '192.168.128.0/28', 'allocation_pools': [{'start': '192.168.128.2', 'end': '192.168.128.14'}], 'host_routes': [], 'dns_nameservers': [], 'description': '', 'router:external': False, 'service_types': [], 'tags': [], 'created_at': '2025-02-09T04:27:06Z', 'updated_at': '2025-02-09T04:27:06Z', 'revision_number': 0, 'project_id': '4b44708ce80f4f36928beb1f749f1994'}, Router: {'id': 'b4af11d5-1814-43cc-841c-ae7a03117579', 'name': 'tempest-FloatingIPsAssociationNegativeTestJSON-86204432-router', 'tenant_id': '4b44708ce80f4f36928beb1f749f1994', 'admin_state_up': True, 'status': 'ACTIVE', 'external_gateway_info': {'network_id': '868961f4-2bf7-45f9-a763-08e38a789712', 'external_fixed_ips': [{'subnet_id': '43beed3b-0a9a-4ea2-ab22-53bed4c1f960', 'ip_address': '10.180.180.139'}], 'enable_snat': True}, 'description': '', 'availability_zones': [], 'distributed': False, 'ha': False, 'availability_zone_hints': [], 'routes': [], 'flavor_id': None, 'tags': [], 'created_at': '2025-02-09T04:27:06Z', 'updated_at': '2025-02-09T04:27:07Z', 'revision_number': 2, 'project_id': '4b44708ce80f4f36928beb1f749f1994'}
2025-02-09 04:27:08.876 63160 INFO tempest.lib.common.rest_client [req-2d2ac8df-fc7d-472a-b2b7-e5f61aa5cc56 req-2d2ac8df-fc7d-472a-b2b7-e5f61aa5cc56 ] Request (KeyPairsV210TestJSON:_run_cleanups): 204 DELETE http://10.180.1.21/compute/v2.1/os-keypairs/tempest-keypair-2108049280?user_id=e1f8976089be4ec5a7a649eed9fbc47a 0.760s
2025-02-09 04:27:08.905 63169 INFO tempest.lib.common.rest_client [req-135e5596-99c2-4ff7-a9d9-35c3f2adfce0 req-135e5596-99c2-4ff7-a9d9-35c3f2adfce0 ] Request (ServersWithSpecificFlavorTestJSON:test_verify_created_server_ephemeral_disk): 200 GET http://10.180.1.21/compute/v2.1/servers/aedf6b6d-5624-4217-9479-60a13b6d1494 0.936s
2025-02-09 04:27:08.963 63156 INFO tempest.lib.common.rest_client [req-d4612f0e-ca88-421c-9a8f-5a64523796d3 req-d4612f0e-ca88-421c-9a8f-5a64523796d3 ] Request (FloatingIPsAssociationNegativeTestJSON:setUpClass): 201 POST http://10.180.1.21/identity/v3/auth/tokens 0.100s
2025-02-09 04:27:09.007 63156 INFO tempest.lib.common.rest_client [req-8d95625f-c0d5-4882-afe7-2c2dd86dbbb9 req-8d95625f-c0d5-4882-afe7-2c2dd86dbbb9 ] Request (FloatingIPsAssociationNegativeTestJSON:setUpClass): 201 POST http://10.180.1.21/identity/v3/auth/tokens 0.041s
2025-02-09 04:27:09.008 63156 INFO tempest.lib.common.fixed_network [-] (FloatingIPsAssociationNegativeTestJSON:setUpClass) Found network {'id': '25f37366-7056-4e60-9274-d79d575e9218', 'name': 'tempest-FloatingIPsAssociationNegativeTestJSON-86204432-network', 'tenant_id': '4b44708ce80f4f36928beb1f749f1994', 'admin_state_up': True, 'mtu': 8950, 'status': 'ACTIVE', 'subnets': [], 'shared': False, 'project_id': '4b44708ce80f4f36928beb1f749f1994', 'port_security_enabled': True, 'router:external': False, 'provider:network_type': 'vlan', 'provider:physical_network': 'default', 'provider:segmentation_id': 537, 'availability_zone_hints': [], 'availability_zones': [], 'ipv4_address_scope': None, 'ipv6_address_scope': None, 'description': '', 'tags': [], 'created_at': '2025-02-09T04:27:05Z', 'updated_at': '2025-02-09T04:27:05Z', 'revision_number': 1} available for tenant
2025-02-09 04:27:09.047 63162 INFO tempest.lib.common.rest_client [req-e2c24367-3fb2-4117-95b6-d84f094b0c15 req-e2c24367-3fb2-4117-95b6-d84f094b0c15 ] Request (ImagesOneServerNegativeTestJSON:setUpClass): 200 GET http://10.180.1.21/compute/v2.1/servers/3439b9b7-2d18-4068-98ee-ca3e206d6d2f 0.902s
