2024-12-23 08:30:39.029 66799 INFO tempest.lib.common.rest_client [req-93573387-c1b0-4705-974b-5dc37e729e09 req-93573387-c1b0-4705-974b-5dc37e729e09 ] Request (ServersAdminNegativeTestJSON:tearDownClass): 200 GET http://10.180.1.21/compute/v2.1/servers/4e7a8fc5-0066-480b-bdb5-44b2c64d267e 0.085s
2024-12-23 08:30:39.044 66815 INFO tempest.lib.common.rest_client [req-21928ca8-1ce0-42c0-bf9f-5cfab7408394 req-21928ca8-1ce0-42c0-bf9f-5cfab7408394 ] Request (ImagesNegativeTestJSON:tearDownClass): 204 DELETE http://10.180.1.21:9696/networking/v2.0/security-groups/fd01a502-5ae9-46d9-b90b-0a9b2d6fd16f 0.136s
2024-12-23 08:30:39.068 66791 INFO tempest.lib.common.rest_client [req-dc9ea13a-2b5e-46a9-af91-d869d92315eb req-dc9ea13a-2b5e-46a9-af91-d869d92315eb ] Request (ImagesOneServerNegativeTestJSON:_run_cleanups): 200 GET http://10.180.1.21/compute/v2.1/servers/692dbee1-4ba7-4b4e-877d-afc69bdcd7b3 0.072s
2024-12-23 08:30:39.158 66815 INFO tempest.lib.common.rest_client [req-cd3fda84-f128-474a-8629-3806edfd6b3e req-cd3fda84-f128-474a-8629-3806edfd6b3e ] Request (ImagesNegativeTestJSON:tearDownClass): 204 DELETE http://10.180.1.21/identity/v3/projects/c03dcc2e4ebc48ce9bd5c3496659e906 0.114s
2024-12-23 08:30:39.172 66821 INFO tempest.lib.common.rest_client [req-1a451ed2-c353-4cb5-830b-60ed5b847cae req-1a451ed2-c353-4cb5-830b-60ed5b847cae ] Request (ServerExternalEventsTest:tearDownClass): 200 GET http://10.180.1.21/compute/v2.1/servers/a3ca6d81-cdf5-4d44-8a43-d5d9c6eecc4e 0.070s
2024-12-23 08:30:39.250 66815 INFO tempest.lib.common.rest_client [req-7378af22-3928-40f2-9195-f13302ff88b9 req-7378af22-3928-40f2-9195-f13302ff88b9 ] Request (ServerAddressesTestJSON:setUpClass): 201 POST http://10.180.1.21/identity/v3/auth/tokens 0.090s
2024-12-23 08:30:39.271 66813 INFO tempest.lib.common.rest_client [req-35032674-526a-4968-bdd7-683243e5ff27 req-35032674-526a-4968-bdd7-683243e5ff27 ] Request (ServerShowV257Test:test_rebuild_server): 200 GET http://10.180.1.21/compute/v2.1/servers/1494e9ab-1538-4c17-bb17-af10e9c1c764 0.071s
2024-12-23 08:30:39.279 66813 INFO tempest.common.waiters [-] State transition "BUILD/spawning" ==> "ACTIVE/None" after 80 second wait
2024-12-23 08:30:39.288 66823 INFO tempest.lib.common.rest_client [req-0a032958-9362-4a57-ad64-e0ca50a6f6f3 req-0a032958-9362-4a57-ad64-e0ca50a6f6f3 ] Request (ServerDiskConfigTestJSON:test_resize_server_from_auto_to_manual): 200 GET http://10.180.1.21/compute/v2.1/servers/24d5e16d-487c-48b0-b034-9204c0af2ea2 0.078s
2024-12-23 08:30:39.298 66815 INFO tempest.lib.common.rest_client [req-14291ea3-b1d1-4fcb-a619-956b752edd82 req-14291ea3-b1d1-4fcb-a619-956b752edd82 ] Request (ServerAddressesTestJSON:setUpClass): 201 POST http://10.180.1.21/identity/v3/auth/tokens 0.045s
2024-12-23 08:30:39.330 66815 INFO tempest.lib.common.rest_client [req-227165c7-7e49-4031-a580-14af7aa55dc8 req-227165c7-7e49-4031-a580-14af7aa55dc8 ] Request (ServerAddressesTestJSON:setUpClass): 200 GET http://10.180.1.21/identity/v3/domains?name=Default 0.031s
2024-12-23 08:30:39.371 66815 INFO tempest.lib.common.rest_client [req-3cf85d0a-bc1e-402d-ae56-4abc81a52f06 req-3cf85d0a-bc1e-402d-ae56-4abc81a52f06 ] Request (ServerAddressesTestJSON:setUpClass): 201 POST http://10.180.1.21/identity/v3/projects 0.040s
2024-12-23 08:30:39.373 66797 INFO tempest.lib.common.rest_client [req-e6109352-1990-42ad-bad0-e8832bde3e6d req-e6109352-1990-42ad-bad0-e8832bde3e6d ] Request (AttachInterfacesTestJSON:test_create_list_show_delete_interfaces_by_fixed_ip): 200 GET http://10.180.1.21/compute/v2.1/servers/f22f9e16-5775-45d6-a75f-ef4e294c78b7 0.068s
2024-12-23 08:30:39.446 66815 INFO tempest.lib.common.rest_client [req-a36e2205-e369-43b5-9b31-84b7d9185192 req-a36e2205-e369-43b5-9b31-84b7d9185192 ] Request (ServerAddressesTestJSON:setUpClass): 201 POST http://10.180.1.21/identity/v3/users 0.074s
2024-12-23 08:30:39.481 66813 INFO tempest.lib.common.rest_client [req-fe292c7b-d8d8-44de-b5f9-76dbb944d52f req-fe292c7b-d8d8-44de-b5f9-76dbb944d52f ] Request (ServerShowV257Test:test_rebuild_server): 202 POST http://10.180.1.21/compute/v2.1/servers/1494e9ab-1538-4c17-bb17-af10e9c1c764/action 0.201s
2024-12-23 08:30:39.481 66815 INFO tempest.lib.common.rest_client [req-b06bfd6a-9b28-4ba6-8703-43cbcf3581bb req-b06bfd6a-9b28-4ba6-8703-43cbcf3581bb ] Request (ServerAddressesTestJSON:setUpClass): 200 GET http://10.180.1.21/identity/v3/roles 0.034s
2024-12-23 08:30:39.502 66781 INFO tempest.lib.common.rest_client [req-40c35a00-f68b-47fb-8f6f-152f623b84bb req-40c35a00-f68b-47fb-8f6f-152f623b84bb ] Request (ServerRescueTestJSON:setUpClass): 200 GET http://10.180.1.21/compute/v2.1/servers/af50c1ac-8cb1-4d77-8c3d-80f3b05ffa81 0.136s
2024-12-23 08:30:39.516 66815 INFO tempest.lib.common.rest_client [req-84e87975-0ec6-4b9f-b56a-7f9b77d618c7 req-84e87975-0ec6-4b9f-b56a-7f9b77d618c7 ] Request (ServerAddressesTestJSON:setUpClass): 204 PUT http://10.180.1.21/identity/v3/projects/20551a57572745689816c26070cf7002/users/2453accae0f44a29bb0eb400da765f23/roles/83ff695d77f448caa7bf4e48d050944d 0.034s
2024-12-23 08:30:39.516 66815 INFO tempest.lib.common.dynamic_creds [-] Dynamic test user 2453accae0f44a29bb0eb400da765f23 is created with scope project and roles: ['member']
2024-12-23 08:30:39.516 66815 INFO tempest.lib.common.dynamic_creds [-] Acquired dynamic creds: credentials: Credentials: {'domain_id': 'default', 'domain_name': 'Default', 'username': 'tempest-ServerAddressesTestJSON-441999357-project-member', 'project_domain_id': 'default', 'project_domain_name': 'Default', 'project_id': '20551a57572745689816c26070cf7002', 'project_name': 'tempest-ServerAddressesTestJSON-441999357', 'tenant_id': '20551a57572745689816c26070cf7002', 'tenant_name': 'tempest-ServerAddressesTestJSON-441999357', 'user_domain_id': 'default', 'user_domain_name': 'Default', 'user_id': '2453accae0f44a29bb0eb400da765f23', 'system': None}, Network: None, Subnet: None, Router: None
2024-12-23 08:30:39.531 66773 INFO tempest.lib.common.rest_client [req-06e0e144-a315-40d8-b2a5-8566fdf52f1f req-06e0e144-a315-40d8-b2a5-8566fdf52f1f ] Request (ServersTestJSON:test_create_server_with_ipv6_addr_only): 200 GET http://10.180.1.21/compute/v2.1/servers/35dc5996-9d0f-49cc-9b29-9957ecbfa259 0.140s
2024-12-23 08:30:39.559 66787 INFO tempest.lib.common.rest_client [req-b6668b92-7872-4a53-a685-3886f90e0596 req-b6668b92-7872-4a53-a685-3886f90e0596 ] Request (ServersAdminTestJSON:test_create_server_with_scheduling_hint): 200 GET http://10.180.1.21/compute/v2.1/servers/d376c7ad-9725-4597-ab64-278178dea44f 0.137s
2024-12-23 08:30:39.591 66779 INFO tempest.lib.common.rest_client [req-21fa7f4d-9a00-458c-a69c-eca79599bcc1 req-21fa7f4d-9a00-458c-a69c-eca79599bcc1 ] Request (ListImageFiltersTestJSON:setUpClass): 200 GET http://10.180.1.21/compute/v2.1/servers/60e5ab9c-29f8-4bc7-a3be-07b267f12653 0.135s
2024-12-23 08:30:39.603 66815 INFO tempest.lib.common.rest_client [req-31ee4514-8505-4b87-8366-17a1de9d9f39 req-31ee4514-8505-4b87-8366-17a1de9d9f39 ] Request (ServerAddressesTestJSON:setUpClass): 201 POST http://10.180.1.21/identity/v3/auth/tokens 0.086s
2024-12-23 08:30:39.618 66783 INFO tempest.lib.common.rest_client [req-5998dc54-3eaa-47c5-b166-08d0563b33bf req-5998dc54-3eaa-47c5-b166-08d0563b33bf ] Request (ServersWithSpecificFlavorTestJSON:test_verify_created_server_ephemeral_disk): 200 GET http://10.180.1.21/compute/v2.1/servers/9c954371-b8e5-4b8d-a99f-d2f2d795394c 0.132s
2024-12-23 08:30:39.654 66813 INFO tempest.lib.common.rest_client [req-3ba5cd99-128f-4cee-b439-8e2c3c85a5d9 req-3ba5cd99-128f-4cee-b439-8e2c3c85a5d9 ] Request (ServerShowV257Test:test_rebuild_server): 200 GET http://10.180.1.21/compute/v2.1/servers/1494e9ab-1538-4c17-bb17-af10e9c1c764 0.165s
2024-12-23 08:30:39.681 66775 INFO tempest.lib.common.rest_client [req-c145b120-1a39-4e6d-ae6d-40e761cceee0 req-c145b120-1a39-4e6d-ae6d-40e761cceee0 ] Request (ServersTestJSON:setUpClass): 200 PUT http://10.180.1.21:9696/networking/v2.0/routers/9a02a285-b29d-4a39-b804-bb61efaaf581/add_router_interface 1.464s
2024-12-23 08:30:39.682 66775 INFO tempest.lib.common.dynamic_creds [-] Created isolated network resources for: credentials: Credentials: {'domain_id': 'default', 'domain_name': 'Default', 'username': 'tempest-ServersTestJSON-1949004423-project-member', 'project_domain_id': 'default', 'project_domain_name': 'Default', 'project_id': '5493c9545e384dc18bcedc2881adb563', 'project_name': 'tempest-ServersTestJSON-1949004423', 'tenant_id': '5493c9545e384dc18bcedc2881adb563', 'tenant_name': 'tempest-ServersTestJSON-1949004423', 'user_domain_id': 'default', 'user_domain_name': 'Default', 'user_id': '33b99d3eb5414eca916e79e832168020', 'system': None}, Network: {'id': '82a86fc4-c6a0-4fdd-8af0-fb7adc075671', 'name': 'tempest-ServersTestJSON-1942895269-network', 'tenant_id': '5493c9545e384dc18bcedc2881adb563', 'admin_state_up': True, 'mtu': 8950, 'status': 'ACTIVE', 'subnets': [], 'shared': False, 'project_id': '5493c9545e384dc18bcedc2881adb563', 'port_security_enabled': True, 'router:external': False, 'provider:network_type': 'vlan', 'provider:physical_network': 'default', 'provider:segmentation_id': 147, 'availability_zone_hints': [], 'availability_zones': [], 'ipv4_address_scope': None, 'ipv6_address_scope': None, 'description': '', 'tags': [], 'created_at': '2024-12-23T08:30:36Z', 'updated_at': '2024-12-23T08:30:36Z', 'revision_number': 1}, Subnet: {'id': 'a15ab766-a032-4b3b-a6c3-7ba6124f099c', 'name': 'tempest-ServersTestJSON-1942895269-subnet', 'tenant_id': '5493c9545e384dc18bcedc2881adb563', 'network_id': '82a86fc4-c6a0-4fdd-8af0-fb7adc075671', 'ip_version': 4, 'subnetpool_id': None, 'enable_dhcp': True, 'ipv6_ra_mode': None, 'ipv6_address_mode': None, 'gateway_ip': '192.168.128.1', 'cidr': '192.168.128.0/28', 'allocation_pools': [{'start': '192.168.128.2', 'end': '192.168.128.14'}], 'host_routes': [], 'dns_nameservers': [], 'description': '', 'router:external': False, 'service_types': [], 'tags': [], 'created_at': '2024-12-23T08:30:37Z', 'updated_at': '2024-12-23T08:30:37Z', 'revision_number': 0, 'project_id': '5493c9545e384dc18bcedc2881adb563'}, Router: {'id': '9a02a285-b29d-4a39-b804-bb61efaaf581', 'name': 'tempest-ServersTestJSON-1942895269-router', 'tenant_id': '5493c9545e384dc18bcedc2881adb563', 'admin_state_up': True, 'status': 'ACTIVE', 'external_gateway_info': {'network_id': '752d55ba-6972-4a3a-96ff-e2738517fd85', 'external_fixed_ips': [{'subnet_id': '2da4e2f3-f08f-4fd3-97bc-22afbf1e7993', 'ip_address': '10.180.180.159'}], 'enable_snat': True}, 'description': '', 'availability_zones': [], 'distributed': False, 'ha': False, 'availability_zone_hints': [], 'routes': [], 'flavor_id': None, 'tags': [], 'created_at': '2024-12-23T08:30:37Z', 'updated_at': '2024-12-23T08:30:37Z', 'revision_number': 2, 'project_id': '5493c9545e384dc18bcedc2881adb563'}
2024-12-23 08:30:39.692 66767 INFO tempest.lib.common.rest_client [req-efbddf9d-aa10-4d15-80b4-45c566bf849f req-efbddf9d-aa10-4d15-80b4-45c566bf849f ] Request (ListServersNegativeTestJSON:setUpClass): 200 GET http://10.180.1.21/compute/v2.1/servers/6f5e38dd-7a22-4065-bc06-c4aefa6092e3 0.106s
2024-12-23 08:30:39.720 66765 INFO tempest.lib.common.rest_client [req-d3a4a2b5-67a9-4973-b36b-0500e8439624 req-d3a4a2b5-67a9-4973-b36b-0500e8439624 ] Request (AttachInterfacesV270Test:test_create_get_list_interfaces): 200 GET http://10.180.1.21/compute/v2.1/servers/f347346b-2a14-4cea-ab84-47f2952af658 0.071s
2024-12-23 08:30:39.755 66775 INFO tempest.lib.common.rest_client [req-7ae68506-8567-4cab-b9a6-eff08d4736cf req-7ae68506-8567-4cab-b9a6-eff08d4736cf ] Request (ServersTestJSON:setUpClass): 201 POST http://10.180.1.21/identity/v3/auth/tokens 0.070s
2024-12-23 08:30:39.777 66789 INFO tempest.lib.common.rest_client [req-34290f46-0077-4b58-ad99-a703cf0d9ec1 req-34290f46-0077-4b58-ad99-a703cf0d9ec1 ] Request (FloatingIPsAssociationTestJSON:tearDownClass): 200 GET http://10.180.1.21/compute/v2.1/servers/9591494e-097f-4528-a615-88bbdf4178b0 0.073s
2024-12-23 08:30:39.823 66777 INFO tempest.lib.common.rest_client [req-3b66384b-1dbc-4baf-856b-c5abd9edcd91 req-3b66384b-1dbc-4baf-856b-c5abd9edcd91 ] Request (ServersNegativeTestJSON:setUpClass): 200 GET http://10.180.1.21/compute/v2.1/servers/03afc473-0ccf-4a3d-8549-b76c82951a22 0.082s
2024-12-23 08:30:39.894 66801 INFO tempest.lib.common.rest_client [req-6bf46b78-a2f5-4244-b22b-879c89bfbfba req-6bf46b78-a2f5-4244-b22b-879c89bfbfba ] Request (MigrationsAdminTest:test_resize_server_revert_deleted_flavor): 200 GET http://10.180.1.21/compute/v2.1/servers/bfeaf525-4e5b-47df-aa69-81f0d438010e 0.104s
2024-12-23 08:30:39.907 66775 INFO tempest.lib.common.rest_client [req-55d20fa8-4ec6-449e-81f5-87b110b9ba05 req-55d20fa8-4ec6-449e-81f5-87b110b9ba05 ] Request (ServersTestJSON:setUpClass): 200 POST http://10.180.1.21/compute/v2.1/os-keypairs 0.150s
2024-12-23 08:30:39.958 66815 INFO tempest.lib.common.rest_client [req-064a1198-8b94-4a88-b4a0-31e506f46682 req-064a1198-8b94-4a88-b4a0-31e506f46682 ] Request (ServerAddressesTestJSON:setUpClass): 201 POST http://10.180.1.21:9696/networking/v2.0/networks 0.354s
2024-12-23 08:30:39.959 66805 INFO tempest.lib.common.rest_client [req-b63628c7-2a57-4758-9d96-4d763dac3731 req-b63628c7-2a57-4758-9d96-4d763dac3731 ] Request (ServersTestManualDisk:setUpClass): 200 GET http://10.180.1.21/compute/v2.1/servers/c3ef0795-7325-4464-acaf-01f496d602c4 0.097s
2024-12-23 08:30:39.969 66805 INFO tempest.common.waiters [-] State transition "BUILD/scheduling" ==> "BUILD/None" after 27 second wait
2024-12-23 08:30:39.986 66793 INFO tempest.lib.common.rest_client [req-065263cf-f25d-4f56-9d4f-f5dc285279e5 req-065263cf-f25d-4f56-9d4f-f5dc285279e5 ] Request (VolumesAssistedSnapshotsTest:tearDownClass): 200 GET http://10.180.1.21/compute/v2.1/servers/921af820-927f-4429-a5c0-e4eb55b3ca23 0.111s
2024-12-23 08:30:39.994 66793 INFO tempest.common.waiters [-] State transition "ACTIVE/deleting" ==> "DELETED/None" after 4 second wait
2024-12-23 08:30:40.029 66803 INFO tempest.lib.common.rest_client [req-2c059181-d30d-4b5d-9466-92c6a8faa474 req-2c059181-d30d-4b5d-9466-92c6a8faa474 ] Request (DeleteServersTestJSON:test_delete_server_while_in_attached_volume): 200 GET http://10.180.1.21/compute/v2.1/servers/4102a78a-a5f7-48cc-9b28-4ee756553c83 0.112s
2024-12-23 08:30:40.050 66827 INFO tempest.lib.common.rest_client [req-823af2e5-c8d8-4fea-963c-ab6d053a94e4 req-823af2e5-c8d8-4fea-963c-ab6d053a94e4 ] Request (SecurityGroupsTestJSON:test_server_security_groups): 200 GET http://10.180.1.21/compute/v2.1/servers/75bf8bf0-37a8-416e-87e9-7dc66f3c1ee9 0.110s
2024-12-23 08:30:40.074 66775 INFO tempest.lib.common.rest_client [req-ad03bf6b-55fc-452f-8d88-b38e0cfd4bb7 req-ad03bf6b-55fc-452f-8d88-b38e0cfd4bb7 ] Request (ServersTestJSON:setUpClass): 201 POST http://10.180.1.21:9696/networking/v2.0/security-groups 0.165s
2024-12-23 08:30:40.113 66799 INFO tempest.lib.common.rest_client [req-5b30c4ac-01c4-4968-a8f7-0dda829f3427 req-5b30c4ac-01c4-4968-a8f7-0dda829f3427 ] Request (ServersAdminNegativeTestJSON:tearDownClass): 200 GET http://10.180.1.21/compute/v2.1/servers/4e7a8fc5-0066-480b-bdb5-44b2c64d267e 0.075s
2024-12-23 08:30:40.127 66791 INFO tempest.lib.common.rest_client [req-82e7ff27-001c-4423-99d5-bc5da41fff45 req-82e7ff27-001c-4423-99d5-bc5da41fff45 ] Request (ImagesOneServerNegativeTestJSON:_run_cleanups): 200 GET http://10.180.1.21/compute/v2.1/servers/692dbee1-4ba7-4b4e-877d-afc69bdcd7b3 0.050s
2024-12-23 08:30:40.166 66815 INFO tempest.lib.common.rest_client [req-2846e6d2-d136-40bf-a2c2-ee16138a897e req-2846e6d2-d136-40bf-a2c2-ee16138a897e ] Request (ServerAddressesTestJSON:setUpClass): 201 POST http://10.180.1.21:9696/networking/v2.0/subnets 0.207s
2024-12-23 08:30:40.172 66775 INFO tempest.lib.common.rest_client [req-c9b87689-474f-4722-8be7-6b1260737eae req-c9b87689-474f-4722-8be7-6b1260737eae ] Request (ServersTestJSON:setUpClass): 201 POST http://10.180.1.21:9696/networking/v2.0/security-group-rules 0.097s
2024-12-23 08:30:40.247 66821 INFO tempest.lib.common.rest_client [req-590b33c9-a9ca-445e-b4c6-197147404804 req-590b33c9-a9ca-445e-b4c6-197147404804 ] Request (ServerExternalEventsTest:tearDownClass): 200 GET http://10.180.1.21/compute/v2.1/servers/a3ca6d81-cdf5-4d44-8a43-d5d9c6eecc4e 0.067s
2024-12-23 08:30:40.268 66775 INFO tempest.lib.common.rest_client [req-4329a5a4-2518-445b-b82a-16c169d2a234 req-4329a5a4-2518-445b-b82a-16c169d2a234 ] Request (ServersTestJSON:setUpClass): 201 POST http://10.180.1.21:9696/networking/v2.0/security-group-rules 0.096s
2024-12-23 08:30:40.380 66823 INFO tempest.lib.common.rest_client [req-d136bd0a-7e2b-410e-b531-3fc0e85ecca1 req-d136bd0a-7e2b-410e-b531-3fc0e85ecca1 ] Request (ServerDiskConfigTestJSON:test_resize_server_from_auto_to_manual): 200 GET http://10.180.1.21/compute/v2.1/servers/24d5e16d-487c-48b0-b034-9204c0af2ea2 0.080s
2024-12-23 08:30:40.532 66797 INFO tempest.lib.common.rest_client [req-e738e783-5d46-43dc-8ca9-e326086dd205 req-e738e783-5d46-43dc-8ca9-e326086dd205 ] Request (AttachInterfacesTestJSON:test_create_list_show_delete_interfaces_by_fixed_ip): 200 GET http://10.180.1.21/compute/v2.1/servers/f22f9e16-5775-45d6-a75f-ef4e294c78b7 0.146s
2024-12-23 08:30:40.613 66773 INFO tempest.lib.common.rest_client [req-00d08569-8822-47b3-9fd4-3ba05ca59a35 req-00d08569-8822-47b3-9fd4-3ba05ca59a35 ] Request (ServersTestJSON:test_create_server_with_ipv6_addr_only): 200 GET http://10.180.1.21/compute/v2.1/servers/35dc5996-9d0f-49cc-9b29-9957ecbfa259 0.074s
2024-12-23 08:30:40.619 66781 INFO tempest.lib.common.rest_client [req-2bb3b800-26d1-499d-a101-15d128f07595 req-2bb3b800-26d1-499d-a101-15d128f07595 ] Request (ServerRescueTestJSON:setUpClass): 200 GET http://10.180.1.21/compute/v2.1/servers/af50c1ac-8cb1-4d77-8c3d-80f3b05ffa81 0.111s
2024-12-23 08:30:40.680 66779 INFO tempest.lib.common.rest_client [req-6e01ea40-e378-45e9-bb21-e4affb6c335b req-6e01ea40-e378-45e9-bb21-e4affb6c335b ] Request (ListImageFiltersTestJSON:setUpClass): 200 GET http://10.180.1.21/compute/v2.1/servers/60e5ab9c-29f8-4bc7-a3be-07b267f12653 0.078s
2024-12-23 08:30:40.687 66787 INFO tempest.lib.common.rest_client [req-c0d72aa9-fde5-4204-8e2c-72dca6928a5c req-c0d72aa9-fde5-4204-8e2c-72dca6928a5c ] Request (ServersAdminTestJSON:test_create_server_with_scheduling_hint): 200 GET http://10.180.1.21/compute/v2.1/servers/d376c7ad-9725-4597-ab64-278178dea44f 0.119s
2024-12-23 08:30:40.737 66783 INFO tempest.lib.common.rest_client [req-5799abd2-99d8-49e4-adc9-cd6d206500a2 req-5799abd2-99d8-49e4-adc9-cd6d206500a2 ] Request (ServersWithSpecificFlavorTestJSON:test_verify_created_server_ephemeral_disk): 200 GET http://10.180.1.21/compute/v2.1/servers/9c954371-b8e5-4b8d-a99f-d2f2d795394c 0.108s
2024-12-23 08:30:40.764 66813 INFO tempest.lib.common.rest_client [req-31661083-4c8e-41c3-9608-7bf2714f2e73 req-31661083-4c8e-41c3-9608-7bf2714f2e73 ] Request (ServerShowV257Test:test_rebuild_server): 200 GET http://10.180.1.21/compute/v2.1/servers/1494e9ab-1538-4c17-bb17-af10e9c1c764 0.100s
2024-12-23 08:30:40.799 66767 INFO tempest.lib.common.rest_client [req-5311cd7c-aaf7-41a8-80ec-56cb2a0de84a req-5311cd7c-aaf7-41a8-80ec-56cb2a0de84a ] Request (ListServersNegativeTestJSON:setUpClass): 200 GET http://10.180.1.21/compute/v2.1/servers/6f5e38dd-7a22-4065-bc06-c4aefa6092e3 0.099s
2024-12-23 08:30:40.828 66765 INFO tempest.lib.common.rest_client [req-2b846dcc-0f32-494f-a9c8-5bce36ce0793 req-2b846dcc-0f32-494f-a9c8-5bce36ce0793 ] Request (AttachInterfacesV270Test:test_create_get_list_interfaces): 200 GET http://10.180.1.21/compute/v2.1/servers/f347346b-2a14-4cea-ab84-47f2952af658 0.096s
2024-12-23 08:30:40.860 66789 INFO tempest.lib.common.rest_client [req-450a0a57-8eae-499f-80e8-e85b42478f0d req-450a0a57-8eae-499f-80e8-e85b42478f0d ] Request (FloatingIPsAssociationTestJSON:tearDownClass): 200 GET http://10.180.1.21/compute/v2.1/servers/9591494e-097f-4528-a615-88bbdf4178b0 0.073s
2024-12-23 08:30:40.919 66777 INFO tempest.lib.common.rest_client [req-bd40c4f8-2f48-40cf-af3c-c073e564e5ad req-bd40c4f8-2f48-40cf-af3c-c073e564e5ad ] Request (ServersNegativeTestJSON:setUpClass): 200 GET http://10.180.1.21/compute/v2.1/servers/03afc473-0ccf-4a3d-8549-b76c82951a22 0.087s
2024-12-23 08:30:40.952 66801 INFO tempest.lib.common.rest_client [req-9eb3ac4c-6179-4af7-93ec-ca77cfc69db8 req-9eb3ac4c-6179-4af7-93ec-ca77cfc69db8 ] Request (MigrationsAdminTest:test_resize_server_revert_deleted_flavor): 200 GET http://10.180.1.21/compute/v2.1/servers/bfeaf525-4e5b-47df-aa69-81f0d438010e 0.051s
2024-12-23 08:30:41.060 66805 INFO tempest.lib.common.rest_client [req-4396276b-ada6-4c54-a47f-afac5d0efcd1 req-4396276b-ada6-4c54-a47f-afac5d0efcd1 ] Request (ServersTestManualDisk:setUpClass): 200 GET http://10.180.1.21/compute/v2.1/servers/c3ef0795-7325-4464-acaf-01f496d602c4 0.090s
2024-12-23 08:30:41.074 66793 INFO tempest.lib.common.rest_client [req-58274e64-637f-4bb9-a548-5d7091977c70 req-58274e64-637f-4bb9-a548-5d7091977c70 ] Request (VolumesAssistedSnapshotsTest:tearDownClass): 200 GET http://10.180.1.21/compute/v2.1/servers/921af820-927f-4429-a5c0-e4eb55b3ca23 0.079s
2024-12-23 08:30:41.127 66803 INFO tempest.lib.common.rest_client [req-ee502f23-00f4-48d8-8ccd-49a34548cbfe req-ee502f23-00f4-48d8-8ccd-49a34548cbfe ] Request (DeleteServersTestJSON:test_delete_server_while_in_attached_volume): 200 GET http://10.180.1.21/compute/v2.1/servers/4102a78a-a5f7-48cc-9b28-4ee756553c83 0.088s
2024-12-23 08:30:41.129 66827 INFO tempest.lib.common.rest_client [req-fcc4e9aa-174d-47c5-b681-e12ba9ff847c req-fcc4e9aa-174d-47c5-b681-e12ba9ff847c ] Request (SecurityGroupsTestJSON:test_server_security_groups): 200 GET http://10.180.1.21/compute/v2.1/servers/75bf8bf0-37a8-416e-87e9-7dc66f3c1ee9 0.072s
2024-12-23 08:30:41.183 66791 INFO tempest.lib.common.rest_client [req-eec51bde-8af4-4b33-8096-9a47c2b8e1cd req-eec51bde-8af4-4b33-8096-9a47c2b8e1cd ] Request (ImagesOneServerNegativeTestJSON:_run_cleanups): 200 GET http://10.180.1.21/compute/v2.1/servers/692dbee1-4ba7-4b4e-877d-afc69bdcd7b3 0.049s
2024-12-23 08:30:41.201 66799 INFO tempest.lib.common.rest_client [req-1a8d4657-7e3f-4106-8a28-c25dbdb20dfa req-1a8d4657-7e3f-4106-8a28-c25dbdb20dfa ] Request (ServersAdminNegativeTestJSON:tearDownClass): 200 GET http://10.180.1.21/compute/v2.1/servers/4e7a8fc5-0066-480b-bdb5-44b2c64d267e 0.082s
2024-12-23 08:30:41.257 66811 WARNING tempest.lib.common.ssh [-] Failed to establish authenticated ssh connection to cirros@10.180.180.233 ([Errno None] Unable to connect to port 22 on 10.180.180.233). Number attempts: 10. Retry after 11 seconds.: paramiko.ssh_exception.NoValidConnectionsError: [Errno None] Unable to connect to port 22 on 10.180.180.233
2024-12-23 08:30:41.319 66775 INFO tempest.lib.common.rest_client [req-5c190a26-8a18-43a5-9853-40e4547ad9d4 req-5c190a26-8a18-43a5-9853-40e4547ad9d4 ] Request (ServersTestJSON:setUpClass): 201 POST http://10.180.1.21:9696/networking/v2.0/floatingips 1.050s
2024-12-23 08:30:41.321 66821 INFO tempest.lib.common.rest_client [req-ad8aa587-6c38-45aa-bef5-2244f703d7a6 req-ad8aa587-6c38-45aa-bef5-2244f703d7a6 ] Request (ServerExternalEventsTest:tearDownClass): 200 GET http://10.180.1.21/compute/v2.1/servers/a3ca6d81-cdf5-4d44-8a43-d5d9c6eecc4e 0.065s
2024-12-23 08:30:41.359 66775 INFO tempest.lib.common.rest_client [req-72d6d280-2909-4ac3-bf02-908479f5283d req-72d6d280-2909-4ac3-bf02-908479f5283d ] Request (ServersTestJSON:setUpClass): 201 POST http://10.180.1.21/identity/v3/auth/tokens 0.036s
2024-12-23 08:30:41.360 66775 INFO tempest.lib.common.fixed_network [-] (ServersTestJSON:setUpClass) Found network {'id': '82a86fc4-c6a0-4fdd-8af0-fb7adc075671', 'name': 'tempest-ServersTestJSON-1942895269-network', 'tenant_id': '5493c9545e384dc18bcedc2881adb563', 'admin_state_up': True, 'mtu': 8950, 'status': 'ACTIVE', 'subnets': [], 'shared': False, 'project_id': '5493c9545e384dc18bcedc2881adb563', 'port_security_enabled': True, 'router:external': False, 'provider:network_type': 'vlan', 'provider:physical_network': 'default', 'provider:segmentation_id': 147, 'availability_zone_hints': [], 'availability_zones': [], 'ipv4_address_scope': None, 'ipv6_address_scope': None, 'description': '', 'tags': [], 'created_at': '2024-12-23T08:30:36Z', 'updated_at': '2024-12-23T08:30:36Z', 'revision_number': 1} available for tenant
2024-12-23 08:30:41.414 66771 WARNING tempest.lib.common.ssh [-] Failed to establish authenticated ssh connection to cirros@10.180.180.201 ([Errno None] Unable to connect to port 22 on 10.180.180.201). Number attempts: 4. Retry after 5 seconds.: paramiko.ssh_exception.NoValidConnectionsError: [Errno None] Unable to connect to port 22 on 10.180.180.201
2024-12-23 08:30:41.440 66823 INFO tempest.lib.common.rest_client [req-bd00b400-0893-44e9-a25c-242344fa7d92 req-bd00b400-0893-44e9-a25c-242344fa7d92 ] Request (ServerDiskConfigTestJSON:test_resize_server_from_auto_to_manual): 200 GET http://10.180.1.21/compute/v2.1/servers/24d5e16d-487c-48b0-b034-9204c0af2ea2 0.052s
2024-12-23 08:30:41.510 66815 INFO tempest.lib.common.rest_client [req-570713a8-17f7-4617-8e12-ce2c9ef617ec req-570713a8-17f7-4617-8e12-ce2c9ef617ec ] Request (ServerAddressesTestJSON:setUpClass): 201 POST http://10.180.1.21:9696/networking/v2.0/routers 1.344s
2024-12-23 08:30:41.609 66797 INFO tempest.lib.common.rest_client [req-47a274a6-6366-4083-8971-be522d01769b req-47a274a6-6366-4083-8971-be522d01769b ] Request (AttachInterfacesTestJSON:test_create_list_show_delete_interfaces_by_fixed_ip): 200 GET http://10.180.1.21/compute/v2.1/servers/f22f9e16-5775-45d6-a75f-ef4e294c78b7 0.067s
2024-12-23 08:30:41.659 66809 INFO paramiko.transport [-] Connected (version 2.0, client dropbear_2020.81)
2024-12-23 08:30:41.698 66773 INFO tempest.lib.common.rest_client [req-e59c719d-2ae7-401a-9258-90d7302b87c8 req-e59c719d-2ae7-401a-9258-90d7302b87c8 ] Request (ServersTestJSON:test_create_server_with_ipv6_addr_only): 200 GET http://10.180.1.21/compute/v2.1/servers/35dc5996-9d0f-49cc-9b29-9957ecbfa259 0.072s
2024-12-23 08:30:41.706 66773 INFO tempest.common.waiters [-] State transition "BUILD/None" ==> "BUILD/networking" after 59 second wait
2024-12-23 08:30:41.770 66809 INFO paramiko.transport [-] Authentication (publickey) successful!
2024-12-23 08:30:41.773 66809 INFO tempest.lib.common.ssh [-] ssh connection to cirros@10.180.180.207 successfully created
2024-12-23 08:30:41.876 66781 INFO tempest.lib.common.rest_client [req-dac78e48-8e07-46a2-8019-6e0af05705e6 req-dac78e48-8e07-46a2-8019-6e0af05705e6 ] Request (ServerRescueTestJSON:setUpClass): 200 GET http://10.180.1.21/compute/v2.1/servers/af50c1ac-8cb1-4d77-8c3d-80f3b05ffa81 0.250s
2024-12-23 08:30:41.889 66781 INFO tempest.common.waiters [-] State transition "BUILD/spawning" ==> "ACTIVE/None" after 84 second wait
2024-12-23 08:30:41.961 66775 INFO tempest.lib.common.rest_client [req-ef221af6-b365-452d-959f-d6f756263b9d req-ef221af6-b365-452d-959f-d6f756263b9d ] Request (ServersTestJSON:setUpClass): 202 POST http://10.180.1.21/compute/v2.1/servers 0.600s
2024-12-23 08:30:41.966 66779 INFO tempest.lib.common.rest_client [req-4808ed6f-c66d-4252-a50b-0d3c0c4e6142 req-4808ed6f-c66d-4252-a50b-0d3c0c4e6142 ] Request (ListImageFiltersTestJSON:setUpClass): 200 GET http://10.180.1.21/compute/v2.1/servers/60e5ab9c-29f8-4bc7-a3be-07b267f12653 0.277s
2024-12-23 08:30:42.042 66783 INFO tempest.lib.common.rest_client [req-d01159b0-22f3-4548-b9cc-9e62e906427e req-d01159b0-22f3-4548-b9cc-9e62e906427e ] Request (ServersWithSpecificFlavorTestJSON:test_verify_created_server_ephemeral_disk): 200 GET http://10.180.1.21/compute/v2.1/servers/9c954371-b8e5-4b8d-a99f-d2f2d795394c 0.294s
2024-12-23 08:30:42.064 66787 INFO tempest.lib.common.rest_client [req-767e1a63-b837-4d58-95c2-56cb7b63f4c5 req-767e1a63-b837-4d58-95c2-56cb7b63f4c5 ] Request (ServersAdminTestJSON:test_create_server_with_scheduling_hint): 200 GET http://10.180.1.21/compute/v2.1/servers/d376c7ad-9725-4597-ab64-278178dea44f 0.368s
2024-12-23 08:30:42.120 66809 INFO tempest.lib.common.rest_client [req-6a484366-ffe4-41e5-b8fe-911395063c17 req-6a484366-ffe4-41e5-b8fe-911395063c17 ] Request (ServersTestBootFromVolume:test_list_servers): 200 GET http://10.180.1.21/compute/v2.1/servers 0.336s
2024-12-23 08:30:42.134 66813 INFO tempest.lib.common.rest_client [req-7d19bbd7-44b5-413b-88c6-f2463ffe928e req-7d19bbd7-44b5-413b-88c6-f2463ffe928e ] Request (ServerShowV257Test:test_rebuild_server): 200 GET http://10.180.1.21/compute/v2.1/servers/1494e9ab-1538-4c17-bb17-af10e9c1c764 0.362s
2024-12-23 08:30:42.185 66767 INFO tempest.lib.common.rest_client [req-e2422aef-84b6-4537-bb9a-486ebe576686 req-e2422aef-84b6-4537-bb9a-486ebe576686 ] Request (ListServersNegativeTestJSON:setUpClass): 200 GET http://10.180.1.21/compute/v2.1/servers/6f5e38dd-7a22-4065-bc06-c4aefa6092e3 0.377s
2024-12-23 08:30:42.217 66765 INFO tempest.lib.common.rest_client [req-f827d50a-55ec-49a6-8b34-c18371e04378 req-f827d50a-55ec-49a6-8b34-c18371e04378 ] Request (AttachInterfacesV270Test:test_create_get_list_interfaces): 200 GET http://10.180.1.21/compute/v2.1/servers/f347346b-2a14-4cea-ab84-47f2952af658 0.380s
2024-12-23 08:30:42.260 66789 INFO tempest.lib.common.rest_client [req-894e15a7-871c-4e0a-a590-72f78f69be3c req-894e15a7-871c-4e0a-a590-72f78f69be3c ] Request (FloatingIPsAssociationTestJSON:tearDownClass): 200 GET http://10.180.1.21/compute/v2.1/servers/9591494e-097f-4528-a615-88bbdf4178b0 0.391s
2024-12-23 08:30:42.309 66781 INFO tempest.lib.common.rest_client [req-9c93c808-1912-47f2-95b3-371341d1a0f3 req-9c93c808-1912-47f2-95b3-371341d1a0f3 ] Request (ServerRescueTestJSON:setUpClass): 200 POST http://10.180.1.21/compute/v2.1/servers/af50c1ac-8cb1-4d77-8c3d-80f3b05ffa81/action 0.419s
2024-12-23 08:30:42.331 66777 INFO tempest.lib.common.rest_client [req-a77f0bbe-84f6-44b5-ba38-f967fcb28aeb req-a77f0bbe-84f6-44b5-ba38-f967fcb28aeb ] Request (ServersNegativeTestJSON:setUpClass): 200 GET http://10.180.1.21/compute/v2.1/servers/03afc473-0ccf-4a3d-8549-b76c82951a22 0.404s
2024-12-23 08:30:42.360 66801 INFO tempest.lib.common.rest_client [req-7a43a2ef-4713-450f-9f1f-d69f9d76a15b req-7a43a2ef-4713-450f-9f1f-d69f9d76a15b ] Request (MigrationsAdminTest:test_resize_server_revert_deleted_flavor): 200 GET http://10.180.1.21/compute/v2.1/servers/bfeaf525-4e5b-47df-aa69-81f0d438010e 0.400s
2024-12-23 08:30:42.373 66775 INFO tempest.lib.common.rest_client [req-aa94bd1c-bcaa-4c8b-86d5-badc11cbdb7d req-aa94bd1c-bcaa-4c8b-86d5-badc11cbdb7d ] Request (ServersTestJSON:setUpClass): 200 GET http://10.180.1.21/compute/v2.1/servers/91bd0705-6e68-4155-86dd-2675a9a3e45f 0.410s
2024-12-23 08:30:42.413 66805 INFO tempest.lib.common.rest_client [req-19a42b58-8d50-43be-ac5b-65f225025575 req-19a42b58-8d50-43be-ac5b-65f225025575 ] Request (ServersTestManualDisk:setUpClass): 200 GET http://10.180.1.21/compute/v2.1/servers/c3ef0795-7325-4464-acaf-01f496d602c4 0.338s
2024-12-23 08:30:42.436 66793 INFO tempest.lib.common.rest_client [req-3a0a83e4-23c7-401b-831b-e199ada5274a req-3a0a83e4-23c7-401b-831b-e199ada5274a ] Request (VolumesAssistedSnapshotsTest:tearDownClass): 200 GET http://10.180.1.21/compute/v2.1/servers/921af820-927f-4429-a5c0-e4eb55b3ca23 0.351s
2024-12-23 08:30:42.490 66803 INFO tempest.lib.common.rest_client [req-8309263d-30bb-45d2-9389-24ec3d0150c5 req-8309263d-30bb-45d2-9389-24ec3d0150c5 ] Request (DeleteServersTestJSON:test_delete_server_while_in_attached_volume): 200 GET http://10.180.1.21/compute/v2.1/servers/4102a78a-a5f7-48cc-9b28-4ee756553c83 0.354s
2024-12-23 08:30:42.546 66815 INFO tempest.lib.common.rest_client [req-21427a82-30d9-423f-884b-a4359d4dfc25 req-21427a82-30d9-423f-884b-a4359d4dfc25 ] Request (ServerAddressesTestJSON:setUpClass): 200 PUT http://10.180.1.21:9696/networking/v2.0/routers/bd8b2a7d-8b15-41a2-a836-f6a1a55908cc/add_router_interface 1.033s
2024-12-23 08:30:42.546 66815 INFO tempest.lib.common.dynamic_creds [-] Created isolated network resources for: credentials: Credentials: {'domain_id': 'default', 'domain_name': 'Default', 'username': 'tempest-ServerAddressesTestJSON-441999357-project-member', 'project_domain_id': 'default', 'project_domain_name': 'Default', 'project_id': '20551a57572745689816c26070cf7002', 'project_name': 'tempest-ServerAddressesTestJSON-441999357', 'tenant_id': '20551a57572745689816c26070cf7002', 'tenant_name': 'tempest-ServerAddressesTestJSON-441999357', 'user_domain_id': 'default', 'user_domain_name': 'Default', 'user_id': '2453accae0f44a29bb0eb400da765f23', 'system': None}, Network: {'id': '8285a369-e891-4e22-b17b-a4b5cc275dff', 'name': 'tempest-ServerAddressesTestJSON-2085599545-network', 'tenant_id': '20551a57572745689816c26070cf7002', 'admin_state_up': True, 'mtu': 8950, 'status': 'ACTIVE', 'subnets': [], 'shared': False, 'project_id': '20551a57572745689816c26070cf7002', 'port_security_enabled': True, 'router:external': False, 'provider:network_type': 'vlan', 'provider:physical_network': 'default', 'provider:segmentation_id': 884, 'availability_zone_hints': [], 'availability_zones': [], 'ipv4_address_scope': None, 'ipv6_address_scope': None, 'description': '', 'tags': [], 'created_at': '2024-12-23T08:30:39Z', 'updated_at': '2024-12-23T08:30:39Z', 'revision_number': 1}, Subnet: {'id': '2927cf3c-a452-4d0d-8b42-7066a14824e9', 'name': 'tempest-ServerAddressesTestJSON-2085599545-subnet', 'tenant_id': '20551a57572745689816c26070cf7002', 'network_id': '8285a369-e891-4e22-b17b-a4b5cc275dff', 'ip_version': 4, 'subnetpool_id': None, 'enable_dhcp': True, 'ipv6_ra_mode': None, 'ipv6_address_mode': None, 'gateway_ip': '192.168.128.1', 'cidr': '192.168.128.0/28', 'allocation_pools': [{'start': '192.168.128.2', 'end': '192.168.128.14'}], 'host_routes': [], 'dns_nameservers': [], 'description': '', 'router:external': False, 'service_types': [], 'tags': [], 'created_at': '2024-12-23T08:30:40Z', 'updated_at': '2024-12-23T08:30:40Z', 'revision_number': 0, 'project_id': '20551a57572745689816c26070cf7002'}, Router: {'id': 'bd8b2a7d-8b15-41a2-a836-f6a1a55908cc', 'name': 'tempest-ServerAddressesTestJSON-2085599545-router', 'tenant_id': '20551a57572745689816c26070cf7002', 'admin_state_up': True, 'status': 'ACTIVE', 'external_gateway_info': {'network_id': '752d55ba-6972-4a3a-96ff-e2738517fd85', 'external_fixed_ips': [{'subnet_id': '2da4e2f3-f08f-4fd3-97bc-22afbf1e7993', 'ip_address': '10.180.180.190'}], 'enable_snat': True}, 'description': '', 'availability_zones': [], 'distributed': False, 'ha': False, 'availability_zone_hints': [], 'routes': [], 'flavor_id': None, 'tags': [], 'created_at': '2024-12-23T08:30:40Z', 'updated_at': '2024-12-23T08:30:41Z', 'revision_number': 2, 'project_id': '20551a57572745689816c26070cf7002'}
2024-12-23 08:30:42.546 66827 INFO tempest.lib.common.rest_client [req-f4e54ab7-3f40-4e4e-a2e8-5202fb391090 req-f4e54ab7-3f40-4e4e-a2e8-5202fb391090 ] Request (SecurityGroupsTestJSON:test_server_security_groups): 200 GET http://10.180.1.21/compute/v2.1/servers/75bf8bf0-37a8-416e-87e9-7dc66f3c1ee9 0.409s
2024-12-23 08:30:42.601 66791 INFO tempest.lib.common.rest_client [req-bd58fd73-cf08-4c41-b1b8-75131b50ddd7 req-bd58fd73-cf08-4c41-b1b8-75131b50ddd7 ] Request (ImagesOneServerNegativeTestJSON:_run_cleanups): 200 GET http://10.180.1.21/compute/v2.1/servers/692dbee1-4ba7-4b4e-877d-afc69bdcd7b3 0.411s
2024-12-23 08:30:42.638 66809 INFO tempest.lib.common.rest_client [req-673b52c3-71f8-47ad-a2d7-a62c5d9ef44a req-673b52c3-71f8-47ad-a2d7-a62c5d9ef44a ] Request (ServersTestBootFromVolume:test_list_servers_with_detail): 200 GET http://10.180.1.21/compute/v2.1/servers/detail 0.511s
2024-12-23 08:30:42.664 66815 INFO tempest.lib.common.rest_client [req-4dea4e44-16d9-42c9-bfde-87d1c31a82bf req-4dea4e44-16d9-42c9-bfde-87d1c31a82bf ] Request (ServerAddressesTestJSON:setUpClass): 201 POST http://10.180.1.21/identity/v3/auth/tokens 0.115s
2024-12-23 08:30:42.665 66799 INFO tempest.lib.common.rest_client [req-dfd2fae3-8f92-4454-a080-50e4f688407c req-dfd2fae3-8f92-4454-a080-50e4f688407c ] Request (ServersAdminNegativeTestJSON:tearDownClass): 200 GET http://10.180.1.21/compute/v2.1/servers/4e7a8fc5-0066-480b-bdb5-44b2c64d267e 0.456s
2024-12-23 08:30:42.702 66815 INFO tempest.lib.common.rest_client [req-c49c046a-38c3-4e8d-8f3b-d796182ca93d req-c49c046a-38c3-4e8d-8f3b-d796182ca93d ] Request (ServerAddressesTestJSON:setUpClass): 201 POST http://10.180.1.21/identity/v3/auth/tokens 0.034s
2024-12-23 08:30:42.703 66815 INFO tempest.lib.common.fixed_network [-] (ServerAddressesTestJSON:setUpClass) Found network {'id': '8285a369-e891-4e22-b17b-a4b5cc275dff', 'name': 'tempest-ServerAddressesTestJSON-2085599545-network', 'tenant_id': '20551a57572745689816c26070cf7002', 'admin_state_up': True, 'mtu': 8950, 'status': 'ACTIVE', 'subnets': [], 'shared': False, 'project_id': '20551a57572745689816c26070cf7002', 'port_security_enabled': True, 'router:external': False, 'provider:network_type': 'vlan', 'provider:physical_network': 'default', 'provider:segmentation_id': 884, 'availability_zone_hints': [], 'availability_zones': [], 'ipv4_address_scope': None, 'ipv6_address_scope': None, 'description': '', 'tags': [], 'created_at': '2024-12-23T08:30:39Z', 'updated_at': '2024-12-23T08:30:39Z', 'revision_number': 1} available for tenant
2024-12-23 08:30:42.723 66821 INFO tempest.lib.common.rest_client [req-2912012f-71c3-4f7b-bbe4-74b508a49540 req-2912012f-71c3-4f7b-bbe4-74b508a49540 ] Request (ServerExternalEventsTest:tearDownClass): 200 GET http://10.180.1.21/compute/v2.1/servers/a3ca6d81-cdf5-4d44-8a43-d5d9c6eecc4e 0.395s
2024-12-23 08:30:42.767 66781 INFO tempest.lib.common.rest_client [req-b31b1fc4-45ab-4b45-839e-fad6d7514fa0 req-b31b1fc4-45ab-4b45-839e-fad6d7514fa0 ] Request (ServerRescueTestJSON:setUpClass): 200 GET http://10.180.1.21/compute/v2.1/servers/af50c1ac-8cb1-4d77-8c3d-80f3b05ffa81 0.456s
2024-12-23 08:30:42.772 66823 INFO tempest.lib.common.rest_client [req-8f206a15-b827-4d00-a3e0-81225d2c4c48 req-8f206a15-b827-4d00-a3e0-81225d2c4c48 ] Request (ServerDiskConfigTestJSON:test_resize_server_from_auto_to_manual): 200 GET http://10.180.1.21/compute/v2.1/servers/24d5e16d-487c-48b0-b034-9204c0af2ea2 0.324s
2024-12-23 08:30:42.789 66809 INFO tempest.lib.common.rest_client [req-63d44f20-888a-4996-b73f-a26eb5b80bad req-63d44f20-888a-4996-b73f-a26eb5b80bad ] Request (ServersTestBootFromVolume:test_verify_created_server_vcpus): 200 GET http://10.180.1.21/compute/v2.1/flavors/42 0.143s
2024-12-23 08:30:42.792 66809 INFO tempest.lib.common.ssh [-] Creating ssh connection to '10.180.180.207:22' as 'cirros' with public key authentication
2024-12-23 08:30:42.795 66809 INFO paramiko.transport [-] Connected (version 2.0, client dropbear_2020.81)
2024-12-23 08:30:42.813 66797 INFO tempest.lib.common.rest_client [req-71bd8a9f-3ab1-4b10-bf6d-b3d73f6c312c req-71bd8a9f-3ab1-4b10-bf6d-b3d73f6c312c ] Request (AttachInterfacesTestJSON:test_create_list_show_delete_interfaces_by_fixed_ip): 200 GET http://10.180.1.21/compute/v2.1/servers/f22f9e16-5775-45d6-a75f-ef4e294c78b7 0.195s
2024-12-23 08:30:42.894 66809 INFO paramiko.transport [-] Authentication (publickey) successful!
2024-12-23 08:30:42.894 66809 INFO tempest.lib.common.ssh [-] ssh connection to cirros@10.180.180.207 successfully created
2024-12-23 08:30:42.939 66773 INFO tempest.lib.common.rest_client [req-813db222-0a14-43ca-967e-a1308730a70c req-813db222-0a14-43ca-967e-a1308730a70c ] Request (ServersTestJSON:test_create_server_with_ipv6_addr_only): 200 GET http://10.180.1.21/compute/v2.1/servers/35dc5996-9d0f-49cc-9b29-9957ecbfa259 0.230s
2024-12-23 08:30:42.945 66773 INFO tempest.common.waiters [-] State transition "BUILD/networking" ==> "BUILD/spawning" after 60 second wait
2024-12-23 08:30:43.070 66809 INFO tempest.lib.common.rest_client [req-aa80ee93-6efb-409e-b2e3-8ff742025e17 req-aa80ee93-6efb-409e-b2e3-8ff742025e17 ] Request (ServersTestBootFromVolume:tearDownClass): 204 DELETE http://10.180.1.21/compute/v2.1/servers/26fff0b9-f89b-43f6-b0af-6c22bba5d369 0.167s
2024-12-23 08:30:43.136 66779 INFO tempest.lib.common.rest_client [req-55390178-1382-4ef2-b743-1a6eda463e44 req-55390178-1382-4ef2-b743-1a6eda463e44 ] Request (ListImageFiltersTestJSON:setUpClass): 200 GET http://10.180.1.21/compute/v2.1/servers/60e5ab9c-29f8-4bc7-a3be-07b267f12653 0.160s
2024-12-23 08:30:43.196 66783 INFO tempest.lib.common.rest_client [req-2d965e03-ef0b-4019-86f7-ac12b4b7611d req-2d965e03-ef0b-4019-86f7-ac12b4b7611d ] Request (ServersWithSpecificFlavorTestJSON:test_verify_created_server_ephemeral_disk): 200 GET http://10.180.1.21/compute/v2.1/servers/9c954371-b8e5-4b8d-a99f-d2f2d795394c 0.137s
2024-12-23 08:30:43.208 66815 INFO tempest.lib.common.rest_client [req-88499457-c2e2-4bf4-a6f9-9f5661ee2f7c req-88499457-c2e2-4bf4-a6f9-9f5661ee2f7c ] Request (ServerAddressesTestJSON:setUpClass): 202 POST http://10.180.1.21/compute/v2.1/servers 0.504s
2024-12-23 08:30:43.274 66787 INFO tempest.lib.common.rest_client [req-42e96593-768d-481d-89de-f4962848570b req-42e96593-768d-481d-89de-f4962848570b ] Request (ServersAdminTestJSON:test_create_server_with_scheduling_hint): 200 GET http://10.180.1.21/compute/v2.1/servers/d376c7ad-9725-4597-ab64-278178dea44f 0.199s
2024-12-23 08:30:43.281 66787 INFO tempest.common.waiters [-] State transition "BUILD/scheduling" ==> "BUILD/None" after 24 second wait
2024-12-23 08:30:43.324 66809 INFO tempest.lib.common.rest_client [req-36d580a3-8e24-464b-b60d-0fe017fc70a6 req-36d580a3-8e24-464b-b60d-0fe017fc70a6 ] Request (ServersTestBootFromVolume:tearDownClass): 200 GET http://10.180.1.21/compute/v2.1/servers/26fff0b9-f89b-43f6-b0af-6c22bba5d369 0.254s
2024-12-23 08:30:43.342 66813 INFO tempest.lib.common.rest_client [req-6599ce04-5b11-4516-8002-8b1dcc0df778 req-6599ce04-5b11-4516-8002-8b1dcc0df778 ] Request (ServerShowV257Test:test_rebuild_server): 200 GET http://10.180.1.21/compute/v2.1/servers/1494e9ab-1538-4c17-bb17-af10e9c1c764 0.191s
2024-12-23 08:30:43.357 66813 INFO tempest.common.waiters [-] State transition "REBUILD/rebuilding" ==> "REBUILD/rebuild_spawning" after 4 second wait
2024-12-23 08:30:43.404 66815 INFO tempest.lib.common.rest_client [req-37142a8d-456d-49d5-965b-18b31a0eb6ad req-37142a8d-456d-49d5-965b-18b31a0eb6ad ] Request (ServerAddressesTestJSON:setUpClass): 200 GET http://10.180.1.21/compute/v2.1/servers/09b1d099-befe-4e35-9180-76ae8ba84163 0.195s
2024-12-23 08:30:43.415 66767 INFO tempest.lib.common.rest_client [req-76d0f268-0dbd-4c3c-9085-ac0e7bde3c49 req-76d0f268-0dbd-4c3c-9085-ac0e7bde3c49 ] Request (ListServersNegativeTestJSON:setUpClass): 200 GET http://10.180.1.21/compute/v2.1/servers/6f5e38dd-7a22-4065-bc06-c4aefa6092e3 0.221s
2024-12-23 08:30:43.486 66765 INFO tempest.lib.common.rest_client [req-9d6202dd-fdfe-49e4-bd9b-f2217c0849d3 req-9d6202dd-fdfe-49e4-bd9b-f2217c0849d3 ] Request (AttachInterfacesV270Test:test_create_get_list_interfaces): 200 GET http://10.180.1.21/compute/v2.1/servers/f347346b-2a14-4cea-ab84-47f2952af658 0.256s
2024-12-23 08:30:43.500 66789 INFO tempest.lib.common.rest_client [req-dfae8e57-35ff-4d9e-8f39-efdd895b1bc4 req-dfae8e57-35ff-4d9e-8f39-efdd895b1bc4 ] Request (FloatingIPsAssociationTestJSON:tearDownClass): 200 GET http://10.180.1.21/compute/v2.1/servers/9591494e-097f-4528-a615-88bbdf4178b0 0.226s
2024-12-23 08:30:43.560 66777 INFO tempest.lib.common.rest_client [req-7309e710-358e-42f5-a13d-bda8486c51ac req-7309e710-358e-42f5-a13d-bda8486c51ac ] Request (ServersNegativeTestJSON:setUpClass): 200 GET http://10.180.1.21/compute/v2.1/servers/03afc473-0ccf-4a3d-8549-b76c82951a22 0.220s
2024-12-23 08:30:43.567 66801 INFO tempest.lib.common.rest_client [req-5860890d-da2f-48cc-8dab-5ccfb97c29b9 req-5860890d-da2f-48cc-8dab-5ccfb97c29b9 ] Request (MigrationsAdminTest:test_resize_server_revert_deleted_flavor): 200 GET http://10.180.1.21/compute/v2.1/servers/bfeaf525-4e5b-47df-aa69-81f0d438010e 0.195s
2024-12-23 08:30:43.629 66775 INFO tempest.lib.common.rest_client [req-35d26ec4-0aae-49c5-9412-2e9d581c68f2 req-35d26ec4-0aae-49c5-9412-2e9d581c68f2 ] Request (ServersTestJSON:setUpClass): 200 GET http://10.180.1.21/compute/v2.1/servers/91bd0705-6e68-4155-86dd-2675a9a3e45f 0.242s
2024-12-23 08:30:43.642 66805 INFO tempest.lib.common.rest_client [req-c4fa75fd-af6d-434b-9709-c837c0354385 req-c4fa75fd-af6d-434b-9709-c837c0354385 ] Request (ServersTestManualDisk:setUpClass): 200 GET http://10.180.1.21/compute/v2.1/servers/c3ef0795-7325-4464-acaf-01f496d602c4 0.220s
2024-12-23 08:30:43.687 66793 INFO tempest.lib.common.rest_client [req-f518b376-fa35-49b5-ad63-896e48bbb7ed req-f518b376-fa35-49b5-ad63-896e48bbb7ed ] Request (VolumesAssistedSnapshotsTest:tearDownClass): 200 GET http://10.180.1.21/compute/v2.1/servers/921af820-927f-4429-a5c0-e4eb55b3ca23 0.243s
2024-12-23 08:30:43.704 66803 INFO tempest.lib.common.rest_client [req-a4bcf7ee-1812-425f-9d09-3443bf2dd74a req-a4bcf7ee-1812-425f-9d09-3443bf2dd74a ] Request (DeleteServersTestJSON:test_delete_server_while_in_attached_volume): 200 GET http://10.180.1.21/compute/v2.1/servers/4102a78a-a5f7-48cc-9b28-4ee756553c83 0.204s
2024-12-23 08:30:43.745 66827 INFO tempest.lib.common.rest_client [req-5f1863a4-b192-4c72-b16d-4f47820775da req-5f1863a4-b192-4c72-b16d-4f47820775da ] Request (SecurityGroupsTestJSON:test_server_security_groups): 200 GET http://10.180.1.21/compute/v2.1/servers/75bf8bf0-37a8-416e-87e9-7dc66f3c1ee9 0.191s
2024-12-23 08:30:43.785 66791 INFO tempest.lib.common.rest_client [req-8058b233-8994-4eee-8e64-e4f02cb68c04 req-8058b233-8994-4eee-8e64-e4f02cb68c04 ] Request (ImagesOneServerNegativeTestJSON:_run_cleanups): 200 GET http://10.180.1.21/compute/v2.1/servers/692dbee1-4ba7-4b4e-877d-afc69bdcd7b3 0.173s
2024-12-23 08:30:43.817 66799 INFO tempest.lib.common.rest_client [req-f4b332c8-afb6-4917-a8d3-0a09351da1ba req-f4b332c8-afb6-4917-a8d3-0a09351da1ba ] Request (ServersAdminNegativeTestJSON:tearDownClass): 200 GET http://10.180.1.21/compute/v2.1/servers/4e7a8fc5-0066-480b-bdb5-44b2c64d267e 0.144s
2024-12-23 08:30:43.857 66821 INFO tempest.lib.common.rest_client [req-5c9ef8f4-d542-45b4-b4a6-94aa02a369ca req-5c9ef8f4-d542-45b4-b4a6-94aa02a369ca ] Request (ServerExternalEventsTest:tearDownClass): 200 GET http://10.180.1.21/compute/v2.1/servers/a3ca6d81-cdf5-4d44-8a43-d5d9c6eecc4e 0.126s
2024-12-23 08:30:43.916 66823 INFO tempest.lib.common.rest_client [req-cdc7e089-3a79-447f-ba14-ec4778ac720a req-cdc7e089-3a79-447f-ba14-ec4778ac720a ] Request (ServerDiskConfigTestJSON:test_resize_server_from_auto_to_manual): 200 GET http://10.180.1.21/compute/v2.1/servers/24d5e16d-487c-48b0-b034-9204c0af2ea2 0.137s
2024-12-23 08:30:43.961 66797 INFO tempest.lib.common.rest_client [req-08a06f52-50cb-4b5b-9513-62f84fc1e4ee req-08a06f52-50cb-4b5b-9513-62f84fc1e4ee ] Request (AttachInterfacesTestJSON:test_create_list_show_delete_interfaces_by_fixed_ip): 200 GET http://10.180.1.21/compute/v2.1/servers/f22f9e16-5775-45d6-a75f-ef4e294c78b7 0.140s
2024-12-23 08:30:43.976 66781 INFO tempest.lib.common.rest_client [req-1b3c548f-53f9-40e9-a505-304ebbd633e4 req-1b3c548f-53f9-40e9-a505-304ebbd633e4 ] Request (ServerRescueTestJSON:setUpClass): 200 GET http://10.180.1.21/compute/v2.1/servers/af50c1ac-8cb1-4d77-8c3d-80f3b05ffa81 0.199s
2024-12-23 08:30:44.059 66773 INFO tempest.lib.common.rest_client [req-99018c07-cc51-48aa-a4f8-51bf8e81720e req-99018c07-cc51-48aa-a4f8-51bf8e81720e ] Request (ServersTestJSON:test_create_server_with_ipv6_addr_only): 200 GET http://10.180.1.21/compute/v2.1/servers/35dc5996-9d0f-49cc-9b29-9957ecbfa259 0.113s
2024-12-23 08:30:44.201 66779 INFO tempest.lib.common.rest_client [req-fcd0fd17-08bb-453c-ae74-a67a87374450 req-fcd0fd17-08bb-453c-ae74-a67a87374450 ] Request (ListImageFiltersTestJSON:setUpClass): 200 GET http://10.180.1.21/compute/v2.1/servers/60e5ab9c-29f8-4bc7-a3be-07b267f12653 0.057s
2024-12-23 08:30:44.260 66783 INFO tempest.lib.common.rest_client [req-cf70109f-bece-4e28-a066-e90daf725248 req-cf70109f-bece-4e28-a066-e90daf725248 ] Request (ServersWithSpecificFlavorTestJSON:test_verify_created_server_ephemeral_disk): 200 GET http://10.180.1.21/compute/v2.1/servers/9c954371-b8e5-4b8d-a99f-d2f2d795394c 0.053s
2024-12-23 08:30:44.331 66787 INFO tempest.lib.common.rest_client [req-2b43c653-5a01-4918-ab79-9f2813576098 req-2b43c653-5a01-4918-ab79-9f2813576098 ] Request (ServersAdminTestJSON:test_create_server_with_scheduling_hint): 200 GET http://10.180.1.21/compute/v2.1/servers/d376c7ad-9725-4597-ab64-278178dea44f 0.049s
2024-12-23 08:30:44.427 66813 INFO tempest.lib.common.rest_client [req-e1875ff9-ecaf-4ed3-bca9-28d725fd5794 req-e1875ff9-ecaf-4ed3-bca9-28d725fd5794 ] Request (ServerShowV257Test:test_rebuild_server): 200 GET http://10.180.1.21/compute/v2.1/servers/1494e9ab-1538-4c17-bb17-af10e9c1c764 0.068s
2024-12-23 08:30:44.441 66809 INFO tempest.lib.common.rest_client [req-6f1f65fe-10d9-44bb-9a05-210f87e61ea0 req-6f1f65fe-10d9-44bb-9a05-210f87e61ea0 ] Request (ServersTestBootFromVolume:tearDownClass): 200 GET http://10.180.1.21/compute/v2.1/servers/26fff0b9-f89b-43f6-b0af-6c22bba5d369 0.104s
2024-12-23 08:30:44.492 66815 INFO tempest.lib.common.rest_client [req-1cb16e6a-0c05-4c80-87f3-6c5c250b6b6b req-1cb16e6a-0c05-4c80-87f3-6c5c250b6b6b ] Request (ServerAddressesTestJSON:setUpClass): 200 GET http://10.180.1.21/compute/v2.1/servers/09b1d099-befe-4e35-9180-76ae8ba84163 0.074s
2024-12-23 08:30:44.511 66767 INFO tempest.lib.common.rest_client [req-fd425ae2-b302-4637-9b2c-286f6e77b432 req-fd425ae2-b302-4637-9b2c-286f6e77b432 ] Request (ListServersNegativeTestJSON:setUpClass): 200 GET http://10.180.1.21/compute/v2.1/servers/6f5e38dd-7a22-4065-bc06-c4aefa6092e3 0.079s
2024-12-23 08:30:44.559 66765 INFO tempest.lib.common.rest_client [req-e0638cae-1a46-4851-8a4a-4b75b7079e56 req-e0638cae-1a46-4851-8a4a-4b75b7079e56 ] Request (AttachInterfacesV270Test:test_create_get_list_interfaces): 200 GET http://10.180.1.21/compute/v2.1/servers/f347346b-2a14-4cea-ab84-47f2952af658 0.061s
