2024-12-23 08:30:00.109 66765 INFO tempest.lib.common.rest_client [req-4c9742b2-b324-4507-ad56-17bdedbab680 req-4c9742b2-b324-4507-ad56-17bdedbab680 ] Request (AttachInterfacesV270Test:test_create_get_list_interfaces): 200 GET http://10.180.1.21/compute/v2.1/servers/f347346b-2a14-4cea-ab84-47f2952af658 0.193s
2024-12-23 08:30:00.136 66823 INFO tempest.lib.common.rest_client [req-af8bde34-d819-4571-a5c5-5d5be4521e8b req-af8bde34-d819-4571-a5c5-5d5be4521e8b ] Request (ServerDiskConfigTestJSON:test_resize_server_from_auto_to_manual): 201 POST http://10.180.1.21/identity/v3/auth/tokens 0.081s
2024-12-23 08:30:00.137 66823 INFO tempest.lib.common.fixed_network [-] (ServerDiskConfigTestJSON:test_resize_server_from_auto_to_manual) Found network {'id': 'b3c21c94-b74c-4ef9-9cb3-5901d74d49f3', 'name': 'tempest-ServerDiskConfigTestJSON-1558187481-network', 'tenant_id': '45d7064df0ba4df683ac453554e905cd', 'admin_state_up': True, 'mtu': 8950, 'status': 'ACTIVE', 'subnets': [], 'shared': False, 'project_id': '45d7064df0ba4df683ac453554e905cd', 'port_security_enabled': True, 'router:external': False, 'provider:network_type': 'vlan', 'provider:physical_network': 'default', 'provider:segmentation_id': 756, 'availability_zone_hints': [], 'availability_zones': [], 'ipv4_address_scope': None, 'ipv6_address_scope': None, 'description': '', 'tags': [], 'created_at': '2024-12-23T08:28:09Z', 'updated_at': '2024-12-23T08:28:09Z', 'revision_number': 1} available for tenant
2024-12-23 08:30:00.150 66827 INFO tempest.lib.common.rest_client [req-83d26437-05bd-4ca4-9e0b-a93314479af1 req-83d26437-05bd-4ca4-9e0b-a93314479af1 ] Request (SecurityGroupsTestJSON:test_security_group_create_get_delete): 200 GET http://10.180.1.21/compute/v2.1/os-security-groups/ba59030e-f999-40ef-a149-56eddb65729c 0.177s
2024-12-23 08:30:00.168 66797 INFO tempest.lib.common.rest_client [req-870cc9d0-27df-4368-b03d-55d1829fb7db req-870cc9d0-27df-4368-b03d-55d1829fb7db ] Request (ValidationResourcesFixture:setUp): 200 POST http://10.180.1.21/compute/v2.1/os-keypairs 0.208s
2024-12-23 08:30:00.223 66779 INFO tempest.lib.common.rest_client [req-f334f63f-5654-46b6-9dda-31e7e2514b8f req-f334f63f-5654-46b6-9dda-31e7e2514b8f ] Request (ListImageFiltersTestJSON:setUpClass): 200 GET http://10.180.1.21/compute/v2.1/servers/60e5ab9c-29f8-4bc7-a3be-07b267f12653 0.174s
2024-12-23 08:30:00.228 66803 INFO tempest.lib.common.rest_client [req-39d182b3-d9d7-410f-a16a-e4c13b30cd22 req-39d182b3-d9d7-410f-a16a-e4c13b30cd22 ] Request (DeleteServersTestJSON:test_delete_active_server): 200 GET http://10.180.1.21/compute/v2.1/servers/066c21bf-8eab-4b81-921d-e3b453b1f5e7 0.243s
2024-12-23 08:30:00.300 66787 INFO tempest.lib.common.rest_client [req-4c03d927-c316-49eb-a2f1-b01250aa2a2c req-4c03d927-c316-49eb-a2f1-b01250aa2a2c ] Request (ServersAdminTestJSON:setUpClass): 200 GET http://10.180.1.21/compute/v2.1/servers/f6e25ebb-79f4-4197-a351-a603369068cb 0.194s
2024-12-23 08:30:00.353 66797 INFO tempest.lib.common.rest_client [req-c16e2dfc-af27-4906-b470-d71a84f42b61 req-c16e2dfc-af27-4906-b470-d71a84f42b61 ] Request (ValidationResourcesFixture:setUp): 201 POST http://10.180.1.21:9696/networking/v2.0/security-groups 0.183s
2024-12-23 08:30:00.535 66827 INFO tempest.lib.common.rest_client [req-b61a1725-6ab0-414e-b911-1ab3cf0bdf7c req-b61a1725-6ab0-414e-b911-1ab3cf0bdf7c ] Request (SecurityGroupsTestJSON:test_security_group_create_get_delete): 202 DELETE http://10.180.1.21/compute/v2.1/os-security-groups/ba59030e-f999-40ef-a149-56eddb65729c 0.382s
2024-12-23 08:30:00.567 66797 INFO tempest.lib.common.rest_client [req-ffdfcf79-8925-4770-a425-23b4f35b6749 req-ffdfcf79-8925-4770-a425-23b4f35b6749 ] Request (ValidationResourcesFixture:setUp): 201 POST http://10.180.1.21:9696/networking/v2.0/security-group-rules 0.213s
2024-12-23 08:30:00.569 66823 INFO tempest.lib.common.rest_client [req-308cf191-60f1-4875-b6b4-80a92cdbbd45 req-308cf191-60f1-4875-b6b4-80a92cdbbd45 ] Request (ServerDiskConfigTestJSON:test_resize_server_from_auto_to_manual): 202 POST http://10.180.1.21/compute/v2.1/servers 0.431s
2024-12-23 08:30:00.616 66781 INFO tempest.lib.common.rest_client [req-4a73d0ca-d015-4a42-b448-daf3f1dcf64b req-4a73d0ca-d015-4a42-b448-daf3f1dcf64b ] Request (ServerRescueTestJSON:setUpClass): 200 GET http://10.180.1.21/compute/v2.1/servers/af50c1ac-8cb1-4d77-8c3d-80f3b05ffa81 0.452s
2024-12-23 08:30:00.691 66813 INFO tempest.lib.common.rest_client [req-30ce92f4-4a93-4bb9-96b3-7fcef4b606f1 req-30ce92f4-4a93-4bb9-96b3-7fcef4b606f1 ] Request (ServerShowV257Test:test_rebuild_server): 200 GET http://10.180.1.21/compute/v2.1/servers/1494e9ab-1538-4c17-bb17-af10e9c1c764 0.274s
2024-12-23 08:30:00.706 66797 INFO tempest.lib.common.rest_client [req-16b5ee0b-8d65-4fc5-bf99-d249bba8efbd req-16b5ee0b-8d65-4fc5-bf99-d249bba8efbd ] Request (ValidationResourcesFixture:setUp): 201 POST http://10.180.1.21:9696/networking/v2.0/security-group-rules 0.138s
2024-12-23 08:30:00.714 66791 INFO tempest.lib.common.rest_client [req-1543e528-1a07-4e02-833e-8d2a4fc4ebb8 req-1543e528-1a07-4e02-833e-8d2a4fc4ebb8 ] Request (ImagesOneServerNegativeTestJSON:_run_cleanups): 200 GET http://10.180.1.21/compute/v2.1/servers/1c2c657e-ee19-425a-a78a-fe02656c0d52 0.476s
2024-12-23 08:30:00.781 66799 INFO tempest.lib.common.rest_client [req-9755d2bf-7a6a-44e9-a96c-84cfc789c23a req-9755d2bf-7a6a-44e9-a96c-84cfc789c23a ] Request (ServersAdminNegativeTestJSON:tearDownClass): 200 GET http://10.180.1.21/compute/v2.1/servers/9a006271-b6d6-4a7f-b5f7-935fbcc263ab 0.289s
2024-12-23 08:30:00.785 66805 INFO tempest.lib.common.rest_client [req-8a7ae17e-d6f0-462b-805d-d6f3bae39cc3 req-8a7ae17e-d6f0-462b-805d-d6f3bae39cc3 ] Request (DeleteServersAdminTestJSON:test_delete_server_while_in_error_state): 200 GET http://10.180.1.21/compute/v2.1/servers/c16adb4f-babc-421a-9004-948bae581252 0.344s
2024-12-23 08:30:00.815 66827 INFO tempest.lib.common.rest_client [req-ce9c0ccb-6cc7-454a-a12f-c3ffef4ea6c3 req-ce9c0ccb-6cc7-454a-a12f-c3ffef4ea6c3 ] Request (SecurityGroupsTestJSON:test_security_group_create_get_delete): 404 GET http://10.180.1.21/compute/v2.1/os-security-groups/ba59030e-f999-40ef-a149-56eddb65729c 0.280s
2024-12-23 08:30:00.863 66775 INFO tempest.lib.common.rest_client [req-ae6d25b1-78be-4f36-83a4-334aa23d07ca req-ae6d25b1-78be-4f36-83a4-334aa23d07ca ] Request (ServersAdmin275Test:tearDownClass): 200 GET http://10.180.1.21/compute/v2.1/servers/0b7ee2f0-35d7-4253-9de6-a1e964415865 0.349s
2024-12-23 08:30:00.865 66773 INFO tempest.lib.common.rest_client [req-855477c0-bd8a-4dc7-9d3c-eb6c8f4be698 req-855477c0-bd8a-4dc7-9d3c-eb6c8f4be698 ] Request (ServersTestJSON:test_create_server_with_ipv6_addr_only): 200 GET http://10.180.1.21/compute/v2.1/servers/35dc5996-9d0f-49cc-9b29-9957ecbfa259 0.311s
2024-12-23 08:30:00.908 66823 INFO tempest.lib.common.rest_client [req-5550a9d9-4a23-4cd4-83b4-9ba4065ef85e req-5550a9d9-4a23-4cd4-83b4-9ba4065ef85e ] Request (ServerDiskConfigTestJSON:test_resize_server_from_auto_to_manual): 200 GET http://10.180.1.21/compute/v2.1/servers/24d5e16d-487c-48b0-b034-9204c0af2ea2 0.333s
2024-12-23 08:30:01.095 66821 INFO tempest.lib.common.rest_client [req-29778950-8fee-41d3-ae62-4b19ce38bf4b req-29778950-8fee-41d3-ae62-4b19ce38bf4b ] Request (ServerExternalEventsTest:test_create_server_external_events): 200 GET http://10.180.1.21/compute/v2.1/servers/a3ca6d81-cdf5-4d44-8a43-d5d9c6eecc4e 0.534s
2024-12-23 08:30:01.102 66821 INFO tempest.common.waiters [-] State transition "BUILD/None" ==> "BUILD/block_device_mapping" after 49 second wait
2024-12-23 08:30:01.147 66827 INFO tempest.lib.common.rest_client [req-5c7bb6d4-4a00-498f-8058-b765ff6994e2 req-5c7bb6d4-4a00-498f-8058-b765ff6994e2 ] Request (SecurityGroupsTestJSON:test_security_groups_create_list_delete): 200 POST http://10.180.1.21/compute/v2.1/os-security-groups 0.330s
2024-12-23 08:30:01.235 66815 INFO tempest.lib.common.rest_client [req-726be073-7e83-4590-87fc-26904015b5e0 req-726be073-7e83-4590-87fc-26904015b5e0 ] Request (ImagesNegativeTestJSON:test_create_image_from_deleted_server): 200 GET http://10.180.1.21/compute/v2.1/servers/ff23b756-780d-4e5e-98b0-4ccd0bcd7e97 0.381s
2024-12-23 08:30:01.264 66777 INFO tempest.lib.common.rest_client [req-9c3cea28-a0ba-4798-9c19-527cb6bed549 req-9c3cea28-a0ba-4798-9c19-527cb6bed549 ] Request (ServersNegativeTestJSON:setUpClass): 200 GET http://10.180.1.21/compute/v2.1/servers/03afc473-0ccf-4a3d-8549-b76c82951a22 0.418s
2024-12-23 08:30:01.307 66789 INFO tempest.lib.common.rest_client [req-1dffb9ea-18ba-45e1-ae3f-3fc670d720e8 req-1dffb9ea-18ba-45e1-ae3f-3fc670d720e8 ] Request (FloatingIPsAssociationTestJSON:tearDownClass): 200 GET http://10.180.1.21/compute/v2.1/servers/1b13890c-6c0c-4af0-abfe-0e9feb9efdf7 0.398s
2024-12-23 08:30:01.324 66767 INFO tempest.lib.common.rest_client [req-51f734b4-da0a-4e7e-9c87-520887cfc2de req-51f734b4-da0a-4e7e-9c87-520887cfc2de ] Request (ListServersNegativeTestJSON:setUpClass): 200 GET http://10.180.1.21/compute/v2.1/servers/826b1ff4-b3fe-4f86-a9a3-082dd79bc281 0.357s
2024-12-23 08:30:01.387 66765 INFO tempest.lib.common.rest_client [req-f219e24f-67b3-460f-888d-ef0b3b2b092f req-f219e24f-67b3-460f-888d-ef0b3b2b092f ] Request (AttachInterfacesV270Test:test_create_get_list_interfaces): 200 GET http://10.180.1.21/compute/v2.1/servers/f347346b-2a14-4cea-ab84-47f2952af658 0.266s
2024-12-23 08:30:01.388 66797 INFO tempest.lib.common.rest_client [req-ab13e8af-ce67-49cb-b492-458291ab9229 req-ab13e8af-ce67-49cb-b492-458291ab9229 ] Request (ValidationResourcesFixture:setUp): 201 POST http://10.180.1.21:9696/networking/v2.0/floatingips 0.681s
2024-12-23 08:30:01.429 66801 INFO tempest.lib.common.rest_client [req-71661f2c-ad9a-4d9a-966d-fb37eea6ee9d req-71661f2c-ad9a-4d9a-966d-fb37eea6ee9d ] Request (MigrationsAdminTest:test_list_migrations_in_flavor_resize_situation): 200 GET http://10.180.1.21/compute/v2.1/servers/f7cf5402-4409-4bd6-b173-cccca293b20f 0.331s
2024-12-23 08:30:01.439 66797 INFO tempest.lib.common.rest_client [req-8e96262a-fba1-402e-8b2e-9352b4ddac5f req-8e96262a-fba1-402e-8b2e-9352b4ddac5f ] Request (AttachInterfacesTestJSON:test_create_list_show_delete_interfaces_by_fixed_ip): 201 POST http://10.180.1.21/identity/v3/auth/tokens 0.047s
2024-12-23 08:30:01.439 66797 INFO tempest.lib.common.fixed_network [-] (AttachInterfacesTestJSON:test_create_list_show_delete_interfaces_by_fixed_ip) Found network {'id': '46099d7b-fefa-4419-ab67-e1d7b7d80170', 'name': 'tempest-AttachInterfacesTestJSON-1982587484-network', 'tenant_id': '1f22e496c8b045e7a98237612492d5af', 'admin_state_up': True, 'mtu': 8950, 'status': 'ACTIVE', 'subnets': [], 'shared': False, 'project_id': '1f22e496c8b045e7a98237612492d5af', 'port_security_enabled': True, 'router:external': False, 'provider:network_type': 'vlan', 'provider:physical_network': 'default', 'provider:segmentation_id': 717, 'availability_zone_hints': [], 'availability_zones': [], 'ipv4_address_scope': None, 'ipv6_address_scope': None, 'description': '', 'tags': [], 'created_at': '2024-12-23T08:29:57Z', 'updated_at': '2024-12-23T08:29:57Z', 'revision_number': 1} available for tenant
2024-12-23 08:30:01.483 66779 INFO tempest.lib.common.rest_client [req-e35293db-3bd8-4960-b018-ece7d42e7d3e req-e35293db-3bd8-4960-b018-ece7d42e7d3e ] Request (ListImageFiltersTestJSON:setUpClass): 200 GET http://10.180.1.21/compute/v2.1/servers/60e5ab9c-29f8-4bc7-a3be-07b267f12653 0.251s
2024-12-23 08:30:01.539 66803 INFO tempest.lib.common.rest_client [req-c9485723-b1f1-4e9f-b37d-8308eaa5a8ab req-c9485723-b1f1-4e9f-b37d-8308eaa5a8ab ] Request (DeleteServersTestJSON:test_delete_active_server): 200 GET http://10.180.1.21/compute/v2.1/servers/066c21bf-8eab-4b81-921d-e3b453b1f5e7 0.305s
2024-12-23 08:30:01.547 66827 INFO tempest.lib.common.rest_client [req-abad7fc7-657b-449e-aab1-eb6d5e717039 req-abad7fc7-657b-449e-aab1-eb6d5e717039 ] Request (SecurityGroupsTestJSON:test_security_groups_create_list_delete): 200 POST http://10.180.1.21/compute/v2.1/os-security-groups 0.397s
2024-12-23 08:30:01.595 66787 INFO tempest.lib.common.rest_client [req-cac94eff-8d3e-41bf-abdb-fc7b129715a0 req-cac94eff-8d3e-41bf-abdb-fc7b129715a0 ] Request (ServersAdminTestJSON:setUpClass): 200 GET http://10.180.1.21/compute/v2.1/servers/f6e25ebb-79f4-4197-a351-a603369068cb 0.288s
2024-12-23 08:30:01.691 66827 INFO tempest.lib.common.rest_client [req-b95f29c5-b2fb-49e5-a0f8-afabb451ac1d req-b95f29c5-b2fb-49e5-a0f8-afabb451ac1d ] Request (SecurityGroupsTestJSON:test_security_groups_create_list_delete): 200 POST http://10.180.1.21/compute/v2.1/os-security-groups 0.141s
2024-12-23 08:30:01.759 66781 INFO tempest.lib.common.rest_client [req-e4f52671-cbeb-4f48-bdc8-2f7daa8ecdbf req-e4f52671-cbeb-4f48-bdc8-2f7daa8ecdbf ] Request (ServerRescueTestJSON:setUpClass): 200 GET http://10.180.1.21/compute/v2.1/servers/af50c1ac-8cb1-4d77-8c3d-80f3b05ffa81 0.131s
2024-12-23 08:30:01.866 66827 INFO tempest.lib.common.rest_client [req-d51196e7-4fd4-4467-981f-53170a0fb103 req-d51196e7-4fd4-4467-981f-53170a0fb103 ] Request (SecurityGroupsTestJSON:test_security_groups_create_list_delete): 200 GET http://10.180.1.21/compute/v2.1/os-security-groups 0.173s
2024-12-23 08:30:01.933 66813 INFO tempest.lib.common.rest_client [req-5c1932ef-41da-439a-8abd-24d296d770df req-5c1932ef-41da-439a-8abd-24d296d770df ] Request (ServerShowV257Test:test_rebuild_server): 200 GET http://10.180.1.21/compute/v2.1/servers/1494e9ab-1538-4c17-bb17-af10e9c1c764 0.228s
2024-12-23 08:30:01.960 66791 INFO tempest.lib.common.rest_client [req-dac7b4f8-c77f-4202-a215-efe282bd4d76 req-dac7b4f8-c77f-4202-a215-efe282bd4d76 ] Request (ImagesOneServerNegativeTestJSON:_run_cleanups): 404 GET http://10.180.1.21/compute/v2.1/servers/1c2c657e-ee19-425a-a78a-fe02656c0d52 0.239s
2024-12-23 08:30:02.045 66799 INFO tempest.lib.common.rest_client [req-88e3c237-cdf4-4525-8ebc-5eb96f8ec0d7 req-88e3c237-cdf4-4525-8ebc-5eb96f8ec0d7 ] Request (ServersAdminNegativeTestJSON:tearDownClass): 200 GET http://10.180.1.21/compute/v2.1/servers/9a006271-b6d6-4a7f-b5f7-935fbcc263ab 0.254s
2024-12-23 08:30:02.111 66805 INFO tempest.lib.common.rest_client [req-a28f64b1-81f0-4569-8e65-4605c41c00b8 req-a28f64b1-81f0-4569-8e65-4605c41c00b8 ] Request (DeleteServersAdminTestJSON:test_delete_server_while_in_error_state): 200 GET http://10.180.1.21/compute/v2.1/servers/c16adb4f-babc-421a-9004-948bae581252 0.315s
2024-12-23 08:30:02.211 66797 INFO tempest.lib.common.rest_client [req-dd898b29-dace-45fd-8b18-6aa79f520156 req-dd898b29-dace-45fd-8b18-6aa79f520156 ] Request (AttachInterfacesTestJSON:test_create_list_show_delete_interfaces_by_fixed_ip): 202 POST http://10.180.1.21/compute/v2.1/servers 0.770s
2024-12-23 08:30:02.231 66827 INFO tempest.lib.common.rest_client [req-809c5907-ef8e-412a-b673-58e2e79bcd96 req-809c5907-ef8e-412a-b673-58e2e79bcd96 ] Request (SecurityGroupsTestJSON:test_security_groups_create_list_delete): 202 DELETE http://10.180.1.21/compute/v2.1/os-security-groups/c932f3d9-afd1-42b3-b72f-c617274de8ef 0.360s
2024-12-23 08:30:02.270 66775 INFO tempest.lib.common.rest_client [req-874508d3-6a73-4359-9859-3ea62f982494 req-874508d3-6a73-4359-9859-3ea62f982494 ] Request (ServersAdmin275Test:tearDownClass): 200 GET http://10.180.1.21/compute/v2.1/servers/0b7ee2f0-35d7-4253-9de6-a1e964415865 0.397s
2024-12-23 08:30:02.282 66773 INFO tempest.lib.common.rest_client [req-56359712-f129-4c87-9f8b-6debf6dba913 req-56359712-f129-4c87-9f8b-6debf6dba913 ] Request (ServersTestJSON:test_create_server_with_ipv6_addr_only): 200 GET http://10.180.1.21/compute/v2.1/servers/35dc5996-9d0f-49cc-9b29-9957ecbfa259 0.404s
2024-12-23 08:30:02.321 66791 INFO tempest.lib.common.rest_client [req-c6a31d48-ff39-4065-8877-1c15f55f8005 req-c6a31d48-ff39-4065-8877-1c15f55f8005 ] Request (ImagesOneServerNegativeTestJSON:_run_cleanups): 200 POST http://10.180.1.21/compute/v2.1/os-keypairs 0.360s
2024-12-23 08:30:02.322 66823 INFO tempest.lib.common.rest_client [req-ceb5b1e8-804b-4c69-b42c-c2978631b04a req-ceb5b1e8-804b-4c69-b42c-c2978631b04a ] Request (ServerDiskConfigTestJSON:test_resize_server_from_auto_to_manual): 200 GET http://10.180.1.21/compute/v2.1/servers/24d5e16d-487c-48b0-b034-9204c0af2ea2 0.403s
2024-12-23 08:30:02.375 66797 INFO tempest.lib.common.rest_client [req-7d3d3c84-df71-4ea8-8c7f-52c1f6d3b4be req-7d3d3c84-df71-4ea8-8c7f-52c1f6d3b4be ] Request (AttachInterfacesTestJSON:test_create_list_show_delete_interfaces_by_fixed_ip): 200 GET http://10.180.1.21/compute/v2.1/servers/f22f9e16-5775-45d6-a75f-ef4e294c78b7 0.162s
2024-12-23 08:30:02.405 66827 INFO tempest.lib.common.rest_client [req-9865482d-9284-4b4b-a3ae-8618b8efa40b req-9865482d-9284-4b4b-a3ae-8618b8efa40b ] Request (SecurityGroupsTestJSON:test_security_groups_create_list_delete): 404 GET http://10.180.1.21/compute/v2.1/os-security-groups/c932f3d9-afd1-42b3-b72f-c617274de8ef 0.174s
2024-12-23 08:30:02.416 66821 INFO tempest.lib.common.rest_client [req-52e8e8ae-44d2-4834-ac07-3e7df3836f33 req-52e8e8ae-44d2-4834-ac07-3e7df3836f33 ] Request (ServerExternalEventsTest:test_create_server_external_events): 200 GET http://10.180.1.21/compute/v2.1/servers/a3ca6d81-cdf5-4d44-8a43-d5d9c6eecc4e 0.313s
2024-12-23 08:30:02.424 66821 INFO tempest.common.waiters [-] State transition "BUILD/block_device_mapping" ==> "BUILD/spawning" after 50 second wait
2024-12-23 08:30:02.483 66815 INFO tempest.lib.common.rest_client [req-c63447e5-fd39-44a0-ad20-9daa82db8023 req-c63447e5-fd39-44a0-ad20-9daa82db8023 ] Request (ImagesNegativeTestJSON:test_create_image_from_deleted_server): 200 GET http://10.180.1.21/compute/v2.1/servers/ff23b756-780d-4e5e-98b0-4ccd0bcd7e97 0.239s
2024-12-23 08:30:02.525 66791 INFO tempest.lib.common.rest_client [req-ac9d0185-71df-4ed1-9e12-c4ecccf23f9c req-ac9d0185-71df-4ed1-9e12-c4ecccf23f9c ] Request (ImagesOneServerNegativeTestJSON:_run_cleanups): 201 POST http://10.180.1.21:9696/networking/v2.0/security-groups 0.202s
2024-12-23 08:30:02.554 66789 INFO tempest.lib.common.rest_client [req-397a64b4-3f7b-41d2-bd98-85e710069f65 req-397a64b4-3f7b-41d2-bd98-85e710069f65 ] Request (FloatingIPsAssociationTestJSON:tearDownClass): 200 GET http://10.180.1.21/compute/v2.1/servers/1b13890c-6c0c-4af0-abfe-0e9feb9efdf7 0.230s
2024-12-23 08:30:02.558 66777 INFO tempest.lib.common.rest_client [req-1bd51d36-f20f-4d88-80c2-0ad86d38f46f req-1bd51d36-f20f-4d88-80c2-0ad86d38f46f ] Request (ServersNegativeTestJSON:setUpClass): 200 GET http://10.180.1.21/compute/v2.1/servers/03afc473-0ccf-4a3d-8549-b76c82951a22 0.287s
2024-12-23 08:30:02.609 66767 INFO tempest.lib.common.rest_client [req-5930100a-6c4d-4231-83d4-e2fced88bf55 req-5930100a-6c4d-4231-83d4-e2fced88bf55 ] Request (ListServersNegativeTestJSON:setUpClass): 200 GET http://10.180.1.21/compute/v2.1/servers/826b1ff4-b3fe-4f86-a9a3-082dd79bc281 0.275s
2024-12-23 08:30:02.760 66827 INFO tempest.lib.common.rest_client [req-b3e86592-7a6f-4a7d-ab5c-0e25c1e680f9 req-b3e86592-7a6f-4a7d-ab5c-0e25c1e680f9 ] Request (SecurityGroupsTestJSON:test_security_groups_create_list_delete): 202 DELETE http://10.180.1.21/compute/v2.1/os-security-groups/0413185a-d80b-4d8d-b533-03fd361691b7 0.355s
2024-12-23 08:30:02.820 66765 INFO tempest.lib.common.rest_client [req-6c64b91e-3aab-4147-a7fa-879b61f5a6c5 req-6c64b91e-3aab-4147-a7fa-879b61f5a6c5 ] Request (AttachInterfacesV270Test:test_create_get_list_interfaces): 200 GET http://10.180.1.21/compute/v2.1/servers/f347346b-2a14-4cea-ab84-47f2952af658 0.424s
2024-12-23 08:30:02.880 66779 INFO tempest.lib.common.rest_client [req-d903af04-aee1-403f-aeca-8bea987baf21 req-d903af04-aee1-403f-aeca-8bea987baf21 ] Request (ListImageFiltersTestJSON:setUpClass): 200 GET http://10.180.1.21/compute/v2.1/servers/60e5ab9c-29f8-4bc7-a3be-07b267f12653 0.388s
2024-12-23 08:30:02.903 66791 INFO tempest.lib.common.rest_client [req-d416b47f-3079-4b95-98a9-3fb22640d82a req-d416b47f-3079-4b95-98a9-3fb22640d82a ] Request (ImagesOneServerNegativeTestJSON:_run_cleanups): 201 POST http://10.180.1.21:9696/networking/v2.0/security-group-rules 0.377s
2024-12-23 08:30:02.908 66801 INFO tempest.lib.common.rest_client [req-40a9c86c-fed1-4775-8471-ed8ced7e479c req-40a9c86c-fed1-4775-8471-ed8ced7e479c ] Request (MigrationsAdminTest:test_list_migrations_in_flavor_resize_situation): 200 GET http://10.180.1.21/compute/v2.1/servers/f7cf5402-4409-4bd6-b173-cccca293b20f 0.469s
2024-12-23 08:30:02.944 66803 INFO tempest.lib.common.rest_client [req-a444a74d-ed09-424b-a1e1-bde454e67d24 req-a444a74d-ed09-424b-a1e1-bde454e67d24 ] Request (DeleteServersTestJSON:test_delete_active_server): 200 GET http://10.180.1.21/compute/v2.1/servers/066c21bf-8eab-4b81-921d-e3b453b1f5e7 0.397s
2024-12-23 08:30:02.977 66787 INFO tempest.lib.common.rest_client [req-74207e71-3bbf-49d6-b900-84ad8789ace5 req-74207e71-3bbf-49d6-b900-84ad8789ace5 ] Request (ServersAdminTestJSON:setUpClass): 200 GET http://10.180.1.21/compute/v2.1/servers/f6e25ebb-79f4-4197-a351-a603369068cb 0.374s
2024-12-23 08:30:02.993 66827 INFO tempest.lib.common.rest_client [req-1fd838a8-1ea7-4816-9a93-a43fd1f7934c req-1fd838a8-1ea7-4816-9a93-a43fd1f7934c ] Request (SecurityGroupsTestJSON:test_security_groups_create_list_delete): 404 GET http://10.180.1.21/compute/v2.1/os-security-groups/0413185a-d80b-4d8d-b533-03fd361691b7 0.232s
2024-12-23 08:30:03.057 66817 WARNING tempest.lib.common.ssh [-] Failed to establish authenticated ssh connection to cirros@10.180.180.243 ([Errno None] Unable to connect to port 22 on 10.180.180.243). Number attempts: 6. Retry after 7 seconds.: paramiko.ssh_exception.NoValidConnectionsError: [Errno None] Unable to connect to port 22 on 10.180.180.243
2024-12-23 08:30:03.059 66781 INFO tempest.lib.common.rest_client [req-8c16dc5d-5c0c-4ef8-a418-d50264da0450 req-8c16dc5d-5c0c-4ef8-a418-d50264da0450 ] Request (ServerRescueTestJSON:setUpClass): 200 GET http://10.180.1.21/compute/v2.1/servers/af50c1ac-8cb1-4d77-8c3d-80f3b05ffa81 0.292s
2024-12-23 08:30:03.086 66791 INFO tempest.lib.common.rest_client [req-4dff6b87-61f8-4e95-a74b-58cca12b07a8 req-4dff6b87-61f8-4e95-a74b-58cca12b07a8 ] Request (ImagesOneServerNegativeTestJSON:_run_cleanups): 201 POST http://10.180.1.21:9696/networking/v2.0/security-group-rules 0.183s
2024-12-23 08:30:03.089 66813 INFO tempest.lib.common.rest_client [req-fa1ca98b-ce5f-4cf2-936b-74d9d28f0c61 req-fa1ca98b-ce5f-4cf2-936b-74d9d28f0c61 ] Request (ServerShowV257Test:test_rebuild_server): 200 GET http://10.180.1.21/compute/v2.1/servers/1494e9ab-1538-4c17-bb17-af10e9c1c764 0.140s
2024-12-23 08:30:03.152 66799 INFO tempest.lib.common.rest_client [req-da6d31de-5d00-4391-b583-de788f02d264 req-da6d31de-5d00-4391-b583-de788f02d264 ] Request (ServersAdminNegativeTestJSON:tearDownClass): 200 GET http://10.180.1.21/compute/v2.1/servers/9a006271-b6d6-4a7f-b5f7-935fbcc263ab 0.099s
2024-12-23 08:30:03.217 66805 INFO tempest.lib.common.rest_client [req-d0418b42-7f0b-434c-9782-c5b2fe6c5258 req-d0418b42-7f0b-434c-9782-c5b2fe6c5258 ] Request (DeleteServersAdminTestJSON:test_delete_server_while_in_error_state): 200 GET http://10.180.1.21/compute/v2.1/servers/c16adb4f-babc-421a-9004-948bae581252 0.098s
2024-12-23 08:30:03.266 66827 INFO tempest.lib.common.rest_client [req-552bcddc-5118-47cd-9dbc-6815fb2731ec req-552bcddc-5118-47cd-9dbc-6815fb2731ec ] Request (SecurityGroupsTestJSON:test_security_groups_create_list_delete): 202 DELETE http://10.180.1.21/compute/v2.1/os-security-groups/48a7984b-636d-4cea-82d9-3e570308019b 0.273s
2024-12-23 08:30:03.286 66827 INFO tempest.lib.common.rest_client [req-5332dee4-ba81-47c5-abf8-1cae40ea04ba req-5332dee4-ba81-47c5-abf8-1cae40ea04ba ] Request (SecurityGroupsTestJSON:test_security_groups_create_list_delete): 404 GET http://10.180.1.21/compute/v2.1/os-security-groups/48a7984b-636d-4cea-82d9-3e570308019b 0.019s
2024-12-23 08:30:03.351 66775 INFO tempest.lib.common.rest_client [req-a8f0c5b3-0891-463f-b499-fb1497fe389d req-a8f0c5b3-0891-463f-b499-fb1497fe389d ] Request (ServersAdmin275Test:tearDownClass): 200 GET http://10.180.1.21/compute/v2.1/servers/0b7ee2f0-35d7-4253-9de6-a1e964415865 0.070s
2024-12-23 08:30:03.388 66827 INFO tempest.lib.common.rest_client [req-5699a0ba-e5c9-4d0b-9459-6c1368c365bf req-5699a0ba-e5c9-4d0b-9459-6c1368c365bf ] Request (SecurityGroupsTestJSON:test_security_groups_create_list_delete): 200 GET http://10.180.1.21/compute/v2.1/os-security-groups 0.102s
2024-12-23 08:30:03.401 66773 INFO tempest.lib.common.rest_client [req-5fea5cea-6925-4996-9172-f2f7e3cfb9b2 req-5fea5cea-6925-4996-9172-f2f7e3cfb9b2 ] Request (ServersTestJSON:test_create_server_with_ipv6_addr_only): 200 GET http://10.180.1.21/compute/v2.1/servers/35dc5996-9d0f-49cc-9b29-9957ecbfa259 0.112s
2024-12-23 08:30:03.436 66823 INFO tempest.lib.common.rest_client [req-d3975765-ef6c-42a4-8ad2-2b33eca43554 req-d3975765-ef6c-42a4-8ad2-2b33eca43554 ] Request (ServerDiskConfigTestJSON:test_resize_server_from_auto_to_manual): 200 GET http://10.180.1.21/compute/v2.1/servers/24d5e16d-487c-48b0-b034-9204c0af2ea2 0.106s
2024-12-23 08:30:03.447 66797 INFO tempest.lib.common.rest_client [req-987f1fde-6f35-4394-8d2e-ae8b9d449200 req-987f1fde-6f35-4394-8d2e-ae8b9d449200 ] Request (AttachInterfacesTestJSON:test_create_list_show_delete_interfaces_by_fixed_ip): 200 GET http://10.180.1.21/compute/v2.1/servers/f22f9e16-5775-45d6-a75f-ef4e294c78b7 0.062s
2024-12-23 08:30:03.537 66827 INFO tempest.lib.common.rest_client [req-8d2fffb6-270b-4763-9705-36b53fe8fc97 req-8d2fffb6-270b-4763-9705-36b53fe8fc97 ] Request (SecurityGroupsTestJSON:test_server_security_groups): 200 POST http://10.180.1.21/compute/v2.1/os-security-groups 0.144s
2024-12-23 08:30:03.576 66821 INFO tempest.lib.common.rest_client [req-758c0de3-1e2e-47f2-a9e4-15fcde3b37b2 req-758c0de3-1e2e-47f2-a9e4-15fcde3b37b2 ] Request (ServerExternalEventsTest:test_create_server_external_events): 200 GET http://10.180.1.21/compute/v2.1/servers/a3ca6d81-cdf5-4d44-8a43-d5d9c6eecc4e 0.151s
2024-12-23 08:30:03.601 66815 INFO tempest.lib.common.rest_client [req-b1bdeed8-8e9e-469f-aee5-6fa4a4ac2fa4 req-b1bdeed8-8e9e-469f-aee5-6fa4a4ac2fa4 ] Request (ImagesNegativeTestJSON:test_create_image_from_deleted_server): 200 GET http://10.180.1.21/compute/v2.1/servers/ff23b756-780d-4e5e-98b0-4ccd0bcd7e97 0.108s
2024-12-23 08:30:03.658 66789 INFO tempest.lib.common.rest_client [req-91184d8f-cd0b-4735-ad8d-4c5f08fee09b req-91184d8f-cd0b-4735-ad8d-4c5f08fee09b ] Request (FloatingIPsAssociationTestJSON:tearDownClass): 200 GET http://10.180.1.21/compute/v2.1/servers/1b13890c-6c0c-4af0-abfe-0e9feb9efdf7 0.096s
2024-12-23 08:30:03.665 66791 INFO tempest.lib.common.rest_client [req-1897fcec-d51c-4af3-8834-1396e2126682 req-1897fcec-d51c-4af3-8834-1396e2126682 ] Request (ImagesOneServerNegativeTestJSON:_run_cleanups): 201 POST http://10.180.1.21:9696/networking/v2.0/floatingips 0.577s
2024-12-23 08:30:03.680 66783 WARNING tempest.lib.common.ssh [-] Failed to establish authenticated ssh connection to cirros@10.180.180.157 ([Errno None] Unable to connect to port 22 on 10.180.180.157). Number attempts: 9. Retry after 10 seconds.: paramiko.ssh_exception.NoValidConnectionsError: [Errno None] Unable to connect to port 22 on 10.180.180.157
2024-12-23 08:30:03.715 66827 INFO tempest.lib.common.rest_client [req-c09336a8-fdd1-4365-99a4-0e65086ed0e5 req-c09336a8-fdd1-4365-99a4-0e65086ed0e5 ] Request (SecurityGroupsTestJSON:test_server_security_groups): 200 POST http://10.180.1.21/compute/v2.1/os-security-groups 0.176s
2024-12-23 08:30:03.739 66791 INFO tempest.lib.common.rest_client [req-bb7d0d13-797d-4e2f-b564-e874c23f5a71 req-bb7d0d13-797d-4e2f-b564-e874c23f5a71 ] Request (ImagesOneServerNegativeTestJSON:_run_cleanups): 201 POST http://10.180.1.21/identity/v3/auth/tokens 0.071s
2024-12-23 08:30:03.739 66791 INFO tempest.lib.common.fixed_network [-] (ImagesOneServerNegativeTestJSON:_run_cleanups) Found network {'id': 'bb5c47a7-e492-4be0-bc79-dc4ff1d45673', 'name': 'tempest-ImagesOneServerNegativeTestJSON-633032273-network', 'tenant_id': '895ab6ee710b4a888239a4a54ccfdd9d', 'admin_state_up': True, 'mtu': 8950, 'status': 'ACTIVE', 'subnets': [], 'shared': False, 'project_id': '895ab6ee710b4a888239a4a54ccfdd9d', 'port_security_enabled': True, 'router:external': False, 'provider:network_type': 'vlan', 'provider:physical_network': 'default', 'provider:segmentation_id': 454, 'availability_zone_hints': [], 'availability_zones': [], 'ipv4_address_scope': None, 'ipv6_address_scope': None, 'description': '', 'tags': [], 'created_at': '2024-12-23T08:28:19Z', 'updated_at': '2024-12-23T08:28:19Z', 'revision_number': 1} available for tenant
2024-12-23 08:30:03.764 66767 INFO tempest.lib.common.rest_client [req-3d7b6cf2-9b10-4aa2-8ce7-970a6668fea3 req-3d7b6cf2-9b10-4aa2-8ce7-970a6668fea3 ] Request (ListServersNegativeTestJSON:setUpClass): 200 GET http://10.180.1.21/compute/v2.1/servers/826b1ff4-b3fe-4f86-a9a3-082dd79bc281 0.144s
2024-12-23 08:30:03.783 66827 INFO tempest.lib.common.rest_client [req-854ba7e3-26dc-4da2-9b34-bc1d41b79a4e req-854ba7e3-26dc-4da2-9b34-bc1d41b79a4e ] Request (SecurityGroupsTestJSON:test_server_security_groups): 201 POST http://10.180.1.21/identity/v3/auth/tokens 0.063s
2024-12-23 08:30:03.784 66827 INFO tempest.lib.common.fixed_network [-] (SecurityGroupsTestJSON:test_server_security_groups) Found network {'id': 'a679af4b-f56b-40c9-a015-c8ebff418c78', 'name': 'tempest-SecurityGroupsTestJSON-853256654-network', 'tenant_id': '3716f02245d047b38c3cb29eca65cd2a', 'admin_state_up': True, 'mtu': 8950, 'status': 'ACTIVE', 'subnets': [], 'shared': False, 'project_id': '3716f02245d047b38c3cb29eca65cd2a', 'port_security_enabled': True, 'router:external': False, 'provider:network_type': 'vlan', 'provider:physical_network': 'default', 'provider:segmentation_id': 734, 'availability_zone_hints': [], 'availability_zones': [], 'ipv4_address_scope': None, 'ipv6_address_scope': None, 'description': '', 'tags': [], 'created_at': '2024-12-23T08:28:57Z', 'updated_at': '2024-12-23T08:28:57Z', 'revision_number': 1} available for tenant
2024-12-23 08:30:03.786 66777 INFO tempest.lib.common.rest_client [req-acd42ef1-8348-434f-913d-d3fc489b1306 req-acd42ef1-8348-434f-913d-d3fc489b1306 ] Request (ServersNegativeTestJSON:setUpClass): 200 GET http://10.180.1.21/compute/v2.1/servers/03afc473-0ccf-4a3d-8549-b76c82951a22 0.216s
2024-12-23 08:30:04.093 66791 INFO tempest.lib.common.rest_client [req-be5c14b6-510b-4c93-b68a-841f89e34dba req-be5c14b6-510b-4c93-b68a-841f89e34dba ] Request (ImagesOneServerNegativeTestJSON:_run_cleanups): 202 POST http://10.180.1.21/compute/v2.1/servers 0.352s
2024-12-23 08:30:04.093 66827 INFO tempest.lib.common.rest_client [req-d0b80701-b2ef-4cfe-aa1f-e755e9bc06f5 req-d0b80701-b2ef-4cfe-aa1f-e755e9bc06f5 ] Request (SecurityGroupsTestJSON:test_server_security_groups): 202 POST http://10.180.1.21/compute/v2.1/servers 0.309s
2024-12-23 08:30:04.165 66779 INFO tempest.lib.common.rest_client [req-81c25843-e688-4feb-81f4-6236c47b3070 req-81c25843-e688-4feb-81f4-6236c47b3070 ] Request (ListImageFiltersTestJSON:setUpClass): 200 GET http://10.180.1.21/compute/v2.1/servers/60e5ab9c-29f8-4bc7-a3be-07b267f12653 0.277s
2024-12-23 08:30:04.168 66765 INFO tempest.lib.common.rest_client [req-d1539bf9-7410-4def-b492-a7927fa2a36f req-d1539bf9-7410-4def-b492-a7927fa2a36f ] Request (AttachInterfacesV270Test:test_create_get_list_interfaces): 200 GET http://10.180.1.21/compute/v2.1/servers/f347346b-2a14-4cea-ab84-47f2952af658 0.332s
2024-12-23 08:30:04.230 66803 INFO tempest.lib.common.rest_client [req-f1c73ac4-1af6-4a12-b01c-a1cbdd8b49b6 req-f1c73ac4-1af6-4a12-b01c-a1cbdd8b49b6 ] Request (DeleteServersTestJSON:test_delete_active_server): 200 GET http://10.180.1.21/compute/v2.1/servers/066c21bf-8eab-4b81-921d-e3b453b1f5e7 0.278s
2024-12-23 08:30:04.280 66787 INFO tempest.lib.common.rest_client [req-19479291-6921-499d-9606-35febc82d07b req-19479291-6921-499d-9606-35febc82d07b ] Request (ServersAdminTestJSON:setUpClass): 200 GET http://10.180.1.21/compute/v2.1/servers/f6e25ebb-79f4-4197-a351-a603369068cb 0.293s
2024-12-23 08:30:04.319 66801 INFO tempest.lib.common.rest_client [req-dadec7cc-9b75-4c66-ab67-af22a0d4e935 req-dadec7cc-9b75-4c66-ab67-af22a0d4e935 ] Request (MigrationsAdminTest:test_list_migrations_in_flavor_resize_situation): 200 GET http://10.180.1.21/compute/v2.1/servers/f7cf5402-4409-4bd6-b173-cccca293b20f 0.403s
2024-12-23 08:30:04.332 66781 INFO tempest.lib.common.rest_client [req-94480fdf-6bcb-4759-89a8-724d9be424dd req-94480fdf-6bcb-4759-89a8-724d9be424dd ] Request (ServerRescueTestJSON:setUpClass): 200 GET http://10.180.1.21/compute/v2.1/servers/af50c1ac-8cb1-4d77-8c3d-80f3b05ffa81 0.263s
2024-12-23 08:30:04.358 66791 INFO tempest.lib.common.rest_client [req-cd583f69-5310-40a3-a81d-f208119a9ffc req-cd583f69-5310-40a3-a81d-f208119a9ffc ] Request (ImagesOneServerNegativeTestJSON:_run_cleanups): 200 GET http://10.180.1.21/compute/v2.1/servers/692dbee1-4ba7-4b4e-877d-afc69bdcd7b3 0.264s
2024-12-23 08:30:04.368 66827 INFO tempest.lib.common.rest_client [req-7fe35a7b-3a81-40c5-a833-c5480c8bdd27 req-7fe35a7b-3a81-40c5-a833-c5480c8bdd27 ] Request (SecurityGroupsTestJSON:test_server_security_groups): 200 GET http://10.180.1.21/compute/v2.1/servers/75bf8bf0-37a8-416e-87e9-7dc66f3c1ee9 0.272s
2024-12-23 08:30:04.405 66813 INFO tempest.lib.common.rest_client [req-f2bd6c27-948b-4363-a1d9-22714d9c9214 req-f2bd6c27-948b-4363-a1d9-22714d9c9214 ] Request (ServerShowV257Test:test_rebuild_server): 200 GET http://10.180.1.21/compute/v2.1/servers/1494e9ab-1538-4c17-bb17-af10e9c1c764 0.300s
2024-12-23 08:30:04.421 66799 INFO tempest.lib.common.rest_client [req-99892cb9-8134-4e2b-b24d-c105d8565050 req-99892cb9-8134-4e2b-b24d-c105d8565050 ] Request (ServersAdminNegativeTestJSON:tearDownClass): 200 GET http://10.180.1.21/compute/v2.1/servers/9a006271-b6d6-4a7f-b5f7-935fbcc263ab 0.261s
2024-12-23 08:30:04.454 66805 INFO tempest.lib.common.rest_client [req-11d89887-c1d1-4732-9b1d-434fa00d69ce req-11d89887-c1d1-4732-9b1d-434fa00d69ce ] Request (DeleteServersAdminTestJSON:test_delete_server_while_in_error_state): 200 GET http://10.180.1.21/compute/v2.1/servers/c16adb4f-babc-421a-9004-948bae581252 0.230s
2024-12-23 08:30:04.478 66775 INFO tempest.lib.common.rest_client [req-1730004e-c21b-4749-bc34-853221df497e req-1730004e-c21b-4749-bc34-853221df497e ] Request (ServersAdmin275Test:tearDownClass): 200 GET http://10.180.1.21/compute/v2.1/servers/0b7ee2f0-35d7-4253-9de6-a1e964415865 0.118s
2024-12-23 08:30:04.499 66773 INFO tempest.lib.common.rest_client [req-c073fa8f-b2b9-4d82-8086-c5e02e7f9768 req-c073fa8f-b2b9-4d82-8086-c5e02e7f9768 ] Request (ServersTestJSON:test_create_server_with_ipv6_addr_only): 200 GET http://10.180.1.21/compute/v2.1/servers/35dc5996-9d0f-49cc-9b29-9957ecbfa259 0.091s
2024-12-23 08:30:04.523 66823 INFO tempest.lib.common.rest_client [req-7176ddac-6a8e-48ea-baae-ddc40ce9dbe7 req-7176ddac-6a8e-48ea-baae-ddc40ce9dbe7 ] Request (ServerDiskConfigTestJSON:test_resize_server_from_auto_to_manual): 200 GET http://10.180.1.21/compute/v2.1/servers/24d5e16d-487c-48b0-b034-9204c0af2ea2 0.077s
2024-12-23 08:30:04.545 66797 INFO tempest.lib.common.rest_client [req-e68ae7cc-b074-4a2f-b355-475ec7087d78 req-e68ae7cc-b074-4a2f-b355-475ec7087d78 ] Request (AttachInterfacesTestJSON:test_create_list_show_delete_interfaces_by_fixed_ip): 200 GET http://10.180.1.21/compute/v2.1/servers/f22f9e16-5775-45d6-a75f-ef4e294c78b7 0.091s
2024-12-23 08:30:04.671 66815 INFO tempest.lib.common.rest_client [req-70cad27e-e171-4322-8ecb-a4d05b16ab81 req-70cad27e-e171-4322-8ecb-a4d05b16ab81 ] Request (ImagesNegativeTestJSON:test_create_image_from_deleted_server): 200 GET http://10.180.1.21/compute/v2.1/servers/ff23b756-780d-4e5e-98b0-4ccd0bcd7e97 0.060s
2024-12-23 08:30:04.692 66789 INFO tempest.lib.common.rest_client [req-c36080d8-246d-4193-9333-facf807edb0b req-c36080d8-246d-4193-9333-facf807edb0b ] Request (FloatingIPsAssociationTestJSON:tearDownClass): 404 GET http://10.180.1.21/compute/v2.1/servers/1b13890c-6c0c-4af0-abfe-0e9feb9efdf7 0.027s
2024-12-23 08:30:04.744 66821 INFO tempest.lib.common.rest_client [req-0b0ac6ca-04e7-4594-8b71-2fdae4c0f266 req-0b0ac6ca-04e7-4594-8b71-2fdae4c0f266 ] Request (ServerExternalEventsTest:test_create_server_external_events): 200 GET http://10.180.1.21/compute/v2.1/servers/a3ca6d81-cdf5-4d44-8a43-d5d9c6eecc4e 0.161s
2024-12-23 08:30:04.823 66767 INFO tempest.lib.common.rest_client [req-7428ebd1-7e79-4d55-b962-15f9920ac129 req-7428ebd1-7e79-4d55-b962-15f9920ac129 ] Request (ListServersNegativeTestJSON:setUpClass): 200 GET http://10.180.1.21/compute/v2.1/servers/826b1ff4-b3fe-4f86-a9a3-082dd79bc281 0.050s
2024-12-23 08:30:04.919 66777 INFO tempest.lib.common.rest_client [req-3a956ed5-9489-43ed-8666-9e8167673629 req-3a956ed5-9489-43ed-8666-9e8167673629 ] Request (ServersNegativeTestJSON:setUpClass): 200 GET http://10.180.1.21/compute/v2.1/servers/03afc473-0ccf-4a3d-8549-b76c82951a22 0.122s
2024-12-23 08:30:05.033 66789 INFO tempest.lib.common.rest_client [req-79e75a7d-63dd-438e-a655-57ee29e22972 req-79e75a7d-63dd-438e-a655-57ee29e22972 ] Request (FloatingIPsAssociationTestJSON:tearDownClass): 202 DELETE http://10.180.1.21/compute/v2.1/os-floating-ips/210aa7e4-7254-4026-966e-b411813d5be4 0.340s
2024-12-23 08:30:05.130 66789 INFO tempest.lib.common.rest_client [req-0f4066f9-dde6-47ef-9a54-b886da4fc45b req-0f4066f9-dde6-47ef-9a54-b886da4fc45b ] Request (FloatingIPsAssociationTestJSON:tearDownClass): 204 DELETE http://10.180.1.21/compute/v2.1/servers/9591494e-097f-4528-a615-88bbdf4178b0 0.096s
2024-12-23 08:30:05.225 66779 INFO tempest.lib.common.rest_client [req-cc3684b3-60ce-43c9-ae10-78f2b82ad8dd req-cc3684b3-60ce-43c9-ae10-78f2b82ad8dd ] Request (ListImageFiltersTestJSON:setUpClass): 200 GET http://10.180.1.21/compute/v2.1/servers/60e5ab9c-29f8-4bc7-a3be-07b267f12653 0.053s
2024-12-23 08:30:05.261 66789 INFO tempest.lib.common.rest_client [req-81d00e2e-15c1-40b0-9b75-fc480666c8e9 req-81d00e2e-15c1-40b0-9b75-fc480666c8e9 ] Request (FloatingIPsAssociationTestJSON:tearDownClass): 200 GET http://10.180.1.21/compute/v2.1/servers/9591494e-097f-4528-a615-88bbdf4178b0 0.131s
2024-12-23 08:30:05.275 66765 INFO tempest.lib.common.rest_client [req-add541bc-5d9c-4059-b86f-680ffb5b08cc req-add541bc-5d9c-4059-b86f-680ffb5b08cc ] Request (AttachInterfacesV270Test:test_create_get_list_interfaces): 200 GET http://10.180.1.21/compute/v2.1/servers/f347346b-2a14-4cea-ab84-47f2952af658 0.094s
2024-12-23 08:30:05.314 66803 INFO tempest.lib.common.rest_client [req-ca7ce92e-b36f-4df8-a9cd-5ee52645e073 req-ca7ce92e-b36f-4df8-a9cd-5ee52645e073 ] Request (DeleteServersTestJSON:test_delete_active_server): 200 GET http://10.180.1.21/compute/v2.1/servers/066c21bf-8eab-4b81-921d-e3b453b1f5e7 0.077s
2024-12-23 08:30:05.336 66787 INFO tempest.lib.common.rest_client [req-047ef47a-a1d4-4724-8e26-3951d9c759f3 req-047ef47a-a1d4-4724-8e26-3951d9c759f3 ] Request (ServersAdminTestJSON:setUpClass): 200 GET http://10.180.1.21/compute/v2.1/servers/f6e25ebb-79f4-4197-a351-a603369068cb 0.048s
2024-12-23 08:30:05.392 66781 INFO tempest.lib.common.rest_client [req-3d935db7-cf94-4d0e-9523-19c807dcfd5a req-3d935db7-cf94-4d0e-9523-19c807dcfd5a ] Request (ServerRescueTestJSON:setUpClass): 200 GET http://10.180.1.21/compute/v2.1/servers/af50c1ac-8cb1-4d77-8c3d-80f3b05ffa81 0.050s
2024-12-23 08:30:05.421 66793 WARNING tempest.lib.common.ssh [-] Failed to establish authenticated ssh connection to cirros@10.180.180.248 ([Errno None] Unable to connect to port 22 on 10.180.180.248). Number attempts: 10. Retry after 11 seconds.: paramiko.ssh_exception.NoValidConnectionsError: [Errno None] Unable to connect to port 22 on 10.180.180.248
2024-12-23 08:30:05.423 66801 INFO tempest.lib.common.rest_client [req-a6d98b07-c826-45f7-a127-3b8b7585619a req-a6d98b07-c826-45f7-a127-3b8b7585619a ] Request (MigrationsAdminTest:test_list_migrations_in_flavor_resize_situation): 200 GET http://10.180.1.21/compute/v2.1/servers/f7cf5402-4409-4bd6-b173-cccca293b20f 0.097s
2024-12-23 08:30:05.436 66791 INFO tempest.lib.common.rest_client [req-b6eec434-be50-4952-be29-decbb525b885 req-b6eec434-be50-4952-be29-decbb525b885 ] Request (ImagesOneServerNegativeTestJSON:_run_cleanups): 200 GET http://10.180.1.21/compute/v2.1/servers/692dbee1-4ba7-4b4e-877d-afc69bdcd7b3 0.070s
2024-12-23 08:30:05.469 66827 INFO tempest.lib.common.rest_client [req-5185d34b-588e-4b5e-9e6e-b33de9f09005 req-5185d34b-588e-4b5e-9e6e-b33de9f09005 ] Request (SecurityGroupsTestJSON:test_server_security_groups): 200 GET http://10.180.1.21/compute/v2.1/servers/75bf8bf0-37a8-416e-87e9-7dc66f3c1ee9 0.093s
2024-12-23 08:30:05.484 66813 INFO tempest.lib.common.rest_client [req-9670d510-5f38-45ec-ab09-3d86eff01aa5 req-9670d510-5f38-45ec-ab09-3d86eff01aa5 ] Request (ServerShowV257Test:test_rebuild_server): 200 GET http://10.180.1.21/compute/v2.1/servers/1494e9ab-1538-4c17-bb17-af10e9c1c764 0.071s
2024-12-23 08:30:05.520 66799 INFO tempest.lib.common.rest_client [req-d239bc6a-af23-4fbf-a0f8-eedfe40083e7 req-d239bc6a-af23-4fbf-a0f8-eedfe40083e7 ] Request (ServersAdminNegativeTestJSON:tearDownClass): 200 GET http://10.180.1.21/compute/v2.1/servers/9a006271-b6d6-4a7f-b5f7-935fbcc263ab 0.092s
2024-12-23 08:30:05.535 66805 INFO tempest.lib.common.rest_client [req-dbedd205-04d5-4521-8d19-447d7fbf0f6e req-dbedd205-04d5-4521-8d19-447d7fbf0f6e ] Request (DeleteServersAdminTestJSON:test_delete_server_while_in_error_state): 200 GET http://10.180.1.21/compute/v2.1/servers/c16adb4f-babc-421a-9004-948bae581252 0.073s
2024-12-23 08:30:05.583 66775 INFO tempest.lib.common.rest_client [req-196b9049-6f7a-4b47-a7a2-fa49f78f716e req-196b9049-6f7a-4b47-a7a2-fa49f78f716e ] Request (ServersAdmin275Test:tearDownClass): 200 GET http://10.180.1.21/compute/v2.1/servers/0b7ee2f0-35d7-4253-9de6-a1e964415865 0.096s
2024-12-23 08:30:05.595 66773 INFO tempest.lib.common.rest_client [req-aea3560d-7799-4cc5-981a-bcf39c6c69c6 req-aea3560d-7799-4cc5-981a-bcf39c6c69c6 ] Request (ServersTestJSON:test_create_server_with_ipv6_addr_only): 200 GET http://10.180.1.21/compute/v2.1/servers/35dc5996-9d0f-49cc-9b29-9957ecbfa259 0.089s
2024-12-23 08:30:05.631 66823 INFO tempest.lib.common.rest_client [req-4c908a37-e789-4762-aa8f-4bcb4cd74967 req-4c908a37-e789-4762-aa8f-4bcb4cd74967 ] Request (ServerDiskConfigTestJSON:test_resize_server_from_auto_to_manual): 200 GET http://10.180.1.21/compute/v2.1/servers/24d5e16d-487c-48b0-b034-9204c0af2ea2 0.102s
2024-12-23 08:30:05.668 66797 INFO tempest.lib.common.rest_client [req-188aad60-a0cb-4911-9123-44137cb86bf4 req-188aad60-a0cb-4911-9123-44137cb86bf4 ] Request (AttachInterfacesTestJSON:test_create_list_show_delete_interfaces_by_fixed_ip): 200 GET http://10.180.1.21/compute/v2.1/servers/f22f9e16-5775-45d6-a75f-ef4e294c78b7 0.112s
2024-12-23 08:30:05.740 66815 INFO tempest.lib.common.rest_client [req-a77c9dae-d384-49a3-93eb-34ddf226203a req-a77c9dae-d384-49a3-93eb-34ddf226203a ] Request (ImagesNegativeTestJSON:test_create_image_from_deleted_server): 200 GET http://10.180.1.21/compute/v2.1/servers/ff23b756-780d-4e5e-98b0-4ccd0bcd7e97 0.061s
2024-12-23 08:30:05.858 66821 INFO tempest.lib.common.rest_client [req-3a644559-c483-438b-ace7-7fb265422333 req-3a644559-c483-438b-ace7-7fb265422333 ] Request (ServerExternalEventsTest:test_create_server_external_events): 200 GET http://10.180.1.21/compute/v2.1/servers/a3ca6d81-cdf5-4d44-8a43-d5d9c6eecc4e 0.103s
2024-12-23 08:30:05.879 66767 INFO tempest.lib.common.rest_client [req-9789a328-cfb7-4305-93c8-49259d4799ba req-9789a328-cfb7-4305-93c8-49259d4799ba ] Request (ListServersNegativeTestJSON:setUpClass): 200 GET http://10.180.1.21/compute/v2.1/servers/826b1ff4-b3fe-4f86-a9a3-082dd79bc281 0.047s
2024-12-23 08:30:06.050 66777 INFO tempest.lib.common.rest_client [req-78f4a5e5-9b55-42f2-a4bc-c3dda15fc7f7 req-78f4a5e5-9b55-42f2-a4bc-c3dda15fc7f7 ] Request (ServersNegativeTestJSON:setUpClass): 200 GET http://10.180.1.21/compute/v2.1/servers/03afc473-0ccf-4a3d-8549-b76c82951a22 0.124s
2024-12-23 08:30:06.289 66779 INFO tempest.lib.common.rest_client [req-f5809f51-6dfa-4c68-aea6-326eb88c3b7d req-f5809f51-6dfa-4c68-aea6-326eb88c3b7d ] Request (ListImageFiltersTestJSON:setUpClass): 200 GET http://10.180.1.21/compute/v2.1/servers/60e5ab9c-29f8-4bc7-a3be-07b267f12653 0.058s
2024-12-23 08:30:06.341 66765 INFO tempest.lib.common.rest_client [req-a7ecdd03-0585-4cf7-b6f9-b8ebba21b338 req-a7ecdd03-0585-4cf7-b6f9-b8ebba21b338 ] Request (AttachInterfacesV270Test:test_create_get_list_interfaces): 200 GET http://10.180.1.21/compute/v2.1/servers/f347346b-2a14-4cea-ab84-47f2952af658 0.057s
2024-12-23 08:30:06.398 66803 INFO tempest.lib.common.rest_client [req-9efec35f-50e4-4a94-8847-6ba75cef79a0 req-9efec35f-50e4-4a94-8847-6ba75cef79a0 ] Request (DeleteServersTestJSON:test_delete_active_server): 200 GET http://10.180.1.21/compute/v2.1/servers/066c21bf-8eab-4b81-921d-e3b453b1f5e7 0.076s
2024-12-23 08:30:06.409 66789 INFO tempest.lib.common.rest_client [req-056231ff-bbe9-4ad4-b8b8-c973611a0f7c req-056231ff-bbe9-4ad4-b8b8-c973611a0f7c ] Request (FloatingIPsAssociationTestJSON:tearDownClass): 200 GET http://10.180.1.21/compute/v2.1/servers/9591494e-097f-4528-a615-88bbdf4178b0 0.141s
2024-12-23 08:30:06.452 66787 INFO tempest.lib.common.rest_client [req-b7ef81f6-2735-489c-974f-863f2707ea2f req-b7ef81f6-2735-489c-974f-863f2707ea2f ] Request (ServersAdminTestJSON:setUpClass): 200 GET http://10.180.1.21/compute/v2.1/servers/f6e25ebb-79f4-4197-a351-a603369068cb 0.108s
2024-12-23 08:30:06.460 66781 INFO tempest.lib.common.rest_client [req-e811ce97-4df8-4e82-8ed2-a6c583be4b5d req-e811ce97-4df8-4e82-8ed2-a6c583be4b5d ] Request (ServerRescueTestJSON:setUpClass): 200 GET http://10.180.1.21/compute/v2.1/servers/af50c1ac-8cb1-4d77-8c3d-80f3b05ffa81 0.062s
2024-12-23 08:30:06.508 66791 INFO tempest.lib.common.rest_client [req-ca038c50-ff11-441e-9400-fc3a101c5aad req-ca038c50-ff11-441e-9400-fc3a101c5aad ] Request (ImagesOneServerNegativeTestJSON:_run_cleanups): 200 GET http://10.180.1.21/compute/v2.1/servers/692dbee1-4ba7-4b4e-877d-afc69bdcd7b3 0.065s
2024-12-23 08:30:06.553 66801 INFO tempest.lib.common.rest_client [req-40febc62-c319-40db-ba70-69716cfe53db req-40febc62-c319-40db-ba70-69716cfe53db ] Request (MigrationsAdminTest:test_list_migrations_in_flavor_resize_situation): 200 GET http://10.180.1.21/compute/v2.1/servers/f7cf5402-4409-4bd6-b173-cccca293b20f 0.122s
2024-12-23 08:30:06.553 66827 INFO tempest.lib.common.rest_client [req-6db3572a-6ee0-415b-8e83-baf417a44d56 req-6db3572a-6ee0-415b-8e83-baf417a44d56 ] Request (SecurityGroupsTestJSON:test_server_security_groups): 200 GET http://10.180.1.21/compute/v2.1/servers/75bf8bf0-37a8-416e-87e9-7dc66f3c1ee9 0.077s
2024-12-23 08:30:06.602 66813 INFO tempest.lib.common.rest_client [req-7bf74d75-a595-486d-9880-4ab4d943950b req-7bf74d75-a595-486d-9880-4ab4d943950b ] Request (ServerShowV257Test:test_rebuild_server): 200 GET http://10.180.1.21/compute/v2.1/servers/1494e9ab-1538-4c17-bb17-af10e9c1c764 0.109s
2024-12-23 08:30:06.610 66799 INFO tempest.lib.common.rest_client [req-8928066a-12cf-4877-bab8-7e5b3f3d653e req-8928066a-12cf-4877-bab8-7e5b3f3d653e ] Request (ServersAdminNegativeTestJSON:tearDownClass): 200 GET http://10.180.1.21/compute/v2.1/servers/9a006271-b6d6-4a7f-b5f7-935fbcc263ab 0.081s
2024-12-23 08:30:06.621 66805 INFO tempest.lib.common.rest_client [req-194ae54b-7ad9-467e-92b4-1922595d5825 req-194ae54b-7ad9-467e-92b4-1922595d5825 ] Request (DeleteServersAdminTestJSON:test_delete_server_while_in_error_state): 404 GET http://10.180.1.21/compute/v2.1/servers/c16adb4f-babc-421a-9004-948bae581252 0.079s
2024-12-23 08:30:06.665 66773 INFO tempest.lib.common.rest_client [req-b184d315-7863-486a-ba5a-c61d6aaa7501 req-b184d315-7863-486a-ba5a-c61d6aaa7501 ] Request (ServersTestJSON:test_create_server_with_ipv6_addr_only): 200 GET http://10.180.1.21/compute/v2.1/servers/35dc5996-9d0f-49cc-9b29-9957ecbfa259 0.063s
2024-12-23 08:30:06.671 66775 INFO tempest.lib.common.rest_client [req-ac4996ae-be0a-4d18-9c13-87e991ae3a56 req-ac4996ae-be0a-4d18-9c13-87e991ae3a56 ] Request (ServersAdmin275Test:tearDownClass): 200 GET http://10.180.1.21/compute/v2.1/servers/0b7ee2f0-35d7-4253-9de6-a1e964415865 0.078s
2024-12-23 08:30:06.683 66805 INFO tempest.lib.common.rest_client [req-d0b76fd0-4efe-4e66-9d68-0ac3cf176327 req-d0b76fd0-4efe-4e66-9d68-0ac3cf176327 ] Request (DeleteServersAdminTestJSON:tearDownClass): 404 DELETE http://10.180.1.21/compute/v2.1/servers/c16adb4f-babc-421a-9004-948bae581252 0.061s
2024-12-23 08:30:06.722 66823 INFO tempest.lib.common.rest_client [req-36975fe7-736b-4eea-8614-fb3b9531e28d req-36975fe7-736b-4eea-8614-fb3b9531e28d ] Request (ServerDiskConfigTestJSON:test_resize_server_from_auto_to_manual): 200 GET http://10.180.1.21/compute/v2.1/servers/24d5e16d-487c-48b0-b034-9204c0af2ea2 0.083s
2024-12-23 08:30:06.729 66797 INFO tempest.lib.common.rest_client [req-80ce8152-6386-4019-8c80-a6889f4d7230 req-80ce8152-6386-4019-8c80-a6889f4d7230 ] Request (AttachInterfacesTestJSON:test_create_list_show_delete_interfaces_by_fixed_ip): 200 GET http://10.180.1.21/compute/v2.1/servers/f22f9e16-5775-45d6-a75f-ef4e294c78b7 0.053s
2024-12-23 08:30:06.743 66805 INFO tempest.lib.common.rest_client [req-4908d393-e0ac-4db6-9b15-ffbc5e588e86 req-4908d393-e0ac-4db6-9b15-ffbc5e588e86 ] Request (DeleteServersAdminTestJSON:tearDownClass): 404 GET http://10.180.1.21/compute/v2.1/servers/c16adb4f-babc-421a-9004-948bae581252 0.059s
2024-12-23 08:30:06.767 66805 INFO tempest.lib.common.rest_client [req-e51c9a27-b3bd-4a69-909c-dda3f4976acf req-e51c9a27-b3bd-4a69-909c-dda3f4976acf ] Request (DeleteServersAdminTestJSON:tearDownClass): 404 DELETE http://10.180.1.21/compute/v2.1/servers/2af79296-4820-4007-9bc6-697d46d90656 0.024s
2024-12-23 08:30:06.791 66805 INFO tempest.lib.common.rest_client [req-6d10b42b-4e33-45ce-9b94-25410530368d req-6d10b42b-4e33-45ce-9b94-25410530368d ] Request (DeleteServersAdminTestJSON:tearDownClass): 404 GET http://10.180.1.21/compute/v2.1/servers/2af79296-4820-4007-9bc6-697d46d90656 0.023s
