2024-12-23 08:28:12.929 66789 INFO tempest.lib.common.rest_client [req-a8b3e459-717d-44ae-a174-b6a5a5c7ee28 req-a8b3e459-717d-44ae-a174-b6a5a5c7ee28 ] Request (ServicesAdminTestJSON:tearDownClass): 204 DELETE http://10.180.1.21/identity/v3/projects/1391fc6a556340c5962a0dcdaa246aff 0.135s
2024-12-23 08:28:13.004 66777 INFO tempest.lib.common.rest_client [req-69452e16-2de3-400b-8136-e8312340433f req-69452e16-2de3-400b-8136-e8312340433f ] Request (FloatingIPDetailsNegativeTestJSON:setUpClass): 201 POST http://10.180.1.21/identity/v3/auth/tokens 0.128s
2024-12-23 08:28:13.025 66793 INFO tempest.lib.common.rest_client [req-62251354-874e-448a-b0de-f17f59f9c58e req-62251354-874e-448a-b0de-f17f59f9c58e ] Request (VolumesAssistedSnapshotsTest:test_volume_assisted_snapshot_create_delete): 201 POST http://10.180.1.21:9696/networking/v2.0/security-group-rules 0.174s
2024-12-23 08:28:13.034 66811 INFO tempest.lib.common.rest_client [req-66501249-b98b-4a45-8b7f-da3063e5caab req-66501249-b98b-4a45-8b7f-da3063e5caab ] Request (HypervisorAdminTestJSON:tearDownClass): 204 DELETE http://10.180.1.21/identity/v3/users/147ceb90c80e4be88c90de1e5ddf70c7 0.164s
2024-12-23 08:28:13.076 66773 INFO tempest.lib.common.rest_client [req-f0e4d8db-c8e7-42ba-81df-91ba155074d7 req-f0e4d8db-c8e7-42ba-81df-91ba155074d7 ] Request (KeyPairsV22TestJSON:setUpClass): 204 PUT http://10.180.1.21/identity/v3/projects/1eb26b7d23d14dd9866485a4d5ee4558/users/b1c23306a7c145a8b63716fdc57de67e/roles/83ff695d77f448caa7bf4e48d050944d 0.184s
2024-12-23 08:28:13.076 66773 INFO tempest.lib.common.dynamic_creds [-] Dynamic test user b1c23306a7c145a8b63716fdc57de67e is created with scope project and roles: ['member']
2024-12-23 08:28:13.076 66773 INFO tempest.lib.common.dynamic_creds [-] Acquired dynamic creds: credentials: Credentials: {'domain_id': 'default', 'domain_name': 'Default', 'username': 'tempest-KeyPairsV22TestJSON-854711091-project-member', 'project_domain_id': 'default', 'project_domain_name': 'Default', 'project_id': '1eb26b7d23d14dd9866485a4d5ee4558', 'project_name': 'tempest-KeyPairsV22TestJSON-854711091', 'tenant_id': '1eb26b7d23d14dd9866485a4d5ee4558', 'tenant_name': 'tempest-KeyPairsV22TestJSON-854711091', 'user_domain_id': 'default', 'user_domain_name': 'Default', 'user_id': 'b1c23306a7c145a8b63716fdc57de67e', 'system': None}, Network: None, Subnet: None, Router: None
2024-12-23 08:28:13.076 66773 INFO tempest.lib.common.dynamic_creds [-] Created isolated network resources for: credentials: Credentials: {'domain_id': 'default', 'domain_name': 'Default', 'username': 'tempest-KeyPairsV22TestJSON-854711091-project-member', 'project_domain_id': 'default', 'project_domain_name': 'Default', 'project_id': '1eb26b7d23d14dd9866485a4d5ee4558', 'project_name': 'tempest-KeyPairsV22TestJSON-854711091', 'tenant_id': '1eb26b7d23d14dd9866485a4d5ee4558', 'tenant_name': 'tempest-KeyPairsV22TestJSON-854711091', 'user_domain_id': 'default', 'user_domain_name': 'Default', 'user_id': 'b1c23306a7c145a8b63716fdc57de67e', 'system': None}, Network: None, Subnet: None, Router: None
2024-12-23 08:28:13.092 66827 INFO tempest.lib.common.rest_client [req-f2b37161-63ed-419b-bbe7-db4fab6d0aa0 req-f2b37161-63ed-419b-bbe7-db4fab6d0aa0 ] Request (SecurityGroupRulesTestJSON:test_security_group_rules_create_with_optional_group_id): 200 POST http://10.180.1.21/compute/v2.1/os-security-groups 1.011s
2024-12-23 08:28:13.096 66787 INFO tempest.lib.common.rest_client [req-12d38779-6b33-44cf-a277-d62cfb59cd02 req-12d38779-6b33-44cf-a277-d62cfb59cd02 ] Request (QuotasAdminNegativeTest:test_create_server_when_instances_quota_is_full): 201 POST http://10.180.1.21/identity/v3/auth/tokens 0.192s
2024-12-23 08:28:13.097 66787 INFO tempest.lib.common.fixed_network [-] (QuotasAdminNegativeTest:test_create_server_when_instances_quota_is_full) Found network None available for tenant
2024-12-23 08:28:13.100 66821 INFO tempest.lib.common.rest_client [req-6fd1d2fd-98b9-43da-a7bf-d3cffb0ec07e req-6fd1d2fd-98b9-43da-a7bf-d3cffb0ec07e ] Request (HypervisorAdminNegativeTestJSON:test_get_hypervisor_uptime_with_non_admin_user): 403 GET http://10.180.1.21/compute/v2.1/os-hypervisors/1/uptime 0.854s
2024-12-23 08:28:13.104 66803 INFO tempest.lib.common.rest_client [req-84eebd53-e449-447d-b1a2-5929a3271aed req-84eebd53-e449-447d-b1a2-5929a3271aed ] Request (TenantUsagesTestJSON:setUpClass): 200 GET http://10.180.1.21/compute/v2.1/servers/6a5812f6-ab26-4dde-9214-bccfa31ba1a4 0.975s
2024-12-23 08:28:13.109 66817 INFO tempest.lib.common.rest_client [req-e1ae7c25-54b2-48e7-88ed-c178be1ca5e0 req-e1ae7c25-54b2-48e7-88ed-c178be1ca5e0 ] Request (FlavorsExtraSpecsNegativeTestJSON:test_flavor_non_admin_unset_keys): 403 DELETE http://10.180.1.21/compute/v2.1/flavors/330870727/os-extra_specs/hw:numa_nodes 0.811s
2024-12-23 08:28:13.112 66803 INFO tempest.common.waiters [-] State transition "BUILD/None" ==> "BUILD/spawning" after 5 second wait
2024-12-23 08:28:13.127 66809 INFO tempest.lib.common.rest_client [req-f17f637d-beb2-4db1-8b7b-c8cd23f929ee req-f17f637d-beb2-4db1-8b7b-c8cd23f929ee ] Request (FlavorsV261TestJSON:test_crud_flavor): 200 GET http://10.180.1.21/compute/v2.1/flavors 0.849s
2024-12-23 08:28:13.134 66779 INFO tempest.lib.common.rest_client [req-3c80f3dd-10b4-4c36-aadb-df61993b458f req-3c80f3dd-10b4-4c36-aadb-df61993b458f ] Request (FlavorsAccessTestJSON:_run_cleanups): 200 GET http://10.180.1.21/compute/v2.1/flavors/detail 0.823s
2024-12-23 08:28:13.136 66793 INFO tempest.lib.common.rest_client [req-a2b0cd23-5d49-46bb-bcfd-f8c776aec07d req-a2b0cd23-5d49-46bb-bcfd-f8c776aec07d ] Request (VolumesAssistedSnapshotsTest:test_volume_assisted_snapshot_create_delete): 201 POST http://10.180.1.21:9696/networking/v2.0/security-group-rules 0.110s
2024-12-23 08:28:13.150 66789 INFO tempest.lib.common.rest_client [req-0429b0e4-d114-4c80-a02e-591a8774467b req-0429b0e4-d114-4c80-a02e-591a8774467b ] Request (FloatingIPsAssociationTestJSON:setUpClass): 201 POST http://10.180.1.21/identity/v3/auth/tokens 0.219s
2024-12-23 08:28:13.158 66781 INFO tempest.lib.common.rest_client [req-280f29f1-2505-41ef-89bd-d57117c366b0 req-280f29f1-2505-41ef-89bd-d57117c366b0 ] Request (FlavorsV2TestJSON:test_list_flavors_detailed_filter_by_min_ram): 200 GET http://10.180.1.21/compute/v2.1/flavors/detail?minRam=193 0.832s
2024-12-23 08:28:13.179 66777 INFO tempest.lib.common.rest_client [req-3f7ae964-efcb-402a-acb5-ccec1b72395b req-3f7ae964-efcb-402a-acb5-ccec1b72395b ] Request (FloatingIPDetailsNegativeTestJSON:setUpClass): 200 GET http://10.180.1.21/identity/v3/domains?name=Default 0.175s
2024-12-23 08:28:13.207 66811 INFO tempest.lib.common.rest_client [req-f528c8c1-8772-459f-a54b-626ab3e9d492 req-f528c8c1-8772-459f-a54b-626ab3e9d492 ] Request (HypervisorAdminTestJSON:tearDownClass): 204 DELETE http://10.180.1.21/identity/v3/users/153b97f7f6d24bf7a27fca68cda4097d 0.172s
2024-12-23 08:28:13.207 66811 INFO tempest.lib.common.dynamic_creds [-] Deleting project and security group for project: c267aa815b1d432ead7eda196fa3be28
2024-12-23 08:28:13.236 66797 INFO tempest.lib.common.rest_client [req-4839d05a-2ef0-4bc0-8540-a96bbdc7e5a4 req-4839d05a-2ef0-4bc0-8540-a96bbdc7e5a4 ] Request (ImagesOneServerTestJSON:setUpClass): 200 GET http://10.180.1.21/compute/v2.1/servers/6478fd00-dda1-410d-b0c0-b69de16292e4 0.906s
2024-12-23 08:28:13.239 66773 INFO tempest.lib.common.rest_client [req-320450bf-56e8-4983-ad49-c4bda0e3f035 req-320450bf-56e8-4983-ad49-c4bda0e3f035 ] Request (KeyPairsV22TestJSON:setUpClass): 201 POST http://10.180.1.21/identity/v3/auth/tokens 0.154s
2024-12-23 08:28:13.265 66789 INFO tempest.lib.common.rest_client [req-7d631b8a-9c50-49ba-b9cb-a1f85eb86fd4 req-7d631b8a-9c50-49ba-b9cb-a1f85eb86fd4 ] Request (FloatingIPsAssociationTestJSON:setUpClass): 201 POST http://10.180.1.21/identity/v3/auth/tokens 0.112s
2024-12-23 08:28:13.288 66811 INFO tempest.lib.common.rest_client [req-564fd08f-98d3-4e69-954d-c1bbe4543f92 req-564fd08f-98d3-4e69-954d-c1bbe4543f92 ] Request (HypervisorAdminTestJSON:tearDownClass): 201 POST http://10.180.1.21/identity/v3/auth/tokens 0.080s
2024-12-23 08:28:13.294 66777 INFO tempest.lib.common.rest_client [req-71b8007a-a0f0-42d9-a6ad-034d03f053c5 req-71b8007a-a0f0-42d9-a6ad-034d03f053c5 ] Request (FloatingIPDetailsNegativeTestJSON:setUpClass): 201 POST http://10.180.1.21/identity/v3/projects 0.115s
2024-12-23 08:28:13.340 66789 INFO tempest.lib.common.rest_client [req-fa2e029e-c315-42a9-9e5a-c58b65fbbd74 req-fa2e029e-c315-42a9-9e5a-c58b65fbbd74 ] Request (FloatingIPsAssociationTestJSON:setUpClass): 200 GET http://10.180.1.21/identity/v3/domains?name=Default 0.074s
2024-12-23 08:28:13.389 66777 INFO tempest.lib.common.rest_client [req-31619ac0-dba0-4216-8b2c-f96cc9f916ce req-31619ac0-dba0-4216-8b2c-f96cc9f916ce ] Request (FloatingIPDetailsNegativeTestJSON:setUpClass): 201 POST http://10.180.1.21/identity/v3/users 0.094s
2024-12-23 08:28:13.409 66789 INFO tempest.lib.common.rest_client [req-f3d4564e-4e11-425b-8d1a-9114204aa85c req-f3d4564e-4e11-425b-8d1a-9114204aa85c ] Request (FloatingIPsAssociationTestJSON:setUpClass): 201 POST http://10.180.1.21/identity/v3/projects 0.068s
2024-12-23 08:28:13.412 66777 INFO tempest.lib.common.rest_client [req-ca333728-253e-4841-9f9f-02eee7ec13f7 req-ca333728-253e-4841-9f9f-02eee7ec13f7 ] Request (FloatingIPDetailsNegativeTestJSON:setUpClass): 200 GET http://10.180.1.21/identity/v3/roles 0.022s
2024-12-23 08:28:13.463 66789 INFO tempest.lib.common.rest_client [req-e7237f9e-7661-4dbf-a967-6e0c00b4bcf2 req-e7237f9e-7661-4dbf-a967-6e0c00b4bcf2 ] Request (FloatingIPsAssociationTestJSON:setUpClass): 201 POST http://10.180.1.21/identity/v3/users 0.054s
2024-12-23 08:28:13.472 66811 INFO tempest.lib.common.rest_client [req-7329c4d7-068c-4efb-ae11-c85ef609cf7b req-7329c4d7-068c-4efb-ae11-c85ef609cf7b ] Request (HypervisorAdminTestJSON:tearDownClass): 200 GET http://10.180.1.21:9696/networking/v2.0/security-groups?tenant_id=c267aa815b1d432ead7eda196fa3be28&name=default 0.184s
2024-12-23 08:28:13.476 66777 INFO tempest.lib.common.rest_client [req-58c94c23-2507-4b9a-9d6e-0549a4a72b37 req-58c94c23-2507-4b9a-9d6e-0549a4a72b37 ] Request (FloatingIPDetailsNegativeTestJSON:setUpClass): 204 PUT http://10.180.1.21/identity/v3/projects/e94fcbcb42984cecb34afd04d31e4d83/users/6339644dca1b4ee5bd432b1dc8f6b562/roles/83ff695d77f448caa7bf4e48d050944d 0.064s
2024-12-23 08:28:13.477 66777 INFO tempest.lib.common.dynamic_creds [-] Dynamic test user 6339644dca1b4ee5bd432b1dc8f6b562 is created with scope project and roles: ['member']
2024-12-23 08:28:13.477 66777 INFO tempest.lib.common.dynamic_creds [-] Acquired dynamic creds: credentials: Credentials: {'domain_id': 'default', 'domain_name': 'Default', 'username': 'tempest-FloatingIPDetailsNegativeTestJSON-1794516336-project-member', 'project_domain_id': 'default', 'project_domain_name': 'Default', 'project_id': 'e94fcbcb42984cecb34afd04d31e4d83', 'project_name': 'tempest-FloatingIPDetailsNegativeTestJSON-1794516336', 'tenant_id': 'e94fcbcb42984cecb34afd04d31e4d83', 'tenant_name': 'tempest-FloatingIPDetailsNegativeTestJSON-1794516336', 'user_domain_id': 'default', 'user_domain_name': 'Default', 'user_id': '6339644dca1b4ee5bd432b1dc8f6b562', 'system': None}, Network: None, Subnet: None, Router: None
2024-12-23 08:28:13.490 66789 INFO tempest.lib.common.rest_client [req-28c5a74d-b361-42a8-b2cf-49adb0e44d0e req-28c5a74d-b361-42a8-b2cf-49adb0e44d0e ] Request (FloatingIPsAssociationTestJSON:setUpClass): 200 GET http://10.180.1.21/identity/v3/roles 0.027s
2024-12-23 08:28:13.491 66805 INFO tempest.lib.common.rest_client [req-dd151013-f340-407c-b8ac-43c01f048c49 req-dd151013-f340-407c-b8ac-43c01f048c49 ] Request (DeleteServersAdminTestJSON:test_admin_delete_servers_of_others): 200 GET http://10.180.1.21/compute/v2.1/servers/2af79296-4820-4007-9bc6-697d46d90656 1.089s
2024-12-23 08:28:13.502 66805 INFO tempest.common.waiters [-] State transition "BUILD/None" ==> "BUILD/networking" after 5 second wait
2024-12-23 08:28:13.508 66783 INFO tempest.lib.common.rest_client [req-7d38e364-33ae-49f4-ac6b-a9e903e28f37 req-7d38e364-33ae-49f4-ac6b-a9e903e28f37 ] Request (ServersWithSpecificFlavorTestJSON:test_verify_created_server_ephemeral_disk): 200 GET http://10.180.1.21/compute/v2.1/flavors/42/os-extra_specs 1.013s
2024-12-23 08:28:13.529 66777 INFO tempest.lib.common.rest_client [req-17f755a8-6d5d-4650-8b3d-39992c922f57 req-17f755a8-6d5d-4650-8b3d-39992c922f57 ] Request (FloatingIPDetailsNegativeTestJSON:setUpClass): 201 POST http://10.180.1.21/identity/v3/auth/tokens 0.052s
2024-12-23 08:28:13.545 66789 INFO tempest.lib.common.rest_client [req-94fff5be-cd8e-4e3c-a7e6-60a62a4ac0b4 req-94fff5be-cd8e-4e3c-a7e6-60a62a4ac0b4 ] Request (FloatingIPsAssociationTestJSON:setUpClass): 204 PUT http://10.180.1.21/identity/v3/projects/23cb590598db4eda98ac9752a8f5ad7e/users/afc49a6e1b49475bbf306de8eb0d7a31/roles/83ff695d77f448caa7bf4e48d050944d 0.055s
2024-12-23 08:28:13.546 66789 INFO tempest.lib.common.dynamic_creds [-] Dynamic test user afc49a6e1b49475bbf306de8eb0d7a31 is created with scope project and roles: ['member']
2024-12-23 08:28:13.546 66789 INFO tempest.lib.common.dynamic_creds [-] Acquired dynamic creds: credentials: Credentials: {'domain_id': 'default', 'domain_name': 'Default', 'username': 'tempest-FloatingIPsAssociationTestJSON-805621250-project-member', 'project_domain_id': 'default', 'project_domain_name': 'Default', 'project_id': '23cb590598db4eda98ac9752a8f5ad7e', 'project_name': 'tempest-FloatingIPsAssociationTestJSON-805621250', 'tenant_id': '23cb590598db4eda98ac9752a8f5ad7e', 'tenant_name': 'tempest-FloatingIPsAssociationTestJSON-805621250', 'user_domain_id': 'default', 'user_domain_name': 'Default', 'user_id': 'afc49a6e1b49475bbf306de8eb0d7a31', 'system': None}, Network: None, Subnet: None, Router: None
2024-12-23 08:28:13.568 66785 INFO tempest.lib.common.rest_client [req-70fa900e-3ccf-47bf-9c13-835adcd9c5e0 req-70fa900e-3ccf-47bf-9c13-835adcd9c5e0 ] Request (QuotaClassesAdminTestJSON:_run_cleanups): 200 PUT http://10.180.1.21/compute/v2.1/os-quota-class-sets/default 1.057s
2024-12-23 08:28:13.583 66775 INFO tempest.lib.common.rest_client [req-3f4166d5-22c6-484a-b8e6-e0e1426ea447 req-3f4166d5-22c6-484a-b8e6-e0e1426ea447 ] Request (FlavorsAccessNegativeTestJSON:_run_cleanups): 202 DELETE http://10.180.1.21/compute/v2.1/flavors/1639616920 1.035s
2024-12-23 08:28:13.606 66789 INFO tempest.lib.common.rest_client [req-996e1bfa-a49f-401b-a64a-591aa4f94bbf req-996e1bfa-a49f-401b-a64a-591aa4f94bbf ] Request (FloatingIPsAssociationTestJSON:setUpClass): 201 POST http://10.180.1.21/identity/v3/auth/tokens 0.060s
2024-12-23 08:28:13.657 66819 INFO tempest.lib.common.rest_client [req-491ee3ff-de3d-4f91-8655-632bee805973 req-491ee3ff-de3d-4f91-8655-632bee805973 ] Request (QuotasAdminTestJSON:test_delete_quota): 200 GET http://10.180.1.21/identity/v3/domains?name=Default 0.085s
2024-12-23 08:28:13.712 66785 INFO tempest.lib.common.rest_client [req-ed2e4eed-4485-43c1-a963-eff42a063e8c req-ed2e4eed-4485-43c1-a963-eff42a063e8c ] Request (QuotaClassesAdminTestJSON:tearDownClass): 204 DELETE http://10.180.1.21/identity/v3/users/33b5f3374028474db209c4cf61231c4d 0.104s
2024-12-23 08:28:13.780 66819 INFO tempest.lib.common.rest_client [req-01294a61-1960-4ae3-a6dd-91e5a11319ac req-01294a61-1960-4ae3-a6dd-91e5a11319ac ] Request (QuotasAdminTestJSON:test_delete_quota): 201 POST http://10.180.1.21/identity/v3/projects 0.122s
2024-12-23 08:28:13.807 66811 INFO tempest.lib.common.rest_client [req-dffeda18-c96c-4e73-b2b8-e221348f199c req-dffeda18-c96c-4e73-b2b8-e221348f199c ] Request (HypervisorAdminTestJSON:tearDownClass): 204 DELETE http://10.180.1.21:9696/networking/v2.0/security-groups/da5aa11a-7b84-4918-8bc8-99f9a6e898a2 0.333s
2024-12-23 08:28:13.845 66819 INFO tempest.lib.common.rest_client [req-0184df7c-f0a9-4c86-abaf-154115611dd6 req-0184df7c-f0a9-4c86-abaf-154115611dd6 ] Request (QuotasAdminTestJSON:test_delete_quota): 200 GET http://10.180.1.21/identity/v3/domains?name=Default 0.064s
2024-12-23 08:28:13.867 66785 INFO tempest.lib.common.rest_client [req-de85e676-3fa2-42c0-83fa-471d5769a34a req-de85e676-3fa2-42c0-83fa-471d5769a34a ] Request (QuotaClassesAdminTestJSON:tearDownClass): 204 DELETE http://10.180.1.21/identity/v3/users/cf9fd22f6d8240ff8e1b392dcd303f60 0.154s
2024-12-23 08:28:13.868 66785 INFO tempest.lib.common.dynamic_creds [-] Deleting project and security group for project: 2779f8e7fb48449dbc5ea7e2156db396
2024-12-23 08:28:13.930 66785 INFO tempest.lib.common.rest_client [req-40f46258-e55d-4f4e-9c1f-1e7918fbc5dd req-40f46258-e55d-4f4e-9c1f-1e7918fbc5dd ] Request (QuotaClassesAdminTestJSON:tearDownClass): 201 POST http://10.180.1.21/identity/v3/auth/tokens 0.062s
2024-12-23 08:28:13.949 66811 INFO tempest.lib.common.rest_client [req-36af9d79-964b-44f0-b632-e9109df72c87 req-36af9d79-964b-44f0-b632-e9109df72c87 ] Request (HypervisorAdminTestJSON:tearDownClass): 204 DELETE http://10.180.1.21/identity/v3/projects/c267aa815b1d432ead7eda196fa3be28 0.141s
2024-12-23 08:28:13.949 66811 INFO tempest.lib.common.dynamic_creds [-] Deleting project and security group for project: 4555443a3f19471eb71cc547fd39fb95
2024-12-23 08:28:13.992 66777 INFO tempest.lib.common.rest_client [req-a7c81c01-9c8f-493a-8919-dd207727a36b req-a7c81c01-9c8f-493a-8919-dd207727a36b ] Request (FloatingIPDetailsNegativeTestJSON:setUpClass): 201 POST http://10.180.1.21:9696/networking/v2.0/networks 0.462s
2024-12-23 08:28:14.036 66815 INFO tempest.lib.common.rest_client [req-e8c3a904-1a70-4f05-96f9-b35a7c6eedc7 req-e8c3a904-1a70-4f05-96f9-b35a7c6eedc7 ] Request (ServerDiagnosticsTest:test_get_server_diagnostics): 202 POST http://10.180.1.21/compute/v2.1/servers 1.473s
2024-12-23 08:28:14.155 66793 INFO tempest.lib.common.rest_client [req-bb78c71a-d1e0-4357-96bf-69aea5309b01 req-bb78c71a-d1e0-4357-96bf-69aea5309b01 ] Request (VolumesAssistedSnapshotsTest:test_volume_assisted_snapshot_create_delete): 201 POST http://10.180.1.21:9696/networking/v2.0/floatingips 1.019s
2024-12-23 08:28:14.230 66793 INFO tempest.lib.common.rest_client [req-8a98b0cf-d368-4744-9323-a0be0c270121 req-8a98b0cf-d368-4744-9323-a0be0c270121 ] Request (VolumesAssistedSnapshotsTest:test_volume_assisted_snapshot_create_delete): 201 POST http://10.180.1.21/identity/v3/auth/tokens 0.071s
2024-12-23 08:28:14.230 66793 INFO tempest.lib.common.fixed_network [-] (VolumesAssistedSnapshotsTest:test_volume_assisted_snapshot_create_delete) Found network {'id': '4e17b35a-0056-4864-99a8-6e1518fa687f', 'name': 'tempest-VolumesAssistedSnapshotsTest-1846146524-network', 'tenant_id': '722e8d35600a48ee9a1f0645144644ae', 'admin_state_up': True, 'mtu': 8950, 'status': 'ACTIVE', 'subnets': [], 'shared': False, 'project_id': '722e8d35600a48ee9a1f0645144644ae', 'port_security_enabled': True, 'router:external': False, 'provider:network_type': 'vlan', 'provider:physical_network': 'default', 'provider:segmentation_id': 517, 'availability_zone_hints': [], 'availability_zones': [], 'ipv4_address_scope': None, 'ipv6_address_scope': None, 'description': '', 'tags': [], 'created_at': '2024-12-23T08:27:55Z', 'updated_at': '2024-12-23T08:27:55Z', 'revision_number': 1} available for tenant
2024-12-23 08:28:14.320 66811 INFO tempest.lib.common.rest_client [req-6f155f8c-3bfe-431c-84c9-5f34a4274a23 req-6f155f8c-3bfe-431c-84c9-5f34a4274a23 ] Request (HypervisorAdminTestJSON:tearDownClass): 200 GET http://10.180.1.21:9696/networking/v2.0/security-groups?tenant_id=4555443a3f19471eb71cc547fd39fb95&name=default 0.371s
2024-12-23 08:28:14.395 66767 INFO tempest.lib.common.rest_client [req-e8c2c2e7-6033-4f60-a5eb-dbced2e1e94e req-e8c2c2e7-6033-4f60-a5eb-dbced2e1e94e ] Request (FloatingIPsTestJSON:test_delete_floating_ip): 200 POST http://10.180.1.21/compute/v2.1/os-floating-ips 2.046s
2024-12-23 08:28:14.424 66813 INFO tempest.lib.common.rest_client [req-9e69e2e9-3d5e-4f5a-b5b0-298e2028939e req-9e69e2e9-3d5e-4f5a-b5b0-298e2028939e ] Request (AggregatesAdminNegativeTestJSON:_run_cleanups): 200 DELETE http://10.180.1.21/compute/v2.1/os-aggregates/1 1.612s
2024-12-23 08:28:14.441 66795 INFO tempest.lib.common.rest_client [req-02bedd39-f4c2-4e58-9e87-0465781e584e req-02bedd39-f4c2-4e58-9e87-0465781e584e ] Request (FlavorsAdminTestJSON:test_create_flavor_verify_entry_in_list_details): 200 POST http://10.180.1.21/compute/v2.1/flavors 1.595s
2024-12-23 08:28:14.457 66801 INFO tempest.lib.common.rest_client [req-1c784d2d-e797-406d-b2c2-0e573cc6e1ae req-1c784d2d-e797-406d-b2c2-0e573cc6e1ae ] Request (HostsAdminNegativeTestJSON:test_show_host_detail_with_nonexistent_hostname): 404 GET http://10.180.1.21/compute/v2.1/os-hosts/nonexistent_hostname 1.608s
2024-12-23 08:28:14.473 66791 INFO tempest.lib.common.rest_client [req-14d78da2-10a4-4c56-97e2-c310e118a052 req-14d78da2-10a4-4c56-97e2-c310e118a052 ] Request (FlavorsV255TestJSON:_run_cleanups): 202 DELETE http://10.180.1.21/compute/v2.1/flavors/1051183748 1.576s
2024-12-23 08:28:14.482 66811 INFO tempest.lib.common.rest_client [req-e1920fb3-3f14-4331-90bf-e33515612342 req-e1920fb3-3f14-4331-90bf-e33515612342 ] Request (HypervisorAdminTestJSON:tearDownClass): 204 DELETE http://10.180.1.21:9696/networking/v2.0/security-groups/d0825566-6a3f-4472-a8e3-6d4a6f42a477 0.161s
2024-12-23 08:28:14.497 66807 INFO tempest.lib.common.rest_client [req-200fb467-7669-4b5a-a184-3c090cea1787 req-200fb467-7669-4b5a-a184-3c090cea1787 ] Request (ServicesAdminNegativeTestJSON:test_get_service_with_valid_service_and_invalid_host): 200 GET http://10.180.1.21/compute/v2.1/os-services?host=xxx&binary=nova-scheduler 1.579s
2024-12-23 08:28:14.531 66799 INFO tempest.lib.common.rest_client [req-2acb631d-79cc-4692-9d19-573fd07c7422 req-2acb631d-79cc-4692-9d19-573fd07c7422 ] Request (FlavorsExtraSpecsTestJSON:test_flavor_set_get_update_show_unset_keys): 200 POST http://10.180.1.21/compute/v2.1/flavors/1091543995/os-extra_specs 1.610s
2024-12-23 08:28:14.576 66811 INFO tempest.lib.common.rest_client [req-e7dcef8f-c6b0-4747-b5e7-5225a84af5c3 req-e7dcef8f-c6b0-4747-b5e7-5225a84af5c3 ] Request (HypervisorAdminTestJSON:tearDownClass): 204 DELETE http://10.180.1.21/identity/v3/projects/4555443a3f19471eb71cc547fd39fb95 0.093s
2024-12-23 08:28:14.601 66785 INFO tempest.lib.common.rest_client [req-a460c464-9827-4323-b1b4-963edcd3ebad req-a460c464-9827-4323-b1b4-963edcd3ebad ] Request (QuotaClassesAdminTestJSON:tearDownClass): 200 GET http://10.180.1.21:9696/networking/v2.0/security-groups?tenant_id=2779f8e7fb48449dbc5ea7e2156db396&name=default 0.670s
2024-12-23 08:28:14.606 66789 INFO tempest.lib.common.rest_client [req-1dcb853a-4436-43a9-9f74-4cea73b328ce req-1dcb853a-4436-43a9-9f74-4cea73b328ce ] Request (FloatingIPsAssociationTestJSON:setUpClass): 201 POST http://10.180.1.21:9696/networking/v2.0/networks 1.000s
2024-12-23 08:28:14.652 66811 INFO tempest.lib.common.rest_client [req-6b9dd21a-93c4-447f-a8f5-8e93cf1a38b9 req-6b9dd21a-93c4-447f-a8f5-8e93cf1a38b9 ] Request (MultipleCreateNegativeTestJSON:setUpClass): 201 POST http://10.180.1.21/identity/v3/auth/tokens 0.074s
2024-12-23 08:28:14.688 66811 INFO tempest.lib.common.rest_client [req-deedcf5a-579a-4bd6-9a61-f5d74aa977a1 req-deedcf5a-579a-4bd6-9a61-f5d74aa977a1 ] Request (MultipleCreateNegativeTestJSON:setUpClass): 201 POST http://10.180.1.21/identity/v3/auth/tokens 0.034s
2024-12-23 08:28:14.716 66811 INFO tempest.lib.common.rest_client [req-ae25c9c8-cfc4-4341-a367-4e102fc7bb9b req-ae25c9c8-cfc4-4341-a367-4e102fc7bb9b ] Request (MultipleCreateNegativeTestJSON:setUpClass): 200 GET http://10.180.1.21/identity/v3/domains?name=Default 0.027s
2024-12-23 08:28:14.739 66827 INFO tempest.lib.common.rest_client [req-049861bd-c2b7-4da8-a156-97e025429aa1 req-049861bd-c2b7-4da8-a156-97e025429aa1 ] Request (SecurityGroupRulesTestJSON:test_security_group_rules_create_with_optional_group_id): 200 POST http://10.180.1.21/compute/v2.1/os-security-groups 1.643s
2024-12-23 08:28:14.752 66811 INFO tempest.lib.common.rest_client [req-f71b6ff0-cd78-46e6-afb2-16bd894a1dd8 req-f71b6ff0-cd78-46e6-afb2-16bd894a1dd8 ] Request (MultipleCreateNegativeTestJSON:setUpClass): 201 POST http://10.180.1.21/identity/v3/projects 0.036s
2024-12-23 08:28:14.760 66777 INFO tempest.lib.common.rest_client [req-57551729-53ab-480e-af10-8240088d9d38 req-57551729-53ab-480e-af10-8240088d9d38 ] Request (FloatingIPDetailsNegativeTestJSON:setUpClass): 201 POST http://10.180.1.21:9696/networking/v2.0/subnets 0.767s
2024-12-23 08:28:14.780 66785 INFO tempest.lib.common.rest_client [req-630a29b2-6845-4cbf-afb9-8ab972251fe3 req-630a29b2-6845-4cbf-afb9-8ab972251fe3 ] Request (QuotaClassesAdminTestJSON:tearDownClass): 204 DELETE http://10.180.1.21:9696/networking/v2.0/security-groups/73b5e508-f1c7-4f73-af92-a83899e4a3e6 0.179s
2024-12-23 08:28:14.827 66811 INFO tempest.lib.common.rest_client [req-dc24446a-ac90-4523-946f-5bff594484da req-dc24446a-ac90-4523-946f-5bff594484da ] Request (MultipleCreateNegativeTestJSON:setUpClass): 201 POST http://10.180.1.21/identity/v3/users 0.074s
2024-12-23 08:28:14.849 66811 INFO tempest.lib.common.rest_client [req-ff6bfd26-0fd3-4e77-8cb1-3f554ac15a4d req-ff6bfd26-0fd3-4e77-8cb1-3f554ac15a4d ] Request (MultipleCreateNegativeTestJSON:setUpClass): 200 GET http://10.180.1.21/identity/v3/roles 0.022s
2024-12-23 08:28:14.892 66785 INFO tempest.lib.common.rest_client [req-406b8af3-bd94-430f-a665-02e313641806 req-406b8af3-bd94-430f-a665-02e313641806 ] Request (QuotaClassesAdminTestJSON:tearDownClass): 204 DELETE http://10.180.1.21/identity/v3/projects/2779f8e7fb48449dbc5ea7e2156db396 0.111s
2024-12-23 08:28:14.893 66785 INFO tempest.lib.common.dynamic_creds [-] Deleting project and security group for project: 48e644f519294561bcf8cdb395ea2ae3
2024-12-23 08:28:14.910 66789 INFO tempest.lib.common.rest_client [req-5c154dd8-581e-474d-8de1-cd8c159cfe26 req-5c154dd8-581e-474d-8de1-cd8c159cfe26 ] Request (FloatingIPsAssociationTestJSON:setUpClass): 201 POST http://10.180.1.21:9696/networking/v2.0/subnets 0.303s
2024-12-23 08:28:14.973 66787 INFO tempest.lib.common.rest_client [req-12b83c42-f8aa-4483-80e6-c261c9eef6f9 req-12b83c42-f8aa-4483-80e6-c261c9eef6f9 ] Request (QuotasAdminNegativeTest:test_create_server_when_instances_quota_is_full): 403 POST http://10.180.1.21/compute/v2.1/servers 1.875s
2024-12-23 08:28:14.979 66821 INFO tempest.lib.common.rest_client [req-b758c8b4-af5d-4392-9a7d-8e5b3458c02f req-b758c8b4-af5d-4392-9a7d-8e5b3458c02f ] Request (HypervisorAdminNegativeTestJSON:test_get_nonexistent_hypervisor_uptime): 404 GET http://10.180.1.21/compute/v2.1/os-hypervisors/c54e9597-0168-4bea-a81a-944808f06d62/uptime 1.878s
2024-12-23 08:28:14.983 66811 INFO tempest.lib.common.rest_client [req-b3478052-d70d-4e4a-b61a-254f2a3dbfe0 req-b3478052-d70d-4e4a-b61a-254f2a3dbfe0 ] Request (MultipleCreateNegativeTestJSON:setUpClass): 204 PUT http://10.180.1.21/identity/v3/projects/6a3df1830b8c48d0960094144153ecde/users/ac8d26f2f3e048648a85a2677040bf96/roles/83ff695d77f448caa7bf4e48d050944d 0.133s
2024-12-23 08:28:14.983 66811 INFO tempest.lib.common.dynamic_creds [-] Dynamic test user ac8d26f2f3e048648a85a2677040bf96 is created with scope project and roles: ['member']
2024-12-23 08:28:14.983 66811 INFO tempest.lib.common.dynamic_creds [-] Acquired dynamic creds: credentials: Credentials: {'domain_id': 'default', 'domain_name': 'Default', 'username': 'tempest-MultipleCreateNegativeTestJSON-1710289210-project-member', 'project_domain_id': 'default', 'project_domain_name': 'Default', 'project_id': '6a3df1830b8c48d0960094144153ecde', 'project_name': 'tempest-MultipleCreateNegativeTestJSON-1710289210', 'tenant_id': '6a3df1830b8c48d0960094144153ecde', 'tenant_name': 'tempest-MultipleCreateNegativeTestJSON-1710289210', 'user_domain_id': 'default', 'user_domain_name': 'Default', 'user_id': 'ac8d26f2f3e048648a85a2677040bf96', 'system': None}, Network: None, Subnet: None, Router: None
2024-12-23 08:28:14.983 66811 INFO tempest.lib.common.dynamic_creds [-] Created isolated network resources for: credentials: Credentials: {'domain_id': 'default', 'domain_name': 'Default', 'username': 'tempest-MultipleCreateNegativeTestJSON-1710289210-project-member', 'project_domain_id': 'default', 'project_domain_name': 'Default', 'project_id': '6a3df1830b8c48d0960094144153ecde', 'project_name': 'tempest-MultipleCreateNegativeTestJSON-1710289210', 'tenant_id': '6a3df1830b8c48d0960094144153ecde', 'tenant_name': 'tempest-MultipleCreateNegativeTestJSON-1710289210', 'user_domain_id': 'default', 'user_domain_name': 'Default', 'user_id': 'ac8d26f2f3e048648a85a2677040bf96', 'system': None}, Network: None, Subnet: None, Router: None
2024-12-23 08:28:15.009 66817 INFO tempest.lib.common.rest_client [req-608e0832-cd97-401c-8a66-db205969fb90 req-608e0832-cd97-401c-8a66-db205969fb90 ] Request (FlavorsExtraSpecsNegativeTestJSON:test_flavor_non_admin_update_specific_key): 200 POST http://10.180.1.21/compute/v2.1/flavors/330870727/os-extra_specs 1.899s
2024-12-23 08:28:15.025 66809 INFO tempest.lib.common.rest_client [req-f7d99447-952a-401b-b3f6-f6834f28e010 req-f7d99447-952a-401b-b3f6-f6834f28e010 ] Request (FlavorsV261TestJSON:_run_cleanups): 202 DELETE http://10.180.1.21/compute/v2.1/flavors/1632848766 1.893s
2024-12-23 08:28:15.049 66779 INFO tempest.lib.common.rest_client [req-18f0dc77-10b7-4109-b407-9f24f5561ac9 req-18f0dc77-10b7-4109-b407-9f24f5561ac9 ] Request (FlavorsAccessTestJSON:test_flavor_access_list_with_private_flavor): 200 POST http://10.180.1.21/compute/v2.1/flavors 1.902s
2024-12-23 08:28:15.063 66781 INFO tempest.lib.common.rest_client [req-48d9740c-25b4-4967-826c-b3792842fd1c req-48d9740c-25b4-4967-826c-b3792842fd1c ] Request (FlavorsV2TestJSON:test_list_flavors_detailed_limit_results): 200 GET http://10.180.1.21/compute/v2.1/flavors/detail?limit=1 1.899s
2024-12-23 08:28:15.080 66811 INFO tempest.lib.common.rest_client [req-d33f20a6-1e7f-4868-9fab-f41d1d3a12d4 req-d33f20a6-1e7f-4868-9fab-f41d1d3a12d4 ] Request (MultipleCreateNegativeTestJSON:setUpClass): 201 POST http://10.180.1.21/identity/v3/auth/tokens 0.088s
2024-12-23 08:28:15.111 66811 INFO tempest.lib.common.rest_client [req-290c5a70-d95a-4b31-8309-972336096b27 req-290c5a70-d95a-4b31-8309-972336096b27 ] Request (MultipleCreateNegativeTestJSON:test_max_count_less_than_min_count): 201 POST http://10.180.1.21/identity/v3/auth/tokens 0.025s
2024-12-23 08:28:15.112 66811 INFO tempest.lib.common.fixed_network [-] (MultipleCreateNegativeTestJSON:test_max_count_less_than_min_count) Found network None available for tenant
2024-12-23 08:28:15.189 66773 INFO tempest.lib.common.rest_client [req-cc17e947-732a-481d-ac23-59ba230b71b5 req-cc17e947-732a-481d-ac23-59ba230b71b5 ] Request (KeyPairsV22TestJSON:test_get_keypair_detail): 201 POST http://10.180.1.21/compute/v2.1/os-keypairs 1.949s
2024-12-23 08:28:15.212 66783 INFO tempest.lib.common.rest_client [req-82113436-f2c9-426c-9694-90a387bb34b9 req-82113436-f2c9-426c-9694-90a387bb34b9 ] Request (ServersWithSpecificFlavorTestJSON:test_verify_created_server_ephemeral_disk): 200 POST http://10.180.1.21/compute/v2.1/flavors/183023131/os-extra_specs 1.703s
2024-12-23 08:28:15.227 66785 INFO tempest.lib.common.rest_client [req-2e06b78f-bc68-474b-aa79-3e981df2fcfb req-2e06b78f-bc68-474b-aa79-3e981df2fcfb ] Request (QuotaClassesAdminTestJSON:tearDownClass): 200 GET http://10.180.1.21:9696/networking/v2.0/security-groups?tenant_id=48e644f519294561bcf8cdb395ea2ae3&name=default 0.334s
2024-12-23 08:28:15.234 66775 INFO tempest.lib.common.rest_client [req-cff5f351-6cec-4ab2-8b6d-8b2c786843ad req-cff5f351-6cec-4ab2-8b6d-8b2c786843ad ] Request (FlavorsAccessNegativeTestJSON:_run_cleanups): 200 GET http://10.180.1.21/compute/v2.1/flavors/detail 1.651s
2024-12-23 08:28:15.317 66771 INFO tempest.lib.common.rest_client [req-2731adcc-eb26-4731-957f-cef2d4ccdf9b req-2731adcc-eb26-4731-957f-cef2d4ccdf9b ] Request (ServerActionsTestJSON:setUpClass): 200 GET http://10.180.1.21/compute/v2.1/servers/076233c5-52f4-43cd-8192-1f59281020b2 1.696s
2024-12-23 08:28:15.339 66823 INFO tempest.lib.common.rest_client [req-eb6032cb-26c0-46cb-8e78-f3de018b5d23 req-eb6032cb-26c0-46cb-8e78-f3de018b5d23 ] Request (ServerDiskConfigTestJSON:test_rebuild_server_with_auto_disk_config): 202 POST http://10.180.1.21/compute/v2.1/servers 2.558s
2024-12-23 08:28:15.381 66785 INFO tempest.lib.common.rest_client [req-6a25ac1c-3c07-40dc-92fb-714adbdfe2c5 req-6a25ac1c-3c07-40dc-92fb-714adbdfe2c5 ] Request (QuotaClassesAdminTestJSON:tearDownClass): 204 DELETE http://10.180.1.21:9696/networking/v2.0/security-groups/036555fd-d4ce-400d-a962-be7367753cd9 0.153s
2024-12-23 08:28:15.405 66815 INFO tempest.lib.common.rest_client [req-45cdff8c-25f8-41b1-8c8d-f04e2e695623 req-45cdff8c-25f8-41b1-8c8d-f04e2e695623 ] Request (ServerDiagnosticsTest:test_get_server_diagnostics): 200 GET http://10.180.1.21/compute/v2.1/servers/041de0f2-3ce8-4ce0-9d2b-fa8c419ba915 1.366s
2024-12-23 08:28:15.452 66819 INFO tempest.lib.common.rest_client [req-388acaa5-2ed9-4220-b21b-a13cb276e315 req-388acaa5-2ed9-4220-b21b-a13cb276e315 ] Request (QuotasAdminTestJSON:test_delete_quota): 200 GET http://10.180.1.21/compute/v2.1/os-quota-sets/1f62057e73294e62829ea7e94e6291c9 1.606s
2024-12-23 08:28:15.501 66785 INFO tempest.lib.common.rest_client [req-44bd7458-9509-4b59-bf65-3ebcae97eb29 req-44bd7458-9509-4b59-bf65-3ebcae97eb29 ] Request (QuotaClassesAdminTestJSON:tearDownClass): 204 DELETE http://10.180.1.21/identity/v3/projects/48e644f519294561bcf8cdb395ea2ae3 0.119s
2024-12-23 08:28:15.560 66785 INFO tempest.lib.common.rest_client [req-4e0e935a-eaef-4fc5-ac81-209bb7975177 req-4e0e935a-eaef-4fc5-ac81-209bb7975177 ] Request (ListImageFiltersNegativeTestJSON:setUpClass): 201 POST http://10.180.1.21/identity/v3/auth/tokens 0.058s
2024-12-23 08:28:15.589 66803 INFO tempest.lib.common.rest_client [req-3fc7fd88-e4f7-47f9-a664-b75184221d2a req-3fc7fd88-e4f7-47f9-a664-b75184221d2a ] Request (TenantUsagesTestJSON:setUpClass): 200 GET http://10.180.1.21/compute/v2.1/servers/6a5812f6-ab26-4dde-9214-bccfa31ba1a4 1.476s
2024-12-23 08:28:15.608 66785 INFO tempest.lib.common.rest_client [req-dbe6d729-59ff-45b9-8bc9-8b8a2e3e8835 req-dbe6d729-59ff-45b9-8bc9-8b8a2e3e8835 ] Request (ListImageFiltersNegativeTestJSON:setUpClass): 201 POST http://10.180.1.21/identity/v3/auth/tokens 0.046s
2024-12-23 08:28:15.637 66785 INFO tempest.lib.common.rest_client [req-1790411a-82fe-44e0-b9dc-20b9ae782de9 req-1790411a-82fe-44e0-b9dc-20b9ae782de9 ] Request (ListImageFiltersNegativeTestJSON:setUpClass): 200 GET http://10.180.1.21/identity/v3/domains?name=Default 0.028s
2024-12-23 08:28:15.668 66785 INFO tempest.lib.common.rest_client [req-f91c81d9-3ed5-47ca-912f-478ad9dc6c81 req-f91c81d9-3ed5-47ca-912f-478ad9dc6c81 ] Request (ListImageFiltersNegativeTestJSON:setUpClass): 201 POST http://10.180.1.21/identity/v3/projects 0.030s
2024-12-23 08:28:15.732 66785 INFO tempest.lib.common.rest_client [req-f745de4e-e75b-460d-9f66-088438d3f1c6 req-f745de4e-e75b-460d-9f66-088438d3f1c6 ] Request (ListImageFiltersNegativeTestJSON:setUpClass): 201 POST http://10.180.1.21/identity/v3/users 0.063s
2024-12-23 08:28:15.756 66785 INFO tempest.lib.common.rest_client [req-cc2fe6b7-b1f7-4b78-b724-3622c791276a req-cc2fe6b7-b1f7-4b78-b724-3622c791276a ] Request (ListImageFiltersNegativeTestJSON:setUpClass): 200 GET http://10.180.1.21/identity/v3/roles 0.024s
2024-12-23 08:28:15.760 66797 INFO tempest.lib.common.rest_client [req-537fc5fc-db28-48f0-94ed-b4e655fdbf72 req-537fc5fc-db28-48f0-94ed-b4e655fdbf72 ] Request (ImagesOneServerTestJSON:setUpClass): 200 GET http://10.180.1.21/compute/v2.1/servers/6478fd00-dda1-410d-b0c0-b69de16292e4 1.513s
2024-12-23 08:28:15.792 66785 INFO tempest.lib.common.rest_client [req-117bee57-e2ae-42e9-96e1-c88e01f2b27e req-117bee57-e2ae-42e9-96e1-c88e01f2b27e ] Request (ListImageFiltersNegativeTestJSON:setUpClass): 204 PUT http://10.180.1.21/identity/v3/projects/d3050d5085d84d9bbf6c5c3734b153fa/users/baed9d1616cf43e08935974984a2aee5/roles/83ff695d77f448caa7bf4e48d050944d 0.036s
2024-12-23 08:28:15.793 66785 INFO tempest.lib.common.dynamic_creds [-] Dynamic test user baed9d1616cf43e08935974984a2aee5 is created with scope project and roles: ['member']
2024-12-23 08:28:15.793 66785 INFO tempest.lib.common.dynamic_creds [-] Acquired dynamic creds: credentials: Credentials: {'domain_id': 'default', 'domain_name': 'Default', 'username': 'tempest-ListImageFiltersNegativeTestJSON-1293233076-project-member', 'project_domain_id': 'default', 'project_domain_name': 'Default', 'project_id': 'd3050d5085d84d9bbf6c5c3734b153fa', 'project_name': 'tempest-ListImageFiltersNegativeTestJSON-1293233076', 'tenant_id': 'd3050d5085d84d9bbf6c5c3734b153fa', 'tenant_name': 'tempest-ListImageFiltersNegativeTestJSON-1293233076', 'user_domain_id': 'default', 'user_domain_name': 'Default', 'user_id': 'baed9d1616cf43e08935974984a2aee5', 'system': None}, Network: None, Subnet: None, Router: None
2024-12-23 08:28:15.793 66785 INFO tempest.lib.common.dynamic_creds [-] Created isolated network resources for: credentials: Credentials: {'domain_id': 'default', 'domain_name': 'Default', 'username': 'tempest-ListImageFiltersNegativeTestJSON-1293233076-project-member', 'project_domain_id': 'default', 'project_domain_name': 'Default', 'project_id': 'd3050d5085d84d9bbf6c5c3734b153fa', 'project_name': 'tempest-ListImageFiltersNegativeTestJSON-1293233076', 'tenant_id': 'd3050d5085d84d9bbf6c5c3734b153fa', 'tenant_name': 'tempest-ListImageFiltersNegativeTestJSON-1293233076', 'user_domain_id': 'default', 'user_domain_name': 'Default', 'user_id': 'baed9d1616cf43e08935974984a2aee5', 'system': None}, Network: None, Subnet: None, Router: None
2024-12-23 08:28:15.881 66785 INFO tempest.lib.common.rest_client [req-7807ee1c-aa61-4d1c-94dc-34b9a0898a65 req-7807ee1c-aa61-4d1c-94dc-34b9a0898a65 ] Request (ListImageFiltersNegativeTestJSON:setUpClass): 201 POST http://10.180.1.21/identity/v3/auth/tokens 0.083s
2024-12-23 08:28:15.969 66789 INFO tempest.lib.common.rest_client [req-c04805c4-516f-4765-bb4c-85fcb8fbe2bc req-c04805c4-516f-4765-bb4c-85fcb8fbe2bc ] Request (FloatingIPsAssociationTestJSON:setUpClass): 201 POST http://10.180.1.21:9696/networking/v2.0/routers 1.058s
2024-12-23 08:28:16.104 66793 INFO tempest.lib.common.rest_client [req-2d248aa4-4a6a-4449-8f4a-3c40b4946348 req-2d248aa4-4a6a-4449-8f4a-3c40b4946348 ] Request (VolumesAssistedSnapshotsTest:test_volume_assisted_snapshot_create_delete): 202 POST http://10.180.1.21/compute/v2.1/servers 1.873s
2024-12-23 08:28:16.135 66795 INFO tempest.lib.common.rest_client [req-241cc2fe-1778-45b0-92df-9eec81f57a7e req-241cc2fe-1778-45b0-92df-9eec81f57a7e ] Request (FlavorsAdminTestJSON:test_create_flavor_verify_entry_in_list_details): 200 GET http://10.180.1.21/compute/v2.1/flavors/detail 1.691s
2024-12-23 08:28:16.160 66765 INFO tempest.lib.common.rest_client [req-d798247c-9f1f-4a16-b10d-e3ce6ad173fd req-d798247c-9f1f-4a16-b10d-e3ce6ad173fd ] Request (HostsAdminTestJSON:test_list_hosts_with_zone): 200 GET http://10.180.1.21/compute/v2.1/os-hosts 1.704s
2024-12-23 08:28:16.170 66801 INFO tempest.lib.common.rest_client [req-e31cdd4b-8625-49f1-bf95-de487df0b2da req-e31cdd4b-8625-49f1-bf95-de487df0b2da ] Request (HostsAdminNegativeTestJSON:test_shutdown_host_with_non_admin_user): 403 GET http://10.180.1.21/compute/v2.1/os-hosts/devstack/shutdown 1.706s
2024-12-23 08:28:16.192 66791 INFO tempest.lib.common.rest_client [req-7dc85a19-cd3d-4fd7-9c64-380630816bcc req-7dc85a19-cd3d-4fd7-9c64-380630816bcc ] Request (FlavorsV255TestJSON:_run_cleanups): 200 GET http://10.180.1.21/compute/v2.1/flavors/detail 1.714s
2024-12-23 08:28:16.225 66813 INFO tempest.lib.common.rest_client [req-e6440b5e-b9fa-4f1b-b1b8-c82568ea1b66 req-e6440b5e-b9fa-4f1b-b1b8-c82568ea1b66 ] Request (AggregatesAdminNegativeTestJSON:test_aggregate_add_host_as_user): 200 POST http://10.180.1.21/compute/v2.1/os-aggregates 1.747s
2024-12-23 08:28:16.260 66777 INFO tempest.lib.common.rest_client [req-b0cc301b-7cdc-42c9-8330-76277f0592a9 req-b0cc301b-7cdc-42c9-8330-76277f0592a9 ] Request (FloatingIPDetailsNegativeTestJSON:setUpClass): 201 POST http://10.180.1.21:9696/networking/v2.0/routers 1.500s
2024-12-23 08:28:16.380 66767 INFO tempest.lib.common.rest_client [req-e9794b3d-9b5d-456d-adf3-5eba351534ed req-e9794b3d-9b5d-456d-adf3-5eba351534ed ] Request (FloatingIPsTestJSON:test_delete_floating_ip): 202 DELETE http://10.180.1.21/compute/v2.1/os-floating-ips/a0ff5ae6-367e-436a-ad19-3efeca216bb8 1.982s
2024-12-23 08:28:16.382 66807 INFO tempest.lib.common.rest_client [req-0bdbf0be-d3c1-4743-aed4-cc715dc3831b req-0bdbf0be-d3c1-4743-aed4-cc715dc3831b ] Request (ServicesAdminNegativeTestJSON:test_list_services_with_non_admin_user): 403 GET http://10.180.1.21/compute/v2.1/os-services 1.882s
2024-12-23 08:28:16.387 66791 INFO tempest.lib.common.rest_client [req-e9362c0a-5f1b-46ca-9f11-26ed9d9767d5 req-e9362c0a-5f1b-46ca-9f11-26ed9d9767d5 ] Request (FlavorsV255TestJSON:tearDownClass): 204 DELETE http://10.180.1.21/identity/v3/users/25f7e9dc1ce9425c84a41fe9e09b52b7 0.136s
2024-12-23 08:28:16.399 66799 INFO tempest.lib.common.rest_client [req-eb7e6a50-81ef-4690-abef-633976c1f87f req-eb7e6a50-81ef-4690-abef-633976c1f87f ] Request (FlavorsExtraSpecsTestJSON:test_flavor_set_get_update_show_unset_keys): 200 GET http://10.180.1.21/compute/v2.1/flavors/1091543995/os-extra_specs 1.867s
2024-12-23 08:28:16.477 66791 INFO tempest.lib.common.rest_client [req-3572054f-9c11-4ee5-a707-45dd19334342 req-3572054f-9c11-4ee5-a707-45dd19334342 ] Request (FlavorsV255TestJSON:tearDownClass): 204 DELETE http://10.180.1.21/identity/v3/users/657694a92f50465e8a48f72b43802847 0.089s
2024-12-23 08:28:16.477 66791 INFO tempest.lib.common.dynamic_creds [-] Deleting project and security group for project: 8e0e352e6fa240039b9331d0b52e9b98
2024-12-23 08:28:16.496 66807 INFO tempest.lib.common.rest_client [req-76c67398-5632-4d00-bcab-acc7a83fe69d req-76c67398-5632-4d00-bcab-acc7a83fe69d ] Request (ServicesAdminNegativeTestJSON:tearDownClass): 204 DELETE http://10.180.1.21/identity/v3/users/e77bfd1c085441888f543c0666df42ae 0.113s
2024-12-23 08:28:16.540 66791 INFO tempest.lib.common.rest_client [req-0d07ad61-7d0b-406c-977f-e5420a1efdd9 req-0d07ad61-7d0b-406c-977f-e5420a1efdd9 ] Request (FlavorsV255TestJSON:tearDownClass): 201 POST http://10.180.1.21/identity/v3/auth/tokens 0.063s
2024-12-23 08:28:16.568 66805 INFO tempest.lib.common.rest_client [req-1e944bb9-a538-4349-8352-0e82984a4e72 req-1e944bb9-a538-4349-8352-0e82984a4e72 ] Request (DeleteServersAdminTestJSON:test_admin_delete_servers_of_others): 200 GET http://10.180.1.21/compute/v2.1/servers/2af79296-4820-4007-9bc6-697d46d90656 2.065s
2024-12-23 08:28:16.574 66805 INFO tempest.common.waiters [-] State transition "BUILD/networking" ==> "BUILD/spawning" after 8 second wait
2024-12-23 08:28:16.591 66807 INFO tempest.lib.common.rest_client [req-50c0fc2f-7a27-47b5-8ff8-161f5a81bc62 req-50c0fc2f-7a27-47b5-8ff8-161f5a81bc62 ] Request (ServicesAdminNegativeTestJSON:tearDownClass): 204 DELETE http://10.180.1.21/identity/v3/users/8075bfb8b19b461d969136e0a24d9e78 0.094s
2024-12-23 08:28:16.591 66807 INFO tempest.lib.common.dynamic_creds [-] Deleting project and security group for project: 52c16c2430504e3a81227064be78df7e
2024-12-23 08:28:16.648 66807 INFO tempest.lib.common.rest_client [req-43f81f4e-847c-48da-8ef8-29ba0826c953 req-43f81f4e-847c-48da-8ef8-29ba0826c953 ] Request (ServicesAdminNegativeTestJSON:tearDownClass): 201 POST http://10.180.1.21/identity/v3/auth/tokens 0.056s
2024-12-23 08:28:16.809 66787 INFO tempest.lib.common.rest_client [req-2e243d53-b88e-443f-b5b5-0cde5a6f47c8 req-2e243d53-b88e-443f-b5b5-0cde5a6f47c8 ] Request (QuotasAdminNegativeTest:_run_cleanups): 200 PUT http://10.180.1.21/compute/v2.1/os-quota-sets/c3aecf0b23c24a61934f09f3ea1fb560 1.835s
2024-12-23 08:28:16.823 66827 INFO tempest.lib.common.rest_client [req-4213e355-f696-4dbe-b6bc-4b05594a9a24 req-4213e355-f696-4dbe-b6bc-4b05594a9a24 ] Request (SecurityGroupRulesTestJSON:test_security_group_rules_create_with_optional_group_id): 200 POST http://10.180.1.21/compute/v2.1/os-security-group-rules 2.080s
2024-12-23 08:28:16.825 66827 WARNING tempest.lib.common.rest_client [-] Deprecated: "tenant_id" property is deprecated for removal, use "project_id" instead
2024-12-23 08:28:16.829 66817 INFO tempest.lib.common.rest_client [req-5f0c709e-306b-47fb-b8d0-a922f508fb60 req-5f0c709e-306b-47fb-b8d0-a922f508fb60 ] Request (FlavorsExtraSpecsNegativeTestJSON:test_flavor_non_admin_update_specific_key): 403 PUT http://10.180.1.21/compute/v2.1/flavors/330870727/os-extra_specs/hw:numa_nodes 1.819s
2024-12-23 08:28:16.841 66821 INFO tempest.lib.common.rest_client [req-50d7ead7-4798-4369-867a-b9ff55338e59 req-50d7ead7-4798-4369-867a-b9ff55338e59 ] Request (HypervisorAdminNegativeTestJSON:test_show_hypervisor_with_non_admin_user): 200 GET http://10.180.1.21/compute/v2.1/os-hypervisors 1.860s
2024-12-23 08:28:16.864 66779 INFO tempest.lib.common.rest_client [req-b3cd9747-09e3-4794-b5c8-4d3f4290cf98 req-b3cd9747-09e3-4794-b5c8-4d3f4290cf98 ] Request (FlavorsAccessTestJSON:test_flavor_access_list_with_private_flavor): 200 GET http://10.180.1.21/compute/v2.1/flavors/1596016475/os-flavor-access 1.809s
2024-12-23 08:28:16.868 66809 INFO tempest.lib.common.rest_client [req-b2726958-ffd2-449b-be49-eff4aefaa57a req-b2726958-ffd2-449b-be49-eff4aefaa57a ] Request (FlavorsV261TestJSON:_run_cleanups): 200 GET http://10.180.1.21/compute/v2.1/flavors/detail 1.842s
2024-12-23 08:28:16.877 66781 INFO tempest.lib.common.rest_client [req-3225d1c1-08ab-4996-8bdd-f551db3f0fa5 req-3225d1c1-08ab-4996-8bdd-f551db3f0fa5 ] Request (FlavorsV2TestJSON:test_list_flavors_detailed_using_marker): 200 GET http://10.180.1.21/compute/v2.1/flavors/42 1.810s
2024-12-23 08:28:16.886 66773 INFO tempest.lib.common.rest_client [req-79b5facc-8c60-4e99-9f80-b6e7557339b4 req-79b5facc-8c60-4e99-9f80-b6e7557339b4 ] Request (KeyPairsV22TestJSON:test_get_keypair_detail): 200 GET http://10.180.1.21/compute/v2.1/os-keypairs/tempest-keypair-1255067368 1.695s
2024-12-23 08:28:16.899 66791 INFO tempest.lib.common.rest_client [req-eeffe27e-bbc4-4226-9579-f72752822e18 req-eeffe27e-bbc4-4226-9579-f72752822e18 ] Request (FlavorsV255TestJSON:tearDownClass): 200 GET http://10.180.1.21:9696/networking/v2.0/security-groups?tenant_id=8e0e352e6fa240039b9331d0b52e9b98&name=default 0.358s
2024-12-23 08:28:16.908 66783 INFO tempest.lib.common.rest_client [req-ad5b32ec-531c-4a16-8f1c-1d6a3b4a7c87 req-ad5b32ec-531c-4a16-8f1c-1d6a3b4a7c87 ] Request (ServersWithSpecificFlavorTestJSON:test_verify_created_server_ephemeral_disk): 200 POST http://10.180.1.21/compute/v2.1/flavors 1.694s
2024-12-23 08:28:16.928 66775 INFO tempest.lib.common.rest_client [req-1e4c0977-0240-432a-9bc9-f085ba4f14be req-1e4c0977-0240-432a-9bc9-f085ba4f14be ] Request (FlavorsAccessNegativeTestJSON:test_flavor_access_list_with_public_flavor): 200 POST http://10.180.1.21/compute/v2.1/flavors 1.679s
2024-12-23 08:28:16.983 66811 INFO tempest.lib.common.rest_client [req-d457c6cb-06c3-493d-9894-cb730c1ec164 req-d457c6cb-06c3-493d-9894-cb730c1ec164 ] Request (MultipleCreateNegativeTestJSON:test_max_count_less_than_min_count): 400 POST http://10.180.1.21/compute/v2.1/servers 1.870s
2024-12-23 08:28:17.031 66823 INFO tempest.lib.common.rest_client [req-865afb91-fd3f-48cb-b1cd-7c8c891fb8a3 req-865afb91-fd3f-48cb-b1cd-7c8c891fb8a3 ] Request (ServerDiskConfigTestJSON:test_rebuild_server_with_auto_disk_config): 200 GET http://10.180.1.21/compute/v2.1/servers/45d8b29a-3b2a-409e-967c-d5097085fb0e 1.690s
2024-12-23 08:28:17.038 66807 INFO tempest.lib.common.rest_client [req-91b2b467-940f-4e84-894c-028a8603eaa1 req-91b2b467-940f-4e84-894c-028a8603eaa1 ] Request (ServicesAdminNegativeTestJSON:tearDownClass): 200 GET http://10.180.1.21:9696/networking/v2.0/security-groups?tenant_id=52c16c2430504e3a81227064be78df7e&name=default 0.389s
2024-12-23 08:28:17.052 66809 INFO tempest.lib.common.rest_client [req-6815fede-7fa7-4c65-946b-3110b3bf1ffe req-6815fede-7fa7-4c65-946b-3110b3bf1ffe ] Request (FlavorsV261TestJSON:tearDownClass): 204 DELETE http://10.180.1.21/identity/v3/users/744a0eb10da54936b9ffdec3c992f53d 0.125s
2024-12-23 08:28:17.063 66811 INFO tempest.lib.common.rest_client [req-9abbc661-a259-42e5-b860-3e8f7941494c req-9abbc661-a259-42e5-b860-3e8f7941494c ] Request (MultipleCreateNegativeTestJSON:test_max_count_less_than_one): 201 POST http://10.180.1.21/identity/v3/auth/tokens 0.074s
2024-12-23 08:28:17.063 66811 INFO tempest.lib.common.fixed_network [-] (MultipleCreateNegativeTestJSON:test_max_count_less_than_one) Found network None available for tenant
2024-12-23 08:28:17.204 66809 INFO tempest.lib.common.rest_client [req-220d1b1b-8dd4-414b-a8ea-70232e4039c2 req-220d1b1b-8dd4-414b-a8ea-70232e4039c2 ] Request (FlavorsV261TestJSON:tearDownClass): 204 DELETE http://10.180.1.21/identity/v3/users/97b454fddc664b459d17dd1266361102 0.151s
2024-12-23 08:28:17.204 66809 INFO tempest.lib.common.dynamic_creds [-] Deleting project and security group for project: a8ab1b777138446aa8ff0189720e28d5
2024-12-23 08:28:17.212 66791 INFO tempest.lib.common.rest_client [req-f339d9a6-b6bd-45b2-b2a3-910e4643a13d req-f339d9a6-b6bd-45b2-b2a3-910e4643a13d ] Request (FlavorsV255TestJSON:tearDownClass): 204 DELETE http://10.180.1.21:9696/networking/v2.0/security-groups/cb9ed256-34ae-4644-b7f7-4428e30829f4 0.313s
2024-12-23 08:28:17.246 66819 INFO tempest.lib.common.rest_client [req-2d51e9bf-2226-4b86-8e69-f0b6932d1897 req-2d51e9bf-2226-4b86-8e69-f0b6932d1897 ] Request (QuotasAdminTestJSON:test_delete_quota): 200 PUT http://10.180.1.21/compute/v2.1/os-quota-sets/1f62057e73294e62829ea7e94e6291c9 1.792s
2024-12-23 08:28:17.258 66807 INFO tempest.lib.common.rest_client [req-c5d874b8-fc6d-48dd-9124-d8ee86d5c592 req-c5d874b8-fc6d-48dd-9124-d8ee86d5c592 ] Request (ServicesAdminNegativeTestJSON:tearDownClass): 204 DELETE http://10.180.1.21:9696/networking/v2.0/security-groups/27532cee-b862-4add-affa-5154eaae57d4 0.218s
