2024-12-23 08:31:08.592 66823 INFO tempest.lib.common.rest_client [req-19ccb774-9e44-4d1f-bc71-da452c758b12 req-19ccb774-9e44-4d1f-bc71-da452c758b12 ] Request (ServerDiskConfigTestJSON:test_resize_server_from_auto_to_manual): 200 GET http://10.180.1.21/compute/v2.1/servers/24d5e16d-487c-48b0-b034-9204c0af2ea2 0.438s
2024-12-23 08:31:08.617 66821 INFO tempest.lib.common.rest_client [req-68020298-05fb-443c-95c0-6b17b5bd30e6 req-68020298-05fb-443c-95c0-6b17b5bd30e6 ] Request (ServerExternalEventsTest:tearDownClass): 204 DELETE http://10.180.1.21/identity/v3/projects/a899110491a3489bb2404316c1eee082 0.121s
2024-12-23 08:31:08.643 66787 INFO tempest.lib.common.rest_client [req-5936cabd-836f-4440-9610-9410aa3a3827 req-5936cabd-836f-4440-9610-9410aa3a3827 ] Request (ServersAdminTestJSON:test_create_server_with_scheduling_hint): 200 GET http://10.180.1.21/compute/v2.1/servers/d376c7ad-9725-4597-ab64-278178dea44f 0.361s
2024-12-23 08:31:08.645 66773 INFO tempest.lib.common.rest_client [req-dc18a526-9716-4eaf-a29f-7c77d40626de req-dc18a526-9716-4eaf-a29f-7c77d40626de ] Request (ServersTestJSON:_run_cleanups): 200 GET http://10.180.1.21/compute/v2.1/servers/35dc5996-9d0f-49cc-9b29-9957ecbfa259 0.411s
2024-12-23 08:31:08.686 66789 INFO tempest.lib.common.rest_client [req-8aae5601-aa15-43f3-887f-cdb40042bf40 req-8aae5601-aa15-43f3-887f-cdb40042bf40 ] Request (ServerActionsTestOtherA:setUpClass): 200 GET http://10.180.1.21/compute/v2.1/servers/d95eea11-abb4-4438-a305-b369fdf3bb52 0.382s
2024-12-23 08:31:08.695 66821 INFO tempest.lib.common.rest_client [req-40a4e708-1bdb-4e3e-970e-7e5af2b7094f req-40a4e708-1bdb-4e3e-970e-7e5af2b7094f ] Request (FlavorsV2NegativeTest:setUpClass): 201 POST http://10.180.1.21/identity/v3/auth/tokens 0.075s
2024-12-23 08:31:08.696 66815 INFO tempest.lib.common.rest_client [req-fdfe4ae1-e344-41cd-8c06-7df80faf16da req-fdfe4ae1-e344-41cd-8c06-7df80faf16da ] Request (ServerAddressesTestJSON:setUpClass): 200 GET http://10.180.1.21/compute/v2.1/servers/09b1d099-befe-4e35-9180-76ae8ba84163 0.360s
2024-12-23 08:31:08.733 66821 INFO tempest.lib.common.rest_client [req-da822db9-f9cd-4018-904e-9a1bb8c3cf4e req-da822db9-f9cd-4018-904e-9a1bb8c3cf4e ] Request (FlavorsV2NegativeTest:setUpClass): 201 POST http://10.180.1.21/identity/v3/auth/tokens 0.035s
2024-12-23 08:31:08.744 66767 INFO tempest.lib.common.rest_client [req-02e7b62a-08ae-4277-8b59-a6ec5a7b8184 req-02e7b62a-08ae-4277-8b59-a6ec5a7b8184 ] Request (ListServersNegativeTestJSON:setUpClass): 200 GET http://10.180.1.21/compute/v2.1/servers/6f5e38dd-7a22-4065-bc06-c4aefa6092e3 0.344s
2024-12-23 08:31:08.760 66821 INFO tempest.lib.common.rest_client [req-069d4aff-7261-4081-81b4-0ed72fd72525 req-069d4aff-7261-4081-81b4-0ed72fd72525 ] Request (FlavorsV2NegativeTest:setUpClass): 200 GET http://10.180.1.21/identity/v3/domains?name=Default 0.027s
2024-12-23 08:31:08.801 66821 INFO tempest.lib.common.rest_client [req-322173a9-79fb-4175-9a14-9cb83894eb1d req-322173a9-79fb-4175-9a14-9cb83894eb1d ] Request (FlavorsV2NegativeTest:setUpClass): 201 POST http://10.180.1.21/identity/v3/projects 0.040s
2024-12-23 08:31:08.807 66813 INFO tempest.lib.common.rest_client [req-bd47f9c4-8801-42ca-9966-0ae90011bfcd req-bd47f9c4-8801-42ca-9966-0ae90011bfcd ] Request (ServerShowV257Test:tearDownClass): 200 GET http://10.180.1.21/compute/v2.1/servers/1494e9ab-1538-4c17-bb17-af10e9c1c764 0.295s
2024-12-23 08:31:08.824 66765 INFO tempest.lib.common.rest_client [req-6e0a6ed1-730c-49ab-bfa5-7fc74e9b25cd req-6e0a6ed1-730c-49ab-bfa5-7fc74e9b25cd ] Request (AttachInterfacesV270Test:test_create_get_list_interfaces): 200 GET http://10.180.1.21/compute/v2.1/servers/f347346b-2a14-4cea-ab84-47f2952af658 0.368s
2024-12-23 08:31:08.834 66765 INFO tempest.common.waiters [-] State transition "BUILD/networking" ==> "BUILD/spawning" after 74 second wait
2024-12-23 08:31:08.874 66821 INFO tempest.lib.common.rest_client [req-b0602118-79fa-423d-a020-23f9b600283d req-b0602118-79fa-423d-a020-23f9b600283d ] Request (FlavorsV2NegativeTest:setUpClass): 201 POST http://10.180.1.21/identity/v3/users 0.072s
2024-12-23 08:31:08.892 66809 INFO tempest.lib.common.rest_client [req-e7dfcf29-b07c-4aa3-9daa-88e02cb1804f req-e7dfcf29-b07c-4aa3-9daa-88e02cb1804f ] Request (ServersTestBootFromVolume:tearDownClass): 200 GET http://10.180.1.21/compute/v2.1/servers/26fff0b9-f89b-43f6-b0af-6c22bba5d369 0.318s
2024-12-23 08:31:08.899 66821 INFO tempest.lib.common.rest_client [req-db76027f-22d6-47ed-b39c-b6dc9e52cb9e req-db76027f-22d6-47ed-b39c-b6dc9e52cb9e ] Request (FlavorsV2NegativeTest:setUpClass): 200 GET http://10.180.1.21/identity/v3/roles 0.025s
2024-12-23 08:31:08.912 66777 INFO tempest.lib.common.rest_client [req-61886be4-a923-4c1c-a93e-60643605f742 req-61886be4-a923-4c1c-a93e-60643605f742 ] Request (ServersNegativeTestJSON:tearDown): 200 GET http://10.180.1.21/compute/v2.1/servers/ca6758db-5d65-4671-814c-957348d62858 0.371s
2024-12-23 08:31:08.926 66779 INFO tempest.lib.common.rest_client [req-bddf9245-6e18-4bf8-83d6-154f3aac762f req-bddf9245-6e18-4bf8-83d6-154f3aac762f ] Request (ListImageFiltersTestJSON:setUpClass): 200 GET http://10.180.1.21/compute/v2.1/images/a7cf23bc-9e81-4828-875f-3f5985b83991 0.320s
2024-12-23 08:31:08.937 66821 INFO tempest.lib.common.rest_client [req-7b9ba3ac-730e-45d0-a31f-eca9df4a16e4 req-7b9ba3ac-730e-45d0-a31f-eca9df4a16e4 ] Request (FlavorsV2NegativeTest:setUpClass): 204 PUT http://10.180.1.21/identity/v3/projects/c4c64402627d4541854dab60cbb1ce3d/users/bbe9a7e714d84b1baa372e1b586503c2/roles/83ff695d77f448caa7bf4e48d050944d 0.038s
2024-12-23 08:31:08.938 66821 INFO tempest.lib.common.dynamic_creds [-] Dynamic test user bbe9a7e714d84b1baa372e1b586503c2 is created with scope project and roles: ['member']
2024-12-23 08:31:08.938 66821 INFO tempest.lib.common.dynamic_creds [-] Acquired dynamic creds: credentials: Credentials: {'domain_id': 'default', 'domain_name': 'Default', 'username': 'tempest-FlavorsV2NegativeTest-1026802577-project-member', 'project_domain_id': 'default', 'project_domain_name': 'Default', 'project_id': 'c4c64402627d4541854dab60cbb1ce3d', 'project_name': 'tempest-FlavorsV2NegativeTest-1026802577', 'tenant_id': 'c4c64402627d4541854dab60cbb1ce3d', 'tenant_name': 'tempest-FlavorsV2NegativeTest-1026802577', 'user_domain_id': 'default', 'user_domain_name': 'Default', 'user_id': 'bbe9a7e714d84b1baa372e1b586503c2', 'system': None}, Network: None, Subnet: None, Router: None
2024-12-23 08:31:08.938 66821 INFO tempest.lib.common.dynamic_creds [-] Created isolated network resources for: credentials: Credentials: {'domain_id': 'default', 'domain_name': 'Default', 'username': 'tempest-FlavorsV2NegativeTest-1026802577-project-member', 'project_domain_id': 'default', 'project_domain_name': 'Default', 'project_id': 'c4c64402627d4541854dab60cbb1ce3d', 'project_name': 'tempest-FlavorsV2NegativeTest-1026802577', 'tenant_id': 'c4c64402627d4541854dab60cbb1ce3d', 'tenant_name': 'tempest-FlavorsV2NegativeTest-1026802577', 'user_domain_id': 'default', 'user_domain_name': 'Default', 'user_id': 'bbe9a7e714d84b1baa372e1b586503c2', 'system': None}, Network: None, Subnet: None, Router: None
2024-12-23 08:31:08.976 66801 INFO tempest.lib.common.rest_client [req-245a53f1-2ab5-4eee-bb7f-2a7a9bc773d1 req-245a53f1-2ab5-4eee-bb7f-2a7a9bc773d1 ] Request (MigrationsAdminTest:test_resize_server_revert_deleted_flavor): 200 GET http://10.180.1.21/compute/v2.1/servers/bfeaf525-4e5b-47df-aa69-81f0d438010e 0.313s
2024-12-23 08:31:08.983 66775 INFO tempest.lib.common.rest_client [req-d5e0b266-e12d-45f4-94da-4b96423d3192 req-d5e0b266-e12d-45f4-94da-4b96423d3192 ] Request (ServersTestJSON:setUpClass): 200 GET http://10.180.1.21/compute/v2.1/servers/91bd0705-6e68-4155-86dd-2675a9a3e45f 0.257s
2024-12-23 08:31:09.021 66821 INFO tempest.lib.common.rest_client [req-66335b90-dab3-4751-82f0-f5837af1a6a0 req-66335b90-dab3-4751-82f0-f5837af1a6a0 ] Request (FlavorsV2NegativeTest:setUpClass): 201 POST http://10.180.1.21/identity/v3/auth/tokens 0.076s
2024-12-23 08:31:09.041 66803 INFO tempest.lib.common.rest_client [req-97e8e0fa-6142-4be6-a28b-6f428c3e83aa req-97e8e0fa-6142-4be6-a28b-6f428c3e83aa ] Request (DeleteServersTestJSON:test_delete_server_while_in_attached_volume): 200 GET http://10.180.1.21/compute/v2.1/servers/4102a78a-a5f7-48cc-9b28-4ee756553c83 0.204s
2024-12-23 08:31:09.047 66805 INFO tempest.lib.common.rest_client [req-9b4b2972-2410-435e-8a79-b68b5d1d23a3 req-9b4b2972-2410-435e-8a79-b68b5d1d23a3 ] Request (ServersTestManualDisk:setUpClass): 200 GET http://10.180.1.21/compute/v2.1/servers/c3ef0795-7325-4464-acaf-01f496d602c4 0.262s
2024-12-23 08:31:09.143 66821 INFO tempest.lib.common.rest_client [req-d37f8bde-d565-4c92-87ff-17c95e88b2c6 req-d37f8bde-d565-4c92-87ff-17c95e88b2c6 ] Request (FlavorsV2NegativeTest:test_boot_with_low_ram): 200 GET http://10.180.1.21/compute/v2.1/flavors/42 0.120s
2024-12-23 08:31:09.166 66771 WARNING tempest.lib.common.ssh [-] Failed to establish authenticated ssh connection to cirros@10.180.180.201 ([Errno None] Unable to connect to port 22 on 10.180.180.201). Number attempts: 3. Retry after 4 seconds.: paramiko.ssh_exception.NoValidConnectionsError: [Errno None] Unable to connect to port 22 on 10.180.180.201
2024-12-23 08:31:09.209 66777 INFO tempest.lib.common.rest_client [req-3be439c5-e05e-42ca-8bc1-88b02be21ad3 req-3be439c5-e05e-42ca-8bc1-88b02be21ad3 ] Request (ServersNegativeTestJSON:setUp): 200 GET http://10.180.1.21/compute/v2.1/servers/ca6758db-5d65-4671-814c-957348d62858 0.289s
2024-12-23 08:31:09.258 66817 INFO paramiko.transport [-] Connected (version 2.0, client dropbear_2020.81)
2024-12-23 08:31:09.291 66777 INFO tempest.lib.common.rest_client [req-9dea970c-7cb8-435e-9cc4-78038762d484 req-9dea970c-7cb8-435e-9cc4-78038762d484 ] Request (ServersNegativeTestJSON:test_create_server_metadata_exceeds_length_limit): 201 POST http://10.180.1.21/identity/v3/auth/tokens 0.072s
2024-12-23 08:31:09.292 66777 INFO tempest.lib.common.fixed_network [-] (ServersNegativeTestJSON:test_create_server_metadata_exceeds_length_limit) Found network {'id': '9d8a374a-82a1-44f8-889b-980addd2edd9', 'name': 'tempest-ServersNegativeTestJSON-2018580108-network', 'tenant_id': 'fd720f81aa344d3e93aa73bd0fe10ee1', 'admin_state_up': True, 'mtu': 8950, 'status': 'ACTIVE', 'subnets': [], 'shared': False, 'project_id': 'fd720f81aa344d3e93aa73bd0fe10ee1', 'port_security_enabled': True, 'router:external': False, 'provider:network_type': 'vlan', 'provider:physical_network': 'default', 'provider:segmentation_id': 908, 'availability_zone_hints': [], 'availability_zones': [], 'ipv4_address_scope': None, 'ipv6_address_scope': None, 'description': '', 'tags': [], 'created_at': '2024-12-23T08:28:26Z', 'updated_at': '2024-12-23T08:28:26Z', 'revision_number': 1} available for tenant
2024-12-23 08:31:09.306 66777 INFO tempest.lib.common.rest_client [req-85df292e-d576-4d78-95e5-c32a20ec8525 req-85df292e-d576-4d78-95e5-c32a20ec8525 ] Request (ServersNegativeTestJSON:test_create_server_metadata_exceeds_length_limit): 400 POST http://10.180.1.21/compute/v2.1/servers 0.013s
2024-12-23 08:31:09.323 66817 INFO paramiko.transport [-] Authentication (publickey) successful!
2024-12-23 08:31:09.323 66817 INFO tempest.lib.common.ssh [-] ssh connection to cirros@10.180.180.243 successfully created
2024-12-23 08:31:09.364 66817 INFO tempest.lib.common.rest_client [req-d46ce74b-3f92-425f-baee-04fbb6d0a0c3 req-d46ce74b-3f92-425f-baee-04fbb6d0a0c3 ] Request (AttachVolumeShelveTestJSON:test_attach_volume_shelved_or_offload_server): 200 GET http://10.180.1.21/compute/v2.1/servers/1023f77b-0f09-418a-adf1-d3e36bc41bc3/ips 0.040s
2024-12-23 08:31:09.432 66827 INFO tempest.lib.common.rest_client [req-efc8d6c3-2196-46c7-a3a2-e6711e82a74d req-efc8d6c3-2196-46c7-a3a2-e6711e82a74d ] Request (SecurityGroupsTestJSON:test_server_security_groups): 200 GET http://10.180.1.21/compute/v2.1/servers/75bf8bf0-37a8-416e-87e9-7dc66f3c1ee9 0.062s
2024-12-23 08:31:09.443 66777 INFO tempest.lib.common.rest_client [req-cebc1895-5a60-4f2d-ac60-18df5b384f1a req-cebc1895-5a60-4f2d-ac60-18df5b384f1a ] Request (ServersNegativeTestJSON:tearDown): 200 GET http://10.180.1.21/compute/v2.1/servers/ca6758db-5d65-4671-814c-957348d62858 0.137s
2024-12-23 08:31:09.497 66791 INFO tempest.lib.common.rest_client [req-21ecac5c-bc48-47fd-b932-02a132c42e36 req-21ecac5c-bc48-47fd-b932-02a132c42e36 ] Request (ImagesOneServerNegativeTestJSON:_run_cleanups): 200 GET http://10.180.1.21/compute/v2.1/servers/692dbee1-4ba7-4b4e-877d-afc69bdcd7b3 0.077s
2024-12-23 08:31:09.531 66817 INFO tempest.lib.common.rest_client [req-a2257668-aa4a-4f74-80fa-83dcff3900d1 req-a2257668-aa4a-4f74-80fa-83dcff3900d1 ] Request (AttachVolumeShelveTestJSON:test_attach_volume_shelved_or_offload_server): 202 POST http://10.180.1.21/volume/v3/volumes 0.166s
2024-12-23 08:31:09.540 66821 INFO tempest.lib.common.rest_client [req-9eb8a394-72e5-4b92-b8c9-8b701126d4a7 req-9eb8a394-72e5-4b92-b8c9-8b701126d4a7 ] Request (FlavorsV2NegativeTest:test_boot_with_low_ram): 201 POST http://10.180.1.21/image/v2/images 0.392s
2024-12-23 08:31:09.552 66781 INFO tempest.lib.common.rest_client [req-dd9a5167-f290-4958-8f58-5d3fce688cab req-dd9a5167-f290-4958-8f58-5d3fce688cab ] Request (ServerRescueTestJSON:test_rescue_unrescue_instance): 200 GET http://10.180.1.21/compute/v2.1/servers/298ba832-f2a1-4518-9b83-0383605c5ec9 0.069s
2024-12-23 08:31:09.557 66811 INFO tempest.lib.common.rest_client [req-5c769493-47c7-4c56-a07b-b3a0ca57f861 req-5c769493-47c7-4c56-a07b-b3a0ca57f861 ] Request (AttachVolumeNegativeTest:test_attach_attached_volume_to_different_server): 200 GET http://10.180.1.21/volume/v3/volumes/f9d68860-c8df-4e51-bbc3-4fa91e0465ee 0.106s
2024-12-23 08:31:09.578 66817 INFO tempest.lib.common.rest_client [req-55f9858c-65e9-4db5-b421-8ae4cf89f89a req-55f9858c-65e9-4db5-b421-8ae4cf89f89a ] Request (AttachVolumeShelveTestJSON:test_attach_volume_shelved_or_offload_server): 200 GET http://10.180.1.21/volume/v3/volumes/1392a3bd-7615-41fb-a6e4-aa1079b5832d 0.041s
2024-12-23 08:31:09.579 66799 INFO tempest.lib.common.rest_client [req-873c9153-6384-45e2-aa76-7065520aa062 req-873c9153-6384-45e2-aa76-7065520aa062 ] Request (ServersAdminNegativeTestJSON:tearDownClass): 404 GET http://10.180.1.21/compute/v2.1/servers/4e7a8fc5-0066-480b-bdb5-44b2c64d267e 0.092s
2024-12-23 08:31:09.627 66777 INFO tempest.lib.common.rest_client [req-5a7f36f3-0392-4192-a44e-3c404afaacea req-5a7f36f3-0392-4192-a44e-3c404afaacea ] Request (ServersNegativeTestJSON:setUp): 200 GET http://10.180.1.21/compute/v2.1/servers/ca6758db-5d65-4671-814c-957348d62858 0.175s
2024-12-23 08:31:09.637 66797 INFO tempest.lib.common.rest_client [req-394718e6-3df4-4822-ae1b-6728a9436070 req-394718e6-3df4-4822-ae1b-6728a9436070 ] Request (AttachInterfacesTestJSON:test_create_list_show_delete_interfaces_by_fixed_ip): 200 GET http://10.180.1.21/compute/v2.1/servers/f22f9e16-5775-45d6-a75f-ef4e294c78b7 0.102s
2024-12-23 08:31:09.691 66793 INFO tempest.lib.common.rest_client [req-0acea841-6bc8-438e-aa78-f95a340509be req-0acea841-6bc8-438e-aa78-f95a340509be ] Request (VolumesAssistedSnapshotsTest:tearDownClass): 200 GET http://10.180.1.21/compute/v2.1/servers/921af820-927f-4429-a5c0-e4eb55b3ca23 0.150s
2024-12-23 08:31:09.696 66783 INFO tempest.lib.common.rest_client [req-69178afb-1061-4937-9f5e-3dfca396e9f6 req-69178afb-1061-4937-9f5e-3dfca396e9f6 ] Request (ServersWithSpecificFlavorTestJSON:test_verify_created_server_ephemeral_disk): 200 GET http://10.180.1.21/compute/v2.1/servers/9c954371-b8e5-4b8d-a99f-d2f2d795394c 0.106s
2024-12-23 08:31:09.720 66799 INFO tempest.lib.common.rest_client [req-a4248361-66a1-41cb-83f2-9a42c6157619 req-a4248361-66a1-41cb-83f2-9a42c6157619 ] Request (ServersAdminNegativeTestJSON:tearDownClass): 204 DELETE http://10.180.1.21/identity/v3/users/1fc94c1990a049d69ce62860903a5a16 0.140s
2024-12-23 08:31:09.736 66777 INFO tempest.lib.common.rest_client [req-377a2125-b60e-456a-9aa7-6b04a36ae740 req-377a2125-b60e-456a-9aa7-6b04a36ae740 ] Request (ServersNegativeTestJSON:test_create_server_name_length_exceeds_256): 201 POST http://10.180.1.21/identity/v3/auth/tokens 0.098s
2024-12-23 08:31:09.737 66777 INFO tempest.lib.common.fixed_network [-] (ServersNegativeTestJSON:test_create_server_name_length_exceeds_256) Found network {'id': '9d8a374a-82a1-44f8-889b-980addd2edd9', 'name': 'tempest-ServersNegativeTestJSON-2018580108-network', 'tenant_id': 'fd720f81aa344d3e93aa73bd0fe10ee1', 'admin_state_up': True, 'mtu': 8950, 'status': 'ACTIVE', 'subnets': [], 'shared': False, 'project_id': 'fd720f81aa344d3e93aa73bd0fe10ee1', 'port_security_enabled': True, 'router:external': False, 'provider:network_type': 'vlan', 'provider:physical_network': 'default', 'provider:segmentation_id': 908, 'availability_zone_hints': [], 'availability_zones': [], 'ipv4_address_scope': None, 'ipv6_address_scope': None, 'description': '', 'tags': [], 'created_at': '2024-12-23T08:28:26Z', 'updated_at': '2024-12-23T08:28:26Z', 'revision_number': 1} available for tenant
2024-12-23 08:31:09.745 66823 INFO tempest.lib.common.rest_client [req-ad9a50ea-6ff3-4e6b-bba8-d70685c251d3 req-ad9a50ea-6ff3-4e6b-bba8-d70685c251d3 ] Request (ServerDiskConfigTestJSON:test_resize_server_from_auto_to_manual): 200 GET http://10.180.1.21/compute/v2.1/servers/24d5e16d-487c-48b0-b034-9204c0af2ea2 0.147s
2024-12-23 08:31:09.749 66787 INFO tempest.lib.common.rest_client [req-cba3e5f9-7daf-4dc9-9e13-b8afc4b09323 req-cba3e5f9-7daf-4dc9-9e13-b8afc4b09323 ] Request (ServersAdminTestJSON:test_create_server_with_scheduling_hint): 200 GET http://10.180.1.21/compute/v2.1/servers/d376c7ad-9725-4597-ab64-278178dea44f 0.095s
2024-12-23 08:31:09.752 66823 INFO tempest.common.waiters [-] State transition "BUILD/None" ==> "BUILD/networking" after 69 second wait
2024-12-23 08:31:09.798 66789 INFO tempest.lib.common.rest_client [req-dd964f1d-5e7e-408d-ab80-b7ea6070099c req-dd964f1d-5e7e-408d-ab80-b7ea6070099c ] Request (ServerActionsTestOtherA:setUpClass): 200 GET http://10.180.1.21/compute/v2.1/servers/d95eea11-abb4-4438-a305-b369fdf3bb52 0.105s
2024-12-23 08:31:09.808 66773 INFO tempest.lib.common.rest_client [req-b44493c2-c255-4543-b0eb-67b60956b549 req-b44493c2-c255-4543-b0eb-67b60956b549 ] Request (ServersTestJSON:_run_cleanups): 200 GET http://10.180.1.21/compute/v2.1/servers/35dc5996-9d0f-49cc-9b29-9957ecbfa259 0.156s
2024-12-23 08:31:09.809 66777 INFO tempest.lib.common.rest_client [req-6439f5f9-3cb8-4e8c-bcfb-5b74b6eb13c4 req-6439f5f9-3cb8-4e8c-bcfb-5b74b6eb13c4 ] Request (ServersNegativeTestJSON:test_create_server_name_length_exceeds_256): 400 POST http://10.180.1.21/compute/v2.1/servers 0.072s
2024-12-23 08:31:09.862 66815 INFO tempest.lib.common.rest_client [req-990c6fcf-7c60-4d11-abb9-455f3572425b req-990c6fcf-7c60-4d11-abb9-455f3572425b ] Request (ServerAddressesTestJSON:setUpClass): 200 GET http://10.180.1.21/compute/v2.1/servers/09b1d099-befe-4e35-9180-76ae8ba84163 0.158s
2024-12-23 08:31:09.876 66767 INFO tempest.lib.common.rest_client [req-6a74ba26-b173-4a5c-8f04-3e6900891602 req-6a74ba26-b173-4a5c-8f04-3e6900891602 ] Request (ListServersNegativeTestJSON:setUpClass): 200 GET http://10.180.1.21/compute/v2.1/servers/6f5e38dd-7a22-4065-bc06-c4aefa6092e3 0.125s
2024-12-23 08:31:09.899 66799 INFO tempest.lib.common.rest_client [req-e38c754d-470d-4c56-ab63-56ccea9c5ed7 req-e38c754d-470d-4c56-ab63-56ccea9c5ed7 ] Request (ServersAdminNegativeTestJSON:tearDownClass): 204 DELETE http://10.180.1.21/identity/v3/users/ef4789fa528549ccbc2363baea1c826c 0.179s
2024-12-23 08:31:09.901 66799 INFO tempest.lib.common.dynamic_creds [-] Deleting project and security group for project: 02e3936428ee4aaaafd360efa6e747f2
2024-12-23 08:31:09.943 66813 INFO tempest.lib.common.rest_client [req-6ab90d24-b4c1-48ef-90d8-f77660e10121 req-6ab90d24-b4c1-48ef-90d8-f77660e10121 ] Request (ServerShowV257Test:tearDownClass): 200 GET http://10.180.1.21/compute/v2.1/servers/1494e9ab-1538-4c17-bb17-af10e9c1c764 0.125s
2024-12-23 08:31:09.982 66799 INFO tempest.lib.common.rest_client [req-e58833e6-a79a-47a5-9e9b-c0a4ee411ee4 req-e58833e6-a79a-47a5-9e9b-c0a4ee411ee4 ] Request (ServersAdminNegativeTestJSON:tearDownClass): 201 POST http://10.180.1.21/identity/v3/auth/tokens 0.081s
2024-12-23 08:31:10.097 66777 INFO tempest.lib.common.rest_client [req-ff8a0cc4-faf1-489f-a44c-8cf556f44649 req-ff8a0cc4-faf1-489f-a44c-8cf556f44649 ] Request (ServersNegativeTestJSON:tearDown): 200 GET http://10.180.1.21/compute/v2.1/servers/ca6758db-5d65-4671-814c-957348d62858 0.287s
2024-12-23 08:31:10.110 66765 INFO tempest.lib.common.rest_client [req-81b5b669-927f-4698-83be-99ad899a6814 req-81b5b669-927f-4698-83be-99ad899a6814 ] Request (AttachInterfacesV270Test:test_create_get_list_interfaces): 200 GET http://10.180.1.21/compute/v2.1/servers/f347346b-2a14-4cea-ab84-47f2952af658 0.275s
2024-12-23 08:31:10.181 66799 INFO tempest.lib.common.rest_client [req-06ce394b-3466-4a73-8e29-c794b4f49f46 req-06ce394b-3466-4a73-8e29-c794b4f49f46 ] Request (ServersAdminNegativeTestJSON:tearDownClass): 200 GET http://10.180.1.21:9696/networking/v2.0/security-groups?tenant_id=02e3936428ee4aaaafd360efa6e747f2&name=default 0.198s
2024-12-23 08:31:10.187 66809 INFO tempest.lib.common.rest_client [req-e538d210-ca8f-4198-bdfb-74a267aba440 req-e538d210-ca8f-4198-bdfb-74a267aba440 ] Request (ServersTestBootFromVolume:tearDownClass): 200 GET http://10.180.1.21/compute/v2.1/servers/26fff0b9-f89b-43f6-b0af-6c22bba5d369 0.284s
2024-12-23 08:31:10.257 66801 INFO tempest.lib.common.rest_client [req-9e14a341-efda-434d-8557-79a910b24651 req-9e14a341-efda-434d-8557-79a910b24651 ] Request (MigrationsAdminTest:test_resize_server_revert_deleted_flavor): 200 GET http://10.180.1.21/compute/v2.1/servers/bfeaf525-4e5b-47df-aa69-81f0d438010e 0.272s
2024-12-23 08:31:10.322 66775 INFO tempest.lib.common.rest_client [req-3c4c74d4-0126-434a-85b2-b88d41bd4eae req-3c4c74d4-0126-434a-85b2-b88d41bd4eae ] Request (ServersTestJSON:setUpClass): 200 GET http://10.180.1.21/compute/v2.1/servers/91bd0705-6e68-4155-86dd-2675a9a3e45f 0.327s
2024-12-23 08:31:10.355 66799 INFO tempest.lib.common.rest_client [req-706f35d4-6ef4-4788-98f6-5a6ab90aa5a9 req-706f35d4-6ef4-4788-98f6-5a6ab90aa5a9 ] Request (ServersAdminNegativeTestJSON:tearDownClass): 204 DELETE http://10.180.1.21:9696/networking/v2.0/security-groups/647178ad-4a34-4dd2-ae6e-16b5478e1a42 0.173s
2024-12-23 08:31:10.368 66821 INFO tempest.lib.common.rest_client [req-31342f61-f79c-4d63-9f3f-1cec0f69c3f5 req-31342f61-f79c-4d63-9f3f-1cec0f69c3f5 ] Request (FlavorsV2NegativeTest:test_boot_with_low_ram): 204 PUT http://10.180.1.21/image/v2/images/9988967e-e2a4-496d-8c6d-6f5e48d55082/file 0.827s
2024-12-23 08:31:10.381 66803 INFO tempest.lib.common.rest_client [req-1e99167c-cf7e-4247-bca3-0209ac8b206b req-1e99167c-cf7e-4247-bca3-0209ac8b206b ] Request (DeleteServersTestJSON:test_delete_server_while_in_attached_volume): 200 GET http://10.180.1.21/compute/v2.1/servers/4102a78a-a5f7-48cc-9b28-4ee756553c83 0.331s
2024-12-23 08:31:10.401 66779 INFO tempest.lib.common.rest_client [req-660c19ed-773c-4bca-9264-91d9de767821 req-660c19ed-773c-4bca-9264-91d9de767821 ] Request (ListImageFiltersTestJSON:setUpClass): 200 GET http://10.180.1.21/compute/v2.1/images/a7cf23bc-9e81-4828-875f-3f5985b83991 0.472s
2024-12-23 08:31:10.451 66805 INFO tempest.lib.common.rest_client [req-85608463-0d56-44df-8cb2-61f9c8cfd165 req-85608463-0d56-44df-8cb2-61f9c8cfd165 ] Request (ServersTestManualDisk:setUpClass): 200 GET http://10.180.1.21/compute/v2.1/servers/c3ef0795-7325-4464-acaf-01f496d602c4 0.397s
2024-12-23 08:31:10.457 66799 INFO tempest.lib.common.rest_client [req-270e5369-0c16-49ab-a24c-261da43b1984 req-270e5369-0c16-49ab-a24c-261da43b1984 ] Request (ServersAdminNegativeTestJSON:tearDownClass): 204 DELETE http://10.180.1.21/identity/v3/projects/02e3936428ee4aaaafd360efa6e747f2 0.102s
2024-12-23 08:31:10.458 66799 INFO tempest.lib.common.dynamic_creds [-] Deleting project and security group for project: ab188862892548d39da8dfc1d3f1ed03
2024-12-23 08:31:10.465 66821 INFO tempest.lib.common.rest_client [req-672d33c0-4bd7-4f92-ad2d-be12c58d7ed0 req-672d33c0-4bd7-4f92-ad2d-be12c58d7ed0 ] Request (FlavorsV2NegativeTest:test_boot_with_low_ram): 201 POST http://10.180.1.21/identity/v3/auth/tokens 0.091s
2024-12-23 08:31:10.465 66821 INFO tempest.lib.common.fixed_network [-] (FlavorsV2NegativeTest:test_boot_with_low_ram) Found network None available for tenant
2024-12-23 08:31:10.513 66827 INFO tempest.lib.common.rest_client [req-25be06e5-017e-4fde-a29c-ab903246648d req-25be06e5-017e-4fde-a29c-ab903246648d ] Request (SecurityGroupsTestJSON:test_server_security_groups): 200 GET http://10.180.1.21/compute/v2.1/servers/75bf8bf0-37a8-416e-87e9-7dc66f3c1ee9 0.070s
2024-12-23 08:31:10.528 66799 INFO tempest.lib.common.rest_client [req-d93ed11b-30d3-43c3-a8de-996189d6e406 req-d93ed11b-30d3-43c3-a8de-996189d6e406 ] Request (ServersAdminNegativeTestJSON:tearDownClass): 200 GET http://10.180.1.21:9696/networking/v2.0/security-groups?tenant_id=ab188862892548d39da8dfc1d3f1ed03&name=default 0.069s
2024-12-23 08:31:10.561 66777 INFO tempest.lib.common.rest_client [req-a1c01c80-4e44-4c74-adeb-81a21c4d0ee5 req-a1c01c80-4e44-4c74-adeb-81a21c4d0ee5 ] Request (ServersNegativeTestJSON:setUp): 200 GET http://10.180.1.21/compute/v2.1/servers/ca6758db-5d65-4671-814c-957348d62858 0.453s
2024-12-23 08:31:10.608 66811 INFO tempest.lib.common.rest_client [req-4595ce5f-2d9f-4ed2-8342-51a270c93b1e req-4595ce5f-2d9f-4ed2-8342-51a270c93b1e ] Request (AttachVolumeNegativeTest:test_attach_attached_volume_to_different_server): 200 GET http://10.180.1.21/volume/v3/volumes/f9d68860-c8df-4e51-bbc3-4fa91e0465ee 0.043s
2024-12-23 08:31:10.625 66791 INFO tempest.lib.common.rest_client [req-a5f5cbb0-1715-487b-b250-c6d004064bd9 req-a5f5cbb0-1715-487b-b250-c6d004064bd9 ] Request (ImagesOneServerNegativeTestJSON:_run_cleanups): 200 GET http://10.180.1.21/compute/v2.1/servers/692dbee1-4ba7-4b4e-877d-afc69bdcd7b3 0.118s
2024-12-23 08:31:10.640 66817 INFO tempest.lib.common.rest_client [req-8be27cdf-2d0d-4fab-9ee1-a24a256b4bf6 req-8be27cdf-2d0d-4fab-9ee1-a24a256b4bf6 ] Request (AttachVolumeShelveTestJSON:test_attach_volume_shelved_or_offload_server): 200 GET http://10.180.1.21/volume/v3/volumes/1392a3bd-7615-41fb-a6e4-aa1079b5832d 0.055s
2024-12-23 08:31:10.649 66777 INFO tempest.lib.common.rest_client [req-91e3de61-dc18-478f-ba08-99783c33336f req-91e3de61-dc18-478f-ba08-99783c33336f ] Request (ServersNegativeTestJSON:test_create_with_invalid_flavor): 201 POST http://10.180.1.21/identity/v3/auth/tokens 0.079s
2024-12-23 08:31:10.650 66777 INFO tempest.lib.common.fixed_network [-] (ServersNegativeTestJSON:test_create_with_invalid_flavor) Found network {'id': '9d8a374a-82a1-44f8-889b-980addd2edd9', 'name': 'tempest-ServersNegativeTestJSON-2018580108-network', 'tenant_id': 'fd720f81aa344d3e93aa73bd0fe10ee1', 'admin_state_up': True, 'mtu': 8950, 'status': 'ACTIVE', 'subnets': [], 'shared': False, 'project_id': 'fd720f81aa344d3e93aa73bd0fe10ee1', 'port_security_enabled': True, 'router:external': False, 'provider:network_type': 'vlan', 'provider:physical_network': 'default', 'provider:segmentation_id': 908, 'availability_zone_hints': [], 'availability_zones': [], 'ipv4_address_scope': None, 'ipv6_address_scope': None, 'description': '', 'tags': [], 'created_at': '2024-12-23T08:28:26Z', 'updated_at': '2024-12-23T08:28:26Z', 'revision_number': 1} available for tenant
2024-12-23 08:31:10.650 66817 INFO tempest.common.waiters [-] volume 1392a3bd-7615-41fb-a6e4-aa1079b5832d reached available after waiting for 1.650336 seconds
2024-12-23 08:31:10.651 66817 INFO tempest.lib.common.ssh [-] Creating ssh connection to '10.180.180.243:22' as 'cirros' with public key authentication
2024-12-23 08:31:10.654 66817 INFO paramiko.transport [-] Connected (version 2.0, client dropbear_2020.81)
2024-12-23 08:31:10.684 66781 INFO tempest.lib.common.rest_client [req-1c1e38cd-9e1b-4b26-906f-703ee572afce req-1c1e38cd-9e1b-4b26-906f-703ee572afce ] Request (ServerRescueTestJSON:test_rescue_unrescue_instance): 200 GET http://10.180.1.21/compute/v2.1/servers/298ba832-f2a1-4518-9b83-0383605c5ec9 0.122s
2024-12-23 08:31:10.743 66821 INFO tempest.lib.common.rest_client [req-5069bbb8-3e63-4249-a1fb-f555b18b7ca9 req-5069bbb8-3e63-4249-a1fb-f555b18b7ca9 ] Request (FlavorsV2NegativeTest:test_boot_with_low_ram): 400 POST http://10.180.1.21/compute/v2.1/servers 0.277s
2024-12-23 08:31:10.745 66797 INFO tempest.lib.common.rest_client [req-fadc92c2-a500-449a-a25c-c47b1c425c42 req-fadc92c2-a500-449a-a25c-c47b1c425c42 ] Request (AttachInterfacesTestJSON:test_create_list_show_delete_interfaces_by_fixed_ip): 200 GET http://10.180.1.21/compute/v2.1/servers/f22f9e16-5775-45d6-a75f-ef4e294c78b7 0.097s
2024-12-23 08:31:10.748 66799 INFO tempest.lib.common.rest_client [req-c2809706-3387-4c10-8e60-ad2b2c170e80 req-c2809706-3387-4c10-8e60-ad2b2c170e80 ] Request (ServersAdminNegativeTestJSON:tearDownClass): 204 DELETE http://10.180.1.21:9696/networking/v2.0/security-groups/48b8bc24-efd4-480a-be3f-0a2365577a00 0.220s
2024-12-23 08:31:10.754 66817 INFO paramiko.transport [-] Authentication (publickey) successful!
2024-12-23 08:31:10.757 66817 INFO tempest.lib.common.ssh [-] ssh connection to cirros@10.180.180.243 successfully created
2024-12-23 08:31:10.761 66777 INFO tempest.lib.common.rest_client [req-ff0add32-0b21-4ba3-8ad6-bf113e1d0a4f req-ff0add32-0b21-4ba3-8ad6-bf113e1d0a4f ] Request (ServersNegativeTestJSON:test_create_with_invalid_flavor): 400 POST http://10.180.1.21/compute/v2.1/servers 0.109s
2024-12-23 08:31:10.764 66817 INFO tempest.lib.common.ssh [-] Creating ssh connection to '10.180.180.243:22' as 'cirros' with public key authentication
2024-12-23 08:31:10.767 66817 INFO paramiko.transport [-] Connected (version 2.0, client dropbear_2020.81)
2024-12-23 08:31:10.803 66821 INFO tempest.lib.common.rest_client [req-c331d0e4-f334-48f6-9059-45da979ec386 req-c331d0e4-f334-48f6-9059-45da979ec386 ] Request (FlavorsV2NegativeTest:_run_cleanups): 204 DELETE http://10.180.1.21/image/v2/images/9988967e-e2a4-496d-8c6d-6f5e48d55082 0.056s
2024-12-23 08:31:10.814 66783 INFO tempest.lib.common.rest_client [req-2c1ae1a2-de5d-4f7a-9132-cb77baaf7cf5 req-2c1ae1a2-de5d-4f7a-9132-cb77baaf7cf5 ] Request (ServersWithSpecificFlavorTestJSON:test_verify_created_server_ephemeral_disk): 200 GET http://10.180.1.21/compute/v2.1/servers/9c954371-b8e5-4b8d-a99f-d2f2d795394c 0.110s
2024-12-23 08:31:10.836 66793 INFO tempest.lib.common.rest_client [req-ed1602a1-e357-43cc-8eea-d63816385e64 req-ed1602a1-e357-43cc-8eea-d63816385e64 ] Request (VolumesAssistedSnapshotsTest:tearDownClass): 200 GET http://10.180.1.21/compute/v2.1/servers/921af820-927f-4429-a5c0-e4eb55b3ca23 0.135s
2024-12-23 08:31:10.869 66817 INFO paramiko.transport [-] Authentication (publickey) successful!
2024-12-23 08:31:10.870 66817 INFO tempest.lib.common.ssh [-] ssh connection to cirros@10.180.180.243 successfully created
2024-12-23 08:31:10.889 66799 INFO tempest.lib.common.rest_client [req-727d6926-0648-439f-b0be-8321a5e97a17 req-727d6926-0648-439f-b0be-8321a5e97a17 ] Request (ServersAdminNegativeTestJSON:tearDownClass): 204 DELETE http://10.180.1.21/identity/v3/projects/ab188862892548d39da8dfc1d3f1ed03 0.140s
2024-12-23 08:31:10.892 66787 INFO tempest.lib.common.rest_client [req-cb6e00e3-73c2-49d0-b822-e5855f84d92c req-cb6e00e3-73c2-49d0-b822-e5855f84d92c ] Request (ServersAdminTestJSON:test_create_server_with_scheduling_hint): 200 GET http://10.180.1.21/compute/v2.1/servers/d376c7ad-9725-4597-ab64-278178dea44f 0.134s
2024-12-23 08:31:10.911 66821 INFO tempest.lib.common.rest_client [req-f7d2326d-2071-4f0b-a510-bdd567cd73b7 req-f7d2326d-2071-4f0b-a510-bdd567cd73b7 ] Request (FlavorsV2NegativeTest:tearDownClass): 204 DELETE http://10.180.1.21/identity/v3/users/bbe9a7e714d84b1baa372e1b586503c2 0.096s
2024-12-23 08:31:10.911 66821 INFO tempest.lib.common.dynamic_creds [-] Deleting project and security group for project: c4c64402627d4541854dab60cbb1ce3d
2024-12-23 08:31:10.954 66799 INFO tempest.lib.common.rest_client [req-55204bb4-6b4c-4669-bc22-cc635330a422 req-55204bb4-6b4c-4669-bc22-cc635330a422 ] Request (InstanceActionsTestJSON:setUpClass): 201 POST http://10.180.1.21/identity/v3/auth/tokens 0.063s
2024-12-23 08:31:10.969 66823 INFO tempest.lib.common.rest_client [req-2637146d-8c8a-4b6c-9c60-6cf925631e2f req-2637146d-8c8a-4b6c-9c60-6cf925631e2f ] Request (ServerDiskConfigTestJSON:test_resize_server_from_auto_to_manual): 200 GET http://10.180.1.21/compute/v2.1/servers/24d5e16d-487c-48b0-b034-9204c0af2ea2 0.216s
2024-12-23 08:31:10.972 66821 INFO tempest.lib.common.rest_client [req-e05ae6c4-f2c3-41c5-8616-0138ec37b88a req-e05ae6c4-f2c3-41c5-8616-0138ec37b88a ] Request (FlavorsV2NegativeTest:tearDownClass): 201 POST http://10.180.1.21/identity/v3/auth/tokens 0.061s
2024-12-23 08:31:10.976 66823 INFO tempest.common.waiters [-] State transition "BUILD/networking" ==> "BUILD/block_device_mapping" after 70 second wait
2024-12-23 08:31:10.988 66799 INFO tempest.lib.common.rest_client [req-eb8589c4-7639-4d44-8221-ca5f811d0d99 req-eb8589c4-7639-4d44-8221-ca5f811d0d99 ] Request (InstanceActionsTestJSON:setUpClass): 201 POST http://10.180.1.21/identity/v3/auth/tokens 0.031s
2024-12-23 08:31:11.003 66777 INFO tempest.lib.common.rest_client [req-a4f28aa7-338a-455c-afd2-c014a0cdbaec req-a4f28aa7-338a-455c-afd2-c014a0cdbaec ] Request (ServersNegativeTestJSON:tearDown): 200 GET http://10.180.1.21/compute/v2.1/servers/ca6758db-5d65-4671-814c-957348d62858 0.241s
2024-12-23 08:31:11.011 66799 INFO tempest.lib.common.rest_client [req-35aaf626-9084-48d7-a4c5-d166a2154aaa req-35aaf626-9084-48d7-a4c5-d166a2154aaa ] Request (InstanceActionsTestJSON:setUpClass): 200 GET http://10.180.1.21/identity/v3/domains?name=Default 0.023s
2024-12-23 08:31:11.028 66789 INFO tempest.lib.common.rest_client [req-39c6b157-dd87-4e8a-bbf8-fb338a236e63 req-39c6b157-dd87-4e8a-bbf8-fb338a236e63 ] Request (ServerActionsTestOtherA:setUpClass): 200 GET http://10.180.1.21/compute/v2.1/servers/d95eea11-abb4-4438-a305-b369fdf3bb52 0.221s
2024-12-23 08:31:11.041 66799 INFO tempest.lib.common.rest_client [req-24926a01-7f5b-4fbf-99b3-d8c626ce8d7e req-24926a01-7f5b-4fbf-99b3-d8c626ce8d7e ] Request (InstanceActionsTestJSON:setUpClass): 201 POST http://10.180.1.21/identity/v3/projects 0.030s
2024-12-23 08:31:11.066 66773 INFO tempest.lib.common.rest_client [req-2601c818-54f8-41e7-8c8a-a81978e41073 req-2601c818-54f8-41e7-8c8a-a81978e41073 ] Request (ServersTestJSON:_run_cleanups): 200 GET http://10.180.1.21/compute/v2.1/servers/35dc5996-9d0f-49cc-9b29-9957ecbfa259 0.249s
2024-12-23 08:31:11.079 66815 INFO tempest.lib.common.rest_client [req-1b187fed-020d-4cc8-a10e-80b48f01c504 req-1b187fed-020d-4cc8-a10e-80b48f01c504 ] Request (ServerAddressesTestJSON:setUpClass): 200 GET http://10.180.1.21/compute/v2.1/servers/09b1d099-befe-4e35-9180-76ae8ba84163 0.210s
2024-12-23 08:31:11.102 66799 INFO tempest.lib.common.rest_client [req-4a9e2fda-b595-4fdc-9960-3c14f4df62bb req-4a9e2fda-b595-4fdc-9960-3c14f4df62bb ] Request (InstanceActionsTestJSON:setUpClass): 201 POST http://10.180.1.21/identity/v3/users 0.060s
2024-12-23 08:31:11.122 66799 INFO tempest.lib.common.rest_client [req-52ba0646-35ae-46d3-ac2b-47e6d848e877 req-52ba0646-35ae-46d3-ac2b-47e6d848e877 ] Request (InstanceActionsTestJSON:setUpClass): 200 GET http://10.180.1.21/identity/v3/roles 0.020s
2024-12-23 08:31:11.144 66767 INFO tempest.lib.common.rest_client [req-7590aea6-bac0-4d29-b60a-1044c85821f4 req-7590aea6-bac0-4d29-b60a-1044c85821f4 ] Request (ListServersNegativeTestJSON:setUpClass): 200 GET http://10.180.1.21/compute/v2.1/servers/6f5e38dd-7a22-4065-bc06-c4aefa6092e3 0.259s
2024-12-23 08:31:11.149 66799 INFO tempest.lib.common.rest_client [req-182e8037-9e03-4daf-8f53-5eb2bc03d545 req-182e8037-9e03-4daf-8f53-5eb2bc03d545 ] Request (InstanceActionsTestJSON:setUpClass): 204 PUT http://10.180.1.21/identity/v3/projects/a0448dae7db8436c994ceac4a81c563a/users/04e0101d774b4ee09f13f076f7dbd79a/roles/83ff695d77f448caa7bf4e48d050944d 0.026s
2024-12-23 08:31:11.149 66799 INFO tempest.lib.common.dynamic_creds [-] Dynamic test user 04e0101d774b4ee09f13f076f7dbd79a is created with scope project and roles: ['member']
2024-12-23 08:31:11.149 66799 INFO tempest.lib.common.dynamic_creds [-] Acquired dynamic creds: credentials: Credentials: {'domain_id': 'default', 'domain_name': 'Default', 'username': 'tempest-InstanceActionsTestJSON-623025436-project-member', 'project_domain_id': 'default', 'project_domain_name': 'Default', 'project_id': 'a0448dae7db8436c994ceac4a81c563a', 'project_name': 'tempest-InstanceActionsTestJSON-623025436', 'tenant_id': 'a0448dae7db8436c994ceac4a81c563a', 'tenant_name': 'tempest-InstanceActionsTestJSON-623025436', 'user_domain_id': 'default', 'user_domain_name': 'Default', 'user_id': '04e0101d774b4ee09f13f076f7dbd79a', 'system': None}, Network: None, Subnet: None, Router: None
2024-12-23 08:31:11.170 66821 INFO tempest.lib.common.rest_client [req-62d5954d-9a8e-45cf-9164-06eedc0616cb req-62d5954d-9a8e-45cf-9164-06eedc0616cb ] Request (FlavorsV2NegativeTest:tearDownClass): 200 GET http://10.180.1.21:9696/networking/v2.0/security-groups?tenant_id=c4c64402627d4541854dab60cbb1ce3d&name=default 0.197s
2024-12-23 08:31:11.213 66813 INFO tempest.lib.common.rest_client [req-c5866487-7caf-4df0-b00c-8fa776a752c9 req-c5866487-7caf-4df0-b00c-8fa776a752c9 ] Request (ServerShowV257Test:tearDownClass): 200 GET http://10.180.1.21/compute/v2.1/servers/1494e9ab-1538-4c17-bb17-af10e9c1c764 0.255s
2024-12-23 08:31:11.222 66799 INFO tempest.lib.common.rest_client [req-8213895e-1785-44e5-bc73-b18b1fbb8d1a req-8213895e-1785-44e5-bc73-b18b1fbb8d1a ] Request (InstanceActionsTestJSON:setUpClass): 201 POST http://10.180.1.21/identity/v3/auth/tokens 0.073s
2024-12-23 08:31:11.291 66821 INFO tempest.lib.common.rest_client [req-6e61b550-3893-434e-b949-3d7c986d9974 req-6e61b550-3893-434e-b949-3d7c986d9974 ] Request (FlavorsV2NegativeTest:tearDownClass): 204 DELETE http://10.180.1.21:9696/networking/v2.0/security-groups/c79ad4e2-039e-4557-92cd-6f77be4e777e 0.121s
2024-12-23 08:31:11.340 66777 INFO tempest.lib.common.rest_client [req-08f961ab-dee1-4aa2-b86b-a0e910bea45c req-08f961ab-dee1-4aa2-b86b-a0e910bea45c ] Request (ServersNegativeTestJSON:setUp): 200 GET http://10.180.1.21/compute/v2.1/servers/ca6758db-5d65-4671-814c-957348d62858 0.327s
2024-12-23 08:31:11.367 66821 INFO tempest.lib.common.rest_client [req-5ab8b35f-71d4-499d-8ceb-5ddfe8fd73d1 req-5ab8b35f-71d4-499d-8ceb-5ddfe8fd73d1 ] Request (FlavorsV2NegativeTest:tearDownClass): 204 DELETE http://10.180.1.21/identity/v3/projects/c4c64402627d4541854dab60cbb1ce3d 0.075s
2024-12-23 08:31:11.418 66777 INFO tempest.lib.common.rest_client [req-7b3e7113-0e37-43e6-a301-1facff8d6a5b req-7b3e7113-0e37-43e6-a301-1facff8d6a5b ] Request (ServersNegativeTestJSON:test_create_with_invalid_image): 201 POST http://10.180.1.21/identity/v3/auth/tokens 0.067s
2024-12-23 08:31:11.419 66777 INFO tempest.lib.common.fixed_network [-] (ServersNegativeTestJSON:test_create_with_invalid_image) Found network {'id': '9d8a374a-82a1-44f8-889b-980addd2edd9', 'name': 'tempest-ServersNegativeTestJSON-2018580108-network', 'tenant_id': 'fd720f81aa344d3e93aa73bd0fe10ee1', 'admin_state_up': True, 'mtu': 8950, 'status': 'ACTIVE', 'subnets': [], 'shared': False, 'project_id': 'fd720f81aa344d3e93aa73bd0fe10ee1', 'port_security_enabled': True, 'router:external': False, 'provider:network_type': 'vlan', 'provider:physical_network': 'default', 'provider:segmentation_id': 908, 'availability_zone_hints': [], 'availability_zones': [], 'ipv4_address_scope': None, 'ipv6_address_scope': None, 'description': '', 'tags': [], 'created_at': '2024-12-23T08:28:26Z', 'updated_at': '2024-12-23T08:28:26Z', 'revision_number': 1} available for tenant
2024-12-23 08:31:11.484 66765 INFO tempest.lib.common.rest_client [req-98025b15-8b15-49c0-bdcb-ef3145a091d6 req-98025b15-8b15-49c0-bdcb-ef3145a091d6 ] Request (AttachInterfacesV270Test:test_create_get_list_interfaces): 200 GET http://10.180.1.21/compute/v2.1/servers/f347346b-2a14-4cea-ab84-47f2952af658 0.366s
2024-12-23 08:31:11.556 66799 INFO tempest.lib.common.rest_client [req-e382c9d1-ac83-471a-9e07-7874dc137b50 req-e382c9d1-ac83-471a-9e07-7874dc137b50 ] Request (InstanceActionsTestJSON:setUpClass): 201 POST http://10.180.1.21:9696/networking/v2.0/networks 0.333s
2024-12-23 08:31:11.559 66817 INFO tempest.lib.common.rest_client [req-b46b04a5-4c33-4c60-925e-c192263c1c71 req-b46b04a5-4c33-4c60-925e-c192263c1c71 ] Request (AttachVolumeShelveTestJSON:test_attach_volume_shelved_or_offload_server): 202 POST http://10.180.1.21/compute/v2.1/servers/1023f77b-0f09-418a-adf1-d3e36bc41bc3/action 0.688s
2024-12-23 08:31:11.561 66809 INFO tempest.lib.common.rest_client [req-4cd0074f-d2d1-426c-a40a-5a01158d8b66 req-4cd0074f-d2d1-426c-a40a-5a01158d8b66 ] Request (ServersTestBootFromVolume:tearDownClass): 200 GET http://10.180.1.21/compute/v2.1/servers/26fff0b9-f89b-43f6-b0af-6c22bba5d369 0.367s
2024-12-23 08:31:11.632 66801 INFO tempest.lib.common.rest_client [req-aa855fc1-49f0-4e36-8057-ba1661fd9d4b req-aa855fc1-49f0-4e36-8057-ba1661fd9d4b ] Request (MigrationsAdminTest:test_resize_server_revert_deleted_flavor): 200 GET http://10.180.1.21/compute/v2.1/servers/bfeaf525-4e5b-47df-aa69-81f0d438010e 0.366s
2024-12-23 08:31:11.644 66775 INFO tempest.lib.common.rest_client [req-a2570280-39eb-4f28-92a0-01a221369414 req-a2570280-39eb-4f28-92a0-01a221369414 ] Request (ServersTestJSON:setUpClass): 200 GET http://10.180.1.21/compute/v2.1/servers/91bd0705-6e68-4155-86dd-2675a9a3e45f 0.311s
2024-12-23 08:31:11.660 66811 INFO tempest.lib.common.rest_client [req-1559de20-dd25-4bdf-98c0-2fa006b60149 req-1559de20-dd25-4bdf-98c0-2fa006b60149 ] Request (AttachVolumeNegativeTest:test_attach_attached_volume_to_different_server): 200 GET http://10.180.1.21/volume/v3/volumes/f9d68860-c8df-4e51-bbc3-4fa91e0465ee 0.042s
2024-12-23 08:31:11.687 66779 INFO tempest.lib.common.rest_client [req-310d07b2-24bb-4e35-a135-2b6b2651c505 req-310d07b2-24bb-4e35-a135-2b6b2651c505 ] Request (ListImageFiltersTestJSON:setUpClass): 200 GET http://10.180.1.21/compute/v2.1/images/a7cf23bc-9e81-4828-875f-3f5985b83991 0.280s
2024-12-23 08:31:11.694 66777 INFO tempest.lib.common.rest_client [req-f3325646-7245-4071-8ae1-133f56f32efb req-f3325646-7245-4071-8ae1-133f56f32efb ] Request (ServersNegativeTestJSON:test_create_with_invalid_image): 400 POST http://10.180.1.21/compute/v2.1/servers 0.274s
2024-12-23 08:31:11.696 66803 INFO tempest.lib.common.rest_client [req-fa875a3b-48f1-43be-9fe3-961241650ab3 req-fa875a3b-48f1-43be-9fe3-961241650ab3 ] Request (DeleteServersTestJSON:test_delete_server_while_in_attached_volume): 200 GET http://10.180.1.21/compute/v2.1/servers/4102a78a-a5f7-48cc-9b28-4ee756553c83 0.304s
2024-12-23 08:31:11.745 66805 INFO tempest.lib.common.rest_client [req-a61a9fc0-2711-4ae2-a3b9-952976956b46 req-a61a9fc0-2711-4ae2-a3b9-952976956b46 ] Request (ServersTestManualDisk:setUpClass): 200 GET http://10.180.1.21/compute/v2.1/servers/c3ef0795-7325-4464-acaf-01f496d602c4 0.285s
2024-12-23 08:31:11.750 66827 INFO tempest.lib.common.rest_client [req-4a5a8e1a-ec87-40e5-b6ac-c62b98fdd9ff req-4a5a8e1a-ec87-40e5-b6ac-c62b98fdd9ff ] Request (SecurityGroupsTestJSON:test_server_security_groups): 200 GET http://10.180.1.21/compute/v2.1/servers/75bf8bf0-37a8-416e-87e9-7dc66f3c1ee9 0.229s
2024-12-23 08:31:11.764 66799 INFO tempest.lib.common.rest_client [req-bd68dc2f-0c86-47e3-b162-e81d8839104b req-bd68dc2f-0c86-47e3-b162-e81d8839104b ] Request (InstanceActionsTestJSON:setUpClass): 201 POST http://10.180.1.21:9696/networking/v2.0/subnets 0.208s
2024-12-23 08:31:11.797 66791 INFO tempest.lib.common.rest_client [req-0527793a-5a78-4c6f-96af-316364cbc794 req-0527793a-5a78-4c6f-96af-316364cbc794 ] Request (ImagesOneServerNegativeTestJSON:_run_cleanups): 200 GET http://10.180.1.21/compute/v2.1/servers/692dbee1-4ba7-4b4e-877d-afc69bdcd7b3 0.162s
2024-12-23 08:31:11.907 66777 INFO tempest.lib.common.rest_client [req-0b3cbbef-96fa-4e82-b704-319ebee7f125 req-0b3cbbef-96fa-4e82-b704-319ebee7f125 ] Request (ServersNegativeTestJSON:tearDown): 200 GET http://10.180.1.21/compute/v2.1/servers/ca6758db-5d65-4671-814c-957348d62858 0.212s
2024-12-23 08:31:11.961 66781 INFO tempest.lib.common.rest_client [req-c8a16be3-808c-460b-b7ef-e2ef2b635086 req-c8a16be3-808c-460b-b7ef-e2ef2b635086 ] Request (ServerRescueTestJSON:test_rescue_unrescue_instance): 200 GET http://10.180.1.21/compute/v2.1/servers/298ba832-f2a1-4518-9b83-0383605c5ec9 0.267s
2024-12-23 08:31:11.973 66817 INFO tempest.lib.common.rest_client [req-40fe52fe-fa9f-4078-8f3d-7a037339b6f7 req-40fe52fe-fa9f-4078-8f3d-7a037339b6f7 ] Request (AttachVolumeShelveTestJSON:test_attach_volume_shelved_or_offload_server): 200 GET http://10.180.1.21/compute/v2.1/servers/1023f77b-0f09-418a-adf1-d3e36bc41bc3 0.414s
2024-12-23 08:31:12.024 66797 INFO tempest.lib.common.rest_client [req-cba1cd78-8c07-483a-ad87-6ff9fc997482 req-cba1cd78-8c07-483a-ad87-6ff9fc997482 ] Request (AttachInterfacesTestJSON:test_create_list_show_delete_interfaces_by_fixed_ip): 200 GET http://10.180.1.21/compute/v2.1/servers/f22f9e16-5775-45d6-a75f-ef4e294c78b7 0.272s
2024-12-23 08:31:12.043 66783 INFO tempest.lib.common.rest_client [req-749d1248-0125-4f85-9d08-17589457845d req-749d1248-0125-4f85-9d08-17589457845d ] Request (ServersWithSpecificFlavorTestJSON:test_verify_created_server_ephemeral_disk): 200 GET http://10.180.1.21/compute/v2.1/servers/9c954371-b8e5-4b8d-a99f-d2f2d795394c 0.209s
2024-12-23 08:31:12.096 66793 INFO tempest.lib.common.rest_client [req-c5102db4-f066-4ebb-8027-e4f52f083826 req-c5102db4-f066-4ebb-8027-e4f52f083826 ] Request (VolumesAssistedSnapshotsTest:tearDownClass): 200 GET http://10.180.1.21/compute/v2.1/servers/921af820-927f-4429-a5c0-e4eb55b3ca23 0.252s
2024-12-23 08:31:12.114 66787 INFO tempest.lib.common.rest_client [req-f2336dde-51d5-41e8-a061-aff6f5b5229b req-f2336dde-51d5-41e8-a061-aff6f5b5229b ] Request (ServersAdminTestJSON:test_create_server_with_scheduling_hint): 200 GET http://10.180.1.21/compute/v2.1/servers/d376c7ad-9725-4597-ab64-278178dea44f 0.215s
2024-12-23 08:31:12.249 66777 INFO tempest.lib.common.rest_client [req-c22de7fd-5ddd-481d-9e8a-56ec61205d2f req-c22de7fd-5ddd-481d-9e8a-56ec61205d2f ] Request (ServersNegativeTestJSON:setUp): 200 GET http://10.180.1.21/compute/v2.1/servers/ca6758db-5d65-4671-814c-957348d62858 0.335s
2024-12-23 08:31:12.297 66777 INFO tempest.lib.common.rest_client [req-2aa8c8b8-94db-4a39-9a5b-8e6641e93057 req-2aa8c8b8-94db-4a39-9a5b-8e6641e93057 ] Request (ServersNegativeTestJSON:test_create_with_invalid_network_uuid): 201 POST http://10.180.1.21/identity/v3/auth/tokens 0.037s
2024-12-23 08:31:12.297 66777 INFO tempest.lib.common.fixed_network [-] (ServersNegativeTestJSON:test_create_with_invalid_network_uuid) Found network {'id': '9d8a374a-82a1-44f8-889b-980addd2edd9', 'name': 'tempest-ServersNegativeTestJSON-2018580108-network', 'tenant_id': 'fd720f81aa344d3e93aa73bd0fe10ee1', 'admin_state_up': True, 'mtu': 8950, 'status': 'ACTIVE', 'subnets': [], 'shared': False, 'project_id': 'fd720f81aa344d3e93aa73bd0fe10ee1', 'port_security_enabled': True, 'router:external': False, 'provider:network_type': 'vlan', 'provider:physical_network': 'default', 'provider:segmentation_id': 908, 'availability_zone_hints': [], 'availability_zones': [], 'ipv4_address_scope': None, 'ipv6_address_scope': None, 'description': '', 'tags': [], 'created_at': '2024-12-23T08:28:26Z', 'updated_at': '2024-12-23T08:28:26Z', 'revision_number': 1} available for tenant
2024-12-23 08:31:12.309 66789 INFO tempest.lib.common.rest_client [req-60943daf-73bf-4883-afa8-b4c545f3483b req-60943daf-73bf-4883-afa8-b4c545f3483b ] Request (ServerActionsTestOtherA:setUpClass): 200 GET http://10.180.1.21/compute/v2.1/servers/d95eea11-abb4-4438-a305-b369fdf3bb52 0.273s
2024-12-23 08:31:12.382 66773 INFO tempest.lib.common.rest_client [req-e35ce525-89ce-4d36-9820-617d6b3bb22e req-e35ce525-89ce-4d36-9820-617d6b3bb22e ] Request (ServersTestJSON:_run_cleanups): 200 GET http://10.180.1.21/compute/v2.1/servers/35dc5996-9d0f-49cc-9b29-9957ecbfa259 0.310s
2024-12-23 08:31:12.430 66815 INFO tempest.lib.common.rest_client [req-aa24ce54-caff-4fcf-8721-3485039a1ac9 req-aa24ce54-caff-4fcf-8721-3485039a1ac9 ] Request (ServerAddressesTestJSON:setUpClass): 200 GET http://10.180.1.21/compute/v2.1/servers/09b1d099-befe-4e35-9180-76ae8ba84163 0.340s
2024-12-23 08:31:12.485 66767 INFO tempest.lib.common.rest_client [req-1d91639a-994e-49e3-81e6-625f8a249a22 req-1d91639a-994e-49e3-81e6-625f8a249a22 ] Request (ListServersNegativeTestJSON:setUpClass): 200 GET http://10.180.1.21/compute/v2.1/servers/6f5e38dd-7a22-4065-bc06-c4aefa6092e3 0.331s
2024-12-23 08:31:12.496 66823 INFO tempest.lib.common.rest_client [req-d8363c8d-25a4-4d80-b741-b82ce7911460 req-d8363c8d-25a4-4d80-b741-b82ce7911460 ] Request (ServerDiskConfigTestJSON:test_resize_server_from_auto_to_manual): 200 GET http://10.180.1.21/compute/v2.1/servers/24d5e16d-487c-48b0-b034-9204c0af2ea2 0.519s
2024-12-23 08:31:12.498 66777 INFO tempest.lib.common.rest_client [req-8fe13f78-341a-460e-ab89-ad2edff195b5 req-8fe13f78-341a-460e-ab89-ad2edff195b5 ] Request (ServersNegativeTestJSON:test_create_with_invalid_network_uuid): 400 POST http://10.180.1.21/compute/v2.1/servers 0.200s
2024-12-23 08:31:12.509 66823 INFO tempest.common.waiters [-] State transition "BUILD/block_device_mapping" ==> "BUILD/spawning" after 72 second wait
2024-12-23 08:31:12.546 66813 INFO tempest.lib.common.rest_client [req-8679be3f-d052-468b-aecc-56e253db685f req-8679be3f-d052-468b-aecc-56e253db685f ] Request (ServerShowV257Test:tearDownClass): 200 GET http://10.180.1.21/compute/v2.1/servers/1494e9ab-1538-4c17-bb17-af10e9c1c764 0.322s
