2024-12-23 08:29:21.593 66785 INFO tempest.lib.common.rest_client [req-f7e34f09-bb53-404f-a922-854415f95e9a req-f7e34f09-bb53-404f-a922-854415f95e9a ] Request (InstanceActionsNegativeTestJSON:tearDownClass): 200 PUT http://10.180.1.21:9696/networking/v2.0/routers/98e4e3b6-ed7c-4252-a4d8-9987826d1440/remove_router_interface 1.807s
2024-12-23 08:29:21.616 66823 INFO tempest.lib.common.rest_client [req-d48e6da4-7ccd-46e1-b8fa-b549dfaa0efa req-d48e6da4-7ccd-46e1-b8fa-b549dfaa0efa ] Request (ServerDiskConfigTestJSON:test_rebuild_server_with_manual_disk_config): 200 GET http://10.180.1.21/compute/v2.1/servers/c7240ca4-f94e-4ca2-afb3-d3e12e182aa3 0.637s
2024-12-23 08:29:21.757 66801 INFO tempest.lib.common.rest_client [req-545c34a8-0865-4cb8-bf7a-7b2e7457e38d req-545c34a8-0865-4cb8-bf7a-7b2e7457e38d ] Request (MigrationsAdminTest:test_list_migrations_in_flavor_resize_situation): 200 GET http://10.180.1.21/compute/v2.1/servers/f7cf5402-4409-4bd6-b173-cccca293b20f 0.681s
2024-12-23 08:29:21.815 66815 INFO tempest.lib.common.rest_client [req-2a3d4ae0-2c72-44d5-94b7-8a58e0a30ddb req-2a3d4ae0-2c72-44d5-94b7-8a58e0a30ddb ] Request (ImagesNegativeTestJSON:test_create_image_from_deleted_server): 200 GET http://10.180.1.21/compute/v2.1/servers/ff23b756-780d-4e5e-98b0-4ccd0bcd7e97 0.732s
2024-12-23 08:29:21.909 66795 INFO tempest.lib.common.rest_client [req-90daec58-ebcd-4355-8d91-f92a092a5c77 req-90daec58-ebcd-4355-8d91-f92a092a5c77 ] Request (HypervisorAdminUnderV252Test:test_get_hypervisor_show_servers): 200 GET http://10.180.1.21/compute/v2.1/os-hypervisors 0.825s
2024-12-23 08:29:22.017 66789 INFO tempest.lib.common.rest_client [req-c699009c-c445-499e-a674-0c6591b05f3f req-c699009c-c445-499e-a674-0c6591b05f3f ] Request (FloatingIPsAssociationTestJSON:test_associate_already_associated_floating_ip): 202 POST http://10.180.1.21/compute/v2.1/servers/9591494e-097f-4528-a615-88bbdf4178b0/action 1.650s
2024-12-23 08:29:22.025 66817 INFO tempest.lib.common.rest_client [req-b2ab31f5-e061-4fa4-bd7e-79a6b68f5415 req-b2ab31f5-e061-4fa4-bd7e-79a6b68f5415 ] Request (AttachVolumeShelveTestJSON:test_attach_volume_shelved_or_offload_server): 200 GET http://10.180.1.21/compute/v2.1/servers/1023f77b-0f09-418a-adf1-d3e36bc41bc3/os-interface 0.859s
2024-12-23 08:29:22.033 66785 INFO tempest.lib.common.rest_client [req-fde2879d-d34f-4bc5-b24d-46ba50a63d59 req-fde2879d-d34f-4bc5-b24d-46ba50a63d59 ] Request (InstanceActionsNegativeTestJSON:tearDownClass): 204 DELETE http://10.180.1.21:9696/networking/v2.0/routers/98e4e3b6-ed7c-4252-a4d8-9987826d1440 0.439s
2024-12-23 08:29:22.129 66779 INFO tempest.lib.common.rest_client [req-9a52faf3-201c-4b15-b730-554612bfcc0d req-9a52faf3-201c-4b15-b730-554612bfcc0d ] Request (ServerDiagnosticsV248Test:tearDownClass): 200 GET http://10.180.1.21/compute/v2.1/servers/75ca28c2-0e7e-4f57-bf57-dccbd195b16e 0.955s
2024-12-23 08:29:22.203 66797 INFO tempest.lib.common.rest_client [req-4fcf0456-1083-4e5a-80a6-de8a44aded6a req-4fcf0456-1083-4e5a-80a6-de8a44aded6a ] Request (ImagesOneServerTestJSON:tearDownClass): 200 GET http://10.180.1.21/compute/v2.1/servers/6478fd00-dda1-410d-b0c0-b69de16292e4 0.687s
2024-12-23 08:29:22.275 66785 INFO tempest.lib.common.rest_client [req-f38478cc-ba50-4427-a344-28d799414164 req-f38478cc-ba50-4427-a344-28d799414164 ] Request (InstanceActionsNegativeTestJSON:tearDownClass): 204 DELETE http://10.180.1.21:9696/networking/v2.0/subnets/ef1bb7ef-900c-47fa-b476-427dda665e21 0.241s
2024-12-23 08:29:22.303 66775 INFO tempest.lib.common.rest_client [req-35133e2d-ba24-4d92-a396-2f6fcf1eda07 req-35133e2d-ba24-4d92-a396-2f6fcf1eda07 ] Request (ServersAdmin275Test:test_rebuild_update_server_275): 200 GET http://10.180.1.21/compute/v2.1/servers/0b7ee2f0-35d7-4253-9de6-a1e964415865 0.705s
2024-12-23 08:29:22.418 66783 WARNING tempest.lib.common.ssh [-] Failed to establish authenticated ssh connection to cirros@10.180.180.157 ([Errno None] Unable to connect to port 22 on 10.180.180.157). Number attempts: 5. Retry after 6 seconds.: paramiko.ssh_exception.NoValidConnectionsError: [Errno None] Unable to connect to port 22 on 10.180.180.157
2024-12-23 08:29:22.523 66791 INFO tempest.lib.common.rest_client [req-8ea74e31-c0e3-4cbc-8d29-7e55552edef6 req-8ea74e31-c0e3-4cbc-8d29-7e55552edef6 ] Request (ImagesOneServerNegativeTestJSON:tearDown): 200 GET http://10.180.1.21/compute/v2.1/servers/1c2c657e-ee19-425a-a78a-fe02656c0d52 0.937s
2024-12-23 08:29:22.529 66791 INFO tempest.common.waiters [-] State transition "ACTIVE/image_uploading" ==> "ACTIVE/None" after 6 second wait
2024-12-23 08:29:22.552 66821 INFO tempest.lib.common.rest_client [req-1e16bd77-66c0-455a-a65d-9244db067773 req-1e16bd77-66c0-455a-a65d-9244db067773 ] Request (ServerExternalEventsTest:test_create_server_external_events): 200 GET http://10.180.1.21/compute/v2.1/servers/a3ca6d81-cdf5-4d44-8a43-d5d9c6eecc4e 0.915s
2024-12-23 08:29:22.599 66777 INFO tempest.lib.common.rest_client [req-9f90475d-c42b-431a-a6d4-a98912893e3f req-9f90475d-c42b-431a-a6d4-a98912893e3f ] Request (ServersNegativeTestJSON:setUpClass): 200 GET http://10.180.1.21/compute/v2.1/servers/03afc473-0ccf-4a3d-8549-b76c82951a22 0.946s
2024-12-23 08:29:22.612 66807 INFO tempest.lib.common.rest_client [req-ff2368bf-d476-4e4a-a64a-2a467dad00fa req-ff2368bf-d476-4e4a-a64a-2a467dad00fa ] Request (ServerMetadataNegativeTestJSON:tearDownClass): 200 GET http://10.180.1.21/compute/v2.1/servers/2bfce1fe-e9e0-4c69-9a75-2319d6e79e1e 0.817s
2024-12-23 08:29:22.674 66765 INFO tempest.lib.common.rest_client [req-b52f7ab4-587d-4d69-a374-fedc551522f1 req-b52f7ab4-587d-4d69-a374-fedc551522f1 ] Request (FloatingIPsAssociationNegativeTestJSON:tearDownClass): 200 GET http://10.180.1.21/compute/v2.1/servers/9d427896-cb9a-45f5-b09d-9161753dfdf3 0.775s
2024-12-23 08:29:22.680 66765 INFO tempest.common.waiters [-] State transition "ACTIVE/deleting" ==> "DELETED/None" after 4 second wait
2024-12-23 08:29:22.728 66795 INFO tempest.lib.common.rest_client [req-55cc910f-7f89-4fde-86fa-284db801461c req-55cc910f-7f89-4fde-86fa-284db801461c ] Request (HypervisorAdminUnderV252Test:test_get_hypervisor_show_servers): 200 GET http://10.180.1.21/compute/v2.1/os-hypervisors/domain-c8.fc996f14-c53b-4953-92e3-bdfa48f5cc28/servers 0.817s
2024-12-23 08:29:22.792 66827 INFO tempest.lib.common.rest_client [req-95999979-5c5c-4af4-9e0c-445c898b9b06 req-95999979-5c5c-4af4-9e0c-445c898b9b06 ] Request (SecurityGroupsTestJSON:test_list_security_groups_by_server): 200 GET http://10.180.1.21/compute/v2.1/servers/7e9be7ac-36a2-4f5a-b5ec-74ea41b981cb 0.826s
2024-12-23 08:29:22.884 66767 INFO tempest.lib.common.rest_client [req-c23b2128-a1b8-4988-8de2-5cc091b54ab3 req-c23b2128-a1b8-4988-8de2-5cc091b54ab3 ] Request (ListServersNegativeTestJSON:setUpClass): 200 GET http://10.180.1.21/compute/v2.1/servers/826b1ff4-b3fe-4f86-a9a3-082dd79bc281 1.037s
2024-12-23 08:29:22.971 66809 INFO tempest.lib.common.rest_client [req-beb99c26-a36b-4820-a7da-478495adcf1e req-beb99c26-a36b-4820-a7da-478495adcf1e ] Request (ServersTestBootFromVolume:setUpClass): 200 GET http://10.180.1.21/compute/v2.1/servers/26fff0b9-f89b-43f6-b0af-6c22bba5d369 0.918s
2024-12-23 08:29:23.061 66787 INFO tempest.lib.common.rest_client [req-4299b63c-ac9b-4946-a3c2-ee4ff74e185b req-4299b63c-ac9b-4946-a3c2-ee4ff74e185b ] Request (ServersAdminTestJSON:setUpClass): 200 GET http://10.180.1.21/compute/v2.1/servers/f6e25ebb-79f4-4197-a351-a603369068cb 0.843s
2024-12-23 08:29:23.236 66785 INFO tempest.lib.common.rest_client [req-fd1b134f-ae7e-49a8-a2f6-bcfaf6b950f5 req-fd1b134f-ae7e-49a8-a2f6-bcfaf6b950f5 ] Request (InstanceActionsNegativeTestJSON:tearDownClass): 204 DELETE http://10.180.1.21:9696/networking/v2.0/networks/15b88fe4-18ad-4413-b8d5-398e8f41fd5e 0.960s
2024-12-23 08:29:23.249 66793 WARNING tempest.lib.common.ssh [-] Failed to establish authenticated ssh connection to cirros@10.180.180.248 ([Errno None] Unable to connect to port 22 on 10.180.180.248). Number attempts: 6. Retry after 7 seconds.: paramiko.ssh_exception.NoValidConnectionsError: [Errno None] Unable to connect to port 22 on 10.180.180.248
2024-12-23 08:29:23.363 66805 INFO tempest.lib.common.rest_client [req-836b500e-e757-4ca2-9229-0d9faa8568d6 req-836b500e-e757-4ca2-9229-0d9faa8568d6 ] Request (DeleteServersAdminTestJSON:test_delete_server_while_in_error_state): 200 GET http://10.180.1.21/compute/v2.1/servers/c16adb4f-babc-421a-9004-948bae581252 1.038s
2024-12-23 08:29:23.363 66785 INFO tempest.lib.common.rest_client [req-4b5a1c0c-89a6-4798-8291-f7cab5333d2f req-4b5a1c0c-89a6-4798-8291-f7cab5333d2f ] Request (InstanceActionsNegativeTestJSON:tearDownClass): 204 DELETE http://10.180.1.21/identity/v3/users/cd5ba99ad406491285b77be841e70e82 0.126s
2024-12-23 08:29:23.363 66785 INFO tempest.lib.common.dynamic_creds [-] Deleting project and security group for project: 3462d84f877e4a0184e8c1fb09c5ddbb
2024-12-23 08:29:23.410 66785 INFO tempest.lib.common.rest_client [req-e2ac5b12-a52f-4729-9347-adea7eb2a336 req-e2ac5b12-a52f-4729-9347-adea7eb2a336 ] Request (InstanceActionsNegativeTestJSON:tearDownClass): 200 GET http://10.180.1.21:9696/networking/v2.0/security-groups?tenant_id=3462d84f877e4a0184e8c1fb09c5ddbb&name=default 0.047s
2024-12-23 08:29:23.428 66803 INFO tempest.lib.common.rest_client [req-d5135df9-7c9e-48fc-9fe8-a4005111ae27 req-d5135df9-7c9e-48fc-9fe8-a4005111ae27 ] Request (DeleteServersTestJSON:test_delete_active_server): 200 GET http://10.180.1.21/compute/v2.1/servers/066c21bf-8eab-4b81-921d-e3b453b1f5e7 1.055s
2024-12-23 08:29:23.492 66817 INFO tempest.lib.common.rest_client [req-3e7e8640-abdb-45ff-8cf3-defb7eff7741 req-3e7e8640-abdb-45ff-8cf3-defb7eff7741 ] Request (AttachVolumeShelveTestJSON:test_attach_volume_shelved_or_offload_server): 200 PUT http://10.180.1.21:9696/networking/v2.0/floatingips/9b0ea755-235b-42a9-9335-05e9ac90944d 1.465s
2024-12-23 08:29:23.495 66817 INFO tempest.lib.common.ssh [-] Creating ssh connection to '10.180.180.243:22' as 'cirros' with public key authentication
2024-12-23 08:29:23.503 66781 INFO tempest.lib.common.rest_client [req-177b87ef-609a-4201-a8f1-1c0b3c1fcd02 req-177b87ef-609a-4201-a8f1-1c0b3c1fcd02 ] Request (ServerRescueTestJSON:setUpClass): 200 GET http://10.180.1.21/compute/v2.1/servers/af50c1ac-8cb1-4d77-8c3d-80f3b05ffa81 1.083s
2024-12-23 08:29:23.549 66785 INFO tempest.lib.common.rest_client [req-e3f82dac-cc3d-4757-9f71-0f48c2013ea7 req-e3f82dac-cc3d-4757-9f71-0f48c2013ea7 ] Request (InstanceActionsNegativeTestJSON:tearDownClass): 204 DELETE http://10.180.1.21:9696/networking/v2.0/security-groups/f2117d9e-e795-4222-8cd8-499775c8c49b 0.138s
2024-12-23 08:29:23.560 66773 INFO tempest.lib.common.rest_client [req-9ccdbe69-6558-457c-8482-fd3961481970 req-9ccdbe69-6558-457c-8482-fd3961481970 ] Request (ServersTestJSON:test_create_server_specify_multibyte_character_name): 200 GET http://10.180.1.21/compute/v2.1/servers/4774c400-b889-4bec-a0d0-23ad78dc3084 1.090s
2024-12-23 08:29:23.638 66811 WARNING tempest.lib.common.ssh [-] Failed to establish authenticated ssh connection to cirros@10.180.180.233 ([Errno None] Unable to connect to port 22 on 10.180.180.233). Number attempts: 1. Retry after 2 seconds.: paramiko.ssh_exception.NoValidConnectionsError: [Errno None] Unable to connect to port 22 on 10.180.180.233
2024-12-23 08:29:23.668 66785 INFO tempest.lib.common.rest_client [req-787ee4cd-13e7-4038-aaa7-d3358d6e7b57 req-787ee4cd-13e7-4038-aaa7-d3358d6e7b57 ] Request (InstanceActionsNegativeTestJSON:tearDownClass): 204 DELETE http://10.180.1.21/identity/v3/projects/3462d84f877e4a0184e8c1fb09c5ddbb 0.118s
2024-12-23 08:29:23.668 66785 INFO tempest.test [-] raised in ServerBootFromVolumeStableRescueTest.setUpClass. Invoking tearDownClass.
2024-12-23 08:29:23.684 66799 INFO tempest.lib.common.rest_client [req-444c4806-c79e-4731-8e08-b203fe9dfabb req-444c4806-c79e-4731-8e08-b203fe9dfabb ] Request (ServersAdminNegativeTestJSON:test_migrate_server_invalid_state): 200 GET http://10.180.1.21/compute/v2.1/servers/9a006271-b6d6-4a7f-b5f7-935fbcc263ab 1.171s
2024-12-23 08:29:23.690 66799 INFO tempest.common.waiters [-] State transition "BUILD/networking" ==> "BUILD/spawning" after 21 second wait
2024-12-23 08:29:23.744 66785 INFO tempest.lib.common.rest_client [req-5e28d291-47b3-49bb-9178-e9c17079fafb req-5e28d291-47b3-49bb-9178-e9c17079fafb ] Request (ExtensionsTest:setUpClass): 201 POST http://10.180.1.21/identity/v3/auth/tokens 0.073s
2024-12-23 08:29:23.758 66791 INFO tempest.lib.common.rest_client [req-04119b17-84b1-4107-9f7c-b7ca7ac0fd5b req-04119b17-84b1-4107-9f7c-b7ca7ac0fd5b ] Request (ImagesOneServerNegativeTestJSON:_run_cleanups): 204 DELETE http://10.180.1.21/compute/v2.1/servers/1c2c657e-ee19-425a-a78a-fe02656c0d52 1.228s
2024-12-23 08:29:23.776 66785 INFO tempest.lib.common.rest_client [req-109ce498-ccc1-4478-a81b-dcb455815519 req-109ce498-ccc1-4478-a81b-dcb455815519 ] Request (ExtensionsTest:setUpClass): 201 POST http://10.180.1.21/identity/v3/auth/tokens 0.028s
2024-12-23 08:29:23.807 66785 INFO tempest.lib.common.rest_client [req-70ff877d-d6f2-4dc5-ae6c-717b1f12d1a7 req-70ff877d-d6f2-4dc5-ae6c-717b1f12d1a7 ] Request (ExtensionsTest:setUpClass): 200 GET http://10.180.1.21/identity/v3/domains?name=Default 0.030s
2024-12-23 08:29:23.816 66813 INFO tempest.lib.common.rest_client [req-4f51b0e1-66e0-4266-a139-6c8d97b860c3 req-4f51b0e1-66e0-4266-a139-6c8d97b860c3 ] Request (ServerShowV257Test:test_rebuild_server): 200 GET http://10.180.1.21/compute/v2.1/servers/1494e9ab-1538-4c17-bb17-af10e9c1c764 1.255s
2024-12-23 08:29:23.850 66785 INFO tempest.lib.common.rest_client [req-bc74b27f-c5e5-459a-80db-8d119a1d25b9 req-bc74b27f-c5e5-459a-80db-8d119a1d25b9 ] Request (ExtensionsTest:setUpClass): 201 POST http://10.180.1.21/identity/v3/projects 0.043s
2024-12-23 08:29:23.867 66823 INFO tempest.lib.common.rest_client [req-14804b6d-ae1d-4ecd-996d-8e4bfe54be64 req-14804b6d-ae1d-4ecd-996d-8e4bfe54be64 ] Request (ServerDiskConfigTestJSON:test_rebuild_server_with_manual_disk_config): 200 GET http://10.180.1.21/compute/v2.1/servers/c7240ca4-f94e-4ca2-afb3-d3e12e182aa3 1.244s
2024-12-23 08:29:23.886 66795 INFO tempest.lib.common.rest_client [req-20dd2780-7183-4175-9ff7-67f3198b3727 req-20dd2780-7183-4175-9ff7-67f3198b3727 ] Request (HypervisorAdminUnderV252Test:test_search_hypervisor): 200 GET http://10.180.1.21/compute/v2.1/os-hypervisors 1.155s
2024-12-23 08:29:23.912 66785 INFO tempest.lib.common.rest_client [req-a369ee66-749f-46de-bd6c-00ac407e7da4 req-a369ee66-749f-46de-bd6c-00ac407e7da4 ] Request (ExtensionsTest:setUpClass): 201 POST http://10.180.1.21/identity/v3/users 0.062s
2024-12-23 08:29:23.944 66785 INFO tempest.lib.common.rest_client [req-2343a524-cc92-4644-ab9e-995767298ef1 req-2343a524-cc92-4644-ab9e-995767298ef1 ] Request (ExtensionsTest:setUpClass): 200 GET http://10.180.1.21/identity/v3/roles 0.031s
2024-12-23 08:29:23.993 66785 INFO tempest.lib.common.rest_client [req-bf966f74-14c9-4595-90d2-38bb58f35f0c req-bf966f74-14c9-4595-90d2-38bb58f35f0c ] Request (ExtensionsTest:setUpClass): 204 PUT http://10.180.1.21/identity/v3/projects/b1b8b0b895554b66818567233349a6c5/users/01e891a5714147478ffe52227b7f475f/roles/83ff695d77f448caa7bf4e48d050944d 0.048s
2024-12-23 08:29:23.993 66785 INFO tempest.lib.common.dynamic_creds [-] Dynamic test user 01e891a5714147478ffe52227b7f475f is created with scope project and roles: ['member']
2024-12-23 08:29:23.994 66785 INFO tempest.lib.common.dynamic_creds [-] Acquired dynamic creds: credentials: Credentials: {'domain_id': 'default', 'domain_name': 'Default', 'username': 'tempest-ExtensionsTest-1517414087-project-member', 'project_domain_id': 'default', 'project_domain_name': 'Default', 'project_id': 'b1b8b0b895554b66818567233349a6c5', 'project_name': 'tempest-ExtensionsTest-1517414087', 'tenant_id': 'b1b8b0b895554b66818567233349a6c5', 'tenant_name': 'tempest-ExtensionsTest-1517414087', 'user_domain_id': 'default', 'user_domain_name': 'Default', 'user_id': '01e891a5714147478ffe52227b7f475f', 'system': None}, Network: None, Subnet: None, Router: None
2024-12-23 08:29:23.994 66785 INFO tempest.lib.common.dynamic_creds [-] Created isolated network resources for: credentials: Credentials: {'domain_id': 'default', 'domain_name': 'Default', 'username': 'tempest-ExtensionsTest-1517414087-project-member', 'project_domain_id': 'default', 'project_domain_name': 'Default', 'project_id': 'b1b8b0b895554b66818567233349a6c5', 'project_name': 'tempest-ExtensionsTest-1517414087', 'tenant_id': 'b1b8b0b895554b66818567233349a6c5', 'tenant_name': 'tempest-ExtensionsTest-1517414087', 'user_domain_id': 'default', 'user_domain_name': 'Default', 'user_id': '01e891a5714147478ffe52227b7f475f', 'system': None}, Network: None, Subnet: None, Router: None
2024-12-23 08:29:24.018 66801 INFO tempest.lib.common.rest_client [req-edb8c431-88bd-42b3-9fb9-77799e4f556c req-edb8c431-88bd-42b3-9fb9-77799e4f556c ] Request (MigrationsAdminTest:test_list_migrations_in_flavor_resize_situation): 200 GET http://10.180.1.21/compute/v2.1/servers/f7cf5402-4409-4bd6-b173-cccca293b20f 1.254s
2024-12-23 08:29:24.082 66815 INFO tempest.lib.common.rest_client [req-ddf2053b-539d-40bc-8c7b-b4d5df11eeaf req-ddf2053b-539d-40bc-8c7b-b4d5df11eeaf ] Request (ImagesNegativeTestJSON:test_create_image_from_deleted_server): 200 GET http://10.180.1.21/compute/v2.1/servers/ff23b756-780d-4e5e-98b0-4ccd0bcd7e97 1.260s
2024-12-23 08:29:24.094 66785 INFO tempest.lib.common.rest_client [req-67cd7d65-7580-44bc-9e9c-1112d0d91580 req-67cd7d65-7580-44bc-9e9c-1112d0d91580 ] Request (ExtensionsTest:setUpClass): 201 POST http://10.180.1.21/identity/v3/auth/tokens 0.097s
2024-12-23 08:29:24.153 66779 INFO tempest.lib.common.rest_client [req-f7d70a48-dfae-486d-86cd-33c79c784988 req-f7d70a48-dfae-486d-86cd-33c79c784988 ] Request (ServerDiagnosticsV248Test:tearDownClass): 200 GET http://10.180.1.21/compute/v2.1/servers/75ca28c2-0e7e-4f57-bf57-dccbd195b16e 1.008s
2024-12-23 08:29:24.214 66797 INFO tempest.lib.common.rest_client [req-5fcf9372-b25c-4cb0-b92f-a1bd0cdefcf8 req-5fcf9372-b25c-4cb0-b92f-a1bd0cdefcf8 ] Request (ImagesOneServerTestJSON:tearDownClass): 200 GET http://10.180.1.21/compute/v2.1/servers/6478fd00-dda1-410d-b0c0-b69de16292e4 1.002s
2024-12-23 08:29:24.222 66797 INFO tempest.common.waiters [-] State transition "ACTIVE/deleting" ==> "DELETED/None" after 5 second wait
2024-12-23 08:29:24.264 66775 INFO tempest.lib.common.rest_client [req-388fb39f-de97-40b3-9351-5ad244c198ce req-388fb39f-de97-40b3-9351-5ad244c198ce ] Request (ServersAdmin275Test:test_rebuild_update_server_275): 200 GET http://10.180.1.21/compute/v2.1/servers/0b7ee2f0-35d7-4253-9de6-a1e964415865 0.950s
2024-12-23 08:29:24.313 66821 INFO tempest.lib.common.rest_client [req-e9ce27ed-7461-40c9-8812-18c1a3c064d2 req-e9ce27ed-7461-40c9-8812-18c1a3c064d2 ] Request (ServerExternalEventsTest:test_create_server_external_events): 200 GET http://10.180.1.21/compute/v2.1/servers/a3ca6d81-cdf5-4d44-8a43-d5d9c6eecc4e 0.750s
2024-12-23 08:29:24.359 66777 INFO tempest.lib.common.rest_client [req-442905e0-7ff1-4c67-8752-57a6d231cbdf req-442905e0-7ff1-4c67-8752-57a6d231cbdf ] Request (ServersNegativeTestJSON:setUpClass): 200 GET http://10.180.1.21/compute/v2.1/servers/03afc473-0ccf-4a3d-8549-b76c82951a22 0.745s
2024-12-23 08:29:24.388 66789 INFO tempest.lib.common.rest_client [req-030b5c53-c513-4c71-9250-2dcdc2b927bc req-030b5c53-c513-4c71-9250-2dcdc2b927bc ] Request (FloatingIPsAssociationTestJSON:test_associate_already_associated_floating_ip): 202 POST http://10.180.1.21/compute/v2.1/servers/1b13890c-6c0c-4af0-abfe-0e9feb9efdf7/action 2.371s
2024-12-23 08:29:24.418 66807 INFO tempest.lib.common.rest_client [req-036ef369-5d02-4efa-b778-c623612d1fb5 req-036ef369-5d02-4efa-b778-c623612d1fb5 ] Request (ServerMetadataNegativeTestJSON:tearDownClass): 200 GET http://10.180.1.21/compute/v2.1/servers/2bfce1fe-e9e0-4c69-9a75-2319d6e79e1e 0.798s
2024-12-23 08:29:24.425 66807 INFO tempest.common.waiters [-] State transition "ACTIVE/deleting" ==> "DELETED/None" after 5 second wait
2024-12-23 08:29:24.444 66765 INFO tempest.lib.common.rest_client [req-dd53b8b2-df10-4564-bf57-b346138d8344 req-dd53b8b2-df10-4564-bf57-b346138d8344 ] Request (FloatingIPsAssociationNegativeTestJSON:tearDownClass): 200 GET http://10.180.1.21/compute/v2.1/servers/9d427896-cb9a-45f5-b09d-9161753dfdf3 0.762s
2024-12-23 08:29:24.518 66827 INFO tempest.lib.common.rest_client [req-a820b365-ccd3-403e-9c64-e586fb3ba008 req-a820b365-ccd3-403e-9c64-e586fb3ba008 ] Request (SecurityGroupsTestJSON:test_list_security_groups_by_server): 200 GET http://10.180.1.21/compute/v2.1/servers/7e9be7ac-36a2-4f5a-b5ec-74ea41b981cb 0.716s
2024-12-23 08:29:24.535 66791 INFO tempest.lib.common.rest_client [req-85b1104f-1c41-45c5-87e1-d4359e89da72 req-85b1104f-1c41-45c5-87e1-d4359e89da72 ] Request (ImagesOneServerNegativeTestJSON:_run_cleanups): 200 GET http://10.180.1.21/compute/v2.1/servers/1c2c657e-ee19-425a-a78a-fe02656c0d52 0.777s
2024-12-23 08:29:24.547 66795 INFO tempest.lib.common.rest_client [req-48f20793-5627-454a-b6c2-c937e522db4e req-48f20793-5627-454a-b6c2-c937e522db4e ] Request (HypervisorAdminUnderV252Test:test_search_hypervisor): 200 GET http://10.180.1.21/compute/v2.1/os-hypervisors/domain-c8.fc996f14-c53b-4953-92e3-bdfa48f5cc28/search 0.660s
2024-12-23 08:29:24.599 66767 INFO tempest.lib.common.rest_client [req-d9664f81-dcd2-43b2-affc-bcfad95b2ff0 req-d9664f81-dcd2-43b2-affc-bcfad95b2ff0 ] Request (ListServersNegativeTestJSON:setUpClass): 200 GET http://10.180.1.21/compute/v2.1/servers/826b1ff4-b3fe-4f86-a9a3-082dd79bc281 0.706s
2024-12-23 08:29:24.641 66809 INFO tempest.lib.common.rest_client [req-709e35d9-7e61-4980-a373-92a43a11429a req-709e35d9-7e61-4980-a373-92a43a11429a ] Request (ServersTestBootFromVolume:setUpClass): 200 GET http://10.180.1.21/compute/v2.1/servers/26fff0b9-f89b-43f6-b0af-6c22bba5d369 0.659s
2024-12-23 08:29:24.651 66809 INFO tempest.common.waiters [-] State transition "BUILD/None" ==> "BUILD/networking" after 20 second wait
2024-12-23 08:29:24.654 66787 INFO tempest.lib.common.rest_client [req-0b9a3bf0-f512-47e1-841b-3c7b7162d27b req-0b9a3bf0-f512-47e1-841b-3c7b7162d27b ] Request (ServersAdminTestJSON:setUpClass): 200 GET http://10.180.1.21/compute/v2.1/servers/f6e25ebb-79f4-4197-a351-a603369068cb 0.585s
2024-12-23 08:29:24.696 66795 INFO tempest.lib.common.rest_client [req-5667b8e6-7cb8-427d-8a88-84504a1f9aec req-5667b8e6-7cb8-427d-8a88-84504a1f9aec ] Request (HypervisorAdminUnderV252Test:tearDownClass): 204 DELETE http://10.180.1.21/identity/v3/users/e29c464eb5394570adb9c07ae202e510 0.146s
2024-12-23 08:29:24.779 66785 INFO tempest.lib.common.rest_client [req-280b090e-c351-44e7-941d-080124a6e9d9 req-280b090e-c351-44e7-941d-080124a6e9d9 ] Request (ExtensionsTest:test_get_extension): 200 GET http://10.180.1.21/compute/v2.1/extensions/os-consoles 0.683s
2024-12-23 08:29:24.784 66805 INFO tempest.lib.common.rest_client [req-00c9260c-c5fb-480f-b7a9-4c7760952899 req-00c9260c-c5fb-480f-b7a9-4c7760952899 ] Request (DeleteServersAdminTestJSON:test_delete_server_while_in_error_state): 200 GET http://10.180.1.21/compute/v2.1/servers/c16adb4f-babc-421a-9004-948bae581252 0.414s
2024-12-23 08:29:24.797 66795 INFO tempest.lib.common.rest_client [req-81f51cc1-f354-4992-8f3e-508a0c65f818 req-81f51cc1-f354-4992-8f3e-508a0c65f818 ] Request (HypervisorAdminUnderV252Test:tearDownClass): 204 DELETE http://10.180.1.21/identity/v3/users/27e52b60c0914223a4657362f5f705e5 0.101s
2024-12-23 08:29:24.798 66795 INFO tempest.lib.common.dynamic_creds [-] Deleting project and security group for project: 76c1d7d4ab5a45579a941ab14ceede00
2024-12-23 08:29:24.839 66803 INFO tempest.lib.common.rest_client [req-874ebb45-ac05-4510-834b-ca5ae1ac793f req-874ebb45-ac05-4510-834b-ca5ae1ac793f ] Request (DeleteServersTestJSON:test_delete_active_server): 200 GET http://10.180.1.21/compute/v2.1/servers/066c21bf-8eab-4b81-921d-e3b453b1f5e7 0.395s
2024-12-23 08:29:24.862 66795 INFO tempest.lib.common.rest_client [req-236b6932-4a94-4a7b-bb36-34c645a36126 req-236b6932-4a94-4a7b-bb36-34c645a36126 ] Request (HypervisorAdminUnderV252Test:tearDownClass): 201 POST http://10.180.1.21/identity/v3/auth/tokens 0.064s
2024-12-23 08:29:24.894 66781 INFO tempest.lib.common.rest_client [req-6210fcbb-929e-4cd0-8139-d259c473fe10 req-6210fcbb-929e-4cd0-8139-d259c473fe10 ] Request (ServerRescueTestJSON:setUpClass): 200 GET http://10.180.1.21/compute/v2.1/servers/af50c1ac-8cb1-4d77-8c3d-80f3b05ffa81 0.380s
2024-12-23 08:29:24.962 66773 INFO tempest.lib.common.rest_client [req-fcca0a45-3934-4b95-b8d0-12a4cd73bf0e req-fcca0a45-3934-4b95-b8d0-12a4cd73bf0e ] Request (ServersTestJSON:test_create_server_specify_multibyte_character_name): 200 GET http://10.180.1.21/compute/v2.1/servers/4774c400-b889-4bec-a0d0-23ad78dc3084 0.391s
2024-12-23 08:29:25.023 66789 INFO tempest.lib.common.rest_client [req-d8d69f60-9569-4d13-8ebc-7090e1e11f6b req-d8d69f60-9569-4d13-8ebc-7090e1e11f6b ] Request (FloatingIPsAssociationTestJSON:test_associate_already_associated_floating_ip): 409 POST http://10.180.1.21/compute/v2.1/servers/9591494e-097f-4528-a615-88bbdf4178b0/action 0.635s
2024-12-23 08:29:25.043 66785 INFO tempest.lib.common.rest_client [req-391a69a6-ed89-4596-8519-a22d5ad344b1 req-391a69a6-ed89-4596-8519-a22d5ad344b1 ] Request (ExtensionsTest:test_list_extensions): 200 GET http://10.180.1.21/compute/v2.1/extensions 0.262s
2024-12-23 08:29:25.107 66813 INFO tempest.lib.common.rest_client [req-7e3edba2-fa79-47cb-a7ac-1ebe552c85f6 req-7e3edba2-fa79-47cb-a7ac-1ebe552c85f6 ] Request (ServerShowV257Test:test_rebuild_server): 200 GET http://10.180.1.21/compute/v2.1/servers/1494e9ab-1538-4c17-bb17-af10e9c1c764 0.281s
2024-12-23 08:29:25.122 66799 INFO tempest.lib.common.rest_client [req-d3dfa40d-2dd8-485f-9a0e-0c3974e49cec req-d3dfa40d-2dd8-485f-9a0e-0c3974e49cec ] Request (ServersAdminNegativeTestJSON:test_migrate_server_invalid_state): 200 GET http://10.180.1.21/compute/v2.1/servers/9a006271-b6d6-4a7f-b5f7-935fbcc263ab 0.431s
2024-12-23 08:29:25.156 66795 INFO tempest.lib.common.rest_client [req-1d82aa80-d342-4d26-af4d-a53fad03af3e req-1d82aa80-d342-4d26-af4d-a53fad03af3e ] Request (HypervisorAdminUnderV252Test:tearDownClass): 200 GET http://10.180.1.21:9696/networking/v2.0/security-groups?tenant_id=76c1d7d4ab5a45579a941ab14ceede00&name=default 0.293s
2024-12-23 08:29:25.157 66785 INFO tempest.lib.common.rest_client [req-6da923da-26f9-43d8-931d-032452f5af4f req-6da923da-26f9-43d8-931d-032452f5af4f ] Request (ExtensionsTest:tearDownClass): 204 DELETE http://10.180.1.21/identity/v3/users/01e891a5714147478ffe52227b7f475f 0.101s
2024-12-23 08:29:25.158 66785 INFO tempest.lib.common.dynamic_creds [-] Deleting project and security group for project: b1b8b0b895554b66818567233349a6c5
2024-12-23 08:29:25.164 66823 INFO tempest.lib.common.rest_client [req-fbe08f1e-b71d-4ecd-ad06-3a1edac60699 req-fbe08f1e-b71d-4ecd-ad06-3a1edac60699 ] Request (ServerDiskConfigTestJSON:test_rebuild_server_with_manual_disk_config): 200 GET http://10.180.1.21/compute/v2.1/servers/c7240ca4-f94e-4ca2-afb3-d3e12e182aa3 0.287s
2024-12-23 08:29:25.170 66771 WARNING tempest.lib.common.ssh [-] Failed to establish authenticated ssh connection to cirros@10.180.180.201 ([Errno None] Unable to connect to port 22 on 10.180.180.201). Number attempts: 7. Retry after 8 seconds.: paramiko.ssh_exception.NoValidConnectionsError: [Errno None] Unable to connect to port 22 on 10.180.180.201
2024-12-23 08:29:25.217 66785 INFO tempest.lib.common.rest_client [req-1f5d08ba-b5f2-4cac-993c-6ef9caaebd9c req-1f5d08ba-b5f2-4cac-993c-6ef9caaebd9c ] Request (ExtensionsTest:tearDownClass): 201 POST http://10.180.1.21/identity/v3/auth/tokens 0.059s
2024-12-23 08:29:25.486 66795 INFO tempest.lib.common.rest_client [req-50aeabdf-9160-4ea6-a2c7-507c3e71277a req-50aeabdf-9160-4ea6-a2c7-507c3e71277a ] Request (HypervisorAdminUnderV252Test:tearDownClass): 204 DELETE http://10.180.1.21:9696/networking/v2.0/security-groups/ead85224-b7aa-4b1a-b28b-c7557d2a5459 0.330s
2024-12-23 08:29:25.500 66801 INFO tempest.lib.common.rest_client [req-dc9b5a60-ada6-4dbc-9119-b40d2c243c52 req-dc9b5a60-ada6-4dbc-9119-b40d2c243c52 ] Request (MigrationsAdminTest:test_list_migrations_in_flavor_resize_situation): 200 GET http://10.180.1.21/compute/v2.1/servers/f7cf5402-4409-4bd6-b173-cccca293b20f 0.471s
2024-12-23 08:29:25.578 66815 INFO tempest.lib.common.rest_client [req-a0a1a92f-cc63-421a-8349-811b0fc1af06 req-a0a1a92f-cc63-421a-8349-811b0fc1af06 ] Request (ImagesNegativeTestJSON:test_create_image_from_deleted_server): 200 GET http://10.180.1.21/compute/v2.1/servers/ff23b756-780d-4e5e-98b0-4ccd0bcd7e97 0.484s
2024-12-23 08:29:25.584 66785 INFO tempest.lib.common.rest_client [req-e90216d8-446d-49d7-814e-08b5cf4d8f9a req-e90216d8-446d-49d7-814e-08b5cf4d8f9a ] Request (ExtensionsTest:tearDownClass): 200 GET http://10.180.1.21:9696/networking/v2.0/security-groups?tenant_id=b1b8b0b895554b66818567233349a6c5&name=default 0.367s
2024-12-23 08:29:25.586 66795 INFO tempest.lib.common.rest_client [req-db0caa97-5f6c-4351-a328-99fe5d9ff9e1 req-db0caa97-5f6c-4351-a328-99fe5d9ff9e1 ] Request (HypervisorAdminUnderV252Test:tearDownClass): 204 DELETE http://10.180.1.21/identity/v3/projects/76c1d7d4ab5a45579a941ab14ceede00 0.100s
2024-12-23 08:29:25.587 66795 INFO tempest.lib.common.dynamic_creds [-] Deleting project and security group for project: 95d2ed79f18c4494b5065403e3dee4b3
2024-12-23 08:29:25.649 66779 INFO tempest.lib.common.rest_client [req-ddbe179e-2a8d-4742-857b-06c490bb4b8a req-ddbe179e-2a8d-4742-857b-06c490bb4b8a ] Request (ServerDiagnosticsV248Test:tearDownClass): 200 GET http://10.180.1.21/compute/v2.1/servers/75ca28c2-0e7e-4f57-bf57-dccbd195b16e 0.483s
2024-12-23 08:29:25.717 66797 INFO tempest.lib.common.rest_client [req-47e835c0-6d75-40c9-b19a-d260e096bcce req-47e835c0-6d75-40c9-b19a-d260e096bcce ] Request (ImagesOneServerTestJSON:tearDownClass): 200 GET http://10.180.1.21/compute/v2.1/servers/6478fd00-dda1-410d-b0c0-b69de16292e4 0.494s
2024-12-23 08:29:25.752 66795 INFO tempest.lib.common.rest_client [req-b2678328-3bb8-4482-a1f8-6b833fd3a711 req-b2678328-3bb8-4482-a1f8-6b833fd3a711 ] Request (HypervisorAdminUnderV252Test:tearDownClass): 200 GET http://10.180.1.21:9696/networking/v2.0/security-groups?tenant_id=95d2ed79f18c4494b5065403e3dee4b3&name=default 0.165s
2024-12-23 08:29:25.756 66785 INFO tempest.lib.common.rest_client [req-0a6ca59d-4b48-4d03-9442-4033733c0f59 req-0a6ca59d-4b48-4d03-9442-4033733c0f59 ] Request (ExtensionsTest:tearDownClass): 204 DELETE http://10.180.1.21:9696/networking/v2.0/security-groups/0df24543-45ac-4b42-bdeb-b40875ee3f59 0.171s
2024-12-23 08:29:25.781 66775 INFO tempest.lib.common.rest_client [req-aeaf5fa2-a58b-4b1a-add1-45e3e19038f7 req-aeaf5fa2-a58b-4b1a-add1-45e3e19038f7 ] Request (ServersAdmin275Test:test_rebuild_update_server_275): 200 GET http://10.180.1.21/compute/v2.1/servers/0b7ee2f0-35d7-4253-9de6-a1e964415865 0.505s
2024-12-23 08:29:25.793 66775 INFO tempest.common.waiters [-] State transition "BUILD/spawning" ==> "ACTIVE/None" after 29 second wait
2024-12-23 08:29:25.828 66821 INFO tempest.lib.common.rest_client [req-1ad5233a-5778-42bb-b45b-077c8ba016bd req-1ad5233a-5778-42bb-b45b-077c8ba016bd ] Request (ServerExternalEventsTest:test_create_server_external_events): 200 GET http://10.180.1.21/compute/v2.1/servers/a3ca6d81-cdf5-4d44-8a43-d5d9c6eecc4e 0.504s
2024-12-23 08:29:25.862 66785 INFO tempest.lib.common.rest_client [req-2ed0d72c-db55-4713-9ae1-7e45e16f7258 req-2ed0d72c-db55-4713-9ae1-7e45e16f7258 ] Request (ExtensionsTest:tearDownClass): 204 DELETE http://10.180.1.21/identity/v3/projects/b1b8b0b895554b66818567233349a6c5 0.106s
2024-12-23 08:29:25.882 66795 INFO tempest.lib.common.rest_client [req-ce567fd0-62b1-408f-9a51-98110d492557 req-ce567fd0-62b1-408f-9a51-98110d492557 ] Request (HypervisorAdminUnderV252Test:tearDownClass): 204 DELETE http://10.180.1.21:9696/networking/v2.0/security-groups/5161c700-9a0a-49b2-b6db-4e8455a67f48 0.130s
2024-12-23 08:29:25.883 66777 INFO tempest.lib.common.rest_client [req-6d570602-5001-4256-8fd7-3bde4ff8a41f req-6d570602-5001-4256-8fd7-3bde4ff8a41f ] Request (ServersNegativeTestJSON:setUpClass): 200 GET http://10.180.1.21/compute/v2.1/servers/03afc473-0ccf-4a3d-8549-b76c82951a22 0.517s
2024-12-23 08:29:26.027 66795 INFO tempest.lib.common.rest_client [req-e9824c52-3a6b-4d44-8737-5a5048eb3c15 req-e9824c52-3a6b-4d44-8737-5a5048eb3c15 ] Request (HypervisorAdminUnderV252Test:tearDownClass): 204 DELETE http://10.180.1.21/identity/v3/projects/95d2ed79f18c4494b5065403e3dee4b3 0.144s
2024-12-23 08:29:26.099 66789 INFO tempest.lib.common.rest_client [req-d8ee6ceb-c99c-44ae-b5ae-0cf5c2e24e3e req-d8ee6ceb-c99c-44ae-b5ae-0cf5c2e24e3e ] Request (FloatingIPsAssociationTestJSON:_run_cleanups): 202 POST http://10.180.1.21/compute/v2.1/servers/1b13890c-6c0c-4af0-abfe-0e9feb9efdf7/action 1.074s
2024-12-23 08:29:26.107 66795 INFO tempest.lib.common.rest_client [req-925e6027-5ce6-4a83-a56d-44cff32ec6a7 req-925e6027-5ce6-4a83-a56d-44cff32ec6a7 ] Request (InstanceUsageAuditLogNegativeTestJSON:setUpClass): 201 POST http://10.180.1.21/identity/v3/auth/tokens 0.077s
2024-12-23 08:29:26.152 66795 INFO tempest.lib.common.rest_client [req-41edcf67-3c4e-4b7d-ba62-85bdae1ce050 req-41edcf67-3c4e-4b7d-ba62-85bdae1ce050 ] Request (InstanceUsageAuditLogNegativeTestJSON:setUpClass): 201 POST http://10.180.1.21/identity/v3/auth/tokens 0.042s
2024-12-23 08:29:26.173 66807 INFO tempest.lib.common.rest_client [req-79e0585c-95de-4c1b-bd40-1a33da0443e1 req-79e0585c-95de-4c1b-bd40-1a33da0443e1 ] Request (ServerMetadataNegativeTestJSON:tearDownClass): 200 GET http://10.180.1.21/compute/v2.1/servers/2bfce1fe-e9e0-4c69-9a75-2319d6e79e1e 0.747s
2024-12-23 08:29:26.174 66765 INFO tempest.lib.common.rest_client [req-4e3ab52c-7733-4fbf-9088-b79d07b34810 req-4e3ab52c-7733-4fbf-9088-b79d07b34810 ] Request (FloatingIPsAssociationNegativeTestJSON:tearDownClass): 200 GET http://10.180.1.21/compute/v2.1/servers/9d427896-cb9a-45f5-b09d-9161753dfdf3 0.723s
2024-12-23 08:29:26.179 66795 INFO tempest.lib.common.rest_client [req-56bd2ce3-b99f-4c58-9434-dc1fd6ac64b6 req-56bd2ce3-b99f-4c58-9434-dc1fd6ac64b6 ] Request (InstanceUsageAuditLogNegativeTestJSON:setUpClass): 200 GET http://10.180.1.21/identity/v3/domains?name=Default 0.026s
2024-12-23 08:29:26.234 66827 INFO tempest.lib.common.rest_client [req-76eff41b-fac5-4ba0-b77a-fa7e93db0558 req-76eff41b-fac5-4ba0-b77a-fa7e93db0558 ] Request (SecurityGroupsTestJSON:test_list_security_groups_by_server): 200 GET http://10.180.1.21/compute/v2.1/servers/7e9be7ac-36a2-4f5a-b5ec-74ea41b981cb 0.707s
2024-12-23 08:29:26.235 66791 INFO tempest.lib.common.rest_client [req-3bda2a2a-d0d7-462f-8488-0812fe201e33 req-3bda2a2a-d0d7-462f-8488-0812fe201e33 ] Request (ImagesOneServerNegativeTestJSON:_run_cleanups): 200 GET http://10.180.1.21/compute/v2.1/servers/1c2c657e-ee19-425a-a78a-fe02656c0d52 0.686s
2024-12-23 08:29:26.236 66795 INFO tempest.lib.common.rest_client [req-c5dce943-52b1-482c-8088-a36e9d487d50 req-c5dce943-52b1-482c-8088-a36e9d487d50 ] Request (InstanceUsageAuditLogNegativeTestJSON:setUpClass): 201 POST http://10.180.1.21/identity/v3/projects 0.056s
2024-12-23 08:29:26.293 66767 INFO tempest.lib.common.rest_client [req-3a370f45-f1d1-4248-954f-566436eef792 req-3a370f45-f1d1-4248-954f-566436eef792 ] Request (ListServersNegativeTestJSON:setUpClass): 200 GET http://10.180.1.21/compute/v2.1/servers/826b1ff4-b3fe-4f86-a9a3-082dd79bc281 0.685s
2024-12-23 08:29:26.312 66795 INFO tempest.lib.common.rest_client [req-86cd2e24-5ae8-4fb3-b370-703eaa64df5d req-86cd2e24-5ae8-4fb3-b370-703eaa64df5d ] Request (InstanceUsageAuditLogNegativeTestJSON:setUpClass): 201 POST http://10.180.1.21/identity/v3/users 0.075s
2024-12-23 08:29:26.344 66795 INFO tempest.lib.common.rest_client [req-4da65eec-3f5c-4904-987f-eeadf179dc96 req-4da65eec-3f5c-4904-987f-eeadf179dc96 ] Request (InstanceUsageAuditLogNegativeTestJSON:setUpClass): 200 GET http://10.180.1.21/identity/v3/roles 0.031s
2024-12-23 08:29:26.358 66787 INFO tempest.lib.common.rest_client [req-79a53b3a-28f9-4480-bbf3-ce36a7fd9409 req-79a53b3a-28f9-4480-bbf3-ce36a7fd9409 ] Request (ServersAdminTestJSON:setUpClass): 200 GET http://10.180.1.21/compute/v2.1/servers/f6e25ebb-79f4-4197-a351-a603369068cb 0.695s
2024-12-23 08:29:26.390 66795 INFO tempest.lib.common.rest_client [req-d154f7b7-c404-4776-b0d1-95a8056e1804 req-d154f7b7-c404-4776-b0d1-95a8056e1804 ] Request (InstanceUsageAuditLogNegativeTestJSON:setUpClass): 204 PUT http://10.180.1.21/identity/v3/projects/c747f984463c4b61b117a0b89fde357f/users/51392c95b7d84fa69248b66d171d1000/roles/83ff695d77f448caa7bf4e48d050944d 0.046s
2024-12-23 08:29:26.391 66795 INFO tempest.lib.common.dynamic_creds [-] Dynamic test user 51392c95b7d84fa69248b66d171d1000 is created with scope project and roles: ['member']
2024-12-23 08:29:26.391 66795 INFO tempest.lib.common.dynamic_creds [-] Acquired dynamic creds: credentials: Credentials: {'domain_id': 'default', 'domain_name': 'Default', 'username': 'tempest-InstanceUsageAuditLogNegativeTestJSON-915902209-project-member', 'project_domain_id': 'default', 'project_domain_name': 'Default', 'project_id': 'c747f984463c4b61b117a0b89fde357f', 'project_name': 'tempest-InstanceUsageAuditLogNegativeTestJSON-915902209', 'tenant_id': 'c747f984463c4b61b117a0b89fde357f', 'tenant_name': 'tempest-InstanceUsageAuditLogNegativeTestJSON-915902209', 'user_domain_id': 'default', 'user_domain_name': 'Default', 'user_id': '51392c95b7d84fa69248b66d171d1000', 'system': None}, Network: None, Subnet: None, Router: None
2024-12-23 08:29:26.391 66795 INFO tempest.lib.common.dynamic_creds [-] Created isolated network resources for: credentials: Credentials: {'domain_id': 'default', 'domain_name': 'Default', 'username': 'tempest-InstanceUsageAuditLogNegativeTestJSON-915902209-project-member', 'project_domain_id': 'default', 'project_domain_name': 'Default', 'project_id': 'c747f984463c4b61b117a0b89fde357f', 'project_name': 'tempest-InstanceUsageAuditLogNegativeTestJSON-915902209', 'tenant_id': 'c747f984463c4b61b117a0b89fde357f', 'tenant_name': 'tempest-InstanceUsageAuditLogNegativeTestJSON-915902209', 'user_domain_id': 'default', 'user_domain_name': 'Default', 'user_id': '51392c95b7d84fa69248b66d171d1000', 'system': None}, Network: None, Subnet: None, Router: None
2024-12-23 08:29:26.397 66809 INFO tempest.lib.common.rest_client [req-157057ba-8abd-4f23-a681-8c056125024f req-157057ba-8abd-4f23-a681-8c056125024f ] Request (ServersTestBootFromVolume:setUpClass): 200 GET http://10.180.1.21/compute/v2.1/servers/26fff0b9-f89b-43f6-b0af-6c22bba5d369 0.745s
2024-12-23 08:29:26.404 66809 INFO tempest.common.waiters [-] State transition "BUILD/networking" ==> "BUILD/block_device_mapping" after 22 second wait
2024-12-23 08:29:26.487 66795 INFO tempest.lib.common.rest_client [req-8b4ebf46-3b23-45ad-b63c-32331cd36d59 req-8b4ebf46-3b23-45ad-b63c-32331cd36d59 ] Request (InstanceUsageAuditLogNegativeTestJSON:setUpClass): 201 POST http://10.180.1.21/identity/v3/auth/tokens 0.092s
2024-12-23 08:29:26.523 66805 INFO tempest.lib.common.rest_client [req-ec04d0f6-a7f8-43e0-94a8-1b9ef17875e8 req-ec04d0f6-a7f8-43e0-94a8-1b9ef17875e8 ] Request (DeleteServersAdminTestJSON:test_delete_server_while_in_error_state): 200 GET http://10.180.1.21/compute/v2.1/servers/c16adb4f-babc-421a-9004-948bae581252 0.728s
2024-12-23 08:29:26.530 66805 INFO tempest.common.waiters [-] State transition "BUILD/spawning" ==> "ACTIVE/None" after 33 second wait
2024-12-23 08:29:26.549 66795 INFO tempest.lib.common.rest_client [req-a7a8e546-2555-499e-bbcf-acb8823db0ef req-a7a8e546-2555-499e-bbcf-acb8823db0ef ] Request (InstanceUsageAuditLogNegativeTestJSON:setUpClass): 201 POST http://10.180.1.21/identity/v3/projects 0.062s
2024-12-23 08:29:26.578 66803 INFO tempest.lib.common.rest_client [req-354cfa47-b668-4f60-9e35-683073614ebc req-354cfa47-b668-4f60-9e35-683073614ebc ] Request (DeleteServersTestJSON:test_delete_active_server): 200 GET http://10.180.1.21/compute/v2.1/servers/066c21bf-8eab-4b81-921d-e3b453b1f5e7 0.731s
2024-12-23 08:29:26.610 66775 INFO tempest.lib.common.rest_client [req-6ff87438-e074-4d68-aad6-04fd7965a9df req-6ff87438-e074-4d68-aad6-04fd7965a9df ] Request (ServersAdmin275Test:test_rebuild_update_server_275): 202 POST http://10.180.1.21/compute/v2.1/servers/0b7ee2f0-35d7-4253-9de6-a1e964415865/action 0.817s
2024-12-23 08:29:26.618 66795 INFO tempest.lib.common.rest_client [req-fb6908b9-c83f-4506-a8fc-e7bed0d8e1dc req-fb6908b9-c83f-4506-a8fc-e7bed0d8e1dc ] Request (InstanceUsageAuditLogNegativeTestJSON:setUpClass): 201 POST http://10.180.1.21/identity/v3/users 0.069s
2024-12-23 08:29:26.633 66781 INFO tempest.lib.common.rest_client [req-49e7bad8-e440-4f47-a281-6a608d0c2061 req-49e7bad8-e440-4f47-a281-6a608d0c2061 ] Request (ServerRescueTestJSON:setUpClass): 200 GET http://10.180.1.21/compute/v2.1/servers/af50c1ac-8cb1-4d77-8c3d-80f3b05ffa81 0.725s
2024-12-23 08:29:26.640 66795 INFO tempest.lib.common.rest_client [req-0a4d767f-d17e-4023-9b6f-00ad09c25b66 req-0a4d767f-d17e-4023-9b6f-00ad09c25b66 ] Request (InstanceUsageAuditLogNegativeTestJSON:setUpClass): 200 GET http://10.180.1.21/identity/v3/roles 0.020s
2024-12-23 08:29:26.666 66795 INFO tempest.lib.common.rest_client [req-6d6de3a4-a75e-44da-9f9e-9fc2c75dc1a2 req-6d6de3a4-a75e-44da-9f9e-9fc2c75dc1a2 ] Request (InstanceUsageAuditLogNegativeTestJSON:setUpClass): 204 PUT http://10.180.1.21/identity/v3/projects/219bf9dee610423eb38962485eb0a846/users/99594088259048e6b4aed5a317e957bb/roles/18e7839f62834f6b98cf8326cb834056 0.026s
2024-12-23 08:29:26.669 66773 INFO tempest.lib.common.rest_client [req-e8002abe-a737-4335-8815-e76c6a38af7f req-e8002abe-a737-4335-8815-e76c6a38af7f ] Request (ServersTestJSON:test_create_server_specify_multibyte_character_name): 200 GET http://10.180.1.21/compute/v2.1/servers/4774c400-b889-4bec-a0d0-23ad78dc3084 0.698s
2024-12-23 08:29:26.706 66811 WARNING tempest.lib.common.ssh [-] Failed to establish authenticated ssh connection to cirros@10.180.180.233 ([Errno None] Unable to connect to port 22 on 10.180.180.233). Number attempts: 2. Retry after 3 seconds.: paramiko.ssh_exception.NoValidConnectionsError: [Errno None] Unable to connect to port 22 on 10.180.180.233
2024-12-23 08:29:26.714 66789 INFO tempest.lib.common.rest_client [req-8d487ea6-4182-4abb-81b8-98c8df91065b req-8d487ea6-4182-4abb-81b8-98c8df91065b ] Request (FloatingIPsAssociationTestJSON:_run_cleanups): 204 DELETE http://10.180.1.21/compute/v2.1/servers/1b13890c-6c0c-4af0-abfe-0e9feb9efdf7 0.614s
2024-12-23 08:29:26.725 66795 INFO tempest.lib.common.rest_client [req-5515758a-71ec-435f-8f1e-366de870c08b req-5515758a-71ec-435f-8f1e-366de870c08b ] Request (InstanceUsageAuditLogNegativeTestJSON:setUpClass): 200 GET http://10.180.1.21/identity/v3/roles 0.059s
2024-12-23 08:29:26.731 66813 INFO tempest.lib.common.rest_client [req-8e353494-1109-439f-8859-989861edba77 req-8e353494-1109-439f-8859-989861edba77 ] Request (ServerShowV257Test:test_rebuild_server): 200 GET http://10.180.1.21/compute/v2.1/servers/1494e9ab-1538-4c17-bb17-af10e9c1c764 0.614s
2024-12-23 08:29:26.751 66795 INFO tempest.lib.common.rest_client [req-99160124-f2d1-4bda-a6d6-96d82175db44 req-99160124-f2d1-4bda-a6d6-96d82175db44 ] Request (InstanceUsageAuditLogNegativeTestJSON:setUpClass): 204 PUT http://10.180.1.21/identity/v3/projects/219bf9dee610423eb38962485eb0a846/users/99594088259048e6b4aed5a317e957bb/roles/18e7839f62834f6b98cf8326cb834056 0.025s
2024-12-23 08:29:26.751 66795 INFO tempest.lib.common.dynamic_creds [-] Dynamic test user 99594088259048e6b4aed5a317e957bb is created with scope project and roles: ['admin']
2024-12-23 08:29:26.752 66795 INFO tempest.lib.common.dynamic_creds [-] Acquired dynamic creds: credentials: Credentials: {'domain_id': 'default', 'domain_name': 'Default', 'username': 'tempest-InstanceUsageAuditLogNegativeTestJSON-2009852764-project-admin', 'project_domain_id': 'default', 'project_domain_name': 'Default', 'project_id': '219bf9dee610423eb38962485eb0a846', 'project_name': 'tempest-InstanceUsageAuditLogNegativeTestJSON-2009852764', 'tenant_id': '219bf9dee610423eb38962485eb0a846', 'tenant_name': 'tempest-InstanceUsageAuditLogNegativeTestJSON-2009852764', 'user_domain_id': 'default', 'user_domain_name': 'Default', 'user_id': '99594088259048e6b4aed5a317e957bb', 'system': None}, Network: None, Subnet: None, Router: None
2024-12-23 08:29:26.752 66795 INFO tempest.lib.common.dynamic_creds [-] Created isolated network resources for: credentials: Credentials: {'domain_id': 'default', 'domain_name': 'Default', 'username': 'tempest-InstanceUsageAuditLogNegativeTestJSON-2009852764-project-admin', 'project_domain_id': 'default', 'project_domain_name': 'Default', 'project_id': '219bf9dee610423eb38962485eb0a846', 'project_name': 'tempest-InstanceUsageAuditLogNegativeTestJSON-2009852764', 'tenant_id': '219bf9dee610423eb38962485eb0a846', 'tenant_name': 'tempest-InstanceUsageAuditLogNegativeTestJSON-2009852764', 'user_domain_id': 'default', 'user_domain_name': 'Default', 'user_id': '99594088259048e6b4aed5a317e957bb', 'system': None}, Network: None, Subnet: None, Router: None
2024-12-23 08:29:26.784 66823 INFO tempest.lib.common.rest_client [req-ffb5acf4-eb8c-4983-aa90-2636009f856f req-ffb5acf4-eb8c-4983-aa90-2636009f856f ] Request (ServerDiskConfigTestJSON:test_rebuild_server_with_manual_disk_config): 200 GET http://10.180.1.21/compute/v2.1/servers/c7240ca4-f94e-4ca2-afb3-d3e12e182aa3 0.612s
2024-12-23 08:29:26.829 66799 INFO tempest.lib.common.rest_client [req-fb7422e4-9b8e-4375-bbce-5797e97d3aed req-fb7422e4-9b8e-4375-bbce-5797e97d3aed ] Request (ServersAdminNegativeTestJSON:test_migrate_server_invalid_state): 200 GET http://10.180.1.21/compute/v2.1/servers/9a006271-b6d6-4a7f-b5f7-935fbcc263ab 0.695s
2024-12-23 08:29:26.832 66795 INFO tempest.lib.common.rest_client [req-1293f872-870d-455b-aa86-5d314b56835e req-1293f872-870d-455b-aa86-5d314b56835e ] Request (InstanceUsageAuditLogNegativeTestJSON:setUpClass): 201 POST http://10.180.1.21/identity/v3/auth/tokens 0.073s
2024-12-23 08:29:26.886 66801 INFO tempest.lib.common.rest_client [req-cb95eb3c-31b3-476f-9a13-bbb8384ee4f7 req-cb95eb3c-31b3-476f-9a13-bbb8384ee4f7 ] Request (MigrationsAdminTest:test_list_migrations_in_flavor_resize_situation): 200 GET http://10.180.1.21/compute/v2.1/servers/f7cf5402-4409-4bd6-b173-cccca293b20f 0.378s
2024-12-23 08:29:26.891 66805 INFO tempest.lib.common.rest_client [req-0d1a60ed-cc27-43c6-8aaa-36c017ecbce0 req-0d1a60ed-cc27-43c6-8aaa-36c017ecbce0 ] Request (DeleteServersAdminTestJSON:test_delete_server_while_in_error_state): 202 POST http://10.180.1.21/compute/v2.1/servers/c16adb4f-babc-421a-9004-948bae581252/action 0.361s
2024-12-23 08:29:26.945 66815 INFO tempest.lib.common.rest_client [req-87563e42-94a4-4c5b-b239-976367876353 req-87563e42-94a4-4c5b-b239-976367876353 ] Request (ImagesNegativeTestJSON:test_create_image_from_deleted_server): 200 GET http://10.180.1.21/compute/v2.1/servers/ff23b756-780d-4e5e-98b0-4ccd0bcd7e97 0.359s
2024-12-23 08:29:26.970 66775 INFO tempest.lib.common.rest_client [req-75712c86-3c18-4c5f-9334-45d4837de663 req-75712c86-3c18-4c5f-9334-45d4837de663 ] Request (ServersAdmin275Test:test_rebuild_update_server_275): 200 GET http://10.180.1.21/compute/v2.1/servers/0b7ee2f0-35d7-4253-9de6-a1e964415865 0.349s
2024-12-23 08:29:27.025 66779 INFO tempest.lib.common.rest_client [req-f0fd5500-be22-483d-b0e7-0e106085e1f4 req-f0fd5500-be22-483d-b0e7-0e106085e1f4 ] Request (ServerDiagnosticsV248Test:tearDownClass): 200 GET http://10.180.1.21/compute/v2.1/servers/75ca28c2-0e7e-4f57-bf57-dccbd195b16e 0.365s
2024-12-23 08:29:27.080 66797 INFO tempest.lib.common.rest_client [req-757ecbdc-6e28-4792-9ec1-a1deb826ec29 req-757ecbdc-6e28-4792-9ec1-a1deb826ec29 ] Request (ImagesOneServerTestJSON:tearDownClass): 200 GET http://10.180.1.21/compute/v2.1/servers/6478fd00-dda1-410d-b0c0-b69de16292e4 0.354s
2024-12-23 08:29:27.163 66795 INFO tempest.lib.common.rest_client [req-ff09b5df-7938-48d3-a878-9419c81c7737 req-ff09b5df-7938-48d3-a878-9419c81c7737 ] Request (InstanceUsageAuditLogNegativeTestJSON:test_get_instance_usage_audit_logs_with_invalid_time): 400 GET http://10.180.1.21/compute/v2.1/os-instance_usage_audit_log/invalid_time 0.329s
2024-12-23 08:29:27.210 66821 INFO tempest.lib.common.rest_client [req-7c3806a9-a437-428c-800e-e847d0e7bc6d req-7c3806a9-a437-428c-800e-e847d0e7bc6d ] Request (ServerExternalEventsTest:test_create_server_external_events): 200 GET http://10.180.1.21/compute/v2.1/servers/a3ca6d81-cdf5-4d44-8a43-d5d9c6eecc4e 0.374s
2024-12-23 08:29:27.216 66821 INFO tempest.common.waiters [-] State transition "BUILD/scheduling" ==> "BUILD/None" after 15 second wait
2024-12-23 08:29:27.324 66805 INFO tempest.lib.common.rest_client [req-0618f3ed-b868-4864-bd1d-4c2e27c92706 req-0618f3ed-b868-4864-bd1d-4c2e27c92706 ] Request (DeleteServersAdminTestJSON:test_delete_server_while_in_error_state): 200 GET http://10.180.1.21/compute/v2.1/servers/c16adb4f-babc-421a-9004-948bae581252 0.432s
2024-12-23 08:29:27.373 66777 INFO tempest.lib.common.rest_client [req-4e0130da-3d4e-412d-b789-cb26c397b8b5 req-4e0130da-3d4e-412d-b789-cb26c397b8b5 ] Request (ServersNegativeTestJSON:setUpClass): 200 GET http://10.180.1.21/compute/v2.1/servers/03afc473-0ccf-4a3d-8549-b76c82951a22 0.480s
2024-12-23 08:29:27.379 66777 INFO tempest.common.waiters [-] State transition "BUILD/scheduling" ==> "BUILD/None" after 15 second wait
2024-12-23 08:29:27.431 66795 INFO tempest.lib.common.rest_client [req-09c6a76a-3e29-4b75-8694-3f7ff3e79665 req-09c6a76a-3e29-4b75-8694-3f7ff3e79665 ] Request (InstanceUsageAuditLogNegativeTestJSON:test_instance_usage_audit_logs_with_nonadmin_user): 403 GET http://10.180.1.21/compute/v2.1/os-instance_usage_audit_log 0.266s
