2025-03-21 01:38:53.548 68654 INFO tempest.lib.common.rest_client [req-719579f0-bf17-435d-8a97-c691f2025503 req-719579f0-bf17-435d-8a97-c691f2025503 ] Request (ImagesTestJSON:test_create_image_from_suspended_server): 200 GET http://10.180.1.21/compute/v2.1/images/9dbfbc6d-3965-494a-8be4-e3c6bbc7226a 0.067s
2025-03-21 01:38:53.552 68662 INFO tempest.lib.common.rest_client [req-c3f21c1e-c5c9-4dab-b115-10803a52a91d req-c3f21c1e-c5c9-4dab-b115-10803a52a91d ] Request (MultipleCreateNegativeTestJSON:setUpClass): 201 POST http://10.180.1.21/identity/v3/projects 0.031s
2025-03-21 01:38:53.565 68666 INFO tempest.lib.common.rest_client [req-f9acd597-4443-4b1b-833b-2f446e51c21c req-f9acd597-4443-4b1b-833b-2f446e51c21c ] Request (ServerDiskConfigTestJSON:test_rebuild_server_with_manual_disk_config): 200 GET http://10.180.1.21/compute/v2.1/servers/438f06d5-8a39-4c36-abdf-18dfc2aeaed5 0.051s
2025-03-21 01:38:53.601 68712 INFO tempest.lib.common.rest_client [req-059e3290-0684-4752-98a5-67d959687387 req-059e3290-0684-4752-98a5-67d959687387 ] Request (ServersTestMultiNic:test_verify_multiple_nics_order): 200 GET http://10.180.1.21/compute/v2.1/servers/7877d79b-00aa-4e53-b0ba-0bbcc419f987 0.057s
2025-03-21 01:38:53.620 68662 INFO tempest.lib.common.rest_client [req-f0ab9e3d-ec68-4bbe-a53e-221ee86bae2e req-f0ab9e3d-ec68-4bbe-a53e-221ee86bae2e ] Request (MultipleCreateNegativeTestJSON:setUpClass): 201 POST http://10.180.1.21/identity/v3/users 0.068s
2025-03-21 01:38:53.634 68694 INFO tempest.lib.common.rest_client [req-f75a9351-c18c-4cf4-aeed-70d034f0f09c req-f75a9351-c18c-4cf4-aeed-70d034f0f09c ] Request (SecurityGroupsTestJSON:test_server_security_groups): 200 GET http://10.180.1.21/compute/v2.1/servers/78aae103-936e-4ca8-823f-547c4548a8e7 0.057s
2025-03-21 01:38:53.644 68662 INFO tempest.lib.common.rest_client [req-6ccebeae-dedf-44ef-a852-d61c2867b388 req-6ccebeae-dedf-44ef-a852-d61c2867b388 ] Request (MultipleCreateNegativeTestJSON:setUpClass): 200 GET http://10.180.1.21/identity/v3/roles 0.024s
2025-03-21 01:38:53.663 68708 INFO tempest.lib.common.rest_client [req-0bf7c507-f8eb-48e5-b26d-f09dfb6a50b5 req-0bf7c507-f8eb-48e5-b26d-f09dfb6a50b5 ] Request (ServersTestJSON:test_create_server_with_ipv6_addr_only): 200 GET http://10.180.1.21/compute/v2.1/servers/472e8ff8-1070-485f-8a4c-14ad4c950ffc 0.058s
2025-03-21 01:38:53.671 68662 INFO tempest.lib.common.rest_client [req-de8f555b-c419-4ee9-ae68-1ad19572ce49 req-de8f555b-c419-4ee9-ae68-1ad19572ce49 ] Request (MultipleCreateNegativeTestJSON:setUpClass): 204 PUT http://10.180.1.21/identity/v3/projects/fd30df536d704be59473a1c00a0635ac/users/d13a3e9210334a4fb98a4df827acaf09/roles/7e3333cc91a7426cbaec331700baa345 0.026s
2025-03-21 01:38:53.671 68662 INFO tempest.lib.common.dynamic_creds [-] Dynamic test user d13a3e9210334a4fb98a4df827acaf09 is created with scope project and roles: ['member']
2025-03-21 01:38:53.671 68662 INFO tempest.lib.common.dynamic_creds [-] Acquired dynamic creds: credentials: Credentials: {'domain_id': 'default', 'domain_name': 'Default', 'username': 'tempest-MultipleCreateNegativeTestJSON-1783214648-project-member', 'project_domain_id': 'default', 'project_domain_name': 'Default', 'project_id': 'fd30df536d704be59473a1c00a0635ac', 'project_name': 'tempest-MultipleCreateNegativeTestJSON-1783214648', 'tenant_id': 'fd30df536d704be59473a1c00a0635ac', 'tenant_name': 'tempest-MultipleCreateNegativeTestJSON-1783214648', 'user_domain_id': 'default', 'user_domain_name': 'Default', 'user_id': 'd13a3e9210334a4fb98a4df827acaf09', 'system': None}, Network: None, Subnet: None, Router: None
2025-03-21 01:38:53.671 68662 INFO tempest.lib.common.dynamic_creds [-] Created isolated network resources for: credentials: Credentials: {'domain_id': 'default', 'domain_name': 'Default', 'username': 'tempest-MultipleCreateNegativeTestJSON-1783214648-project-member', 'project_domain_id': 'default', 'project_domain_name': 'Default', 'project_id': 'fd30df536d704be59473a1c00a0635ac', 'project_name': 'tempest-MultipleCreateNegativeTestJSON-1783214648', 'tenant_id': 'fd30df536d704be59473a1c00a0635ac', 'tenant_name': 'tempest-MultipleCreateNegativeTestJSON-1783214648', 'user_domain_id': 'default', 'user_domain_name': 'Default', 'user_id': 'd13a3e9210334a4fb98a4df827acaf09', 'system': None}, Network: None, Subnet: None, Router: None
2025-03-21 01:38:53.734 68698 INFO tempest.lib.common.rest_client [req-21f2c102-3c4d-481d-860a-e6c51333b861 req-21f2c102-3c4d-481d-860a-e6c51333b861 ] Request (ServerDiagnosticsNegativeTest:tearDownClass): 200 GET http://10.180.1.21/compute/v2.1/servers/a95b17bf-7397-4489-9ced-fe68c1a46443 0.057s
2025-03-21 01:38:53.747 68678 INFO tempest.lib.common.rest_client [req-68703b99-a83b-4d71-92af-3f95dc581464 req-68703b99-a83b-4d71-92af-3f95dc581464 ] Request (ServerDiagnosticsTest:test_get_server_diagnostics): 200 GET http://10.180.1.21/compute/v2.1/servers/75e75a0a-992e-4f98-aafd-0f7ca46cb24d 0.051s
2025-03-21 01:38:53.748 68662 INFO tempest.lib.common.rest_client [req-2e423684-ca32-41e4-83ac-d51e58900720 req-2e423684-ca32-41e4-83ac-d51e58900720 ] Request (MultipleCreateNegativeTestJSON:setUpClass): 201 POST http://10.180.1.21/identity/v3/auth/tokens 0.074s
2025-03-21 01:38:53.778 68662 INFO tempest.lib.common.rest_client [req-9c6b92f0-162f-4f19-846c-ea61e56b2368 req-9c6b92f0-162f-4f19-846c-ea61e56b2368 ] Request (MultipleCreateNegativeTestJSON:test_max_count_less_than_min_count): 201 POST http://10.180.1.21/identity/v3/auth/tokens 0.025s
2025-03-21 01:38:53.778 68662 INFO tempest.lib.common.fixed_network [-] (MultipleCreateNegativeTestJSON:test_max_count_less_than_min_count) Found network None available for tenant
2025-03-21 01:38:53.815 68656 INFO tempest.lib.common.rest_client [req-d017dcc2-ba63-4d81-ba5b-7d3a5fc8472c req-d017dcc2-ba63-4d81-ba5b-7d3a5fc8472c ] Request (ServerShowV254Test:tearDownClass): 200 GET http://10.180.1.21/compute/v2.1/servers/c1067b5b-c589-4acb-a96e-0d61fd2d2667 0.063s
2025-03-21 01:38:53.855 68662 INFO tempest.lib.common.rest_client [req-bba9c643-c2ed-4a97-bae1-61a2bdab74df req-bba9c643-c2ed-4a97-bae1-61a2bdab74df ] Request (MultipleCreateNegativeTestJSON:test_max_count_less_than_min_count): 400 POST http://10.180.1.21/compute/v2.1/servers 0.077s
2025-03-21 01:38:53.890 68662 INFO tempest.lib.common.rest_client [req-34e40843-e363-4b09-8b22-3b8346e639e4 req-34e40843-e363-4b09-8b22-3b8346e639e4 ] Request (MultipleCreateNegativeTestJSON:test_max_count_less_than_one): 201 POST http://10.180.1.21/identity/v3/auth/tokens 0.030s
2025-03-21 01:38:53.891 68662 INFO tempest.lib.common.fixed_network [-] (MultipleCreateNegativeTestJSON:test_max_count_less_than_one) Found network None available for tenant
2025-03-21 01:38:53.903 68662 INFO tempest.lib.common.rest_client [req-6f664ae9-fea2-4ba7-9ee4-7677f6f55c84 req-6f664ae9-fea2-4ba7-9ee4-7677f6f55c84 ] Request (MultipleCreateNegativeTestJSON:test_max_count_less_than_one): 400 POST http://10.180.1.21/compute/v2.1/servers 0.012s
2025-03-21 01:38:53.934 68662 INFO tempest.lib.common.rest_client [req-9fdab7cf-f663-4472-9f59-03a1500bc944 req-9fdab7cf-f663-4472-9f59-03a1500bc944 ] Request (MultipleCreateNegativeTestJSON:test_max_count_non_integer): 201 POST http://10.180.1.21/identity/v3/auth/tokens 0.027s
2025-03-21 01:38:53.935 68662 INFO tempest.lib.common.fixed_network [-] (MultipleCreateNegativeTestJSON:test_max_count_non_integer) Found network None available for tenant
2025-03-21 01:38:53.965 68658 INFO tempest.lib.common.rest_client [req-9b434ae2-89c5-400c-b82c-074654b5fe42 req-9b434ae2-89c5-400c-b82c-074654b5fe42 ] Request (AttachInterfacesTestJSON:_run_cleanups): 200 GET http://10.180.1.21/compute/v2.1/servers/9f9b977f-684e-4d9f-9cb9-e9dbf2c2a305 0.090s
2025-03-21 01:38:53.971 68662 INFO tempest.lib.common.rest_client [req-d63428f3-f7c4-4275-9660-5cb5e58040f0 req-d63428f3-f7c4-4275-9660-5cb5e58040f0 ] Request (MultipleCreateNegativeTestJSON:test_max_count_non_integer): 400 POST http://10.180.1.21/compute/v2.1/servers 0.035s
2025-03-21 01:38:54.002 68662 INFO tempest.lib.common.rest_client [req-e33971ea-cfb8-40a2-90a5-2c7a08fb30e1 req-e33971ea-cfb8-40a2-90a5-2c7a08fb30e1 ] Request (MultipleCreateNegativeTestJSON:test_min_count_less_than_one): 201 POST http://10.180.1.21/identity/v3/auth/tokens 0.027s
2025-03-21 01:38:54.002 68662 INFO tempest.lib.common.fixed_network [-] (MultipleCreateNegativeTestJSON:test_min_count_less_than_one) Found network None available for tenant
2025-03-21 01:38:54.018 68707 INFO tempest.lib.common.rest_client [req-6d956966-39e0-42c3-bc0e-87510666306c req-6d956966-39e0-42c3-bc0e-87510666306c ] Request (MigrationsAdminTest:test_list_migrations_in_flavor_resize_situation): 200 GET http://10.180.1.21/compute/v2.1/servers/e48db1db-3dd4-474c-8dd0-ec6760eab67d 0.060s
2025-03-21 01:38:54.053 68688 INFO tempest.lib.common.rest_client [req-76210d3e-0977-4c7a-b719-db57bb5b0330 req-76210d3e-0977-4c7a-b719-db57bb5b0330 ] Request (DeleteServersTestJSON:test_delete_active_server): 200 GET http://10.180.1.21/compute/v2.1/servers/530fd9f5-f49a-49c9-8ab4-5a5555486693 0.130s
2025-03-21 01:38:54.060 68662 INFO tempest.lib.common.rest_client [req-72e7abbc-22d6-4680-9f9b-25408d55ecf5 req-72e7abbc-22d6-4680-9f9b-25408d55ecf5 ] Request (MultipleCreateNegativeTestJSON:test_min_count_less_than_one): 400 POST http://10.180.1.21/compute/v2.1/servers 0.057s
2025-03-21 01:38:54.067 68664 INFO tempest.lib.common.rest_client [req-7f973d0d-2b69-4cbb-b153-60eff05d6169 req-7f973d0d-2b69-4cbb-b153-60eff05d6169 ] Request (ServersAdminNegativeTestJSON:test_migrate_server_invalid_state): 200 GET http://10.180.1.21/compute/v2.1/servers/029822a1-dfac-4b58-9126-7fb7f088358c 0.089s
2025-03-21 01:38:54.090 68662 INFO tempest.lib.common.rest_client [req-dc044e37-964c-41c3-af43-d33be3b39f98 req-dc044e37-964c-41c3-af43-d33be3b39f98 ] Request (MultipleCreateNegativeTestJSON:test_min_count_non_integer): 201 POST http://10.180.1.21/identity/v3/auth/tokens 0.026s
2025-03-21 01:38:54.091 68662 INFO tempest.lib.common.fixed_network [-] (MultipleCreateNegativeTestJSON:test_min_count_non_integer) Found network None available for tenant
2025-03-21 01:38:54.122 68670 INFO tempest.lib.common.rest_client [req-7e3155f2-1057-461f-bdb5-a716fdd1c938 req-7e3155f2-1057-461f-bdb5-a716fdd1c938 ] Request (ServerRescueTestJSONUnderV235:tearDownClass): 200 GET http://10.180.1.21/compute/v2.1/servers/547c7c7e-fc4f-4f75-b572-56926a032673 0.063s
2025-03-21 01:38:54.128 68686 INFO tempest.lib.common.rest_client [req-4769d056-dc7e-4e50-af3d-8714487505e0 req-4769d056-dc7e-4e50-af3d-8714487505e0 ] Request (MultipleCreateTestJSON:_run_cleanups): 200 GET http://10.180.1.21/compute/v2.1/servers/c62e2ff9-4891-4d64-91c9-08af8808f636 0.105s
2025-03-21 01:38:54.129 68662 INFO tempest.lib.common.rest_client [req-2415a8fb-5319-40dc-b258-4d53ff024925 req-2415a8fb-5319-40dc-b258-4d53ff024925 ] Request (MultipleCreateNegativeTestJSON:test_min_count_non_integer): 400 POST http://10.180.1.21/compute/v2.1/servers 0.037s
2025-03-21 01:38:54.186 68650 INFO tempest.lib.common.rest_client [req-48d6acb6-b4ee-4997-b37d-3029e42e3bf5 req-48d6acb6-b4ee-4997-b37d-3029e42e3bf5 ] Request (InstanceActionsNegativeTestJSON:setUpClass): 200 GET http://10.180.1.21/compute/v2.1/servers/837e9a8a-5d35-4f2a-8ca0-4cbda22668e2 0.093s
2025-03-21 01:38:54.233 68662 INFO tempest.lib.common.rest_client [req-b22dc78c-2b38-4a52-9e66-8623ba26f8a4 req-b22dc78c-2b38-4a52-9e66-8623ba26f8a4 ] Request (MultipleCreateNegativeTestJSON:tearDownClass): 204 DELETE http://10.180.1.21/identity/v3/users/d13a3e9210334a4fb98a4df827acaf09 0.103s
2025-03-21 01:38:54.233 68662 INFO tempest.lib.common.dynamic_creds [-] Deleting project and security group for project: fd30df536d704be59473a1c00a0635ac
2025-03-21 01:38:54.248 68704 INFO tempest.lib.common.rest_client [req-1599e30b-d3df-4e1a-ad48-c03f167ea1f1 req-1599e30b-d3df-4e1a-ad48-c03f167ea1f1 ] Request (ServerRescueNegativeTestJSON:test_rescued_vm_detach_volume): 200 GET http://10.180.1.21/compute/v2.1/servers/3d6686af-cf69-4c3d-834e-026ce5abebf8 0.071s
2025-03-21 01:38:54.265 68696 INFO tempest.lib.common.rest_client [req-704d880f-3fea-4d01-844c-3238b72d3a76 req-704d880f-3fea-4d01-844c-3238b72d3a76 ] Request (ServersTestJSON:setUpClass): 200 GET http://10.180.1.21/compute/v2.1/servers/244a76b2-c7d9-4bcd-85c6-f1de75a6f1bc 0.144s
2025-03-21 01:38:54.273 68696 INFO tempest.common.waiters [-] State transition "BUILD/None" ==> "BUILD/networking" after 49 second wait
2025-03-21 01:38:54.310 68692 INFO tempest.lib.common.rest_client [req-c58e84e3-a1c1-473d-b2af-a3209214f739 req-c58e84e3-a1c1-473d-b2af-a3209214f739 ] Request (FloatingIPsAssociationTestJSON:tearDownClass): 200 GET http://10.180.1.21/compute/v2.1/servers/1ccc76d6-0ee4-4c1b-bc12-238bb2b464aa 0.122s
2025-03-21 01:38:54.314 68662 INFO tempest.lib.common.rest_client [req-db3ab8b8-5b7f-4177-8ff9-126e255c6b91 req-db3ab8b8-5b7f-4177-8ff9-126e255c6b91 ] Request (MultipleCreateNegativeTestJSON:tearDownClass): 201 POST http://10.180.1.21/identity/v3/auth/tokens 0.081s
2025-03-21 01:38:54.326 68682 INFO tempest.lib.common.rest_client [req-b591499b-51b5-48eb-843a-ba44ebfcfe79 req-b591499b-51b5-48eb-843a-ba44ebfcfe79 ] Request (TenantUsagesTestJSON:tearDownClass): 200 GET http://10.180.1.21/compute/v2.1/servers/e318fe65-c815-41a3-8fc7-ff1f801c3e98 0.075s
2025-03-21 01:38:54.371 68700 INFO tempest.lib.common.rest_client [req-3f69b852-5426-48b5-b912-363fbd7af27b req-3f69b852-5426-48b5-b912-363fbd7af27b ] Request (ServerMetadataNegativeTestJSON:setUpClass): 200 GET http://10.180.1.21/compute/v2.1/servers/480c67e5-a75c-4960-a536-34363ca0c2be 0.098s
2025-03-21 01:38:54.388 68690 INFO tempest.lib.common.rest_client [req-1c79803d-8afb-429e-8474-bf2fdb8526b2 req-1c79803d-8afb-429e-8474-bf2fdb8526b2 ] Request (ServersNegativeTestJSON:setUpClass): 200 GET http://10.180.1.21/compute/v2.1/servers/c91846b7-2254-40c4-a8de-47f179793ae3 0.057s
2025-03-21 01:38:54.429 68672 INFO tempest.lib.common.rest_client [req-cd78bc1b-502e-4ab9-b399-a2f9ed1b9e44 req-cd78bc1b-502e-4ab9-b399-a2f9ed1b9e44 ] Request (ListImageFiltersTestJSON:setUpClass): 200 GET http://10.180.1.21/compute/v2.1/servers/0485eeac-30fc-4f72-a109-2b6b8db1cacf 0.070s
2025-03-21 01:38:54.485 68662 INFO tempest.lib.common.rest_client [req-9058b1d1-c399-44d7-8abd-ca6214c5fccc req-9058b1d1-c399-44d7-8abd-ca6214c5fccc ] Request (MultipleCreateNegativeTestJSON:tearDownClass): 200 GET http://10.180.1.21:9696/networking/v2.0/security-groups?tenant_id=fd30df536d704be59473a1c00a0635ac&name=default 0.171s
2025-03-21 01:38:54.502 68680 INFO tempest.lib.common.rest_client [req-856fef55-3c40-445d-80b9-53fd400cccb1 req-856fef55-3c40-445d-80b9-53fd400cccb1 ] Request (ServerTagsTestJSON:tearDownClass): 200 GET http://10.180.1.21/compute/v2.1/servers/40c23353-f1db-43af-aebe-c946b104ad50 0.062s
2025-03-21 01:38:54.570 68660 INFO tempest.lib.common.rest_client [req-0503608e-7e1c-4ba5-8802-2f5328c4343f req-0503608e-7e1c-4ba5-8802-2f5328c4343f ] Request (ServerPasswordTestJSON:setUpClass): 200 GET http://10.180.1.21/compute/v2.1/servers/6584031d-1eec-4da6-844d-9794a931d8b4 0.054s
2025-03-21 01:38:54.578 68662 INFO tempest.lib.common.rest_client [req-555d7429-09d3-47db-800e-693ff85083e9 req-555d7429-09d3-47db-800e-693ff85083e9 ] Request (MultipleCreateNegativeTestJSON:tearDownClass): 204 DELETE http://10.180.1.21:9696/networking/v2.0/security-groups/3b0b4227-cd38-4d26-b1ff-b14f34154419 0.092s
2025-03-21 01:38:54.585 68674 INFO tempest.lib.common.rest_client [req-53543588-29d4-49e6-9fe1-0271a15ca252 req-53543588-29d4-49e6-9fe1-0271a15ca252 ] Request (ServersAaction247Test:tearDownClass): 200 GET http://10.180.1.21/compute/v2.1/servers/d89d65cb-ce3e-4d3c-9a76-d0f8db2c9987 0.064s
2025-03-21 01:38:54.604 68654 INFO tempest.lib.common.rest_client [req-fdc03a72-5603-4df6-afdc-3982cab7d79e req-fdc03a72-5603-4df6-afdc-3982cab7d79e ] Request (ImagesTestJSON:test_create_image_from_suspended_server): 200 GET http://10.180.1.21/compute/v2.1/images/9dbfbc6d-3965-494a-8be4-e3c6bbc7226a 0.049s
2025-03-21 01:38:54.636 68666 INFO tempest.lib.common.rest_client [req-41f5e53b-86da-4139-b572-4dae821fbcfb req-41f5e53b-86da-4139-b572-4dae821fbcfb ] Request (ServerDiskConfigTestJSON:test_rebuild_server_with_manual_disk_config): 200 GET http://10.180.1.21/compute/v2.1/servers/438f06d5-8a39-4c36-abdf-18dfc2aeaed5 0.064s
2025-03-21 01:38:54.644 68662 INFO tempest.lib.common.rest_client [req-6b3fbebc-b1fb-44e5-a3a9-f4849aa9b82b req-6b3fbebc-b1fb-44e5-a3a9-f4849aa9b82b ] Request (MultipleCreateNegativeTestJSON:tearDownClass): 204 DELETE http://10.180.1.21/identity/v3/projects/fd30df536d704be59473a1c00a0635ac 0.066s
2025-03-21 01:38:54.670 68712 INFO tempest.lib.common.rest_client [req-390aa8d1-c96f-4b88-8291-1b300a23671b req-390aa8d1-c96f-4b88-8291-1b300a23671b ] Request (ServersTestMultiNic:test_verify_multiple_nics_order): 200 GET http://10.180.1.21/compute/v2.1/servers/7877d79b-00aa-4e53-b0ba-0bbcc419f987 0.059s
2025-03-21 01:38:54.696 68694 INFO tempest.lib.common.rest_client [req-052ce04a-ff03-4787-9618-544d37c00aee req-052ce04a-ff03-4787-9618-544d37c00aee ] Request (SecurityGroupsTestJSON:test_server_security_groups): 200 GET http://10.180.1.21/compute/v2.1/servers/78aae103-936e-4ca8-823f-547c4548a8e7 0.054s
2025-03-21 01:38:54.716 68662 INFO tempest.lib.common.rest_client [req-444562af-6f93-4d79-a637-a8ef0833d55f req-444562af-6f93-4d79-a637-a8ef0833d55f ] Request (ServersListShow2100Test:setUpClass): 201 POST http://10.180.1.21/identity/v3/auth/tokens 0.070s
2025-03-21 01:38:54.723 68708 INFO tempest.lib.common.rest_client [req-a24be6e9-ddb7-4b2c-9fc6-b783bacc18e1 req-a24be6e9-ddb7-4b2c-9fc6-b783bacc18e1 ] Request (ServersTestJSON:test_create_server_with_ipv6_addr_only): 200 GET http://10.180.1.21/compute/v2.1/servers/472e8ff8-1070-485f-8a4c-14ad4c950ffc 0.053s
2025-03-21 01:38:54.747 68662 INFO tempest.lib.common.rest_client [req-cc555429-8a63-400f-918d-48ed21be5380 req-cc555429-8a63-400f-918d-48ed21be5380 ] Request (ServersListShow2100Test:setUpClass): 201 POST http://10.180.1.21/identity/v3/auth/tokens 0.028s
2025-03-21 01:38:54.773 68662 INFO tempest.lib.common.rest_client [req-6d27dee6-316a-47b6-9605-84e847417f0c req-6d27dee6-316a-47b6-9605-84e847417f0c ] Request (ServersListShow2100Test:setUpClass): 200 GET http://10.180.1.21/identity/v3/domains?name=Default 0.025s
2025-03-21 01:38:54.801 68662 INFO tempest.lib.common.rest_client [req-1616f2bf-1e39-4453-8a79-db55e52a7c92 req-1616f2bf-1e39-4453-8a79-db55e52a7c92 ] Request (ServersListShow2100Test:setUpClass): 201 POST http://10.180.1.21/identity/v3/projects 0.027s
2025-03-21 01:38:54.806 68698 INFO tempest.lib.common.rest_client [req-3bb82a45-4412-4db7-a798-6ea8a53bbd27 req-3bb82a45-4412-4db7-a798-6ea8a53bbd27 ] Request (ServerDiagnosticsNegativeTest:tearDownClass): 200 GET http://10.180.1.21/compute/v2.1/servers/a95b17bf-7397-4489-9ced-fe68c1a46443 0.060s
2025-03-21 01:38:54.811 68678 INFO tempest.lib.common.rest_client [req-46b34669-3e71-4463-bff8-d0e47b4ffcbe req-46b34669-3e71-4463-bff8-d0e47b4ffcbe ] Request (ServerDiagnosticsTest:test_get_server_diagnostics): 200 GET http://10.180.1.21/compute/v2.1/servers/75e75a0a-992e-4f98-aafd-0f7ca46cb24d 0.056s
2025-03-21 01:38:54.858 68662 INFO tempest.lib.common.rest_client [req-b6ea1617-b0cf-4a21-a2fa-413de5c7113f req-b6ea1617-b0cf-4a21-a2fa-413de5c7113f ] Request (ServersListShow2100Test:setUpClass): 201 POST http://10.180.1.21/identity/v3/users 0.056s
2025-03-21 01:38:54.884 68662 INFO tempest.lib.common.rest_client [req-26e73666-5758-4acd-b7ab-1a632bb2da6d req-26e73666-5758-4acd-b7ab-1a632bb2da6d ] Request (ServersListShow2100Test:setUpClass): 200 GET http://10.180.1.21/identity/v3/roles 0.025s
2025-03-21 01:38:54.884 68656 INFO tempest.lib.common.rest_client [req-3c04c4b0-bd93-4002-b2d7-096d571c274d req-3c04c4b0-bd93-4002-b2d7-096d571c274d ] Request (ServerShowV254Test:tearDownClass): 200 GET http://10.180.1.21/compute/v2.1/servers/c1067b5b-c589-4acb-a96e-0d61fd2d2667 0.060s
2025-03-21 01:38:54.916 68662 INFO tempest.lib.common.rest_client [req-4dea0cbd-3663-4244-a8d0-941ff521f916 req-4dea0cbd-3663-4244-a8d0-941ff521f916 ] Request (ServersListShow2100Test:setUpClass): 204 PUT http://10.180.1.21/identity/v3/projects/c6755bfc0ad4477390617b4e58b196b2/users/d7b8c4cb229748b0837ff44edd803029/roles/7e3333cc91a7426cbaec331700baa345 0.032s
2025-03-21 01:38:54.916 68662 INFO tempest.lib.common.dynamic_creds [-] Dynamic test user d7b8c4cb229748b0837ff44edd803029 is created with scope project and roles: ['member']
2025-03-21 01:38:54.916 68662 INFO tempest.lib.common.dynamic_creds [-] Acquired dynamic creds: credentials: Credentials: {'domain_id': 'default', 'domain_name': 'Default', 'username': 'tempest-ServersListShow2100Test-1450023962-project-member', 'project_domain_id': 'default', 'project_domain_name': 'Default', 'project_id': 'c6755bfc0ad4477390617b4e58b196b2', 'project_name': 'tempest-ServersListShow2100Test-1450023962', 'tenant_id': 'c6755bfc0ad4477390617b4e58b196b2', 'tenant_name': 'tempest-ServersListShow2100Test-1450023962', 'user_domain_id': 'default', 'user_domain_name': 'Default', 'user_id': 'd7b8c4cb229748b0837ff44edd803029', 'system': None}, Network: None, Subnet: None, Router: None
2025-03-21 01:38:54.917 68662 INFO tempest.lib.common.dynamic_creds [-] Created isolated network resources for: credentials: Credentials: {'domain_id': 'default', 'domain_name': 'Default', 'username': 'tempest-ServersListShow2100Test-1450023962-project-member', 'project_domain_id': 'default', 'project_domain_name': 'Default', 'project_id': 'c6755bfc0ad4477390617b4e58b196b2', 'project_name': 'tempest-ServersListShow2100Test-1450023962', 'tenant_id': 'c6755bfc0ad4477390617b4e58b196b2', 'tenant_name': 'tempest-ServersListShow2100Test-1450023962', 'user_domain_id': 'default', 'user_domain_name': 'Default', 'user_id': 'd7b8c4cb229748b0837ff44edd803029', 'system': None}, Network: None, Subnet: None, Router: None
2025-03-21 01:38:54.985 68662 INFO tempest.lib.common.rest_client [req-c2a80450-dd6f-4bc2-aa39-4378fd3e7071 req-c2a80450-dd6f-4bc2-aa39-4378fd3e7071 ] Request (ServersListShow2100Test:setUpClass): 201 POST http://10.180.1.21/identity/v3/auth/tokens 0.065s
2025-03-21 01:38:55.017 68662 INFO tempest.lib.common.rest_client [req-f7a33175-0824-44ee-8adf-0b923f80d8bf req-f7a33175-0824-44ee-8adf-0b923f80d8bf ] Request (ServersListShow2100Test:test_list_show_rebuild_update_server_2100): 201 POST http://10.180.1.21/identity/v3/auth/tokens 0.027s
2025-03-21 01:38:55.017 68662 INFO tempest.lib.common.fixed_network [-] (ServersListShow2100Test:test_list_show_rebuild_update_server_2100) Found network None available for tenant
2025-03-21 01:38:55.050 68658 INFO tempest.lib.common.rest_client [req-5c248633-1642-42d1-b67a-ea146b974980 req-5c248633-1642-42d1-b67a-ea146b974980 ] Request (AttachInterfacesTestJSON:_run_cleanups): 200 GET http://10.180.1.21/compute/v2.1/servers/9f9b977f-684e-4d9f-9cb9-e9dbf2c2a305 0.076s
2025-03-21 01:38:55.098 68707 INFO tempest.lib.common.rest_client [req-765865fe-5c97-4518-8726-f91f92eb6105 req-765865fe-5c97-4518-8726-f91f92eb6105 ] Request (MigrationsAdminTest:test_list_migrations_in_flavor_resize_situation): 200 GET http://10.180.1.21/compute/v2.1/servers/e48db1db-3dd4-474c-8dd0-ec6760eab67d 0.069s
2025-03-21 01:38:55.205 68688 INFO tempest.lib.common.rest_client [req-de5cee23-c740-4abb-b238-e55d014b8637 req-de5cee23-c740-4abb-b238-e55d014b8637 ] Request (DeleteServersTestJSON:test_delete_active_server): 200 GET http://10.180.1.21/compute/v2.1/servers/530fd9f5-f49a-49c9-8ab4-5a5555486693 0.145s
2025-03-21 01:38:55.254 68662 INFO tempest.lib.common.rest_client [req-d02d17b1-f6d1-4f3b-9417-2e2690e34514 req-d02d17b1-f6d1-4f3b-9417-2e2690e34514 ] Request (ServersListShow2100Test:test_list_show_rebuild_update_server_2100): 202 POST http://10.180.1.21/compute/v2.1/servers 0.235s
2025-03-21 01:38:55.286 68664 INFO tempest.lib.common.rest_client [req-e0ba5cee-c82a-4501-90c9-a773df01aea6 req-e0ba5cee-c82a-4501-90c9-a773df01aea6 ] Request (ServersAdminNegativeTestJSON:test_migrate_server_invalid_state): 200 GET http://10.180.1.21/compute/v2.1/servers/029822a1-dfac-4b58-9126-7fb7f088358c 0.209s
2025-03-21 01:38:55.314 68670 INFO tempest.lib.common.rest_client [req-587ad7ac-a992-44f3-b109-c56f4fcf000d req-587ad7ac-a992-44f3-b109-c56f4fcf000d ] Request (ServerRescueTestJSONUnderV235:tearDownClass): 200 GET http://10.180.1.21/compute/v2.1/servers/547c7c7e-fc4f-4f75-b572-56926a032673 0.184s
2025-03-21 01:38:55.353 68686 INFO tempest.lib.common.rest_client [req-97e7ec74-0728-4956-8cf9-0c5b10086388 req-97e7ec74-0728-4956-8cf9-0c5b10086388 ] Request (MultipleCreateTestJSON:_run_cleanups): 200 GET http://10.180.1.21/compute/v2.1/servers/c62e2ff9-4891-4d64-91c9-08af8808f636 0.216s
2025-03-21 01:38:55.363 68650 INFO tempest.lib.common.rest_client [req-c72fe98d-2bb6-4e3a-9ba7-495e1fcad0f7 req-c72fe98d-2bb6-4e3a-9ba7-495e1fcad0f7 ] Request (InstanceActionsNegativeTestJSON:setUpClass): 200 GET http://10.180.1.21/compute/v2.1/servers/837e9a8a-5d35-4f2a-8ca0-4cbda22668e2 0.164s
2025-03-21 01:38:55.411 68662 INFO tempest.lib.common.rest_client [req-fa1e4288-7b33-472d-a532-6d5748507ad8 req-fa1e4288-7b33-472d-a532-6d5748507ad8 ] Request (ServersListShow2100Test:test_list_show_rebuild_update_server_2100): 200 GET http://10.180.1.21/compute/v2.1/servers/ef1fc9c1-6dc9-4150-b0e4-1ac014f50aec 0.155s
2025-03-21 01:38:55.416 68704 INFO tempest.lib.common.rest_client [req-d8ad8adb-3c19-4d61-bd4d-74f9b586c895 req-d8ad8adb-3c19-4d61-bd4d-74f9b586c895 ] Request (ServerRescueNegativeTestJSON:test_rescued_vm_detach_volume): 200 GET http://10.180.1.21/compute/v2.1/servers/3d6686af-cf69-4c3d-834e-026ce5abebf8 0.159s
2025-03-21 01:38:55.473 68692 INFO tempest.lib.common.rest_client [req-b826edff-eff8-44ed-9a34-0d720593c789 req-b826edff-eff8-44ed-9a34-0d720593c789 ] Request (FloatingIPsAssociationTestJSON:tearDownClass): 200 GET http://10.180.1.21/compute/v2.1/servers/1ccc76d6-0ee4-4c1b-bc12-238bb2b464aa 0.153s
2025-03-21 01:38:55.518 68696 INFO tempest.lib.common.rest_client [req-a75db302-eda6-4a1b-af05-4b8cf6b1e9ea req-a75db302-eda6-4a1b-af05-4b8cf6b1e9ea ] Request (ServersTestJSON:setUpClass): 200 GET http://10.180.1.21/compute/v2.1/servers/244a76b2-c7d9-4bcd-85c6-f1de75a6f1bc 0.244s
2025-03-21 01:38:55.526 68682 INFO tempest.lib.common.rest_client [req-105b5fdc-9dc4-419b-b1a0-ab24cd44fef0 req-105b5fdc-9dc4-419b-b1a0-ab24cd44fef0 ] Request (TenantUsagesTestJSON:tearDownClass): 200 GET http://10.180.1.21/compute/v2.1/servers/e318fe65-c815-41a3-8fc7-ff1f801c3e98 0.192s
2025-03-21 01:38:55.526 68696 INFO tempest.common.waiters [-] State transition "BUILD/networking" ==> "BUILD/spawning" after 50 second wait
2025-03-21 01:38:55.573 68690 INFO tempest.lib.common.rest_client [req-a6874ae5-bdda-44b4-8a0d-28b094d3762c req-a6874ae5-bdda-44b4-8a0d-28b094d3762c ] Request (ServersNegativeTestJSON:setUpClass): 200 GET http://10.180.1.21/compute/v2.1/servers/c91846b7-2254-40c4-a8de-47f179793ae3 0.176s
2025-03-21 01:38:55.623 68672 INFO tempest.lib.common.rest_client [req-58df08c4-97b1-4e7d-9d05-38bd1fbf7d5e req-58df08c4-97b1-4e7d-9d05-38bd1fbf7d5e ] Request (ListImageFiltersTestJSON:setUpClass): 200 GET http://10.180.1.21/compute/v2.1/servers/0485eeac-30fc-4f72-a109-2b6b8db1cacf 0.184s
2025-03-21 01:38:55.676 68680 INFO tempest.lib.common.rest_client [req-64f34df4-1393-4245-a6f2-8c0e5c148097 req-64f34df4-1393-4245-a6f2-8c0e5c148097 ] Request (ServerTagsTestJSON:tearDownClass): 200 GET http://10.180.1.21/compute/v2.1/servers/40c23353-f1db-43af-aebe-c946b104ad50 0.165s
2025-03-21 01:38:55.719 68660 INFO tempest.lib.common.rest_client [req-1d28ae7b-7fd4-4930-bff1-6392f10a98d4 req-1d28ae7b-7fd4-4930-bff1-6392f10a98d4 ] Request (ServerPasswordTestJSON:setUpClass): 200 GET http://10.180.1.21/compute/v2.1/servers/6584031d-1eec-4da6-844d-9794a931d8b4 0.140s
2025-03-21 01:38:55.760 68700 INFO tempest.lib.common.rest_client [req-ef53bee6-5cd4-406b-90dd-4c0d320e5156 req-ef53bee6-5cd4-406b-90dd-4c0d320e5156 ] Request (ServerMetadataNegativeTestJSON:setUpClass): 200 GET http://10.180.1.21/compute/v2.1/servers/480c67e5-a75c-4960-a536-34363ca0c2be 0.382s
2025-03-21 01:38:55.790 68674 INFO tempest.lib.common.rest_client [req-64227191-c5b3-4936-8765-5d9e4e9b8495 req-64227191-c5b3-4936-8765-5d9e4e9b8495 ] Request (ServersAaction247Test:tearDownClass): 200 GET http://10.180.1.21/compute/v2.1/servers/d89d65cb-ce3e-4d3c-9a76-d0f8db2c9987 0.194s
2025-03-21 01:38:55.796 68654 INFO tempest.lib.common.rest_client [req-dd4d3089-7442-46ee-b580-a96b32d0c884 req-dd4d3089-7442-46ee-b580-a96b32d0c884 ] Request (ImagesTestJSON:test_create_image_from_suspended_server): 200 GET http://10.180.1.21/compute/v2.1/images/9dbfbc6d-3965-494a-8be4-e3c6bbc7226a 0.185s
2025-03-21 01:38:55.844 68666 INFO tempest.lib.common.rest_client [req-3973f7ca-6bad-453c-a242-8a2b81fc467c req-3973f7ca-6bad-453c-a242-8a2b81fc467c ] Request (ServerDiskConfigTestJSON:test_rebuild_server_with_manual_disk_config): 200 GET http://10.180.1.21/compute/v2.1/servers/438f06d5-8a39-4c36-abdf-18dfc2aeaed5 0.196s
2025-03-21 01:38:55.857 68712 INFO tempest.lib.common.rest_client [req-dd7b4450-92ae-4c76-8f6a-c272091f421f req-dd7b4450-92ae-4c76-8f6a-c272091f421f ] Request (ServersTestMultiNic:test_verify_multiple_nics_order): 200 GET http://10.180.1.21/compute/v2.1/servers/7877d79b-00aa-4e53-b0ba-0bbcc419f987 0.179s
2025-03-21 01:38:55.903 68694 INFO tempest.lib.common.rest_client [req-294e6d22-3ad2-47d1-b84b-d7f890e21782 req-294e6d22-3ad2-47d1-b84b-d7f890e21782 ] Request (SecurityGroupsTestJSON:test_server_security_groups): 200 GET http://10.180.1.21/compute/v2.1/servers/78aae103-936e-4ca8-823f-547c4548a8e7 0.200s
2025-03-21 01:38:55.924 68708 INFO tempest.lib.common.rest_client [req-b6380142-fa99-4c91-aff4-028a9710b4db req-b6380142-fa99-4c91-aff4-028a9710b4db ] Request (ServersTestJSON:test_create_server_with_ipv6_addr_only): 200 GET http://10.180.1.21/compute/v2.1/servers/472e8ff8-1070-485f-8a4c-14ad4c950ffc 0.194s
2025-03-21 01:38:55.979 68678 INFO tempest.lib.common.rest_client [req-9502dbb3-66f9-41cc-93fd-212cb553380c req-9502dbb3-66f9-41cc-93fd-212cb553380c ] Request (ServerDiagnosticsTest:test_get_server_diagnostics): 200 GET http://10.180.1.21/compute/v2.1/servers/75e75a0a-992e-4f98-aafd-0f7ca46cb24d 0.160s
2025-03-21 01:38:55.979 68698 INFO tempest.lib.common.rest_client [req-7facb57a-47fd-453d-a1da-b2521236c870 req-7facb57a-47fd-453d-a1da-b2521236c870 ] Request (ServerDiagnosticsNegativeTest:tearDownClass): 200 GET http://10.180.1.21/compute/v2.1/servers/a95b17bf-7397-4489-9ced-fe68c1a46443 0.164s
2025-03-21 01:38:56.032 68656 INFO tempest.lib.common.rest_client [req-e2762268-79dc-4ef5-ae18-88ec278d4d11 req-e2762268-79dc-4ef5-ae18-88ec278d4d11 ] Request (ServerShowV254Test:tearDownClass): 200 GET http://10.180.1.21/compute/v2.1/servers/c1067b5b-c589-4acb-a96e-0d61fd2d2667 0.136s
2025-03-21 01:38:56.114 68658 INFO tempest.lib.common.rest_client [req-d7df41a2-fb44-41b4-94df-0832611037b6 req-d7df41a2-fb44-41b4-94df-0832611037b6 ] Request (AttachInterfacesTestJSON:_run_cleanups): 200 GET http://10.180.1.21/compute/v2.1/servers/9f9b977f-684e-4d9f-9cb9-e9dbf2c2a305 0.056s
2025-03-21 01:38:56.153 68707 INFO tempest.lib.common.rest_client [req-32acdd46-21cb-4428-a2c9-a475425bcc91 req-32acdd46-21cb-4428-a2c9-a475425bcc91 ] Request (MigrationsAdminTest:test_list_migrations_in_flavor_resize_situation): 200 GET http://10.180.1.21/compute/v2.1/servers/e48db1db-3dd4-474c-8dd0-ec6760eab67d 0.047s
2025-03-21 01:38:56.311 68688 INFO tempest.lib.common.rest_client [req-51e263da-dda0-4efe-8362-e5174fd5cd77 req-51e263da-dda0-4efe-8362-e5174fd5cd77 ] Request (DeleteServersTestJSON:test_delete_active_server): 200 GET http://10.180.1.21/compute/v2.1/servers/530fd9f5-f49a-49c9-8ab4-5a5555486693 0.095s
2025-03-21 01:38:56.319 68688 INFO tempest.common.waiters [-] State transition "BUILD/spawning" ==> "ACTIVE/None" after 55 second wait
2025-03-21 01:38:56.353 68664 INFO tempest.lib.common.rest_client [req-70c562c7-93d3-45de-a01a-abcce00ffeca req-70c562c7-93d3-45de-a01a-abcce00ffeca ] Request (ServersAdminNegativeTestJSON:test_migrate_server_invalid_state): 200 GET http://10.180.1.21/compute/v2.1/servers/029822a1-dfac-4b58-9126-7fb7f088358c 0.059s
2025-03-21 01:38:56.398 68688 INFO tempest.lib.common.rest_client [req-6ba12cc0-bd18-4e24-a7eb-94942926164b req-6ba12cc0-bd18-4e24-a7eb-94942926164b ] Request (DeleteServersTestJSON:test_delete_active_server): 204 DELETE http://10.180.1.21/compute/v2.1/servers/530fd9f5-f49a-49c9-8ab4-5a5555486693 0.079s
2025-03-21 01:38:56.410 68670 INFO tempest.lib.common.rest_client [req-916aa2c5-1a53-44d6-844e-3ff722c3535e req-916aa2c5-1a53-44d6-844e-3ff722c3535e ] Request (ServerRescueTestJSONUnderV235:tearDownClass): 200 GET http://10.180.1.21/compute/v2.1/servers/547c7c7e-fc4f-4f75-b572-56926a032673 0.087s
2025-03-21 01:38:56.466 68650 INFO tempest.lib.common.rest_client [req-f17aae05-7427-4fb7-a59c-e8e15480587e req-f17aae05-7427-4fb7-a59c-e8e15480587e ] Request (InstanceActionsNegativeTestJSON:setUpClass): 200 GET http://10.180.1.21/compute/v2.1/servers/837e9a8a-5d35-4f2a-8ca0-4cbda22668e2 0.095s
2025-03-21 01:38:56.470 68686 INFO tempest.lib.common.rest_client [req-7d2dfb39-fe70-4956-950e-4e381eb7f030 req-7d2dfb39-fe70-4956-950e-4e381eb7f030 ] Request (MultipleCreateTestJSON:_run_cleanups): 200 GET http://10.180.1.21/compute/v2.1/servers/c62e2ff9-4891-4d64-91c9-08af8808f636 0.109s
2025-03-21 01:38:56.526 68704 INFO tempest.lib.common.rest_client [req-3fec422e-ef34-4771-8e6c-0fe40f9e017f req-3fec422e-ef34-4771-8e6c-0fe40f9e017f ] Request (ServerRescueNegativeTestJSON:test_rescued_vm_detach_volume): 200 GET http://10.180.1.21/compute/v2.1/servers/3d6686af-cf69-4c3d-834e-026ce5abebf8 0.102s
2025-03-21 01:38:56.575 68688 INFO tempest.lib.common.rest_client [req-6956e438-f7bb-4f9b-93a6-52f9e9dcfa15 req-6956e438-f7bb-4f9b-93a6-52f9e9dcfa15 ] Request (DeleteServersTestJSON:test_delete_active_server): 200 GET http://10.180.1.21/compute/v2.1/servers/530fd9f5-f49a-49c9-8ab4-5a5555486693 0.176s
2025-03-21 01:38:56.595 68662 INFO tempest.lib.common.rest_client [req-3e0fc936-bec5-4ad7-9b48-791e8eab1a29 req-3e0fc936-bec5-4ad7-9b48-791e8eab1a29 ] Request (ServersListShow2100Test:test_list_show_rebuild_update_server_2100): 200 GET http://10.180.1.21/compute/v2.1/servers/ef1fc9c1-6dc9-4150-b0e4-1ac014f50aec 0.170s
2025-03-21 01:38:56.636 68692 INFO tempest.lib.common.rest_client [req-7068d4fc-5536-46fe-ad2d-e60d52d8fb23 req-7068d4fc-5536-46fe-ad2d-e60d52d8fb23 ] Request (FloatingIPsAssociationTestJSON:tearDownClass): 200 GET http://10.180.1.21/compute/v2.1/servers/1ccc76d6-0ee4-4c1b-bc12-238bb2b464aa 0.154s
2025-03-21 01:38:56.700 68682 INFO tempest.lib.common.rest_client [req-0c39b282-207f-4d2f-b6ca-8e7d6d839a8e req-0c39b282-207f-4d2f-b6ca-8e7d6d839a8e ] Request (TenantUsagesTestJSON:tearDownClass): 200 GET http://10.180.1.21/compute/v2.1/servers/e318fe65-c815-41a3-8fc7-ff1f801c3e98 0.166s
2025-03-21 01:38:56.717 68696 INFO tempest.lib.common.rest_client [req-0f11bd7d-173b-4903-bc00-1db4dcfe9838 req-0f11bd7d-173b-4903-bc00-1db4dcfe9838 ] Request (ServersTestJSON:setUpClass): 200 GET http://10.180.1.21/compute/v2.1/servers/244a76b2-c7d9-4bcd-85c6-f1de75a6f1bc 0.190s
2025-03-21 01:38:56.762 68690 INFO tempest.lib.common.rest_client [req-231fbdfe-d587-499c-b177-711d1b7f41ef req-231fbdfe-d587-499c-b177-711d1b7f41ef ] Request (ServersNegativeTestJSON:setUpClass): 200 GET http://10.180.1.21/compute/v2.1/servers/c91846b7-2254-40c4-a8de-47f179793ae3 0.181s
2025-03-21 01:38:56.783 68672 INFO tempest.lib.common.rest_client [req-9e996086-3b13-4832-b8b1-26618bec3249 req-9e996086-3b13-4832-b8b1-26618bec3249 ] Request (ListImageFiltersTestJSON:setUpClass): 200 GET http://10.180.1.21/compute/v2.1/servers/0485eeac-30fc-4f72-a109-2b6b8db1cacf 0.153s
2025-03-21 01:38:56.824 68680 INFO tempest.lib.common.rest_client [req-7f1bb3b9-a038-4c72-aec7-5474cb80b5ff req-7f1bb3b9-a038-4c72-aec7-5474cb80b5ff ] Request (ServerTagsTestJSON:tearDownClass): 200 GET http://10.180.1.21/compute/v2.1/servers/40c23353-f1db-43af-aebe-c946b104ad50 0.137s
2025-03-21 01:38:56.841 68660 INFO tempest.lib.common.rest_client [req-dca066f9-8896-4ab1-abc2-ba9085a99729 req-dca066f9-8896-4ab1-abc2-ba9085a99729 ] Request (ServerPasswordTestJSON:setUpClass): 200 GET http://10.180.1.21/compute/v2.1/servers/6584031d-1eec-4da6-844d-9794a931d8b4 0.113s
2025-03-21 01:38:56.882 68700 INFO tempest.lib.common.rest_client [req-94a7c67a-b33e-4039-a645-660b86bcceda req-94a7c67a-b33e-4039-a645-660b86bcceda ] Request (ServerMetadataNegativeTestJSON:setUpClass): 200 GET http://10.180.1.21/compute/v2.1/servers/480c67e5-a75c-4960-a536-34363ca0c2be 0.113s
2025-03-21 01:38:56.912 68674 INFO tempest.lib.common.rest_client [req-b0a14a37-d960-47aa-bd95-3f15e0c69462 req-b0a14a37-d960-47aa-bd95-3f15e0c69462 ] Request (ServersAaction247Test:tearDownClass): 200 GET http://10.180.1.21/compute/v2.1/servers/d89d65cb-ce3e-4d3c-9a76-d0f8db2c9987 0.109s
2025-03-21 01:38:56.920 68684 WARNING tempest.lib.common.ssh [-] Failed to establish authenticated ssh connection to cirros@10.180.180.179 ([Errno None] Unable to connect to port 22 on 10.180.180.179). Number attempts: 3. Retry after 4 seconds.: paramiko.ssh_exception.NoValidConnectionsError: [Errno None] Unable to connect to port 22 on 10.180.180.179
2025-03-21 01:38:56.938 68654 INFO tempest.lib.common.rest_client [req-a509b449-630c-4419-83af-24a06eeb73dd req-a509b449-630c-4419-83af-24a06eeb73dd ] Request (ImagesTestJSON:test_create_image_from_suspended_server): 200 GET http://10.180.1.21/compute/v2.1/images/9dbfbc6d-3965-494a-8be4-e3c6bbc7226a 0.133s
2025-03-21 01:38:56.976 68666 INFO tempest.lib.common.rest_client [req-60ae3433-c103-4a61-8452-3dfd581779fd req-60ae3433-c103-4a61-8452-3dfd581779fd ] Request (ServerDiskConfigTestJSON:test_rebuild_server_with_manual_disk_config): 200 GET http://10.180.1.21/compute/v2.1/servers/438f06d5-8a39-4c36-abdf-18dfc2aeaed5 0.123s
2025-03-21 01:38:57.000 68712 INFO tempest.lib.common.rest_client [req-b576a566-516b-43bf-bf5b-8aed5eeaa0b9 req-b576a566-516b-43bf-bf5b-8aed5eeaa0b9 ] Request (ServersTestMultiNic:test_verify_multiple_nics_order): 200 GET http://10.180.1.21/compute/v2.1/servers/7877d79b-00aa-4e53-b0ba-0bbcc419f987 0.134s
2025-03-21 01:38:57.036 68694 INFO tempest.lib.common.rest_client [req-33676233-847f-46c8-8373-2ef96d2a0b07 req-33676233-847f-46c8-8373-2ef96d2a0b07 ] Request (SecurityGroupsTestJSON:test_server_security_groups): 200 GET http://10.180.1.21/compute/v2.1/servers/78aae103-936e-4ca8-823f-547c4548a8e7 0.124s
2025-03-21 01:38:57.066 68708 INFO tempest.lib.common.rest_client [req-bf7cde30-3427-4aa1-89de-e6bacdfe312f req-bf7cde30-3427-4aa1-89de-e6bacdfe312f ] Request (ServersTestJSON:test_create_server_with_ipv6_addr_only): 200 GET http://10.180.1.21/compute/v2.1/servers/472e8ff8-1070-485f-8a4c-14ad4c950ffc 0.134s
2025-03-21 01:38:57.097 68678 INFO tempest.lib.common.rest_client [req-bee521d9-a662-4fb7-a697-1138a8499441 req-bee521d9-a662-4fb7-a697-1138a8499441 ] Request (ServerDiagnosticsTest:test_get_server_diagnostics): 200 GET http://10.180.1.21/compute/v2.1/servers/75e75a0a-992e-4f98-aafd-0f7ca46cb24d 0.111s
2025-03-21 01:38:57.140 68698 INFO tempest.lib.common.rest_client [req-b8b651ad-ba75-42ed-b002-fd4422c71de0 req-b8b651ad-ba75-42ed-b002-fd4422c71de0 ] Request (ServerDiagnosticsNegativeTest:tearDownClass): 200 GET http://10.180.1.21/compute/v2.1/servers/a95b17bf-7397-4489-9ced-fe68c1a46443 0.152s
2025-03-21 01:38:57.169 68656 INFO tempest.lib.common.rest_client [req-88e58bf7-4ea8-44d0-8ca5-8b7d7ea8d1f3 req-88e58bf7-4ea8-44d0-8ca5-8b7d7ea8d1f3 ] Request (ServerShowV254Test:tearDownClass): 200 GET http://10.180.1.21/compute/v2.1/servers/c1067b5b-c589-4acb-a96e-0d61fd2d2667 0.127s
2025-03-21 01:38:57.200 68658 INFO tempest.lib.common.rest_client [req-b227b7ef-2c5e-42ac-b181-8e69bade0cb5 req-b227b7ef-2c5e-42ac-b181-8e69bade0cb5 ] Request (AttachInterfacesTestJSON:_run_cleanups): 200 GET http://10.180.1.21/compute/v2.1/servers/9f9b977f-684e-4d9f-9cb9-e9dbf2c2a305 0.079s
2025-03-21 01:38:57.220 68707 INFO tempest.lib.common.rest_client [req-a62626c7-b0f2-4af9-9a7b-2d65383e620d req-a62626c7-b0f2-4af9-9a7b-2d65383e620d ] Request (MigrationsAdminTest:test_list_migrations_in_flavor_resize_situation): 200 GET http://10.180.1.21/compute/v2.1/servers/e48db1db-3dd4-474c-8dd0-ec6760eab67d 0.059s
2025-03-21 01:38:57.414 68664 INFO tempest.lib.common.rest_client [req-d6391e3b-1cc8-452b-8c61-98924cbb9efc req-d6391e3b-1cc8-452b-8c61-98924cbb9efc ] Request (ServersAdminNegativeTestJSON:test_migrate_server_invalid_state): 200 GET http://10.180.1.21/compute/v2.1/servers/029822a1-dfac-4b58-9126-7fb7f088358c 0.052s
2025-03-21 01:38:57.484 68670 INFO tempest.lib.common.rest_client [req-d6014ced-df97-489c-95cb-540f6bdb8adf req-d6014ced-df97-489c-95cb-540f6bdb8adf ] Request (ServerRescueTestJSONUnderV235:tearDownClass): 200 GET http://10.180.1.21/compute/v2.1/servers/547c7c7e-fc4f-4f75-b572-56926a032673 0.064s
2025-03-21 01:38:57.533 68650 INFO tempest.lib.common.rest_client [req-6427559b-dedc-45ee-bf10-29717816430f req-6427559b-dedc-45ee-bf10-29717816430f ] Request (InstanceActionsNegativeTestJSON:setUpClass): 200 GET http://10.180.1.21/compute/v2.1/servers/837e9a8a-5d35-4f2a-8ca0-4cbda22668e2 0.053s
2025-03-21 01:38:57.543 68686 INFO tempest.lib.common.rest_client [req-84a70f1e-7fb0-4512-99e4-cbda488cb036 req-84a70f1e-7fb0-4512-99e4-cbda488cb036 ] Request (MultipleCreateTestJSON:_run_cleanups): 200 GET http://10.180.1.21/compute/v2.1/servers/c62e2ff9-4891-4d64-91c9-08af8808f636 0.062s
2025-03-21 01:38:57.592 68704 INFO tempest.lib.common.rest_client [req-84964095-d20b-46a9-a299-515fc69668a9 req-84964095-d20b-46a9-a299-515fc69668a9 ] Request (ServerRescueNegativeTestJSON:test_rescued_vm_detach_volume): 200 GET http://10.180.1.21/compute/v2.1/servers/3d6686af-cf69-4c3d-834e-026ce5abebf8 0.052s
2025-03-21 01:38:57.674 68662 INFO tempest.lib.common.rest_client [req-0e0620f4-8626-44cb-a4db-687a5abf4405 req-0e0620f4-8626-44cb-a4db-687a5abf4405 ] Request (ServersListShow2100Test:test_list_show_rebuild_update_server_2100): 200 GET http://10.180.1.21/compute/v2.1/servers/ef1fc9c1-6dc9-4150-b0e4-1ac014f50aec 0.066s
2025-03-21 01:38:57.709 68688 INFO tempest.lib.common.rest_client [req-4621e128-fb1c-48ca-bdd4-58f13d21e82e req-4621e128-fb1c-48ca-bdd4-58f13d21e82e ] Request (DeleteServersTestJSON:test_delete_active_server): 200 GET http://10.180.1.21/compute/v2.1/servers/530fd9f5-f49a-49c9-8ab4-5a5555486693 0.127s
2025-03-21 01:38:57.736 68692 INFO tempest.lib.common.rest_client [req-93605faa-9113-40b2-b624-4d8ef3d427d7 req-93605faa-9113-40b2-b624-4d8ef3d427d7 ] Request (FloatingIPsAssociationTestJSON:tearDownClass): 200 GET http://10.180.1.21/compute/v2.1/servers/1ccc76d6-0ee4-4c1b-bc12-238bb2b464aa 0.090s
2025-03-21 01:38:57.767 68682 INFO tempest.lib.common.rest_client [req-6a737211-4996-4cb9-a460-c78cc881d48c req-6a737211-4996-4cb9-a460-c78cc881d48c ] Request (TenantUsagesTestJSON:tearDownClass): 200 GET http://10.180.1.21/compute/v2.1/servers/e318fe65-c815-41a3-8fc7-ff1f801c3e98 0.059s
2025-03-21 01:38:57.824 68690 INFO tempest.lib.common.rest_client [req-a08555a7-20c1-4d5c-b0ea-8542530bf353 req-a08555a7-20c1-4d5c-b0ea-8542530bf353 ] Request (ServersNegativeTestJSON:setUpClass): 200 GET http://10.180.1.21/compute/v2.1/servers/c91846b7-2254-40c4-a8de-47f179793ae3 0.053s
2025-03-21 01:38:57.828 68696 INFO tempest.lib.common.rest_client [req-1759b505-9865-41ea-86c5-f6b77872a4e3 req-1759b505-9865-41ea-86c5-f6b77872a4e3 ] Request (ServersTestJSON:setUpClass): 200 GET http://10.180.1.21/compute/v2.1/servers/244a76b2-c7d9-4bcd-85c6-f1de75a6f1bc 0.103s
2025-03-21 01:38:57.874 68672 INFO tempest.lib.common.rest_client [req-3a323b17-3bb6-4774-875f-9063d405a87a req-3a323b17-3bb6-4774-875f-9063d405a87a ] Request (ListImageFiltersTestJSON:setUpClass): 200 GET http://10.180.1.21/compute/v2.1/servers/0485eeac-30fc-4f72-a109-2b6b8db1cacf 0.081s
2025-03-21 01:38:57.893 68680 INFO tempest.lib.common.rest_client [req-b2bc37e5-b575-4e94-849a-08f38e1794e2 req-b2bc37e5-b575-4e94-849a-08f38e1794e2 ] Request (ServerTagsTestJSON:tearDownClass): 200 GET http://10.180.1.21/compute/v2.1/servers/40c23353-f1db-43af-aebe-c946b104ad50 0.059s
2025-03-21 01:38:57.928 68660 INFO tempest.lib.common.rest_client [req-3172d808-d692-4c52-900b-eb3bdfef21ed req-3172d808-d692-4c52-900b-eb3bdfef21ed ] Request (ServerPasswordTestJSON:setUpClass): 200 GET http://10.180.1.21/compute/v2.1/servers/6584031d-1eec-4da6-844d-9794a931d8b4 0.077s
2025-03-21 01:38:57.942 68700 INFO tempest.lib.common.rest_client [req-d76f5ec8-8474-46ac-82c9-c19f94c1813d req-d76f5ec8-8474-46ac-82c9-c19f94c1813d ] Request (ServerMetadataNegativeTestJSON:setUpClass): 200 GET http://10.180.1.21/compute/v2.1/servers/480c67e5-a75c-4960-a536-34363ca0c2be 0.050s
2025-03-21 01:38:57.991 68674 INFO tempest.lib.common.rest_client [req-2d98aa62-7749-4c5e-9908-4018c249e7c9 req-2d98aa62-7749-4c5e-9908-4018c249e7c9 ] Request (ServersAaction247Test:tearDownClass): 200 GET http://10.180.1.21/compute/v2.1/servers/d89d65cb-ce3e-4d3c-9a76-d0f8db2c9987 0.063s
2025-03-21 01:38:57.993 68654 INFO tempest.lib.common.rest_client [req-379bc519-d061-42d9-ac25-54eb3fe55860 req-379bc519-d061-42d9-ac25-54eb3fe55860 ] Request (ImagesTestJSON:test_create_image_from_suspended_server): 200 GET http://10.180.1.21/compute/v2.1/images/9dbfbc6d-3965-494a-8be4-e3c6bbc7226a 0.051s
2025-03-21 01:38:58.044 68666 INFO tempest.lib.common.rest_client [req-cfa72cd1-3507-45dd-b779-59d6a6105e5b req-cfa72cd1-3507-45dd-b779-59d6a6105e5b ] Request (ServerDiskConfigTestJSON:test_rebuild_server_with_manual_disk_config): 200 GET http://10.180.1.21/compute/v2.1/servers/438f06d5-8a39-4c36-abdf-18dfc2aeaed5 0.059s
2025-03-21 01:38:58.061 68712 INFO tempest.lib.common.rest_client [req-0b3bbc1a-c93d-461f-b51c-3cf85fbfd190 req-0b3bbc1a-c93d-461f-b51c-3cf85fbfd190 ] Request (ServersTestMultiNic:test_verify_multiple_nics_order): 200 GET http://10.180.1.21/compute/v2.1/servers/7877d79b-00aa-4e53-b0ba-0bbcc419f987 0.053s
2025-03-21 01:38:58.094 68694 INFO tempest.lib.common.rest_client [req-becc92fa-e2ce-4af6-ab43-e6bc883c8eb4 req-becc92fa-e2ce-4af6-ab43-e6bc883c8eb4 ] Request (SecurityGroupsTestJSON:test_server_security_groups): 200 GET http://10.180.1.21/compute/v2.1/servers/78aae103-936e-4ca8-823f-547c4548a8e7 0.049s
2025-03-21 01:38:58.133 68708 INFO tempest.lib.common.rest_client [req-8c0a5c54-fb86-4f51-b3a1-e702846bda24 req-8c0a5c54-fb86-4f51-b3a1-e702846bda24 ] Request (ServersTestJSON:test_create_server_with_ipv6_addr_only): 200 GET http://10.180.1.21/compute/v2.1/servers/472e8ff8-1070-485f-8a4c-14ad4c950ffc 0.058s
2025-03-21 01:38:58.164 68678 INFO tempest.lib.common.rest_client [req-ae6f3f7c-776a-43a2-bb96-1edd1c6d2445 req-ae6f3f7c-776a-43a2-bb96-1edd1c6d2445 ] Request (ServerDiagnosticsTest:test_get_server_diagnostics): 200 GET http://10.180.1.21/compute/v2.1/servers/75e75a0a-992e-4f98-aafd-0f7ca46cb24d 0.060s
2025-03-21 01:38:58.173 68678 INFO tempest.common.waiters [-] State transition "BUILD/scheduling" ==> "BUILD/None" after 25 second wait
2025-03-21 01:38:58.214 68698 INFO tempest.lib.common.rest_client [req-8adc5a31-2596-452b-b0d5-b4d983d8c50a req-8adc5a31-2596-452b-b0d5-b4d983d8c50a ] Request (ServerDiagnosticsNegativeTest:tearDownClass): 200 GET http://10.180.1.21/compute/v2.1/servers/a95b17bf-7397-4489-9ced-fe68c1a46443 0.066s
2025-03-21 01:38:58.242 68656 INFO tempest.lib.common.rest_client [req-4ee1bd33-75eb-471a-9eb8-c5bccc51cdf8 req-4ee1bd33-75eb-471a-9eb8-c5bccc51cdf8 ] Request (ServerShowV254Test:tearDownClass): 200 GET http://10.180.1.21/compute/v2.1/servers/c1067b5b-c589-4acb-a96e-0d61fd2d2667 0.064s
2025-03-21 01:38:58.271 68658 INFO tempest.lib.common.rest_client [req-77203849-dd2f-46b6-9ac1-b484fa0ccf1d req-77203849-dd2f-46b6-9ac1-b484fa0ccf1d ] Request (AttachInterfacesTestJSON:_run_cleanups): 200 GET http://10.180.1.21/compute/v2.1/servers/9f9b977f-684e-4d9f-9cb9-e9dbf2c2a305 0.063s
2025-03-21 01:38:58.296 68707 INFO tempest.lib.common.rest_client [req-bc0f8070-6eb6-40ff-9859-23613f1cbad5 req-bc0f8070-6eb6-40ff-9859-23613f1cbad5 ] Request (MigrationsAdminTest:test_list_migrations_in_flavor_resize_situation): 200 GET http://10.180.1.21/compute/v2.1/servers/e48db1db-3dd4-474c-8dd0-ec6760eab67d 0.067s
2025-03-21 01:38:58.470 68664 INFO tempest.lib.common.rest_client [req-c47477e4-9ca2-42ee-87c0-9f66907f2d51 req-c47477e4-9ca2-42ee-87c0-9f66907f2d51 ] Request (ServersAdminNegativeTestJSON:test_migrate_server_invalid_state): 200 GET http://10.180.1.21/compute/v2.1/servers/029822a1-dfac-4b58-9126-7fb7f088358c 0.047s
2025-03-21 01:38:58.557 68670 INFO tempest.lib.common.rest_client [req-a6bed21d-55ed-417f-9eee-bd73f90de58a req-a6bed21d-55ed-417f-9eee-bd73f90de58a ] Request (ServerRescueTestJSONUnderV235:tearDownClass): 200 GET http://10.180.1.21/compute/v2.1/servers/547c7c7e-fc4f-4f75-b572-56926a032673 0.061s
2025-03-21 01:38:58.599 68650 INFO tempest.lib.common.rest_client [req-d75da6a2-57f7-4c90-9159-e0e143b72642 req-d75da6a2-57f7-4c90-9159-e0e143b72642 ] Request (InstanceActionsNegativeTestJSON:setUpClass): 200 GET http://10.180.1.21/compute/v2.1/servers/837e9a8a-5d35-4f2a-8ca0-4cbda22668e2 0.058s
2025-03-21 01:38:58.612 68686 INFO tempest.lib.common.rest_client [req-cee2612a-a04f-4465-8ad6-5edfce84f6cd req-cee2612a-a04f-4465-8ad6-5edfce84f6cd ] Request (MultipleCreateTestJSON:_run_cleanups): 200 GET http://10.180.1.21/compute/v2.1/servers/c62e2ff9-4891-4d64-91c9-08af8808f636 0.060s
2025-03-21 01:38:58.657 68704 INFO tempest.lib.common.rest_client [req-45c15d7a-2307-4357-8fd1-7fc41d372d9f req-45c15d7a-2307-4357-8fd1-7fc41d372d9f ] Request (ServerRescueNegativeTestJSON:test_rescued_vm_detach_volume): 200 GET http://10.180.1.21/compute/v2.1/servers/3d6686af-cf69-4c3d-834e-026ce5abebf8 0.057s
