2025-03-21 01:37:06.734 68677 INFO tempest.lib.common.dynamic_creds [-] Created isolated network resources for: credentials: Credentials: {'domain_id': 'default', 'domain_name': 'Default', 'username': 'tempest-KeyPairsV210TestJSON-1829598142-project-member', 'project_domain_id': 'default', 'project_domain_name': 'Default', 'project_id': 'f5d402d491214e699c3c80ed6e45ec3b', 'project_name': 'tempest-KeyPairsV210TestJSON-1829598142', 'tenant_id': 'f5d402d491214e699c3c80ed6e45ec3b', 'tenant_name': 'tempest-KeyPairsV210TestJSON-1829598142', 'user_domain_id': 'default', 'user_domain_name': 'Default', 'user_id': '350be35a4ecd4a4ab0338d51daf46e53', 'system': None}, Network: None, Subnet: None, Router: None
2025-03-21 01:37:06.875 68677 INFO tempest.lib.common.rest_client [req-52412571-0b80-4e4d-abcf-e129f69d7214 req-52412571-0b80-4e4d-abcf-e129f69d7214 ] Request (KeyPairsV210TestJSON:setUpClass): 201 POST http://10.180.1.21/identity/v3/auth/tokens 0.135s
2025-03-21 01:37:06.881 68700 INFO tempest.lib.common.rest_client [req-67178cc0-b971-407e-8cb5-fc494cf8c5bf req-67178cc0-b971-407e-8cb5-fc494cf8c5bf ] Request (FlavorsAccessTestJSON:tearDownClass): 204 DELETE http://10.180.1.21/identity/v3/users/9c82a4b5cfb14b12a97c175024ab469f 0.229s
2025-03-21 01:37:06.881 68700 INFO tempest.lib.common.dynamic_creds [-] Deleting project and security group for project: f6b015a8500445158c5776aa50af7768
2025-03-21 01:37:06.910 68674 INFO tempest.lib.common.rest_client [req-128eacbf-e993-4b1f-9340-e613a369983d req-128eacbf-e993-4b1f-9340-e613a369983d ] Request (QuotasAdminTestJSON:test_update_all_quota_resources_for_tenant): 200 PUT http://10.180.1.21/compute/v2.1/os-quota-sets/a7c7b74c3d47464599e8cd709d616b5b 1.973s
2025-03-21 01:37:06.961 68677 INFO tempest.lib.common.rest_client [req-c56d8589-57f6-40ce-bedb-585cf4150bf7 req-c56d8589-57f6-40ce-bedb-585cf4150bf7 ] Request (KeyPairsV210TestJSON:setUpClass): 201 POST http://10.180.1.21/identity/v3/projects 0.086s
2025-03-21 01:37:06.976 68700 INFO tempest.lib.common.rest_client [req-b492a73c-54cf-42d7-9a19-8740d8052be4 req-b492a73c-54cf-42d7-9a19-8740d8052be4 ] Request (FlavorsAccessTestJSON:tearDownClass): 201 POST http://10.180.1.21/identity/v3/auth/tokens 0.094s
2025-03-21 01:37:07.056 68677 INFO tempest.lib.common.rest_client [req-508d7712-f8a0-46e2-b978-b420b4f51eaa req-508d7712-f8a0-46e2-b978-b420b4f51eaa ] Request (KeyPairsV210TestJSON:setUpClass): 201 POST http://10.180.1.21/identity/v3/users 0.093s
2025-03-21 01:37:07.096 68677 INFO tempest.lib.common.rest_client [req-479c8870-c317-4592-80ee-e7f831556a5d req-479c8870-c317-4592-80ee-e7f831556a5d ] Request (KeyPairsV210TestJSON:setUpClass): 200 GET http://10.180.1.21/identity/v3/roles 0.040s
2025-03-21 01:37:07.128 68712 INFO tempest.lib.common.rest_client [req-f4282e26-80dd-4707-bf01-2ccb7b8aa85b req-f4282e26-80dd-4707-bf01-2ccb7b8aa85b ] Request (ServersTestMultiNic:setUpClass): 200 PUT http://10.180.1.21:9696/networking/v2.0/routers/c23d6256-45a6-4b63-aec9-9d9c9cdff8bf/add_router_interface 1.202s
2025-03-21 01:37:07.128 68712 INFO tempest.lib.common.dynamic_creds [-] Created isolated network resources for: credentials: Credentials: {'domain_id': 'default', 'domain_name': 'Default', 'username': 'tempest-ServersTestMultiNic-223433048-project-member', 'project_domain_id': 'default', 'project_domain_name': 'Default', 'project_id': '9e2b600e8f2247e9a600200fb2843ece', 'project_name': 'tempest-ServersTestMultiNic-223433048', 'tenant_id': '9e2b600e8f2247e9a600200fb2843ece', 'tenant_name': 'tempest-ServersTestMultiNic-223433048', 'user_domain_id': 'default', 'user_domain_name': 'Default', 'user_id': '0f60594118004e39b978d4baade171cd', 'system': None}, Network: {'id': '5c226484-da1b-4ffb-a92d-297557f04098', 'name': 'tempest-ServersTestMultiNic-2136141955-network', 'tenant_id': '9e2b600e8f2247e9a600200fb2843ece', 'admin_state_up': True, 'mtu': 8950, 'status': 'ACTIVE', 'subnets': [], 'shared': False, 'project_id': '9e2b600e8f2247e9a600200fb2843ece', 'port_security_enabled': True, 'router:external': False, 'provider:network_type': 'vlan', 'provider:physical_network': 'default', 'provider:segmentation_id': 119, 'availability_zone_hints': [], 'availability_zones': [], 'ipv4_address_scope': None, 'ipv6_address_scope': None, 'description': '', 'tags': [], 'created_at': '2025-03-21T01:37:02Z', 'updated_at': '2025-03-21T01:37:02Z', 'revision_number': 1}, Subnet: {'id': '13dd26e7-9e17-471b-8ae3-eb3d027cb14c', 'name': 'tempest-ServersTestMultiNic-2136141955-subnet', 'tenant_id': '9e2b600e8f2247e9a600200fb2843ece', 'network_id': '5c226484-da1b-4ffb-a92d-297557f04098', 'ip_version': 4, 'subnetpool_id': None, 'enable_dhcp': True, 'ipv6_ra_mode': None, 'ipv6_address_mode': None, 'gateway_ip': '192.168.128.1', 'cidr': '192.168.128.0/28', 'allocation_pools': [{'start': '192.168.128.2', 'end': '192.168.128.14'}], 'host_routes': [], 'dns_nameservers': [], 'description': '', 'router:external': False, 'service_types': [], 'tags': [], 'created_at': '2025-03-21T01:37:03Z', 'updated_at': '2025-03-21T01:37:03Z', 'revision_number': 0, 'project_id': '9e2b600e8f2247e9a600200fb2843ece'}, Router: {'id': 'c23d6256-45a6-4b63-aec9-9d9c9cdff8bf', 'name': 'tempest-ServersTestMultiNic-2136141955-router', 'tenant_id': '9e2b600e8f2247e9a600200fb2843ece', 'admin_state_up': True, 'status': 'ACTIVE', 'external_gateway_info': {'network_id': '20539655-476a-492f-8cbf-0a2f475dd633', 'external_fixed_ips': [{'subnet_id': 'f93a7dab-e001-410a-b6d3-fc9d1f46f0ad', 'ip_address': '10.180.180.206'}], 'enable_snat': True}, 'description': '', 'availability_zones': [], 'distributed': False, 'ha': False, 'availability_zone_hints': [], 'routes': [], 'flavor_id': None, 'tags': [], 'created_at': '2025-03-21T01:37:03Z', 'updated_at': '2025-03-21T01:37:04Z', 'revision_number': 2, 'project_id': '9e2b600e8f2247e9a600200fb2843ece'}
2025-03-21 01:37:07.131 68677 INFO tempest.lib.common.rest_client [req-4aecb31e-2d4a-49c0-95b6-bf2dcad824d3 req-4aecb31e-2d4a-49c0-95b6-bf2dcad824d3 ] Request (KeyPairsV210TestJSON:setUpClass): 204 PUT http://10.180.1.21/identity/v3/projects/3bf8b4448c3f45ce84e7cc12d81e8765/users/ff7e4aa9852f4c9dbc50d821bac7d295/roles/0538eced96d140cf8f4e7a004fb82ca2 0.034s
2025-03-21 01:37:07.192 68660 INFO tempest.lib.common.rest_client [req-f7e00481-78cf-4085-b8ea-1db524f391b0 req-f7e00481-78cf-4085-b8ea-1db524f391b0 ] Request (QuotasAdminNegativeTest:test_create_server_when_memory_quota_is_full): 403 POST http://10.180.1.21/compute/v2.1/servers 2.208s
2025-03-21 01:37:07.195 68677 INFO tempest.lib.common.rest_client [req-5fb94512-f7cc-4017-b6d8-36986578cac6 req-5fb94512-f7cc-4017-b6d8-36986578cac6 ] Request (KeyPairsV210TestJSON:setUpClass): 200 GET http://10.180.1.21/identity/v3/roles 0.064s
2025-03-21 01:37:07.250 68712 INFO tempest.lib.common.rest_client [req-cd8902f3-bc18-484b-bfb4-533147ccabdd req-cd8902f3-bc18-484b-bfb4-533147ccabdd ] Request (ServersTestMultiNic:setUpClass): 201 POST http://10.180.1.21/identity/v3/auth/tokens 0.116s
2025-03-21 01:37:07.269 68677 INFO tempest.lib.common.rest_client [req-27947277-e4fb-4f32-ac6a-95919fb55402 req-27947277-e4fb-4f32-ac6a-95919fb55402 ] Request (KeyPairsV210TestJSON:setUpClass): 204 PUT http://10.180.1.21/identity/v3/projects/3bf8b4448c3f45ce84e7cc12d81e8765/users/ff7e4aa9852f4c9dbc50d821bac7d295/roles/0538eced96d140cf8f4e7a004fb82ca2 0.073s
2025-03-21 01:37:07.269 68677 INFO tempest.lib.common.dynamic_creds [-] Dynamic test user ff7e4aa9852f4c9dbc50d821bac7d295 is created with scope project and roles: ['admin']
2025-03-21 01:37:07.269 68677 INFO tempest.lib.common.dynamic_creds [-] Acquired dynamic creds: credentials: Credentials: {'domain_id': 'default', 'domain_name': 'Default', 'username': 'tempest-KeyPairsV210TestJSON-1379522786-project-admin', 'project_domain_id': 'default', 'project_domain_name': 'Default', 'project_id': '3bf8b4448c3f45ce84e7cc12d81e8765', 'project_name': 'tempest-KeyPairsV210TestJSON-1379522786', 'tenant_id': '3bf8b4448c3f45ce84e7cc12d81e8765', 'tenant_name': 'tempest-KeyPairsV210TestJSON-1379522786', 'user_domain_id': 'default', 'user_domain_name': 'Default', 'user_id': 'ff7e4aa9852f4c9dbc50d821bac7d295', 'system': None}, Network: None, Subnet: None, Router: None
2025-03-21 01:37:07.269 68677 INFO tempest.lib.common.dynamic_creds [-] Created isolated network resources for: credentials: Credentials: {'domain_id': 'default', 'domain_name': 'Default', 'username': 'tempest-KeyPairsV210TestJSON-1379522786-project-admin', 'project_domain_id': 'default', 'project_domain_name': 'Default', 'project_id': '3bf8b4448c3f45ce84e7cc12d81e8765', 'project_name': 'tempest-KeyPairsV210TestJSON-1379522786', 'tenant_id': '3bf8b4448c3f45ce84e7cc12d81e8765', 'tenant_name': 'tempest-KeyPairsV210TestJSON-1379522786', 'user_domain_id': 'default', 'user_domain_name': 'Default', 'user_id': 'ff7e4aa9852f4c9dbc50d821bac7d295', 'system': None}, Network: None, Subnet: None, Router: None
2025-03-21 01:37:07.375 68658 INFO tempest.lib.common.rest_client [req-e4c6e419-cb3a-4e01-8723-1564837fb91a req-e4c6e419-cb3a-4e01-8723-1564837fb91a ] Request (AttachInterfacesTestJSON:test_create_list_show_delete_interfaces_by_fixed_ip): 202 POST http://10.180.1.21/compute/v2.1/servers 2.532s
2025-03-21 01:37:07.386 68677 INFO tempest.lib.common.rest_client [req-6aebe240-9c40-4be4-81e1-36348e39f7d0 req-6aebe240-9c40-4be4-81e1-36348e39f7d0 ] Request (KeyPairsV210TestJSON:setUpClass): 201 POST http://10.180.1.21/identity/v3/auth/tokens 0.109s
2025-03-21 01:37:07.407 68670 INFO tempest.lib.common.rest_client [req-4014504c-7f17-481e-9de0-df1d2d14821e req-4014504c-7f17-481e-9de0-df1d2d14821e ] Request (FlavorsExtraSpecsNegativeTestJSON:tearDownClass): 200 GET http://10.180.1.21/compute/v2.1/flavors/detail 2.345s
2025-03-21 01:37:07.421 68656 INFO tempest.lib.common.rest_client [req-661b4bc0-d9cd-4339-a68f-f4cc4a36c568 req-661b4bc0-d9cd-4339-a68f-f4cc4a36c568 ] Request (FlavorsExtraSpecsTestJSON:test_flavor_set_get_update_show_unset_keys): 200 GET http://10.180.1.21/compute/v2.1/flavors/1764010774/os-extra_specs 2.337s
2025-03-21 01:37:07.432 68707 INFO tempest.lib.common.rest_client [req-c5228f1f-f165-4f65-aa15-923ef0be7a4a req-c5228f1f-f165-4f65-aa15-923ef0be7a4a ] Request (DeleteServersAdminTestJSON:test_admin_delete_servers_of_others): 204 DELETE http://10.180.1.21/compute/v2.1/servers/d4609a36-04c1-4935-ab56-fbec553f573b 2.382s
2025-03-21 01:37:07.448 68710 INFO tempest.lib.common.rest_client [req-e050145d-2335-4c4a-b407-00393c3bc46e req-e050145d-2335-4c4a-b407-00393c3bc46e ] Request (ServersTestBootFromVolume:setUpClass): 200 GET http://10.180.1.21/volume/v3/volumes/baa28a1a-36d2-4588-996a-66d8c1742fc6 0.055s
2025-03-21 01:37:07.467 68668 INFO tempest.lib.common.rest_client [req-ce08526c-7d8c-4bcb-845b-8e7bda229f50 req-ce08526c-7d8c-4bcb-845b-8e7bda229f50 ] Request (KeyPairsNegativeTestJSON:test_create_keypair_when_public_key_bits_exceeds_maximum): 400 POST http://10.180.1.21/compute/v2.1/os-keypairs 2.300s
2025-03-21 01:37:07.471 68708 INFO tempest.lib.common.rest_client [req-58965ec3-2a67-4c4b-ab84-f868489a11ec req-58965ec3-2a67-4c4b-ab84-f868489a11ec ] Request (ImagesMetadataTestJSON:setUpClass): 200 GET http://10.180.1.21/compute/v2.1/images/c206a266-2a09-4154-9f54-fc35d4bcfb99 2.335s
2025-03-21 01:37:07.594 68670 INFO tempest.lib.common.rest_client [req-5082e6aa-3ed0-44dc-8560-8b5ae7e69ff3 req-5082e6aa-3ed0-44dc-8560-8b5ae7e69ff3 ] Request (FlavorsExtraSpecsNegativeTestJSON:tearDownClass): 204 DELETE http://10.180.1.21/identity/v3/users/d52879f7f42140d9ae1524317bf94bf8 0.174s
2025-03-21 01:37:07.621 68712 INFO tempest.lib.common.rest_client [req-7f1461e2-5c51-45f9-bead-eb25999d0b0c req-7f1461e2-5c51-45f9-bead-eb25999d0b0c ] Request (ServersTestMultiNic:test_verify_duplicate_network_nics): 201 POST http://10.180.1.21:9696/networking/v2.0/networks 0.368s
2025-03-21 01:37:07.631 68700 INFO tempest.lib.common.rest_client [req-092dc0ad-e642-4071-848d-eb919ed04505 req-092dc0ad-e642-4071-848d-eb919ed04505 ] Request (FlavorsAccessTestJSON:tearDownClass): 200 GET http://10.180.1.21:9696/networking/v2.0/security-groups?tenant_id=f6b015a8500445158c5776aa50af7768&name=default 0.655s
2025-03-21 01:37:07.725 68670 INFO tempest.lib.common.rest_client [req-bf755b97-e0ef-4f5a-86a8-f0505bf6e83e req-bf755b97-e0ef-4f5a-86a8-f0505bf6e83e ] Request (FlavorsExtraSpecsNegativeTestJSON:tearDownClass): 204 DELETE http://10.180.1.21/identity/v3/users/76d91bc426a849759ed04d741418ba71 0.130s
2025-03-21 01:37:07.725 68670 INFO tempest.lib.common.dynamic_creds [-] Deleting project and security group for project: 4209dd80d1f64d32923c3ddb6085c45f
2025-03-21 01:37:07.746 68688 INFO tempest.lib.common.rest_client [req-dd437814-d73b-4c3a-a44e-e81084622f40 req-dd437814-d73b-4c3a-a44e-e81084622f40 ] Request (AttachInterfacesV270Test:test_create_get_list_interfaces): 200 GET http://10.180.1.21/compute/v2.1/servers/757f0ea6-ff87-4cc0-9bf0-4a312fb42096 2.292s
2025-03-21 01:37:07.799 68670 INFO tempest.lib.common.rest_client [req-1ec6cdc3-262f-45e4-8dcf-610fadf5b9ae req-1ec6cdc3-262f-45e4-8dcf-610fadf5b9ae ] Request (FlavorsExtraSpecsNegativeTestJSON:tearDownClass): 201 POST http://10.180.1.21/identity/v3/auth/tokens 0.074s
2025-03-21 01:37:07.947 68700 INFO tempest.lib.common.rest_client [req-b4fed7f1-2d18-4423-b026-6d3e847770d3 req-b4fed7f1-2d18-4423-b026-6d3e847770d3 ] Request (FlavorsAccessTestJSON:tearDownClass): 204 DELETE http://10.180.1.21:9696/networking/v2.0/security-groups/8c8f2e5e-5efd-46b9-b6b2-fdc2296707fe 0.315s
2025-03-21 01:37:08.055 68700 INFO tempest.lib.common.rest_client [req-4b55834a-af41-447f-b838-d44ee81e4689 req-4b55834a-af41-447f-b838-d44ee81e4689 ] Request (FlavorsAccessTestJSON:tearDownClass): 204 DELETE http://10.180.1.21/identity/v3/projects/f6b015a8500445158c5776aa50af7768 0.107s
2025-03-21 01:37:08.056 68700 INFO tempest.lib.common.dynamic_creds [-] Deleting project and security group for project: b8f62c20194d441b93cbeabcd1b3f1c9
2025-03-21 01:37:08.123 68692 INFO tempest.lib.common.rest_client [req-f640272f-3ab2-4236-af4a-80a7a2b4952b req-f640272f-3ab2-4236-af4a-80a7a2b4952b ] Request (FloatingIPsAssociationTestJSON:setUpClass): 200 GET http://10.180.1.21/compute/v2.1/servers/1ccc76d6-0ee4-4c1b-bc12-238bb2b464aa 2.457s
2025-03-21 01:37:08.191 68704 INFO tempest.lib.common.rest_client [req-cf1c1d3a-4992-4586-8da5-dd8249487516 req-cf1c1d3a-4992-4586-8da5-dd8249487516 ] Request (ServerRescueNegativeTestJSON:setUpClass): 200 GET http://10.180.1.21/compute/v2.1/servers/ada6cafe-5295-4c06-83b8-51a06e3bf9d5 2.348s
2025-03-21 01:37:08.249 68670 INFO tempest.lib.common.rest_client [req-9bd656ad-3866-41b6-9abf-2e42ef64548e req-9bd656ad-3866-41b6-9abf-2e42ef64548e ] Request (FlavorsExtraSpecsNegativeTestJSON:tearDownClass): 200 GET http://10.180.1.21:9696/networking/v2.0/security-groups?tenant_id=4209dd80d1f64d32923c3ddb6085c45f&name=default 0.450s
2025-03-21 01:37:08.286 68700 INFO tempest.lib.common.rest_client [req-55f68798-ecb4-4ad6-a49f-38ca739abf1f req-55f68798-ecb4-4ad6-a49f-38ca739abf1f ] Request (FlavorsAccessTestJSON:tearDownClass): 200 GET http://10.180.1.21:9696/networking/v2.0/security-groups?tenant_id=b8f62c20194d441b93cbeabcd1b3f1c9&name=default 0.230s
2025-03-21 01:37:08.311 68712 INFO tempest.lib.common.rest_client [req-767af48a-3123-4532-ad01-10d989b5533e req-767af48a-3123-4532-ad01-10d989b5533e ] Request (ServersTestMultiNic:test_verify_duplicate_network_nics): 201 POST http://10.180.1.21:9696/networking/v2.0/subnets 0.690s
2025-03-21 01:37:08.324 68694 INFO tempest.lib.common.rest_client [req-c196047b-2e88-4208-864b-17cc5db15a03 req-c196047b-2e88-4208-864b-17cc5db15a03 ] Request (FloatingIPDetailsTestJSON:tearDownClass): 202 DELETE http://10.180.1.21/compute/v2.1/os-floating-ips/9516fc25-16ac-4feb-8b6d-b3783ccd085d 2.689s
2025-03-21 01:37:08.366 68686 INFO tempest.lib.common.rest_client [req-09472608-124f-4263-a4c3-cb686c7be4a4 req-09472608-124f-4263-a4c3-cb686c7be4a4 ] Request (HypervisorAdminNegativeUnderV252Test:test_search_hypervisor_with_non_admin_user): 403 GET http://10.180.1.21/compute/v2.1/os-hypervisors/domain-c8.fc996f14-c53b-4953-92e3-bdfa48f5cc28/search 2.406s
2025-03-21 01:37:08.389 68650 INFO tempest.lib.common.rest_client [req-8153efca-f91b-4b08-9923-f704502e0193 req-8153efca-f91b-4b08-9923-f704502e0193 ] Request (AggregatesAdminNegativeTestJSON:_run_cleanups): 200 DELETE http://10.180.1.21/compute/v2.1/os-aggregates/3 2.076s
2025-03-21 01:37:08.412 68678 INFO tempest.lib.common.rest_client [req-b183be01-81d4-4f9a-86e2-158872ebd143 req-b183be01-81d4-4f9a-86e2-158872ebd143 ] Request (FlavorsAdminTestJSON:_run_cleanups): 202 DELETE http://10.180.1.21/compute/v2.1/flavors/69804401 2.074s
2025-03-21 01:37:08.488 68710 INFO tempest.lib.common.rest_client [req-9b01f51c-b216-4e46-8f09-e5ba38c092a9 req-9b01f51c-b216-4e46-8f09-e5ba38c092a9 ] Request (ServersTestBootFromVolume:setUpClass): 200 GET http://10.180.1.21/volume/v3/volumes/baa28a1a-36d2-4588-996a-66d8c1742fc6 0.031s
2025-03-21 01:37:08.489 68700 INFO tempest.lib.common.rest_client [req-a9b88afc-318f-433b-b23f-927ad3eae959 req-a9b88afc-318f-433b-b23f-927ad3eae959 ] Request (FlavorsAccessTestJSON:tearDownClass): 204 DELETE http://10.180.1.21:9696/networking/v2.0/security-groups/10a2f7d6-c9e2-497c-aad5-8332f44c0662 0.202s
2025-03-21 01:37:08.494 68670 INFO tempest.lib.common.rest_client [req-d67f1821-a215-4424-a407-fc9ff7b3d844 req-d67f1821-a215-4424-a407-fc9ff7b3d844 ] Request (FlavorsExtraSpecsNegativeTestJSON:tearDownClass): 204 DELETE http://10.180.1.21:9696/networking/v2.0/security-groups/95a98535-545b-4bad-85dc-74cdc00a2b86 0.244s
2025-03-21 01:37:08.565 68702 INFO tempest.lib.common.rest_client [req-73d6ffd3-910e-4dda-bbf5-9d419d84d6ab req-73d6ffd3-910e-4dda-bbf5-9d419d84d6ab ] Request (VolumesAdminNegativeTest:test_update_attached_volume_with_nonexistent_volume_in_body): 200 GET http://10.180.1.21/compute/v2.1/servers/b3de3e2a-8dc9-400c-a832-36ac6476adcc 2.302s
2025-03-21 01:37:08.580 68702 INFO tempest.common.waiters [-] State transition "BUILD/None" ==> "BUILD/spawning" after 11 second wait
2025-03-21 01:37:08.594 68712 INFO tempest.lib.common.rest_client [req-6ce2614d-7ba2-47fb-8707-2cb16c036003 req-6ce2614d-7ba2-47fb-8707-2cb16c036003 ] Request (ServersTestMultiNic:test_verify_duplicate_network_nics): 201 POST http://10.180.1.21:9696/networking/v2.0/networks 0.282s
2025-03-21 01:37:08.624 68670 INFO tempest.lib.common.rest_client [req-da84a8ac-058e-499b-bd27-edde37435776 req-da84a8ac-058e-499b-bd27-edde37435776 ] Request (FlavorsExtraSpecsNegativeTestJSON:tearDownClass): 204 DELETE http://10.180.1.21/identity/v3/projects/4209dd80d1f64d32923c3ddb6085c45f 0.130s
2025-03-21 01:37:08.625 68670 INFO tempest.lib.common.dynamic_creds [-] Deleting project and security group for project: 3133ddb1aab04f168573fbfd9debea9c
2025-03-21 01:37:08.628 68700 INFO tempest.lib.common.rest_client [req-5a537c7f-f0c4-493d-9d16-c946e7cf128d req-5a537c7f-f0c4-493d-9d16-c946e7cf128d ] Request (FlavorsAccessTestJSON:tearDownClass): 204 DELETE http://10.180.1.21/identity/v3/projects/b8f62c20194d441b93cbeabcd1b3f1c9 0.138s
2025-03-21 01:37:08.629 68700 INFO tempest.test [-] raised in SpiceDirectConsoleTestJSON.setUpClass. Invoking tearDownClass.
2025-03-21 01:37:08.641 68682 INFO tempest.lib.common.rest_client [req-d91d02ec-2eb1-4542-a534-a255820d3eb9 req-d91d02ec-2eb1-4542-a534-a255820d3eb9 ] Request (SecurityGroupsTestAdminJSON:test_list_security_groups_list_all_tenants_filter): 200 POST http://10.180.1.21/compute/v2.1/os-security-groups 2.182s
2025-03-21 01:37:08.694 68700 INFO tempest.lib.common.rest_client [req-4f5a0182-b482-429c-b1a3-e4f9fa6984e2 req-4f5a0182-b482-429c-b1a3-e4f9fa6984e2 ] Request (FloatingIPsAssociationNegativeTestJSON:setUpClass): 201 POST http://10.180.1.21/identity/v3/auth/tokens 0.063s
2025-03-21 01:37:08.727 68700 INFO tempest.lib.common.rest_client [req-4ebcf8c1-ebae-417b-8f87-f727e01d6b5d req-4ebcf8c1-ebae-417b-8f87-f727e01d6b5d ] Request (FloatingIPsAssociationNegativeTestJSON:setUpClass): 201 POST http://10.180.1.21/identity/v3/auth/tokens 0.028s
2025-03-21 01:37:08.733 68670 INFO tempest.lib.common.rest_client [req-2b3086cb-54cf-4f7d-92fd-5bd93504fa60 req-2b3086cb-54cf-4f7d-92fd-5bd93504fa60 ] Request (FlavorsExtraSpecsNegativeTestJSON:tearDownClass): 200 GET http://10.180.1.21:9696/networking/v2.0/security-groups?tenant_id=3133ddb1aab04f168573fbfd9debea9c&name=default 0.108s
2025-03-21 01:37:08.754 68700 INFO tempest.lib.common.rest_client [req-0df805be-e436-49a9-abbf-effe89e1ded4 req-0df805be-e436-49a9-abbf-effe89e1ded4 ] Request (FloatingIPsAssociationNegativeTestJSON:setUpClass): 200 GET http://10.180.1.21/identity/v3/domains?name=Default 0.027s
2025-03-21 01:37:08.797 68664 INFO tempest.lib.common.rest_client [req-cb6c827a-b676-4d42-9531-3cb875f72cbb req-cb6c827a-b676-4d42-9531-3cb875f72cbb ] Request (FlavorsAccessNegativeTestJSON:test_flavor_non_admin_add): 403 POST http://10.180.1.21/compute/v2.1/flavors/285313578/action 2.289s
2025-03-21 01:37:08.806 68672 INFO tempest.lib.common.rest_client [req-74e29bd3-37ff-42b1-96cf-31db59b578fd req-74e29bd3-37ff-42b1-96cf-31db59b578fd ] Request (HostsAdminNegativeTestJSON:test_update_host_with_non_admin_user): 403 PUT http://10.180.1.21/compute/v2.1/os-hosts/devstack 2.256s
2025-03-21 01:37:08.814 68696 INFO tempest.lib.common.rest_client [req-41aba32f-668a-4bda-94b9-384a49e64f52 req-41aba32f-668a-4bda-94b9-384a49e64f52 ] Request (ImagesNegativeTestJSON:test_create_image_from_deleted_server): 200 GET http://10.180.1.21/compute/v2.1/servers/f5f9a212-6738-4c52-92f8-ab5da6586154 2.345s
2025-03-21 01:37:08.830 68700 INFO tempest.lib.common.rest_client [req-d04deb27-37d2-4ca2-aa2a-55b8fe7fc7d7 req-d04deb27-37d2-4ca2-aa2a-55b8fe7fc7d7 ] Request (FloatingIPsAssociationNegativeTestJSON:setUpClass): 201 POST http://10.180.1.21/identity/v3/projects 0.075s
2025-03-21 01:37:08.854 68670 INFO tempest.lib.common.rest_client [req-90c3c8f5-08e3-4214-b73c-125209cd16a7 req-90c3c8f5-08e3-4214-b73c-125209cd16a7 ] Request (FlavorsExtraSpecsNegativeTestJSON:tearDownClass): 204 DELETE http://10.180.1.21:9696/networking/v2.0/security-groups/bce6ab6a-9048-4836-a7de-b12cd349cfce 0.120s
2025-03-21 01:37:08.881 68690 INFO tempest.lib.common.rest_client [req-36838177-2bc3-466c-9af6-f7669734383b req-36838177-2bc3-466c-9af6-f7669734383b ] Request (InstanceActionsTestJSON:setUpClass): 200 GET http://10.180.1.21/compute/v2.1/servers/af033042-d0de-49e8-b989-d606d1278ec2 2.169s
2025-03-21 01:37:08.895 68680 INFO tempest.lib.common.rest_client [req-b20056a5-6445-43dd-b040-c339cb662855 req-b20056a5-6445-43dd-b040-c339cb662855 ] Request (FloatingIPsTestJSON:setUpClass): 200 PUT http://10.180.1.21:9696/networking/v2.0/routers/195957f4-9657-4fd0-bd58-95e9f3f7fac5/add_router_interface 2.233s
2025-03-21 01:37:08.896 68680 INFO tempest.lib.common.dynamic_creds [-] Created isolated network resources for: credentials: Credentials: {'domain_id': 'default', 'domain_name': 'Default', 'username': 'tempest-FloatingIPsTestJSON-823693030-project-member', 'project_domain_id': 'default', 'project_domain_name': 'Default', 'project_id': '994dee652aae438bad77491a692fcb04', 'project_name': 'tempest-FloatingIPsTestJSON-823693030', 'tenant_id': '994dee652aae438bad77491a692fcb04', 'tenant_name': 'tempest-FloatingIPsTestJSON-823693030', 'user_domain_id': 'default', 'user_domain_name': 'Default', 'user_id': '9d758d3a291b48d6a3ac36f1e5ba93aa', 'system': None}, Network: {'id': '5321c791-abbc-44c6-a4dd-1c4d8e3e8748', 'name': 'tempest-FloatingIPsTestJSON-884772536-network', 'tenant_id': '994dee652aae438bad77491a692fcb04', 'admin_state_up': True, 'mtu': 8950, 'status': 'ACTIVE', 'subnets': [], 'shared': False, 'project_id': '994dee652aae438bad77491a692fcb04', 'port_security_enabled': True, 'router:external': False, 'provider:network_type': 'vlan', 'provider:physical_network': 'default', 'provider:segmentation_id': 178, 'availability_zone_hints': [], 'availability_zones': [], 'ipv4_address_scope': None, 'ipv6_address_scope': None, 'description': '', 'tags': [], 'created_at': '2025-03-21T01:37:04Z', 'updated_at': '2025-03-21T01:37:04Z', 'revision_number': 1}, Subnet: {'id': 'f132cd56-e5e5-4f91-908a-a42f0da5f7b8', 'name': 'tempest-FloatingIPsTestJSON-884772536-subnet', 'tenant_id': '994dee652aae438bad77491a692fcb04', 'network_id': '5321c791-abbc-44c6-a4dd-1c4d8e3e8748', 'ip_version': 4, 'subnetpool_id': None, 'enable_dhcp': True, 'ipv6_ra_mode': None, 'ipv6_address_mode': None, 'gateway_ip': '192.168.128.1', 'cidr': '192.168.128.0/28', 'allocation_pools': [{'start': '192.168.128.2', 'end': '192.168.128.14'}], 'host_routes': [], 'dns_nameservers': [], 'description': '', 'router:external': False, 'service_types': [], 'tags': [], 'created_at': '2025-03-21T01:37:04Z', 'updated_at': '2025-03-21T01:37:04Z', 'revision_number': 0, 'project_id': '994dee652aae438bad77491a692fcb04'}, Router: {'id': '195957f4-9657-4fd0-bd58-95e9f3f7fac5', 'name': 'tempest-FloatingIPsTestJSON-884772536-router', 'tenant_id': '994dee652aae438bad77491a692fcb04', 'admin_state_up': True, 'status': 'ACTIVE', 'external_gateway_info': {'network_id': '20539655-476a-492f-8cbf-0a2f475dd633', 'external_fixed_ips': [{'subnet_id': 'f93a7dab-e001-410a-b6d3-fc9d1f46f0ad', 'ip_address': '10.180.180.243'}], 'enable_snat': True}, 'description': '', 'availability_zones': [], 'distributed': False, 'ha': False, 'availability_zone_hints': [], 'routes': [], 'flavor_id': None, 'tags': [], 'created_at': '2025-03-21T01:37:05Z', 'updated_at': '2025-03-21T01:37:05Z', 'revision_number': 2, 'project_id': '994dee652aae438bad77491a692fcb04'}
2025-03-21 01:37:08.902 68700 INFO tempest.lib.common.rest_client [req-5fb6a8e0-db3e-41c8-b36a-efd9639ee158 req-5fb6a8e0-db3e-41c8-b36a-efd9639ee158 ] Request (FloatingIPsAssociationNegativeTestJSON:setUpClass): 201 POST http://10.180.1.21/identity/v3/users 0.070s
2025-03-21 01:37:08.961 68712 INFO tempest.lib.common.rest_client [req-e1a58af9-61e0-49b5-81ee-d86d6acfa9ae req-e1a58af9-61e0-49b5-81ee-d86d6acfa9ae ] Request (ServersTestMultiNic:test_verify_duplicate_network_nics): 201 POST http://10.180.1.21:9696/networking/v2.0/subnets 0.366s
2025-03-21 01:37:08.976 68670 INFO tempest.lib.common.rest_client [req-bd837fbf-f7d2-4b01-b106-c8e3b90eeea6 req-bd837fbf-f7d2-4b01-b106-c8e3b90eeea6 ] Request (FlavorsExtraSpecsNegativeTestJSON:tearDownClass): 204 DELETE http://10.180.1.21/identity/v3/projects/3133ddb1aab04f168573fbfd9debea9c 0.121s
2025-03-21 01:37:08.977 68670 INFO tempest.test [-] raised in ServerBootFromVolumeStableRescueTest.setUpClass. Invoking tearDownClass.
2025-03-21 01:37:09.012 68680 INFO tempest.lib.common.rest_client [req-57896335-3fb7-4dbe-bfe6-a0750a60d0b8 req-57896335-3fb7-4dbe-bfe6-a0750a60d0b8 ] Request (FloatingIPsTestJSON:setUpClass): 201 POST http://10.180.1.21/identity/v3/auth/tokens 0.110s
2025-03-21 01:37:09.045 68700 INFO tempest.lib.common.rest_client [req-12649781-7326-47ff-8e8c-d4324f8797ec req-12649781-7326-47ff-8e8c-d4324f8797ec ] Request (FloatingIPsAssociationNegativeTestJSON:setUpClass): 200 GET http://10.180.1.21/identity/v3/roles 0.143s
2025-03-21 01:37:09.095 68674 INFO tempest.lib.common.rest_client [req-110347bb-cb0d-44d5-afe2-df1733ed36d9 req-110347bb-cb0d-44d5-afe2-df1733ed36d9 ] Request (QuotasAdminTestJSON:_run_cleanups): 200 PUT http://10.180.1.21/compute/v2.1/os-quota-sets/a7c7b74c3d47464599e8cd709d616b5b 2.183s
2025-03-21 01:37:09.107 68712 INFO tempest.lib.common.rest_client [req-6a14633c-1f9b-4cd7-9b92-24f3d83f0196 req-6a14633c-1f9b-4cd7-9b92-24f3d83f0196 ] Request (ServersTestMultiNic:test_verify_duplicate_network_nics): 201 POST http://10.180.1.21/identity/v3/auth/tokens 0.143s
2025-03-21 01:37:09.107 68712 INFO tempest.lib.common.fixed_network [-] (ServersTestMultiNic:test_verify_duplicate_network_nics) Found network {'id': '5c226484-da1b-4ffb-a92d-297557f04098', 'name': 'tempest-ServersTestMultiNic-2136141955-network', 'tenant_id': '9e2b600e8f2247e9a600200fb2843ece', 'admin_state_up': True, 'mtu': 8950, 'status': 'ACTIVE', 'subnets': [], 'shared': False, 'project_id': '9e2b600e8f2247e9a600200fb2843ece', 'port_security_enabled': True, 'router:external': False, 'provider:network_type': 'vlan', 'provider:physical_network': 'default', 'provider:segmentation_id': 119, 'availability_zone_hints': [], 'availability_zones': [], 'ipv4_address_scope': None, 'ipv6_address_scope': None, 'description': '', 'tags': [], 'created_at': '2025-03-21T01:37:02Z', 'updated_at': '2025-03-21T01:37:02Z', 'revision_number': 1} available for tenant
2025-03-21 01:37:09.137 68670 INFO tempest.lib.common.rest_client [req-0f738e80-17f2-4e90-9c68-266be15d3e21 req-0f738e80-17f2-4e90-9c68-266be15d3e21 ] Request (ServerRescueTestJSONUnderV235:setUpClass): 201 POST http://10.180.1.21/identity/v3/auth/tokens 0.156s
2025-03-21 01:37:09.141 68700 INFO tempest.lib.common.rest_client [req-7a4e7bff-2b40-402a-b2a2-dcd6d7a56725 req-7a4e7bff-2b40-402a-b2a2-dcd6d7a56725 ] Request (FloatingIPsAssociationNegativeTestJSON:setUpClass): 204 PUT http://10.180.1.21/identity/v3/projects/0d3443a06fff45e988aca268a4662fcb/users/8d8c2ca27b804cbcbb3c78bc1ea63f26/roles/7e3333cc91a7426cbaec331700baa345 0.095s
2025-03-21 01:37:09.141 68700 INFO tempest.lib.common.dynamic_creds [-] Dynamic test user 8d8c2ca27b804cbcbb3c78bc1ea63f26 is created with scope project and roles: ['member']
2025-03-21 01:37:09.141 68700 INFO tempest.lib.common.dynamic_creds [-] Acquired dynamic creds: credentials: Credentials: {'domain_id': 'default', 'domain_name': 'Default', 'username': 'tempest-FloatingIPsAssociationNegativeTestJSON-163002376-project-member', 'project_domain_id': 'default', 'project_domain_name': 'Default', 'project_id': '0d3443a06fff45e988aca268a4662fcb', 'project_name': 'tempest-FloatingIPsAssociationNegativeTestJSON-163002376', 'tenant_id': '0d3443a06fff45e988aca268a4662fcb', 'tenant_name': 'tempest-FloatingIPsAssociationNegativeTestJSON-163002376', 'user_domain_id': 'default', 'user_domain_name': 'Default', 'user_id': '8d8c2ca27b804cbcbb3c78bc1ea63f26', 'system': None}, Network: None, Subnet: None, Router: None
2025-03-21 01:37:09.161 68660 INFO tempest.lib.common.rest_client [req-a261bb9d-def2-4ae2-b467-5de3cedbef0a req-a261bb9d-def2-4ae2-b467-5de3cedbef0a ] Request (QuotasAdminNegativeTest:_run_cleanups): 200 PUT http://10.180.1.21/compute/v2.1/os-quota-sets/bb2a70748674452b8ed325191885eb6f 1.968s
2025-03-21 01:37:09.213 68670 INFO tempest.lib.common.rest_client [req-744d58b7-598b-4ce3-9a15-4a296f336f3d req-744d58b7-598b-4ce3-9a15-4a296f336f3d ] Request (ServerRescueTestJSONUnderV235:setUpClass): 201 POST http://10.180.1.21/identity/v3/auth/tokens 0.072s
2025-03-21 01:37:09.225 68652 INFO tempest.lib.common.rest_client [req-c8f69d57-f830-4930-a6d9-8d5ba5e3fece req-c8f69d57-f830-4930-a6d9-8d5ba5e3fece ] Request (VolumesAssistedSnapshotsTest:test_volume_assisted_snapshot_create_delete): 200 GET http://10.180.1.21/compute/v2.1/servers/fa50f819-c843-4d45-9e76-92882eed38d1 1.922s
2025-03-21 01:37:09.244 68700 INFO tempest.lib.common.rest_client [req-1705dded-eda7-4fa7-a4cd-ff6ad0ed3602 req-1705dded-eda7-4fa7-a4cd-ff6ad0ed3602 ] Request (FloatingIPsAssociationNegativeTestJSON:setUpClass): 201 POST http://10.180.1.21/identity/v3/auth/tokens 0.103s
2025-03-21 01:37:09.273 68674 INFO tempest.lib.common.rest_client [req-8fbe96b3-8a0b-432a-9105-1eb68a17a287 req-8fbe96b3-8a0b-432a-9105-1eb68a17a287 ] Request (QuotasAdminTestJSON:tearDownClass): 204 DELETE http://10.180.1.21/identity/v3/users/f40052f056d047bb8c86aebb87bbad61 0.173s
2025-03-21 01:37:09.285 68654 INFO tempest.lib.common.rest_client [req-429054db-f3d0-4587-a410-555672731452 req-429054db-f3d0-4587-a410-555672731452 ] Request (ImagesTestJSON:test_create_image_from_stopped_server): 200 GET http://10.180.1.21/compute/v2.1/servers/2e5c0a2e-7df4-444e-b205-0762950597c3 2.047s
2025-03-21 01:37:09.307 68670 INFO tempest.lib.common.rest_client [req-9e656f82-7c75-4bca-8db2-4eda12c0a618 req-9e656f82-7c75-4bca-8db2-4eda12c0a618 ] Request (ServerRescueTestJSONUnderV235:setUpClass): 200 GET http://10.180.1.21/identity/v3/domains?name=Default 0.093s
2025-03-21 01:37:09.332 68658 INFO tempest.lib.common.rest_client [req-d370820e-585a-45cf-9ea8-321e8148ea1e req-d370820e-585a-45cf-9ea8-321e8148ea1e ] Request (AttachInterfacesTestJSON:test_create_list_show_delete_interfaces_by_fixed_ip): 200 GET http://10.180.1.21/compute/v2.1/servers/9f9b977f-684e-4d9f-9cb9-e9dbf2c2a305 1.951s
2025-03-21 01:37:09.353 68656 INFO tempest.lib.common.rest_client [req-93606b24-6a5f-4434-9e05-c0c75bc32b8a req-93606b24-6a5f-4434-9e05-c0c75bc32b8a ] Request (FlavorsExtraSpecsTestJSON:tearDownClass): 202 DELETE http://10.180.1.21/compute/v2.1/flavors/1764010774 1.930s
2025-03-21 01:37:09.433 68674 INFO tempest.lib.common.rest_client [req-b5722df8-294e-4c82-b1d0-93848c02a332 req-b5722df8-294e-4c82-b1d0-93848c02a332 ] Request (QuotasAdminTestJSON:tearDownClass): 204 DELETE http://10.180.1.21/identity/v3/users/181785aa600846f7854852b99a7c5edd 0.159s
2025-03-21 01:37:09.434 68674 INFO tempest.lib.common.dynamic_creds [-] Deleting project and security group for project: 796037ad8d954d6c8b95e2ccc0aeab94
2025-03-21 01:37:09.514 68670 INFO tempest.lib.common.rest_client [req-458c1ba9-3663-4a70-9f38-0ffb03869fe2 req-458c1ba9-3663-4a70-9f38-0ffb03869fe2 ] Request (ServerRescueTestJSONUnderV235:setUpClass): 201 POST http://10.180.1.21/identity/v3/projects 0.207s
2025-03-21 01:37:09.542 68710 INFO tempest.lib.common.rest_client [req-8c91f78f-685e-4cf3-80fb-41e14f7bea75 req-8c91f78f-685e-4cf3-80fb-41e14f7bea75 ] Request (ServersTestBootFromVolume:setUpClass): 200 GET http://10.180.1.21/volume/v3/volumes/baa28a1a-36d2-4588-996a-66d8c1742fc6 0.039s
2025-03-21 01:37:09.603 68674 INFO tempest.lib.common.rest_client [req-66961dca-a14c-4264-bf4f-d3a3890c1baf req-66961dca-a14c-4264-bf4f-d3a3890c1baf ] Request (QuotasAdminTestJSON:tearDownClass): 201 POST http://10.180.1.21/identity/v3/auth/tokens 0.169s
2025-03-21 01:37:09.604 68707 INFO tempest.lib.common.rest_client [req-71478230-4bda-4c4d-993d-45590a1e6ac7 req-71478230-4bda-4c4d-993d-45590a1e6ac7 ] Request (DeleteServersAdminTestJSON:test_admin_delete_servers_of_others): 200 GET http://10.180.1.21/compute/v2.1/servers/d4609a36-04c1-4935-ab56-fbec553f573b 2.171s
2025-03-21 01:37:09.637 68677 INFO tempest.lib.common.rest_client [req-f7cb6b02-5bce-44d6-8ac5-5783496cdb53 req-f7cb6b02-5bce-44d6-8ac5-5783496cdb53 ] Request (KeyPairsV210TestJSON:test_admin_manage_keypairs_for_other_users): 201 POST http://10.180.1.21/compute/v2.1/os-keypairs 2.249s
2025-03-21 01:37:09.645 68668 INFO tempest.lib.common.rest_client [req-6018d322-892e-47a7-93b6-18f35c33e578 req-6018d322-892e-47a7-93b6-18f35c33e578 ] Request (KeyPairsNegativeTestJSON:test_create_keypair_with_duplicate_name): 200 POST http://10.180.1.21/compute/v2.1/os-keypairs 2.175s
2025-03-21 01:37:09.649 68670 INFO tempest.lib.common.rest_client [req-9f6b15ad-115d-4435-af64-167da55a08af req-9f6b15ad-115d-4435-af64-167da55a08af ] Request (ServerRescueTestJSONUnderV235:setUpClass): 201 POST http://10.180.1.21/identity/v3/users 0.134s
2025-03-21 01:37:09.674 68670 INFO tempest.lib.common.rest_client [req-1c164402-114b-4d97-978e-be1a87ca7302 req-1c164402-114b-4d97-978e-be1a87ca7302 ] Request (ServerRescueTestJSONUnderV235:setUpClass): 200 GET http://10.180.1.21/identity/v3/roles 0.023s
2025-03-21 01:37:09.704 68670 INFO tempest.lib.common.rest_client [req-1c637de7-c05f-48b9-808f-8a621bd9c429 req-1c637de7-c05f-48b9-808f-8a621bd9c429 ] Request (ServerRescueTestJSONUnderV235:setUpClass): 204 PUT http://10.180.1.21/identity/v3/projects/d9484b90ab84425da3f5da5e801f128d/users/022815c01e9a4c4a9d2d849ca08c989c/roles/7e3333cc91a7426cbaec331700baa345 0.030s
2025-03-21 01:37:09.704 68670 INFO tempest.lib.common.dynamic_creds [-] Dynamic test user 022815c01e9a4c4a9d2d849ca08c989c is created with scope project and roles: ['member']
2025-03-21 01:37:09.705 68670 INFO tempest.lib.common.dynamic_creds [-] Acquired dynamic creds: credentials: Credentials: {'domain_id': 'default', 'domain_name': 'Default', 'username': 'tempest-ServerRescueTestJSONUnderV235-885472268-project-member', 'project_domain_id': 'default', 'project_domain_name': 'Default', 'project_id': 'd9484b90ab84425da3f5da5e801f128d', 'project_name': 'tempest-ServerRescueTestJSONUnderV235-885472268', 'tenant_id': 'd9484b90ab84425da3f5da5e801f128d', 'tenant_name': 'tempest-ServerRescueTestJSONUnderV235-885472268', 'user_domain_id': 'default', 'user_domain_name': 'Default', 'user_id': '022815c01e9a4c4a9d2d849ca08c989c', 'system': None}, Network: None, Subnet: None, Router: None
2025-03-21 01:37:09.793 68670 INFO tempest.lib.common.rest_client [req-2db0c9db-a95f-4ba6-8c1f-346f291455ad req-2db0c9db-a95f-4ba6-8c1f-346f291455ad ] Request (ServerRescueTestJSONUnderV235:setUpClass): 201 POST http://10.180.1.21/identity/v3/auth/tokens 0.088s
2025-03-21 01:37:09.800 68700 INFO tempest.lib.common.rest_client [req-4a9c87ff-6b77-4470-9dd7-b1d6d360f9ff req-4a9c87ff-6b77-4470-9dd7-b1d6d360f9ff ] Request (FloatingIPsAssociationNegativeTestJSON:setUpClass): 201 POST http://10.180.1.21:9696/networking/v2.0/networks 0.555s
2025-03-21 01:37:09.854 68662 INFO tempest.lib.common.rest_client [req-c3703f96-9304-43d9-a0f1-1b56e871a52d req-c3703f96-9304-43d9-a0f1-1b56e871a52d ] Request (ImagesOneServerTestJSON:setUpClass): 200 GET http://10.180.1.21/compute/v2.1/servers/084ef143-f60f-42e9-998a-401eb0013fee 2.313s
2025-03-21 01:37:09.958 68708 INFO tempest.lib.common.rest_client [req-f2d00302-40a7-40c8-98f4-46750ff549c8 req-f2d00302-40a7-40c8-98f4-46750ff549c8 ] Request (ImagesMetadataTestJSON:setUp): 200 PUT http://10.180.1.21/compute/v2.1/images/c206a266-2a09-4154-9f54-fc35d4bcfb99/metadata 2.479s
2025-03-21 01:37:09.976 68686 INFO tempest.lib.common.rest_client [req-1417625e-99cc-4eb5-bf59-2a9089fa6eaa req-1417625e-99cc-4eb5-bf59-2a9089fa6eaa ] Request (HypervisorAdminNegativeUnderV252Test:test_search_nonexistent_hypervisor): 404 GET http://10.180.1.21/compute/v2.1/os-hypervisors/nonexistent_hypervisor_name/search 1.609s
2025-03-21 01:37:09.984 68650 INFO tempest.lib.common.rest_client [req-3d2d1470-6264-46fd-bda9-7a2383a635dc req-3d2d1470-6264-46fd-bda9-7a2383a635dc ] Request (AggregatesAdminNegativeTestJSON:test_aggregate_create_aggregate_name_length_exceeds_255): 400 POST http://10.180.1.21/compute/v2.1/os-aggregates 1.594s
2025-03-21 01:37:10.005 68674 INFO tempest.lib.common.rest_client [req-bb75647a-5916-4f30-b928-68c8717881cb req-bb75647a-5916-4f30-b928-68c8717881cb ] Request (QuotasAdminTestJSON:tearDownClass): 200 GET http://10.180.1.21:9696/networking/v2.0/security-groups?tenant_id=796037ad8d954d6c8b95e2ccc0aeab94&name=default 0.401s
2025-03-21 01:37:10.011 68678 INFO tempest.lib.common.rest_client [req-b3c196fb-0a42-45f5-b522-fc0372cc621f req-b3c196fb-0a42-45f5-b522-fc0372cc621f ] Request (FlavorsAdminTestJSON:_run_cleanups): 200 GET http://10.180.1.21/compute/v2.1/flavors/detail 1.599s
2025-03-21 01:37:10.580 68674 INFO tempest.lib.common.rest_client [req-7834e8a9-5bef-406d-aa1e-4216928b891d req-7834e8a9-5bef-406d-aa1e-4216928b891d ] Request (QuotasAdminTestJSON:tearDownClass): 204 DELETE http://10.180.1.21:9696/networking/v2.0/security-groups/1aec007f-3386-4c36-8428-b87edb89a165 0.575s
2025-03-21 01:37:10.589 68710 INFO tempest.lib.common.rest_client [req-a47e558f-52af-4efe-819a-4febff00ed26 req-a47e558f-52af-4efe-819a-4febff00ed26 ] Request (ServersTestBootFromVolume:setUpClass): 200 GET http://10.180.1.21/volume/v3/volumes/baa28a1a-36d2-4588-996a-66d8c1742fc6 0.037s
2025-03-21 01:37:10.626 68700 INFO tempest.lib.common.rest_client [req-bd34c4e4-8928-4aa4-b7b3-8909261953f1 req-bd34c4e4-8928-4aa4-b7b3-8909261953f1 ] Request (FloatingIPsAssociationNegativeTestJSON:setUpClass): 201 POST http://10.180.1.21:9696/networking/v2.0/subnets 0.825s
2025-03-21 01:37:10.673 68674 INFO tempest.lib.common.rest_client [req-f67b4326-807c-47db-9ee9-bfdf73de3abe req-f67b4326-807c-47db-9ee9-bfdf73de3abe ] Request (QuotasAdminTestJSON:tearDownClass): 204 DELETE http://10.180.1.21/identity/v3/projects/796037ad8d954d6c8b95e2ccc0aeab94 0.092s
2025-03-21 01:37:10.673 68674 INFO tempest.lib.common.dynamic_creds [-] Deleting project and security group for project: a7c7b74c3d47464599e8cd709d616b5b
2025-03-21 01:37:10.706 68682 INFO tempest.lib.common.rest_client [req-a7edca9a-3bd7-4e05-941b-4b11b1e70712 req-a7edca9a-3bd7-4e05-941b-4b11b1e70712 ] Request (SecurityGroupsTestAdminJSON:test_list_security_groups_list_all_tenants_filter): 200 POST http://10.180.1.21/compute/v2.1/os-security-groups 2.061s
2025-03-21 01:37:10.933 68670 INFO tempest.lib.common.rest_client [req-1a3a1068-3349-40b9-909d-87c54ac3b039 req-1a3a1068-3349-40b9-909d-87c54ac3b039 ] Request (ServerRescueTestJSONUnderV235:setUpClass): 201 POST http://10.180.1.21:9696/networking/v2.0/networks 1.139s
2025-03-21 01:37:10.944 68674 INFO tempest.lib.common.rest_client [req-9acd940e-6534-4cf4-b496-8573e7a83576 req-9acd940e-6534-4cf4-b496-8573e7a83576 ] Request (QuotasAdminTestJSON:tearDownClass): 200 GET http://10.180.1.21:9696/networking/v2.0/security-groups?tenant_id=a7c7b74c3d47464599e8cd709d616b5b&name=default 0.271s
2025-03-21 01:37:10.945 68688 INFO tempest.lib.common.rest_client [req-65377b00-7170-4ad0-9dda-3999ad6c8b46 req-65377b00-7170-4ad0-9dda-3999ad6c8b46 ] Request (AttachInterfacesV270Test:test_create_get_list_interfaces): 200 GET http://10.180.1.21/compute/v2.1/servers/757f0ea6-ff87-4cc0-9bf0-4a312fb42096 2.186s
2025-03-21 01:37:10.975 68664 INFO tempest.lib.common.rest_client [req-71819d7e-f609-45b1-bd4b-c8520b1c5d9f req-71819d7e-f609-45b1-bd4b-c8520b1c5d9f ] Request (FlavorsAccessNegativeTestJSON:_run_cleanups): 202 DELETE http://10.180.1.21/compute/v2.1/flavors/285313578 2.177s
2025-03-21 01:37:10.981 68672 INFO tempest.lib.common.rest_client [req-a71b28c8-baef-402d-8622-b3cb968d5981 req-a71b28c8-baef-402d-8622-b3cb968d5981 ] Request (HostsAdminNegativeTestJSON:test_update_host_without_param): 400 PUT http://10.180.1.21/compute/v2.1/os-hosts/devstack 2.173s
2025-03-21 01:37:11.066 68674 INFO tempest.lib.common.rest_client [req-820e9869-c1bb-485e-afd0-7922f1f83e06 req-820e9869-c1bb-485e-afd0-7922f1f83e06 ] Request (QuotasAdminTestJSON:tearDownClass): 204 DELETE http://10.180.1.21:9696/networking/v2.0/security-groups/cb6637a8-23c4-4419-9a49-ca253f6b5bb6 0.121s
2025-03-21 01:37:11.172 68674 INFO tempest.lib.common.rest_client [req-296a7c83-a82b-4257-a0d9-07c3edbd368a req-296a7c83-a82b-4257-a0d9-07c3edbd368a ] Request (QuotasAdminTestJSON:tearDownClass): 204 DELETE http://10.180.1.21/identity/v3/projects/a7c7b74c3d47464599e8cd709d616b5b 0.105s
2025-03-21 01:37:11.172 68694 INFO tempest.lib.common.rest_client [req-c859ee78-c43b-41f1-b389-7b5e3b8143af req-c859ee78-c43b-41f1-b389-7b5e3b8143af ] Request (FloatingIPDetailsTestJSON:tearDownClass): 202 DELETE http://10.180.1.21/compute/v2.1/os-floating-ips/c035a315-5e50-49b6-9206-4e5c8283c697 2.847s
2025-03-21 01:37:11.234 68674 INFO tempest.lib.common.rest_client [req-e1f76527-28d6-462d-9eee-f8a7f556911f req-e1f76527-28d6-462d-9eee-f8a7f556911f ] Request (ServicesAdminTestJSON:setUpClass): 201 POST http://10.180.1.21/identity/v3/auth/tokens 0.060s
2025-03-21 01:37:11.266 68674 INFO tempest.lib.common.rest_client [req-b0401fe9-ff05-496a-b18e-701ffe70a35d req-b0401fe9-ff05-496a-b18e-701ffe70a35d ] Request (ServicesAdminTestJSON:setUpClass): 201 POST http://10.180.1.21/identity/v3/auth/tokens 0.030s
2025-03-21 01:37:11.288 68666 INFO tempest.lib.common.rest_client [req-6953390d-0303-4846-a86a-6ea7970bdceb req-6953390d-0303-4846-a86a-6ea7970bdceb ] Request (QuotaClassesAdmin257Test:test_update_default_quotas): 200 GET http://10.180.1.21/compute/v2.1/os-quota-class-sets/default 2.188s
2025-03-21 01:37:11.296 68674 INFO tempest.lib.common.rest_client [req-4b93fbbe-206f-4ac3-9c42-71c1b0d6041d req-4b93fbbe-206f-4ac3-9c42-71c1b0d6041d ] Request (ServicesAdminTestJSON:setUpClass): 200 GET http://10.180.1.21/identity/v3/domains?name=Default 0.029s
2025-03-21 01:37:11.331 68670 INFO tempest.lib.common.rest_client [req-2ead42ab-9417-4ab2-92d4-a0e260724676 req-2ead42ab-9417-4ab2-92d4-a0e260724676 ] Request (ServerRescueTestJSONUnderV235:setUpClass): 201 POST http://10.180.1.21:9696/networking/v2.0/subnets 0.397s
2025-03-21 01:37:11.333 68674 INFO tempest.lib.common.rest_client [req-c8ccb788-52e7-4911-b1d7-e33cb4016e1e req-c8ccb788-52e7-4911-b1d7-e33cb4016e1e ] Request (ServicesAdminTestJSON:setUpClass): 201 POST http://10.180.1.21/identity/v3/projects 0.037s
2025-03-21 01:37:11.401 68674 INFO tempest.lib.common.rest_client [req-adf65a72-c77c-45e1-adc3-6dfaccf7c5c8 req-adf65a72-c77c-45e1-adc3-6dfaccf7c5c8 ] Request (ServicesAdminTestJSON:setUpClass): 201 POST http://10.180.1.21/identity/v3/users 0.067s
2025-03-21 01:37:11.433 68674 INFO tempest.lib.common.rest_client [req-a332e31b-b3f7-4deb-afd4-49f53cfbed12 req-a332e31b-b3f7-4deb-afd4-49f53cfbed12 ] Request (ServicesAdminTestJSON:setUpClass): 200 GET http://10.180.1.21/identity/v3/roles 0.031s
2025-03-21 01:37:11.463 68674 INFO tempest.lib.common.rest_client [req-c27ccd7e-07b2-44bb-840e-d03392eaf90a req-c27ccd7e-07b2-44bb-840e-d03392eaf90a ] Request (ServicesAdminTestJSON:setUpClass): 204 PUT http://10.180.1.21/identity/v3/projects/6ebb5517a3da4b849189fb3ed66dd726/users/4b40dacf7e8549eca8b5e8a4091debe4/roles/7e3333cc91a7426cbaec331700baa345 0.029s
2025-03-21 01:37:11.463 68674 INFO tempest.lib.common.dynamic_creds [-] Dynamic test user 4b40dacf7e8549eca8b5e8a4091debe4 is created with scope project and roles: ['member']
2025-03-21 01:37:11.463 68674 INFO tempest.lib.common.dynamic_creds [-] Acquired dynamic creds: credentials: Credentials: {'domain_id': 'default', 'domain_name': 'Default', 'username': 'tempest-ServicesAdminTestJSON-1430012189-project-member', 'project_domain_id': 'default', 'project_domain_name': 'Default', 'project_id': '6ebb5517a3da4b849189fb3ed66dd726', 'project_name': 'tempest-ServicesAdminTestJSON-1430012189', 'tenant_id': '6ebb5517a3da4b849189fb3ed66dd726', 'tenant_name': 'tempest-ServicesAdminTestJSON-1430012189', 'user_domain_id': 'default', 'user_domain_name': 'Default', 'user_id': '4b40dacf7e8549eca8b5e8a4091debe4', 'system': None}, Network: None, Subnet: None, Router: None
2025-03-21 01:37:11.463 68674 INFO tempest.lib.common.dynamic_creds [-] Created isolated network resources for: credentials: Credentials: {'domain_id': 'default', 'domain_name': 'Default', 'username': 'tempest-ServicesAdminTestJSON-1430012189-project-member', 'project_domain_id': 'default', 'project_domain_name': 'Default', 'project_id': '6ebb5517a3da4b849189fb3ed66dd726', 'project_name': 'tempest-ServicesAdminTestJSON-1430012189', 'tenant_id': '6ebb5517a3da4b849189fb3ed66dd726', 'tenant_name': 'tempest-ServicesAdminTestJSON-1430012189', 'user_domain_id': 'default', 'user_domain_name': 'Default', 'user_id': '4b40dacf7e8549eca8b5e8a4091debe4', 'system': None}, Network: None, Subnet: None, Router: None
2025-03-21 01:37:11.537 68674 INFO tempest.lib.common.rest_client [req-83214c4c-53cd-4372-b563-086123017e21 req-83214c4c-53cd-4372-b563-086123017e21 ] Request (ServicesAdminTestJSON:setUpClass): 201 POST http://10.180.1.21/identity/v3/auth/tokens 0.070s
2025-03-21 01:37:11.616 68674 INFO tempest.lib.common.rest_client [req-f7e24c53-4058-4de5-9192-77fc4f19dc80 req-f7e24c53-4058-4de5-9192-77fc4f19dc80 ] Request (ServicesAdminTestJSON:setUpClass): 201 POST http://10.180.1.21/identity/v3/projects 0.079s
2025-03-21 01:37:11.638 68710 INFO tempest.lib.common.rest_client [req-4a2075cd-acde-4c41-9752-15ef5eb2c1ee req-4a2075cd-acde-4c41-9752-15ef5eb2c1ee ] Request (ServersTestBootFromVolume:setUpClass): 200 GET http://10.180.1.21/volume/v3/volumes/baa28a1a-36d2-4588-996a-66d8c1742fc6 0.035s
2025-03-21 01:37:11.674 68674 INFO tempest.lib.common.rest_client [req-eed8cb6c-6efa-440c-99b2-b0668374ca18 req-eed8cb6c-6efa-440c-99b2-b0668374ca18 ] Request (ServicesAdminTestJSON:setUpClass): 201 POST http://10.180.1.21/identity/v3/users 0.057s
2025-03-21 01:37:11.701 68674 INFO tempest.lib.common.rest_client [req-9a8b1c95-3ee5-404f-bd98-bd4daa5fca8d req-9a8b1c95-3ee5-404f-bd98-bd4daa5fca8d ] Request (ServicesAdminTestJSON:setUpClass): 200 GET http://10.180.1.21/identity/v3/roles 0.027s
2025-03-21 01:37:11.730 68674 INFO tempest.lib.common.rest_client [req-363927f5-5ce6-48cf-bacb-487c6b6dde0a req-363927f5-5ce6-48cf-bacb-487c6b6dde0a ] Request (ServicesAdminTestJSON:setUpClass): 204 PUT http://10.180.1.21/identity/v3/projects/5ca464ba1e1e42899b778635d18e4fed/users/9d4a9c4fba5b4d36a1d1bd832ecd411f/roles/0538eced96d140cf8f4e7a004fb82ca2 0.027s
2025-03-21 01:37:11.742 68680 INFO tempest.lib.common.rest_client [req-d7229acb-0615-42de-8719-f6609f178c0b req-d7229acb-0615-42de-8719-f6609f178c0b ] Request (FloatingIPsTestJSON:test_allocate_floating_ip): 200 POST http://10.180.1.21/compute/v2.1/os-floating-ips 2.728s
2025-03-21 01:37:11.807 68674 INFO tempest.lib.common.rest_client [req-e3a760f8-6e5b-4328-ab3c-de24ad006c6f req-e3a760f8-6e5b-4328-ab3c-de24ad006c6f ] Request (ServicesAdminTestJSON:setUpClass): 200 GET http://10.180.1.21/identity/v3/roles 0.077s
2025-03-21 01:37:11.839 68674 INFO tempest.lib.common.rest_client [req-c8c4b166-63d1-4919-87f1-1153bb37891a req-c8c4b166-63d1-4919-87f1-1153bb37891a ] Request (ServicesAdminTestJSON:setUpClass): 204 PUT http://10.180.1.21/identity/v3/projects/5ca464ba1e1e42899b778635d18e4fed/users/9d4a9c4fba5b4d36a1d1bd832ecd411f/roles/0538eced96d140cf8f4e7a004fb82ca2 0.030s
2025-03-21 01:37:11.839 68674 INFO tempest.lib.common.dynamic_creds [-] Dynamic test user 9d4a9c4fba5b4d36a1d1bd832ecd411f is created with scope project and roles: ['admin']
