2025-03-21 01:39:53.448 68662 INFO tempest.lib.common.rest_client [req-e2c45e7f-84c0-403f-8a76-0fc3ab14ca0c req-e2c45e7f-84c0-403f-8a76-0fc3ab14ca0c ] Request (ServersListShow2100Test:test_list_show_rebuild_update_server_2100): 200 GET http://10.180.1.21/compute/v2.1/servers/ef1fc9c1-6dc9-4150-b0e4-1ac014f50aec 0.271s
2025-03-21 01:39:53.534 68660 INFO tempest.lib.common.rest_client [req-8f8995d3-96a3-4a5e-8316-41027a6974ec req-8f8995d3-96a3-4a5e-8316-41027a6974ec ] Request (ServerPasswordTestJSON:tearDownClass): 200 GET http://10.180.1.21/compute/v2.1/servers/6584031d-1eec-4da6-844d-9794a931d8b4 0.309s
2025-03-21 01:39:53.538 68678 INFO tempest.lib.common.rest_client [req-97f7d222-c83e-463a-9f00-039373b1516e req-97f7d222-c83e-463a-9f00-039373b1516e ] Request (ServerDiagnosticsTest:test_get_server_diagnostics): 200 GET http://10.180.1.21/compute/v2.1/servers/75e75a0a-992e-4f98-aafd-0f7ca46cb24d/diagnostics 0.597s
2025-03-21 01:39:53.610 68658 INFO tempest.lib.common.rest_client [req-2c698cd6-54ad-41cb-b389-246f9d3439ed req-2c698cd6-54ad-41cb-b389-246f9d3439ed ] Request (AttachInterfacesTestJSON:test_create_list_show_delete_interfaces_by_network_port): 200 GET http://10.180.1.21/compute/v2.1/servers/758977b8-50de-42d7-b14a-cfb3bd2baf1f 0.359s
2025-03-21 01:39:53.634 68670 INFO tempest.lib.common.rest_client [req-79919602-f476-4962-bdb2-354996ac489b req-79919602-f476-4962-bdb2-354996ac489b ] Request (AttachVolumeTestJSON:test_attach_detach_volume): 200 GET http://10.180.1.21/compute/v2.1/servers/67155122-323b-43ef-8e47-6c960ccb2e2c 0.354s
2025-03-21 01:39:53.675 68698 INFO tempest.lib.common.rest_client [req-731fe3fb-461f-4625-a18e-34f0e9d62869 req-731fe3fb-461f-4625-a18e-34f0e9d62869 ] Request (ServerActionsTestOtherB:setUpClass): 200 GET http://10.180.1.21/compute/v2.1/servers/3008bfbc-9d2c-4300-96fe-7ba8bb679d58 0.370s
2025-03-21 01:39:53.703 68708 INFO tempest.lib.common.rest_client [req-a5593b2e-5207-4415-b2f3-f8bf8e141635 req-a5593b2e-5207-4415-b2f3-f8bf8e141635 ] Request (ServersTestJSON:test_create_server_with_ipv6_addr_only): 200 GET http://10.180.1.21/compute/v2.1/servers/472e8ff8-1070-485f-8a4c-14ad4c950ffc 0.374s
2025-03-21 01:39:53.789 68664 INFO tempest.lib.common.rest_client [req-4a6fe3f3-2459-4dea-9ad5-cdcd1431a9d5 req-4a6fe3f3-2459-4dea-9ad5-cdcd1431a9d5 ] Request (ServersAdminNegativeTestJSON:test_migrate_server_invalid_state): 200 GET http://10.180.1.21/compute/v2.1/servers/029822a1-dfac-4b58-9126-7fb7f088358c 0.331s
2025-03-21 01:39:53.794 68678 INFO tempest.lib.common.rest_client [req-abc4066f-184d-418f-b6cd-537278fea9d0 req-abc4066f-184d-418f-b6cd-537278fea9d0 ] Request (ServerDiagnosticsTest:tearDownClass): 204 DELETE http://10.180.1.21/compute/v2.1/servers/75e75a0a-992e-4f98-aafd-0f7ca46cb24d 0.252s
2025-03-21 01:39:53.930 68694 INFO tempest.lib.common.rest_client [req-da680ef1-ce6f-4d17-b08f-2bde29efb3d6 req-da680ef1-ce6f-4d17-b08f-2bde29efb3d6 ] Request (SecurityGroupsTestJSON:test_server_security_groups): 200 GET http://10.180.1.21/compute/v2.1/servers/78aae103-936e-4ca8-823f-547c4548a8e7 0.381s
2025-03-21 01:39:54.002 68712 INFO tempest.lib.common.rest_client [req-ff4f824b-8d80-46f3-b00d-d67f7f39c30c req-ff4f824b-8d80-46f3-b00d-d67f7f39c30c ] Request (ServersTestMultiNic:_run_cleanups): 200 GET http://10.180.1.21/compute/v2.1/servers/7877d79b-00aa-4e53-b0ba-0bbcc419f987 0.373s
2025-03-21 01:39:54.016 68666 INFO tempest.lib.common.rest_client [req-cb2be9a7-1be6-45e1-9069-40bd3d619950 req-cb2be9a7-1be6-45e1-9069-40bd3d619950 ] Request (ServerDiskConfigTestJSON:test_rebuild_server_with_manual_disk_config): 200 GET http://10.180.1.21/compute/v2.1/servers/438f06d5-8a39-4c36-abdf-18dfc2aeaed5 0.439s
2025-03-21 01:39:54.083 68686 INFO tempest.lib.common.rest_client [req-572d1633-83c2-4414-88c2-1569d6819f66 req-572d1633-83c2-4414-88c2-1569d6819f66 ] Request (MultipleCreateTestJSON:test_multiple_create_with_reservation_return): 200 GET http://10.180.1.21/compute/v2.1/servers/8034e46d-fc88-4e73-8a33-d026296b368b 0.399s
2025-03-21 01:39:54.103 68707 INFO tempest.lib.common.rest_client [req-7396f8ee-51ae-44be-9368-b6984196e166 req-7396f8ee-51ae-44be-9368-b6984196e166 ] Request (MigrationsAdminTest:test_list_migrations_in_flavor_resize_situation): 200 GET http://10.180.1.21/compute/v2.1/servers/e48db1db-3dd4-474c-8dd0-ec6760eab67d 0.466s
2025-03-21 01:39:54.147 68688 INFO tempest.lib.common.rest_client [req-53b9c6e1-cc75-4ee3-9023-d0a2df81d12d req-53b9c6e1-cc75-4ee3-9023-d0a2df81d12d ] Request (DeleteServersTestJSON:test_delete_server_while_in_attached_volume): 200 GET http://10.180.1.21/compute/v2.1/servers/0c72dd9e-1ac7-4d6d-a18c-f659e39894d0 0.444s
2025-03-21 01:39:54.156 68654 INFO tempest.lib.common.rest_client [req-633efa15-24fd-4d8a-a528-e990d9dac740 req-633efa15-24fd-4d8a-a528-e990d9dac740 ] Request (ImagesTestJSON:test_create_server_from_snapshot): 200 GET http://10.180.1.21/compute/v2.1/servers/1415d886-65c0-4baf-8057-a5423052b618 0.389s
2025-03-21 01:39:54.205 68690 INFO tempest.lib.common.rest_client [req-2ee48de7-6608-4393-bace-ec556cac3dc4 req-2ee48de7-6608-4393-bace-ec556cac3dc4 ] Request (ServersNegativeTestJSON:setUpClass): 200 GET http://10.180.1.21/compute/v2.1/servers/bd5e91cf-c05e-4cd8-97e5-731f52078fe0 0.378s
2025-03-21 01:39:54.248 68672 INFO tempest.lib.common.rest_client [req-455f17f7-d3eb-4995-9126-cafb71fc709f req-455f17f7-d3eb-4995-9126-cafb71fc709f ] Request (ListImageFiltersTestJSON:setUpClass): 200 GET http://10.180.1.21/compute/v2.1/images/7a82ab90-92ac-4aab-aab4-95561ec921a3 0.383s
2025-03-21 01:39:54.312 68652 INFO tempest.lib.common.rest_client [req-39f2dc07-e4b3-4ced-a65f-1cee280253be req-39f2dc07-e4b3-4ced-a65f-1cee280253be ] Request (VolumesAssistedSnapshotsTest:tearDownClass): 200 GET http://10.180.1.21/compute/v2.1/servers/fa50f819-c843-4d45-9e76-92882eed38d1 0.363s
2025-03-21 01:39:54.317 68678 INFO tempest.lib.common.rest_client [req-ac07529e-555b-4804-aec2-ab2e7eaa2ca3 req-ac07529e-555b-4804-aec2-ab2e7eaa2ca3 ] Request (ServerDiagnosticsTest:tearDownClass): 200 GET http://10.180.1.21/compute/v2.1/servers/75e75a0a-992e-4f98-aafd-0f7ca46cb24d 0.522s
2025-03-21 01:39:54.345 68668 WARNING tempest.lib.common.ssh [-] Failed to establish authenticated ssh connection to cirros@10.180.180.215 ([Errno None] Unable to connect to port 22 on 10.180.180.215). Number attempts: 10. Retry after 11 seconds.: paramiko.ssh_exception.NoValidConnectionsError: [Errno None] Unable to connect to port 22 on 10.180.180.215
2025-03-21 01:39:54.384 68692 INFO tempest.lib.common.rest_client [req-f69e6d0a-ce3c-4836-991c-b256eec520eb req-f69e6d0a-ce3c-4836-991c-b256eec520eb ] Request (ImagesOneServerNegativeTestJSON:setUpClass): 200 GET http://10.180.1.21/compute/v2.1/servers/d709eee7-ddec-4b06-a97f-8ed587e15d7f 0.387s
2025-03-21 01:39:54.423 68672 INFO tempest.lib.common.rest_client [req-f4a148d8-ed12-46f8-bb75-54848c0fb9cc req-f4a148d8-ed12-46f8-bb75-54848c0fb9cc ] Request (ListImageFiltersTestJSON:setUpClass): 200 GET http://10.180.1.21/compute/v2.1/images/7a82ab90-92ac-4aab-aab4-95561ec921a3 0.172s
2025-03-21 01:39:54.439 68700 INFO tempest.lib.common.rest_client [req-a2a2cf49-6933-423e-a9a8-b3a3c51e42ac req-a2a2cf49-6933-423e-a9a8-b3a3c51e42ac ] Request (ServerMetadataNegativeTestJSON:setUpClass): 200 GET http://10.180.1.21/compute/v2.1/servers/480c67e5-a75c-4960-a536-34363ca0c2be 0.280s
2025-03-21 01:39:54.450 68700 INFO tempest.common.waiters [-] State transition "BUILD/networking" ==> "BUILD/block_device_mapping" after 67 second wait
2025-03-21 01:39:54.503 68710 INFO tempest.lib.common.rest_client [req-ed5216ec-2e0a-415c-a264-744a0b4db88c req-ed5216ec-2e0a-415c-a264-744a0b4db88c ] Request (ServersTestBootFromVolume:tearDownClass): 200 GET http://10.180.1.21/compute/v2.1/servers/9674d7db-9194-4376-953f-84456f99f60a 0.107s
2025-03-21 01:39:54.528 68650 INFO tempest.lib.common.rest_client [req-d774cbea-28b9-4e89-b121-95673c6f2093 req-d774cbea-28b9-4e89-b121-95673c6f2093 ] Request (InstanceActionsNegativeTestJSON:setUpClass): 200 GET http://10.180.1.21/compute/v2.1/servers/837e9a8a-5d35-4f2a-8ca0-4cbda22668e2 0.242s
2025-03-21 01:39:54.597 68662 INFO tempest.lib.common.rest_client [req-14701c1a-fe99-46b9-928c-b37bcf5a2364 req-14701c1a-fe99-46b9-928c-b37bcf5a2364 ] Request (ServersListShow2100Test:test_list_show_rebuild_update_server_2100): 200 GET http://10.180.1.21/compute/v2.1/servers/ef1fc9c1-6dc9-4150-b0e4-1ac014f50aec 0.135s
2025-03-21 01:39:54.609 68672 INFO tempest.lib.common.rest_client [req-22076768-ebd3-4816-9b5b-1484aa027b38 req-22076768-ebd3-4816-9b5b-1484aa027b38 ] Request (ListImageFiltersTestJSON:setUpClass): 200 GET http://10.180.1.21/compute/v2.1/servers/0485eeac-30fc-4f72-a109-2b6b8db1cacf 0.182s
2025-03-21 01:39:54.650 68660 INFO tempest.lib.common.rest_client [req-966833de-aa83-4514-8f6d-de6453254409 req-966833de-aa83-4514-8f6d-de6453254409 ] Request (ServerPasswordTestJSON:tearDownClass): 200 GET http://10.180.1.21/compute/v2.1/servers/6584031d-1eec-4da6-844d-9794a931d8b4 0.096s
2025-03-21 01:39:54.671 68658 INFO tempest.lib.common.rest_client [req-631b7257-5a5a-44c7-b464-aa774747f66b req-631b7257-5a5a-44c7-b464-aa774747f66b ] Request (AttachInterfacesTestJSON:test_create_list_show_delete_interfaces_by_network_port): 200 GET http://10.180.1.21/compute/v2.1/servers/758977b8-50de-42d7-b14a-cfb3bd2baf1f 0.049s
2025-03-21 01:39:54.697 68670 INFO tempest.lib.common.rest_client [req-123b5836-8a4d-439f-badb-a8460004723b req-123b5836-8a4d-439f-badb-a8460004723b ] Request (AttachVolumeTestJSON:test_attach_detach_volume): 200 GET http://10.180.1.21/compute/v2.1/servers/67155122-323b-43ef-8e47-6c960ccb2e2c 0.051s
2025-03-21 01:39:54.738 68698 INFO tempest.lib.common.rest_client [req-fcea3516-4272-49c3-a29d-ced168d20b56 req-fcea3516-4272-49c3-a29d-ced168d20b56 ] Request (ServerActionsTestOtherB:setUpClass): 200 GET http://10.180.1.21/compute/v2.1/servers/3008bfbc-9d2c-4300-96fe-7ba8bb679d58 0.053s
2025-03-21 01:39:54.763 68708 INFO tempest.lib.common.rest_client [req-38f121bc-5d66-4d76-b653-0dba5f8d441d req-38f121bc-5d66-4d76-b653-0dba5f8d441d ] Request (ServersTestJSON:test_create_server_with_ipv6_addr_only): 200 GET http://10.180.1.21/compute/v2.1/servers/472e8ff8-1070-485f-8a4c-14ad4c950ffc 0.050s
2025-03-21 01:39:54.939 68664 INFO tempest.lib.common.rest_client [req-140e2abb-6cc6-426f-b469-a95a1320388f req-140e2abb-6cc6-426f-b469-a95a1320388f ] Request (ServersAdminNegativeTestJSON:test_migrate_server_invalid_state): 200 GET http://10.180.1.21/compute/v2.1/servers/029822a1-dfac-4b58-9126-7fb7f088358c 0.137s
2025-03-21 01:39:55.086 68712 INFO tempest.lib.common.rest_client [req-d7b85eee-c9d1-41f3-9ab2-2c391bbf6bde req-d7b85eee-c9d1-41f3-9ab2-2c391bbf6bde ] Request (ServersTestMultiNic:_run_cleanups): 200 GET http://10.180.1.21/compute/v2.1/servers/7877d79b-00aa-4e53-b0ba-0bbcc419f987 0.073s
2025-03-21 01:39:55.091 68694 INFO tempest.lib.common.rest_client [req-22a860a4-c1ae-4ff0-9a61-60c1d684e7d7 req-22a860a4-c1ae-4ff0-9a61-60c1d684e7d7 ] Request (SecurityGroupsTestJSON:test_server_security_groups): 200 GET http://10.180.1.21/compute/v2.1/servers/78aae103-936e-4ca8-823f-547c4548a8e7 0.153s
2025-03-21 01:39:55.100 68694 INFO tempest.common.waiters [-] State transition "HARD_REBOOT/rebooting_hard" ==> "HARD_REBOOT/reboot_started_hard" after 4 second wait
2025-03-21 01:39:55.184 68686 INFO tempest.lib.common.rest_client [req-357918dd-70df-4a22-8293-b4924fdca345 req-357918dd-70df-4a22-8293-b4924fdca345 ] Request (MultipleCreateTestJSON:test_multiple_create_with_reservation_return): 200 GET http://10.180.1.21/compute/v2.1/servers/8034e46d-fc88-4e73-8a33-d026296b368b 0.093s
2025-03-21 01:39:55.193 68666 INFO tempest.lib.common.rest_client [req-d3b06528-e2d2-4e0e-90e8-62c13a2c6382 req-d3b06528-e2d2-4e0e-90e8-62c13a2c6382 ] Request (ServerDiskConfigTestJSON:test_rebuild_server_with_manual_disk_config): 200 GET http://10.180.1.21/compute/v2.1/servers/438f06d5-8a39-4c36-abdf-18dfc2aeaed5 0.169s
2025-03-21 01:39:55.242 68688 INFO tempest.lib.common.rest_client [req-6fa33482-029e-486e-9648-095132c7c405 req-6fa33482-029e-486e-9648-095132c7c405 ] Request (DeleteServersTestJSON:test_delete_server_while_in_attached_volume): 200 GET http://10.180.1.21/compute/v2.1/servers/0c72dd9e-1ac7-4d6d-a18c-f659e39894d0 0.084s
2025-03-21 01:39:55.290 68654 INFO tempest.lib.common.rest_client [req-1e1287a3-11a4-4559-8a57-6dcfaf7edbb0 req-1e1287a3-11a4-4559-8a57-6dcfaf7edbb0 ] Request (ImagesTestJSON:test_create_server_from_snapshot): 200 GET http://10.180.1.21/compute/v2.1/servers/1415d886-65c0-4baf-8057-a5423052b618 0.122s
2025-03-21 01:39:55.298 68707 INFO tempest.lib.common.rest_client [req-be4b0f86-ce4d-4261-8dc0-fb03e18f6416 req-be4b0f86-ce4d-4261-8dc0-fb03e18f6416 ] Request (MigrationsAdminTest:test_list_migrations_in_flavor_resize_situation): 200 GET http://10.180.1.21/compute/v2.1/servers/e48db1db-3dd4-474c-8dd0-ec6760eab67d 0.183s
2025-03-21 01:39:55.339 68690 INFO tempest.lib.common.rest_client [req-2fbc3508-7428-4d28-94b9-9105783e36c8 req-2fbc3508-7428-4d28-94b9-9105783e36c8 ] Request (ServersNegativeTestJSON:setUpClass): 200 GET http://10.180.1.21/compute/v2.1/servers/bd5e91cf-c05e-4cd8-97e5-731f52078fe0 0.126s
2025-03-21 01:39:55.380 68652 INFO tempest.lib.common.rest_client [req-3965284b-5ed3-4c8d-af42-341a8e9b80af req-3965284b-5ed3-4c8d-af42-341a8e9b80af ] Request (VolumesAssistedSnapshotsTest:tearDownClass): 200 GET http://10.180.1.21/compute/v2.1/servers/fa50f819-c843-4d45-9e76-92882eed38d1 0.060s
2025-03-21 01:39:55.441 68678 INFO tempest.lib.common.rest_client [req-621bf807-5b84-4652-87ab-d1b474e16541 req-621bf807-5b84-4652-87ab-d1b474e16541 ] Request (ServerDiagnosticsTest:tearDownClass): 200 GET http://10.180.1.21/compute/v2.1/servers/75e75a0a-992e-4f98-aafd-0f7ca46cb24d 0.116s
2025-03-21 01:39:55.445 68692 INFO tempest.lib.common.rest_client [req-1734c650-a688-4f9b-ac17-0b61f459ef9a req-1734c650-a688-4f9b-ac17-0b61f459ef9a ] Request (ImagesOneServerNegativeTestJSON:setUpClass): 200 GET http://10.180.1.21/compute/v2.1/servers/d709eee7-ddec-4b06-a97f-8ed587e15d7f 0.052s
2025-03-21 01:39:55.573 68700 INFO tempest.lib.common.rest_client [req-c94890f3-1a7d-4176-8e00-5bd794bbbea4 req-c94890f3-1a7d-4176-8e00-5bd794bbbea4 ] Request (ServerMetadataNegativeTestJSON:setUpClass): 200 GET http://10.180.1.21/compute/v2.1/servers/480c67e5-a75c-4960-a536-34363ca0c2be 0.122s
2025-03-21 01:39:55.581 68700 INFO tempest.common.waiters [-] State transition "BUILD/block_device_mapping" ==> "BUILD/spawning" after 68 second wait
2025-03-21 01:39:55.589 68710 INFO tempest.lib.common.rest_client [req-0e91f53b-b076-4ff8-967c-f32028f30ef6 req-0e91f53b-b076-4ff8-967c-f32028f30ef6 ] Request (ServersTestBootFromVolume:tearDownClass): 200 GET http://10.180.1.21/compute/v2.1/servers/9674d7db-9194-4376-953f-84456f99f60a 0.076s
2025-03-21 01:39:55.703 68650 INFO tempest.lib.common.rest_client [req-193ae9f4-8004-4f32-b919-79f5dc1331e3 req-193ae9f4-8004-4f32-b919-79f5dc1331e3 ] Request (InstanceActionsNegativeTestJSON:setUpClass): 200 GET http://10.180.1.21/compute/v2.1/servers/837e9a8a-5d35-4f2a-8ca0-4cbda22668e2 0.164s
2025-03-21 01:39:55.713 68662 INFO tempest.lib.common.rest_client [req-f367be03-1c04-4e23-a361-03fb4bf30346 req-f367be03-1c04-4e23-a361-03fb4bf30346 ] Request (ServersListShow2100Test:test_list_show_rebuild_update_server_2100): 200 GET http://10.180.1.21/compute/v2.1/servers/ef1fc9c1-6dc9-4150-b0e4-1ac014f50aec 0.102s
2025-03-21 01:39:55.781 68660 INFO tempest.lib.common.rest_client [req-2bedc095-550c-4280-8171-8d850366d431 req-2bedc095-550c-4280-8171-8d850366d431 ] Request (ServerPasswordTestJSON:tearDownClass): 200 GET http://10.180.1.21/compute/v2.1/servers/6584031d-1eec-4da6-844d-9794a931d8b4 0.122s
2025-03-21 01:39:55.834 68672 INFO tempest.lib.common.rest_client [req-e1048928-5a3a-40d2-a512-a979c3e7079e req-e1048928-5a3a-40d2-a512-a979c3e7079e ] Request (ListImageFiltersTestJSON:setUpClass): 200 GET http://10.180.1.21/compute/v2.1/servers/0485eeac-30fc-4f72-a109-2b6b8db1cacf 0.216s
2025-03-21 01:39:55.858 68658 INFO tempest.lib.common.rest_client [req-98c40ef3-a034-4a97-8c1a-826b03b1f13e req-98c40ef3-a034-4a97-8c1a-826b03b1f13e ] Request (AttachInterfacesTestJSON:test_create_list_show_delete_interfaces_by_network_port): 200 GET http://10.180.1.21/compute/v2.1/servers/758977b8-50de-42d7-b14a-cfb3bd2baf1f 0.175s
2025-03-21 01:39:55.896 68670 INFO tempest.lib.common.rest_client [req-64f9b5ce-c85b-4a2e-a7a5-afd779a21727 req-64f9b5ce-c85b-4a2e-a7a5-afd779a21727 ] Request (AttachVolumeTestJSON:test_attach_detach_volume): 200 GET http://10.180.1.21/compute/v2.1/servers/67155122-323b-43ef-8e47-6c960ccb2e2c 0.191s
2025-03-21 01:39:55.926 68698 INFO tempest.lib.common.rest_client [req-cd9a896c-cfda-40b1-9385-d9d951009aa9 req-cd9a896c-cfda-40b1-9385-d9d951009aa9 ] Request (ServerActionsTestOtherB:setUpClass): 200 GET http://10.180.1.21/compute/v2.1/servers/3008bfbc-9d2c-4300-96fe-7ba8bb679d58 0.179s
2025-03-21 01:39:55.988 68708 INFO tempest.lib.common.rest_client [req-2216fb90-ca08-43e2-bbb2-0f647b4fb45b req-2216fb90-ca08-43e2-bbb2-0f647b4fb45b ] Request (ServersTestJSON:test_create_server_with_ipv6_addr_only): 200 GET http://10.180.1.21/compute/v2.1/servers/472e8ff8-1070-485f-8a4c-14ad4c950ffc 0.216s
2025-03-21 01:39:55.996 68708 INFO tempest.common.waiters [-] State transition "BUILD/None" ==> "BUILD/networking" after 64 second wait
2025-03-21 01:39:56.084 68664 INFO tempest.lib.common.rest_client [req-fa5c524a-a3ed-4039-976c-c6d0ecb47054 req-fa5c524a-a3ed-4039-976c-c6d0ecb47054 ] Request (ServersAdminNegativeTestJSON:test_migrate_server_invalid_state): 200 GET http://10.180.1.21/compute/v2.1/servers/029822a1-dfac-4b58-9126-7fb7f088358c 0.134s
2025-03-21 01:39:56.169 68712 INFO tempest.lib.common.rest_client [req-1accea63-96e2-4bfa-9f09-6757ec279c96 req-1accea63-96e2-4bfa-9f09-6757ec279c96 ] Request (ServersTestMultiNic:_run_cleanups): 200 GET http://10.180.1.21/compute/v2.1/servers/7877d79b-00aa-4e53-b0ba-0bbcc419f987 0.073s
2025-03-21 01:39:56.228 68694 INFO tempest.lib.common.rest_client [req-1fe27639-8aa8-4158-b6f3-f8c9b5c96fe0 req-1fe27639-8aa8-4158-b6f3-f8c9b5c96fe0 ] Request (SecurityGroupsTestJSON:test_server_security_groups): 200 GET http://10.180.1.21/compute/v2.1/servers/78aae103-936e-4ca8-823f-547c4548a8e7 0.127s
2025-03-21 01:39:56.236 68694 INFO tempest.common.waiters [-] State transition "HARD_REBOOT/reboot_started_hard" ==> "ACTIVE/None" after 5 second wait
2025-03-21 01:39:56.260 68686 INFO tempest.lib.common.rest_client [req-fb83b45a-7def-46b2-a8b3-fa08e5aabcbf req-fb83b45a-7def-46b2-a8b3-fa08e5aabcbf ] Request (MultipleCreateTestJSON:test_multiple_create_with_reservation_return): 200 GET http://10.180.1.21/compute/v2.1/servers/8034e46d-fc88-4e73-8a33-d026296b368b 0.066s
2025-03-21 01:39:56.364 68666 INFO tempest.lib.common.rest_client [req-19aaf926-e277-4856-a9f4-c179936b5f49 req-19aaf926-e277-4856-a9f4-c179936b5f49 ] Request (ServerDiskConfigTestJSON:test_rebuild_server_with_manual_disk_config): 200 GET http://10.180.1.21/compute/v2.1/servers/438f06d5-8a39-4c36-abdf-18dfc2aeaed5 0.161s
2025-03-21 01:39:56.425 68688 INFO tempest.lib.common.rest_client [req-a46e58e3-7e8f-4f9d-a4e9-0a6cb55a3657 req-a46e58e3-7e8f-4f9d-a4e9-0a6cb55a3657 ] Request (DeleteServersTestJSON:test_delete_server_while_in_attached_volume): 200 GET http://10.180.1.21/compute/v2.1/servers/0c72dd9e-1ac7-4d6d-a18c-f659e39894d0 0.172s
2025-03-21 01:39:56.491 68654 INFO tempest.lib.common.rest_client [req-8839aefe-a947-4fd9-9567-008fa1b6a80a req-8839aefe-a947-4fd9-9567-008fa1b6a80a ] Request (ImagesTestJSON:test_create_server_from_snapshot): 200 GET http://10.180.1.21/compute/v2.1/servers/1415d886-65c0-4baf-8057-a5423052b618 0.192s
2025-03-21 01:39:56.601 68707 INFO tempest.lib.common.rest_client [req-82a4c92d-1e8a-4a08-8945-9eb94a8c7a11 req-82a4c92d-1e8a-4a08-8945-9eb94a8c7a11 ] Request (MigrationsAdminTest:test_list_migrations_in_flavor_resize_situation): 200 GET http://10.180.1.21/compute/v2.1/servers/e48db1db-3dd4-474c-8dd0-ec6760eab67d 0.295s
2025-03-21 01:39:56.611 68707 INFO tempest.common.waiters [-] State transition "BUILD/spawning" ==> "ACTIVE/None" after 75 second wait
2025-03-21 01:39:56.654 68690 INFO tempest.lib.common.rest_client [req-ee11dfc8-a30d-42d8-b80c-4d21bdfe5493 req-ee11dfc8-a30d-42d8-b80c-4d21bdfe5493 ] Request (ServersNegativeTestJSON:setUpClass): 200 GET http://10.180.1.21/compute/v2.1/servers/bd5e91cf-c05e-4cd8-97e5-731f52078fe0 0.306s
2025-03-21 01:39:56.711 68652 INFO tempest.lib.common.rest_client [req-b4185234-a75d-4fd8-a577-b3e039cd7df0 req-b4185234-a75d-4fd8-a577-b3e039cd7df0 ] Request (VolumesAssistedSnapshotsTest:tearDownClass): 200 GET http://10.180.1.21/compute/v2.1/servers/fa50f819-c843-4d45-9e76-92882eed38d1 0.323s
2025-03-21 01:39:56.762 68678 INFO tempest.lib.common.rest_client [req-8d006a80-1056-4625-975a-f3f672e10b8f req-8d006a80-1056-4625-975a-f3f672e10b8f ] Request (ServerDiagnosticsTest:tearDownClass): 200 GET http://10.180.1.21/compute/v2.1/servers/75e75a0a-992e-4f98-aafd-0f7ca46cb24d 0.312s
2025-03-21 01:39:56.811 68692 INFO tempest.lib.common.rest_client [req-1e40f48c-7fef-4dea-aca5-4ddfcdd0780e req-1e40f48c-7fef-4dea-aca5-4ddfcdd0780e ] Request (ImagesOneServerNegativeTestJSON:setUpClass): 200 GET http://10.180.1.21/compute/v2.1/servers/d709eee7-ddec-4b06-a97f-8ed587e15d7f 0.358s
2025-03-21 01:39:56.899 68694 INFO tempest.lib.common.rest_client [req-45c8a4fa-2063-4030-9b00-156544cea33b req-45c8a4fa-2063-4030-9b00-156544cea33b ] Request (SecurityGroupsTestJSON:test_server_security_groups): 202 POST http://10.180.1.21/compute/v2.1/servers/78aae103-936e-4ca8-823f-547c4548a8e7/action 0.663s
2025-03-21 01:39:56.930 68700 INFO tempest.lib.common.rest_client [req-452be3aa-8e88-4d19-8604-8de70fd23480 req-452be3aa-8e88-4d19-8604-8de70fd23480 ] Request (ServerMetadataNegativeTestJSON:setUpClass): 200 GET http://10.180.1.21/compute/v2.1/servers/480c67e5-a75c-4960-a536-34363ca0c2be 0.348s
2025-03-21 01:39:56.980 68710 INFO tempest.lib.common.rest_client [req-813d0a45-075e-404c-876e-fdf5160fe233 req-813d0a45-075e-404c-876e-fdf5160fe233 ] Request (ServersTestBootFromVolume:tearDownClass): 200 GET http://10.180.1.21/compute/v2.1/servers/9674d7db-9194-4376-953f-84456f99f60a 0.382s
2025-03-21 01:39:57.097 68650 INFO tempest.lib.common.rest_client [req-57d7eb81-fe30-4918-b686-954cd9688c8e req-57d7eb81-fe30-4918-b686-954cd9688c8e ] Request (InstanceActionsNegativeTestJSON:setUpClass): 200 GET http://10.180.1.21/compute/v2.1/servers/837e9a8a-5d35-4f2a-8ca0-4cbda22668e2 0.380s
2025-03-21 01:39:57.126 68707 INFO tempest.lib.common.rest_client [req-d72d9400-cf39-480c-873a-ead6072bfe19 req-d72d9400-cf39-480c-873a-ead6072bfe19 ] Request (MigrationsAdminTest:test_list_migrations_in_flavor_resize_situation): 202 POST http://10.180.1.21/compute/v2.1/servers/e48db1db-3dd4-474c-8dd0-ec6760eab67d/action 0.514s
2025-03-21 01:39:57.164 68662 INFO tempest.lib.common.rest_client [req-32bc5c19-f657-46e4-ad62-3da6bd0a40fd req-32bc5c19-f657-46e4-ad62-3da6bd0a40fd ] Request (ServersListShow2100Test:test_list_show_rebuild_update_server_2100): 200 GET http://10.180.1.21/compute/v2.1/servers/ef1fc9c1-6dc9-4150-b0e4-1ac014f50aec 0.437s
2025-03-21 01:39:57.191 68660 INFO tempest.lib.common.rest_client [req-1d295a2f-dcfc-41dd-a3fb-7f3a8b780b78 req-1d295a2f-dcfc-41dd-a3fb-7f3a8b780b78 ] Request (ServerPasswordTestJSON:tearDownClass): 200 GET http://10.180.1.21/compute/v2.1/servers/6584031d-1eec-4da6-844d-9794a931d8b4 0.397s
2025-03-21 01:39:57.245 68658 INFO tempest.lib.common.rest_client [req-14fd3ecc-8aa0-424c-8c02-39054a675e31 req-14fd3ecc-8aa0-424c-8c02-39054a675e31 ] Request (AttachInterfacesTestJSON:test_create_list_show_delete_interfaces_by_network_port): 200 GET http://10.180.1.21/compute/v2.1/servers/758977b8-50de-42d7-b14a-cfb3bd2baf1f 0.378s
2025-03-21 01:39:57.259 68672 INFO tempest.lib.common.rest_client [req-22f23fbe-028d-4255-bd1c-9bbfecac5402 req-22f23fbe-028d-4255-bd1c-9bbfecac5402 ] Request (ListImageFiltersTestJSON:setUpClass): 200 GET http://10.180.1.21/compute/v2.1/servers/0485eeac-30fc-4f72-a109-2b6b8db1cacf 0.416s
2025-03-21 01:39:57.268 68672 INFO tempest.common.waiters [-] State transition "ACTIVE/image_uploading" ==> "ACTIVE/None" after 3 second wait
2025-03-21 01:39:57.304 68694 INFO tempest.lib.common.rest_client [req-34629951-d42d-491f-92f9-f9fc0b2c3e28 req-34629951-d42d-491f-92f9-f9fc0b2c3e28 ] Request (SecurityGroupsTestJSON:test_server_security_groups): 400 DELETE http://10.180.1.21/compute/v2.1/os-security-groups/f9a2c4d3-2833-40ad-887d-f39d2897d70f 0.404s
2025-03-21 01:39:57.311 68670 INFO tempest.lib.common.rest_client [req-b8fa70bc-d1bf-4320-884d-92085248825d req-b8fa70bc-d1bf-4320-884d-92085248825d ] Request (AttachVolumeTestJSON:test_attach_detach_volume): 200 GET http://10.180.1.21/compute/v2.1/servers/67155122-323b-43ef-8e47-6c960ccb2e2c 0.407s
2025-03-21 01:39:57.356 68698 INFO tempest.lib.common.rest_client [req-8694809d-24c6-4244-b833-4ae530041879 req-8694809d-24c6-4244-b833-4ae530041879 ] Request (ServerActionsTestOtherB:setUpClass): 200 GET http://10.180.1.21/compute/v2.1/servers/3008bfbc-9d2c-4300-96fe-7ba8bb679d58 0.417s
2025-03-21 01:39:57.423 68708 INFO tempest.lib.common.rest_client [req-7abd9830-d209-49b3-96eb-516edfd8bb9a req-7abd9830-d209-49b3-96eb-516edfd8bb9a ] Request (ServersTestJSON:test_create_server_with_ipv6_addr_only): 200 GET http://10.180.1.21/compute/v2.1/servers/472e8ff8-1070-485f-8a4c-14ad4c950ffc 0.425s
2025-03-21 01:39:57.430 68708 INFO tempest.common.waiters [-] State transition "BUILD/networking" ==> "BUILD/spawning" after 66 second wait
2025-03-21 01:39:57.458 68664 INFO tempest.lib.common.rest_client [req-30a4e2c8-eb81-44b3-bc7c-8a2a95b8ecf8 req-30a4e2c8-eb81-44b3-bc7c-8a2a95b8ecf8 ] Request (ServersAdminNegativeTestJSON:test_migrate_server_invalid_state): 200 GET http://10.180.1.21/compute/v2.1/servers/029822a1-dfac-4b58-9126-7fb7f088358c 0.361s
2025-03-21 01:39:57.464 68702 WARNING tempest.lib.common.ssh [-] Failed to establish authenticated ssh connection to cirros@10.180.180.167 ([Errno None] Unable to connect to port 22 on 10.180.180.167). Number attempts: 14. Retry after 15 seconds.: paramiko.ssh_exception.NoValidConnectionsError: [Errno None] Unable to connect to port 22 on 10.180.180.167
2025-03-21 01:39:57.515 68712 INFO tempest.lib.common.rest_client [req-1cf4b67b-d88b-4264-a668-7316683f495b req-1cf4b67b-d88b-4264-a668-7316683f495b ] Request (ServersTestMultiNic:_run_cleanups): 200 GET http://10.180.1.21/compute/v2.1/servers/7877d79b-00aa-4e53-b0ba-0bbcc419f987 0.339s
2025-03-21 01:39:57.517 68707 INFO tempest.lib.common.rest_client [req-900c0a86-4097-4f4d-ab67-16f3d23bde9b req-900c0a86-4097-4f4d-ab67-16f3d23bde9b ] Request (MigrationsAdminTest:test_list_migrations_in_flavor_resize_situation): 200 GET http://10.180.1.21/compute/v2.1/servers/e48db1db-3dd4-474c-8dd0-ec6760eab67d 0.390s
2025-03-21 01:39:57.576 68686 INFO tempest.lib.common.rest_client [req-0539d3d0-3ca0-4c87-8db1-d6c4155143ea req-0539d3d0-3ca0-4c87-8db1-d6c4155143ea ] Request (MultipleCreateTestJSON:test_multiple_create_with_reservation_return): 200 GET http://10.180.1.21/compute/v2.1/servers/8034e46d-fc88-4e73-8a33-d026296b368b 0.303s
2025-03-21 01:39:57.669 68694 INFO tempest.lib.common.rest_client [req-4dd0108d-743b-43a4-9914-7fb6b6ac77fa req-4dd0108d-743b-43a4-9914-7fb6b6ac77fa ] Request (SecurityGroupsTestJSON:test_server_security_groups): 204 DELETE http://10.180.1.21/compute/v2.1/servers/78aae103-936e-4ca8-823f-547c4548a8e7 0.365s
2025-03-21 01:39:57.774 68666 INFO tempest.lib.common.rest_client [req-2b22739e-1e84-4dc7-8148-7670ad837629 req-2b22739e-1e84-4dc7-8148-7670ad837629 ] Request (ServerDiskConfigTestJSON:test_rebuild_server_with_manual_disk_config): 200 GET http://10.180.1.21/compute/v2.1/servers/438f06d5-8a39-4c36-abdf-18dfc2aeaed5 0.402s
2025-03-21 01:39:57.826 68688 INFO tempest.lib.common.rest_client [req-43f204d3-764d-4cd8-a093-a03ce08b4cde req-43f204d3-764d-4cd8-a093-a03ce08b4cde ] Request (DeleteServersTestJSON:test_delete_server_while_in_attached_volume): 200 GET http://10.180.1.21/compute/v2.1/servers/0c72dd9e-1ac7-4d6d-a18c-f659e39894d0 0.393s
2025-03-21 01:39:57.879 68654 INFO tempest.lib.common.rest_client [req-3d2c5544-a22c-42a3-a977-52c4e1ec2c76 req-3d2c5544-a22c-42a3-a977-52c4e1ec2c76 ] Request (ImagesTestJSON:test_create_server_from_snapshot): 200 GET http://10.180.1.21/compute/v2.1/servers/1415d886-65c0-4baf-8057-a5423052b618 0.377s
2025-03-21 01:39:57.963 68672 INFO tempest.lib.common.rest_client [req-09953651-304d-4414-9d12-bf596c279537 req-09953651-304d-4414-9d12-bf596c279537 ] Request (ListImageFiltersTestJSON:setUpClass): 202 POST http://10.180.1.21/compute/v2.1/servers/02e576a6-5caa-4fd1-82ae-b82f14750b5c/action 0.695s
2025-03-21 01:39:57.970 68690 INFO tempest.lib.common.rest_client [req-97dc69a6-4ebf-49b1-acd5-8cc299bd0646 req-97dc69a6-4ebf-49b1-acd5-8cc299bd0646 ] Request (ServersNegativeTestJSON:setUpClass): 200 GET http://10.180.1.21/compute/v2.1/servers/bd5e91cf-c05e-4cd8-97e5-731f52078fe0 0.305s
2025-03-21 01:39:58.031 68652 INFO tempest.lib.common.rest_client [req-bbee0358-8afc-4473-b850-72e0d620ba18 req-bbee0358-8afc-4473-b850-72e0d620ba18 ] Request (VolumesAssistedSnapshotsTest:tearDownClass): 200 GET http://10.180.1.21/compute/v2.1/servers/fa50f819-c843-4d45-9e76-92882eed38d1 0.311s
2025-03-21 01:39:58.078 68694 INFO tempest.lib.common.rest_client [req-9c11e905-12d1-4ad8-b255-94224dc0475b req-9c11e905-12d1-4ad8-b255-94224dc0475b ] Request (SecurityGroupsTestJSON:test_server_security_groups): 200 GET http://10.180.1.21/compute/v2.1/servers/78aae103-936e-4ca8-823f-547c4548a8e7 0.408s
2025-03-21 01:39:58.109 68678 INFO tempest.lib.common.rest_client [req-c91f49b9-5825-40df-b1bc-a4d5d2a8188b req-c91f49b9-5825-40df-b1bc-a4d5d2a8188b ] Request (ServerDiagnosticsTest:tearDownClass): 200 GET http://10.180.1.21/compute/v2.1/servers/75e75a0a-992e-4f98-aafd-0f7ca46cb24d 0.340s
2025-03-21 01:39:58.115 68678 INFO tempest.common.waiters [-] State transition "ACTIVE/deleting" ==> "DELETED/None" after 4 second wait
2025-03-21 01:39:58.129 68692 INFO tempest.lib.common.rest_client [req-92e02be8-f9cc-4db5-9be8-67cb1a1621b7 req-92e02be8-f9cc-4db5-9be8-67cb1a1621b7 ] Request (ImagesOneServerNegativeTestJSON:setUpClass): 200 GET http://10.180.1.21/compute/v2.1/servers/d709eee7-ddec-4b06-a97f-8ed587e15d7f 0.307s
2025-03-21 01:39:58.157 68672 INFO tempest.lib.common.rest_client [req-50fda25c-a7f1-4e5e-a151-c2bec074f3a2 req-50fda25c-a7f1-4e5e-a151-c2bec074f3a2 ] Request (ListImageFiltersTestJSON:setUpClass): 200 GET http://10.180.1.21/compute/v2.1/images/0cf06cb8-9c1e-4a1c-b3ce-fc66e7cac548 0.192s
2025-03-21 01:39:58.177 68710 INFO tempest.lib.common.rest_client [req-c9ce7ffe-5806-4ae4-91fd-2134f6fe7b2a req-c9ce7ffe-5806-4ae4-91fd-2134f6fe7b2a ] Request (ServersTestBootFromVolume:tearDownClass): 404 GET http://10.180.1.21/compute/v2.1/servers/9674d7db-9194-4376-953f-84456f99f60a 0.189s
2025-03-21 01:39:58.200 68700 INFO tempest.lib.common.rest_client [req-271cdfb2-2475-48de-bc6d-f98fa8022de4 req-271cdfb2-2475-48de-bc6d-f98fa8022de4 ] Request (ServerMetadataNegativeTestJSON:setUpClass): 200 GET http://10.180.1.21/compute/v2.1/servers/480c67e5-a75c-4960-a536-34363ca0c2be 0.258s
2025-03-21 01:39:58.262 68662 INFO tempest.lib.common.rest_client [req-c68927ec-4b81-497f-acbd-988290b2a3e6 req-c68927ec-4b81-497f-acbd-988290b2a3e6 ] Request (ServersListShow2100Test:test_list_show_rebuild_update_server_2100): 200 GET http://10.180.1.21/compute/v2.1/servers/ef1fc9c1-6dc9-4150-b0e4-1ac014f50aec 0.084s
2025-03-21 01:39:58.278 68710 INFO tempest.lib.common.rest_client [req-d3c569eb-1f6f-4df1-9147-a63ed1b5458b req-d3c569eb-1f6f-4df1-9147-a63ed1b5458b ] Request (ServersTestBootFromVolume:tearDownClass): 202 DELETE http://10.180.1.21/compute/v2.1/os-keypairs/tempest-keypair-2027773096 0.100s
2025-03-21 01:39:58.316 68650 INFO tempest.lib.common.rest_client [req-cab0d888-1853-4a59-aab9-d90a6d964f53 req-cab0d888-1853-4a59-aab9-d90a6d964f53 ] Request (InstanceActionsNegativeTestJSON:setUpClass): 200 GET http://10.180.1.21/compute/v2.1/servers/837e9a8a-5d35-4f2a-8ca0-4cbda22668e2 0.210s
2025-03-21 01:39:58.325 68650 INFO tempest.common.waiters [-] State transition "BUILD/spawning" ==> "ACTIVE/None" after 76 second wait
2025-03-21 01:39:58.350 68660 INFO tempest.lib.common.rest_client [req-260df578-010a-4c30-ae30-321abd6a41ed req-260df578-010a-4c30-ae30-321abd6a41ed ] Request (ServerPasswordTestJSON:tearDownClass): 200 GET http://10.180.1.21/compute/v2.1/servers/6584031d-1eec-4da6-844d-9794a931d8b4 0.150s
2025-03-21 01:39:58.367 68658 INFO tempest.lib.common.rest_client [req-93f26b8e-e4be-4968-a61d-f1a41b8159ca req-93f26b8e-e4be-4968-a61d-f1a41b8159ca ] Request (AttachInterfacesTestJSON:test_create_list_show_delete_interfaces_by_network_port): 200 GET http://10.180.1.21/compute/v2.1/servers/758977b8-50de-42d7-b14a-cfb3bd2baf1f 0.113s
2025-03-21 01:39:58.389 68710 INFO tempest.lib.common.rest_client [req-fd42a0db-41c5-4933-af0a-461c8879be64 req-fd42a0db-41c5-4933-af0a-461c8879be64 ] Request (ServersTestBootFromVolume:tearDownClass): 204 DELETE http://10.180.1.21:9696/networking/v2.0/security-groups/20d37e4e-a935-4d9f-8575-054f81cad641 0.111s
2025-03-21 01:39:58.397 68650 INFO tempest.lib.common.rest_client [req-0e07bccc-0d8e-4ce8-8799-f48132810d35 req-0e07bccc-0d8e-4ce8-8799-f48132810d35 ] Request (InstanceActionsNegativeTestJSON:test_get_instance_action_invalid_request): 404 GET http://10.180.1.21/compute/v2.1/servers/837e9a8a-5d35-4f2a-8ca0-4cbda22668e2/os-instance-actions/999 0.067s
2025-03-21 01:39:58.402 68710 INFO tempest.lib.common.rest_client [req-8b7ebb2b-23f4-4729-9f8c-eeabc77b6cf0 req-8b7ebb2b-23f4-4729-9f8c-eeabc77b6cf0 ] Request (ServersTestBootFromVolume:tearDownClass): 404 GET http://10.180.1.21:9696/networking/v2.0/security-groups/20d37e4e-a935-4d9f-8575-054f81cad641 0.012s
2025-03-21 01:39:58.411 68670 INFO tempest.lib.common.rest_client [req-e721acc9-f163-4a01-b110-46224c0f76dd req-e721acc9-f163-4a01-b110-46224c0f76dd ] Request (AttachVolumeTestJSON:test_attach_detach_volume): 200 GET http://10.180.1.21/compute/v2.1/servers/67155122-323b-43ef-8e47-6c960ccb2e2c 0.092s
2025-03-21 01:39:58.421 68650 INFO tempest.lib.common.rest_client [req-43332bfb-04f0-4a00-80eb-edf7f4cac390 req-43332bfb-04f0-4a00-80eb-edf7f4cac390 ] Request (InstanceActionsNegativeTestJSON:test_list_instance_actions_non_existent_server): 404 GET http://10.180.1.21/compute/v2.1/servers/5a61f14b-db35-472d-bcb3-e74320341320/os-instance-actions 0.020s
2025-03-21 01:39:58.506 68650 INFO tempest.lib.common.rest_client [req-012108d9-4f47-4f4a-b8e0-335f1cd80b58 req-012108d9-4f47-4f4a-b8e0-335f1cd80b58 ] Request (InstanceActionsNegativeTestJSON:tearDownClass): 204 DELETE http://10.180.1.21/compute/v2.1/servers/837e9a8a-5d35-4f2a-8ca0-4cbda22668e2 0.084s
2025-03-21 01:39:58.551 68704 WARNING tempest.lib.common.ssh [-] Failed to establish authenticated ssh connection to cirros@10.180.180.154 ([Errno None] Unable to connect to port 22 on 10.180.180.154). Number attempts: 3. Retry after 4 seconds.: paramiko.ssh_exception.NoValidConnectionsError: [Errno None] Unable to connect to port 22 on 10.180.180.154
2025-03-21 01:39:58.624 68708 INFO tempest.lib.common.rest_client [req-8d2ffb9a-6fb4-4020-8df3-6bab800b8a9b req-8d2ffb9a-6fb4-4020-8df3-6bab800b8a9b ] Request (ServersTestJSON:test_create_server_with_ipv6_addr_only): 200 GET http://10.180.1.21/compute/v2.1/servers/472e8ff8-1070-485f-8a4c-14ad4c950ffc 0.193s
2025-03-21 01:39:58.654 68710 INFO tempest.lib.common.rest_client [req-ad627f6a-8083-4aa6-bbf0-26a18d439bac req-ad627f6a-8083-4aa6-bbf0-26a18d439bac ] Request (ServersTestBootFromVolume:tearDownClass): 204 DELETE http://10.180.1.21:9696/networking/v2.0/floatingips/ae86e7d1-006f-448d-8944-d42320fa9950 0.251s
2025-03-21 01:39:58.724 68698 INFO tempest.lib.common.rest_client [req-ed774519-4140-4443-86e2-8b993194f2b6 req-ed774519-4140-4443-86e2-8b993194f2b6 ] Request (ServerActionsTestOtherB:setUpClass): 200 GET http://10.180.1.21/compute/v2.1/servers/3008bfbc-9d2c-4300-96fe-7ba8bb679d58 0.359s
2025-03-21 01:39:58.763 68664 INFO tempest.lib.common.rest_client [req-c2779b58-4736-460b-b962-ec2053aa66f7 req-c2779b58-4736-460b-b962-ec2053aa66f7 ] Request (ServersAdminNegativeTestJSON:test_migrate_server_invalid_state): 200 GET http://10.180.1.21/compute/v2.1/servers/029822a1-dfac-4b58-9126-7fb7f088358c 0.297s
2025-03-21 01:39:58.763 68684 INFO paramiko.transport [-] Connected (version 2.0, client dropbear_2020.81)
2025-03-21 01:39:58.828 68712 INFO tempest.lib.common.rest_client [req-571d1ada-a25c-4b3a-8f3c-cde1ca32447a req-571d1ada-a25c-4b3a-8f3c-cde1ca32447a ] Request (ServersTestMultiNic:_run_cleanups): 200 GET http://10.180.1.21/compute/v2.1/servers/7877d79b-00aa-4e53-b0ba-0bbcc419f987 0.306s
2025-03-21 01:39:58.857 68650 INFO tempest.lib.common.rest_client [req-faec3127-fa00-40b7-9069-09d121531bb0 req-faec3127-fa00-40b7-9069-09d121531bb0 ] Request (InstanceActionsNegativeTestJSON:tearDownClass): 200 GET http://10.180.1.21/compute/v2.1/servers/837e9a8a-5d35-4f2a-8ca0-4cbda22668e2 0.349s
2025-03-21 01:39:58.877 68684 INFO paramiko.transport [-] Authentication (publickey) successful!
2025-03-21 01:39:58.877 68684 INFO tempest.lib.common.ssh [-] ssh connection to cirros@10.180.180.179 successfully created
2025-03-21 01:39:58.918 68686 INFO tempest.lib.common.rest_client [req-46214a0d-8879-4472-a402-68b83b963a2a req-46214a0d-8879-4472-a402-68b83b963a2a ] Request (MultipleCreateTestJSON:test_multiple_create_with_reservation_return): 200 GET http://10.180.1.21/compute/v2.1/servers/8034e46d-fc88-4e73-8a33-d026296b368b 0.333s
2025-03-21 01:39:58.926 68686 INFO tempest.common.waiters [-] State transition "BUILD/scheduling" ==> "BUILD/None" after 42 second wait
2025-03-21 01:39:59.014 68707 INFO tempest.lib.common.rest_client [req-659e52f8-fc96-4dec-83c3-961613ddb988 req-659e52f8-fc96-4dec-83c3-961613ddb988 ] Request (MigrationsAdminTest:test_list_migrations_in_flavor_resize_situation): 200 GET http://10.180.1.21/compute/v2.1/servers/e48db1db-3dd4-474c-8dd0-ec6760eab67d 0.488s
2025-03-21 01:39:59.048 68666 INFO tempest.lib.common.rest_client [req-4f35030a-f3cb-4d73-8587-129e10435280 req-4f35030a-f3cb-4d73-8587-129e10435280 ] Request (ServerDiskConfigTestJSON:test_rebuild_server_with_manual_disk_config): 200 GET http://10.180.1.21/compute/v2.1/servers/438f06d5-8a39-4c36-abdf-18dfc2aeaed5 0.265s
2025-03-21 01:39:59.082 68688 INFO tempest.lib.common.rest_client [req-56dcd63e-ff66-4fd9-846e-81afc85da086 req-56dcd63e-ff66-4fd9-846e-81afc85da086 ] Request (DeleteServersTestJSON:test_delete_server_while_in_attached_volume): 200 GET http://10.180.1.21/compute/v2.1/servers/0c72dd9e-1ac7-4d6d-a18c-f659e39894d0 0.247s
2025-03-21 01:39:59.093 68684 INFO tempest.lib.common.rest_client [req-4553c0de-aeea-46af-83d6-2f97f901b0d4 req-4553c0de-aeea-46af-83d6-2f97f901b0d4 ] Request (ServersTestManualDisk:test_list_servers): 200 GET http://10.180.1.21/compute/v2.1/servers 0.204s
2025-03-21 01:39:59.139 68690 INFO tempest.lib.common.rest_client [req-7eeb506b-6837-419a-a2f0-edac1a50f965 req-7eeb506b-6837-419a-a2f0-edac1a50f965 ] Request (ServersNegativeTestJSON:setUpClass): 200 GET http://10.180.1.21/compute/v2.1/servers/bd5e91cf-c05e-4cd8-97e5-731f52078fe0 0.161s
2025-03-21 01:39:59.153 68654 INFO tempest.lib.common.rest_client [req-998f7d10-7413-4c33-82e5-375d901e5fa9 req-998f7d10-7413-4c33-82e5-375d901e5fa9 ] Request (ImagesTestJSON:test_create_server_from_snapshot): 200 GET http://10.180.1.21/compute/v2.1/servers/1415d886-65c0-4baf-8057-a5423052b618 0.265s
2025-03-21 01:39:59.205 68652 INFO tempest.lib.common.rest_client [req-8fbf5e4b-8f58-4b11-96cf-8f8f492cde2d req-8fbf5e4b-8f58-4b11-96cf-8f8f492cde2d ] Request (VolumesAssistedSnapshotsTest:tearDownClass): 200 GET http://10.180.1.21/compute/v2.1/servers/fa50f819-c843-4d45-9e76-92882eed38d1 0.166s
2025-03-21 01:39:59.299 68694 INFO tempest.lib.common.rest_client [req-e8c472cf-653f-4cc5-97ef-39c64cfb8948 req-e8c472cf-653f-4cc5-97ef-39c64cfb8948 ] Request (SecurityGroupsTestJSON:test_server_security_groups): 200 GET http://10.180.1.21/compute/v2.1/servers/78aae103-936e-4ca8-823f-547c4548a8e7 0.212s
2025-03-21 01:39:59.358 68678 INFO tempest.lib.common.rest_client [req-a989b1cc-5b41-4a3b-9c1b-daf6f2cedd51 req-a989b1cc-5b41-4a3b-9c1b-daf6f2cedd51 ] Request (ServerDiagnosticsTest:tearDownClass): 200 GET http://10.180.1.21/compute/v2.1/servers/75e75a0a-992e-4f98-aafd-0f7ca46cb24d 0.242s
2025-03-21 01:39:59.405 68684 INFO tempest.lib.common.rest_client [req-f26c7368-9208-42ef-8463-e2742e87874f req-f26c7368-9208-42ef-8463-e2742e87874f ] Request (ServersTestManualDisk:test_list_servers_with_detail): 200 GET http://10.180.1.21/compute/v2.1/servers/detail 0.308s
2025-03-21 01:39:59.419 68692 INFO tempest.lib.common.rest_client [req-6fe53c95-7fb6-436d-952e-f8a1ebd5944c req-6fe53c95-7fb6-436d-952e-f8a1ebd5944c ] Request (ImagesOneServerNegativeTestJSON:setUpClass): 200 GET http://10.180.1.21/compute/v2.1/servers/d709eee7-ddec-4b06-a97f-8ed587e15d7f 0.279s
2025-03-21 01:39:59.445 68672 INFO tempest.lib.common.rest_client [req-d633dc25-d997-43d7-a1aa-2e166008c765 req-d633dc25-d997-43d7-a1aa-2e166008c765 ] Request (ListImageFiltersTestJSON:setUpClass): 200 GET http://10.180.1.21/compute/v2.1/images/0cf06cb8-9c1e-4a1c-b3ce-fc66e7cac548 0.282s
2025-03-21 01:39:59.523 68662 INFO tempest.lib.common.rest_client [req-a194de57-d4c1-4cd6-a6b0-10bcf2d2c4f3 req-a194de57-d4c1-4cd6-a6b0-10bcf2d2c4f3 ] Request (ServersListShow2100Test:test_list_show_rebuild_update_server_2100): 200 GET http://10.180.1.21/compute/v2.1/servers/ef1fc9c1-6dc9-4150-b0e4-1ac014f50aec 0.247s
2025-03-21 01:39:59.589 68660 INFO tempest.lib.common.rest_client [req-7c3a7cc1-9fe5-4969-92e4-9597f9066cbc req-7c3a7cc1-9fe5-4969-92e4-9597f9066cbc ] Request (ServerPasswordTestJSON:tearDownClass): 200 GET http://10.180.1.21/compute/v2.1/servers/6584031d-1eec-4da6-844d-9794a931d8b4 0.227s
2025-03-21 01:39:59.590 68700 INFO tempest.lib.common.rest_client [req-ecfe9dc2-4ba2-4629-a60b-bfbefb447dc0 req-ecfe9dc2-4ba2-4629-a60b-bfbefb447dc0 ] Request (ServerMetadataNegativeTestJSON:setUpClass): 200 GET http://10.180.1.21/compute/v2.1/servers/480c67e5-a75c-4960-a536-34363ca0c2be 0.381s
2025-03-21 01:39:59.607 68684 INFO tempest.lib.common.rest_client [req-c3536f4b-9c91-440d-b8be-632e81df908c req-c3536f4b-9c91-440d-b8be-632e81df908c ] Request (ServersTestManualDisk:test_verify_created_server_vcpus): 200 GET http://10.180.1.21/compute/v2.1/flavors/42 0.190s
2025-03-21 01:39:59.611 68684 INFO tempest.lib.common.ssh [-] Creating ssh connection to '10.180.180.179:22' as 'cirros' with public key authentication
2025-03-21 01:39:59.616 68684 INFO paramiko.transport [-] Connected (version 2.0, client dropbear_2020.81)
2025-03-21 01:39:59.651 68658 INFO tempest.lib.common.rest_client [req-bdabe04f-dabb-4ee3-a2ba-0d1bb3358d17 req-bdabe04f-dabb-4ee3-a2ba-0d1bb3358d17 ] Request (AttachInterfacesTestJSON:test_create_list_show_delete_interfaces_by_network_port): 200 GET http://10.180.1.21/compute/v2.1/servers/758977b8-50de-42d7-b14a-cfb3bd2baf1f 0.271s
2025-03-21 01:39:59.673 68670 INFO tempest.lib.common.rest_client [req-33452946-751d-4d7c-bfc3-524144959182 req-33452946-751d-4d7c-bfc3-524144959182 ] Request (AttachVolumeTestJSON:test_attach_detach_volume): 200 GET http://10.180.1.21/compute/v2.1/servers/67155122-323b-43ef-8e47-6c960ccb2e2c 0.252s
2025-03-21 01:39:59.723 68684 INFO paramiko.transport [-] Authentication (publickey) successful!
2025-03-21 01:39:59.724 68684 INFO tempest.lib.common.ssh [-] ssh connection to cirros@10.180.180.179 successfully created
2025-03-21 01:39:59.725 68710 INFO tempest.lib.common.rest_client [req-91069c98-79b5-492e-89bc-b8f67ecc802f req-91069c98-79b5-492e-89bc-b8f67ecc802f ] Request (ServersTestBootFromVolume:tearDownClass): 200 PUT http://10.180.1.21:9696/networking/v2.0/routers/3accd5e5-82bd-4271-a7c6-592d9569a6a8/remove_router_interface 1.070s
2025-03-21 01:39:59.773 68708 INFO tempest.lib.common.rest_client [req-7933eeaf-caaa-4f5a-a51d-a877a7247ba3 req-7933eeaf-caaa-4f5a-a51d-a877a7247ba3 ] Request (ServersTestJSON:test_create_server_with_ipv6_addr_only): 200 GET http://10.180.1.21/compute/v2.1/servers/472e8ff8-1070-485f-8a4c-14ad4c950ffc 0.140s
2025-03-21 01:39:59.795 68698 INFO tempest.lib.common.rest_client [req-f5db18c2-6886-44af-89fa-ff03c01724ab req-f5db18c2-6886-44af-89fa-ff03c01724ab ] Request (ServerActionsTestOtherB:setUpClass): 200 GET http://10.180.1.21/compute/v2.1/servers/3008bfbc-9d2c-4300-96fe-7ba8bb679d58 0.061s
2025-03-21 01:39:59.863 68684 INFO tempest.lib.common.rest_client [req-4389166e-393b-47af-91d0-240b5a4071a6 req-4389166e-393b-47af-91d0-240b5a4071a6 ] Request (ServersTestManualDisk:tearDownClass): 204 DELETE http://10.180.1.21/compute/v2.1/servers/fd688fc4-5738-49fe-9b17-b62cde1ab2f9 0.129s
2025-03-21 01:39:59.935 68712 INFO tempest.lib.common.rest_client [req-dbd230d0-d916-4c98-8c0f-0353a0d51bf9 req-dbd230d0-d916-4c98-8c0f-0353a0d51bf9 ] Request (ServersTestMultiNic:_run_cleanups): 200 GET http://10.180.1.21/compute/v2.1/servers/7877d79b-00aa-4e53-b0ba-0bbcc419f987 0.092s
2025-03-21 01:40:00.052 68684 INFO tempest.lib.common.rest_client [req-6b28b320-65bc-4af5-b80b-dea74b7d9577 req-6b28b320-65bc-4af5-b80b-dea74b7d9577 ] Request (ServersTestManualDisk:tearDownClass): 200 GET http://10.180.1.21/compute/v2.1/servers/fd688fc4-5738-49fe-9b17-b62cde1ab2f9 0.188s
2025-03-21 01:40:00.053 68664 INFO tempest.lib.common.rest_client [req-624ec3a6-aec8-487e-9f46-5c8ad7f2933d req-624ec3a6-aec8-487e-9f46-5c8ad7f2933d ] Request (ServersAdminNegativeTestJSON:test_migrate_server_invalid_state): 200 GET http://10.180.1.21/compute/v2.1/servers/029822a1-dfac-4b58-9126-7fb7f088358c 0.281s
2025-03-21 01:40:00.073 68664 INFO tempest.common.waiters [-] State transition "BUILD/spawning" ==> "ACTIVE/None" after 75 second wait
2025-03-21 01:40:00.122 68686 INFO tempest.lib.common.rest_client [req-0f6fe56b-0769-40f9-a6d8-803ac31130cf req-0f6fe56b-0769-40f9-a6d8-803ac31130cf ] Request (MultipleCreateTestJSON:test_multiple_create_with_reservation_return): 200 GET http://10.180.1.21/compute/v2.1/servers/8034e46d-fc88-4e73-8a33-d026296b368b 0.195s
2025-03-21 01:40:00.267 68707 INFO tempest.lib.common.rest_client [req-31f5b243-1397-4577-9c71-30d8702eec00 req-31f5b243-1397-4577-9c71-30d8702eec00 ] Request (MigrationsAdminTest:test_list_migrations_in_flavor_resize_situation): 200 GET http://10.180.1.21/compute/v2.1/servers/e48db1db-3dd4-474c-8dd0-ec6760eab67d 0.245s
2025-03-21 01:40:00.285 68650 INFO tempest.lib.common.rest_client [req-94a2de85-1513-4974-b0b9-d3051aa4639a req-94a2de85-1513-4974-b0b9-d3051aa4639a ] Request (InstanceActionsNegativeTestJSON:tearDownClass): 200 GET http://10.180.1.21/compute/v2.1/servers/837e9a8a-5d35-4f2a-8ca0-4cbda22668e2 0.417s
2025-03-21 01:40:00.405 68664 INFO tempest.lib.common.rest_client [req-d695621b-983f-4e7c-8e25-818251988954 req-d695621b-983f-4e7c-8e25-818251988954 ] Request (ServersAdminNegativeTestJSON:test_migrate_server_invalid_state): 202 POST http://10.180.1.21/compute/v2.1/servers/029822a1-dfac-4b58-9126-7fb7f088358c/action 0.332s
2025-03-21 01:40:00.439 68710 INFO tempest.lib.common.rest_client [req-2fe3f52d-606a-46af-b332-5d6836dba898 req-2fe3f52d-606a-46af-b332-5d6836dba898 ] Request (ServersTestBootFromVolume:tearDownClass): 204 DELETE http://10.180.1.21:9696/networking/v2.0/routers/3accd5e5-82bd-4271-a7c6-592d9569a6a8 0.714s
2025-03-21 01:40:00.472 68688 INFO tempest.lib.common.rest_client [req-d0e69fb2-76ae-4ffc-9a2f-0d7ee5d333d7 req-d0e69fb2-76ae-4ffc-9a2f-0d7ee5d333d7 ] Request (DeleteServersTestJSON:test_delete_server_while_in_attached_volume): 200 GET http://10.180.1.21/compute/v2.1/servers/0c72dd9e-1ac7-4d6d-a18c-f659e39894d0 0.377s
2025-03-21 01:40:00.488 68666 INFO tempest.lib.common.rest_client [req-20ff037e-09d7-438f-a4ad-80ce96432b5c req-20ff037e-09d7-438f-a4ad-80ce96432b5c ] Request (ServerDiskConfigTestJSON:test_rebuild_server_with_manual_disk_config): 200 GET http://10.180.1.21/compute/v2.1/servers/438f06d5-8a39-4c36-abdf-18dfc2aeaed5 0.430s
2025-03-21 01:40:00.496 68666 INFO tempest.common.waiters [-] State transition "REBUILD/rebuild_spawning" ==> "ACTIVE/None" after 11 second wait
2025-03-21 01:40:00.531 68690 INFO tempest.lib.common.rest_client [req-3c668c56-6ce6-4b17-a2d9-8676469b9f68 req-3c668c56-6ce6-4b17-a2d9-8676469b9f68 ] Request (ServersNegativeTestJSON:setUpClass): 200 GET http://10.180.1.21/compute/v2.1/servers/bd5e91cf-c05e-4cd8-97e5-731f52078fe0 0.382s
2025-03-21 01:40:00.545 68654 INFO tempest.lib.common.rest_client [req-95ad2a38-fed3-4abb-91a6-0dbc84b01be5 req-95ad2a38-fed3-4abb-91a6-0dbc84b01be5 ] Request (ImagesTestJSON:test_create_server_from_snapshot): 200 GET http://10.180.1.21/compute/v2.1/servers/1415d886-65c0-4baf-8057-a5423052b618 0.383s
2025-03-21 01:40:00.596 68652 INFO tempest.lib.common.rest_client [req-3f42bfd7-0a1f-47e0-a5c8-c1d70d203f83 req-3f42bfd7-0a1f-47e0-a5c8-c1d70d203f83 ] Request (VolumesAssistedSnapshotsTest:tearDownClass): 200 GET http://10.180.1.21/compute/v2.1/servers/fa50f819-c843-4d45-9e76-92882eed38d1 0.384s
2025-03-21 01:40:00.598 68710 INFO tempest.lib.common.rest_client [req-b2859ba1-37be-44b6-bfb8-96c53011fd48 req-b2859ba1-37be-44b6-bfb8-96c53011fd48 ] Request (ServersTestBootFromVolume:tearDownClass): 204 DELETE http://10.180.1.21:9696/networking/v2.0/subnets/39783aa7-ad32-480f-b29c-1c1ec941ac55 0.158s
2025-03-21 01:40:00.601 68694 INFO tempest.lib.common.rest_client [req-ee6933b8-006e-43c0-9cd1-c3d720649079 req-ee6933b8-006e-43c0-9cd1-c3d720649079 ] Request (SecurityGroupsTestJSON:test_server_security_groups): 200 GET http://10.180.1.21/compute/v2.1/servers/78aae103-936e-4ca8-823f-547c4548a8e7 0.294s
