2025-04-03 00:36:00.721 69858 INFO tempest.lib.common.rest_client [req-83647bd1-3ce7-4c76-bd70-ea521debeaa0 req-83647bd1-3ce7-4c76-bd70-ea521debeaa0 ] Request (ServicesAdminNegativeV253TestJSON:test_get_service_with_valid_service_and_invalid_host): 200 GET http://10.180.1.21/compute/v2.1/os-services 0.222s
2025-04-03 00:36:00.741 69826 INFO tempest.lib.common.rest_client [req-98c84435-1b0b-437a-b29a-e27c8fbc1ac3 req-98c84435-1b0b-437a-b29a-e27c8fbc1ac3 ] Request (AttachInterfacesUnderV243Test:test_add_remove_fixed_ip): 200 GET http://10.180.1.21/compute/v2.1/servers/54e70109-c2ed-4972-b63a-c5c1e8beea2f 0.244s
2025-04-03 00:36:00.792 69842 INFO tempest.lib.common.rest_client [req-963f296b-661e-40a3-8fff-7836a9b26fa9 req-963f296b-661e-40a3-8fff-7836a9b26fa9 ] Request (ServerTagsTestJSON:tearDownClass): 204 DELETE http://10.180.1.21/compute/v2.1/servers/518ab3d2-9e53-40ad-9b9d-ba92dc3c9ee4 0.291s
2025-04-03 00:36:00.807 69846 INFO tempest.lib.common.rest_client [req-ce2f5ef7-af8e-427e-98ac-66046496d303 req-ce2f5ef7-af8e-427e-98ac-66046496d303 ] Request (ImagesOneServerNegativeTestJSON:_run_cleanups): 200 GET http://10.180.1.21/compute/v2.1/servers/2e0df378-21a8-4176-8f9f-e8c891987442 0.248s
2025-04-03 00:36:00.856 69834 INFO tempest.lib.common.rest_client [req-4ec7086d-0d25-45af-9a7b-5569c385eccb req-4ec7086d-0d25-45af-9a7b-5569c385eccb ] Request (VolumesAdminNegativeTest:test_update_attached_volume_with_nonexistent_volume_in_body): 200 GET http://10.180.1.21/compute/v2.1/servers/9cc351f0-51fb-4bf5-87c9-e4b982bc1942 0.252s
2025-04-03 00:36:00.856 69832 INFO tempest.lib.common.rest_client [req-385223a2-1670-47b4-b4b7-2c707dc31ba1 req-385223a2-1670-47b4-b4b7-2c707dc31ba1 ] Request (ServerAddressesTestJSON:setUpClass): 200 GET http://10.180.1.21/compute/v2.1/servers/cde882ea-3a53-49aa-9ad3-9cf96dab0e79 0.204s
2025-04-03 00:36:00.872 69858 INFO tempest.lib.common.rest_client [req-bb046558-1226-4530-9a85-98e59c22e2e5 req-bb046558-1226-4530-9a85-98e59c22e2e5 ] Request (ServicesAdminNegativeV253TestJSON:test_get_service_with_valid_service_and_invalid_host): 200 GET http://10.180.1.21/compute/v2.1/os-services?host=xxx&binary=nova-scheduler 0.145s
2025-04-03 00:36:00.919 69864 INFO tempest.lib.common.rest_client [req-93fe398d-3bfd-41ff-8ad3-d9f994acd119 req-93fe398d-3bfd-41ff-8ad3-d9f994acd119 ] Request (ServerDiskConfigTestJSON:test_rebuild_server_with_manual_disk_config): 200 GET http://10.180.1.21/compute/v2.1/servers/23d7be76-bf47-42d3-ac48-38dc79383b16 0.175s
2025-04-03 00:36:00.926 69830 INFO tempest.lib.common.rest_client [req-1d1271da-cad9-4a83-879d-e157d33e66b1 req-1d1271da-cad9-4a83-879d-e157d33e66b1 ] Request (ListServersNegativeTestJSON:setUpClass): 200 GET http://10.180.1.21/compute/v2.1/servers/13fe71e9-b0d9-4f6d-b293-49e6557bb941 0.231s
2025-04-03 00:36:01.055 69842 INFO tempest.lib.common.rest_client [req-3b023795-2d5d-496f-bc2e-f3720cec7c9e req-3b023795-2d5d-496f-bc2e-f3720cec7c9e ] Request (ServerTagsTestJSON:tearDownClass): 200 GET http://10.180.1.21/compute/v2.1/servers/518ab3d2-9e53-40ad-9b9d-ba92dc3c9ee4 0.262s
2025-04-03 00:36:01.074 69838 INFO tempest.lib.common.rest_client [req-4418c48d-3ee9-49e9-b224-5218eadab856 req-4418c48d-3ee9-49e9-b224-5218eadab856 ] Request (ListImageFiltersTestJSON:setUpClass): 200 GET http://10.180.1.21/compute/v2.1/servers/ed61f7dd-d820-4445-97cf-6b01eb636103 0.228s
2025-04-03 00:36:01.127 69858 INFO tempest.lib.common.rest_client [req-f0ab645d-e942-4e0b-b6ce-9b9519c0b358 req-f0ab645d-e942-4e0b-b6ce-9b9519c0b358 ] Request (ServicesAdminNegativeV253TestJSON:test_list_services_with_non_admin_user): 403 GET http://10.180.1.21/compute/v2.1/os-services 0.251s
2025-04-03 00:36:01.129 69820 INFO tempest.lib.common.rest_client [req-7b093077-3182-497f-ae60-92f79c469073 req-7b093077-3182-497f-ae60-92f79c469073 ] Request (DeleteServersAdminTestJSON:test_delete_server_while_in_error_state): 200 GET http://10.180.1.21/compute/v2.1/servers/647ccacb-d909-4809-910b-caa4a7732b61 0.237s
2025-04-03 00:36:01.182 69836 INFO tempest.lib.common.rest_client [req-f28bd059-54f2-492f-8c07-afb00b52bae8 req-f28bd059-54f2-492f-8c07-afb00b52bae8 ] Request (ServerDiagnosticsV248Test:test_get_server_diagnostics): 200 GET http://10.180.1.21/compute/v2.1/servers/f27b521f-9193-4db1-a108-c1f3ac567ce8 0.221s
2025-04-03 00:36:01.191 69852 INFO tempest.lib.common.rest_client [req-12b63c32-f0ca-4df4-939b-9dbdb2bfb142 req-12b63c32-f0ca-4df4-939b-9dbdb2bfb142 ] Request (ImagesTestJSON:test_create_image_from_suspended_server): 200 GET http://10.180.1.21/compute/v2.1/servers/4be76930-d724-4808-85c2-e1ca754f2784 0.172s
2025-04-03 00:36:01.237 69858 INFO tempest.lib.common.rest_client [req-1676152c-a96f-4c3c-bfd2-275a1744352f req-1676152c-a96f-4c3c-bfd2-275a1744352f ] Request (ServicesAdminNegativeV253TestJSON:tearDownClass): 204 DELETE http://10.180.1.21/identity/v3/users/c1c1668073d2407699d2d47b8a6ffb3f 0.108s
2025-04-03 00:36:01.240 69812 INFO tempest.lib.common.rest_client [req-5e2cd503-b359-4fb6-8c94-ee34b4333569 req-5e2cd503-b359-4fb6-8c94-ee34b4333569 ] Request (ImagesOneServerTestJSON:test_create_image_specify_multibyte_character_image_name): 200 GET http://10.180.1.21/compute/v2.1/images/ccb9925d-db41-4a50-b844-7024a88daf38 0.137s
2025-04-03 00:36:01.254 69808 INFO tempest.lib.common.rest_client [req-97fd0b32-460c-4e6c-8c0e-d271563100c7 req-97fd0b32-460c-4e6c-8c0e-d271563100c7 ] Request (ServersAdminNegativeTestJSON:test_migrate_server_invalid_state): 200 GET http://10.180.1.21/compute/v2.1/servers/970e553a-7e3e-466a-96c7-d9d6f6d6807c 0.181s
2025-04-03 00:36:01.321 69810 INFO tempest.lib.common.rest_client [req-0d6606fd-843e-498b-8f04-2501df71792c req-0d6606fd-843e-498b-8f04-2501df71792c ] Request (FloatingIPsAssociationTestJSON:tearDownClass): 200 GET http://10.180.1.21/compute/v2.1/servers/3a76616f-24ab-4bb5-9471-07e9f0ede930 0.085s
2025-04-03 00:36:01.354 69858 INFO tempest.lib.common.rest_client [req-1d8127af-edca-4382-a594-9e71c73a3bb8 req-1d8127af-edca-4382-a594-9e71c73a3bb8 ] Request (ServicesAdminNegativeV253TestJSON:tearDownClass): 204 DELETE http://10.180.1.21/identity/v3/users/7038bd385b4246989e052be571fff037 0.116s
2025-04-03 00:36:01.354 69858 INFO tempest.lib.common.dynamic_creds [-] Deleting project and security group for project: 33a15e8190f843d29d7aa5b2eb9e182e
2025-04-03 00:36:01.388 69806 INFO tempest.lib.common.rest_client [req-61ed47af-1172-4f0a-a5d4-ad67a16b3615 req-61ed47af-1172-4f0a-a5d4-ad67a16b3615 ] Request (ServerDiagnosticsNegativeTest:test_get_server_diagnostics_by_non_admin): 200 GET http://10.180.1.21/compute/v2.1/servers/843aebb5-20d0-4ada-b64a-3ae79bb6d5ca 0.089s
2025-04-03 00:36:01.428 69858 INFO tempest.lib.common.rest_client [req-6d00e52a-00d5-47ec-9c7b-232488585089 req-6d00e52a-00d5-47ec-9c7b-232488585089 ] Request (ServicesAdminNegativeV253TestJSON:tearDownClass): 201 POST http://10.180.1.21/identity/v3/auth/tokens 0.074s
2025-04-03 00:36:01.545 69854 INFO tempest.lib.common.rest_client [req-00771db9-3259-4fa6-9634-7a87c6b2558e req-00771db9-3259-4fa6-9634-7a87c6b2558e ] Request (ServersTestJSON:test_create_server_specify_multibyte_character_name): 200 GET http://10.180.1.21/compute/v2.1/servers/29cfd912-4e9e-43b2-a76e-05bfd3bfa3b3 0.230s
2025-04-03 00:36:01.611 69828 INFO tempest.lib.common.rest_client [req-0fcf3dac-5c6e-4324-b858-08b30acef7aa req-0fcf3dac-5c6e-4324-b858-08b30acef7aa ] Request (ServersTestManualDisk:setUpClass): 200 GET http://10.180.1.21/compute/v2.1/servers/f5f03876-cb29-46ed-8bc7-f70d73fa4e55 0.258s
2025-04-03 00:36:01.665 69858 INFO tempest.lib.common.rest_client [req-96d363b5-85b1-4402-93ec-947515f0855b req-96d363b5-85b1-4402-93ec-947515f0855b ] Request (ServicesAdminNegativeV253TestJSON:tearDownClass): 200 GET http://10.180.1.21:9696/networking/v2.0/security-groups?tenant_id=33a15e8190f843d29d7aa5b2eb9e182e&name=default 0.236s
2025-04-03 00:36:01.685 69850 INFO tempest.lib.common.rest_client [req-e5a74ab2-3143-47e2-9dc5-90dcbc79971a req-e5a74ab2-3143-47e2-9dc5-90dcbc79971a ] Request (AttachInterfacesTestJSON:test_create_list_show_delete_interfaces_by_fixed_ip): 200 GET http://10.180.1.21/compute/v2.1/servers/48df700b-0654-42e7-8792-54f3de31a902 0.281s
2025-04-03 00:36:01.716 69804 INFO tempest.lib.common.rest_client [req-c1f9813f-e116-4289-a5d0-e5741f162fa4 req-c1f9813f-e116-4289-a5d0-e5741f162fa4 ] Request (ServersAdminTestJSON:test_create_server_with_scheduling_hint): 200 GET http://10.180.1.21/compute/v2.1/servers/e5fde291-3647-432f-bf7f-9be335f39425 0.546s
2025-04-03 00:36:01.726 69804 INFO tempest.common.waiters [-] State transition "BUILD/None" ==> "BUILD/networking" after 45 second wait
2025-04-03 00:36:01.754 69824 INFO tempest.lib.common.rest_client [req-f507d031-2fdb-4506-8ab3-7d27e7c9e724 req-f507d031-2fdb-4506-8ab3-7d27e7c9e724 ] Request (InstanceActionsTestJSON:setUpClass): 200 GET http://10.180.1.21/compute/v2.1/servers/f7b6de16-4f11-4310-a2e5-63434aba5e10 0.295s
2025-04-03 00:36:01.801 69844 INFO tempest.lib.common.rest_client [req-d089b479-a2d6-409c-89ba-8490c1bbf185 req-d089b479-a2d6-409c-89ba-8490c1bbf185 ] Request (DeleteServersTestJSON:test_delete_active_server): 200 GET http://10.180.1.21/compute/v2.1/servers/eb4c3153-02e4-40d7-9d55-c9eb6017b490 0.320s
2025-04-03 00:36:01.819 69856 INFO tempest.lib.common.rest_client [req-c933fb2f-eea5-4b3a-a18e-ed23ec3a2384 req-c933fb2f-eea5-4b3a-a18e-ed23ec3a2384 ] Request (SecurityGroupsTestJSON:test_list_security_groups_by_server): 200 GET http://10.180.1.21/compute/v2.1/servers/a3e5b1df-503a-49a7-b066-b09999f7a2c9 0.256s
2025-04-03 00:36:01.837 69861 WARNING tempest.lib.common.ssh [-] Failed to establish authenticated ssh connection to cirros@10.180.180.138 ([Errno None] Unable to connect to port 22 on 10.180.180.138). Number attempts: 2. Retry after 3 seconds.: paramiko.ssh_exception.NoValidConnectionsError: [Errno None] Unable to connect to port 22 on 10.180.180.138
2025-04-03 00:36:01.843 69858 INFO tempest.lib.common.rest_client [req-0de45d65-9699-490f-a010-ed47edeaf512 req-0de45d65-9699-490f-a010-ed47edeaf512 ] Request (ServicesAdminNegativeV253TestJSON:tearDownClass): 204 DELETE http://10.180.1.21:9696/networking/v2.0/security-groups/95acbfcf-673c-49a3-84e0-bd43f685248c 0.177s
2025-04-03 00:36:01.911 69818 INFO tempest.lib.common.rest_client [req-78edfbbe-937e-428b-96e5-a033f45cbc73 req-78edfbbe-937e-428b-96e5-a033f45cbc73 ] Request (FloatingIPsAssociationNegativeTestJSON:tearDownClass): 200 GET http://10.180.1.21/compute/v2.1/servers/0767959d-2fd8-4908-af49-ad43cad13ba7 0.275s
2025-04-03 00:36:01.915 69816 INFO tempest.lib.common.rest_client [req-b966fe1f-7a46-439e-8e93-0a99d1852688 req-b966fe1f-7a46-439e-8e93-0a99d1852688 ] Request (ServersTestBootFromVolume:setUpClass): 200 PUT http://10.180.1.21:9696/networking/v2.0/floatingips/f112a3e3-0ebe-4840-b407-0942478e376c 1.221s
2025-04-03 00:36:01.935 69858 INFO tempest.lib.common.rest_client [req-26a18235-3569-4148-8dbb-17f274e09f1f req-26a18235-3569-4148-8dbb-17f274e09f1f ] Request (ServicesAdminNegativeV253TestJSON:tearDownClass): 204 DELETE http://10.180.1.21/identity/v3/projects/33a15e8190f843d29d7aa5b2eb9e182e 0.092s
2025-04-03 00:36:01.935 69858 INFO tempest.lib.common.dynamic_creds [-] Deleting project and security group for project: be176c9cf2c54301ae40209ca9322be2
2025-04-03 00:36:01.961 69862 INFO tempest.lib.common.rest_client [req-a6a66998-8017-46e6-8a2a-904d02862a39 req-a6a66998-8017-46e6-8a2a-904d02862a39 ] Request (MigrationsAdminTest:test_list_migrations_in_flavor_resize_situation): 200 GET http://10.180.1.21/compute/v2.1/servers/a22b3977-2a6f-4f01-949d-874208903ff4 0.317s
2025-04-03 00:36:01.987 69848 INFO tempest.lib.common.rest_client [req-b343c096-908f-4f0c-8d55-5ef67b3124ee req-b343c096-908f-4f0c-8d55-5ef67b3124ee ] Request (ServerGroupTestJSON:test_create_server_with_scheduler_hint_group): 200 GET http://10.180.1.21/compute/v2.1/servers/0c65c80f-99f5-4057-b938-a35f62ecffd2 0.290s
2025-04-03 00:36:02.027 69826 INFO tempest.lib.common.rest_client [req-56b1c72e-c520-49f7-8b48-586ccaabd17c req-56b1c72e-c520-49f7-8b48-586ccaabd17c ] Request (AttachInterfacesUnderV243Test:test_add_remove_fixed_ip): 200 GET http://10.180.1.21/compute/v2.1/servers/54e70109-c2ed-4972-b63a-c5c1e8beea2f 0.277s
2025-04-03 00:36:02.074 69846 INFO tempest.lib.common.rest_client [req-0f6be266-aafd-46d8-b056-6228a7fefe3e req-0f6be266-aafd-46d8-b056-6228a7fefe3e ] Request (ImagesOneServerNegativeTestJSON:_run_cleanups): 200 GET http://10.180.1.21/compute/v2.1/servers/2e0df378-21a8-4176-8f9f-e8c891987442 0.258s
2025-04-03 00:36:02.086 69834 INFO tempest.lib.common.rest_client [req-5dd1e52b-230d-4cb0-8dfb-fe982d01264c req-5dd1e52b-230d-4cb0-8dfb-fe982d01264c ] Request (VolumesAdminNegativeTest:test_update_attached_volume_with_nonexistent_volume_in_body): 200 GET http://10.180.1.21/compute/v2.1/servers/9cc351f0-51fb-4bf5-87c9-e4b982bc1942 0.221s
2025-04-03 00:36:02.138 69832 INFO tempest.lib.common.rest_client [req-3e2b48ac-84bc-440b-aeb3-56852cebeae9 req-3e2b48ac-84bc-440b-aeb3-56852cebeae9 ] Request (ServerAddressesTestJSON:setUpClass): 200 GET http://10.180.1.21/compute/v2.1/servers/cde882ea-3a53-49aa-9ad3-9cf96dab0e79 0.272s
2025-04-03 00:36:02.144 69858 INFO tempest.lib.common.rest_client [req-4d4af020-c8a8-4953-abd0-b4d0ad32ed20 req-4d4af020-c8a8-4953-abd0-b4d0ad32ed20 ] Request (ServicesAdminNegativeV253TestJSON:tearDownClass): 200 GET http://10.180.1.21:9696/networking/v2.0/security-groups?tenant_id=be176c9cf2c54301ae40209ca9322be2&name=default 0.208s
2025-04-03 00:36:02.198 69864 INFO tempest.lib.common.rest_client [req-b9c4ca51-0f9a-4f36-9146-3242b7d23a2c req-b9c4ca51-0f9a-4f36-9146-3242b7d23a2c ] Request (ServerDiskConfigTestJSON:test_rebuild_server_with_manual_disk_config): 200 GET http://10.180.1.21/compute/v2.1/servers/23d7be76-bf47-42d3-ac48-38dc79383b16 0.265s
2025-04-03 00:36:02.213 69864 INFO tempest.common.waiters [-] State transition "BUILD/scheduling" ==> "BUILD/None" after 33 second wait
2025-04-03 00:36:02.241 69858 INFO tempest.lib.common.rest_client [req-8fabf4b7-ca25-496e-836c-97dbc830fae9 req-8fabf4b7-ca25-496e-836c-97dbc830fae9 ] Request (ServicesAdminNegativeV253TestJSON:tearDownClass): 204 DELETE http://10.180.1.21:9696/networking/v2.0/security-groups/85e57069-d68e-4138-9015-50966a283534 0.097s
2025-04-03 00:36:02.252 69830 INFO tempest.lib.common.rest_client [req-738bb8f6-2607-4474-8801-9eab3bcf39b8 req-738bb8f6-2607-4474-8801-9eab3bcf39b8 ] Request (ListServersNegativeTestJSON:setUpClass): 200 GET http://10.180.1.21/compute/v2.1/servers/13fe71e9-b0d9-4f6d-b293-49e6557bb941 0.318s
2025-04-03 00:36:02.261 69816 INFO tempest.lib.common.rest_client [req-0235a272-9358-4c59-bcad-75801d3ed34b req-0235a272-9358-4c59-bcad-75801d3ed34b ] Request (ServersTestBootFromVolume:setUpClass): 200 GET http://10.180.1.21/compute/v2.1/servers/7dcf2e06-d5bb-42d1-8df5-dd947e5929d6 0.345s
2025-04-03 00:36:02.269 69816 INFO tempest.lib.common.ssh [-] Creating ssh connection to '10.180.180.219:22' as 'cirros' with public key authentication
2025-04-03 00:36:02.346 69858 INFO tempest.lib.common.rest_client [req-217a8cfc-c8e7-4798-ad73-c06f320331ae req-217a8cfc-c8e7-4798-ad73-c06f320331ae ] Request (ServicesAdminNegativeV253TestJSON:tearDownClass): 204 DELETE http://10.180.1.21/identity/v3/projects/be176c9cf2c54301ae40209ca9322be2 0.104s
2025-04-03 00:36:02.368 69838 INFO tempest.lib.common.rest_client [req-36c5ae6b-7676-4782-8434-611d6a52fedc req-36c5ae6b-7676-4782-8434-611d6a52fedc ] Request (ListImageFiltersTestJSON:setUpClass): 200 GET http://10.180.1.21/compute/v2.1/servers/ed61f7dd-d820-4445-97cf-6b01eb636103 0.285s
2025-04-03 00:36:02.376 69838 INFO tempest.common.waiters [-] State transition "BUILD/spawning" ==> "ACTIVE/None" after 47 second wait
2025-04-03 00:36:02.394 69842 INFO tempest.lib.common.rest_client [req-c242069d-293f-47cd-b052-dcbe838659d7 req-c242069d-293f-47cd-b052-dcbe838659d7 ] Request (ServerTagsTestJSON:tearDownClass): 200 GET http://10.180.1.21/compute/v2.1/servers/518ab3d2-9e53-40ad-9b9d-ba92dc3c9ee4 0.326s
2025-04-03 00:36:02.430 69858 INFO tempest.lib.common.rest_client [req-86f0d425-1579-4296-b2c0-fd37a3573a77 req-86f0d425-1579-4296-b2c0-fd37a3573a77 ] Request (ServersTestFqdnHostnames:setUpClass): 201 POST http://10.180.1.21/identity/v3/auth/tokens 0.082s
2025-04-03 00:36:02.438 69820 INFO tempest.lib.common.rest_client [req-16f3352b-65da-4317-9be5-e6962aa03484 req-16f3352b-65da-4317-9be5-e6962aa03484 ] Request (DeleteServersAdminTestJSON:test_delete_server_while_in_error_state): 200 GET http://10.180.1.21/compute/v2.1/servers/647ccacb-d909-4809-910b-caa4a7732b61 0.296s
2025-04-03 00:36:02.457 69836 INFO tempest.lib.common.rest_client [req-9ff75ec3-e49e-497a-8f61-01e386ec7161 req-9ff75ec3-e49e-497a-8f61-01e386ec7161 ] Request (ServerDiagnosticsV248Test:test_get_server_diagnostics): 200 GET http://10.180.1.21/compute/v2.1/servers/f27b521f-9193-4db1-a108-c1f3ac567ce8 0.265s
2025-04-03 00:36:02.481 69858 INFO tempest.lib.common.rest_client [req-4d9e3abc-34f2-47d8-b4ba-0699a5f95e0f req-4d9e3abc-34f2-47d8-b4ba-0699a5f95e0f ] Request (ServersTestFqdnHostnames:setUpClass): 201 POST http://10.180.1.21/identity/v3/auth/tokens 0.049s
2025-04-03 00:36:02.495 69852 INFO tempest.lib.common.rest_client [req-b3fd174c-751d-460b-b820-acd125593603 req-b3fd174c-751d-460b-b820-acd125593603 ] Request (ImagesTestJSON:test_create_image_from_suspended_server): 200 GET http://10.180.1.21/compute/v2.1/servers/4be76930-d724-4808-85c2-e1ca754f2784 0.283s
2025-04-03 00:36:02.495 69812 INFO tempest.lib.common.rest_client [req-281313aa-5cd5-4d83-9043-72f72eb5bc7a req-281313aa-5cd5-4d83-9043-72f72eb5bc7a ] Request (ImagesOneServerTestJSON:test_create_image_specify_multibyte_character_image_name): 200 GET http://10.180.1.21/compute/v2.1/images/ccb9925d-db41-4a50-b844-7024a88daf38 0.248s
2025-04-03 00:36:02.526 69858 INFO tempest.lib.common.rest_client [req-3e48def8-5035-4413-8961-713921e7f380 req-3e48def8-5035-4413-8961-713921e7f380 ] Request (ServersTestFqdnHostnames:setUpClass): 200 GET http://10.180.1.21/identity/v3/domains?name=Default 0.042s
2025-04-03 00:36:02.553 69808 INFO tempest.lib.common.rest_client [req-37f6cb5f-d568-4163-9d10-4d8e6e15d95c req-37f6cb5f-d568-4163-9d10-4d8e6e15d95c ] Request (ServersAdminNegativeTestJSON:test_migrate_server_invalid_state): 200 GET http://10.180.1.21/compute/v2.1/servers/970e553a-7e3e-466a-96c7-d9d6f6d6807c 0.289s
2025-04-03 00:36:02.566 69810 INFO tempest.lib.common.rest_client [req-1584a5fc-9f84-428c-934f-691cd39c91cc req-1584a5fc-9f84-428c-934f-691cd39c91cc ] Request (FloatingIPsAssociationTestJSON:tearDownClass): 200 GET http://10.180.1.21/compute/v2.1/servers/3a76616f-24ab-4bb5-9471-07e9f0ede930 0.233s
2025-04-03 00:36:02.579 69858 INFO tempest.lib.common.rest_client [req-aac402a7-4553-4d58-841e-39f49c3fb961 req-aac402a7-4553-4d58-841e-39f49c3fb961 ] Request (ServersTestFqdnHostnames:setUpClass): 201 POST http://10.180.1.21/identity/v3/projects 0.052s
2025-04-03 00:36:02.612 69806 INFO tempest.lib.common.rest_client [req-8ca6a93f-24d6-49d0-a8a1-789d0055a5aa req-8ca6a93f-24d6-49d0-a8a1-789d0055a5aa ] Request (ServerDiagnosticsNegativeTest:test_get_server_diagnostics_by_non_admin): 200 GET http://10.180.1.21/compute/v2.1/servers/843aebb5-20d0-4ada-b64a-3ae79bb6d5ca 0.210s
2025-04-03 00:36:02.648 69858 INFO tempest.lib.common.rest_client [req-f3e92450-c716-4722-8752-478ffb8fa4dd req-f3e92450-c716-4722-8752-478ffb8fa4dd ] Request (ServersTestFqdnHostnames:setUpClass): 201 POST http://10.180.1.21/identity/v3/users 0.069s
2025-04-03 00:36:02.677 69858 INFO tempest.lib.common.rest_client [req-67bd26a8-9fd7-4ca2-8877-6830f1adca4f req-67bd26a8-9fd7-4ca2-8877-6830f1adca4f ] Request (ServersTestFqdnHostnames:setUpClass): 200 GET http://10.180.1.21/identity/v3/roles 0.029s
2025-04-03 00:36:02.693 69838 INFO tempest.lib.common.rest_client [req-279b1ff5-6685-451c-92fc-ef2632056439 req-279b1ff5-6685-451c-92fc-ef2632056439 ] Request (ListImageFiltersTestJSON:setUpClass): 200 GET http://10.180.1.21/compute/v2.1/servers/d1c5672a-0475-4bf7-9f3e-efcfbdd8614d 0.317s
2025-04-03 00:36:02.707 69858 INFO tempest.lib.common.rest_client [req-e43bde0e-c259-461b-83bb-dee5ebb977b9 req-e43bde0e-c259-461b-83bb-dee5ebb977b9 ] Request (ServersTestFqdnHostnames:setUpClass): 204 PUT http://10.180.1.21/identity/v3/projects/e527ddb0433a4e2cb4b937f8ad82fe7e/users/80c3e7cab3f24a95835f2f992d88bd86/roles/3fff3c04c67c4dd3b43b8baca305b8a9 0.029s
2025-04-03 00:36:02.707 69858 INFO tempest.lib.common.dynamic_creds [-] Dynamic test user 80c3e7cab3f24a95835f2f992d88bd86 is created with scope project and roles: ['member']
2025-04-03 00:36:02.707 69858 INFO tempest.lib.common.dynamic_creds [-] Acquired dynamic creds: credentials: Credentials: {'domain_id': 'default', 'domain_name': 'Default', 'username': 'tempest-ServersTestFqdnHostnames-1166046965-project-member', 'project_domain_id': 'default', 'project_domain_name': 'Default', 'project_id': 'e527ddb0433a4e2cb4b937f8ad82fe7e', 'project_name': 'tempest-ServersTestFqdnHostnames-1166046965', 'tenant_id': 'e527ddb0433a4e2cb4b937f8ad82fe7e', 'tenant_name': 'tempest-ServersTestFqdnHostnames-1166046965', 'user_domain_id': 'default', 'user_domain_name': 'Default', 'user_id': '80c3e7cab3f24a95835f2f992d88bd86', 'system': None}, Network: None, Subnet: None, Router: None
2025-04-03 00:36:02.746 69854 INFO tempest.lib.common.rest_client [req-de38794b-859c-4bf9-b304-52adef5d17c1 req-de38794b-859c-4bf9-b304-52adef5d17c1 ] Request (ServersTestJSON:test_create_server_specify_multibyte_character_name): 200 GET http://10.180.1.21/compute/v2.1/servers/29cfd912-4e9e-43b2-a76e-05bfd3bfa3b3 0.192s
2025-04-03 00:36:02.755 69828 INFO tempest.lib.common.rest_client [req-4733a941-e41a-47c5-89ee-e4de121fda8f req-4733a941-e41a-47c5-89ee-e4de121fda8f ] Request (ServersTestManualDisk:setUpClass): 200 GET http://10.180.1.21/compute/v2.1/servers/f5f03876-cb29-46ed-8bc7-f70d73fa4e55 0.136s
2025-04-03 00:36:02.767 69858 INFO tempest.lib.common.rest_client [req-b717f5d0-2c67-447e-8a22-f444bf5324bf req-b717f5d0-2c67-447e-8a22-f444bf5324bf ] Request (ServersTestFqdnHostnames:setUpClass): 201 POST http://10.180.1.21/identity/v3/auth/tokens 0.060s
2025-04-03 00:36:02.799 69850 INFO tempest.lib.common.rest_client [req-ea8ba219-fcdd-4909-9a04-f68e34a407b0 req-ea8ba219-fcdd-4909-9a04-f68e34a407b0 ] Request (AttachInterfacesTestJSON:test_create_list_show_delete_interfaces_by_fixed_ip): 200 GET http://10.180.1.21/compute/v2.1/servers/48df700b-0654-42e7-8792-54f3de31a902 0.105s
2025-04-03 00:36:02.909 69804 INFO tempest.lib.common.rest_client [req-fd77c5d7-fec7-4d43-9cd8-48eea02b2376 req-fd77c5d7-fec7-4d43-9cd8-48eea02b2376 ] Request (ServersAdminTestJSON:test_create_server_with_scheduling_hint): 200 GET http://10.180.1.21/compute/v2.1/servers/e5fde291-3647-432f-bf7f-9be335f39425 0.182s
2025-04-03 00:36:02.916 69804 INFO tempest.common.waiters [-] State transition "BUILD/networking" ==> "BUILD/spawning" after 46 second wait
2025-04-03 00:36:02.980 69824 INFO tempest.lib.common.rest_client [req-1221ef8c-917a-4ce6-99bf-560dfcf2dc93 req-1221ef8c-917a-4ce6-99bf-560dfcf2dc93 ] Request (InstanceActionsTestJSON:setUpClass): 200 GET http://10.180.1.21/compute/v2.1/servers/f7b6de16-4f11-4310-a2e5-63434aba5e10 0.218s
2025-04-03 00:36:03.037 69844 INFO tempest.lib.common.rest_client [req-e700a1b0-8f3d-4692-a082-7d5346d57889 req-e700a1b0-8f3d-4692-a082-7d5346d57889 ] Request (DeleteServersTestJSON:test_delete_active_server): 200 GET http://10.180.1.21/compute/v2.1/servers/eb4c3153-02e4-40d7-9d55-c9eb6017b490 0.226s
2025-04-03 00:36:03.068 69858 INFO tempest.lib.common.rest_client [req-35b31cc6-ce1a-4b92-a51e-2710f67e2683 req-35b31cc6-ce1a-4b92-a51e-2710f67e2683 ] Request (ServersTestFqdnHostnames:setUpClass): 201 POST http://10.180.1.21:9696/networking/v2.0/networks 0.299s
2025-04-03 00:36:03.096 69856 INFO tempest.lib.common.rest_client [req-01b4c9fe-64f8-4a70-921b-3a8cd8401598 req-01b4c9fe-64f8-4a70-921b-3a8cd8401598 ] Request (SecurityGroupsTestJSON:test_list_security_groups_by_server): 200 GET http://10.180.1.21/compute/v2.1/servers/a3e5b1df-503a-49a7-b066-b09999f7a2c9 0.267s
2025-04-03 00:36:03.166 69818 INFO tempest.lib.common.rest_client [req-e25a8888-6b05-41c4-a085-75c61254501b req-e25a8888-6b05-41c4-a085-75c61254501b ] Request (FloatingIPsAssociationNegativeTestJSON:tearDownClass): 200 GET http://10.180.1.21/compute/v2.1/servers/0767959d-2fd8-4908-af49-ad43cad13ba7 0.240s
2025-04-03 00:36:03.204 69838 INFO tempest.lib.common.rest_client [req-a5109864-a0a8-4236-bdcd-e80d1d354292 req-a5109864-a0a8-4236-bdcd-e80d1d354292 ] Request (ListImageFiltersTestJSON:setUpClass): 202 POST http://10.180.1.21/compute/v2.1/servers/d1c5672a-0475-4bf7-9f3e-efcfbdd8614d/action 0.501s
2025-04-03 00:36:03.259 69848 INFO tempest.lib.common.rest_client [req-26ea8efc-88d6-4df0-b0ce-e33e7234d296 req-26ea8efc-88d6-4df0-b0ce-e33e7234d296 ] Request (ServerGroupTestJSON:test_create_server_with_scheduler_hint_group): 200 GET http://10.180.1.21/compute/v2.1/servers/0c65c80f-99f5-4057-b938-a35f62ecffd2 0.262s
2025-04-03 00:36:03.312 69826 INFO tempest.lib.common.rest_client [req-8d43f391-a1ed-490f-af62-9b554abe6e5a req-8d43f391-a1ed-490f-af62-9b554abe6e5a ] Request (AttachInterfacesUnderV243Test:test_add_remove_fixed_ip): 200 GET http://10.180.1.21/compute/v2.1/servers/54e70109-c2ed-4972-b63a-c5c1e8beea2f 0.273s
2025-04-03 00:36:03.321 69826 INFO tempest.common.waiters [-] State transition "BUILD/scheduling" ==> "BUILD/None" after 30 second wait
2025-04-03 00:36:03.355 69858 INFO tempest.lib.common.rest_client [req-c06e2264-d1b5-4692-bd9b-920af21460a9 req-c06e2264-d1b5-4692-bd9b-920af21460a9 ] Request (ServersTestFqdnHostnames:setUpClass): 201 POST http://10.180.1.21:9696/networking/v2.0/subnets 0.286s
2025-04-03 00:36:03.391 69862 INFO tempest.lib.common.rest_client [req-d7576d39-6a55-478a-aafc-b8964fa419b7 req-d7576d39-6a55-478a-aafc-b8964fa419b7 ] Request (MigrationsAdminTest:test_list_migrations_in_flavor_resize_situation): 200 GET http://10.180.1.21/compute/v2.1/servers/a22b3977-2a6f-4f01-949d-874208903ff4 0.417s
2025-04-03 00:36:03.396 69846 INFO tempest.lib.common.rest_client [req-75e94e33-62da-4d1a-adf0-3ff9e095a889 req-75e94e33-62da-4d1a-adf0-3ff9e095a889 ] Request (ImagesOneServerNegativeTestJSON:_run_cleanups): 200 GET http://10.180.1.21/compute/v2.1/servers/2e0df378-21a8-4176-8f9f-e8c891987442 0.308s
2025-04-03 00:36:03.447 69834 INFO tempest.lib.common.rest_client [req-3d1c5efe-294b-40d0-ad20-716212002b5e req-3d1c5efe-294b-40d0-ad20-716212002b5e ] Request (VolumesAdminNegativeTest:test_update_attached_volume_with_nonexistent_volume_in_body): 200 GET http://10.180.1.21/compute/v2.1/servers/9cc351f0-51fb-4bf5-87c9-e4b982bc1942 0.351s
2025-04-03 00:36:03.461 69832 INFO tempest.lib.common.rest_client [req-bda14168-a2c3-448d-b197-b2808090ceba req-bda14168-a2c3-448d-b197-b2808090ceba ] Request (ServerAddressesTestJSON:setUpClass): 200 GET http://10.180.1.21/compute/v2.1/servers/cde882ea-3a53-49aa-9ad3-9cf96dab0e79 0.313s
2025-04-03 00:36:03.510 69838 INFO tempest.lib.common.rest_client [req-f3ac74e4-7b4d-43a9-871e-96532240faaa req-f3ac74e4-7b4d-43a9-871e-96532240faaa ] Request (ListImageFiltersTestJSON:setUpClass): 200 GET http://10.180.1.21/compute/v2.1/images/19109b1b-6a2f-4c6a-aa5e-75f55b2a0fb0 0.305s
2025-04-03 00:36:03.538 69864 INFO tempest.lib.common.rest_client [req-06285462-1217-4d6d-a585-f09ef41746e2 req-06285462-1217-4d6d-a585-f09ef41746e2 ] Request (ServerDiskConfigTestJSON:test_rebuild_server_with_manual_disk_config): 200 GET http://10.180.1.21/compute/v2.1/servers/23d7be76-bf47-42d3-ac48-38dc79383b16 0.325s
2025-04-03 00:36:03.586 69830 INFO tempest.lib.common.rest_client [req-b56055fa-fd75-44fd-b973-8886a2f0f960 req-b56055fa-fd75-44fd-b973-8886a2f0f960 ] Request (ListServersNegativeTestJSON:setUpClass): 200 GET http://10.180.1.21/compute/v2.1/servers/13fe71e9-b0d9-4f6d-b293-49e6557bb941 0.326s
2025-04-03 00:36:03.613 69842 INFO tempest.lib.common.rest_client [req-9a2abd07-487c-4899-af8e-c04ff8149b7a req-9a2abd07-487c-4899-af8e-c04ff8149b7a ] Request (ServerTagsTestJSON:tearDownClass): 200 GET http://10.180.1.21/compute/v2.1/servers/518ab3d2-9e53-40ad-9b9d-ba92dc3c9ee4 0.208s
2025-04-03 00:36:03.653 69820 INFO tempest.lib.common.rest_client [req-9ddb23b0-2ead-4bb6-b4db-276a5c98f12f req-9ddb23b0-2ead-4bb6-b4db-276a5c98f12f ] Request (DeleteServersAdminTestJSON:test_delete_server_while_in_error_state): 200 GET http://10.180.1.21/compute/v2.1/servers/647ccacb-d909-4809-910b-caa4a7732b61 0.205s
2025-04-03 00:36:03.680 69836 INFO tempest.lib.common.rest_client [req-6f7798f3-c1f0-4ea1-847f-40ead46b0292 req-6f7798f3-c1f0-4ea1-847f-40ead46b0292 ] Request (ServerDiagnosticsV248Test:test_get_server_diagnostics): 200 GET http://10.180.1.21/compute/v2.1/servers/f27b521f-9193-4db1-a108-c1f3ac567ce8 0.206s
2025-04-03 00:36:03.691 69812 INFO tempest.lib.common.rest_client [req-c16c03fd-cd42-43bd-a1e8-e81d4cf501fc req-c16c03fd-cd42-43bd-a1e8-e81d4cf501fc ] Request (ImagesOneServerTestJSON:test_create_image_specify_multibyte_character_image_name): 200 GET http://10.180.1.21/compute/v2.1/images/ccb9925d-db41-4a50-b844-7024a88daf38 0.192s
2025-04-03 00:36:03.736 69852 INFO tempest.lib.common.rest_client [req-45e611b7-ce9c-4c93-827f-8ff80ac080c7 req-45e611b7-ce9c-4c93-827f-8ff80ac080c7 ] Request (ImagesTestJSON:test_create_image_from_suspended_server): 200 GET http://10.180.1.21/compute/v2.1/servers/4be76930-d724-4808-85c2-e1ca754f2784 0.231s
2025-04-03 00:36:03.760 69808 INFO tempest.lib.common.rest_client [req-6507cf5d-9427-4aaa-a747-03b9785faa5a req-6507cf5d-9427-4aaa-a747-03b9785faa5a ] Request (ServersAdminNegativeTestJSON:test_migrate_server_invalid_state): 200 GET http://10.180.1.21/compute/v2.1/servers/970e553a-7e3e-466a-96c7-d9d6f6d6807c 0.194s
2025-04-03 00:36:03.798 69810 INFO tempest.lib.common.rest_client [req-a645e30c-30d8-404d-b15e-f5c481d63f3e req-a645e30c-30d8-404d-b15e-f5c481d63f3e ] Request (FloatingIPsAssociationTestJSON:tearDownClass): 200 GET http://10.180.1.21/compute/v2.1/servers/3a76616f-24ab-4bb5-9471-07e9f0ede930 0.223s
2025-04-03 00:36:03.828 69806 INFO tempest.lib.common.rest_client [req-03065a18-8751-4097-80fb-856e683b035c req-03065a18-8751-4097-80fb-856e683b035c ] Request (ServerDiagnosticsNegativeTest:test_get_server_diagnostics_by_non_admin): 200 GET http://10.180.1.21/compute/v2.1/servers/843aebb5-20d0-4ada-b64a-3ae79bb6d5ca 0.208s
2025-04-03 00:36:03.899 69854 INFO tempest.lib.common.rest_client [req-85403c32-0bb6-42e9-9f24-25cbefc7ac13 req-85403c32-0bb6-42e9-9f24-25cbefc7ac13 ] Request (ServersTestJSON:test_create_server_specify_multibyte_character_name): 200 GET http://10.180.1.21/compute/v2.1/servers/29cfd912-4e9e-43b2-a76e-05bfd3bfa3b3 0.138s
2025-04-03 00:36:03.900 69828 INFO tempest.lib.common.rest_client [req-f30634ee-d3e6-41a0-a62b-9ffb85b2cd16 req-f30634ee-d3e6-41a0-a62b-9ffb85b2cd16 ] Request (ServersTestManualDisk:setUpClass): 200 GET http://10.180.1.21/compute/v2.1/servers/f5f03876-cb29-46ed-8bc7-f70d73fa4e55 0.133s
2025-04-03 00:36:03.946 69850 INFO tempest.lib.common.rest_client [req-e250ef48-4b23-4626-801b-d5deea997b21 req-e250ef48-4b23-4626-801b-d5deea997b21 ] Request (AttachInterfacesTestJSON:test_create_list_show_delete_interfaces_by_fixed_ip): 200 GET http://10.180.1.21/compute/v2.1/servers/48df700b-0654-42e7-8792-54f3de31a902 0.134s
2025-04-03 00:36:03.956 69850 INFO tempest.common.waiters [-] State transition "BUILD/None" ==> "BUILD/networking" after 47 second wait
2025-04-03 00:36:04.038 69824 INFO tempest.lib.common.rest_client [req-7adffd91-a26e-45d7-acaa-f39cc549ca4e req-7adffd91-a26e-45d7-acaa-f39cc549ca4e ] Request (InstanceActionsTestJSON:setUpClass): 200 GET http://10.180.1.21/compute/v2.1/servers/f7b6de16-4f11-4310-a2e5-63434aba5e10 0.049s
2025-04-03 00:36:04.101 69844 INFO tempest.lib.common.rest_client [req-8d3f8000-8620-490f-8b44-87d745728f5a req-8d3f8000-8620-490f-8b44-87d745728f5a ] Request (DeleteServersTestJSON:test_delete_active_server): 200 GET http://10.180.1.21/compute/v2.1/servers/eb4c3153-02e4-40d7-9d55-c9eb6017b490 0.055s
2025-04-03 00:36:04.154 69856 INFO tempest.lib.common.rest_client [req-e09d2b0f-f458-471f-8d4e-5c4bbfaacbe0 req-e09d2b0f-f458-471f-8d4e-5c4bbfaacbe0 ] Request (SecurityGroupsTestJSON:test_list_security_groups_by_server): 200 GET http://10.180.1.21/compute/v2.1/servers/a3e5b1df-503a-49a7-b066-b09999f7a2c9 0.049s
2025-04-03 00:36:04.159 69804 INFO tempest.lib.common.rest_client [req-dac303c8-e47d-4a27-b9ab-2fce620bc4e2 req-dac303c8-e47d-4a27-b9ab-2fce620bc4e2 ] Request (ServersAdminTestJSON:test_create_server_with_scheduling_hint): 200 GET http://10.180.1.21/compute/v2.1/servers/e5fde291-3647-432f-bf7f-9be335f39425 0.242s
2025-04-03 00:36:04.256 69818 INFO tempest.lib.common.rest_client [req-1526343c-912c-4b97-b17c-32a8e72515b2 req-1526343c-912c-4b97-b17c-32a8e72515b2 ] Request (FloatingIPsAssociationNegativeTestJSON:tearDownClass): 200 GET http://10.180.1.21/compute/v2.1/servers/0767959d-2fd8-4908-af49-ad43cad13ba7 0.074s
2025-04-03 00:36:04.320 69848 INFO tempest.lib.common.rest_client [req-fd9f14a2-617b-4529-bb39-b39f19083c8d req-fd9f14a2-617b-4529-bb39-b39f19083c8d ] Request (ServerGroupTestJSON:test_create_server_with_scheduler_hint_group): 200 GET http://10.180.1.21/compute/v2.1/servers/0c65c80f-99f5-4057-b938-a35f62ecffd2 0.053s
2025-04-03 00:36:04.403 69826 INFO tempest.lib.common.rest_client [req-6e98fa3a-4c5a-42ff-bbd5-ff70aeac3c59 req-6e98fa3a-4c5a-42ff-bbd5-ff70aeac3c59 ] Request (AttachInterfacesUnderV243Test:test_add_remove_fixed_ip): 200 GET http://10.180.1.21/compute/v2.1/servers/54e70109-c2ed-4972-b63a-c5c1e8beea2f 0.080s
2025-04-03 00:36:04.481 69846 INFO tempest.lib.common.rest_client [req-5915dc6a-b07a-427d-bb3d-f1d1ed711702 req-5915dc6a-b07a-427d-bb3d-f1d1ed711702 ] Request (ImagesOneServerNegativeTestJSON:_run_cleanups): 200 GET http://10.180.1.21/compute/v2.1/servers/2e0df378-21a8-4176-8f9f-e8c891987442 0.074s
2025-04-03 00:36:04.485 69858 INFO tempest.lib.common.rest_client [req-b77f2d88-cfc5-48b6-87c4-4479d4a2e1f6 req-b77f2d88-cfc5-48b6-87c4-4479d4a2e1f6 ] Request (ServersTestFqdnHostnames:setUpClass): 201 POST http://10.180.1.21:9696/networking/v2.0/routers 1.130s
2025-04-03 00:36:04.507 69862 INFO tempest.lib.common.rest_client [req-2d354318-bc29-48e5-a685-391d22e04788 req-2d354318-bc29-48e5-a685-391d22e04788 ] Request (MigrationsAdminTest:test_list_migrations_in_flavor_resize_situation): 200 GET http://10.180.1.21/compute/v2.1/servers/a22b3977-2a6f-4f01-949d-874208903ff4 0.109s
2025-04-03 00:36:04.550 69834 INFO tempest.lib.common.rest_client [req-e69d48f6-fa8a-47ae-b368-222a16c1a48e req-e69d48f6-fa8a-47ae-b368-222a16c1a48e ] Request (VolumesAdminNegativeTest:test_update_attached_volume_with_nonexistent_volume_in_body): 200 GET http://10.180.1.21/compute/v2.1/servers/9cc351f0-51fb-4bf5-87c9-e4b982bc1942 0.092s
2025-04-03 00:36:04.561 69832 INFO tempest.lib.common.rest_client [req-f6c1ecbf-7630-4335-a16d-3a3a4bf91470 req-f6c1ecbf-7630-4335-a16d-3a3a4bf91470 ] Request (ServerAddressesTestJSON:setUpClass): 200 GET http://10.180.1.21/compute/v2.1/servers/cde882ea-3a53-49aa-9ad3-9cf96dab0e79 0.087s
2025-04-03 00:36:04.595 69838 INFO tempest.lib.common.rest_client [req-fea562d7-dfd6-4c2f-98fd-2ae227c06251 req-fea562d7-dfd6-4c2f-98fd-2ae227c06251 ] Request (ListImageFiltersTestJSON:setUpClass): 200 GET http://10.180.1.21/compute/v2.1/images/19109b1b-6a2f-4c6a-aa5e-75f55b2a0fb0 0.081s
2025-04-03 00:36:04.614 69864 INFO tempest.lib.common.rest_client [req-eeb008f8-e4ed-4232-8068-f56447ee45cc req-eeb008f8-e4ed-4232-8068-f56447ee45cc ] Request (ServerDiskConfigTestJSON:test_rebuild_server_with_manual_disk_config): 200 GET http://10.180.1.21/compute/v2.1/servers/23d7be76-bf47-42d3-ac48-38dc79383b16 0.067s
2025-04-03 00:36:04.670 69830 INFO tempest.lib.common.rest_client [req-534256c3-633a-4a2e-9182-cb95df0648b4 req-534256c3-633a-4a2e-9182-cb95df0648b4 ] Request (ListServersNegativeTestJSON:setUpClass): 200 GET http://10.180.1.21/compute/v2.1/servers/13fe71e9-b0d9-4f6d-b293-49e6557bb941 0.069s
2025-04-03 00:36:04.701 69842 INFO tempest.lib.common.rest_client [req-efcaa32a-1823-423b-ad6d-010afab0c9a0 req-efcaa32a-1823-423b-ad6d-010afab0c9a0 ] Request (ServerTagsTestJSON:tearDownClass): 200 GET http://10.180.1.21/compute/v2.1/servers/518ab3d2-9e53-40ad-9b9d-ba92dc3c9ee4 0.073s
2025-04-03 00:36:04.712 69842 INFO tempest.common.waiters [-] State transition "ACTIVE/deleting" ==> "DELETED/None" after 3 second wait
2025-04-03 00:36:04.724 69820 INFO tempest.lib.common.rest_client [req-55f08382-84ae-41ac-9b06-81937a5dd568 req-55f08382-84ae-41ac-9b06-81937a5dd568 ] Request (DeleteServersAdminTestJSON:test_delete_server_while_in_error_state): 200 GET http://10.180.1.21/compute/v2.1/servers/647ccacb-d909-4809-910b-caa4a7732b61 0.061s
2025-04-03 00:36:04.758 69812 INFO tempest.lib.common.rest_client [req-d0677dc1-d142-454c-b5dd-b1515fc91ecc req-d0677dc1-d142-454c-b5dd-b1515fc91ecc ] Request (ImagesOneServerTestJSON:test_create_image_specify_multibyte_character_image_name): 200 GET http://10.180.1.21/compute/v2.1/images/ccb9925d-db41-4a50-b844-7024a88daf38 0.062s
2025-04-03 00:36:04.771 69836 INFO tempest.lib.common.rest_client [req-e81ed2fa-514b-492b-9ac7-d987ec86d471 req-e81ed2fa-514b-492b-9ac7-d987ec86d471 ] Request (ServerDiagnosticsV248Test:test_get_server_diagnostics): 200 GET http://10.180.1.21/compute/v2.1/servers/f27b521f-9193-4db1-a108-c1f3ac567ce8 0.078s
2025-04-03 00:36:04.820 69852 INFO tempest.lib.common.rest_client [req-100e305a-5301-4f6c-b41d-5b5fa70fdbf5 req-100e305a-5301-4f6c-b41d-5b5fa70fdbf5 ] Request (ImagesTestJSON:test_create_image_from_suspended_server): 200 GET http://10.180.1.21/compute/v2.1/servers/4be76930-d724-4808-85c2-e1ca754f2784 0.076s
2025-04-03 00:36:04.842 69808 INFO tempest.lib.common.rest_client [req-b93263d4-080a-4d67-8b41-7058210f6da5 req-b93263d4-080a-4d67-8b41-7058210f6da5 ] Request (ServersAdminNegativeTestJSON:test_migrate_server_invalid_state): 200 GET http://10.180.1.21/compute/v2.1/servers/970e553a-7e3e-466a-96c7-d9d6f6d6807c 0.067s
2025-04-03 00:36:04.892 69806 INFO tempest.lib.common.rest_client [req-343708d7-92b0-40af-8d72-56cb1efd4fff req-343708d7-92b0-40af-8d72-56cb1efd4fff ] Request (ServerDiagnosticsNegativeTest:test_get_server_diagnostics_by_non_admin): 200 GET http://10.180.1.21/compute/v2.1/servers/843aebb5-20d0-4ada-b64a-3ae79bb6d5ca 0.055s
2025-04-03 00:36:04.998 69854 INFO tempest.lib.common.rest_client [req-01fbe8e4-79e0-4552-943a-4399a3f11724 req-01fbe8e4-79e0-4552-943a-4399a3f11724 ] Request (ServersTestJSON:test_create_server_specify_multibyte_character_name): 200 GET http://10.180.1.21/compute/v2.1/servers/29cfd912-4e9e-43b2-a76e-05bfd3bfa3b3 0.091s
2025-04-03 00:36:05.043 69828 INFO tempest.lib.common.rest_client [req-5148851f-ee91-40fe-aa76-28096c8b76cc req-5148851f-ee91-40fe-aa76-28096c8b76cc ] Request (ServersTestManualDisk:setUpClass): 200 GET http://10.180.1.21/compute/v2.1/servers/f5f03876-cb29-46ed-8bc7-f70d73fa4e55 0.132s
2025-04-03 00:36:05.110 69810 INFO tempest.lib.common.rest_client [req-7cbc66f0-e87f-4589-96fd-153dde00d249 req-7cbc66f0-e87f-4589-96fd-153dde00d249 ] Request (FloatingIPsAssociationTestJSON:tearDownClass): 200 GET http://10.180.1.21/compute/v2.1/servers/3a76616f-24ab-4bb5-9471-07e9f0ede930 0.303s
2025-04-03 00:36:05.151 69850 INFO tempest.lib.common.rest_client [req-e3b699ef-bcfe-4cd4-957a-a0c836df58c0 req-e3b699ef-bcfe-4cd4-957a-a0c836df58c0 ] Request (AttachInterfacesTestJSON:test_create_list_show_delete_interfaces_by_fixed_ip): 200 GET http://10.180.1.21/compute/v2.1/servers/48df700b-0654-42e7-8792-54f3de31a902 0.195s
2025-04-03 00:36:05.158 69850 INFO tempest.common.waiters [-] State transition "BUILD/networking" ==> "BUILD/spawning" after 49 second wait
2025-04-03 00:36:05.161 69824 INFO tempest.lib.common.rest_client [req-f327cf1e-928c-4af0-a870-9fd6cabe4ceb req-f327cf1e-928c-4af0-a870-9fd6cabe4ceb ] Request (InstanceActionsTestJSON:setUpClass): 200 GET http://10.180.1.21/compute/v2.1/servers/f7b6de16-4f11-4310-a2e5-63434aba5e10 0.114s
2025-04-03 00:36:05.197 69844 INFO tempest.lib.common.rest_client [req-602f254c-81de-4264-a4f0-dd8e060a1fbb req-602f254c-81de-4264-a4f0-dd8e060a1fbb ] Request (DeleteServersTestJSON:test_delete_active_server): 200 GET http://10.180.1.21/compute/v2.1/servers/eb4c3153-02e4-40d7-9d55-c9eb6017b490 0.081s
2025-04-03 00:36:05.244 69856 INFO tempest.lib.common.rest_client [req-d45ae8d3-f852-453a-8c8d-53257e8b7371 req-d45ae8d3-f852-453a-8c8d-53257e8b7371 ] Request (SecurityGroupsTestJSON:test_list_security_groups_by_server): 200 GET http://10.180.1.21/compute/v2.1/servers/a3e5b1df-503a-49a7-b066-b09999f7a2c9 0.074s
2025-04-03 00:36:05.275 69804 INFO tempest.lib.common.rest_client [req-b95505c4-d4c6-41fa-8374-07bf8648fbf6 req-b95505c4-d4c6-41fa-8374-07bf8648fbf6 ] Request (ServersAdminTestJSON:test_create_server_with_scheduling_hint): 200 GET http://10.180.1.21/compute/v2.1/servers/e5fde291-3647-432f-bf7f-9be335f39425 0.106s
2025-04-03 00:36:05.334 69818 INFO tempest.lib.common.rest_client [req-d32d5420-eb26-4d46-9964-ce4b92231220 req-d32d5420-eb26-4d46-9964-ce4b92231220 ] Request (FloatingIPsAssociationNegativeTestJSON:tearDownClass): 200 GET http://10.180.1.21/compute/v2.1/servers/0767959d-2fd8-4908-af49-ad43cad13ba7 0.061s
2025-04-03 00:36:05.396 69848 INFO tempest.lib.common.rest_client [req-bacff5d0-80b3-4bf4-ab2d-9a5a29a154bf req-bacff5d0-80b3-4bf4-ab2d-9a5a29a154bf ] Request (ServerGroupTestJSON:test_create_server_with_scheduler_hint_group): 200 GET http://10.180.1.21/compute/v2.1/servers/0c65c80f-99f5-4057-b938-a35f62ecffd2 0.066s
2025-04-03 00:36:05.482 69826 INFO tempest.lib.common.rest_client [req-4f73c919-2ed3-40fa-ad9f-b059eb2b44cd req-4f73c919-2ed3-40fa-ad9f-b059eb2b44cd ] Request (AttachInterfacesUnderV243Test:test_add_remove_fixed_ip): 200 GET http://10.180.1.21/compute/v2.1/servers/54e70109-c2ed-4972-b63a-c5c1e8beea2f 0.068s
2025-04-03 00:36:05.567 69846 INFO tempest.lib.common.rest_client [req-a386be53-e961-437f-a9fc-fb8ac02c104d req-a386be53-e961-437f-a9fc-fb8ac02c104d ] Request (ImagesOneServerNegativeTestJSON:_run_cleanups): 200 GET http://10.180.1.21/compute/v2.1/servers/2e0df378-21a8-4176-8f9f-e8c891987442 0.076s
2025-04-03 00:36:05.637 69862 INFO tempest.lib.common.rest_client [req-4bbf331a-5ed3-4b25-8b2a-cc76d629bdee req-4bbf331a-5ed3-4b25-8b2a-cc76d629bdee ] Request (MigrationsAdminTest:test_list_migrations_in_flavor_resize_situation): 200 GET http://10.180.1.21/compute/v2.1/servers/a22b3977-2a6f-4f01-949d-874208903ff4 0.117s
2025-04-03 00:36:05.643 69834 INFO tempest.lib.common.rest_client [req-98ec0a8a-d0d0-4945-840b-c8496de7d1db req-98ec0a8a-d0d0-4945-840b-c8496de7d1db ] Request (VolumesAdminNegativeTest:test_update_attached_volume_with_nonexistent_volume_in_body): 200 GET http://10.180.1.21/compute/v2.1/servers/9cc351f0-51fb-4bf5-87c9-e4b982bc1942 0.085s
2025-04-03 00:36:05.680 69838 INFO tempest.lib.common.rest_client [req-460a6518-53e4-46cd-831f-36acec9c8b41 req-460a6518-53e4-46cd-831f-36acec9c8b41 ] Request (ListImageFiltersTestJSON:setUpClass): 200 GET http://10.180.1.21/compute/v2.1/images/19109b1b-6a2f-4c6a-aa5e-75f55b2a0fb0 0.079s
2025-04-03 00:36:05.708 69832 INFO tempest.lib.common.rest_client [req-96028839-4cce-409f-8cf5-da8171b732f9 req-96028839-4cce-409f-8cf5-da8171b732f9 ] Request (ServerAddressesTestJSON:setUpClass): 200 GET http://10.180.1.21/compute/v2.1/servers/cde882ea-3a53-49aa-9ad3-9cf96dab0e79 0.133s
2025-04-03 00:36:05.741 69864 INFO tempest.lib.common.rest_client [req-c0a987bf-ce25-429d-b01d-7d9a7c2ea1bf req-c0a987bf-ce25-429d-b01d-7d9a7c2ea1bf ] Request (ServerDiskConfigTestJSON:test_rebuild_server_with_manual_disk_config): 200 GET http://10.180.1.21/compute/v2.1/servers/23d7be76-bf47-42d3-ac48-38dc79383b16 0.119s
2025-04-03 00:36:05.775 69830 INFO tempest.lib.common.rest_client [req-e029008e-0011-4773-964a-05d10ec82c04 req-e029008e-0011-4773-964a-05d10ec82c04 ] Request (ListServersNegativeTestJSON:setUpClass): 200 GET http://10.180.1.21/compute/v2.1/servers/13fe71e9-b0d9-4f6d-b293-49e6557bb941 0.097s
2025-04-03 00:36:05.823 69842 INFO tempest.lib.common.rest_client [req-ab1fd5c6-750e-4498-89b3-6489f243a3a2 req-ab1fd5c6-750e-4498-89b3-6489f243a3a2 ] Request (ServerTagsTestJSON:tearDownClass): 200 GET http://10.180.1.21/compute/v2.1/servers/518ab3d2-9e53-40ad-9b9d-ba92dc3c9ee4 0.109s
2025-04-03 00:36:05.856 69812 INFO tempest.lib.common.rest_client [req-0019a600-e851-4db6-b0e0-adb98c73b38e req-0019a600-e851-4db6-b0e0-adb98c73b38e ] Request (ImagesOneServerTestJSON:test_create_image_specify_multibyte_character_image_name): 200 GET http://10.180.1.21/compute/v2.1/images/ccb9925d-db41-4a50-b844-7024a88daf38 0.095s
2025-04-03 00:36:05.858 69858 INFO tempest.lib.common.rest_client [req-4f089ab5-4cf9-4609-b0b2-83de69988bde req-4f089ab5-4cf9-4609-b0b2-83de69988bde ] Request (ServersTestFqdnHostnames:setUpClass): 200 PUT http://10.180.1.21:9696/networking/v2.0/routers/01925308-fc63-4726-b97b-f03bdd2fa553/add_router_interface 1.373s
2025-04-03 00:36:05.859 69858 INFO tempest.lib.common.dynamic_creds [-] Created isolated network resources for: credentials: Credentials: {'domain_id': 'default', 'domain_name': 'Default', 'username': 'tempest-ServersTestFqdnHostnames-1166046965-project-member', 'project_domain_id': 'default', 'project_domain_name': 'Default', 'project_id': 'e527ddb0433a4e2cb4b937f8ad82fe7e', 'project_name': 'tempest-ServersTestFqdnHostnames-1166046965', 'tenant_id': 'e527ddb0433a4e2cb4b937f8ad82fe7e', 'tenant_name': 'tempest-ServersTestFqdnHostnames-1166046965', 'user_domain_id': 'default', 'user_domain_name': 'Default', 'user_id': '80c3e7cab3f24a95835f2f992d88bd86', 'system': None}, Network: {'id': '7c558bcc-e992-4541-a226-4940c8b37f4b', 'name': 'tempest-ServersTestFqdnHostnames-554149046-network', 'tenant_id': 'e527ddb0433a4e2cb4b937f8ad82fe7e', 'admin_state_up': True, 'mtu': 8950, 'status': 'ACTIVE', 'subnets': [], 'shared': False, 'project_id': 'e527ddb0433a4e2cb4b937f8ad82fe7e', 'port_security_enabled': True, 'router:external': False, 'provider:network_type': 'vlan', 'provider:physical_network': 'default', 'provider:segmentation_id': 305, 'availability_zone_hints': [], 'availability_zones': [], 'ipv4_address_scope': None, 'ipv6_address_scope': None, 'description': '', 'tags': [], 'created_at': '2025-04-03T00:36:02Z', 'updated_at': '2025-04-03T00:36:02Z', 'revision_number': 1}, Subnet: {'id': '60188719-c518-4f2a-8cac-2a3aa7d29789', 'name': 'tempest-ServersTestFqdnHostnames-554149046-subnet', 'tenant_id': 'e527ddb0433a4e2cb4b937f8ad82fe7e', 'network_id': '7c558bcc-e992-4541-a226-4940c8b37f4b', 'ip_version': 4, 'subnetpool_id': None, 'enable_dhcp': True, 'ipv6_ra_mode': None, 'ipv6_address_mode': None, 'gateway_ip': '192.168.128.1', 'cidr': '192.168.128.0/28', 'allocation_pools': [{'start': '192.168.128.2', 'end': '192.168.128.14'}], 'host_routes': [], 'dns_nameservers': [], 'description': '', 'router:external': False, 'service_types': [], 'tags': [], 'created_at': '2025-04-03T00:36:03Z', 'updated_at': '2025-04-03T00:36:03Z', 'revision_number': 0, 'project_id': 'e527ddb0433a4e2cb4b937f8ad82fe7e'}, Router: {'id': '01925308-fc63-4726-b97b-f03bdd2fa553', 'name': 'tempest-ServersTestFqdnHostnames-554149046-router', 'tenant_id': 'e527ddb0433a4e2cb4b937f8ad82fe7e', 'admin_state_up': True, 'status': 'ACTIVE', 'external_gateway_info': {'network_id': 'd0ad9895-d65d-46d1-bfea-49c6a513b5e0', 'external_fixed_ips': [{'subnet_id': '094db242-0445-4d27-b407-427062f8e944', 'ip_address': '10.180.180.170'}], 'enable_snat': True}, 'description': '', 'availability_zones': [], 'distributed': False, 'ha': False, 'availability_zone_hints': [], 'routes': [], 'flavor_id': None, 'tags': [], 'created_at': '2025-04-03T00:36:03Z', 'updated_at': '2025-04-03T00:36:03Z', 'revision_number': 2, 'project_id': 'e527ddb0433a4e2cb4b937f8ad82fe7e'}
2025-04-03 00:36:05.869 69820 INFO tempest.lib.common.rest_client [req-66083a12-3e93-4147-a03b-f53d97bed9bc req-66083a12-3e93-4147-a03b-f53d97bed9bc ] Request (DeleteServersAdminTestJSON:test_delete_server_while_in_error_state): 200 GET http://10.180.1.21/compute/v2.1/servers/647ccacb-d909-4809-910b-caa4a7732b61 0.136s
2025-04-03 00:36:05.926 69836 INFO tempest.lib.common.rest_client [req-174cbf19-3432-4962-bf00-00faafad9293 req-174cbf19-3432-4962-bf00-00faafad9293 ] Request (ServerDiagnosticsV248Test:test_get_server_diagnostics): 200 GET http://10.180.1.21/compute/v2.1/servers/f27b521f-9193-4db1-a108-c1f3ac567ce8 0.142s
2025-04-03 00:36:05.943 69852 INFO tempest.lib.common.rest_client [req-bf6714d8-29fd-4846-b44d-e0685dff2aca req-bf6714d8-29fd-4846-b44d-e0685dff2aca ] Request (ImagesTestJSON:test_create_image_from_suspended_server): 200 GET http://10.180.1.21/compute/v2.1/servers/4be76930-d724-4808-85c2-e1ca754f2784 0.111s
2025-04-03 00:36:05.994 69808 INFO tempest.lib.common.rest_client [req-5aac7a64-df8d-4b50-a3f2-2c03a964f1d5 req-5aac7a64-df8d-4b50-a3f2-2c03a964f1d5 ] Request (ServersAdminNegativeTestJSON:test_migrate_server_invalid_state): 200 GET http://10.180.1.21/compute/v2.1/servers/970e553a-7e3e-466a-96c7-d9d6f6d6807c 0.143s
2025-04-03 00:36:05.994 69858 INFO tempest.lib.common.rest_client [req-2f7308b2-239f-4689-badf-59c70c154385 req-2f7308b2-239f-4689-badf-59c70c154385 ] Request (ServersTestFqdnHostnames:setUpClass): 201 POST http://10.180.1.21/identity/v3/auth/tokens 0.131s
2025-04-03 00:36:06.026 69806 INFO tempest.lib.common.rest_client [req-3f6cfa06-8481-47b8-8779-704759994206 req-3f6cfa06-8481-47b8-8779-704759994206 ] Request (ServerDiagnosticsNegativeTest:test_get_server_diagnostics_by_non_admin): 200 GET http://10.180.1.21/compute/v2.1/servers/843aebb5-20d0-4ada-b64a-3ae79bb6d5ca 0.127s
2025-04-03 00:36:06.126 69858 INFO tempest.lib.common.rest_client [req-476fadc5-08e8-461a-b06e-f73755585308 req-476fadc5-08e8-461a-b06e-f73755585308 ] Request (ServersTestFqdnHostnames:test_create_server_with_fqdn_name): 200 POST http://10.180.1.21/compute/v2.1/os-keypairs 0.130s
