2025-04-03 00:35:55.391 69858 INFO tempest.lib.common.rest_client [req-879f3496-3023-4cb8-8f69-521260a1fe51 req-879f3496-3023-4cb8-8f69-521260a1fe51 ] Request (ServicesAdminNegativeV253TestJSON:setUpClass): 200 GET http://10.180.1.21/identity/v3/domains?name=Default 0.207s
2025-04-03 00:35:55.398 69856 INFO tempest.lib.common.rest_client [req-8efdf0cf-339d-4e81-962d-5ca4ef7c88ed req-8efdf0cf-339d-4e81-962d-5ca4ef7c88ed ] Request (SecurityGroupsTestJSON:test_list_security_groups_by_server): 200 GET http://10.180.1.21/compute/v2.1/servers/a3e5b1df-503a-49a7-b066-b09999f7a2c9 0.841s
2025-04-03 00:35:55.407 69824 INFO tempest.lib.common.rest_client [req-f8a2a255-e85c-49e8-af86-ee5bb0a8bff8 req-f8a2a255-e85c-49e8-af86-ee5bb0a8bff8 ] Request (InstanceActionsTestJSON:setUpClass): 201 POST http://10.180.1.21/identity/v3/users 0.069s
2025-04-03 00:35:55.425 69858 INFO tempest.lib.common.rest_client [req-5e6fe01e-fc53-486f-bbd1-e477829b18f1 req-5e6fe01e-fc53-486f-bbd1-e477829b18f1 ] Request (ServicesAdminNegativeV253TestJSON:setUpClass): 201 POST http://10.180.1.21/identity/v3/projects 0.034s
2025-04-03 00:35:55.474 69824 INFO tempest.lib.common.rest_client [req-38753065-86c0-430a-ac18-f89a8180de35 req-38753065-86c0-430a-ac18-f89a8180de35 ] Request (InstanceActionsTestJSON:setUpClass): 200 GET http://10.180.1.21/identity/v3/roles 0.067s
2025-04-03 00:35:55.500 69858 INFO tempest.lib.common.rest_client [req-9dfe056b-3539-4224-a0fe-c5a69849ec7d req-9dfe056b-3539-4224-a0fe-c5a69849ec7d ] Request (ServicesAdminNegativeV253TestJSON:setUpClass): 201 POST http://10.180.1.21/identity/v3/users 0.075s
2025-04-03 00:35:55.525 69824 INFO tempest.lib.common.rest_client [req-3165b1d4-b055-4abe-8118-f09c6a48582f req-3165b1d4-b055-4abe-8118-f09c6a48582f ] Request (InstanceActionsTestJSON:setUpClass): 204 PUT http://10.180.1.21/identity/v3/projects/c1b3e7bb527c42ec86c1631f8a2e8aac/users/44515b0109294f3bb8556ea294c5c582/roles/3fff3c04c67c4dd3b43b8baca305b8a9 0.050s
2025-04-03 00:35:55.525 69824 INFO tempest.lib.common.dynamic_creds [-] Dynamic test user 44515b0109294f3bb8556ea294c5c582 is created with scope project and roles: ['member']
2025-04-03 00:35:55.525 69824 INFO tempest.lib.common.dynamic_creds [-] Acquired dynamic creds: credentials: Credentials: {'domain_id': 'default', 'domain_name': 'Default', 'username': 'tempest-InstanceActionsTestJSON-1494821760-project-member', 'project_domain_id': 'default', 'project_domain_name': 'Default', 'project_id': 'c1b3e7bb527c42ec86c1631f8a2e8aac', 'project_name': 'tempest-InstanceActionsTestJSON-1494821760', 'tenant_id': 'c1b3e7bb527c42ec86c1631f8a2e8aac', 'tenant_name': 'tempest-InstanceActionsTestJSON-1494821760', 'user_domain_id': 'default', 'user_domain_name': 'Default', 'user_id': '44515b0109294f3bb8556ea294c5c582', 'system': None}, Network: None, Subnet: None, Router: None
2025-04-03 00:35:55.567 69858 INFO tempest.lib.common.rest_client [req-f0f6d270-92ae-4644-a1d9-4508c1c0d1a2 req-f0f6d270-92ae-4644-a1d9-4508c1c0d1a2 ] Request (ServicesAdminNegativeV253TestJSON:setUpClass): 200 GET http://10.180.1.21/identity/v3/roles 0.066s
2025-04-03 00:35:55.581 69824 INFO tempest.lib.common.rest_client [req-7cd2c142-bae3-4bff-8fda-81ebfc80208e req-7cd2c142-bae3-4bff-8fda-81ebfc80208e ] Request (InstanceActionsTestJSON:setUpClass): 201 POST http://10.180.1.21/identity/v3/auth/tokens 0.055s
2025-04-03 00:35:55.600 69858 INFO tempest.lib.common.rest_client [req-1051e80f-dd84-4749-9106-77f73a38095f req-1051e80f-dd84-4749-9106-77f73a38095f ] Request (ServicesAdminNegativeV253TestJSON:setUpClass): 204 PUT http://10.180.1.21/identity/v3/projects/be176c9cf2c54301ae40209ca9322be2/users/c1c1668073d2407699d2d47b8a6ffb3f/roles/3fff3c04c67c4dd3b43b8baca305b8a9 0.033s
2025-04-03 00:35:55.600 69858 INFO tempest.lib.common.dynamic_creds [-] Dynamic test user c1c1668073d2407699d2d47b8a6ffb3f is created with scope project and roles: ['member']
2025-04-03 00:35:55.601 69858 INFO tempest.lib.common.dynamic_creds [-] Acquired dynamic creds: credentials: Credentials: {'domain_id': 'default', 'domain_name': 'Default', 'username': 'tempest-ServicesAdminNegativeV253TestJSON-1219853560-project-member', 'project_domain_id': 'default', 'project_domain_name': 'Default', 'project_id': 'be176c9cf2c54301ae40209ca9322be2', 'project_name': 'tempest-ServicesAdminNegativeV253TestJSON-1219853560', 'tenant_id': 'be176c9cf2c54301ae40209ca9322be2', 'tenant_name': 'tempest-ServicesAdminNegativeV253TestJSON-1219853560', 'user_domain_id': 'default', 'user_domain_name': 'Default', 'user_id': 'c1c1668073d2407699d2d47b8a6ffb3f', 'system': None}, Network: None, Subnet: None, Router: None
2025-04-03 00:35:55.601 69858 INFO tempest.lib.common.dynamic_creds [-] Created isolated network resources for: credentials: Credentials: {'domain_id': 'default', 'domain_name': 'Default', 'username': 'tempest-ServicesAdminNegativeV253TestJSON-1219853560-project-member', 'project_domain_id': 'default', 'project_domain_name': 'Default', 'project_id': 'be176c9cf2c54301ae40209ca9322be2', 'project_name': 'tempest-ServicesAdminNegativeV253TestJSON-1219853560', 'tenant_id': 'be176c9cf2c54301ae40209ca9322be2', 'tenant_name': 'tempest-ServicesAdminNegativeV253TestJSON-1219853560', 'user_domain_id': 'default', 'user_domain_name': 'Default', 'user_id': 'c1c1668073d2407699d2d47b8a6ffb3f', 'system': None}, Network: None, Subnet: None, Router: None
2025-04-03 00:35:55.676 69858 INFO tempest.lib.common.rest_client [req-2135f078-cd08-4089-9de9-79656fe3734d req-2135f078-cd08-4089-9de9-79656fe3734d ] Request (ServicesAdminNegativeV253TestJSON:setUpClass): 201 POST http://10.180.1.21/identity/v3/auth/tokens 0.070s
2025-04-03 00:35:55.749 69858 INFO tempest.lib.common.rest_client [req-7020e226-036b-4e47-a6f2-e4ba16a8f1ba req-7020e226-036b-4e47-a6f2-e4ba16a8f1ba ] Request (ServicesAdminNegativeV253TestJSON:setUpClass): 201 POST http://10.180.1.21/identity/v3/projects 0.073s
2025-04-03 00:35:55.827 69858 INFO tempest.lib.common.rest_client [req-7f6c14e8-1800-4c44-bbbd-25c9ccaa757c req-7f6c14e8-1800-4c44-bbbd-25c9ccaa757c ] Request (ServicesAdminNegativeV253TestJSON:setUpClass): 201 POST http://10.180.1.21/identity/v3/users 0.077s
2025-04-03 00:35:55.853 69858 INFO tempest.lib.common.rest_client [req-0e08a771-5015-4f64-95f9-625ca16b0e0b req-0e08a771-5015-4f64-95f9-625ca16b0e0b ] Request (ServicesAdminNegativeV253TestJSON:setUpClass): 200 GET http://10.180.1.21/identity/v3/roles 0.025s
2025-04-03 00:35:55.870 69844 INFO tempest.lib.common.rest_client [req-9cfa9984-4142-40e5-9c93-37d74652eeae req-9cfa9984-4142-40e5-9c93-37d74652eeae ] Request (DeleteServersTestJSON:test_delete_active_server): 202 POST http://10.180.1.21/compute/v2.1/servers 1.292s
2025-04-03 00:35:55.906 69858 INFO tempest.lib.common.rest_client [req-c034d2eb-6989-464b-9c4e-acc93c2b73d2 req-c034d2eb-6989-464b-9c4e-acc93c2b73d2 ] Request (ServicesAdminNegativeV253TestJSON:setUpClass): 204 PUT http://10.180.1.21/identity/v3/projects/33a15e8190f843d29d7aa5b2eb9e182e/users/7038bd385b4246989e052be571fff037/roles/a04229b8b0c749d9be039889a50daadb 0.053s
2025-04-03 00:35:55.964 69818 INFO tempest.lib.common.rest_client [req-ac4ae31e-fa4a-4f7b-bf3e-62e9f5cd056a req-ac4ae31e-fa4a-4f7b-bf3e-62e9f5cd056a ] Request (FloatingIPsAssociationNegativeTestJSON:tearDownClass): 200 GET http://10.180.1.21/compute/v2.1/servers/0767959d-2fd8-4908-af49-ad43cad13ba7 1.283s
2025-04-03 00:35:56.010 69858 INFO tempest.lib.common.rest_client [req-15e55626-b891-4873-b1c9-be59aae4c960 req-15e55626-b891-4873-b1c9-be59aae4c960 ] Request (ServicesAdminNegativeV253TestJSON:setUpClass): 200 GET http://10.180.1.21/identity/v3/roles 0.103s
2025-04-03 00:35:56.021 69842 INFO tempest.lib.common.rest_client [req-bdc61b27-3f01-42ad-97ea-377326bbedcc req-bdc61b27-3f01-42ad-97ea-377326bbedcc ] Request (ServerTagsTestJSON:test_delete_all_tags): 204 DELETE http://10.180.1.21/compute/v2.1/servers/518ab3d2-9e53-40ad-9b9d-ba92dc3c9ee4/tags 1.321s
2025-04-03 00:35:56.048 69858 INFO tempest.lib.common.rest_client [req-a3250ee5-9f55-40a0-95a0-25e5e96c41c4 req-a3250ee5-9f55-40a0-95a0-25e5e96c41c4 ] Request (ServicesAdminNegativeV253TestJSON:setUpClass): 204 PUT http://10.180.1.21/identity/v3/projects/33a15e8190f843d29d7aa5b2eb9e182e/users/7038bd385b4246989e052be571fff037/roles/a04229b8b0c749d9be039889a50daadb 0.037s
2025-04-03 00:35:56.048 69858 INFO tempest.lib.common.dynamic_creds [-] Dynamic test user 7038bd385b4246989e052be571fff037 is created with scope project and roles: ['admin']
2025-04-03 00:35:56.048 69858 INFO tempest.lib.common.dynamic_creds [-] Acquired dynamic creds: credentials: Credentials: {'domain_id': 'default', 'domain_name': 'Default', 'username': 'tempest-ServicesAdminNegativeV253TestJSON-408301239-project-admin', 'project_domain_id': 'default', 'project_domain_name': 'Default', 'project_id': '33a15e8190f843d29d7aa5b2eb9e182e', 'project_name': 'tempest-ServicesAdminNegativeV253TestJSON-408301239', 'tenant_id': '33a15e8190f843d29d7aa5b2eb9e182e', 'tenant_name': 'tempest-ServicesAdminNegativeV253TestJSON-408301239', 'user_domain_id': 'default', 'user_domain_name': 'Default', 'user_id': '7038bd385b4246989e052be571fff037', 'system': None}, Network: None, Subnet: None, Router: None
2025-04-03 00:35:56.048 69858 INFO tempest.lib.common.dynamic_creds [-] Created isolated network resources for: credentials: Credentials: {'domain_id': 'default', 'domain_name': 'Default', 'username': 'tempest-ServicesAdminNegativeV253TestJSON-408301239-project-admin', 'project_domain_id': 'default', 'project_domain_name': 'Default', 'project_id': '33a15e8190f843d29d7aa5b2eb9e182e', 'project_name': 'tempest-ServicesAdminNegativeV253TestJSON-408301239', 'tenant_id': '33a15e8190f843d29d7aa5b2eb9e182e', 'tenant_name': 'tempest-ServicesAdminNegativeV253TestJSON-408301239', 'user_domain_id': 'default', 'user_domain_name': 'Default', 'user_id': '7038bd385b4246989e052be571fff037', 'system': None}, Network: None, Subnet: None, Router: None
2025-04-03 00:35:56.061 69812 INFO tempest.lib.common.rest_client [req-a5d39da9-4a9b-470e-a341-e4091dabc04e req-a5d39da9-4a9b-470e-a341-e4091dabc04e ] Request (ImagesOneServerTestJSON:test_create_delete_image): 200 GET http://10.180.1.21/compute/v2.1/images/bd3d944b-0fb1-4ff6-ae34-4ee3c836dde4 1.329s
2025-04-03 00:35:56.126 69848 INFO tempest.lib.common.rest_client [req-9a32e124-c6fb-404c-b988-f67d60b8c596 req-9a32e124-c6fb-404c-b988-f67d60b8c596 ] Request (ServerGroupTestJSON:test_create_server_with_scheduler_hint_group): 200 GET http://10.180.1.21/compute/v2.1/servers/0c65c80f-99f5-4057-b938-a35f62ecffd2 1.363s
2025-04-03 00:35:56.147 69858 INFO tempest.lib.common.rest_client [req-0db46a09-ef82-491c-86dc-3084d937abbd req-0db46a09-ef82-491c-86dc-3084d937abbd ] Request (ServicesAdminNegativeV253TestJSON:setUpClass): 201 POST http://10.180.1.21/identity/v3/auth/tokens 0.095s
2025-04-03 00:35:56.188 69826 INFO tempest.lib.common.rest_client [req-a1864d20-6303-4b99-8ce5-8d83cde06d20 req-a1864d20-6303-4b99-8ce5-8d83cde06d20 ] Request (AttachInterfacesUnderV243Test:test_add_remove_fixed_ip): 200 GET http://10.180.1.21/compute/v2.1/servers/54e70109-c2ed-4972-b63a-c5c1e8beea2f 1.425s
2025-04-03 00:35:56.257 69846 INFO tempest.lib.common.rest_client [req-f9c71c46-28ab-4946-9960-305cd017597f req-f9c71c46-28ab-4946-9960-305cd017597f ] Request (ImagesOneServerNegativeTestJSON:_run_cleanups): 200 GET http://10.180.1.21/compute/v2.1/servers/2e0df378-21a8-4176-8f9f-e8c891987442 1.283s
2025-04-03 00:35:56.297 69810 INFO tempest.lib.common.rest_client [req-d923aa64-c28a-4e8d-8ec4-aa2024f6d5ef req-d923aa64-c28a-4e8d-8ec4-aa2024f6d5ef ] Request (FloatingIPsAssociationTestJSON:test_associate_disassociate_floating_ip): 202 POST http://10.180.1.21/compute/v2.1/servers/74b0bc13-7b1f-4c6f-938a-d7bd00d3d819/action 1.801s
2025-04-03 00:35:56.308 69834 INFO tempest.lib.common.rest_client [req-8913480b-e2f9-4feb-90e7-e1e3f1bc91ac req-8913480b-e2f9-4feb-90e7-e1e3f1bc91ac ] Request (VolumesAdminNegativeTest:test_update_attached_volume_with_nonexistent_volume_in_body): 200 GET http://10.180.1.21/compute/v2.1/servers/9cc351f0-51fb-4bf5-87c9-e4b982bc1942 1.328s
2025-04-03 00:35:56.368 69832 INFO tempest.lib.common.rest_client [req-bea25787-c3c1-4ab9-bd0a-37ae6aa53340 req-bea25787-c3c1-4ab9-bd0a-37ae6aa53340 ] Request (ServerAddressesTestJSON:setUpClass): 200 GET http://10.180.1.21/compute/v2.1/servers/cde882ea-3a53-49aa-9ad3-9cf96dab0e79 1.246s
2025-04-03 00:35:56.380 69830 INFO tempest.lib.common.rest_client [req-122b0192-7a74-4666-9973-295f50eee0ff req-122b0192-7a74-4666-9973-295f50eee0ff ] Request (ListServersNegativeTestJSON:setUpClass): 200 GET http://10.180.1.21/compute/v2.1/servers/13fe71e9-b0d9-4f6d-b293-49e6557bb941 1.326s
2025-04-03 00:35:56.396 69824 INFO tempest.lib.common.rest_client [req-53a31064-ebf4-4110-b2bf-f956b0e671a2 req-53a31064-ebf4-4110-b2bf-f956b0e671a2 ] Request (InstanceActionsTestJSON:setUpClass): 201 POST http://10.180.1.21:9696/networking/v2.0/networks 0.815s
2025-04-03 00:35:56.440 69864 INFO tempest.lib.common.rest_client [req-3c966427-ad58-484e-ba91-1005579baa3e req-3c966427-ad58-484e-ba91-1005579baa3e ] Request (ServerDiskConfigTestJSON:test_rebuild_server_with_manual_disk_config): 200 GET http://10.180.1.21/compute/v2.1/servers/23d7be76-bf47-42d3-ac48-38dc79383b16 1.258s
2025-04-03 00:35:56.550 69838 INFO tempest.lib.common.rest_client [req-143a7789-e5e0-48e3-ba35-5029700d7ed0 req-143a7789-e5e0-48e3-ba35-5029700d7ed0 ] Request (ListImageFiltersTestJSON:setUpClass): 200 GET http://10.180.1.21/compute/v2.1/servers/ed61f7dd-d820-4445-97cf-6b01eb636103 1.359s
2025-04-03 00:35:56.611 69820 INFO tempest.lib.common.rest_client [req-2c293e44-041d-4116-bbc9-3b1ae5809e87 req-2c293e44-041d-4116-bbc9-3b1ae5809e87 ] Request (DeleteServersAdminTestJSON:test_delete_server_while_in_error_state): 200 GET http://10.180.1.21/compute/v2.1/servers/647ccacb-d909-4809-910b-caa4a7732b61 1.342s
2025-04-03 00:35:56.690 69822 INFO tempest.lib.common.rest_client [req-3c782dfa-623c-4368-a918-b8845056acf2 req-3c782dfa-623c-4368-a918-b8845056acf2 ] Request (NetworksTest:test_get_network): 200 GET http://10.180.1.21/compute/v2.1/os-networks/d0ad9895-d65d-46d1-bfea-49c6a513b5e0 1.362s
2025-04-03 00:35:56.714 69836 INFO tempest.lib.common.rest_client [req-3f50de5f-c247-40eb-8925-fc748ba5fe5c req-3f50de5f-c247-40eb-8925-fc748ba5fe5c ] Request (ServerDiagnosticsV248Test:test_get_server_diagnostics): 200 GET http://10.180.1.21/compute/v2.1/servers/f27b521f-9193-4db1-a108-c1f3ac567ce8 1.457s
2025-04-03 00:35:56.744 69852 INFO tempest.lib.common.rest_client [req-9fa2896e-6a61-433e-b634-fba1cd99f7d0 req-9fa2896e-6a61-433e-b634-fba1cd99f7d0 ] Request (ImagesTestJSON:test_create_image_from_suspended_server): 200 GET http://10.180.1.21/compute/v2.1/servers/4be76930-d724-4808-85c2-e1ca754f2784 1.368s
2025-04-03 00:35:56.756 69824 INFO tempest.lib.common.rest_client [req-a34c8102-d593-4af2-b821-6807d3f554ea req-a34c8102-d593-4af2-b821-6807d3f554ea ] Request (InstanceActionsTestJSON:setUpClass): 201 POST http://10.180.1.21:9696/networking/v2.0/subnets 0.359s
2025-04-03 00:35:56.762 69808 INFO tempest.lib.common.rest_client [req-eaa971c0-53a9-4e64-acdc-774048b4fb95 req-eaa971c0-53a9-4e64-acdc-774048b4fb95 ] Request (ServersAdminNegativeTestJSON:test_migrate_server_invalid_state): 200 GET http://10.180.1.21/compute/v2.1/servers/970e553a-7e3e-466a-96c7-d9d6f6d6807c 1.369s
2025-04-03 00:35:56.815 69804 INFO tempest.lib.common.rest_client [req-0091bc9e-0f76-4abb-b464-963c3569fc2c req-0091bc9e-0f76-4abb-b464-963c3569fc2c ] Request (ServersAdminTestJSON:test_create_server_with_scheduling_hint): 200 GET http://10.180.1.21/compute/v2.1/servers/e5fde291-3647-432f-bf7f-9be335f39425 1.232s
2025-04-03 00:35:56.984 69854 INFO tempest.lib.common.rest_client [req-76588210-b1e1-4477-8f3d-9071882ad498 req-76588210-b1e1-4477-8f3d-9071882ad498 ] Request (ServersTestJSON:test_create_server_specify_multibyte_character_name): 200 GET http://10.180.1.21/compute/v2.1/servers/29cfd912-4e9e-43b2-a76e-05bfd3bfa3b3 1.215s
2025-04-03 00:35:56.993 69854 INFO tempest.common.waiters [-] State transition "BUILD/None" ==> "BUILD/spawning" after 40 second wait
2025-04-03 00:35:57.005 69816 INFO tempest.lib.common.rest_client [req-78b8ea1b-b9e3-4be8-8b83-623c71dc4477 req-78b8ea1b-b9e3-4be8-8b83-623c71dc4477 ] Request (ServersTestBootFromVolume:setUpClass): 200 GET http://10.180.1.21/compute/v2.1/servers/7dcf2e06-d5bb-42d1-8df5-dd947e5929d6 1.488s
2025-04-03 00:35:57.031 69806 INFO tempest.lib.common.rest_client [req-dbaa3688-f988-4475-9908-e11cceb61267 req-dbaa3688-f988-4475-9908-e11cceb61267 ] Request (ServerDiagnosticsNegativeTest:test_get_server_diagnostics_by_non_admin): 200 GET http://10.180.1.21/compute/v2.1/servers/843aebb5-20d0-4ada-b64a-3ae79bb6d5ca 1.244s
2025-04-03 00:35:57.073 69828 INFO tempest.lib.common.rest_client [req-e49598e4-2fa8-43bc-90a9-39f882c5109d req-e49598e4-2fa8-43bc-90a9-39f882c5109d ] Request (ServersTestManualDisk:setUpClass): 200 GET http://10.180.1.21/compute/v2.1/servers/f5f03876-cb29-46ed-8bc7-f70d73fa4e55 1.206s
2025-04-03 00:35:57.078 69844 INFO tempest.lib.common.rest_client [req-e874bf9e-b078-4edd-a39c-76833743662d req-e874bf9e-b078-4edd-a39c-76833743662d ] Request (DeleteServersTestJSON:test_delete_active_server): 200 GET http://10.180.1.21/compute/v2.1/servers/eb4c3153-02e4-40d7-9d55-c9eb6017b490 1.205s
2025-04-03 00:35:57.145 69850 INFO tempest.lib.common.rest_client [req-91a1cfe9-f147-4327-893c-15273ea54dc8 req-91a1cfe9-f147-4327-893c-15273ea54dc8 ] Request (AttachInterfacesTestJSON:test_create_list_show_delete_interfaces_by_fixed_ip): 200 GET http://10.180.1.21/compute/v2.1/servers/48df700b-0654-42e7-8792-54f3de31a902 1.213s
2025-04-03 00:35:57.160 69842 INFO tempest.lib.common.rest_client [req-f458d435-8f11-4778-b412-ee9ad49279ef req-f458d435-8f11-4778-b412-ee9ad49279ef ] Request (ServerTagsTestJSON:test_delete_all_tags): 200 GET http://10.180.1.21/compute/v2.1/servers/518ab3d2-9e53-40ad-9b9d-ba92dc3c9ee4/tags 1.139s
2025-04-03 00:35:57.175 69812 INFO tempest.lib.common.rest_client [req-56f7294e-1d24-4518-971d-a5b952e96a77 req-56f7294e-1d24-4518-971d-a5b952e96a77 ] Request (ImagesOneServerTestJSON:test_create_delete_image): 200 GET http://10.180.1.21/compute/v2.1/flavors/42 1.107s
2025-04-03 00:35:57.179 69862 INFO tempest.lib.common.rest_client [req-e3039ae7-3867-48ee-9d63-fbae224b5dec req-e3039ae7-3867-48ee-9d63-fbae224b5dec ] Request (MigrationsAdminTest:test_list_migrations_in_flavor_resize_situation): 200 GET http://10.180.1.21/compute/v2.1/servers/a22b3977-2a6f-4f01-949d-874208903ff4 1.167s
2025-04-03 00:35:57.263 69810 INFO tempest.lib.common.rest_client [req-f75582a1-46d8-4c78-9c5d-dfcfaa8e9500 req-f75582a1-46d8-4c78-9c5d-dfcfaa8e9500 ] Request (FloatingIPsAssociationTestJSON:test_associate_disassociate_floating_ip): 200 GET http://10.180.1.21/compute/v2.1/os-floating-ips/dcba16df-ecca-473f-8881-7bc6e9e7ce17 0.965s
2025-04-03 00:35:57.274 69858 INFO tempest.lib.common.rest_client [req-2e648149-75bc-4371-88d6-90f4a539cc3b req-2e648149-75bc-4371-88d6-90f4a539cc3b ] Request (ServicesAdminNegativeV253TestJSON:test_disable_log_reason_with_invalid_service_id): 404 PUT http://10.180.1.21/compute/v2.1/os-services/0f578dda-4181-4625-aef6-afdebcb931c9 1.126s
2025-04-03 00:35:57.332 69856 INFO tempest.lib.common.rest_client [req-24d79734-2003-4639-a5c8-650a24a4fc5b req-24d79734-2003-4639-a5c8-650a24a4fc5b ] Request (SecurityGroupsTestJSON:test_list_security_groups_by_server): 200 GET http://10.180.1.21/compute/v2.1/servers/a3e5b1df-503a-49a7-b066-b09999f7a2c9 0.919s
2025-04-03 00:35:57.443 69818 INFO tempest.lib.common.rest_client [req-9e2c8f1f-c889-426b-969d-11c66ebf6883 req-9e2c8f1f-c889-426b-969d-11c66ebf6883 ] Request (FloatingIPsAssociationNegativeTestJSON:tearDownClass): 200 GET http://10.180.1.21/compute/v2.1/servers/0767959d-2fd8-4908-af49-ad43cad13ba7 0.467s
2025-04-03 00:35:57.487 69822 INFO tempest.lib.common.rest_client [req-ae311984-9abb-49f8-9ab5-4825aa35480a req-ae311984-9abb-49f8-9ab5-4825aa35480a ] Request (NetworksTest:test_list_all_networks): 200 GET http://10.180.1.21/compute/v2.1/os-networks 0.796s
2025-04-03 00:35:57.502 69848 INFO tempest.lib.common.rest_client [req-b9c3010a-40c0-4519-a62f-c80ef503f706 req-b9c3010a-40c0-4519-a62f-c80ef503f706 ] Request (ServerGroupTestJSON:test_create_server_with_scheduler_hint_group): 200 GET http://10.180.1.21/compute/v2.1/servers/0c65c80f-99f5-4057-b938-a35f62ecffd2 0.369s
2025-04-03 00:35:57.541 69842 INFO tempest.lib.common.rest_client [req-3091b67f-8504-418d-9ae2-ce89e66830fa req-3091b67f-8504-418d-9ae2-ce89e66830fa ] Request (ServerTagsTestJSON:_run_cleanups): 204 DELETE http://10.180.1.21/compute/v2.1/servers/518ab3d2-9e53-40ad-9b9d-ba92dc3c9ee4/tags 0.380s
2025-04-03 00:35:57.597 69826 INFO tempest.lib.common.rest_client [req-c17fd5b3-305a-46dc-94de-e7ed28ad0867 req-c17fd5b3-305a-46dc-94de-e7ed28ad0867 ] Request (AttachInterfacesUnderV243Test:test_add_remove_fixed_ip): 200 GET http://10.180.1.21/compute/v2.1/servers/54e70109-c2ed-4972-b63a-c5c1e8beea2f 0.398s
2025-04-03 00:35:57.623 69812 INFO tempest.lib.common.rest_client [req-fdaa0113-7c56-439a-83a8-ba36253c37cb req-fdaa0113-7c56-439a-83a8-ba36253c37cb ] Request (ImagesOneServerTestJSON:test_create_delete_image): 204 DELETE http://10.180.1.21/compute/v2.1/images/304cc637-b91e-4943-acb4-c2462584cc24 0.446s
2025-04-03 00:35:57.629 69822 INFO tempest.lib.common.rest_client [req-b50df5ab-0c0c-4820-84e6-693bbbea37f6 req-b50df5ab-0c0c-4820-84e6-693bbbea37f6 ] Request (NetworksTest:tearDownClass): 204 DELETE http://10.180.1.21/identity/v3/users/0a07275380a243e8b2004776b229c12c 0.131s
2025-04-03 00:35:57.656 69824 INFO tempest.lib.common.rest_client [req-bc2af242-e8af-44a2-83f1-0bd0107d2f3e req-bc2af242-e8af-44a2-83f1-0bd0107d2f3e ] Request (InstanceActionsTestJSON:setUpClass): 201 POST http://10.180.1.21:9696/networking/v2.0/routers 0.900s
2025-04-03 00:35:57.691 69846 INFO tempest.lib.common.rest_client [req-14991f84-7f3d-4afa-9913-4fc643e3754d req-14991f84-7f3d-4afa-9913-4fc643e3754d ] Request (ImagesOneServerNegativeTestJSON:_run_cleanups): 200 GET http://10.180.1.21/compute/v2.1/servers/2e0df378-21a8-4176-8f9f-e8c891987442 0.418s
2025-04-03 00:35:57.710 69858 INFO tempest.lib.common.rest_client [req-f57d5f39-5ff9-43fd-ab86-7fd675a30a48 req-f57d5f39-5ff9-43fd-ab86-7fd675a30a48 ] Request (ServicesAdminNegativeV253TestJSON:test_disable_service_with_invalid_service_id): 404 PUT http://10.180.1.21/compute/v2.1/os-services/0f578dda-4181-4625-aef6-afdebcb931c9 0.434s
2025-04-03 00:35:57.713 69822 INFO tempest.lib.common.rest_client [req-06e52055-7420-4087-a248-70de61c856e0 req-06e52055-7420-4087-a248-70de61c856e0 ] Request (NetworksTest:tearDownClass): 204 DELETE http://10.180.1.21/identity/v3/users/0962e1492bcd45799aecb8d3872be439 0.084s
2025-04-03 00:35:57.714 69822 INFO tempest.lib.common.dynamic_creds [-] Deleting project and security group for project: 5155b9f6220d4db6bb5d2bef1eb1ee0c
2025-04-03 00:35:57.761 69834 INFO tempest.lib.common.rest_client [req-ab7e2e76-2a39-4864-8d74-440edb622a91 req-ab7e2e76-2a39-4864-8d74-440edb622a91 ] Request (VolumesAdminNegativeTest:test_update_attached_volume_with_nonexistent_volume_in_body): 200 GET http://10.180.1.21/compute/v2.1/servers/9cc351f0-51fb-4bf5-87c9-e4b982bc1942 0.444s
2025-04-03 00:35:57.768 69822 INFO tempest.lib.common.rest_client [req-01fa05ee-c901-4320-9f15-b836e92dc22d req-01fa05ee-c901-4320-9f15-b836e92dc22d ] Request (NetworksTest:tearDownClass): 201 POST http://10.180.1.21/identity/v3/auth/tokens 0.053s
2025-04-03 00:35:57.811 69832 INFO tempest.lib.common.rest_client [req-52ad2ed9-8d15-4b4c-ad3e-7e830cef6b09 req-52ad2ed9-8d15-4b4c-ad3e-7e830cef6b09 ] Request (ServerAddressesTestJSON:setUpClass): 200 GET http://10.180.1.21/compute/v2.1/servers/cde882ea-3a53-49aa-9ad3-9cf96dab0e79 0.432s
2025-04-03 00:35:57.869 69830 INFO tempest.lib.common.rest_client [req-1cb1debb-ca26-4a22-9cc8-3dad0a58364b req-1cb1debb-ca26-4a22-9cc8-3dad0a58364b ] Request (ListServersNegativeTestJSON:setUpClass): 200 GET http://10.180.1.21/compute/v2.1/servers/13fe71e9-b0d9-4f6d-b293-49e6557bb941 0.478s
2025-04-03 00:35:57.934 69864 INFO tempest.lib.common.rest_client [req-8af33301-2616-451e-8136-765b699f7002 req-8af33301-2616-451e-8136-765b699f7002 ] Request (ServerDiskConfigTestJSON:test_rebuild_server_with_manual_disk_config): 200 GET http://10.180.1.21/compute/v2.1/servers/23d7be76-bf47-42d3-ac48-38dc79383b16 0.483s
2025-04-03 00:35:58.002 69842 INFO tempest.lib.common.rest_client [req-bf93ef17-2955-4b43-aab6-12ce1adf5823 req-bf93ef17-2955-4b43-aab6-12ce1adf5823 ] Request (ServerTagsTestJSON:test_update_all_tags): 201 PUT http://10.180.1.21/compute/v2.1/servers/518ab3d2-9e53-40ad-9b9d-ba92dc3c9ee4/tags/tempest-tag-1889673426 0.459s
2025-04-03 00:35:58.008 69822 INFO tempest.lib.common.rest_client [req-96e4f0c6-4fb1-480b-a36c-e90eee920712 req-96e4f0c6-4fb1-480b-a36c-e90eee920712 ] Request (NetworksTest:tearDownClass): 200 GET http://10.180.1.21:9696/networking/v2.0/security-groups?tenant_id=5155b9f6220d4db6bb5d2bef1eb1ee0c&name=default 0.240s
2025-04-03 00:35:58.125 69814 WARNING tempest.lib.common.ssh [-] Failed to establish authenticated ssh connection to cirros@10.180.180.250 ([Errno None] Unable to connect to port 22 on 10.180.180.250). Number attempts: 4. Retry after 5 seconds.: paramiko.ssh_exception.NoValidConnectionsError: [Errno None] Unable to connect to port 22 on 10.180.180.250
2025-04-03 00:35:58.206 69822 INFO tempest.lib.common.rest_client [req-aa08b4d3-5c98-4821-8d18-08cb6f3d095c req-aa08b4d3-5c98-4821-8d18-08cb6f3d095c ] Request (NetworksTest:tearDownClass): 204 DELETE http://10.180.1.21:9696/networking/v2.0/security-groups/e6fe7a67-9274-40e1-8236-204431edf8bc 0.197s
2025-04-03 00:35:58.242 69838 INFO tempest.lib.common.rest_client [req-9b040a35-9b31-45a7-8ae0-327704035f96 req-9b040a35-9b31-45a7-8ae0-327704035f96 ] Request (ListImageFiltersTestJSON:setUpClass): 200 GET http://10.180.1.21/compute/v2.1/servers/ed61f7dd-d820-4445-97cf-6b01eb636103 0.683s
2025-04-03 00:35:58.297 69822 INFO tempest.lib.common.rest_client [req-d83a93b1-c55b-4e5d-a4ad-14c258dc94e0 req-d83a93b1-c55b-4e5d-a4ad-14c258dc94e0 ] Request (NetworksTest:tearDownClass): 204 DELETE http://10.180.1.21/identity/v3/projects/5155b9f6220d4db6bb5d2bef1eb1ee0c 0.090s
2025-04-03 00:35:58.297 69822 INFO tempest.lib.common.dynamic_creds [-] Deleting project and security group for project: 3a53953364cd4a87aa907e195093d5c9
2025-04-03 00:35:58.335 69820 INFO tempest.lib.common.rest_client [req-4f9b3a27-2b9e-4918-8d90-2bf5b02f273d req-4f9b3a27-2b9e-4918-8d90-2bf5b02f273d ] Request (DeleteServersAdminTestJSON:test_delete_server_while_in_error_state): 200 GET http://10.180.1.21/compute/v2.1/servers/647ccacb-d909-4809-910b-caa4a7732b61 0.716s
2025-04-03 00:35:58.365 69812 INFO tempest.lib.common.rest_client [req-3877c306-9165-4e25-b5a4-ed030966579d req-3877c306-9165-4e25-b5a4-ed030966579d ] Request (ImagesOneServerTestJSON:test_create_delete_image): 404 GET http://10.180.1.21/compute/v2.1/images/304cc637-b91e-4943-acb4-c2462584cc24 0.741s
2025-04-03 00:35:58.387 69858 INFO tempest.lib.common.rest_client [req-b3ac4322-c397-468f-a044-79b32fe68ff8 req-b3ac4322-c397-468f-a044-79b32fe68ff8 ] Request (ServicesAdminNegativeV253TestJSON:test_enable_service_with_invalid_service_id): 404 PUT http://10.180.1.21/compute/v2.1/os-services/0f578dda-4181-4625-aef6-afdebcb931c9 0.675s
2025-04-03 00:35:58.478 69836 INFO tempest.lib.common.rest_client [req-d60b8b56-13ec-4f6e-9e33-4a5ff19f8f6b req-d60b8b56-13ec-4f6e-9e33-4a5ff19f8f6b ] Request (ServerDiagnosticsV248Test:test_get_server_diagnostics): 200 GET http://10.180.1.21/compute/v2.1/servers/f27b521f-9193-4db1-a108-c1f3ac567ce8 0.755s
2025-04-03 00:35:58.553 69852 INFO tempest.lib.common.rest_client [req-fb804ef4-850d-474c-b6f9-dd639da25c9d req-fb804ef4-850d-474c-b6f9-dd639da25c9d ] Request (ImagesTestJSON:test_create_image_from_suspended_server): 200 GET http://10.180.1.21/compute/v2.1/servers/4be76930-d724-4808-85c2-e1ca754f2784 0.801s
2025-04-03 00:35:58.600 69822 INFO tempest.lib.common.rest_client [req-09672836-ca33-4249-83f2-abad5298f673 req-09672836-ca33-4249-83f2-abad5298f673 ] Request (NetworksTest:tearDownClass): 200 GET http://10.180.1.21:9696/networking/v2.0/security-groups?tenant_id=3a53953364cd4a87aa907e195093d5c9&name=default 0.302s
2025-04-03 00:35:58.632 69808 INFO tempest.lib.common.rest_client [req-8705aed2-56cb-4f35-9634-6eaedfb92f79 req-8705aed2-56cb-4f35-9634-6eaedfb92f79 ] Request (ServersAdminNegativeTestJSON:test_migrate_server_invalid_state): 200 GET http://10.180.1.21/compute/v2.1/servers/970e553a-7e3e-466a-96c7-d9d6f6d6807c 0.856s
2025-04-03 00:35:58.709 69804 INFO tempest.lib.common.rest_client [req-7f9df4e7-7d00-4c4f-addf-522e655ffa18 req-7f9df4e7-7d00-4c4f-addf-522e655ffa18 ] Request (ServersAdminTestJSON:test_create_server_with_scheduling_hint): 200 GET http://10.180.1.21/compute/v2.1/servers/e5fde291-3647-432f-bf7f-9be335f39425 0.886s
2025-04-03 00:35:58.769 69861 WARNING tempest.lib.common.ssh [-] Failed to establish authenticated ssh connection to cirros@10.180.180.138 ([Errno None] Unable to connect to port 22 on 10.180.180.138). Number attempts: 1. Retry after 2 seconds.: paramiko.ssh_exception.NoValidConnectionsError: [Errno None] Unable to connect to port 22 on 10.180.180.138
2025-04-03 00:35:58.857 69822 INFO tempest.lib.common.rest_client [req-18baa0ba-d01c-4924-a530-5d1bd98f42ae req-18baa0ba-d01c-4924-a530-5d1bd98f42ae ] Request (NetworksTest:tearDownClass): 204 DELETE http://10.180.1.21:9696/networking/v2.0/security-groups/9c43b756-936a-4c95-8263-00a03a7d911d 0.256s
2025-04-03 00:35:58.879 69854 INFO tempest.lib.common.rest_client [req-35dfaf72-8ca6-4904-9727-df3550ee5c9c req-35dfaf72-8ca6-4904-9727-df3550ee5c9c ] Request (ServersTestJSON:test_create_server_specify_multibyte_character_name): 200 GET http://10.180.1.21/compute/v2.1/servers/29cfd912-4e9e-43b2-a76e-05bfd3bfa3b3 0.885s
2025-04-03 00:35:58.942 69810 INFO tempest.lib.common.rest_client [req-6bbe1b9f-6a70-4963-ba61-804aad36f46e req-6bbe1b9f-6a70-4963-ba61-804aad36f46e ] Request (FloatingIPsAssociationTestJSON:test_associate_disassociate_floating_ip): 202 POST http://10.180.1.21/compute/v2.1/servers/74b0bc13-7b1f-4c6f-938a-d7bd00d3d819/action 1.676s
2025-04-03 00:35:58.947 69842 INFO tempest.lib.common.rest_client [req-0c7ec0e3-56af-4d32-8019-c3881a79caab req-0c7ec0e3-56af-4d32-8019-c3881a79caab ] Request (ServerTagsTestJSON:test_update_all_tags): 201 PUT http://10.180.1.21/compute/v2.1/servers/518ab3d2-9e53-40ad-9b9d-ba92dc3c9ee4/tags/tempest-tag-1875472031 0.944s
2025-04-03 00:35:59.002 69822 INFO tempest.lib.common.rest_client [req-5a4dacc6-8ed5-4fa5-817d-8a764d238484 req-5a4dacc6-8ed5-4fa5-817d-8a764d238484 ] Request (NetworksTest:tearDownClass): 204 DELETE http://10.180.1.21/identity/v3/projects/3a53953364cd4a87aa907e195093d5c9 0.145s
2025-04-03 00:35:59.010 69806 INFO tempest.lib.common.rest_client [req-cb53169b-b239-4553-a502-22b88f892826 req-cb53169b-b239-4553-a502-22b88f892826 ] Request (ServerDiagnosticsNegativeTest:test_get_server_diagnostics_by_non_admin): 200 GET http://10.180.1.21/compute/v2.1/servers/843aebb5-20d0-4ada-b64a-3ae79bb6d5ca 0.972s
2025-04-03 00:35:59.081 69828 INFO tempest.lib.common.rest_client [req-4123db34-466c-4737-9b5a-d35a916bd140 req-4123db34-466c-4737-9b5a-d35a916bd140 ] Request (ServersTestManualDisk:setUpClass): 200 GET http://10.180.1.21/compute/v2.1/servers/f5f03876-cb29-46ed-8bc7-f70d73fa4e55 1.001s
2025-04-03 00:35:59.099 69816 INFO tempest.lib.common.rest_client [req-932a4875-78a4-46c9-b05c-a0de1475c30f req-932a4875-78a4-46c9-b05c-a0de1475c30f ] Request (ServersTestBootFromVolume:setUpClass): 200 GET http://10.180.1.21/compute/v2.1/servers/7dcf2e06-d5bb-42d1-8df5-dd947e5929d6 1.081s
2025-04-03 00:35:59.151 69850 INFO tempest.lib.common.rest_client [req-21834736-3c04-4e88-8f53-6288336e86bc req-21834736-3c04-4e88-8f53-6288336e86bc ] Request (AttachInterfacesTestJSON:test_create_list_show_delete_interfaces_by_fixed_ip): 200 GET http://10.180.1.21/compute/v2.1/servers/48df700b-0654-42e7-8792-54f3de31a902 0.998s
2025-04-03 00:35:59.162 69844 INFO tempest.lib.common.rest_client [req-b98a314f-8270-476e-b4c2-cf5bde9ab445 req-b98a314f-8270-476e-b4c2-cf5bde9ab445 ] Request (DeleteServersTestJSON:test_delete_active_server): 200 GET http://10.180.1.21/compute/v2.1/servers/eb4c3153-02e4-40d7-9d55-c9eb6017b490 1.075s
2025-04-03 00:35:59.178 69824 INFO tempest.lib.common.rest_client [req-74fc1f4e-2125-4d62-864e-83d1ccee5b1e req-74fc1f4e-2125-4d62-864e-83d1ccee5b1e ] Request (InstanceActionsTestJSON:setUpClass): 200 PUT http://10.180.1.21:9696/networking/v2.0/routers/f6dc2198-fcab-46e8-b2a1-b6344e2430e9/add_router_interface 1.521s
2025-04-03 00:35:59.178 69824 INFO tempest.lib.common.dynamic_creds [-] Created isolated network resources for: credentials: Credentials: {'domain_id': 'default', 'domain_name': 'Default', 'username': 'tempest-InstanceActionsTestJSON-1494821760-project-member', 'project_domain_id': 'default', 'project_domain_name': 'Default', 'project_id': 'c1b3e7bb527c42ec86c1631f8a2e8aac', 'project_name': 'tempest-InstanceActionsTestJSON-1494821760', 'tenant_id': 'c1b3e7bb527c42ec86c1631f8a2e8aac', 'tenant_name': 'tempest-InstanceActionsTestJSON-1494821760', 'user_domain_id': 'default', 'user_domain_name': 'Default', 'user_id': '44515b0109294f3bb8556ea294c5c582', 'system': None}, Network: {'id': 'bcd4b07b-e46a-4687-8161-870859c81d88', 'name': 'tempest-InstanceActionsTestJSON-1027328396-network', 'tenant_id': 'c1b3e7bb527c42ec86c1631f8a2e8aac', 'admin_state_up': True, 'mtu': 8950, 'status': 'ACTIVE', 'subnets': [], 'shared': False, 'project_id': 'c1b3e7bb527c42ec86c1631f8a2e8aac', 'port_security_enabled': True, 'router:external': False, 'provider:network_type': 'vlan', 'provider:physical_network': 'default', 'provider:segmentation_id': 963, 'availability_zone_hints': [], 'availability_zones': [], 'ipv4_address_scope': None, 'ipv6_address_scope': None, 'description': '', 'tags': [], 'created_at': '2025-04-03T00:35:56Z', 'updated_at': '2025-04-03T00:35:56Z', 'revision_number': 1}, Subnet: {'id': 'a99d2348-0054-416c-a02e-fd12034aa260', 'name': 'tempest-InstanceActionsTestJSON-1027328396-subnet', 'tenant_id': 'c1b3e7bb527c42ec86c1631f8a2e8aac', 'network_id': 'bcd4b07b-e46a-4687-8161-870859c81d88', 'ip_version': 4, 'subnetpool_id': None, 'enable_dhcp': True, 'ipv6_ra_mode': None, 'ipv6_address_mode': None, 'gateway_ip': '192.168.128.1', 'cidr': '192.168.128.0/28', 'allocation_pools': [{'start': '192.168.128.2', 'end': '192.168.128.14'}], 'host_routes': [], 'dns_nameservers': [], 'description': '', 'router:external': False, 'service_types': [], 'tags': [], 'created_at': '2025-04-03T00:35:56Z', 'updated_at': '2025-04-03T00:35:56Z', 'revision_number': 0, 'project_id': 'c1b3e7bb527c42ec86c1631f8a2e8aac'}, Router: {'id': 'f6dc2198-fcab-46e8-b2a1-b6344e2430e9', 'name': 'tempest-InstanceActionsTestJSON-1027328396-router', 'tenant_id': 'c1b3e7bb527c42ec86c1631f8a2e8aac', 'admin_state_up': True, 'status': 'ACTIVE', 'external_gateway_info': {'network_id': 'd0ad9895-d65d-46d1-bfea-49c6a513b5e0', 'external_fixed_ips': [{'subnet_id': '094db242-0445-4d27-b407-427062f8e944', 'ip_address': '10.180.180.177'}], 'enable_snat': True}, 'description': '', 'availability_zones': [], 'distributed': False, 'ha': False, 'availability_zone_hints': [], 'routes': [], 'flavor_id': None, 'tags': [], 'created_at': '2025-04-03T00:35:56Z', 'updated_at': '2025-04-03T00:35:57Z', 'revision_number': 2, 'project_id': 'c1b3e7bb527c42ec86c1631f8a2e8aac'}
2025-04-03 00:35:59.225 69856 INFO tempest.lib.common.rest_client [req-135c0e96-32bd-4aa2-87ef-e390fe07dbd7 req-135c0e96-32bd-4aa2-87ef-e390fe07dbd7 ] Request (SecurityGroupsTestJSON:test_list_security_groups_by_server): 200 GET http://10.180.1.21/compute/v2.1/servers/a3e5b1df-503a-49a7-b066-b09999f7a2c9 0.882s
2025-04-03 00:35:59.280 69862 INFO tempest.lib.common.rest_client [req-b12598e7-5e66-4f54-97c5-c07f97b8d10c req-b12598e7-5e66-4f54-97c5-c07f97b8d10c ] Request (MigrationsAdminTest:test_list_migrations_in_flavor_resize_situation): 200 GET http://10.180.1.21/compute/v2.1/servers/a22b3977-2a6f-4f01-949d-874208903ff4 1.092s
2025-04-03 00:35:59.294 69824 INFO tempest.lib.common.rest_client [req-aef59fd9-e37b-4028-9143-13c46e60985d req-aef59fd9-e37b-4028-9143-13c46e60985d ] Request (InstanceActionsTestJSON:setUpClass): 201 POST http://10.180.1.21/identity/v3/auth/tokens 0.109s
2025-04-03 00:35:59.310 69858 INFO tempest.lib.common.rest_client [req-f4616df6-88b5-46a8-88f8-1fac17e74522 req-f4616df6-88b5-46a8-88f8-1fac17e74522 ] Request (ServicesAdminNegativeV253TestJSON:test_get_service_by_invalid_params): 200 GET http://10.180.1.21/compute/v2.1/os-services 0.921s
2025-04-03 00:35:59.340 69824 INFO tempest.lib.common.rest_client [req-b15cc4dc-51b2-495e-95fd-55704a3aa75e req-b15cc4dc-51b2-495e-95fd-55704a3aa75e ] Request (InstanceActionsTestJSON:setUpClass): 201 POST http://10.180.1.21/identity/v3/auth/tokens 0.041s
2025-04-03 00:35:59.340 69824 INFO tempest.lib.common.fixed_network [-] (InstanceActionsTestJSON:setUpClass) Found network {'id': 'bcd4b07b-e46a-4687-8161-870859c81d88', 'name': 'tempest-InstanceActionsTestJSON-1027328396-network', 'tenant_id': 'c1b3e7bb527c42ec86c1631f8a2e8aac', 'admin_state_up': True, 'mtu': 8950, 'status': 'ACTIVE', 'subnets': [], 'shared': False, 'project_id': 'c1b3e7bb527c42ec86c1631f8a2e8aac', 'port_security_enabled': True, 'router:external': False, 'provider:network_type': 'vlan', 'provider:physical_network': 'default', 'provider:segmentation_id': 963, 'availability_zone_hints': [], 'availability_zones': [], 'ipv4_address_scope': None, 'ipv6_address_scope': None, 'description': '', 'tags': [], 'created_at': '2025-04-03T00:35:56Z', 'updated_at': '2025-04-03T00:35:56Z', 'revision_number': 1} available for tenant
2025-04-03 00:35:59.373 69818 INFO tempest.lib.common.rest_client [req-11e8e004-2999-46c7-b175-db93c3f5542c req-11e8e004-2999-46c7-b175-db93c3f5542c ] Request (FloatingIPsAssociationNegativeTestJSON:tearDownClass): 200 GET http://10.180.1.21/compute/v2.1/servers/0767959d-2fd8-4908-af49-ad43cad13ba7 0.923s
2025-04-03 00:35:59.431 69848 INFO tempest.lib.common.rest_client [req-146ffc09-668e-4fd6-ab45-34063caa0e85 req-146ffc09-668e-4fd6-ab45-34063caa0e85 ] Request (ServerGroupTestJSON:test_create_server_with_scheduler_hint_group): 200 GET http://10.180.1.21/compute/v2.1/servers/0c65c80f-99f5-4057-b938-a35f62ecffd2 0.919s
2025-04-03 00:35:59.484 69826 INFO tempest.lib.common.rest_client [req-620a414d-f1e9-4633-ad08-3ce97df3fb45 req-620a414d-f1e9-4633-ad08-3ce97df3fb45 ] Request (AttachInterfacesUnderV243Test:test_add_remove_fixed_ip): 200 GET http://10.180.1.21/compute/v2.1/servers/54e70109-c2ed-4972-b63a-c5c1e8beea2f 0.876s
2025-04-03 00:35:59.551 69846 INFO tempest.lib.common.rest_client [req-3a1752c5-c183-4f61-a127-ff19a9ece45a req-3a1752c5-c183-4f61-a127-ff19a9ece45a ] Request (ImagesOneServerNegativeTestJSON:_run_cleanups): 200 GET http://10.180.1.21/compute/v2.1/servers/2e0df378-21a8-4176-8f9f-e8c891987442 0.851s
2025-04-03 00:35:59.596 69834 INFO tempest.lib.common.rest_client [req-a46eb88b-9d40-4168-8e12-649e767b15e9 req-a46eb88b-9d40-4168-8e12-649e767b15e9 ] Request (VolumesAdminNegativeTest:test_update_attached_volume_with_nonexistent_volume_in_body): 200 GET http://10.180.1.21/compute/v2.1/servers/9cc351f0-51fb-4bf5-87c9-e4b982bc1942 0.826s
2025-04-03 00:35:59.641 69832 INFO tempest.lib.common.rest_client [req-a5ad95fc-fcca-4f29-9cad-93960602e288 req-a5ad95fc-fcca-4f29-9cad-93960602e288 ] Request (ServerAddressesTestJSON:setUpClass): 200 GET http://10.180.1.21/compute/v2.1/servers/cde882ea-3a53-49aa-9ad3-9cf96dab0e79 0.820s
2025-04-03 00:35:59.685 69812 INFO tempest.lib.common.rest_client [req-c09ecc07-5432-47e8-b380-b8cb6d686f8a req-c09ecc07-5432-47e8-b380-b8cb6d686f8a ] Request (ImagesOneServerTestJSON:test_create_image_specify_multibyte_character_image_name): 202 POST http://10.180.1.21/compute/v2.1/servers/1f590372-382e-4cbf-aa82-fe6e4e342ee3/action 1.318s
2025-04-03 00:35:59.686 69830 INFO tempest.lib.common.rest_client [req-9b377f1d-03cc-4de4-8a6d-09fcfb02f0a1 req-9b377f1d-03cc-4de4-8a6d-09fcfb02f0a1 ] Request (ListServersNegativeTestJSON:setUpClass): 200 GET http://10.180.1.21/compute/v2.1/servers/13fe71e9-b0d9-4f6d-b293-49e6557bb941 0.809s
2025-04-03 00:35:59.725 69866 WARNING tempest.lib.common.ssh [-] Failed to establish authenticated ssh connection to cirros@10.180.180.162 ([Errno None] Unable to connect to port 22 on 10.180.180.162). Number attempts: 5. Retry after 6 seconds.: paramiko.ssh_exception.NoValidConnectionsError: [Errno None] Unable to connect to port 22 on 10.180.180.162
2025-04-03 00:35:59.735 69864 INFO tempest.lib.common.rest_client [req-7648d14a-dd12-496a-81f8-0af713a4a59d req-7648d14a-dd12-496a-81f8-0af713a4a59d ] Request (ServerDiskConfigTestJSON:test_rebuild_server_with_manual_disk_config): 200 GET http://10.180.1.21/compute/v2.1/servers/23d7be76-bf47-42d3-ac48-38dc79383b16 0.791s
2025-04-03 00:35:59.752 69810 INFO tempest.lib.common.rest_client [req-bbd3f3a8-c360-4fcd-8003-7e1680378fc1 req-bbd3f3a8-c360-4fcd-8003-7e1680378fc1 ] Request (FloatingIPsAssociationTestJSON:tearDownClass): 204 DELETE http://10.180.1.21/compute/v2.1/servers/3a76616f-24ab-4bb5-9471-07e9f0ede930 0.809s
2025-04-03 00:35:59.781 69842 INFO tempest.lib.common.rest_client [req-4389465c-7a91-41de-bfc6-5b389053b57d req-4389465c-7a91-41de-bfc6-5b389053b57d ] Request (ServerTagsTestJSON:test_update_all_tags): 200 PUT http://10.180.1.21/compute/v2.1/servers/518ab3d2-9e53-40ad-9b9d-ba92dc3c9ee4/tags 0.832s
2025-04-03 00:35:59.820 69858 INFO tempest.lib.common.rest_client [req-0ff17ce1-e922-4fcc-9168-714005c656d7 req-0ff17ce1-e922-4fcc-9168-714005c656d7 ] Request (ServicesAdminNegativeV253TestJSON:test_get_service_by_invalid_params): 200 GET http://10.180.1.21/compute/v2.1/os-services?xxx=nova-compute 0.507s
2025-04-03 00:35:59.836 69838 INFO tempest.lib.common.rest_client [req-c77168ad-34b2-495d-858c-e826621d3e76 req-c77168ad-34b2-495d-858c-e826621d3e76 ] Request (ListImageFiltersTestJSON:setUpClass): 200 GET http://10.180.1.21/compute/v2.1/servers/ed61f7dd-d820-4445-97cf-6b01eb636103 0.580s
2025-04-03 00:35:59.884 69820 INFO tempest.lib.common.rest_client [req-551dacc1-e0e1-44b7-baaf-f5a5eaec2000 req-551dacc1-e0e1-44b7-baaf-f5a5eaec2000 ] Request (DeleteServersAdminTestJSON:test_delete_server_while_in_error_state): 200 GET http://10.180.1.21/compute/v2.1/servers/647ccacb-d909-4809-910b-caa4a7732b61 0.539s
2025-04-03 00:35:59.951 69836 INFO tempest.lib.common.rest_client [req-e1d6aa83-7d8a-45a0-bdd1-1fa6c006b280 req-e1d6aa83-7d8a-45a0-bdd1-1fa6c006b280 ] Request (ServerDiagnosticsV248Test:test_get_server_diagnostics): 200 GET http://10.180.1.21/compute/v2.1/servers/f27b521f-9193-4db1-a108-c1f3ac567ce8 0.462s
2025-04-03 00:36:00.009 69852 INFO tempest.lib.common.rest_client [req-5226ce1f-b97d-483e-8bb7-3587b4c5b059 req-5226ce1f-b97d-483e-8bb7-3587b4c5b059 ] Request (ImagesTestJSON:test_create_image_from_suspended_server): 200 GET http://10.180.1.21/compute/v2.1/servers/4be76930-d724-4808-85c2-e1ca754f2784 0.447s
2025-04-03 00:36:00.065 69808 INFO tempest.lib.common.rest_client [req-f8ef88c7-82ec-455f-ac9f-88c740250da8 req-f8ef88c7-82ec-455f-ac9f-88c740250da8 ] Request (ServersAdminNegativeTestJSON:test_migrate_server_invalid_state): 200 GET http://10.180.1.21/compute/v2.1/servers/970e553a-7e3e-466a-96c7-d9d6f6d6807c 0.424s
2025-04-03 00:36:00.100 69812 INFO tempest.lib.common.rest_client [req-e653d498-e28a-48c4-ba85-1bf2fe0f8902 req-e653d498-e28a-48c4-ba85-1bf2fe0f8902 ] Request (ImagesOneServerTestJSON:test_create_image_specify_multibyte_character_image_name): 200 GET http://10.180.1.21/compute/v2.1/images/ccb9925d-db41-4a50-b844-7024a88daf38 0.413s
2025-04-03 00:36:00.161 69804 INFO tempest.lib.common.rest_client [req-40ebb2c9-fb92-499a-bc3a-3d77b0082420 req-40ebb2c9-fb92-499a-bc3a-3d77b0082420 ] Request (ServersAdminTestJSON:test_create_server_with_scheduling_hint): 200 GET http://10.180.1.21/compute/v2.1/servers/e5fde291-3647-432f-bf7f-9be335f39425 0.442s
2025-04-03 00:36:00.179 69824 INFO tempest.lib.common.rest_client [req-57d4bdcc-5eca-4de2-b54c-2651b0b49882 req-57d4bdcc-5eca-4de2-b54c-2651b0b49882 ] Request (InstanceActionsTestJSON:setUpClass): 202 POST http://10.180.1.21/compute/v2.1/servers 0.838s
2025-04-03 00:36:00.194 69842 INFO tempest.lib.common.rest_client [req-d1a960f6-72c2-4bb0-90a8-f2f0f928f272 req-d1a960f6-72c2-4bb0-90a8-f2f0f928f272 ] Request (ServerTagsTestJSON:test_update_all_tags): 200 GET http://10.180.1.21/compute/v2.1/servers/518ab3d2-9e53-40ad-9b9d-ba92dc3c9ee4/tags 0.412s
2025-04-03 00:36:00.212 69858 INFO tempest.lib.common.rest_client [req-71bca3ee-43ed-4349-83bc-b946fb10d8fe req-71bca3ee-43ed-4349-83bc-b946fb10d8fe ] Request (ServicesAdminNegativeV253TestJSON:test_get_service_by_invalid_service_and_valid_host): 200 GET http://10.180.1.21/compute/v2.1/os-services 0.388s
2025-04-03 00:36:00.227 69810 INFO tempest.lib.common.rest_client [req-e22f89a2-7ba7-4f8c-b534-33b9f5789877 req-e22f89a2-7ba7-4f8c-b534-33b9f5789877 ] Request (FloatingIPsAssociationTestJSON:tearDownClass): 200 GET http://10.180.1.21/compute/v2.1/servers/3a76616f-24ab-4bb5-9471-07e9f0ede930 0.475s
2025-04-03 00:36:00.284 69806 INFO tempest.lib.common.rest_client [req-511c27b9-fc9d-4313-b24c-31eab6b4a4b4 req-511c27b9-fc9d-4313-b24c-31eab6b4a4b4 ] Request (ServerDiagnosticsNegativeTest:test_get_server_diagnostics_by_non_admin): 200 GET http://10.180.1.21/compute/v2.1/servers/843aebb5-20d0-4ada-b64a-3ae79bb6d5ca 0.264s
2025-04-03 00:36:00.308 69854 INFO tempest.lib.common.rest_client [req-4fa5e02b-bf83-47ae-85c1-83d101a3579f req-4fa5e02b-bf83-47ae-85c1-83d101a3579f ] Request (ServersTestJSON:test_create_server_specify_multibyte_character_name): 200 GET http://10.180.1.21/compute/v2.1/servers/29cfd912-4e9e-43b2-a76e-05bfd3bfa3b3 0.417s
2025-04-03 00:36:00.343 69828 INFO tempest.lib.common.rest_client [req-28c9c61a-3cb3-4d89-bc24-9c214c7fd266 req-28c9c61a-3cb3-4d89-bc24-9c214c7fd266 ] Request (ServersTestManualDisk:setUpClass): 200 GET http://10.180.1.21/compute/v2.1/servers/f5f03876-cb29-46ed-8bc7-f70d73fa4e55 0.249s
2025-04-03 00:36:00.396 69850 INFO tempest.lib.common.rest_client [req-54d09b62-db26-45d6-a674-74757ba935a2 req-54d09b62-db26-45d6-a674-74757ba935a2 ] Request (AttachInterfacesTestJSON:test_create_list_show_delete_interfaces_by_fixed_ip): 200 GET http://10.180.1.21/compute/v2.1/servers/48df700b-0654-42e7-8792-54f3de31a902 0.236s
2025-04-03 00:36:00.409 69816 INFO tempest.lib.common.rest_client [req-0717e6ca-3f8b-4bb9-af15-b515639b3dce req-0717e6ca-3f8b-4bb9-af15-b515639b3dce ] Request (ServersTestBootFromVolume:setUpClass): 200 GET http://10.180.1.21/compute/v2.1/servers/7dcf2e06-d5bb-42d1-8df5-dd947e5929d6 0.299s
2025-04-03 00:36:00.416 69816 INFO tempest.common.waiters [-] State transition "BUILD/spawning" ==> "ACTIVE/None" after 46 second wait
2025-04-03 00:36:00.447 69824 INFO tempest.lib.common.rest_client [req-68bdc3c9-0f34-4e66-bebd-026b926036ce req-68bdc3c9-0f34-4e66-bebd-026b926036ce ] Request (InstanceActionsTestJSON:setUpClass): 200 GET http://10.180.1.21/compute/v2.1/servers/f7b6de16-4f11-4310-a2e5-63434aba5e10 0.266s
2025-04-03 00:36:00.470 69844 INFO tempest.lib.common.rest_client [req-e4c06032-8f1b-4ae6-8665-3f65911e2b03 req-e4c06032-8f1b-4ae6-8665-3f65911e2b03 ] Request (DeleteServersTestJSON:test_delete_active_server): 200 GET http://10.180.1.21/compute/v2.1/servers/eb4c3153-02e4-40d7-9d55-c9eb6017b490 0.300s
2025-04-03 00:36:00.494 69858 INFO tempest.lib.common.rest_client [req-83fc032b-1eb1-46a6-b8ad-c6585197bccd req-83fc032b-1eb1-46a6-b8ad-c6585197bccd ] Request (ServicesAdminNegativeV253TestJSON:test_get_service_by_invalid_service_and_valid_host): 200 GET http://10.180.1.21/compute/v2.1/os-services?host=devstack&binary=xxx 0.280s
2025-04-03 00:36:00.500 69842 INFO tempest.lib.common.rest_client [req-8701450e-5be2-4b11-ae88-a48278a13944 req-8701450e-5be2-4b11-ae88-a48278a13944 ] Request (ServerTagsTestJSON:_run_cleanups): 204 DELETE http://10.180.1.21/compute/v2.1/servers/518ab3d2-9e53-40ad-9b9d-ba92dc3c9ee4/tags 0.304s
2025-04-03 00:36:00.553 69856 INFO tempest.lib.common.rest_client [req-83d86929-f654-4e6a-90e9-dc55137ab4a2 req-83d86929-f654-4e6a-90e9-dc55137ab4a2 ] Request (SecurityGroupsTestJSON:test_list_security_groups_by_server): 200 GET http://10.180.1.21/compute/v2.1/servers/a3e5b1df-503a-49a7-b066-b09999f7a2c9 0.317s
2025-04-03 00:36:00.623 69818 INFO tempest.lib.common.rest_client [req-f2621649-b8e6-456e-8fdf-8b4acb1cbd1c req-f2621649-b8e6-456e-8fdf-8b4acb1cbd1c ] Request (FloatingIPsAssociationNegativeTestJSON:tearDownClass): 200 GET http://10.180.1.21/compute/v2.1/servers/0767959d-2fd8-4908-af49-ad43cad13ba7 0.241s
2025-04-03 00:36:00.635 69862 INFO tempest.lib.common.rest_client [req-393dc800-45ec-4fa9-b285-ccff2c095dd3 req-393dc800-45ec-4fa9-b285-ccff2c095dd3 ] Request (MigrationsAdminTest:test_list_migrations_in_flavor_resize_situation): 200 GET http://10.180.1.21/compute/v2.1/servers/a22b3977-2a6f-4f01-949d-874208903ff4 0.342s
2025-04-03 00:36:00.688 69848 INFO tempest.lib.common.rest_client [req-995f0c56-ab59-4012-abb4-ac7d9950989b req-995f0c56-ab59-4012-abb4-ac7d9950989b ] Request (ServerGroupTestJSON:test_create_server_with_scheduler_hint_group): 200 GET http://10.180.1.21/compute/v2.1/servers/0c65c80f-99f5-4057-b938-a35f62ecffd2 0.248s
2025-04-03 00:36:00.692 69816 INFO tempest.lib.common.rest_client [req-7166a002-c181-407b-a2de-68b6202246b8 req-7166a002-c181-407b-a2de-68b6202246b8 ] Request (ServersTestBootFromVolume:setUpClass): 200 GET http://10.180.1.21/compute/v2.1/servers/7dcf2e06-d5bb-42d1-8df5-dd947e5929d6/os-interface 0.276s
