2025-04-03 00:35:03.273 69808 INFO tempest.lib.common.rest_client [req-8413bba3-a8d4-4883-8989-87a500993000 req-8413bba3-a8d4-4883-8989-87a500993000 ] Request (QuotasAdminTestV236:tearDownClass): 204 DELETE http://10.180.1.21:9696/networking/v2.0/security-groups/37a35abc-09cf-4dd5-9e4c-24cf5c53bf85 0.390s
2025-04-03 00:35:03.437 69808 INFO tempest.lib.common.rest_client [req-66327cde-9be0-416a-bcf7-4fb781bf6c26 req-66327cde-9be0-416a-bcf7-4fb781bf6c26 ] Request (QuotasAdminTestV236:tearDownClass): 204 DELETE http://10.180.1.21/identity/v3/projects/3efe15f93ea4489092fa7f77851832f7 0.163s
2025-04-03 00:35:03.437 69808 INFO tempest.lib.common.dynamic_creds [-] Deleting project and security group for project: c310773fc5a14c5b8c7055fa1e640497
2025-04-03 00:35:03.454 69850 INFO tempest.lib.common.rest_client [req-c980f63d-83f9-4e74-bfa5-8a89963de9f2 req-c980f63d-83f9-4e74-bfa5-8a89963de9f2 ] Request (FloatingIPDetailsTestJSON:tearDownClass): 202 DELETE http://10.180.1.21/compute/v2.1/os-floating-ips/845271ba-84d3-4106-9fd0-be036bdd4a6b 2.419s
2025-04-03 00:35:03.483 69832 INFO tempest.lib.common.rest_client [req-818d47fb-4953-4f6b-9d8e-ca329e274e87 req-818d47fb-4953-4f6b-9d8e-ca329e274e87 ] Request (InstanceUsageAuditLogTestJSON:tearDownClass): 204 DELETE http://10.180.1.21:9696/networking/v2.0/security-groups/22fa45fd-5805-4baf-895c-67b81020eefa 0.311s
2025-04-03 00:35:03.613 69832 INFO tempest.lib.common.rest_client [req-111b1500-26fc-41fc-ab45-e0741b1bb082 req-111b1500-26fc-41fc-ab45-e0741b1bb082 ] Request (InstanceUsageAuditLogTestJSON:tearDownClass): 204 DELETE http://10.180.1.21/identity/v3/projects/bfcdfefad04d472f8602d472c52b6b54 0.129s
2025-04-03 00:35:03.693 69808 INFO tempest.lib.common.rest_client [req-124cb190-6b91-4b5c-85cb-607616ddad9e req-124cb190-6b91-4b5c-85cb-607616ddad9e ] Request (QuotasAdminTestV236:tearDownClass): 200 GET http://10.180.1.21:9696/networking/v2.0/security-groups?tenant_id=c310773fc5a14c5b8c7055fa1e640497&name=default 0.255s
2025-04-03 00:35:03.714 69861 INFO tempest.lib.common.rest_client [req-9d7103cb-b6c9-4310-8d9d-3ee7e81bce16 req-9d7103cb-b6c9-4310-8d9d-3ee7e81bce16 ] Request (ServersV294TestFqdnHostnames:setUpClass): 201 POST http://10.180.1.21/compute/v2.1/os-keypairs 2.221s
2025-04-03 00:35:03.719 69832 INFO tempest.lib.common.rest_client [req-1904b013-5828-4c9d-a399-ed3d9c62f3dc req-1904b013-5828-4c9d-a399-ed3d9c62f3dc ] Request (ImagesMetadataTestJSON:setUpClass): 201 POST http://10.180.1.21/identity/v3/auth/tokens 0.104s
2025-04-03 00:35:03.766 69832 INFO tempest.lib.common.rest_client [req-7db74e85-9764-481d-9d3e-6f2c2e40f66f req-7db74e85-9764-481d-9d3e-6f2c2e40f66f ] Request (ImagesMetadataTestJSON:setUpClass): 201 POST http://10.180.1.21/identity/v3/auth/tokens 0.045s
2025-04-03 00:35:03.770 69844 INFO tempest.lib.common.rest_client [req-5ea64b96-4a78-45dd-bba6-e5ff62213492 req-5ea64b96-4a78-45dd-bba6-e5ff62213492 ] Request (ServersAdmin275Test:test_rebuild_update_server_275): 202 POST http://10.180.1.21/compute/v2.1/servers/9bd2025e-7af4-4366-aca0-418da39f9547/action 2.503s
2025-04-03 00:35:03.786 69822 INFO tempest.lib.common.rest_client [req-3f22b8bd-bdaf-4aab-b84c-c953eb0e48f0 req-3f22b8bd-bdaf-4aab-b84c-c953eb0e48f0 ] Request (AggregatesAdminNegativeTestJSON:test_aggregate_create_with_existent_aggregate_name): 409 POST http://10.180.1.21/compute/v2.1/os-aggregates 2.204s
2025-04-03 00:35:03.799 69832 INFO tempest.lib.common.rest_client [req-ce445d12-7829-4563-8240-cf5e3e3bef14 req-ce445d12-7829-4563-8240-cf5e3e3bef14 ] Request (ImagesMetadataTestJSON:setUpClass): 200 GET http://10.180.1.21/identity/v3/domains?name=Default 0.032s
2025-04-03 00:35:03.840 69832 INFO tempest.lib.common.rest_client [req-31ca44c7-c452-4fe4-97f2-c7e9dd25fa4b req-31ca44c7-c452-4fe4-97f2-c7e9dd25fa4b ] Request (ImagesMetadataTestJSON:setUpClass): 201 POST http://10.180.1.21/identity/v3/projects 0.041s
2025-04-03 00:35:03.869 69820 INFO tempest.lib.common.rest_client [req-6ff39146-e425-4baf-90db-3362667ec066 req-6ff39146-e425-4baf-90db-3362667ec066 ] Request (DeleteServersAdminTestJSON:test_admin_delete_servers_of_others): 200 GET http://10.180.1.21/compute/v2.1/servers/1bb09fa7-06dd-4362-b8e7-b0cf82e18056 2.275s
2025-04-03 00:35:03.896 69830 INFO tempest.lib.common.rest_client [req-f1b5ba6d-2a42-4908-895e-5b16ea0b20cf req-f1b5ba6d-2a42-4908-895e-5b16ea0b20cf ] Request (FlavorsAdminTestJSON:_run_cleanups): 200 GET http://10.180.1.21/compute/v2.1/flavors/detail 2.272s
2025-04-03 00:35:03.908 69834 INFO tempest.lib.common.rest_client [req-fa93d2d3-0789-4c90-ab8e-4f195d25c694 req-fa93d2d3-0789-4c90-ab8e-4f195d25c694 ] Request (HostsAdminNegativeTestJSON:test_update_nonexistent_host): 404 PUT http://10.180.1.21/compute/v2.1/os-hosts/nonexistent_hostname 2.277s
2025-04-03 00:35:03.939 69808 INFO tempest.lib.common.rest_client [req-8fe9a85c-2fc6-4561-a42f-d22a59b111b2 req-8fe9a85c-2fc6-4561-a42f-d22a59b111b2 ] Request (QuotasAdminTestV236:tearDownClass): 204 DELETE http://10.180.1.21:9696/networking/v2.0/security-groups/6a1919e0-b161-4709-930c-aba9eddfa861 0.246s
2025-04-03 00:35:03.941 69832 INFO tempest.lib.common.rest_client [req-5f1f57fa-f47e-46c0-a25d-d2d9d00baada req-5f1f57fa-f47e-46c0-a25d-d2d9d00baada ] Request (ImagesMetadataTestJSON:setUpClass): 201 POST http://10.180.1.21/identity/v3/users 0.100s
2025-04-03 00:35:04.017 69804 INFO tempest.lib.common.rest_client [req-992d5096-bbd4-4f6b-8569-f941249910f2 req-992d5096-bbd4-4f6b-8569-f941249910f2 ] Request (ServersAdminTestJSON:setUpClass): 200 GET http://10.180.1.21/compute/v2.1/servers/06613882-ee95-461f-8ba1-d2cdf8842329 2.511s
2025-04-03 00:35:04.028 69861 INFO tempest.lib.common.rest_client [req-cbb57080-c808-4191-b1df-f1f973f07c13 req-cbb57080-c808-4191-b1df-f1f973f07c13 ] Request (ServersV294TestFqdnHostnames:setUpClass): 201 POST http://10.180.1.21:9696/networking/v2.0/security-groups 0.312s
2025-04-03 00:35:04.038 69834 INFO tempest.lib.common.rest_client [req-78f2a03b-5478-453e-af25-1adc0373f200 req-78f2a03b-5478-453e-af25-1adc0373f200 ] Request (HostsAdminNegativeTestJSON:tearDownClass): 204 DELETE http://10.180.1.21/identity/v3/users/2b089723095d40c699a916d4d338e51c 0.128s
2025-04-03 00:35:04.042 69854 INFO tempest.lib.common.rest_client [req-1d9b83a5-0dc1-41ac-8458-ba6d32270655 req-1d9b83a5-0dc1-41ac-8458-ba6d32270655 ] Request (HypervisorAdminNegativeUnderV252Test:test_show_servers_with_non_admin_user): 200 GET http://10.180.1.21/compute/v2.1/os-hypervisors 2.289s
2025-04-03 00:35:04.117 69832 INFO tempest.lib.common.rest_client [req-d3a19a8d-18c3-4e71-a1d0-b5cd502d701e req-d3a19a8d-18c3-4e71-a1d0-b5cd502d701e ] Request (ImagesMetadataTestJSON:setUpClass): 200 GET http://10.180.1.21/identity/v3/roles 0.176s
2025-04-03 00:35:04.142 69808 INFO tempest.lib.common.rest_client [req-667184ae-45f4-4bcd-97ba-442f85e22741 req-667184ae-45f4-4bcd-97ba-442f85e22741 ] Request (QuotasAdminTestV236:tearDownClass): 204 DELETE http://10.180.1.21/identity/v3/projects/c310773fc5a14c5b8c7055fa1e640497 0.203s
2025-04-03 00:35:04.199 69832 INFO tempest.lib.common.rest_client [req-3e98bff9-5952-40d3-9072-fd48425f1b61 req-3e98bff9-5952-40d3-9072-fd48425f1b61 ] Request (ImagesMetadataTestJSON:setUpClass): 204 PUT http://10.180.1.21/identity/v3/projects/1ff04a8909e445f6aefbcf4f8504a7b8/users/2ce16718899b4d43b9802d73a18a29f7/roles/3fff3c04c67c4dd3b43b8baca305b8a9 0.081s
2025-04-03 00:35:04.200 69832 INFO tempest.lib.common.dynamic_creds [-] Dynamic test user 2ce16718899b4d43b9802d73a18a29f7 is created with scope project and roles: ['member']
2025-04-03 00:35:04.200 69832 INFO tempest.lib.common.dynamic_creds [-] Acquired dynamic creds: credentials: Credentials: {'domain_id': 'default', 'domain_name': 'Default', 'username': 'tempest-ImagesMetadataTestJSON-1531237261-project-member', 'project_domain_id': 'default', 'project_domain_name': 'Default', 'project_id': '1ff04a8909e445f6aefbcf4f8504a7b8', 'project_name': 'tempest-ImagesMetadataTestJSON-1531237261', 'tenant_id': '1ff04a8909e445f6aefbcf4f8504a7b8', 'tenant_name': 'tempest-ImagesMetadataTestJSON-1531237261', 'user_domain_id': 'default', 'user_domain_name': 'Default', 'user_id': '2ce16718899b4d43b9802d73a18a29f7', 'system': None}, Network: None, Subnet: None, Router: None
2025-04-03 00:35:04.200 69832 INFO tempest.lib.common.dynamic_creds [-] Created isolated network resources for: credentials: Credentials: {'domain_id': 'default', 'domain_name': 'Default', 'username': 'tempest-ImagesMetadataTestJSON-1531237261-project-member', 'project_domain_id': 'default', 'project_domain_name': 'Default', 'project_id': '1ff04a8909e445f6aefbcf4f8504a7b8', 'project_name': 'tempest-ImagesMetadataTestJSON-1531237261', 'tenant_id': '1ff04a8909e445f6aefbcf4f8504a7b8', 'tenant_name': 'tempest-ImagesMetadataTestJSON-1531237261', 'user_domain_id': 'default', 'user_domain_name': 'Default', 'user_id': '2ce16718899b4d43b9802d73a18a29f7', 'system': None}, Network: None, Subnet: None, Router: None
2025-04-03 00:35:04.281 69808 INFO tempest.lib.common.rest_client [req-af55d33a-d309-4e98-ba1f-4d7daa35c2d3 req-af55d33a-d309-4e98-ba1f-4d7daa35c2d3 ] Request (ServersAdminNegativeTestJSON:setUpClass): 201 POST http://10.180.1.21/identity/v3/auth/tokens 0.137s
2025-04-03 00:35:04.286 69816 INFO tempest.lib.common.rest_client [req-228d0006-53d2-4a94-baa8-c971748733b5 req-228d0006-53d2-4a94-baa8-c971748733b5 ] Request (ServersTestBootFromVolume:setUpClass): 200 GET http://10.180.1.21/volume/v3/volumes/636f42a1-e9d6-4aed-84f0-16fb977a244a 0.052s
2025-04-03 00:35:04.329 69834 INFO tempest.lib.common.rest_client [req-58d326f4-2876-432f-8877-561ef34f3541 req-58d326f4-2876-432f-8877-561ef34f3541 ] Request (HostsAdminNegativeTestJSON:tearDownClass): 204 DELETE http://10.180.1.21/identity/v3/users/73332ff9deec410da18978caf8e6fcd2 0.289s
2025-04-03 00:35:04.329 69834 INFO tempest.lib.common.dynamic_creds [-] Deleting project and security group for project: d4af393b4b5640d4ba3004eaad67fcd7
2025-04-03 00:35:04.346 69856 INFO tempest.lib.common.rest_client [req-4840ec7d-0570-4e9e-9b09-c265f2d8605b req-4840ec7d-0570-4e9e-9b09-c265f2d8605b ] Request (SecurityGroupRulesTestJSON:test_security_group_rules_create): 200 POST http://10.180.1.21/compute/v2.1/os-security-groups 2.603s
2025-04-03 00:35:04.349 69846 INFO tempest.lib.common.rest_client [req-90356e6d-82bc-462a-be6d-7c0e6213ff28 req-90356e6d-82bc-462a-be6d-7c0e6213ff28 ] Request (ImagesOneServerNegativeTestJSON:setUpClass): 200 GET http://10.180.1.21/compute/v2.1/servers/2e0df378-21a8-4176-8f9f-e8c891987442 2.501s
2025-04-03 00:35:04.351 69861 INFO tempest.lib.common.rest_client [req-832a3771-e2d8-4a0b-a530-e36d2c913a74 req-832a3771-e2d8-4a0b-a530-e36d2c913a74 ] Request (ServersV294TestFqdnHostnames:setUpClass): 201 POST http://10.180.1.21:9696/networking/v2.0/security-group-rules 0.322s
2025-04-03 00:35:04.364 69846 INFO tempest.common.waiters [-] State transition "BUILD/spawning" ==> "ACTIVE/None" after 24 second wait
2025-04-03 00:35:04.374 69832 INFO tempest.lib.common.rest_client [req-d257a673-e3f9-4b53-a577-26db4ed167a3 req-d257a673-e3f9-4b53-a577-26db4ed167a3 ] Request (ImagesMetadataTestJSON:setUpClass): 201 POST http://10.180.1.21/identity/v3/auth/tokens 0.170s
2025-04-03 00:35:04.454 69808 INFO tempest.lib.common.rest_client [req-5adb36be-938e-46b7-95a1-b25aae63fcd2 req-5adb36be-938e-46b7-95a1-b25aae63fcd2 ] Request (ServersAdminNegativeTestJSON:setUpClass): 201 POST http://10.180.1.21/identity/v3/auth/tokens 0.171s
2025-04-03 00:35:04.458 69818 INFO tempest.lib.common.rest_client [req-4cb86fb4-ad22-4553-bf34-512ac7d6f76d req-4cb86fb4-ad22-4553-bf34-512ac7d6f76d ] Request (FloatingIPsAssociationNegativeTestJSON:setUpClass): 200 GET http://10.180.1.21/compute/v2.1/servers/0767959d-2fd8-4908-af49-ad43cad13ba7 2.488s
2025-04-03 00:35:04.471 69834 INFO tempest.lib.common.rest_client [req-018f5da9-dcc7-4168-bd53-cc028546f355 req-018f5da9-dcc7-4168-bd53-cc028546f355 ] Request (HostsAdminNegativeTestJSON:tearDownClass): 201 POST http://10.180.1.21/identity/v3/auth/tokens 0.141s
2025-04-03 00:35:04.591 69808 INFO tempest.lib.common.rest_client [req-29035c0e-3520-4954-80ea-57443da15d15 req-29035c0e-3520-4954-80ea-57443da15d15 ] Request (ServersAdminNegativeTestJSON:setUpClass): 200 GET http://10.180.1.21/identity/v3/domains?name=Default 0.136s
2025-04-03 00:35:04.606 69861 INFO tempest.lib.common.rest_client [req-f1a923f8-af42-4547-b787-b21a7fc58c18 req-f1a923f8-af42-4547-b787-b21a7fc58c18 ] Request (ServersV294TestFqdnHostnames:setUpClass): 201 POST http://10.180.1.21:9696/networking/v2.0/security-group-rules 0.254s
2025-04-03 00:35:04.625 69808 INFO tempest.lib.common.rest_client [req-65908c8c-8911-4ab6-9f51-26d0cb6c38f5 req-65908c8c-8911-4ab6-9f51-26d0cb6c38f5 ] Request (ServersAdminNegativeTestJSON:setUpClass): 201 POST http://10.180.1.21/identity/v3/projects 0.034s
2025-04-03 00:35:04.638 69826 INFO tempest.lib.common.rest_client [req-79e50793-8973-4d7a-8a69-c8a9d103ea55 req-79e50793-8973-4d7a-8a69-c8a9d103ea55 ] Request (QuotasAdminTestJSON:test_delete_quota): 200 GET http://10.180.1.21/compute/v2.1/os-quota-sets/db01e1ceb194408c93690e54b38bf9f6 2.693s
2025-04-03 00:35:04.645 69836 INFO tempest.lib.common.rest_client [req-c6ed6a5d-0dfc-4224-8078-07cd5b82a650 req-c6ed6a5d-0dfc-4224-8078-07cd5b82a650 ] Request (FlavorsAccessNegativeTestJSON:test_flavor_non_admin_remove): 403 POST http://10.180.1.21/compute/v2.1/flavors/505981633/action 2.639s
2025-04-03 00:35:04.681 69838 INFO tempest.lib.common.rest_client [req-31c4e927-6f07-4310-814d-5d152b08d9b5 req-31c4e927-6f07-4310-814d-5d152b08d9b5 ] Request (ListImageFiltersTestJSON:setUpClass): 200 GET http://10.180.1.21/compute/v2.1/images/ba3ce80a-3b58-46fb-b2ee-ca5c240a3d3b 2.547s
2025-04-03 00:35:04.682 69850 INFO tempest.lib.common.rest_client [req-b7954ead-1d31-45c7-a793-fcdd1ae0c8b4 req-b7954ead-1d31-45c7-a793-fcdd1ae0c8b4 ] Request (FloatingIPDetailsTestJSON:tearDownClass): 200 PUT http://10.180.1.21:9696/networking/v2.0/routers/8c5a9f72-5f52-4bb4-9435-22857c9baa41/remove_router_interface 1.227s
2025-04-03 00:35:04.700 69808 INFO tempest.lib.common.rest_client [req-4787f04a-c0cf-45d7-b938-cc5c8ac09368 req-4787f04a-c0cf-45d7-b938-cc5c8ac09368 ] Request (ServersAdminNegativeTestJSON:setUpClass): 201 POST http://10.180.1.21/identity/v3/users 0.075s
2025-04-03 00:35:04.726 69808 INFO tempest.lib.common.rest_client [req-56fd19a2-2610-4ea8-817e-6282dd057c42 req-56fd19a2-2610-4ea8-817e-6282dd057c42 ] Request (ServersAdminNegativeTestJSON:setUpClass): 200 GET http://10.180.1.21/identity/v3/roles 0.025s
2025-04-03 00:35:04.762 69808 INFO tempest.lib.common.rest_client [req-27a4e1fa-69ee-4fa5-b0be-df2c9951c0a2 req-27a4e1fa-69ee-4fa5-b0be-df2c9951c0a2 ] Request (ServersAdminNegativeTestJSON:setUpClass): 204 PUT http://10.180.1.21/identity/v3/projects/f0080274719645c5befbcefd89334db1/users/182625dacd8e46fe82cf5fed67c1f2af/roles/3fff3c04c67c4dd3b43b8baca305b8a9 0.035s
2025-04-03 00:35:04.762 69808 INFO tempest.lib.common.dynamic_creds [-] Dynamic test user 182625dacd8e46fe82cf5fed67c1f2af is created with scope project and roles: ['member']
2025-04-03 00:35:04.763 69808 INFO tempest.lib.common.dynamic_creds [-] Acquired dynamic creds: credentials: Credentials: {'domain_id': 'default', 'domain_name': 'Default', 'username': 'tempest-ServersAdminNegativeTestJSON-1672465608-project-member', 'project_domain_id': 'default', 'project_domain_name': 'Default', 'project_id': 'f0080274719645c5befbcefd89334db1', 'project_name': 'tempest-ServersAdminNegativeTestJSON-1672465608', 'tenant_id': 'f0080274719645c5befbcefd89334db1', 'tenant_name': 'tempest-ServersAdminNegativeTestJSON-1672465608', 'user_domain_id': 'default', 'user_domain_name': 'Default', 'user_id': '182625dacd8e46fe82cf5fed67c1f2af', 'system': None}, Network: None, Subnet: None, Router: None
2025-04-03 00:35:04.763 69808 INFO tempest.lib.common.dynamic_creds [-] Created isolated network resources for: credentials: Credentials: {'domain_id': 'default', 'domain_name': 'Default', 'username': 'tempest-ServersAdminNegativeTestJSON-1672465608-project-member', 'project_domain_id': 'default', 'project_domain_name': 'Default', 'project_id': 'f0080274719645c5befbcefd89334db1', 'project_name': 'tempest-ServersAdminNegativeTestJSON-1672465608', 'tenant_id': 'f0080274719645c5befbcefd89334db1', 'tenant_name': 'tempest-ServersAdminNegativeTestJSON-1672465608', 'user_domain_id': 'default', 'user_domain_name': 'Default', 'user_id': '182625dacd8e46fe82cf5fed67c1f2af', 'system': None}, Network: None, Subnet: None, Router: None
2025-04-03 00:35:04.783 69862 INFO tempest.lib.common.rest_client [req-382d47e1-7811-4794-afc8-8843d0d7951d req-382d47e1-7811-4794-afc8-8843d0d7951d ] Request (MigrationsAdminTest:test_list_migrations_in_flavor_resize_situation): 200 GET http://10.180.1.21/compute/v2.1/servers/a22b3977-2a6f-4f01-949d-874208903ff4 2.781s
2025-04-03 00:35:04.822 69866 INFO tempest.lib.common.rest_client [req-6c78e7d5-0884-4304-ac88-6e9ee3f011f3 req-6c78e7d5-0884-4304-ac88-6e9ee3f011f3 ] Request (VolumesAssistedSnapshotsTest:test_volume_assisted_snapshot_create_delete): 200 GET http://10.180.1.21/compute/v2.1/servers/ea3623f6-fc35-4269-b8f4-f483d75b8d9f 2.651s
2025-04-03 00:35:04.843 69840 INFO tempest.lib.common.rest_client [req-dd366afc-bad1-45b9-8665-790ed7803cd0 req-dd366afc-bad1-45b9-8665-790ed7803cd0 ] Request (KeyPairsV22TestJSON:test_keypair_create_with_pub_key): 201 POST http://10.180.1.21/compute/v2.1/os-keypairs 2.555s
2025-04-03 00:35:04.866 69808 INFO tempest.lib.common.rest_client [req-b80131ea-259b-436a-b9c3-4a7656851958 req-b80131ea-259b-436a-b9c3-4a7656851958 ] Request (ServersAdminNegativeTestJSON:setUpClass): 201 POST http://10.180.1.21/identity/v3/auth/tokens 0.098s
2025-04-03 00:35:04.925 69834 INFO tempest.lib.common.rest_client [req-030dc0cb-f9a8-4742-9999-04b219ffdd6e req-030dc0cb-f9a8-4742-9999-04b219ffdd6e ] Request (HostsAdminNegativeTestJSON:tearDownClass): 200 GET http://10.180.1.21:9696/networking/v2.0/security-groups?tenant_id=d4af393b4b5640d4ba3004eaad67fcd7&name=default 0.454s
2025-04-03 00:35:04.970 69808 INFO tempest.lib.common.rest_client [req-d54518d8-7fdb-4f02-92b5-f1e840e4dcd6 req-d54518d8-7fdb-4f02-92b5-f1e840e4dcd6 ] Request (ServersAdminNegativeTestJSON:setUpClass): 201 POST http://10.180.1.21/identity/v3/projects 0.102s
2025-04-03 00:35:05.040 69808 INFO tempest.lib.common.rest_client [req-1a445098-c78e-4f97-b52b-2dea870d50e4 req-1a445098-c78e-4f97-b52b-2dea870d50e4 ] Request (ServersAdminNegativeTestJSON:setUpClass): 201 POST http://10.180.1.21/identity/v3/users 0.069s
2025-04-03 00:35:05.064 69832 INFO tempest.lib.common.rest_client [req-4b002702-3319-43b3-821d-ee5730c5e2c7 req-4b002702-3319-43b3-821d-ee5730c5e2c7 ] Request (ImagesMetadataTestJSON:setUpClass): 201 POST http://10.180.1.21/image/v2/images 0.688s
2025-04-03 00:35:05.072 69808 INFO tempest.lib.common.rest_client [req-7ec7a6f1-bac7-4038-a8d6-394b0c8d0a9d req-7ec7a6f1-bac7-4038-a8d6-394b0c8d0a9d ] Request (ServersAdminNegativeTestJSON:setUpClass): 200 GET http://10.180.1.21/identity/v3/roles 0.031s
2025-04-03 00:35:05.111 69808 INFO tempest.lib.common.rest_client [req-79fcfe39-59e4-414a-844d-a96b281fd679 req-79fcfe39-59e4-414a-844d-a96b281fd679 ] Request (ServersAdminNegativeTestJSON:setUpClass): 204 PUT http://10.180.1.21/identity/v3/projects/aad945a711db481f9cf1a83e65ae6c9e/users/12a17a84be00493bb73a9259c107ca5d/roles/a04229b8b0c749d9be039889a50daadb 0.039s
2025-04-03 00:35:05.203 69808 INFO tempest.lib.common.rest_client [req-bbb2c056-72e9-42ff-bd1b-32158072d8dc req-bbb2c056-72e9-42ff-bd1b-32158072d8dc ] Request (ServersAdminNegativeTestJSON:setUpClass): 200 GET http://10.180.1.21/identity/v3/roles 0.091s
2025-04-03 00:35:05.225 69808 INFO tempest.lib.common.rest_client [req-277642ac-80d0-4faa-b08f-678afb14761d req-277642ac-80d0-4faa-b08f-678afb14761d ] Request (ServersAdminNegativeTestJSON:setUpClass): 204 PUT http://10.180.1.21/identity/v3/projects/aad945a711db481f9cf1a83e65ae6c9e/users/12a17a84be00493bb73a9259c107ca5d/roles/a04229b8b0c749d9be039889a50daadb 0.022s
2025-04-03 00:35:05.226 69808 INFO tempest.lib.common.dynamic_creds [-] Dynamic test user 12a17a84be00493bb73a9259c107ca5d is created with scope project and roles: ['admin']
2025-04-03 00:35:05.226 69808 INFO tempest.lib.common.dynamic_creds [-] Acquired dynamic creds: credentials: Credentials: {'domain_id': 'default', 'domain_name': 'Default', 'username': 'tempest-ServersAdminNegativeTestJSON-2123953804-project-admin', 'project_domain_id': 'default', 'project_domain_name': 'Default', 'project_id': 'aad945a711db481f9cf1a83e65ae6c9e', 'project_name': 'tempest-ServersAdminNegativeTestJSON-2123953804', 'tenant_id': 'aad945a711db481f9cf1a83e65ae6c9e', 'tenant_name': 'tempest-ServersAdminNegativeTestJSON-2123953804', 'user_domain_id': 'default', 'user_domain_name': 'Default', 'user_id': '12a17a84be00493bb73a9259c107ca5d', 'system': None}, Network: None, Subnet: None, Router: None
2025-04-03 00:35:05.226 69808 INFO tempest.lib.common.dynamic_creds [-] Created isolated network resources for: credentials: Credentials: {'domain_id': 'default', 'domain_name': 'Default', 'username': 'tempest-ServersAdminNegativeTestJSON-2123953804-project-admin', 'project_domain_id': 'default', 'project_domain_name': 'Default', 'project_id': 'aad945a711db481f9cf1a83e65ae6c9e', 'project_name': 'tempest-ServersAdminNegativeTestJSON-2123953804', 'tenant_id': 'aad945a711db481f9cf1a83e65ae6c9e', 'tenant_name': 'tempest-ServersAdminNegativeTestJSON-2123953804', 'user_domain_id': 'default', 'user_domain_name': 'Default', 'user_id': '12a17a84be00493bb73a9259c107ca5d', 'system': None}, Network: None, Subnet: None, Router: None
2025-04-03 00:35:05.226 69852 INFO tempest.lib.common.rest_client [req-61154726-4771-4049-b2b0-579c8e104578 req-61154726-4771-4049-b2b0-579c8e104578 ] Request (ImagesTestJSON:test_create_image_from_stopped_server): 200 GET http://10.180.1.21/compute/v2.1/servers/56942e43-4cfd-4cbd-bc0e-a39efc43df85 2.762s
2025-04-03 00:35:05.230 69838 INFO tempest.lib.common.rest_client [req-69e4d35b-1bff-4f1e-8734-f28faf86e3b1 req-69e4d35b-1bff-4f1e-8734-f28faf86e3b1 ] Request (ListImageFiltersTestJSON:setUpClass): 201 POST http://10.180.1.21/image/v2/images 0.543s
2025-04-03 00:35:05.239 69852 INFO tempest.common.waiters [-] State transition "BUILD/spawning" ==> "ACTIVE/None" after 25 second wait
2025-04-03 00:35:05.257 69842 INFO tempest.lib.common.rest_client [req-6a1f7d90-a66f-4d3e-8b97-13a6d4348186 req-6a1f7d90-a66f-4d3e-8b97-13a6d4348186 ] Request (ServerTagsTestJSON:setUpClass): 200 PUT http://10.180.1.21:9696/networking/v2.0/routers/dbf582fb-53c4-4e40-8426-1adb33edd345/add_router_interface 2.632s
2025-04-03 00:35:05.258 69842 INFO tempest.lib.common.dynamic_creds [-] Created isolated network resources for: credentials: Credentials: {'domain_id': 'default', 'domain_name': 'Default', 'username': 'tempest-ServerTagsTestJSON-1056957456-project-member', 'project_domain_id': 'default', 'project_domain_name': 'Default', 'project_id': '542737feac114a51be2b955b489e559b', 'project_name': 'tempest-ServerTagsTestJSON-1056957456', 'tenant_id': '542737feac114a51be2b955b489e559b', 'tenant_name': 'tempest-ServerTagsTestJSON-1056957456', 'user_domain_id': 'default', 'user_domain_name': 'Default', 'user_id': '53324d1d443e41a8b2aab5d0252b9d5f', 'system': None}, Network: {'id': '2ca519ce-c949-43e9-9395-f82681a3b914', 'name': 'tempest-ServerTagsTestJSON-1933819567-network', 'tenant_id': '542737feac114a51be2b955b489e559b', 'admin_state_up': True, 'mtu': 8950, 'status': 'ACTIVE', 'subnets': [], 'shared': False, 'project_id': '542737feac114a51be2b955b489e559b', 'port_security_enabled': True, 'router:external': False, 'provider:network_type': 'vlan', 'provider:physical_network': 'default', 'provider:segmentation_id': 140, 'availability_zone_hints': [], 'availability_zones': [], 'ipv4_address_scope': None, 'ipv6_address_scope': None, 'description': '', 'tags': [], 'created_at': '2025-04-03T00:34:58Z', 'updated_at': '2025-04-03T00:34:58Z', 'revision_number': 1}, Subnet: {'id': '0a7fbfa1-5f70-44d2-ac87-083da0f97093', 'name': 'tempest-ServerTagsTestJSON-1933819567-subnet', 'tenant_id': '542737feac114a51be2b955b489e559b', 'network_id': '2ca519ce-c949-43e9-9395-f82681a3b914', 'ip_version': 4, 'subnetpool_id': None, 'enable_dhcp': True, 'ipv6_ra_mode': None, 'ipv6_address_mode': None, 'gateway_ip': '192.168.128.1', 'cidr': '192.168.128.0/28', 'allocation_pools': [{'start': '192.168.128.2', 'end': '192.168.128.14'}], 'host_routes': [], 'dns_nameservers': [], 'description': '', 'router:external': False, 'service_types': [], 'tags': [], 'created_at': '2025-04-03T00:34:59Z', 'updated_at': '2025-04-03T00:34:59Z', 'revision_number': 0, 'project_id': '542737feac114a51be2b955b489e559b'}, Router: {'id': 'dbf582fb-53c4-4e40-8426-1adb33edd345', 'name': 'tempest-ServerTagsTestJSON-1933819567-router', 'tenant_id': '542737feac114a51be2b955b489e559b', 'admin_state_up': True, 'status': 'ACTIVE', 'external_gateway_info': {'network_id': 'd0ad9895-d65d-46d1-bfea-49c6a513b5e0', 'external_fixed_ips': [{'subnet_id': '094db242-0445-4d27-b407-427062f8e944', 'ip_address': '10.180.180.193'}], 'enable_snat': True}, 'description': '', 'availability_zones': [], 'distributed': False, 'ha': False, 'availability_zone_hints': [], 'routes': [], 'flavor_id': None, 'tags': [], 'created_at': '2025-04-03T00:35:00Z', 'updated_at': '2025-04-03T00:35:01Z', 'revision_number': 2, 'project_id': '542737feac114a51be2b955b489e559b'}
2025-04-03 00:35:05.287 69834 INFO tempest.lib.common.rest_client [req-214def6d-0b43-4478-97e3-177926cb7198 req-214def6d-0b43-4478-97e3-177926cb7198 ] Request (HostsAdminNegativeTestJSON:tearDownClass): 204 DELETE http://10.180.1.21:9696/networking/v2.0/security-groups/ea10fac1-4ec0-406f-9d21-b26627821883 0.361s
2025-04-03 00:35:05.325 69808 INFO tempest.lib.common.rest_client [req-595aaf04-659d-463e-8747-4e9292404bb8 req-595aaf04-659d-463e-8747-4e9292404bb8 ] Request (ServersAdminNegativeTestJSON:setUpClass): 201 POST http://10.180.1.21/identity/v3/auth/tokens 0.096s
2025-04-03 00:35:05.348 69816 INFO tempest.lib.common.rest_client [req-2f7d5679-569a-42e2-9821-97c265ff0cc2 req-2f7d5679-569a-42e2-9821-97c265ff0cc2 ] Request (ServersTestBootFromVolume:setUpClass): 200 GET http://10.180.1.21/volume/v3/volumes/636f42a1-e9d6-4aed-84f0-16fb977a244a 0.045s
2025-04-03 00:35:05.397 69842 INFO tempest.lib.common.rest_client [req-5929360d-7e85-43ec-846b-ce4708b09fb3 req-5929360d-7e85-43ec-846b-ce4708b09fb3 ] Request (ServerTagsTestJSON:setUpClass): 201 POST http://10.180.1.21/identity/v3/auth/tokens 0.132s
2025-04-03 00:35:05.438 69864 INFO tempest.lib.common.rest_client [req-f1367777-587c-463c-a7a5-3110ff24529d req-f1367777-587c-463c-a7a5-3110ff24529d ] Request (ServerDiskConfigTestJSON:test_rebuild_server_with_auto_disk_config): 200 GET http://10.180.1.21/compute/v2.1/servers/6778c0cd-ea9a-4cdc-80dd-e53e8b1dd7b1 2.883s
2025-04-03 00:35:05.459 69808 INFO tempest.lib.common.rest_client [req-2a58840e-e952-4ce5-bb63-9352a3a6813d req-2a58840e-e952-4ce5-bb63-9352a3a6813d ] Request (ServersAdminNegativeTestJSON:setUpClass): 201 POST http://10.180.1.21/identity/v3/auth/tokens 0.128s
2025-04-03 00:35:05.460 69808 INFO tempest.lib.common.fixed_network [-] (ServersAdminNegativeTestJSON:setUpClass) Found network None available for tenant
2025-04-03 00:35:05.481 69834 INFO tempest.lib.common.rest_client [req-e44b2e0f-d120-4a1f-8fbf-0665e412cc8e req-e44b2e0f-d120-4a1f-8fbf-0665e412cc8e ] Request (HostsAdminNegativeTestJSON:tearDownClass): 204 DELETE http://10.180.1.21/identity/v3/projects/d4af393b4b5640d4ba3004eaad67fcd7 0.193s
2025-04-03 00:35:05.481 69834 INFO tempest.lib.common.dynamic_creds [-] Deleting project and security group for project: cc723832bcb14619a6f255ad25f9f31f
2025-04-03 00:35:05.508 69812 INFO tempest.lib.common.rest_client [req-cd7add99-cba6-4595-aef5-65217cffb78e req-cd7add99-cba6-4595-aef5-65217cffb78e ] Request (ImagesOneServerTestJSON:setUpClass): 200 GET http://10.180.1.21/compute/v2.1/servers/1f590372-382e-4cbf-aa82-fe6e4e342ee3 2.936s
2025-04-03 00:35:05.541 69842 INFO tempest.lib.common.rest_client [req-44ab656f-0e3a-4664-9820-115b25940341 req-44ab656f-0e3a-4664-9820-115b25940341 ] Request (ServerTagsTestJSON:setUpClass): 201 POST http://10.180.1.21/identity/v3/auth/tokens 0.140s
2025-04-03 00:35:05.542 69842 INFO tempest.lib.common.fixed_network [-] (ServerTagsTestJSON:setUpClass) Found network {'id': '2ca519ce-c949-43e9-9395-f82681a3b914', 'name': 'tempest-ServerTagsTestJSON-1933819567-network', 'tenant_id': '542737feac114a51be2b955b489e559b', 'admin_state_up': True, 'mtu': 8950, 'status': 'ACTIVE', 'subnets': [], 'shared': False, 'project_id': '542737feac114a51be2b955b489e559b', 'port_security_enabled': True, 'router:external': False, 'provider:network_type': 'vlan', 'provider:physical_network': 'default', 'provider:segmentation_id': 140, 'availability_zone_hints': [], 'availability_zones': [], 'ipv4_address_scope': None, 'ipv6_address_scope': None, 'description': '', 'tags': [], 'created_at': '2025-04-03T00:34:58Z', 'updated_at': '2025-04-03T00:34:58Z', 'revision_number': 1} available for tenant
2025-04-03 00:35:05.575 69814 INFO tempest.lib.common.rest_client [req-3d55e6f0-1179-46b0-807a-f035daf60743 req-3d55e6f0-1179-46b0-807a-f035daf60743 ] Request (ServersWithSpecificFlavorTestJSON:test_verify_created_server_ephemeral_disk): 200 GET http://10.180.1.21/compute/v2.1/servers/37200872-b8df-40bf-a82a-f0d010de4d06 2.828s
2025-04-03 00:35:05.614 69834 INFO tempest.lib.common.rest_client [req-15977699-b0b7-4750-a053-c1b35eff13c1 req-15977699-b0b7-4750-a053-c1b35eff13c1 ] Request (HostsAdminNegativeTestJSON:tearDownClass): 200 GET http://10.180.1.21:9696/networking/v2.0/security-groups?tenant_id=cc723832bcb14619a6f255ad25f9f31f&name=default 0.132s
2025-04-03 00:35:05.679 69850 INFO tempest.lib.common.rest_client [req-3bd5de17-097b-4848-9e0e-602e7fb12a96 req-3bd5de17-097b-4848-9e0e-602e7fb12a96 ] Request (FloatingIPDetailsTestJSON:tearDownClass): 204 DELETE http://10.180.1.21:9696/networking/v2.0/routers/8c5a9f72-5f52-4bb4-9435-22857c9baa41 0.996s
2025-04-03 00:35:05.720 69834 INFO tempest.lib.common.rest_client [req-e3a6b854-fdbf-4630-8c0c-729b10a67964 req-e3a6b854-fdbf-4630-8c0c-729b10a67964 ] Request (HostsAdminNegativeTestJSON:tearDownClass): 204 DELETE http://10.180.1.21:9696/networking/v2.0/security-groups/f4784d80-83b9-4fa5-93e4-afda54ddb28d 0.105s
2025-04-03 00:35:05.730 69861 INFO tempest.lib.common.rest_client [req-2ca90f95-3424-4ffd-922e-91ae33379b21 req-2ca90f95-3424-4ffd-922e-91ae33379b21 ] Request (ServersV294TestFqdnHostnames:setUpClass): 201 POST http://10.180.1.21:9696/networking/v2.0/floatingips 1.124s
2025-04-03 00:35:05.771 69848 INFO tempest.lib.common.rest_client [req-fdc5099f-b3c5-4f49-bbd8-afebd9b42b0c req-fdc5099f-b3c5-4f49-bbd8-afebd9b42b0c ] Request (ServerGroupTestJSON:setUp): 200 POST http://10.180.1.21/compute/v2.1/os-server-groups 2.998s
2025-04-03 00:35:05.817 69861 INFO tempest.lib.common.rest_client [req-fe3131bb-bbb7-4d9e-b383-e5718736b32b req-fe3131bb-bbb7-4d9e-b383-e5718736b32b ] Request (ServersV294TestFqdnHostnames:setUpClass): 201 POST http://10.180.1.21/identity/v3/auth/tokens 0.084s
2025-04-03 00:35:05.817 69861 INFO tempest.lib.common.fixed_network [-] (ServersV294TestFqdnHostnames:setUpClass) Found network {'id': 'beb81641-859f-4be4-b648-9596cd4e322c', 'name': 'tempest-ServersV294TestFqdnHostnames-2043414037-network', 'tenant_id': 'a3e646e26d194d7d93ee6bc4a0de137e', 'admin_state_up': True, 'mtu': 8950, 'status': 'ACTIVE', 'subnets': [], 'shared': False, 'project_id': 'a3e646e26d194d7d93ee6bc4a0de137e', 'port_security_enabled': True, 'router:external': False, 'provider:network_type': 'vlan', 'provider:physical_network': 'default', 'provider:segmentation_id': 15, 'availability_zone_hints': [], 'availability_zones': [], 'ipv4_address_scope': None, 'ipv6_address_scope': None, 'description': '', 'tags': [], 'created_at': '2025-04-03T00:34:53Z', 'updated_at': '2025-04-03T00:34:53Z', 'revision_number': 1} available for tenant
2025-04-03 00:35:05.839 69834 INFO tempest.lib.common.rest_client [req-57a414c0-7da8-43d9-9c4d-f2a86fa4bb94 req-57a414c0-7da8-43d9-9c4d-f2a86fa4bb94 ] Request (HostsAdminNegativeTestJSON:tearDownClass): 204 DELETE http://10.180.1.21/identity/v3/projects/cc723832bcb14619a6f255ad25f9f31f 0.119s
2025-04-03 00:35:05.852 69810 INFO tempest.lib.common.rest_client [req-07e3662d-6eb5-4450-b878-1b7e16e64734 req-07e3662d-6eb5-4450-b878-1b7e16e64734 ] Request (FloatingIPsAssociationTestJSON:setUpClass): 200 POST http://10.180.1.21/compute/v2.1/os-floating-ips 3.504s
2025-04-03 00:35:05.867 69850 INFO tempest.lib.common.rest_client [req-ee651d73-a50b-4c4d-9d2a-79beffcdbc05 req-ee651d73-a50b-4c4d-9d2a-79beffcdbc05 ] Request (FloatingIPDetailsTestJSON:tearDownClass): 204 DELETE http://10.180.1.21:9696/networking/v2.0/subnets/ff58cb3d-f4b5-46cd-9aa6-f63e99a04c4e 0.187s
2025-04-03 00:35:05.872 69828 INFO tempest.lib.common.rest_client [req-a6332645-5ec4-45a2-8662-0e670a2ebdfd req-a6332645-5ec4-45a2-8662-0e670a2ebdfd ] Request (ImagesDeleteNegativeTestJSON:test_delete_image_with_id_over_character_limit): 404 DELETE http://10.180.1.21/compute/v2.1/images/d7927a00-66c3-42ea-931f-130c434c08621 2.829s
2025-04-03 00:35:05.912 69834 INFO tempest.lib.common.rest_client [req-21b55a67-5cfd-4d59-a084-182a4bfd3f5a req-21b55a67-5cfd-4d59-a084-182a4bfd3f5a ] Request (QuotaClassesAdminTestJSON:setUpClass): 201 POST http://10.180.1.21/identity/v3/auth/tokens 0.071s
2025-04-03 00:35:05.930 69858 INFO tempest.lib.common.rest_client [req-ef9883a6-e883-4b96-80df-1ff329a26311 req-ef9883a6-e883-4b96-80df-1ff329a26311 ] Request (ServerDiagnosticsTest:test_get_server_diagnostics): 200 GET http://10.180.1.21/compute/v2.1/servers/cc3e8d53-a599-4579-920b-f416d6ec1b07 2.841s
2025-04-03 00:35:05.977 69810 INFO tempest.lib.common.rest_client [req-147658f1-2f04-42e4-b6f1-bbac7a868340 req-147658f1-2f04-42e4-b6f1-bbac7a868340 ] Request (FloatingIPsAssociationTestJSON:test_associate_already_associated_floating_ip): 201 POST http://10.180.1.21/identity/v3/auth/tokens 0.114s
2025-04-03 00:35:05.978 69810 INFO tempest.lib.common.fixed_network [-] (FloatingIPsAssociationTestJSON:test_associate_already_associated_floating_ip) Found network {'id': '4d337b6e-7f64-4812-ad0b-d3eb86ebedc7', 'name': 'tempest-FloatingIPsAssociationTestJSON-2020066171-network', 'tenant_id': 'dd959cdc65ad4a7685214b69c743bab5', 'admin_state_up': True, 'mtu': 8950, 'status': 'ACTIVE', 'subnets': [], 'shared': False, 'project_id': 'dd959cdc65ad4a7685214b69c743bab5', 'port_security_enabled': True, 'router:external': False, 'provider:network_type': 'vlan', 'provider:physical_network': 'default', 'provider:segmentation_id': 259, 'availability_zone_hints': [], 'availability_zones': [], 'ipv4_address_scope': None, 'ipv6_address_scope': None, 'description': '', 'tags': [], 'created_at': '2025-04-03T00:34:27Z', 'updated_at': '2025-04-03T00:34:27Z', 'revision_number': 1} available for tenant
2025-04-03 00:35:06.004 69834 INFO tempest.lib.common.rest_client [req-fcec1a86-74f3-42f1-bf98-75312b1dd4fb req-fcec1a86-74f3-42f1-bf98-75312b1dd4fb ] Request (QuotaClassesAdminTestJSON:setUpClass): 201 POST http://10.180.1.21/identity/v3/auth/tokens 0.088s
2025-04-03 00:35:06.009 69824 INFO tempest.lib.common.rest_client [req-315b75ac-acd7-493d-b799-3d230d3cb0d6 req-315b75ac-acd7-493d-b799-3d230d3cb0d6 ] Request (ServerExternalEventsTest:tearDownClass): 200 GET http://10.180.1.21/compute/v2.1/servers/63aaa0e8-e834-41b2-8522-3e26ad687971 2.770s
2025-04-03 00:35:06.021 69806 INFO tempest.lib.common.rest_client [req-36a7f43d-db68-470b-8d40-372c3b10fb25 req-36a7f43d-db68-470b-8d40-372c3b10fb25 ] Request (QuotasAdminNegativeTest:_run_cleanups): 200 PUT http://10.180.1.21/compute/v2.1/os-quota-sets/861655d0236e426c90b1cb876d5c2589 3.005s
2025-04-03 00:35:06.031 69834 INFO tempest.lib.common.rest_client [req-f515466f-14a8-4a42-ad20-e67ca4ae1308 req-f515466f-14a8-4a42-ad20-e67ca4ae1308 ] Request (QuotaClassesAdminTestJSON:setUpClass): 200 GET http://10.180.1.21/identity/v3/domains?name=Default 0.026s
2025-04-03 00:35:06.053 69822 INFO tempest.lib.common.rest_client [req-7193d8d2-300f-48fc-a07a-ae8da76c453a req-7193d8d2-300f-48fc-a07a-ae8da76c453a ] Request (AggregatesAdminNegativeTestJSON:_run_cleanups): 200 DELETE http://10.180.1.21/compute/v2.1/os-aggregates/4 2.267s
2025-04-03 00:35:06.064 69834 INFO tempest.lib.common.rest_client [req-63088d20-6aaa-4046-b62c-be478916549c req-63088d20-6aaa-4046-b62c-be478916549c ] Request (QuotaClassesAdminTestJSON:setUpClass): 201 POST http://10.180.1.21/identity/v3/projects 0.033s
2025-04-03 00:35:06.076 69830 INFO tempest.lib.common.rest_client [req-68413728-0079-40bd-9e00-48c4bfe3d6b0 req-68413728-0079-40bd-9e00-48c4bfe3d6b0 ] Request (FlavorsAdminTestJSON:test_create_list_flavor_without_extra_data): 200 POST http://10.180.1.21/compute/v2.1/flavors 2.173s
2025-04-03 00:35:06.086 69854 INFO tempest.lib.common.rest_client [req-cd4bb5cf-8863-461b-b3f7-476c9ab1bc42 req-cd4bb5cf-8863-461b-b3f7-476c9ab1bc42 ] Request (HypervisorAdminNegativeUnderV252Test:test_show_servers_with_non_admin_user): 403 GET http://10.180.1.21/compute/v2.1/os-hypervisors/1/servers 2.042s
2025-04-03 00:35:06.099 69844 INFO tempest.lib.common.rest_client [req-3fab1eb2-a8be-4a89-963a-d92fbdb6f7e0 req-3fab1eb2-a8be-4a89-963a-d92fbdb6f7e0 ] Request (ServersAdmin275Test:_run_cleanups): 200 GET http://10.180.1.21/compute/v2.1/servers/9bd2025e-7af4-4366-aca0-418da39f9547 2.318s
2025-04-03 00:35:06.129 69834 INFO tempest.lib.common.rest_client [req-843f354b-a39a-4a39-8e60-fb1018ac3af3 req-843f354b-a39a-4a39-8e60-fb1018ac3af3 ] Request (QuotaClassesAdminTestJSON:setUpClass): 201 POST http://10.180.1.21/identity/v3/users 0.064s
2025-04-03 00:35:06.144 69850 INFO tempest.lib.common.rest_client [req-51393961-1b51-4861-aa4f-c27dba0d4233 req-51393961-1b51-4861-aa4f-c27dba0d4233 ] Request (FloatingIPDetailsTestJSON:tearDownClass): 204 DELETE http://10.180.1.21:9696/networking/v2.0/networks/aa025a7c-e65e-4a2f-a8b4-31572bfcfcd1 0.277s
2025-04-03 00:35:06.152 69832 INFO tempest.lib.common.rest_client [req-797e2cf9-cfc4-4b85-b80f-6259c1134383 req-797e2cf9-cfc4-4b85-b80f-6259c1134383 ] Request (ImagesMetadataTestJSON:setUpClass): 204 PUT http://10.180.1.21/image/v2/images/931a9688-25f7-4457-9920-1e5cc03f2233/file 1.088s
2025-04-03 00:35:06.160 69834 INFO tempest.lib.common.rest_client [req-e06605ca-11a9-4c8c-a3f4-a206c7197322 req-e06605ca-11a9-4c8c-a3f4-a206c7197322 ] Request (QuotaClassesAdminTestJSON:setUpClass): 200 GET http://10.180.1.21/identity/v3/roles 0.030s
2025-04-03 00:35:06.196 69834 INFO tempest.lib.common.rest_client [req-aa0faa4a-5518-4172-bb42-fecbcc764925 req-aa0faa4a-5518-4172-bb42-fecbcc764925 ] Request (QuotaClassesAdminTestJSON:setUpClass): 204 PUT http://10.180.1.21/identity/v3/projects/4e326736115d43a091919257c34aae13/users/60451691f5dc4591aac869160a95888a/roles/3fff3c04c67c4dd3b43b8baca305b8a9 0.035s
2025-04-03 00:35:06.197 69834 INFO tempest.lib.common.dynamic_creds [-] Dynamic test user 60451691f5dc4591aac869160a95888a is created with scope project and roles: ['member']
2025-04-03 00:35:06.197 69834 INFO tempest.lib.common.dynamic_creds [-] Acquired dynamic creds: credentials: Credentials: {'domain_id': 'default', 'domain_name': 'Default', 'username': 'tempest-QuotaClassesAdminTestJSON-400436141-project-member', 'project_domain_id': 'default', 'project_domain_name': 'Default', 'project_id': '4e326736115d43a091919257c34aae13', 'project_name': 'tempest-QuotaClassesAdminTestJSON-400436141', 'tenant_id': '4e326736115d43a091919257c34aae13', 'tenant_name': 'tempest-QuotaClassesAdminTestJSON-400436141', 'user_domain_id': 'default', 'user_domain_name': 'Default', 'user_id': '60451691f5dc4591aac869160a95888a', 'system': None}, Network: None, Subnet: None, Router: None
2025-04-03 00:35:06.197 69834 INFO tempest.lib.common.dynamic_creds [-] Created isolated network resources for: credentials: Credentials: {'domain_id': 'default', 'domain_name': 'Default', 'username': 'tempest-QuotaClassesAdminTestJSON-400436141-project-member', 'project_domain_id': 'default', 'project_domain_name': 'Default', 'project_id': '4e326736115d43a091919257c34aae13', 'project_name': 'tempest-QuotaClassesAdminTestJSON-400436141', 'tenant_id': '4e326736115d43a091919257c34aae13', 'tenant_name': 'tempest-QuotaClassesAdminTestJSON-400436141', 'user_domain_id': 'default', 'user_domain_name': 'Default', 'user_id': '60451691f5dc4591aac869160a95888a', 'system': None}, Network: None, Subnet: None, Router: None
2025-04-03 00:35:06.226 69850 INFO tempest.lib.common.rest_client [req-2cb97ff4-3447-499d-957a-fb0cd7c52fe8 req-2cb97ff4-3447-499d-957a-fb0cd7c52fe8 ] Request (FloatingIPDetailsTestJSON:tearDownClass): 204 DELETE http://10.180.1.21/identity/v3/users/6dc4be2076f64f1ca62e2dfc4b39fd95 0.081s
2025-04-03 00:35:06.226 69850 INFO tempest.lib.common.dynamic_creds [-] Deleting project and security group for project: 0f43c62524fe4cffabbc314041762533
2025-04-03 00:35:06.230 69846 INFO tempest.lib.common.rest_client [req-fe2c7fe3-dab3-4c18-a201-a6949a52a46e req-fe2c7fe3-dab3-4c18-a201-a6949a52a46e ] Request (ImagesOneServerNegativeTestJSON:setUp): 200 GET http://10.180.1.21/compute/v2.1/servers/2e0df378-21a8-4176-8f9f-e8c891987442 1.864s
2025-04-03 00:35:06.264 69850 INFO tempest.lib.common.rest_client [req-6ca5b834-7eac-4507-9f04-a63da33b7cd7 req-6ca5b834-7eac-4507-9f04-a63da33b7cd7 ] Request (FloatingIPDetailsTestJSON:tearDownClass): 200 GET http://10.180.1.21:9696/networking/v2.0/security-groups?tenant_id=0f43c62524fe4cffabbc314041762533&name=default 0.037s
2025-04-03 00:35:06.279 69856 INFO tempest.lib.common.rest_client [req-729678d5-e578-438c-bbdc-f00d45724464 req-729678d5-e578-438c-bbdc-f00d45724464 ] Request (SecurityGroupRulesTestJSON:test_security_group_rules_create): 200 POST http://10.180.1.21/compute/v2.1/os-security-group-rules 1.922s
2025-04-03 00:35:06.299 69834 INFO tempest.lib.common.rest_client [req-a9354b6c-b2fc-45fd-a8ab-ae871822d6a1 req-a9354b6c-b2fc-45fd-a8ab-ae871822d6a1 ] Request (QuotaClassesAdminTestJSON:setUpClass): 201 POST http://10.180.1.21/identity/v3/auth/tokens 0.099s
2025-04-03 00:35:06.375 69850 INFO tempest.lib.common.rest_client [req-6fa5d10d-1d04-4564-a6ad-7a7e597f1004 req-6fa5d10d-1d04-4564-a6ad-7a7e597f1004 ] Request (FloatingIPDetailsTestJSON:tearDownClass): 204 DELETE http://10.180.1.21:9696/networking/v2.0/security-groups/fdf65f83-aaa1-46c6-ae9f-79b81750c164 0.111s
2025-04-03 00:35:06.389 69816 INFO tempest.lib.common.rest_client [req-f55374ac-02b2-4b34-b5d6-5fd0abeac3f8 req-f55374ac-02b2-4b34-b5d6-5fd0abeac3f8 ] Request (ServersTestBootFromVolume:setUpClass): 200 GET http://10.180.1.21/volume/v3/volumes/636f42a1-e9d6-4aed-84f0-16fb977a244a 0.032s
2025-04-03 00:35:06.425 69834 INFO tempest.lib.common.rest_client [req-d11a3864-0140-473e-a49b-2ddad84068c2 req-d11a3864-0140-473e-a49b-2ddad84068c2 ] Request (QuotaClassesAdminTestJSON:setUpClass): 201 POST http://10.180.1.21/identity/v3/projects 0.125s
2025-04-03 00:35:06.451 69826 INFO tempest.lib.common.rest_client [req-7b2b2022-759a-45f6-bc2f-a73fef8da93f req-7b2b2022-759a-45f6-bc2f-a73fef8da93f ] Request (QuotasAdminTestJSON:test_delete_quota): 200 PUT http://10.180.1.21/compute/v2.1/os-quota-sets/db01e1ceb194408c93690e54b38bf9f6 1.809s
2025-04-03 00:35:06.479 69840 INFO tempest.lib.common.rest_client [req-f00d8823-030b-4e7e-b980-da7c017e3c6b req-f00d8823-030b-4e7e-b980-da7c017e3c6b ] Request (KeyPairsV22TestJSON:_run_cleanups): 204 DELETE http://10.180.1.21/compute/v2.1/os-keypairs/tempest-keypair-1312383490 1.634s
2025-04-03 00:35:06.562 69820 INFO tempest.lib.common.rest_client [req-ff334dae-f0b8-461e-aa8f-93dac9e822c5 req-ff334dae-f0b8-461e-aa8f-93dac9e822c5 ] Request (DeleteServersAdminTestJSON:test_admin_delete_servers_of_others): 200 GET http://10.180.1.21/compute/v2.1/servers/1bb09fa7-06dd-4362-b8e7-b0cf82e18056 1.683s
2025-04-03 00:35:06.597 69850 INFO tempest.lib.common.rest_client [req-79ff4676-20a4-4dc7-9a2d-e1ac537d9643 req-79ff4676-20a4-4dc7-9a2d-e1ac537d9643 ] Request (FloatingIPDetailsTestJSON:tearDownClass): 204 DELETE http://10.180.1.21/identity/v3/projects/0f43c62524fe4cffabbc314041762533 0.221s
2025-04-03 00:35:06.641 69836 INFO tempest.lib.common.rest_client [req-ef8754ac-d614-4cad-8b4d-26a309dd9de1 req-ef8754ac-d614-4cad-8b4d-26a309dd9de1 ] Request (FlavorsAccessNegativeTestJSON:_run_cleanups): 200 POST http://10.180.1.21/compute/v2.1/flavors/505981633/action 1.996s
2025-04-03 00:35:06.692 69834 INFO tempest.lib.common.rest_client [req-e9d1b9f6-aa5f-48f2-91cb-4d5c2d8aa69d req-e9d1b9f6-aa5f-48f2-91cb-4d5c2d8aa69d ] Request (QuotaClassesAdminTestJSON:setUpClass): 201 POST http://10.180.1.21/identity/v3/users 0.267s
2025-04-03 00:35:06.707 69804 INFO tempest.lib.common.rest_client [req-6bd60f7b-b1ae-43b0-94a1-b983e7cc6774 req-6bd60f7b-b1ae-43b0-94a1-b983e7cc6774 ] Request (ServersAdminTestJSON:setUpClass): 200 GET http://10.180.1.21/compute/v2.1/servers/06613882-ee95-461f-8ba1-d2cdf8842329 1.682s
2025-04-03 00:35:06.722 69850 INFO tempest.lib.common.rest_client [req-91360eb0-9fe0-4352-8b36-3658dd7111e1 req-91360eb0-9fe0-4352-8b36-3658dd7111e1 ] Request (AttachInterfacesTestJSON:setUpClass): 201 POST http://10.180.1.21/identity/v3/auth/tokens 0.123s
2025-04-03 00:35:06.726 69834 INFO tempest.lib.common.rest_client [req-2690f9d2-c593-4623-8894-5605cf96a0d4 req-2690f9d2-c593-4623-8894-5605cf96a0d4 ] Request (QuotaClassesAdminTestJSON:setUpClass): 200 GET http://10.180.1.21/identity/v3/roles 0.033s
2025-04-03 00:35:06.747 69852 INFO tempest.lib.common.rest_client [req-59a1b039-6a2e-419f-bb08-6c91218bd461 req-59a1b039-6a2e-419f-bb08-6c91218bd461 ] Request (ImagesTestJSON:test_create_image_from_stopped_server): 202 POST http://10.180.1.21/compute/v2.1/servers/56942e43-4cfd-4cbd-bc0e-a39efc43df85/action 1.507s
2025-04-03 00:35:06.809 69818 INFO tempest.lib.common.rest_client [req-1983c864-4bff-478b-bcd4-76fa7d217330 req-1983c864-4bff-478b-bcd4-76fa7d217330 ] Request (FloatingIPsAssociationNegativeTestJSON:setUpClass): 200 GET http://10.180.1.21/compute/v2.1/servers/0767959d-2fd8-4908-af49-ad43cad13ba7 1.339s
2025-04-03 00:35:06.822 69850 INFO tempest.lib.common.rest_client [req-76200c46-e03a-494d-be2a-cd077860cd46 req-76200c46-e03a-494d-be2a-cd077860cd46 ] Request (AttachInterfacesTestJSON:setUpClass): 201 POST http://10.180.1.21/identity/v3/auth/tokens 0.097s
2025-04-03 00:35:06.841 69834 INFO tempest.lib.common.rest_client [req-23fc2280-6baf-46f3-98db-ba64647b2e8b req-23fc2280-6baf-46f3-98db-ba64647b2e8b ] Request (QuotaClassesAdminTestJSON:setUpClass): 204 PUT http://10.180.1.21/identity/v3/projects/604c59585d864baea077967f84c02568/users/c4e90e706a5c4142a22f709e3ba3d792/roles/a04229b8b0c749d9be039889a50daadb 0.114s
2025-04-03 00:35:06.895 69850 INFO tempest.lib.common.rest_client [req-80a48644-28e8-4103-94fc-4ff4850df5a6 req-80a48644-28e8-4103-94fc-4ff4850df5a6 ] Request (AttachInterfacesTestJSON:setUpClass): 200 GET http://10.180.1.21/identity/v3/domains?name=Default 0.072s
2025-04-03 00:35:06.911 69834 INFO tempest.lib.common.rest_client [req-d5c0fd74-8bb6-4d63-add2-35fef04a9591 req-d5c0fd74-8bb6-4d63-add2-35fef04a9591 ] Request (QuotaClassesAdminTestJSON:setUpClass): 200 GET http://10.180.1.21/identity/v3/roles 0.069s
2025-04-03 00:35:06.939 69850 INFO tempest.lib.common.rest_client [req-7f80f0d0-b7d0-44b6-9ee1-40199772f29e req-7f80f0d0-b7d0-44b6-9ee1-40199772f29e ] Request (AttachInterfacesTestJSON:setUpClass): 201 POST http://10.180.1.21/identity/v3/projects 0.044s
2025-04-03 00:35:06.989 69834 INFO tempest.lib.common.rest_client [req-94616fd6-8b58-417e-aee3-7b7c63baefbf req-94616fd6-8b58-417e-aee3-7b7c63baefbf ] Request (QuotaClassesAdminTestJSON:setUpClass): 204 PUT http://10.180.1.21/identity/v3/projects/604c59585d864baea077967f84c02568/users/c4e90e706a5c4142a22f709e3ba3d792/roles/a04229b8b0c749d9be039889a50daadb 0.077s
2025-04-03 00:35:06.990 69834 INFO tempest.lib.common.dynamic_creds [-] Dynamic test user c4e90e706a5c4142a22f709e3ba3d792 is created with scope project and roles: ['admin']
2025-04-03 00:35:06.990 69834 INFO tempest.lib.common.dynamic_creds [-] Acquired dynamic creds: credentials: Credentials: {'domain_id': 'default', 'domain_name': 'Default', 'username': 'tempest-QuotaClassesAdminTestJSON-775748332-project-admin', 'project_domain_id': 'default', 'project_domain_name': 'Default', 'project_id': '604c59585d864baea077967f84c02568', 'project_name': 'tempest-QuotaClassesAdminTestJSON-775748332', 'tenant_id': '604c59585d864baea077967f84c02568', 'tenant_name': 'tempest-QuotaClassesAdminTestJSON-775748332', 'user_domain_id': 'default', 'user_domain_name': 'Default', 'user_id': 'c4e90e706a5c4142a22f709e3ba3d792', 'system': None}, Network: None, Subnet: None, Router: None
2025-04-03 00:35:06.990 69834 INFO tempest.lib.common.dynamic_creds [-] Created isolated network resources for: credentials: Credentials: {'domain_id': 'default', 'domain_name': 'Default', 'username': 'tempest-QuotaClassesAdminTestJSON-775748332-project-admin', 'project_domain_id': 'default', 'project_domain_name': 'Default', 'project_id': '604c59585d864baea077967f84c02568', 'project_name': 'tempest-QuotaClassesAdminTestJSON-775748332', 'tenant_id': '604c59585d864baea077967f84c02568', 'tenant_name': 'tempest-QuotaClassesAdminTestJSON-775748332', 'user_domain_id': 'default', 'user_domain_name': 'Default', 'user_id': 'c4e90e706a5c4142a22f709e3ba3d792', 'system': None}, Network: None, Subnet: None, Router: None
2025-04-03 00:35:07.061 69850 INFO tempest.lib.common.rest_client [req-7911b658-f9b7-4b55-aeac-34286ec0b51b req-7911b658-f9b7-4b55-aeac-34286ec0b51b ] Request (AttachInterfacesTestJSON:setUpClass): 201 POST http://10.180.1.21/identity/v3/users 0.120s
