2025-04-03 00:37:20.214 69848 INFO tempest.lib.common.rest_client [req-7aa26c28-8b16-4b93-a130-416bb08d86a7 req-7aa26c28-8b16-4b93-a130-416bb08d86a7 ] Request (ServerGroupTestJSON:tearDownClass): 204 DELETE http://10.180.1.21:9696/networking/v2.0/networks/dec38311-3de5-4153-98f2-bc131af7a820 0.319s
2025-04-03 00:37:20.271 69814 INFO tempest.lib.common.rest_client [req-91ce086f-bbde-42a7-ab2c-3dd274f79ccc req-91ce086f-bbde-42a7-ab2c-3dd274f79ccc ] Request (ServersWithSpecificFlavorTestJSON:test_verify_created_server_ephemeral_disk): 200 GET http://10.180.1.21/compute/v2.1/servers/8e447be5-6131-413b-9e67-5d9e5bed2ed6 0.053s
2025-04-03 00:37:20.283 69856 INFO tempest.lib.common.rest_client [req-d0d98c80-301c-4be4-8acc-61ce268f4243 req-d0d98c80-301c-4be4-8acc-61ce268f4243 ] Request (SecurityGroupsTestJSON:test_list_security_groups_by_server): 200 GET http://10.180.1.21/compute/v2.1/servers/a3e5b1df-503a-49a7-b066-b09999f7a2c9 0.178s
2025-04-03 00:37:20.317 69848 INFO tempest.lib.common.rest_client [req-81c635f4-ceb5-4ee7-9566-11d1c0c62304 req-81c635f4-ceb5-4ee7-9566-11d1c0c62304 ] Request (ServerGroupTestJSON:tearDownClass): 204 DELETE http://10.180.1.21/identity/v3/users/585f3ecd37314b33a2f38405135f8364 0.102s
2025-04-03 00:37:20.317 69848 INFO tempest.lib.common.dynamic_creds [-] Deleting project and security group for project: b8d1002729cd4fcc9b207569ef66aa01
2025-04-03 00:37:20.341 69846 INFO tempest.lib.common.rest_client [req-9f6b8a22-7e87-4684-abaf-c7555911432a req-9f6b8a22-7e87-4684-abaf-c7555911432a ] Request (ImagesOneServerNegativeTestJSON:_run_cleanups): 200 GET http://10.180.1.21/compute/v2.1/servers/44b6c14a-b0a8-4b7f-b295-8e2a282b3794 0.059s
2025-04-03 00:37:20.350 69848 INFO tempest.lib.common.rest_client [req-8e66017f-6748-45cd-afd8-53b334264fd3 req-8e66017f-6748-45cd-afd8-53b334264fd3 ] Request (ServerGroupTestJSON:tearDownClass): 200 GET http://10.180.1.21:9696/networking/v2.0/security-groups?tenant_id=b8d1002729cd4fcc9b207569ef66aa01&name=default 0.033s
2025-04-03 00:37:20.410 69858 INFO tempest.lib.common.rest_client [req-0fc92012-07dd-48fe-9126-6223bfedd4ef req-0fc92012-07dd-48fe-9126-6223bfedd4ef ] Request (ServersTestFqdnHostnames:test_create_server_with_fqdn_name): 200 GET http://10.180.1.21/compute/v2.1/servers/b61972c7-ddfd-47a5-9bc4-314effb27ee5 0.072s
2025-04-03 00:37:20.449 69862 INFO tempest.lib.common.rest_client [req-12b03984-0671-46b9-ae3a-d8008249f953 req-12b03984-0671-46b9-ae3a-d8008249f953 ] Request (MigrationsAdminTest:test_resize_server_revert_deleted_flavor): 200 GET http://10.180.1.21/compute/v2.1/servers/8c65ecb4-c94f-4841-a432-776e0a94fc73 0.080s
2025-04-03 00:37:20.479 69848 INFO tempest.lib.common.rest_client [req-d3dd3c95-3c6a-4960-8758-83f7bd5b3936 req-d3dd3c95-3c6a-4960-8758-83f7bd5b3936 ] Request (ServerGroupTestJSON:tearDownClass): 204 DELETE http://10.180.1.21:9696/networking/v2.0/security-groups/ca99598d-61c8-4624-a8d4-d0421117bc41 0.128s
2025-04-03 00:37:20.583 69848 INFO tempest.lib.common.rest_client [req-86a6e833-c492-4054-8990-b88b9d4bda5d req-86a6e833-c492-4054-8990-b88b9d4bda5d ] Request (ServerGroupTestJSON:tearDownClass): 204 DELETE http://10.180.1.21/identity/v3/projects/b8d1002729cd4fcc9b207569ef66aa01 0.103s
2025-04-03 00:37:20.663 69848 INFO tempest.lib.common.rest_client [req-b07bfa62-d58a-43b5-b931-b612ea709ba8 req-b07bfa62-d58a-43b5-b931-b612ea709ba8 ] Request (ServerShowV263Test:setUpClass): 201 POST http://10.180.1.21/identity/v3/auth/tokens 0.079s
2025-04-03 00:37:20.670 69832 INFO tempest.lib.common.rest_client [req-89c530c9-6b15-4570-8084-f65d45076175 req-89c530c9-6b15-4570-8084-f65d45076175 ] Request (ServerAddressesTestJSON:tearDownClass): 200 GET http://10.180.1.21/compute/v2.1/servers/cde882ea-3a53-49aa-9ad3-9cf96dab0e79 0.114s
2025-04-03 00:37:20.701 69848 INFO tempest.lib.common.rest_client [req-ab025d5d-7e61-4eed-b46b-966a5af97d44 req-ab025d5d-7e61-4eed-b46b-966a5af97d44 ] Request (ServerShowV263Test:setUpClass): 201 POST http://10.180.1.21/identity/v3/auth/tokens 0.035s
2025-04-03 00:37:20.735 69848 INFO tempest.lib.common.rest_client [req-1ae0bee1-1aa7-474d-a5a7-af93064edd48 req-1ae0bee1-1aa7-474d-a5a7-af93064edd48 ] Request (ServerShowV263Test:setUpClass): 200 GET http://10.180.1.21/identity/v3/domains?name=Default 0.033s
2025-04-03 00:37:20.762 69830 INFO tempest.lib.common.rest_client [req-301a7b23-ed20-4906-b3a1-884e7a8d5ca3 req-301a7b23-ed20-4906-b3a1-884e7a8d5ca3 ] Request (ListServersNegativeTestJSON:setUpClass): 200 GET http://10.180.1.21/compute/v2.1/servers/310e5f02-b4ea-4501-b3b1-d3c7557189eb 0.221s
2025-04-03 00:37:20.777 69848 INFO tempest.lib.common.rest_client [req-3afe5d6f-2e56-4eb2-a691-0fbdbbcfa923 req-3afe5d6f-2e56-4eb2-a691-0fbdbbcfa923 ] Request (ServerShowV263Test:setUpClass): 201 POST http://10.180.1.21/identity/v3/projects 0.042s
2025-04-03 00:37:20.820 69844 INFO tempest.lib.common.rest_client [req-42782de8-16d4-4d0c-bf89-4413627aec49 req-42782de8-16d4-4d0c-bf89-4413627aec49 ] Request (DeleteServersTestJSON:test_delete_active_server): 200 GET http://10.180.1.21/compute/v2.1/servers/eb4c3153-02e4-40d7-9d55-c9eb6017b490 0.221s
2025-04-03 00:37:20.830 69844 INFO tempest.common.waiters [-] State transition "BUILD/None" ==> "BUILD/networking" after 83 second wait
2025-04-03 00:37:20.841 69810 INFO tempest.lib.common.rest_client [req-f2668fca-9950-4adc-9e9e-2021f86283d8 req-f2668fca-9950-4adc-9e9e-2021f86283d8 ] Request (AttachInterfacesV270Test:test_create_get_list_interfaces): 200 GET http://10.180.1.21/compute/v2.1/servers/683f1843-3f3f-4fa7-a417-7eee51b329fb 0.096s
2025-04-03 00:37:20.858 69848 INFO tempest.lib.common.rest_client [req-c1d561f8-aaeb-41c2-9050-50a52b7fb7dd req-c1d561f8-aaeb-41c2-9050-50a52b7fb7dd ] Request (ServerShowV263Test:setUpClass): 201 POST http://10.180.1.21/identity/v3/users 0.081s
2025-04-03 00:37:20.871 69866 INFO tempest.lib.common.rest_client [req-65df4294-ab42-4140-ada6-7f0d357d0858 req-65df4294-ab42-4140-ada6-7f0d357d0858 ] Request (VolumesAssistedSnapshotsTest:_run_cleanups): 200 GET http://10.180.1.21/volume/v3/volumes/a16d7228-4baa-45af-8d8d-6fe25b583dc9 0.051s
2025-04-03 00:37:20.893 69848 INFO tempest.lib.common.rest_client [req-d089b41e-89f3-4684-8891-a55c6865d49a req-d089b41e-89f3-4684-8891-a55c6865d49a ] Request (ServerShowV263Test:setUpClass): 200 GET http://10.180.1.21/identity/v3/roles 0.034s
2025-04-03 00:37:20.904 69820 INFO tempest.lib.common.rest_client [req-350cc108-693b-45b9-9e26-417797a7fb34 req-350cc108-693b-45b9-9e26-417797a7fb34 ] Request (ServerActionsTestJSON:setUpClass): 200 GET http://10.180.1.21/compute/v2.1/servers/d48ca3d1-88c9-4e85-bf3b-dc1630c51987 0.109s
2025-04-03 00:37:20.925 69848 INFO tempest.lib.common.rest_client [req-0070e9ff-6634-43a5-b2ab-eb83cf00b914 req-0070e9ff-6634-43a5-b2ab-eb83cf00b914 ] Request (ServerShowV263Test:setUpClass): 204 PUT http://10.180.1.21/identity/v3/projects/3e33c2c56fc84f6b8a0e75b125daa36e/users/45f9912741e548419ed0c602d5484ff6/roles/3fff3c04c67c4dd3b43b8baca305b8a9 0.032s
2025-04-03 00:37:20.926 69848 INFO tempest.lib.common.dynamic_creds [-] Dynamic test user 45f9912741e548419ed0c602d5484ff6 is created with scope project and roles: ['member']
2025-04-03 00:37:20.926 69848 INFO tempest.lib.common.dynamic_creds [-] Acquired dynamic creds: credentials: Credentials: {'domain_id': 'default', 'domain_name': 'Default', 'username': 'tempest-ServerShowV263Test-1694527005-project-member', 'project_domain_id': 'default', 'project_domain_name': 'Default', 'project_id': '3e33c2c56fc84f6b8a0e75b125daa36e', 'project_name': 'tempest-ServerShowV263Test-1694527005', 'tenant_id': '3e33c2c56fc84f6b8a0e75b125daa36e', 'tenant_name': 'tempest-ServerShowV263Test-1694527005', 'user_domain_id': 'default', 'user_domain_name': 'Default', 'user_id': '45f9912741e548419ed0c602d5484ff6', 'system': None}, Network: None, Subnet: None, Router: None
2025-04-03 00:37:20.926 69848 INFO tempest.lib.common.dynamic_creds [-] Created isolated network resources for: credentials: Credentials: {'domain_id': 'default', 'domain_name': 'Default', 'username': 'tempest-ServerShowV263Test-1694527005-project-member', 'project_domain_id': 'default', 'project_domain_name': 'Default', 'project_id': '3e33c2c56fc84f6b8a0e75b125daa36e', 'project_name': 'tempest-ServerShowV263Test-1694527005', 'tenant_id': '3e33c2c56fc84f6b8a0e75b125daa36e', 'tenant_name': 'tempest-ServerShowV263Test-1694527005', 'user_domain_id': 'default', 'user_domain_name': 'Default', 'user_id': '45f9912741e548419ed0c602d5484ff6', 'system': None}, Network: None, Subnet: None, Router: None
2025-04-03 00:37:20.937 69836 INFO tempest.lib.common.rest_client [req-15ab650e-2fd8-4054-b967-4b05ac239ec0 req-15ab650e-2fd8-4054-b967-4b05ac239ec0 ] Request (ServerDiagnosticsV248Test:tearDownClass): 200 GET http://10.180.1.21/compute/v2.1/servers/f27b521f-9193-4db1-a108-c1f3ac567ce8 0.137s
2025-04-03 00:37:20.968 69818 INFO tempest.lib.common.rest_client [req-3fd697d9-bb51-4bee-87cc-529cbc84d2c8 req-3fd697d9-bb51-4bee-87cc-529cbc84d2c8 ] Request (ServerMetadataNegativeTestJSON:setUpClass): 200 GET http://10.180.1.21/compute/v2.1/servers/cfbdaa68-e556-4b72-abc5-0a17aa8ff71f 0.108s
2025-04-03 00:37:21.001 69808 INFO tempest.lib.common.rest_client [req-827fb11f-045d-4890-92cb-78e341d10422 req-827fb11f-045d-4890-92cb-78e341d10422 ] Request (ServersAdminNegativeTestJSON:tearDownClass): 200 GET http://10.180.1.21/compute/v2.1/servers/970e553a-7e3e-466a-96c7-d9d6f6d6807c 0.126s
2025-04-03 00:37:21.021 69824 INFO tempest.lib.common.rest_client [req-4c3c663d-6f65-46d4-9692-b67be2cc9730 req-4c3c663d-6f65-46d4-9692-b67be2cc9730 ] Request (InstanceActionsTestJSON:setUpClass): 200 GET http://10.180.1.21/compute/v2.1/servers/f7b6de16-4f11-4310-a2e5-63434aba5e10 0.076s
2025-04-03 00:37:21.021 69848 INFO tempest.lib.common.rest_client [req-742149ed-ef2a-464a-94d9-b50aa3244043 req-742149ed-ef2a-464a-94d9-b50aa3244043 ] Request (ServerShowV263Test:setUpClass): 201 POST http://10.180.1.21/identity/v3/auth/tokens 0.090s
2025-04-03 00:37:21.068 69838 INFO tempest.lib.common.rest_client [req-27a0e273-d7d8-43a1-a1f7-3155fd2ddd5d req-27a0e273-d7d8-43a1-a1f7-3155fd2ddd5d ] Request (ListImageFiltersTestJSON:tearDownClass): 200 GET http://10.180.1.21/compute/v2.1/servers/ed61f7dd-d820-4445-97cf-6b01eb636103 0.110s
2025-04-03 00:37:21.068 69804 INFO tempest.lib.common.rest_client [req-a60ddf5d-e868-4dcf-b8c8-8b858e98cec7 req-a60ddf5d-e868-4dcf-b8c8-8b858e98cec7 ] Request (ServersAdminTestJSON:test_inject_network_info): 200 GET http://10.180.1.21/compute/v2.1/servers/67842d3e-b361-4eeb-9139-e8101a23a9ed 0.064s
2025-04-03 00:37:21.071 69848 INFO tempest.lib.common.rest_client [req-7f3f6ed5-f48d-400f-8475-760c6eeb2a2b req-7f3f6ed5-f48d-400f-8475-760c6eeb2a2b ] Request (ServerShowV263Test:setUpClass): 200 GET http://10.180.1.21/identity/v3/projects/3e33c2c56fc84f6b8a0e75b125daa36e 0.050s
2025-04-03 00:37:21.071 69848 INFO tempest.lib.common.dynamic_creds [-] Using the existing project 3e33c2c56fc84f6b8a0e75b125daa36e for scope project and roles: ['reader']
2025-04-03 00:37:21.101 69848 INFO tempest.lib.common.rest_client [req-a82f6b4b-71a9-4995-b16b-71c8f5b18965 req-a82f6b4b-71a9-4995-b16b-71c8f5b18965 ] Request (ServerShowV263Test:setUpClass): 201 POST http://10.180.1.21/identity/v3/users 0.029s
2025-04-03 00:37:21.117 69854 INFO tempest.lib.common.rest_client [req-9bb893a5-b707-403b-bf32-ce55ad3215ec req-9bb893a5-b707-403b-bf32-ce55ad3215ec ] Request (ServersTestJSON:test_create_server_with_ipv6_addr_only): 200 GET http://10.180.1.21/compute/v2.1/servers/260d6768-10fa-4c0a-9bcd-a1ee6a22c7d4 0.091s
2025-04-03 00:37:21.123 69848 INFO tempest.lib.common.rest_client [req-b62b6027-371a-4cb4-b685-eecc8815f4f6 req-b62b6027-371a-4cb4-b685-eecc8815f4f6 ] Request (ServerShowV263Test:setUpClass): 200 GET http://10.180.1.21/identity/v3/roles 0.022s
2025-04-03 00:37:21.153 69842 INFO tempest.lib.common.rest_client [req-330a2dc6-102e-4b14-80c1-e88ac387c5f3 req-330a2dc6-102e-4b14-80c1-e88ac387c5f3 ] Request (ServersListShow2100Test:test_list_show_rebuild_update_server_2100): 200 GET http://10.180.1.21/compute/v2.1/servers/88eacabd-8ee8-4a84-a613-19c0dc548658 0.075s
2025-04-03 00:37:21.159 69848 INFO tempest.lib.common.rest_client [req-2af73bcd-447d-451e-bd89-20dd897938de req-2af73bcd-447d-451e-bd89-20dd897938de ] Request (ServerShowV263Test:setUpClass): 204 PUT http://10.180.1.21/identity/v3/projects/3e33c2c56fc84f6b8a0e75b125daa36e/users/2febbc381be549fab7ac813f7ab2726f/roles/75bd352d3fbb41689c02fa2061f3a4a8 0.034s
2025-04-03 00:37:21.159 69848 INFO tempest.lib.common.dynamic_creds [-] Dynamic test user 2febbc381be549fab7ac813f7ab2726f is created with scope project and roles: ['reader']
2025-04-03 00:37:21.159 69848 INFO tempest.lib.common.dynamic_creds [-] Acquired dynamic creds: credentials: Credentials: {'domain_id': 'default', 'domain_name': 'Default', 'username': 'tempest-ServerShowV263Test-1694527005-project-reader', 'project_domain_id': 'default', 'project_domain_name': 'Default', 'project_id': '3e33c2c56fc84f6b8a0e75b125daa36e', 'project_name': 'tempest-ServerShowV263Test-1694527005', 'tenant_id': '3e33c2c56fc84f6b8a0e75b125daa36e', 'tenant_name': 'tempest-ServerShowV263Test-1694527005', 'user_domain_id': 'default', 'user_domain_name': 'Default', 'user_id': '2febbc381be549fab7ac813f7ab2726f', 'system': None}, Network: None, Subnet: None, Router: None
2025-04-03 00:37:21.159 69848 INFO tempest.lib.common.dynamic_creds [-] Network resources are not created for requested scope: project and credentials: Credentials: {'domain_id': 'default', 'domain_name': 'Default', 'username': 'tempest-ServerShowV263Test-1694527005-project-reader', 'project_domain_id': 'default', 'project_domain_name': 'Default', 'project_id': '3e33c2c56fc84f6b8a0e75b125daa36e', 'project_name': 'tempest-ServerShowV263Test-1694527005', 'tenant_id': '3e33c2c56fc84f6b8a0e75b125daa36e', 'tenant_name': 'tempest-ServerShowV263Test-1694527005', 'user_domain_id': 'default', 'user_domain_name': 'Default', 'user_id': '2febbc381be549fab7ac813f7ab2726f', 'system': None}, Network: None, Subnet: None, Router: None
2025-04-03 00:37:21.175 69864 INFO tempest.lib.common.rest_client [req-7ba9a6ca-7dcc-4d60-8660-c83ee61b6ff4 req-7ba9a6ca-7dcc-4d60-8660-c83ee61b6ff4 ] Request (ServerDiskConfigTestJSON:test_resize_server_from_auto_to_manual): 200 GET http://10.180.1.21/compute/v2.1/servers/d39dd037-4039-4f6e-8302-80bc8c2d6670 0.090s
2025-04-03 00:37:21.205 69852 INFO tempest.lib.common.rest_client [req-8cd4fff0-2fab-44e6-95b4-5bd34005d907 req-8cd4fff0-2fab-44e6-95b4-5bd34005d907 ] Request (ImagesTestJSON:test_create_server_from_snapshot): 200 GET http://10.180.1.21/compute/v2.1/servers/1e66be41-b2a4-487e-98b7-bd3bf03df988 0.076s
2025-04-03 00:37:21.227 69848 INFO tempest.lib.common.rest_client [req-2c020d1a-ebb2-4a76-9502-9e05001aa990 req-2c020d1a-ebb2-4a76-9502-9e05001aa990 ] Request (ServerShowV263Test:setUpClass): 201 POST http://10.180.1.21/identity/v3/auth/tokens 0.065s
2025-04-03 00:37:21.321 69848 INFO tempest.lib.common.rest_client [req-46c9df87-3fb5-4942-8e92-67d1a446a495 req-46c9df87-3fb5-4942-8e92-67d1a446a495 ] Request (ServerShowV263Test:tearDownClass): 204 DELETE http://10.180.1.21/identity/v3/users/45f9912741e548419ed0c602d5484ff6 0.089s
2025-04-03 00:37:21.331 69814 INFO tempest.lib.common.rest_client [req-38cabf89-0108-45f0-ac31-9bc6c20bd37c req-38cabf89-0108-45f0-ac31-9bc6c20bd37c ] Request (ServersWithSpecificFlavorTestJSON:test_verify_created_server_ephemeral_disk): 200 GET http://10.180.1.21/compute/v2.1/servers/8e447be5-6131-413b-9e67-5d9e5bed2ed6 0.053s
2025-04-03 00:37:21.395 69856 INFO tempest.lib.common.rest_client [req-c3a51b7b-7511-4122-9c48-c2105d51532c req-c3a51b7b-7511-4122-9c48-c2105d51532c ] Request (SecurityGroupsTestJSON:test_list_security_groups_by_server): 200 GET http://10.180.1.21/compute/v2.1/servers/a3e5b1df-503a-49a7-b066-b09999f7a2c9 0.100s
2025-04-03 00:37:21.406 69846 INFO tempest.lib.common.rest_client [req-9921febb-b0c0-4b6c-aa7d-fe05366f286d req-9921febb-b0c0-4b6c-aa7d-fe05366f286d ] Request (ImagesOneServerNegativeTestJSON:_run_cleanups): 200 GET http://10.180.1.21/compute/v2.1/servers/44b6c14a-b0a8-4b7f-b295-8e2a282b3794 0.054s
2025-04-03 00:37:21.419 69848 INFO tempest.lib.common.rest_client [req-7e272788-b8eb-4233-89b6-1eeceaa9589a req-7e272788-b8eb-4233-89b6-1eeceaa9589a ] Request (ServerShowV263Test:tearDownClass): 204 DELETE http://10.180.1.21/identity/v3/users/2febbc381be549fab7ac813f7ab2726f 0.097s
2025-04-03 00:37:21.419 69848 INFO tempest.lib.common.dynamic_creds [-] Deleting project and security group for project: 3e33c2c56fc84f6b8a0e75b125daa36e
2025-04-03 00:37:21.487 69858 INFO tempest.lib.common.rest_client [req-812ff8f4-8df5-454e-b349-6c6820fdafb5 req-812ff8f4-8df5-454e-b349-6c6820fdafb5 ] Request (ServersTestFqdnHostnames:test_create_server_with_fqdn_name): 200 GET http://10.180.1.21/compute/v2.1/servers/b61972c7-ddfd-47a5-9bc4-314effb27ee5 0.068s
2025-04-03 00:37:21.491 69848 INFO tempest.lib.common.rest_client [req-ccd33d5f-3b68-436b-b5c1-f042dafd2c9c req-ccd33d5f-3b68-436b-b5c1-f042dafd2c9c ] Request (ServerShowV263Test:tearDownClass): 201 POST http://10.180.1.21/identity/v3/auth/tokens 0.072s
2025-04-03 00:37:21.511 69862 INFO tempest.lib.common.rest_client [req-ae40898f-bbb1-4ac3-b0a3-dfb644133416 req-ae40898f-bbb1-4ac3-b0a3-dfb644133416 ] Request (MigrationsAdminTest:test_resize_server_revert_deleted_flavor): 200 GET http://10.180.1.21/compute/v2.1/servers/8c65ecb4-c94f-4841-a432-776e0a94fc73 0.051s
2025-04-03 00:37:21.648 69848 INFO tempest.lib.common.rest_client [req-4a4cff57-0bfe-4f7e-accb-e834ace75a55 req-4a4cff57-0bfe-4f7e-accb-e834ace75a55 ] Request (ServerShowV263Test:tearDownClass): 200 GET http://10.180.1.21:9696/networking/v2.0/security-groups?tenant_id=3e33c2c56fc84f6b8a0e75b125daa36e&name=default 0.156s
2025-04-03 00:37:21.728 69848 INFO tempest.lib.common.rest_client [req-1e733538-9814-431d-b6f7-3e59bdf799a4 req-1e733538-9814-431d-b6f7-3e59bdf799a4 ] Request (ServerShowV263Test:tearDownClass): 204 DELETE http://10.180.1.21:9696/networking/v2.0/security-groups/4e9cc57e-094c-463a-bdd0-c9b70f51abf5 0.079s
2025-04-03 00:37:21.752 69832 INFO tempest.lib.common.rest_client [req-611ee20a-265d-43e4-af80-819ba8602696 req-611ee20a-265d-43e4-af80-819ba8602696 ] Request (ServerAddressesTestJSON:tearDownClass): 200 GET http://10.180.1.21/compute/v2.1/servers/cde882ea-3a53-49aa-9ad3-9cf96dab0e79 0.072s
2025-04-03 00:37:21.790 69848 INFO tempest.lib.common.rest_client [req-da90c2fa-1658-424e-b948-ff14b7aea565 req-da90c2fa-1658-424e-b948-ff14b7aea565 ] Request (ServerShowV263Test:tearDownClass): 204 DELETE http://10.180.1.21/identity/v3/projects/3e33c2c56fc84f6b8a0e75b125daa36e 0.061s
2025-04-03 00:37:21.840 69828 INFO paramiko.transport [-] Connected (version 2.0, client dropbear_2020.81)
2025-04-03 00:37:21.906 69866 INFO tempest.lib.common.rest_client [req-5331e849-1b5a-4eb6-9f57-20017c18db17 req-5331e849-1b5a-4eb6-9f57-20017c18db17 ] Request (VolumesAssistedSnapshotsTest:_run_cleanups): 404 GET http://10.180.1.21/volume/v3/volumes/a16d7228-4baa-45af-8d8d-6fe25b583dc9 0.026s
2025-04-03 00:37:21.916 69830 INFO tempest.lib.common.rest_client [req-914270c5-8afd-4701-bfbf-42763e8a9862 req-914270c5-8afd-4701-bfbf-42763e8a9862 ] Request (ListServersNegativeTestJSON:setUpClass): 200 GET http://10.180.1.21/compute/v2.1/servers/310e5f02-b4ea-4501-b3b1-d3c7557189eb 0.140s
2025-04-03 00:37:21.939 69844 INFO tempest.lib.common.rest_client [req-d2175904-ac7b-4c14-a87f-16d6f35d6c82 req-d2175904-ac7b-4c14-a87f-16d6f35d6c82 ] Request (DeleteServersTestJSON:test_delete_active_server): 200 GET http://10.180.1.21/compute/v2.1/servers/eb4c3153-02e4-40d7-9d55-c9eb6017b490 0.108s
2025-04-03 00:37:21.943 69828 INFO paramiko.transport [-] Authentication (publickey) successful!
2025-04-03 00:37:21.946 69828 INFO tempest.lib.common.ssh [-] ssh connection to cirros@10.180.180.131 successfully created
2025-04-03 00:37:21.948 69844 INFO tempest.common.waiters [-] State transition "BUILD/networking" ==> "BUILD/spawning" after 84 second wait
2025-04-03 00:37:21.986 69810 INFO tempest.lib.common.rest_client [req-6f76ce44-7f1c-48b6-93b4-859debc9a07e req-6f76ce44-7f1c-48b6-93b4-859debc9a07e ] Request (AttachInterfacesV270Test:test_create_get_list_interfaces): 200 GET http://10.180.1.21/compute/v2.1/servers/683f1843-3f3f-4fa7-a417-7eee51b329fb 0.127s
2025-04-03 00:37:22.027 69866 INFO tempest.lib.common.rest_client [req-f893ae0c-1879-4494-bb01-a3d54c37f75a req-f893ae0c-1879-4494-bb01-a3d54c37f75a ] Request (VolumesAssistedSnapshotsTest:tearDownClass): 204 DELETE http://10.180.1.21/compute/v2.1/servers/ea3623f6-fc35-4269-b8f4-f483d75b8d9f 0.116s
2025-04-03 00:37:22.039 69820 INFO tempest.lib.common.rest_client [req-19cb7915-1888-44ac-b792-55bc7eade930 req-19cb7915-1888-44ac-b792-55bc7eade930 ] Request (ServerActionsTestJSON:setUpClass): 200 GET http://10.180.1.21/compute/v2.1/servers/d48ca3d1-88c9-4e85-bf3b-dc1630c51987 0.123s
2025-04-03 00:37:22.090 69836 INFO tempest.lib.common.rest_client [req-7406ad31-adc5-401d-84bd-cbf85f50fe66 req-7406ad31-adc5-401d-84bd-cbf85f50fe66 ] Request (ServerDiagnosticsV248Test:tearDownClass): 200 GET http://10.180.1.21/compute/v2.1/servers/f27b521f-9193-4db1-a108-c1f3ac567ce8 0.143s
2025-04-03 00:37:22.137 69828 INFO tempest.lib.common.rest_client [req-12e72f38-3bda-42a6-a22d-1a497a70a11f req-12e72f38-3bda-42a6-a22d-1a497a70a11f ] Request (ServersTestManualDisk:test_list_servers): 200 GET http://10.180.1.21/compute/v2.1/servers 0.184s
2025-04-03 00:37:22.148 69818 INFO tempest.lib.common.rest_client [req-7dba943a-289b-4e48-919f-0a222440587f req-7dba943a-289b-4e48-919f-0a222440587f ] Request (ServerMetadataNegativeTestJSON:setUpClass): 200 GET http://10.180.1.21/compute/v2.1/servers/cfbdaa68-e556-4b72-abc5-0a17aa8ff71f 0.166s
2025-04-03 00:37:22.190 69808 INFO tempest.lib.common.rest_client [req-813bf63b-06d9-447e-a651-e58a6f7e5788 req-813bf63b-06d9-447e-a651-e58a6f7e5788 ] Request (ServersAdminNegativeTestJSON:tearDownClass): 200 GET http://10.180.1.21/compute/v2.1/servers/970e553a-7e3e-466a-96c7-d9d6f6d6807c 0.179s
2025-04-03 00:37:22.232 69824 INFO tempest.lib.common.rest_client [req-da002f3c-2679-4acf-885b-4533c05125da req-da002f3c-2679-4acf-885b-4533c05125da ] Request (InstanceActionsTestJSON:setUpClass): 200 GET http://10.180.1.21/compute/v2.1/servers/f7b6de16-4f11-4310-a2e5-63434aba5e10 0.201s
2025-04-03 00:37:22.283 69838 INFO tempest.lib.common.rest_client [req-d152e75a-f8ee-4d2f-96ec-1565a17b79b6 req-d152e75a-f8ee-4d2f-96ec-1565a17b79b6 ] Request (ListImageFiltersTestJSON:tearDownClass): 200 GET http://10.180.1.21/compute/v2.1/servers/ed61f7dd-d820-4445-97cf-6b01eb636103 0.208s
2025-04-03 00:37:22.308 69866 INFO tempest.lib.common.rest_client [req-0f0f44cf-6ee9-4ca3-a0b5-b5778b077607 req-0f0f44cf-6ee9-4ca3-a0b5-b5778b077607 ] Request (VolumesAssistedSnapshotsTest:tearDownClass): 200 GET http://10.180.1.21/compute/v2.1/servers/ea3623f6-fc35-4269-b8f4-f483d75b8d9f 0.280s
2025-04-03 00:37:22.333 69804 INFO tempest.lib.common.rest_client [req-3dffb34a-5b3e-4ba6-a324-d3603c1b0e54 req-3dffb34a-5b3e-4ba6-a324-d3603c1b0e54 ] Request (ServersAdminTestJSON:test_inject_network_info): 200 GET http://10.180.1.21/compute/v2.1/servers/67842d3e-b361-4eeb-9139-e8101a23a9ed 0.256s
2025-04-03 00:37:22.358 69854 INFO tempest.lib.common.rest_client [req-5806eb66-7172-4ec7-b3fa-08660a5a9d6d req-5806eb66-7172-4ec7-b3fa-08660a5a9d6d ] Request (ServersTestJSON:test_create_server_with_ipv6_addr_only): 200 GET http://10.180.1.21/compute/v2.1/servers/260d6768-10fa-4c0a-9bcd-a1ee6a22c7d4 0.232s
2025-04-03 00:37:22.430 69842 INFO tempest.lib.common.rest_client [req-fa176983-fba3-4932-aafa-aa5bcdc07741 req-fa176983-fba3-4932-aafa-aa5bcdc07741 ] Request (ServersListShow2100Test:test_list_show_rebuild_update_server_2100): 200 GET http://10.180.1.21/compute/v2.1/servers/88eacabd-8ee8-4a84-a613-19c0dc548658 0.263s
2025-04-03 00:37:22.498 69864 INFO tempest.lib.common.rest_client [req-b0be0b23-1558-4820-95a9-b99187708103 req-b0be0b23-1558-4820-95a9-b99187708103 ] Request (ServerDiskConfigTestJSON:test_resize_server_from_auto_to_manual): 200 GET http://10.180.1.21/compute/v2.1/servers/d39dd037-4039-4f6e-8302-80bc8c2d6670 0.315s
2025-04-03 00:37:22.548 69828 INFO tempest.lib.common.rest_client [req-e0814e04-008b-4812-8c01-ca4727f03441 req-e0814e04-008b-4812-8c01-ca4727f03441 ] Request (ServersTestManualDisk:test_list_servers_with_detail): 200 GET http://10.180.1.21/compute/v2.1/servers/detail 0.408s
2025-04-03 00:37:22.568 69852 INFO tempest.lib.common.rest_client [req-3ad867b6-832b-4718-9b77-89bfd5a85f84 req-3ad867b6-832b-4718-9b77-89bfd5a85f84 ] Request (ImagesTestJSON:test_create_server_from_snapshot): 200 GET http://10.180.1.21/compute/v2.1/servers/1e66be41-b2a4-487e-98b7-bd3bf03df988 0.354s
2025-04-03 00:37:22.603 69814 INFO tempest.lib.common.rest_client [req-1b5f86be-9413-44c9-b1b7-a5465cb8848c req-1b5f86be-9413-44c9-b1b7-a5465cb8848c ] Request (ServersWithSpecificFlavorTestJSON:test_verify_created_server_ephemeral_disk): 200 GET http://10.180.1.21/compute/v2.1/servers/8e447be5-6131-413b-9e67-5d9e5bed2ed6 0.264s
2025-04-03 00:37:22.654 69846 INFO tempest.lib.common.rest_client [req-52b7136d-697f-49de-ab15-677141400c0b req-52b7136d-697f-49de-ab15-677141400c0b ] Request (ImagesOneServerNegativeTestJSON:_run_cleanups): 200 GET http://10.180.1.21/compute/v2.1/servers/44b6c14a-b0a8-4b7f-b295-8e2a282b3794 0.238s
2025-04-03 00:37:22.655 69856 INFO tempest.lib.common.rest_client [req-6a5c7c8b-e572-42eb-ae61-c01b7cde4886 req-6a5c7c8b-e572-42eb-ae61-c01b7cde4886 ] Request (SecurityGroupsTestJSON:test_list_security_groups_by_server): 200 GET http://10.180.1.21/compute/v2.1/servers/a3e5b1df-503a-49a7-b066-b09999f7a2c9 0.251s
2025-04-03 00:37:22.698 69862 INFO tempest.lib.common.rest_client [req-99333f7b-382c-4a9d-9d0d-9781b9b214e1 req-99333f7b-382c-4a9d-9d0d-9781b9b214e1 ] Request (MigrationsAdminTest:test_resize_server_revert_deleted_flavor): 200 GET http://10.180.1.21/compute/v2.1/servers/8c65ecb4-c94f-4841-a432-776e0a94fc73 0.177s
2025-04-03 00:37:22.699 69858 INFO tempest.lib.common.rest_client [req-a3d589ea-e5fc-4eeb-9218-3110f15a26cf req-a3d589ea-e5fc-4eeb-9218-3110f15a26cf ] Request (ServersTestFqdnHostnames:test_create_server_with_fqdn_name): 200 GET http://10.180.1.21/compute/v2.1/servers/b61972c7-ddfd-47a5-9bc4-314effb27ee5 0.202s
2025-04-03 00:37:22.711 69828 INFO tempest.lib.common.rest_client [req-adf39562-702b-43f9-879e-d3bae358a818 req-adf39562-702b-43f9-879e-d3bae358a818 ] Request (ServersTestManualDisk:test_verify_created_server_vcpus): 200 GET http://10.180.1.21/compute/v2.1/flavors/42 0.152s
2025-04-03 00:37:22.713 69828 INFO tempest.lib.common.ssh [-] Creating ssh connection to '10.180.180.131:22' as 'cirros' with public key authentication
2025-04-03 00:37:22.716 69828 INFO paramiko.transport [-] Connected (version 2.0, client dropbear_2020.81)
2025-04-03 00:37:22.814 69828 INFO paramiko.transport [-] Authentication (publickey) successful!
2025-04-03 00:37:22.815 69828 INFO tempest.lib.common.ssh [-] ssh connection to cirros@10.180.180.131 successfully created
2025-04-03 00:37:22.816 69832 INFO tempest.lib.common.rest_client [req-8e1b8b7d-6180-406c-9a39-dfc6960fbd3b req-8e1b8b7d-6180-406c-9a39-dfc6960fbd3b ] Request (ServerAddressesTestJSON:tearDownClass): 200 GET http://10.180.1.21/compute/v2.1/servers/cde882ea-3a53-49aa-9ad3-9cf96dab0e79 0.055s
2025-04-03 00:37:22.890 69828 INFO tempest.lib.common.rest_client [req-c4fae631-d653-401b-9810-0b8b3279c334 req-c4fae631-d653-401b-9810-0b8b3279c334 ] Request (ServersTestManualDisk:tearDownClass): 204 DELETE http://10.180.1.21/compute/v2.1/servers/f5f03876-cb29-46ed-8bc7-f70d73fa4e55 0.069s
2025-04-03 00:37:22.986 69850 INFO paramiko.transport [-] Connected (version 2.0, client dropbear_2020.81)
2025-04-03 00:37:22.996 69828 INFO tempest.lib.common.rest_client [req-f9883631-cb81-4ff8-ae61-8988750464d4 req-f9883631-cb81-4ff8-ae61-8988750464d4 ] Request (ServersTestManualDisk:tearDownClass): 200 GET http://10.180.1.21/compute/v2.1/servers/f5f03876-cb29-46ed-8bc7-f70d73fa4e55 0.106s
2025-04-03 00:37:23.048 69830 INFO tempest.lib.common.rest_client [req-40e34ad7-76b4-4c82-9883-8e61c8cc9d9d req-40e34ad7-76b4-4c82-9883-8e61c8cc9d9d ] Request (ListServersNegativeTestJSON:setUpClass): 200 GET http://10.180.1.21/compute/v2.1/servers/310e5f02-b4ea-4501-b3b1-d3c7557189eb 0.123s
2025-04-03 00:37:23.051 69850 INFO paramiko.transport [-] Authentication (publickey) successful!
2025-04-03 00:37:23.051 69850 INFO tempest.lib.common.ssh [-] ssh connection to cirros@10.180.180.184 successfully created
2025-04-03 00:37:23.090 69844 INFO tempest.lib.common.rest_client [req-f9a557e9-7f1d-4f68-bc31-e201de4a750d req-f9a557e9-7f1d-4f68-bc31-e201de4a750d ] Request (DeleteServersTestJSON:test_delete_active_server): 200 GET http://10.180.1.21/compute/v2.1/servers/eb4c3153-02e4-40d7-9d55-c9eb6017b490 0.140s
2025-04-03 00:37:23.100 69810 INFO tempest.lib.common.rest_client [req-b3955eab-f6c9-48c8-8a58-8c4be59317cd req-b3955eab-f6c9-48c8-8a58-8c4be59317cd ] Request (AttachInterfacesV270Test:test_create_get_list_interfaces): 200 GET http://10.180.1.21/compute/v2.1/servers/683f1843-3f3f-4fa7-a417-7eee51b329fb 0.102s
2025-04-03 00:37:23.141 69820 INFO tempest.lib.common.rest_client [req-b7ebe645-5b8f-40c7-97be-405c58e77283 req-b7ebe645-5b8f-40c7-97be-405c58e77283 ] Request (ServerActionsTestJSON:setUpClass): 200 GET http://10.180.1.21/compute/v2.1/servers/d48ca3d1-88c9-4e85-bf3b-dc1630c51987 0.094s
2025-04-03 00:37:23.164 69836 INFO tempest.lib.common.rest_client [req-ef0e7900-6160-48f3-903c-8ace83dcfd0f req-ef0e7900-6160-48f3-903c-8ace83dcfd0f ] Request (ServerDiagnosticsV248Test:tearDownClass): 404 GET http://10.180.1.21/compute/v2.1/servers/f27b521f-9193-4db1-a108-c1f3ac567ce8 0.063s
2025-04-03 00:37:23.217 69818 INFO tempest.lib.common.rest_client [req-2de03c63-34a1-40f4-aa27-d1ab4984e28b req-2de03c63-34a1-40f4-aa27-d1ab4984e28b ] Request (ServerMetadataNegativeTestJSON:setUpClass): 200 GET http://10.180.1.21/compute/v2.1/servers/cfbdaa68-e556-4b72-abc5-0a17aa8ff71f 0.057s
2025-04-03 00:37:23.220 69850 INFO tempest.lib.common.rest_client [req-4c136804-6b46-4803-b203-eeb7c370eb8d req-4c136804-6b46-4803-b203-eeb7c370eb8d ] Request (AttachInterfacesTestJSON:test_create_list_show_delete_interfaces_by_fixed_ip): 200 GET http://10.180.1.21/compute/v2.1/servers/48df700b-0654-42e7-8792-54f3de31a902/os-interface 0.168s
2025-04-03 00:37:23.274 69808 INFO tempest.lib.common.rest_client [req-f7ba3a00-0313-491d-8c3d-08b52b1c561b req-f7ba3a00-0313-491d-8c3d-08b52b1c561b ] Request (ServersAdminNegativeTestJSON:tearDownClass): 200 GET http://10.180.1.21/compute/v2.1/servers/970e553a-7e3e-466a-96c7-d9d6f6d6807c 0.075s
2025-04-03 00:37:23.292 69850 INFO tempest.lib.common.rest_client [req-7b08c1bb-6536-4788-95a4-908533e4fe6d req-7b08c1bb-6536-4788-95a4-908533e4fe6d ] Request (AttachInterfacesTestJSON:test_create_list_show_delete_interfaces_by_fixed_ip): 200 GET http://10.180.1.21/compute/v2.1/servers/48df700b-0654-42e7-8792-54f3de31a902/os-interface/ddf86562-a9a9-4c56-9d24-a3b01536f28c 0.069s
2025-04-03 00:37:23.303 69836 INFO tempest.lib.common.rest_client [req-7b8c53e0-9104-460e-bfff-6bae85f381bd req-7b8c53e0-9104-460e-bfff-6bae85f381bd ] Request (ServerDiagnosticsV248Test:tearDownClass): 204 DELETE http://10.180.1.21/identity/v3/users/2d3c5468432344f8a6cdcdda7b1f01f4 0.138s
2025-04-03 00:37:23.359 69838 INFO tempest.lib.common.rest_client [req-64a12faa-04d7-44a2-b361-b5cc16e82d41 req-64a12faa-04d7-44a2-b361-b5cc16e82d41 ] Request (ListImageFiltersTestJSON:tearDownClass): 200 GET http://10.180.1.21/compute/v2.1/servers/ed61f7dd-d820-4445-97cf-6b01eb636103 0.065s
2025-04-03 00:37:23.407 69836 INFO tempest.lib.common.rest_client [req-702858af-c861-4443-aaad-fd37fedd0171 req-702858af-c861-4443-aaad-fd37fedd0171 ] Request (ServerDiagnosticsV248Test:tearDownClass): 204 DELETE http://10.180.1.21/identity/v3/users/e4b15c5b9c24496ab9a41d0fe9f1244d 0.103s
2025-04-03 00:37:23.408 69836 INFO tempest.lib.common.dynamic_creds [-] Deleting project and security group for project: 0c4e6f0d956f4b38bc879b51c09f1f94
2025-04-03 00:37:23.476 69836 INFO tempest.lib.common.rest_client [req-7d68b474-85d8-47c7-b19a-cf4224f3ad69 req-7d68b474-85d8-47c7-b19a-cf4224f3ad69 ] Request (ServerDiagnosticsV248Test:tearDownClass): 201 POST http://10.180.1.21/identity/v3/auth/tokens 0.068s
2025-04-03 00:37:23.478 69850 INFO tempest.lib.common.rest_client [req-6090e011-bb8e-47f1-ae41-2162dfdc2ee6 req-6090e011-bb8e-47f1-ae41-2162dfdc2ee6 ] Request (AttachInterfacesTestJSON:test_create_list_show_delete_interfaces_by_fixed_ip): 200 GET http://10.180.1.21:9696/networking/v2.0/ports?network_id=2f9479c5-0435-4799-81be-f7ca9331681c 0.184s
2025-04-03 00:37:23.487 69866 INFO tempest.lib.common.rest_client [req-b78e0af3-8d61-4a86-bb1f-39eea3e63a51 req-b78e0af3-8d61-4a86-bb1f-39eea3e63a51 ] Request (VolumesAssistedSnapshotsTest:tearDownClass): 200 GET http://10.180.1.21/compute/v2.1/servers/ea3623f6-fc35-4269-b8f4-f483d75b8d9f 0.170s
2025-04-03 00:37:23.504 69824 INFO tempest.lib.common.rest_client [req-fcf545ab-a4ae-4c92-b691-93fba75e76bd req-fcf545ab-a4ae-4c92-b691-93fba75e76bd ] Request (InstanceActionsTestJSON:setUpClass): 200 GET http://10.180.1.21/compute/v2.1/servers/f7b6de16-4f11-4310-a2e5-63434aba5e10 0.262s
2025-04-03 00:37:23.514 69824 INFO tempest.common.waiters [-] State transition "BUILD/None" ==> "BUILD/networking" after 83 second wait
2025-04-03 00:37:23.518 69850 INFO tempest.lib.common.rest_client [req-066d73a5-1cff-4378-b0b3-e57df238578f req-066d73a5-1cff-4378-b0b3-e57df238578f ] Request (AttachInterfacesTestJSON:test_create_list_show_delete_interfaces_by_fixed_ip): 200 GET http://10.180.1.21:9696/networking/v2.0/subnets/566ae4c7-13c5-45cb-937d-78989ff1440b 0.039s
2025-04-03 00:37:23.564 69804 INFO tempest.lib.common.rest_client [req-408195f0-c48d-4f19-b2fe-f8a14c3c8d9c req-408195f0-c48d-4f19-b2fe-f8a14c3c8d9c ] Request (ServersAdminTestJSON:test_inject_network_info): 200 GET http://10.180.1.21/compute/v2.1/servers/67842d3e-b361-4eeb-9139-e8101a23a9ed 0.222s
2025-04-03 00:37:23.568 69854 INFO tempest.lib.common.rest_client [req-a18b32ae-d57e-4848-a09d-75213dfe1cdc req-a18b32ae-d57e-4848-a09d-75213dfe1cdc ] Request (ServersTestJSON:test_create_server_with_ipv6_addr_only): 200 GET http://10.180.1.21/compute/v2.1/servers/260d6768-10fa-4c0a-9bcd-a1ee6a22c7d4 0.196s
2025-04-03 00:37:23.629 69864 INFO tempest.lib.common.rest_client [req-9e91cde8-343a-4110-a719-ceb7ea7a9c30 req-9e91cde8-343a-4110-a719-ceb7ea7a9c30 ] Request (ServerDiskConfigTestJSON:test_resize_server_from_auto_to_manual): 200 GET http://10.180.1.21/compute/v2.1/servers/d39dd037-4039-4f6e-8302-80bc8c2d6670 0.124s
2025-04-03 00:37:23.642 69842 INFO tempest.lib.common.rest_client [req-30748a39-c54b-44cd-b514-aa81a66bd253 req-30748a39-c54b-44cd-b514-aa81a66bd253 ] Request (ServersListShow2100Test:test_list_show_rebuild_update_server_2100): 200 GET http://10.180.1.21/compute/v2.1/servers/88eacabd-8ee8-4a84-a613-19c0dc548658 0.196s
2025-04-03 00:37:23.710 69852 INFO tempest.lib.common.rest_client [req-636d113c-2c39-4080-b07b-0d10da1e14ee req-636d113c-2c39-4080-b07b-0d10da1e14ee ] Request (ImagesTestJSON:test_create_server_from_snapshot): 200 GET http://10.180.1.21/compute/v2.1/servers/1e66be41-b2a4-487e-98b7-bd3bf03df988 0.134s
2025-04-03 00:37:23.733 69836 INFO tempest.lib.common.rest_client [req-4e3df799-18b2-45d2-9fdd-06355d81c79c req-4e3df799-18b2-45d2-9fdd-06355d81c79c ] Request (ServerDiagnosticsV248Test:tearDownClass): 200 GET http://10.180.1.21:9696/networking/v2.0/security-groups?tenant_id=0c4e6f0d956f4b38bc879b51c09f1f94&name=default 0.257s
2025-04-03 00:37:23.769 69814 INFO tempest.lib.common.rest_client [req-49c32047-d6aa-46e4-80a1-62f828d24fc8 req-49c32047-d6aa-46e4-80a1-62f828d24fc8 ] Request (ServersWithSpecificFlavorTestJSON:test_verify_created_server_ephemeral_disk): 200 GET http://10.180.1.21/compute/v2.1/servers/8e447be5-6131-413b-9e67-5d9e5bed2ed6 0.158s
2025-04-03 00:37:23.831 69846 INFO tempest.lib.common.rest_client [req-b0d75cae-3bba-4cf5-b479-e2bd8295626f req-b0d75cae-3bba-4cf5-b479-e2bd8295626f ] Request (ImagesOneServerNegativeTestJSON:_run_cleanups): 200 GET http://10.180.1.21/compute/v2.1/servers/44b6c14a-b0a8-4b7f-b295-8e2a282b3794 0.169s
2025-04-03 00:37:23.832 69836 INFO tempest.lib.common.rest_client [req-ebc2d619-1a89-4a9a-9593-f1a4519d9255 req-ebc2d619-1a89-4a9a-9593-f1a4519d9255 ] Request (ServerDiagnosticsV248Test:tearDownClass): 204 DELETE http://10.180.1.21:9696/networking/v2.0/security-groups/9d33a20e-de99-4641-b380-5dc0338836e4 0.098s
2025-04-03 00:37:23.907 69836 INFO tempest.lib.common.rest_client [req-339680a1-71c9-4ec1-8690-3d05a4a0e5f7 req-339680a1-71c9-4ec1-8690-3d05a4a0e5f7 ] Request (ServerDiagnosticsV248Test:tearDownClass): 204 DELETE http://10.180.1.21/identity/v3/projects/0c4e6f0d956f4b38bc879b51c09f1f94 0.074s
2025-04-03 00:37:23.907 69836 INFO tempest.lib.common.dynamic_creds [-] Deleting project and security group for project: 37c3c12a18214b69b3b3525ccb457d4c
2025-04-03 00:37:23.941 69856 INFO tempest.lib.common.rest_client [req-022f7f33-ae04-4c81-a05a-d312fc05a40d req-022f7f33-ae04-4c81-a05a-d312fc05a40d ] Request (SecurityGroupsTestJSON:test_list_security_groups_by_server): 200 GET http://10.180.1.21/compute/v2.1/servers/a3e5b1df-503a-49a7-b066-b09999f7a2c9 0.279s
2025-04-03 00:37:23.996 69862 INFO tempest.lib.common.rest_client [req-cfe22f14-655c-4009-8874-4e12484fa1c9 req-cfe22f14-655c-4009-8874-4e12484fa1c9 ] Request (MigrationsAdminTest:test_resize_server_revert_deleted_flavor): 200 GET http://10.180.1.21/compute/v2.1/servers/8c65ecb4-c94f-4841-a432-776e0a94fc73 0.290s
2025-04-03 00:37:24.007 69816 WARNING tempest.lib.common.ssh [-] Failed to establish authenticated ssh connection to cirros@10.180.180.219 ([Errno None] Unable to connect to port 22 on 10.180.180.219). Number attempts: 10. Retry after 11 seconds.: paramiko.ssh_exception.NoValidConnectionsError: [Errno None] Unable to connect to port 22 on 10.180.180.219
2025-04-03 00:37:24.011 69836 INFO tempest.lib.common.rest_client [req-375faf88-e7c6-48c1-9070-ca18a876ed80 req-375faf88-e7c6-48c1-9070-ca18a876ed80 ] Request (ServerDiagnosticsV248Test:tearDownClass): 200 GET http://10.180.1.21:9696/networking/v2.0/security-groups?tenant_id=37c3c12a18214b69b3b3525ccb457d4c&name=default 0.103s
2025-04-03 00:37:24.058 69858 INFO tempest.lib.common.rest_client [req-a6a62607-2c25-4641-b85d-a6c1e0312a99 req-a6a62607-2c25-4641-b85d-a6c1e0312a99 ] Request (ServersTestFqdnHostnames:test_create_server_with_fqdn_name): 200 GET http://10.180.1.21/compute/v2.1/servers/b61972c7-ddfd-47a5-9bc4-314effb27ee5 0.351s
2025-04-03 00:37:24.110 69836 INFO tempest.lib.common.rest_client [req-9eb50efd-7f06-4131-991f-718eb7facea1 req-9eb50efd-7f06-4131-991f-718eb7facea1 ] Request (ServerDiagnosticsV248Test:tearDownClass): 204 DELETE http://10.180.1.21:9696/networking/v2.0/security-groups/0c98ead7-f840-4184-8e8f-d25a80a7d580 0.099s
2025-04-03 00:37:24.125 69832 INFO tempest.lib.common.rest_client [req-bf7ff7ee-8b4f-43fb-aac9-6643df51385c req-bf7ff7ee-8b4f-43fb-aac9-6643df51385c ] Request (ServerAddressesTestJSON:tearDownClass): 200 GET http://10.180.1.21/compute/v2.1/servers/cde882ea-3a53-49aa-9ad3-9cf96dab0e79 0.301s
2025-04-03 00:37:24.209 69836 INFO tempest.lib.common.rest_client [req-e374c792-94fb-48ba-9836-fb0b632baa5f req-e374c792-94fb-48ba-9836-fb0b632baa5f ] Request (ServerDiagnosticsV248Test:tearDownClass): 204 DELETE http://10.180.1.21/identity/v3/projects/37c3c12a18214b69b3b3525ccb457d4c 0.098s
2025-04-03 00:37:24.243 69826 INFO paramiko.transport [-] Connected (version 2.0, client dropbear_2020.81)
2025-04-03 00:37:24.269 69828 INFO tempest.lib.common.rest_client [req-f2eaea46-624a-4d2e-99ff-65a1a9e6e786 req-f2eaea46-624a-4d2e-99ff-65a1a9e6e786 ] Request (ServersTestManualDisk:tearDownClass): 200 GET http://10.180.1.21/compute/v2.1/servers/f5f03876-cb29-46ed-8bc7-f70d73fa4e55 0.259s
2025-04-03 00:37:24.279 69836 INFO tempest.lib.common.rest_client [req-384b7983-afd0-4d4d-8eb1-18be3e55ef98 req-384b7983-afd0-4d4d-8eb1-18be3e55ef98 ] Request (TenantUsagesTestJSON:setUpClass): 201 POST http://10.180.1.21/identity/v3/auth/tokens 0.069s
2025-04-03 00:37:24.310 69836 INFO tempest.lib.common.rest_client [req-19a928b0-278f-4c2b-9124-7bc06f9c9fa6 req-19a928b0-278f-4c2b-9124-7bc06f9c9fa6 ] Request (TenantUsagesTestJSON:setUpClass): 201 POST http://10.180.1.21/identity/v3/auth/tokens 0.028s
2025-04-03 00:37:24.341 69836 INFO tempest.lib.common.rest_client [req-1390bb08-2d3b-41b0-a118-b07c7d19ddaf req-1390bb08-2d3b-41b0-a118-b07c7d19ddaf ] Request (TenantUsagesTestJSON:setUpClass): 200 GET http://10.180.1.21/identity/v3/domains?name=Default 0.030s
2025-04-03 00:37:24.355 69826 INFO paramiko.transport [-] Authentication (publickey) successful!
2025-04-03 00:37:24.355 69826 INFO tempest.lib.common.ssh [-] ssh connection to cirros@10.180.180.142 successfully created
2025-04-03 00:37:24.373 69836 INFO tempest.lib.common.rest_client [req-23599f9e-efea-4a3f-9998-659e79ecafcf req-23599f9e-efea-4a3f-9998-659e79ecafcf ] Request (TenantUsagesTestJSON:setUpClass): 201 POST http://10.180.1.21/identity/v3/projects 0.032s
2025-04-03 00:37:24.377 69830 INFO tempest.lib.common.rest_client [req-a81903da-17da-4fb1-a116-b7ee1bc61d90 req-a81903da-17da-4fb1-a116-b7ee1bc61d90 ] Request (ListServersNegativeTestJSON:setUpClass): 200 GET http://10.180.1.21/compute/v2.1/servers/310e5f02-b4ea-4501-b3b1-d3c7557189eb 0.320s
2025-04-03 00:37:24.388 69830 INFO tempest.common.waiters [-] State transition "BUILD/spawning" ==> "ACTIVE/None" after 20 second wait
2025-04-03 00:37:24.466 69836 INFO tempest.lib.common.rest_client [req-232e95a8-9078-4035-b112-70e54cc68a45 req-232e95a8-9078-4035-b112-70e54cc68a45 ] Request (TenantUsagesTestJSON:setUpClass): 201 POST http://10.180.1.21/identity/v3/users 0.092s
2025-04-03 00:37:24.502 69836 INFO tempest.lib.common.rest_client [req-8501ce3a-3fd5-4b7b-8ef2-6c6bb3083f17 req-8501ce3a-3fd5-4b7b-8ef2-6c6bb3083f17 ] Request (TenantUsagesTestJSON:setUpClass): 200 GET http://10.180.1.21/identity/v3/roles 0.035s
2025-04-03 00:37:24.524 69844 INFO tempest.lib.common.rest_client [req-01939d38-9364-4926-b650-47f4cefd8f15 req-01939d38-9364-4926-b650-47f4cefd8f15 ] Request (DeleteServersTestJSON:test_delete_active_server): 200 GET http://10.180.1.21/compute/v2.1/servers/eb4c3153-02e4-40d7-9d55-c9eb6017b490 0.427s
2025-04-03 00:37:24.536 69836 INFO tempest.lib.common.rest_client [req-4818dd99-2d89-487a-8c2d-42ac88108999 req-4818dd99-2d89-487a-8c2d-42ac88108999 ] Request (TenantUsagesTestJSON:setUpClass): 204 PUT http://10.180.1.21/identity/v3/projects/6351091be5fb4223993328e202fc4c56/users/2b8ca021f9294352ae9550adceeb1b9d/roles/3fff3c04c67c4dd3b43b8baca305b8a9 0.034s
2025-04-03 00:37:24.537 69836 INFO tempest.lib.common.dynamic_creds [-] Dynamic test user 2b8ca021f9294352ae9550adceeb1b9d is created with scope project and roles: ['member']
2025-04-03 00:37:24.537 69836 INFO tempest.lib.common.dynamic_creds [-] Acquired dynamic creds: credentials: Credentials: {'domain_id': 'default', 'domain_name': 'Default', 'username': 'tempest-TenantUsagesTestJSON-2122550965-project-member', 'project_domain_id': 'default', 'project_domain_name': 'Default', 'project_id': '6351091be5fb4223993328e202fc4c56', 'project_name': 'tempest-TenantUsagesTestJSON-2122550965', 'tenant_id': '6351091be5fb4223993328e202fc4c56', 'tenant_name': 'tempest-TenantUsagesTestJSON-2122550965', 'user_domain_id': 'default', 'user_domain_name': 'Default', 'user_id': '2b8ca021f9294352ae9550adceeb1b9d', 'system': None}, Network: None, Subnet: None, Router: None
2025-04-03 00:37:24.537 69836 INFO tempest.lib.common.dynamic_creds [-] Created isolated network resources for: credentials: Credentials: {'domain_id': 'default', 'domain_name': 'Default', 'username': 'tempest-TenantUsagesTestJSON-2122550965-project-member', 'project_domain_id': 'default', 'project_domain_name': 'Default', 'project_id': '6351091be5fb4223993328e202fc4c56', 'project_name': 'tempest-TenantUsagesTestJSON-2122550965', 'tenant_id': '6351091be5fb4223993328e202fc4c56', 'tenant_name': 'tempest-TenantUsagesTestJSON-2122550965', 'user_domain_id': 'default', 'user_domain_name': 'Default', 'user_id': '2b8ca021f9294352ae9550adceeb1b9d', 'system': None}, Network: None, Subnet: None, Router: None
2025-04-03 00:37:24.592 69810 INFO tempest.lib.common.rest_client [req-fbc68672-19a8-4125-a604-205effefbbed req-fbc68672-19a8-4125-a604-205effefbbed ] Request (AttachInterfacesV270Test:test_create_get_list_interfaces): 200 GET http://10.180.1.21/compute/v2.1/servers/683f1843-3f3f-4fa7-a417-7eee51b329fb 0.481s
2025-04-03 00:37:24.649 69820 INFO tempest.lib.common.rest_client [req-e8518668-a422-46b5-b1ca-46c81192ae5c req-e8518668-a422-46b5-b1ca-46c81192ae5c ] Request (ServerActionsTestJSON:setUpClass): 200 GET http://10.180.1.21/compute/v2.1/servers/d48ca3d1-88c9-4e85-bf3b-dc1630c51987 0.497s
2025-04-03 00:37:24.651 69836 INFO tempest.lib.common.rest_client [req-1564f7cc-0331-48de-ae9c-0e2b3a1b593d req-1564f7cc-0331-48de-ae9c-0e2b3a1b593d ] Request (TenantUsagesTestJSON:setUpClass): 201 POST http://10.180.1.21/identity/v3/auth/tokens 0.110s
2025-04-03 00:37:24.710 69818 INFO tempest.lib.common.rest_client [req-cac9395b-f449-47d4-aa02-b1ba3840b0e6 req-cac9395b-f449-47d4-aa02-b1ba3840b0e6 ] Request (ServerMetadataNegativeTestJSON:setUpClass): 200 GET http://10.180.1.21/compute/v2.1/servers/cfbdaa68-e556-4b72-abc5-0a17aa8ff71f 0.484s
2025-04-03 00:37:24.721 69818 INFO tempest.common.waiters [-] State transition "BUILD/scheduling" ==> "BUILD/None" after 62 second wait
2025-04-03 00:37:24.728 69836 INFO tempest.lib.common.rest_client [req-2d1fee3f-6f1b-4055-b84f-804c296f983b req-2d1fee3f-6f1b-4055-b84f-804c296f983b ] Request (TenantUsagesTestJSON:setUpClass): 201 POST http://10.180.1.21/identity/v3/projects 0.076s
2025-04-03 00:37:24.786 69808 INFO tempest.lib.common.rest_client [req-936962e0-0b42-43b2-9dc7-7f0feb6e7d13 req-936962e0-0b42-43b2-9dc7-7f0feb6e7d13 ] Request (ServersAdminNegativeTestJSON:tearDownClass): 200 GET http://10.180.1.21/compute/v2.1/servers/970e553a-7e3e-466a-96c7-d9d6f6d6807c 0.498s
2025-04-03 00:37:24.792 69836 INFO tempest.lib.common.rest_client [req-38ed5342-7733-4362-a75a-c9a093de6e21 req-38ed5342-7733-4362-a75a-c9a093de6e21 ] Request (TenantUsagesTestJSON:setUpClass): 201 POST http://10.180.1.21/identity/v3/users 0.063s
2025-04-03 00:37:24.814 69836 INFO tempest.lib.common.rest_client [req-e61e4d1c-4d55-44d5-bfcc-0c72f1d9b846 req-e61e4d1c-4d55-44d5-bfcc-0c72f1d9b846 ] Request (TenantUsagesTestJSON:setUpClass): 200 GET http://10.180.1.21/identity/v3/roles 0.022s
2025-04-03 00:37:24.854 69836 INFO tempest.lib.common.rest_client [req-a3c36ac8-ee27-41c7-82a2-11484251291e req-a3c36ac8-ee27-41c7-82a2-11484251291e ] Request (TenantUsagesTestJSON:setUpClass): 204 PUT http://10.180.1.21/identity/v3/projects/49838f9ce3e34ac88ddde3d4ced2c4cd/users/18db34edf4d74092bf9054b38454e477/roles/a04229b8b0c749d9be039889a50daadb 0.039s
2025-04-03 00:37:24.879 69826 INFO tempest.lib.common.rest_client [req-30bcf6a2-7294-4a78-814a-6b96f6c4d0b6 req-30bcf6a2-7294-4a78-814a-6b96f6c4d0b6 ] Request (AttachInterfacesUnderV243Test:test_add_remove_fixed_ip): 200 GET http://10.180.1.21/compute/v2.1/servers/54e70109-c2ed-4972-b63a-c5c1e8beea2f/os-interface 0.523s
2025-04-03 00:37:24.909 69836 INFO tempest.lib.common.rest_client [req-0ddba76a-3765-4172-8007-fd002dcc4c96 req-0ddba76a-3765-4172-8007-fd002dcc4c96 ] Request (TenantUsagesTestJSON:setUpClass): 200 GET http://10.180.1.21/identity/v3/roles 0.054s
2025-04-03 00:37:24.927 69836 INFO tempest.lib.common.rest_client [req-3a657d20-0a2b-4abb-bdc2-e18b9b3cd220 req-3a657d20-0a2b-4abb-bdc2-e18b9b3cd220 ] Request (TenantUsagesTestJSON:setUpClass): 204 PUT http://10.180.1.21/identity/v3/projects/49838f9ce3e34ac88ddde3d4ced2c4cd/users/18db34edf4d74092bf9054b38454e477/roles/a04229b8b0c749d9be039889a50daadb 0.018s
2025-04-03 00:37:24.927 69836 INFO tempest.lib.common.dynamic_creds [-] Dynamic test user 18db34edf4d74092bf9054b38454e477 is created with scope project and roles: ['admin']
2025-04-03 00:37:24.927 69836 INFO tempest.lib.common.dynamic_creds [-] Acquired dynamic creds: credentials: Credentials: {'domain_id': 'default', 'domain_name': 'Default', 'username': 'tempest-TenantUsagesTestJSON-499443241-project-admin', 'project_domain_id': 'default', 'project_domain_name': 'Default', 'project_id': '49838f9ce3e34ac88ddde3d4ced2c4cd', 'project_name': 'tempest-TenantUsagesTestJSON-499443241', 'tenant_id': '49838f9ce3e34ac88ddde3d4ced2c4cd', 'tenant_name': 'tempest-TenantUsagesTestJSON-499443241', 'user_domain_id': 'default', 'user_domain_name': 'Default', 'user_id': '18db34edf4d74092bf9054b38454e477', 'system': None}, Network: None, Subnet: None, Router: None
2025-04-03 00:37:24.928 69836 INFO tempest.lib.common.dynamic_creds [-] Created isolated network resources for: credentials: Credentials: {'domain_id': 'default', 'domain_name': 'Default', 'username': 'tempest-TenantUsagesTestJSON-499443241-project-admin', 'project_domain_id': 'default', 'project_domain_name': 'Default', 'project_id': '49838f9ce3e34ac88ddde3d4ced2c4cd', 'project_name': 'tempest-TenantUsagesTestJSON-499443241', 'tenant_id': '49838f9ce3e34ac88ddde3d4ced2c4cd', 'tenant_name': 'tempest-TenantUsagesTestJSON-499443241', 'user_domain_id': 'default', 'user_domain_name': 'Default', 'user_id': '18db34edf4d74092bf9054b38454e477', 'system': None}, Network: None, Subnet: None, Router: None
2025-04-03 00:37:24.956 69838 INFO tempest.lib.common.rest_client [req-fdc0516b-e9c9-4f7d-85b8-372e63f2e7e6 req-fdc0516b-e9c9-4f7d-85b8-372e63f2e7e6 ] Request (ListImageFiltersTestJSON:tearDownClass): 200 GET http://10.180.1.21/compute/v2.1/servers/ed61f7dd-d820-4445-97cf-6b01eb636103 0.586s
