2025-04-03 00:34:42.843 69840 INFO tempest.lib.common.rest_client [req-5dc0131f-901b-4057-9c2c-c79028205252 req-5dc0131f-901b-4057-9c2c-c79028205252 ] Request (ListImagesTestJSON:setUpClass): 200 GET http://10.180.1.21/identity/v3/roles 0.127s
2025-04-03 00:34:42.852 69856 INFO tempest.lib.common.rest_client [req-9722e53a-235d-400e-9a3e-c707d22735e0 req-9722e53a-235d-400e-9a3e-c707d22735e0 ] Request (HypervisorAdminTestJSON:tearDownClass): 204 DELETE http://10.180.1.21/identity/v3/users/775aea8074aa420fa93690104303ec15 0.088s
2025-04-03 00:34:42.852 69856 INFO tempest.lib.common.dynamic_creds [-] Deleting project and security group for project: 65c31d25f5644f67a14dd46a6aa4b17b
2025-04-03 00:34:42.904 69840 INFO tempest.lib.common.rest_client [req-120f8acf-2327-451b-88a4-113101fed766 req-120f8acf-2327-451b-88a4-113101fed766 ] Request (ListImagesTestJSON:setUpClass): 204 PUT http://10.180.1.21/identity/v3/projects/7913c601e1ee448fbfd5ad55a40aa518/users/af3b0aa0fc1d45808014339e461a8635/roles/3fff3c04c67c4dd3b43b8baca305b8a9 0.060s
2025-04-03 00:34:42.904 69840 INFO tempest.lib.common.dynamic_creds [-] Dynamic test user af3b0aa0fc1d45808014339e461a8635 is created with scope project and roles: ['member']
2025-04-03 00:34:42.905 69840 INFO tempest.lib.common.dynamic_creds [-] Acquired dynamic creds: credentials: Credentials: {'domain_id': 'default', 'domain_name': 'Default', 'username': 'tempest-ListImagesTestJSON-1586362743-project-member', 'project_domain_id': 'default', 'project_domain_name': 'Default', 'project_id': '7913c601e1ee448fbfd5ad55a40aa518', 'project_name': 'tempest-ListImagesTestJSON-1586362743', 'tenant_id': '7913c601e1ee448fbfd5ad55a40aa518', 'tenant_name': 'tempest-ListImagesTestJSON-1586362743', 'user_domain_id': 'default', 'user_domain_name': 'Default', 'user_id': 'af3b0aa0fc1d45808014339e461a8635', 'system': None}, Network: None, Subnet: None, Router: None
2025-04-03 00:34:42.905 69840 INFO tempest.lib.common.dynamic_creds [-] Created isolated network resources for: credentials: Credentials: {'domain_id': 'default', 'domain_name': 'Default', 'username': 'tempest-ListImagesTestJSON-1586362743-project-member', 'project_domain_id': 'default', 'project_domain_name': 'Default', 'project_id': '7913c601e1ee448fbfd5ad55a40aa518', 'project_name': 'tempest-ListImagesTestJSON-1586362743', 'tenant_id': '7913c601e1ee448fbfd5ad55a40aa518', 'tenant_name': 'tempest-ListImagesTestJSON-1586362743', 'user_domain_id': 'default', 'user_domain_name': 'Default', 'user_id': 'af3b0aa0fc1d45808014339e461a8635', 'system': None}, Network: None, Subnet: None, Router: None
2025-04-03 00:34:42.930 69806 INFO tempest.lib.common.rest_client [req-f7e146e8-d10b-4789-b072-232df4009fbb req-f7e146e8-d10b-4789-b072-232df4009fbb ] Request (QuotasAdminTestV257:tearDownClass): 204 DELETE http://10.180.1.21/identity/v3/users/1d2e6eb803e54c0da15e455e55248000 0.157s
2025-04-03 00:34:42.930 69806 INFO tempest.lib.common.dynamic_creds [-] Deleting project and security group for project: 828bcd2d6804446dacaceba06e6432b6
2025-04-03 00:34:42.937 69846 INFO tempest.lib.common.rest_client [req-0a0959a6-08ba-4024-9faa-e0deb40e1cf0 req-0a0959a6-08ba-4024-9faa-e0deb40e1cf0 ] Request (ImagesOneServerNegativeTestJSON:setUpClass): 200 GET http://10.180.1.21/compute/v2.1/servers/2e0df378-21a8-4176-8f9f-e8c891987442 1.840s
2025-04-03 00:34:42.944 69820 INFO tempest.lib.common.rest_client [req-411b6acc-6db4-4e4b-97d4-20125a4eb632 req-411b6acc-6db4-4e4b-97d4-20125a4eb632 ] Request (DeleteServersAdminTestJSON:test_admin_delete_servers_of_others): 200 GET http://10.180.1.21/compute/v2.1/servers/1bb09fa7-06dd-4362-b8e7-b0cf82e18056 1.739s
2025-04-03 00:34:42.962 69856 INFO tempest.lib.common.rest_client [req-2bd5d536-38d0-4056-a4cf-8e310240a0a9 req-2bd5d536-38d0-4056-a4cf-8e310240a0a9 ] Request (HypervisorAdminTestJSON:tearDownClass): 201 POST http://10.180.1.21/identity/v3/auth/tokens 0.109s
2025-04-03 00:34:43.014 69840 INFO tempest.lib.common.rest_client [req-ff1604a3-a4ec-43fe-b4eb-1d769ed6bff3 req-ff1604a3-a4ec-43fe-b4eb-1d769ed6bff3 ] Request (ListImagesTestJSON:setUpClass): 201 POST http://10.180.1.21/identity/v3/auth/tokens 0.103s
2025-04-03 00:34:43.017 69852 INFO tempest.lib.common.rest_client [req-e5432398-46f6-4b26-889d-5677bc1f929a req-e5432398-46f6-4b26-889d-5677bc1f929a ] Request (ImagesTestJSON:test_create_image_from_stopped_server): 200 GET http://10.180.1.21/compute/v2.1/servers/56942e43-4cfd-4cbd-bc0e-a39efc43df85 1.740s
2025-04-03 00:34:43.018 69806 INFO tempest.lib.common.rest_client [req-bf1af92f-c136-4a74-8a14-1b4c6360e449 req-bf1af92f-c136-4a74-8a14-1b4c6360e449 ] Request (QuotasAdminTestV257:tearDownClass): 201 POST http://10.180.1.21/identity/v3/auth/tokens 0.088s
2025-04-03 00:34:43.024 69842 INFO tempest.lib.common.rest_client [req-9a6510a0-38ee-4004-bb1e-969be7ea4ea2 req-9a6510a0-38ee-4004-bb1e-969be7ea4ea2 ] Request (FlavorMetadataValidation:tearDownClass): 204 DELETE http://10.180.1.21:9696/networking/v2.0/security-groups/414ec8e5-f531-43b1-8854-f1f97da3cdbb 0.472s
2025-04-03 00:34:43.026 69864 INFO tempest.lib.common.rest_client [req-15e9acac-5e5d-4fcf-b7f0-7c5e8c8a7c63 req-15e9acac-5e5d-4fcf-b7f0-7c5e8c8a7c63 ] Request (ServerDiskConfigTestJSON:test_rebuild_server_with_auto_disk_config): 200 GET http://10.180.1.21/compute/v2.1/servers/6778c0cd-ea9a-4cdc-80dd-e53e8b1dd7b1 1.573s
2025-04-03 00:34:43.038 69818 INFO tempest.lib.common.rest_client [req-4ec6d578-97ef-4c03-b2d2-aac7e910643f req-4ec6d578-97ef-4c03-b2d2-aac7e910643f ] Request (HypervisorAdminV228Test:tearDownClass): 204 DELETE http://10.180.1.21:9696/networking/v2.0/security-groups/127b00d4-b5fc-4438-9d8e-bf110d7c71b6 0.262s
2025-04-03 00:34:43.038 69864 INFO tempest.common.waiters [-] State transition "BUILD/scheduling" ==> "BUILD/None" after 3 second wait
2025-04-03 00:34:43.093 69842 INFO tempest.lib.common.rest_client [req-6317e0c2-e96b-4aa6-b8f1-31aea7bb473d req-6317e0c2-e96b-4aa6-b8f1-31aea7bb473d ] Request (FlavorMetadataValidation:tearDownClass): 204 DELETE http://10.180.1.21/identity/v3/projects/8b44663cb85d4202be219ceda86b98a5 0.069s
2025-04-03 00:34:43.178 69818 INFO tempest.lib.common.rest_client [req-b6b13917-35cf-476b-a3e2-9bf760d4737e req-b6b13917-35cf-476b-a3e2-9bf760d4737e ] Request (HypervisorAdminV228Test:tearDownClass): 204 DELETE http://10.180.1.21/identity/v3/projects/e91dc7f47ad24739943961b2b8a5b503 0.139s
2025-04-03 00:34:43.178 69818 INFO tempest.lib.common.dynamic_creds [-] Deleting project and security group for project: a6228a3474dc4f0a9f01e0117939b09f
2025-04-03 00:34:43.196 69842 INFO tempest.lib.common.rest_client [req-377e25b5-9a39-4ca6-b3fc-a2acff282d1a req-377e25b5-9a39-4ca6-b3fc-a2acff282d1a ] Request (HostsAdminTestJSON:setUpClass): 201 POST http://10.180.1.21/identity/v3/auth/tokens 0.101s
2025-04-03 00:34:43.225 69842 INFO tempest.lib.common.rest_client [req-82783f54-326d-408e-b7b8-a8684d950f26 req-82783f54-326d-408e-b7b8-a8684d950f26 ] Request (HostsAdminTestJSON:setUpClass): 201 POST http://10.180.1.21/identity/v3/auth/tokens 0.026s
2025-04-03 00:34:43.256 69842 INFO tempest.lib.common.rest_client [req-a3c695c9-6bcc-416d-b63f-a52c334ad2ee req-a3c695c9-6bcc-416d-b63f-a52c334ad2ee ] Request (HostsAdminTestJSON:setUpClass): 200 GET http://10.180.1.21/identity/v3/domains?name=Default 0.030s
2025-04-03 00:34:43.291 69842 INFO tempest.lib.common.rest_client [req-fe2cbb5d-e740-404a-85a8-151e06f3da23 req-fe2cbb5d-e740-404a-85a8-151e06f3da23 ] Request (HostsAdminTestJSON:setUpClass): 201 POST http://10.180.1.21/identity/v3/projects 0.034s
2025-04-03 00:34:43.353 69824 INFO tempest.lib.common.rest_client [req-9762f280-94e6-4322-a3cf-c10e113b22c8 req-9762f280-94e6-4322-a3cf-c10e113b22c8 ] Request (ServerExternalEventsTest:test_create_server_external_events): 200 GET http://10.180.1.21/compute/v2.1/servers/63aaa0e8-e834-41b2-8522-3e26ad687971 1.855s
2025-04-03 00:34:43.366 69824 INFO tempest.common.waiters [-] State transition "BUILD/networking" ==> "BUILD/spawning" after 5 second wait
2025-04-03 00:34:43.367 69842 INFO tempest.lib.common.rest_client [req-a15f6c40-e450-447e-9ee0-a3dfe51c8c29 req-a15f6c40-e450-447e-9ee0-a3dfe51c8c29 ] Request (HostsAdminTestJSON:setUpClass): 201 POST http://10.180.1.21/identity/v3/users 0.076s
2025-04-03 00:34:43.393 69842 INFO tempest.lib.common.rest_client [req-705decf2-9064-45b5-932a-8e16c8e7bad8 req-705decf2-9064-45b5-932a-8e16c8e7bad8 ] Request (HostsAdminTestJSON:setUpClass): 200 GET http://10.180.1.21/identity/v3/roles 0.026s
2025-04-03 00:34:43.423 69842 INFO tempest.lib.common.rest_client [req-f5e90d46-c8f1-4836-ae75-cbd2e6293823 req-f5e90d46-c8f1-4836-ae75-cbd2e6293823 ] Request (HostsAdminTestJSON:setUpClass): 204 PUT http://10.180.1.21/identity/v3/projects/6b0768903600414da71090300238f208/users/ad95f775aed8470d819b0192320a1c41/roles/3fff3c04c67c4dd3b43b8baca305b8a9 0.029s
2025-04-03 00:34:43.423 69842 INFO tempest.lib.common.dynamic_creds [-] Dynamic test user ad95f775aed8470d819b0192320a1c41 is created with scope project and roles: ['member']
2025-04-03 00:34:43.423 69842 INFO tempest.lib.common.dynamic_creds [-] Acquired dynamic creds: credentials: Credentials: {'domain_id': 'default', 'domain_name': 'Default', 'username': 'tempest-HostsAdminTestJSON-1054924458-project-member', 'project_domain_id': 'default', 'project_domain_name': 'Default', 'project_id': '6b0768903600414da71090300238f208', 'project_name': 'tempest-HostsAdminTestJSON-1054924458', 'tenant_id': '6b0768903600414da71090300238f208', 'tenant_name': 'tempest-HostsAdminTestJSON-1054924458', 'user_domain_id': 'default', 'user_domain_name': 'Default', 'user_id': 'ad95f775aed8470d819b0192320a1c41', 'system': None}, Network: None, Subnet: None, Router: None
2025-04-03 00:34:43.423 69842 INFO tempest.lib.common.dynamic_creds [-] Created isolated network resources for: credentials: Credentials: {'domain_id': 'default', 'domain_name': 'Default', 'username': 'tempest-HostsAdminTestJSON-1054924458-project-member', 'project_domain_id': 'default', 'project_domain_name': 'Default', 'project_id': '6b0768903600414da71090300238f208', 'project_name': 'tempest-HostsAdminTestJSON-1054924458', 'tenant_id': '6b0768903600414da71090300238f208', 'tenant_name': 'tempest-HostsAdminTestJSON-1054924458', 'user_domain_id': 'default', 'user_domain_name': 'Default', 'user_id': 'ad95f775aed8470d819b0192320a1c41', 'system': None}, Network: None, Subnet: None, Router: None
2025-04-03 00:34:43.502 69856 INFO tempest.lib.common.rest_client [req-cdc6272c-3513-43f0-b726-481cf54b1e32 req-cdc6272c-3513-43f0-b726-481cf54b1e32 ] Request (HypervisorAdminTestJSON:tearDownClass): 200 GET http://10.180.1.21:9696/networking/v2.0/security-groups?tenant_id=65c31d25f5644f67a14dd46a6aa4b17b&name=default 0.539s
2025-04-03 00:34:43.502 69842 INFO tempest.lib.common.rest_client [req-748334eb-3031-42c2-821f-1e93d0cd1354 req-748334eb-3031-42c2-821f-1e93d0cd1354 ] Request (HostsAdminTestJSON:setUpClass): 201 POST http://10.180.1.21/identity/v3/auth/tokens 0.075s
2025-04-03 00:34:43.531 69816 INFO tempest.lib.common.rest_client [req-dfca6886-b8a2-4825-bd3b-7b12aca38540 req-dfca6886-b8a2-4825-bd3b-7b12aca38540 ] Request (ServersTestBootFromVolume:setUpClass): 201 POST http://10.180.1.21:9696/networking/v2.0/routers 2.126s
2025-04-03 00:34:43.577 69842 INFO tempest.lib.common.rest_client [req-21849096-07f8-4b72-926b-6b6810599a55 req-21849096-07f8-4b72-926b-6b6810599a55 ] Request (HostsAdminTestJSON:setUpClass): 201 POST http://10.180.1.21/identity/v3/projects 0.074s
2025-04-03 00:34:43.618 69806 INFO tempest.lib.common.rest_client [req-553906b9-0fe1-4620-914e-f3ee132f7f55 req-553906b9-0fe1-4620-914e-f3ee132f7f55 ] Request (QuotasAdminTestV257:tearDownClass): 200 GET http://10.180.1.21:9696/networking/v2.0/security-groups?tenant_id=828bcd2d6804446dacaceba06e6432b6&name=default 0.599s
2025-04-03 00:34:43.645 69842 INFO tempest.lib.common.rest_client [req-92dc0538-87e0-4ad2-bf59-af30b5699201 req-92dc0538-87e0-4ad2-bf59-af30b5699201 ] Request (HostsAdminTestJSON:setUpClass): 201 POST http://10.180.1.21/identity/v3/users 0.067s
2025-04-03 00:34:43.659 69818 INFO tempest.lib.common.rest_client [req-3476a65c-b684-4510-b9a4-fb7f58343b18 req-3476a65c-b684-4510-b9a4-fb7f58343b18 ] Request (HypervisorAdminV228Test:tearDownClass): 200 GET http://10.180.1.21:9696/networking/v2.0/security-groups?tenant_id=a6228a3474dc4f0a9f01e0117939b09f&name=default 0.481s
2025-04-03 00:34:43.669 69842 INFO tempest.lib.common.rest_client [req-0f89fc20-b2fc-4308-8ea6-8c77263a1377 req-0f89fc20-b2fc-4308-8ea6-8c77263a1377 ] Request (HostsAdminTestJSON:setUpClass): 200 GET http://10.180.1.21/identity/v3/roles 0.024s
2025-04-03 00:34:43.697 69842 INFO tempest.lib.common.rest_client [req-62bbd0bf-bf33-44e0-b079-a0f5d9e92422 req-62bbd0bf-bf33-44e0-b079-a0f5d9e92422 ] Request (HostsAdminTestJSON:setUpClass): 204 PUT http://10.180.1.21/identity/v3/projects/75ad5491adc74ffaa73dba2a1aaf9b82/users/2edff341a056466696cd00262e6198f1/roles/a04229b8b0c749d9be039889a50daadb 0.027s
2025-04-03 00:34:43.760 69842 INFO tempest.lib.common.rest_client [req-0a822eac-7448-47e0-9814-a5fa258ca97e req-0a822eac-7448-47e0-9814-a5fa258ca97e ] Request (HostsAdminTestJSON:setUpClass): 200 GET http://10.180.1.21/identity/v3/roles 0.062s
2025-04-03 00:34:43.786 69842 INFO tempest.lib.common.rest_client [req-98332c3f-2b20-41a1-b8d4-21c32e68f342 req-98332c3f-2b20-41a1-b8d4-21c32e68f342 ] Request (HostsAdminTestJSON:setUpClass): 204 PUT http://10.180.1.21/identity/v3/projects/75ad5491adc74ffaa73dba2a1aaf9b82/users/2edff341a056466696cd00262e6198f1/roles/a04229b8b0c749d9be039889a50daadb 0.026s
2025-04-03 00:34:43.787 69842 INFO tempest.lib.common.dynamic_creds [-] Dynamic test user 2edff341a056466696cd00262e6198f1 is created with scope project and roles: ['admin']
2025-04-03 00:34:43.787 69842 INFO tempest.lib.common.dynamic_creds [-] Acquired dynamic creds: credentials: Credentials: {'domain_id': 'default', 'domain_name': 'Default', 'username': 'tempest-HostsAdminTestJSON-849813679-project-admin', 'project_domain_id': 'default', 'project_domain_name': 'Default', 'project_id': '75ad5491adc74ffaa73dba2a1aaf9b82', 'project_name': 'tempest-HostsAdminTestJSON-849813679', 'tenant_id': '75ad5491adc74ffaa73dba2a1aaf9b82', 'tenant_name': 'tempest-HostsAdminTestJSON-849813679', 'user_domain_id': 'default', 'user_domain_name': 'Default', 'user_id': '2edff341a056466696cd00262e6198f1', 'system': None}, Network: None, Subnet: None, Router: None
2025-04-03 00:34:43.787 69842 INFO tempest.lib.common.dynamic_creds [-] Created isolated network resources for: credentials: Credentials: {'domain_id': 'default', 'domain_name': 'Default', 'username': 'tempest-HostsAdminTestJSON-849813679-project-admin', 'project_domain_id': 'default', 'project_domain_name': 'Default', 'project_id': '75ad5491adc74ffaa73dba2a1aaf9b82', 'project_name': 'tempest-HostsAdminTestJSON-849813679', 'tenant_id': '75ad5491adc74ffaa73dba2a1aaf9b82', 'tenant_name': 'tempest-HostsAdminTestJSON-849813679', 'user_domain_id': 'default', 'user_domain_name': 'Default', 'user_id': '2edff341a056466696cd00262e6198f1', 'system': None}, Network: None, Subnet: None, Router: None
2025-04-03 00:34:43.788 69866 INFO tempest.lib.common.rest_client [req-94239b7c-c418-469d-a14e-49300f5c1c1f req-94239b7c-c418-469d-a14e-49300f5c1c1f ] Request (VolumesAssistedSnapshotsTest:setUpClass): 201 POST http://10.180.1.21:9696/networking/v2.0/routers 1.749s
2025-04-03 00:34:43.823 69804 INFO tempest.lib.common.rest_client [req-2246dd76-8488-4005-8ee5-20b73c748aa7 req-2246dd76-8488-4005-8ee5-20b73c748aa7 ] Request (ServersAdminTestJSON:setUpClass): 202 POST http://10.180.1.21/compute/v2.1/servers 1.977s
2025-04-03 00:34:43.832 69856 INFO tempest.lib.common.rest_client [req-402dd442-95c6-4fd4-9a4c-f95f290b4007 req-402dd442-95c6-4fd4-9a4c-f95f290b4007 ] Request (HypervisorAdminTestJSON:tearDownClass): 204 DELETE http://10.180.1.21:9696/networking/v2.0/security-groups/2b707257-e20b-4b38-a229-1f000eea8360 0.329s
2025-04-03 00:34:43.849 69838 INFO tempest.lib.common.rest_client [req-71a33f93-1ce0-4e87-a4f8-78df5f4d2392 req-71a33f93-1ce0-4e87-a4f8-78df5f4d2392 ] Request (ServicesAdminNegativeTestJSON:test_get_service_with_valid_service_and_invalid_host): 200 GET http://10.180.1.21/compute/v2.1/os-services?host=xxx&binary=nova-scheduler 1.687s
2025-04-03 00:34:43.872 69854 INFO tempest.lib.common.rest_client [req-30ceeba5-d6c8-4370-b0f7-5ff891da1d36 req-30ceeba5-d6c8-4370-b0f7-5ff891da1d36 ] Request (FlavorsExtraSpecsTestJSON:test_flavor_set_get_update_show_unset_keys): 200 GET http://10.180.1.21/compute/v2.1/flavors/1900865469/os-extra_specs 1.681s
2025-04-03 00:34:43.878 69842 INFO tempest.lib.common.rest_client [req-ad86a00b-3af8-4259-9b3f-03e84712123a req-ad86a00b-3af8-4259-9b3f-03e84712123a ] Request (HostsAdminTestJSON:setUpClass): 201 POST http://10.180.1.21/identity/v3/auth/tokens 0.089s
2025-04-03 00:34:43.884 69806 INFO tempest.lib.common.rest_client [req-64eb83be-438b-4c38-9dcb-e84d278599ec req-64eb83be-438b-4c38-9dcb-e84d278599ec ] Request (QuotasAdminTestV257:tearDownClass): 204 DELETE http://10.180.1.21:9696/networking/v2.0/security-groups/d4bc3311-f908-47b8-815a-ae53bac92a42 0.265s
2025-04-03 00:34:43.896 69822 INFO tempest.lib.common.rest_client [req-090871f1-d7b3-48ba-bf65-43a3f24a9620 req-090871f1-d7b3-48ba-bf65-43a3f24a9620 ] Request (AggregatesAdminNegativeTestJSON:_run_cleanups): 200 DELETE http://10.180.1.21/compute/v2.1/os-aggregates/1 1.528s
2025-04-03 00:34:43.914 69826 INFO tempest.lib.common.rest_client [req-b761311d-7df4-4954-a13b-71b2c6f74e3a req-b761311d-7df4-4954-a13b-71b2c6f74e3a ] Request (FlavorsExtraSpecsNegativeTestJSON:test_flavor_non_admin_update_specific_key): 200 POST http://10.180.1.21/compute/v2.1/flavors/897526480/os-extra_specs 1.461s
2025-04-03 00:34:43.931 69814 INFO tempest.lib.common.rest_client [req-da4c6806-afc4-47bd-9059-36435455bdff req-da4c6806-afc4-47bd-9059-36435455bdff ] Request (ServersWithSpecificFlavorTestJSON:test_verify_created_server_ephemeral_disk): 200 GET http://10.180.1.21/compute/v2.1/flavors/42/os-extra_specs 1.321s
2025-04-03 00:34:43.948 69828 INFO tempest.lib.common.rest_client [req-4b44071d-1837-4a4d-9bd6-06f922e08171 req-4b44071d-1837-4a4d-9bd6-06f922e08171 ] Request (FlavorsV2TestJSON:test_list_flavors_filter_by_min_disk): 200 GET http://10.180.1.21/compute/v2.1/flavors?minDisk=2 1.325s
2025-04-03 00:34:43.960 69834 INFO tempest.lib.common.rest_client [req-10dffc6c-17c7-4b38-9a07-d954245bc159 req-10dffc6c-17c7-4b38-9a07-d954245bc159 ] Request (HostsAdminNegativeTestJSON:test_reboot_nonexistent_host): 404 GET http://10.180.1.21/compute/v2.1/os-hosts/nonexistent_hostname/reboot 1.311s
2025-04-03 00:34:43.975 69832 INFO tempest.lib.common.rest_client [req-8c70eb8c-c576-4041-8908-2224b0679636 req-8c70eb8c-c576-4041-8908-2224b0679636 ] Request (FlavorsAccessTestJSON:_run_cleanups): 202 DELETE http://10.180.1.21/compute/v2.1/flavors/2020503679 1.285s
2025-04-03 00:34:43.984 69856 INFO tempest.lib.common.rest_client [req-6e273544-be1f-4d10-89a8-26118ec7dbd1 req-6e273544-be1f-4d10-89a8-26118ec7dbd1 ] Request (HypervisorAdminTestJSON:tearDownClass): 204 DELETE http://10.180.1.21/identity/v3/projects/65c31d25f5644f67a14dd46a6aa4b17b 0.152s
2025-04-03 00:34:43.985 69856 INFO tempest.lib.common.dynamic_creds [-] Deleting project and security group for project: c2f6f567b11748ba92fcdae2d583de2a
2025-04-03 00:34:43.988 69818 INFO tempest.lib.common.rest_client [req-b7447c79-0ad4-494e-82fc-300f694036c7 req-b7447c79-0ad4-494e-82fc-300f694036c7 ] Request (HypervisorAdminV228Test:tearDownClass): 204 DELETE http://10.180.1.21:9696/networking/v2.0/security-groups/9491f302-d398-4d92-8694-7123d5af11fb 0.328s
2025-04-03 00:34:44.042 69806 INFO tempest.lib.common.rest_client [req-b44bec53-9c82-4267-9fdc-283bbaf0dcfe req-b44bec53-9c82-4267-9fdc-283bbaf0dcfe ] Request (QuotasAdminTestV257:tearDownClass): 204 DELETE http://10.180.1.21/identity/v3/projects/828bcd2d6804446dacaceba06e6432b6 0.158s
2025-04-03 00:34:44.042 69806 INFO tempest.lib.common.dynamic_creds [-] Deleting project and security group for project: 4c30d8f4483347dc8557e6e585905f74
2025-04-03 00:34:44.130 69861 INFO tempest.lib.common.rest_client [req-321f2181-52c4-4db7-9c8d-77fe05d35643 req-321f2181-52c4-4db7-9c8d-77fe05d35643 ] Request (QuotaClassesAdmin257Test:test_update_default_quotas): 200 GET http://10.180.1.21/compute/v2.1/os-quota-class-sets/default 1.434s
2025-04-03 00:34:44.152 69848 INFO tempest.lib.common.rest_client [req-4411681d-7f37-401a-ae31-32a881db30c7 req-4411681d-7f37-401a-ae31-32a881db30c7 ] Request (FlavorsV261TestJSON:_run_cleanups): 202 DELETE http://10.180.1.21/compute/v2.1/flavors/1289238624 1.449s
2025-04-03 00:34:44.154 69818 INFO tempest.lib.common.rest_client [req-27c13e20-a266-4fd7-acdf-2ce345b66103 req-27c13e20-a266-4fd7-acdf-2ce345b66103 ] Request (HypervisorAdminV228Test:tearDownClass): 204 DELETE http://10.180.1.21/identity/v3/projects/a6228a3474dc4f0a9f01e0117939b09f 0.165s
2025-04-03 00:34:44.165 69858 INFO tempest.lib.common.rest_client [req-beaa8021-c9b6-4819-98c0-6705e12b0e29 req-beaa8021-c9b6-4819-98c0-6705e12b0e29 ] Request (FlavorsV255TestJSON:_run_cleanups): 202 DELETE http://10.180.1.21/compute/v2.1/flavors/805197566 1.458s
2025-04-03 00:34:44.177 69830 INFO tempest.lib.common.rest_client [req-6fd4c40d-308b-4e0d-aeb8-56514f56e7c2 req-6fd4c40d-308b-4e0d-aeb8-56514f56e7c2 ] Request (FlavorsAdminTestJSON:_run_cleanups): 202 DELETE http://10.180.1.21/compute/v2.1/flavors/1604517901 1.442s
2025-04-03 00:34:44.193 69836 INFO tempest.lib.common.rest_client [req-2e39c12b-8ccc-42d4-8a7e-7758dcfc0d0f req-2e39c12b-8ccc-42d4-8a7e-7758dcfc0d0f ] Request (FlavorsAccessNegativeTestJSON:test_flavor_access_list_with_public_flavor): 200 POST http://10.180.1.21/compute/v2.1/flavors 1.448s
2025-04-03 00:34:44.235 69818 INFO tempest.lib.common.rest_client [req-01fd3645-1868-4c6f-93cd-babe473c91c4 req-01fd3645-1868-4c6f-93cd-babe473c91c4 ] Request (FloatingIPsAssociationNegativeTestJSON:setUpClass): 201 POST http://10.180.1.21/identity/v3/auth/tokens 0.079s
2025-04-03 00:34:44.266 69818 INFO tempest.lib.common.rest_client [req-f13ef386-24f6-410f-8dc0-c49be88fa3f3 req-f13ef386-24f6-410f-8dc0-c49be88fa3f3 ] Request (FloatingIPsAssociationNegativeTestJSON:setUpClass): 201 POST http://10.180.1.21/identity/v3/auth/tokens 0.028s
2025-04-03 00:34:44.295 69818 INFO tempest.lib.common.rest_client [req-ef6869dc-6545-4b2c-9f12-8d1a15121249 req-ef6869dc-6545-4b2c-9f12-8d1a15121249 ] Request (FloatingIPsAssociationNegativeTestJSON:setUpClass): 200 GET http://10.180.1.21/identity/v3/domains?name=Default 0.029s
2025-04-03 00:34:44.333 69818 INFO tempest.lib.common.rest_client [req-c4deab9b-9cca-47bb-ba5a-6a87337382b7 req-c4deab9b-9cca-47bb-ba5a-6a87337382b7 ] Request (FloatingIPsAssociationNegativeTestJSON:setUpClass): 201 POST http://10.180.1.21/identity/v3/projects 0.037s
2025-04-03 00:34:44.350 69840 INFO tempest.lib.common.rest_client [req-8120e692-05e4-457f-8df3-0d03a3b30a71 req-8120e692-05e4-457f-8df3-0d03a3b30a71 ] Request (ListImagesTestJSON:test_get_image): 200 GET http://10.180.1.21/compute/v2.1/images/bd3d944b-0fb1-4ff6-ae34-4ee3c836dde4 1.334s
2025-04-03 00:34:44.405 69818 INFO tempest.lib.common.rest_client [req-1531e0e3-305c-4739-9b05-4e146e0df946 req-1531e0e3-305c-4739-9b05-4e146e0df946 ] Request (FloatingIPsAssociationNegativeTestJSON:setUpClass): 201 POST http://10.180.1.21/identity/v3/users 0.071s
2025-04-03 00:34:44.435 69818 INFO tempest.lib.common.rest_client [req-a321ac8e-c782-476d-ae7c-4097b907733c req-a321ac8e-c782-476d-ae7c-4097b907733c ] Request (FloatingIPsAssociationNegativeTestJSON:setUpClass): 200 GET http://10.180.1.21/identity/v3/roles 0.030s
2025-04-03 00:34:44.452 69810 INFO tempest.lib.common.rest_client [req-675a05c8-5862-4910-8144-3596d9120ad5 req-675a05c8-5862-4910-8144-3596d9120ad5 ] Request (FloatingIPsAssociationTestJSON:setUpClass): 200 GET http://10.180.1.21/compute/v2.1/servers/74b0bc13-7b1f-4c6f-938a-d7bd00d3d819 1.136s
2025-04-03 00:34:44.460 69810 INFO tempest.common.waiters [-] State transition "BUILD/None" ==> "BUILD/networking" after 5 second wait
2025-04-03 00:34:44.462 69818 INFO tempest.lib.common.rest_client [req-3d46a9e8-7d23-4826-9f09-c47d4454bc2a req-3d46a9e8-7d23-4826-9f09-c47d4454bc2a ] Request (FloatingIPsAssociationNegativeTestJSON:setUpClass): 204 PUT http://10.180.1.21/identity/v3/projects/287912436f0448d18c525e396defbd1a/users/ff2ae18b9542433ab82ad374812ee46d/roles/3fff3c04c67c4dd3b43b8baca305b8a9 0.027s
2025-04-03 00:34:44.463 69818 INFO tempest.lib.common.dynamic_creds [-] Dynamic test user ff2ae18b9542433ab82ad374812ee46d is created with scope project and roles: ['member']
2025-04-03 00:34:44.463 69818 INFO tempest.lib.common.dynamic_creds [-] Acquired dynamic creds: credentials: Credentials: {'domain_id': 'default', 'domain_name': 'Default', 'username': 'tempest-FloatingIPsAssociationNegativeTestJSON-734828767-project-member', 'project_domain_id': 'default', 'project_domain_name': 'Default', 'project_id': '287912436f0448d18c525e396defbd1a', 'project_name': 'tempest-FloatingIPsAssociationNegativeTestJSON-734828767', 'tenant_id': '287912436f0448d18c525e396defbd1a', 'tenant_name': 'tempest-FloatingIPsAssociationNegativeTestJSON-734828767', 'user_domain_id': 'default', 'user_domain_name': 'Default', 'user_id': 'ff2ae18b9542433ab82ad374812ee46d', 'system': None}, Network: None, Subnet: None, Router: None
2025-04-03 00:34:44.526 69818 INFO tempest.lib.common.rest_client [req-cebad363-0f14-40c0-8be7-929116b0303b req-cebad363-0f14-40c0-8be7-929116b0303b ] Request (FloatingIPsAssociationNegativeTestJSON:setUpClass): 201 POST http://10.180.1.21/identity/v3/auth/tokens 0.063s
2025-04-03 00:34:44.561 69856 INFO tempest.lib.common.rest_client [req-38b446ee-6b32-4539-8050-f527a5827a06 req-38b446ee-6b32-4539-8050-f527a5827a06 ] Request (HypervisorAdminTestJSON:tearDownClass): 200 GET http://10.180.1.21:9696/networking/v2.0/security-groups?tenant_id=c2f6f567b11748ba92fcdae2d583de2a&name=default 0.575s
2025-04-03 00:34:44.607 69806 INFO tempest.lib.common.rest_client [req-af4b1931-973f-4552-99e3-35ecd0c8abfd req-af4b1931-973f-4552-99e3-35ecd0c8abfd ] Request (QuotasAdminTestV257:tearDownClass): 200 GET http://10.180.1.21:9696/networking/v2.0/security-groups?tenant_id=4c30d8f4483347dc8557e6e585905f74&name=default 0.565s
2025-04-03 00:34:44.650 69862 INFO tempest.lib.common.rest_client [req-3fa1d915-adf2-4fa0-8a5b-b3e2b46e8da1 req-3fa1d915-adf2-4fa0-8a5b-b3e2b46e8da1 ] Request (MigrationsAdminTest:test_list_migrations_in_flavor_resize_situation): 200 GET http://10.180.1.21/compute/v2.1/servers/a22b3977-2a6f-4f01-949d-874208903ff4 1.185s
2025-04-03 00:34:44.658 69862 INFO tempest.common.waiters [-] State transition "BUILD/networking" ==> "BUILD/spawning" after 5 second wait
2025-04-03 00:34:44.727 69844 INFO tempest.lib.common.rest_client [req-56380eaf-5c21-4a89-8f03-8586860dc8b6 req-56380eaf-5c21-4a89-8f03-8586860dc8b6 ] Request (ServersAdmin275Test:test_rebuild_update_server_275): 200 GET http://10.180.1.21/compute/v2.1/servers/9bd2025e-7af4-4366-aca0-418da39f9547 1.053s
2025-04-03 00:34:44.783 69856 INFO tempest.lib.common.rest_client [req-83d8858d-b20a-4eee-9d19-16cc116ba10f req-83d8858d-b20a-4eee-9d19-16cc116ba10f ] Request (HypervisorAdminTestJSON:tearDownClass): 204 DELETE http://10.180.1.21:9696/networking/v2.0/security-groups/2e7fb60a-fab3-4b67-b573-ab3c213bdb20 0.221s
2025-04-03 00:34:44.807 69804 INFO tempest.lib.common.rest_client [req-5e16957b-6161-4af5-a863-950e4ae458d1 req-5e16957b-6161-4af5-a863-950e4ae458d1 ] Request (ServersAdminTestJSON:setUpClass): 200 GET http://10.180.1.21/compute/v2.1/servers/06613882-ee95-461f-8ba1-d2cdf8842329 0.982s
2025-04-03 00:34:44.869 69856 INFO tempest.lib.common.rest_client [req-929690cb-f5ae-497e-8463-005492c84e8a req-929690cb-f5ae-497e-8463-005492c84e8a ] Request (HypervisorAdminTestJSON:tearDownClass): 204 DELETE http://10.180.1.21/identity/v3/projects/c2f6f567b11748ba92fcdae2d583de2a 0.086s
2025-04-03 00:34:44.888 69806 INFO tempest.lib.common.rest_client [req-24031de4-086a-4f32-936f-1b145a2d90c7 req-24031de4-086a-4f32-936f-1b145a2d90c7 ] Request (QuotasAdminTestV257:tearDownClass): 204 DELETE http://10.180.1.21:9696/networking/v2.0/security-groups/6d4cfe9b-7877-495f-a064-ba80d25710d1 0.281s
2025-04-03 00:34:44.907 69812 INFO tempest.lib.common.rest_client [req-48759f9c-cc6d-42c8-8d6d-9718fbec34bf req-48759f9c-cc6d-42c8-8d6d-9718fbec34bf ] Request (FloatingIPDetailsNegativeTestJSON:tearDownClass): 200 PUT http://10.180.1.21:9696/networking/v2.0/routers/a21ea3d5-31c4-49bd-a459-898cb7dda10a/remove_router_interface 2.688s
2025-04-03 00:34:44.942 69838 INFO tempest.lib.common.rest_client [req-3cc14b3d-2ac5-4275-b73b-4b9099366070 req-3cc14b3d-2ac5-4275-b73b-4b9099366070 ] Request (ServicesAdminNegativeTestJSON:test_list_services_with_non_admin_user): 403 GET http://10.180.1.21/compute/v2.1/os-services 1.089s
2025-04-03 00:34:44.952 69856 INFO tempest.lib.common.rest_client [req-993d813a-2ff6-4f14-a0fa-ba17f82e674e req-993d813a-2ff6-4f14-a0fa-ba17f82e674e ] Request (InstanceUsageAuditLogNegativeTestJSON:setUpClass): 201 POST http://10.180.1.21/identity/v3/auth/tokens 0.081s
2025-04-03 00:34:44.965 69854 INFO tempest.lib.common.rest_client [req-16d312f0-61e0-4bfe-bde2-791e35cfafa4 req-16d312f0-61e0-4bfe-bde2-791e35cfafa4 ] Request (FlavorsExtraSpecsTestJSON:test_flavor_set_get_update_show_unset_keys): 200 DELETE http://10.180.1.21/compute/v2.1/flavors/1900865469/os-extra_specs/hw:numa_nodes 1.092s
2025-04-03 00:34:45.016 69838 INFO tempest.lib.common.rest_client [req-62e8f48d-aff7-4d87-9838-eecd513dc355 req-62e8f48d-aff7-4d87-9838-eecd513dc355 ] Request (ServicesAdminNegativeTestJSON:tearDownClass): 204 DELETE http://10.180.1.21/identity/v3/users/24b0bb625ebd4ff287764ad29e751e43 0.072s
2025-04-03 00:34:45.027 69818 INFO tempest.lib.common.rest_client [req-3b8bc02f-73b1-4e66-9db1-8d365f78429e req-3b8bc02f-73b1-4e66-9db1-8d365f78429e ] Request (FloatingIPsAssociationNegativeTestJSON:setUpClass): 201 POST http://10.180.1.21:9696/networking/v2.0/networks 0.501s
2025-04-03 00:34:45.031 69806 INFO tempest.lib.common.rest_client [req-d2d5dc31-cdad-4260-9e7f-55a3f03c866b req-d2d5dc31-cdad-4260-9e7f-55a3f03c866b ] Request (QuotasAdminTestV257:tearDownClass): 204 DELETE http://10.180.1.21/identity/v3/projects/4c30d8f4483347dc8557e6e585905f74 0.140s
2025-04-03 00:34:45.079 69856 INFO tempest.lib.common.rest_client [req-e4923655-a48c-40ec-ab98-e599580571f2 req-e4923655-a48c-40ec-ab98-e599580571f2 ] Request (InstanceUsageAuditLogNegativeTestJSON:setUpClass): 201 POST http://10.180.1.21/identity/v3/auth/tokens 0.124s
2025-04-03 00:34:45.141 69838 INFO tempest.lib.common.rest_client [req-49d2852a-6c43-41ea-a50d-aed5e882acbb req-49d2852a-6c43-41ea-a50d-aed5e882acbb ] Request (ServicesAdminNegativeTestJSON:tearDownClass): 204 DELETE http://10.180.1.21/identity/v3/users/31fc77a7fbad4bdf84c236b9e3ce89ad 0.124s
2025-04-03 00:34:45.141 69838 INFO tempest.lib.common.dynamic_creds [-] Deleting project and security group for project: 2dc5707f8bba41008c59cdc65a3c90e9
2025-04-03 00:34:45.197 69850 INFO tempest.lib.common.rest_client [req-731ebb91-32a7-4796-a8fe-e4daf788497e req-731ebb91-32a7-4796-a8fe-e4daf788497e ] Request (FloatingIPDetailsTestJSON:setUpClass): 200 POST http://10.180.1.21/compute/v2.1/os-floating-ips 3.063s
2025-04-03 00:34:45.209 69806 INFO tempest.lib.common.rest_client [req-13eb813f-2cc5-43ac-9346-7532e637ba68 req-13eb813f-2cc5-43ac-9346-7532e637ba68 ] Request (QuotasAdminNegativeTest:setUpClass): 201 POST http://10.180.1.21/identity/v3/auth/tokens 0.176s
2025-04-03 00:34:45.237 69842 INFO tempest.lib.common.rest_client [req-8352a704-e41b-4a45-8ed4-c9b19f9a7be1 req-8352a704-e41b-4a45-8ed4-c9b19f9a7be1 ] Request (HostsAdminTestJSON:test_list_hosts): 200 GET http://10.180.1.21/compute/v2.1/os-hosts 1.357s
2025-04-03 00:34:45.239 69822 INFO tempest.lib.common.rest_client [req-10b96239-eae2-403a-a5e8-e546cc996e3b req-10b96239-eae2-403a-a5e8-e546cc996e3b ] Request (AggregatesAdminNegativeTestJSON:test_aggregate_add_host_as_user): 200 POST http://10.180.1.21/compute/v2.1/os-aggregates 1.338s
2025-04-03 00:34:45.256 69826 INFO tempest.lib.common.rest_client [req-5b45573e-b6e0-425d-98e8-ed3adfe12250 req-5b45573e-b6e0-425d-98e8-ed3adfe12250 ] Request (FlavorsExtraSpecsNegativeTestJSON:test_flavor_non_admin_update_specific_key): 403 PUT http://10.180.1.21/compute/v2.1/flavors/897526480/os-extra_specs/hw:numa_nodes 1.340s
2025-04-03 00:34:45.262 69856 INFO tempest.lib.common.rest_client [req-84ec7cda-3242-4878-b64e-80d36d7a4b49 req-84ec7cda-3242-4878-b64e-80d36d7a4b49 ] Request (InstanceUsageAuditLogNegativeTestJSON:setUpClass): 200 GET http://10.180.1.21/identity/v3/domains?name=Default 0.183s
2025-04-03 00:34:45.270 69838 INFO tempest.lib.common.rest_client [req-9ff351c5-088f-491f-89c3-48a044a55fae req-9ff351c5-088f-491f-89c3-48a044a55fae ] Request (ServicesAdminNegativeTestJSON:tearDownClass): 201 POST http://10.180.1.21/identity/v3/auth/tokens 0.129s
2025-04-03 00:34:45.287 69814 INFO tempest.lib.common.rest_client [req-e1bf2512-ad5d-4980-b852-d529598ac880 req-e1bf2512-ad5d-4980-b852-d529598ac880 ] Request (ServersWithSpecificFlavorTestJSON:test_verify_created_server_ephemeral_disk): 200 POST http://10.180.1.21/compute/v2.1/flavors/1599809731/os-extra_specs 1.355s
2025-04-03 00:34:45.307 69806 INFO tempest.lib.common.rest_client [req-4c62bab8-40e0-4389-8bc3-85a7e1fd6b09 req-4c62bab8-40e0-4389-8bc3-85a7e1fd6b09 ] Request (QuotasAdminNegativeTest:setUpClass): 201 POST http://10.180.1.21/identity/v3/auth/tokens 0.094s
2025-04-03 00:34:45.313 69828 INFO tempest.lib.common.rest_client [req-76299462-fc06-47bf-a50a-fc4180302838 req-76299462-fc06-47bf-a50a-fc4180302838 ] Request (FlavorsV2TestJSON:test_list_flavors_filter_by_min_ram): 200 GET http://10.180.1.21/compute/v2.1/flavors/42 1.360s
2025-04-03 00:34:45.325 69856 INFO tempest.lib.common.rest_client [req-3c8fc496-b3fd-4a72-b130-d249f911863d req-3c8fc496-b3fd-4a72-b130-d249f911863d ] Request (InstanceUsageAuditLogNegativeTestJSON:setUpClass): 201 POST http://10.180.1.21/identity/v3/projects 0.062s
2025-04-03 00:34:45.374 69846 INFO tempest.lib.common.rest_client [req-1f057263-56f4-4ecb-ac8e-96fcd1ca7cb5 req-1f057263-56f4-4ecb-ac8e-96fcd1ca7cb5 ] Request (ImagesOneServerNegativeTestJSON:setUpClass): 200 GET http://10.180.1.21/compute/v2.1/servers/2e0df378-21a8-4176-8f9f-e8c891987442 1.427s
2025-04-03 00:34:45.383 69834 INFO tempest.lib.common.rest_client [req-82efe579-3c2f-4139-a6f0-d563fc2dbe96 req-82efe579-3c2f-4139-a6f0-d563fc2dbe96 ] Request (HostsAdminNegativeTestJSON:test_show_host_detail_with_non_admin_user): 403 GET http://10.180.1.21/compute/v2.1/os-hosts/devstack 1.420s
2025-04-03 00:34:45.420 69832 INFO tempest.lib.common.rest_client [req-6b629cea-2883-4273-aa67-8973f5b117b2 req-6b629cea-2883-4273-aa67-8973f5b117b2 ] Request (FlavorsAccessTestJSON:_run_cleanups): 200 GET http://10.180.1.21/compute/v2.1/flavors/detail 1.444s
2025-04-03 00:34:45.426 69806 INFO tempest.lib.common.rest_client [req-552afb6e-b427-4df2-9911-3ba16c8c1bc4 req-552afb6e-b427-4df2-9911-3ba16c8c1bc4 ] Request (QuotasAdminNegativeTest:setUpClass): 200 GET http://10.180.1.21/identity/v3/domains?name=Default 0.118s
2025-04-03 00:34:45.461 69856 INFO tempest.lib.common.rest_client [req-9dbb4d98-de43-43b3-99f6-2292b8b98d4e req-9dbb4d98-de43-43b3-99f6-2292b8b98d4e ] Request (InstanceUsageAuditLogNegativeTestJSON:setUpClass): 201 POST http://10.180.1.21/identity/v3/users 0.136s
2025-04-03 00:34:45.462 69806 INFO tempest.lib.common.rest_client [req-16ad613f-12c2-4e52-8ca0-9b36dc966c4c req-16ad613f-12c2-4e52-8ca0-9b36dc966c4c ] Request (QuotasAdminNegativeTest:setUpClass): 201 POST http://10.180.1.21/identity/v3/projects 0.035s
2025-04-03 00:34:45.535 69856 INFO tempest.lib.common.rest_client [req-6051f437-8e11-432b-8bb3-ad2c7d19bcea req-6051f437-8e11-432b-8bb3-ad2c7d19bcea ] Request (InstanceUsageAuditLogNegativeTestJSON:setUpClass): 200 GET http://10.180.1.21/identity/v3/roles 0.074s
2025-04-03 00:34:45.549 69806 INFO tempest.lib.common.rest_client [req-f240eb13-5b2a-4ec2-b080-3bc0c3569d41 req-f240eb13-5b2a-4ec2-b080-3bc0c3569d41 ] Request (QuotasAdminNegativeTest:setUpClass): 201 POST http://10.180.1.21/identity/v3/users 0.087s
2025-04-03 00:34:45.569 69856 INFO tempest.lib.common.rest_client [req-9dbd17e8-e68d-4fe5-ab20-af1ac23d4429 req-9dbd17e8-e68d-4fe5-ab20-af1ac23d4429 ] Request (InstanceUsageAuditLogNegativeTestJSON:setUpClass): 204 PUT http://10.180.1.21/identity/v3/projects/dda70089c46e469f939ec761ae60ee1e/users/a1416416127546e5bfe89c58be0cc381/roles/3fff3c04c67c4dd3b43b8baca305b8a9 0.033s
2025-04-03 00:34:45.569 69856 INFO tempest.lib.common.dynamic_creds [-] Dynamic test user a1416416127546e5bfe89c58be0cc381 is created with scope project and roles: ['member']
2025-04-03 00:34:45.569 69856 INFO tempest.lib.common.dynamic_creds [-] Acquired dynamic creds: credentials: Credentials: {'domain_id': 'default', 'domain_name': 'Default', 'username': 'tempest-InstanceUsageAuditLogNegativeTestJSON-1273680242-project-member', 'project_domain_id': 'default', 'project_domain_name': 'Default', 'project_id': 'dda70089c46e469f939ec761ae60ee1e', 'project_name': 'tempest-InstanceUsageAuditLogNegativeTestJSON-1273680242', 'tenant_id': 'dda70089c46e469f939ec761ae60ee1e', 'tenant_name': 'tempest-InstanceUsageAuditLogNegativeTestJSON-1273680242', 'user_domain_id': 'default', 'user_domain_name': 'Default', 'user_id': 'a1416416127546e5bfe89c58be0cc381', 'system': None}, Network: None, Subnet: None, Router: None
2025-04-03 00:34:45.569 69856 INFO tempest.lib.common.dynamic_creds [-] Created isolated network resources for: credentials: Credentials: {'domain_id': 'default', 'domain_name': 'Default', 'username': 'tempest-InstanceUsageAuditLogNegativeTestJSON-1273680242-project-member', 'project_domain_id': 'default', 'project_domain_name': 'Default', 'project_id': 'dda70089c46e469f939ec761ae60ee1e', 'project_name': 'tempest-InstanceUsageAuditLogNegativeTestJSON-1273680242', 'tenant_id': 'dda70089c46e469f939ec761ae60ee1e', 'tenant_name': 'tempest-InstanceUsageAuditLogNegativeTestJSON-1273680242', 'user_domain_id': 'default', 'user_domain_name': 'Default', 'user_id': 'a1416416127546e5bfe89c58be0cc381', 'system': None}, Network: None, Subnet: None, Router: None
2025-04-03 00:34:45.571 69806 INFO tempest.lib.common.rest_client [req-1f04f278-d3d2-409a-8aaf-347e4a20ad57 req-1f04f278-d3d2-409a-8aaf-347e4a20ad57 ] Request (QuotasAdminNegativeTest:setUpClass): 200 GET http://10.180.1.21/identity/v3/roles 0.021s
2025-04-03 00:34:45.587 69852 INFO tempest.lib.common.rest_client [req-aca47cdf-9cc5-4b18-a4a4-867f10321db0 req-aca47cdf-9cc5-4b18-a4a4-867f10321db0 ] Request (ImagesTestJSON:test_create_image_from_stopped_server): 200 GET http://10.180.1.21/compute/v2.1/servers/56942e43-4cfd-4cbd-bc0e-a39efc43df85 1.556s
2025-04-03 00:34:45.631 69818 INFO tempest.lib.common.rest_client [req-0a5e92be-672b-45c4-b2da-55d789d4b087 req-0a5e92be-672b-45c4-b2da-55d789d4b087 ] Request (FloatingIPsAssociationNegativeTestJSON:setUpClass): 201 POST http://10.180.1.21:9696/networking/v2.0/subnets 0.603s
2025-04-03 00:34:45.648 69856 INFO tempest.lib.common.rest_client [req-f8172709-3d80-47a6-b53f-77f95acb08bd req-f8172709-3d80-47a6-b53f-77f95acb08bd ] Request (InstanceUsageAuditLogNegativeTestJSON:setUpClass): 201 POST http://10.180.1.21/identity/v3/auth/tokens 0.074s
2025-04-03 00:34:45.658 69806 INFO tempest.lib.common.rest_client [req-4d7d6fae-4186-410f-a6a0-88b5698b080d req-4d7d6fae-4186-410f-a6a0-88b5698b080d ] Request (QuotasAdminNegativeTest:setUpClass): 204 PUT http://10.180.1.21/identity/v3/projects/861655d0236e426c90b1cb876d5c2589/users/bd2dfdb3f6c948d1b21c58ef6a49abd6/roles/3fff3c04c67c4dd3b43b8baca305b8a9 0.086s
2025-04-03 00:34:45.659 69806 INFO tempest.lib.common.dynamic_creds [-] Dynamic test user bd2dfdb3f6c948d1b21c58ef6a49abd6 is created with scope project and roles: ['member']
2025-04-03 00:34:45.659 69806 INFO tempest.lib.common.dynamic_creds [-] Acquired dynamic creds: credentials: Credentials: {'domain_id': 'default', 'domain_name': 'Default', 'username': 'tempest-QuotasAdminNegativeTest-757484463-project-member', 'project_domain_id': 'default', 'project_domain_name': 'Default', 'project_id': '861655d0236e426c90b1cb876d5c2589', 'project_name': 'tempest-QuotasAdminNegativeTest-757484463', 'tenant_id': '861655d0236e426c90b1cb876d5c2589', 'tenant_name': 'tempest-QuotasAdminNegativeTest-757484463', 'user_domain_id': 'default', 'user_domain_name': 'Default', 'user_id': 'bd2dfdb3f6c948d1b21c58ef6a49abd6', 'system': None}, Network: None, Subnet: None, Router: None
2025-04-03 00:34:45.659 69806 INFO tempest.lib.common.dynamic_creds [-] Created isolated network resources for: credentials: Credentials: {'domain_id': 'default', 'domain_name': 'Default', 'username': 'tempest-QuotasAdminNegativeTest-757484463-project-member', 'project_domain_id': 'default', 'project_domain_name': 'Default', 'project_id': '861655d0236e426c90b1cb876d5c2589', 'project_name': 'tempest-QuotasAdminNegativeTest-757484463', 'tenant_id': '861655d0236e426c90b1cb876d5c2589', 'tenant_name': 'tempest-QuotasAdminNegativeTest-757484463', 'user_domain_id': 'default', 'user_domain_name': 'Default', 'user_id': 'bd2dfdb3f6c948d1b21c58ef6a49abd6', 'system': None}, Network: None, Subnet: None, Router: None
2025-04-03 00:34:45.673 69864 INFO tempest.lib.common.rest_client [req-9db71bf3-6df7-4515-9498-d25d2f19dd22 req-9db71bf3-6df7-4515-9498-d25d2f19dd22 ] Request (ServerDiskConfigTestJSON:test_rebuild_server_with_auto_disk_config): 200 GET http://10.180.1.21/compute/v2.1/servers/6778c0cd-ea9a-4cdc-80dd-e53e8b1dd7b1 1.634s
2025-04-03 00:34:45.727 69856 INFO tempest.lib.common.rest_client [req-63b35c1c-2eaf-4de5-8b18-6e97d1633e50 req-63b35c1c-2eaf-4de5-8b18-6e97d1633e50 ] Request (InstanceUsageAuditLogNegativeTestJSON:setUpClass): 201 POST http://10.180.1.21/identity/v3/projects 0.078s
2025-04-03 00:34:45.730 69820 INFO tempest.lib.common.rest_client [req-86adffed-bf23-4579-b7ab-b754fc5ceedb req-86adffed-bf23-4579-b7ab-b754fc5ceedb ] Request (DeleteServersAdminTestJSON:test_admin_delete_servers_of_others): 200 GET http://10.180.1.21/compute/v2.1/servers/1bb09fa7-06dd-4362-b8e7-b0cf82e18056 1.772s
2025-04-03 00:34:45.736 69806 INFO tempest.lib.common.rest_client [req-9c97e737-8ef0-467a-8cfe-e28fdf4ea528 req-9c97e737-8ef0-467a-8cfe-e28fdf4ea528 ] Request (QuotasAdminNegativeTest:setUpClass): 201 POST http://10.180.1.21/identity/v3/auth/tokens 0.068s
2025-04-03 00:34:45.763 69848 INFO tempest.lib.common.rest_client [req-3275369a-b756-45c0-9100-1458fdab9066 req-3275369a-b756-45c0-9100-1458fdab9066 ] Request (FlavorsV261TestJSON:_run_cleanups): 200 GET http://10.180.1.21/compute/v2.1/flavors/detail 1.610s
2025-04-03 00:34:45.786 69861 INFO tempest.lib.common.rest_client [req-5eee088d-d4e3-434f-9c7b-7cd4a96724a5 req-5eee088d-d4e3-434f-9c7b-7cd4a96724a5 ] Request (QuotaClassesAdmin257Test:test_update_default_quotas): 200 PUT http://10.180.1.21/compute/v2.1/os-quota-class-sets/default 1.654s
2025-04-03 00:34:45.788 69856 INFO tempest.lib.common.rest_client [req-690e1188-2ef0-4462-8159-540ba038007d req-690e1188-2ef0-4462-8159-540ba038007d ] Request (InstanceUsageAuditLogNegativeTestJSON:setUpClass): 201 POST http://10.180.1.21/identity/v3/users 0.061s
2025-04-03 00:34:45.791 69858 INFO tempest.lib.common.rest_client [req-766c48b7-18c7-49b3-8642-fd20a07afb88 req-766c48b7-18c7-49b3-8642-fd20a07afb88 ] Request (FlavorsV255TestJSON:_run_cleanups): 200 GET http://10.180.1.21/compute/v2.1/flavors/detail 1.626s
2025-04-03 00:34:45.811 69836 INFO tempest.lib.common.rest_client [req-0a9764dd-271b-4cab-8701-f175a0a7bca5 req-0a9764dd-271b-4cab-8701-f175a0a7bca5 ] Request (FlavorsAccessNegativeTestJSON:test_flavor_access_list_with_public_flavor): 404 GET http://10.180.1.21/compute/v2.1/flavors/1381071260/os-flavor-access 1.614s
2025-04-03 00:34:45.828 69806 INFO tempest.lib.common.rest_client [req-dac9b9ea-e750-49f6-bd42-07e41515b847 req-dac9b9ea-e750-49f6-bd42-07e41515b847 ] Request (QuotasAdminNegativeTest:setUpClass): 201 POST http://10.180.1.21/identity/v3/projects 0.091s
2025-04-03 00:34:45.830 69830 INFO tempest.lib.common.rest_client [req-11445010-db9e-40b4-8887-87e2d219a659 req-11445010-db9e-40b4-8887-87e2d219a659 ] Request (FlavorsAdminTestJSON:_run_cleanups): 200 GET http://10.180.1.21/compute/v2.1/flavors/detail 1.648s
2025-04-03 00:34:45.860 69848 INFO tempest.lib.common.rest_client [req-1aab1939-ab2c-47ff-82a7-fb9ffe2c5fbe req-1aab1939-ab2c-47ff-82a7-fb9ffe2c5fbe ] Request (FlavorsV261TestJSON:tearDownClass): 204 DELETE http://10.180.1.21/identity/v3/users/5e198208b5794b39b62f24ff032c6b34 0.078s
2025-04-03 00:34:45.912 69856 INFO tempest.lib.common.rest_client [req-d3a34da0-87b9-413a-a35d-dbf3eb47fa4f req-d3a34da0-87b9-413a-a35d-dbf3eb47fa4f ] Request (InstanceUsageAuditLogNegativeTestJSON:setUpClass): 200 GET http://10.180.1.21/identity/v3/roles 0.123s
2025-04-03 00:34:45.938 69806 INFO tempest.lib.common.rest_client [req-e5349e04-22fc-4e46-bb01-4edcebd30ef8 req-e5349e04-22fc-4e46-bb01-4edcebd30ef8 ] Request (QuotasAdminNegativeTest:setUpClass): 201 POST http://10.180.1.21/identity/v3/users 0.110s
2025-04-03 00:34:45.947 69858 INFO tempest.lib.common.rest_client [req-d3e39daf-592c-413e-8c33-8f8b4cff05a5 req-d3e39daf-592c-413e-8c33-8f8b4cff05a5 ] Request (FlavorsV255TestJSON:tearDownClass): 204 DELETE http://10.180.1.21/identity/v3/users/1b0a08a55afd4711b4807ba37a245aba 0.132s
2025-04-03 00:34:45.974 69824 INFO tempest.lib.common.rest_client [req-1d8b4529-94b5-4e3f-b98c-46107ad51d89 req-1d8b4529-94b5-4e3f-b98c-46107ad51d89 ] Request (ServerExternalEventsTest:test_create_server_external_events): 200 GET http://10.180.1.21/compute/v2.1/servers/63aaa0e8-e834-41b2-8522-3e26ad687971 1.605s
2025-04-03 00:34:45.982 69840 INFO tempest.lib.common.rest_client [req-db0e4777-bd7a-4cda-afb9-ba37dcea6406 req-db0e4777-bd7a-4cda-afb9-ba37dcea6406 ] Request (ListImagesTestJSON:test_list_images): 200 GET http://10.180.1.21/compute/v2.1/images 1.627s
2025-04-03 00:34:45.988 69854 INFO tempest.lib.common.rest_client [req-a025a1d6-70d4-4be9-b1de-732f462dfbef req-a025a1d6-70d4-4be9-b1de-732f462dfbef ] Request (FlavorsExtraSpecsTestJSON:test_flavor_set_get_update_show_unset_keys): 200 DELETE http://10.180.1.21/compute/v2.1/flavors/1900865469/os-extra_specs/hw:cpu_policy 1.022s
2025-04-03 00:34:46.004 69856 INFO tempest.lib.common.rest_client [req-575114b5-a168-44a1-8397-670830c8243a req-575114b5-a168-44a1-8397-670830c8243a ] Request (InstanceUsageAuditLogNegativeTestJSON:setUpClass): 204 PUT http://10.180.1.21/identity/v3/projects/f84cc4214a744482a9acc5fcc416aa7d/users/198b92dfd92443608831c0b118b493a7/roles/a04229b8b0c749d9be039889a50daadb 0.089s
2025-04-03 00:34:46.020 69848 INFO tempest.lib.common.rest_client [req-d15cc08f-790d-4f65-94f1-64b776dacc2f req-d15cc08f-790d-4f65-94f1-64b776dacc2f ] Request (FlavorsV261TestJSON:tearDownClass): 204 DELETE http://10.180.1.21/identity/v3/users/afe3de4951124f36be91a30b92894ac5 0.160s
2025-04-03 00:34:46.021 69848 INFO tempest.lib.common.dynamic_creds [-] Deleting project and security group for project: 336cc5cac3414094a027e4b4a156b41c
2025-04-03 00:34:46.087 69806 INFO tempest.lib.common.rest_client [req-43025cd3-2a49-48fd-bbb0-9f6b400c6a03 req-43025cd3-2a49-48fd-bbb0-9f6b400c6a03 ] Request (QuotasAdminNegativeTest:setUpClass): 200 GET http://10.180.1.21/identity/v3/roles 0.147s
2025-04-03 00:34:46.105 69858 INFO tempest.lib.common.rest_client [req-0ba078af-f657-4c69-94c5-cd47e1ff377e req-0ba078af-f657-4c69-94c5-cd47e1ff377e ] Request (FlavorsV255TestJSON:tearDownClass): 204 DELETE http://10.180.1.21/identity/v3/users/f13fa34b9e044dd499b65a53e565159c 0.157s
2025-04-03 00:34:46.105 69858 INFO tempest.lib.common.dynamic_creds [-] Deleting project and security group for project: b111fb66863f46fdb4acb714bd9cd7f5
2025-04-03 00:34:46.157 69838 INFO tempest.lib.common.rest_client [req-0f47fea9-f099-4731-b4cc-f6951716f983 req-0f47fea9-f099-4731-b4cc-f6951716f983 ] Request (ServicesAdminNegativeTestJSON:tearDownClass): 200 GET http://10.180.1.21:9696/networking/v2.0/security-groups?tenant_id=2dc5707f8bba41008c59cdc65a3c90e9&name=default 0.886s
2025-04-03 00:34:46.164 69856 INFO tempest.lib.common.rest_client [req-53251405-a47a-488a-b364-82fb544b5cf2 req-53251405-a47a-488a-b364-82fb544b5cf2 ] Request (InstanceUsageAuditLogNegativeTestJSON:setUpClass): 200 GET http://10.180.1.21/identity/v3/roles 0.159s
2025-04-03 00:34:46.165 69812 INFO tempest.lib.common.rest_client [req-944c289f-a83a-496d-98b7-a7d6dbfa665d req-944c289f-a83a-496d-98b7-a7d6dbfa665d ] Request (FloatingIPDetailsNegativeTestJSON:tearDownClass): 204 DELETE http://10.180.1.21:9696/networking/v2.0/routers/a21ea3d5-31c4-49bd-a459-898cb7dda10a 1.257s
2025-04-03 00:34:46.196 69848 INFO tempest.lib.common.rest_client [req-de74c4e3-93e8-47f1-af2c-d65c93186578 req-de74c4e3-93e8-47f1-af2c-d65c93186578 ] Request (FlavorsV261TestJSON:tearDownClass): 201 POST http://10.180.1.21/identity/v3/auth/tokens 0.175s
2025-04-03 00:34:46.234 69806 INFO tempest.lib.common.rest_client [req-80e035c9-aba8-4f4e-9f83-a9f61e15f294 req-80e035c9-aba8-4f4e-9f83-a9f61e15f294 ] Request (QuotasAdminNegativeTest:setUpClass): 204 PUT http://10.180.1.21/identity/v3/projects/14788b6e9dc54deeadca50bd6123245c/users/9563a08c5d4242169f7645bb1f11c61f/roles/a04229b8b0c749d9be039889a50daadb 0.146s
2025-04-03 00:34:46.238 69822 INFO tempest.lib.common.rest_client [req-7c188b52-7fc4-496d-a8dd-4f0781bd33ee req-7c188b52-7fc4-496d-a8dd-4f0781bd33ee ] Request (AggregatesAdminNegativeTestJSON:test_aggregate_add_host_as_user): 403 POST http://10.180.1.21/compute/v2.1/os-aggregates/2/action 0.995s
