2025-04-03 00:37:02.887 69824 INFO tempest.lib.common.rest_client [req-9996ab1f-3702-4d74-866c-1ca356982d97 req-9996ab1f-3702-4d74-866c-1ca356982d97 ] Request (InstanceActionsTestJSON:setUpClass): 200 GET http://10.180.1.21/compute/v2.1/servers/f7b6de16-4f11-4310-a2e5-63434aba5e10 0.054s
2025-04-03 00:37:02.895 69806 INFO tempest.lib.common.rest_client [req-9e490b06-e072-4aa9-95bc-8ccf7cd303b4 req-9e490b06-e072-4aa9-95bc-8ccf7cd303b4 ] Request (QuotasTestJSON:tearDownClass): 204 DELETE http://10.180.1.21/identity/v3/projects/6bc78fd72dba4dedb8bbd0e3bd44e8d7 0.084s
2025-04-03 00:37:02.959 69842 INFO tempest.lib.common.rest_client [req-20fb0933-024f-4886-9af8-c660f455ec9b req-20fb0933-024f-4886-9af8-c660f455ec9b ] Request (ServersListShow2100Test:test_list_show_rebuild_update_server_2100): 200 GET http://10.180.1.21/compute/v2.1/servers/88eacabd-8ee8-4a84-a613-19c0dc548658 0.113s
2025-04-03 00:37:02.998 69838 INFO tempest.lib.common.rest_client [req-0dd1fa87-c3a7-4dc8-bb95-35f2ad137e5e req-0dd1fa87-c3a7-4dc8-bb95-35f2ad137e5e ] Request (ListImageFiltersTestJSON:setUpClass): 200 GET http://10.180.1.21/compute/v2.1/servers/d1c5672a-0475-4bf7-9f3e-efcfbdd8614d 0.407s
2025-04-03 00:37:03.000 69866 INFO paramiko.transport [-] Connected (version 2.0, client dropbear_2020.81)
2025-04-03 00:37:03.007 69838 INFO tempest.common.waiters [-] State transition "ACTIVE/image_uploading" ==> "ACTIVE/None" after 3 second wait
2025-04-03 00:37:03.011 69804 INFO tempest.lib.common.rest_client [req-42f7fc45-6a69-4edd-b2a8-b50f33cdd790 req-42f7fc45-6a69-4edd-b2a8-b50f33cdd790 ] Request (ServersAdminTestJSON:test_inject_network_info): 200 GET http://10.180.1.21/compute/v2.1/servers/67842d3e-b361-4eeb-9139-e8101a23a9ed 0.119s
2025-04-03 00:37:03.019 69804 INFO tempest.common.waiters [-] State transition "BUILD/scheduling" ==> "BUILD/None" after 47 second wait
2025-04-03 00:37:03.062 69864 INFO tempest.lib.common.rest_client [req-e76f9f1e-e4c1-4034-99a1-ee868c2cd296 req-e76f9f1e-e4c1-4034-99a1-ee868c2cd296 ] Request (ServerDiskConfigTestJSON:test_resize_server_from_auto_to_manual): 200 GET http://10.180.1.21/compute/v2.1/servers/d39dd037-4039-4f6e-8302-80bc8c2d6670 0.066s
2025-04-03 00:37:03.072 69866 INFO paramiko.transport [-] Authentication (publickey) successful!
2025-04-03 00:37:03.073 69866 INFO tempest.lib.common.ssh [-] ssh connection to cirros@10.180.180.162 successfully created
2025-04-03 00:37:03.081 69838 INFO tempest.lib.common.rest_client [req-f6044ab8-9090-488e-9542-700f80ce45fd req-f6044ab8-9090-488e-9542-700f80ce45fd ] Request (ListImageFiltersTestJSON:test_list_images_filter_by_changes_since): 200 GET http://10.180.1.21/compute/v2.1/images?changes-since=2025-04-03T00%3A35%3A05Z 0.073s
2025-04-03 00:37:03.138 69854 INFO tempest.lib.common.rest_client [req-f28d4437-22cc-48c9-a95d-21313c59dee2 req-f28d4437-22cc-48c9-a95d-21313c59dee2 ] Request (ServersTestJSON:test_create_server_with_ipv6_addr_only): 200 GET http://10.180.1.21/compute/v2.1/servers/260d6768-10fa-4c0a-9bcd-a1ee6a22c7d4 0.086s
2025-04-03 00:37:03.149 69820 INFO tempest.lib.common.rest_client [req-22b7cd73-ec66-44c5-a1ce-de2be01ebe28 req-22b7cd73-ec66-44c5-a1ce-de2be01ebe28 ] Request (ServerActionsTestJSON:setUpClass): 201 POST http://10.180.1.21:9696/networking/v2.0/floatingips 0.814s
2025-04-03 00:37:03.184 69830 INFO tempest.lib.common.rest_client [req-306203eb-c261-40dc-a17a-be414cd9d134 req-306203eb-c261-40dc-a17a-be414cd9d134 ] Request (ListServersNegativeTestJSON:setUpClass): 200 GET http://10.180.1.21/compute/v2.1/servers/13fe71e9-b0d9-4f6d-b293-49e6557bb941 0.132s
2025-04-03 00:37:03.228 69820 INFO tempest.lib.common.rest_client [req-fadb95db-d4f9-4d25-a3d5-45b092a7b47c req-fadb95db-d4f9-4d25-a3d5-45b092a7b47c ] Request (ServerActionsTestJSON:setUpClass): 201 POST http://10.180.1.21/identity/v3/auth/tokens 0.074s
2025-04-03 00:37:03.228 69820 INFO tempest.lib.common.fixed_network [-] (ServerActionsTestJSON:setUpClass) Found network {'id': '5d79a70a-77a1-4422-acb7-71a38c5088a2', 'name': 'tempest-ServerActionsTestJSON-581515587-network', 'tenant_id': '3622dda2a28444adae22248337653911', 'admin_state_up': True, 'mtu': 8950, 'status': 'ACTIVE', 'subnets': [], 'shared': False, 'project_id': '3622dda2a28444adae22248337653911', 'port_security_enabled': True, 'router:external': False, 'provider:network_type': 'vlan', 'provider:physical_network': 'default', 'provider:segmentation_id': 701, 'availability_zone_hints': [], 'availability_zones': [], 'ipv4_address_scope': None, 'ipv6_address_scope': None, 'description': '', 'tags': [], 'created_at': '2025-04-03T00:36:59Z', 'updated_at': '2025-04-03T00:36:59Z', 'revision_number': 1} available for tenant
2025-04-03 00:37:03.242 69838 INFO tempest.lib.common.rest_client [req-e2164058-e4a5-4b14-a0c6-85a9578e5043 req-e2164058-e4a5-4b14-a0c6-85a9578e5043 ] Request (ListImageFiltersTestJSON:test_list_images_filter_by_name): 200 GET http://10.180.1.21/compute/v2.1/images?name=tempest-ListImageFiltersTestJSON-image-1359360386 0.157s
2025-04-03 00:37:03.300 69856 INFO tempest.lib.common.rest_client [req-3ad746b3-0ec5-4b13-82b8-f8606c1a2b5e req-3ad746b3-0ec5-4b13-82b8-f8606c1a2b5e ] Request (SecurityGroupsTestJSON:test_list_security_groups_by_server): 200 GET http://10.180.1.21/compute/v2.1/servers/a3e5b1df-503a-49a7-b066-b09999f7a2c9 0.188s
2025-04-03 00:37:03.350 69844 INFO tempest.lib.common.rest_client [req-d6cb7edb-a0c7-42a1-8f00-06aa6d187704 req-d6cb7edb-a0c7-42a1-8f00-06aa6d187704 ] Request (DeleteServersTestJSON:test_delete_active_server): 200 GET http://10.180.1.21/compute/v2.1/servers/eb4c3153-02e4-40d7-9d55-c9eb6017b490 0.233s
2025-04-03 00:37:03.406 69832 INFO tempest.lib.common.rest_client [req-411e924a-17c2-45c9-be34-f022f0c3e2ea req-411e924a-17c2-45c9-be34-f022f0c3e2ea ] Request (ServerAddressesTestJSON:tearDownClass): 200 GET http://10.180.1.21/compute/v2.1/servers/cde882ea-3a53-49aa-9ad3-9cf96dab0e79 0.231s
2025-04-03 00:37:03.460 69848 INFO tempest.lib.common.rest_client [req-f526a4b1-f567-4394-9b15-6028fb77d597 req-f526a4b1-f567-4394-9b15-6028fb77d597 ] Request (ServerGroupTestJSON:_run_cleanups): 200 GET http://10.180.1.21/compute/v2.1/servers/0c65c80f-99f5-4057-b938-a35f62ecffd2 0.239s
2025-04-03 00:37:03.771 69820 INFO tempest.lib.common.rest_client [req-be56228d-3002-426d-8477-1d581e52efb8 req-be56228d-3002-426d-8477-1d581e52efb8 ] Request (ServerActionsTestJSON:setUpClass): 202 POST http://10.180.1.21/compute/v2.1/servers 0.541s
2025-04-03 00:37:03.816 69858 INFO tempest.lib.common.rest_client [req-366050d9-ca45-457f-a18b-e0a1426d2b5e req-366050d9-ca45-457f-a18b-e0a1426d2b5e ] Request (ServersTestFqdnHostnames:test_create_server_with_fqdn_name): 200 GET http://10.180.1.21/compute/v2.1/servers/b61972c7-ddfd-47a5-9bc4-314effb27ee5 0.571s
2025-04-03 00:37:03.867 69838 INFO tempest.lib.common.rest_client [req-56bcf95a-f0d1-4014-811e-83282d3c5632 req-56bcf95a-f0d1-4014-811e-83282d3c5632 ] Request (ListImageFiltersTestJSON:test_list_images_filter_by_server_id): 200 GET http://10.180.1.21/compute/v2.1/images?server=d1c5672a-0475-4bf7-9f3e-efcfbdd8614d 0.622s
2025-04-03 00:37:03.912 69862 INFO tempest.lib.common.rest_client [req-f5bc4c82-5739-4351-b4b0-01b15e2e4b90 req-f5bc4c82-5739-4351-b4b0-01b15e2e4b90 ] Request (MigrationsAdminTest:test_resize_server_revert_deleted_flavor): 200 GET http://10.180.1.21/compute/v2.1/servers/8c65ecb4-c94f-4841-a432-776e0a94fc73 0.606s
2025-04-03 00:37:03.938 69852 INFO tempest.lib.common.rest_client [req-7dc35470-ea2d-4ee8-b37f-1a3d043c00fe req-7dc35470-ea2d-4ee8-b37f-1a3d043c00fe ] Request (ImagesTestJSON:test_create_image_from_suspended_server): 200 GET http://10.180.1.21/compute/v2.1/images/dc897f88-f2b6-4aa5-97a3-8ea71a07821d 0.599s
2025-04-03 00:37:03.979 69846 INFO tempest.lib.common.rest_client [req-2d2d43dc-b495-4cdd-8aee-b53570fb90ba req-2d2d43dc-b495-4cdd-8aee-b53570fb90ba ] Request (ImagesOneServerNegativeTestJSON:_run_cleanups): 200 GET http://10.180.1.21/compute/v2.1/servers/44b6c14a-b0a8-4b7f-b295-8e2a282b3794 0.640s
2025-04-03 00:37:03.981 69834 WARNING tempest.lib.common.ssh [-] Failed to establish authenticated ssh connection to cirros@10.180.180.216 ([Errno None] Unable to connect to port 22 on 10.180.180.216). Number attempts: 2. Retry after 3 seconds.: paramiko.ssh_exception.NoValidConnectionsError: [Errno None] Unable to connect to port 22 on 10.180.180.216
2025-04-03 00:37:03.982 69816 WARNING tempest.lib.common.ssh [-] Failed to establish authenticated ssh connection to cirros@10.180.180.219 ([Errno None] Unable to connect to port 22 on 10.180.180.219). Number attempts: 8. Retry after 9 seconds.: paramiko.ssh_exception.NoValidConnectionsError: [Errno None] Unable to connect to port 22 on 10.180.180.219
2025-04-03 00:37:04.032 69836 INFO tempest.lib.common.rest_client [req-2ff5e036-4fa1-4a39-b7a6-53703d5b6c11 req-2ff5e036-4fa1-4a39-b7a6-53703d5b6c11 ] Request (ServerDiagnosticsV248Test:tearDownClass): 200 GET http://10.180.1.21/compute/v2.1/servers/f27b521f-9193-4db1-a108-c1f3ac567ce8 0.568s
2025-04-03 00:37:04.140 69808 INFO tempest.lib.common.rest_client [req-12b394e9-f1bc-4021-901a-470b4ab9e654 req-12b394e9-f1bc-4021-901a-470b4ab9e654 ] Request (ServersAdminNegativeTestJSON:test_migrate_server_invalid_state): 200 GET http://10.180.1.21/compute/v2.1/servers/970e553a-7e3e-466a-96c7-d9d6f6d6807c 0.516s
2025-04-03 00:37:04.150 69808 INFO tempest.common.waiters [-] State transition "ACTIVE/suspending" ==> "SUSPENDED/None" after 3 second wait
2025-04-03 00:37:04.206 69810 INFO tempest.lib.common.rest_client [req-636f7c2f-2e3f-4d9f-92ce-fb43bbd8f79b req-636f7c2f-2e3f-4d9f-92ce-fb43bbd8f79b ] Request (FloatingIPsAssociationTestJSON:tearDownClass): 200 GET http://10.180.1.21/compute/v2.1/servers/74b0bc13-7b1f-4c6f-938a-d7bd00d3d819 0.442s
2025-04-03 00:37:04.243 69820 INFO tempest.lib.common.rest_client [req-30bd2362-547c-4452-9237-4e471ff9a505 req-30bd2362-547c-4452-9237-4e471ff9a505 ] Request (ServerActionsTestJSON:setUpClass): 200 GET http://10.180.1.21/compute/v2.1/servers/d48ca3d1-88c9-4e85-bf3b-dc1630c51987 0.471s
2025-04-03 00:37:04.290 69818 INFO tempest.lib.common.rest_client [req-74e86e0b-ab9c-4d07-822f-74a4d99229dd req-74e86e0b-ab9c-4d07-822f-74a4d99229dd ] Request (ServerMetadataNegativeTestJSON:setUpClass): 200 GET http://10.180.1.21/compute/v2.1/servers/cfbdaa68-e556-4b72-abc5-0a17aa8ff71f 0.472s
2025-04-03 00:37:04.326 69838 INFO tempest.lib.common.rest_client [req-742b33c2-77e5-4de3-b741-baf346a841ac req-742b33c2-77e5-4de3-b741-baf346a841ac ] Request (ListImageFiltersTestJSON:test_list_images_filter_by_server_ref): 200 GET http://10.180.1.21/compute/v2.1/images?server=http%3A%2F%2F10.180.1.21%2Fcompute%2Fv2.1%2Fservers%2Fed61f7dd-d820-4445-97cf-6b01eb636103 0.455s
2025-04-03 00:37:04.377 69824 INFO tempest.lib.common.rest_client [req-3ca59bd4-fc30-4fe2-a969-7b6ee6c42f50 req-3ca59bd4-fc30-4fe2-a969-7b6ee6c42f50 ] Request (InstanceActionsTestJSON:setUpClass): 200 GET http://10.180.1.21/compute/v2.1/servers/f7b6de16-4f11-4310-a2e5-63434aba5e10 0.473s
2025-04-03 00:37:04.460 69842 INFO tempest.lib.common.rest_client [req-c0d7bfd4-a520-444b-897d-373b6cc50f97 req-c0d7bfd4-a520-444b-897d-373b6cc50f97 ] Request (ServersListShow2100Test:test_list_show_rebuild_update_server_2100): 200 GET http://10.180.1.21/compute/v2.1/servers/88eacabd-8ee8-4a84-a613-19c0dc548658 0.487s
2025-04-03 00:37:04.507 69804 INFO tempest.lib.common.rest_client [req-8a4cdadf-6c75-480f-a711-823ae670eca7 req-8a4cdadf-6c75-480f-a711-823ae670eca7 ] Request (ServersAdminTestJSON:test_inject_network_info): 200 GET http://10.180.1.21/compute/v2.1/servers/67842d3e-b361-4eeb-9139-e8101a23a9ed 0.487s
2025-04-03 00:37:04.555 69864 INFO tempest.lib.common.rest_client [req-f4c4fe1e-ea1f-46a8-873f-013eba37bcab req-f4c4fe1e-ea1f-46a8-873f-013eba37bcab ] Request (ServerDiskConfigTestJSON:test_resize_server_from_auto_to_manual): 200 GET http://10.180.1.21/compute/v2.1/servers/d39dd037-4039-4f6e-8302-80bc8c2d6670 0.479s
2025-04-03 00:37:04.616 69808 INFO tempest.lib.common.rest_client [req-0619f434-a510-4cd4-af71-454e7f9c3a34 req-0619f434-a510-4cd4-af71-454e7f9c3a34 ] Request (ServersAdminNegativeTestJSON:test_migrate_server_invalid_state): 409 POST http://10.180.1.21/compute/v2.1/servers/970e553a-7e3e-466a-96c7-d9d6f6d6807c/action 0.465s
2025-04-03 00:37:04.667 69854 INFO tempest.lib.common.rest_client [req-d672440a-b9f3-4555-b276-5bca7b18c2e0 req-d672440a-b9f3-4555-b276-5bca7b18c2e0 ] Request (ServersTestJSON:test_create_server_with_ipv6_addr_only): 200 GET http://10.180.1.21/compute/v2.1/servers/260d6768-10fa-4c0a-9bcd-a1ee6a22c7d4 0.513s
2025-04-03 00:37:04.716 69826 WARNING tempest.lib.common.ssh [-] Failed to establish authenticated ssh connection to cirros@10.180.180.142 ([Errno None] Unable to connect to port 22 on 10.180.180.142). Number attempts: 4. Retry after 5 seconds.: paramiko.ssh_exception.NoValidConnectionsError: [Errno None] Unable to connect to port 22 on 10.180.180.142
2025-04-03 00:37:04.761 69830 INFO tempest.lib.common.rest_client [req-193d14b5-4112-466d-838b-f236a524d862 req-193d14b5-4112-466d-838b-f236a524d862 ] Request (ListServersNegativeTestJSON:setUpClass): 200 GET http://10.180.1.21/compute/v2.1/servers/13fe71e9-b0d9-4f6d-b293-49e6557bb941 0.565s
2025-04-03 00:37:04.770 69830 INFO tempest.common.waiters [-] State transition "BUILD/spawning" ==> "ACTIVE/None" after 73 second wait
2025-04-03 00:37:04.807 69856 INFO tempest.lib.common.rest_client [req-f512a576-b432-4e13-beaf-7c9a710d9e14 req-f512a576-b432-4e13-beaf-7c9a710d9e14 ] Request (SecurityGroupsTestJSON:test_list_security_groups_by_server): 200 GET http://10.180.1.21/compute/v2.1/servers/a3e5b1df-503a-49a7-b066-b09999f7a2c9 0.494s
2025-04-03 00:37:04.833 69866 INFO tempest.lib.common.rest_client [req-b0a536e8-d73d-4404-84c7-9b8b45f44d08 req-b0a536e8-d73d-4404-84c7-9b8b45f44d08 ] Request (VolumesAssistedSnapshotsTest:test_volume_assisted_snapshot_create_delete): 200 POST http://10.180.1.21/compute/v2.1/servers/ea3623f6-fc35-4269-b8f4-f483d75b8d9f/os-volume_attachments 1.759s
2025-04-03 00:37:04.857 69838 INFO tempest.lib.common.rest_client [req-21ba10fe-8440-4c19-af7d-ff1d1f943f5b req-21ba10fe-8440-4c19-af7d-ff1d1f943f5b ] Request (ListImageFiltersTestJSON:test_list_images_filter_by_server_ref): 200 GET http://10.180.1.21/compute/v2.1/images?server=http%3A%2F%2F10.180.1.21%2Fcompute%2Fservers%2Fed61f7dd-d820-4445-97cf-6b01eb636103 0.527s
2025-04-03 00:37:04.873 69866 INFO tempest.lib.common.rest_client [req-0b52a174-cb8f-403d-81af-fd493126608c req-0b52a174-cb8f-403d-81af-fd493126608c ] Request (VolumesAssistedSnapshotsTest:test_volume_assisted_snapshot_create_delete): 200 GET http://10.180.1.21/volume/v3/volumes/a16d7228-4baa-45af-8d8d-6fe25b583dc9 0.038s
2025-04-03 00:37:04.883 69844 INFO tempest.lib.common.rest_client [req-dae9224e-8fe2-4159-a1ed-2bbf73436fda req-dae9224e-8fe2-4159-a1ed-2bbf73436fda ] Request (DeleteServersTestJSON:test_delete_active_server): 200 GET http://10.180.1.21/compute/v2.1/servers/eb4c3153-02e4-40d7-9d55-c9eb6017b490 0.524s
2025-04-03 00:37:04.922 69832 INFO tempest.lib.common.rest_client [req-9b2030b8-21fc-4a09-98e1-35fa2d40fcc2 req-9b2030b8-21fc-4a09-98e1-35fa2d40fcc2 ] Request (ServerAddressesTestJSON:tearDownClass): 200 GET http://10.180.1.21/compute/v2.1/servers/cde882ea-3a53-49aa-9ad3-9cf96dab0e79 0.509s
2025-04-03 00:37:04.927 69808 INFO tempest.lib.common.rest_client [req-d5f8de10-6a9d-41be-b23f-f20784a8d974 req-d5f8de10-6a9d-41be-b23f-f20784a8d974 ] Request (ServersAdminNegativeTestJSON:test_reset_state_server_invalid_state): 400 POST http://10.180.1.21/compute/v2.1/servers/49ec195c-513a-4737-ab59-e4a3d8af1670/action 0.309s
2025-04-03 00:37:04.939 69848 INFO tempest.lib.common.rest_client [req-8a6a719a-46e4-4ca1-9c34-3ea925247984 req-8a6a719a-46e4-4ca1-9c34-3ea925247984 ] Request (ServerGroupTestJSON:_run_cleanups): 200 GET http://10.180.1.21/compute/v2.1/servers/0c65c80f-99f5-4057-b938-a35f62ecffd2 0.471s
2025-04-03 00:37:04.963 69850 WARNING tempest.lib.common.ssh [-] Failed to establish authenticated ssh connection to cirros@10.180.180.184 ([Errno None] Unable to connect to port 22 on 10.180.180.184). Number attempts: 7. Retry after 8 seconds.: paramiko.ssh_exception.NoValidConnectionsError: [Errno None] Unable to connect to port 22 on 10.180.180.184
2025-04-03 00:37:04.973 69830 INFO tempest.lib.common.rest_client [req-f066c25d-85b4-4c9b-85c1-134a9169fcb2 req-f066c25d-85b4-4c9b-85c1-134a9169fcb2 ] Request (ListServersNegativeTestJSON:setUpClass): 200 GET http://10.180.1.21/compute/v2.1/servers/310e5f02-b4ea-4501-b3b1-d3c7557189eb 0.202s
2025-04-03 00:37:04.985 69858 INFO tempest.lib.common.rest_client [req-577f4289-3ff2-4ab3-b8c3-b4b908ba0792 req-577f4289-3ff2-4ab3-b8c3-b4b908ba0792 ] Request (ServersTestFqdnHostnames:test_create_server_with_fqdn_name): 200 GET http://10.180.1.21/compute/v2.1/servers/b61972c7-ddfd-47a5-9bc4-314effb27ee5 0.161s
2025-04-03 00:37:05.031 69862 INFO tempest.lib.common.rest_client [req-17776f68-6acc-4245-90d6-ab1349e26ccc req-17776f68-6acc-4245-90d6-ab1349e26ccc ] Request (MigrationsAdminTest:test_resize_server_revert_deleted_flavor): 200 GET http://10.180.1.21/compute/v2.1/servers/8c65ecb4-c94f-4841-a432-776e0a94fc73 0.111s
2025-04-03 00:37:05.035 69838 INFO tempest.lib.common.rest_client [req-a84e0c36-40c2-433f-9436-815e098188bb req-a84e0c36-40c2-433f-9436-815e098188bb ] Request (ListImageFiltersTestJSON:test_list_images_filter_by_status): 200 GET http://10.180.1.21/compute/v2.1/images?status=ACTIVE 0.175s
2025-04-03 00:37:05.036 69808 INFO tempest.lib.common.rest_client [req-0af7f819-8d39-44a2-b291-03645e4106e4 req-0af7f819-8d39-44a2-b291-03645e4106e4 ] Request (ServersAdminNegativeTestJSON:test_reset_state_server_invalid_type): 400 POST http://10.180.1.21/compute/v2.1/servers/49ec195c-513a-4737-ab59-e4a3d8af1670/action 0.107s
2025-04-03 00:37:05.065 69852 INFO tempest.lib.common.rest_client [req-934ad8e9-36a9-4ad0-8acb-f5db49385b25 req-934ad8e9-36a9-4ad0-8acb-f5db49385b25 ] Request (ImagesTestJSON:test_create_image_from_suspended_server): 200 GET http://10.180.1.21/compute/v2.1/images/dc897f88-f2b6-4aa5-97a3-8ea71a07821d 0.123s
2025-04-03 00:37:05.070 69808 INFO tempest.lib.common.rest_client [req-914ac89f-bb9f-434e-a393-05861336dafb req-914ac89f-bb9f-434e-a393-05861336dafb ] Request (ServersAdminNegativeTestJSON:test_reset_state_server_nonexistent_server): 404 POST http://10.180.1.21/compute/v2.1/servers/999/action 0.032s
2025-04-03 00:37:05.083 69846 INFO tempest.lib.common.rest_client [req-1d0103c9-223c-43ee-bba4-e7e1b9626468 req-1d0103c9-223c-43ee-bba4-e7e1b9626468 ] Request (ImagesOneServerNegativeTestJSON:_run_cleanups): 200 GET http://10.180.1.21/compute/v2.1/servers/44b6c14a-b0a8-4b7f-b295-8e2a282b3794 0.096s
2025-04-03 00:37:05.115 69838 INFO tempest.lib.common.rest_client [req-2056bb7f-8344-453c-b902-4ec32c1c7f90 req-2056bb7f-8344-453c-b902-4ec32c1c7f90 ] Request (ListImageFiltersTestJSON:test_list_images_filter_by_type): 200 GET http://10.180.1.21/compute/v2.1/images?type=snapshot 0.075s
2025-04-03 00:37:05.147 69836 INFO tempest.lib.common.rest_client [req-4c41bd56-8556-4afe-bdc6-ec2b17eae6c8 req-4c41bd56-8556-4afe-bdc6-ec2b17eae6c8 ] Request (ServerDiagnosticsV248Test:tearDownClass): 200 GET http://10.180.1.21/compute/v2.1/servers/f27b521f-9193-4db1-a108-c1f3ac567ce8 0.106s
2025-04-03 00:37:05.181 69838 INFO tempest.lib.common.rest_client [req-e41492ab-aeff-4264-9168-090a0eb3023d req-e41492ab-aeff-4264-9168-090a0eb3023d ] Request (ListImageFiltersTestJSON:test_list_images_limit_results): 200 GET http://10.180.1.21/compute/v2.1/images?limit=1 0.063s
2025-04-03 00:37:05.235 69838 INFO tempest.lib.common.rest_client [req-09c9b92f-7f00-4a19-889e-f0cbf288b5aa req-09c9b92f-7f00-4a19-889e-f0cbf288b5aa ] Request (ListImageFiltersTestJSON:test_list_images_with_detail_filter_by_changes_since): 200 GET http://10.180.1.21/compute/v2.1/images/detail?changes-since=2025-04-03T00%3A34%3A49Z 0.051s
2025-04-03 00:37:05.251 69808 INFO tempest.lib.common.rest_client [req-e508d3f4-fa68-4b41-b8bd-2d71d41bbe2f req-e508d3f4-fa68-4b41-b8bd-2d71d41bbe2f ] Request (ServersAdminNegativeTestJSON:test_resize_server_using_overlimit_ram): 200 GET http://10.180.1.21/compute/v2.1/os-quota-sets/aad945a711db481f9cf1a83e65ae6c9e 0.179s
2025-04-03 00:37:05.283 69838 INFO tempest.lib.common.rest_client [req-222ea826-cef0-4eed-8696-ba08f6be87b4 req-222ea826-cef0-4eed-8696-ba08f6be87b4 ] Request (ListImageFiltersTestJSON:test_list_images_with_detail_filter_by_name): 200 GET http://10.180.1.21/compute/v2.1/images/detail?name=tempest-ListImageFiltersTestJSON-image-1359360386 0.040s
2025-04-03 00:37:05.293 69810 INFO tempest.lib.common.rest_client [req-1c41b0de-e3e1-4989-82f2-07146d0c07ee req-1c41b0de-e3e1-4989-82f2-07146d0c07ee ] Request (FloatingIPsAssociationTestJSON:tearDownClass): 200 GET http://10.180.1.21/compute/v2.1/servers/74b0bc13-7b1f-4c6f-938a-d7bd00d3d819 0.079s
2025-04-03 00:37:05.301 69808 INFO tempest.lib.common.rest_client [req-d4e1f17d-c23c-44ae-8e87-2f3ba801ac84 req-d4e1f17d-c23c-44ae-8e87-2f3ba801ac84 ] Request (ServersAdminNegativeTestJSON:test_resize_server_using_overlimit_ram): 200 POST http://10.180.1.21/compute/v2.1/flavors 0.048s
2025-04-03 00:37:05.334 69838 INFO tempest.lib.common.rest_client [req-16a02703-3ace-4b60-9bc3-dd9705d73c7a req-16a02703-3ace-4b60-9bc3-dd9705d73c7a ] Request (ListImageFiltersTestJSON:test_list_images_with_detail_filter_by_server_ref): 200 GET http://10.180.1.21/compute/v2.1/images/detail?server=http%3A%2F%2F10.180.1.21%2Fcompute%2Fv2.1%2Fservers%2Fed61f7dd-d820-4445-97cf-6b01eb636103 0.047s
2025-04-03 00:37:05.341 69820 INFO tempest.lib.common.rest_client [req-930161e0-5985-43b6-9a68-d84d118a27a2 req-930161e0-5985-43b6-9a68-d84d118a27a2 ] Request (ServerActionsTestJSON:setUpClass): 200 GET http://10.180.1.21/compute/v2.1/servers/d48ca3d1-88c9-4e85-bf3b-dc1630c51987 0.086s
2025-04-03 00:37:05.382 69818 INFO tempest.lib.common.rest_client [req-49c14c6c-656f-4804-b697-245f3c1df815 req-49c14c6c-656f-4804-b697-245f3c1df815 ] Request (ServerMetadataNegativeTestJSON:setUpClass): 200 GET http://10.180.1.21/compute/v2.1/servers/cfbdaa68-e556-4b72-abc5-0a17aa8ff71f 0.081s
2025-04-03 00:37:05.418 69838 INFO tempest.lib.common.rest_client [req-99e1e232-604f-4a90-bc01-c204ff2d8b1d req-99e1e232-604f-4a90-bc01-c204ff2d8b1d ] Request (ListImageFiltersTestJSON:test_list_images_with_detail_filter_by_server_ref): 200 GET http://10.180.1.21/compute/v2.1/images/detail?server=http%3A%2F%2F10.180.1.21%2Fcompute%2Fservers%2Fed61f7dd-d820-4445-97cf-6b01eb636103 0.079s
2025-04-03 00:37:05.449 69808 INFO tempest.lib.common.rest_client [req-5095b6a4-f5ee-4a45-99c4-854557dea312 req-5095b6a4-f5ee-4a45-99c4-854557dea312 ] Request (ServersAdminNegativeTestJSON:test_resize_server_using_overlimit_ram): 403 POST http://10.180.1.21/compute/v2.1/servers/49ec195c-513a-4737-ab59-e4a3d8af1670/action 0.145s
2025-04-03 00:37:05.471 69824 INFO tempest.lib.common.rest_client [req-be9bab3f-3faa-4a9d-b01b-027fff682317 req-be9bab3f-3faa-4a9d-b01b-027fff682317 ] Request (InstanceActionsTestJSON:setUpClass): 200 GET http://10.180.1.21/compute/v2.1/servers/f7b6de16-4f11-4310-a2e5-63434aba5e10 0.086s
2025-04-03 00:37:05.488 69808 INFO tempest.lib.common.rest_client [req-36f4ae5d-f2f4-46ba-a343-9481b989ce00 req-36f4ae5d-f2f4-46ba-a343-9481b989ce00 ] Request (ServersAdminNegativeTestJSON:_run_cleanups): 202 DELETE http://10.180.1.21/compute/v2.1/flavors/269293180 0.038s
2025-04-03 00:37:05.498 69838 INFO tempest.lib.common.rest_client [req-3c7cd045-20ce-4b31-8333-af88b36891ab req-3c7cd045-20ce-4b31-8333-af88b36891ab ] Request (ListImageFiltersTestJSON:test_list_images_with_detail_filter_by_status): 200 GET http://10.180.1.21/compute/v2.1/images/detail?status=ACTIVE 0.076s
2025-04-03 00:37:05.525 69808 INFO tempest.lib.common.rest_client [req-bd49c114-5b7f-4d42-993b-5d2f63a0f7a5 req-bd49c114-5b7f-4d42-993b-5d2f63a0f7a5 ] Request (ServersAdminNegativeTestJSON:_run_cleanups): 200 GET http://10.180.1.21/compute/v2.1/flavors/detail 0.037s
2025-04-03 00:37:05.552 69842 INFO tempest.lib.common.rest_client [req-89aec09c-ae95-4c8b-a1fe-25487634121f req-89aec09c-ae95-4c8b-a1fe-25487634121f ] Request (ServersListShow2100Test:test_list_show_rebuild_update_server_2100): 200 GET http://10.180.1.21/compute/v2.1/servers/88eacabd-8ee8-4a84-a613-19c0dc548658 0.078s
2025-04-03 00:37:05.567 69838 INFO tempest.lib.common.rest_client [req-c37cf915-2d2a-44e1-9ec5-0251128c895e req-c37cf915-2d2a-44e1-9ec5-0251128c895e ] Request (ListImageFiltersTestJSON:test_list_images_with_detail_filter_by_type): 200 GET http://10.180.1.21/compute/v2.1/images/detail?type=snapshot 0.063s
2025-04-03 00:37:05.607 69804 INFO tempest.lib.common.rest_client [req-e743a731-d497-4670-8bc3-495b2e0f4fce req-e743a731-d497-4670-8bc3-495b2e0f4fce ] Request (ServersAdminTestJSON:test_inject_network_info): 200 GET http://10.180.1.21/compute/v2.1/servers/67842d3e-b361-4eeb-9139-e8101a23a9ed 0.092s
2025-04-03 00:37:05.612 69808 INFO tempest.lib.common.rest_client [req-05eafce8-cf45-470a-93e1-5219dcdf4e05 req-05eafce8-cf45-470a-93e1-5219dcdf4e05 ] Request (ServersAdminNegativeTestJSON:test_resize_server_using_overlimit_vcpus): 200 GET http://10.180.1.21/compute/v2.1/os-quota-sets/aad945a711db481f9cf1a83e65ae6c9e 0.081s
2025-04-03 00:37:05.646 69838 INFO tempest.lib.common.rest_client [req-79c959cb-fc26-4dcc-af7b-4429969d45b6 req-79c959cb-fc26-4dcc-af7b-4429969d45b6 ] Request (ListImageFiltersTestJSON:test_list_images_with_detail_filter_by_type): 200 GET http://10.180.1.21/compute/v2.1/images/bd3d944b-0fb1-4ff6-ae34-4ee3c836dde4 0.075s
2025-04-03 00:37:05.668 69864 INFO tempest.lib.common.rest_client [req-3f526488-f5ab-483b-bb26-bb53630797f5 req-3f526488-f5ab-483b-bb26-bb53630797f5 ] Request (ServerDiskConfigTestJSON:test_resize_server_from_auto_to_manual): 200 GET http://10.180.1.21/compute/v2.1/servers/d39dd037-4039-4f6e-8302-80bc8c2d6670 0.104s
2025-04-03 00:37:05.675 69808 INFO tempest.lib.common.rest_client [req-a9c0d66c-247e-4c19-a3e3-77904aea30f8 req-a9c0d66c-247e-4c19-a3e3-77904aea30f8 ] Request (ServersAdminNegativeTestJSON:test_resize_server_using_overlimit_vcpus): 200 POST http://10.180.1.21/compute/v2.1/flavors 0.056s
2025-04-03 00:37:05.705 69838 INFO tempest.lib.common.rest_client [req-bfc77c2d-2f48-4283-b227-6f8dcba84664 req-bfc77c2d-2f48-4283-b227-6f8dcba84664 ] Request (ListImageFiltersTestJSON:test_list_images_with_detail_limit_results): 200 GET http://10.180.1.21/compute/v2.1/images/detail?limit=1 0.055s
2025-04-03 00:37:05.739 69854 INFO tempest.lib.common.rest_client [req-85aa536e-1471-42d4-87dd-9d04a9ecf569 req-85aa536e-1471-42d4-87dd-9d04a9ecf569 ] Request (ServersTestJSON:test_create_server_with_ipv6_addr_only): 200 GET http://10.180.1.21/compute/v2.1/servers/260d6768-10fa-4c0a-9bcd-a1ee6a22c7d4 0.064s
2025-04-03 00:37:05.812 69808 INFO tempest.lib.common.rest_client [req-160d1cc5-84f1-4a39-9caf-a3a98408edd2 req-160d1cc5-84f1-4a39-9caf-a3a98408edd2 ] Request (ServersAdminNegativeTestJSON:test_resize_server_using_overlimit_vcpus): 403 POST http://10.180.1.21/compute/v2.1/servers/49ec195c-513a-4737-ab59-e4a3d8af1670/action 0.134s
2025-04-03 00:37:05.818 69828 WARNING tempest.lib.common.ssh [-] Failed to establish authenticated ssh connection to cirros@10.180.180.131 ([Errno None] Unable to connect to port 22 on 10.180.180.131). Number attempts: 6. Retry after 7 seconds.: paramiko.ssh_exception.NoValidConnectionsError: [Errno None] Unable to connect to port 22 on 10.180.180.131
2025-04-03 00:37:05.830 69808 INFO tempest.lib.common.rest_client [req-ea07ed1d-6a7c-47f1-a432-b1beb80ed209 req-ea07ed1d-6a7c-47f1-a432-b1beb80ed209 ] Request (ServersAdminNegativeTestJSON:_run_cleanups): 202 DELETE http://10.180.1.21/compute/v2.1/flavors/687793174 0.018s
2025-04-03 00:37:05.861 69838 INFO tempest.lib.common.rest_client [req-3dfc4efb-358d-4965-826d-57ad128d776a req-3dfc4efb-358d-4965-826d-57ad128d776a ] Request (ListImageFiltersTestJSON:tearDownClass): 204 DELETE http://10.180.1.21/compute/v2.1/images/418d5528-edf6-4839-98d2-e0f2edce75ee 0.148s
2025-04-03 00:37:05.877 69861 WARNING tempest.lib.common.ssh [-] Failed to establish authenticated ssh connection to cirros@10.180.180.138 ([Errno None] Unable to connect to port 22 on 10.180.180.138). Number attempts: 9. Retry after 10 seconds.: paramiko.ssh_exception.NoValidConnectionsError: [Errno None] Unable to connect to port 22 on 10.180.180.138
2025-04-03 00:37:05.878 69856 INFO tempest.lib.common.rest_client [req-2ca30c41-3076-49aa-87bb-3d17f1f5a665 req-2ca30c41-3076-49aa-87bb-3d17f1f5a665 ] Request (SecurityGroupsTestJSON:test_list_security_groups_by_server): 200 GET http://10.180.1.21/compute/v2.1/servers/a3e5b1df-503a-49a7-b066-b09999f7a2c9 0.064s
2025-04-03 00:37:05.886 69808 INFO tempest.lib.common.rest_client [req-c2b2b4eb-a07b-4c6a-a4dd-329866f72469 req-c2b2b4eb-a07b-4c6a-a4dd-329866f72469 ] Request (ServersAdminNegativeTestJSON:_run_cleanups): 200 GET http://10.180.1.21/compute/v2.1/flavors/detail 0.055s
2025-04-03 00:37:05.916 69866 INFO tempest.lib.common.rest_client [req-1e43bb85-9fe1-4667-afe0-4f3d698e2860 req-1e43bb85-9fe1-4667-afe0-4f3d698e2860 ] Request (VolumesAssistedSnapshotsTest:test_volume_assisted_snapshot_create_delete): 200 GET http://10.180.1.21/volume/v3/volumes/a16d7228-4baa-45af-8d8d-6fe25b583dc9 0.031s
2025-04-03 00:37:05.953 69844 INFO tempest.lib.common.rest_client [req-bc7c535a-be8e-483c-a1ab-2fa054719754 req-bc7c535a-be8e-483c-a1ab-2fa054719754 ] Request (DeleteServersTestJSON:test_delete_active_server): 200 GET http://10.180.1.21/compute/v2.1/servers/eb4c3153-02e4-40d7-9d55-c9eb6017b490 0.061s
2025-04-03 00:37:05.976 69808 INFO tempest.lib.common.rest_client [req-9867f148-2cdf-459c-90e0-b3fd7c798e1a req-9867f148-2cdf-459c-90e0-b3fd7c798e1a ] Request (ServersAdminNegativeTestJSON:test_restore_server_invalid_state): 409 POST http://10.180.1.21/compute/v2.1/servers/49ec195c-513a-4737-ab59-e4a3d8af1670/action 0.082s
2025-04-03 00:37:05.984 69838 INFO tempest.lib.common.rest_client [req-f236ea18-d4f4-4676-b28b-8a9dcc63193b req-f236ea18-d4f4-4676-b28b-8a9dcc63193b ] Request (ListImageFiltersTestJSON:tearDownClass): 204 DELETE http://10.180.1.21/compute/v2.1/images/172bd64f-941e-4bf7-850d-c7c4120c2db3 0.122s
2025-04-03 00:37:06.038 69832 INFO tempest.lib.common.rest_client [req-84ca82d9-eb5f-4081-891f-63aeac804d11 req-84ca82d9-eb5f-4081-891f-63aeac804d11 ] Request (ServerAddressesTestJSON:tearDownClass): 200 GET http://10.180.1.21/compute/v2.1/servers/cde882ea-3a53-49aa-9ad3-9cf96dab0e79 0.107s
2025-04-03 00:37:06.049 69848 INFO tempest.lib.common.rest_client [req-f357c505-47e7-4b9f-ae63-600b72d0a9dc req-f357c505-47e7-4b9f-ae63-600b72d0a9dc ] Request (ServerGroupTestJSON:_run_cleanups): 200 GET http://10.180.1.21/compute/v2.1/servers/0c65c80f-99f5-4057-b938-a35f62ecffd2 0.101s
2025-04-03 00:37:06.099 69830 INFO tempest.lib.common.rest_client [req-0eb18e47-0b0a-4169-8bc3-801bb3494ada req-0eb18e47-0b0a-4169-8bc3-801bb3494ada ] Request (ListServersNegativeTestJSON:setUpClass): 200 GET http://10.180.1.21/compute/v2.1/servers/310e5f02-b4ea-4501-b3b1-d3c7557189eb 0.118s
2025-04-03 00:37:06.120 69808 INFO tempest.lib.common.rest_client [req-b23b1203-1552-4e46-99c6-55efb319e543 req-b23b1203-1552-4e46-99c6-55efb319e543 ] Request (ServersAdminNegativeTestJSON:tearDownClass): 204 DELETE http://10.180.1.21/compute/v2.1/servers/970e553a-7e3e-466a-96c7-d9d6f6d6807c 0.141s
2025-04-03 00:37:06.172 69858 INFO tempest.lib.common.rest_client [req-77f8ec0b-70d6-46b7-953b-adba416c5be9 req-77f8ec0b-70d6-46b7-953b-adba416c5be9 ] Request (ServersTestFqdnHostnames:test_create_server_with_fqdn_name): 200 GET http://10.180.1.21/compute/v2.1/servers/b61972c7-ddfd-47a5-9bc4-314effb27ee5 0.177s
2025-04-03 00:37:06.199 69838 INFO tempest.lib.common.rest_client [req-8a3a1549-bf75-4e28-a51f-bbb4992d8140 req-8a3a1549-bf75-4e28-a51f-bbb4992d8140 ] Request (ListImageFiltersTestJSON:tearDownClass): 204 DELETE http://10.180.1.21/compute/v2.1/images/19109b1b-6a2f-4c6a-aa5e-75f55b2a0fb0 0.214s
2025-04-03 00:37:06.221 69862 INFO tempest.lib.common.rest_client [req-0be9de52-d5f4-4783-8a5b-27903e583434 req-0be9de52-d5f4-4783-8a5b-27903e583434 ] Request (MigrationsAdminTest:test_resize_server_revert_deleted_flavor): 200 GET http://10.180.1.21/compute/v2.1/servers/8c65ecb4-c94f-4841-a432-776e0a94fc73 0.180s
2025-04-03 00:37:06.228 69862 INFO tempest.common.waiters [-] State transition "BUILD/scheduling" ==> "BUILD/None" after 46 second wait
2025-04-03 00:37:06.231 69852 INFO tempest.lib.common.rest_client [req-44312c7f-e278-4e5f-9920-9855ee39417c req-44312c7f-e278-4e5f-9920-9855ee39417c ] Request (ImagesTestJSON:test_create_image_from_suspended_server): 200 GET http://10.180.1.21/compute/v2.1/images/dc897f88-f2b6-4aa5-97a3-8ea71a07821d 0.161s
2025-04-03 00:37:06.270 69846 INFO tempest.lib.common.rest_client [req-1bb2eed1-b4d2-4692-90ea-894db764377e req-1bb2eed1-b4d2-4692-90ea-894db764377e ] Request (ImagesOneServerNegativeTestJSON:_run_cleanups): 200 GET http://10.180.1.21/compute/v2.1/servers/44b6c14a-b0a8-4b7f-b295-8e2a282b3794 0.179s
2025-04-03 00:37:06.324 69808 INFO tempest.lib.common.rest_client [req-4b5405fa-e05d-4dca-9ea5-3643cced2263 req-4b5405fa-e05d-4dca-9ea5-3643cced2263 ] Request (ServersAdminNegativeTestJSON:tearDownClass): 200 GET http://10.180.1.21/compute/v2.1/servers/970e553a-7e3e-466a-96c7-d9d6f6d6807c 0.204s
2025-04-03 00:37:06.325 69836 INFO tempest.lib.common.rest_client [req-f272d4e5-0d56-4299-afa2-89900599477f req-f272d4e5-0d56-4299-afa2-89900599477f ] Request (ServerDiagnosticsV248Test:tearDownClass): 200 GET http://10.180.1.21/compute/v2.1/servers/f27b521f-9193-4db1-a108-c1f3ac567ce8 0.169s
2025-04-03 00:37:06.380 69810 INFO tempest.lib.common.rest_client [req-6ad5f0c0-3c3e-464a-aa49-af136f99c478 req-6ad5f0c0-3c3e-464a-aa49-af136f99c478 ] Request (FloatingIPsAssociationTestJSON:tearDownClass): 200 GET http://10.180.1.21/compute/v2.1/servers/74b0bc13-7b1f-4c6f-938a-d7bd00d3d819 0.079s
2025-04-03 00:37:06.392 69838 INFO tempest.lib.common.rest_client [req-57fe4831-3891-41c3-bdbe-cb0c10fb62dc req-57fe4831-3891-41c3-bdbe-cb0c10fb62dc ] Request (ListImageFiltersTestJSON:tearDownClass): 204 DELETE http://10.180.1.21/compute/v2.1/servers/ed61f7dd-d820-4445-97cf-6b01eb636103 0.192s
2025-04-03 00:37:06.436 69820 INFO tempest.lib.common.rest_client [req-65d4276b-d441-43e5-a122-e5e19a88eb4a req-65d4276b-d441-43e5-a122-e5e19a88eb4a ] Request (ServerActionsTestJSON:setUpClass): 200 GET http://10.180.1.21/compute/v2.1/servers/d48ca3d1-88c9-4e85-bf3b-dc1630c51987 0.087s
2025-04-03 00:37:06.442 69818 INFO tempest.lib.common.rest_client [req-d8c41916-02df-40ad-ac19-7fa3bf976d01 req-d8c41916-02df-40ad-ac19-7fa3bf976d01 ] Request (ServerMetadataNegativeTestJSON:setUpClass): 200 GET http://10.180.1.21/compute/v2.1/servers/cfbdaa68-e556-4b72-abc5-0a17aa8ff71f 0.051s
2025-04-03 00:37:06.527 69824 INFO tempest.lib.common.rest_client [req-b1884550-9c1f-4125-b732-09bfa23aa27d req-b1884550-9c1f-4125-b732-09bfa23aa27d ] Request (InstanceActionsTestJSON:setUpClass): 200 GET http://10.180.1.21/compute/v2.1/servers/f7b6de16-4f11-4310-a2e5-63434aba5e10 0.047s
2025-04-03 00:37:06.571 69838 INFO tempest.lib.common.rest_client [req-b66aa6db-eff0-4edd-ad5c-855dfbd2561b req-b66aa6db-eff0-4edd-ad5c-855dfbd2561b ] Request (ListImageFiltersTestJSON:tearDownClass): 200 GET http://10.180.1.21/compute/v2.1/servers/ed61f7dd-d820-4445-97cf-6b01eb636103 0.178s
2025-04-03 00:37:06.629 69842 INFO tempest.lib.common.rest_client [req-b535a9e0-d62c-4dbf-89fb-fb487a595567 req-b535a9e0-d62c-4dbf-89fb-fb487a595567 ] Request (ServersListShow2100Test:test_list_show_rebuild_update_server_2100): 200 GET http://10.180.1.21/compute/v2.1/servers/88eacabd-8ee8-4a84-a613-19c0dc548658 0.062s
2025-04-03 00:37:06.664 69804 INFO tempest.lib.common.rest_client [req-0ba69b55-09cc-408f-9329-098beaba1479 req-0ba69b55-09cc-408f-9329-098beaba1479 ] Request (ServersAdminTestJSON:test_inject_network_info): 200 GET http://10.180.1.21/compute/v2.1/servers/67842d3e-b361-4eeb-9139-e8101a23a9ed 0.048s
2025-04-03 00:37:06.729 69864 INFO tempest.lib.common.rest_client [req-f5d1f4bd-885f-4e09-a4ce-ca6e653fffae req-f5d1f4bd-885f-4e09-a4ce-ca6e653fffae ] Request (ServerDiskConfigTestJSON:test_resize_server_from_auto_to_manual): 200 GET http://10.180.1.21/compute/v2.1/servers/d39dd037-4039-4f6e-8302-80bc8c2d6670 0.051s
2025-04-03 00:37:06.796 69854 INFO tempest.lib.common.rest_client [req-f18e6ce3-eef2-4472-86dd-1101beda081a req-f18e6ce3-eef2-4472-86dd-1101beda081a ] Request (ServersTestJSON:test_create_server_with_ipv6_addr_only): 200 GET http://10.180.1.21/compute/v2.1/servers/260d6768-10fa-4c0a-9bcd-a1ee6a22c7d4 0.050s
2025-04-03 00:37:06.946 69856 INFO tempest.lib.common.rest_client [req-5a981eb0-f237-4afd-9b7b-746982e5cefc req-5a981eb0-f237-4afd-9b7b-746982e5cefc ] Request (SecurityGroupsTestJSON:test_list_security_groups_by_server): 200 GET http://10.180.1.21/compute/v2.1/servers/a3e5b1df-503a-49a7-b066-b09999f7a2c9 0.059s
2025-04-03 00:37:07.320 69866 INFO tempest.lib.common.rest_client [req-90448142-e603-43d2-953a-71812a957609 req-90448142-e603-43d2-953a-71812a957609 ] Request (VolumesAssistedSnapshotsTest:test_volume_assisted_snapshot_create_delete): 200 GET http://10.180.1.21/volume/v3/volumes/a16d7228-4baa-45af-8d8d-6fe25b583dc9 0.395s
2025-04-03 00:37:07.324 69852 INFO tempest.lib.common.rest_client [req-bbfc3a82-a883-441f-9fda-13c24dc00d95 req-bbfc3a82-a883-441f-9fda-13c24dc00d95 ] Request (ImagesTestJSON:test_create_image_from_suspended_server): 200 GET http://10.180.1.21/compute/v2.1/images/dc897f88-f2b6-4aa5-97a3-8ea71a07821d 0.088s
2025-04-03 00:37:07.343 69862 INFO tempest.lib.common.rest_client [req-25e8c8e8-6748-4515-9aa5-020c31be8874 req-25e8c8e8-6748-4515-9aa5-020c31be8874 ] Request (MigrationsAdminTest:test_resize_server_revert_deleted_flavor): 200 GET http://10.180.1.21/compute/v2.1/servers/8c65ecb4-c94f-4841-a432-776e0a94fc73 0.115s
2025-04-03 00:37:07.375 69830 INFO tempest.lib.common.rest_client [req-a8c84afb-5a87-47c3-932d-77ced66ce022 req-a8c84afb-5a87-47c3-932d-77ced66ce022 ] Request (ListServersNegativeTestJSON:setUpClass): 200 GET http://10.180.1.21/compute/v2.1/servers/310e5f02-b4ea-4501-b3b1-d3c7557189eb 0.096s
2025-04-03 00:37:07.389 69846 INFO tempest.lib.common.rest_client [req-35562b8d-930b-412e-a645-dbd7874b5a6e req-35562b8d-930b-412e-a645-dbd7874b5a6e ] Request (ImagesOneServerNegativeTestJSON:_run_cleanups): 200 GET http://10.180.1.21/compute/v2.1/servers/44b6c14a-b0a8-4b7f-b295-8e2a282b3794 0.112s
2025-04-03 00:37:07.425 69858 INFO tempest.lib.common.rest_client [req-88fab0f6-478a-4d41-92eb-929c04c2faa5 req-88fab0f6-478a-4d41-92eb-929c04c2faa5 ] Request (ServersTestFqdnHostnames:test_create_server_with_fqdn_name): 200 GET http://10.180.1.21/compute/v2.1/servers/b61972c7-ddfd-47a5-9bc4-314effb27ee5 0.243s
2025-04-03 00:37:07.448 69832 INFO tempest.lib.common.rest_client [req-8f80e328-ae42-4d1c-b655-b0e099c06cdb req-8f80e328-ae42-4d1c-b655-b0e099c06cdb ] Request (ServerAddressesTestJSON:tearDownClass): 200 GET http://10.180.1.21/compute/v2.1/servers/cde882ea-3a53-49aa-9ad3-9cf96dab0e79 0.168s
2025-04-03 00:37:07.480 69844 INFO tempest.lib.common.rest_client [req-31630f4e-6c30-4eec-92f0-00872be770c6 req-31630f4e-6c30-4eec-92f0-00872be770c6 ] Request (DeleteServersTestJSON:test_delete_active_server): 200 GET http://10.180.1.21/compute/v2.1/servers/eb4c3153-02e4-40d7-9d55-c9eb6017b490 0.199s
2025-04-03 00:37:07.507 69848 INFO tempest.lib.common.rest_client [req-07ac50c2-7ab7-4c4d-acf7-b1e641930dea req-07ac50c2-7ab7-4c4d-acf7-b1e641930dea ] Request (ServerGroupTestJSON:_run_cleanups): 200 GET http://10.180.1.21/compute/v2.1/servers/0c65c80f-99f5-4057-b938-a35f62ecffd2 0.226s
2025-04-03 00:37:07.565 69836 INFO tempest.lib.common.rest_client [req-51a3651f-9b72-4254-bebd-8d4dcc65a56d req-51a3651f-9b72-4254-bebd-8d4dcc65a56d ] Request (ServerDiagnosticsV248Test:tearDownClass): 200 GET http://10.180.1.21/compute/v2.1/servers/f27b521f-9193-4db1-a108-c1f3ac567ce8 0.231s
2025-04-03 00:37:07.596 69808 INFO tempest.lib.common.rest_client [req-9e155150-dd99-41a8-ab3f-62d26350b8de req-9e155150-dd99-41a8-ab3f-62d26350b8de ] Request (ServersAdminNegativeTestJSON:tearDownClass): 200 GET http://10.180.1.21/compute/v2.1/servers/970e553a-7e3e-466a-96c7-d9d6f6d6807c 0.264s
2025-04-03 00:37:07.624 69810 INFO tempest.lib.common.rest_client [req-a0b0ca86-172c-4b67-9e74-616a4504a6ad req-a0b0ca86-172c-4b67-9e74-616a4504a6ad ] Request (FloatingIPsAssociationTestJSON:tearDownClass): 200 GET http://10.180.1.21/compute/v2.1/servers/74b0bc13-7b1f-4c6f-938a-d7bd00d3d819 0.234s
2025-04-03 00:37:07.649 69820 INFO tempest.lib.common.rest_client [req-02bb6b0c-0e28-4b9b-9db3-76e29736e503 req-02bb6b0c-0e28-4b9b-9db3-76e29736e503 ] Request (ServerActionsTestJSON:setUpClass): 200 GET http://10.180.1.21/compute/v2.1/servers/d48ca3d1-88c9-4e85-bf3b-dc1630c51987 0.205s
2025-04-03 00:37:07.674 69818 INFO tempest.lib.common.rest_client [req-fc337291-9dbc-42c5-a865-5eb02269ed6b req-fc337291-9dbc-42c5-a865-5eb02269ed6b ] Request (ServerMetadataNegativeTestJSON:setUpClass): 200 GET http://10.180.1.21/compute/v2.1/servers/cfbdaa68-e556-4b72-abc5-0a17aa8ff71f 0.224s
2025-04-03 00:37:07.702 69824 INFO tempest.lib.common.rest_client [req-16a8d376-0ccc-447a-88ed-2eb7d0df9c95 req-16a8d376-0ccc-447a-88ed-2eb7d0df9c95 ] Request (InstanceActionsTestJSON:setUpClass): 200 GET http://10.180.1.21/compute/v2.1/servers/f7b6de16-4f11-4310-a2e5-63434aba5e10 0.168s
2025-04-03 00:37:07.763 69842 INFO tempest.lib.common.rest_client [req-095b1e5a-3c69-49c6-adf6-121eb264a1ec req-095b1e5a-3c69-49c6-adf6-121eb264a1ec ] Request (ServersListShow2100Test:test_list_show_rebuild_update_server_2100): 200 GET http://10.180.1.21/compute/v2.1/servers/88eacabd-8ee8-4a84-a613-19c0dc548658 0.120s
2025-04-03 00:37:07.771 69838 INFO tempest.lib.common.rest_client [req-8abdc59a-0a40-4318-8ebe-78edba43cd82 req-8abdc59a-0a40-4318-8ebe-78edba43cd82 ] Request (ListImageFiltersTestJSON:tearDownClass): 200 GET http://10.180.1.21/compute/v2.1/servers/ed61f7dd-d820-4445-97cf-6b01eb636103 0.190s
2025-04-03 00:37:07.815 69804 INFO tempest.lib.common.rest_client [req-9c91c108-d845-46ed-b47d-5fc50d3d32b3 req-9c91c108-d845-46ed-b47d-5fc50d3d32b3 ] Request (ServersAdminTestJSON:test_inject_network_info): 200 GET http://10.180.1.21/compute/v2.1/servers/67842d3e-b361-4eeb-9139-e8101a23a9ed 0.143s
2025-04-03 00:37:07.824 69864 INFO tempest.lib.common.rest_client [req-59b5dfe5-b8b6-48cf-b97f-bb7bf7abe606 req-59b5dfe5-b8b6-48cf-b97f-bb7bf7abe606 ] Request (ServerDiskConfigTestJSON:test_resize_server_from_auto_to_manual): 200 GET http://10.180.1.21/compute/v2.1/servers/d39dd037-4039-4f6e-8302-80bc8c2d6670 0.087s
2025-04-03 00:37:07.864 69854 INFO tempest.lib.common.rest_client [req-0cd8f1da-00dc-4814-8867-e957dc3f9617 req-0cd8f1da-00dc-4814-8867-e957dc3f9617 ] Request (ServersTestJSON:test_create_server_with_ipv6_addr_only): 200 GET http://10.180.1.21/compute/v2.1/servers/260d6768-10fa-4c0a-9bcd-a1ee6a22c7d4 0.059s
2025-04-03 00:37:08.008 69856 INFO tempest.lib.common.rest_client [req-c2e6fffd-fbc8-404e-b484-d6a8d2307371 req-c2e6fffd-fbc8-404e-b484-d6a8d2307371 ] Request (SecurityGroupsTestJSON:test_list_security_groups_by_server): 200 GET http://10.180.1.21/compute/v2.1/servers/a3e5b1df-503a-49a7-b066-b09999f7a2c9 0.053s
2025-04-03 00:37:08.357 69866 INFO tempest.lib.common.rest_client [req-246c85d3-9451-4f3a-b329-f2ef0a026d0a req-246c85d3-9451-4f3a-b329-f2ef0a026d0a ] Request (VolumesAssistedSnapshotsTest:test_volume_assisted_snapshot_create_delete): 200 GET http://10.180.1.21/volume/v3/volumes/a16d7228-4baa-45af-8d8d-6fe25b583dc9 0.025s
2025-04-03 00:37:08.363 69852 INFO tempest.lib.common.rest_client [req-e61e6f54-fbbc-4da8-bcf7-6c3f9dbf37c2 req-e61e6f54-fbbc-4da8-bcf7-6c3f9dbf37c2 ] Request (ImagesTestJSON:test_create_image_from_suspended_server): 200 GET http://10.180.1.21/compute/v2.1/images/dc897f88-f2b6-4aa5-97a3-8ea71a07821d 0.036s
2025-04-03 00:37:08.406 69862 INFO tempest.lib.common.rest_client [req-b37d85fb-6697-47d1-977e-86a63c7abfdb req-b37d85fb-6697-47d1-977e-86a63c7abfdb ] Request (MigrationsAdminTest:test_resize_server_revert_deleted_flavor): 200 GET http://10.180.1.21/compute/v2.1/servers/8c65ecb4-c94f-4841-a432-776e0a94fc73 0.055s
2025-04-03 00:37:08.439 69830 INFO tempest.lib.common.rest_client [req-e703f7c7-dcf4-4242-b79b-2ff79bf3a2ba req-e703f7c7-dcf4-4242-b79b-2ff79bf3a2ba ] Request (ListServersNegativeTestJSON:setUpClass): 200 GET http://10.180.1.21/compute/v2.1/servers/310e5f02-b4ea-4501-b3b1-d3c7557189eb 0.056s
2025-04-03 00:37:08.472 69846 INFO tempest.lib.common.rest_client [req-d48f6f97-0bc5-4422-b558-b66d51d3a630 req-d48f6f97-0bc5-4422-b558-b66d51d3a630 ] Request (ImagesOneServerNegativeTestJSON:_run_cleanups): 200 GET http://10.180.1.21/compute/v2.1/servers/44b6c14a-b0a8-4b7f-b295-8e2a282b3794 0.072s
2025-04-03 00:37:08.490 69858 INFO tempest.lib.common.rest_client [req-d8a38a33-5da8-4e8c-bee6-fbd97bacb5c1 req-d8a38a33-5da8-4e8c-bee6-fbd97bacb5c1 ] Request (ServersTestFqdnHostnames:test_create_server_with_fqdn_name): 200 GET http://10.180.1.21/compute/v2.1/servers/b61972c7-ddfd-47a5-9bc4-314effb27ee5 0.057s
2025-04-03 00:37:08.531 69832 INFO tempest.lib.common.rest_client [req-509be8c8-0ea3-488a-b9a2-1a8d92d589ee req-509be8c8-0ea3-488a-b9a2-1a8d92d589ee ] Request (ServerAddressesTestJSON:tearDownClass): 200 GET http://10.180.1.21/compute/v2.1/servers/cde882ea-3a53-49aa-9ad3-9cf96dab0e79 0.073s
2025-04-03 00:37:08.542 69844 INFO tempest.lib.common.rest_client [req-8ce1607a-5e0f-44a5-9457-158f5f214979 req-8ce1607a-5e0f-44a5-9457-158f5f214979 ] Request (DeleteServersTestJSON:test_delete_active_server): 200 GET http://10.180.1.21/compute/v2.1/servers/eb4c3153-02e4-40d7-9d55-c9eb6017b490 0.053s
2025-04-03 00:37:08.587 69848 INFO tempest.lib.common.rest_client [req-49acad52-3c70-4689-815c-762b00e507a4 req-49acad52-3c70-4689-815c-762b00e507a4 ] Request (ServerGroupTestJSON:_run_cleanups): 200 GET http://10.180.1.21/compute/v2.1/servers/0c65c80f-99f5-4057-b938-a35f62ecffd2 0.072s
2025-04-03 00:37:08.642 69836 INFO tempest.lib.common.rest_client [req-ed4a4e6c-23b8-4d1b-8baa-992f9d177cd1 req-ed4a4e6c-23b8-4d1b-8baa-992f9d177cd1 ] Request (ServerDiagnosticsV248Test:tearDownClass): 200 GET http://10.180.1.21/compute/v2.1/servers/f27b521f-9193-4db1-a108-c1f3ac567ce8 0.063s
2025-04-03 00:37:08.656 69808 INFO tempest.lib.common.rest_client [req-9f21dc8e-f5cd-416c-bbe8-5542cfa87367 req-9f21dc8e-f5cd-416c-bbe8-5542cfa87367 ] Request (ServersAdminNegativeTestJSON:tearDownClass): 200 GET http://10.180.1.21/compute/v2.1/servers/970e553a-7e3e-466a-96c7-d9d6f6d6807c 0.051s
2025-04-03 00:37:08.703 69810 INFO tempest.lib.common.rest_client [req-118f304b-4baa-4931-bffe-cc0b64f41d09 req-118f304b-4baa-4931-bffe-cc0b64f41d09 ] Request (FloatingIPsAssociationTestJSON:tearDownClass): 200 GET http://10.180.1.21/compute/v2.1/servers/74b0bc13-7b1f-4c6f-938a-d7bd00d3d819 0.071s
2025-04-03 00:37:08.706 69820 INFO tempest.lib.common.rest_client [req-227b9c76-f986-4d3e-b19c-6389fe3c3f13 req-227b9c76-f986-4d3e-b19c-6389fe3c3f13 ] Request (ServerActionsTestJSON:setUpClass): 200 GET http://10.180.1.21/compute/v2.1/servers/d48ca3d1-88c9-4e85-bf3b-dc1630c51987 0.050s
2025-04-03 00:37:08.758 69818 INFO tempest.lib.common.rest_client [req-5ba29ccf-bbd6-4f10-9407-9db9f820eedf req-5ba29ccf-bbd6-4f10-9407-9db9f820eedf ] Request (ServerMetadataNegativeTestJSON:setUpClass): 200 GET http://10.180.1.21/compute/v2.1/servers/cfbdaa68-e556-4b72-abc5-0a17aa8ff71f 0.074s
2025-04-03 00:37:08.764 69824 INFO tempest.lib.common.rest_client [req-bf4bf2b4-d437-456f-a1fc-57c22927530e req-bf4bf2b4-d437-456f-a1fc-57c22927530e ] Request (InstanceActionsTestJSON:setUpClass): 200 GET http://10.180.1.21/compute/v2.1/servers/f7b6de16-4f11-4310-a2e5-63434aba5e10 0.053s
2025-04-03 00:37:08.831 69838 INFO tempest.lib.common.rest_client [req-4d96d458-8533-4c26-a63d-ff6129ad01ee req-4d96d458-8533-4c26-a63d-ff6129ad01ee ] Request (ListImageFiltersTestJSON:tearDownClass): 200 GET http://10.180.1.21/compute/v2.1/servers/ed61f7dd-d820-4445-97cf-6b01eb636103 0.051s
2025-04-03 00:37:08.843 69842 INFO tempest.lib.common.rest_client [req-36dc5cfd-bf55-413e-8378-3fb6d6d5590a req-36dc5cfd-bf55-413e-8378-3fb6d6d5590a ] Request (ServersListShow2100Test:test_list_show_rebuild_update_server_2100): 200 GET http://10.180.1.21/compute/v2.1/servers/88eacabd-8ee8-4a84-a613-19c0dc548658 0.065s
2025-04-03 00:37:08.880 69804 INFO tempest.lib.common.rest_client [req-864dca26-93d9-458a-a533-409da772bb88 req-864dca26-93d9-458a-a533-409da772bb88 ] Request (ServersAdminTestJSON:test_inject_network_info): 200 GET http://10.180.1.21/compute/v2.1/servers/67842d3e-b361-4eeb-9139-e8101a23a9ed 0.057s
2025-04-03 00:37:08.887 69864 INFO tempest.lib.common.rest_client [req-df1e83eb-fd8e-4880-8a1d-5fb219886b4c req-df1e83eb-fd8e-4880-8a1d-5fb219886b4c ] Request (ServerDiskConfigTestJSON:test_resize_server_from_auto_to_manual): 200 GET http://10.180.1.21/compute/v2.1/servers/d39dd037-4039-4f6e-8302-80bc8c2d6670 0.055s
2025-04-03 00:37:08.928 69854 INFO tempest.lib.common.rest_client [req-65a8e16f-fb97-4264-bcbe-045764628c64 req-65a8e16f-fb97-4264-bcbe-045764628c64 ] Request (ServersTestJSON:test_create_server_with_ipv6_addr_only): 200 GET http://10.180.1.21/compute/v2.1/servers/260d6768-10fa-4c0a-9bcd-a1ee6a22c7d4 0.056s
2025-04-03 00:37:09.065 69856 INFO tempest.lib.common.rest_client [req-96529043-9029-494d-b85f-fcba5588eceb req-96529043-9029-494d-b85f-fcba5588eceb ] Request (SecurityGroupsTestJSON:test_list_security_groups_by_server): 200 GET http://10.180.1.21/compute/v2.1/servers/a3e5b1df-503a-49a7-b066-b09999f7a2c9 0.049s
