2025-04-03 00:35:39.492 69830 INFO tempest.lib.common.rest_client [req-ed53ae5f-f613-4719-9f61-84d1cd999269 req-ed53ae5f-f613-4719-9f61-84d1cd999269 ] Request (FlavorsAdminTestJSON:_run_cleanups): 202 DELETE http://10.180.1.21/compute/v2.1/flavors/431281890 0.526s
2025-04-03 00:35:39.521 69834 INFO tempest.lib.common.rest_client [req-b0a03c8c-4fea-49cb-88f2-901eb1659827 req-b0a03c8c-4fea-49cb-88f2-901eb1659827 ] Request (VolumesAdminNegativeTest:test_update_attached_volume_with_nonexistent_volume_in_body): 201 POST http://10.180.1.21:9696/networking/v2.0/security-group-rules 0.120s
2025-04-03 00:35:39.656 69834 INFO tempest.lib.common.rest_client [req-802007c1-c17f-41a0-9299-a7e8cad6dd6c req-802007c1-c17f-41a0-9299-a7e8cad6dd6c ] Request (VolumesAdminNegativeTest:test_update_attached_volume_with_nonexistent_volume_in_body): 201 POST http://10.180.1.21:9696/networking/v2.0/security-group-rules 0.135s
2025-04-03 00:35:39.667 69861 INFO tempest.lib.common.rest_client [req-d8641b3c-64af-4c75-865d-a5e4d6def21c req-d8641b3c-64af-4c75-865d-a5e4d6def21c ] Request (ServersV294TestFqdnHostnames:setUpClass): 200 GET http://10.180.1.21/compute/v2.1/servers/13d7a540-db99-437d-98ea-07bdcc2d447a 0.610s
2025-04-03 00:35:39.719 69818 INFO tempest.lib.common.rest_client [req-ddfe1f78-adcf-48de-af7b-9a8f81fe6379 req-ddfe1f78-adcf-48de-af7b-9a8f81fe6379 ] Request (FloatingIPsAssociationNegativeTestJSON:test_associate_nonexistent_floating_ip): 404 POST http://10.180.1.21/compute/v2.1/servers/0767959d-2fd8-4908-af49-ad43cad13ba7/action 0.847s
2025-04-03 00:35:39.731 69804 INFO tempest.lib.common.rest_client [req-82c6a116-d472-46bb-a036-70e141d71e2f req-82c6a116-d472-46bb-a036-70e141d71e2f ] Request (ServersAdminTestJSON:test_create_server_with_scheduling_hint): 200 GET http://10.180.1.21/compute/v2.1/servers/e5fde291-3647-432f-bf7f-9be335f39425 0.627s
2025-04-03 00:35:39.793 69854 INFO tempest.lib.common.rest_client [req-4309cd88-6c91-4fbd-a9b4-fc4932e2ec61 req-4309cd88-6c91-4fbd-a9b4-fc4932e2ec61 ] Request (ServersTestJSON:test_create_server_specify_multibyte_character_name): 200 GET http://10.180.1.21/compute/v2.1/servers/29cfd912-4e9e-43b2-a76e-05bfd3bfa3b3 0.653s
2025-04-03 00:35:39.818 69806 INFO tempest.lib.common.rest_client [req-d6d4c43f-2ee9-48e9-bef2-59a73041c70e req-d6d4c43f-2ee9-48e9-bef2-59a73041c70e ] Request (ServerDiagnosticsNegativeTest:test_get_server_diagnostics_by_non_admin): 200 GET http://10.180.1.21/compute/v2.1/servers/843aebb5-20d0-4ada-b64a-3ae79bb6d5ca 0.651s
2025-04-03 00:35:39.856 69812 INFO tempest.lib.common.rest_client [req-2f34f0ca-c304-46fb-bb98-420192a5bf85 req-2f34f0ca-c304-46fb-bb98-420192a5bf85 ] Request (ImagesOneServerTestJSON:test_create_delete_image): 200 GET http://10.180.1.21/compute/v2.1/images/304cc637-b91e-4943-acb4-c2462584cc24 0.613s
2025-04-03 00:35:39.865 69822 INFO tempest.lib.common.rest_client [req-b2e40781-c04d-4cc0-aeff-ac4eced2e046 req-b2e40781-c04d-4cc0-aeff-ac4eced2e046 ] Request (HypervisorAdminNegativeTestJSON:test_get_hypervisor_stats_with_non_admin_user): 403 GET http://10.180.1.21/compute/v2.1/os-hypervisors/statistics 0.596s
2025-04-03 00:35:39.867 69856 INFO tempest.lib.common.rest_client [req-1b3d2711-9beb-4ba1-a7c0-b4dd9f177b84 req-1b3d2711-9beb-4ba1-a7c0-b4dd9f177b84 ] Request (SecurityGroupRulesTestJSON:tearDownClass): 200 PUT http://10.180.1.21:9696/networking/v2.0/routers/38b5870e-b1af-4bf9-b156-22bd431f551f/remove_router_interface 1.926s
2025-04-03 00:35:39.868 69850 INFO tempest.lib.common.rest_client [req-2616ac94-2330-4576-b758-2f6496dfc845 req-2616ac94-2330-4576-b758-2f6496dfc845 ] Request (AttachInterfacesTestJSON:test_create_list_show_delete_interfaces_by_fixed_ip): 200 GET http://10.180.1.21/compute/v2.1/servers/48df700b-0654-42e7-8792-54f3de31a902 0.668s
2025-04-03 00:35:39.943 69828 INFO tempest.lib.common.rest_client [req-d40eda41-1a05-4664-9384-c042a5cb188b req-d40eda41-1a05-4664-9384-c042a5cb188b ] Request (ServersTestManualDisk:setUpClass): 200 GET http://10.180.1.21/compute/v2.1/servers/f5f03876-cb29-46ed-8bc7-f70d73fa4e55 0.628s
2025-04-03 00:35:40.026 69824 INFO tempest.lib.common.rest_client [req-d2e41fa6-00e4-4a2b-b7e5-d363ad121f65 req-d2e41fa6-00e4-4a2b-b7e5-d363ad121f65 ] Request (SecurityGroupRulesNegativeTestJSON:test_create_security_group_rule_with_invalid_from_port): 200 POST http://10.180.1.21/compute/v2.1/os-security-groups 0.649s
2025-04-03 00:35:40.038 69848 INFO tempest.lib.common.rest_client [req-4d2849dc-82ac-4c7f-a6ed-d9d9848a1808 req-4d2849dc-82ac-4c7f-a6ed-d9d9848a1808 ] Request (ServerGroupTestJSON:test_create_server_with_scheduler_hint_group): 200 GET http://10.180.1.21/compute/v2.1/servers/0c65c80f-99f5-4057-b938-a35f62ecffd2 0.657s
2025-04-03 00:35:40.071 69830 INFO tempest.lib.common.rest_client [req-a1f7fe2c-da8f-42f7-917f-8fc59dfa4183 req-a1f7fe2c-da8f-42f7-917f-8fc59dfa4183 ] Request (FlavorsAdminTestJSON:_run_cleanups): 200 GET http://10.180.1.21/compute/v2.1/flavors/detail 0.579s
2025-04-03 00:35:40.140 69826 INFO tempest.lib.common.rest_client [req-4348912f-e455-4626-885f-1bf20cb44e32 req-4348912f-e455-4626-885f-1bf20cb44e32 ] Request (AttachInterfacesUnderV243Test:test_add_remove_fixed_ip): 200 GET http://10.180.1.21/compute/v2.1/servers/54e70109-c2ed-4972-b63a-c5c1e8beea2f 0.486s
2025-04-03 00:35:40.242 69858 INFO tempest.lib.common.rest_client [req-98f8e87a-6bc9-467b-8050-6760f82bf645 req-98f8e87a-6bc9-467b-8050-6760f82bf645 ] Request (ServerDiagnosticsTest:tearDownClass): 200 GET http://10.180.1.21/compute/v2.1/servers/cc3e8d53-a599-4579-920b-f416d6ec1b07 0.527s
2025-04-03 00:35:40.278 69818 INFO tempest.lib.common.rest_client [req-953d197b-fda7-4ca9-96e6-7cbc072613b7 req-953d197b-fda7-4ca9-96e6-7cbc072613b7 ] Request (FloatingIPsAssociationNegativeTestJSON:test_dissociate_nonexistent_floating_ip): 404 POST http://10.180.1.21/compute/v2.1/servers/0767959d-2fd8-4908-af49-ad43cad13ba7/action 0.558s
2025-04-03 00:35:40.371 69846 INFO tempest.lib.common.rest_client [req-ea3e2a05-709d-446c-bf1e-5930768973e9 req-ea3e2a05-709d-446c-bf1e-5930768973e9 ] Request (ImagesOneServerNegativeTestJSON:_run_cleanups): 200 GET http://10.180.1.21/compute/v2.1/servers/2e0df378-21a8-4176-8f9f-e8c891987442 0.647s
2025-04-03 00:35:40.417 69862 INFO tempest.lib.common.rest_client [req-25666c51-0dda-4edf-a2a1-729a12bfad30 req-25666c51-0dda-4edf-a2a1-729a12bfad30 ] Request (MigrationsAdminTest:test_list_migrations_in_flavor_resize_situation): 200 GET http://10.180.1.21/compute/v2.1/servers/a22b3977-2a6f-4f01-949d-874208903ff4 1.012s
2025-04-03 00:35:40.428 69862 INFO tempest.common.waiters [-] State transition "RESIZE/resize_migrated" ==> "RESIZE/resize_finish" after 36 second wait
2025-04-03 00:35:40.449 69838 INFO tempest.lib.common.rest_client [req-4d2755c4-a85a-499e-926c-c2d4d42e591c req-4d2755c4-a85a-499e-926c-c2d4d42e591c ] Request (ListImageFiltersTestJSON:setUpClass): 200 GET http://10.180.1.21/compute/v2.1/servers/ed61f7dd-d820-4445-97cf-6b01eb636103 0.659s
2025-04-03 00:35:40.493 69832 INFO tempest.lib.common.rest_client [req-9b8b5fe5-2279-452c-9f51-d1512947bcb5 req-9b8b5fe5-2279-452c-9f51-d1512947bcb5 ] Request (ServerAddressesTestJSON:setUpClass): 200 GET http://10.180.1.21/compute/v2.1/servers/cde882ea-3a53-49aa-9ad3-9cf96dab0e79 0.705s
2025-04-03 00:35:40.505 69834 INFO tempest.lib.common.rest_client [req-d7ed29bc-79e5-405b-aba8-67088f34c9f6 req-d7ed29bc-79e5-405b-aba8-67088f34c9f6 ] Request (VolumesAdminNegativeTest:test_update_attached_volume_with_nonexistent_volume_in_body): 201 POST http://10.180.1.21:9696/networking/v2.0/floatingips 0.848s
2025-04-03 00:35:40.526 69864 INFO tempest.lib.common.rest_client [req-e93fd400-035a-4a6e-9ce0-33cece09a794 req-e93fd400-035a-4a6e-9ce0-33cece09a794 ] Request (ServerDiskConfigTestJSON:test_rebuild_server_with_manual_disk_config): 200 GET http://10.180.1.21/compute/v2.1/servers/23d7be76-bf47-42d3-ac48-38dc79383b16 0.670s
2025-04-03 00:35:40.556 69822 INFO tempest.lib.common.rest_client [req-8f61e3d5-6cb6-438a-b9c2-f7f524f875be req-8f61e3d5-6cb6-438a-b9c2-f7f524f875be ] Request (HypervisorAdminNegativeTestJSON:test_get_hypervisor_uptime_with_non_admin_user): 200 GET http://10.180.1.21/compute/v2.1/os-hypervisors 0.690s
2025-04-03 00:35:40.567 69834 INFO tempest.lib.common.rest_client [req-bb5dfe4c-3242-42e2-8fee-807abc19a8fd req-bb5dfe4c-3242-42e2-8fee-807abc19a8fd ] Request (VolumesAdminNegativeTest:test_update_attached_volume_with_nonexistent_volume_in_body): 201 POST http://10.180.1.21/identity/v3/auth/tokens 0.059s
2025-04-03 00:35:40.568 69834 INFO tempest.lib.common.fixed_network [-] (VolumesAdminNegativeTest:test_update_attached_volume_with_nonexistent_volume_in_body) Found network {'id': '26df5666-4c91-42ca-96fa-413e6e95cffc', 'name': 'tempest-VolumesAdminNegativeTest-892420435-network', 'tenant_id': 'b3732a2fcd454709aa0ff1f50ff59acb', 'admin_state_up': True, 'mtu': 8950, 'status': 'ACTIVE', 'subnets': [], 'shared': False, 'project_id': 'b3732a2fcd454709aa0ff1f50ff59acb', 'port_security_enabled': True, 'router:external': False, 'provider:network_type': 'vlan', 'provider:physical_network': 'default', 'provider:segmentation_id': 543, 'availability_zone_hints': [], 'availability_zones': [], 'ipv4_address_scope': None, 'ipv6_address_scope': None, 'description': '', 'tags': [], 'created_at': '2025-04-03T00:35:27Z', 'updated_at': '2025-04-03T00:35:27Z', 'revision_number': 1} available for tenant
2025-04-03 00:35:40.617 69836 INFO tempest.lib.common.rest_client [req-4242d81b-a386-48ea-92e4-c04e2d2509c8 req-4242d81b-a386-48ea-92e4-c04e2d2509c8 ] Request (ServerDiagnosticsV248Test:test_get_server_diagnostics): 200 GET http://10.180.1.21/compute/v2.1/servers/f27b521f-9193-4db1-a108-c1f3ac567ce8 0.741s
2025-04-03 00:35:40.633 69844 INFO tempest.lib.common.rest_client [req-399d0763-5a56-4ac3-8d68-311fe8f49a60 req-399d0763-5a56-4ac3-8d68-311fe8f49a60 ] Request (ServersAdmin275Test:tearDownClass): 200 GET http://10.180.1.21/compute/v2.1/servers/9bd2025e-7af4-4366-aca0-418da39f9547 0.691s
2025-04-03 00:35:40.690 69824 INFO tempest.lib.common.rest_client [req-fc62e5ae-9391-414e-8c83-e557546281dd req-fc62e5ae-9391-414e-8c83-e557546281dd ] Request (SecurityGroupRulesNegativeTestJSON:test_create_security_group_rule_with_invalid_from_port): 400 POST http://10.180.1.21/compute/v2.1/os-security-group-rules 0.658s
2025-04-03 00:35:40.717 69856 INFO tempest.lib.common.rest_client [req-ef08a80a-97f3-4ba7-a1f7-5c3edc213fcc req-ef08a80a-97f3-4ba7-a1f7-5c3edc213fcc ] Request (SecurityGroupRulesTestJSON:tearDownClass): 204 DELETE http://10.180.1.21:9696/networking/v2.0/routers/38b5870e-b1af-4bf9-b156-22bd431f551f 0.849s
2025-04-03 00:35:40.727 69830 INFO tempest.lib.common.rest_client [req-515155ef-93e2-46e0-b7b6-0fcf67e8718b req-515155ef-93e2-46e0-b7b6-0fcf67e8718b ] Request (FlavorsAdminTestJSON:test_list_public_flavor_with_other_user): 200 POST http://10.180.1.21/compute/v2.1/flavors 0.650s
2025-04-03 00:35:40.746 69808 INFO tempest.lib.common.rest_client [req-ef539bbf-0d0f-495c-ad8a-d34aba63a1c3 req-ef539bbf-0d0f-495c-ad8a-d34aba63a1c3 ] Request (ServersAdminNegativeTestJSON:setUpClass): 200 GET http://10.180.1.21/compute/v2.1/servers/49ec195c-513a-4737-ab59-e4a3d8af1670 0.673s
2025-04-03 00:35:40.801 69820 INFO tempest.lib.common.rest_client [req-92bcc18e-22c2-45b8-9aab-27c7f62c8899 req-92bcc18e-22c2-45b8-9aab-27c7f62c8899 ] Request (DeleteServersAdminTestJSON:test_delete_server_while_in_error_state): 200 GET http://10.180.1.21/compute/v2.1/servers/647ccacb-d909-4809-910b-caa4a7732b61 0.666s
2025-04-03 00:35:40.890 69842 INFO tempest.lib.common.rest_client [req-516b2bdd-98a3-4603-ae12-d0bd9846f93b req-516b2bdd-98a3-4603-ae12-d0bd9846f93b ] Request (ServerTagsTestJSON:setUpClass): 200 GET http://10.180.1.21/compute/v2.1/servers/518ab3d2-9e53-40ad-9b9d-ba92dc3c9ee4 0.617s
2025-04-03 00:35:40.894 69818 INFO tempest.lib.common.rest_client [req-2546b88e-fa5e-4905-af98-13e33563a53b req-2546b88e-fa5e-4905-af98-13e33563a53b ] Request (FloatingIPsAssociationNegativeTestJSON:tearDownClass): 204 DELETE http://10.180.1.21/compute/v2.1/servers/0767959d-2fd8-4908-af49-ad43cad13ba7 0.612s
2025-04-03 00:35:40.967 69856 INFO tempest.lib.common.rest_client [req-62d60803-5ded-4ec0-9f08-026ccebd4f9b req-62d60803-5ded-4ec0-9f08-026ccebd4f9b ] Request (SecurityGroupRulesTestJSON:tearDownClass): 204 DELETE http://10.180.1.21:9696/networking/v2.0/subnets/06b2cc42-7a49-4adf-93f7-6618e07cf456 0.249s
2025-04-03 00:35:40.968 69816 INFO tempest.lib.common.rest_client [req-786f2583-49d7-439e-864e-a62b6c8dd6bb req-786f2583-49d7-439e-864e-a62b6c8dd6bb ] Request (ServersTestBootFromVolume:setUpClass): 200 GET http://10.180.1.21/compute/v2.1/servers/7dcf2e06-d5bb-42d1-8df5-dd947e5929d6 0.506s
2025-04-03 00:35:41.034 69852 INFO tempest.lib.common.rest_client [req-083a42d3-b4d8-4626-aba3-92f1922b906a req-083a42d3-b4d8-4626-aba3-92f1922b906a ] Request (ImagesTestJSON:test_create_image_from_suspended_server): 200 GET http://10.180.1.21/compute/v2.1/servers/4be76930-d724-4808-85c2-e1ca754f2784 0.554s
2025-04-03 00:35:41.046 69822 INFO tempest.lib.common.rest_client [req-844ea17b-7af3-40cb-b3da-f3e2a18d8baf req-844ea17b-7af3-40cb-b3da-f3e2a18d8baf ] Request (HypervisorAdminNegativeTestJSON:test_get_hypervisor_uptime_with_non_admin_user): 403 GET http://10.180.1.21/compute/v2.1/os-hypervisors/1/uptime 0.488s
2025-04-03 00:35:41.114 69810 INFO tempest.lib.common.rest_client [req-1dbf8878-7bbd-46c2-8aa3-bc18612f181a req-1dbf8878-7bbd-46c2-8aa3-bc18612f181a ] Request (FloatingIPsAssociationTestJSON:test_associate_already_associated_floating_ip): 200 GET http://10.180.1.21/compute/v2.1/servers/3a76616f-24ab-4bb5-9471-07e9f0ede930 0.701s
2025-04-03 00:35:41.290 69861 INFO tempest.lib.common.rest_client [req-276f06b9-c0c8-414c-9dd9-4eb020547eb0 req-276f06b9-c0c8-414c-9dd9-4eb020547eb0 ] Request (ServersV294TestFqdnHostnames:setUpClass): 200 GET http://10.180.1.21/compute/v2.1/servers/13d7a540-db99-437d-98ea-07bdcc2d447a 0.612s
2025-04-03 00:35:41.293 69824 INFO tempest.lib.common.rest_client [req-fbbe01d0-3c74-449a-b16f-ffd212f583be req-fbbe01d0-3c74-449a-b16f-ffd212f583be ] Request (SecurityGroupRulesNegativeTestJSON:test_create_security_group_rule_with_invalid_id): 400 POST http://10.180.1.21/compute/v2.1/os-security-group-rules 0.600s
2025-04-03 00:35:41.320 69830 INFO tempest.lib.common.rest_client [req-b0c4a13e-dc84-4ca3-84db-46edb35ad240 req-b0c4a13e-dc84-4ca3-84db-46edb35ad240 ] Request (FlavorsAdminTestJSON:test_list_public_flavor_with_other_user): 200 GET http://10.180.1.21/compute/v2.1/flavors/detail 0.590s
2025-04-03 00:35:41.378 69804 INFO tempest.lib.common.rest_client [req-292cccc4-3906-4959-aa5c-1402226dca7e req-292cccc4-3906-4959-aa5c-1402226dca7e ] Request (ServersAdminTestJSON:test_create_server_with_scheduling_hint): 200 GET http://10.180.1.21/compute/v2.1/servers/e5fde291-3647-432f-bf7f-9be335f39425 0.638s
2025-04-03 00:35:41.428 69834 INFO tempest.lib.common.rest_client [req-fa6d39b7-0978-416f-95ab-48cf061a0163 req-fa6d39b7-0978-416f-95ab-48cf061a0163 ] Request (VolumesAdminNegativeTest:test_update_attached_volume_with_nonexistent_volume_in_body): 202 POST http://10.180.1.21/compute/v2.1/servers 0.860s
2025-04-03 00:35:41.453 69854 INFO tempest.lib.common.rest_client [req-90be0293-f658-4107-aab2-20f9bed0b4f8 req-90be0293-f658-4107-aab2-20f9bed0b4f8 ] Request (ServersTestJSON:test_create_server_specify_multibyte_character_name): 200 GET http://10.180.1.21/compute/v2.1/servers/29cfd912-4e9e-43b2-a76e-05bfd3bfa3b3 0.647s
2025-04-03 00:35:41.464 69856 INFO tempest.lib.common.rest_client [req-b663b862-f205-4486-8350-760365955eca req-b663b862-f205-4486-8350-760365955eca ] Request (SecurityGroupRulesTestJSON:tearDownClass): 204 DELETE http://10.180.1.21:9696/networking/v2.0/networks/0ba07e6f-a248-4bdf-9ed4-2e11b8fd9e72 0.497s
2025-04-03 00:35:41.497 69812 INFO tempest.lib.common.rest_client [req-e23bea45-6a7c-47d8-bc31-138ae76c02e5 req-e23bea45-6a7c-47d8-bc31-138ae76c02e5 ] Request (ImagesOneServerTestJSON:test_create_delete_image): 200 GET http://10.180.1.21/compute/v2.1/images/304cc637-b91e-4943-acb4-c2462584cc24 0.638s
2025-04-03 00:35:41.498 69806 INFO tempest.lib.common.rest_client [req-f5a8b6b1-9d24-4686-9692-4b3afeaf3918 req-f5a8b6b1-9d24-4686-9692-4b3afeaf3918 ] Request (ServerDiagnosticsNegativeTest:test_get_server_diagnostics_by_non_admin): 200 GET http://10.180.1.21/compute/v2.1/servers/843aebb5-20d0-4ada-b64a-3ae79bb6d5ca 0.667s
2025-04-03 00:35:41.560 69850 INFO tempest.lib.common.rest_client [req-014ef3c7-3483-42b6-b671-2bd87aede588 req-014ef3c7-3483-42b6-b671-2bd87aede588 ] Request (AttachInterfacesTestJSON:test_create_list_show_delete_interfaces_by_fixed_ip): 200 GET http://10.180.1.21/compute/v2.1/servers/48df700b-0654-42e7-8792-54f3de31a902 0.682s
2025-04-03 00:35:41.607 69856 INFO tempest.lib.common.rest_client [req-8e89f7bd-f876-4e94-afc5-889b3884cc6d req-8e89f7bd-f876-4e94-afc5-889b3884cc6d ] Request (SecurityGroupRulesTestJSON:tearDownClass): 204 DELETE http://10.180.1.21/identity/v3/users/e8d021ed92f64b3ab6b4ee2525b9be00 0.143s
2025-04-03 00:35:41.608 69856 INFO tempest.lib.common.dynamic_creds [-] Deleting project and security group for project: b8c7237632214d718d7d3b0239da8986
2025-04-03 00:35:41.621 69828 INFO tempest.lib.common.rest_client [req-9f0e831e-9b0c-4df4-a6d6-5027f264b8e2 req-9f0e831e-9b0c-4df4-a6d6-5027f264b8e2 ] Request (ServersTestManualDisk:setUpClass): 200 GET http://10.180.1.21/compute/v2.1/servers/f5f03876-cb29-46ed-8bc7-f70d73fa4e55 0.666s
2025-04-03 00:35:41.625 69818 INFO tempest.lib.common.rest_client [req-67cf8547-6598-4e37-81ad-208c52962cfd req-67cf8547-6598-4e37-81ad-208c52962cfd ] Request (FloatingIPsAssociationNegativeTestJSON:tearDownClass): 200 GET http://10.180.1.21/compute/v2.1/servers/0767959d-2fd8-4908-af49-ad43cad13ba7 0.730s
2025-04-03 00:35:41.628 69822 INFO tempest.lib.common.rest_client [req-b45679ef-064c-481a-b22c-961fc3ca75cc req-b45679ef-064c-481a-b22c-961fc3ca75cc ] Request (HypervisorAdminNegativeTestJSON:test_get_nonexistent_hypervisor_uptime): 404 GET http://10.180.1.21/compute/v2.1/os-hypervisors/b4e12f25-2436-4701-ab77-7d611c29c3c1/uptime 0.576s
2025-04-03 00:35:41.637 69856 INFO tempest.lib.common.rest_client [req-c33e2d3b-28d9-4bb5-a713-cab052f8c4d8 req-c33e2d3b-28d9-4bb5-a713-cab052f8c4d8 ] Request (SecurityGroupRulesTestJSON:tearDownClass): 200 GET http://10.180.1.21:9696/networking/v2.0/security-groups?tenant_id=b8c7237632214d718d7d3b0239da8986&name=default 0.028s
2025-04-03 00:35:41.688 69826 INFO tempest.lib.common.rest_client [req-d2062813-4fdf-4138-94e1-dc142b129fe7 req-d2062813-4fdf-4138-94e1-dc142b129fe7 ] Request (AttachInterfacesUnderV243Test:test_add_remove_fixed_ip): 200 GET http://10.180.1.21/compute/v2.1/servers/54e70109-c2ed-4972-b63a-c5c1e8beea2f 0.538s
2025-04-03 00:35:41.688 69848 INFO tempest.lib.common.rest_client [req-1491aa4d-ce62-4a4c-aaad-98e2266fe6f2 req-1491aa4d-ce62-4a4c-aaad-98e2266fe6f2 ] Request (ServerGroupTestJSON:test_create_server_with_scheduler_hint_group): 200 GET http://10.180.1.21/compute/v2.1/servers/0c65c80f-99f5-4057-b938-a35f62ecffd2 0.640s
2025-04-03 00:35:41.761 69858 INFO tempest.lib.common.rest_client [req-f0cb3ccf-9ed0-4eac-ab43-82718903fda2 req-f0cb3ccf-9ed0-4eac-ab43-82718903fda2 ] Request (ServerDiagnosticsTest:tearDownClass): 200 GET http://10.180.1.21/compute/v2.1/servers/cc3e8d53-a599-4579-920b-f416d6ec1b07 0.511s
2025-04-03 00:35:41.764 69856 INFO tempest.lib.common.rest_client [req-c93f78e9-7107-4f27-b3bd-3319da2fc403 req-c93f78e9-7107-4f27-b3bd-3319da2fc403 ] Request (SecurityGroupRulesTestJSON:tearDownClass): 204 DELETE http://10.180.1.21:9696/networking/v2.0/security-groups/1ffaf709-f3cb-4a86-99c5-c2d503d1bd99 0.126s
2025-04-03 00:35:41.783 69830 INFO tempest.lib.common.rest_client [req-7e7bb01d-31e2-4ab8-b7eb-1cb6fe1bd15a req-7e7bb01d-31e2-4ab8-b7eb-1cb6fe1bd15a ] Request (FlavorsAdminTestJSON:_run_cleanups): 202 DELETE http://10.180.1.21/compute/v2.1/flavors/1263916537 0.456s
2025-04-03 00:35:41.813 69824 INFO tempest.lib.common.rest_client [req-c34f8419-73db-4299-bd2f-90b9c1dd4032 req-c34f8419-73db-4299-bd2f-90b9c1dd4032 ] Request (SecurityGroupRulesNegativeTestJSON:test_create_security_group_rule_with_invalid_ip_protocol): 200 POST http://10.180.1.21/compute/v2.1/os-security-groups 0.518s
2025-04-03 00:35:41.847 69846 INFO tempest.lib.common.rest_client [req-de0d64b7-bc49-47da-8844-a4c1789324e3 req-de0d64b7-bc49-47da-8844-a4c1789324e3 ] Request (ImagesOneServerNegativeTestJSON:_run_cleanups): 200 GET http://10.180.1.21/compute/v2.1/servers/2e0df378-21a8-4176-8f9f-e8c891987442 0.463s
2025-04-03 00:35:41.860 69856 INFO tempest.lib.common.rest_client [req-112323bf-47be-4e24-a309-cd5d4a238a72 req-112323bf-47be-4e24-a309-cd5d4a238a72 ] Request (SecurityGroupRulesTestJSON:tearDownClass): 204 DELETE http://10.180.1.21/identity/v3/projects/b8c7237632214d718d7d3b0239da8986 0.096s
2025-04-03 00:35:41.890 69834 INFO tempest.lib.common.rest_client [req-7c99fabb-4998-4cbc-84c6-9c73629c75cf req-7c99fabb-4998-4cbc-84c6-9c73629c75cf ] Request (VolumesAdminNegativeTest:test_update_attached_volume_with_nonexistent_volume_in_body): 200 GET http://10.180.1.21/compute/v2.1/servers/9cc351f0-51fb-4bf5-87c9-e4b982bc1942 0.460s
2025-04-03 00:35:41.906 69862 INFO tempest.lib.common.rest_client [req-2b3d7aef-4ec9-4448-8ca3-95e3a6a18468 req-2b3d7aef-4ec9-4448-8ca3-95e3a6a18468 ] Request (MigrationsAdminTest:test_list_migrations_in_flavor_resize_situation): 200 GET http://10.180.1.21/compute/v2.1/servers/a22b3977-2a6f-4f01-949d-874208903ff4 0.477s
2025-04-03 00:35:41.916 69862 INFO tempest.common.waiters [-] State transition "RESIZE/resize_finish" ==> "VERIFY_RESIZE/None" after 37 second wait
2025-04-03 00:35:41.935 69856 INFO tempest.lib.common.rest_client [req-7e2191d6-f763-4315-949d-fb00969324c6 req-7e2191d6-f763-4315-949d-fb00969324c6 ] Request (SecurityGroupsTestJSON:setUpClass): 201 POST http://10.180.1.21/identity/v3/auth/tokens 0.073s
2025-04-03 00:35:41.943 69838 INFO tempest.lib.common.rest_client [req-433425f0-b569-4421-a01b-23c4cc8c7d7c req-433425f0-b569-4421-a01b-23c4cc8c7d7c ] Request (ListImageFiltersTestJSON:setUpClass): 200 GET http://10.180.1.21/compute/v2.1/servers/ed61f7dd-d820-4445-97cf-6b01eb636103 0.482s
2025-04-03 00:35:41.962 69832 INFO tempest.lib.common.rest_client [req-6ebc1311-a26e-4582-828e-b8c2b2caeac2 req-6ebc1311-a26e-4582-828e-b8c2b2caeac2 ] Request (ServerAddressesTestJSON:setUpClass): 200 GET http://10.180.1.21/compute/v2.1/servers/cde882ea-3a53-49aa-9ad3-9cf96dab0e79 0.460s
2025-04-03 00:35:41.967 69856 INFO tempest.lib.common.rest_client [req-f8a4b5da-3fb2-4e2b-b008-3540442ee084 req-f8a4b5da-3fb2-4e2b-b008-3540442ee084 ] Request (SecurityGroupsTestJSON:setUpClass): 201 POST http://10.180.1.21/identity/v3/auth/tokens 0.029s
2025-04-03 00:35:41.993 69864 INFO tempest.lib.common.rest_client [req-e15a1894-e883-4cd3-9a73-da710a1fc2fa req-e15a1894-e883-4cd3-9a73-da710a1fc2fa ] Request (ServerDiskConfigTestJSON:test_rebuild_server_with_manual_disk_config): 200 GET http://10.180.1.21/compute/v2.1/servers/23d7be76-bf47-42d3-ac48-38dc79383b16 0.455s
2025-04-03 00:35:41.996 69856 INFO tempest.lib.common.rest_client [req-dfcba872-e678-4f1c-8df5-0b31e55734d5 req-dfcba872-e678-4f1c-8df5-0b31e55734d5 ] Request (SecurityGroupsTestJSON:setUpClass): 200 GET http://10.180.1.21/identity/v3/domains?name=Default 0.029s
2025-04-03 00:35:42.015 69822 INFO tempest.lib.common.rest_client [req-e8457a86-0312-4e8b-a199-c3ee04bb7b80 req-e8457a86-0312-4e8b-a199-c3ee04bb7b80 ] Request (HypervisorAdminNegativeTestJSON:test_show_hypervisor_with_non_admin_user): 200 GET http://10.180.1.21/compute/v2.1/os-hypervisors 0.385s
2025-04-03 00:35:42.020 69836 INFO tempest.lib.common.rest_client [req-ba398569-6baf-450b-bc70-345e759129b1 req-ba398569-6baf-450b-bc70-345e759129b1 ] Request (ServerDiagnosticsV248Test:test_get_server_diagnostics): 200 GET http://10.180.1.21/compute/v2.1/servers/f27b521f-9193-4db1-a108-c1f3ac567ce8 0.393s
2025-04-03 00:35:42.033 69856 INFO tempest.lib.common.rest_client [req-5eca1522-acf9-4d4a-8884-6a07058ed84a req-5eca1522-acf9-4d4a-8884-6a07058ed84a ] Request (SecurityGroupsTestJSON:setUpClass): 201 POST http://10.180.1.21/identity/v3/projects 0.036s
2025-04-03 00:35:42.097 69856 INFO tempest.lib.common.rest_client [req-eb8a97e1-2dde-421b-b217-426d97d4087c req-eb8a97e1-2dde-421b-b217-426d97d4087c ] Request (SecurityGroupsTestJSON:setUpClass): 201 POST http://10.180.1.21/identity/v3/users 0.064s
2025-04-03 00:35:42.104 69844 INFO tempest.lib.common.rest_client [req-64b7daac-f193-4a50-93b1-c79a36b45079 req-64b7daac-f193-4a50-93b1-c79a36b45079 ] Request (ServersAdmin275Test:tearDownClass): 200 GET http://10.180.1.21/compute/v2.1/servers/9bd2025e-7af4-4366-aca0-418da39f9547 0.458s
2025-04-03 00:35:42.126 69856 INFO tempest.lib.common.rest_client [req-c1db43b2-ad4d-4978-9757-72fd198fd701 req-c1db43b2-ad4d-4978-9757-72fd198fd701 ] Request (SecurityGroupsTestJSON:setUpClass): 200 GET http://10.180.1.21/identity/v3/roles 0.028s
2025-04-03 00:35:42.129 69830 INFO tempest.lib.common.rest_client [req-4d224716-d495-4e8b-8252-5357b003a94c req-4d224716-d495-4e8b-8252-5357b003a94c ] Request (FlavorsAdminTestJSON:_run_cleanups): 200 GET http://10.180.1.21/compute/v2.1/flavors/detail 0.346s
2025-04-03 00:35:42.147 69808 INFO tempest.lib.common.rest_client [req-1adbcb13-b37e-4bba-ba09-572248eb1d82 req-1adbcb13-b37e-4bba-ba09-572248eb1d82 ] Request (ServersAdminNegativeTestJSON:setUpClass): 200 GET http://10.180.1.21/compute/v2.1/servers/49ec195c-513a-4737-ab59-e4a3d8af1670 0.388s
2025-04-03 00:35:42.154 69808 INFO tempest.common.waiters [-] State transition "BUILD/spawning" ==> "ACTIVE/None" after 34 second wait
2025-04-03 00:35:42.175 69856 INFO tempest.lib.common.rest_client [req-05e9e713-6185-4908-8a48-18e3caf96c07 req-05e9e713-6185-4908-8a48-18e3caf96c07 ] Request (SecurityGroupsTestJSON:setUpClass): 204 PUT http://10.180.1.21/identity/v3/projects/08d5a7d004bd473da092b6278a224782/users/450e487bffbd4f59889b5a2c8c872465/roles/3fff3c04c67c4dd3b43b8baca305b8a9 0.049s
2025-04-03 00:35:42.176 69856 INFO tempest.lib.common.dynamic_creds [-] Dynamic test user 450e487bffbd4f59889b5a2c8c872465 is created with scope project and roles: ['member']
2025-04-03 00:35:42.176 69856 INFO tempest.lib.common.dynamic_creds [-] Acquired dynamic creds: credentials: Credentials: {'domain_id': 'default', 'domain_name': 'Default', 'username': 'tempest-SecurityGroupsTestJSON-487968219-project-member', 'project_domain_id': 'default', 'project_domain_name': 'Default', 'project_id': '08d5a7d004bd473da092b6278a224782', 'project_name': 'tempest-SecurityGroupsTestJSON-487968219', 'tenant_id': '08d5a7d004bd473da092b6278a224782', 'tenant_name': 'tempest-SecurityGroupsTestJSON-487968219', 'user_domain_id': 'default', 'user_domain_name': 'Default', 'user_id': '450e487bffbd4f59889b5a2c8c872465', 'system': None}, Network: None, Subnet: None, Router: None
2025-04-03 00:35:42.181 69820 INFO tempest.lib.common.rest_client [req-913ba967-f879-4c55-8c01-932aaa5edfab req-913ba967-f879-4c55-8c01-932aaa5edfab ] Request (DeleteServersAdminTestJSON:test_delete_server_while_in_error_state): 200 GET http://10.180.1.21/compute/v2.1/servers/647ccacb-d909-4809-910b-caa4a7732b61 0.370s
2025-04-03 00:35:42.198 69824 INFO tempest.lib.common.rest_client [req-62ffce5f-03e0-40c7-91dc-f69d1e2ce5f4 req-62ffce5f-03e0-40c7-91dc-f69d1e2ce5f4 ] Request (SecurityGroupRulesNegativeTestJSON:test_create_security_group_rule_with_invalid_ip_protocol): 400 POST http://10.180.1.21/compute/v2.1/os-security-group-rules 0.382s
2025-04-03 00:35:42.211 69830 INFO tempest.lib.common.rest_client [req-b19ede4e-8a8b-474e-bd9c-0644046e7581 req-b19ede4e-8a8b-474e-bd9c-0644046e7581 ] Request (FlavorsAdminTestJSON:tearDownClass): 204 DELETE http://10.180.1.21/identity/v3/users/68f3c1b7cf034b67a5090c51a328a840 0.075s
2025-04-03 00:35:42.248 69856 INFO tempest.lib.common.rest_client [req-a07ff1d7-3887-4414-bf98-ffa2b4c15b99 req-a07ff1d7-3887-4414-bf98-ffa2b4c15b99 ] Request (SecurityGroupsTestJSON:setUpClass): 201 POST http://10.180.1.21/identity/v3/auth/tokens 0.072s
2025-04-03 00:35:42.266 69862 INFO tempest.lib.common.rest_client [req-7999cb23-f53f-495d-98ce-23d8bcb74945 req-7999cb23-f53f-495d-98ce-23d8bcb74945 ] Request (MigrationsAdminTest:test_list_migrations_in_flavor_resize_situation): 204 POST http://10.180.1.21/compute/v2.1/servers/a22b3977-2a6f-4f01-949d-874208903ff4/action 0.349s
2025-04-03 00:35:42.299 69842 INFO tempest.lib.common.rest_client [req-f3079f08-27c7-4afe-ac0b-3974077f6ee1 req-f3079f08-27c7-4afe-ac0b-3974077f6ee1 ] Request (ServerTagsTestJSON:setUpClass): 200 GET http://10.180.1.21/compute/v2.1/servers/518ab3d2-9e53-40ad-9b9d-ba92dc3c9ee4 0.398s
2025-04-03 00:35:42.308 69822 INFO tempest.lib.common.rest_client [req-b94a170f-afba-4df4-ac79-3126071c7a36 req-b94a170f-afba-4df4-ac79-3126071c7a36 ] Request (HypervisorAdminNegativeTestJSON:test_show_hypervisor_with_non_admin_user): 403 GET http://10.180.1.21/compute/v2.1/os-hypervisors/1 0.291s
2025-04-03 00:35:42.316 69830 INFO tempest.lib.common.rest_client [req-a6dc4625-179e-4224-be7b-f616852fd72c req-a6dc4625-179e-4224-be7b-f616852fd72c ] Request (FlavorsAdminTestJSON:tearDownClass): 204 DELETE http://10.180.1.21/identity/v3/users/6dd25cf04382495d81a237f40f7f6ec2 0.104s
2025-04-03 00:35:42.316 69830 INFO tempest.lib.common.dynamic_creds [-] Deleting project and security group for project: 49abedb45e514e8e9d3351ce6a1f37b0
2025-04-03 00:35:42.335 69816 INFO tempest.lib.common.rest_client [req-019cb6d0-da62-4e61-b422-fc715328c8ee req-019cb6d0-da62-4e61-b422-fc715328c8ee ] Request (ServersTestBootFromVolume:setUpClass): 200 GET http://10.180.1.21/compute/v2.1/servers/7dcf2e06-d5bb-42d1-8df5-dd947e5929d6 0.357s
2025-04-03 00:35:42.373 69852 INFO tempest.lib.common.rest_client [req-02a6b2b2-18af-4eca-97e7-93ba859af121 req-02a6b2b2-18af-4eca-97e7-93ba859af121 ] Request (ImagesTestJSON:test_create_image_from_suspended_server): 200 GET http://10.180.1.21/compute/v2.1/servers/4be76930-d724-4808-85c2-e1ca754f2784 0.321s
2025-04-03 00:35:42.378 69830 INFO tempest.lib.common.rest_client [req-dcdd83e3-bca7-48ca-88d9-426efa9fc20e req-dcdd83e3-bca7-48ca-88d9-426efa9fc20e ] Request (FlavorsAdminTestJSON:tearDownClass): 201 POST http://10.180.1.21/identity/v3/auth/tokens 0.062s
2025-04-03 00:35:42.513 69808 INFO tempest.lib.common.rest_client [req-68663850-3a3f-41a9-b447-24318b129b84 req-68663850-3a3f-41a9-b447-24318b129b84 ] Request (ServersAdminNegativeTestJSON:test_migrate_non_existent_server): 404 POST http://10.180.1.21/compute/v2.1/servers/f4a7abe6-657d-42ea-a3b7-59cef331b04d/action 0.358s
2025-04-03 00:35:42.543 69830 INFO tempest.lib.common.rest_client [req-d1d250a9-b55e-49f6-b10c-d0678743b4cb req-d1d250a9-b55e-49f6-b10c-d0678743b4cb ] Request (FlavorsAdminTestJSON:tearDownClass): 200 GET http://10.180.1.21:9696/networking/v2.0/security-groups?tenant_id=49abedb45e514e8e9d3351ce6a1f37b0&name=default 0.165s
2025-04-03 00:35:42.570 69808 INFO tempest.lib.common.rest_client [req-40506cce-c5ce-43a1-9769-77908ae812bc req-40506cce-c5ce-43a1-9769-77908ae812bc ] Request (ServersAdminNegativeTestJSON:test_migrate_server_invalid_state): 201 POST http://10.180.1.21/identity/v3/auth/tokens 0.052s
2025-04-03 00:35:42.570 69808 INFO tempest.lib.common.fixed_network [-] (ServersAdminNegativeTestJSON:test_migrate_server_invalid_state) Found network None available for tenant
2025-04-03 00:35:42.578 69810 INFO tempest.lib.common.rest_client [req-62c50213-961f-4fe8-b578-17bbc21a20f8 req-62c50213-961f-4fe8-b578-17bbc21a20f8 ] Request (FloatingIPsAssociationTestJSON:test_associate_already_associated_floating_ip): 200 GET http://10.180.1.21/compute/v2.1/servers/3a76616f-24ab-4bb5-9471-07e9f0ede930 0.453s
2025-04-03 00:35:42.663 69824 INFO tempest.lib.common.rest_client [req-59d5e78c-b066-4550-8b64-da51426eecb4 req-59d5e78c-b066-4550-8b64-da51426eecb4 ] Request (SecurityGroupRulesNegativeTestJSON:test_create_security_group_rule_with_invalid_port_range): 200 POST http://10.180.1.21/compute/v2.1/os-security-groups 0.461s
2025-04-03 00:35:42.669 69830 INFO tempest.lib.common.rest_client [req-da19bffc-2b1a-4b7d-ab9a-c9deee2aa109 req-da19bffc-2b1a-4b7d-ab9a-c9deee2aa109 ] Request (FlavorsAdminTestJSON:tearDownClass): 204 DELETE http://10.180.1.21:9696/networking/v2.0/security-groups/3d267ad8-9773-41ff-a584-12479b0f5c4f 0.125s
2025-04-03 00:35:42.736 69856 INFO tempest.lib.common.rest_client [req-c61e1aaa-8b4c-4ef9-92f5-d23562601217 req-c61e1aaa-8b4c-4ef9-92f5-d23562601217 ] Request (SecurityGroupsTestJSON:setUpClass): 201 POST http://10.180.1.21:9696/networking/v2.0/networks 0.487s
2025-04-03 00:35:42.741 69862 INFO tempest.lib.common.rest_client [req-50aa39c4-fae0-404d-ba15-2c3a0c8fdaa8 req-50aa39c4-fae0-404d-ba15-2c3a0c8fdaa8 ] Request (MigrationsAdminTest:test_list_migrations_in_flavor_resize_situation): 200 GET http://10.180.1.21/compute/v2.1/servers/a22b3977-2a6f-4f01-949d-874208903ff4 0.475s
2025-04-03 00:35:42.750 69830 INFO tempest.lib.common.rest_client [req-6b1bcf7f-8f71-46ca-9437-cce29f39e367 req-6b1bcf7f-8f71-46ca-9437-cce29f39e367 ] Request (FlavorsAdminTestJSON:tearDownClass): 204 DELETE http://10.180.1.21/identity/v3/projects/49abedb45e514e8e9d3351ce6a1f37b0 0.081s
2025-04-03 00:35:42.750 69830 INFO tempest.lib.common.dynamic_creds [-] Deleting project and security group for project: f2e05f0f7e4146a8b3503b75e68dc43e
2025-04-03 00:35:42.753 69822 INFO tempest.lib.common.rest_client [req-dfc59432-5715-4b35-9c85-060f340a2ccc req-dfc59432-5715-4b35-9c85-060f340a2ccc ] Request (HypervisorAdminNegativeTestJSON:test_show_nonexistent_hypervisor): 404 GET http://10.180.1.21/compute/v2.1/os-hypervisors/d330c298-0dd2-4f8b-a428-9deaf7f23c0b 0.442s
2025-04-03 00:35:42.806 69861 INFO tempest.lib.common.rest_client [req-bf6db4bf-cf88-4c99-b56e-4e2d04f6b896 req-bf6db4bf-cf88-4c99-b56e-4e2d04f6b896 ] Request (ServersV294TestFqdnHostnames:setUpClass): 200 GET http://10.180.1.21/compute/v2.1/servers/13d7a540-db99-437d-98ea-07bdcc2d447a 0.503s
2025-04-03 00:35:42.830 69804 INFO tempest.lib.common.rest_client [req-65ab6e7d-aca8-425d-8a4b-14ca5c9a0e9a req-65ab6e7d-aca8-425d-8a4b-14ca5c9a0e9a ] Request (ServersAdminTestJSON:test_create_server_with_scheduling_hint): 200 GET http://10.180.1.21/compute/v2.1/servers/e5fde291-3647-432f-bf7f-9be335f39425 0.441s
2025-04-03 00:35:42.865 69812 INFO tempest.lib.common.rest_client [req-3d63751c-7883-402b-b805-0594f776c3df req-3d63751c-7883-402b-b805-0594f776c3df ] Request (ImagesOneServerTestJSON:test_create_delete_image): 200 GET http://10.180.1.21/compute/v2.1/images/304cc637-b91e-4943-acb4-c2462584cc24 0.360s
2025-04-03 00:35:42.876 69854 INFO tempest.lib.common.rest_client [req-2ceb33bd-5f8d-4601-a9be-d598c4fa3a63 req-2ceb33bd-5f8d-4601-a9be-d598c4fa3a63 ] Request (ServersTestJSON:test_create_server_specify_multibyte_character_name): 200 GET http://10.180.1.21/compute/v2.1/servers/29cfd912-4e9e-43b2-a76e-05bfd3bfa3b3 0.414s
2025-04-03 00:35:42.880 69822 INFO tempest.lib.common.rest_client [req-b816bf31-e5a2-4f68-af01-0a1cffe55554 req-b816bf31-e5a2-4f68-af01-0a1cffe55554 ] Request (HypervisorAdminNegativeTestJSON:tearDownClass): 204 DELETE http://10.180.1.21/identity/v3/users/a08a412e08194604a527ac49af5caee0 0.123s
2025-04-03 00:35:42.935 69806 INFO tempest.lib.common.rest_client [req-add80493-96f3-47f3-af79-8d8f07748501 req-add80493-96f3-47f3-af79-8d8f07748501 ] Request (ServerDiagnosticsNegativeTest:test_get_server_diagnostics_by_non_admin): 200 GET http://10.180.1.21/compute/v2.1/servers/843aebb5-20d0-4ada-b64a-3ae79bb6d5ca 0.426s
2025-04-03 00:35:42.944 69850 INFO tempest.lib.common.rest_client [req-19d45311-7134-4a91-ba2c-8b443e052725 req-19d45311-7134-4a91-ba2c-8b443e052725 ] Request (AttachInterfacesTestJSON:test_create_list_show_delete_interfaces_by_fixed_ip): 200 GET http://10.180.1.21/compute/v2.1/servers/48df700b-0654-42e7-8792-54f3de31a902 0.375s
2025-04-03 00:35:42.951 69830 INFO tempest.lib.common.rest_client [req-0f5b4f59-c4b6-423c-859b-0d2780e16ae6 req-0f5b4f59-c4b6-423c-859b-0d2780e16ae6 ] Request (FlavorsAdminTestJSON:tearDownClass): 200 GET http://10.180.1.21:9696/networking/v2.0/security-groups?tenant_id=f2e05f0f7e4146a8b3503b75e68dc43e&name=default 0.200s
2025-04-03 00:35:42.983 69822 INFO tempest.lib.common.rest_client [req-c1325bb1-2bf9-407e-94c8-47fa0e6648a0 req-c1325bb1-2bf9-407e-94c8-47fa0e6648a0 ] Request (HypervisorAdminNegativeTestJSON:tearDownClass): 204 DELETE http://10.180.1.21/identity/v3/users/66b5ef0246ac41e39c84297f68aa09b9 0.102s
2025-04-03 00:35:42.983 69822 INFO tempest.lib.common.dynamic_creds [-] Deleting project and security group for project: 8ebbbc3694d04f7ca82a1a93875d9b13
2025-04-03 00:35:43.012 69828 INFO tempest.lib.common.rest_client [req-7643aee5-72f5-4aa5-b89b-cef2de7271ba req-7643aee5-72f5-4aa5-b89b-cef2de7271ba ] Request (ServersTestManualDisk:setUpClass): 200 GET http://10.180.1.21/compute/v2.1/servers/f5f03876-cb29-46ed-8bc7-f70d73fa4e55 0.383s
2025-04-03 00:35:43.049 69822 INFO tempest.lib.common.rest_client [req-34529c96-d43b-470f-9424-4fc46d62193b req-34529c96-d43b-470f-9424-4fc46d62193b ] Request (HypervisorAdminNegativeTestJSON:tearDownClass): 201 POST http://10.180.1.21/identity/v3/auth/tokens 0.065s
2025-04-03 00:35:43.082 69830 INFO tempest.lib.common.rest_client [req-b7019110-f7e8-4d96-8def-daefc4ecb854 req-b7019110-f7e8-4d96-8def-daefc4ecb854 ] Request (FlavorsAdminTestJSON:tearDownClass): 204 DELETE http://10.180.1.21:9696/networking/v2.0/security-groups/9656c1e2-f63d-4f01-9395-d635621a61f7 0.130s
2025-04-03 00:35:43.158 69830 INFO tempest.lib.common.rest_client [req-91a409fd-5788-42b4-b206-5cacdc083dbf req-91a409fd-5788-42b4-b206-5cacdc083dbf ] Request (FlavorsAdminTestJSON:tearDownClass): 204 DELETE http://10.180.1.21/identity/v3/projects/f2e05f0f7e4146a8b3503b75e68dc43e 0.075s
2025-04-03 00:35:43.178 69818 INFO tempest.lib.common.rest_client [req-03ec5caa-58b6-4765-8669-9aa0ad2f8e5c req-03ec5caa-58b6-4765-8669-9aa0ad2f8e5c ] Request (FloatingIPsAssociationNegativeTestJSON:tearDownClass): 200 GET http://10.180.1.21/compute/v2.1/servers/0767959d-2fd8-4908-af49-ad43cad13ba7 0.541s
2025-04-03 00:35:43.217 69824 INFO tempest.lib.common.rest_client [req-a423a52f-f2d5-476d-b5f2-26aba63927a0 req-a423a52f-f2d5-476d-b5f2-26aba63927a0 ] Request (SecurityGroupRulesNegativeTestJSON:test_create_security_group_rule_with_invalid_port_range): 400 POST http://10.180.1.21/compute/v2.1/os-security-group-rules 0.550s
2025-04-03 00:35:43.231 69830 INFO tempest.lib.common.rest_client [req-7dbb665c-82af-47a9-a2c1-1a27fb11ab5c req-7dbb665c-82af-47a9-a2c1-1a27fb11ab5c ] Request (ListServersNegativeTestJSON:setUpClass): 201 POST http://10.180.1.21/identity/v3/auth/tokens 0.071s
2025-04-03 00:35:43.259 69822 INFO tempest.lib.common.rest_client [req-8030edd9-5ba4-4a9d-a1ca-7b3c390332f9 req-8030edd9-5ba4-4a9d-a1ca-7b3c390332f9 ] Request (HypervisorAdminNegativeTestJSON:tearDownClass): 200 GET http://10.180.1.21:9696/networking/v2.0/security-groups?tenant_id=8ebbbc3694d04f7ca82a1a93875d9b13&name=default 0.210s
2025-04-03 00:35:43.272 69830 INFO tempest.lib.common.rest_client [req-8f59a8b8-ad2f-4dbd-ad81-65960d0a6366 req-8f59a8b8-ad2f-4dbd-ad81-65960d0a6366 ] Request (ListServersNegativeTestJSON:setUpClass): 201 POST http://10.180.1.21/identity/v3/auth/tokens 0.038s
2025-04-03 00:35:43.278 69856 INFO tempest.lib.common.rest_client [req-1f0da5d4-b0e4-457d-b6b8-1922724bbe00 req-1f0da5d4-b0e4-457d-b6b8-1922724bbe00 ] Request (SecurityGroupsTestJSON:setUpClass): 201 POST http://10.180.1.21:9696/networking/v2.0/subnets 0.542s
2025-04-03 00:35:43.283 69848 INFO tempest.lib.common.rest_client [req-cd860223-9bd3-4ffd-9dd9-bc0f77d11700 req-cd860223-9bd3-4ffd-9dd9-bc0f77d11700 ] Request (ServerGroupTestJSON:test_create_server_with_scheduler_hint_group): 200 GET http://10.180.1.21/compute/v2.1/servers/0c65c80f-99f5-4057-b938-a35f62ecffd2 0.587s
2025-04-03 00:35:43.312 69830 INFO tempest.lib.common.rest_client [req-682821b1-12b3-4238-9d19-415c7bde08c7 req-682821b1-12b3-4238-9d19-415c7bde08c7 ] Request (ListServersNegativeTestJSON:setUpClass): 200 GET http://10.180.1.21/identity/v3/domains?name=Default 0.039s
2025-04-03 00:35:43.352 69830 INFO tempest.lib.common.rest_client [req-15bad763-b354-4fca-9fc2-c84d5c0fc525 req-15bad763-b354-4fca-9fc2-c84d5c0fc525 ] Request (ListServersNegativeTestJSON:setUpClass): 201 POST http://10.180.1.21/identity/v3/projects 0.039s
2025-04-03 00:35:43.368 69826 INFO tempest.lib.common.rest_client [req-432297ac-837a-41a2-ac89-c208eb63b079 req-432297ac-837a-41a2-ac89-c208eb63b079 ] Request (AttachInterfacesUnderV243Test:test_add_remove_fixed_ip): 200 GET http://10.180.1.21/compute/v2.1/servers/54e70109-c2ed-4972-b63a-c5c1e8beea2f 0.671s
2025-04-03 00:35:43.447 69822 INFO tempest.lib.common.rest_client [req-10a5bf71-227c-4623-b01d-28e99430acd4 req-10a5bf71-227c-4623-b01d-28e99430acd4 ] Request (HypervisorAdminNegativeTestJSON:tearDownClass): 204 DELETE http://10.180.1.21:9696/networking/v2.0/security-groups/0f4132f2-7471-4d29-8713-de918fb7a947 0.187s
2025-04-03 00:35:43.448 69830 INFO tempest.lib.common.rest_client [req-08a3be98-9bc6-4c31-b9a1-da627be0cc76 req-08a3be98-9bc6-4c31-b9a1-da627be0cc76 ] Request (ListServersNegativeTestJSON:setUpClass): 201 POST http://10.180.1.21/identity/v3/users 0.096s
2025-04-03 00:35:43.468 69858 INFO tempest.lib.common.rest_client [req-0d81b1d7-2016-40e2-9da6-92c860e17a4c req-0d81b1d7-2016-40e2-9da6-92c860e17a4c ] Request (ServerDiagnosticsTest:tearDownClass): 200 GET http://10.180.1.21/compute/v2.1/servers/cc3e8d53-a599-4579-920b-f416d6ec1b07 0.696s
2025-04-03 00:35:43.473 69830 INFO tempest.lib.common.rest_client [req-0c5da7e0-88ae-417b-9702-cc9df7f95f84 req-0c5da7e0-88ae-417b-9702-cc9df7f95f84 ] Request (ListServersNegativeTestJSON:setUpClass): 200 GET http://10.180.1.21/identity/v3/roles 0.024s
2025-04-03 00:35:43.506 69830 INFO tempest.lib.common.rest_client [req-f026606f-5033-4f47-9448-85afabb8567c req-f026606f-5033-4f47-9448-85afabb8567c ] Request (ListServersNegativeTestJSON:setUpClass): 204 PUT http://10.180.1.21/identity/v3/projects/7b75b141dca743e1b406a9155460b1e8/users/d09265bfdb8a4648906551e2b1e53798/roles/3fff3c04c67c4dd3b43b8baca305b8a9 0.033s
2025-04-03 00:35:43.506 69830 INFO tempest.lib.common.dynamic_creds [-] Dynamic test user d09265bfdb8a4648906551e2b1e53798 is created with scope project and roles: ['member']
2025-04-03 00:35:43.506 69830 INFO tempest.lib.common.dynamic_creds [-] Acquired dynamic creds: credentials: Credentials: {'domain_id': 'default', 'domain_name': 'Default', 'username': 'tempest-ListServersNegativeTestJSON-1576460341-project-member', 'project_domain_id': 'default', 'project_domain_name': 'Default', 'project_id': '7b75b141dca743e1b406a9155460b1e8', 'project_name': 'tempest-ListServersNegativeTestJSON-1576460341', 'tenant_id': '7b75b141dca743e1b406a9155460b1e8', 'tenant_name': 'tempest-ListServersNegativeTestJSON-1576460341', 'user_domain_id': 'default', 'user_domain_name': 'Default', 'user_id': 'd09265bfdb8a4648906551e2b1e53798', 'system': None}, Network: None, Subnet: None, Router: None
2025-04-03 00:35:43.533 69866 WARNING tempest.lib.common.ssh [-] Failed to establish authenticated ssh connection to cirros@10.180.180.162 ([Errno None] Unable to connect to port 22 on 10.180.180.162). Number attempts: 3. Retry after 4 seconds.: paramiko.ssh_exception.NoValidConnectionsError: [Errno None] Unable to connect to port 22 on 10.180.180.162
2025-04-03 00:35:43.547 69822 INFO tempest.lib.common.rest_client [req-11388301-1029-4231-8c87-7f5d9a63ccda req-11388301-1029-4231-8c87-7f5d9a63ccda ] Request (HypervisorAdminNegativeTestJSON:tearDownClass): 204 DELETE http://10.180.1.21/identity/v3/projects/8ebbbc3694d04f7ca82a1a93875d9b13 0.100s
2025-04-03 00:35:43.548 69822 INFO tempest.lib.common.dynamic_creds [-] Deleting project and security group for project: 9766f465c0d149a48b8b1db57ec51dde
2025-04-03 00:35:43.555 69846 INFO tempest.lib.common.rest_client [req-c65724dd-a5c6-4f28-8a49-105ab9a48c4c req-c65724dd-a5c6-4f28-8a49-105ab9a48c4c ] Request (ImagesOneServerNegativeTestJSON:_run_cleanups): 200 GET http://10.180.1.21/compute/v2.1/servers/2e0df378-21a8-4176-8f9f-e8c891987442 0.699s
2025-04-03 00:35:43.567 69830 INFO tempest.lib.common.rest_client [req-cfe7abc0-d1d1-46af-ad63-4f8d25d84078 req-cfe7abc0-d1d1-46af-ad63-4f8d25d84078 ] Request (ListServersNegativeTestJSON:setUpClass): 201 POST http://10.180.1.21/identity/v3/auth/tokens 0.060s
2025-04-03 00:35:43.587 69808 INFO tempest.lib.common.rest_client [req-a8aa11cb-121e-4e2e-bd47-f04d643aabfb req-a8aa11cb-121e-4e2e-bd47-f04d643aabfb ] Request (ServersAdminNegativeTestJSON:test_migrate_server_invalid_state): 202 POST http://10.180.1.21/compute/v2.1/servers 1.016s
2025-04-03 00:35:43.635 69834 INFO tempest.lib.common.rest_client [req-99debee8-2faa-4fd8-ba95-f0463384357d req-99debee8-2faa-4fd8-ba95-f0463384357d ] Request (VolumesAdminNegativeTest:test_update_attached_volume_with_nonexistent_volume_in_body): 200 GET http://10.180.1.21/compute/v2.1/servers/9cc351f0-51fb-4bf5-87c9-e4b982bc1942 0.734s
2025-04-03 00:35:43.683 69838 INFO tempest.lib.common.rest_client [req-f79e8eef-cd37-4259-8b92-9a02d34f0c07 req-f79e8eef-cd37-4259-8b92-9a02d34f0c07 ] Request (ListImageFiltersTestJSON:setUpClass): 200 GET http://10.180.1.21/compute/v2.1/servers/ed61f7dd-d820-4445-97cf-6b01eb636103 0.730s
2025-04-03 00:35:43.721 69832 INFO tempest.lib.common.rest_client [req-81fb52ec-11af-4919-8d8a-55d461232484 req-81fb52ec-11af-4919-8d8a-55d461232484 ] Request (ServerAddressesTestJSON:setUpClass): 200 GET http://10.180.1.21/compute/v2.1/servers/cde882ea-3a53-49aa-9ad3-9cf96dab0e79 0.750s
2025-04-03 00:35:43.795 69864 INFO tempest.lib.common.rest_client [req-d38c5282-81b5-452d-bc81-4db6b7ed4867 req-d38c5282-81b5-452d-bc81-4db6b7ed4867 ] Request (ServerDiskConfigTestJSON:test_rebuild_server_with_manual_disk_config): 200 GET http://10.180.1.21/compute/v2.1/servers/23d7be76-bf47-42d3-ac48-38dc79383b16 0.793s
2025-04-03 00:35:43.799 69822 INFO tempest.lib.common.rest_client [req-a27ec578-e4ed-442e-adcf-bc38c98ffdda req-a27ec578-e4ed-442e-adcf-bc38c98ffdda ] Request (HypervisorAdminNegativeTestJSON:tearDownClass): 200 GET http://10.180.1.21:9696/networking/v2.0/security-groups?tenant_id=9766f465c0d149a48b8b1db57ec51dde&name=default 0.251s
2025-04-03 00:35:43.801 69836 INFO tempest.lib.common.rest_client [req-21ef9046-39b2-4eee-96b4-80fe85888f6d req-21ef9046-39b2-4eee-96b4-80fe85888f6d ] Request (ServerDiagnosticsV248Test:test_get_server_diagnostics): 200 GET http://10.180.1.21/compute/v2.1/servers/f27b521f-9193-4db1-a108-c1f3ac567ce8 0.767s
2025-04-03 00:35:43.866 69820 INFO tempest.lib.common.rest_client [req-6dff632c-6d08-41da-8c3c-91eae70d21a2 req-6dff632c-6d08-41da-8c3c-91eae70d21a2 ] Request (DeleteServersAdminTestJSON:test_delete_server_while_in_error_state): 200 GET http://10.180.1.21/compute/v2.1/servers/647ccacb-d909-4809-910b-caa4a7732b61 0.676s
2025-04-03 00:35:43.880 69820 INFO tempest.common.waiters [-] State transition "BUILD/scheduling" ==> "BUILD/None" after 25 second wait
2025-04-03 00:35:43.916 69814 WARNING tempest.lib.common.ssh [-] Failed to establish authenticated ssh connection to cirros@10.180.180.250 ([Errno None] Unable to connect to port 22 on 10.180.180.250). Number attempts: 2. Retry after 3 seconds.: paramiko.ssh_exception.NoValidConnectionsError: [Errno None] Unable to connect to port 22 on 10.180.180.250
2025-04-03 00:35:43.930 69844 INFO tempest.lib.common.rest_client [req-82f54a79-5831-490a-a6aa-8d6e57d350cd req-82f54a79-5831-490a-a6aa-8d6e57d350cd ] Request (ServersAdmin275Test:tearDownClass): 200 GET http://10.180.1.21/compute/v2.1/servers/9bd2025e-7af4-4366-aca0-418da39f9547 0.811s
2025-04-03 00:35:44.049 69824 INFO tempest.lib.common.rest_client [req-7c341ddd-8b6f-444c-ad1e-8632638fb7b0 req-7c341ddd-8b6f-444c-ad1e-8632638fb7b0 ] Request (SecurityGroupRulesNegativeTestJSON:test_create_security_group_rule_with_invalid_to_port): 200 POST http://10.180.1.21/compute/v2.1/os-security-groups 0.829s
2025-04-03 00:35:44.181 69816 INFO tempest.lib.common.rest_client [req-53aff273-ec1a-47b3-9a93-ea208acf395b req-53aff273-ec1a-47b3-9a93-ea208acf395b ] Request (ServersTestBootFromVolume:setUpClass): 200 GET http://10.180.1.21/compute/v2.1/servers/7dcf2e06-d5bb-42d1-8df5-dd947e5929d6 0.833s
2025-04-03 00:35:44.192 69816 INFO tempest.common.waiters [-] State transition "BUILD/None" ==> "BUILD/block_device_mapping" after 30 second wait
2025-04-03 00:35:44.197 69822 INFO tempest.lib.common.rest_client [req-59b4ddad-e595-4ef6-a659-717807dd823b req-59b4ddad-e595-4ef6-a659-717807dd823b ] Request (HypervisorAdminNegativeTestJSON:tearDownClass): 204 DELETE http://10.180.1.21:9696/networking/v2.0/security-groups/55fcf5f0-da63-4ad4-810f-da11b9a630b2 0.398s
2025-04-03 00:35:44.258 69852 INFO tempest.lib.common.rest_client [req-b03bcfba-8822-4333-8990-f9358689aa4c req-b03bcfba-8822-4333-8990-f9358689aa4c ] Request (ImagesTestJSON:test_create_image_from_suspended_server): 200 GET http://10.180.1.21/compute/v2.1/servers/4be76930-d724-4808-85c2-e1ca754f2784 0.877s
2025-04-03 00:35:44.270 69822 INFO tempest.lib.common.rest_client [req-e7a20c3a-67a2-412f-a43a-7c53006c1666 req-e7a20c3a-67a2-412f-a43a-7c53006c1666 ] Request (HypervisorAdminNegativeTestJSON:tearDownClass): 204 DELETE http://10.180.1.21/identity/v3/projects/9766f465c0d149a48b8b1db57ec51dde 0.073s
2025-04-03 00:35:44.279 69842 INFO tempest.lib.common.rest_client [req-77a6e18d-23f2-481c-852a-4b853e22905b req-77a6e18d-23f2-481c-852a-4b853e22905b ] Request (ServerTagsTestJSON:setUpClass): 200 GET http://10.180.1.21/compute/v2.1/servers/518ab3d2-9e53-40ad-9b9d-ba92dc3c9ee4 0.968s
2025-04-03 00:35:44.290 69842 INFO tempest.common.waiters [-] State transition "BUILD/spawning" ==> "ACTIVE/None" after 36 second wait
