2025-04-03 00:35:27.619 69810 INFO tempest.lib.common.rest_client [req-81487ab5-9569-4d26-834c-a32d24461b8a req-81487ab5-9569-4d26-834c-a32d24461b8a ] Request (FloatingIPsAssociationTestJSON:test_associate_already_associated_floating_ip): 200 GET http://10.180.1.21/compute/v2.1/servers/3a76616f-24ab-4bb5-9471-07e9f0ede930 2.265s
2025-04-03 00:35:27.628 69824 INFO tempest.lib.common.rest_client [req-253b09e2-8460-4212-bbb7-ed3e65480f81 req-253b09e2-8460-4212-bbb7-ed3e65480f81 ] Request (SecurityGroupRulesNegativeTestJSON:setUpClass): 201 POST http://10.180.1.21:9696/networking/v2.0/subnets 0.447s
2025-04-03 00:35:27.636 69820 INFO tempest.lib.common.rest_client [req-fd7eb08a-4919-44c6-972c-c979e080e2a0 req-fd7eb08a-4919-44c6-972c-c979e080e2a0 ] Request (DeleteServersAdminTestJSON:test_delete_server_while_in_error_state): 200 GET http://10.180.1.21/compute/v2.1/servers/647ccacb-d909-4809-910b-caa4a7732b61 2.216s
2025-04-03 00:35:27.706 69861 INFO tempest.lib.common.rest_client [req-f03ae4a0-bc69-49c1-b4ae-736c06d813c0 req-f03ae4a0-bc69-49c1-b4ae-736c06d813c0 ] Request (ServersV294TestFqdnHostnames:setUpClass): 200 GET http://10.180.1.21/compute/v2.1/servers/13d7a540-db99-437d-98ea-07bdcc2d447a 2.270s
2025-04-03 00:35:27.720 69816 INFO tempest.lib.common.rest_client [req-00317753-58ae-4aff-ac5f-113a30395ab4 req-00317753-58ae-4aff-ac5f-113a30395ab4 ] Request (ServersTestBootFromVolume:setUpClass): 200 GET http://10.180.1.21/compute/v2.1/servers/7dcf2e06-d5bb-42d1-8df5-dd947e5929d6 2.232s
2025-04-03 00:35:27.788 69854 INFO tempest.lib.common.rest_client [req-d22d4366-ddd8-4f90-b0aa-bdddd12e63d0 req-d22d4366-ddd8-4f90-b0aa-bdddd12e63d0 ] Request (ServersTestJSON:test_create_server_specify_multibyte_character_name): 200 GET http://10.180.1.21/compute/v2.1/servers/29cfd912-4e9e-43b2-a76e-05bfd3bfa3b3 2.285s
2025-04-03 00:35:27.797 69854 INFO tempest.common.waiters [-] State transition "BUILD/scheduling" ==> "BUILD/None" after 11 second wait
2025-04-03 00:35:27.828 69804 INFO tempest.lib.common.rest_client [req-3a824833-02ad-4e22-bdd3-745d0089d8d4 req-3a824833-02ad-4e22-bdd3-745d0089d8d4 ] Request (ServersAdminTestJSON:test_create_server_with_scheduling_hint): 200 GET http://10.180.1.21/compute/v2.1/servers/e5fde291-3647-432f-bf7f-9be335f39425 2.123s
2025-04-03 00:35:27.862 69806 INFO tempest.lib.common.rest_client [req-e36343ab-287b-4105-bb43-2b25d232889c req-e36343ab-287b-4105-bb43-2b25d232889c ] Request (ServerDiagnosticsNegativeTest:test_get_server_diagnostics_by_non_admin): 200 GET http://10.180.1.21/compute/v2.1/servers/843aebb5-20d0-4ada-b64a-3ae79bb6d5ca 2.053s
2025-04-03 00:35:27.931 69822 INFO tempest.lib.common.rest_client [req-d4f93435-38ec-4700-a70a-c9ef3a631bfd req-d4f93435-38ec-4700-a70a-c9ef3a631bfd ] Request (AggregatesAdminNegativeTestJSON:tearDownClass): 200 GET http://10.180.1.21:9696/networking/v2.0/security-groups?tenant_id=98ffea58b57f4acb89b15d3b1a90ecad&name=default 0.329s
2025-04-03 00:35:27.932 69850 INFO tempest.lib.common.rest_client [req-1f43ec02-0c5e-4a42-af7f-882b87b6b829 req-1f43ec02-0c5e-4a42-af7f-882b87b6b829 ] Request (AttachInterfacesTestJSON:test_create_list_show_delete_interfaces_by_fixed_ip): 200 GET http://10.180.1.21/compute/v2.1/servers/48df700b-0654-42e7-8792-54f3de31a902 1.807s
2025-04-03 00:35:27.950 69826 INFO tempest.lib.common.rest_client [req-19f7fa7a-a6a1-4903-b687-79a08720aecb req-19f7fa7a-a6a1-4903-b687-79a08720aecb ] Request (ValidationResourcesFixture:setUp): 201 POST http://10.180.1.21:9696/networking/v2.0/security-groups 0.385s
2025-04-03 00:35:27.955 69834 INFO tempest.lib.common.rest_client [req-a1ad5235-d24f-4d33-9e1d-afa1659b1832 req-a1ad5235-d24f-4d33-9e1d-afa1659b1832 ] Request (VolumesAdminNegativeTest:setUpClass): 201 POST http://10.180.1.21:9696/networking/v2.0/networks 0.714s
2025-04-03 00:35:28.155 69862 INFO tempest.lib.common.rest_client [req-1b57962e-245d-4c39-9534-b311d923fd75 req-1b57962e-245d-4c39-9534-b311d923fd75 ] Request (MigrationsAdminTest:test_list_migrations_in_flavor_resize_situation): 200 GET http://10.180.1.21/compute/v2.1/servers/a22b3977-2a6f-4f01-949d-874208903ff4 2.103s
2025-04-03 00:35:28.186 69826 INFO tempest.lib.common.rest_client [req-a3b0766a-a8e0-4c18-845b-550b449b81cc req-a3b0766a-a8e0-4c18-845b-550b449b81cc ] Request (ValidationResourcesFixture:setUp): 201 POST http://10.180.1.21:9696/networking/v2.0/security-group-rules 0.234s
2025-04-03 00:35:28.212 69822 INFO tempest.lib.common.rest_client [req-ce8419bc-873b-454a-88a5-8ffa2a8eee91 req-ce8419bc-873b-454a-88a5-8ffa2a8eee91 ] Request (AggregatesAdminNegativeTestJSON:tearDownClass): 204 DELETE http://10.180.1.21:9696/networking/v2.0/security-groups/3a1d8fb4-a840-4881-a74f-7d09b42fa558 0.280s
2025-04-03 00:35:28.229 69856 INFO tempest.lib.common.rest_client [req-0a3d01a3-7e68-4475-aa7c-a5f2ae639b13 req-0a3d01a3-7e68-4475-aa7c-a5f2ae639b13 ] Request (SecurityGroupRulesTestJSON:tearDownClass): 202 DELETE http://10.180.1.21/compute/v2.1/os-security-groups/44cb90bb-f762-491c-a76a-df0e40f7da07 2.074s
2025-04-03 00:35:28.252 69828 INFO tempest.lib.common.rest_client [req-fd72a013-b0eb-4201-99e6-fb96bf25c1a1 req-fd72a013-b0eb-4201-99e6-fb96bf25c1a1 ] Request (ServersTestManualDisk:setUpClass): 200 GET http://10.180.1.21/compute/v2.1/servers/f5f03876-cb29-46ed-8bc7-f70d73fa4e55 2.037s
2025-04-03 00:35:28.335 69848 INFO tempest.lib.common.rest_client [req-af35bd8e-3b8a-41cd-bfac-429a1ed29fde req-af35bd8e-3b8a-41cd-bfac-429a1ed29fde ] Request (ServerGroupTestJSON:test_create_server_with_scheduler_hint_group): 200 GET http://10.180.1.21/compute/v2.1/servers/0c65c80f-99f5-4057-b938-a35f62ecffd2 1.804s
2025-04-03 00:35:28.383 69832 INFO tempest.lib.common.rest_client [req-b709e9ad-3787-4c31-a1e3-0e5b39fbe4cc req-b709e9ad-3787-4c31-a1e3-0e5b39fbe4cc ] Request (ImagesMetadataTestJSON:test_update_image_metadata): 200 GET http://10.180.1.21/compute/v2.1/images/931a9688-25f7-4457-9920-1e5cc03f2233/metadata 1.730s
2025-04-03 00:35:28.396 69822 INFO tempest.lib.common.rest_client [req-562a6d0a-078f-4b18-a21d-433ecf78119b req-562a6d0a-078f-4b18-a21d-433ecf78119b ] Request (AggregatesAdminNegativeTestJSON:tearDownClass): 204 DELETE http://10.180.1.21/identity/v3/projects/98ffea58b57f4acb89b15d3b1a90ecad 0.184s
2025-04-03 00:35:28.404 69826 INFO tempest.lib.common.rest_client [req-2095b292-379c-477e-a657-a87f3d84fc09 req-2095b292-379c-477e-a657-a87f3d84fc09 ] Request (ValidationResourcesFixture:setUp): 201 POST http://10.180.1.21:9696/networking/v2.0/security-group-rules 0.217s
2025-04-03 00:35:28.416 69830 INFO tempest.lib.common.rest_client [req-7e793c94-5a00-463e-8eca-b6077912969e req-7e793c94-5a00-463e-8eca-b6077912969e ] Request (FlavorsAdminTestJSON:test_is_public_string_variations): 200 GET http://10.180.1.21/compute/v2.1/flavors/detail?is_public=1 1.690s
2025-04-03 00:35:28.424 69834 INFO tempest.lib.common.rest_client [req-30c2e619-64fc-4864-82b5-6078cdcc1fa3 req-30c2e619-64fc-4864-82b5-6078cdcc1fa3 ] Request (VolumesAdminNegativeTest:setUpClass): 201 POST http://10.180.1.21:9696/networking/v2.0/subnets 0.468s
2025-04-03 00:35:28.460 69832 INFO tempest.lib.common.rest_client [req-a939ae9c-764f-4ff2-937e-0f1ac526c806 req-a939ae9c-764f-4ff2-937e-0f1ac526c806 ] Request (ImagesMetadataTestJSON:tearDownClass): 204 DELETE http://10.180.1.21/image/v2/images/931a9688-25f7-4457-9920-1e5cc03f2233 0.074s
2025-04-03 00:35:28.486 69822 INFO tempest.lib.common.rest_client [req-fa7e06a6-83d2-4416-9ce8-189059a86f18 req-fa7e06a6-83d2-4416-9ce8-189059a86f18 ] Request (HypervisorAdminUnderV252Test:setUpClass): 201 POST http://10.180.1.21/identity/v3/auth/tokens 0.088s
2025-04-03 00:35:28.505 69846 INFO tempest.lib.common.rest_client [req-f21b49f8-b3d0-4ac0-903c-a91ab88b3f01 req-f21b49f8-b3d0-4ac0-903c-a91ab88b3f01 ] Request (ImagesOneServerNegativeTestJSON:tearDown): 200 GET http://10.180.1.21/compute/v2.1/servers/2e0df378-21a8-4176-8f9f-e8c891987442 2.060s
2025-04-03 00:35:28.535 69822 INFO tempest.lib.common.rest_client [req-4c4d5274-0a02-47c9-a205-dbd43eec42e9 req-4c4d5274-0a02-47c9-a205-dbd43eec42e9 ] Request (HypervisorAdminUnderV252Test:setUpClass): 201 POST http://10.180.1.21/identity/v3/auth/tokens 0.045s
2025-04-03 00:35:28.565 69822 INFO tempest.lib.common.rest_client [req-be7b55a7-4d35-4168-bed6-8f6602ecb215 req-be7b55a7-4d35-4168-bed6-8f6602ecb215 ] Request (HypervisorAdminUnderV252Test:setUpClass): 200 GET http://10.180.1.21/identity/v3/domains?name=Default 0.029s
2025-04-03 00:35:28.584 69832 INFO tempest.lib.common.rest_client [req-13e714ea-af53-4744-80f3-e6d16ab90cff req-13e714ea-af53-4744-80f3-e6d16ab90cff ] Request (ImagesMetadataTestJSON:tearDownClass): 204 DELETE http://10.180.1.21/identity/v3/users/2ce16718899b4d43b9802d73a18a29f7 0.124s
2025-04-03 00:35:28.585 69832 INFO tempest.lib.common.dynamic_creds [-] Deleting project and security group for project: 1ff04a8909e445f6aefbcf4f8504a7b8
2025-04-03 00:35:28.621 69822 INFO tempest.lib.common.rest_client [req-802d027a-f389-47e3-b95f-63ed6e485458 req-802d027a-f389-47e3-b95f-63ed6e485458 ] Request (HypervisorAdminUnderV252Test:setUpClass): 201 POST http://10.180.1.21/identity/v3/projects 0.055s
2025-04-03 00:35:28.638 69832 INFO tempest.lib.common.rest_client [req-2ecd76ba-3e26-4d6a-80d1-65816781a80d req-2ecd76ba-3e26-4d6a-80d1-65816781a80d ] Request (ImagesMetadataTestJSON:tearDownClass): 201 POST http://10.180.1.21/identity/v3/auth/tokens 0.053s
2025-04-03 00:35:28.683 69822 INFO tempest.lib.common.rest_client [req-971db9ce-60ef-4f88-ae31-7a9518382234 req-971db9ce-60ef-4f88-ae31-7a9518382234 ] Request (HypervisorAdminUnderV252Test:setUpClass): 201 POST http://10.180.1.21/identity/v3/users 0.061s
2025-04-03 00:35:28.703 69822 INFO tempest.lib.common.rest_client [req-bbbbb5b7-9aab-452d-81de-1960281eb6d3 req-bbbbb5b7-9aab-452d-81de-1960281eb6d3 ] Request (HypervisorAdminUnderV252Test:setUpClass): 200 GET http://10.180.1.21/identity/v3/roles 0.019s
2025-04-03 00:35:28.735 69822 INFO tempest.lib.common.rest_client [req-f02656ab-ead6-4dc6-8567-bf287f201c26 req-f02656ab-ead6-4dc6-8567-bf287f201c26 ] Request (HypervisorAdminUnderV252Test:setUpClass): 204 PUT http://10.180.1.21/identity/v3/projects/f05497ef8307421bb858110f69b0bf8b/users/547eef0724bf46d88676ee6aae9a4530/roles/3fff3c04c67c4dd3b43b8baca305b8a9 0.032s
2025-04-03 00:35:28.736 69822 INFO tempest.lib.common.dynamic_creds [-] Dynamic test user 547eef0724bf46d88676ee6aae9a4530 is created with scope project and roles: ['member']
2025-04-03 00:35:28.736 69822 INFO tempest.lib.common.dynamic_creds [-] Acquired dynamic creds: credentials: Credentials: {'domain_id': 'default', 'domain_name': 'Default', 'username': 'tempest-HypervisorAdminUnderV252Test-30791826-project-member', 'project_domain_id': 'default', 'project_domain_name': 'Default', 'project_id': 'f05497ef8307421bb858110f69b0bf8b', 'project_name': 'tempest-HypervisorAdminUnderV252Test-30791826', 'tenant_id': 'f05497ef8307421bb858110f69b0bf8b', 'tenant_name': 'tempest-HypervisorAdminUnderV252Test-30791826', 'user_domain_id': 'default', 'user_domain_name': 'Default', 'user_id': '547eef0724bf46d88676ee6aae9a4530', 'system': None}, Network: None, Subnet: None, Router: None
2025-04-03 00:35:28.736 69822 INFO tempest.lib.common.dynamic_creds [-] Created isolated network resources for: credentials: Credentials: {'domain_id': 'default', 'domain_name': 'Default', 'username': 'tempest-HypervisorAdminUnderV252Test-30791826-project-member', 'project_domain_id': 'default', 'project_domain_name': 'Default', 'project_id': 'f05497ef8307421bb858110f69b0bf8b', 'project_name': 'tempest-HypervisorAdminUnderV252Test-30791826', 'tenant_id': 'f05497ef8307421bb858110f69b0bf8b', 'tenant_name': 'tempest-HypervisorAdminUnderV252Test-30791826', 'user_domain_id': 'default', 'user_domain_name': 'Default', 'user_id': '547eef0724bf46d88676ee6aae9a4530', 'system': None}, Network: None, Subnet: None, Router: None
2025-04-03 00:35:28.746 69858 INFO tempest.lib.common.rest_client [req-7a29e1cb-c665-4c7e-b85c-a59b0447d4f3 req-7a29e1cb-c665-4c7e-b85c-a59b0447d4f3 ] Request (ServerDiagnosticsTest:tearDownClass): 200 GET http://10.180.1.21/compute/v2.1/servers/cc3e8d53-a599-4579-920b-f416d6ec1b07 1.689s
2025-04-03 00:35:28.753 69858 INFO tempest.common.waiters [-] State transition "ACTIVE/deleting" ==> "DELETED/None" after 5 second wait
2025-04-03 00:35:28.759 69866 INFO tempest.lib.common.rest_client [req-4f626652-80bc-4474-af05-b9a6489e5087 req-4f626652-80bc-4474-af05-b9a6489e5087 ] Request (VolumesAssistedSnapshotsTest:test_volume_assisted_snapshot_create_delete): 200 PUT http://10.180.1.21:9696/networking/v2.0/floatingips/f8a0b88a-1e03-4865-9ace-8aa56c51a35a 1.316s
2025-04-03 00:35:28.760 69866 INFO tempest.lib.common.ssh [-] Creating ssh connection to '10.180.180.162:22' as 'cirros' with public key authentication
2025-04-03 00:35:28.802 69814 INFO tempest.lib.common.rest_client [req-c490195f-c297-40f1-96e3-526ff9c8e94b req-c490195f-c297-40f1-96e3-526ff9c8e94b ] Request (ServersWithSpecificFlavorTestJSON:test_verify_created_server_ephemeral_disk): 200 GET http://10.180.1.21/compute/v2.1/servers/37200872-b8df-40bf-a82a-f0d010de4d06 2.051s
2025-04-03 00:35:28.813 69822 INFO tempest.lib.common.rest_client [req-6e4b8b0b-e6ef-4105-b668-b463c0b00e91 req-6e4b8b0b-e6ef-4105-b668-b463c0b00e91 ] Request (HypervisorAdminUnderV252Test:setUpClass): 201 POST http://10.180.1.21/identity/v3/auth/tokens 0.073s
2025-04-03 00:35:28.889 69822 INFO tempest.lib.common.rest_client [req-b230ea6a-f1d5-451b-953c-699b52bebcf5 req-b230ea6a-f1d5-451b-953c-699b52bebcf5 ] Request (HypervisorAdminUnderV252Test:setUpClass): 201 POST http://10.180.1.21/identity/v3/projects 0.075s
2025-04-03 00:35:28.949 69822 INFO tempest.lib.common.rest_client [req-f9696a9f-db2a-44e7-82ed-eb417a92dd26 req-f9696a9f-db2a-44e7-82ed-eb417a92dd26 ] Request (HypervisorAdminUnderV252Test:setUpClass): 201 POST http://10.180.1.21/identity/v3/users 0.059s
2025-04-03 00:35:28.971 69822 INFO tempest.lib.common.rest_client [req-3f688604-8314-4472-b293-296c7074bfcf req-3f688604-8314-4472-b293-296c7074bfcf ] Request (HypervisorAdminUnderV252Test:setUpClass): 200 GET http://10.180.1.21/identity/v3/roles 0.021s
2025-04-03 00:35:29.000 69822 INFO tempest.lib.common.rest_client [req-272e2931-68db-4c38-b7dd-7662e4c4fbb9 req-272e2931-68db-4c38-b7dd-7662e4c4fbb9 ] Request (HypervisorAdminUnderV252Test:setUpClass): 204 PUT http://10.180.1.21/identity/v3/projects/5424ad5f93444efa9e3919b138f6ff5b/users/48482806404844e183ee939e8b2f1a42/roles/a04229b8b0c749d9be039889a50daadb 0.029s
2025-04-03 00:35:29.063 69822 INFO tempest.lib.common.rest_client [req-31693fa5-e35f-4985-b0bf-822cc65e559a req-31693fa5-e35f-4985-b0bf-822cc65e559a ] Request (HypervisorAdminUnderV252Test:setUpClass): 200 GET http://10.180.1.21/identity/v3/roles 0.062s
2025-04-03 00:35:29.080 69822 INFO tempest.lib.common.rest_client [req-437e7e1f-5ec8-4821-88de-8a0dfd37613b req-437e7e1f-5ec8-4821-88de-8a0dfd37613b ] Request (HypervisorAdminUnderV252Test:setUpClass): 204 PUT http://10.180.1.21/identity/v3/projects/5424ad5f93444efa9e3919b138f6ff5b/users/48482806404844e183ee939e8b2f1a42/roles/a04229b8b0c749d9be039889a50daadb 0.016s
2025-04-03 00:35:29.080 69838 INFO tempest.lib.common.rest_client [req-b8d0279a-bb24-4a0d-9813-4d607b597435 req-b8d0279a-bb24-4a0d-9813-4d607b597435 ] Request (ListImageFiltersTestJSON:setUpClass): 200 GET http://10.180.1.21/compute/v2.1/servers/ed61f7dd-d820-4445-97cf-6b01eb636103 1.839s
2025-04-03 00:35:29.080 69822 INFO tempest.lib.common.dynamic_creds [-] Dynamic test user 48482806404844e183ee939e8b2f1a42 is created with scope project and roles: ['admin']
2025-04-03 00:35:29.080 69822 INFO tempest.lib.common.dynamic_creds [-] Acquired dynamic creds: credentials: Credentials: {'domain_id': 'default', 'domain_name': 'Default', 'username': 'tempest-HypervisorAdminUnderV252Test-1720302292-project-admin', 'project_domain_id': 'default', 'project_domain_name': 'Default', 'project_id': '5424ad5f93444efa9e3919b138f6ff5b', 'project_name': 'tempest-HypervisorAdminUnderV252Test-1720302292', 'tenant_id': '5424ad5f93444efa9e3919b138f6ff5b', 'tenant_name': 'tempest-HypervisorAdminUnderV252Test-1720302292', 'user_domain_id': 'default', 'user_domain_name': 'Default', 'user_id': '48482806404844e183ee939e8b2f1a42', 'system': None}, Network: None, Subnet: None, Router: None
2025-04-03 00:35:29.080 69822 INFO tempest.lib.common.dynamic_creds [-] Created isolated network resources for: credentials: Credentials: {'domain_id': 'default', 'domain_name': 'Default', 'username': 'tempest-HypervisorAdminUnderV252Test-1720302292-project-admin', 'project_domain_id': 'default', 'project_domain_name': 'Default', 'project_id': '5424ad5f93444efa9e3919b138f6ff5b', 'project_name': 'tempest-HypervisorAdminUnderV252Test-1720302292', 'tenant_id': '5424ad5f93444efa9e3919b138f6ff5b', 'tenant_name': 'tempest-HypervisorAdminUnderV252Test-1720302292', 'user_domain_id': 'default', 'user_domain_name': 'Default', 'user_id': '48482806404844e183ee939e8b2f1a42', 'system': None}, Network: None, Subnet: None, Router: None
2025-04-03 00:35:29.167 69864 INFO tempest.lib.common.rest_client [req-1e9e65b9-4410-4e72-aaf7-70d6dab51b10 req-1e9e65b9-4410-4e72-aaf7-70d6dab51b10 ] Request (ServerDiskConfigTestJSON:test_rebuild_server_with_manual_disk_config): 200 GET http://10.180.1.21/compute/v2.1/servers/23d7be76-bf47-42d3-ac48-38dc79383b16 1.897s
2025-04-03 00:35:29.169 69822 INFO tempest.lib.common.rest_client [req-84b14b2f-d04d-4de1-b69b-4a1d9399e23e req-84b14b2f-d04d-4de1-b69b-4a1d9399e23e ] Request (HypervisorAdminUnderV252Test:setUpClass): 201 POST http://10.180.1.21/identity/v3/auth/tokens 0.086s
2025-04-03 00:35:29.211 69832 INFO tempest.lib.common.rest_client [req-f00eb8c4-9c65-48f1-bb10-5f8097c6fbe0 req-f00eb8c4-9c65-48f1-bb10-5f8097c6fbe0 ] Request (ImagesMetadataTestJSON:tearDownClass): 200 GET http://10.180.1.21:9696/networking/v2.0/security-groups?tenant_id=1ff04a8909e445f6aefbcf4f8504a7b8&name=default 0.572s
2025-04-03 00:35:29.222 69852 INFO tempest.lib.common.rest_client [req-20cd1923-0fbd-4aec-b816-33b0da1ef77d req-20cd1923-0fbd-4aec-b816-33b0da1ef77d ] Request (ImagesTestJSON:test_create_image_from_stopped_server): 200 GET http://10.180.1.21/compute/v2.1/images/77191de0-a450-41e5-923f-f46d8e6dede4 1.897s
2025-04-03 00:35:29.263 69852 INFO tempest.lib.common.rest_client [req-091b0816-902a-4b25-b7ce-1338f186e9e5 req-091b0816-902a-4b25-b7ce-1338f186e9e5 ] Request (ImagesTestJSON:test_create_image_from_stopped_server): 200 GET http://10.180.1.21/image/v2/images/77191de0-a450-41e5-923f-f46d8e6dede4/tasks 0.036s
2025-04-03 00:35:29.456 69832 INFO tempest.lib.common.rest_client [req-46519b55-726f-43e0-88bd-ddce964806f6 req-46519b55-726f-43e0-88bd-ddce964806f6 ] Request (ImagesMetadataTestJSON:tearDownClass): 204 DELETE http://10.180.1.21:9696/networking/v2.0/security-groups/6665380f-1cba-4260-ae91-ef39c9bae7e6 0.244s
2025-04-03 00:35:29.456 69812 INFO tempest.lib.common.rest_client [req-6e1c51df-f31e-42cd-a756-208c0db7b422 req-6e1c51df-f31e-42cd-a756-208c0db7b422 ] Request (ImagesOneServerTestJSON:setUpClass): 200 GET http://10.180.1.21/compute/v2.1/servers/1f590372-382e-4cbf-aa82-fe6e4e342ee3 2.064s
2025-04-03 00:35:29.558 69836 INFO tempest.lib.common.rest_client [req-9a141721-4477-4b69-8e46-a6b93e8fd15f req-9a141721-4477-4b69-8e46-a6b93e8fd15f ] Request (ServerDiagnosticsV248Test:test_get_server_diagnostics): 200 GET http://10.180.1.21/compute/v2.1/servers/f27b521f-9193-4db1-a108-c1f3ac567ce8 1.361s
2025-04-03 00:35:29.559 69824 INFO tempest.lib.common.rest_client [req-5bae1c92-a691-4d31-9598-f17ad7e35cd9 req-5bae1c92-a691-4d31-9598-f17ad7e35cd9 ] Request (SecurityGroupRulesNegativeTestJSON:setUpClass): 201 POST http://10.180.1.21:9696/networking/v2.0/routers 1.930s
2025-04-03 00:35:29.580 69832 INFO tempest.lib.common.rest_client [req-6717383d-041f-40af-9b4c-9b5ef7eb1bbb req-6717383d-041f-40af-9b4c-9b5ef7eb1bbb ] Request (ImagesMetadataTestJSON:tearDownClass): 204 DELETE http://10.180.1.21/identity/v3/projects/1ff04a8909e445f6aefbcf4f8504a7b8 0.123s
2025-04-03 00:35:29.600 69856 INFO tempest.lib.common.rest_client [req-3a46482d-68a4-4bd7-b913-6d5f8db218f5 req-3a46482d-68a4-4bd7-b913-6d5f8db218f5 ] Request (SecurityGroupRulesTestJSON:tearDownClass): 404 DELETE http://10.180.1.21/compute/v2.1/os-security-groups/d01a068b-87cd-4f27-8342-c45936f74659 1.370s
2025-04-03 00:35:29.652 69832 INFO tempest.lib.common.rest_client [req-b5af7e7f-06db-4347-9b65-7881a2da5f49 req-b5af7e7f-06db-4347-9b65-7881a2da5f49 ] Request (ServerAddressesTestJSON:setUpClass): 201 POST http://10.180.1.21/identity/v3/auth/tokens 0.070s
2025-04-03 00:35:29.691 69844 INFO tempest.lib.common.rest_client [req-b2bd661a-3048-428f-91ff-92d15d207da4 req-b2bd661a-3048-428f-91ff-92d15d207da4 ] Request (ServersAdmin275Test:tearDownClass): 200 GET http://10.180.1.21/compute/v2.1/servers/9bd2025e-7af4-4366-aca0-418da39f9547 1.376s
2025-04-03 00:35:29.699 69832 INFO tempest.lib.common.rest_client [req-63b379aa-9e2e-41ad-9909-c86896c7917a req-63b379aa-9e2e-41ad-9909-c86896c7917a ] Request (ServerAddressesTestJSON:setUpClass): 201 POST http://10.180.1.21/identity/v3/auth/tokens 0.044s
2025-04-03 00:35:29.729 69832 INFO tempest.lib.common.rest_client [req-54d836d6-2662-453a-adf5-b43c400bb856 req-54d836d6-2662-453a-adf5-b43c400bb856 ] Request (ServerAddressesTestJSON:setUpClass): 200 GET http://10.180.1.21/identity/v3/domains?name=Default 0.029s
2025-04-03 00:35:29.733 69826 INFO tempest.lib.common.rest_client [req-22d4aac6-9afc-49ae-996f-cc4bcc6794ed req-22d4aac6-9afc-49ae-996f-cc4bcc6794ed ] Request (ValidationResourcesFixture:setUp): 201 POST http://10.180.1.21:9696/networking/v2.0/floatingips 1.329s
2025-04-03 00:35:29.773 69832 INFO tempest.lib.common.rest_client [req-e54e9c22-9c8c-40d0-9cea-46d514d290ff req-e54e9c22-9c8c-40d0-9cea-46d514d290ff ] Request (ServerAddressesTestJSON:setUpClass): 201 POST http://10.180.1.21/identity/v3/projects 0.043s
2025-04-03 00:35:29.827 69826 INFO tempest.lib.common.rest_client [req-296557fe-5950-4e1d-b419-bdee85b14c27 req-296557fe-5950-4e1d-b419-bdee85b14c27 ] Request (AttachInterfacesUnderV243Test:test_add_remove_fixed_ip): 201 POST http://10.180.1.21/identity/v3/auth/tokens 0.091s
2025-04-03 00:35:29.827 69826 INFO tempest.lib.common.fixed_network [-] (AttachInterfacesUnderV243Test:test_add_remove_fixed_ip) Found network {'id': '5c096002-d495-4b7e-8b53-81d0bda1af0f', 'name': 'tempest-AttachInterfacesUnderV243Test-68971501-network', 'tenant_id': 'e487195d5f9049b0af20ebf41aff43c6', 'admin_state_up': True, 'mtu': 8950, 'status': 'ACTIVE', 'subnets': [], 'shared': False, 'project_id': 'e487195d5f9049b0af20ebf41aff43c6', 'port_security_enabled': True, 'router:external': False, 'provider:network_type': 'vlan', 'provider:physical_network': 'default', 'provider:segmentation_id': 856, 'availability_zone_hints': [], 'availability_zones': [], 'ipv4_address_scope': None, 'ipv6_address_scope': None, 'description': '', 'tags': [], 'created_at': '2025-04-03T00:35:21Z', 'updated_at': '2025-04-03T00:35:21Z', 'revision_number': 1} available for tenant
2025-04-03 00:35:29.831 69818 INFO tempest.lib.common.rest_client [req-29d7614f-b223-4bbb-a5aa-a98cee7ef928 req-29d7614f-b223-4bbb-a5aa-a98cee7ef928 ] Request (FloatingIPsAssociationNegativeTestJSON:test_associate_ip_to_server_with_floating_ip): 200 POST http://10.180.1.21/compute/v2.1/os-floating-ips 2.729s
2025-04-03 00:35:29.857 69832 INFO tempest.lib.common.rest_client [req-fef71eb1-d75a-40fb-96fe-38610f1641e3 req-fef71eb1-d75a-40fb-96fe-38610f1641e3 ] Request (ServerAddressesTestJSON:setUpClass): 201 POST http://10.180.1.21/identity/v3/users 0.084s
2025-04-03 00:35:29.865 69830 INFO tempest.lib.common.rest_client [req-cfa445d9-a521-4911-9a48-8ffc1c7919cf req-cfa445d9-a521-4911-9a48-8ffc1c7919cf ] Request (FlavorsAdminTestJSON:_run_cleanups): 202 DELETE http://10.180.1.21/compute/v2.1/flavors/1064245656 1.442s
2025-04-03 00:35:29.893 69832 INFO tempest.lib.common.rest_client [req-efe7ab68-d091-42d9-bfad-1142059fca75 req-efe7ab68-d091-42d9-bfad-1142059fca75 ] Request (ServerAddressesTestJSON:setUpClass): 200 GET http://10.180.1.21/identity/v3/roles 0.035s
2025-04-03 00:35:29.897 69808 INFO tempest.lib.common.rest_client [req-699cad88-abf1-43b6-8595-33117182efe9 req-699cad88-abf1-43b6-8595-33117182efe9 ] Request (ServersAdminNegativeTestJSON:setUpClass): 200 GET http://10.180.1.21/compute/v2.1/servers/49ec195c-513a-4737-ab59-e4a3d8af1670 1.487s
2025-04-03 00:35:29.912 69808 INFO tempest.common.waiters [-] State transition "BUILD/None" ==> "BUILD/spawning" after 21 second wait
2025-04-03 00:35:29.931 69842 INFO tempest.lib.common.rest_client [req-3583dfc4-f3cb-465c-9e10-b9aa1cf77933 req-3583dfc4-f3cb-465c-9e10-b9aa1cf77933 ] Request (ServerTagsTestJSON:setUpClass): 200 GET http://10.180.1.21/compute/v2.1/servers/518ab3d2-9e53-40ad-9b9d-ba92dc3c9ee4 1.377s
2025-04-03 00:35:29.933 69832 INFO tempest.lib.common.rest_client [req-99bc6ec7-80d8-4c6d-a59d-d58caad6696b req-99bc6ec7-80d8-4c6d-a59d-d58caad6696b ] Request (ServerAddressesTestJSON:setUpClass): 204 PUT http://10.180.1.21/identity/v3/projects/9a39a52cdd7649a2ae4605db8b234921/users/892f68a478d1428fa281af69943dfae8/roles/3fff3c04c67c4dd3b43b8baca305b8a9 0.039s
2025-04-03 00:35:29.934 69832 INFO tempest.lib.common.dynamic_creds [-] Dynamic test user 892f68a478d1428fa281af69943dfae8 is created with scope project and roles: ['member']
2025-04-03 00:35:29.934 69832 INFO tempest.lib.common.dynamic_creds [-] Acquired dynamic creds: credentials: Credentials: {'domain_id': 'default', 'domain_name': 'Default', 'username': 'tempest-ServerAddressesTestJSON-939772000-project-member', 'project_domain_id': 'default', 'project_domain_name': 'Default', 'project_id': '9a39a52cdd7649a2ae4605db8b234921', 'project_name': 'tempest-ServerAddressesTestJSON-939772000', 'tenant_id': '9a39a52cdd7649a2ae4605db8b234921', 'tenant_name': 'tempest-ServerAddressesTestJSON-939772000', 'user_domain_id': 'default', 'user_domain_name': 'Default', 'user_id': '892f68a478d1428fa281af69943dfae8', 'system': None}, Network: None, Subnet: None, Router: None
2025-04-03 00:35:29.970 69810 INFO tempest.lib.common.rest_client [req-712bac0f-6285-4eef-9c56-7efa56402c8d req-712bac0f-6285-4eef-9c56-7efa56402c8d ] Request (FloatingIPsAssociationTestJSON:test_associate_already_associated_floating_ip): 200 GET http://10.180.1.21/compute/v2.1/servers/3a76616f-24ab-4bb5-9471-07e9f0ede930 1.343s
2025-04-03 00:35:29.990 69820 INFO tempest.lib.common.rest_client [req-6dc183d2-6a71-4ccf-9d67-a388f1f8e3df req-6dc183d2-6a71-4ccf-9d67-a388f1f8e3df ] Request (DeleteServersAdminTestJSON:test_delete_server_while_in_error_state): 200 GET http://10.180.1.21/compute/v2.1/servers/647ccacb-d909-4809-910b-caa4a7732b61 1.340s
2025-04-03 00:35:30.022 69832 INFO tempest.lib.common.rest_client [req-3bc8e883-e527-4826-927c-43b7efa7a751 req-3bc8e883-e527-4826-927c-43b7efa7a751 ] Request (ServerAddressesTestJSON:setUpClass): 201 POST http://10.180.1.21/identity/v3/auth/tokens 0.088s
2025-04-03 00:35:30.059 69816 INFO tempest.lib.common.rest_client [req-bebfbece-6cc3-4502-85cf-80428de0da49 req-bebfbece-6cc3-4502-85cf-80428de0da49 ] Request (ServersTestBootFromVolume:setUpClass): 200 GET http://10.180.1.21/compute/v2.1/servers/7dcf2e06-d5bb-42d1-8df5-dd947e5929d6 1.330s
2025-04-03 00:35:30.081 69861 INFO tempest.lib.common.rest_client [req-f554dc54-7924-4241-94f9-94ebd8b9043d req-f554dc54-7924-4241-94f9-94ebd8b9043d ] Request (ServersV294TestFqdnHostnames:setUpClass): 200 GET http://10.180.1.21/compute/v2.1/servers/13d7a540-db99-437d-98ea-07bdcc2d447a 1.363s
2025-04-03 00:35:30.139 69804 INFO tempest.lib.common.rest_client [req-35bf60cc-9e41-40f3-9df8-5b9c17fb0534 req-35bf60cc-9e41-40f3-9df8-5b9c17fb0534 ] Request (ServersAdminTestJSON:test_create_server_with_scheduling_hint): 200 GET http://10.180.1.21/compute/v2.1/servers/e5fde291-3647-432f-bf7f-9be335f39425 1.298s
2025-04-03 00:35:30.156 69854 INFO tempest.lib.common.rest_client [req-c9c4200c-015e-418e-9fa2-ee604d40ce75 req-c9c4200c-015e-418e-9fa2-ee604d40ce75 ] Request (ServersTestJSON:test_create_server_specify_multibyte_character_name): 200 GET http://10.180.1.21/compute/v2.1/servers/29cfd912-4e9e-43b2-a76e-05bfd3bfa3b3 1.358s
2025-04-03 00:35:30.195 69806 INFO tempest.lib.common.rest_client [req-2e2c0404-e500-4abd-8810-2a4d4aee29c0 req-2e2c0404-e500-4abd-8810-2a4d4aee29c0 ] Request (ServerDiagnosticsNegativeTest:test_get_server_diagnostics_by_non_admin): 200 GET http://10.180.1.21/compute/v2.1/servers/843aebb5-20d0-4ada-b64a-3ae79bb6d5ca 1.324s
2025-04-03 00:35:30.243 69850 INFO tempest.lib.common.rest_client [req-b941d25c-9a2b-4563-93cb-aedc719c367b req-b941d25c-9a2b-4563-93cb-aedc719c367b ] Request (AttachInterfacesTestJSON:test_create_list_show_delete_interfaces_by_fixed_ip): 200 GET http://10.180.1.21/compute/v2.1/servers/48df700b-0654-42e7-8792-54f3de31a902 1.300s
2025-04-03 00:35:30.310 69862 INFO tempest.lib.common.rest_client [req-fb5b40e5-f1f4-4508-a4f4-f983f079c32b req-fb5b40e5-f1f4-4508-a4f4-f983f079c32b ] Request (MigrationsAdminTest:test_list_migrations_in_flavor_resize_situation): 200 GET http://10.180.1.21/compute/v2.1/servers/a22b3977-2a6f-4f01-949d-874208903ff4 1.146s
2025-04-03 00:35:30.324 69862 INFO tempest.common.waiters [-] State transition "RESIZE/resize_prep" ==> "RESIZE/resize_migrating" after 26 second wait
2025-04-03 00:35:30.395 69822 INFO tempest.lib.common.rest_client [req-6784834f-4925-476f-9d72-fce4bd31626e req-6784834f-4925-476f-9d72-fce4bd31626e ] Request (HypervisorAdminUnderV252Test:test_get_hypervisor_show_servers): 200 GET http://10.180.1.21/compute/v2.1/os-hypervisors 1.224s
2025-04-03 00:35:30.439 69834 INFO tempest.lib.common.rest_client [req-6b3359f3-973c-4d5b-9f21-187a1ffa2879 req-6b3359f3-973c-4d5b-9f21-187a1ffa2879 ] Request (VolumesAdminNegativeTest:setUpClass): 201 POST http://10.180.1.21:9696/networking/v2.0/routers 2.014s
2025-04-03 00:35:30.461 69852 INFO tempest.lib.common.rest_client [req-d0038b6c-bca2-4781-9293-46987511e570 req-d0038b6c-bca2-4781-9293-46987511e570 ] Request (ImagesTestJSON:_run_cleanups): 204 DELETE http://10.180.1.21/compute/v2.1/images/77191de0-a450-41e5-923f-f46d8e6dede4 1.198s
2025-04-03 00:35:30.467 69828 INFO tempest.lib.common.rest_client [req-89f6eb60-1ac2-477e-9903-a5291b8ed300 req-89f6eb60-1ac2-477e-9903-a5291b8ed300 ] Request (ServersTestManualDisk:setUpClass): 200 GET http://10.180.1.21/compute/v2.1/servers/f5f03876-cb29-46ed-8bc7-f70d73fa4e55 1.199s
2025-04-03 00:35:30.546 69832 INFO tempest.lib.common.rest_client [req-080b29e8-2780-4009-8f4a-4586c31d411f req-080b29e8-2780-4009-8f4a-4586c31d411f ] Request (ServerAddressesTestJSON:setUpClass): 201 POST http://10.180.1.21:9696/networking/v2.0/networks 0.523s
2025-04-03 00:35:30.557 69848 INFO tempest.lib.common.rest_client [req-bb6bd758-8cf5-4c64-9826-63238260d87e req-bb6bd758-8cf5-4c64-9826-63238260d87e ] Request (ServerGroupTestJSON:test_create_server_with_scheduler_hint_group): 200 GET http://10.180.1.21/compute/v2.1/servers/0c65c80f-99f5-4057-b938-a35f62ecffd2 1.207s
2025-04-03 00:35:30.687 69846 INFO tempest.lib.common.rest_client [req-f461eb45-d23d-45cf-ad01-aa6d02f1dcd9 req-f461eb45-d23d-45cf-ad01-aa6d02f1dcd9 ] Request (ImagesOneServerNegativeTestJSON:tearDown): 200 GET http://10.180.1.21/compute/v2.1/servers/2e0df378-21a8-4176-8f9f-e8c891987442 1.172s
2025-04-03 00:35:30.699 69846 INFO tempest.common.waiters [-] State transition "ACTIVE/image_uploading" ==> "ACTIVE/None" after 7 second wait
2025-04-03 00:35:30.764 69858 INFO tempest.lib.common.rest_client [req-66249fc3-9007-49b4-bcae-ad0a8d522ac9 req-66249fc3-9007-49b4-bcae-ad0a8d522ac9 ] Request (ServerDiagnosticsTest:tearDownClass): 200 GET http://10.180.1.21/compute/v2.1/servers/cc3e8d53-a599-4579-920b-f416d6ec1b07 1.009s
2025-04-03 00:35:30.831 69856 INFO tempest.lib.common.rest_client [req-0d37552d-d3f2-4c61-9671-318ce76ca227 req-0d37552d-d3f2-4c61-9671-318ce76ca227 ] Request (SecurityGroupRulesTestJSON:tearDownClass): 202 DELETE http://10.180.1.21/compute/v2.1/os-security-groups/8bca68fd-b6c3-4739-9fc3-00e359850d8a 1.230s
2025-04-03 00:35:30.940 69814 INFO tempest.lib.common.rest_client [req-a88eddea-92cc-4e71-b178-f0006cce57ac req-a88eddea-92cc-4e71-b178-f0006cce57ac ] Request (ServersWithSpecificFlavorTestJSON:test_verify_created_server_ephemeral_disk): 200 GET http://10.180.1.21/compute/v2.1/servers/37200872-b8df-40bf-a82a-f0d010de4d06 1.122s
2025-04-03 00:35:30.947 69814 INFO tempest.common.waiters [-] State transition "BUILD/spawning" ==> "ACTIVE/None" after 32 second wait
2025-04-03 00:35:31.052 69832 INFO tempest.lib.common.rest_client [req-71f429d0-0c50-435c-85a2-9a9b235bc96a req-71f429d0-0c50-435c-85a2-9a9b235bc96a ] Request (ServerAddressesTestJSON:setUpClass): 201 POST http://10.180.1.21:9696/networking/v2.0/subnets 0.506s
2025-04-03 00:35:31.466 69818 INFO tempest.lib.common.rest_client [req-5b87d661-753d-46ec-b9ec-33946dc62ffa req-5b87d661-753d-46ec-b9ec-33946dc62ffa ] Request (FloatingIPsAssociationNegativeTestJSON:test_associate_ip_to_server_with_floating_ip): 400 POST http://10.180.1.21/compute/v2.1/servers/0767959d-2fd8-4908-af49-ad43cad13ba7/action 1.631s
2025-04-03 00:35:31.497 69830 INFO tempest.lib.common.rest_client [req-f7b070d3-d6c6-401f-80d1-6433b2e886df req-f7b070d3-d6c6-401f-80d1-6433b2e886df ] Request (FlavorsAdminTestJSON:_run_cleanups): 200 GET http://10.180.1.21/compute/v2.1/flavors/detail 1.632s
2025-04-03 00:35:31.566 69826 INFO tempest.lib.common.rest_client [req-43e661dc-3f6b-4cb6-917c-98348e233bf4 req-43e661dc-3f6b-4cb6-917c-98348e233bf4 ] Request (AttachInterfacesUnderV243Test:test_add_remove_fixed_ip): 202 POST http://10.180.1.21/compute/v2.1/servers 1.737s
2025-04-03 00:35:31.569 69838 INFO tempest.lib.common.rest_client [req-ceb057f3-ee49-4505-abed-b0896299cfc1 req-ceb057f3-ee49-4505-abed-b0896299cfc1 ] Request (ListImageFiltersTestJSON:setUpClass): 200 GET http://10.180.1.21/compute/v2.1/servers/ed61f7dd-d820-4445-97cf-6b01eb636103 1.478s
2025-04-03 00:35:31.630 69822 INFO tempest.lib.common.rest_client [req-151bab65-1797-415c-a853-209b2e9a3b8f req-151bab65-1797-415c-a853-209b2e9a3b8f ] Request (HypervisorAdminUnderV252Test:test_get_hypervisor_show_servers): 200 GET http://10.180.1.21/compute/v2.1/os-hypervisors/domain-c8.fc996f14-c53b-4953-92e3-bdfa48f5cc28/servers 1.232s
2025-04-03 00:35:31.667 69864 INFO tempest.lib.common.rest_client [req-eeb1de1d-af3f-4f7a-b2cc-3fbcf24f93dc req-eeb1de1d-af3f-4f7a-b2cc-3fbcf24f93dc ] Request (ServerDiskConfigTestJSON:test_rebuild_server_with_manual_disk_config): 200 GET http://10.180.1.21/compute/v2.1/servers/23d7be76-bf47-42d3-ac48-38dc79383b16 1.489s
2025-04-03 00:35:31.708 69852 INFO tempest.lib.common.rest_client [req-5800b875-190b-4a80-8605-3299ec8a2e07 req-5800b875-190b-4a80-8605-3299ec8a2e07 ] Request (ImagesTestJSON:_run_cleanups): 204 DELETE http://10.180.1.21/compute/v2.1/servers/56942e43-4cfd-4cbd-bc0e-a39efc43df85 1.245s
2025-04-03 00:35:31.777 69852 INFO tempest.lib.common.rest_client [req-0f222870-292d-451e-976d-3b07bfc71180 req-0f222870-292d-451e-976d-3b07bfc71180 ] Request (ImagesTestJSON:test_create_image_from_suspended_server): 201 POST http://10.180.1.21/identity/v3/auth/tokens 0.063s
2025-04-03 00:35:31.777 69852 INFO tempest.lib.common.fixed_network [-] (ImagesTestJSON:test_create_image_from_suspended_server) Found network {'id': 'b446aeaf-8a9a-49a0-8924-cd1090f24fd2', 'name': 'tempest-ImagesTestJSON-1961209586-network', 'tenant_id': '56f25e99a08c4c6094b9a8b3f6676d7f', 'admin_state_up': True, 'mtu': 8950, 'status': 'ACTIVE', 'subnets': [], 'shared': False, 'project_id': '56f25e99a08c4c6094b9a8b3f6676d7f', 'port_security_enabled': True, 'router:external': False, 'provider:network_type': 'vlan', 'provider:physical_network': 'default', 'provider:segmentation_id': 507, 'availability_zone_hints': [], 'availability_zones': [], 'ipv4_address_scope': None, 'ipv6_address_scope': None, 'description': '', 'tags': [], 'created_at': '2025-04-03T00:34:28Z', 'updated_at': '2025-04-03T00:34:28Z', 'revision_number': 1} available for tenant
2025-04-03 00:35:31.816 69836 INFO tempest.lib.common.rest_client [req-85427a0e-c2af-40ae-83b6-029f9e0a44d8 req-85427a0e-c2af-40ae-83b6-029f9e0a44d8 ] Request (ServerDiagnosticsV248Test:test_get_server_diagnostics): 200 GET http://10.180.1.21/compute/v2.1/servers/f27b521f-9193-4db1-a108-c1f3ac567ce8 1.243s
2025-04-03 00:35:31.828 69824 INFO tempest.lib.common.rest_client [req-8c9e97ab-5cdf-4b48-a994-952afbac1e8e req-8c9e97ab-5cdf-4b48-a994-952afbac1e8e ] Request (SecurityGroupRulesNegativeTestJSON:setUpClass): 200 PUT http://10.180.1.21:9696/networking/v2.0/routers/f670a180-e556-49e5-bedf-4dbacd72acbe/add_router_interface 2.268s
2025-04-03 00:35:31.828 69824 INFO tempest.lib.common.dynamic_creds [-] Created isolated network resources for: credentials: Credentials: {'domain_id': 'default', 'domain_name': 'Default', 'username': 'tempest-SecurityGroupRulesNegativeTestJSON-1276843137-project-member', 'project_domain_id': 'default', 'project_domain_name': 'Default', 'project_id': 'fad0202117e44b4aafaf7f53656b2ce1', 'project_name': 'tempest-SecurityGroupRulesNegativeTestJSON-1276843137', 'tenant_id': 'fad0202117e44b4aafaf7f53656b2ce1', 'tenant_name': 'tempest-SecurityGroupRulesNegativeTestJSON-1276843137', 'user_domain_id': 'default', 'user_domain_name': 'Default', 'user_id': '6b47d36c933a4066a8ba40a9f38422b9', 'system': None}, Network: {'id': '18c2ba07-5e49-4b8a-baed-7696196e238b', 'name': 'tempest-SecurityGroupRulesNegativeTestJSON-879175781-network', 'tenant_id': 'fad0202117e44b4aafaf7f53656b2ce1', 'admin_state_up': True, 'mtu': 8950, 'status': 'ACTIVE', 'subnets': [], 'shared': False, 'project_id': 'fad0202117e44b4aafaf7f53656b2ce1', 'port_security_enabled': True, 'router:external': False, 'provider:network_type': 'vlan', 'provider:physical_network': 'default', 'provider:segmentation_id': 739, 'availability_zone_hints': [], 'availability_zones': [], 'ipv4_address_scope': None, 'ipv6_address_scope': None, 'description': '', 'tags': [], 'created_at': '2025-04-03T00:35:27Z', 'updated_at': '2025-04-03T00:35:27Z', 'revision_number': 1}, Subnet: {'id': '4d253a59-1a7b-473f-a3aa-1142b64cf558', 'name': 'tempest-SecurityGroupRulesNegativeTestJSON-879175781-subnet', 'tenant_id': 'fad0202117e44b4aafaf7f53656b2ce1', 'network_id': '18c2ba07-5e49-4b8a-baed-7696196e238b', 'ip_version': 4, 'subnetpool_id': None, 'enable_dhcp': True, 'ipv6_ra_mode': None, 'ipv6_address_mode': None, 'gateway_ip': '192.168.128.1', 'cidr': '192.168.128.0/28', 'allocation_pools': [{'start': '192.168.128.2', 'end': '192.168.128.14'}], 'host_routes': [], 'dns_nameservers': [], 'description': '', 'router:external': False, 'service_types': [], 'tags': [], 'created_at': '2025-04-03T00:35:27Z', 'updated_at': '2025-04-03T00:35:27Z', 'revision_number': 0, 'project_id': 'fad0202117e44b4aafaf7f53656b2ce1'}, Router: {'id': 'f670a180-e556-49e5-bedf-4dbacd72acbe', 'name': 'tempest-SecurityGroupRulesNegativeTestJSON-879175781-router', 'tenant_id': 'fad0202117e44b4aafaf7f53656b2ce1', 'admin_state_up': True, 'status': 'ACTIVE', 'external_gateway_info': {'network_id': 'd0ad9895-d65d-46d1-bfea-49c6a513b5e0', 'external_fixed_ips': [{'subnet_id': '094db242-0445-4d27-b407-427062f8e944', 'ip_address': '10.180.180.247'}], 'enable_snat': True}, 'description': '', 'availability_zones': [], 'distributed': False, 'ha': False, 'availability_zone_hints': [], 'routes': [], 'flavor_id': None, 'tags': [], 'created_at': '2025-04-03T00:35:27Z', 'updated_at': '2025-04-03T00:35:28Z', 'revision_number': 2, 'project_id': 'fad0202117e44b4aafaf7f53656b2ce1'}
2025-04-03 00:35:31.918 69846 INFO tempest.lib.common.rest_client [req-e29f9ca3-c0e2-4422-9adb-9f35ae2beb1b req-e29f9ca3-c0e2-4422-9adb-9f35ae2beb1b ] Request (ImagesOneServerNegativeTestJSON:_run_cleanups): 204 DELETE http://10.180.1.21/compute/v2.1/servers/2e0df378-21a8-4176-8f9f-e8c891987442 1.218s
2025-04-03 00:35:31.918 69824 INFO tempest.lib.common.rest_client [req-3bee1b0f-560e-4295-8734-4d6ef10b07e7 req-3bee1b0f-560e-4295-8734-4d6ef10b07e7 ] Request (SecurityGroupRulesNegativeTestJSON:setUpClass): 201 POST http://10.180.1.21/identity/v3/auth/tokens 0.086s
2025-04-03 00:35:31.987 69844 INFO tempest.lib.common.rest_client [req-5c30fc63-8ce2-4048-b0a9-b6cf6508b9a6 req-5c30fc63-8ce2-4048-b0a9-b6cf6508b9a6 ] Request (ServersAdmin275Test:tearDownClass): 200 GET http://10.180.1.21/compute/v2.1/servers/9bd2025e-7af4-4366-aca0-418da39f9547 1.280s
2025-04-03 00:35:32.096 69856 INFO tempest.lib.common.rest_client [req-1f4f034f-2dc3-4698-9544-088ba1710a8f req-1f4f034f-2dc3-4698-9544-088ba1710a8f ] Request (SecurityGroupRulesTestJSON:tearDownClass): 202 DELETE http://10.180.1.21/compute/v2.1/os-security-groups/4a9ddc8d-9976-4cd9-9688-3d990f2d5c0f 1.264s
2025-04-03 00:35:32.221 69808 INFO tempest.lib.common.rest_client [req-06bc6aaa-48e5-480e-8ef1-203f3bbbb4af req-06bc6aaa-48e5-480e-8ef1-203f3bbbb4af ] Request (ServersAdminNegativeTestJSON:setUpClass): 200 GET http://10.180.1.21/compute/v2.1/servers/49ec195c-513a-4737-ab59-e4a3d8af1670 1.308s
2025-04-03 00:35:32.259 69812 INFO tempest.lib.common.rest_client [req-5262f452-c82a-4e25-b208-5ffcfffdf838 req-5262f452-c82a-4e25-b208-5ffcfffdf838 ] Request (ImagesOneServerTestJSON:setUpClass): 200 GET http://10.180.1.21/compute/v2.1/servers/1f590372-382e-4cbf-aa82-fe6e4e342ee3 1.794s
2025-04-03 00:35:32.287 69842 INFO tempest.lib.common.rest_client [req-4c7ecd85-8253-4689-bada-d1529017db69 req-4c7ecd85-8253-4689-bada-d1529017db69 ] Request (ServerTagsTestJSON:setUpClass): 200 GET http://10.180.1.21/compute/v2.1/servers/518ab3d2-9e53-40ad-9b9d-ba92dc3c9ee4 1.341s
2025-04-03 00:35:32.295 69842 INFO tempest.common.waiters [-] State transition "BUILD/None" ==> "BUILD/block_device_mapping" after 24 second wait
2025-04-03 00:35:32.344 69810 INFO tempest.lib.common.rest_client [req-1b26d2c8-e196-4405-958e-91e28481a92d req-1b26d2c8-e196-4405-958e-91e28481a92d ] Request (FloatingIPsAssociationTestJSON:test_associate_already_associated_floating_ip): 200 GET http://10.180.1.21/compute/v2.1/servers/3a76616f-24ab-4bb5-9471-07e9f0ede930 1.367s
2025-04-03 00:35:32.403 69820 INFO tempest.lib.common.rest_client [req-26efd54c-4859-401f-8c91-38e5f5906747 req-26efd54c-4859-401f-8c91-38e5f5906747 ] Request (DeleteServersAdminTestJSON:test_delete_server_while_in_error_state): 200 GET http://10.180.1.21/compute/v2.1/servers/647ccacb-d909-4809-910b-caa4a7732b61 1.404s
2025-04-03 00:35:32.455 69816 INFO tempest.lib.common.rest_client [req-158450b4-b410-4bae-93e0-f337d693d2c2 req-158450b4-b410-4bae-93e0-f337d693d2c2 ] Request (ServersTestBootFromVolume:setUpClass): 200 GET http://10.180.1.21/compute/v2.1/servers/7dcf2e06-d5bb-42d1-8df5-dd947e5929d6 1.382s
2025-04-03 00:35:32.513 69861 INFO tempest.lib.common.rest_client [req-187605ff-7a55-4582-97fc-579fc62406e5 req-187605ff-7a55-4582-97fc-579fc62406e5 ] Request (ServersV294TestFqdnHostnames:setUpClass): 200 GET http://10.180.1.21/compute/v2.1/servers/13d7a540-db99-437d-98ea-07bdcc2d447a 1.419s
2025-04-03 00:35:32.525 69814 INFO tempest.lib.common.rest_client [req-7ede43f0-e578-4a15-9ed1-705676e8778b req-7ede43f0-e578-4a15-9ed1-705676e8778b ] Request (ServersWithSpecificFlavorTestJSON:test_verify_created_server_ephemeral_disk): 200 GET http://10.180.1.21/compute/v2.1/servers/37200872-b8df-40bf-a82a-f0d010de4d06/os-interface 1.577s
2025-04-03 00:35:32.571 69804 INFO tempest.lib.common.rest_client [req-e7da1f8a-fb46-4a25-aeb1-e52654fdc3cc req-e7da1f8a-fb46-4a25-aeb1-e52654fdc3cc ] Request (ServersAdminTestJSON:test_create_server_with_scheduling_hint): 200 GET http://10.180.1.21/compute/v2.1/servers/e5fde291-3647-432f-bf7f-9be335f39425 1.424s
2025-04-03 00:35:32.578 69804 INFO tempest.common.waiters [-] State transition "BUILD/scheduling" ==> "BUILD/None" after 16 second wait
2025-04-03 00:35:32.601 69854 INFO tempest.lib.common.rest_client [req-a27fc0a7-824d-4058-8768-2f81f360e309 req-a27fc0a7-824d-4058-8768-2f81f360e309 ] Request (ServersTestJSON:test_create_server_specify_multibyte_character_name): 200 GET http://10.180.1.21/compute/v2.1/servers/29cfd912-4e9e-43b2-a76e-05bfd3bfa3b3 1.436s
2025-04-03 00:35:32.640 69806 INFO tempest.lib.common.rest_client [req-cb2ae74b-5485-4d5a-b4e7-5ba83440c1e7 req-cb2ae74b-5485-4d5a-b4e7-5ba83440c1e7 ] Request (ServerDiagnosticsNegativeTest:test_get_server_diagnostics_by_non_admin): 200 GET http://10.180.1.21/compute/v2.1/servers/843aebb5-20d0-4ada-b64a-3ae79bb6d5ca 1.436s
2025-04-03 00:35:32.676 69850 INFO tempest.lib.common.rest_client [req-a517fcf1-e052-46b6-93a8-83a928627c80 req-a517fcf1-e052-46b6-93a8-83a928627c80 ] Request (AttachInterfacesTestJSON:test_create_list_show_delete_interfaces_by_fixed_ip): 200 GET http://10.180.1.21/compute/v2.1/servers/48df700b-0654-42e7-8792-54f3de31a902 1.425s
2025-04-03 00:35:32.790 69862 INFO tempest.lib.common.rest_client [req-87723af3-9439-4fc8-9881-099b4ba25a62 req-87723af3-9439-4fc8-9881-099b4ba25a62 ] Request (MigrationsAdminTest:test_list_migrations_in_flavor_resize_situation): 200 GET http://10.180.1.21/compute/v2.1/servers/a22b3977-2a6f-4f01-949d-874208903ff4 1.466s
2025-04-03 00:35:32.857 69828 INFO tempest.lib.common.rest_client [req-87af651a-0855-4992-ab17-cadd127297f2 req-87af651a-0855-4992-ab17-cadd127297f2 ] Request (ServersTestManualDisk:setUpClass): 200 GET http://10.180.1.21/compute/v2.1/servers/f5f03876-cb29-46ed-8bc7-f70d73fa4e55 1.381s
2025-04-03 00:35:32.873 69830 INFO tempest.lib.common.rest_client [req-a8dd9929-2cb2-474a-baa1-9a8fc3014970 req-a8dd9929-2cb2-474a-baa1-9a8fc3014970 ] Request (FlavorsAdminTestJSON:_run_cleanups): 202 DELETE http://10.180.1.21/compute/v2.1/flavors/1764856916 1.367s
2025-04-03 00:35:32.911 69834 INFO tempest.lib.common.rest_client [req-1ad19150-7fd9-4777-9bf1-ea0c13123f0c req-1ad19150-7fd9-4777-9bf1-ea0c13123f0c ] Request (VolumesAdminNegativeTest:setUpClass): 200 PUT http://10.180.1.21:9696/networking/v2.0/routers/29a4557f-6ad5-4f82-a169-4e047c42324e/add_router_interface 2.471s
2025-04-03 00:35:32.911 69834 INFO tempest.lib.common.dynamic_creds [-] Created isolated network resources for: credentials: Credentials: {'domain_id': 'default', 'domain_name': 'Default', 'username': 'tempest-VolumesAdminNegativeTest-1129370243-project-member', 'project_domain_id': 'default', 'project_domain_name': 'Default', 'project_id': 'b3732a2fcd454709aa0ff1f50ff59acb', 'project_name': 'tempest-VolumesAdminNegativeTest-1129370243', 'tenant_id': 'b3732a2fcd454709aa0ff1f50ff59acb', 'tenant_name': 'tempest-VolumesAdminNegativeTest-1129370243', 'user_domain_id': 'default', 'user_domain_name': 'Default', 'user_id': '1b832257b2cc4045afcf5084624243df', 'system': None}, Network: {'id': '26df5666-4c91-42ca-96fa-413e6e95cffc', 'name': 'tempest-VolumesAdminNegativeTest-892420435-network', 'tenant_id': 'b3732a2fcd454709aa0ff1f50ff59acb', 'admin_state_up': True, 'mtu': 8950, 'status': 'ACTIVE', 'subnets': [], 'shared': False, 'project_id': 'b3732a2fcd454709aa0ff1f50ff59acb', 'port_security_enabled': True, 'router:external': False, 'provider:network_type': 'vlan', 'provider:physical_network': 'default', 'provider:segmentation_id': 543, 'availability_zone_hints': [], 'availability_zones': [], 'ipv4_address_scope': None, 'ipv6_address_scope': None, 'description': '', 'tags': [], 'created_at': '2025-04-03T00:35:27Z', 'updated_at': '2025-04-03T00:35:27Z', 'revision_number': 1}, Subnet: {'id': '8b090663-2190-4a9f-988a-02e1e8576a0f', 'name': 'tempest-VolumesAdminNegativeTest-892420435-subnet', 'tenant_id': 'b3732a2fcd454709aa0ff1f50ff59acb', 'network_id': '26df5666-4c91-42ca-96fa-413e6e95cffc', 'ip_version': 4, 'subnetpool_id': None, 'enable_dhcp': True, 'ipv6_ra_mode': None, 'ipv6_address_mode': None, 'gateway_ip': '192.168.128.1', 'cidr': '192.168.128.0/28', 'allocation_pools': [{'start': '192.168.128.2', 'end': '192.168.128.14'}], 'host_routes': [], 'dns_nameservers': [], 'description': '', 'router:external': False, 'service_types': [], 'tags': [], 'created_at': '2025-04-03T00:35:28Z', 'updated_at': '2025-04-03T00:35:28Z', 'revision_number': 0, 'project_id': 'b3732a2fcd454709aa0ff1f50ff59acb'}, Router: {'id': '29a4557f-6ad5-4f82-a169-4e047c42324e', 'name': 'tempest-VolumesAdminNegativeTest-892420435-router', 'tenant_id': 'b3732a2fcd454709aa0ff1f50ff59acb', 'admin_state_up': True, 'status': 'ACTIVE', 'external_gateway_info': {'network_id': 'd0ad9895-d65d-46d1-bfea-49c6a513b5e0', 'external_fixed_ips': [{'subnet_id': '094db242-0445-4d27-b407-427062f8e944', 'ip_address': '10.180.180.151'}], 'enable_snat': True}, 'description': '', 'availability_zones': [], 'distributed': False, 'ha': False, 'availability_zone_hints': [], 'routes': [], 'flavor_id': None, 'tags': [], 'created_at': '2025-04-03T00:35:28Z', 'updated_at': '2025-04-03T00:35:29Z', 'revision_number': 2, 'project_id': 'b3732a2fcd454709aa0ff1f50ff59acb'}
2025-04-03 00:35:32.936 69848 INFO tempest.lib.common.rest_client [req-472bff60-e397-4250-a06e-50586777ed26 req-472bff60-e397-4250-a06e-50586777ed26 ] Request (ServerGroupTestJSON:test_create_server_with_scheduler_hint_group): 200 GET http://10.180.1.21/compute/v2.1/servers/0c65c80f-99f5-4057-b938-a35f62ecffd2 1.370s
2025-04-03 00:35:33.005 69834 INFO tempest.lib.common.rest_client [req-ea894392-2ac3-4c18-a350-aa365bd175fa req-ea894392-2ac3-4c18-a350-aa365bd175fa ] Request (VolumesAdminNegativeTest:setUpClass): 201 POST http://10.180.1.21/identity/v3/auth/tokens 0.084s
2025-04-03 00:35:33.013 69826 INFO tempest.lib.common.rest_client [req-dfa96c39-1489-4fd0-a87c-fc1b6a445a60 req-dfa96c39-1489-4fd0-a87c-fc1b6a445a60 ] Request (AttachInterfacesUnderV243Test:test_add_remove_fixed_ip): 200 GET http://10.180.1.21/compute/v2.1/servers/54e70109-c2ed-4972-b63a-c5c1e8beea2f 1.446s
