2025-04-03 00:36:21.008 69818 INFO tempest.lib.common.dynamic_creds [-] Created isolated network resources for: credentials: Credentials: {'domain_id': 'default', 'domain_name': 'Default', 'username': 'tempest-ServerMetadataNegativeTestJSON-1787152207-project-member', 'project_domain_id': 'default', 'project_domain_name': 'Default', 'project_id': '3f2369950b324486a4dccd6e9a4260ab', 'project_name': 'tempest-ServerMetadataNegativeTestJSON-1787152207', 'tenant_id': '3f2369950b324486a4dccd6e9a4260ab', 'tenant_name': 'tempest-ServerMetadataNegativeTestJSON-1787152207', 'user_domain_id': 'default', 'user_domain_name': 'Default', 'user_id': 'e61ec5ff98fd47ab8ad84f5a105165a3', 'system': None}, Network: {'id': 'e8416ceb-c420-4e7c-ab7f-2e6e47b9927c', 'name': 'tempest-ServerMetadataNegativeTestJSON-966923091-network', 'tenant_id': '3f2369950b324486a4dccd6e9a4260ab', 'admin_state_up': True, 'mtu': 8950, 'status': 'ACTIVE', 'subnets': [], 'shared': False, 'project_id': '3f2369950b324486a4dccd6e9a4260ab', 'port_security_enabled': True, 'router:external': False, 'provider:network_type': 'vlan', 'provider:physical_network': 'default', 'provider:segmentation_id': 278, 'availability_zone_hints': [], 'availability_zones': [], 'ipv4_address_scope': None, 'ipv6_address_scope': None, 'description': '', 'tags': [], 'created_at': '2025-04-03T00:36:18Z', 'updated_at': '2025-04-03T00:36:18Z', 'revision_number': 1}, Subnet: {'id': '1296dd9d-7b0f-42ec-8c69-e06c705b4f67', 'name': 'tempest-ServerMetadataNegativeTestJSON-966923091-subnet', 'tenant_id': '3f2369950b324486a4dccd6e9a4260ab', 'network_id': 'e8416ceb-c420-4e7c-ab7f-2e6e47b9927c', 'ip_version': 4, 'subnetpool_id': None, 'enable_dhcp': True, 'ipv6_ra_mode': None, 'ipv6_address_mode': None, 'gateway_ip': '192.168.128.1', 'cidr': '192.168.128.0/28', 'allocation_pools': [{'start': '192.168.128.2', 'end': '192.168.128.14'}], 'host_routes': [], 'dns_nameservers': [], 'description': '', 'router:external': False, 'service_types': [], 'tags': [], 'created_at': '2025-04-03T00:36:18Z', 'updated_at': '2025-04-03T00:36:18Z', 'revision_number': 0, 'project_id': '3f2369950b324486a4dccd6e9a4260ab'}, Router: {'id': '7856a28a-fb45-43c2-ada6-96027d405bee', 'name': 'tempest-ServerMetadataNegativeTestJSON-966923091-router', 'tenant_id': '3f2369950b324486a4dccd6e9a4260ab', 'admin_state_up': True, 'status': 'ACTIVE', 'external_gateway_info': {'network_id': 'd0ad9895-d65d-46d1-bfea-49c6a513b5e0', 'external_fixed_ips': [{'subnet_id': '094db242-0445-4d27-b407-427062f8e944', 'ip_address': '10.180.180.238'}], 'enable_snat': True}, 'description': '', 'availability_zones': [], 'distributed': False, 'ha': False, 'availability_zone_hints': [], 'routes': [], 'flavor_id': None, 'tags': [], 'created_at': '2025-04-03T00:36:19Z', 'updated_at': '2025-04-03T00:36:19Z', 'revision_number': 2, 'project_id': '3f2369950b324486a4dccd6e9a4260ab'}
2025-04-03 00:36:21.010 69828 INFO tempest.common.waiters [-] State transition "BUILD/None" ==> "BUILD/networking" after 63 second wait
2025-04-03 00:36:21.055 69804 INFO tempest.lib.common.rest_client [req-993165db-4632-4ab8-acac-85698a1ac631 req-993165db-4632-4ab8-acac-85698a1ac631 ] Request (ServersAdminTestJSON:test_inject_network_info): 200 GET http://10.180.1.21/compute/v2.1/servers/67842d3e-b361-4eeb-9139-e8101a23a9ed 0.108s
2025-04-03 00:36:21.089 69818 INFO tempest.lib.common.rest_client [req-4a788bb4-8deb-45a2-9680-d620b2fd7885 req-4a788bb4-8deb-45a2-9680-d620b2fd7885 ] Request (ServerMetadataNegativeTestJSON:setUpClass): 201 POST http://10.180.1.21/identity/v3/auth/tokens 0.077s
2025-04-03 00:36:21.090 69818 WARNING tempest.lib.common.rest_client [-] Deprecated: "tenant_id" property is deprecated for removal, use "project_id" instead
2025-04-03 00:36:21.118 69818 INFO tempest.lib.common.rest_client [req-ea631305-4f85-41e1-b2c7-5dc58025c755 req-ea631305-4f85-41e1-b2c7-5dc58025c755 ] Request (ServerMetadataNegativeTestJSON:setUpClass): 201 POST http://10.180.1.21/identity/v3/auth/tokens 0.025s
2025-04-03 00:36:21.119 69818 INFO tempest.lib.common.fixed_network [-] (ServerMetadataNegativeTestJSON:setUpClass) Found network {'id': 'e8416ceb-c420-4e7c-ab7f-2e6e47b9927c', 'name': 'tempest-ServerMetadataNegativeTestJSON-966923091-network', 'tenant_id': '3f2369950b324486a4dccd6e9a4260ab', 'admin_state_up': True, 'mtu': 8950, 'status': 'ACTIVE', 'subnets': [], 'shared': False, 'project_id': '3f2369950b324486a4dccd6e9a4260ab', 'port_security_enabled': True, 'router:external': False, 'provider:network_type': 'vlan', 'provider:physical_network': 'default', 'provider:segmentation_id': 278, 'availability_zone_hints': [], 'availability_zones': [], 'ipv4_address_scope': None, 'ipv6_address_scope': None, 'description': '', 'tags': [], 'created_at': '2025-04-03T00:36:18Z', 'updated_at': '2025-04-03T00:36:18Z', 'revision_number': 1} available for tenant
2025-04-03 00:36:21.158 69824 INFO tempest.lib.common.rest_client [req-0ca2e820-ec36-4649-911d-ef334e2ab12b req-0ca2e820-ec36-4649-911d-ef334e2ab12b ] Request (InstanceActionsTestJSON:setUpClass): 200 GET http://10.180.1.21/compute/v2.1/servers/f7b6de16-4f11-4310-a2e5-63434aba5e10 0.057s
2025-04-03 00:36:21.176 69806 INFO tempest.lib.common.rest_client [req-e06886e0-145a-461c-a927-c6e0d124eb29 req-e06886e0-145a-461c-a927-c6e0d124eb29 ] Request (ServerDiagnosticsNegativeTest:test_get_server_diagnostics_by_non_admin): 200 GET http://10.180.1.21/compute/v2.1/servers/843aebb5-20d0-4ada-b64a-3ae79bb6d5ca 0.126s
2025-04-03 00:36:21.239 69844 INFO tempest.lib.common.rest_client [req-38ff5642-13aa-4e01-9966-b9c39e430239 req-38ff5642-13aa-4e01-9966-b9c39e430239 ] Request (DeleteServersTestJSON:test_delete_active_server): 200 GET http://10.180.1.21/compute/v2.1/servers/eb4c3153-02e4-40d7-9d55-c9eb6017b490 0.073s
2025-04-03 00:36:21.325 69810 INFO tempest.lib.common.rest_client [req-1eced0e9-5e06-4307-b38c-7dc86ca5503f req-1eced0e9-5e06-4307-b38c-7dc86ca5503f ] Request (FloatingIPsAssociationTestJSON:tearDownClass): 200 GET http://10.180.1.21/compute/v2.1/servers/3a76616f-24ab-4bb5-9471-07e9f0ede930 0.107s
2025-04-03 00:36:21.390 69856 INFO tempest.lib.common.rest_client [req-2cf81bf9-f99c-4617-8085-7847055f46df req-2cf81bf9-f99c-4617-8085-7847055f46df ] Request (SecurityGroupsTestJSON:test_list_security_groups_by_server): 200 GET http://10.180.1.21/compute/v2.1/servers/a3e5b1df-503a-49a7-b066-b09999f7a2c9 0.118s
2025-04-03 00:36:21.449 69854 INFO tempest.lib.common.rest_client [req-f87a738f-6abb-4a3b-a977-b0c0aef9d949 req-f87a738f-6abb-4a3b-a977-b0c0aef9d949 ] Request (ServersTestJSON:test_create_server_with_ipv6_addr_only): 200 GET http://10.180.1.21/compute/v2.1/servers/260d6768-10fa-4c0a-9bcd-a1ee6a22c7d4 0.145s
2025-04-03 00:36:21.525 69812 INFO tempest.lib.common.rest_client [req-1dd73da6-5e7a-45d1-b03a-e09fb2843c6b req-1dd73da6-5e7a-45d1-b03a-e09fb2843c6b ] Request (ImagesOneServerTestJSON:tearDownClass): 200 GET http://10.180.1.21/compute/v2.1/servers/1f590372-382e-4cbf-aa82-fe6e4e342ee3 0.095s
2025-04-03 00:36:21.575 69848 INFO tempest.lib.common.rest_client [req-3f4f8bd6-1cb2-4c36-8c65-d7842dc20f16 req-3f4f8bd6-1cb2-4c36-8c65-d7842dc20f16 ] Request (ServerGroupTestJSON:test_create_server_with_scheduler_hint_group): 200 GET http://10.180.1.21/compute/v2.1/servers/0c65c80f-99f5-4057-b938-a35f62ecffd2 0.078s
2025-04-03 00:36:21.622 69846 INFO tempest.lib.common.rest_client [req-c65dfa9f-3a62-40fe-922b-b2dd0d58a5f5 req-c65dfa9f-3a62-40fe-922b-b2dd0d58a5f5 ] Request (ImagesOneServerNegativeTestJSON:_run_cleanups): 200 GET http://10.180.1.21/compute/v2.1/servers/44b6c14a-b0a8-4b7f-b295-8e2a282b3794 0.089s
2025-04-03 00:36:21.665 69826 INFO tempest.lib.common.rest_client [req-a9fd6f29-994a-4ae0-ad1c-54b8c6d72974 req-a9fd6f29-994a-4ae0-ad1c-54b8c6d72974 ] Request (AttachInterfacesUnderV243Test:test_add_remove_fixed_ip): 200 GET http://10.180.1.21/compute/v2.1/servers/54e70109-c2ed-4972-b63a-c5c1e8beea2f 0.115s
2025-04-03 00:36:21.726 69862 INFO tempest.lib.common.rest_client [req-8c0beda2-631e-4a29-ae56-0b164cbc8c78 req-8c0beda2-631e-4a29-ae56-0b164cbc8c78 ] Request (MigrationsAdminTest:test_resize_server_revert_deleted_flavor): 200 GET http://10.180.1.21/compute/v2.1/servers/8c65ecb4-c94f-4841-a432-776e0a94fc73 0.144s
2025-04-03 00:36:21.787 69858 INFO tempest.lib.common.rest_client [req-45a64b24-b9ad-4d0b-a5aa-ce639539da31 req-45a64b24-b9ad-4d0b-a5aa-ce639539da31 ] Request (ServersTestFqdnHostnames:test_create_server_with_fqdn_name): 200 GET http://10.180.1.21/compute/v2.1/servers/b61972c7-ddfd-47a5-9bc4-314effb27ee5 0.182s
2025-04-03 00:36:21.792 69818 INFO tempest.lib.common.rest_client [req-99a94f3b-f156-4a55-a5d6-cb5e9c2f8645 req-99a94f3b-f156-4a55-a5d6-cb5e9c2f8645 ] Request (ServerMetadataNegativeTestJSON:setUpClass): 202 POST http://10.180.1.21/compute/v2.1/servers 0.673s
2025-04-03 00:36:21.855 69830 INFO tempest.lib.common.rest_client [req-05445a0a-d49d-49d1-9a98-6c9b1e7f60a3 req-05445a0a-d49d-49d1-9a98-6c9b1e7f60a3 ] Request (ListServersNegativeTestJSON:setUpClass): 200 GET http://10.180.1.21/compute/v2.1/servers/13fe71e9-b0d9-4f6d-b293-49e6557bb941 0.219s
2025-04-03 00:36:21.872 69832 INFO tempest.lib.common.rest_client [req-67829a06-3a6e-4ae8-aa63-d65868ca461d req-67829a06-3a6e-4ae8-aa63-d65868ca461d ] Request (ServerAddressesTestJSON:setUpClass): 200 GET http://10.180.1.21/compute/v2.1/servers/cde882ea-3a53-49aa-9ad3-9cf96dab0e79 0.218s
2025-04-03 00:36:21.917 69834 INFO tempest.lib.common.rest_client [req-2e967c9e-3bb7-4d0e-a1d5-8c8cc8b2d1ea req-2e967c9e-3bb7-4d0e-a1d5-8c8cc8b2d1ea ] Request (VolumesAdminNegativeTest:test_update_attached_volume_with_nonexistent_volume_in_body): 200 GET http://10.180.1.21/compute/v2.1/servers/9cc351f0-51fb-4bf5-87c9-e4b982bc1942 0.223s
2025-04-03 00:36:21.943 69864 INFO tempest.lib.common.rest_client [req-6c39c3f6-c18d-435a-a334-1118e980f4a6 req-6c39c3f6-c18d-435a-a334-1118e980f4a6 ] Request (ServerDiskConfigTestJSON:test_rebuild_server_with_manual_disk_config): 200 GET http://10.180.1.21/compute/v2.1/servers/23d7be76-bf47-42d3-ac48-38dc79383b16 0.219s
2025-04-03 00:36:21.987 69842 INFO tempest.lib.common.rest_client [req-8a18d830-18d2-4883-a1cf-1116003734f8 req-8a18d830-18d2-4883-a1cf-1116003734f8 ] Request (ServerTagsTestJSON:tearDownClass): 200 GET http://10.180.1.21/compute/v2.1/servers/518ab3d2-9e53-40ad-9b9d-ba92dc3c9ee4 0.224s
2025-04-03 00:36:21.996 69852 INFO tempest.lib.common.rest_client [req-68d37c75-7063-4229-848a-13dc164d30a5 req-68d37c75-7063-4229-848a-13dc164d30a5 ] Request (ImagesTestJSON:test_create_image_from_suspended_server): 200 GET http://10.180.1.21/compute/v2.1/servers/4be76930-d724-4808-85c2-e1ca754f2784 0.215s
2025-04-03 00:36:22.005 69850 WARNING tempest.lib.common.ssh [-] Failed to establish authenticated ssh connection to cirros@10.180.180.184 ([Errno None] Unable to connect to port 22 on 10.180.180.184). Number attempts: 1. Retry after 2 seconds.: paramiko.ssh_exception.NoValidConnectionsError: [Errno None] Unable to connect to port 22 on 10.180.180.184
2025-04-03 00:36:22.034 69818 INFO tempest.lib.common.rest_client [req-50ee6de3-5a51-47d8-b6d0-4e4e00421183 req-50ee6de3-5a51-47d8-b6d0-4e4e00421183 ] Request (ServerMetadataNegativeTestJSON:setUpClass): 200 GET http://10.180.1.21/compute/v2.1/servers/cfbdaa68-e556-4b72-abc5-0a17aa8ff71f 0.240s
2025-04-03 00:36:22.055 69836 INFO tempest.lib.common.rest_client [req-773d020d-18f6-4bad-80ea-fdfc5c4155df req-773d020d-18f6-4bad-80ea-fdfc5c4155df ] Request (ServerDiagnosticsV248Test:test_get_server_diagnostics): 200 GET http://10.180.1.21/compute/v2.1/servers/f27b521f-9193-4db1-a108-c1f3ac567ce8 0.212s
2025-04-03 00:36:22.092 69808 INFO tempest.lib.common.rest_client [req-c52c8e77-dca4-4acd-acbf-be672fc09259 req-c52c8e77-dca4-4acd-acbf-be672fc09259 ] Request (ServersAdminNegativeTestJSON:test_migrate_server_invalid_state): 200 GET http://10.180.1.21/compute/v2.1/servers/970e553a-7e3e-466a-96c7-d9d6f6d6807c 0.187s
2025-04-03 00:36:22.171 69838 INFO tempest.lib.common.rest_client [req-d280c0a7-e61a-4ed9-ad76-c4554accac8b req-d280c0a7-e61a-4ed9-ad76-c4554accac8b ] Request (ListImageFiltersTestJSON:setUpClass): 200 GET http://10.180.1.21/compute/v2.1/servers/d1c5672a-0475-4bf7-9f3e-efcfbdd8614d 0.224s
2025-04-03 00:36:22.179 69838 INFO tempest.common.waiters [-] State transition "ACTIVE/image_uploading" ==> "ACTIVE/None" after 3 second wait
2025-04-03 00:36:22.207 69820 INFO tempest.lib.common.rest_client [req-39910774-3e93-41c4-8e64-a725709a8eb7 req-39910774-3e93-41c4-8e64-a725709a8eb7 ] Request (DeleteServersAdminTestJSON:test_delete_server_while_in_error_state): 200 GET http://10.180.1.21/compute/v2.1/servers/647ccacb-d909-4809-910b-caa4a7732b61 0.198s
2025-04-03 00:36:22.216 69820 INFO tempest.common.waiters [-] State transition "BUILD/spawning" ==> "ACTIVE/None" after 64 second wait
2025-04-03 00:36:22.266 69804 INFO tempest.lib.common.rest_client [req-64f191fb-3e8b-4cca-a7ce-e0679fc6ab7b req-64f191fb-3e8b-4cca-a7ce-e0679fc6ab7b ] Request (ServersAdminTestJSON:test_inject_network_info): 200 GET http://10.180.1.21/compute/v2.1/servers/67842d3e-b361-4eeb-9139-e8101a23a9ed 0.203s
2025-04-03 00:36:22.277 69828 INFO tempest.lib.common.rest_client [req-bca4ce05-d07f-49bd-81f0-d481ea504501 req-bca4ce05-d07f-49bd-81f0-d481ea504501 ] Request (ServersTestManualDisk:setUpClass): 200 GET http://10.180.1.21/compute/v2.1/servers/f5f03876-cb29-46ed-8bc7-f70d73fa4e55 0.266s
2025-04-03 00:36:22.289 69828 INFO tempest.common.waiters [-] State transition "BUILD/networking" ==> "BUILD/block_device_mapping" after 64 second wait
2025-04-03 00:36:22.322 69824 INFO tempest.lib.common.rest_client [req-ace795f3-f957-485a-81f3-f91ee4dbabc6 req-ace795f3-f957-485a-81f3-f91ee4dbabc6 ] Request (InstanceActionsTestJSON:setUpClass): 200 GET http://10.180.1.21/compute/v2.1/servers/f7b6de16-4f11-4310-a2e5-63434aba5e10 0.153s
2025-04-03 00:36:22.448 69806 INFO tempest.lib.common.rest_client [req-35702d54-4c20-4f62-ae6d-c9c7bc8e6d6a req-35702d54-4c20-4f62-ae6d-c9c7bc8e6d6a ] Request (ServerDiagnosticsNegativeTest:test_get_server_diagnostics_by_non_admin): 200 GET http://10.180.1.21/compute/v2.1/servers/843aebb5-20d0-4ada-b64a-3ae79bb6d5ca 0.257s
2025-04-03 00:36:22.507 69820 INFO tempest.lib.common.rest_client [req-5fa5c387-2a56-4e56-9735-af147a119b74 req-5fa5c387-2a56-4e56-9735-af147a119b74 ] Request (DeleteServersAdminTestJSON:test_delete_server_while_in_error_state): 202 POST http://10.180.1.21/compute/v2.1/servers/647ccacb-d909-4809-910b-caa4a7732b61/action 0.290s
2025-04-03 00:36:22.553 69844 INFO tempest.lib.common.rest_client [req-3a7e71cd-1313-4262-ab83-0ee5d0435256 req-3a7e71cd-1313-4262-ab83-0ee5d0435256 ] Request (DeleteServersTestJSON:test_delete_active_server): 200 GET http://10.180.1.21/compute/v2.1/servers/eb4c3153-02e4-40d7-9d55-c9eb6017b490 0.305s
2025-04-03 00:36:22.612 69810 INFO tempest.lib.common.rest_client [req-f8b61ba8-16de-4e1c-9f51-81b5c498dcb0 req-f8b61ba8-16de-4e1c-9f51-81b5c498dcb0 ] Request (FloatingIPsAssociationTestJSON:tearDownClass): 200 GET http://10.180.1.21/compute/v2.1/servers/3a76616f-24ab-4bb5-9471-07e9f0ede930 0.277s
2025-04-03 00:36:22.716 69838 INFO tempest.lib.common.rest_client [req-cc3fc9b4-9972-493c-a57f-154c9e7cf4ec req-cc3fc9b4-9972-493c-a57f-154c9e7cf4ec ] Request (ListImageFiltersTestJSON:setUpClass): 202 POST http://10.180.1.21/compute/v2.1/servers/ed61f7dd-d820-4445-97cf-6b01eb636103/action 0.536s
2025-04-03 00:36:22.776 69854 INFO tempest.lib.common.rest_client [req-fa6bffe2-a463-44a0-b2c3-6db33c13ac34 req-fa6bffe2-a463-44a0-b2c3-6db33c13ac34 ] Request (ServersTestJSON:test_create_server_with_ipv6_addr_only): 200 GET http://10.180.1.21/compute/v2.1/servers/260d6768-10fa-4c0a-9bcd-a1ee6a22c7d4 0.316s
2025-04-03 00:36:22.882 69820 INFO tempest.lib.common.rest_client [req-f066208a-31f8-4ef3-be0a-0e5e44533a4e req-f066208a-31f8-4ef3-be0a-0e5e44533a4e ] Request (DeleteServersAdminTestJSON:test_delete_server_while_in_error_state): 200 GET http://10.180.1.21/compute/v2.1/servers/647ccacb-d909-4809-910b-caa4a7732b61 0.375s
2025-04-03 00:36:22.888 69856 INFO tempest.lib.common.rest_client [req-a34ca8f0-d343-470c-b976-4175dd500ae5 req-a34ca8f0-d343-470c-b976-4175dd500ae5 ] Request (SecurityGroupsTestJSON:test_list_security_groups_by_server): 200 GET http://10.180.1.21/compute/v2.1/servers/a3e5b1df-503a-49a7-b066-b09999f7a2c9 0.489s
2025-04-03 00:36:22.935 69812 INFO tempest.lib.common.rest_client [req-f1b997fa-a6a1-409c-9359-419ef1d16980 req-f1b997fa-a6a1-409c-9359-419ef1d16980 ] Request (ImagesOneServerTestJSON:tearDownClass): 200 GET http://10.180.1.21/compute/v2.1/servers/1f590372-382e-4cbf-aa82-fe6e4e342ee3 0.400s
2025-04-03 00:36:22.937 69848 INFO tempest.lib.common.rest_client [req-461e9c8b-a4bf-4708-a97e-6ae9d217f79e req-461e9c8b-a4bf-4708-a97e-6ae9d217f79e ] Request (ServerGroupTestJSON:test_create_server_with_scheduler_hint_group): 200 GET http://10.180.1.21/compute/v2.1/servers/0c65c80f-99f5-4057-b938-a35f62ecffd2 0.353s
2025-04-03 00:36:22.941 69812 INFO tempest.common.waiters [-] State transition "ACTIVE/deleting" ==> "DELETED/None" after 3 second wait
2025-04-03 00:36:22.984 69826 INFO tempest.lib.common.rest_client [req-53badb76-6eb7-412d-98b4-bc82aee855d7 req-53badb76-6eb7-412d-98b4-bc82aee855d7 ] Request (AttachInterfacesUnderV243Test:test_add_remove_fixed_ip): 200 GET http://10.180.1.21/compute/v2.1/servers/54e70109-c2ed-4972-b63a-c5c1e8beea2f 0.310s
2025-04-03 00:36:22.986 69846 INFO tempest.lib.common.rest_client [req-50582d34-b09b-41c8-9378-71e0a838952c req-50582d34-b09b-41c8-9378-71e0a838952c ] Request (ImagesOneServerNegativeTestJSON:_run_cleanups): 200 GET http://10.180.1.21/compute/v2.1/servers/44b6c14a-b0a8-4b7f-b295-8e2a282b3794 0.355s
2025-04-03 00:36:23.012 69838 INFO tempest.lib.common.rest_client [req-ed942cee-5c8d-47f4-a9e3-45043229c499 req-ed942cee-5c8d-47f4-a9e3-45043229c499 ] Request (ListImageFiltersTestJSON:setUpClass): 200 GET http://10.180.1.21/compute/v2.1/images/172bd64f-941e-4bf7-850d-c7c4120c2db3 0.295s
2025-04-03 00:36:23.038 69862 INFO tempest.lib.common.rest_client [req-fc15c7c3-6a79-4837-9713-f3332ac46305 req-fc15c7c3-6a79-4837-9713-f3332ac46305 ] Request (MigrationsAdminTest:test_resize_server_revert_deleted_flavor): 200 GET http://10.180.1.21/compute/v2.1/servers/8c65ecb4-c94f-4841-a432-776e0a94fc73 0.304s
2025-04-03 00:36:23.059 69858 INFO tempest.lib.common.rest_client [req-fafec2ab-4a17-49ad-a3f5-e28c013d8f4d req-fafec2ab-4a17-49ad-a3f5-e28c013d8f4d ] Request (ServersTestFqdnHostnames:test_create_server_with_fqdn_name): 200 GET http://10.180.1.21/compute/v2.1/servers/b61972c7-ddfd-47a5-9bc4-314effb27ee5 0.262s
2025-04-03 00:36:23.084 69830 INFO tempest.lib.common.rest_client [req-be5753e9-560b-4c54-834b-e7d495138eba req-be5753e9-560b-4c54-834b-e7d495138eba ] Request (ListServersNegativeTestJSON:setUpClass): 200 GET http://10.180.1.21/compute/v2.1/servers/13fe71e9-b0d9-4f6d-b293-49e6557bb941 0.220s
2025-04-03 00:36:23.109 69832 INFO tempest.lib.common.rest_client [req-711c3ba8-73a2-4787-9a08-7638522b101e req-711c3ba8-73a2-4787-9a08-7638522b101e ] Request (ServerAddressesTestJSON:setUpClass): 200 GET http://10.180.1.21/compute/v2.1/servers/cde882ea-3a53-49aa-9ad3-9cf96dab0e79 0.225s
2025-04-03 00:36:23.146 69820 INFO tempest.lib.common.rest_client [req-7964bd61-7fda-4bc6-823a-acc3f73bacbd req-7964bd61-7fda-4bc6-823a-acc3f73bacbd ] Request (DeleteServersAdminTestJSON:test_delete_server_while_in_error_state): 204 DELETE http://10.180.1.21/compute/v2.1/servers/647ccacb-d909-4809-910b-caa4a7732b61 0.256s
2025-04-03 00:36:23.157 69834 INFO tempest.lib.common.rest_client [req-df52a572-9d5c-4c9d-a0e5-2bee7c956e03 req-df52a572-9d5c-4c9d-a0e5-2bee7c956e03 ] Request (VolumesAdminNegativeTest:test_update_attached_volume_with_nonexistent_volume_in_body): 200 GET http://10.180.1.21/compute/v2.1/servers/9cc351f0-51fb-4bf5-87c9-e4b982bc1942 0.232s
2025-04-03 00:36:23.190 69864 INFO tempest.lib.common.rest_client [req-dfb3ce94-2274-4d27-a283-52b7f757cec3 req-dfb3ce94-2274-4d27-a283-52b7f757cec3 ] Request (ServerDiskConfigTestJSON:test_rebuild_server_with_manual_disk_config): 200 GET http://10.180.1.21/compute/v2.1/servers/23d7be76-bf47-42d3-ac48-38dc79383b16 0.237s
2025-04-03 00:36:23.207 69842 INFO tempest.lib.common.rest_client [req-6ecc44df-5b22-467f-87e6-dc6835ae044f req-6ecc44df-5b22-467f-87e6-dc6835ae044f ] Request (ServerTagsTestJSON:tearDownClass): 200 GET http://10.180.1.21/compute/v2.1/servers/518ab3d2-9e53-40ad-9b9d-ba92dc3c9ee4 0.209s
2025-04-03 00:36:23.240 69852 INFO tempest.lib.common.rest_client [req-e9ff6465-5317-48c9-8812-5dfc3e09c94e req-e9ff6465-5317-48c9-8812-5dfc3e09c94e ] Request (ImagesTestJSON:test_create_image_from_suspended_server): 200 GET http://10.180.1.21/compute/v2.1/servers/4be76930-d724-4808-85c2-e1ca754f2784 0.234s
2025-04-03 00:36:23.251 69818 INFO tempest.lib.common.rest_client [req-184b9b38-94f1-4706-bc4a-604fcc346534 req-184b9b38-94f1-4706-bc4a-604fcc346534 ] Request (ServerMetadataNegativeTestJSON:setUpClass): 200 GET http://10.180.1.21/compute/v2.1/servers/cfbdaa68-e556-4b72-abc5-0a17aa8ff71f 0.203s
2025-04-03 00:36:23.296 69836 INFO tempest.lib.common.rest_client [req-2eec7026-c0d6-4dc4-8bd4-2dc96caaa991 req-2eec7026-c0d6-4dc4-8bd4-2dc96caaa991 ] Request (ServerDiagnosticsV248Test:test_get_server_diagnostics): 200 GET http://10.180.1.21/compute/v2.1/servers/f27b521f-9193-4db1-a108-c1f3ac567ce8 0.227s
2025-04-03 00:36:23.302 69808 INFO tempest.lib.common.rest_client [req-e41eadf6-b296-4037-9a62-626e7a955e18 req-e41eadf6-b296-4037-9a62-626e7a955e18 ] Request (ServersAdminNegativeTestJSON:test_migrate_server_invalid_state): 200 GET http://10.180.1.21/compute/v2.1/servers/970e553a-7e3e-466a-96c7-d9d6f6d6807c 0.199s
2025-04-03 00:36:23.309 69808 INFO tempest.common.waiters [-] State transition "BUILD/scheduling" ==> "BUILD/None" after 39 second wait
2025-04-03 00:36:23.353 69804 INFO tempest.lib.common.rest_client [req-2897ca67-1f37-4c57-a322-068995ec150c req-2897ca67-1f37-4c57-a322-068995ec150c ] Request (ServersAdminTestJSON:test_inject_network_info): 200 GET http://10.180.1.21/compute/v2.1/servers/67842d3e-b361-4eeb-9139-e8101a23a9ed 0.078s
2025-04-03 00:36:23.454 69820 INFO tempest.lib.common.rest_client [req-f543b79b-1ea4-4e20-a9dc-3397ec5328c6 req-f543b79b-1ea4-4e20-a9dc-3397ec5328c6 ] Request (DeleteServersAdminTestJSON:test_delete_server_while_in_error_state): 200 GET http://10.180.1.21/compute/v2.1/servers/647ccacb-d909-4809-910b-caa4a7732b61 0.308s
2025-04-03 00:36:23.484 69828 INFO tempest.lib.common.rest_client [req-3ba0e421-a5a3-4566-834a-36393bc01cde req-3ba0e421-a5a3-4566-834a-36393bc01cde ] Request (ServersTestManualDisk:setUpClass): 200 GET http://10.180.1.21/compute/v2.1/servers/f5f03876-cb29-46ed-8bc7-f70d73fa4e55 0.194s
2025-04-03 00:36:23.500 69828 INFO tempest.common.waiters [-] State transition "BUILD/block_device_mapping" ==> "BUILD/spawning" after 65 second wait
2025-04-03 00:36:23.507 69824 INFO tempest.lib.common.rest_client [req-dbb7019d-b11b-4188-8bb8-1e03450908cc req-dbb7019d-b11b-4188-8bb8-1e03450908cc ] Request (InstanceActionsTestJSON:setUpClass): 200 GET http://10.180.1.21/compute/v2.1/servers/f7b6de16-4f11-4310-a2e5-63434aba5e10 0.176s
2025-04-03 00:36:23.607 69806 INFO tempest.lib.common.rest_client [req-a8bdbf04-d876-456c-8a61-0416780ac7f7 req-a8bdbf04-d876-456c-8a61-0416780ac7f7 ] Request (ServerDiagnosticsNegativeTest:test_get_server_diagnostics_by_non_admin): 200 GET http://10.180.1.21/compute/v2.1/servers/843aebb5-20d0-4ada-b64a-3ae79bb6d5ca 0.151s
2025-04-03 00:36:23.614 69806 INFO tempest.common.waiters [-] State transition "BUILD/spawning" ==> "ACTIVE/None" after 65 second wait
2025-04-03 00:36:23.615 69844 INFO tempest.lib.common.rest_client [req-aa727804-11f9-4a26-bfb2-43d5059ff98e req-aa727804-11f9-4a26-bfb2-43d5059ff98e ] Request (DeleteServersTestJSON:test_delete_active_server): 200 GET http://10.180.1.21/compute/v2.1/servers/eb4c3153-02e4-40d7-9d55-c9eb6017b490 0.051s
2025-04-03 00:36:23.641 69806 INFO tempest.lib.common.rest_client [req-a0d69e17-b377-4443-bbdf-b531ee92fff4 req-a0d69e17-b377-4443-bbdf-b531ee92fff4 ] Request (ServerDiagnosticsNegativeTest:test_get_server_diagnostics_by_non_admin): 403 GET http://10.180.1.21/compute/v2.1/servers/843aebb5-20d0-4ada-b64a-3ae79bb6d5ca/diagnostics 0.027s
2025-04-03 00:36:23.661 69816 WARNING tempest.lib.common.ssh [-] Failed to establish authenticated ssh connection to cirros@10.180.180.219 ([Errno None] Unable to connect to port 22 on 10.180.180.219). Number attempts: 4. Retry after 5 seconds.: paramiko.ssh_exception.NoValidConnectionsError: [Errno None] Unable to connect to port 22 on 10.180.180.219
2025-04-03 00:36:23.689 69810 INFO tempest.lib.common.rest_client [req-cb46b410-48e5-44af-8904-8179e559571e req-cb46b410-48e5-44af-8904-8179e559571e ] Request (FloatingIPsAssociationTestJSON:tearDownClass): 200 GET http://10.180.1.21/compute/v2.1/servers/3a76616f-24ab-4bb5-9471-07e9f0ede930 0.066s
2025-04-03 00:36:23.711 69806 INFO tempest.lib.common.rest_client [req-14808786-d0ad-4286-904b-2433f1b51fab req-14808786-d0ad-4286-904b-2433f1b51fab ] Request (ServerDiagnosticsNegativeTest:tearDownClass): 204 DELETE http://10.180.1.21/compute/v2.1/servers/843aebb5-20d0-4ada-b64a-3ae79bb6d5ca 0.067s
2025-04-03 00:36:23.799 69806 INFO tempest.lib.common.rest_client [req-6df90430-e26e-4fab-bc82-c22c4f948cc8 req-6df90430-e26e-4fab-bc82-c22c4f948cc8 ] Request (ServerDiagnosticsNegativeTest:tearDownClass): 200 GET http://10.180.1.21/compute/v2.1/servers/843aebb5-20d0-4ada-b64a-3ae79bb6d5ca 0.088s
2025-04-03 00:36:23.843 69854 INFO tempest.lib.common.rest_client [req-eff4d118-78b1-4d9a-ade4-261a5ac83027 req-eff4d118-78b1-4d9a-ade4-261a5ac83027 ] Request (ServersTestJSON:test_create_server_with_ipv6_addr_only): 200 GET http://10.180.1.21/compute/v2.1/servers/260d6768-10fa-4c0a-9bcd-a1ee6a22c7d4 0.057s
2025-04-03 00:36:23.950 69856 INFO tempest.lib.common.rest_client [req-0108c306-6ec5-4e3c-b618-8d05bd40ad07 req-0108c306-6ec5-4e3c-b618-8d05bd40ad07 ] Request (SecurityGroupsTestJSON:test_list_security_groups_by_server): 200 GET http://10.180.1.21/compute/v2.1/servers/a3e5b1df-503a-49a7-b066-b09999f7a2c9 0.054s
2025-04-03 00:36:23.998 69812 INFO tempest.lib.common.rest_client [req-e9d5e7dc-c746-4db6-b12b-c9782e1ab79d req-e9d5e7dc-c746-4db6-b12b-c9782e1ab79d ] Request (ImagesOneServerTestJSON:tearDownClass): 200 GET http://10.180.1.21/compute/v2.1/servers/1f590372-382e-4cbf-aa82-fe6e4e342ee3 0.056s
2025-04-03 00:36:24.002 69848 INFO tempest.lib.common.rest_client [req-acaeb701-3501-49bd-b00e-20b65a4faea2 req-acaeb701-3501-49bd-b00e-20b65a4faea2 ] Request (ServerGroupTestJSON:test_create_server_with_scheduler_hint_group): 200 GET http://10.180.1.21/compute/v2.1/servers/0c65c80f-99f5-4057-b938-a35f62ecffd2 0.057s
2025-04-03 00:36:24.044 69826 INFO tempest.lib.common.rest_client [req-a5f7c643-2f8e-4a12-82f9-11f8b77c8159 req-a5f7c643-2f8e-4a12-82f9-11f8b77c8159 ] Request (AttachInterfacesUnderV243Test:test_add_remove_fixed_ip): 200 GET http://10.180.1.21/compute/v2.1/servers/54e70109-c2ed-4972-b63a-c5c1e8beea2f 0.051s
2025-04-03 00:36:24.046 69846 INFO tempest.lib.common.rest_client [req-94f4bdce-c5f8-4a6c-bbb0-701fb6c55974 req-94f4bdce-c5f8-4a6c-bbb0-701fb6c55974 ] Request (ImagesOneServerNegativeTestJSON:_run_cleanups): 200 GET http://10.180.1.21/compute/v2.1/servers/44b6c14a-b0a8-4b7f-b295-8e2a282b3794 0.053s
2025-04-03 00:36:24.078 69838 INFO tempest.lib.common.rest_client [req-c0bd6b5b-9cb3-4de0-aa71-963cf17aeadd req-c0bd6b5b-9cb3-4de0-aa71-963cf17aeadd ] Request (ListImageFiltersTestJSON:setUpClass): 200 GET http://10.180.1.21/compute/v2.1/images/172bd64f-941e-4bf7-850d-c7c4120c2db3 0.062s
2025-04-03 00:36:24.096 69862 INFO tempest.lib.common.rest_client [req-94aa60ec-3713-4513-808f-d98d75796217 req-94aa60ec-3713-4513-808f-d98d75796217 ] Request (MigrationsAdminTest:test_resize_server_revert_deleted_flavor): 200 GET http://10.180.1.21/compute/v2.1/servers/8c65ecb4-c94f-4841-a432-776e0a94fc73 0.049s
2025-04-03 00:36:24.122 69858 INFO tempest.lib.common.rest_client [req-105dad6a-7e54-4518-b52e-bd3298cb95cc req-105dad6a-7e54-4518-b52e-bd3298cb95cc ] Request (ServersTestFqdnHostnames:test_create_server_with_fqdn_name): 200 GET http://10.180.1.21/compute/v2.1/servers/b61972c7-ddfd-47a5-9bc4-314effb27ee5 0.055s
2025-04-03 00:36:24.138 69830 INFO tempest.lib.common.rest_client [req-52c9b8d1-4223-4fe9-86b6-a221ddb460c5 req-52c9b8d1-4223-4fe9-86b6-a221ddb460c5 ] Request (ListServersNegativeTestJSON:setUpClass): 200 GET http://10.180.1.21/compute/v2.1/servers/13fe71e9-b0d9-4f6d-b293-49e6557bb941 0.045s
2025-04-03 00:36:24.166 69832 INFO tempest.lib.common.rest_client [req-2afcfa4d-4421-455a-9f27-3641a15cfa52 req-2afcfa4d-4421-455a-9f27-3641a15cfa52 ] Request (ServerAddressesTestJSON:setUpClass): 200 GET http://10.180.1.21/compute/v2.1/servers/cde882ea-3a53-49aa-9ad3-9cf96dab0e79 0.048s
2025-04-03 00:36:24.216 69834 INFO tempest.lib.common.rest_client [req-50af5a5e-62ae-455d-94db-be52610a5ca4 req-50af5a5e-62ae-455d-94db-be52610a5ca4 ] Request (VolumesAdminNegativeTest:test_update_attached_volume_with_nonexistent_volume_in_body): 200 GET http://10.180.1.21/compute/v2.1/servers/9cc351f0-51fb-4bf5-87c9-e4b982bc1942 0.050s
2025-04-03 00:36:24.254 69864 INFO tempest.lib.common.rest_client [req-52d69ac6-393e-4a5c-817d-f7323492b3c3 req-52d69ac6-393e-4a5c-817d-f7323492b3c3 ] Request (ServerDiskConfigTestJSON:test_rebuild_server_with_manual_disk_config): 200 GET http://10.180.1.21/compute/v2.1/servers/23d7be76-bf47-42d3-ac48-38dc79383b16 0.056s
2025-04-03 00:36:24.278 69842 INFO tempest.lib.common.rest_client [req-6975c3e6-d562-4363-bb41-4a6027662feb req-6975c3e6-d562-4363-bb41-4a6027662feb ] Request (ServerTagsTestJSON:tearDownClass): 200 GET http://10.180.1.21/compute/v2.1/servers/518ab3d2-9e53-40ad-9b9d-ba92dc3c9ee4 0.062s
2025-04-03 00:36:24.313 69852 INFO tempest.lib.common.rest_client [req-b2748e6e-c7be-4d67-b6f3-72d53a28f150 req-b2748e6e-c7be-4d67-b6f3-72d53a28f150 ] Request (ImagesTestJSON:test_create_image_from_suspended_server): 200 GET http://10.180.1.21/compute/v2.1/servers/4be76930-d724-4808-85c2-e1ca754f2784 0.064s
2025-04-03 00:36:24.325 69818 INFO tempest.lib.common.rest_client [req-4d896851-a18c-4c22-b16e-1a75858dbe6a req-4d896851-a18c-4c22-b16e-1a75858dbe6a ] Request (ServerMetadataNegativeTestJSON:setUpClass): 200 GET http://10.180.1.21/compute/v2.1/servers/cfbdaa68-e556-4b72-abc5-0a17aa8ff71f 0.066s
2025-04-03 00:36:24.371 69836 INFO tempest.lib.common.rest_client [req-029b0996-25a4-4247-98d1-76b4bb7c9dd9 req-029b0996-25a4-4247-98d1-76b4bb7c9dd9 ] Request (ServerDiagnosticsV248Test:test_get_server_diagnostics): 200 GET http://10.180.1.21/compute/v2.1/servers/f27b521f-9193-4db1-a108-c1f3ac567ce8 0.066s
2025-04-03 00:36:24.380 69836 INFO tempest.common.waiters [-] State transition "BUILD/None" ==> "BUILD/networking" after 65 second wait
2025-04-03 00:36:24.382 69808 INFO tempest.lib.common.rest_client [req-8e553099-319f-4ec5-a1b2-23bcf896787c req-8e553099-319f-4ec5-a1b2-23bcf896787c ] Request (ServersAdminNegativeTestJSON:test_migrate_server_invalid_state): 200 GET http://10.180.1.21/compute/v2.1/servers/970e553a-7e3e-466a-96c7-d9d6f6d6807c 0.071s
2025-04-03 00:36:24.425 69804 INFO tempest.lib.common.rest_client [req-205384fc-8683-44fd-8190-082fa0dbda5d req-205384fc-8683-44fd-8190-082fa0dbda5d ] Request (ServersAdminTestJSON:test_inject_network_info): 200 GET http://10.180.1.21/compute/v2.1/servers/67842d3e-b361-4eeb-9139-e8101a23a9ed 0.058s
2025-04-03 00:36:24.571 69820 INFO tempest.lib.common.rest_client [req-6dc14dae-9c78-4e70-8f38-916551548800 req-6dc14dae-9c78-4e70-8f38-916551548800 ] Request (DeleteServersAdminTestJSON:test_delete_server_while_in_error_state): 200 GET http://10.180.1.21/compute/v2.1/servers/647ccacb-d909-4809-910b-caa4a7732b61 0.109s
2025-04-03 00:36:24.618 69824 INFO tempest.lib.common.rest_client [req-1d4b67d2-8c0a-4856-9188-2ccdd0d974e6 req-1d4b67d2-8c0a-4856-9188-2ccdd0d974e6 ] Request (InstanceActionsTestJSON:setUpClass): 200 GET http://10.180.1.21/compute/v2.1/servers/f7b6de16-4f11-4310-a2e5-63434aba5e10 0.102s
2025-04-03 00:36:24.622 69861 WARNING tempest.lib.common.ssh [-] Failed to establish authenticated ssh connection to cirros@10.180.180.138 ([Errno None] Unable to connect to port 22 on 10.180.180.138). Number attempts: 5. Retry after 6 seconds.: paramiko.ssh_exception.NoValidConnectionsError: [Errno None] Unable to connect to port 22 on 10.180.180.138
2025-04-03 00:36:24.641 69828 INFO tempest.lib.common.rest_client [req-d280bbd2-edbe-40ce-a6a5-54d60daaea5b req-d280bbd2-edbe-40ce-a6a5-54d60daaea5b ] Request (ServersTestManualDisk:setUpClass): 200 GET http://10.180.1.21/compute/v2.1/servers/f5f03876-cb29-46ed-8bc7-f70d73fa4e55 0.139s
2025-04-03 00:36:24.679 69844 INFO tempest.lib.common.rest_client [req-42015fa1-2c7d-438a-8ba1-c6130875d8cb req-42015fa1-2c7d-438a-8ba1-c6130875d8cb ] Request (DeleteServersTestJSON:test_delete_active_server): 200 GET http://10.180.1.21/compute/v2.1/servers/eb4c3153-02e4-40d7-9d55-c9eb6017b490 0.055s
2025-04-03 00:36:24.760 69810 INFO tempest.lib.common.rest_client [req-414a9ea8-3b18-4fb0-b93c-e937506f7ffe req-414a9ea8-3b18-4fb0-b93c-e937506f7ffe ] Request (FloatingIPsAssociationTestJSON:tearDownClass): 200 GET http://10.180.1.21/compute/v2.1/servers/3a76616f-24ab-4bb5-9471-07e9f0ede930 0.064s
2025-04-03 00:36:24.904 69854 INFO tempest.lib.common.rest_client [req-d3a26983-64ba-47fc-8878-e06adecefbae req-d3a26983-64ba-47fc-8878-e06adecefbae ] Request (ServersTestJSON:test_create_server_with_ipv6_addr_only): 200 GET http://10.180.1.21/compute/v2.1/servers/260d6768-10fa-4c0a-9bcd-a1ee6a22c7d4 0.053s
2025-04-03 00:36:24.904 69806 INFO tempest.lib.common.rest_client [req-b69a08ba-ff8b-40cd-a558-1c7dc99db63f req-b69a08ba-ff8b-40cd-a558-1c7dc99db63f ] Request (ServerDiagnosticsNegativeTest:tearDownClass): 200 GET http://10.180.1.21/compute/v2.1/servers/843aebb5-20d0-4ada-b64a-3ae79bb6d5ca 0.095s
2025-04-03 00:36:25.021 69856 INFO tempest.lib.common.rest_client [req-73d9a582-6dab-4b2e-aca9-e00784c6f210 req-73d9a582-6dab-4b2e-aca9-e00784c6f210 ] Request (SecurityGroupsTestJSON:test_list_security_groups_by_server): 200 GET http://10.180.1.21/compute/v2.1/servers/a3e5b1df-503a-49a7-b066-b09999f7a2c9 0.062s
2025-04-03 00:36:25.069 69850 WARNING tempest.lib.common.ssh [-] Failed to establish authenticated ssh connection to cirros@10.180.180.184 ([Errno None] Unable to connect to port 22 on 10.180.180.184). Number attempts: 2. Retry after 3 seconds.: paramiko.ssh_exception.NoValidConnectionsError: [Errno None] Unable to connect to port 22 on 10.180.180.184
2025-04-03 00:36:25.073 69848 INFO tempest.lib.common.rest_client [req-ae4a853a-51b7-477b-b46f-1345815933a7 req-ae4a853a-51b7-477b-b46f-1345815933a7 ] Request (ServerGroupTestJSON:test_create_server_with_scheduler_hint_group): 200 GET http://10.180.1.21/compute/v2.1/servers/0c65c80f-99f5-4057-b938-a35f62ecffd2 0.062s
2025-04-03 00:36:25.075 69812 INFO tempest.lib.common.rest_client [req-bd9740f3-b7f3-4ce1-86fe-ff1dcdab3282 req-bd9740f3-b7f3-4ce1-86fe-ff1dcdab3282 ] Request (ImagesOneServerTestJSON:tearDownClass): 200 GET http://10.180.1.21/compute/v2.1/servers/1f590372-382e-4cbf-aa82-fe6e4e342ee3 0.070s
2025-04-03 00:36:25.120 69846 INFO tempest.lib.common.rest_client [req-44ee97c8-3783-4a4a-b93c-c8dcac96c1a9 req-44ee97c8-3783-4a4a-b93c-c8dcac96c1a9 ] Request (ImagesOneServerNegativeTestJSON:_run_cleanups): 200 GET http://10.180.1.21/compute/v2.1/servers/44b6c14a-b0a8-4b7f-b295-8e2a282b3794 0.067s
2025-04-03 00:36:25.128 69826 INFO tempest.lib.common.rest_client [req-2e23b930-5cd7-4b7a-9b94-faf08b754fdd req-2e23b930-5cd7-4b7a-9b94-faf08b754fdd ] Request (AttachInterfacesUnderV243Test:test_add_remove_fixed_ip): 200 GET http://10.180.1.21/compute/v2.1/servers/54e70109-c2ed-4972-b63a-c5c1e8beea2f 0.075s
2025-04-03 00:36:25.150 69838 INFO tempest.lib.common.rest_client [req-2a5b3727-bcf5-4550-a402-0d6400a931fc req-2a5b3727-bcf5-4550-a402-0d6400a931fc ] Request (ListImageFiltersTestJSON:setUpClass): 200 GET http://10.180.1.21/compute/v2.1/images/172bd64f-941e-4bf7-850d-c7c4120c2db3 0.068s
2025-04-03 00:36:25.177 69862 INFO tempest.lib.common.rest_client [req-56621b65-8404-4bf2-96d7-968292047544 req-56621b65-8404-4bf2-96d7-968292047544 ] Request (MigrationsAdminTest:test_resize_server_revert_deleted_flavor): 200 GET http://10.180.1.21/compute/v2.1/servers/8c65ecb4-c94f-4841-a432-776e0a94fc73 0.071s
2025-04-03 00:36:25.203 69858 INFO tempest.lib.common.rest_client [req-8f31ebef-dd89-4974-8b6b-d1a521c1df9b req-8f31ebef-dd89-4974-8b6b-d1a521c1df9b ] Request (ServersTestFqdnHostnames:test_create_server_with_fqdn_name): 200 GET http://10.180.1.21/compute/v2.1/servers/b61972c7-ddfd-47a5-9bc4-314effb27ee5 0.073s
2025-04-03 00:36:25.223 69830 INFO tempest.lib.common.rest_client [req-e8ecd3a8-f6ff-4ee2-be1c-f906766a03c9 req-e8ecd3a8-f6ff-4ee2-be1c-f906766a03c9 ] Request (ListServersNegativeTestJSON:setUpClass): 200 GET http://10.180.1.21/compute/v2.1/servers/13fe71e9-b0d9-4f6d-b293-49e6557bb941 0.078s
2025-04-03 00:36:25.230 69830 INFO tempest.common.waiters [-] State transition "BUILD/scheduling" ==> "BUILD/None" after 34 second wait
2025-04-03 00:36:25.254 69832 INFO tempest.lib.common.rest_client [req-ffb666bd-4f3e-4800-a595-c90d37504ba1 req-ffb666bd-4f3e-4800-a595-c90d37504ba1 ] Request (ServerAddressesTestJSON:setUpClass): 200 GET http://10.180.1.21/compute/v2.1/servers/cde882ea-3a53-49aa-9ad3-9cf96dab0e79 0.080s
2025-04-03 00:36:25.285 69834 INFO tempest.lib.common.rest_client [req-4640da4f-5b2d-4051-aa68-9ae145744e19 req-4640da4f-5b2d-4051-aa68-9ae145744e19 ] Request (VolumesAdminNegativeTest:test_update_attached_volume_with_nonexistent_volume_in_body): 200 GET http://10.180.1.21/compute/v2.1/servers/9cc351f0-51fb-4bf5-87c9-e4b982bc1942 0.058s
2025-04-03 00:36:25.326 69864 INFO tempest.lib.common.rest_client [req-8174ed98-01b5-439b-bd7d-c01f35189c1a req-8174ed98-01b5-439b-bd7d-c01f35189c1a ] Request (ServerDiskConfigTestJSON:test_rebuild_server_with_manual_disk_config): 200 GET http://10.180.1.21/compute/v2.1/servers/23d7be76-bf47-42d3-ac48-38dc79383b16 0.060s
2025-04-03 00:36:25.360 69842 INFO tempest.lib.common.rest_client [req-530b52fe-cd35-4bc0-986c-0b2e33879606 req-530b52fe-cd35-4bc0-986c-0b2e33879606 ] Request (ServerTagsTestJSON:tearDownClass): 200 GET http://10.180.1.21/compute/v2.1/servers/518ab3d2-9e53-40ad-9b9d-ba92dc3c9ee4 0.068s
2025-04-03 00:36:25.388 69852 INFO tempest.lib.common.rest_client [req-9c066f63-493d-46a8-bfcc-85ac9133023f req-9c066f63-493d-46a8-bfcc-85ac9133023f ] Request (ImagesTestJSON:test_create_image_from_suspended_server): 200 GET http://10.180.1.21/compute/v2.1/servers/4be76930-d724-4808-85c2-e1ca754f2784 0.067s
2025-04-03 00:36:25.413 69818 INFO tempest.lib.common.rest_client [req-bbf5bad6-72e0-4ce5-b1a2-d09f66da4aeb req-bbf5bad6-72e0-4ce5-b1a2-d09f66da4aeb ] Request (ServerMetadataNegativeTestJSON:setUpClass): 200 GET http://10.180.1.21/compute/v2.1/servers/cfbdaa68-e556-4b72-abc5-0a17aa8ff71f 0.074s
2025-04-03 00:36:25.453 69836 INFO tempest.lib.common.rest_client [req-a2516832-ad9e-4261-b34b-cdd3c99d95e2 req-a2516832-ad9e-4261-b34b-cdd3c99d95e2 ] Request (ServerDiagnosticsV248Test:test_get_server_diagnostics): 200 GET http://10.180.1.21/compute/v2.1/servers/f27b521f-9193-4db1-a108-c1f3ac567ce8 0.072s
2025-04-03 00:36:25.465 69808 INFO tempest.lib.common.rest_client [req-4a0880bd-6a26-445d-9e41-9b3e0349b1fc req-4a0880bd-6a26-445d-9e41-9b3e0349b1fc ] Request (ServersAdminNegativeTestJSON:test_migrate_server_invalid_state): 200 GET http://10.180.1.21/compute/v2.1/servers/970e553a-7e3e-466a-96c7-d9d6f6d6807c 0.072s
2025-04-03 00:36:25.468 69836 INFO tempest.common.waiters [-] State transition "BUILD/networking" ==> "BUILD/spawning" after 66 second wait
2025-04-03 00:36:25.505 69804 INFO tempest.lib.common.rest_client [req-27c67110-9661-4f43-9ff3-371c37356f97 req-27c67110-9661-4f43-9ff3-371c37356f97 ] Request (ServersAdminTestJSON:test_inject_network_info): 200 GET http://10.180.1.21/compute/v2.1/servers/67842d3e-b361-4eeb-9139-e8101a23a9ed 0.072s
2025-04-03 00:36:25.640 69820 INFO tempest.lib.common.rest_client [req-a25f87f1-ecaa-4e04-8abe-82a12bcb5084 req-a25f87f1-ecaa-4e04-8abe-82a12bcb5084 ] Request (DeleteServersAdminTestJSON:test_delete_server_while_in_error_state): 200 GET http://10.180.1.21/compute/v2.1/servers/647ccacb-d909-4809-910b-caa4a7732b61 0.061s
2025-04-03 00:36:25.684 69824 INFO tempest.lib.common.rest_client [req-b6a26c95-1f15-401c-9425-d1d5df66c7d0 req-b6a26c95-1f15-401c-9425-d1d5df66c7d0 ] Request (InstanceActionsTestJSON:setUpClass): 200 GET http://10.180.1.21/compute/v2.1/servers/f7b6de16-4f11-4310-a2e5-63434aba5e10 0.058s
2025-04-03 00:36:25.739 69844 INFO tempest.lib.common.rest_client [req-2f06dc19-82ee-49c4-ad06-264f2ed4d8eb req-2f06dc19-82ee-49c4-ad06-264f2ed4d8eb ] Request (DeleteServersTestJSON:test_delete_active_server): 200 GET http://10.180.1.21/compute/v2.1/servers/eb4c3153-02e4-40d7-9d55-c9eb6017b490 0.052s
2025-04-03 00:36:25.750 69828 INFO tempest.lib.common.rest_client [req-4d2f5cc5-0cd6-4a79-8904-4648c0331c8a req-4d2f5cc5-0cd6-4a79-8904-4648c0331c8a ] Request (ServersTestManualDisk:setUpClass): 200 GET http://10.180.1.21/compute/v2.1/servers/f5f03876-cb29-46ed-8bc7-f70d73fa4e55 0.101s
2025-04-03 00:36:25.831 69810 INFO tempest.lib.common.rest_client [req-e41fbc73-0cd5-4d50-be03-705de266e5fb req-e41fbc73-0cd5-4d50-be03-705de266e5fb ] Request (FloatingIPsAssociationTestJSON:tearDownClass): 200 GET http://10.180.1.21/compute/v2.1/servers/3a76616f-24ab-4bb5-9471-07e9f0ede930 0.062s
2025-04-03 00:36:25.965 69854 INFO tempest.lib.common.rest_client [req-4943f7d4-c6d8-4e28-94c0-e87e44947a7d req-4943f7d4-c6d8-4e28-94c0-e87e44947a7d ] Request (ServersTestJSON:test_create_server_with_ipv6_addr_only): 200 GET http://10.180.1.21/compute/v2.1/servers/260d6768-10fa-4c0a-9bcd-a1ee6a22c7d4 0.054s
2025-04-03 00:36:26.027 69806 INFO tempest.lib.common.rest_client [req-718a0e0a-6718-4573-8c2d-176c6ba8ea9b req-718a0e0a-6718-4573-8c2d-176c6ba8ea9b ] Request (ServerDiagnosticsNegativeTest:tearDownClass): 200 GET http://10.180.1.21/compute/v2.1/servers/843aebb5-20d0-4ada-b64a-3ae79bb6d5ca 0.115s
2025-04-03 00:36:26.074 69856 INFO tempest.lib.common.rest_client [req-22a7bf72-3239-451e-938c-7c1883cde176 req-22a7bf72-3239-451e-938c-7c1883cde176 ] Request (SecurityGroupsTestJSON:test_list_security_groups_by_server): 200 GET http://10.180.1.21/compute/v2.1/servers/a3e5b1df-503a-49a7-b066-b09999f7a2c9 0.046s
2025-04-03 00:36:26.139 69812 INFO tempest.lib.common.rest_client [req-c1c21f4c-25ea-435c-bd9d-3005455048db req-c1c21f4c-25ea-435c-bd9d-3005455048db ] Request (ImagesOneServerTestJSON:tearDownClass): 200 GET http://10.180.1.21/compute/v2.1/servers/1f590372-382e-4cbf-aa82-fe6e4e342ee3 0.056s
2025-04-03 00:36:26.147 69848 INFO tempest.lib.common.rest_client [req-88a401c2-3a9e-4e8d-947e-a5a2644c5436 req-88a401c2-3a9e-4e8d-947e-a5a2644c5436 ] Request (ServerGroupTestJSON:test_create_server_with_scheduler_hint_group): 200 GET http://10.180.1.21/compute/v2.1/servers/0c65c80f-99f5-4057-b938-a35f62ecffd2 0.066s
2025-04-03 00:36:26.191 69846 INFO tempest.lib.common.rest_client [req-58ec8376-dce9-4cf0-a316-37d1b2e0a6c3 req-58ec8376-dce9-4cf0-a316-37d1b2e0a6c3 ] Request (ImagesOneServerNegativeTestJSON:_run_cleanups): 200 GET http://10.180.1.21/compute/v2.1/servers/44b6c14a-b0a8-4b7f-b295-8e2a282b3794 0.062s
2025-04-03 00:36:26.210 69826 INFO tempest.lib.common.rest_client [req-168c2d01-fa49-42f3-a223-2568548f151c req-168c2d01-fa49-42f3-a223-2568548f151c ] Request (AttachInterfacesUnderV243Test:test_add_remove_fixed_ip): 200 GET http://10.180.1.21/compute/v2.1/servers/54e70109-c2ed-4972-b63a-c5c1e8beea2f 0.073s
2025-04-03 00:36:26.221 69838 INFO tempest.lib.common.rest_client [req-a739a8a2-b936-4b3c-9a73-94dd89b38527 req-a739a8a2-b936-4b3c-9a73-94dd89b38527 ] Request (ListImageFiltersTestJSON:setUpClass): 200 GET http://10.180.1.21/compute/v2.1/images/172bd64f-941e-4bf7-850d-c7c4120c2db3 0.066s
2025-04-03 00:36:26.268 69858 INFO tempest.lib.common.rest_client [req-790a96c4-049d-4c29-a633-ec08da6ea64b req-790a96c4-049d-4c29-a633-ec08da6ea64b ] Request (ServersTestFqdnHostnames:test_create_server_with_fqdn_name): 200 GET http://10.180.1.21/compute/v2.1/servers/b61972c7-ddfd-47a5-9bc4-314effb27ee5 0.054s
2025-04-03 00:36:26.280 69862 INFO tempest.lib.common.rest_client [req-16772b50-40e6-47a4-b038-777534d01da1 req-16772b50-40e6-47a4-b038-777534d01da1 ] Request (MigrationsAdminTest:test_resize_server_revert_deleted_flavor): 200 GET http://10.180.1.21/compute/v2.1/servers/8c65ecb4-c94f-4841-a432-776e0a94fc73 0.095s
2025-04-03 00:36:26.316 69830 INFO tempest.lib.common.rest_client [req-c740a1bf-78a9-4385-9bdb-29f86153cfa8 req-c740a1bf-78a9-4385-9bdb-29f86153cfa8 ] Request (ListServersNegativeTestJSON:setUpClass): 200 GET http://10.180.1.21/compute/v2.1/servers/13fe71e9-b0d9-4f6d-b293-49e6557bb941 0.085s
2025-04-03 00:36:26.325 69832 INFO tempest.lib.common.rest_client [req-004e0d2f-0204-47ff-9103-64dff80dd329 req-004e0d2f-0204-47ff-9103-64dff80dd329 ] Request (ServerAddressesTestJSON:setUpClass): 200 GET http://10.180.1.21/compute/v2.1/servers/cde882ea-3a53-49aa-9ad3-9cf96dab0e79 0.061s
2025-04-03 00:36:26.368 69834 INFO tempest.lib.common.rest_client [req-0274d809-53f4-4cdd-b0e5-27116f3922e2 req-0274d809-53f4-4cdd-b0e5-27116f3922e2 ] Request (VolumesAdminNegativeTest:test_update_attached_volume_with_nonexistent_volume_in_body): 200 GET http://10.180.1.21/compute/v2.1/servers/9cc351f0-51fb-4bf5-87c9-e4b982bc1942 0.074s
2025-04-03 00:36:26.391 69864 INFO tempest.lib.common.rest_client [req-8164268a-4153-4614-a433-2c59048d021e req-8164268a-4153-4614-a433-2c59048d021e ] Request (ServerDiskConfigTestJSON:test_rebuild_server_with_manual_disk_config): 200 GET http://10.180.1.21/compute/v2.1/servers/23d7be76-bf47-42d3-ac48-38dc79383b16 0.055s
2025-04-03 00:36:26.439 69842 INFO tempest.lib.common.rest_client [req-6f885449-2e6f-443c-b72e-7ce1c874be4b req-6f885449-2e6f-443c-b72e-7ce1c874be4b ] Request (ServerTagsTestJSON:tearDownClass): 200 GET http://10.180.1.21/compute/v2.1/servers/518ab3d2-9e53-40ad-9b9d-ba92dc3c9ee4 0.066s
2025-04-03 00:36:26.454 69852 INFO tempest.lib.common.rest_client [req-2245dcf4-cfed-43a7-a6d2-dbd48eb9936e req-2245dcf4-cfed-43a7-a6d2-dbd48eb9936e ] Request (ImagesTestJSON:test_create_image_from_suspended_server): 200 GET http://10.180.1.21/compute/v2.1/servers/4be76930-d724-4808-85c2-e1ca754f2784 0.058s
2025-04-03 00:36:26.490 69818 INFO tempest.lib.common.rest_client [req-cc830072-fd3c-4f30-88c3-7b55098e3874 req-cc830072-fd3c-4f30-88c3-7b55098e3874 ] Request (ServerMetadataNegativeTestJSON:setUpClass): 200 GET http://10.180.1.21/compute/v2.1/servers/cfbdaa68-e556-4b72-abc5-0a17aa8ff71f 0.068s
2025-04-03 00:36:26.529 69836 INFO tempest.lib.common.rest_client [req-31d08f5b-4d7a-4653-918b-a4b65eda31b2 req-31d08f5b-4d7a-4653-918b-a4b65eda31b2 ] Request (ServerDiagnosticsV248Test:test_get_server_diagnostics): 200 GET http://10.180.1.21/compute/v2.1/servers/f27b521f-9193-4db1-a108-c1f3ac567ce8 0.059s
2025-04-03 00:36:26.539 69808 INFO tempest.lib.common.rest_client [req-a745fa22-0323-4615-ae64-c842de573995 req-a745fa22-0323-4615-ae64-c842de573995 ] Request (ServersAdminNegativeTestJSON:test_migrate_server_invalid_state): 200 GET http://10.180.1.21/compute/v2.1/servers/970e553a-7e3e-466a-96c7-d9d6f6d6807c 0.065s
2025-04-03 00:36:26.576 69804 INFO tempest.lib.common.rest_client [req-5f10ef08-e1fc-4657-8940-5507f4e86d78 req-5f10ef08-e1fc-4657-8940-5507f4e86d78 ] Request (ServersAdminTestJSON:test_inject_network_info): 200 GET http://10.180.1.21/compute/v2.1/servers/67842d3e-b361-4eeb-9139-e8101a23a9ed 0.064s
2025-04-03 00:36:26.702 69820 INFO tempest.lib.common.rest_client [req-b68970e6-306e-4eda-9f3d-5d80164a8daa req-b68970e6-306e-4eda-9f3d-5d80164a8daa ] Request (DeleteServersAdminTestJSON:test_delete_server_while_in_error_state): 200 GET http://10.180.1.21/compute/v2.1/servers/647ccacb-d909-4809-910b-caa4a7732b61 0.052s
2025-04-03 00:36:26.740 69824 INFO tempest.lib.common.rest_client [req-f8f7fbb8-16da-4a4b-bb6e-fa8b5617a13b req-f8f7fbb8-16da-4a4b-bb6e-fa8b5617a13b ] Request (InstanceActionsTestJSON:setUpClass): 200 GET http://10.180.1.21/compute/v2.1/servers/f7b6de16-4f11-4310-a2e5-63434aba5e10 0.046s
2025-04-03 00:36:26.794 69844 INFO tempest.lib.common.rest_client [req-f637ef88-9462-453b-9866-616330aeb577 req-f637ef88-9462-453b-9866-616330aeb577 ] Request (DeleteServersTestJSON:test_delete_active_server): 200 GET http://10.180.1.21/compute/v2.1/servers/eb4c3153-02e4-40d7-9d55-c9eb6017b490 0.047s
2025-04-03 00:36:26.849 69828 INFO tempest.lib.common.rest_client [req-50c44356-8fcc-4727-adb1-f80b8f172fb4 req-50c44356-8fcc-4727-adb1-f80b8f172fb4 ] Request (ServersTestManualDisk:setUpClass): 200 GET http://10.180.1.21/compute/v2.1/servers/f5f03876-cb29-46ed-8bc7-f70d73fa4e55 0.091s
2025-04-03 00:36:26.862 69814 WARNING tempest.lib.common.ssh [-] Failed to establish authenticated ssh connection to cirros@10.180.180.250 ([Errno None] Unable to connect to port 22 on 10.180.180.250). Number attempts: 7. Retry after 8 seconds.: paramiko.ssh_exception.NoValidConnectionsError: [Errno None] Unable to connect to port 22 on 10.180.180.250
2025-04-03 00:36:26.897 69810 INFO tempest.lib.common.rest_client [req-858e89cd-4e67-4b66-9699-ad4fadbea88b req-858e89cd-4e67-4b66-9699-ad4fadbea88b ] Request (FloatingIPsAssociationTestJSON:tearDownClass): 200 GET http://10.180.1.21/compute/v2.1/servers/3a76616f-24ab-4bb5-9471-07e9f0ede930 0.058s
2025-04-03 00:36:27.024 69854 INFO tempest.lib.common.rest_client [req-24380725-732a-4509-8c3f-a49f8ce4e95f req-24380725-732a-4509-8c3f-a49f8ce4e95f ] Request (ServersTestJSON:test_create_server_with_ipv6_addr_only): 200 GET http://10.180.1.21/compute/v2.1/servers/260d6768-10fa-4c0a-9bcd-a1ee6a22c7d4 0.052s
