2025-04-03 00:36:46.907 69824 INFO tempest.common.waiters [-] State transition "BUILD/scheduling" ==> "BUILD/None" after 46 second wait
2025-04-03 00:36:46.958 69852 INFO tempest.lib.common.rest_client [req-3f36ee36-de53-4d6c-8d6e-c70260a68c92 req-3f36ee36-de53-4d6c-8d6e-c70260a68c92 ] Request (ImagesTestJSON:test_create_image_from_suspended_server): 200 GET http://10.180.1.21/compute/v2.1/servers/4be76930-d724-4808-85c2-e1ca754f2784 0.178s
2025-04-03 00:36:46.959 69820 INFO tempest.lib.common.rest_client [req-103bd1bf-5a3c-4026-9e22-113f89d8c70b req-103bd1bf-5a3c-4026-9e22-113f89d8c70b ] Request (DeleteServersAdminTestJSON:test_delete_server_while_in_error_state): 200 GET http://10.180.1.21/compute/v2.1/servers/647ccacb-d909-4809-910b-caa4a7732b61 0.111s
2025-04-03 00:36:47.007 69844 INFO tempest.lib.common.rest_client [req-a5734511-313e-4ae9-b976-55cb72354af0 req-a5734511-313e-4ae9-b976-55cb72354af0 ] Request (DeleteServersTestJSON:test_delete_active_server): 200 GET http://10.180.1.21/compute/v2.1/servers/eb4c3153-02e4-40d7-9d55-c9eb6017b490 0.101s
2025-04-03 00:36:47.053 69864 INFO tempest.lib.common.rest_client [req-d59421d6-7668-40a6-aa5f-c245de344e43 req-d59421d6-7668-40a6-aa5f-c245de344e43 ] Request (ServerDiskConfigTestJSON:test_rebuild_server_with_manual_disk_config): 200 GET http://10.180.1.21/compute/v2.1/servers/23d7be76-bf47-42d3-ac48-38dc79383b16 0.117s
2025-04-03 00:36:47.064 69864 INFO tempest.common.waiters [-] State transition "REBUILD/rebuilding" ==> "REBUILD/rebuild_spawning" after 4 second wait
2025-04-03 00:36:47.071 69854 INFO tempest.lib.common.rest_client [req-454587b0-7a28-4520-9db7-257ddfdc986a req-454587b0-7a28-4520-9db7-257ddfdc986a ] Request (ServersTestJSON:test_create_server_with_ipv6_addr_only): 200 GET http://10.180.1.21/compute/v2.1/servers/260d6768-10fa-4c0a-9bcd-a1ee6a22c7d4 0.094s
2025-04-03 00:36:47.107 69856 INFO tempest.lib.common.rest_client [req-04402490-a340-4fdd-898d-c58f688db324 req-04402490-a340-4fdd-898d-c58f688db324 ] Request (SecurityGroupsTestJSON:test_list_security_groups_by_server): 200 GET http://10.180.1.21/compute/v2.1/servers/a3e5b1df-503a-49a7-b066-b09999f7a2c9 0.119s
2025-04-03 00:36:47.136 69806 INFO tempest.lib.common.rest_client [req-56818b51-c496-4c03-a9ba-a9811f3f9158 req-56818b51-c496-4c03-a9ba-a9811f3f9158 ] Request (ServerDiagnosticsNegativeTest:tearDownClass): 200 GET http://10.180.1.21/compute/v2.1/servers/843aebb5-20d0-4ada-b64a-3ae79bb6d5ca 0.092s
2025-04-03 00:36:47.154 69812 INFO tempest.lib.common.rest_client [req-6955d412-5860-49ca-b19e-37a7543b5a31 req-6955d412-5860-49ca-b19e-37a7543b5a31 ] Request (ImagesOneServerTestJSON:tearDownClass): 404 GET http://10.180.1.21/compute/v2.1/servers/1f590372-382e-4cbf-aa82-fe6e4e342ee3 0.044s
2025-04-03 00:36:47.165 69848 INFO tempest.lib.common.rest_client [req-04a483c1-e1a4-4884-b159-da2564c2f7bb req-04a483c1-e1a4-4884-b159-da2564c2f7bb ] Request (ServerGroupTestJSON:_run_cleanups): 200 GET http://10.180.1.21/compute/v2.1/servers/0c65c80f-99f5-4057-b938-a35f62ecffd2 0.101s
2025-04-03 00:36:47.208 69858 INFO tempest.lib.common.rest_client [req-cafdc31d-83a7-437c-9aa9-3825299adb53 req-cafdc31d-83a7-437c-9aa9-3825299adb53 ] Request (ServersTestFqdnHostnames:test_create_server_with_fqdn_name): 200 GET http://10.180.1.21/compute/v2.1/servers/b61972c7-ddfd-47a5-9bc4-314effb27ee5 0.086s
2025-04-03 00:36:47.238 69836 INFO tempest.lib.common.rest_client [req-d4438f5b-3c13-47af-af13-8253d86400fa req-d4438f5b-3c13-47af-af13-8253d86400fa ] Request (ServerDiagnosticsV248Test:tearDownClass): 200 GET http://10.180.1.21/compute/v2.1/servers/f27b521f-9193-4db1-a108-c1f3ac567ce8 0.058s
2025-04-03 00:36:47.269 69862 INFO tempest.lib.common.rest_client [req-a7861a38-d862-4f5d-b2de-86436cbed678 req-a7861a38-d862-4f5d-b2de-86436cbed678 ] Request (MigrationsAdminTest:test_resize_server_revert_deleted_flavor): 200 GET http://10.180.1.21/compute/v2.1/servers/8c65ecb4-c94f-4841-a432-776e0a94fc73 0.083s
2025-04-03 00:36:47.297 69830 INFO tempest.lib.common.rest_client [req-82c4b77e-f287-4b9b-8a43-00901aaee080 req-82c4b77e-f287-4b9b-8a43-00901aaee080 ] Request (ListServersNegativeTestJSON:setUpClass): 200 GET http://10.180.1.21/compute/v2.1/servers/13fe71e9-b0d9-4f6d-b293-49e6557bb941 0.056s
2025-04-03 00:36:47.353 69846 INFO tempest.lib.common.rest_client [req-d18de33a-4b98-42db-a5ce-bae4459afa4a req-d18de33a-4b98-42db-a5ce-bae4459afa4a ] Request (ImagesOneServerNegativeTestJSON:_run_cleanups): 200 GET http://10.180.1.21/compute/v2.1/servers/44b6c14a-b0a8-4b7f-b295-8e2a282b3794 0.066s
2025-04-03 00:36:47.562 69842 INFO tempest.lib.common.rest_client [req-55b4443c-bfaf-4a04-869b-9adf3af15a28 req-55b4443c-bfaf-4a04-869b-9adf3af15a28 ] Request (ServersListShow2100Test:test_list_show_rebuild_update_server_2100): 200 GET http://10.180.1.21/compute/v2.1/servers/88eacabd-8ee8-4a84-a613-19c0dc548658 0.304s
2025-04-03 00:36:47.741 69832 INFO tempest.lib.common.rest_client [req-a6e28bc1-87c5-44b9-a132-c3cd2028a489 req-a6e28bc1-87c5-44b9-a132-c3cd2028a489 ] Request (ServerAddressesTestJSON:setUpClass): 200 GET http://10.180.1.21/compute/v2.1/servers/cde882ea-3a53-49aa-9ad3-9cf96dab0e79 0.154s
2025-04-03 00:36:47.755 69834 INFO tempest.lib.common.rest_client [req-ba263f75-f58c-4d3d-948f-8cff741a07d8 req-ba263f75-f58c-4d3d-948f-8cff741a07d8 ] Request (VolumesAdminNegativeTest:test_update_attached_volume_with_nonexistent_volume_in_body): 200 GET http://10.180.1.21/compute/v2.1/servers/9cc351f0-51fb-4bf5-87c9-e4b982bc1942 0.131s
2025-04-03 00:36:47.776 69838 INFO tempest.lib.common.rest_client [req-168d97a8-309f-4236-95d4-de05f2ca556e req-168d97a8-309f-4236-95d4-de05f2ca556e ] Request (ListImageFiltersTestJSON:setUpClass): 200 GET http://10.180.1.21/compute/v2.1/images/418d5528-edf6-4839-98d2-e0f2edce75ee 0.149s
2025-04-03 00:36:47.813 69818 INFO tempest.lib.common.rest_client [req-3ebe9c43-989f-43dc-a6d6-967e20691c31 req-3ebe9c43-989f-43dc-a6d6-967e20691c31 ] Request (ServerMetadataNegativeTestJSON:setUpClass): 200 GET http://10.180.1.21/compute/v2.1/servers/cfbdaa68-e556-4b72-abc5-0a17aa8ff71f 0.133s
2025-04-03 00:36:47.854 69850 WARNING tempest.lib.common.ssh [-] Failed to establish authenticated ssh connection to cirros@10.180.180.184 ([Errno None] Unable to connect to port 22 on 10.180.180.184). Number attempts: 5. Retry after 6 seconds.: paramiko.ssh_exception.NoValidConnectionsError: [Errno None] Unable to connect to port 22 on 10.180.180.184
2025-04-03 00:36:47.872 69810 INFO tempest.lib.common.rest_client [req-dac2815c-0747-41c9-98c4-452cd5668c35 req-dac2815c-0747-41c9-98c4-452cd5668c35 ] Request (FloatingIPsAssociationTestJSON:tearDownClass): 200 GET http://10.180.1.21/compute/v2.1/servers/74b0bc13-7b1f-4c6f-938a-d7bd00d3d819 0.168s
2025-04-03 00:36:47.882 69808 INFO tempest.lib.common.rest_client [req-baba30f9-2c1d-4374-931f-d341617fe5ab req-baba30f9-2c1d-4374-931f-d341617fe5ab ] Request (ServersAdminNegativeTestJSON:test_migrate_server_invalid_state): 200 GET http://10.180.1.21/compute/v2.1/servers/970e553a-7e3e-466a-96c7-d9d6f6d6807c 0.138s
2025-04-03 00:36:47.941 69804 INFO tempest.lib.common.rest_client [req-3d6e21a2-aee5-4665-995b-54c59c3fcfb8 req-3d6e21a2-aee5-4665-995b-54c59c3fcfb8 ] Request (ServersAdminTestJSON:test_inject_network_info): 200 GET http://10.180.1.21/compute/v2.1/servers/67842d3e-b361-4eeb-9139-e8101a23a9ed 0.105s
2025-04-03 00:36:47.961 69814 WARNING tempest.lib.common.ssh [-] Failed to establish authenticated ssh connection to cirros@10.180.180.250 ([Errno None] Unable to connect to port 22 on 10.180.180.250). Number attempts: 9. Retry after 10 seconds.: paramiko.ssh_exception.NoValidConnectionsError: [Errno None] Unable to connect to port 22 on 10.180.180.250
2025-04-03 00:36:47.990 69824 INFO tempest.lib.common.rest_client [req-4f457b8b-8f0c-47c2-8949-3d055982b01f req-4f457b8b-8f0c-47c2-8949-3d055982b01f ] Request (InstanceActionsTestJSON:setUpClass): 200 GET http://10.180.1.21/compute/v2.1/servers/f7b6de16-4f11-4310-a2e5-63434aba5e10 0.081s
2025-04-03 00:36:48.048 69820 INFO tempest.lib.common.rest_client [req-5465f0a7-4264-4b7f-bd00-9332c63cb857 req-5465f0a7-4264-4b7f-bd00-9332c63cb857 ] Request (DeleteServersAdminTestJSON:test_delete_server_while_in_error_state): 200 GET http://10.180.1.21/compute/v2.1/servers/647ccacb-d909-4809-910b-caa4a7732b61 0.081s
2025-04-03 00:36:48.104 69844 INFO tempest.lib.common.rest_client [req-4ca8e91e-affd-46e7-aeb6-9f7f6ee39312 req-4ca8e91e-affd-46e7-aeb6-9f7f6ee39312 ] Request (DeleteServersTestJSON:test_delete_active_server): 200 GET http://10.180.1.21/compute/v2.1/servers/eb4c3153-02e4-40d7-9d55-c9eb6017b490 0.087s
2025-04-03 00:36:48.159 69852 INFO tempest.lib.common.rest_client [req-62ac5471-acfa-491e-a53e-c54573b93e01 req-62ac5471-acfa-491e-a53e-c54573b93e01 ] Request (ImagesTestJSON:test_create_image_from_suspended_server): 200 GET http://10.180.1.21/compute/v2.1/servers/4be76930-d724-4808-85c2-e1ca754f2784 0.193s
2025-04-03 00:36:48.204 69864 INFO tempest.lib.common.rest_client [req-20f2a23c-cd06-48b2-b9d6-774925a993b5 req-20f2a23c-cd06-48b2-b9d6-774925a993b5 ] Request (ServerDiskConfigTestJSON:test_rebuild_server_with_manual_disk_config): 200 GET http://10.180.1.21/compute/v2.1/servers/23d7be76-bf47-42d3-ac48-38dc79383b16 0.139s
2025-04-03 00:36:48.227 69854 INFO tempest.lib.common.rest_client [req-6cfc653d-1496-4c83-91e1-f7aa4af3870c req-6cfc653d-1496-4c83-91e1-f7aa4af3870c ] Request (ServersTestJSON:test_create_server_with_ipv6_addr_only): 200 GET http://10.180.1.21/compute/v2.1/servers/260d6768-10fa-4c0a-9bcd-a1ee6a22c7d4 0.149s
2025-04-03 00:36:48.256 69856 INFO tempest.lib.common.rest_client [req-3b00d2e7-e8e7-4315-83bc-0db19ede9ca1 req-3b00d2e7-e8e7-4315-83bc-0db19ede9ca1 ] Request (SecurityGroupsTestJSON:test_list_security_groups_by_server): 200 GET http://10.180.1.21/compute/v2.1/servers/a3e5b1df-503a-49a7-b066-b09999f7a2c9 0.141s
2025-04-03 00:36:48.297 69806 INFO tempest.lib.common.rest_client [req-b015d858-8b25-416e-9382-f46fb403903e req-b015d858-8b25-416e-9382-f46fb403903e ] Request (ServerDiagnosticsNegativeTest:tearDownClass): 200 GET http://10.180.1.21/compute/v2.1/servers/843aebb5-20d0-4ada-b64a-3ae79bb6d5ca 0.154s
2025-04-03 00:36:48.324 69848 INFO tempest.lib.common.rest_client [req-46023bed-ddb0-49e0-ad6e-13cc7f4a88de req-46023bed-ddb0-49e0-ad6e-13cc7f4a88de ] Request (ServerGroupTestJSON:_run_cleanups): 200 GET http://10.180.1.21/compute/v2.1/servers/0c65c80f-99f5-4057-b938-a35f62ecffd2 0.152s
2025-04-03 00:36:48.346 69858 INFO tempest.lib.common.rest_client [req-8e612d39-639d-4233-b1ce-6d41d550e0de req-8e612d39-639d-4233-b1ce-6d41d550e0de ] Request (ServersTestFqdnHostnames:test_create_server_with_fqdn_name): 200 GET http://10.180.1.21/compute/v2.1/servers/b61972c7-ddfd-47a5-9bc4-314effb27ee5 0.129s
2025-04-03 00:36:48.370 69812 INFO tempest.lib.common.rest_client [req-7f2d65b9-9aca-4f9e-823c-4d6e181e5cde req-7f2d65b9-9aca-4f9e-823c-4d6e181e5cde ] Request (ImagesOneServerTestJSON:tearDownClass): 200 PUT http://10.180.1.21:9696/networking/v2.0/routers/e73024aa-5efe-40ec-abd9-47c865f903b6/remove_router_interface 1.215s
2025-04-03 00:36:48.393 69862 INFO tempest.lib.common.rest_client [req-6829c08f-ebac-462d-81c1-25deb32131ec req-6829c08f-ebac-462d-81c1-25deb32131ec ] Request (MigrationsAdminTest:test_resize_server_revert_deleted_flavor): 200 GET http://10.180.1.21/compute/v2.1/servers/8c65ecb4-c94f-4841-a432-776e0a94fc73 0.116s
2025-04-03 00:36:48.400 69836 INFO tempest.lib.common.rest_client [req-3472f3bf-92a9-4c6e-8121-3f2a2c294ad1 req-3472f3bf-92a9-4c6e-8121-3f2a2c294ad1 ] Request (ServerDiagnosticsV248Test:tearDownClass): 200 GET http://10.180.1.21/compute/v2.1/servers/f27b521f-9193-4db1-a108-c1f3ac567ce8 0.152s
2025-04-03 00:36:48.456 69846 INFO tempest.lib.common.rest_client [req-b6236984-c3a7-4efd-99ed-0e8dc688091d req-b6236984-c3a7-4efd-99ed-0e8dc688091d ] Request (ImagesOneServerNegativeTestJSON:_run_cleanups): 200 GET http://10.180.1.21/compute/v2.1/servers/44b6c14a-b0a8-4b7f-b295-8e2a282b3794 0.095s
2025-04-03 00:36:48.468 69830 INFO tempest.lib.common.rest_client [req-d3d5c4e5-fefe-4528-800a-9f22428ba37a req-d3d5c4e5-fefe-4528-800a-9f22428ba37a ] Request (ListServersNegativeTestJSON:setUpClass): 200 GET http://10.180.1.21/compute/v2.1/servers/13fe71e9-b0d9-4f6d-b293-49e6557bb941 0.163s
2025-04-03 00:36:48.643 69842 INFO tempest.lib.common.rest_client [req-bb63f787-bf63-4882-8bb1-32023dc7a00c req-bb63f787-bf63-4882-8bb1-32023dc7a00c ] Request (ServersListShow2100Test:test_list_show_rebuild_update_server_2100): 200 GET http://10.180.1.21/compute/v2.1/servers/88eacabd-8ee8-4a84-a613-19c0dc548658 0.066s
2025-04-03 00:36:48.764 69812 INFO tempest.lib.common.rest_client [req-e4da480e-77db-4f2e-81e7-25707d12644e req-e4da480e-77db-4f2e-81e7-25707d12644e ] Request (ImagesOneServerTestJSON:tearDownClass): 204 DELETE http://10.180.1.21:9696/networking/v2.0/routers/e73024aa-5efe-40ec-abd9-47c865f903b6 0.393s
2025-04-03 00:36:48.876 69834 INFO tempest.lib.common.rest_client [req-b3976b17-e907-43c2-bd8d-2237d0b68e71 req-b3976b17-e907-43c2-bd8d-2237d0b68e71 ] Request (VolumesAdminNegativeTest:test_update_attached_volume_with_nonexistent_volume_in_body): 200 GET http://10.180.1.21/compute/v2.1/servers/9cc351f0-51fb-4bf5-87c9-e4b982bc1942 0.113s
2025-04-03 00:36:48.917 69838 INFO tempest.lib.common.rest_client [req-d498c7cb-ec88-4392-9d83-55bffe028e5b req-d498c7cb-ec88-4392-9d83-55bffe028e5b ] Request (ListImageFiltersTestJSON:setUpClass): 200 GET http://10.180.1.21/compute/v2.1/images/418d5528-edf6-4839-98d2-e0f2edce75ee 0.137s
2025-04-03 00:36:48.919 69832 INFO tempest.lib.common.rest_client [req-d17eed16-380f-4321-aa7c-f84679650781 req-d17eed16-380f-4321-aa7c-f84679650781 ] Request (ServerAddressesTestJSON:setUpClass): 200 GET http://10.180.1.21/compute/v2.1/servers/cde882ea-3a53-49aa-9ad3-9cf96dab0e79 0.165s
2025-04-03 00:36:48.950 69812 INFO tempest.lib.common.rest_client [req-dfc4f1fc-ba3f-4637-9aef-f79db39503b7 req-dfc4f1fc-ba3f-4637-9aef-f79db39503b7 ] Request (ImagesOneServerTestJSON:tearDownClass): 204 DELETE http://10.180.1.21:9696/networking/v2.0/subnets/1fe90b9d-a98d-4c49-9650-9d46882343b6 0.186s
2025-04-03 00:36:48.973 69818 INFO tempest.lib.common.rest_client [req-c73834e9-d91a-4b63-b2f1-76c9f3817d9a req-c73834e9-d91a-4b63-b2f1-76c9f3817d9a ] Request (ServerMetadataNegativeTestJSON:setUpClass): 200 GET http://10.180.1.21/compute/v2.1/servers/cfbdaa68-e556-4b72-abc5-0a17aa8ff71f 0.150s
2025-04-03 00:36:48.988 69810 INFO tempest.lib.common.rest_client [req-f9e97a60-e27b-4541-980a-0ff69c0c76fc req-f9e97a60-e27b-4541-980a-0ff69c0c76fc ] Request (FloatingIPsAssociationTestJSON:tearDownClass): 200 GET http://10.180.1.21/compute/v2.1/servers/74b0bc13-7b1f-4c6f-938a-d7bd00d3d819 0.105s
2025-04-03 00:36:49.043 69804 INFO tempest.lib.common.rest_client [req-da99447f-1d5e-41bf-ab47-a5d92a0aad24 req-da99447f-1d5e-41bf-ab47-a5d92a0aad24 ] Request (ServersAdminTestJSON:test_inject_network_info): 200 GET http://10.180.1.21/compute/v2.1/servers/67842d3e-b361-4eeb-9139-e8101a23a9ed 0.093s
2025-04-03 00:36:49.053 69808 INFO tempest.lib.common.rest_client [req-d1df69e4-f6d9-4ea9-b156-11c3266119bc req-d1df69e4-f6d9-4ea9-b156-11c3266119bc ] Request (ServersAdminNegativeTestJSON:test_migrate_server_invalid_state): 200 GET http://10.180.1.21/compute/v2.1/servers/970e553a-7e3e-466a-96c7-d9d6f6d6807c 0.159s
2025-04-03 00:36:49.102 69824 INFO tempest.lib.common.rest_client [req-389244ab-69f8-41a1-b030-a1a9a796c085 req-389244ab-69f8-41a1-b030-a1a9a796c085 ] Request (InstanceActionsTestJSON:setUpClass): 200 GET http://10.180.1.21/compute/v2.1/servers/f7b6de16-4f11-4310-a2e5-63434aba5e10 0.103s
2025-04-03 00:36:49.135 69820 INFO tempest.lib.common.rest_client [req-8e9a9e52-c6c8-43fe-a888-fd96f6e6fc8b req-8e9a9e52-c6c8-43fe-a888-fd96f6e6fc8b ] Request (DeleteServersAdminTestJSON:test_delete_server_while_in_error_state): 200 GET http://10.180.1.21/compute/v2.1/servers/647ccacb-d909-4809-910b-caa4a7732b61 0.077s
2025-04-03 00:36:49.169 69844 INFO tempest.lib.common.rest_client [req-b12c3b48-d1bc-4995-b8a1-cd1fe8d504b4 req-b12c3b48-d1bc-4995-b8a1-cd1fe8d504b4 ] Request (DeleteServersTestJSON:test_delete_active_server): 200 GET http://10.180.1.21/compute/v2.1/servers/eb4c3153-02e4-40d7-9d55-c9eb6017b490 0.055s
2025-04-03 00:36:49.274 69812 INFO tempest.lib.common.rest_client [req-4964c93d-26b4-42ff-b41a-97cced07bf1a req-4964c93d-26b4-42ff-b41a-97cced07bf1a ] Request (ImagesOneServerTestJSON:tearDownClass): 204 DELETE http://10.180.1.21:9696/networking/v2.0/networks/59f0ce88-8ebc-4cda-8567-cc8df6da9baa 0.324s
2025-04-03 00:36:49.295 69852 INFO tempest.lib.common.rest_client [req-536403a0-ec0c-440e-a6d9-f215c1bbba39 req-536403a0-ec0c-440e-a6d9-f215c1bbba39 ] Request (ImagesTestJSON:test_create_image_from_suspended_server): 200 GET http://10.180.1.21/compute/v2.1/servers/4be76930-d724-4808-85c2-e1ca754f2784 0.123s
2025-04-03 00:36:49.350 69854 INFO tempest.lib.common.rest_client [req-098d8a15-f5de-408b-9040-eb24207eff5d req-098d8a15-f5de-408b-9040-eb24207eff5d ] Request (ServersTestJSON:test_create_server_with_ipv6_addr_only): 200 GET http://10.180.1.21/compute/v2.1/servers/260d6768-10fa-4c0a-9bcd-a1ee6a22c7d4 0.114s
2025-04-03 00:36:49.413 69856 INFO tempest.lib.common.rest_client [req-cf38761e-67fd-4669-a488-8763ce445723 req-cf38761e-67fd-4669-a488-8763ce445723 ] Request (SecurityGroupsTestJSON:test_list_security_groups_by_server): 200 GET http://10.180.1.21/compute/v2.1/servers/a3e5b1df-503a-49a7-b066-b09999f7a2c9 0.146s
2025-04-03 00:36:49.429 69864 INFO tempest.lib.common.rest_client [req-27c6e194-0e20-4280-ba59-8be7f447b04d req-27c6e194-0e20-4280-ba59-8be7f447b04d ] Request (ServerDiskConfigTestJSON:test_rebuild_server_with_manual_disk_config): 200 GET http://10.180.1.21/compute/v2.1/servers/23d7be76-bf47-42d3-ac48-38dc79383b16 0.215s
2025-04-03 00:36:49.431 69812 INFO tempest.lib.common.rest_client [req-ccc96f31-abdd-4e30-842e-9df3bcfaf5eb req-ccc96f31-abdd-4e30-842e-9df3bcfaf5eb ] Request (ImagesOneServerTestJSON:tearDownClass): 204 DELETE http://10.180.1.21/identity/v3/users/616912a7e6534cdeafb4c7efa8c26701 0.156s
2025-04-03 00:36:49.431 69812 INFO tempest.lib.common.dynamic_creds [-] Deleting project and security group for project: f9ae67c7b04240298a33bc251359ed95
2025-04-03 00:36:49.461 69812 INFO tempest.lib.common.rest_client [req-b08a7319-8ffa-4c0c-b364-168bc0bcd515 req-b08a7319-8ffa-4c0c-b364-168bc0bcd515 ] Request (ImagesOneServerTestJSON:tearDownClass): 200 GET http://10.180.1.21:9696/networking/v2.0/security-groups?tenant_id=f9ae67c7b04240298a33bc251359ed95&name=default 0.029s
2025-04-03 00:36:49.494 69806 INFO tempest.lib.common.rest_client [req-9657c280-16ff-4575-bb87-8a7ce603093b req-9657c280-16ff-4575-bb87-8a7ce603093b ] Request (ServerDiagnosticsNegativeTest:tearDownClass): 200 GET http://10.180.1.21/compute/v2.1/servers/843aebb5-20d0-4ada-b64a-3ae79bb6d5ca 0.181s
2025-04-03 00:36:49.501 69848 INFO tempest.lib.common.rest_client [req-3a3a9018-1c1d-493a-b620-0c5acc2596fe req-3a3a9018-1c1d-493a-b620-0c5acc2596fe ] Request (ServerGroupTestJSON:_run_cleanups): 200 GET http://10.180.1.21/compute/v2.1/servers/0c65c80f-99f5-4057-b938-a35f62ecffd2 0.163s
2025-04-03 00:36:49.556 69858 INFO tempest.lib.common.rest_client [req-9b1e34e3-94ad-4163-b174-a1739f8ee49a req-9b1e34e3-94ad-4163-b174-a1739f8ee49a ] Request (ServersTestFqdnHostnames:test_create_server_with_fqdn_name): 200 GET http://10.180.1.21/compute/v2.1/servers/b61972c7-ddfd-47a5-9bc4-314effb27ee5 0.201s
2025-04-03 00:36:49.565 69862 INFO tempest.lib.common.rest_client [req-00556dd5-50c4-478e-b3c8-3b3862f86e0a req-00556dd5-50c4-478e-b3c8-3b3862f86e0a ] Request (MigrationsAdminTest:test_resize_server_revert_deleted_flavor): 200 GET http://10.180.1.21/compute/v2.1/servers/8c65ecb4-c94f-4841-a432-776e0a94fc73 0.163s
2025-04-03 00:36:49.589 69812 INFO tempest.lib.common.rest_client [req-0f909c98-4211-4d84-af92-465ef2266faf req-0f909c98-4211-4d84-af92-465ef2266faf ] Request (ImagesOneServerTestJSON:tearDownClass): 204 DELETE http://10.180.1.21:9696/networking/v2.0/security-groups/3af1105d-d903-4026-9874-7c23f38c3868 0.128s
2025-04-03 00:36:49.621 69846 INFO tempest.lib.common.rest_client [req-21ddcda1-3b2d-47be-b31c-0f223475aed7 req-21ddcda1-3b2d-47be-b31c-0f223475aed7 ] Request (ImagesOneServerNegativeTestJSON:_run_cleanups): 200 GET http://10.180.1.21/compute/v2.1/servers/44b6c14a-b0a8-4b7f-b295-8e2a282b3794 0.156s
2025-04-03 00:36:49.648 69836 INFO tempest.lib.common.rest_client [req-87ce69f1-f5d2-471f-83ec-57b5b93b9706 req-87ce69f1-f5d2-471f-83ec-57b5b93b9706 ] Request (ServerDiagnosticsV248Test:tearDownClass): 200 GET http://10.180.1.21/compute/v2.1/servers/f27b521f-9193-4db1-a108-c1f3ac567ce8 0.238s
2025-04-03 00:36:49.658 69836 INFO tempest.common.waiters [-] State transition "ACTIVE/deleting" ==> "DELETED/None" after 4 second wait
2025-04-03 00:36:49.679 69830 INFO tempest.lib.common.rest_client [req-dd22235d-bfd7-4d6e-8186-c12e4f9370d1 req-dd22235d-bfd7-4d6e-8186-c12e4f9370d1 ] Request (ListServersNegativeTestJSON:setUpClass): 200 GET http://10.180.1.21/compute/v2.1/servers/13fe71e9-b0d9-4f6d-b293-49e6557bb941 0.202s
2025-04-03 00:36:49.712 69812 INFO tempest.lib.common.rest_client [req-23e173b0-bba4-443e-96a9-e48437d8b69d req-23e173b0-bba4-443e-96a9-e48437d8b69d ] Request (ImagesOneServerTestJSON:tearDownClass): 204 DELETE http://10.180.1.21/identity/v3/projects/f9ae67c7b04240298a33bc251359ed95 0.122s
2025-04-03 00:36:49.725 69842 INFO tempest.lib.common.rest_client [req-0e9ed403-939d-4b4c-8bbe-f2bae59e596b req-0e9ed403-939d-4b4c-8bbe-f2bae59e596b ] Request (ServersListShow2100Test:test_list_show_rebuild_update_server_2100): 200 GET http://10.180.1.21/compute/v2.1/servers/88eacabd-8ee8-4a84-a613-19c0dc548658 0.068s
2025-04-03 00:36:49.776 69812 INFO tempest.lib.common.rest_client [req-6702e276-83f4-47b0-b28e-9a71b62f871b req-6702e276-83f4-47b0-b28e-9a71b62f871b ] Request (KeyPairsV2TestJSON:setUpClass): 201 POST http://10.180.1.21/identity/v3/auth/tokens 0.063s
2025-04-03 00:36:49.806 69812 INFO tempest.lib.common.rest_client [req-f8d8b7c0-4c96-4f0e-b48d-86b36f7a253d req-f8d8b7c0-4c96-4f0e-b48d-86b36f7a253d ] Request (KeyPairsV2TestJSON:setUpClass): 201 POST http://10.180.1.21/identity/v3/auth/tokens 0.028s
2025-04-03 00:36:49.833 69812 INFO tempest.lib.common.rest_client [req-15024fe6-fbc9-46fe-8322-265abd291688 req-15024fe6-fbc9-46fe-8322-265abd291688 ] Request (KeyPairsV2TestJSON:setUpClass): 200 GET http://10.180.1.21/identity/v3/domains?name=Default 0.026s
2025-04-03 00:36:49.864 69812 INFO tempest.lib.common.rest_client [req-7a0dbc7f-4521-4274-8dee-a5f70d06e516 req-7a0dbc7f-4521-4274-8dee-a5f70d06e516 ] Request (KeyPairsV2TestJSON:setUpClass): 201 POST http://10.180.1.21/identity/v3/projects 0.030s
2025-04-03 00:36:49.931 69812 INFO tempest.lib.common.rest_client [req-2501a05e-c113-4dff-9b4b-fb95e165b749 req-2501a05e-c113-4dff-9b4b-fb95e165b749 ] Request (KeyPairsV2TestJSON:setUpClass): 201 POST http://10.180.1.21/identity/v3/users 0.066s
2025-04-03 00:36:49.954 69812 INFO tempest.lib.common.rest_client [req-027e7d3b-5678-47a1-970c-df111d364ae5 req-027e7d3b-5678-47a1-970c-df111d364ae5 ] Request (KeyPairsV2TestJSON:setUpClass): 200 GET http://10.180.1.21/identity/v3/roles 0.022s
2025-04-03 00:36:49.957 69838 INFO tempest.lib.common.rest_client [req-329033b1-cd1a-49b8-ba31-12846000958b req-329033b1-cd1a-49b8-ba31-12846000958b ] Request (ListImageFiltersTestJSON:setUpClass): 200 GET http://10.180.1.21/compute/v2.1/images/418d5528-edf6-4839-98d2-e0f2edce75ee 0.035s
2025-04-03 00:36:49.983 69812 INFO tempest.lib.common.rest_client [req-36089873-c7e4-4067-b1b9-cc19b65c1e41 req-36089873-c7e4-4067-b1b9-cc19b65c1e41 ] Request (KeyPairsV2TestJSON:setUpClass): 204 PUT http://10.180.1.21/identity/v3/projects/66df1dca7b7d47558ae938c7f17cdf62/users/4e1186aca3ae422292ee82b73b697f50/roles/3fff3c04c67c4dd3b43b8baca305b8a9 0.029s
2025-04-03 00:36:49.984 69812 INFO tempest.lib.common.dynamic_creds [-] Dynamic test user 4e1186aca3ae422292ee82b73b697f50 is created with scope project and roles: ['member']
2025-04-03 00:36:49.984 69812 INFO tempest.lib.common.dynamic_creds [-] Acquired dynamic creds: credentials: Credentials: {'domain_id': 'default', 'domain_name': 'Default', 'username': 'tempest-KeyPairsV2TestJSON-1430092169-project-member', 'project_domain_id': 'default', 'project_domain_name': 'Default', 'project_id': '66df1dca7b7d47558ae938c7f17cdf62', 'project_name': 'tempest-KeyPairsV2TestJSON-1430092169', 'tenant_id': '66df1dca7b7d47558ae938c7f17cdf62', 'tenant_name': 'tempest-KeyPairsV2TestJSON-1430092169', 'user_domain_id': 'default', 'user_domain_name': 'Default', 'user_id': '4e1186aca3ae422292ee82b73b697f50', 'system': None}, Network: None, Subnet: None, Router: None
2025-04-03 00:36:49.984 69812 INFO tempest.lib.common.dynamic_creds [-] Created isolated network resources for: credentials: Credentials: {'domain_id': 'default', 'domain_name': 'Default', 'username': 'tempest-KeyPairsV2TestJSON-1430092169-project-member', 'project_domain_id': 'default', 'project_domain_name': 'Default', 'project_id': '66df1dca7b7d47558ae938c7f17cdf62', 'project_name': 'tempest-KeyPairsV2TestJSON-1430092169', 'tenant_id': '66df1dca7b7d47558ae938c7f17cdf62', 'tenant_name': 'tempest-KeyPairsV2TestJSON-1430092169', 'user_domain_id': 'default', 'user_domain_name': 'Default', 'user_id': '4e1186aca3ae422292ee82b73b697f50', 'system': None}, Network: None, Subnet: None, Router: None
2025-04-03 00:36:50.006 69834 INFO tempest.lib.common.rest_client [req-e69e5212-3cce-4462-9e07-8ecaad82cb22 req-e69e5212-3cce-4462-9e07-8ecaad82cb22 ] Request (VolumesAdminNegativeTest:test_update_attached_volume_with_nonexistent_volume_in_body): 200 GET http://10.180.1.21/compute/v2.1/servers/9cc351f0-51fb-4bf5-87c9-e4b982bc1942 0.122s
2025-04-03 00:36:50.049 69832 INFO tempest.lib.common.rest_client [req-fdc86c2b-ab77-458f-bc15-7d5d9f371f21 req-fdc86c2b-ab77-458f-bc15-7d5d9f371f21 ] Request (ServerAddressesTestJSON:setUpClass): 200 GET http://10.180.1.21/compute/v2.1/servers/cde882ea-3a53-49aa-9ad3-9cf96dab0e79 0.121s
2025-04-03 00:36:50.064 69812 INFO tempest.lib.common.rest_client [req-23a50d93-aa17-49c2-82a6-924fe68ae0f1 req-23a50d93-aa17-49c2-82a6-924fe68ae0f1 ] Request (KeyPairsV2TestJSON:setUpClass): 201 POST http://10.180.1.21/identity/v3/auth/tokens 0.076s
2025-04-03 00:36:50.081 69818 INFO tempest.lib.common.rest_client [req-befbf9f8-0de8-4227-86b5-fea9c3760b73 req-befbf9f8-0de8-4227-86b5-fea9c3760b73 ] Request (ServerMetadataNegativeTestJSON:setUpClass): 200 GET http://10.180.1.21/compute/v2.1/servers/cfbdaa68-e556-4b72-abc5-0a17aa8ff71f 0.098s
2025-04-03 00:36:50.117 69810 INFO tempest.lib.common.rest_client [req-976e5ac4-56e2-4a6a-bbbd-32d4b28104e1 req-976e5ac4-56e2-4a6a-bbbd-32d4b28104e1 ] Request (FloatingIPsAssociationTestJSON:tearDownClass): 200 GET http://10.180.1.21/compute/v2.1/servers/74b0bc13-7b1f-4c6f-938a-d7bd00d3d819 0.120s
2025-04-03 00:36:50.150 69804 INFO tempest.lib.common.rest_client [req-7eba31bf-f518-475c-96da-81f41b617296 req-7eba31bf-f518-475c-96da-81f41b617296 ] Request (ServersAdminTestJSON:test_inject_network_info): 200 GET http://10.180.1.21/compute/v2.1/servers/67842d3e-b361-4eeb-9139-e8101a23a9ed 0.090s
2025-04-03 00:36:50.260 69808 INFO tempest.lib.common.rest_client [req-ba1ddc55-4c50-4875-b3bd-7029736a47d5 req-ba1ddc55-4c50-4875-b3bd-7029736a47d5 ] Request (ServersAdminNegativeTestJSON:test_migrate_server_invalid_state): 200 GET http://10.180.1.21/compute/v2.1/servers/970e553a-7e3e-466a-96c7-d9d6f6d6807c 0.194s
2025-04-03 00:36:50.262 69812 INFO tempest.lib.common.rest_client [req-ebeef9ee-a9a7-4900-b8ed-24796eb4a0cf req-ebeef9ee-a9a7-4900-b8ed-24796eb4a0cf ] Request (KeyPairsV2TestJSON:test_get_keypair_detail): 200 POST http://10.180.1.21/compute/v2.1/os-keypairs 0.195s
2025-04-03 00:36:50.271 69808 INFO tempest.common.waiters [-] State transition "BUILD/None" ==> "BUILD/networking" after 66 second wait
2025-04-03 00:36:50.322 69824 INFO tempest.lib.common.rest_client [req-ca2c4dc6-3a52-4824-8a6b-9ec6db85d2e1 req-ca2c4dc6-3a52-4824-8a6b-9ec6db85d2e1 ] Request (InstanceActionsTestJSON:setUpClass): 200 GET http://10.180.1.21/compute/v2.1/servers/f7b6de16-4f11-4310-a2e5-63434aba5e10 0.213s
2025-04-03 00:36:50.330 69820 INFO tempest.lib.common.rest_client [req-8667f4ce-9b90-44e3-a7aa-30a7708a3993 req-8667f4ce-9b90-44e3-a7aa-30a7708a3993 ] Request (DeleteServersAdminTestJSON:test_delete_server_while_in_error_state): 200 GET http://10.180.1.21/compute/v2.1/servers/647ccacb-d909-4809-910b-caa4a7732b61 0.187s
2025-04-03 00:36:50.338 69812 INFO tempest.lib.common.rest_client [req-b4ad0a2d-3d07-4dad-ba4b-c7e060b9f408 req-b4ad0a2d-3d07-4dad-ba4b-c7e060b9f408 ] Request (KeyPairsV2TestJSON:test_get_keypair_detail): 200 GET http://10.180.1.21/compute/v2.1/os-keypairs/tempest-keypair-215131043 0.075s
2025-04-03 00:36:50.389 69844 INFO tempest.lib.common.rest_client [req-ee2fd4a5-b767-4e71-9faa-a5a3bfc892d3 req-ee2fd4a5-b767-4e71-9faa-a5a3bfc892d3 ] Request (DeleteServersTestJSON:test_delete_active_server): 200 GET http://10.180.1.21/compute/v2.1/servers/eb4c3153-02e4-40d7-9d55-c9eb6017b490 0.209s
2025-04-03 00:36:50.409 69812 INFO tempest.lib.common.rest_client [req-86f8822e-bbfb-4d10-9ce0-203c85ecd6de req-86f8822e-bbfb-4d10-9ce0-203c85ecd6de ] Request (KeyPairsV2TestJSON:_run_cleanups): 202 DELETE http://10.180.1.21/compute/v2.1/os-keypairs/tempest-keypair-215131043 0.068s
2025-04-03 00:36:50.465 69852 INFO tempest.lib.common.rest_client [req-63403498-552c-4929-83f5-d88cc359e5c5 req-63403498-552c-4929-83f5-d88cc359e5c5 ] Request (ImagesTestJSON:test_create_image_from_suspended_server): 200 GET http://10.180.1.21/compute/v2.1/servers/4be76930-d724-4808-85c2-e1ca754f2784 0.160s
2025-04-03 00:36:50.470 69854 INFO tempest.lib.common.rest_client [req-238e1b48-6bbd-4738-9b7d-0140b1a2b086 req-238e1b48-6bbd-4738-9b7d-0140b1a2b086 ] Request (ServersTestJSON:test_create_server_with_ipv6_addr_only): 200 GET http://10.180.1.21/compute/v2.1/servers/260d6768-10fa-4c0a-9bcd-a1ee6a22c7d4 0.110s
2025-04-03 00:36:50.474 69852 INFO tempest.common.waiters [-] State transition "BUILD/spawning" ==> "ACTIVE/None" after 75 second wait
2025-04-03 00:36:50.508 69812 INFO tempest.lib.common.rest_client [req-51322fbc-27f7-410d-ac08-c1f9a9eeda75 req-51322fbc-27f7-410d-ac08-c1f9a9eeda75 ] Request (KeyPairsV2TestJSON:test_keypair_create_delete): 200 POST http://10.180.1.21/compute/v2.1/os-keypairs 0.092s
2025-04-03 00:36:50.536 69856 INFO tempest.lib.common.rest_client [req-fb27ed6b-8681-45b8-a2dc-481d1ebb2b8b req-fb27ed6b-8681-45b8-a2dc-481d1ebb2b8b ] Request (SecurityGroupsTestJSON:test_list_security_groups_by_server): 200 GET http://10.180.1.21/compute/v2.1/servers/a3e5b1df-503a-49a7-b066-b09999f7a2c9 0.112s
2025-04-03 00:36:50.543 69826 WARNING tempest.lib.common.ssh [-] Failed to establish authenticated ssh connection to cirros@10.180.180.142 ([Errno None] Unable to connect to port 22 on 10.180.180.142). Number attempts: 1. Retry after 2 seconds.: paramiko.ssh_exception.NoValidConnectionsError: [Errno None] Unable to connect to port 22 on 10.180.180.142
2025-04-03 00:36:50.607 69864 INFO tempest.lib.common.rest_client [req-a69f8a12-9b67-4279-8b89-0561860eeafa req-a69f8a12-9b67-4279-8b89-0561860eeafa ] Request (ServerDiskConfigTestJSON:test_rebuild_server_with_manual_disk_config): 200 GET http://10.180.1.21/compute/v2.1/servers/23d7be76-bf47-42d3-ac48-38dc79383b16 0.164s
2025-04-03 00:36:50.628 69852 INFO tempest.lib.common.rest_client [req-ca18f68c-9dd8-4771-90bd-fca894c7e234 req-ca18f68c-9dd8-4771-90bd-fca894c7e234 ] Request (ImagesTestJSON:test_create_image_from_suspended_server): 202 POST http://10.180.1.21/compute/v2.1/servers/4be76930-d724-4808-85c2-e1ca754f2784/action 0.153s
2025-04-03 00:36:50.647 69812 INFO tempest.lib.common.rest_client [req-fb1cf038-6525-4ba0-bd11-2febf3ee5f97 req-fb1cf038-6525-4ba0-bd11-2febf3ee5f97 ] Request (KeyPairsV2TestJSON:_run_cleanups): 202 DELETE http://10.180.1.21/compute/v2.1/os-keypairs/tempest-keypair-1188170549 0.137s
2025-04-03 00:36:50.669 69806 INFO tempest.lib.common.rest_client [req-ebbfa31e-2845-4c67-9432-3a59ee598650 req-ebbfa31e-2845-4c67-9432-3a59ee598650 ] Request (ServerDiagnosticsNegativeTest:tearDownClass): 200 GET http://10.180.1.21/compute/v2.1/servers/843aebb5-20d0-4ada-b64a-3ae79bb6d5ca 0.166s
2025-04-03 00:36:50.706 69848 INFO tempest.lib.common.rest_client [req-93ce9765-2b74-425a-aaa4-02a9cdc56d61 req-93ce9765-2b74-425a-aaa4-02a9cdc56d61 ] Request (ServerGroupTestJSON:_run_cleanups): 200 GET http://10.180.1.21/compute/v2.1/servers/0c65c80f-99f5-4057-b938-a35f62ecffd2 0.196s
2025-04-03 00:36:50.727 69858 INFO tempest.lib.common.rest_client [req-656f67df-26a7-4566-be3f-bcad07bece34 req-656f67df-26a7-4566-be3f-bcad07bece34 ] Request (ServersTestFqdnHostnames:test_create_server_with_fqdn_name): 200 GET http://10.180.1.21/compute/v2.1/servers/b61972c7-ddfd-47a5-9bc4-314effb27ee5 0.163s
2025-04-03 00:36:50.758 69862 INFO tempest.lib.common.rest_client [req-d8270c5b-b55c-4051-a0a3-19c8b521a7c3 req-d8270c5b-b55c-4051-a0a3-19c8b521a7c3 ] Request (MigrationsAdminTest:test_resize_server_revert_deleted_flavor): 200 GET http://10.180.1.21/compute/v2.1/servers/8c65ecb4-c94f-4841-a432-776e0a94fc73 0.182s
2025-04-03 00:36:50.813 69846 INFO tempest.lib.common.rest_client [req-b4420cf0-0527-486e-b241-63e0f89013c0 req-b4420cf0-0527-486e-b241-63e0f89013c0 ] Request (ImagesOneServerNegativeTestJSON:_run_cleanups): 200 GET http://10.180.1.21/compute/v2.1/servers/44b6c14a-b0a8-4b7f-b295-8e2a282b3794 0.177s
2025-04-03 00:36:50.827 69852 INFO tempest.lib.common.rest_client [req-6a00ff69-ce79-4e00-aa5d-530ab6066ff3 req-6a00ff69-ce79-4e00-aa5d-530ab6066ff3 ] Request (ImagesTestJSON:test_create_image_from_suspended_server): 200 GET http://10.180.1.21/compute/v2.1/servers/4be76930-d724-4808-85c2-e1ca754f2784 0.198s
2025-04-03 00:36:50.841 69812 INFO tempest.lib.common.rest_client [req-3bc0ccac-9613-4c72-b05e-53c319c0d60d req-3bc0ccac-9613-4c72-b05e-53c319c0d60d ] Request (KeyPairsV2TestJSON:test_keypair_create_with_pub_key): 200 POST http://10.180.1.21/compute/v2.1/os-keypairs 0.193s
2025-04-03 00:36:50.886 69836 INFO tempest.lib.common.rest_client [req-f4149b10-1273-423b-b9d9-fdf70c512639 req-f4149b10-1273-423b-b9d9-fdf70c512639 ] Request (ServerDiagnosticsV248Test:tearDownClass): 200 GET http://10.180.1.21/compute/v2.1/servers/f27b521f-9193-4db1-a108-c1f3ac567ce8 0.227s
2025-04-03 00:36:50.893 69830 INFO tempest.lib.common.rest_client [req-9512bade-b0e2-48af-b507-39a7cb139025 req-9512bade-b0e2-48af-b507-39a7cb139025 ] Request (ListServersNegativeTestJSON:setUpClass): 200 GET http://10.180.1.21/compute/v2.1/servers/13fe71e9-b0d9-4f6d-b293-49e6557bb941 0.204s
2025-04-03 00:36:50.910 69812 INFO tempest.lib.common.rest_client [req-49f0859b-35d9-42c8-9ef6-ec8313bb72fd req-49f0859b-35d9-42c8-9ef6-ec8313bb72fd ] Request (KeyPairsV2TestJSON:_run_cleanups): 202 DELETE http://10.180.1.21/compute/v2.1/os-keypairs/tempest-keypair-2024896774 0.067s
2025-04-03 00:36:50.947 69812 INFO tempest.lib.common.rest_client [req-2282c55a-dc12-4b0b-9482-71b9f55e9604 req-2282c55a-dc12-4b0b-9482-71b9f55e9604 ] Request (KeyPairsV2TestJSON:test_keypairs_create_list_delete): 200 POST http://10.180.1.21/compute/v2.1/os-keypairs 0.035s
2025-04-03 00:36:50.953 69842 INFO tempest.lib.common.rest_client [req-999e4564-276b-4ce6-99bd-d35c7699e821 req-999e4564-276b-4ce6-99bd-d35c7699e821 ] Request (ServersListShow2100Test:test_list_show_rebuild_update_server_2100): 200 GET http://10.180.1.21/compute/v2.1/servers/88eacabd-8ee8-4a84-a613-19c0dc548658 0.214s
2025-04-03 00:36:50.986 69812 INFO tempest.lib.common.rest_client [req-841a74a5-6b47-45d7-a207-263760715f71 req-841a74a5-6b47-45d7-a207-263760715f71 ] Request (KeyPairsV2TestJSON:test_keypairs_create_list_delete): 200 POST http://10.180.1.21/compute/v2.1/os-keypairs 0.036s
2025-04-03 00:36:51.000 69838 INFO tempest.lib.common.rest_client [req-d5f9571a-1528-42bb-9aee-498531cb57fd req-d5f9571a-1528-42bb-9aee-498531cb57fd ] Request (ListImageFiltersTestJSON:setUpClass): 200 GET http://10.180.1.21/compute/v2.1/images/418d5528-edf6-4839-98d2-e0f2edce75ee 0.039s
2025-04-03 00:36:51.019 69812 INFO tempest.lib.common.rest_client [req-3bd9ce03-3696-4977-9720-d63137ec4eb8 req-3bd9ce03-3696-4977-9720-d63137ec4eb8 ] Request (KeyPairsV2TestJSON:test_keypairs_create_list_delete): 200 POST http://10.180.1.21/compute/v2.1/os-keypairs 0.032s
2025-04-03 00:36:51.032 69812 INFO tempest.lib.common.rest_client [req-c744f4b8-cbe6-4865-aab1-7dfe97cefa19 req-c744f4b8-cbe6-4865-aab1-7dfe97cefa19 ] Request (KeyPairsV2TestJSON:test_keypairs_create_list_delete): 200 GET http://10.180.1.21/compute/v2.1/os-keypairs 0.011s
2025-04-03 00:36:51.054 69812 INFO tempest.lib.common.rest_client [req-59222f67-00bc-4aac-8a39-c315160df1bd req-59222f67-00bc-4aac-8a39-c315160df1bd ] Request (KeyPairsV2TestJSON:_run_cleanups): 202 DELETE http://10.180.1.21/compute/v2.1/os-keypairs/tempest-KeyPairsV2TestJSON-keypair-1692175834 0.020s
2025-04-03 00:36:51.072 69812 INFO tempest.lib.common.rest_client [req-df62e29f-da44-4f47-a057-2c4f06d4c9bd req-df62e29f-da44-4f47-a057-2c4f06d4c9bd ] Request (KeyPairsV2TestJSON:_run_cleanups): 202 DELETE http://10.180.1.21/compute/v2.1/os-keypairs/tempest-KeyPairsV2TestJSON-keypair-1141679488 0.017s
2025-04-03 00:36:51.125 69834 INFO tempest.lib.common.rest_client [req-ab138891-2426-4732-88e0-697e0d1ed439 req-ab138891-2426-4732-88e0-697e0d1ed439 ] Request (VolumesAdminNegativeTest:test_update_attached_volume_with_nonexistent_volume_in_body): 200 GET http://10.180.1.21/compute/v2.1/servers/9cc351f0-51fb-4bf5-87c9-e4b982bc1942 0.104s
2025-04-03 00:36:51.143 69812 INFO tempest.lib.common.rest_client [req-3276aa1b-889f-403d-ac2d-cac322b01b76 req-3276aa1b-889f-403d-ac2d-cac322b01b76 ] Request (KeyPairsV2TestJSON:_run_cleanups): 202 DELETE http://10.180.1.21/compute/v2.1/os-keypairs/tempest-KeyPairsV2TestJSON-keypair-565744267 0.071s
2025-04-03 00:36:51.172 69832 INFO tempest.lib.common.rest_client [req-c8b4f47b-772c-4d99-ad8b-c3818d702b48 req-c8b4f47b-772c-4d99-ad8b-c3818d702b48 ] Request (ServerAddressesTestJSON:setUpClass): 200 GET http://10.180.1.21/compute/v2.1/servers/cde882ea-3a53-49aa-9ad3-9cf96dab0e79 0.112s
2025-04-03 00:36:51.181 69832 INFO tempest.common.waiters [-] State transition "BUILD/spawning" ==> "ACTIVE/None" after 73 second wait
2025-04-03 00:36:51.197 69818 INFO tempest.lib.common.rest_client [req-89a53f23-77ee-438f-90f0-de98e30ba02f req-89a53f23-77ee-438f-90f0-de98e30ba02f ] Request (ServerMetadataNegativeTestJSON:setUpClass): 200 GET http://10.180.1.21/compute/v2.1/servers/cfbdaa68-e556-4b72-abc5-0a17aa8ff71f 0.107s
2025-04-03 00:36:51.251 69810 INFO tempest.lib.common.rest_client [req-b183bc22-aa1e-471f-85fc-c2d86818410e req-b183bc22-aa1e-471f-85fc-c2d86818410e ] Request (FloatingIPsAssociationTestJSON:tearDownClass): 200 GET http://10.180.1.21/compute/v2.1/servers/74b0bc13-7b1f-4c6f-938a-d7bd00d3d819 0.124s
2025-04-03 00:36:51.261 69804 INFO tempest.lib.common.rest_client [req-c4eb3515-5395-4f40-aeab-f7bf885045ba req-c4eb3515-5395-4f40-aeab-f7bf885045ba ] Request (ServersAdminTestJSON:test_inject_network_info): 200 GET http://10.180.1.21/compute/v2.1/servers/67842d3e-b361-4eeb-9139-e8101a23a9ed 0.103s
2025-04-03 00:36:51.269 69812 INFO tempest.lib.common.rest_client [req-da67e3bc-72b6-4f38-a4fd-51a9a7c27ee6 req-da67e3bc-72b6-4f38-a4fd-51a9a7c27ee6 ] Request (KeyPairsV2TestJSON:tearDownClass): 204 DELETE http://10.180.1.21/identity/v3/users/4e1186aca3ae422292ee82b73b697f50 0.120s
2025-04-03 00:36:51.269 69812 INFO tempest.lib.common.dynamic_creds [-] Deleting project and security group for project: 66df1dca7b7d47558ae938c7f17cdf62
2025-04-03 00:36:51.288 69832 INFO tempest.lib.common.rest_client [req-d50d25f8-748f-47ef-9276-2d3271beee47 req-d50d25f8-748f-47ef-9276-2d3271beee47 ] Request (ServerAddressesTestJSON:test_list_server_addresses): 200 GET http://10.180.1.21/compute/v2.1/servers/cde882ea-3a53-49aa-9ad3-9cf96dab0e79/ips 0.106s
2025-04-03 00:36:51.325 69832 INFO tempest.lib.common.rest_client [req-3c8a7ce2-0f77-48d3-969c-fc8f674ff266 req-3c8a7ce2-0f77-48d3-969c-fc8f674ff266 ] Request (ServerAddressesTestJSON:test_list_server_addresses_by_network): 200 GET http://10.180.1.21/compute/v2.1/servers/cde882ea-3a53-49aa-9ad3-9cf96dab0e79/ips 0.032s
2025-04-03 00:36:51.354 69812 INFO tempest.lib.common.rest_client [req-22953b06-42b4-4841-a60d-cbcd7f21abc6 req-22953b06-42b4-4841-a60d-cbcd7f21abc6 ] Request (KeyPairsV2TestJSON:tearDownClass): 201 POST http://10.180.1.21/identity/v3/auth/tokens 0.084s
2025-04-03 00:36:51.357 69832 INFO tempest.lib.common.rest_client [req-dd24aaac-39fb-4497-9a82-03bb7fec1901 req-dd24aaac-39fb-4497-9a82-03bb7fec1901 ] Request (ServerAddressesTestJSON:test_list_server_addresses_by_network): 200 GET http://10.180.1.21/compute/v2.1/servers/cde882ea-3a53-49aa-9ad3-9cf96dab0e79/ips/tempest-ServerAddressesTestJSON-1737312219-network 0.030s
2025-04-03 00:36:51.408 69808 INFO tempest.lib.common.rest_client [req-69a0adc3-8f81-47f8-a6ad-3030be3fcf6c req-69a0adc3-8f81-47f8-a6ad-3030be3fcf6c ] Request (ServersAdminNegativeTestJSON:test_migrate_server_invalid_state): 200 GET http://10.180.1.21/compute/v2.1/servers/970e553a-7e3e-466a-96c7-d9d6f6d6807c 0.135s
2025-04-03 00:36:51.417 69824 INFO tempest.lib.common.rest_client [req-06382224-1486-47a4-bd73-929dfc808d2b req-06382224-1486-47a4-bd73-929dfc808d2b ] Request (InstanceActionsTestJSON:setUpClass): 200 GET http://10.180.1.21/compute/v2.1/servers/f7b6de16-4f11-4310-a2e5-63434aba5e10 0.086s
2025-04-03 00:36:51.417 69808 INFO tempest.common.waiters [-] State transition "BUILD/networking" ==> "BUILD/spawning" after 67 second wait
2025-04-03 00:36:51.477 69820 INFO tempest.lib.common.rest_client [req-e732c80d-805f-4cc5-843a-1d265a0980c7 req-e732c80d-805f-4cc5-843a-1d265a0980c7 ] Request (DeleteServersAdminTestJSON:test_delete_server_while_in_error_state): 200 GET http://10.180.1.21/compute/v2.1/servers/647ccacb-d909-4809-910b-caa4a7732b61 0.138s
2025-04-03 00:36:51.486 69866 WARNING tempest.lib.common.ssh [-] Failed to establish authenticated ssh connection to cirros@10.180.180.162 ([Errno None] Unable to connect to port 22 on 10.180.180.162). Number attempts: 10. Retry after 11 seconds.: paramiko.ssh_exception.NoValidConnectionsError: [Errno None] Unable to connect to port 22 on 10.180.180.162
2025-04-03 00:36:51.493 69832 INFO tempest.lib.common.rest_client [req-8da8cdc6-1f35-4f5e-a753-376d224ceca0 req-8da8cdc6-1f35-4f5e-a753-376d224ceca0 ] Request (ServerAddressesTestJSON:tearDownClass): 204 DELETE http://10.180.1.21/compute/v2.1/servers/cde882ea-3a53-49aa-9ad3-9cf96dab0e79 0.132s
2025-04-03 00:36:51.532 69812 INFO tempest.lib.common.rest_client [req-0f6ca95f-d235-441d-acaf-8309aafee3c4 req-0f6ca95f-d235-441d-acaf-8309aafee3c4 ] Request (KeyPairsV2TestJSON:tearDownClass): 200 GET http://10.180.1.21:9696/networking/v2.0/security-groups?tenant_id=66df1dca7b7d47558ae938c7f17cdf62&name=default 0.177s
2025-04-03 00:36:51.560 69854 INFO tempest.lib.common.rest_client [req-3b6ec77e-5d83-45ab-aefb-0591291aa894 req-3b6ec77e-5d83-45ab-aefb-0591291aa894 ] Request (ServersTestJSON:test_create_server_with_ipv6_addr_only): 200 GET http://10.180.1.21/compute/v2.1/servers/260d6768-10fa-4c0a-9bcd-a1ee6a22c7d4 0.077s
2025-04-03 00:36:51.571 69844 INFO tempest.lib.common.rest_client [req-cb0372d8-c74b-42be-90ca-992fd72de23b req-cb0372d8-c74b-42be-90ca-992fd72de23b ] Request (DeleteServersTestJSON:test_delete_active_server): 200 GET http://10.180.1.21/compute/v2.1/servers/eb4c3153-02e4-40d7-9d55-c9eb6017b490 0.171s
2025-04-03 00:36:51.628 69856 INFO tempest.lib.common.rest_client [req-70742763-6c18-422b-8536-a4a4ae0266ce req-70742763-6c18-422b-8536-a4a4ae0266ce ] Request (SecurityGroupsTestJSON:test_list_security_groups_by_server): 200 GET http://10.180.1.21/compute/v2.1/servers/a3e5b1df-503a-49a7-b066-b09999f7a2c9 0.080s
2025-04-03 00:36:51.671 69812 INFO tempest.lib.common.rest_client [req-5660b13b-851a-4d2e-91d3-5c6ef21f3256 req-5660b13b-851a-4d2e-91d3-5c6ef21f3256 ] Request (KeyPairsV2TestJSON:tearDownClass): 204 DELETE http://10.180.1.21:9696/networking/v2.0/security-groups/7baa0185-322b-4752-8d4a-948bec70ef02 0.138s
2025-04-03 00:36:51.682 69832 INFO tempest.lib.common.rest_client [req-9b2e09b7-76a5-4598-ab6a-c37b88e1c711 req-9b2e09b7-76a5-4598-ab6a-c37b88e1c711 ] Request (ServerAddressesTestJSON:tearDownClass): 200 GET http://10.180.1.21/compute/v2.1/servers/cde882ea-3a53-49aa-9ad3-9cf96dab0e79 0.188s
2025-04-03 00:36:51.751 69864 INFO tempest.lib.common.rest_client [req-6e858b3d-4a9d-42d4-8099-0dbfa1ca9f6d req-6e858b3d-4a9d-42d4-8099-0dbfa1ca9f6d ] Request (ServerDiskConfigTestJSON:test_rebuild_server_with_manual_disk_config): 200 GET http://10.180.1.21/compute/v2.1/servers/23d7be76-bf47-42d3-ac48-38dc79383b16 0.135s
2025-04-03 00:36:51.755 69812 INFO tempest.lib.common.rest_client [req-1876651b-cf5a-4dad-aaad-8aa27a72b312 req-1876651b-cf5a-4dad-aaad-8aa27a72b312 ] Request (KeyPairsV2TestJSON:tearDownClass): 204 DELETE http://10.180.1.21/identity/v3/projects/66df1dca7b7d47558ae938c7f17cdf62 0.083s
2025-04-03 00:36:51.774 69806 INFO tempest.lib.common.rest_client [req-aa8b9a91-ad59-4bbd-b265-cc606d86dad6 req-aa8b9a91-ad59-4bbd-b265-cc606d86dad6 ] Request (ServerDiagnosticsNegativeTest:tearDownClass): 200 GET http://10.180.1.21/compute/v2.1/servers/843aebb5-20d0-4ada-b64a-3ae79bb6d5ca 0.095s
2025-04-03 00:36:51.835 69848 INFO tempest.lib.common.rest_client [req-0191f2f4-f9f6-463a-9a63-f40173390781 req-0191f2f4-f9f6-463a-9a63-f40173390781 ] Request (ServerGroupTestJSON:_run_cleanups): 200 GET http://10.180.1.21/compute/v2.1/servers/0c65c80f-99f5-4057-b938-a35f62ecffd2 0.121s
2025-04-03 00:36:51.838 69858 INFO tempest.lib.common.rest_client [req-a2b6773b-2eaa-4906-8c53-7677ca96b270 req-a2b6773b-2eaa-4906-8c53-7677ca96b270 ] Request (ServersTestFqdnHostnames:test_create_server_with_fqdn_name): 200 GET http://10.180.1.21/compute/v2.1/servers/b61972c7-ddfd-47a5-9bc4-314effb27ee5 0.103s
2025-04-03 00:36:51.847 69858 INFO tempest.common.waiters [-] State transition "BUILD/scheduling" ==> "BUILD/None" after 43 second wait
2025-04-03 00:36:51.902 69862 INFO tempest.lib.common.rest_client [req-b1a206fd-6fb6-4608-a93d-556545e4a00f req-b1a206fd-6fb6-4608-a93d-556545e4a00f ] Request (MigrationsAdminTest:test_resize_server_revert_deleted_flavor): 200 GET http://10.180.1.21/compute/v2.1/servers/8c65ecb4-c94f-4841-a432-776e0a94fc73 0.136s
2025-04-03 00:36:51.907 69846 INFO tempest.lib.common.rest_client [req-52edf3f3-7a8d-4ed3-8b14-901606f1117a req-52edf3f3-7a8d-4ed3-8b14-901606f1117a ] Request (ImagesOneServerNegativeTestJSON:_run_cleanups): 200 GET http://10.180.1.21/compute/v2.1/servers/44b6c14a-b0a8-4b7f-b295-8e2a282b3794 0.082s
2025-04-03 00:36:51.981 69836 INFO tempest.lib.common.rest_client [req-fcbbd8b1-f974-469e-aedd-3239a2116d4e req-fcbbd8b1-f974-469e-aedd-3239a2116d4e ] Request (ServerDiagnosticsV248Test:tearDownClass): 200 GET http://10.180.1.21/compute/v2.1/servers/f27b521f-9193-4db1-a108-c1f3ac567ce8 0.085s
2025-04-03 00:36:52.034 69852 INFO tempest.lib.common.rest_client [req-568b7ae1-e9d4-4caa-af0c-5b81126ba091 req-568b7ae1-e9d4-4caa-af0c-5b81126ba091 ] Request (ImagesTestJSON:test_create_image_from_suspended_server): 200 GET http://10.180.1.21/compute/v2.1/servers/4be76930-d724-4808-85c2-e1ca754f2784 0.198s
2025-04-03 00:36:52.046 69830 INFO tempest.lib.common.rest_client [req-cb68d3bb-140f-4158-8c9f-9078fac52df6 req-cb68d3bb-140f-4158-8c9f-9078fac52df6 ] Request (ListServersNegativeTestJSON:setUpClass): 200 GET http://10.180.1.21/compute/v2.1/servers/13fe71e9-b0d9-4f6d-b293-49e6557bb941 0.143s
2025-04-03 00:36:52.087 69838 INFO tempest.lib.common.rest_client [req-331765a8-a581-4d72-b839-cf64fec618f4 req-331765a8-a581-4d72-b839-cf64fec618f4 ] Request (ListImageFiltersTestJSON:setUpClass): 200 GET http://10.180.1.21/compute/v2.1/images/418d5528-edf6-4839-98d2-e0f2edce75ee 0.081s
2025-04-03 00:36:52.106 69842 INFO tempest.lib.common.rest_client [req-bc05b742-6b25-4181-8237-4ddc5c8f135c req-bc05b742-6b25-4181-8237-4ddc5c8f135c ] Request (ServersListShow2100Test:test_list_show_rebuild_update_server_2100): 200 GET http://10.180.1.21/compute/v2.1/servers/88eacabd-8ee8-4a84-a613-19c0dc548658 0.138s
2025-04-03 00:36:52.253 69834 INFO tempest.lib.common.rest_client [req-0f4bd34c-a8bd-46dc-acff-bdf1d1223726 req-0f4bd34c-a8bd-46dc-acff-bdf1d1223726 ] Request (VolumesAdminNegativeTest:test_update_attached_volume_with_nonexistent_volume_in_body): 200 GET http://10.180.1.21/compute/v2.1/servers/9cc351f0-51fb-4bf5-87c9-e4b982bc1942 0.119s
2025-04-03 00:36:52.258 69818 INFO tempest.lib.common.rest_client [req-9903b30e-2da7-4d0c-917d-eb3af8387b88 req-9903b30e-2da7-4d0c-917d-eb3af8387b88 ] Request (ServerMetadataNegativeTestJSON:setUpClass): 200 GET http://10.180.1.21/compute/v2.1/servers/cfbdaa68-e556-4b72-abc5-0a17aa8ff71f 0.052s
2025-04-03 00:36:52.316 69810 INFO tempest.lib.common.rest_client [req-cbd125af-74c5-47f3-9f44-6326be591ab1 req-cbd125af-74c5-47f3-9f44-6326be591ab1 ] Request (FloatingIPsAssociationTestJSON:tearDownClass): 200 GET http://10.180.1.21/compute/v2.1/servers/74b0bc13-7b1f-4c6f-938a-d7bd00d3d819 0.056s
2025-04-03 00:36:52.318 69804 INFO tempest.lib.common.rest_client [req-5317091e-6ccf-4671-8b2b-84df1d289fbd req-5317091e-6ccf-4671-8b2b-84df1d289fbd ] Request (ServersAdminTestJSON:test_inject_network_info): 200 GET http://10.180.1.21/compute/v2.1/servers/67842d3e-b361-4eeb-9139-e8101a23a9ed 0.049s
2025-04-03 00:36:52.398 69816 WARNING tempest.lib.common.ssh [-] Failed to establish authenticated ssh connection to cirros@10.180.180.219 ([Errno None] Unable to connect to port 22 on 10.180.180.219). Number attempts: 7. Retry after 8 seconds.: paramiko.ssh_exception.NoValidConnectionsError: [Errno None] Unable to connect to port 22 on 10.180.180.219
