2024-12-27 22:29:34.026 66845 INFO tempest.lib.common.rest_client [req-2faf53e0-477c-48d1-99b9-205267243644 req-2faf53e0-477c-48d1-99b9-205267243644 ] Request (ServerActionsTestOtherA:test_rebuild_server_in_stop_state): 200 GET http://10.180.1.21/compute/v2.1/servers/2bdde4ff-241d-4f86-8fe9-87a2e985d392 0.069s
2024-12-27 22:29:34.072 66861 INFO tempest.lib.common.rest_client [req-9cc049be-efbf-46fe-8673-ccfb286f5913 req-9cc049be-efbf-46fe-8673-ccfb286f5913 ] Request (AttachInterfacesUnderV243Test:test_add_remove_fixed_ip): 200 GET http://10.180.1.21/compute/v2.1/servers/66be2851-bed8-49f0-9bae-96f4f766f5e6 0.067s
2024-12-27 22:29:34.079 66881 INFO tempest.lib.common.rest_client [req-fde2ddc1-efd5-4b3c-a7e3-1af65d76a01f req-fde2ddc1-efd5-4b3c-a7e3-1af65d76a01f ] Request (ServerDiskConfigTestJSON:test_rebuild_server_with_auto_disk_config): 200 GET http://10.180.1.21/compute/v2.1/servers/991c0412-c377-4428-a11f-b231fa5a7751 0.124s
2024-12-27 22:29:34.177 66853 INFO tempest.lib.common.rest_client [req-c5141323-0f90-4e23-859e-759e9cd7212c req-c5141323-0f90-4e23-859e-759e9cd7212c ] Request (ServerMetadataNegativeTestJSON:setUpClass): 200 GET http://10.180.1.21/compute/v2.1/servers/f1fd9732-8654-475a-a7a5-63c31caef15d 0.057s
2024-12-27 22:29:34.247 66873 INFO tempest.lib.common.rest_client [req-a2ced2ad-8490-448f-8cc7-d6c75a6e772a req-a2ced2ad-8490-448f-8cc7-d6c75a6e772a ] Request (ServerDiagnosticsNegativeTest:test_get_server_diagnostics_by_non_admin): 200 GET http://10.180.1.21/compute/v2.1/servers/98c3bd5f-8a4a-4906-84dd-807eaff1da62 0.099s
2024-12-27 22:29:34.258 66887 INFO tempest.lib.common.rest_client [req-a22ef086-b283-421d-ae4e-3c7239529bab req-a22ef086-b283-421d-ae4e-3c7239529bab ] Request (ServerDiagnosticsV248Test:tearDownClass): 200 GET http://10.180.1.21/compute/v2.1/servers/d371063f-d419-4965-9840-51e8071bca6a 0.063s
2024-12-27 22:29:34.294 66857 INFO tempest.lib.common.rest_client [req-543f956e-68a3-41ce-b910-a97524c029aa req-543f956e-68a3-41ce-b910-a97524c029aa ] Request (FloatingIPsAssociationNegativeTestJSON:setUpClass): 200 GET http://10.180.1.21/compute/v2.1/servers/5295d78d-860a-4100-8b53-3ece13c6f31c 0.093s
2024-12-27 22:29:34.304 66859 INFO tempest.lib.common.rest_client [req-dd64678b-952c-49e9-a7fb-537904e924fd req-dd64678b-952c-49e9-a7fb-537904e924fd ] Request (ServerExternalEventsTest:test_create_server_external_events): 200 GET http://10.180.1.21/compute/v2.1/servers/a385a9c1-4cdd-48dc-bbe8-4a002ccde241 0.056s
2024-12-27 22:29:34.348 66889 INFO tempest.lib.common.rest_client [req-24b280d2-5f8a-4de6-afd4-e54d36d76565 req-24b280d2-5f8a-4de6-afd4-e54d36d76565 ] Request (ImagesNegativeTestJSON:test_create_image_from_deleted_server): 200 GET http://10.180.1.21/compute/v2.1/servers/171d17e6-19f4-432a-887d-ebc7ec3e5481 0.062s
2024-12-27 22:29:34.386 66867 INFO tempest.lib.common.rest_client [req-b2c39661-bd70-4ee4-99d6-3e0b4d68ad05 req-b2c39661-bd70-4ee4-99d6-3e0b4d68ad05 ] Request (ServerShowV257Test:test_rebuild_server): 200 GET http://10.180.1.21/compute/v2.1/servers/74a8ea77-3cbf-493c-9cf0-164f373caa0e 0.054s
2024-12-27 22:29:34.405 66855 INFO tempest.lib.common.rest_client [req-8eb37781-2112-4613-a86b-7a43c95572c6 req-8eb37781-2112-4613-a86b-7a43c95572c6 ] Request (ImagesOneServerNegativeTestJSON:_run_cleanups): 200 GET http://10.180.1.21/compute/v2.1/servers/c2d4aca9-bdef-4d11-bc69-0a0f9152722c 0.067s
2024-12-27 22:29:34.457 66843 INFO tempest.lib.common.rest_client [req-07f7a6f7-8bce-4786-902b-e6aefba273b0 req-07f7a6f7-8bce-4786-902b-e6aefba273b0 ] Request (FloatingIPsAssociationTestJSON:tearDownClass): 200 GET http://10.180.1.21/compute/v2.1/servers/2c04403e-94dd-4b95-a026-b64e9de9b086 0.056s
2024-12-27 22:29:34.484 66901 INFO tempest.lib.common.rest_client [req-3a00f48c-11c6-4ae4-bd5e-4da1ef081ab8 req-3a00f48c-11c6-4ae4-bd5e-4da1ef081ab8 ] Request (ServersV294TestFqdnHostnames:tearDownClass): 200 GET http://10.180.1.21/compute/v2.1/servers/5e8d85c0-d594-478f-a56d-4f3f5bacb66d 0.056s
2024-12-27 22:29:34.675 66865 INFO tempest.lib.common.rest_client [req-1de357dc-8a64-48f2-9cf6-e1b937ab47eb req-1de357dc-8a64-48f2-9cf6-e1b937ab47eb ] Request (MigrationsAdminTest:test_list_migrations_in_flavor_resize_situation): 200 GET http://10.180.1.21/compute/v2.1/servers/b58b59b2-7f72-4763-a4ad-9c26117d6afe 0.125s
2024-12-27 22:29:34.689 66851 INFO tempest.lib.common.rest_client [req-33c78ae5-c867-4dbb-98b0-7207e6f7fd51 req-33c78ae5-c867-4dbb-98b0-7207e6f7fd51 ] Request (DeleteServersAdminTestJSON:test_delete_server_while_in_error_state): 200 GET http://10.180.1.21/compute/v2.1/servers/736874a7-a8c5-4ca2-9711-ded10fe44bdd 0.088s
2024-12-27 22:29:34.697 66851 INFO tempest.common.waiters [-] State transition "BUILD/block_device_mapping" ==> "BUILD/spawning" after 49 second wait
2024-12-27 22:29:34.739 66896 INFO tempest.lib.common.rest_client [req-1c0a5edd-6570-487c-a210-8bf323b51380 req-1c0a5edd-6570-487c-a210-8bf323b51380 ] Request (ImagesTestJSON:test_create_image_from_suspended_server): 200 GET http://10.180.1.21/compute/v2.1/servers/22ad90b8-e525-46b9-842e-06b024d6f6ba 0.121s
2024-12-27 22:29:34.748 66872 INFO tempest.lib.common.rest_client [req-d85efea1-3fa1-4b8d-b81a-ac9cc90b2c38 req-d85efea1-3fa1-4b8d-b81a-ac9cc90b2c38 ] Request (ServerRescueNegativeTestJSON:setUpClass): 200 GET http://10.180.1.21/compute/v2.1/servers/8a38074d-7b10-4b97-a0a8-7eaef4474528 0.099s
2024-12-27 22:29:34.798 66893 INFO tempest.lib.common.rest_client [req-4b3fb8e6-381b-4fea-b878-3c8427651823 req-4b3fb8e6-381b-4fea-b878-3c8427651823 ] Request (ServerRescueTestJSON:setUpClass): 200 GET http://10.180.1.21/compute/v2.1/servers/d0bb62ae-c499-4d16-923b-66c8214289db 0.122s
2024-12-27 22:29:34.816 66841 INFO tempest.lib.common.rest_client [req-e9827777-41e6-4308-b708-a29f6a6fc193 req-e9827777-41e6-4308-b708-a29f6a6fc193 ] Request (AttachVolumeNegativeTest:test_attach_attached_volume_to_different_server): 200 GET http://10.180.1.21/compute/v2.1/servers/e7b2d6e6-f687-4d61-9228-e78978e84edf 0.112s
2024-12-27 22:29:34.859 66891 INFO tempest.lib.common.rest_client [req-a450d21b-bc36-4b54-a7d5-997e630d1fc4 req-a450d21b-bc36-4b54-a7d5-997e630d1fc4 ] Request (ServersAdminNegativeTestJSON:test_migrate_server_invalid_state): 200 GET http://10.180.1.21/compute/v2.1/servers/8dfb0848-2dc0-431d-8372-8474c1084bf8 0.127s
2024-12-27 22:29:34.946 66839 INFO tempest.lib.common.rest_client [req-2d356a77-d2fe-46f1-8da7-82571fb2b7e4 req-2d356a77-d2fe-46f1-8da7-82571fb2b7e4 ] Request (ServersAdminTestJSON:test_create_server_with_scheduling_hint): 200 GET http://10.180.1.21/compute/v2.1/servers/4e1ab485-0c88-4161-8b4d-500ec3ee7ba4 0.070s
2024-12-27 22:29:35.009 66863 INFO tempest.lib.common.rest_client [req-4eb2b6a9-e270-4244-958e-ebaca8c0d49a req-4eb2b6a9-e270-4244-958e-ebaca8c0d49a ] Request (ServersTestFqdnHostnames:test_create_server_with_fqdn_name): 200 GET http://10.180.1.21/compute/v2.1/servers/7af98b27-970f-4972-8240-b91650034cff 0.083s
2024-12-27 22:29:35.058 66869 INFO tempest.lib.common.rest_client [req-ae2dabb1-faa3-410a-ac85-a6dcf2bc1d2a req-ae2dabb1-faa3-410a-ac85-a6dcf2bc1d2a ] Request (SecurityGroupsTestJSON:test_server_security_groups): 200 GET http://10.180.1.21/compute/v2.1/servers/41e880e0-f3ae-427b-86b4-e5bde043d0bd 0.074s
2024-12-27 22:29:35.100 66845 INFO tempest.lib.common.rest_client [req-e7b5546e-e894-4e78-a9c5-3d54b7d6638f req-e7b5546e-e894-4e78-a9c5-3d54b7d6638f ] Request (ServerActionsTestOtherA:test_rebuild_server_in_stop_state): 200 GET http://10.180.1.21/compute/v2.1/servers/2bdde4ff-241d-4f86-8fe9-87a2e985d392 0.067s
2024-12-27 22:29:35.146 66861 INFO tempest.lib.common.rest_client [req-19b5bc94-41e1-46c6-bd9c-f443ae69ad56 req-19b5bc94-41e1-46c6-bd9c-f443ae69ad56 ] Request (AttachInterfacesUnderV243Test:test_add_remove_fixed_ip): 200 GET http://10.180.1.21/compute/v2.1/servers/66be2851-bed8-49f0-9bae-96f4f766f5e6 0.067s
2024-12-27 22:29:35.211 66849 INFO tempest.lib.common.rest_client [req-45ce7784-2dda-46ef-b4e7-12f38119dfd3 req-45ce7784-2dda-46ef-b4e7-12f38119dfd3 ] Request (ServersTestJSON:setUpClass): 200 GET http://10.180.1.21/compute/v2.1/servers/29cb3f72-c88e-47bf-8c52-4fe27ae6aa58 0.329s
2024-12-27 22:29:35.231 66881 INFO tempest.lib.common.rest_client [req-51fd0db7-1c75-451f-ad6e-74f0f20f5418 req-51fd0db7-1c75-451f-ad6e-74f0f20f5418 ] Request (ServerDiskConfigTestJSON:test_rebuild_server_with_auto_disk_config): 200 GET http://10.180.1.21/compute/v2.1/servers/991c0412-c377-4428-a11f-b231fa5a7751 0.146s
2024-12-27 22:29:35.255 66853 INFO tempest.lib.common.rest_client [req-5768db20-38a4-4843-84ba-0ce008b8dbfa req-5768db20-38a4-4843-84ba-0ce008b8dbfa ] Request (ServerMetadataNegativeTestJSON:setUpClass): 200 GET http://10.180.1.21/compute/v2.1/servers/f1fd9732-8654-475a-a7a5-63c31caef15d 0.069s
2024-12-27 22:29:35.322 66887 INFO tempest.lib.common.rest_client [req-28f384f9-7708-45cb-b8ae-19191d78bfc5 req-28f384f9-7708-45cb-b8ae-19191d78bfc5 ] Request (ServerDiagnosticsV248Test:tearDownClass): 200 GET http://10.180.1.21/compute/v2.1/servers/d371063f-d419-4965-9840-51e8071bca6a 0.055s
2024-12-27 22:29:35.340 66873 INFO tempest.lib.common.rest_client [req-348bf63e-3b38-4508-a7e5-ac742601e480 req-348bf63e-3b38-4508-a7e5-ac742601e480 ] Request (ServerDiagnosticsNegativeTest:test_get_server_diagnostics_by_non_admin): 200 GET http://10.180.1.21/compute/v2.1/servers/98c3bd5f-8a4a-4906-84dd-807eaff1da62 0.085s
2024-12-27 22:29:35.368 66857 INFO tempest.lib.common.rest_client [req-75572e3d-053e-4aed-bd9b-cd66162a9fc7 req-75572e3d-053e-4aed-bd9b-cd66162a9fc7 ] Request (FloatingIPsAssociationNegativeTestJSON:setUpClass): 200 GET http://10.180.1.21/compute/v2.1/servers/5295d78d-860a-4100-8b53-3ece13c6f31c 0.067s
2024-12-27 22:29:35.388 66859 INFO tempest.lib.common.rest_client [req-0860a80b-98e3-4f1d-ac34-49be7b98d57a req-0860a80b-98e3-4f1d-ac34-49be7b98d57a ] Request (ServerExternalEventsTest:test_create_server_external_events): 200 GET http://10.180.1.21/compute/v2.1/servers/a385a9c1-4cdd-48dc-bbe8-4a002ccde241 0.076s
2024-12-27 22:29:35.418 66889 INFO tempest.lib.common.rest_client [req-794bdead-6129-46f2-9d3e-6251c3f45377 req-794bdead-6129-46f2-9d3e-6251c3f45377 ] Request (ImagesNegativeTestJSON:test_create_image_from_deleted_server): 200 GET http://10.180.1.21/compute/v2.1/servers/171d17e6-19f4-432a-887d-ebc7ec3e5481 0.063s
2024-12-27 22:29:35.446 66867 INFO tempest.lib.common.rest_client [req-346594ab-bbfd-4b3f-9070-ffaca02ad37e req-346594ab-bbfd-4b3f-9070-ffaca02ad37e ] Request (ServerShowV257Test:test_rebuild_server): 200 GET http://10.180.1.21/compute/v2.1/servers/74a8ea77-3cbf-493c-9cf0-164f373caa0e 0.050s
2024-12-27 22:29:35.481 66855 INFO tempest.lib.common.rest_client [req-5ee16696-b2e8-44a8-bb71-3e94976196ee req-5ee16696-b2e8-44a8-bb71-3e94976196ee ] Request (ImagesOneServerNegativeTestJSON:_run_cleanups): 200 GET http://10.180.1.21/compute/v2.1/servers/c2d4aca9-bdef-4d11-bc69-0a0f9152722c 0.068s
2024-12-27 22:29:35.534 66843 INFO tempest.lib.common.rest_client [req-6d123d9a-182f-425d-ae41-c713425ad1a5 req-6d123d9a-182f-425d-ae41-c713425ad1a5 ] Request (FloatingIPsAssociationTestJSON:tearDownClass): 200 GET http://10.180.1.21/compute/v2.1/servers/2c04403e-94dd-4b95-a026-b64e9de9b086 0.069s
2024-12-27 22:29:35.553 66901 INFO tempest.lib.common.rest_client [req-c69ec73d-d1b7-4ad6-b206-952c20ae858d req-c69ec73d-d1b7-4ad6-b206-952c20ae858d ] Request (ServersV294TestFqdnHostnames:tearDownClass): 200 GET http://10.180.1.21/compute/v2.1/servers/5e8d85c0-d594-478f-a56d-4f3f5bacb66d 0.060s
2024-12-27 22:29:35.791 66865 INFO tempest.lib.common.rest_client [req-d1b71bb9-30f1-4905-a53f-6e5f22216b0a req-d1b71bb9-30f1-4905-a53f-6e5f22216b0a ] Request (MigrationsAdminTest:test_list_migrations_in_flavor_resize_situation): 200 GET http://10.180.1.21/compute/v2.1/servers/b58b59b2-7f72-4763-a4ad-9c26117d6afe 0.107s
2024-12-27 22:29:35.833 66896 INFO tempest.lib.common.rest_client [req-dd66edd7-d93e-471f-a96c-36f33f5cb994 req-dd66edd7-d93e-471f-a96c-36f33f5cb994 ] Request (ImagesTestJSON:test_create_image_from_suspended_server): 200 GET http://10.180.1.21/compute/v2.1/servers/22ad90b8-e525-46b9-842e-06b024d6f6ba 0.081s
2024-12-27 22:29:35.834 66851 INFO tempest.lib.common.rest_client [req-8b631d9a-2414-4e2b-8bf1-e67852c52134 req-8b631d9a-2414-4e2b-8bf1-e67852c52134 ] Request (DeleteServersAdminTestJSON:test_delete_server_while_in_error_state): 200 GET http://10.180.1.21/compute/v2.1/servers/736874a7-a8c5-4ca2-9711-ded10fe44bdd 0.135s
2024-12-27 22:29:35.879 66872 INFO tempest.lib.common.rest_client [req-a8cce871-f2a1-4485-aedb-87e4dc660245 req-a8cce871-f2a1-4485-aedb-87e4dc660245 ] Request (ServerRescueNegativeTestJSON:setUpClass): 200 GET http://10.180.1.21/compute/v2.1/servers/8a38074d-7b10-4b97-a0a8-7eaef4474528 0.123s
2024-12-27 22:29:35.880 66893 INFO tempest.lib.common.rest_client [req-fa75e496-ee57-4528-ae01-ed01b38e3f4e req-fa75e496-ee57-4528-ae01-ed01b38e3f4e ] Request (ServerRescueTestJSON:setUpClass): 200 GET http://10.180.1.21/compute/v2.1/servers/d0bb62ae-c499-4d16-923b-66c8214289db 0.072s
2024-12-27 22:29:35.923 66841 INFO tempest.lib.common.rest_client [req-bba21473-e2ae-4528-9a18-98476bd2b8fe req-bba21473-e2ae-4528-9a18-98476bd2b8fe ] Request (AttachVolumeNegativeTest:test_attach_attached_volume_to_different_server): 200 GET http://10.180.1.21/compute/v2.1/servers/e7b2d6e6-f687-4d61-9228-e78978e84edf 0.099s
2024-12-27 22:29:35.923 66891 INFO tempest.lib.common.rest_client [req-4dc01adb-7bb2-4875-ac5d-0f1b9bed40aa req-4dc01adb-7bb2-4875-ac5d-0f1b9bed40aa ] Request (ServersAdminNegativeTestJSON:test_migrate_server_invalid_state): 200 GET http://10.180.1.21/compute/v2.1/servers/8dfb0848-2dc0-431d-8372-8474c1084bf8 0.055s
2024-12-27 22:29:36.004 66839 INFO tempest.lib.common.rest_client [req-1e520240-57b3-4531-9b4d-fdb62a388a98 req-1e520240-57b3-4531-9b4d-fdb62a388a98 ] Request (ServersAdminTestJSON:test_create_server_with_scheduling_hint): 200 GET http://10.180.1.21/compute/v2.1/servers/4e1ab485-0c88-4161-8b4d-500ec3ee7ba4 0.051s
2024-12-27 22:29:36.062 66863 INFO tempest.lib.common.rest_client [req-260a7da4-850b-4614-96b6-3456a3f79ba7 req-260a7da4-850b-4614-96b6-3456a3f79ba7 ] Request (ServersTestFqdnHostnames:test_create_server_with_fqdn_name): 200 GET http://10.180.1.21/compute/v2.1/servers/7af98b27-970f-4972-8240-b91650034cff 0.046s
2024-12-27 22:29:36.113 66869 INFO tempest.lib.common.rest_client [req-a2d09e62-d94b-49da-b8da-4bd4bf4cea61 req-a2d09e62-d94b-49da-b8da-4bd4bf4cea61 ] Request (SecurityGroupsTestJSON:test_server_security_groups): 200 GET http://10.180.1.21/compute/v2.1/servers/41e880e0-f3ae-427b-86b4-e5bde043d0bd 0.046s
2024-12-27 22:29:36.159 66845 INFO tempest.lib.common.rest_client [req-34708c80-3721-466c-8609-b4facfa35cad req-34708c80-3721-466c-8609-b4facfa35cad ] Request (ServerActionsTestOtherA:test_rebuild_server_in_stop_state): 200 GET http://10.180.1.21/compute/v2.1/servers/2bdde4ff-241d-4f86-8fe9-87a2e985d392 0.051s
2024-12-27 22:29:36.202 66861 INFO tempest.lib.common.rest_client [req-83bb46a5-8d9d-4620-8582-c7090744de0d req-83bb46a5-8d9d-4620-8582-c7090744de0d ] Request (AttachInterfacesUnderV243Test:test_add_remove_fixed_ip): 200 GET http://10.180.1.21/compute/v2.1/servers/66be2851-bed8-49f0-9bae-96f4f766f5e6 0.048s
2024-12-27 22:29:36.309 66849 INFO tempest.lib.common.rest_client [req-a12e12f0-f5b8-40e9-a357-5149f545bf02 req-a12e12f0-f5b8-40e9-a357-5149f545bf02 ] Request (ServersTestJSON:setUpClass): 200 GET http://10.180.1.21/compute/v2.1/servers/29cb3f72-c88e-47bf-8c52-4fe27ae6aa58 0.091s
2024-12-27 22:29:36.316 66849 INFO tempest.common.waiters [-] State transition "BUILD/spawning" ==> "ACTIVE/None" after 52 second wait
2024-12-27 22:29:36.332 66881 INFO tempest.lib.common.rest_client [req-f2e84214-b92a-49e0-bd0d-02f549551886 req-f2e84214-b92a-49e0-bd0d-02f549551886 ] Request (ServerDiskConfigTestJSON:test_rebuild_server_with_auto_disk_config): 200 GET http://10.180.1.21/compute/v2.1/servers/991c0412-c377-4428-a11f-b231fa5a7751 0.094s
2024-12-27 22:29:36.353 66853 INFO tempest.lib.common.rest_client [req-a3ae65e1-72d7-4e48-8908-8640827c3cfb req-a3ae65e1-72d7-4e48-8908-8640827c3cfb ] Request (ServerMetadataNegativeTestJSON:setUpClass): 200 GET http://10.180.1.21/compute/v2.1/servers/f1fd9732-8654-475a-a7a5-63c31caef15d 0.091s
2024-12-27 22:29:36.412 66887 INFO tempest.lib.common.rest_client [req-994e2abe-7183-449b-b7a9-31d0faebfbff req-994e2abe-7183-449b-b7a9-31d0faebfbff ] Request (ServerDiagnosticsV248Test:tearDownClass): 200 GET http://10.180.1.21/compute/v2.1/servers/d371063f-d419-4965-9840-51e8071bca6a 0.082s
2024-12-27 22:29:36.420 66849 INFO tempest.lib.common.rest_client [req-ad8dc094-ac00-44e5-b9ed-e3b7d3dee2dc req-ad8dc094-ac00-44e5-b9ed-e3b7d3dee2dc ] Request (ServersTestJSON:setUpClass): 200 GET http://10.180.1.21/compute/v2.1/servers/29cb3f72-c88e-47bf-8c52-4fe27ae6aa58/os-interface 0.104s
2024-12-27 22:29:36.467 66857 INFO tempest.lib.common.rest_client [req-12eaf8f3-eb3d-41d7-9965-4819e02e1105 req-12eaf8f3-eb3d-41d7-9965-4819e02e1105 ] Request (FloatingIPsAssociationNegativeTestJSON:setUpClass): 200 GET http://10.180.1.21/compute/v2.1/servers/5295d78d-860a-4100-8b53-3ece13c6f31c 0.086s
2024-12-27 22:29:36.517 66859 INFO tempest.lib.common.rest_client [req-80569577-2c54-4951-b9f2-d34072303b42 req-80569577-2c54-4951-b9f2-d34072303b42 ] Request (ServerExternalEventsTest:test_create_server_external_events): 200 GET http://10.180.1.21/compute/v2.1/servers/a385a9c1-4cdd-48dc-bbe8-4a002ccde241 0.120s
2024-12-27 22:29:36.545 66873 INFO tempest.lib.common.rest_client [req-c8ee5937-c2f5-4097-9327-f2c05a424130 req-c8ee5937-c2f5-4097-9327-f2c05a424130 ] Request (ServerDiagnosticsNegativeTest:test_get_server_diagnostics_by_non_admin): 200 GET http://10.180.1.21/compute/v2.1/servers/98c3bd5f-8a4a-4906-84dd-807eaff1da62 0.198s
2024-12-27 22:29:36.594 66889 INFO tempest.lib.common.rest_client [req-df932ca0-2321-4761-aa27-42b136926d4d req-df932ca0-2321-4761-aa27-42b136926d4d ] Request (ImagesNegativeTestJSON:test_create_image_from_deleted_server): 200 GET http://10.180.1.21/compute/v2.1/servers/171d17e6-19f4-432a-887d-ebc7ec3e5481 0.168s
2024-12-27 22:29:36.602 66867 INFO tempest.lib.common.rest_client [req-85fa358f-5d74-4d7b-91f2-0cf09d2acb0e req-85fa358f-5d74-4d7b-91f2-0cf09d2acb0e ] Request (ServerShowV257Test:test_rebuild_server): 200 GET http://10.180.1.21/compute/v2.1/servers/74a8ea77-3cbf-493c-9cf0-164f373caa0e 0.142s
2024-12-27 22:29:36.664 66843 INFO tempest.lib.common.rest_client [req-34414d56-176e-444e-8309-5bea359679a9 req-34414d56-176e-444e-8309-5bea359679a9 ] Request (FloatingIPsAssociationTestJSON:tearDownClass): 200 GET http://10.180.1.21/compute/v2.1/servers/2c04403e-94dd-4b95-a026-b64e9de9b086 0.123s
2024-12-27 22:29:36.736 66901 INFO tempest.lib.common.rest_client [req-e5f27789-dc9e-4a17-8c69-986d407782f0 req-e5f27789-dc9e-4a17-8c69-986d407782f0 ] Request (ServersV294TestFqdnHostnames:tearDownClass): 200 GET http://10.180.1.21/compute/v2.1/servers/5e8d85c0-d594-478f-a56d-4f3f5bacb66d 0.171s
2024-12-27 22:29:36.841 66855 INFO tempest.lib.common.rest_client [req-0f7e9ecb-9007-4ef2-ad9c-6303a1e5b908 req-0f7e9ecb-9007-4ef2-ad9c-6303a1e5b908 ] Request (ImagesOneServerNegativeTestJSON:_run_cleanups): 200 GET http://10.180.1.21/compute/v2.1/servers/c2d4aca9-bdef-4d11-bc69-0a0f9152722c 0.352s
2024-12-27 22:29:36.930 66865 INFO tempest.lib.common.rest_client [req-5bdb7ff4-8a3a-4e2b-bdd8-0997c031762d req-5bdb7ff4-8a3a-4e2b-bdd8-0997c031762d ] Request (MigrationsAdminTest:test_list_migrations_in_flavor_resize_situation): 200 GET http://10.180.1.21/compute/v2.1/servers/b58b59b2-7f72-4763-a4ad-9c26117d6afe 0.132s
2024-12-27 22:29:36.985 66896 INFO tempest.lib.common.rest_client [req-cdeb3d18-a1c2-471c-807e-0bfece93577e req-cdeb3d18-a1c2-471c-807e-0bfece93577e ] Request (ImagesTestJSON:test_create_image_from_suspended_server): 200 GET http://10.180.1.21/compute/v2.1/servers/22ad90b8-e525-46b9-842e-06b024d6f6ba 0.144s
2024-12-27 22:29:37.008 66851 INFO tempest.lib.common.rest_client [req-a3ba3da9-2eeb-41a8-b90b-a7b7d57d5852 req-a3ba3da9-2eeb-41a8-b90b-a7b7d57d5852 ] Request (DeleteServersAdminTestJSON:test_delete_server_while_in_error_state): 200 GET http://10.180.1.21/compute/v2.1/servers/736874a7-a8c5-4ca2-9711-ded10fe44bdd 0.167s
2024-12-27 22:29:37.020 66849 INFO tempest.lib.common.rest_client [req-4097ace0-dc54-4a57-80c9-133fec8c4dba req-4097ace0-dc54-4a57-80c9-133fec8c4dba ] Request (ServersTestJSON:setUpClass): 200 PUT http://10.180.1.21:9696/networking/v2.0/floatingips/dd30a6ec-8dfa-4ab2-8d4c-61012c316125 0.597s
2024-12-27 22:29:37.062 66893 INFO tempest.lib.common.rest_client [req-9db0ab97-e1d9-41e8-a88a-4486fc98e109 req-9db0ab97-e1d9-41e8-a88a-4486fc98e109 ] Request (ServerRescueTestJSON:setUpClass): 200 GET http://10.180.1.21/compute/v2.1/servers/d0bb62ae-c499-4d16-923b-66c8214289db 0.175s
2024-12-27 22:29:37.064 66872 INFO tempest.lib.common.rest_client [req-b67b74b9-c125-45b6-be24-6c7312a749fe req-b67b74b9-c125-45b6-be24-6c7312a749fe ] Request (ServerRescueNegativeTestJSON:setUpClass): 200 GET http://10.180.1.21/compute/v2.1/servers/8a38074d-7b10-4b97-a0a8-7eaef4474528 0.176s
2024-12-27 22:29:37.114 66841 INFO tempest.lib.common.rest_client [req-3e986879-28f4-4879-b482-c17cb3cb06e1 req-3e986879-28f4-4879-b482-c17cb3cb06e1 ] Request (AttachVolumeNegativeTest:test_attach_attached_volume_to_different_server): 200 GET http://10.180.1.21/compute/v2.1/servers/e7b2d6e6-f687-4d61-9228-e78978e84edf 0.185s
2024-12-27 22:29:37.118 66891 INFO tempest.lib.common.rest_client [req-0a62f569-d28f-453c-8638-1a80bc8ab155 req-0a62f569-d28f-453c-8638-1a80bc8ab155 ] Request (ServersAdminNegativeTestJSON:test_migrate_server_invalid_state): 200 GET http://10.180.1.21/compute/v2.1/servers/8dfb0848-2dc0-431d-8372-8474c1084bf8 0.187s
2024-12-27 22:29:37.162 66839 INFO tempest.lib.common.rest_client [req-27d95478-b4db-4e06-a892-b524d832df76 req-27d95478-b4db-4e06-a892-b524d832df76 ] Request (ServersAdminTestJSON:test_create_server_with_scheduling_hint): 200 GET http://10.180.1.21/compute/v2.1/servers/4e1ab485-0c88-4161-8b4d-500ec3ee7ba4 0.150s
2024-12-27 22:29:37.217 66863 INFO tempest.lib.common.rest_client [req-00912196-3d7c-4a8b-9b63-8bb36a94eee9 req-00912196-3d7c-4a8b-9b63-8bb36a94eee9 ] Request (ServersTestFqdnHostnames:test_create_server_with_fqdn_name): 200 GET http://10.180.1.21/compute/v2.1/servers/7af98b27-970f-4972-8240-b91650034cff 0.148s
2024-12-27 22:29:37.219 66849 INFO tempest.lib.common.rest_client [req-efa00a55-463e-4521-bc42-266ca41984f6 req-efa00a55-463e-4521-bc42-266ca41984f6 ] Request (ServersTestJSON:setUpClass): 200 GET http://10.180.1.21/compute/v2.1/servers/29cb3f72-c88e-47bf-8c52-4fe27ae6aa58 0.199s
2024-12-27 22:29:37.228 66849 INFO tempest.lib.common.ssh [-] Creating ssh connection to '10.180.180.234:22' as 'cirros' with public key authentication
2024-12-27 22:29:37.270 66845 INFO tempest.lib.common.rest_client [req-d4eed95e-efa0-426d-9167-e358d469cc28 req-d4eed95e-efa0-426d-9167-e358d469cc28 ] Request (ServerActionsTestOtherA:test_rebuild_server_in_stop_state): 200 GET http://10.180.1.21/compute/v2.1/servers/2bdde4ff-241d-4f86-8fe9-87a2e985d392 0.104s
2024-12-27 22:29:37.274 66869 INFO tempest.lib.common.rest_client [req-e1fcfade-9774-4b67-87be-84cca08ddff2 req-e1fcfade-9774-4b67-87be-84cca08ddff2 ] Request (SecurityGroupsTestJSON:test_server_security_groups): 200 GET http://10.180.1.21/compute/v2.1/servers/41e880e0-f3ae-427b-86b4-e5bde043d0bd 0.153s
2024-12-27 22:29:37.318 66861 INFO tempest.lib.common.rest_client [req-860eb1d5-d16c-411c-b204-d80f12a25167 req-860eb1d5-d16c-411c-b204-d80f12a25167 ] Request (AttachInterfacesUnderV243Test:test_add_remove_fixed_ip): 200 GET http://10.180.1.21/compute/v2.1/servers/66be2851-bed8-49f0-9bae-96f4f766f5e6 0.109s
2024-12-27 22:29:37.325 66861 INFO tempest.common.waiters [-] State transition "BUILD/scheduling" ==> "BUILD/None" after 40 second wait
2024-12-27 22:29:37.409 66853 INFO tempest.lib.common.rest_client [req-873d3d01-ae89-40bd-9c2d-dbd66f84d4b2 req-873d3d01-ae89-40bd-9c2d-dbd66f84d4b2 ] Request (ServerMetadataNegativeTestJSON:setUpClass): 200 GET http://10.180.1.21/compute/v2.1/servers/f1fd9732-8654-475a-a7a5-63c31caef15d 0.050s
2024-12-27 22:29:37.434 66881 INFO tempest.lib.common.rest_client [req-09fbb80d-b63b-49f2-b168-7daa0b5ad5b5 req-09fbb80d-b63b-49f2-b168-7daa0b5ad5b5 ] Request (ServerDiskConfigTestJSON:test_rebuild_server_with_auto_disk_config): 200 GET http://10.180.1.21/compute/v2.1/servers/991c0412-c377-4428-a11f-b231fa5a7751 0.094s
2024-12-27 22:29:37.441 66881 INFO tempest.common.waiters [-] State transition "BUILD/spawning" ==> "ACTIVE/None" after 53 second wait
2024-12-27 22:29:37.477 66887 INFO tempest.lib.common.rest_client [req-7ff8d66d-8be7-423c-a8ac-bd5c72a2caad req-7ff8d66d-8be7-423c-a8ac-bd5c72a2caad ] Request (ServerDiagnosticsV248Test:tearDownClass): 200 GET http://10.180.1.21/compute/v2.1/servers/d371063f-d419-4965-9840-51e8071bca6a 0.053s
2024-12-27 22:29:37.520 66857 INFO tempest.lib.common.rest_client [req-71043072-343b-4337-a166-d96335a2d6ec req-71043072-343b-4337-a166-d96335a2d6ec ] Request (FloatingIPsAssociationNegativeTestJSON:setUpClass): 200 GET http://10.180.1.21/compute/v2.1/servers/5295d78d-860a-4100-8b53-3ece13c6f31c 0.045s
2024-12-27 22:29:37.577 66881 INFO tempest.lib.common.rest_client [req-d8709aa9-086a-4a59-9edc-5757e5128411 req-d8709aa9-086a-4a59-9edc-5757e5128411 ] Request (ServerDiskConfigTestJSON:test_rebuild_server_with_auto_disk_config): 200 GET http://10.180.1.21/compute/v2.1/servers/991c0412-c377-4428-a11f-b231fa5a7751 0.135s
2024-12-27 22:29:37.582 66859 INFO tempest.lib.common.rest_client [req-19e4b4ff-0c58-473c-829c-3d7e732b6bcb req-19e4b4ff-0c58-473c-829c-3d7e732b6bcb ] Request (ServerExternalEventsTest:test_create_server_external_events): 200 GET http://10.180.1.21/compute/v2.1/servers/a385a9c1-4cdd-48dc-bbe8-4a002ccde241 0.054s
2024-12-27 22:29:37.696 66873 INFO tempest.lib.common.rest_client [req-1199e3cd-8fc5-417b-a098-46a83755945e req-1199e3cd-8fc5-417b-a098-46a83755945e ] Request (ServerDiagnosticsNegativeTest:test_get_server_diagnostics_by_non_admin): 200 GET http://10.180.1.21/compute/v2.1/servers/98c3bd5f-8a4a-4906-84dd-807eaff1da62 0.143s
2024-12-27 22:29:37.760 66889 INFO tempest.lib.common.rest_client [req-47d75c71-2356-4818-ac69-a08ef13f4afc req-47d75c71-2356-4818-ac69-a08ef13f4afc ] Request (ImagesNegativeTestJSON:test_create_image_from_deleted_server): 200 GET http://10.180.1.21/compute/v2.1/servers/171d17e6-19f4-432a-887d-ebc7ec3e5481 0.158s
2024-12-27 22:29:37.784 66881 INFO tempest.lib.common.rest_client [req-73e9f45c-ef9d-4bf3-b452-af8137b742c9 req-73e9f45c-ef9d-4bf3-b452-af8137b742c9 ] Request (ServerDiskConfigTestJSON:test_rebuild_server_with_auto_disk_config): 202 POST http://10.180.1.21/compute/v2.1/servers/991c0412-c377-4428-a11f-b231fa5a7751/action 0.200s
2024-12-27 22:29:37.811 66867 INFO tempest.lib.common.rest_client [req-a02096bc-f3e4-4396-bc96-8f464efcdf31 req-a02096bc-f3e4-4396-bc96-8f464efcdf31 ] Request (ServerShowV257Test:test_rebuild_server): 200 GET http://10.180.1.21/compute/v2.1/servers/74a8ea77-3cbf-493c-9cf0-164f373caa0e 0.200s
2024-12-27 22:29:37.842 66843 INFO tempest.lib.common.rest_client [req-79d5dda2-9b8c-451e-80b8-510c6b51c2da req-79d5dda2-9b8c-451e-80b8-510c6b51c2da ] Request (FloatingIPsAssociationTestJSON:tearDownClass): 200 GET http://10.180.1.21/compute/v2.1/servers/2c04403e-94dd-4b95-a026-b64e9de9b086 0.169s
2024-12-27 22:29:37.964 66881 INFO tempest.lib.common.rest_client [req-b11673f3-39ad-401d-bbb9-7d945554d244 req-b11673f3-39ad-401d-bbb9-7d945554d244 ] Request (ServerDiskConfigTestJSON:test_rebuild_server_with_auto_disk_config): 200 GET http://10.180.1.21/compute/v2.1/servers/991c0412-c377-4428-a11f-b231fa5a7751 0.173s
2024-12-27 22:29:38.019 66855 INFO tempest.lib.common.rest_client [req-20d62956-6ca4-4ff8-b17a-45a37cc468a0 req-20d62956-6ca4-4ff8-b17a-45a37cc468a0 ] Request (ImagesOneServerNegativeTestJSON:_run_cleanups): 200 GET http://10.180.1.21/compute/v2.1/servers/c2d4aca9-bdef-4d11-bc69-0a0f9152722c 0.171s
2024-12-27 22:29:38.093 66901 INFO tempest.lib.common.rest_client [req-c0505a08-a319-431a-84d1-4b0813410386 req-c0505a08-a319-431a-84d1-4b0813410386 ] Request (ServersV294TestFqdnHostnames:tearDownClass): 200 GET http://10.180.1.21/compute/v2.1/servers/5e8d85c0-d594-478f-a56d-4f3f5bacb66d 0.343s
2024-12-27 22:29:38.119 66865 INFO tempest.lib.common.rest_client [req-49d9d675-5a04-418a-aa92-0b35702efd57 req-49d9d675-5a04-418a-aa92-0b35702efd57 ] Request (MigrationsAdminTest:test_list_migrations_in_flavor_resize_situation): 200 GET http://10.180.1.21/compute/v2.1/servers/b58b59b2-7f72-4763-a4ad-9c26117d6afe 0.181s
2024-12-27 22:29:38.134 66878 WARNING tempest.lib.common.ssh [-] Failed to establish authenticated ssh connection to cirros@10.180.180.166 ([Errno None] Unable to connect to port 22 on 10.180.180.166). Number attempts: 3. Retry after 4 seconds.: paramiko.ssh_exception.NoValidConnectionsError: [Errno None] Unable to connect to port 22 on 10.180.180.166
2024-12-27 22:29:38.134 66847 WARNING tempest.lib.common.ssh [-] Failed to establish authenticated ssh connection to cirros@10.180.180.149 ([Errno None] Unable to connect to port 22 on 10.180.180.149). Number attempts: 4. Retry after 5 seconds.: paramiko.ssh_exception.NoValidConnectionsError: [Errno None] Unable to connect to port 22 on 10.180.180.149
2024-12-27 22:29:38.150 66896 INFO tempest.lib.common.rest_client [req-5b72adc4-a94c-401d-b175-abacbedd5369 req-5b72adc4-a94c-401d-b175-abacbedd5369 ] Request (ImagesTestJSON:test_create_image_from_suspended_server): 200 GET http://10.180.1.21/compute/v2.1/servers/22ad90b8-e525-46b9-842e-06b024d6f6ba 0.152s
2024-12-27 22:29:38.198 66893 INFO tempest.lib.common.rest_client [req-ea700c84-1900-48bb-95de-4945d921d1e2 req-ea700c84-1900-48bb-95de-4945d921d1e2 ] Request (ServerRescueTestJSON:setUpClass): 200 GET http://10.180.1.21/compute/v2.1/servers/d0bb62ae-c499-4d16-923b-66c8214289db 0.128s
2024-12-27 22:29:38.211 66851 INFO tempest.lib.common.rest_client [req-9a3169a9-0d07-4ffe-bbb7-10cf722a0e37 req-9a3169a9-0d07-4ffe-bbb7-10cf722a0e37 ] Request (DeleteServersAdminTestJSON:test_delete_server_while_in_error_state): 200 GET http://10.180.1.21/compute/v2.1/servers/736874a7-a8c5-4ca2-9711-ded10fe44bdd 0.191s
2024-12-27 22:29:38.253 66872 INFO tempest.lib.common.rest_client [req-73280e7c-82ab-483e-8e09-38281a2e5231 req-73280e7c-82ab-483e-8e09-38281a2e5231 ] Request (ServerRescueNegativeTestJSON:setUpClass): 200 GET http://10.180.1.21/compute/v2.1/servers/8a38074d-7b10-4b97-a0a8-7eaef4474528 0.180s
2024-12-27 22:29:38.259 66872 INFO tempest.common.waiters [-] State transition "BUILD/None" ==> "BUILD/networking" after 52 second wait
2024-12-27 22:29:38.263 66841 INFO tempest.lib.common.rest_client [req-740469bb-11a5-4b54-91b9-fb3e08e520e9 req-740469bb-11a5-4b54-91b9-fb3e08e520e9 ] Request (AttachVolumeNegativeTest:test_attach_attached_volume_to_different_server): 200 GET http://10.180.1.21/compute/v2.1/servers/e7b2d6e6-f687-4d61-9228-e78978e84edf 0.142s
2024-12-27 22:29:38.299 66891 INFO tempest.lib.common.rest_client [req-f8ed0f44-1cfe-448a-b5ed-3d4567f0f7d5 req-f8ed0f44-1cfe-448a-b5ed-3d4567f0f7d5 ] Request (ServersAdminNegativeTestJSON:test_migrate_server_invalid_state): 200 GET http://10.180.1.21/compute/v2.1/servers/8dfb0848-2dc0-431d-8372-8474c1084bf8 0.171s
2024-12-27 22:29:38.319 66839 INFO tempest.lib.common.rest_client [req-5a7cced7-fcc2-4eac-b933-d03561cd2b5f req-5a7cced7-fcc2-4eac-b933-d03561cd2b5f ] Request (ServersAdminTestJSON:test_create_server_with_scheduling_hint): 200 GET http://10.180.1.21/compute/v2.1/servers/4e1ab485-0c88-4161-8b4d-500ec3ee7ba4 0.150s
2024-12-27 22:29:38.355 66863 INFO tempest.lib.common.rest_client [req-2705b0c8-ad2c-478e-97c8-9ebcc03d1073 req-2705b0c8-ad2c-478e-97c8-9ebcc03d1073 ] Request (ServersTestFqdnHostnames:test_create_server_with_fqdn_name): 200 GET http://10.180.1.21/compute/v2.1/servers/7af98b27-970f-4972-8240-b91650034cff 0.128s
2024-12-27 22:29:38.366 66845 INFO tempest.lib.common.rest_client [req-90dae193-1148-483e-8484-e76895f26dc4 req-90dae193-1148-483e-8484-e76895f26dc4 ] Request (ServerActionsTestOtherA:test_rebuild_server_in_stop_state): 200 GET http://10.180.1.21/compute/v2.1/servers/2bdde4ff-241d-4f86-8fe9-87a2e985d392 0.088s
2024-12-27 22:29:38.401 66869 INFO tempest.lib.common.rest_client [req-15fdb17c-2ea5-41c0-a241-c027e6e3bfd2 req-15fdb17c-2ea5-41c0-a241-c027e6e3bfd2 ] Request (SecurityGroupsTestJSON:test_server_security_groups): 200 GET http://10.180.1.21/compute/v2.1/servers/41e880e0-f3ae-427b-86b4-e5bde043d0bd 0.119s
2024-12-27 22:29:38.407 66869 INFO tempest.common.waiters [-] State transition "BUILD/scheduling" ==> "BUILD/None" after 38 second wait
2024-12-27 22:29:38.412 66861 INFO tempest.lib.common.rest_client [req-3f53284b-ed43-4d52-b898-8c77c448ad3e req-3f53284b-ed43-4d52-b898-8c77c448ad3e ] Request (AttachInterfacesUnderV243Test:test_add_remove_fixed_ip): 200 GET http://10.180.1.21/compute/v2.1/servers/66be2851-bed8-49f0-9bae-96f4f766f5e6 0.083s
2024-12-27 22:29:38.474 66853 INFO tempest.lib.common.rest_client [req-c469e859-2e44-421d-b3bc-e2157b7a3257 req-c469e859-2e44-421d-b3bc-e2157b7a3257 ] Request (ServerMetadataNegativeTestJSON:setUpClass): 200 GET http://10.180.1.21/compute/v2.1/servers/f1fd9732-8654-475a-a7a5-63c31caef15d 0.057s
2024-12-27 22:29:38.564 66887 INFO tempest.lib.common.rest_client [req-1b952ee8-7d12-403f-bf45-365a67383ac3 req-1b952ee8-7d12-403f-bf45-365a67383ac3 ] Request (ServerDiagnosticsV248Test:tearDownClass): 200 GET http://10.180.1.21/compute/v2.1/servers/d371063f-d419-4965-9840-51e8071bca6a 0.079s
2024-12-27 22:29:38.585 66857 INFO tempest.lib.common.rest_client [req-9ca5e838-2a6e-41c7-b9fa-90c92b78d370 req-9ca5e838-2a6e-41c7-b9fa-90c92b78d370 ] Request (FloatingIPsAssociationNegativeTestJSON:setUpClass): 200 GET http://10.180.1.21/compute/v2.1/servers/5295d78d-860a-4100-8b53-3ece13c6f31c 0.058s
2024-12-27 22:29:38.653 66859 INFO tempest.lib.common.rest_client [req-cdfab0c6-11a3-4960-aad9-7466657a2b30 req-cdfab0c6-11a3-4960-aad9-7466657a2b30 ] Request (ServerExternalEventsTest:test_create_server_external_events): 200 GET http://10.180.1.21/compute/v2.1/servers/a385a9c1-4cdd-48dc-bbe8-4a002ccde241 0.059s
2024-12-27 22:29:38.798 66873 INFO tempest.lib.common.rest_client [req-19a82a2d-7bfa-4b02-b17b-660bcc17ee30 req-19a82a2d-7bfa-4b02-b17b-660bcc17ee30 ] Request (ServerDiagnosticsNegativeTest:test_get_server_diagnostics_by_non_admin): 200 GET http://10.180.1.21/compute/v2.1/servers/98c3bd5f-8a4a-4906-84dd-807eaff1da62 0.095s
2024-12-27 22:29:38.831 66889 INFO tempest.lib.common.rest_client [req-67de0e6f-62c5-4fe7-884c-8688bba4c572 req-67de0e6f-62c5-4fe7-884c-8688bba4c572 ] Request (ImagesNegativeTestJSON:test_create_image_from_deleted_server): 200 GET http://10.180.1.21/compute/v2.1/servers/171d17e6-19f4-432a-887d-ebc7ec3e5481 0.060s
2024-12-27 22:29:38.875 66867 INFO tempest.lib.common.rest_client [req-c82164ea-7737-4f36-9967-74277ddf7d38 req-c82164ea-7737-4f36-9967-74277ddf7d38 ] Request (ServerShowV257Test:test_rebuild_server): 200 GET http://10.180.1.21/compute/v2.1/servers/74a8ea77-3cbf-493c-9cf0-164f373caa0e 0.055s
2024-12-27 22:29:38.923 66843 INFO tempest.lib.common.rest_client [req-a1ffd942-6e34-4638-be70-bfef52e1fced req-a1ffd942-6e34-4638-be70-bfef52e1fced ] Request (FloatingIPsAssociationTestJSON:tearDownClass): 200 GET http://10.180.1.21/compute/v2.1/servers/2c04403e-94dd-4b95-a026-b64e9de9b086 0.074s
2024-12-27 22:29:39.081 66881 INFO tempest.lib.common.rest_client [req-c72a0e68-908d-47bd-bc8d-79cdd759fe99 req-c72a0e68-908d-47bd-bc8d-79cdd759fe99 ] Request (ServerDiskConfigTestJSON:test_rebuild_server_with_auto_disk_config): 200 GET http://10.180.1.21/compute/v2.1/servers/991c0412-c377-4428-a11f-b231fa5a7751 0.110s
2024-12-27 22:29:39.115 66855 INFO tempest.lib.common.rest_client [req-a8033def-a1eb-4a01-851f-4b44d9636210 req-a8033def-a1eb-4a01-851f-4b44d9636210 ] Request (ImagesOneServerNegativeTestJSON:_run_cleanups): 200 GET http://10.180.1.21/compute/v2.1/servers/c2d4aca9-bdef-4d11-bc69-0a0f9152722c 0.088s
2024-12-27 22:29:39.186 66901 INFO tempest.lib.common.rest_client [req-1b49740b-464d-4bcf-8e82-16ae5a2a7288 req-1b49740b-464d-4bcf-8e82-16ae5a2a7288 ] Request (ServersV294TestFqdnHostnames:tearDownClass): 200 GET http://10.180.1.21/compute/v2.1/servers/5e8d85c0-d594-478f-a56d-4f3f5bacb66d 0.081s
2024-12-27 22:29:39.212 66885 WARNING tempest.lib.common.ssh [-] Failed to establish authenticated ssh connection to cirros@10.180.180.244 ([Errno None] Unable to connect to port 22 on 10.180.180.244). Number attempts: 6. Retry after 7 seconds.: paramiko.ssh_exception.NoValidConnectionsError: [Errno None] Unable to connect to port 22 on 10.180.180.244
2024-12-27 22:29:39.233 66896 INFO tempest.lib.common.rest_client [req-8d62de91-80c2-4bfe-8b9c-cb7c24230c8e req-8d62de91-80c2-4bfe-8b9c-cb7c24230c8e ] Request (ImagesTestJSON:test_create_image_from_suspended_server): 200 GET http://10.180.1.21/compute/v2.1/servers/22ad90b8-e525-46b9-842e-06b024d6f6ba 0.075s
2024-12-27 22:29:39.248 66865 INFO tempest.lib.common.rest_client [req-8598761e-7fa3-4b86-a389-7e95d33dc1c2 req-8598761e-7fa3-4b86-a389-7e95d33dc1c2 ] Request (MigrationsAdminTest:test_list_migrations_in_flavor_resize_situation): 200 GET http://10.180.1.21/compute/v2.1/servers/b58b59b2-7f72-4763-a4ad-9c26117d6afe 0.122s
2024-12-27 22:29:39.262 66865 INFO tempest.common.waiters [-] State transition "RESIZE/resize_prep" ==> "RESIZE/resize_migrating" after 34 second wait
2024-12-27 22:29:39.286 66893 INFO tempest.lib.common.rest_client [req-4f528cba-1fd0-41e4-9396-6223adc440ba req-4f528cba-1fd0-41e4-9396-6223adc440ba ] Request (ServerRescueTestJSON:setUpClass): 200 GET http://10.180.1.21/compute/v2.1/servers/d0bb62ae-c499-4d16-923b-66c8214289db 0.080s
2024-12-27 22:29:39.396 66851 INFO tempest.lib.common.rest_client [req-a17dc001-9aa4-4122-9019-31bc477ad580 req-a17dc001-9aa4-4122-9019-31bc477ad580 ] Request (DeleteServersAdminTestJSON:test_delete_server_while_in_error_state): 200 GET http://10.180.1.21/compute/v2.1/servers/736874a7-a8c5-4ca2-9711-ded10fe44bdd 0.172s
2024-12-27 22:29:39.433 66872 INFO tempest.lib.common.rest_client [req-9270b169-d60d-441c-ab3e-7a9a4d2e61e5 req-9270b169-d60d-441c-ab3e-7a9a4d2e61e5 ] Request (ServerRescueNegativeTestJSON:setUpClass): 200 GET http://10.180.1.21/compute/v2.1/servers/8a38074d-7b10-4b97-a0a8-7eaef4474528 0.171s
2024-12-27 22:29:39.441 66872 INFO tempest.common.waiters [-] State transition "BUILD/networking" ==> "BUILD/spawning" after 53 second wait
2024-12-27 22:29:39.467 66841 INFO tempest.lib.common.rest_client [req-a77f8aa0-0301-497b-9b8b-959a1102aedc req-a77f8aa0-0301-497b-9b8b-959a1102aedc ] Request (AttachVolumeNegativeTest:test_attach_attached_volume_to_different_server): 200 GET http://10.180.1.21/compute/v2.1/servers/e7b2d6e6-f687-4d61-9228-e78978e84edf 0.196s
2024-12-27 22:29:39.484 66891 INFO tempest.lib.common.rest_client [req-ebd92980-a600-46b5-8b2d-55a410a1e90c req-ebd92980-a600-46b5-8b2d-55a410a1e90c ] Request (ServersAdminNegativeTestJSON:test_migrate_server_invalid_state): 200 GET http://10.180.1.21/compute/v2.1/servers/8dfb0848-2dc0-431d-8372-8474c1084bf8 0.175s
2024-12-27 22:29:39.534 66863 INFO tempest.lib.common.rest_client [req-fde2e4e2-43c5-4765-a482-3b43a47b8abf req-fde2e4e2-43c5-4765-a482-3b43a47b8abf ] Request (ServersTestFqdnHostnames:test_create_server_with_fqdn_name): 200 GET http://10.180.1.21/compute/v2.1/servers/7af98b27-970f-4972-8240-b91650034cff 0.173s
2024-12-27 22:29:39.537 66839 INFO tempest.lib.common.rest_client [req-122532ae-485c-440d-9e9b-48a5d16e9e3f req-122532ae-485c-440d-9e9b-48a5d16e9e3f ] Request (ServersAdminTestJSON:test_create_server_with_scheduling_hint): 200 GET http://10.180.1.21/compute/v2.1/servers/4e1ab485-0c88-4161-8b4d-500ec3ee7ba4 0.210s
2024-12-27 22:29:39.590 66845 INFO tempest.lib.common.rest_client [req-a228ce12-5506-43e7-9a7e-8ed68d0b4196 req-a228ce12-5506-43e7-9a7e-8ed68d0b4196 ] Request (ServerActionsTestOtherA:test_rebuild_server_in_stop_state): 200 GET http://10.180.1.21/compute/v2.1/servers/2bdde4ff-241d-4f86-8fe9-87a2e985d392 0.217s
2024-12-27 22:29:39.599 66869 INFO tempest.lib.common.rest_client [req-2be9a016-a78a-4fb7-ab4c-40484ae04081 req-2be9a016-a78a-4fb7-ab4c-40484ae04081 ] Request (SecurityGroupsTestJSON:test_server_security_groups): 200 GET http://10.180.1.21/compute/v2.1/servers/41e880e0-f3ae-427b-86b4-e5bde043d0bd 0.191s
2024-12-27 22:29:39.647 66861 INFO tempest.lib.common.rest_client [req-8cc2d6a0-e5bb-45d6-932a-09f22bd42ea2 req-8cc2d6a0-e5bb-45d6-932a-09f22bd42ea2 ] Request (AttachInterfacesUnderV243Test:test_add_remove_fixed_ip): 200 GET http://10.180.1.21/compute/v2.1/servers/66be2851-bed8-49f0-9bae-96f4f766f5e6 0.229s
2024-12-27 22:29:39.652 66853 INFO tempest.lib.common.rest_client [req-65066ed5-e250-4518-ba0c-a60df0c02f57 req-65066ed5-e250-4518-ba0c-a60df0c02f57 ] Request (ServerMetadataNegativeTestJSON:setUpClass): 200 GET http://10.180.1.21/compute/v2.1/servers/f1fd9732-8654-475a-a7a5-63c31caef15d 0.172s
2024-12-27 22:29:39.703 66857 INFO tempest.lib.common.rest_client [req-1bc9ec1e-95e2-4765-9182-3e665ca03fee req-1bc9ec1e-95e2-4765-9182-3e665ca03fee ] Request (FloatingIPsAssociationNegativeTestJSON:setUpClass): 200 GET http://10.180.1.21/compute/v2.1/servers/5295d78d-860a-4100-8b53-3ece13c6f31c 0.107s
2024-12-27 22:29:39.715 66887 INFO tempest.lib.common.rest_client [req-0019cb81-7ba5-471e-8b0b-36f3a635a8bd req-0019cb81-7ba5-471e-8b0b-36f3a635a8bd ] Request (ServerDiagnosticsV248Test:tearDownClass): 200 GET http://10.180.1.21/compute/v2.1/servers/d371063f-d419-4965-9840-51e8071bca6a 0.142s
2024-12-27 22:29:39.755 66859 INFO tempest.lib.common.rest_client [req-88727c0c-a95d-4be3-9b07-e7666ec641d4 req-88727c0c-a95d-4be3-9b07-e7666ec641d4 ] Request (ServerExternalEventsTest:test_create_server_external_events): 200 GET http://10.180.1.21/compute/v2.1/servers/a385a9c1-4cdd-48dc-bbe8-4a002ccde241 0.095s
2024-12-27 22:29:39.819 66899 WARNING tempest.lib.common.ssh [-] Failed to establish authenticated ssh connection to cirros@10.180.180.243 ([Errno None] Unable to connect to port 22 on 10.180.180.243). Number attempts: 7. Retry after 8 seconds.: paramiko.ssh_exception.NoValidConnectionsError: [Errno None] Unable to connect to port 22 on 10.180.180.243
2024-12-27 22:29:39.894 66889 INFO tempest.lib.common.rest_client [req-6f0268a0-bc79-4008-aba4-53890058ea7b req-6f0268a0-bc79-4008-aba4-53890058ea7b ] Request (ImagesNegativeTestJSON:test_create_image_from_deleted_server): 200 GET http://10.180.1.21/compute/v2.1/servers/171d17e6-19f4-432a-887d-ebc7ec3e5481 0.054s
2024-12-27 22:29:39.942 66873 INFO tempest.lib.common.rest_client [req-b77331df-d045-4ff6-abea-8f5b29af726e req-b77331df-d045-4ff6-abea-8f5b29af726e ] Request (ServerDiagnosticsNegativeTest:test_get_server_diagnostics_by_non_admin): 200 GET http://10.180.1.21/compute/v2.1/servers/98c3bd5f-8a4a-4906-84dd-807eaff1da62 0.137s
2024-12-27 22:29:39.966 66867 INFO tempest.lib.common.rest_client [req-b0d879f3-ddef-48c7-8751-642b8aefd4ff req-b0d879f3-ddef-48c7-8751-642b8aefd4ff ] Request (ServerShowV257Test:test_rebuild_server): 200 GET http://10.180.1.21/compute/v2.1/servers/74a8ea77-3cbf-493c-9cf0-164f373caa0e 0.079s
2024-12-27 22:29:40.001 66843 INFO tempest.lib.common.rest_client [req-b76a0da3-9344-433d-b64e-3eed345d6881 req-b76a0da3-9344-433d-b64e-3eed345d6881 ] Request (FloatingIPsAssociationTestJSON:tearDownClass): 200 GET http://10.180.1.21/compute/v2.1/servers/2c04403e-94dd-4b95-a026-b64e9de9b086 0.069s
2024-12-27 22:29:40.179 66855 INFO tempest.lib.common.rest_client [req-0babdfe6-a5be-49a1-9acd-e7be87b8b74a req-0babdfe6-a5be-49a1-9acd-e7be87b8b74a ] Request (ImagesOneServerNegativeTestJSON:_run_cleanups): 200 GET http://10.180.1.21/compute/v2.1/servers/c2d4aca9-bdef-4d11-bc69-0a0f9152722c 0.056s
2024-12-27 22:29:40.185 66881 INFO tempest.lib.common.rest_client [req-6126c715-39b6-4d63-8b14-ac00f8c8eaa0 req-6126c715-39b6-4d63-8b14-ac00f8c8eaa0 ] Request (ServerDiskConfigTestJSON:test_rebuild_server_with_auto_disk_config): 200 GET http://10.180.1.21/compute/v2.1/servers/991c0412-c377-4428-a11f-b231fa5a7751 0.090s
2024-12-27 22:29:40.255 66901 INFO tempest.lib.common.rest_client [req-1b5df8e2-7c5c-49dd-a51a-63e1a8f5d437 req-1b5df8e2-7c5c-49dd-a51a-63e1a8f5d437 ] Request (ServersV294TestFqdnHostnames:tearDownClass): 200 GET http://10.180.1.21/compute/v2.1/servers/5e8d85c0-d594-478f-a56d-4f3f5bacb66d 0.059s
2024-12-27 22:29:40.295 66896 INFO tempest.lib.common.rest_client [req-1b5ae4c4-2466-4c61-9359-33ca6166ea61 req-1b5ae4c4-2466-4c61-9359-33ca6166ea61 ] Request (ImagesTestJSON:test_create_image_from_suspended_server): 200 GET http://10.180.1.21/compute/v2.1/servers/22ad90b8-e525-46b9-842e-06b024d6f6ba 0.054s
2024-12-27 22:29:40.346 66893 INFO tempest.lib.common.rest_client [req-3bad1a41-b53d-4464-b903-e25f8a487a43 req-3bad1a41-b53d-4464-b903-e25f8a487a43 ] Request (ServerRescueTestJSON:setUpClass): 200 GET http://10.180.1.21/compute/v2.1/servers/d0bb62ae-c499-4d16-923b-66c8214289db 0.052s
2024-12-27 22:29:40.354 66865 INFO tempest.lib.common.rest_client [req-462ba807-0677-4ffa-afc7-30fb71047969 req-462ba807-0677-4ffa-afc7-30fb71047969 ] Request (MigrationsAdminTest:test_list_migrations_in_flavor_resize_situation): 200 GET http://10.180.1.21/compute/v2.1/servers/b58b59b2-7f72-4763-a4ad-9c26117d6afe 0.091s
2024-12-27 22:29:40.499 66851 INFO tempest.lib.common.rest_client [req-d9eed5b8-add0-4d10-8606-59b0dee16e7f req-d9eed5b8-add0-4d10-8606-59b0dee16e7f ] Request (DeleteServersAdminTestJSON:test_delete_server_while_in_error_state): 200 GET http://10.180.1.21/compute/v2.1/servers/736874a7-a8c5-4ca2-9711-ded10fe44bdd 0.095s
2024-12-27 22:29:40.533 66872 INFO tempest.lib.common.rest_client [req-bcb7a180-dd13-43c8-b46f-7a189db47655 req-bcb7a180-dd13-43c8-b46f-7a189db47655 ] Request (ServerRescueNegativeTestJSON:setUpClass): 200 GET http://10.180.1.21/compute/v2.1/servers/8a38074d-7b10-4b97-a0a8-7eaef4474528 0.091s
2024-12-27 22:29:40.552 66841 INFO tempest.lib.common.rest_client [req-68089384-1e68-4778-b126-3781dfd78126 req-68089384-1e68-4778-b126-3781dfd78126 ] Request (AttachVolumeNegativeTest:test_attach_attached_volume_to_different_server): 200 GET http://10.180.1.21/compute/v2.1/servers/e7b2d6e6-f687-4d61-9228-e78978e84edf 0.078s
2024-12-27 22:29:40.578 66891 INFO tempest.lib.common.rest_client [req-1c15b8f3-83f2-49a9-abe2-2abd2823e344 req-1c15b8f3-83f2-49a9-abe2-2abd2823e344 ] Request (ServersAdminNegativeTestJSON:test_migrate_server_invalid_state): 200 GET http://10.180.1.21/compute/v2.1/servers/8dfb0848-2dc0-431d-8372-8474c1084bf8 0.085s
2024-12-27 22:29:40.596 66863 INFO tempest.lib.common.rest_client [req-23a7be7e-c5c6-4ea1-86bf-66c71d34b521 req-23a7be7e-c5c6-4ea1-86bf-66c71d34b521 ] Request (ServersTestFqdnHostnames:test_create_server_with_fqdn_name): 200 GET http://10.180.1.21/compute/v2.1/servers/7af98b27-970f-4972-8240-b91650034cff 0.055s
2024-12-27 22:29:40.635 66839 INFO tempest.lib.common.rest_client [req-5a279be5-32f9-4dd8-861b-376cc00eaabc req-5a279be5-32f9-4dd8-861b-376cc00eaabc ] Request (ServersAdminTestJSON:test_create_server_with_scheduling_hint): 200 GET http://10.180.1.21/compute/v2.1/servers/4e1ab485-0c88-4161-8b4d-500ec3ee7ba4 0.088s
2024-12-27 22:29:40.650 66845 INFO tempest.lib.common.rest_client [req-beabb8f5-ae95-41ff-a60e-5e843bf16441 req-beabb8f5-ae95-41ff-a60e-5e843bf16441 ] Request (ServerActionsTestOtherA:test_rebuild_server_in_stop_state): 200 GET http://10.180.1.21/compute/v2.1/servers/2bdde4ff-241d-4f86-8fe9-87a2e985d392 0.050s
2024-12-27 22:29:40.684 66869 INFO tempest.lib.common.rest_client [req-56da5a47-4440-404c-8c53-1993a173a22d req-56da5a47-4440-404c-8c53-1993a173a22d ] Request (SecurityGroupsTestJSON:test_server_security_groups): 200 GET http://10.180.1.21/compute/v2.1/servers/41e880e0-f3ae-427b-86b4-e5bde043d0bd 0.075s
2024-12-27 22:29:40.708 66861 INFO tempest.lib.common.rest_client [req-cb2ccecc-5de9-49b1-b693-9388ce7df84e req-cb2ccecc-5de9-49b1-b693-9388ce7df84e ] Request (AttachInterfacesUnderV243Test:test_add_remove_fixed_ip): 200 GET http://10.180.1.21/compute/v2.1/servers/66be2851-bed8-49f0-9bae-96f4f766f5e6 0.052s
2024-12-27 22:29:40.730 66853 INFO tempest.lib.common.rest_client [req-ac0c7328-9220-4f43-bb55-8eed2d4bb0f3 req-ac0c7328-9220-4f43-bb55-8eed2d4bb0f3 ] Request (ServerMetadataNegativeTestJSON:setUpClass): 200 GET http://10.180.1.21/compute/v2.1/servers/f1fd9732-8654-475a-a7a5-63c31caef15d 0.068s
2024-12-27 22:29:40.759 66857 INFO tempest.lib.common.rest_client [req-1f722b04-408f-40f2-b9fd-13e407bfac97 req-1f722b04-408f-40f2-b9fd-13e407bfac97 ] Request (FloatingIPsAssociationNegativeTestJSON:setUpClass): 200 GET http://10.180.1.21/compute/v2.1/servers/5295d78d-860a-4100-8b53-3ece13c6f31c 0.046s
2024-12-27 22:29:40.788 66887 INFO tempest.lib.common.rest_client [req-36980d75-8528-4ba8-b0a9-b5bfd62a6726 req-36980d75-8528-4ba8-b0a9-b5bfd62a6726 ] Request (ServerDiagnosticsV248Test:tearDownClass): 200 GET http://10.180.1.21/compute/v2.1/servers/d371063f-d419-4965-9840-51e8071bca6a 0.064s
2024-12-27 22:29:40.813 66859 INFO tempest.lib.common.rest_client [req-d6a9000a-2953-441b-924c-7238f14c40b8 req-d6a9000a-2953-441b-924c-7238f14c40b8 ] Request (ServerExternalEventsTest:test_create_server_external_events): 200 GET http://10.180.1.21/compute/v2.1/servers/a385a9c1-4cdd-48dc-bbe8-4a002ccde241 0.049s
2024-12-27 22:29:40.969 66889 INFO tempest.lib.common.rest_client [req-ab7ebce8-da54-4c37-8d13-333121c96635 req-ab7ebce8-da54-4c37-8d13-333121c96635 ] Request (ImagesNegativeTestJSON:test_create_image_from_deleted_server): 200 GET http://10.180.1.21/compute/v2.1/servers/171d17e6-19f4-432a-887d-ebc7ec3e5481 0.067s
