2024-12-27 22:28:15.614 66891 INFO tempest.lib.common.rest_client [req-98a53cae-db3a-4d31-b279-3bad7e2129e1 req-98a53cae-db3a-4d31-b279-3bad7e2129e1 ] Request (ServersAdminNegativeTestJSON:setUpClass): 201 POST http://10.180.1.21/identity/v3/users 0.099s
2024-12-27 22:28:15.641 66891 INFO tempest.lib.common.rest_client [req-d558b3a7-2421-49ab-a881-f592973071cb req-d558b3a7-2421-49ab-a881-f592973071cb ] Request (ServersAdminNegativeTestJSON:setUpClass): 200 GET http://10.180.1.21/identity/v3/roles 0.026s
2024-12-27 22:28:15.665 66897 INFO tempest.lib.common.rest_client [req-53d25691-3416-4e2b-9708-2dd0e4c2c362 req-53d25691-3416-4e2b-9708-2dd0e4c2c362 ] Request (AZV2TestJSON:tearDownClass): 204 DELETE http://10.180.1.21/identity/v3/users/4a8cdcb6d845498481c73be116820243 0.095s
2024-12-27 22:28:15.666 66897 INFO tempest.lib.common.dynamic_creds [-] Deleting project and security group for project: 90eb404042dd498e939d70a9800a3b39
2024-12-27 22:28:15.668 66893 INFO tempest.lib.common.rest_client [req-48ba635f-9949-463a-9c0f-00f5588f7577 req-48ba635f-9949-463a-9c0f-00f5588f7577 ] Request (SecurityGroupRulesNegativeTestJSON:test_create_security_group_rule_duplicate): 400 POST http://10.180.1.21/compute/v2.1/os-security-group-rules 1.388s
2024-12-27 22:28:15.719 66891 INFO tempest.lib.common.rest_client [req-3b8bb157-e8f9-4c88-84f6-a0d733190cb0 req-3b8bb157-e8f9-4c88-84f6-a0d733190cb0 ] Request (ServersAdminNegativeTestJSON:setUpClass): 204 PUT http://10.180.1.21/identity/v3/projects/c7301841520b423bbdd7588a38be3847/users/ed8e439657574ce2a19ac4c92ee1ada5/roles/bd962d2bfbc14d789a1b5fd73ccb696a 0.078s
2024-12-27 22:28:15.753 66897 INFO tempest.lib.common.rest_client [req-582d80d6-8970-44f5-84fb-f288c0703444 req-582d80d6-8970-44f5-84fb-f288c0703444 ] Request (AZV2TestJSON:tearDownClass): 201 POST http://10.180.1.21/identity/v3/auth/tokens 0.087s
2024-12-27 22:28:15.780 66901 INFO tempest.lib.common.rest_client [req-b2f1a1b4-ed66-4d0d-9c20-ef5aed11eb06 req-b2f1a1b4-ed66-4d0d-9c20-ef5aed11eb06 ] Request (ServersV294TestFqdnHostnames:setUpClass): 201 POST http://10.180.1.21:9696/networking/v2.0/security-group-rules 0.212s
2024-12-27 22:28:15.796 66869 INFO tempest.lib.common.rest_client [req-d50d28a4-0f6e-451a-b095-2d8e4199f97b req-d50d28a4-0f6e-451a-b095-2d8e4199f97b ] Request (SecurityGroupsTestJSON:test_list_security_groups_by_server): 200 POST http://10.180.1.21/compute/v2.1/os-security-groups 1.819s
2024-12-27 22:28:15.837 66891 INFO tempest.lib.common.rest_client [req-2b462719-6461-4aff-ad72-ff92cfa2c14c req-2b462719-6461-4aff-ad72-ff92cfa2c14c ] Request (ServersAdminNegativeTestJSON:setUpClass): 200 GET http://10.180.1.21/identity/v3/roles 0.117s
2024-12-27 22:28:15.842 66899 INFO tempest.lib.common.rest_client [req-ed1aa1b5-1cc3-407b-b0c3-39dcb93d58f4 req-ed1aa1b5-1cc3-407b-b0c3-39dcb93d58f4 ] Request (VolumesAssistedSnapshotsTest:test_volume_assisted_snapshot_create_delete): 201 POST http://10.180.1.21:9696/networking/v2.0/security-group-rules 0.276s
2024-12-27 22:28:15.903 66863 INFO tempest.lib.common.rest_client [req-d58a0814-a3e5-4cb4-9539-ba00886121ca req-d58a0814-a3e5-4cb4-9539-ba00886121ca ] Request (ServersAdmin275Test:test_rebuild_update_server_275): 200 GET http://10.180.1.21/compute/v2.1/servers/4f552bc4-3af1-4579-b0d3-8dc962bd27c6 1.436s
2024-12-27 22:28:15.910 66878 INFO tempest.lib.common.rest_client [req-5fc88dd8-59cd-45dc-939b-875078782be3 req-5fc88dd8-59cd-45dc-939b-875078782be3 ] Request (ServersTestBootFromVolume:setUpClass): 200 POST http://10.180.1.21/compute/v2.1/os-keypairs 1.464s
2024-12-27 22:28:15.912 66869 INFO tempest.lib.common.rest_client [req-5db17444-d9f0-49ed-9c1b-7f723b811b4d req-5db17444-d9f0-49ed-9c1b-7f723b811b4d ] Request (SecurityGroupsTestJSON:test_list_security_groups_by_server): 201 POST http://10.180.1.21/identity/v3/auth/tokens 0.106s
2024-12-27 22:28:15.912 66863 INFO tempest.common.waiters [-] State transition "BUILD/spawning" ==> "ACTIVE/None" after 13 second wait
2024-12-27 22:28:15.912 66869 INFO tempest.lib.common.fixed_network [-] (SecurityGroupsTestJSON:test_list_security_groups_by_server) Found network {'id': 'c57f43af-6802-4e3d-a341-d7f89b29db10', 'name': 'tempest-SecurityGroupsTestJSON-2013283268-network', 'tenant_id': '47d401bcab74454e817b346c383509cd', 'admin_state_up': True, 'mtu': 8950, 'status': 'ACTIVE', 'subnets': [], 'shared': False, 'project_id': '47d401bcab74454e817b346c383509cd', 'port_security_enabled': True, 'router:external': False, 'provider:network_type': 'vlan', 'provider:physical_network': 'default', 'provider:segmentation_id': 358, 'availability_zone_hints': [], 'availability_zones': [], 'ipv4_address_scope': None, 'ipv6_address_scope': None, 'description': '', 'tags': [], 'created_at': '2024-12-27T22:28:04Z', 'updated_at': '2024-12-27T22:28:05Z', 'revision_number': 1} available for tenant
2024-12-27 22:28:15.920 66865 INFO tempest.lib.common.rest_client [req-db067883-d23e-4ce5-817e-034a39ec0f1b req-db067883-d23e-4ce5-817e-034a39ec0f1b ] Request (HypervisorAdminNegativeUnderV252Test:test_search_nonexistent_hypervisor): 404 GET http://10.180.1.21/compute/v2.1/os-hypervisors/nonexistent_hypervisor_name/search 1.448s
2024-12-27 22:28:15.927 66872 INFO tempest.lib.common.rest_client [req-20225bb6-57eb-4b8c-8f4a-914c3c991d13 req-20225bb6-57eb-4b8c-8f4a-914c3c991d13 ] Request (FlavorsExtraSpecsNegativeTestJSON:test_flavor_update_mismatch_key): 400 PUT http://10.180.1.21/compute/v2.1/flavors/1958929553/os-extra_specs/hw:numa_nodes 1.221s
2024-12-27 22:28:15.931 66891 INFO tempest.lib.common.rest_client [req-8c3e30cb-c10f-4165-bb8a-e175e13b375e req-8c3e30cb-c10f-4165-bb8a-e175e13b375e ] Request (ServersAdminNegativeTestJSON:setUpClass): 204 PUT http://10.180.1.21/identity/v3/projects/c7301841520b423bbdd7588a38be3847/users/ed8e439657574ce2a19ac4c92ee1ada5/roles/bd962d2bfbc14d789a1b5fd73ccb696a 0.094s
2024-12-27 22:28:15.932 66891 INFO tempest.lib.common.dynamic_creds [-] Dynamic test user ed8e439657574ce2a19ac4c92ee1ada5 is created with scope project and roles: ['admin']
2024-12-27 22:28:15.932 66891 INFO tempest.lib.common.dynamic_creds [-] Acquired dynamic creds: credentials: Credentials: {'domain_id': 'default', 'domain_name': 'Default', 'username': 'tempest-ServersAdminNegativeTestJSON-1916617403-project-admin', 'project_domain_id': 'default', 'project_domain_name': 'Default', 'project_id': 'c7301841520b423bbdd7588a38be3847', 'project_name': 'tempest-ServersAdminNegativeTestJSON-1916617403', 'tenant_id': 'c7301841520b423bbdd7588a38be3847', 'tenant_name': 'tempest-ServersAdminNegativeTestJSON-1916617403', 'user_domain_id': 'default', 'user_domain_name': 'Default', 'user_id': 'ed8e439657574ce2a19ac4c92ee1ada5', 'system': None}, Network: None, Subnet: None, Router: None
2024-12-27 22:28:15.932 66891 INFO tempest.lib.common.dynamic_creds [-] Created isolated network resources for: credentials: Credentials: {'domain_id': 'default', 'domain_name': 'Default', 'username': 'tempest-ServersAdminNegativeTestJSON-1916617403-project-admin', 'project_domain_id': 'default', 'project_domain_name': 'Default', 'project_id': 'c7301841520b423bbdd7588a38be3847', 'project_name': 'tempest-ServersAdminNegativeTestJSON-1916617403', 'tenant_id': 'c7301841520b423bbdd7588a38be3847', 'tenant_name': 'tempest-ServersAdminNegativeTestJSON-1916617403', 'user_domain_id': 'default', 'user_domain_name': 'Default', 'user_id': 'ed8e439657574ce2a19ac4c92ee1ada5', 'system': None}, Network: None, Subnet: None, Router: None
2024-12-27 22:28:15.939 66873 INFO tempest.lib.common.rest_client [req-7bb834b0-bee4-4c3c-961a-662715ddd1eb req-7bb834b0-bee4-4c3c-961a-662715ddd1eb ] Request (FlavorsAccessNegativeTestJSON:test_flavor_access_list_with_public_flavor): 404 GET http://10.180.1.21/compute/v2.1/flavors/1099251620/os-flavor-access 1.209s
2024-12-27 22:28:15.959 66847 INFO tempest.lib.common.rest_client [req-c4b22fbd-06d0-4301-8e33-de4508a79c56 req-c4b22fbd-06d0-4301-8e33-de4508a79c56 ] Request (ServicesAdminNegativeV253TestJSON:test_get_service_with_valid_service_and_invalid_host): 200 GET http://10.180.1.21/compute/v2.1/os-services 1.203s
2024-12-27 22:28:15.959 66855 INFO tempest.lib.common.rest_client [req-d4271902-c9a8-4cb4-baa4-fd8d1429acc2 req-d4271902-c9a8-4cb4-baa4-fd8d1429acc2 ] Request (FloatingIPsTestJSON:test_delete_floating_ip): 404 GET http://10.180.1.21/compute/v2.1/os-floating-ips/107b0f2a-1bab-48e6-9042-0dbf6f658b08 1.314s
2024-12-27 22:28:15.969 66881 INFO tempest.lib.common.rest_client [req-72468ce9-0bfb-4cb8-925d-06c240ef3df7 req-72468ce9-0bfb-4cb8-925d-06c240ef3df7 ] Request (HostsAdminNegativeTestJSON:test_startup_host_with_non_admin_user): 403 GET http://10.180.1.21/compute/v2.1/os-hosts/devstack/startup 1.203s
2024-12-27 22:28:15.987 66857 INFO tempest.lib.common.rest_client [req-d8a9dffc-d396-42f6-8155-da6866ecabdb req-d8a9dffc-d396-42f6-8155-da6866ecabdb ] Request (FlavorsAdminTestJSON:_run_cleanups): 200 GET http://10.180.1.21/compute/v2.1/flavors/detail 1.199s
2024-12-27 22:28:15.997 66875 INFO tempest.lib.common.rest_client [req-aad1dbce-15f8-47d2-837d-4dbd12fda5ad req-aad1dbce-15f8-47d2-837d-4dbd12fda5ad ] Request (ImagesMetadataNegativeTestJSON:test_set_nonexistent_image_metadata_item): 404 PUT http://10.180.1.21/compute/v2.1/images/1ff41d7a-1ca8-4bd4-bfa8-0706c9f75c44/metadata/os_distro 1.178s
2024-12-27 22:28:16.025 66891 INFO tempest.lib.common.rest_client [req-65e94957-f39a-43c9-9c93-bf399ad6d27e req-65e94957-f39a-43c9-9c93-bf399ad6d27e ] Request (ServersAdminNegativeTestJSON:setUpClass): 201 POST http://10.180.1.21/identity/v3/auth/tokens 0.088s
2024-12-27 22:28:16.026 66891 WARNING tempest.lib.common.rest_client [-] Deprecated: "tenant_id" property is deprecated for removal, use "project_id" instead
2024-12-27 22:28:16.093 66891 INFO tempest.lib.common.rest_client [req-a2502263-df54-48d1-b7fe-7566443f206d req-a2502263-df54-48d1-b7fe-7566443f206d ] Request (ServersAdminNegativeTestJSON:setUpClass): 201 POST http://10.180.1.21/identity/v3/auth/tokens 0.062s
2024-12-27 22:28:16.093 66891 INFO tempest.lib.common.fixed_network [-] (ServersAdminNegativeTestJSON:setUpClass) Found network None available for tenant
2024-12-27 22:28:16.105 66899 INFO tempest.lib.common.rest_client [req-d8860e47-b857-4a31-83c8-df530bb93897 req-d8860e47-b857-4a31-83c8-df530bb93897 ] Request (VolumesAssistedSnapshotsTest:test_volume_assisted_snapshot_create_delete): 201 POST http://10.180.1.21:9696/networking/v2.0/security-group-rules 0.263s
2024-12-27 22:28:16.167 66897 INFO tempest.lib.common.rest_client [req-72040321-e412-45b8-b52c-0b6433cb98ec req-72040321-e412-45b8-b52c-0b6433cb98ec ] Request (AZV2TestJSON:tearDownClass): 200 GET http://10.180.1.21:9696/networking/v2.0/security-groups?tenant_id=90eb404042dd498e939d70a9800a3b39&name=default 0.413s
2024-12-27 22:28:16.213 66851 INFO tempest.lib.common.rest_client [req-55c16092-a69b-48c4-ab0d-b8b71b7e193b req-55c16092-a69b-48c4-ab0d-b8b71b7e193b ] Request (DeleteServersAdminTestJSON:test_admin_delete_servers_of_others): 200 GET http://10.180.1.21/compute/v2.1/servers/7ea16ce9-33ee-447a-9b5d-23e7f17225b6 1.382s
2024-12-27 22:28:16.220 66861 INFO tempest.lib.common.rest_client [req-df50e8d5-abf5-4991-b672-72d6b060e054 req-df50e8d5-abf5-4991-b672-72d6b060e054 ] Request (SecurityGroupsTestAdminJSON:_run_cleanups): 202 DELETE http://10.180.1.21/compute/v2.1/os-security-groups/dcc9c2fe-751d-40ec-a761-a783b8059738 1.237s
2024-12-27 22:28:16.240 66887 INFO tempest.lib.common.rest_client [req-307632c4-8ab2-4a3e-adde-082f9cc2cec0 req-307632c4-8ab2-4a3e-adde-082f9cc2cec0 ] Request (FlavorsAccessTestJSON:test_flavor_access_list_with_private_flavor): 200 GET http://10.180.1.21/compute/v2.1/flavors/1832222944/os-flavor-access 1.240s
2024-12-27 22:28:16.264 66897 INFO tempest.lib.common.rest_client [req-dfc2114f-22aa-44d0-899f-fc83c6ed67f9 req-dfc2114f-22aa-44d0-899f-fc83c6ed67f9 ] Request (AZV2TestJSON:tearDownClass): 204 DELETE http://10.180.1.21:9696/networking/v2.0/security-groups/9a9b12b1-fd56-450b-8134-c1656ed5db3b 0.096s
2024-12-27 22:28:16.271 66859 INFO tempest.lib.common.rest_client [req-1a475861-63f9-4a7f-a4cf-35fdef9b26ea req-1a475861-63f9-4a7f-a4cf-35fdef9b26ea ] Request (AggregatesAdminNegativeTestJSON:test_aggregate_add_non_exist_host): 200 POST http://10.180.1.21/compute/v2.1/os-aggregates 1.238s
2024-12-27 22:28:16.281 66879 INFO tempest.lib.common.rest_client [req-738bcbfd-2839-4f27-a290-0862125e41ba req-738bcbfd-2839-4f27-a290-0862125e41ba ] Request (VolumesNegativeTest:test_delete_invalid_volume_id): 404 DELETE http://10.180.1.21/compute/v2.1/os-volumes/tempest-invalid-366221195 1.294s
2024-12-27 22:28:16.294 66878 INFO tempest.lib.common.rest_client [req-76109349-8c37-4062-9a03-cd6ea5d8cf48 req-76109349-8c37-4062-9a03-cd6ea5d8cf48 ] Request (ServersTestBootFromVolume:setUpClass): 201 POST http://10.180.1.21:9696/networking/v2.0/security-groups 0.382s
2024-12-27 22:28:16.306 66885 INFO tempest.lib.common.rest_client [req-cd60fb48-ab41-4b23-9683-c3346169d991 req-cd60fb48-ab41-4b23-9683-c3346169d991 ] Request (ServersWithSpecificFlavorTestJSON:test_verify_created_server_ephemeral_disk): 200 POST http://10.180.1.21/compute/v2.1/flavors 1.153s
2024-12-27 22:28:16.371 66897 INFO tempest.lib.common.rest_client [req-1b929ac9-4265-476d-ba77-009397b8f9cc req-1b929ac9-4265-476d-ba77-009397b8f9cc ] Request (AZV2TestJSON:tearDownClass): 204 DELETE http://10.180.1.21/identity/v3/projects/90eb404042dd498e939d70a9800a3b39 0.106s
2024-12-27 22:28:16.409 66878 INFO tempest.lib.common.rest_client [req-c7e87c9f-f3b7-4cc5-8f4b-d78e7bbeda24 req-c7e87c9f-f3b7-4cc5-8f4b-d78e7bbeda24 ] Request (ServersTestBootFromVolume:setUpClass): 201 POST http://10.180.1.21:9696/networking/v2.0/security-group-rules 0.114s
2024-12-27 22:28:16.431 66845 INFO tempest.lib.common.rest_client [req-03f6e397-6c9a-4303-8e27-eecb75ae0153 req-03f6e397-6c9a-4303-8e27-eecb75ae0153 ] Request (ServerActionsTestOtherA:setUpClass): 200 POST http://10.180.1.21/compute/v2.1/os-keypairs 1.288s
2024-12-27 22:28:16.445 66897 INFO tempest.lib.common.rest_client [req-3675155a-b20e-4467-a1c1-d6d60d898282 req-3675155a-b20e-4467-a1c1-d6d60d898282 ] Request (VolumesGetTestJSON:setUpClass): 201 POST http://10.180.1.21/identity/v3/auth/tokens 0.073s
2024-12-27 22:28:16.485 66889 INFO tempest.lib.common.rest_client [req-2071c38b-b71b-4257-a288-4f0b9e72f3a1 req-2071c38b-b71b-4257-a288-4f0b9e72f3a1 ] Request (QuotasAdminTestV236:test_get_updated_quotas): 200 GET http://10.180.1.21/compute/v2.1/os-quota-sets/0b8e641e5946462480a96fcba6cfbb4a?user_id=dc6595ba8407484ca084396298d79533 1.111s
2024-12-27 22:28:16.487 66897 INFO tempest.lib.common.rest_client [req-77f8b20d-2892-475a-89f9-3efc3d6a1262 req-77f8b20d-2892-475a-89f9-3efc3d6a1262 ] Request (VolumesGetTestJSON:setUpClass): 201 POST http://10.180.1.21/identity/v3/auth/tokens 0.038s
2024-12-27 22:28:16.518 66897 INFO tempest.lib.common.rest_client [req-d92918ee-0aee-47a4-bf6d-27242173ef0f req-d92918ee-0aee-47a4-bf6d-27242173ef0f ] Request (VolumesGetTestJSON:setUpClass): 200 GET http://10.180.1.21/identity/v3/domains?name=Default 0.030s
2024-12-27 22:28:16.547 66897 INFO tempest.lib.common.rest_client [req-d6d9e717-2b18-4fb5-957a-2eb4a48f7036 req-d6d9e717-2b18-4fb5-957a-2eb4a48f7036 ] Request (VolumesGetTestJSON:setUpClass): 201 POST http://10.180.1.21/identity/v3/projects 0.028s
2024-12-27 22:28:16.557 66889 INFO tempest.lib.common.rest_client [req-8e57cd4a-9fd0-4e79-a457-2921e785ec5e req-8e57cd4a-9fd0-4e79-a457-2921e785ec5e ] Request (QuotasAdminTestV236:_run_cleanups): 204 DELETE http://10.180.1.21/identity/v3/users/dc6595ba8407484ca084396298d79533 0.069s
2024-12-27 22:28:16.626 66878 INFO tempest.lib.common.rest_client [req-dfef5f6c-ec49-4c26-a668-69a45218c283 req-dfef5f6c-ec49-4c26-a668-69a45218c283 ] Request (ServersTestBootFromVolume:setUpClass): 201 POST http://10.180.1.21:9696/networking/v2.0/security-group-rules 0.217s
2024-12-27 22:28:16.660 66897 INFO tempest.lib.common.rest_client [req-31c453e6-fdce-49b3-87a1-a431f7df48c0 req-31c453e6-fdce-49b3-87a1-a431f7df48c0 ] Request (VolumesGetTestJSON:setUpClass): 201 POST http://10.180.1.21/identity/v3/users 0.113s
2024-12-27 22:28:16.665 66845 INFO tempest.lib.common.rest_client [req-753fead3-0479-47e3-b05d-8de61d10a5a1 req-753fead3-0479-47e3-b05d-8de61d10a5a1 ] Request (ServerActionsTestOtherA:setUpClass): 201 POST http://10.180.1.21:9696/networking/v2.0/security-groups 0.231s
2024-12-27 22:28:16.687 66853 INFO tempest.lib.common.rest_client [req-30dde379-303f-487a-a1b5-44a46bca3614 req-30dde379-303f-487a-a1b5-44a46bca3614 ] Request (TenantUsagesTestJSON:setUpClass): 200 GET http://10.180.1.21/compute/v2.1/servers/55d53787-be79-4e68-a3a4-76d91695ae24 1.080s
2024-12-27 22:28:16.690 66889 INFO tempest.lib.common.rest_client [req-9a8619df-c878-4adc-b9a5-2c0d09918b03 req-9a8619df-c878-4adc-b9a5-2c0d09918b03 ] Request (QuotasAdminTestV236:_run_cleanups): 204 DELETE http://10.180.1.21/identity/v3/projects/0b8e641e5946462480a96fcba6cfbb4a 0.133s
2024-12-27 22:28:16.702 66901 INFO tempest.lib.common.rest_client [req-46ecb192-9176-45f1-8ca2-d93f2adf9cc9 req-46ecb192-9176-45f1-8ca2-d93f2adf9cc9 ] Request (ServersV294TestFqdnHostnames:setUpClass): 201 POST http://10.180.1.21:9696/networking/v2.0/floatingips 0.920s
2024-12-27 22:28:16.719 66893 INFO tempest.lib.common.rest_client [req-58e5d3b7-ad48-4916-b0b7-a1ef04e76be0 req-58e5d3b7-ad48-4916-b0b7-a1ef04e76be0 ] Request (SecurityGroupRulesNegativeTestJSON:_run_cleanups): 202 DELETE http://10.180.1.21/compute/v2.1/os-security-group-rules/729664f8-259b-44b3-8609-bb0d5716a3c6 1.050s
2024-12-27 22:28:16.723 66897 INFO tempest.lib.common.rest_client [req-1b4ce916-7426-46c4-be10-7b6a8d02d19d req-1b4ce916-7426-46c4-be10-7b6a8d02d19d ] Request (VolumesGetTestJSON:setUpClass): 200 GET http://10.180.1.21/identity/v3/roles 0.062s
2024-12-27 22:28:16.773 66901 INFO tempest.lib.common.rest_client [req-8b46b9b7-2fba-46f1-b915-089ef57ce8d5 req-8b46b9b7-2fba-46f1-b915-089ef57ce8d5 ] Request (ServersV294TestFqdnHostnames:setUpClass): 201 POST http://10.180.1.21/identity/v3/auth/tokens 0.068s
2024-12-27 22:28:16.773 66901 INFO tempest.lib.common.fixed_network [-] (ServersV294TestFqdnHostnames:setUpClass) Found network {'id': '075bad42-c990-41bc-861a-d4a04a9f966e', 'name': 'tempest-ServersV294TestFqdnHostnames-1305654851-network', 'tenant_id': 'eb105de8dcf341468e16c115f29837cf', 'admin_state_up': True, 'mtu': 8950, 'status': 'ACTIVE', 'subnets': [], 'shared': False, 'project_id': 'eb105de8dcf341468e16c115f29837cf', 'port_security_enabled': True, 'router:external': False, 'provider:network_type': 'vlan', 'provider:physical_network': 'default', 'provider:segmentation_id': 473, 'availability_zone_hints': [], 'availability_zones': [], 'ipv4_address_scope': None, 'ipv6_address_scope': None, 'description': '', 'tags': [], 'created_at': '2024-12-27T22:28:07Z', 'updated_at': '2024-12-27T22:28:07Z', 'revision_number': 1} available for tenant
2024-12-27 22:28:16.788 66841 INFO tempest.lib.common.rest_client [req-d9aaeca3-92b2-49a1-8026-305c3ff15f5c req-d9aaeca3-92b2-49a1-8026-305c3ff15f5c ] Request (ServerDiagnosticsTest:test_get_server_diagnostics): 200 GET http://10.180.1.21/compute/v2.1/servers/485d732d-34bf-4cc5-9fcb-74a9045119d7 1.058s
2024-12-27 22:28:16.792 66889 INFO tempest.lib.common.rest_client [req-61a08d19-5973-49b0-84a9-3eaf73d04bbc req-61a08d19-5973-49b0-84a9-3eaf73d04bbc ] Request (QuotasAdminTestV236:tearDownClass): 204 DELETE http://10.180.1.21/identity/v3/users/9046ca65095b40d19acb24cad6d0ff74 0.095s
2024-12-27 22:28:16.833 66897 INFO tempest.lib.common.rest_client [req-4b2f0bd6-aecb-4a8e-b761-458c978907a6 req-4b2f0bd6-aecb-4a8e-b761-458c978907a6 ] Request (VolumesGetTestJSON:setUpClass): 204 PUT http://10.180.1.21/identity/v3/projects/9b3cdc785e9a4c5bb994a9684aec36f0/users/ca5b97744fe34584b9e31e34651fdd57/roles/1859955d7eeb43c1a2c94fb8ec23f7ae 0.110s
2024-12-27 22:28:16.834 66897 INFO tempest.lib.common.dynamic_creds [-] Dynamic test user ca5b97744fe34584b9e31e34651fdd57 is created with scope project and roles: ['member']
2024-12-27 22:28:16.834 66897 INFO tempest.lib.common.dynamic_creds [-] Acquired dynamic creds: credentials: Credentials: {'domain_id': 'default', 'domain_name': 'Default', 'username': 'tempest-VolumesGetTestJSON-642801102-project-member', 'project_domain_id': 'default', 'project_domain_name': 'Default', 'project_id': '9b3cdc785e9a4c5bb994a9684aec36f0', 'project_name': 'tempest-VolumesGetTestJSON-642801102', 'tenant_id': '9b3cdc785e9a4c5bb994a9684aec36f0', 'tenant_name': 'tempest-VolumesGetTestJSON-642801102', 'user_domain_id': 'default', 'user_domain_name': 'Default', 'user_id': 'ca5b97744fe34584b9e31e34651fdd57', 'system': None}, Network: None, Subnet: None, Router: None
2024-12-27 22:28:16.835 66897 INFO tempest.lib.common.dynamic_creds [-] Created isolated network resources for: credentials: Credentials: {'domain_id': 'default', 'domain_name': 'Default', 'username': 'tempest-VolumesGetTestJSON-642801102-project-member', 'project_domain_id': 'default', 'project_domain_name': 'Default', 'project_id': '9b3cdc785e9a4c5bb994a9684aec36f0', 'project_name': 'tempest-VolumesGetTestJSON-642801102', 'tenant_id': '9b3cdc785e9a4c5bb994a9684aec36f0', 'tenant_name': 'tempest-VolumesGetTestJSON-642801102', 'user_domain_id': 'default', 'user_domain_name': 'Default', 'user_id': 'ca5b97744fe34584b9e31e34651fdd57', 'system': None}, Network: None, Subnet: None, Router: None
2024-12-27 22:28:16.846 66839 INFO tempest.lib.common.rest_client [req-56cd5241-0c88-49e2-af40-89eacbdffcc3 req-56cd5241-0c88-49e2-af40-89eacbdffcc3 ] Request (ServersAdminTestJSON:setUpClass): 200 GET http://10.180.1.21/compute/v2.1/servers/55728249-ca09-4484-a63c-df4f39c5ca5a 1.048s
2024-12-27 22:28:16.866 66845 INFO tempest.lib.common.rest_client [req-bbff7424-a8dc-439e-bbbe-2e3041073e48 req-bbff7424-a8dc-439e-bbbe-2e3041073e48 ] Request (ServerActionsTestOtherA:setUpClass): 201 POST http://10.180.1.21:9696/networking/v2.0/security-group-rules 0.201s
2024-12-27 22:28:16.944 66889 INFO tempest.lib.common.rest_client [req-188ed5c7-ba5a-456a-b912-b021e7b162d2 req-188ed5c7-ba5a-456a-b912-b021e7b162d2 ] Request (QuotasAdminTestV236:tearDownClass): 204 DELETE http://10.180.1.21/identity/v3/users/e6ab8403f0da411f815bad3c03dee286 0.152s
2024-12-27 22:28:16.945 66889 INFO tempest.lib.common.dynamic_creds [-] Deleting project and security group for project: 278d028f98f74ca8a2cf7db705429d3e
2024-12-27 22:28:16.947 66897 INFO tempest.lib.common.rest_client [req-c5c5c6af-1d7e-4da5-ae00-d267fc2fb651 req-c5c5c6af-1d7e-4da5-ae00-d267fc2fb651 ] Request (VolumesGetTestJSON:setUpClass): 201 POST http://10.180.1.21/identity/v3/auth/tokens 0.107s
2024-12-27 22:28:16.953 66867 INFO tempest.lib.common.rest_client [req-2bc7fefe-f720-40be-af89-3b9da6d5cd80 req-2bc7fefe-f720-40be-af89-3b9da6d5cd80 ] Request (ServerAddressesNegativeTestJSON:setUpClass): 200 GET http://10.180.1.21/compute/v2.1/servers/5ed93c0c-b020-4f1d-b9fc-f6a610d72bf8 1.254s
2024-12-27 22:28:16.954 66899 INFO tempest.lib.common.rest_client [req-6b0bf14a-b749-43e7-bef6-35d9fa97c07a req-6b0bf14a-b749-43e7-bef6-35d9fa97c07a ] Request (VolumesAssistedSnapshotsTest:test_volume_assisted_snapshot_create_delete): 201 POST http://10.180.1.21:9696/networking/v2.0/floatingips 0.848s
2024-12-27 22:28:16.962 66867 INFO tempest.common.waiters [-] State transition "BUILD/networking" ==> "BUILD/spawning" after 5 second wait
2024-12-27 22:28:17.022 66899 INFO tempest.lib.common.rest_client [req-e26278bf-d19d-4dd4-a103-0bdb925b9f32 req-e26278bf-d19d-4dd4-a103-0bdb925b9f32 ] Request (VolumesAssistedSnapshotsTest:test_volume_assisted_snapshot_create_delete): 201 POST http://10.180.1.21/identity/v3/auth/tokens 0.064s
2024-12-27 22:28:17.024 66899 INFO tempest.lib.common.fixed_network [-] (VolumesAssistedSnapshotsTest:test_volume_assisted_snapshot_create_delete) Found network {'id': '2ff952b4-ff6b-42f6-9df9-6534c95e7f24', 'name': 'tempest-VolumesAssistedSnapshotsTest-505884343-network', 'tenant_id': 'df3d7f15c6304bb49941f32ecc95b61b', 'admin_state_up': True, 'mtu': 8950, 'status': 'ACTIVE', 'subnets': [], 'shared': False, 'project_id': 'df3d7f15c6304bb49941f32ecc95b61b', 'port_security_enabled': True, 'router:external': False, 'provider:network_type': 'vlan', 'provider:physical_network': 'default', 'provider:segmentation_id': 995, 'availability_zone_hints': [], 'availability_zones': [], 'ipv4_address_scope': None, 'ipv6_address_scope': None, 'description': '', 'tags': [], 'created_at': '2024-12-27T22:27:51Z', 'updated_at': '2024-12-27T22:27:51Z', 'revision_number': 1} available for tenant
2024-12-27 22:28:17.050 66889 INFO tempest.lib.common.rest_client [req-7c5c4e46-0cc0-43c2-ad5a-7896f3a76a3e req-7c5c4e46-0cc0-43c2-ad5a-7896f3a76a3e ] Request (QuotasAdminTestV236:tearDownClass): 201 POST http://10.180.1.21/identity/v3/auth/tokens 0.105s
2024-12-27 22:28:17.169 66845 INFO tempest.lib.common.rest_client [req-cacf962f-e7f3-478e-9035-8a89d6e63608 req-cacf962f-e7f3-478e-9035-8a89d6e63608 ] Request (ServerActionsTestOtherA:setUpClass): 201 POST http://10.180.1.21:9696/networking/v2.0/security-group-rules 0.302s
2024-12-27 22:28:17.188 66863 INFO tempest.lib.common.rest_client [req-070c3d43-43de-4daa-8d39-6981d6cb581d req-070c3d43-43de-4daa-8d39-6981d6cb581d ] Request (ServersAdmin275Test:test_rebuild_update_server_275): 202 POST http://10.180.1.21/compute/v2.1/servers/4f552bc4-3af1-4579-b0d3-8dc962bd27c6/action 1.276s
2024-12-27 22:28:17.225 66865 INFO tempest.lib.common.rest_client [req-1d7f41f6-9e41-4dc5-8a12-f6eb7c039057 req-1d7f41f6-9e41-4dc5-8a12-f6eb7c039057 ] Request (HypervisorAdminNegativeUnderV252Test:test_show_servers_with_non_admin_user): 200 GET http://10.180.1.21/compute/v2.1/os-hypervisors 1.302s
2024-12-27 22:28:17.234 66872 INFO tempest.lib.common.rest_client [req-32439bca-fb30-4859-9b78-e114451771ea req-32439bca-fb30-4859-9b78-e114451771ea ] Request (FlavorsExtraSpecsNegativeTestJSON:test_flavor_update_more_key): 400 PUT http://10.180.1.21/compute/v2.1/flavors/1958929553/os-extra_specs/hw:numa_nodes 1.306s
2024-12-27 22:28:17.256 66873 INFO tempest.lib.common.rest_client [req-06fa9c5f-4759-4d09-9450-d6e8381b03c0 req-06fa9c5f-4759-4d09-9450-d6e8381b03c0 ] Request (FlavorsAccessNegativeTestJSON:_run_cleanups): 202 DELETE http://10.180.1.21/compute/v2.1/flavors/1099251620 1.316s
2024-12-27 22:28:17.316 66855 INFO tempest.lib.common.rest_client [req-4c026fe8-86a2-451e-9db5-b1d4afebdc8a req-4c026fe8-86a2-451e-9db5-b1d4afebdc8a ] Request (FloatingIPsTestJSON:_run_cleanups): 404 DELETE http://10.180.1.21/compute/v2.1/os-floating-ips/107b0f2a-1bab-48e6-9042-0dbf6f658b08 1.356s
2024-12-27 22:28:17.343 66847 INFO tempest.lib.common.rest_client [req-8d38927a-b829-4a3f-b0d7-779dfaed2a87 req-8d38927a-b829-4a3f-b0d7-779dfaed2a87 ] Request (ServicesAdminNegativeV253TestJSON:test_get_service_with_valid_service_and_invalid_host): 200 GET http://10.180.1.21/compute/v2.1/os-services?host=xxx&binary=nova-scheduler 1.382s
2024-12-27 22:28:17.355 66881 INFO tempest.lib.common.rest_client [req-8f6ef56d-ecd8-471f-83a3-33bbc279ea17 req-8f6ef56d-ecd8-471f-83a3-33bbc279ea17 ] Request (HostsAdminNegativeTestJSON:test_startup_nonexistent_host): 404 GET http://10.180.1.21/compute/v2.1/os-hosts/nonexistent_hostname/startup 1.383s
2024-12-27 22:28:17.616 66889 INFO tempest.lib.common.rest_client [req-67ac7c75-2304-4ebc-b52f-01bbaec5e0d0 req-67ac7c75-2304-4ebc-b52f-01bbaec5e0d0 ] Request (QuotasAdminTestV236:tearDownClass): 200 GET http://10.180.1.21:9696/networking/v2.0/security-groups?tenant_id=278d028f98f74ca8a2cf7db705429d3e&name=default 0.565s
2024-12-27 22:28:17.685 66878 INFO tempest.lib.common.rest_client [req-bcf55f45-c94d-420e-8454-c3c3d261e4c0 req-bcf55f45-c94d-420e-8454-c3c3d261e4c0 ] Request (ServersTestBootFromVolume:setUpClass): 201 POST http://10.180.1.21:9696/networking/v2.0/floatingips 1.058s
2024-12-27 22:28:17.734 66896 INFO tempest.lib.common.rest_client [req-cbb2803e-1080-45ed-b732-17023c098301 req-cbb2803e-1080-45ed-b732-17023c098301 ] Request (ImagesTestJSON:test_create_image_from_stopped_server): 200 GET http://10.180.1.21/compute/v2.1/servers/94b578b3-f20b-4701-a6f7-89395226c9a9 1.756s
2024-12-27 22:28:17.757 66857 INFO tempest.lib.common.rest_client [req-f0048147-7615-4797-ba03-a9ddf1b47275 req-f0048147-7615-4797-ba03-a9ddf1b47275 ] Request (FlavorsAdminTestJSON:test_create_flavor_with_none_id): 200 POST http://10.180.1.21/compute/v2.1/flavors 1.764s
2024-12-27 22:28:17.779 66875 INFO tempest.lib.common.rest_client [req-69be2c01-ff9a-40d1-872c-7801c6ac9793 req-69be2c01-ff9a-40d1-872c-7801c6ac9793 ] Request (ImagesMetadataNegativeTestJSON:test_update_nonexistent_image_metadata): 404 POST http://10.180.1.21/compute/v2.1/images/1e8fbfe9-b505-4ba6-b7d1-0c2a2b26146a/metadata 1.780s
2024-12-27 22:28:17.788 66878 INFO tempest.lib.common.rest_client [req-1266f78f-aa26-49fa-9a08-c794fc23302b req-1266f78f-aa26-49fa-9a08-c794fc23302b ] Request (ServersTestBootFromVolume:setUpClass): 201 POST http://10.180.1.21/identity/v3/auth/tokens 0.095s
2024-12-27 22:28:17.788 66878 INFO tempest.lib.common.fixed_network [-] (ServersTestBootFromVolume:setUpClass) Found network {'id': 'd58c0942-f5ca-4c9b-9c67-324b2cf1afcf', 'name': 'tempest-ServersTestBootFromVolume-879653694-network', 'tenant_id': '31e4d1ea0b3d4bd69fecab75d570a27b', 'admin_state_up': True, 'mtu': 8950, 'status': 'ACTIVE', 'subnets': [], 'shared': False, 'project_id': '31e4d1ea0b3d4bd69fecab75d570a27b', 'port_security_enabled': True, 'router:external': False, 'provider:network_type': 'vlan', 'provider:physical_network': 'default', 'provider:segmentation_id': 2, 'availability_zone_hints': [], 'availability_zones': [], 'ipv4_address_scope': None, 'ipv6_address_scope': None, 'description': '', 'tags': [], 'created_at': '2024-12-27T22:28:09Z', 'updated_at': '2024-12-27T22:28:09Z', 'revision_number': 1} available for tenant
2024-12-27 22:28:17.859 66889 INFO tempest.lib.common.rest_client [req-f0567f44-ea36-41d5-abe2-b7fa2db6ec4f req-f0567f44-ea36-41d5-abe2-b7fa2db6ec4f ] Request (QuotasAdminTestV236:tearDownClass): 204 DELETE http://10.180.1.21:9696/networking/v2.0/security-groups/7c0c50f0-96ed-4425-8ab2-edca6b341d91 0.242s
2024-12-27 22:28:17.871 66869 INFO tempest.lib.common.rest_client [req-59aafa07-5290-4f2b-8f2f-0b166a84a5a0 req-59aafa07-5290-4f2b-8f2f-0b166a84a5a0 ] Request (SecurityGroupsTestJSON:test_list_security_groups_by_server): 202 POST http://10.180.1.21/compute/v2.1/servers 1.958s
2024-12-27 22:28:17.952 66875 INFO tempest.lib.common.rest_client [req-7c92f21a-6062-43e2-8b06-44ed06f2b466 req-7c92f21a-6062-43e2-8b06-44ed06f2b466 ] Request (ImagesMetadataNegativeTestJSON:tearDownClass): 204 DELETE http://10.180.1.21/identity/v3/users/274fb97f112d4fa28fad8d9bea2079c8 0.168s
2024-12-27 22:28:17.952 66875 INFO tempest.lib.common.dynamic_creds [-] Deleting project and security group for project: d6c051fd690a4c08b9971011a2b4164e
2024-12-27 22:28:17.992 66889 INFO tempest.lib.common.rest_client [req-3db2ed5f-6fc4-45f6-8045-862a16c17abb req-3db2ed5f-6fc4-45f6-8045-862a16c17abb ] Request (QuotasAdminTestV236:tearDownClass): 204 DELETE http://10.180.1.21/identity/v3/projects/278d028f98f74ca8a2cf7db705429d3e 0.133s
2024-12-27 22:28:17.992 66889 INFO tempest.lib.common.dynamic_creds [-] Deleting project and security group for project: a8fa42116ae342fa839420cc280f5be7
2024-12-27 22:28:18.117 66875 INFO tempest.lib.common.rest_client [req-d4a92984-f140-4647-8c41-c88790a23bd6 req-d4a92984-f140-4647-8c41-c88790a23bd6 ] Request (ImagesMetadataNegativeTestJSON:tearDownClass): 201 POST http://10.180.1.21/identity/v3/auth/tokens 0.164s
2024-12-27 22:28:18.165 66891 INFO tempest.lib.common.rest_client [req-42712eca-5cd2-469b-95e2-792cf7da5466 req-42712eca-5cd2-469b-95e2-792cf7da5466 ] Request (ServersAdminNegativeTestJSON:setUpClass): 202 POST http://10.180.1.21/compute/v2.1/servers 2.071s
2024-12-27 22:28:18.190 66887 INFO tempest.lib.common.rest_client [req-41d7c8c4-2be6-462d-a57b-97db1d30c12d req-41d7c8c4-2be6-462d-a57b-97db1d30c12d ] Request (FlavorsAccessTestJSON:_run_cleanups): 202 DELETE http://10.180.1.21/compute/v2.1/flavors/1832222944 1.949s
2024-12-27 22:28:18.216 66859 INFO tempest.lib.common.rest_client [req-b0156c21-a086-4d3e-8098-686772cb808e req-b0156c21-a086-4d3e-8098-686772cb808e ] Request (AggregatesAdminNegativeTestJSON:test_aggregate_add_non_exist_host): 404 POST http://10.180.1.21/compute/v2.1/os-aggregates/3/action 1.943s
2024-12-27 22:28:18.219 66879 INFO tempest.lib.common.rest_client [req-d5c78538-0fec-4a6f-89e1-18bdd83a268c req-d5c78538-0fec-4a6f-89e1-18bdd83a268c ] Request (VolumesNegativeTest:test_delete_volume_without_passing_volume_id): 404 DELETE http://10.180.1.21/compute/v2.1/os-volumes/ 1.935s
2024-12-27 22:28:18.231 66885 INFO tempest.lib.common.rest_client [req-c5a2251b-fc26-466d-8d70-6e700ccd4fb8 req-c5a2251b-fc26-466d-8d70-6e700ccd4fb8 ] Request (ServersWithSpecificFlavorTestJSON:test_verify_created_server_ephemeral_disk): 200 GET http://10.180.1.21/compute/v2.1/flavors/42/os-extra_specs 1.922s
2024-12-27 22:28:18.394 66843 INFO tempest.lib.common.rest_client [req-6ef56bb2-1c9a-46eb-bc09-ad32c338c9eb req-6ef56bb2-1c9a-46eb-bc09-ad32c338c9eb ] Request (FloatingIPsAssociationTestJSON:setUpClass): 200 GET http://10.180.1.21/compute/v2.1/servers/f18e8292-92e9-4180-a2f8-7a57f6b3c7ed 1.947s
2024-12-27 22:28:18.584 66878 INFO tempest.lib.common.rest_client [req-bbe2c1eb-77fe-447b-9787-aa04b8034cf0 req-bbe2c1eb-77fe-447b-9787-aa04b8034cf0 ] Request (ServersTestBootFromVolume:setUpClass): 202 POST http://10.180.1.21/volume/v3/volumes 0.791s
2024-12-27 22:28:18.617 66878 INFO tempest.lib.common.rest_client [req-e7dd1f40-adde-48d4-8168-dc834689b9e3 req-e7dd1f40-adde-48d4-8168-dc834689b9e3 ] Request (ServersTestBootFromVolume:setUpClass): 200 GET http://10.180.1.21/volume/v3/volumes/cd6f5500-508d-4842-ac62-e34b56b50dcd 0.027s
2024-12-27 22:28:18.617 66893 INFO tempest.lib.common.rest_client [req-13be2d4f-f167-4b67-a12f-cbb7e3f09946 req-13be2d4f-f167-4b67-a12f-cbb7e3f09946 ] Request (SecurityGroupRulesNegativeTestJSON:test_create_security_group_rule_with_invalid_from_port): 200 POST http://10.180.1.21/compute/v2.1/os-security-groups 1.897s
2024-12-27 22:28:18.620 66861 INFO tempest.lib.common.rest_client [req-56ea259e-4deb-4d48-8ed3-0822c04a6752 req-56ea259e-4deb-4d48-8ed3-0822c04a6752 ] Request (SecurityGroupsTestAdminJSON:_run_cleanups): 202 DELETE http://10.180.1.21/compute/v2.1/os-security-groups/f9dd6128-bd6b-4f5e-a65d-a3efdf57e863 2.399s
2024-12-27 22:28:18.628 66875 INFO tempest.lib.common.rest_client [req-0c2a8eae-6341-4431-a704-79dba071d35f req-0c2a8eae-6341-4431-a704-79dba071d35f ] Request (ImagesMetadataNegativeTestJSON:tearDownClass): 200 GET http://10.180.1.21:9696/networking/v2.0/security-groups?tenant_id=d6c051fd690a4c08b9971011a2b4164e&name=default 0.509s
2024-12-27 22:28:18.745 66889 INFO tempest.lib.common.rest_client [req-abd33adb-b337-4d2f-8e4d-8b0342138ea8 req-abd33adb-b337-4d2f-8e4d-8b0342138ea8 ] Request (QuotasAdminTestV236:tearDownClass): 200 GET http://10.180.1.21:9696/networking/v2.0/security-groups?tenant_id=a8fa42116ae342fa839420cc280f5be7&name=default 0.753s
2024-12-27 22:28:18.799 66875 INFO tempest.lib.common.rest_client [req-f0f886cc-b675-492e-b20d-94071e9ffbda req-f0f886cc-b675-492e-b20d-94071e9ffbda ] Request (ImagesMetadataNegativeTestJSON:tearDownClass): 204 DELETE http://10.180.1.21:9696/networking/v2.0/security-groups/00c4ec04-09b0-4731-833d-71245c6b6a0d 0.170s
2024-12-27 22:28:18.807 66883 INFO tempest.lib.common.rest_client [req-7fb8c9ab-1de5-4020-bbf4-3af5e0cc9a00 req-7fb8c9ab-1de5-4020-bbf4-3af5e0cc9a00 ] Request (QuotaClassesAdminTestJSON:test_update_default_quotas): 200 GET http://10.180.1.21/compute/v2.1/os-quota-class-sets/default 2.081s
2024-12-27 22:28:18.893 66875 INFO tempest.lib.common.rest_client [req-5546cb1d-3747-47e4-9a36-85f87be52925 req-5546cb1d-3747-47e4-9a36-85f87be52925 ] Request (ImagesMetadataNegativeTestJSON:tearDownClass): 204 DELETE http://10.180.1.21/identity/v3/projects/d6c051fd690a4c08b9971011a2b4164e 0.094s
2024-12-27 22:28:18.931 66889 INFO tempest.lib.common.rest_client [req-e60c5c0e-74f5-4da0-9549-a87d9bd26dce req-e60c5c0e-74f5-4da0-9549-a87d9bd26dce ] Request (QuotasAdminTestV236:tearDownClass): 204 DELETE http://10.180.1.21:9696/networking/v2.0/security-groups/90d69f6e-f661-454c-93cc-9027a28a5537 0.185s
2024-12-27 22:28:18.962 66875 INFO tempest.lib.common.rest_client [req-b119eec9-47f4-49fc-ab6d-79ac4edf1f15 req-b119eec9-47f4-49fc-ab6d-79ac4edf1f15 ] Request (ServerGroup264TestJSON:setUpClass): 201 POST http://10.180.1.21/identity/v3/auth/tokens 0.067s
2024-12-27 22:28:18.976 66845 INFO tempest.lib.common.rest_client [req-73d3e1f1-2f52-4526-9e08-0f3ef8b67231 req-73d3e1f1-2f52-4526-9e08-0f3ef8b67231 ] Request (ServerActionsTestOtherA:setUpClass): 201 POST http://10.180.1.21:9696/networking/v2.0/floatingips 1.806s
2024-12-27 22:28:19.002 66875 INFO tempest.lib.common.rest_client [req-55c0ab7b-640c-46de-a57f-1e5d882e124e req-55c0ab7b-640c-46de-a57f-1e5d882e124e ] Request (ServerGroup264TestJSON:setUpClass): 201 POST http://10.180.1.21/identity/v3/auth/tokens 0.036s
2024-12-27 22:28:19.050 66889 INFO tempest.lib.common.rest_client [req-952635c2-0e2c-415f-8128-491cf0307586 req-952635c2-0e2c-415f-8128-491cf0307586 ] Request (QuotasAdminTestV236:tearDownClass): 204 DELETE http://10.180.1.21/identity/v3/projects/a8fa42116ae342fa839420cc280f5be7 0.119s
2024-12-27 22:28:19.072 66845 INFO tempest.lib.common.rest_client [req-14fd46bd-1563-4caf-8642-067d98f0ef6d req-14fd46bd-1563-4caf-8642-067d98f0ef6d ] Request (ServerActionsTestOtherA:setUpClass): 201 POST http://10.180.1.21/identity/v3/auth/tokens 0.090s
2024-12-27 22:28:19.073 66845 INFO tempest.lib.common.fixed_network [-] (ServerActionsTestOtherA:setUpClass) Found network {'id': '4c58d6cd-1d5f-4e9d-bed3-c97f2d8aa29b', 'name': 'tempest-ServerActionsTestOtherA-1635836221-network', 'tenant_id': '355894b0e4254884a894ed13a79e0ff3', 'admin_state_up': True, 'mtu': 8950, 'status': 'ACTIVE', 'subnets': [], 'shared': False, 'project_id': '355894b0e4254884a894ed13a79e0ff3', 'port_security_enabled': True, 'router:external': False, 'provider:network_type': 'vlan', 'provider:physical_network': 'default', 'provider:segmentation_id': 28, 'availability_zone_hints': [], 'availability_zones': [], 'ipv4_address_scope': None, 'ipv6_address_scope': None, 'description': '', 'tags': [], 'created_at': '2024-12-27T22:28:10Z', 'updated_at': '2024-12-27T22:28:10Z', 'revision_number': 1} available for tenant
2024-12-27 22:28:19.134 66897 INFO tempest.lib.common.rest_client [req-b6d855f0-ecf6-4b18-9432-7d1974bb7315 req-b6d855f0-ecf6-4b18-9432-7d1974bb7315 ] Request (VolumesGetTestJSON:test_volume_create_get_delete): 200 POST http://10.180.1.21/compute/v2.1/os-volumes 2.186s
2024-12-27 22:28:19.151 66875 INFO tempest.lib.common.rest_client [req-838accc8-6f33-46d2-8431-2b50d1611415 req-838accc8-6f33-46d2-8431-2b50d1611415 ] Request (ServerGroup264TestJSON:setUpClass): 200 GET http://10.180.1.21/identity/v3/domains?name=Default 0.149s
2024-12-27 22:28:19.156 66889 INFO tempest.lib.common.rest_client [req-18aedc8f-69db-4af5-a59a-6ad4380aba2c req-18aedc8f-69db-4af5-a59a-6ad4380aba2c ] Request (ImagesNegativeTestJSON:setUpClass): 201 POST http://10.180.1.21/identity/v3/auth/tokens 0.104s
2024-12-27 22:28:19.192 66889 INFO tempest.lib.common.rest_client [req-726c26b3-c436-47e6-8237-1d03726f4923 req-726c26b3-c436-47e6-8237-1d03726f4923 ] Request (ImagesNegativeTestJSON:setUpClass): 201 POST http://10.180.1.21/identity/v3/auth/tokens 0.031s
2024-12-27 22:28:19.192 66875 INFO tempest.lib.common.rest_client [req-333c22fd-95b1-4a16-8cda-ccc69c305ad7 req-333c22fd-95b1-4a16-8cda-ccc69c305ad7 ] Request (ServerGroup264TestJSON:setUpClass): 201 POST http://10.180.1.21/identity/v3/projects 0.041s
2024-12-27 22:28:19.251 66889 INFO tempest.lib.common.rest_client [req-7c719491-79a3-4154-8045-677591a32994 req-7c719491-79a3-4154-8045-677591a32994 ] Request (ImagesNegativeTestJSON:setUpClass): 200 GET http://10.180.1.21/identity/v3/domains?name=Default 0.058s
2024-12-27 22:28:19.253 66875 INFO tempest.lib.common.rest_client [req-43deb412-c8e2-4ade-8f3f-55ef6c7e4aad req-43deb412-c8e2-4ade-8f3f-55ef6c7e4aad ] Request (ServerGroup264TestJSON:setUpClass): 201 POST http://10.180.1.21/identity/v3/users 0.060s
2024-12-27 22:28:19.275 66875 INFO tempest.lib.common.rest_client [req-f30a3ce6-e68b-4ce2-a59f-693ee07fb027 req-f30a3ce6-e68b-4ce2-a59f-693ee07fb027 ] Request (ServerGroup264TestJSON:setUpClass): 200 GET http://10.180.1.21/identity/v3/roles 0.021s
2024-12-27 22:28:19.294 66889 INFO tempest.lib.common.rest_client [req-81c9a2ea-f154-4beb-8da3-6714ea43764e req-81c9a2ea-f154-4beb-8da3-6714ea43764e ] Request (ImagesNegativeTestJSON:setUpClass): 201 POST http://10.180.1.21/identity/v3/projects 0.043s
2024-12-27 22:28:19.317 66875 INFO tempest.lib.common.rest_client [req-2e7e5032-1fbc-4756-9009-fb6d2aa9d5b3 req-2e7e5032-1fbc-4756-9009-fb6d2aa9d5b3 ] Request (ServerGroup264TestJSON:setUpClass): 204 PUT http://10.180.1.21/identity/v3/projects/13a3403fd3654fc1b73bebd8dcc789ad/users/e01b0bb9f894470ab9a0ea5310e0bf84/roles/1859955d7eeb43c1a2c94fb8ec23f7ae 0.041s
2024-12-27 22:28:19.317 66875 INFO tempest.lib.common.dynamic_creds [-] Dynamic test user e01b0bb9f894470ab9a0ea5310e0bf84 is created with scope project and roles: ['member']
2024-12-27 22:28:19.317 66875 INFO tempest.lib.common.dynamic_creds [-] Acquired dynamic creds: credentials: Credentials: {'domain_id': 'default', 'domain_name': 'Default', 'username': 'tempest-ServerGroup264TestJSON-1267603308-project-member', 'project_domain_id': 'default', 'project_domain_name': 'Default', 'project_id': '13a3403fd3654fc1b73bebd8dcc789ad', 'project_name': 'tempest-ServerGroup264TestJSON-1267603308', 'tenant_id': '13a3403fd3654fc1b73bebd8dcc789ad', 'tenant_name': 'tempest-ServerGroup264TestJSON-1267603308', 'user_domain_id': 'default', 'user_domain_name': 'Default', 'user_id': 'e01b0bb9f894470ab9a0ea5310e0bf84', 'system': None}, Network: None, Subnet: None, Router: None
2024-12-27 22:28:19.329 66901 INFO tempest.lib.common.rest_client [req-6ccb9c70-32b0-4b75-b846-829ba776d1e8 req-6ccb9c70-32b0-4b75-b846-829ba776d1e8 ] Request (ServersV294TestFqdnHostnames:setUpClass): 202 POST http://10.180.1.21/compute/v2.1/servers 2.555s
2024-12-27 22:28:19.382 66875 INFO tempest.lib.common.rest_client [req-d08e0cf4-947a-4805-9900-c70602324042 req-d08e0cf4-947a-4805-9900-c70602324042 ] Request (ServerGroup264TestJSON:setUpClass): 201 POST http://10.180.1.21/identity/v3/auth/tokens 0.064s
2024-12-27 22:28:19.417 66889 INFO tempest.lib.common.rest_client [req-07365388-66a1-4dfb-9236-944069432975 req-07365388-66a1-4dfb-9236-944069432975 ] Request (ImagesNegativeTestJSON:setUpClass): 201 POST http://10.180.1.21/identity/v3/users 0.123s
2024-12-27 22:28:19.429 66863 INFO tempest.lib.common.rest_client [req-5bd31c33-5808-4df0-93c4-d52d6c580d40 req-5bd31c33-5808-4df0-93c4-d52d6c580d40 ] Request (ServersAdmin275Test:test_rebuild_update_server_275): 200 GET http://10.180.1.21/compute/v2.1/servers/4f552bc4-3af1-4579-b0d3-8dc962bd27c6 2.227s
2024-12-27 22:28:19.466 66889 INFO tempest.lib.common.rest_client [req-051eeb43-5104-4298-8df8-01b3fc14daf5 req-051eeb43-5104-4298-8df8-01b3fc14daf5 ] Request (ImagesNegativeTestJSON:setUpClass): 200 GET http://10.180.1.21/identity/v3/roles 0.048s
2024-12-27 22:28:19.510 66889 INFO tempest.lib.common.rest_client [req-31f5be88-3521-4f05-9a4b-dda2c6c06dec req-31f5be88-3521-4f05-9a4b-dda2c6c06dec ] Request (ImagesNegativeTestJSON:setUpClass): 204 PUT http://10.180.1.21/identity/v3/projects/6df5087f6888417791b537aa668c39fe/users/0d4dac43dc6e4071b6981f3c90e4d92a/roles/1859955d7eeb43c1a2c94fb8ec23f7ae 0.044s
2024-12-27 22:28:19.511 66889 INFO tempest.lib.common.dynamic_creds [-] Dynamic test user 0d4dac43dc6e4071b6981f3c90e4d92a is created with scope project and roles: ['member']
2024-12-27 22:28:19.512 66889 INFO tempest.lib.common.dynamic_creds [-] Acquired dynamic creds: credentials: Credentials: {'domain_id': 'default', 'domain_name': 'Default', 'username': 'tempest-ImagesNegativeTestJSON-1031475396-project-member', 'project_domain_id': 'default', 'project_domain_name': 'Default', 'project_id': '6df5087f6888417791b537aa668c39fe', 'project_name': 'tempest-ImagesNegativeTestJSON-1031475396', 'tenant_id': '6df5087f6888417791b537aa668c39fe', 'tenant_name': 'tempest-ImagesNegativeTestJSON-1031475396', 'user_domain_id': 'default', 'user_domain_name': 'Default', 'user_id': '0d4dac43dc6e4071b6981f3c90e4d92a', 'system': None}, Network: None, Subnet: None, Router: None
2024-12-27 22:28:19.590 66855 INFO tempest.lib.common.rest_client [req-f7c1ac7b-be42-4647-a9cb-ffb3053fbe21 req-f7c1ac7b-be42-4647-a9cb-ffb3053fbe21 ] Request (FloatingIPsTestJSON:tearDownClass): 200 PUT http://10.180.1.21:9696/networking/v2.0/routers/b66a6c57-b5da-4984-ae9f-80fdc78fe145/remove_router_interface 2.271s
2024-12-27 22:28:19.595 66889 INFO tempest.lib.common.rest_client [req-28891afa-9019-49b7-ac1e-f3f000e21c1c req-28891afa-9019-49b7-ac1e-f3f000e21c1c ] Request (ImagesNegativeTestJSON:setUpClass): 201 POST http://10.180.1.21/identity/v3/auth/tokens 0.082s
2024-12-27 22:28:19.614 66851 INFO tempest.lib.common.rest_client [req-e0360e87-67b2-45a0-a1c6-3c31afe6f38f req-e0360e87-67b2-45a0-a1c6-3c31afe6f38f ] Request (DeleteServersAdminTestJSON:test_admin_delete_servers_of_others): 200 GET http://10.180.1.21/compute/v2.1/servers/7ea16ce9-33ee-447a-9b5d-23e7f17225b6 2.389s
2024-12-27 22:28:19.623 66865 INFO tempest.lib.common.rest_client [req-0d7a6b6b-df8e-479e-9b78-c9e37cf850b5 req-0d7a6b6b-df8e-479e-9b78-c9e37cf850b5 ] Request (HypervisorAdminNegativeUnderV252Test:test_show_servers_with_non_admin_user): 403 GET http://10.180.1.21/compute/v2.1/os-hypervisors/1/servers 2.397s
2024-12-27 22:28:19.623 66851 INFO tempest.common.waiters [-] State transition "BUILD/spawning" ==> "ACTIVE/None" after 20 second wait
2024-12-27 22:28:19.655 66878 INFO tempest.lib.common.rest_client [req-857dddd4-a62f-4e06-ab6a-7ba31748d1ee req-857dddd4-a62f-4e06-ab6a-7ba31748d1ee ] Request (ServersTestBootFromVolume:setUpClass): 200 GET http://10.180.1.21/volume/v3/volumes/cd6f5500-508d-4842-ac62-e34b56b50dcd 0.028s
2024-12-27 22:28:19.664 66872 INFO tempest.lib.common.rest_client [req-dec506a8-ede9-450c-96bd-06209aea2467 req-dec506a8-ede9-450c-96bd-06209aea2467 ] Request (FlavorsExtraSpecsNegativeTestJSON:tearDownClass): 202 DELETE http://10.180.1.21/compute/v2.1/flavors/1958929553 2.428s
2024-12-27 22:28:19.669 66899 INFO tempest.lib.common.rest_client [req-4ec77c54-5bec-4826-8913-ff9d7768548d req-4ec77c54-5bec-4826-8913-ff9d7768548d ] Request (VolumesAssistedSnapshotsTest:test_volume_assisted_snapshot_create_delete): 202 POST http://10.180.1.21/compute/v2.1/servers 2.643s
2024-12-27 22:28:19.688 66873 INFO tempest.lib.common.rest_client [req-33da3322-0df5-4b8f-b956-5dea922fcb1e req-33da3322-0df5-4b8f-b956-5dea922fcb1e ] Request (FlavorsAccessNegativeTestJSON:_run_cleanups): 200 GET http://10.180.1.21/compute/v2.1/flavors/detail 2.431s
2024-12-27 22:28:19.693 66881 INFO tempest.lib.common.rest_client [req-33e2415f-3a9a-416c-86a4-d8be84815d55 req-33e2415f-3a9a-416c-86a4-d8be84815d55 ] Request (HostsAdminNegativeTestJSON:test_update_host_with_invalid_maintenance_mode): 400 PUT http://10.180.1.21/compute/v2.1/os-hosts/devstack 2.337s
2024-12-27 22:28:19.749 66875 INFO tempest.lib.common.rest_client [req-78a4fccd-ec21-4c19-bb05-4da60b932217 req-78a4fccd-ec21-4c19-bb05-4da60b932217 ] Request (ServerGroup264TestJSON:setUpClass): 201 POST http://10.180.1.21:9696/networking/v2.0/networks 0.366s
2024-12-27 22:28:19.777 66847 INFO tempest.lib.common.rest_client [req-b2d98126-512d-4aa2-a22d-fdd5bb20fc45 req-b2d98126-512d-4aa2-a22d-fdd5bb20fc45 ] Request (ServicesAdminNegativeV253TestJSON:test_list_services_with_non_admin_user): 403 GET http://10.180.1.21/compute/v2.1/os-services 2.428s
2024-12-27 22:28:19.798 66857 INFO tempest.lib.common.rest_client [req-bf17fd2e-29da-4fa2-9d7e-0928d3939550 req-bf17fd2e-29da-4fa2-9d7e-0928d3939550 ] Request (FlavorsAdminTestJSON:_run_cleanups): 202 DELETE http://10.180.1.21/compute/v2.1/flavors/9e7ad595-6a44-400b-92ae-33e2c12893f6 2.039s
2024-12-27 22:28:19.861 66841 INFO tempest.lib.common.rest_client [req-4d86f1f8-78e2-4711-bae0-9ad3f117f8fc req-4d86f1f8-78e2-4711-bae0-9ad3f117f8fc ] Request (ServerDiagnosticsTest:test_get_server_diagnostics): 200 GET http://10.180.1.21/compute/v2.1/servers/485d732d-34bf-4cc5-9fcb-74a9045119d7 2.060s
2024-12-27 22:28:19.867 66847 INFO tempest.lib.common.rest_client [req-715c16c2-b72a-44df-a5f2-de436751c6e2 req-715c16c2-b72a-44df-a5f2-de436751c6e2 ] Request (ServicesAdminNegativeV253TestJSON:tearDownClass): 204 DELETE http://10.180.1.21/identity/v3/users/39c9a23e624944f8b3359b1e37b8173f 0.088s
2024-12-27 22:28:19.912 66853 INFO tempest.lib.common.rest_client [req-146c92b0-a185-4b28-9455-7236fe46d225 req-146c92b0-a185-4b28-9455-7236fe46d225 ] Request (TenantUsagesTestJSON:setUpClass): 200 GET http://10.180.1.21/compute/v2.1/servers/55d53787-be79-4e68-a3a4-76d91695ae24 2.212s
2024-12-27 22:28:19.930 66839 INFO tempest.lib.common.rest_client [req-f4e0f383-837d-4681-a5cf-580172d282ec req-f4e0f383-837d-4681-a5cf-580172d282ec ] Request (ServersAdminTestJSON:setUpClass): 200 GET http://10.180.1.21/compute/v2.1/servers/55728249-ca09-4484-a63c-df4f39c5ca5a 2.073s
2024-12-27 22:28:19.967 66875 INFO tempest.lib.common.rest_client [req-12bf42d6-eb8b-4212-8009-e24e1717bee9 req-12bf42d6-eb8b-4212-8009-e24e1717bee9 ] Request (ServerGroup264TestJSON:setUpClass): 201 POST http://10.180.1.21:9696/networking/v2.0/subnets 0.217s
2024-12-27 22:28:19.988 66847 INFO tempest.lib.common.rest_client [req-ba59edad-b461-4ddf-acc9-7f73bf171408 req-ba59edad-b461-4ddf-acc9-7f73bf171408 ] Request (ServicesAdminNegativeV253TestJSON:tearDownClass): 204 DELETE http://10.180.1.21/identity/v3/users/70e8ce08b65c4462b7583d5ae42f9130 0.120s
