2024-12-27 22:29:19.428 66843 INFO tempest.lib.common.rest_client [req-2f55709d-1a86-461e-8187-07fe63b89360 req-2f55709d-1a86-461e-8187-07fe63b89360 ] Request (FloatingIPsAssociationTestJSON:test_associate_already_associated_floating_ip): 200 GET http://10.180.1.21/compute/v2.1/servers/2c04403e-94dd-4b95-a026-b64e9de9b086 0.186s
2024-12-27 22:29:19.573 66889 INFO tempest.lib.common.rest_client [req-597b1f2c-5138-4cb7-9b61-74642550ccd5 req-597b1f2c-5138-4cb7-9b61-74642550ccd5 ] Request (ImagesNegativeTestJSON:test_create_image_from_deleted_server): 200 GET http://10.180.1.21/compute/v2.1/servers/171d17e6-19f4-432a-887d-ebc7ec3e5481 0.053s
2024-12-27 22:29:19.616 66859 INFO tempest.lib.common.rest_client [req-74d29221-8dec-4429-82d6-87f77cee79e5 req-74d29221-8dec-4429-82d6-87f77cee79e5 ] Request (ServerExternalEventsTest:test_create_server_external_events): 200 GET http://10.180.1.21/compute/v2.1/servers/a385a9c1-4cdd-48dc-bbe8-4a002ccde241 0.048s
2024-12-27 22:29:19.640 66865 INFO tempest.lib.common.rest_client [req-b948efcd-4c6b-4247-8ae4-8d47e557f78d req-b948efcd-4c6b-4247-8ae4-8d47e557f78d ] Request (MigrationsAdminTest:test_list_migrations_in_flavor_resize_situation): 200 GET http://10.180.1.21/compute/v2.1/servers/b58b59b2-7f72-4763-a4ad-9c26117d6afe 0.121s
2024-12-27 22:29:19.692 66867 INFO tempest.lib.common.rest_client [req-7c74756b-5817-49d8-86b4-cdc21772f2ef req-7c74756b-5817-49d8-86b4-cdc21772f2ef ] Request (ServerShowV257Test:test_rebuild_server): 200 GET http://10.180.1.21/compute/v2.1/servers/74a8ea77-3cbf-493c-9cf0-164f373caa0e 0.075s
2024-12-27 22:29:19.714 66878 INFO tempest.lib.common.rest_client [req-2ac484d2-41a3-4752-a506-72d7e6847045 req-2ac484d2-41a3-4752-a506-72d7e6847045 ] Request (ServersTestBootFromVolume:setUpClass): 200 GET http://10.180.1.21/compute/v2.1/servers/8a481ddf-54a5-4146-8535-02072b9dd827 0.101s
2024-12-27 22:29:19.763 66896 INFO tempest.lib.common.rest_client [req-13351bae-120f-458e-b68d-dbd82e2e9576 req-13351bae-120f-458e-b68d-dbd82e2e9576 ] Request (ImagesTestJSON:test_create_image_from_suspended_server): 200 GET http://10.180.1.21/compute/v2.1/servers/22ad90b8-e525-46b9-842e-06b024d6f6ba 0.097s
2024-12-27 22:29:19.819 66851 INFO tempest.lib.common.rest_client [req-68bf5c59-8483-4dc7-94c8-4b539851c66a req-68bf5c59-8483-4dc7-94c8-4b539851c66a ] Request (DeleteServersAdminTestJSON:test_delete_server_while_in_error_state): 200 GET http://10.180.1.21/compute/v2.1/servers/736874a7-a8c5-4ca2-9711-ded10fe44bdd 0.106s
2024-12-27 22:29:19.872 66872 INFO tempest.lib.common.rest_client [req-82a9cf5c-3f78-4b43-a40f-70ba00aa2342 req-82a9cf5c-3f78-4b43-a40f-70ba00aa2342 ] Request (ServerRescueNegativeTestJSON:setUpClass): 200 GET http://10.180.1.21/compute/v2.1/servers/8a38074d-7b10-4b97-a0a8-7eaef4474528 0.137s
2024-12-27 22:29:19.935 66893 INFO tempest.lib.common.rest_client [req-6d88f61a-d93b-4b42-a24d-2c9b2dfaeeba req-6d88f61a-d93b-4b42-a24d-2c9b2dfaeeba ] Request (ServerRescueTestJSON:setUpClass): 200 GET http://10.180.1.21/compute/v2.1/servers/d0bb62ae-c499-4d16-923b-66c8214289db 0.271s
2024-12-27 22:29:19.944 66841 INFO tempest.lib.common.rest_client [req-7a6251cc-5a36-4c7e-9223-e957271e8cad req-7a6251cc-5a36-4c7e-9223-e957271e8cad ] Request (AttachVolumeNegativeTest:test_attach_attached_volume_to_different_server): 200 GET http://10.180.1.21/compute/v2.1/servers/e7b2d6e6-f687-4d61-9228-e78978e84edf 0.185s
2024-12-27 22:29:19.991 66891 INFO tempest.lib.common.rest_client [req-2e8fd48d-c142-49ee-a345-806edb371279 req-2e8fd48d-c142-49ee-a345-806edb371279 ] Request (ServersAdminNegativeTestJSON:test_migrate_server_invalid_state): 200 GET http://10.180.1.21/compute/v2.1/servers/8dfb0848-2dc0-431d-8372-8474c1084bf8 0.211s
2024-12-27 22:29:20.005 66881 INFO tempest.lib.common.rest_client [req-37487d77-a694-4c44-8e0c-145b66021db4 req-37487d77-a694-4c44-8e0c-145b66021db4 ] Request (ServerDiskConfigTestJSON:test_rebuild_server_with_auto_disk_config): 200 GET http://10.180.1.21/compute/v2.1/servers/991c0412-c377-4428-a11f-b231fa5a7751 0.165s
2024-12-27 22:29:20.040 66849 INFO tempest.lib.common.rest_client [req-728a656c-2337-413d-b9f9-5d83466951fb req-728a656c-2337-413d-b9f9-5d83466951fb ] Request (ServersTestJSON:setUpClass): 200 GET http://10.180.1.21/compute/v2.1/servers/29cb3f72-c88e-47bf-8c52-4fe27ae6aa58 0.152s
2024-12-27 22:29:20.057 66861 INFO tempest.lib.common.rest_client [req-c7b0df53-c483-4df8-86ee-7338ef540468 req-c7b0df53-c483-4df8-86ee-7338ef540468 ] Request (AttachInterfacesUnderV243Test:test_add_remove_fixed_ip): 200 GET http://10.180.1.21/compute/v2.1/servers/66be2851-bed8-49f0-9bae-96f4f766f5e6 0.138s
2024-12-27 22:29:20.090 66839 INFO tempest.lib.common.rest_client [req-c2b377cd-cc85-4ee1-9586-3347ea5a3eeb req-c2b377cd-cc85-4ee1-9586-3347ea5a3eeb ] Request (ServersAdminTestJSON:test_create_server_with_scheduling_hint): 200 GET http://10.180.1.21/compute/v2.1/servers/4e1ab485-0c88-4161-8b4d-500ec3ee7ba4 0.126s
2024-12-27 22:29:20.130 66863 INFO tempest.lib.common.rest_client [req-52e7402d-142b-4bd6-afea-f9c219a6612e req-52e7402d-142b-4bd6-afea-f9c219a6612e ] Request (ServersAdmin275Test:tearDownClass): 200 GET http://10.180.1.21/compute/v2.1/servers/4f552bc4-3af1-4579-b0d3-8dc962bd27c6 0.134s
2024-12-27 22:29:20.147 66873 INFO tempest.lib.common.rest_client [req-30cad3a8-3f3d-4efc-b780-5d3574cad24e req-30cad3a8-3f3d-4efc-b780-5d3574cad24e ] Request (ServerDiagnosticsNegativeTest:test_get_server_diagnostics_by_non_admin): 200 GET http://10.180.1.21/compute/v2.1/servers/98c3bd5f-8a4a-4906-84dd-807eaff1da62 0.132s
2024-12-27 22:29:20.187 66869 INFO tempest.lib.common.rest_client [req-4d0a41ff-4470-426f-b097-0dc17c5ffd30 req-4d0a41ff-4470-426f-b097-0dc17c5ffd30 ] Request (SecurityGroupsTestJSON:test_server_security_groups): 200 GET http://10.180.1.21/compute/v2.1/servers/41e880e0-f3ae-427b-86b4-e5bde043d0bd 0.152s
2024-12-27 22:29:20.203 66853 INFO tempest.lib.common.rest_client [req-f344b16f-c246-410d-8de4-6f2bfdbc3ad2 req-f344b16f-c246-410d-8de4-6f2bfdbc3ad2 ] Request (ServerMetadataNegativeTestJSON:setUpClass): 200 GET http://10.180.1.21/compute/v2.1/servers/f1fd9732-8654-475a-a7a5-63c31caef15d 0.142s
2024-12-27 22:29:20.335 66887 INFO tempest.lib.common.rest_client [req-c5cb4e1a-132f-4396-ab7c-dc255caa9848 req-c5cb4e1a-132f-4396-ab7c-dc255caa9848 ] Request (ServerDiagnosticsV248Test:tearDownClass): 200 GET http://10.180.1.21/compute/v2.1/servers/d371063f-d419-4965-9840-51e8071bca6a 0.071s
2024-12-27 22:29:20.362 66857 INFO tempest.lib.common.rest_client [req-75cbf130-e3ba-4f85-a95e-6af1ad13ceb3 req-75cbf130-e3ba-4f85-a95e-6af1ad13ceb3 ] Request (FloatingIPsAssociationNegativeTestJSON:setUpClass): 200 GET http://10.180.1.21/compute/v2.1/servers/5295d78d-860a-4100-8b53-3ece13c6f31c 0.056s
2024-12-27 22:29:20.444 66855 INFO tempest.lib.common.rest_client [req-1d88bc9b-9bc5-446c-8673-1848963fb5f4 req-1d88bc9b-9bc5-446c-8673-1848963fb5f4 ] Request (ImagesOneServerNegativeTestJSON:tearDown): 200 GET http://10.180.1.21/compute/v2.1/servers/c2d4aca9-bdef-4d11-bc69-0a0f9152722c 0.109s
2024-12-27 22:29:20.465 66901 INFO paramiko.transport [-] Connected (version 2.0, client dropbear_2020.81)
2024-12-27 22:29:20.568 66901 INFO paramiko.transport [-] Authentication (publickey) successful!
2024-12-27 22:29:20.568 66901 INFO tempest.lib.common.ssh [-] ssh connection to cirros@10.180.180.214 successfully created
2024-12-27 22:29:20.575 66901 INFO tempest.lib.common.ssh [-] Creating ssh connection to '10.180.180.214:22' as 'cirros' with public key authentication
2024-12-27 22:29:20.577 66901 INFO paramiko.transport [-] Connected (version 2.0, client dropbear_2020.81)
2024-12-27 22:29:20.633 66843 INFO tempest.lib.common.rest_client [req-a71d84a6-2548-4d14-8a48-8bf0290a4c1a req-a71d84a6-2548-4d14-8a48-8bf0290a4c1a ] Request (FloatingIPsAssociationTestJSON:test_associate_already_associated_floating_ip): 200 GET http://10.180.1.21/compute/v2.1/servers/2c04403e-94dd-4b95-a026-b64e9de9b086 0.197s
2024-12-27 22:29:20.638 66901 INFO paramiko.transport [-] Authentication (publickey) successful!
2024-12-27 22:29:20.638 66901 INFO tempest.lib.common.ssh [-] ssh connection to cirros@10.180.180.214 successfully created
2024-12-27 22:29:20.653 66843 INFO tempest.common.waiters [-] State transition "BUILD/spawning" ==> "ACTIVE/None" after 41 second wait
2024-12-27 22:29:20.660 66889 INFO tempest.lib.common.rest_client [req-814d5303-eb44-4d38-8b51-e349dfc15350 req-814d5303-eb44-4d38-8b51-e349dfc15350 ] Request (ImagesNegativeTestJSON:test_create_image_from_deleted_server): 200 GET http://10.180.1.21/compute/v2.1/servers/171d17e6-19f4-432a-887d-ebc7ec3e5481 0.080s
2024-12-27 22:29:20.703 66859 INFO tempest.lib.common.rest_client [req-bbc452b9-d792-47e1-a3f0-5e93d3205519 req-bbc452b9-d792-47e1-a3f0-5e93d3205519 ] Request (ServerExternalEventsTest:test_create_server_external_events): 200 GET http://10.180.1.21/compute/v2.1/servers/a385a9c1-4cdd-48dc-bbe8-4a002ccde241 0.080s
2024-12-27 22:29:20.725 66885 WARNING tempest.lib.common.ssh [-] Failed to establish authenticated ssh connection to cirros@10.180.180.244 ([Errno None] Unable to connect to port 22 on 10.180.180.244). Number attempts: 4. Retry after 5 seconds.: paramiko.ssh_exception.NoValidConnectionsError: [Errno None] Unable to connect to port 22 on 10.180.180.244
2024-12-27 22:29:20.754 66865 INFO tempest.lib.common.rest_client [req-b4b825d8-6d0d-4a20-9f66-291a2e122419 req-b4b825d8-6d0d-4a20-9f66-291a2e122419 ] Request (MigrationsAdminTest:test_list_migrations_in_flavor_resize_situation): 200 GET http://10.180.1.21/compute/v2.1/servers/b58b59b2-7f72-4763-a4ad-9c26117d6afe 0.108s
2024-12-27 22:29:20.802 66867 INFO tempest.lib.common.rest_client [req-f36e86ea-5853-4f63-88f1-89c602822785 req-f36e86ea-5853-4f63-88f1-89c602822785 ] Request (ServerShowV257Test:test_rebuild_server): 200 GET http://10.180.1.21/compute/v2.1/servers/74a8ea77-3cbf-493c-9cf0-164f373caa0e 0.101s
2024-12-27 22:29:20.854 66847 WARNING tempest.lib.common.ssh [-] Failed to establish authenticated ssh connection to cirros@10.180.180.149 ([Errno None] Unable to connect to port 22 on 10.180.180.149). Number attempts: 1. Retry after 2 seconds.: paramiko.ssh_exception.NoValidConnectionsError: [Errno None] Unable to connect to port 22 on 10.180.180.149
2024-12-27 22:29:20.930 66878 INFO tempest.lib.common.rest_client [req-684adacc-e870-4ef3-8dab-b9c4833be960 req-684adacc-e870-4ef3-8dab-b9c4833be960 ] Request (ServersTestBootFromVolume:setUpClass): 200 GET http://10.180.1.21/compute/v2.1/servers/8a481ddf-54a5-4146-8535-02072b9dd827 0.208s
2024-12-27 22:29:20.983 66896 INFO tempest.lib.common.rest_client [req-f6978fb7-5fe8-4b28-8fb1-8ad4dc315bd0 req-f6978fb7-5fe8-4b28-8fb1-8ad4dc315bd0 ] Request (ImagesTestJSON:test_create_image_from_suspended_server): 200 GET http://10.180.1.21/compute/v2.1/servers/22ad90b8-e525-46b9-842e-06b024d6f6ba 0.208s
2024-12-27 22:29:21.032 66851 INFO tempest.lib.common.rest_client [req-4f70585a-a83a-405d-bfef-9742d9b048ae req-4f70585a-a83a-405d-bfef-9742d9b048ae ] Request (DeleteServersAdminTestJSON:test_delete_server_while_in_error_state): 200 GET http://10.180.1.21/compute/v2.1/servers/736874a7-a8c5-4ca2-9711-ded10fe44bdd 0.206s
2024-12-27 22:29:21.082 66872 INFO tempest.lib.common.rest_client [req-9ba59f5c-0e36-4c99-b171-9fbb4abbf222 req-9ba59f5c-0e36-4c99-b171-9fbb4abbf222 ] Request (ServerRescueNegativeTestJSON:setUpClass): 200 GET http://10.180.1.21/compute/v2.1/servers/8a38074d-7b10-4b97-a0a8-7eaef4474528 0.199s
2024-12-27 22:29:21.128 66893 INFO tempest.lib.common.rest_client [req-aeb0b983-e29a-4c82-9ab9-b709279db835 req-aeb0b983-e29a-4c82-9ab9-b709279db835 ] Request (ServerRescueTestJSON:setUpClass): 200 GET http://10.180.1.21/compute/v2.1/servers/d0bb62ae-c499-4d16-923b-66c8214289db 0.180s
2024-12-27 22:29:21.176 66841 INFO tempest.lib.common.rest_client [req-cb45c70d-0371-4f36-a246-533ffbe404c7 req-cb45c70d-0371-4f36-a246-533ffbe404c7 ] Request (AttachVolumeNegativeTest:test_attach_attached_volume_to_different_server): 200 GET http://10.180.1.21/compute/v2.1/servers/e7b2d6e6-f687-4d61-9228-e78978e84edf 0.225s
2024-12-27 22:29:21.229 66891 INFO tempest.lib.common.rest_client [req-912d3ceb-20ab-4c74-a0c7-abd42c45b0f5 req-912d3ceb-20ab-4c74-a0c7-abd42c45b0f5 ] Request (ServersAdminNegativeTestJSON:test_migrate_server_invalid_state): 200 GET http://10.180.1.21/compute/v2.1/servers/8dfb0848-2dc0-431d-8372-8474c1084bf8 0.231s
2024-12-27 22:29:21.280 66881 INFO tempest.lib.common.rest_client [req-90152fba-f1fb-4838-9c1a-57cd8a65d9df req-90152fba-f1fb-4838-9c1a-57cd8a65d9df ] Request (ServerDiskConfigTestJSON:test_rebuild_server_with_auto_disk_config): 200 GET http://10.180.1.21/compute/v2.1/servers/991c0412-c377-4428-a11f-b231fa5a7751 0.266s
2024-12-27 22:29:21.324 66849 INFO tempest.lib.common.rest_client [req-7428bca4-0332-4af6-8296-c5d328c9ba96 req-7428bca4-0332-4af6-8296-c5d328c9ba96 ] Request (ServersTestJSON:setUpClass): 200 GET http://10.180.1.21/compute/v2.1/servers/29cb3f72-c88e-47bf-8c52-4fe27ae6aa58 0.273s
2024-12-27 22:29:21.370 66861 INFO tempest.lib.common.rest_client [req-f731c1a3-4924-4eeb-b0da-63d73b80cb2d req-f731c1a3-4924-4eeb-b0da-63d73b80cb2d ] Request (AttachInterfacesUnderV243Test:test_add_remove_fixed_ip): 200 GET http://10.180.1.21/compute/v2.1/servers/66be2851-bed8-49f0-9bae-96f4f766f5e6 0.305s
2024-12-27 22:29:21.419 66839 INFO tempest.lib.common.rest_client [req-5e8d57a3-e7f9-4b3a-a759-a13766267bde req-5e8d57a3-e7f9-4b3a-a759-a13766267bde ] Request (ServersAdminTestJSON:test_create_server_with_scheduling_hint): 200 GET http://10.180.1.21/compute/v2.1/servers/4e1ab485-0c88-4161-8b4d-500ec3ee7ba4 0.321s
2024-12-27 22:29:21.486 66863 INFO tempest.lib.common.rest_client [req-3148acab-4e61-483d-bb15-285d66749813 req-3148acab-4e61-483d-bb15-285d66749813 ] Request (ServersAdmin275Test:tearDownClass): 200 GET http://10.180.1.21/compute/v2.1/servers/4f552bc4-3af1-4579-b0d3-8dc962bd27c6 0.343s
2024-12-27 22:29:21.540 66873 INFO tempest.lib.common.rest_client [req-640cf4a6-c4eb-4226-b7fc-3574ce87a7a4 req-640cf4a6-c4eb-4226-b7fc-3574ce87a7a4 ] Request (ServerDiagnosticsNegativeTest:test_get_server_diagnostics_by_non_admin): 200 GET http://10.180.1.21/compute/v2.1/servers/98c3bd5f-8a4a-4906-84dd-807eaff1da62 0.384s
2024-12-27 22:29:21.595 66869 INFO tempest.lib.common.rest_client [req-69b4d115-bf57-44a1-b8ec-dea10c49a289 req-69b4d115-bf57-44a1-b8ec-dea10c49a289 ] Request (SecurityGroupsTestJSON:test_server_security_groups): 200 GET http://10.180.1.21/compute/v2.1/servers/41e880e0-f3ae-427b-86b4-e5bde043d0bd 0.401s
2024-12-27 22:29:21.651 66853 INFO tempest.lib.common.rest_client [req-cb53c7b8-9d99-48a8-bf46-1b177948c525 req-cb53c7b8-9d99-48a8-bf46-1b177948c525 ] Request (ServerMetadataNegativeTestJSON:setUpClass): 200 GET http://10.180.1.21/compute/v2.1/servers/f1fd9732-8654-475a-a7a5-63c31caef15d 0.434s
2024-12-27 22:29:21.711 66843 INFO tempest.lib.common.rest_client [req-10fb5723-1a6e-41f5-a91e-33f6be192ef9 req-10fb5723-1a6e-41f5-a91e-33f6be192ef9 ] Request (FloatingIPsAssociationTestJSON:test_associate_already_associated_floating_ip): 202 POST http://10.180.1.21/compute/v2.1/servers/f18e8292-92e9-4180-a2f8-7a57f6b3c7ed/action 1.055s
2024-12-27 22:29:21.728 66887 INFO tempest.lib.common.rest_client [req-939e265c-d72a-4d73-8933-6c46334e58ec req-939e265c-d72a-4d73-8933-6c46334e58ec ] Request (ServerDiagnosticsV248Test:tearDownClass): 200 GET http://10.180.1.21/compute/v2.1/servers/d371063f-d419-4965-9840-51e8071bca6a 0.384s
2024-12-27 22:29:21.771 66857 INFO tempest.lib.common.rest_client [req-309408b5-2a30-4088-a779-0947d1b64811 req-309408b5-2a30-4088-a779-0947d1b64811 ] Request (FloatingIPsAssociationNegativeTestJSON:setUpClass): 200 GET http://10.180.1.21/compute/v2.1/servers/5295d78d-860a-4100-8b53-3ece13c6f31c 0.401s
2024-12-27 22:29:21.826 66889 INFO tempest.lib.common.rest_client [req-cf4bce6a-593d-4bbb-8564-7530341b5f6d req-cf4bce6a-593d-4bbb-8564-7530341b5f6d ] Request (ImagesNegativeTestJSON:test_create_image_from_deleted_server): 200 GET http://10.180.1.21/compute/v2.1/servers/171d17e6-19f4-432a-887d-ebc7ec3e5481 0.159s
2024-12-27 22:29:21.843 66855 INFO tempest.lib.common.rest_client [req-3a66a6c1-8af8-4cba-bfdc-247710f0a06c req-3a66a6c1-8af8-4cba-bfdc-247710f0a06c ] Request (ImagesOneServerNegativeTestJSON:tearDown): 200 GET http://10.180.1.21/compute/v2.1/servers/c2d4aca9-bdef-4d11-bc69-0a0f9152722c 0.390s
2024-12-27 22:29:21.889 66859 INFO tempest.lib.common.rest_client [req-f8123a69-ec3f-4a92-a1fd-5757d7dad44d req-f8123a69-ec3f-4a92-a1fd-5757d7dad44d ] Request (ServerExternalEventsTest:test_create_server_external_events): 200 GET http://10.180.1.21/compute/v2.1/servers/a385a9c1-4cdd-48dc-bbe8-4a002ccde241 0.178s
2024-12-27 22:29:21.898 66901 INFO tempest.lib.common.rest_client [req-b03a2b18-c759-40ac-8b3e-acd264b4f278 req-b03a2b18-c759-40ac-8b3e-acd264b4f278 ] Request (ServersV294TestFqdnHostnames:tearDownClass): 204 DELETE http://10.180.1.21/compute/v2.1/servers/5e8d85c0-d594-478f-a56d-4f3f5bacb66d 0.226s
2024-12-27 22:29:21.996 66865 INFO tempest.lib.common.rest_client [req-5da94426-d537-41d4-8065-95fc336a0c53 req-5da94426-d537-41d4-8065-95fc336a0c53 ] Request (MigrationsAdminTest:test_list_migrations_in_flavor_resize_situation): 200 GET http://10.180.1.21/compute/v2.1/servers/b58b59b2-7f72-4763-a4ad-9c26117d6afe 0.233s
2024-12-27 22:29:22.046 66867 INFO tempest.lib.common.rest_client [req-de19920f-8537-4591-973d-f166ce7ad83f req-de19920f-8537-4591-973d-f166ce7ad83f ] Request (ServerShowV257Test:test_rebuild_server): 200 GET http://10.180.1.21/compute/v2.1/servers/74a8ea77-3cbf-493c-9cf0-164f373caa0e 0.235s
2024-12-27 22:29:22.185 66901 INFO tempest.lib.common.rest_client [req-c97c57e7-9789-4830-9f77-8a92eafc146c req-c97c57e7-9789-4830-9f77-8a92eafc146c ] Request (ServersV294TestFqdnHostnames:tearDownClass): 200 GET http://10.180.1.21/compute/v2.1/servers/5e8d85c0-d594-478f-a56d-4f3f5bacb66d 0.286s
2024-12-27 22:29:22.412 66878 INFO tempest.lib.common.rest_client [req-c83517d1-7aa9-49eb-a582-01cc637b1b5f req-c83517d1-7aa9-49eb-a582-01cc637b1b5f ] Request (ServersTestBootFromVolume:setUpClass): 200 GET http://10.180.1.21/compute/v2.1/servers/8a481ddf-54a5-4146-8535-02072b9dd827 0.473s
2024-12-27 22:29:22.420 66878 INFO tempest.common.waiters [-] State transition "BUILD/spawning" ==> "ACTIVE/None" after 39 second wait
2024-12-27 22:29:22.467 66896 INFO tempest.lib.common.rest_client [req-050a86cd-8e9a-43f1-b45b-f66883584ef0 req-050a86cd-8e9a-43f1-b45b-f66883584ef0 ] Request (ImagesTestJSON:test_create_image_from_suspended_server): 200 GET http://10.180.1.21/compute/v2.1/servers/22ad90b8-e525-46b9-842e-06b024d6f6ba 0.477s
2024-12-27 22:29:22.530 66851 INFO tempest.lib.common.rest_client [req-7146e803-4127-4434-966c-f6a9b46a9631 req-7146e803-4127-4434-966c-f6a9b46a9631 ] Request (DeleteServersAdminTestJSON:test_delete_server_while_in_error_state): 200 GET http://10.180.1.21/compute/v2.1/servers/736874a7-a8c5-4ca2-9711-ded10fe44bdd 0.491s
2024-12-27 22:29:22.587 66872 INFO tempest.lib.common.rest_client [req-a5562073-e008-4472-8758-1593a7dc1569 req-a5562073-e008-4472-8758-1593a7dc1569 ] Request (ServerRescueNegativeTestJSON:setUpClass): 200 GET http://10.180.1.21/compute/v2.1/servers/8a38074d-7b10-4b97-a0a8-7eaef4474528 0.497s
2024-12-27 22:29:22.644 66893 INFO tempest.lib.common.rest_client [req-2cc57881-131d-4063-b2ca-147b3922efbf req-2cc57881-131d-4063-b2ca-147b3922efbf ] Request (ServerRescueTestJSON:setUpClass): 200 GET http://10.180.1.21/compute/v2.1/servers/d0bb62ae-c499-4d16-923b-66c8214289db 0.509s
2024-12-27 22:29:22.650 66893 INFO tempest.common.waiters [-] State transition "BUILD/scheduling" ==> "BUILD/None" after 32 second wait
2024-12-27 22:29:22.697 66841 INFO tempest.lib.common.rest_client [req-7e5674d4-8b00-481c-b707-9b85c6d7113a req-7e5674d4-8b00-481c-b707-9b85c6d7113a ] Request (AttachVolumeNegativeTest:test_attach_attached_volume_to_different_server): 200 GET http://10.180.1.21/compute/v2.1/servers/e7b2d6e6-f687-4d61-9228-e78978e84edf 0.512s
2024-12-27 22:29:22.709 66899 WARNING tempest.lib.common.ssh [-] Failed to establish authenticated ssh connection to cirros@10.180.180.243 ([Errno None] Unable to connect to port 22 on 10.180.180.243). Number attempts: 5. Retry after 6 seconds.: paramiko.ssh_exception.NoValidConnectionsError: [Errno None] Unable to connect to port 22 on 10.180.180.243
2024-12-27 22:29:22.747 66891 INFO tempest.lib.common.rest_client [req-f7fa1e07-8fe8-4ddc-85c1-cbf70bce8c0a req-f7fa1e07-8fe8-4ddc-85c1-cbf70bce8c0a ] Request (ServersAdminNegativeTestJSON:test_migrate_server_invalid_state): 200 GET http://10.180.1.21/compute/v2.1/servers/8dfb0848-2dc0-431d-8372-8474c1084bf8 0.502s
2024-12-27 22:29:22.800 66881 INFO tempest.lib.common.rest_client [req-e1045547-c7ca-4260-9dd8-9163a046418f req-e1045547-c7ca-4260-9dd8-9163a046418f ] Request (ServerDiskConfigTestJSON:test_rebuild_server_with_auto_disk_config): 200 GET http://10.180.1.21/compute/v2.1/servers/991c0412-c377-4428-a11f-b231fa5a7751 0.508s
2024-12-27 22:29:22.856 66849 INFO tempest.lib.common.rest_client [req-33d6c5a6-2189-477a-bf71-fd7c9387e0ea req-33d6c5a6-2189-477a-bf71-fd7c9387e0ea ] Request (ServersTestJSON:setUpClass): 200 GET http://10.180.1.21/compute/v2.1/servers/29cb3f72-c88e-47bf-8c52-4fe27ae6aa58 0.525s
2024-12-27 22:29:22.906 66861 INFO tempest.lib.common.rest_client [req-792770ca-5e26-4c70-9f7f-7911a2e6a403 req-792770ca-5e26-4c70-9f7f-7911a2e6a403 ] Request (AttachInterfacesUnderV243Test:test_add_remove_fixed_ip): 200 GET http://10.180.1.21/compute/v2.1/servers/66be2851-bed8-49f0-9bae-96f4f766f5e6 0.528s
2024-12-27 22:29:22.984 66878 INFO tempest.lib.common.rest_client [req-2cddce7b-8b8d-4d66-8fce-e8bba2d028df req-2cddce7b-8b8d-4d66-8fce-e8bba2d028df ] Request (ServersTestBootFromVolume:setUpClass): 200 GET http://10.180.1.21/compute/v2.1/servers/8a481ddf-54a5-4146-8535-02072b9dd827/os-interface 0.563s
2024-12-27 22:29:23.078 66839 INFO tempest.lib.common.rest_client [req-7e6f0063-dc58-4cfd-89f6-dad681c4347c req-7e6f0063-dc58-4cfd-89f6-dad681c4347c ] Request (ServersAdminTestJSON:test_create_server_with_scheduling_hint): 200 GET http://10.180.1.21/compute/v2.1/servers/4e1ab485-0c88-4161-8b4d-500ec3ee7ba4 0.652s
2024-12-27 22:29:23.099 66863 INFO tempest.lib.common.rest_client [req-b4a67f81-c696-4cb4-9f1b-57d0f0b1f3f9 req-b4a67f81-c696-4cb4-9f1b-57d0f0b1f3f9 ] Request (ServersAdmin275Test:tearDownClass): 404 GET http://10.180.1.21/compute/v2.1/servers/4f552bc4-3af1-4579-b0d3-8dc962bd27c6 0.601s
2024-12-27 22:29:23.162 66873 INFO tempest.lib.common.rest_client [req-811d492d-0c50-40ea-9adf-4f8c979566ba req-811d492d-0c50-40ea-9adf-4f8c979566ba ] Request (ServerDiagnosticsNegativeTest:test_get_server_diagnostics_by_non_admin): 200 GET http://10.180.1.21/compute/v2.1/servers/98c3bd5f-8a4a-4906-84dd-807eaff1da62 0.614s
2024-12-27 22:29:23.211 66863 INFO tempest.lib.common.rest_client [req-0e6e55f5-52d5-448f-9cc5-3b73d46ca80c req-0e6e55f5-52d5-448f-9cc5-3b73d46ca80c ] Request (ServersAdmin275Test:tearDownClass): 204 DELETE http://10.180.1.21/identity/v3/users/4827a740dd744749900984683ed16f40 0.111s
2024-12-27 22:29:23.215 66869 INFO tempest.lib.common.rest_client [req-695577e1-7048-45cd-acd6-77bd654c71af req-695577e1-7048-45cd-acd6-77bd654c71af ] Request (SecurityGroupsTestJSON:test_server_security_groups): 200 GET http://10.180.1.21/compute/v2.1/servers/41e880e0-f3ae-427b-86b4-e5bde043d0bd 0.611s
2024-12-27 22:29:23.274 66853 INFO tempest.lib.common.rest_client [req-84c38357-b2e5-4f00-bdb4-987360558503 req-84c38357-b2e5-4f00-bdb4-987360558503 ] Request (ServerMetadataNegativeTestJSON:setUpClass): 200 GET http://10.180.1.21/compute/v2.1/servers/f1fd9732-8654-475a-a7a5-63c31caef15d 0.614s
2024-12-27 22:29:23.318 66863 INFO tempest.lib.common.rest_client [req-6945a4d0-e64b-44c5-81a2-6c8e34d073c9 req-6945a4d0-e64b-44c5-81a2-6c8e34d073c9 ] Request (ServersAdmin275Test:tearDownClass): 204 DELETE http://10.180.1.21/identity/v3/users/dd2a3e973238493d8a28fa699ac06784 0.106s
2024-12-27 22:29:23.318 66863 INFO tempest.lib.common.dynamic_creds [-] Deleting project and security group for project: c7bac8abdb5c41e987c77f6be7c3fa1f
2024-12-27 22:29:23.351 66887 INFO tempest.lib.common.rest_client [req-f53b1f16-c27a-4d49-b65b-a603fbb0be0d req-f53b1f16-c27a-4d49-b65b-a603fbb0be0d ] Request (ServerDiagnosticsV248Test:tearDownClass): 200 GET http://10.180.1.21/compute/v2.1/servers/d371063f-d419-4965-9840-51e8071bca6a 0.615s
2024-12-27 22:29:23.380 66863 INFO tempest.lib.common.rest_client [req-2bdeab6e-ab14-46d9-ab74-7868b37c8d3c req-2bdeab6e-ab14-46d9-ab74-7868b37c8d3c ] Request (ServersAdmin275Test:tearDownClass): 201 POST http://10.180.1.21/identity/v3/auth/tokens 0.062s
2024-12-27 22:29:23.410 66857 INFO tempest.lib.common.rest_client [req-6f30f8f3-32cf-4bfa-a1ee-fb0c3e38aeb7 req-6f30f8f3-32cf-4bfa-a1ee-fb0c3e38aeb7 ] Request (FloatingIPsAssociationNegativeTestJSON:setUpClass): 200 GET http://10.180.1.21/compute/v2.1/servers/5295d78d-860a-4100-8b53-3ece13c6f31c 0.630s
2024-12-27 22:29:23.472 66889 INFO tempest.lib.common.rest_client [req-cf4a3a93-5168-452d-8da2-13e919172121 req-cf4a3a93-5168-452d-8da2-13e919172121 ] Request (ImagesNegativeTestJSON:test_create_image_from_deleted_server): 200 GET http://10.180.1.21/compute/v2.1/servers/171d17e6-19f4-432a-887d-ebc7ec3e5481 0.638s
2024-12-27 22:29:23.567 66878 INFO tempest.lib.common.rest_client [req-526e1973-812e-48a3-b04d-76725c26296b req-526e1973-812e-48a3-b04d-76725c26296b ] Request (ServersTestBootFromVolume:setUpClass): 200 PUT http://10.180.1.21:9696/networking/v2.0/floatingips/74b040f7-94da-4d37-9253-a3f44662207a 0.578s
2024-12-27 22:29:23.596 66855 INFO tempest.lib.common.rest_client [req-e44db88e-a80e-450b-a5e2-21e16f66a690 req-e44db88e-a80e-450b-a5e2-21e16f66a690 ] Request (ImagesOneServerNegativeTestJSON:tearDown): 200 GET http://10.180.1.21/compute/v2.1/servers/c2d4aca9-bdef-4d11-bc69-0a0f9152722c 0.746s
2024-12-27 22:29:23.604 66855 INFO tempest.common.waiters [-] State transition "ACTIVE/image_uploading" ==> "ACTIVE/None" after 8 second wait
2024-12-27 22:29:23.635 66863 INFO tempest.lib.common.rest_client [req-67b9f170-f528-484e-a459-d45f8893e534 req-67b9f170-f528-484e-a459-d45f8893e534 ] Request (ServersAdmin275Test:tearDownClass): 200 GET http://10.180.1.21:9696/networking/v2.0/security-groups?tenant_id=c7bac8abdb5c41e987c77f6be7c3fa1f&name=default 0.255s
2024-12-27 22:29:23.658 66859 INFO tempest.lib.common.rest_client [req-5cb19eaf-5c0c-497e-b9a4-86eeb7f947b6 req-5cb19eaf-5c0c-497e-b9a4-86eeb7f947b6 ] Request (ServerExternalEventsTest:test_create_server_external_events): 200 GET http://10.180.1.21/compute/v2.1/servers/a385a9c1-4cdd-48dc-bbe8-4a002ccde241 0.761s
2024-12-27 22:29:23.754 66863 INFO tempest.lib.common.rest_client [req-29e4558b-ded5-4cad-8adf-ef38305c3f20 req-29e4558b-ded5-4cad-8adf-ef38305c3f20 ] Request (ServersAdmin275Test:tearDownClass): 204 DELETE http://10.180.1.21:9696/networking/v2.0/security-groups/02b9d670-0383-44ea-9e72-ae46eb510bd0 0.118s
2024-12-27 22:29:23.799 66865 INFO tempest.lib.common.rest_client [req-32bbc489-2d30-4e07-bb19-c3616a94bae9 req-32bbc489-2d30-4e07-bb19-c3616a94bae9 ] Request (MigrationsAdminTest:test_list_migrations_in_flavor_resize_situation): 200 GET http://10.180.1.21/compute/v2.1/servers/b58b59b2-7f72-4763-a4ad-9c26117d6afe 0.793s
2024-12-27 22:29:23.849 66863 INFO tempest.lib.common.rest_client [req-c2d9e994-7c48-4f2a-89f2-d5e489c83e24 req-c2d9e994-7c48-4f2a-89f2-d5e489c83e24 ] Request (ServersAdmin275Test:tearDownClass): 204 DELETE http://10.180.1.21/identity/v3/projects/c7bac8abdb5c41e987c77f6be7c3fa1f 0.095s
2024-12-27 22:29:23.850 66863 INFO tempest.lib.common.dynamic_creds [-] Deleting project and security group for project: eaa29d4415aa4e5989ff2c96797761ba
2024-12-27 22:29:23.878 66867 INFO tempest.lib.common.rest_client [req-aaef812a-4b55-4b63-bca6-4f4039ca2e09 req-aaef812a-4b55-4b63-bca6-4f4039ca2e09 ] Request (ServerShowV257Test:test_rebuild_server): 200 GET http://10.180.1.21/compute/v2.1/servers/74a8ea77-3cbf-493c-9cf0-164f373caa0e 0.823s
2024-12-27 22:29:23.925 66847 WARNING tempest.lib.common.ssh [-] Failed to establish authenticated ssh connection to cirros@10.180.180.149 ([Errno None] Unable to connect to port 22 on 10.180.180.149). Number attempts: 2. Retry after 3 seconds.: paramiko.ssh_exception.NoValidConnectionsError: [Errno None] Unable to connect to port 22 on 10.180.180.149
2024-12-27 22:29:24.028 66863 INFO tempest.lib.common.rest_client [req-dc88599d-7ee5-433b-bbb7-c710c6e7e451 req-dc88599d-7ee5-433b-bbb7-c710c6e7e451 ] Request (ServersAdmin275Test:tearDownClass): 200 GET http://10.180.1.21:9696/networking/v2.0/security-groups?tenant_id=eaa29d4415aa4e5989ff2c96797761ba&name=default 0.178s
2024-12-27 22:29:24.032 66901 INFO tempest.lib.common.rest_client [req-a9362e53-b6c4-4466-a471-26d38ba35aa1 req-a9362e53-b6c4-4466-a471-26d38ba35aa1 ] Request (ServersV294TestFqdnHostnames:tearDownClass): 200 GET http://10.180.1.21/compute/v2.1/servers/5e8d85c0-d594-478f-a56d-4f3f5bacb66d 0.836s
2024-12-27 22:29:24.090 66896 INFO tempest.lib.common.rest_client [req-4b506fce-1e26-42b6-a98b-933358ca6c3f req-4b506fce-1e26-42b6-a98b-933358ca6c3f ] Request (ImagesTestJSON:test_create_image_from_suspended_server): 200 GET http://10.180.1.21/compute/v2.1/servers/22ad90b8-e525-46b9-842e-06b024d6f6ba 0.614s
2024-12-27 22:29:24.156 66851 INFO tempest.lib.common.rest_client [req-9122c224-c6c3-4b6b-a995-9b7a1c832a24 req-9122c224-c6c3-4b6b-a995-9b7a1c832a24 ] Request (DeleteServersAdminTestJSON:test_delete_server_while_in_error_state): 200 GET http://10.180.1.21/compute/v2.1/servers/736874a7-a8c5-4ca2-9711-ded10fe44bdd 0.620s
2024-12-27 22:29:24.170 66863 INFO tempest.lib.common.rest_client [req-56086f8b-d9e7-4e4d-b8a4-f686aec23f75 req-56086f8b-d9e7-4e4d-b8a4-f686aec23f75 ] Request (ServersAdmin275Test:tearDownClass): 204 DELETE http://10.180.1.21:9696/networking/v2.0/security-groups/80610a4a-ca15-4c32-830e-1dd351704e52 0.141s
2024-12-27 22:29:24.180 66845 WARNING tempest.lib.common.ssh [-] Failed to establish authenticated ssh connection to cirros@10.180.180.202 ([Errno None] Unable to connect to port 22 on 10.180.180.202). Number attempts: 6. Retry after 7 seconds.: paramiko.ssh_exception.NoValidConnectionsError: [Errno None] Unable to connect to port 22 on 10.180.180.202
2024-12-27 22:29:24.231 66843 INFO tempest.lib.common.rest_client [req-9cb5097e-a727-41a2-a09d-e37e61e49a21 req-9cb5097e-a727-41a2-a09d-e37e61e49a21 ] Request (FloatingIPsAssociationTestJSON:test_associate_already_associated_floating_ip): 202 POST http://10.180.1.21/compute/v2.1/servers/2c04403e-94dd-4b95-a026-b64e9de9b086/action 2.519s
2024-12-27 22:29:24.280 66863 INFO tempest.lib.common.rest_client [req-9aa60b35-5eac-4093-994a-a1b341ad322d req-9aa60b35-5eac-4093-994a-a1b341ad322d ] Request (ServersAdmin275Test:tearDownClass): 204 DELETE http://10.180.1.21/identity/v3/projects/eaa29d4415aa4e5989ff2c96797761ba 0.109s
2024-12-27 22:29:24.293 66872 INFO tempest.lib.common.rest_client [req-8af1d23a-7df4-4220-9931-0e0df8065e7c req-8af1d23a-7df4-4220-9931-0e0df8065e7c ] Request (ServerRescueNegativeTestJSON:setUpClass): 200 GET http://10.180.1.21/compute/v2.1/servers/8a38074d-7b10-4b97-a0a8-7eaef4474528 0.698s
2024-12-27 22:29:24.314 66878 INFO tempest.lib.common.rest_client [req-5c4ebb36-e586-47a2-9442-1dfbb85e1f13 req-5c4ebb36-e586-47a2-9442-1dfbb85e1f13 ] Request (ServersTestBootFromVolume:setUpClass): 200 GET http://10.180.1.21/compute/v2.1/servers/8a481ddf-54a5-4146-8535-02072b9dd827 0.745s
2024-12-27 22:29:24.333 66878 INFO tempest.lib.common.ssh [-] Creating ssh connection to '10.180.180.166:22' as 'cirros' with public key authentication
2024-12-27 22:29:24.370 66863 INFO tempest.lib.common.rest_client [req-418b0ef7-e101-4229-bb40-946ba46fd38e req-418b0ef7-e101-4229-bb40-946ba46fd38e ] Request (ServersTestFqdnHostnames:setUpClass): 201 POST http://10.180.1.21/identity/v3/auth/tokens 0.086s
2024-12-27 22:29:24.373 66855 INFO tempest.lib.common.rest_client [req-d17ba9fb-5360-40ac-aaab-1086f4c14d9e req-d17ba9fb-5360-40ac-aaab-1086f4c14d9e ] Request (ImagesOneServerNegativeTestJSON:_run_cleanups): 204 DELETE http://10.180.1.21/compute/v2.1/servers/c2d4aca9-bdef-4d11-bc69-0a0f9152722c 0.768s
2024-12-27 22:29:24.393 66893 INFO tempest.lib.common.rest_client [req-67584ac1-7126-4e2e-a946-763db6a454fc req-67584ac1-7126-4e2e-a946-763db6a454fc ] Request (ServerRescueTestJSON:setUpClass): 200 GET http://10.180.1.21/compute/v2.1/servers/d0bb62ae-c499-4d16-923b-66c8214289db 0.738s
2024-12-27 22:29:24.405 66863 INFO tempest.lib.common.rest_client [req-29980fed-f911-41f5-a4b2-71e02c9fe6c6 req-29980fed-f911-41f5-a4b2-71e02c9fe6c6 ] Request (ServersTestFqdnHostnames:setUpClass): 201 POST http://10.180.1.21/identity/v3/auth/tokens 0.033s
2024-12-27 22:29:24.421 66841 INFO tempest.lib.common.rest_client [req-5b2b47f6-623b-4714-97d0-6e7de2fbc18e req-5b2b47f6-623b-4714-97d0-6e7de2fbc18e ] Request (AttachVolumeNegativeTest:test_attach_attached_volume_to_different_server): 200 GET http://10.180.1.21/compute/v2.1/servers/e7b2d6e6-f687-4d61-9228-e78978e84edf 0.717s
2024-12-27 22:29:24.437 66863 INFO tempest.lib.common.rest_client [req-98447359-90be-4a48-9bcf-d3ce879f2c65 req-98447359-90be-4a48-9bcf-d3ce879f2c65 ] Request (ServersTestFqdnHostnames:setUpClass): 200 GET http://10.180.1.21/identity/v3/domains?name=Default 0.031s
2024-12-27 22:29:24.472 66863 INFO tempest.lib.common.rest_client [req-a8f3375c-16b2-42e8-8d7e-bce76ddc7de3 req-a8f3375c-16b2-42e8-8d7e-bce76ddc7de3 ] Request (ServersTestFqdnHostnames:setUpClass): 201 POST http://10.180.1.21/identity/v3/projects 0.034s
2024-12-27 22:29:24.475 66891 INFO tempest.lib.common.rest_client [req-554ad636-2495-4e39-b723-805c595d6e30 req-554ad636-2495-4e39-b723-805c595d6e30 ] Request (ServersAdminNegativeTestJSON:test_migrate_server_invalid_state): 200 GET http://10.180.1.21/compute/v2.1/servers/8dfb0848-2dc0-431d-8372-8474c1084bf8 0.720s
2024-12-27 22:29:24.481 66891 INFO tempest.common.waiters [-] State transition "BUILD/scheduling" ==> "BUILD/None" after 34 second wait
2024-12-27 22:29:24.489 66881 INFO tempest.lib.common.rest_client [req-e0d93b93-fb87-4952-8544-d56da1b22ce3 req-e0d93b93-fb87-4952-8544-d56da1b22ce3 ] Request (ServerDiskConfigTestJSON:test_rebuild_server_with_auto_disk_config): 200 GET http://10.180.1.21/compute/v2.1/servers/991c0412-c377-4428-a11f-b231fa5a7751 0.678s
2024-12-27 22:29:24.547 66849 INFO tempest.lib.common.rest_client [req-b2ebc135-0f2f-4c62-bc94-704f08e20b10 req-b2ebc135-0f2f-4c62-bc94-704f08e20b10 ] Request (ServersTestJSON:setUpClass): 200 GET http://10.180.1.21/compute/v2.1/servers/29cb3f72-c88e-47bf-8c52-4fe27ae6aa58 0.672s
2024-12-27 22:29:24.554 66849 INFO tempest.common.waiters [-] State transition "BUILD/None" ==> "BUILD/networking" after 40 second wait
2024-12-27 22:29:24.557 66863 INFO tempest.lib.common.rest_client [req-507ddb7f-9ba6-476b-a338-30880768b365 req-507ddb7f-9ba6-476b-a338-30880768b365 ] Request (ServersTestFqdnHostnames:setUpClass): 201 POST http://10.180.1.21/identity/v3/users 0.085s
2024-12-27 22:29:24.580 66863 INFO tempest.lib.common.rest_client [req-2499938f-04ba-41e1-a741-9c6b5a12a2ed req-2499938f-04ba-41e1-a741-9c6b5a12a2ed ] Request (ServersTestFqdnHostnames:setUpClass): 200 GET http://10.180.1.21/identity/v3/roles 0.022s
2024-12-27 22:29:24.593 66839 INFO tempest.lib.common.rest_client [req-75161c3a-7600-4c83-a55a-06380cd58f96 req-75161c3a-7600-4c83-a55a-06380cd58f96 ] Request (ServersAdminTestJSON:test_create_server_with_scheduling_hint): 200 GET http://10.180.1.21/compute/v2.1/servers/4e1ab485-0c88-4161-8b4d-500ec3ee7ba4 0.506s
2024-12-27 22:29:24.612 66863 INFO tempest.lib.common.rest_client [req-8f5f088f-6c35-4c23-bcf1-24074d234ca8 req-8f5f088f-6c35-4c23-bcf1-24074d234ca8 ] Request (ServersTestFqdnHostnames:setUpClass): 204 PUT http://10.180.1.21/identity/v3/projects/4de3b098f47a4cb19d4d342a6d6477bd/users/e66ff57d6033403b95ca5f41ed4493f1/roles/1859955d7eeb43c1a2c94fb8ec23f7ae 0.031s
2024-12-27 22:29:24.612 66863 INFO tempest.lib.common.dynamic_creds [-] Dynamic test user e66ff57d6033403b95ca5f41ed4493f1 is created with scope project and roles: ['member']
2024-12-27 22:29:24.612 66863 INFO tempest.lib.common.dynamic_creds [-] Acquired dynamic creds: credentials: Credentials: {'domain_id': 'default', 'domain_name': 'Default', 'username': 'tempest-ServersTestFqdnHostnames-259782215-project-member', 'project_domain_id': 'default', 'project_domain_name': 'Default', 'project_id': '4de3b098f47a4cb19d4d342a6d6477bd', 'project_name': 'tempest-ServersTestFqdnHostnames-259782215', 'tenant_id': '4de3b098f47a4cb19d4d342a6d6477bd', 'tenant_name': 'tempest-ServersTestFqdnHostnames-259782215', 'user_domain_id': 'default', 'user_domain_name': 'Default', 'user_id': 'e66ff57d6033403b95ca5f41ed4493f1', 'system': None}, Network: None, Subnet: None, Router: None
2024-12-27 22:29:24.645 66873 INFO tempest.lib.common.rest_client [req-d184b8a1-b34f-459c-b326-37eb3324375f req-d184b8a1-b34f-459c-b326-37eb3324375f ] Request (ServerDiagnosticsNegativeTest:test_get_server_diagnostics_by_non_admin): 200 GET http://10.180.1.21/compute/v2.1/servers/98c3bd5f-8a4a-4906-84dd-807eaff1da62 0.470s
2024-12-27 22:29:24.670 66863 INFO tempest.lib.common.rest_client [req-e795d9c7-c7b2-4c3d-aa27-3769d07fc094 req-e795d9c7-c7b2-4c3d-aa27-3769d07fc094 ] Request (ServersTestFqdnHostnames:setUpClass): 201 POST http://10.180.1.21/identity/v3/auth/tokens 0.057s
2024-12-27 22:29:24.698 66869 INFO tempest.lib.common.rest_client [req-006bcc6f-cd9d-4da6-bfca-529b2edf2cca req-006bcc6f-cd9d-4da6-bfca-529b2edf2cca ] Request (SecurityGroupsTestJSON:test_server_security_groups): 200 GET http://10.180.1.21/compute/v2.1/servers/41e880e0-f3ae-427b-86b4-e5bde043d0bd 0.476s
2024-12-27 22:29:24.784 66861 INFO tempest.lib.common.rest_client [req-8d73c0f4-cd9f-4b41-a841-e4e9c1a0a4d0 req-8d73c0f4-cd9f-4b41-a841-e4e9c1a0a4d0 ] Request (AttachInterfacesUnderV243Test:test_add_remove_fixed_ip): 200 GET http://10.180.1.21/compute/v2.1/servers/66be2851-bed8-49f0-9bae-96f4f766f5e6 0.869s
2024-12-27 22:29:24.850 66853 INFO tempest.lib.common.rest_client [req-2f480ffc-fb78-4f60-b40f-10549a764065 req-2f480ffc-fb78-4f60-b40f-10549a764065 ] Request (ServerMetadataNegativeTestJSON:setUpClass): 200 GET http://10.180.1.21/compute/v2.1/servers/f1fd9732-8654-475a-a7a5-63c31caef15d 0.568s
2024-12-27 22:29:24.932 66887 INFO tempest.lib.common.rest_client [req-4d68581a-d531-46b9-b2fc-984690ba0ce7 req-4d68581a-d531-46b9-b2fc-984690ba0ce7 ] Request (ServerDiagnosticsV248Test:tearDownClass): 200 GET http://10.180.1.21/compute/v2.1/servers/d371063f-d419-4965-9840-51e8071bca6a 0.572s
2024-12-27 22:29:24.986 66843 INFO tempest.lib.common.rest_client [req-c4398a5a-f966-4d17-8826-2fdcd0a0ac2b req-c4398a5a-f966-4d17-8826-2fdcd0a0ac2b ] Request (FloatingIPsAssociationTestJSON:test_associate_already_associated_floating_ip): 409 POST http://10.180.1.21/compute/v2.1/servers/f18e8292-92e9-4180-a2f8-7a57f6b3c7ed/action 0.754s
2024-12-27 22:29:25.047 66857 INFO tempest.lib.common.rest_client [req-4dcdad01-00a6-4554-8060-974a08c53df8 req-4dcdad01-00a6-4554-8060-974a08c53df8 ] Request (FloatingIPsAssociationNegativeTestJSON:setUpClass): 200 GET http://10.180.1.21/compute/v2.1/servers/5295d78d-860a-4100-8b53-3ece13c6f31c 0.624s
2024-12-27 22:29:25.067 66863 INFO tempest.lib.common.rest_client [req-bd686d1b-8043-4c6d-b5eb-4baf91e83bc1 req-bd686d1b-8043-4c6d-b5eb-4baf91e83bc1 ] Request (ServersTestFqdnHostnames:setUpClass): 201 POST http://10.180.1.21:9696/networking/v2.0/networks 0.397s
2024-12-27 22:29:25.129 66889 INFO tempest.lib.common.rest_client [req-c645aad4-8813-4e24-8d40-21c8b0d63301 req-c645aad4-8813-4e24-8d40-21c8b0d63301 ] Request (ImagesNegativeTestJSON:test_create_image_from_deleted_server): 200 GET http://10.180.1.21/compute/v2.1/servers/171d17e6-19f4-432a-887d-ebc7ec3e5481 0.648s
2024-12-27 22:29:25.188 66859 INFO tempest.lib.common.rest_client [req-546e5b31-a46b-4ac8-8bf1-65ffbbe68af6 req-546e5b31-a46b-4ac8-8bf1-65ffbbe68af6 ] Request (ServerExternalEventsTest:test_create_server_external_events): 200 GET http://10.180.1.21/compute/v2.1/servers/a385a9c1-4cdd-48dc-bbe8-4a002ccde241 0.523s
2024-12-27 22:29:25.259 66855 INFO tempest.lib.common.rest_client [req-5c336f84-7a1a-4d1b-9ec5-e0227b3d754f req-5c336f84-7a1a-4d1b-9ec5-e0227b3d754f ] Request (ImagesOneServerNegativeTestJSON:_run_cleanups): 200 GET http://10.180.1.21/compute/v2.1/servers/c2d4aca9-bdef-4d11-bc69-0a0f9152722c 0.886s
2024-12-27 22:29:25.343 66867 INFO tempest.lib.common.rest_client [req-50db85fd-5e46-45f5-8bab-d2f692232e4e req-50db85fd-5e46-45f5-8bab-d2f692232e4e ] Request (ServerShowV257Test:test_rebuild_server): 200 GET http://10.180.1.21/compute/v2.1/servers/74a8ea77-3cbf-493c-9cf0-164f373caa0e 0.455s
2024-12-27 22:29:25.422 66865 INFO tempest.lib.common.rest_client [req-8b31342c-0f5a-462c-9478-6d70c3f98cb0 req-8b31342c-0f5a-462c-9478-6d70c3f98cb0 ] Request (MigrationsAdminTest:test_list_migrations_in_flavor_resize_situation): 200 GET http://10.180.1.21/compute/v2.1/servers/b58b59b2-7f72-4763-a4ad-9c26117d6afe 0.615s
2024-12-27 22:29:25.440 66863 INFO tempest.lib.common.rest_client [req-7ac8d821-6d9d-4f63-9653-5e148bef8abd req-7ac8d821-6d9d-4f63-9653-5e148bef8abd ] Request (ServersTestFqdnHostnames:setUpClass): 201 POST http://10.180.1.21:9696/networking/v2.0/subnets 0.372s
2024-12-27 22:29:25.502 66901 INFO tempest.lib.common.rest_client [req-43ee0bc6-51c7-4825-9c61-d9668ea9eda8 req-43ee0bc6-51c7-4825-9c61-d9668ea9eda8 ] Request (ServersV294TestFqdnHostnames:tearDownClass): 200 GET http://10.180.1.21/compute/v2.1/servers/5e8d85c0-d594-478f-a56d-4f3f5bacb66d 0.461s
2024-12-27 22:29:25.588 66896 INFO tempest.lib.common.rest_client [req-d544bc04-b4b9-4beb-bf48-72fb1101ef0e req-d544bc04-b4b9-4beb-bf48-72fb1101ef0e ] Request (ImagesTestJSON:test_create_image_from_suspended_server): 200 GET http://10.180.1.21/compute/v2.1/servers/22ad90b8-e525-46b9-842e-06b024d6f6ba 0.488s
2024-12-27 22:29:25.649 66851 INFO tempest.lib.common.rest_client [req-8b29ef4e-aa0f-4c53-96de-303c6dbe08e7 req-8b29ef4e-aa0f-4c53-96de-303c6dbe08e7 ] Request (DeleteServersAdminTestJSON:test_delete_server_while_in_error_state): 200 GET http://10.180.1.21/compute/v2.1/servers/736874a7-a8c5-4ca2-9711-ded10fe44bdd 0.480s
2024-12-27 22:29:25.712 66872 INFO tempest.lib.common.rest_client [req-8a9318f9-ef1a-4e28-b670-09830238f87f req-8a9318f9-ef1a-4e28-b670-09830238f87f ] Request (ServerRescueNegativeTestJSON:setUpClass): 200 GET http://10.180.1.21/compute/v2.1/servers/8a38074d-7b10-4b97-a0a8-7eaef4474528 0.406s
2024-12-27 22:29:25.772 66893 INFO tempest.lib.common.rest_client [req-fab5b497-5c34-461a-a7db-dccc6be14857 req-fab5b497-5c34-461a-a7db-dccc6be14857 ] Request (ServerRescueTestJSON:setUpClass): 200 GET http://10.180.1.21/compute/v2.1/servers/d0bb62ae-c499-4d16-923b-66c8214289db 0.373s
2024-12-27 22:29:25.828 66841 INFO tempest.lib.common.rest_client [req-4c0c1dd6-4100-4bdc-a28f-3570fa5845f3 req-4c0c1dd6-4100-4bdc-a28f-3570fa5845f3 ] Request (AttachVolumeNegativeTest:test_attach_attached_volume_to_different_server): 200 GET http://10.180.1.21/compute/v2.1/servers/e7b2d6e6-f687-4d61-9228-e78978e84edf 0.399s
2024-12-27 22:29:25.880 66891 INFO tempest.lib.common.rest_client [req-4d9e2431-3837-40b8-9902-e80993811139 req-4d9e2431-3837-40b8-9902-e80993811139 ] Request (ServersAdminNegativeTestJSON:test_migrate_server_invalid_state): 200 GET http://10.180.1.21/compute/v2.1/servers/8dfb0848-2dc0-431d-8372-8474c1084bf8 0.398s
2024-12-27 22:29:25.941 66881 INFO tempest.lib.common.rest_client [req-72f84018-d9e0-441b-8fec-110e76366b98 req-72f84018-d9e0-441b-8fec-110e76366b98 ] Request (ServerDiskConfigTestJSON:test_rebuild_server_with_auto_disk_config): 200 GET http://10.180.1.21/compute/v2.1/servers/991c0412-c377-4428-a11f-b231fa5a7751 0.441s
2024-12-27 22:29:26.129 66849 INFO tempest.lib.common.rest_client [req-b00b33ef-d7f4-4198-9a8b-afbbb1e194dd req-b00b33ef-d7f4-4198-9a8b-afbbb1e194dd ] Request (ServersTestJSON:setUpClass): 200 GET http://10.180.1.21/compute/v2.1/servers/29cb3f72-c88e-47bf-8c52-4fe27ae6aa58 0.575s
2024-12-27 22:29:26.137 66849 INFO tempest.common.waiters [-] State transition "BUILD/networking" ==> "BUILD/spawning" after 42 second wait
2024-12-27 22:29:26.184 66839 INFO tempest.lib.common.rest_client [req-16a8429a-e5cb-48f2-b942-ec98b9f1c1c4 req-16a8429a-e5cb-48f2-b942-ec98b9f1c1c4 ] Request (ServersAdminTestJSON:test_create_server_with_scheduling_hint): 200 GET http://10.180.1.21/compute/v2.1/servers/4e1ab485-0c88-4161-8b4d-500ec3ee7ba4 0.583s
2024-12-27 22:29:26.238 66863 INFO tempest.lib.common.rest_client [req-53c59b37-0a0c-437a-b434-adc98863a413 req-53c59b37-0a0c-437a-b434-adc98863a413 ] Request (ServersTestFqdnHostnames:setUpClass): 201 POST http://10.180.1.21:9696/networking/v2.0/routers 0.797s
2024-12-27 22:29:26.238 66873 INFO tempest.lib.common.rest_client [req-e68a6379-b589-4686-8a39-63dd41b7934b req-e68a6379-b589-4686-8a39-63dd41b7934b ] Request (ServerDiagnosticsNegativeTest:test_get_server_diagnostics_by_non_admin): 200 GET http://10.180.1.21/compute/v2.1/servers/98c3bd5f-8a4a-4906-84dd-807eaff1da62 0.584s
2024-12-27 22:29:26.302 66869 INFO tempest.lib.common.rest_client [req-fb783a97-7018-4c91-a558-2ba25abfe0fa req-fb783a97-7018-4c91-a558-2ba25abfe0fa ] Request (SecurityGroupsTestJSON:test_server_security_groups): 200 GET http://10.180.1.21/compute/v2.1/servers/41e880e0-f3ae-427b-86b4-e5bde043d0bd 0.596s
2024-12-27 22:29:26.358 66861 INFO tempest.lib.common.rest_client [req-55c04df7-aedc-44fd-960c-a45b6490111b req-55c04df7-aedc-44fd-960c-a45b6490111b ] Request (AttachInterfacesUnderV243Test:test_add_remove_fixed_ip): 200 GET http://10.180.1.21/compute/v2.1/servers/66be2851-bed8-49f0-9bae-96f4f766f5e6 0.566s
2024-12-27 22:29:26.410 66853 INFO tempest.lib.common.rest_client [req-6d03e705-f96c-41a1-a67a-dff97b8a6ea9 req-6d03e705-f96c-41a1-a67a-dff97b8a6ea9 ] Request (ServerMetadataNegativeTestJSON:setUpClass): 200 GET http://10.180.1.21/compute/v2.1/servers/f1fd9732-8654-475a-a7a5-63c31caef15d 0.549s
2024-12-27 22:29:26.493 66887 INFO tempest.lib.common.rest_client [req-f3ccf74a-440c-4e29-8265-6b1b45cffce4 req-f3ccf74a-440c-4e29-8265-6b1b45cffce4 ] Request (ServerDiagnosticsV248Test:tearDownClass): 200 GET http://10.180.1.21/compute/v2.1/servers/d371063f-d419-4965-9840-51e8071bca6a 0.552s
2024-12-27 22:29:26.537 66843 INFO tempest.lib.common.rest_client [req-8b2dcaa2-91f5-438b-b2b5-4b542add67ee req-8b2dcaa2-91f5-438b-b2b5-4b542add67ee ] Request (FloatingIPsAssociationTestJSON:_run_cleanups): 202 POST http://10.180.1.21/compute/v2.1/servers/2c04403e-94dd-4b95-a026-b64e9de9b086/action 1.550s
2024-12-27 22:29:26.568 66857 INFO tempest.lib.common.rest_client [req-5fc83671-74eb-40e5-8c29-b7b6e483b9fd req-5fc83671-74eb-40e5-8c29-b7b6e483b9fd ] Request (FloatingIPsAssociationNegativeTestJSON:setUpClass): 200 GET http://10.180.1.21/compute/v2.1/servers/5295d78d-860a-4100-8b53-3ece13c6f31c 0.514s
2024-12-27 22:29:26.620 66889 INFO tempest.lib.common.rest_client [req-b7b2266b-6762-4e2e-9ad9-58a950449f5b req-b7b2266b-6762-4e2e-9ad9-58a950449f5b ] Request (ImagesNegativeTestJSON:test_create_image_from_deleted_server): 200 GET http://10.180.1.21/compute/v2.1/servers/171d17e6-19f4-432a-887d-ebc7ec3e5481 0.484s
2024-12-27 22:29:26.669 66859 INFO tempest.lib.common.rest_client [req-aa938460-3254-48e1-902f-08e689353f53 req-aa938460-3254-48e1-902f-08e689353f53 ] Request (ServerExternalEventsTest:test_create_server_external_events): 200 GET http://10.180.1.21/compute/v2.1/servers/a385a9c1-4cdd-48dc-bbe8-4a002ccde241 0.471s
2024-12-27 22:29:26.736 66867 INFO tempest.lib.common.rest_client [req-83ff2163-8565-4dd5-b753-5d08b5eda6b3 req-83ff2163-8565-4dd5-b753-5d08b5eda6b3 ] Request (ServerShowV257Test:test_rebuild_server): 200 GET http://10.180.1.21/compute/v2.1/servers/74a8ea77-3cbf-493c-9cf0-164f373caa0e 0.376s
2024-12-27 22:29:26.755 66855 INFO tempest.lib.common.rest_client [req-2ceb314d-8b10-448c-99a2-bd1676eab836 req-2ceb314d-8b10-448c-99a2-bd1676eab836 ] Request (ImagesOneServerNegativeTestJSON:_run_cleanups): 200 GET http://10.180.1.21/compute/v2.1/servers/c2d4aca9-bdef-4d11-bc69-0a0f9152722c 0.485s
2024-12-27 22:29:26.857 66901 INFO tempest.lib.common.rest_client [req-123c032e-e3eb-408f-92fb-e5a4a872adac req-123c032e-e3eb-408f-92fb-e5a4a872adac ] Request (ServersV294TestFqdnHostnames:tearDownClass): 200 GET http://10.180.1.21/compute/v2.1/servers/5e8d85c0-d594-478f-a56d-4f3f5bacb66d 0.345s
2024-12-27 22:29:26.868 66901 INFO tempest.common.waiters [-] State transition "ACTIVE/deleting" ==> "DELETED/None" after 4 second wait
2024-12-27 22:29:26.927 66865 INFO tempest.lib.common.rest_client [req-a6aafc08-e901-4f9c-a416-4e09916c70b7 req-a6aafc08-e901-4f9c-a416-4e09916c70b7 ] Request (MigrationsAdminTest:test_list_migrations_in_flavor_resize_situation): 200 GET http://10.180.1.21/compute/v2.1/servers/b58b59b2-7f72-4763-a4ad-9c26117d6afe 0.497s
2024-12-27 22:29:26.933 66843 INFO tempest.lib.common.rest_client [req-2090b19c-fda7-405c-9158-193919f3cda0 req-2090b19c-fda7-405c-9158-193919f3cda0 ] Request (FloatingIPsAssociationTestJSON:_run_cleanups): 204 DELETE http://10.180.1.21/compute/v2.1/servers/2c04403e-94dd-4b95-a026-b64e9de9b086 0.396s
2024-12-27 22:29:26.987 66851 INFO tempest.lib.common.rest_client [req-ce4302b0-4908-4df5-a140-4d1282a95619 req-ce4302b0-4908-4df5-a140-4d1282a95619 ] Request (DeleteServersAdminTestJSON:test_delete_server_while_in_error_state): 200 GET http://10.180.1.21/compute/v2.1/servers/736874a7-a8c5-4ca2-9711-ded10fe44bdd 0.327s
2024-12-27 22:29:26.994 66896 INFO tempest.lib.common.rest_client [req-4f0cd6b5-0a86-411c-9ab4-24fd23bbc485 req-4f0cd6b5-0a86-411c-9ab4-24fd23bbc485 ] Request (ImagesTestJSON:test_create_image_from_suspended_server): 200 GET http://10.180.1.21/compute/v2.1/servers/22ad90b8-e525-46b9-842e-06b024d6f6ba 0.398s
