2025-01-13 09:29:17.756 67778 INFO tempest.lib.common.rest_client [req-1dccff50-f976-494c-bd04-074223bc0ed0 req-1dccff50-f976-494c-bd04-074223bc0ed0 ] Request (ListImageFiltersTestJSON:setUpClass): 200 GET http://10.180.1.21/compute/v2.1/servers/d89bf374-605f-4f2d-a262-b18552959845 0.061s
2025-01-13 09:29:17.804 67808 INFO tempest.lib.common.rest_client [req-4ad7f3c2-e142-4762-b544-853ba9de72c7 req-4ad7f3c2-e142-4762-b544-853ba9de72c7 ] Request (FloatingIPsAssociationTestJSON:setUpClass): 200 GET http://10.180.1.21/compute/v2.1/servers/c8af1cbe-902d-4af8-b744-7341ec58831c 0.062s
2025-01-13 09:29:17.853 67800 INFO tempest.lib.common.rest_client [req-4b093f62-28d3-426b-a954-76d65956c409 req-4b093f62-28d3-426b-a954-76d65956c409 ] Request (ServersNegativeTestMultiTenantJSON:setUpClass): 200 GET http://10.180.1.21/compute/v2.1/servers/8dfb1051-c5c0-47c7-9b38-7add404107c6 0.155s
2025-01-13 09:29:17.859 67780 INFO tempest.lib.common.rest_client [req-ec4a6a23-0bed-4d55-833a-e32aa24a3ce7 req-ec4a6a23-0bed-4d55-833a-e32aa24a3ce7 ] Request (ImagesOneServerNegativeTestJSON:_run_cleanups): 200 GET http://10.180.1.21/compute/v2.1/servers/69cea9d8-4535-48cb-8e0f-f4b4ba124175 0.111s
2025-01-13 09:29:17.864 67800 INFO tempest.common.waiters [-] State transition "BUILD/spawning" ==> "ACTIVE/None" after 75 second wait
2025-01-13 09:29:17.920 67784 INFO tempest.lib.common.rest_client [req-0b3fac97-d936-4169-94a1-2a12e8f5fe5b req-0b3fac97-d936-4169-94a1-2a12e8f5fe5b ] Request (ServerTagsTestJSON:tearDownClass): 200 GET http://10.180.1.21/compute/v2.1/servers/29124931-d28f-4336-934d-ecba302a33e3 0.084s
2025-01-13 09:29:17.973 67788 INFO tempest.lib.common.rest_client [req-55d5b0d8-e3b4-46fd-91bc-171d82699a49 req-55d5b0d8-e3b4-46fd-91bc-171d82699a49 ] Request (VolumesAdminNegativeTest:test_update_attached_volume_with_nonexistent_volume_in_body): 200 GET http://10.180.1.21/compute/v2.1/servers/cd7ca1ba-b100-455d-8a9e-a540e5fc03a7 0.100s
2025-01-13 09:29:18.030 67772 INFO tempest.lib.common.rest_client [req-2ab3b970-997f-41a6-b819-92a65afc49b3 req-2ab3b970-997f-41a6-b819-92a65afc49b3 ] Request (ServerShowV247Test:test_update_rebuild_list_server): 200 GET http://10.180.1.21/compute/v2.1/servers/7234e314-198d-4737-ba51-526309ea9940 0.108s
2025-01-13 09:29:18.089 67824 INFO tempest.lib.common.rest_client [req-65fbccf9-75a4-4cdd-b05e-6461b390acba req-65fbccf9-75a4-4cdd-b05e-6461b390acba ] Request (ServerDiagnosticsV248Test:tearDownClass): 200 GET http://10.180.1.21/compute/v2.1/servers/dcfde382-f4dc-4de3-a8f7-ee3d1cc37a81 0.093s
2025-01-13 09:29:18.106 67768 WARNING tempest.lib.common.ssh [-] Failed to establish authenticated ssh connection to cirros@10.180.180.154 ([Errno None] Unable to connect to port 22 on 10.180.180.154). Number attempts: 10. Retry after 11 seconds.: paramiko.ssh_exception.NoValidConnectionsError: [Errno None] Unable to connect to port 22 on 10.180.180.154
2025-01-13 09:29:18.144 67797 INFO tempest.lib.common.rest_client [req-3b781a54-69a3-4b19-9bbe-82039222da88 req-3b781a54-69a3-4b19-9bbe-82039222da88 ] Request (ServerRescueTestJSON:test_rescue_unrescue_instance): 200 GET http://10.180.1.21/compute/v2.1/servers/c3ca5df8-c95c-4d04-9679-1b18944759ec 0.088s
2025-01-13 09:29:18.194 67810 INFO tempest.lib.common.rest_client [req-abec9506-0575-4eaf-94b2-4de181f8de93 req-abec9506-0575-4eaf-94b2-4de181f8de93 ] Request (ServerActionsTestOtherA:setUpClass): 201 POST http://10.180.1.21:9696/networking/v2.0/routers 0.956s
2025-01-13 09:29:18.232 67800 INFO tempest.lib.common.rest_client [req-5c78c2df-9510-4da5-99d8-2ae6d5019630 req-5c78c2df-9510-4da5-99d8-2ae6d5019630 ] Request (ServersNegativeTestMultiTenantJSON:setUp): 200 GET http://10.180.1.21/compute/v2.1/servers/8dfb1051-c5c0-47c7-9b38-7add404107c6 0.366s
2025-01-13 09:29:18.260 67774 INFO tempest.lib.common.rest_client [req-d409c96e-8d53-49ab-b4c8-8dbe6bfd6df5 req-d409c96e-8d53-49ab-b4c8-8dbe6bfd6df5 ] Request (ServerActionsTestJSON:setUpClass): 200 GET http://10.180.1.21/compute/v2.1/servers/34f95e70-db34-42cf-8b4f-bebcc26c289b 0.182s
2025-01-13 09:29:18.296 67782 INFO tempest.lib.common.rest_client [req-86e659ac-28db-42fa-b9a4-f2421cb3923a req-86e659ac-28db-42fa-b9a4-f2421cb3923a ] Request (ServerGroupTestJSON:test_create_server_with_scheduler_hint_group): 200 GET http://10.180.1.21/compute/v2.1/servers/8ea27d3c-dd03-45f6-a5e2-8cf71a4e824c 0.184s
2025-01-13 09:29:18.319 67822 INFO tempest.lib.common.rest_client [req-d67de2dd-77b9-4d75-801c-cd8cdad9bd05 req-d67de2dd-77b9-4d75-801c-cd8cdad9bd05 ] Request (ListServerFiltersTestJSON:setUpClass): 200 GET http://10.180.1.21/compute/v2.1/servers/2f7b66d0-b6ee-4261-a565-cc3e2008f8a4 0.187s
2025-01-13 09:29:18.362 67804 INFO tempest.lib.common.rest_client [req-f8763cdf-4e39-455a-93cd-f2a2cbcd545b req-f8763cdf-4e39-455a-93cd-f2a2cbcd545b ] Request (ServersAdminTestJSON:test_inject_network_info): 200 GET http://10.180.1.21/compute/v2.1/servers/8716efdd-f12f-47d0-a3df-d26e62495091 0.201s
2025-01-13 09:29:18.392 67818 INFO tempest.lib.common.rest_client [req-28edb999-da01-4af7-aebb-cb35c3410447 req-28edb999-da01-4af7-aebb-cb35c3410447 ] Request (DeleteServersAdminTestJSON:test_delete_server_while_in_error_state): 200 GET http://10.180.1.21/compute/v2.1/servers/de830fe1-9542-433f-bc92-6197cd691de7 0.207s
2025-01-13 09:29:18.425 67812 INFO tempest.lib.common.rest_client [req-46185c07-4f42-4afc-a025-4fa631e66876 req-46185c07-4f42-4afc-a025-4fa631e66876 ] Request (SecurityGroupsTestJSON:test_list_security_groups_by_server): 200 GET http://10.180.1.21/compute/v2.1/servers/318ea049-c1ce-4e68-9e63-b1990e7050c3 0.216s
2025-01-13 09:29:18.489 67790 INFO tempest.lib.common.rest_client [req-c6e4606e-26c7-4da8-b0cc-8632ecc2cce8 req-c6e4606e-26c7-4da8-b0cc-8632ecc2cce8 ] Request (ServerActionsV293TestJSON:setUpClass): 200 GET http://10.180.1.21/compute/v2.1/servers/65e59681-f925-4ec0-8ac1-0ded9fcc7947 0.110s
2025-01-13 09:29:18.536 67800 INFO tempest.lib.common.rest_client [req-b88b5758-aa28-4544-8dc4-7e75d16a0146 req-b88b5758-aa28-4544-8dc4-7e75d16a0146 ] Request (ServersNegativeTestMultiTenantJSON:test_delete_a_server_of_another_tenant): 404 DELETE http://10.180.1.21/compute/v2.1/servers/8dfb1051-c5c0-47c7-9b38-7add404107c6 0.293s
2025-01-13 09:29:18.545 67826 INFO tempest.lib.common.rest_client [req-8c092d89-2615-4d55-9644-3cddd7638c1f req-8c092d89-2615-4d55-9644-3cddd7638c1f ] Request (ServerPasswordTestJSON:setUpClass): 200 GET http://10.180.1.21/compute/v2.1/servers/042bd6d1-d788-4171-885c-e93a46af43a7 0.148s
2025-01-13 09:29:18.584 67816 INFO tempest.lib.common.rest_client [req-a40053fd-28f1-4128-b495-c78e30221727 req-a40053fd-28f1-4128-b495-c78e30221727 ] Request (MigrationsAdminTest:test_resize_server_revert_deleted_flavor): 200 GET http://10.180.1.21/compute/v2.1/servers/269c293a-d0a5-4467-b3f2-67351118f1aa 0.153s
2025-01-13 09:29:18.601 67786 INFO tempest.lib.common.rest_client [req-1699fb30-6080-4f51-ab9b-188c3d88d26a req-1699fb30-6080-4f51-ab9b-188c3d88d26a ] Request (ServersTestMultiNic:test_verify_duplicate_network_nics): 200 GET http://10.180.1.21/compute/v2.1/servers/69c94c5b-e6f8-4a7a-bef7-7d7a4d135cdb 0.119s
2025-01-13 09:29:18.727 67770 INFO tempest.lib.common.rest_client [req-dd55b554-836f-42e5-9ada-dc58122a7858 req-dd55b554-836f-42e5-9ada-dc58122a7858 ] Request (ImagesOneServerTestJSON:test_create_image_specify_multibyte_character_image_name): 200 GET http://10.180.1.21/compute/v2.1/images/c1a3e6f2-f39a-4961-9305-b23e5c110e99 0.043s
2025-01-13 09:29:18.759 67800 INFO tempest.lib.common.rest_client [req-8685c562-16be-490b-9211-af1ae3a32b4e req-8685c562-16be-490b-9211-af1ae3a32b4e ] Request (ServersNegativeTestMultiTenantJSON:setUp): 200 GET http://10.180.1.21/compute/v2.1/servers/8dfb1051-c5c0-47c7-9b38-7add404107c6 0.221s
2025-01-13 09:29:18.798 67828 INFO tempest.lib.common.rest_client [req-08f2fddf-ffee-460a-b1e4-fd24d42b991e req-08f2fddf-ffee-460a-b1e4-fd24d42b991e ] Request (ServersAdminNegativeTestJSON:tearDownClass): 200 GET http://10.180.1.21/compute/v2.1/servers/259d67e5-975e-41fb-87fa-1a3148391e05 0.105s
2025-01-13 09:29:18.824 67800 INFO tempest.lib.common.rest_client [req-45769057-a41a-4f9c-be45-9feb0df11ed2 req-45769057-a41a-4f9c-be45-9feb0df11ed2 ] Request (ServersNegativeTestMultiTenantJSON:test_update_server_of_another_tenant): 404 PUT http://10.180.1.21/compute/v2.1/servers/8dfb1051-c5c0-47c7-9b38-7add404107c6 0.050s
2025-01-13 09:29:18.841 67778 INFO tempest.lib.common.rest_client [req-9a642608-eb87-4316-9180-c01387ee7c02 req-9a642608-eb87-4316-9180-c01387ee7c02 ] Request (ListImageFiltersTestJSON:setUpClass): 200 GET http://10.180.1.21/compute/v2.1/servers/d89bf374-605f-4f2d-a262-b18552959845 0.076s
2025-01-13 09:29:18.895 67808 INFO tempest.lib.common.rest_client [req-e23bc324-9618-4c5a-95fd-b09439e6e9c1 req-e23bc324-9618-4c5a-95fd-b09439e6e9c1 ] Request (FloatingIPsAssociationTestJSON:setUpClass): 200 GET http://10.180.1.21/compute/v2.1/servers/c8af1cbe-902d-4af8-b744-7341ec58831c 0.083s
2025-01-13 09:29:18.922 67800 INFO tempest.lib.common.rest_client [req-26839350-7d5e-49c6-b1e5-f1458dbbd5f2 req-26839350-7d5e-49c6-b1e5-f1458dbbd5f2 ] Request (ServersNegativeTestMultiTenantJSON:tearDownClass): 204 DELETE http://10.180.1.21/compute/v2.1/servers/8dfb1051-c5c0-47c7-9b38-7add404107c6 0.091s
2025-01-13 09:29:18.957 67780 INFO tempest.lib.common.rest_client [req-84eb37d2-7101-49dd-b3c5-8acc73146e4d req-84eb37d2-7101-49dd-b3c5-8acc73146e4d ] Request (ImagesOneServerNegativeTestJSON:_run_cleanups): 200 GET http://10.180.1.21/compute/v2.1/servers/69cea9d8-4535-48cb-8e0f-f4b4ba124175 0.087s
2025-01-13 09:29:19.027 67784 INFO tempest.lib.common.rest_client [req-5bae62f8-497e-414c-ba52-70547ec6f51d req-5bae62f8-497e-414c-ba52-70547ec6f51d ] Request (ServerTagsTestJSON:tearDownClass): 200 GET http://10.180.1.21/compute/v2.1/servers/29124931-d28f-4336-934d-ecba302a33e3 0.097s
2025-01-13 09:29:19.032 67800 INFO tempest.lib.common.rest_client [req-3e3fefe9-1152-40aa-88d3-68f3e05e2af9 req-3e3fefe9-1152-40aa-88d3-68f3e05e2af9 ] Request (ServersNegativeTestMultiTenantJSON:tearDownClass): 200 GET http://10.180.1.21/compute/v2.1/servers/8dfb1051-c5c0-47c7-9b38-7add404107c6 0.110s
2025-01-13 09:29:19.087 67788 INFO tempest.lib.common.rest_client [req-1b478edb-3ef3-433a-a91a-bc82c2e219b9 req-1b478edb-3ef3-433a-a91a-bc82c2e219b9 ] Request (VolumesAdminNegativeTest:test_update_attached_volume_with_nonexistent_volume_in_body): 200 GET http://10.180.1.21/compute/v2.1/servers/cd7ca1ba-b100-455d-8a9e-a540e5fc03a7 0.107s
2025-01-13 09:29:19.096 67788 INFO tempest.common.waiters [-] State transition "BUILD/scheduling" ==> "BUILD/None" after 54 second wait
2025-01-13 09:29:19.099 67772 INFO tempest.lib.common.rest_client [req-cbb4483e-4569-4d38-85a7-f81537160329 req-cbb4483e-4569-4d38-85a7-f81537160329 ] Request (ServerShowV247Test:test_update_rebuild_list_server): 200 GET http://10.180.1.21/compute/v2.1/servers/7234e314-198d-4737-ba51-526309ea9940 0.058s
2025-01-13 09:29:19.176 67824 INFO tempest.lib.common.rest_client [req-d76f7af0-24f5-4aad-a822-d6a0a225a936 req-d76f7af0-24f5-4aad-a822-d6a0a225a936 ] Request (ServerDiagnosticsV248Test:tearDownClass): 200 GET http://10.180.1.21/compute/v2.1/servers/dcfde382-f4dc-4de3-a8f7-ee3d1cc37a81 0.076s
2025-01-13 09:29:19.199 67814 WARNING tempest.lib.common.ssh [-] Failed to establish authenticated ssh connection to cirros@10.180.180.189 ([Errno None] Unable to connect to port 22 on 10.180.180.189). Number attempts: 4. Retry after 5 seconds.: paramiko.ssh_exception.NoValidConnectionsError: [Errno None] Unable to connect to port 22 on 10.180.180.189
2025-01-13 09:29:19.216 67797 INFO tempest.lib.common.rest_client [req-1ffb1827-a62d-416e-bb11-b46db2c08b6b req-1ffb1827-a62d-416e-bb11-b46db2c08b6b ] Request (ServerRescueTestJSON:test_rescue_unrescue_instance): 200 GET http://10.180.1.21/compute/v2.1/servers/c3ca5df8-c95c-4d04-9679-1b18944759ec 0.060s
2025-01-13 09:29:19.276 67810 INFO tempest.lib.common.rest_client [req-25644970-8879-4e2d-a2b6-284e6f6ac282 req-25644970-8879-4e2d-a2b6-284e6f6ac282 ] Request (ServerActionsTestOtherA:setUpClass): 200 PUT http://10.180.1.21:9696/networking/v2.0/routers/ac1e11b4-1377-4cd4-9e25-5bf6587937c1/add_router_interface 1.081s
2025-01-13 09:29:19.276 67810 INFO tempest.lib.common.dynamic_creds [-] Created isolated network resources for: credentials: Credentials: {'domain_id': 'default', 'domain_name': 'Default', 'username': 'tempest-ServerActionsTestOtherA-233784753-project-member', 'project_domain_id': 'default', 'project_domain_name': 'Default', 'project_id': '6e260262c1924e15967684422d2c6715', 'project_name': 'tempest-ServerActionsTestOtherA-233784753', 'tenant_id': '6e260262c1924e15967684422d2c6715', 'tenant_name': 'tempest-ServerActionsTestOtherA-233784753', 'user_domain_id': 'default', 'user_domain_name': 'Default', 'user_id': 'd12a6eebdd5a45db950d92c58818d2d8', 'system': None}, Network: {'id': '48c9b127-a2b7-456a-8373-5e0004876958', 'name': 'tempest-ServerActionsTestOtherA-354580558-network', 'tenant_id': '6e260262c1924e15967684422d2c6715', 'admin_state_up': True, 'mtu': 8950, 'status': 'ACTIVE', 'subnets': [], 'shared': False, 'project_id': '6e260262c1924e15967684422d2c6715', 'port_security_enabled': True, 'router:external': False, 'provider:network_type': 'vlan', 'provider:physical_network': 'default', 'provider:segmentation_id': 732, 'availability_zone_hints': [], 'availability_zones': [], 'ipv4_address_scope': None, 'ipv6_address_scope': None, 'description': '', 'tags': [], 'created_at': '2025-01-13T09:29:16Z', 'updated_at': '2025-01-13T09:29:16Z', 'revision_number': 1}, Subnet: {'id': '08ea359a-2ccd-40f9-b8a0-41112571e62f', 'name': 'tempest-ServerActionsTestOtherA-354580558-subnet', 'tenant_id': '6e260262c1924e15967684422d2c6715', 'network_id': '48c9b127-a2b7-456a-8373-5e0004876958', 'ip_version': 4, 'subnetpool_id': None, 'enable_dhcp': True, 'ipv6_ra_mode': None, 'ipv6_address_mode': None, 'gateway_ip': '192.168.128.1', 'cidr': '192.168.128.0/28', 'allocation_pools': [{'start': '192.168.128.2', 'end': '192.168.128.14'}], 'host_routes': [], 'dns_nameservers': [], 'description': '', 'router:external': False, 'service_types': [], 'tags': [], 'created_at': '2025-01-13T09:29:17Z', 'updated_at': '2025-01-13T09:29:17Z', 'revision_number': 0, 'project_id': '6e260262c1924e15967684422d2c6715'}, Router: {'id': 'ac1e11b4-1377-4cd4-9e25-5bf6587937c1', 'name': 'tempest-ServerActionsTestOtherA-354580558-router', 'tenant_id': '6e260262c1924e15967684422d2c6715', 'admin_state_up': True, 'status': 'ACTIVE', 'external_gateway_info': {'network_id': 'dfa145b1-2f4c-49ea-9dbc-8cf5158e82fa', 'external_fixed_ips': [{'subnet_id': 'ea60e979-d035-48fb-9002-7186c8a3c2df', 'ip_address': '10.180.180.177'}], 'enable_snat': True}, 'description': '', 'availability_zones': [], 'distributed': False, 'ha': False, 'availability_zone_hints': [], 'routes': [], 'flavor_id': None, 'tags': [], 'created_at': '2025-01-13T09:29:17Z', 'updated_at': '2025-01-13T09:29:17Z', 'revision_number': 2, 'project_id': '6e260262c1924e15967684422d2c6715'}
2025-01-13 09:29:19.360 67810 INFO tempest.lib.common.rest_client [req-eda42474-1d4d-45c0-9521-16bdf9353a38 req-eda42474-1d4d-45c0-9521-16bdf9353a38 ] Request (ServerActionsTestOtherA:setUpClass): 201 POST http://10.180.1.21/identity/v3/auth/tokens 0.079s
2025-01-13 09:29:19.364 67782 INFO tempest.lib.common.rest_client [req-fd022312-87ff-4103-9a32-820c6808dc8c req-fd022312-87ff-4103-9a32-820c6808dc8c ] Request (ServerGroupTestJSON:test_create_server_with_scheduler_hint_group): 200 GET http://10.180.1.21/compute/v2.1/servers/8ea27d3c-dd03-45f6-a5e2-8cf71a4e824c 0.056s
2025-01-13 09:29:19.421 67774 INFO tempest.lib.common.rest_client [req-10a63bcc-35ab-4e04-a367-53d2a09b7c79 req-10a63bcc-35ab-4e04-a367-53d2a09b7c79 ] Request (ServerActionsTestJSON:setUpClass): 200 GET http://10.180.1.21/compute/v2.1/servers/34f95e70-db34-42cf-8b4f-bebcc26c289b 0.147s
2025-01-13 09:29:19.493 67810 INFO tempest.lib.common.rest_client [req-f2dae648-6be4-4187-9cd8-c5c1d6d092bf req-f2dae648-6be4-4187-9cd8-c5c1d6d092bf ] Request (ServerActionsTestOtherA:setUpClass): 200 POST http://10.180.1.21/compute/v2.1/os-keypairs 0.131s
2025-01-13 09:29:19.553 67804 INFO tempest.lib.common.rest_client [req-64f93cb8-2ccd-4c7e-8173-e8f60c24b10c req-64f93cb8-2ccd-4c7e-8173-e8f60c24b10c ] Request (ServersAdminTestJSON:test_inject_network_info): 200 GET http://10.180.1.21/compute/v2.1/servers/8716efdd-f12f-47d0-a3df-d26e62495091 0.180s
2025-01-13 09:29:19.616 67822 INFO tempest.lib.common.rest_client [req-b91f5b29-95ce-430a-8c7f-5b5b2e0ffba0 req-b91f5b29-95ce-430a-8c7f-5b5b2e0ffba0 ] Request (ListServerFiltersTestJSON:setUpClass): 200 GET http://10.180.1.21/compute/v2.1/servers/2f7b66d0-b6ee-4261-a565-cc3e2008f8a4 0.286s
2025-01-13 09:29:19.628 67818 INFO tempest.lib.common.rest_client [req-26ecc1b7-e529-4cc2-bcaf-d452a3b12885 req-26ecc1b7-e529-4cc2-bcaf-d452a3b12885 ] Request (DeleteServersAdminTestJSON:test_delete_server_while_in_error_state): 200 GET http://10.180.1.21/compute/v2.1/servers/de830fe1-9542-433f-bc92-6197cd691de7 0.226s
2025-01-13 09:29:19.643 67810 INFO tempest.lib.common.rest_client [req-c3fc11be-e685-4053-825b-2153a46d7017 req-c3fc11be-e685-4053-825b-2153a46d7017 ] Request (ServerActionsTestOtherA:setUpClass): 201 POST http://10.180.1.21:9696/networking/v2.0/security-groups 0.148s
2025-01-13 09:29:19.666 67812 INFO tempest.lib.common.rest_client [req-7369a44c-e640-40d0-8bad-97897e774b0e req-7369a44c-e640-40d0-8bad-97897e774b0e ] Request (SecurityGroupsTestJSON:test_list_security_groups_by_server): 200 GET http://10.180.1.21/compute/v2.1/servers/318ea049-c1ce-4e68-9e63-b1990e7050c3 0.230s
2025-01-13 09:29:19.697 67790 INFO tempest.lib.common.rest_client [req-cde79eee-e9e0-4286-b46e-440c8e15bf6d req-cde79eee-e9e0-4286-b46e-440c8e15bf6d ] Request (ServerActionsV293TestJSON:setUpClass): 200 GET http://10.180.1.21/compute/v2.1/servers/65e59681-f925-4ec0-8ac1-0ded9fcc7947 0.197s
2025-01-13 09:29:19.725 67826 INFO tempest.lib.common.rest_client [req-32fecd5a-f761-486b-ae77-0f1548ce5122 req-32fecd5a-f761-486b-ae77-0f1548ce5122 ] Request (ServerPasswordTestJSON:setUpClass): 200 GET http://10.180.1.21/compute/v2.1/servers/042bd6d1-d788-4171-885c-e93a46af43a7 0.170s
2025-01-13 09:29:19.752 67816 INFO tempest.lib.common.rest_client [req-1f7aee03-387c-419e-b05d-b21b813e4e08 req-1f7aee03-387c-419e-b05d-b21b813e4e08 ] Request (MigrationsAdminTest:test_resize_server_revert_deleted_flavor): 200 GET http://10.180.1.21/compute/v2.1/servers/269c293a-d0a5-4467-b3f2-67351118f1aa 0.153s
2025-01-13 09:29:19.755 67810 INFO tempest.lib.common.rest_client [req-5a0bcf08-23ff-4218-9112-fab6c9c4c236 req-5a0bcf08-23ff-4218-9112-fab6c9c4c236 ] Request (ServerActionsTestOtherA:setUpClass): 201 POST http://10.180.1.21:9696/networking/v2.0/security-group-rules 0.112s
2025-01-13 09:29:19.779 67786 INFO tempest.lib.common.rest_client [req-6bb48979-3fa1-47cc-a3a3-1eda011d0c74 req-6bb48979-3fa1-47cc-a3a3-1eda011d0c74 ] Request (ServersTestMultiNic:test_verify_duplicate_network_nics): 200 GET http://10.180.1.21/compute/v2.1/servers/69c94c5b-e6f8-4a7a-bef7-7d7a4d135cdb 0.166s
2025-01-13 09:29:19.796 67770 INFO tempest.lib.common.rest_client [req-f3df20eb-c601-466d-b2c0-b99fef3ce565 req-f3df20eb-c601-466d-b2c0-b99fef3ce565 ] Request (ImagesOneServerTestJSON:test_create_image_specify_multibyte_character_image_name): 200 GET http://10.180.1.21/compute/v2.1/images/c1a3e6f2-f39a-4961-9305-b23e5c110e99 0.064s
2025-01-13 09:29:19.848 67810 INFO tempest.lib.common.rest_client [req-46a3e5fa-ab0f-46d7-b6af-b2a9c52d8d07 req-46a3e5fa-ab0f-46d7-b6af-b2a9c52d8d07 ] Request (ServerActionsTestOtherA:setUpClass): 201 POST http://10.180.1.21:9696/networking/v2.0/security-group-rules 0.092s
2025-01-13 09:29:19.874 67828 INFO tempest.lib.common.rest_client [req-3a2330e0-c6ee-497d-8b2b-314918e0c6af req-3a2330e0-c6ee-497d-8b2b-314918e0c6af ] Request (ServersAdminNegativeTestJSON:tearDownClass): 200 GET http://10.180.1.21/compute/v2.1/servers/259d67e5-975e-41fb-87fa-1a3148391e05 0.063s
2025-01-13 09:29:19.907 67778 INFO tempest.lib.common.rest_client [req-502bf919-2158-4f8f-b120-4391d67dd853 req-502bf919-2158-4f8f-b120-4391d67dd853 ] Request (ListImageFiltersTestJSON:setUpClass): 200 GET http://10.180.1.21/compute/v2.1/servers/d89bf374-605f-4f2d-a262-b18552959845 0.058s
2025-01-13 09:29:19.966 67808 INFO tempest.lib.common.rest_client [req-32c53de5-ad4e-4796-b81c-cfc2b3588a5a req-32c53de5-ad4e-4796-b81c-cfc2b3588a5a ] Request (FloatingIPsAssociationTestJSON:setUpClass): 200 GET http://10.180.1.21/compute/v2.1/servers/c8af1cbe-902d-4af8-b744-7341ec58831c 0.062s
2025-01-13 09:29:20.026 67780 INFO tempest.lib.common.rest_client [req-3898776f-cd9d-4632-a2e9-fb0ce2922ded req-3898776f-cd9d-4632-a2e9-fb0ce2922ded ] Request (ImagesOneServerNegativeTestJSON:_run_cleanups): 200 GET http://10.180.1.21/compute/v2.1/servers/69cea9d8-4535-48cb-8e0f-f4b4ba124175 0.057s
2025-01-13 09:29:20.139 67784 INFO tempest.lib.common.rest_client [req-288a83d1-03f5-46fd-b428-c80686cce537 req-288a83d1-03f5-46fd-b428-c80686cce537 ] Request (ServerTagsTestJSON:tearDownClass): 200 GET http://10.180.1.21/compute/v2.1/servers/29124931-d28f-4336-934d-ecba302a33e3 0.094s
2025-01-13 09:29:20.158 67776 WARNING tempest.lib.common.ssh [-] Failed to establish authenticated ssh connection to cirros@10.180.180.233 ([Errno None] Unable to connect to port 22 on 10.180.180.233). Number attempts: 3. Retry after 4 seconds.: paramiko.ssh_exception.NoValidConnectionsError: [Errno None] Unable to connect to port 22 on 10.180.180.233
2025-01-13 09:29:20.189 67800 INFO tempest.lib.common.rest_client [req-e6aa6ac6-fde5-43c4-a4bd-d9242fcdeaca req-e6aa6ac6-fde5-43c4-a4bd-d9242fcdeaca ] Request (ServersNegativeTestMultiTenantJSON:tearDownClass): 200 GET http://10.180.1.21/compute/v2.1/servers/8dfb1051-c5c0-47c7-9b38-7add404107c6 0.141s
2025-01-13 09:29:20.202 67788 INFO tempest.lib.common.rest_client [req-8e278d6c-c0dc-486f-8359-01f4f92034d8 req-8e278d6c-c0dc-486f-8359-01f4f92034d8 ] Request (VolumesAdminNegativeTest:test_update_attached_volume_with_nonexistent_volume_in_body): 200 GET http://10.180.1.21/compute/v2.1/servers/cd7ca1ba-b100-455d-8a9e-a540e5fc03a7 0.105s
2025-01-13 09:29:20.255 67772 INFO tempest.lib.common.rest_client [req-12b1cea0-f285-4d1d-bf39-7560d3c1286a req-12b1cea0-f285-4d1d-bf39-7560d3c1286a ] Request (ServerShowV247Test:test_update_rebuild_list_server): 200 GET http://10.180.1.21/compute/v2.1/servers/7234e314-198d-4737-ba51-526309ea9940 0.144s
2025-01-13 09:29:20.287 67824 INFO tempest.lib.common.rest_client [req-2a7e9d23-2078-4c9e-b1b8-3391f64d10d3 req-2a7e9d23-2078-4c9e-b1b8-3391f64d10d3 ] Request (ServerDiagnosticsV248Test:tearDownClass): 200 GET http://10.180.1.21/compute/v2.1/servers/dcfde382-f4dc-4de3-a8f7-ee3d1cc37a81 0.101s
2025-01-13 09:29:20.327 67797 INFO tempest.lib.common.rest_client [req-ed486d17-cf06-4b98-9255-2cb6c4ad7fec req-ed486d17-cf06-4b98-9255-2cb6c4ad7fec ] Request (ServerRescueTestJSON:test_rescue_unrescue_instance): 200 GET http://10.180.1.21/compute/v2.1/servers/c3ca5df8-c95c-4d04-9679-1b18944759ec 0.102s
2025-01-13 09:29:20.379 67810 INFO tempest.lib.common.rest_client [req-3e848bb3-ffcb-4e95-b78b-7f4ac044b2da req-3e848bb3-ffcb-4e95-b78b-7f4ac044b2da ] Request (ServerActionsTestOtherA:setUpClass): 201 POST http://10.180.1.21:9696/networking/v2.0/floatingips 0.530s
2025-01-13 09:29:20.420 67810 INFO tempest.lib.common.rest_client [req-274dbe08-eddc-45db-a9ff-efedb6c5a47a req-274dbe08-eddc-45db-a9ff-efedb6c5a47a ] Request (ServerActionsTestOtherA:setUpClass): 201 POST http://10.180.1.21/identity/v3/auth/tokens 0.034s
2025-01-13 09:29:20.420 67810 INFO tempest.lib.common.fixed_network [-] (ServerActionsTestOtherA:setUpClass) Found network {'id': '48c9b127-a2b7-456a-8373-5e0004876958', 'name': 'tempest-ServerActionsTestOtherA-354580558-network', 'tenant_id': '6e260262c1924e15967684422d2c6715', 'admin_state_up': True, 'mtu': 8950, 'status': 'ACTIVE', 'subnets': [], 'shared': False, 'project_id': '6e260262c1924e15967684422d2c6715', 'port_security_enabled': True, 'router:external': False, 'provider:network_type': 'vlan', 'provider:physical_network': 'default', 'provider:segmentation_id': 732, 'availability_zone_hints': [], 'availability_zones': [], 'ipv4_address_scope': None, 'ipv6_address_scope': None, 'description': '', 'tags': [], 'created_at': '2025-01-13T09:29:16Z', 'updated_at': '2025-01-13T09:29:16Z', 'revision_number': 1} available for tenant
2025-01-13 09:29:20.451 67782 INFO tempest.lib.common.rest_client [req-e9fbcdb2-efb6-4a47-b313-e6861ab1b897 req-e9fbcdb2-efb6-4a47-b313-e6861ab1b897 ] Request (ServerGroupTestJSON:test_create_server_with_scheduler_hint_group): 200 GET http://10.180.1.21/compute/v2.1/servers/8ea27d3c-dd03-45f6-a5e2-8cf71a4e824c 0.073s
2025-01-13 09:29:20.614 67774 INFO tempest.lib.common.rest_client [req-9296960a-bf6f-4e66-86e4-a8c36554c8c0 req-9296960a-bf6f-4e66-86e4-a8c36554c8c0 ] Request (ServerActionsTestJSON:setUpClass): 200 GET http://10.180.1.21/compute/v2.1/servers/34f95e70-db34-42cf-8b4f-bebcc26c289b 0.180s
2025-01-13 09:29:20.668 67804 INFO tempest.lib.common.rest_client [req-ac94301d-2ba7-4c0e-bef7-818cb354ebe4 req-ac94301d-2ba7-4c0e-bef7-818cb354ebe4 ] Request (ServersAdminTestJSON:test_inject_network_info): 200 GET http://10.180.1.21/compute/v2.1/servers/8716efdd-f12f-47d0-a3df-d26e62495091 0.105s
2025-01-13 09:29:20.715 67822 INFO tempest.lib.common.rest_client [req-5d574338-adf6-4477-86d5-1cab688ceb07 req-5d574338-adf6-4477-86d5-1cab688ceb07 ] Request (ListServerFiltersTestJSON:setUpClass): 200 GET http://10.180.1.21/compute/v2.1/servers/2f7b66d0-b6ee-4261-a565-cc3e2008f8a4 0.088s
2025-01-13 09:29:20.773 67818 INFO tempest.lib.common.rest_client [req-d0d3bccf-f629-4d24-b6e4-a5c12f7e8911 req-d0d3bccf-f629-4d24-b6e4-a5c12f7e8911 ] Request (DeleteServersAdminTestJSON:test_delete_server_while_in_error_state): 200 GET http://10.180.1.21/compute/v2.1/servers/de830fe1-9542-433f-bc92-6197cd691de7 0.136s
2025-01-13 09:29:20.807 67810 INFO tempest.lib.common.rest_client [req-5e09b026-b305-4a7e-a3e2-6cf4653ea54f req-5e09b026-b305-4a7e-a3e2-6cf4653ea54f ] Request (ServerActionsTestOtherA:setUpClass): 202 POST http://10.180.1.21/compute/v2.1/servers 0.386s
2025-01-13 09:29:20.828 67812 INFO tempest.lib.common.rest_client [req-42cd05a2-fb8f-4e93-ba49-096b03a27bb8 req-42cd05a2-fb8f-4e93-ba49-096b03a27bb8 ] Request (SecurityGroupsTestJSON:test_list_security_groups_by_server): 200 GET http://10.180.1.21/compute/v2.1/servers/318ea049-c1ce-4e68-9e63-b1990e7050c3 0.154s
2025-01-13 09:29:20.866 67790 INFO tempest.lib.common.rest_client [req-27946c41-6b14-4835-951d-ab0ffc13f52c req-27946c41-6b14-4835-951d-ab0ffc13f52c ] Request (ServerActionsV293TestJSON:setUpClass): 200 GET http://10.180.1.21/compute/v2.1/servers/65e59681-f925-4ec0-8ac1-0ded9fcc7947 0.159s
2025-01-13 09:29:20.886 67826 INFO tempest.lib.common.rest_client [req-494fea83-4d58-4c13-ab03-3a90f1f922b2 req-494fea83-4d58-4c13-ab03-3a90f1f922b2 ] Request (ServerPasswordTestJSON:setUpClass): 200 GET http://10.180.1.21/compute/v2.1/servers/042bd6d1-d788-4171-885c-e93a46af43a7 0.153s
2025-01-13 09:29:20.920 67816 INFO tempest.lib.common.rest_client [req-50539521-6c0e-4140-9d9f-0f185e143466 req-50539521-6c0e-4140-9d9f-0f185e143466 ] Request (MigrationsAdminTest:test_resize_server_revert_deleted_flavor): 200 GET http://10.180.1.21/compute/v2.1/servers/269c293a-d0a5-4467-b3f2-67351118f1aa 0.159s
2025-01-13 09:29:20.944 67786 INFO tempest.lib.common.rest_client [req-09ae43a2-9694-4777-973f-f7466090f10b req-09ae43a2-9694-4777-973f-f7466090f10b ] Request (ServersTestMultiNic:test_verify_duplicate_network_nics): 200 GET http://10.180.1.21/compute/v2.1/servers/69c94c5b-e6f8-4a7a-bef7-7d7a4d135cdb 0.153s
2025-01-13 09:29:20.957 67770 INFO tempest.lib.common.rest_client [req-ebf94b49-90ba-4d74-8aea-5456ccbb7682 req-ebf94b49-90ba-4d74-8aea-5456ccbb7682 ] Request (ImagesOneServerTestJSON:test_create_image_specify_multibyte_character_image_name): 200 GET http://10.180.1.21/compute/v2.1/images/c1a3e6f2-f39a-4961-9305-b23e5c110e99 0.156s
2025-01-13 09:29:20.985 67810 INFO tempest.lib.common.rest_client [req-4b426444-9ad9-43a1-ac6e-41c97fd2244e req-4b426444-9ad9-43a1-ac6e-41c97fd2244e ] Request (ServerActionsTestOtherA:setUpClass): 200 GET http://10.180.1.21/compute/v2.1/servers/91fff514-7cbd-4ba7-bdea-d9f2251ef1b8 0.176s
2025-01-13 09:29:21.020 67828 INFO tempest.lib.common.rest_client [req-ea8900da-99e0-41d9-8642-721ccb278673 req-ea8900da-99e0-41d9-8642-721ccb278673 ] Request (ServersAdminNegativeTestJSON:tearDownClass): 200 GET http://10.180.1.21/compute/v2.1/servers/259d67e5-975e-41fb-87fa-1a3148391e05 0.137s
2025-01-13 09:29:21.047 67778 INFO tempest.lib.common.rest_client [req-3348bddd-1511-49fb-97ea-6546fa27d357 req-3348bddd-1511-49fb-97ea-6546fa27d357 ] Request (ListImageFiltersTestJSON:setUpClass): 200 GET http://10.180.1.21/compute/v2.1/servers/d89bf374-605f-4f2d-a262-b18552959845 0.131s
2025-01-13 09:29:21.074 67808 INFO tempest.lib.common.rest_client [req-c672e0e8-ed56-4bdb-84fb-d7a4bd1a4bd0 req-c672e0e8-ed56-4bdb-84fb-d7a4bd1a4bd0 ] Request (FloatingIPsAssociationTestJSON:setUpClass): 200 GET http://10.180.1.21/compute/v2.1/servers/c8af1cbe-902d-4af8-b744-7341ec58831c 0.098s
2025-01-13 09:29:21.092 67780 INFO tempest.lib.common.rest_client [req-5fc9d5de-cf04-406a-84f6-4423b95f4c0e req-5fc9d5de-cf04-406a-84f6-4423b95f4c0e ] Request (ImagesOneServerNegativeTestJSON:_run_cleanups): 200 GET http://10.180.1.21/compute/v2.1/servers/69cea9d8-4535-48cb-8e0f-f4b4ba124175 0.055s
2025-01-13 09:29:21.216 67784 INFO tempest.lib.common.rest_client [req-f741a966-88e5-48fd-8f86-af8d397e79d0 req-f741a966-88e5-48fd-8f86-af8d397e79d0 ] Request (ServerTagsTestJSON:tearDownClass): 200 GET http://10.180.1.21/compute/v2.1/servers/29124931-d28f-4336-934d-ecba302a33e3 0.063s
2025-01-13 09:29:21.265 67788 INFO tempest.lib.common.rest_client [req-4f133f58-51f2-455a-8212-20a224a364d8 req-4f133f58-51f2-455a-8212-20a224a364d8 ] Request (VolumesAdminNegativeTest:test_update_attached_volume_with_nonexistent_volume_in_body): 200 GET http://10.180.1.21/compute/v2.1/servers/cd7ca1ba-b100-455d-8a9e-a540e5fc03a7 0.055s
2025-01-13 09:29:21.328 67772 INFO tempest.lib.common.rest_client [req-fae6c765-f41f-4a79-be02-19db2822639b req-fae6c765-f41f-4a79-be02-19db2822639b ] Request (ServerShowV247Test:test_update_rebuild_list_server): 200 GET http://10.180.1.21/compute/v2.1/servers/7234e314-198d-4737-ba51-526309ea9940 0.059s
2025-01-13 09:29:21.350 67800 INFO tempest.lib.common.rest_client [req-9a94e841-6d45-480b-a549-8e46177594d6 req-9a94e841-6d45-480b-a549-8e46177594d6 ] Request (ServersNegativeTestMultiTenantJSON:tearDownClass): 200 GET http://10.180.1.21/compute/v2.1/servers/8dfb1051-c5c0-47c7-9b38-7add404107c6 0.149s
2025-01-13 09:29:21.404 67797 INFO tempest.lib.common.rest_client [req-2a97a7b4-8fd2-44cf-b5eb-05d2eb8369b3 req-2a97a7b4-8fd2-44cf-b5eb-05d2eb8369b3 ] Request (ServerRescueTestJSON:test_rescue_unrescue_instance): 200 GET http://10.180.1.21/compute/v2.1/servers/c3ca5df8-c95c-4d04-9679-1b18944759ec 0.064s
2025-01-13 09:29:21.412 67824 INFO tempest.lib.common.rest_client [req-d41aad90-a7e4-4820-8341-4041522d1d43 req-d41aad90-a7e4-4820-8341-4041522d1d43 ] Request (ServerDiagnosticsV248Test:tearDownClass): 200 GET http://10.180.1.21/compute/v2.1/servers/dcfde382-f4dc-4de3-a8f7-ee3d1cc37a81 0.116s
2025-01-13 09:29:21.519 67782 INFO tempest.lib.common.rest_client [req-e5b1069f-4e1b-4a77-9a67-9add99c03aeb req-e5b1069f-4e1b-4a77-9a67-9add99c03aeb ] Request (ServerGroupTestJSON:test_create_server_with_scheduler_hint_group): 200 GET http://10.180.1.21/compute/v2.1/servers/8ea27d3c-dd03-45f6-a5e2-8cf71a4e824c 0.059s
2025-01-13 09:29:21.738 67804 INFO tempest.lib.common.rest_client [req-497f97ab-89c2-4fa0-8e48-fdd1b9e183c8 req-497f97ab-89c2-4fa0-8e48-fdd1b9e183c8 ] Request (ServersAdminTestJSON:test_inject_network_info): 200 GET http://10.180.1.21/compute/v2.1/servers/8716efdd-f12f-47d0-a3df-d26e62495091 0.061s
2025-01-13 09:29:21.767 67774 INFO tempest.lib.common.rest_client [req-04bfbf4d-8065-40d8-bf72-04c0e31c1896 req-04bfbf4d-8065-40d8-bf72-04c0e31c1896 ] Request (ServerActionsTestJSON:setUpClass): 200 GET http://10.180.1.21/compute/v2.1/servers/34f95e70-db34-42cf-8b4f-bebcc26c289b 0.144s
2025-01-13 09:29:21.785 67822 INFO tempest.lib.common.rest_client [req-e82f9757-c8bb-452d-9344-3f71b7d64293 req-e82f9757-c8bb-452d-9344-3f71b7d64293 ] Request (ListServerFiltersTestJSON:setUpClass): 200 GET http://10.180.1.21/compute/v2.1/servers/2f7b66d0-b6ee-4261-a565-cc3e2008f8a4 0.061s
2025-01-13 09:29:21.858 67818 INFO tempest.lib.common.rest_client [req-0c80e472-58c2-4517-bf50-ee80bec49104 req-0c80e472-58c2-4517-bf50-ee80bec49104 ] Request (DeleteServersAdminTestJSON:test_delete_server_while_in_error_state): 200 GET http://10.180.1.21/compute/v2.1/servers/de830fe1-9542-433f-bc92-6197cd691de7 0.077s
2025-01-13 09:29:21.893 67812 INFO tempest.lib.common.rest_client [req-27b81d2e-cab4-416c-a33d-82b73b1b9aee req-27b81d2e-cab4-416c-a33d-82b73b1b9aee ] Request (SecurityGroupsTestJSON:test_list_security_groups_by_server): 200 GET http://10.180.1.21/compute/v2.1/servers/318ea049-c1ce-4e68-9e63-b1990e7050c3 0.056s
2025-01-13 09:29:21.948 67826 INFO tempest.lib.common.rest_client [req-3d196872-54e4-405b-bfdb-f578e97d602f req-3d196872-54e4-405b-bfdb-f578e97d602f ] Request (ServerPasswordTestJSON:setUpClass): 200 GET http://10.180.1.21/compute/v2.1/servers/042bd6d1-d788-4171-885c-e93a46af43a7 0.052s
2025-01-13 09:29:21.953 67790 INFO tempest.lib.common.rest_client [req-b2510974-697f-4dc8-b5fc-1ca80fd756ae req-b2510974-697f-4dc8-b5fc-1ca80fd756ae ] Request (ServerActionsV293TestJSON:setUpClass): 200 GET http://10.180.1.21/compute/v2.1/servers/65e59681-f925-4ec0-8ac1-0ded9fcc7947 0.074s
2025-01-13 09:29:22.002 67816 INFO tempest.lib.common.rest_client [req-1fedcb70-91b1-46dd-beb1-39d702fbfb21 req-1fedcb70-91b1-46dd-beb1-39d702fbfb21 ] Request (MigrationsAdminTest:test_resize_server_revert_deleted_flavor): 200 GET http://10.180.1.21/compute/v2.1/servers/269c293a-d0a5-4467-b3f2-67351118f1aa 0.073s
2025-01-13 09:29:22.007 67786 INFO tempest.lib.common.rest_client [req-ac08081e-df61-4a8e-83c8-ecc268e3ba30 req-ac08081e-df61-4a8e-83c8-ecc268e3ba30 ] Request (ServersTestMultiNic:test_verify_duplicate_network_nics): 200 GET http://10.180.1.21/compute/v2.1/servers/69c94c5b-e6f8-4a7a-bef7-7d7a4d135cdb 0.051s
2025-01-13 09:29:22.044 67770 INFO tempest.lib.common.rest_client [req-faf05279-934e-4450-818b-958793e227e3 req-faf05279-934e-4450-818b-958793e227e3 ] Request (ImagesOneServerTestJSON:test_create_image_specify_multibyte_character_image_name): 200 GET http://10.180.1.21/compute/v2.1/images/c1a3e6f2-f39a-4961-9305-b23e5c110e99 0.083s
2025-01-13 09:29:22.056 67810 INFO tempest.lib.common.rest_client [req-e9efe820-a0f9-418b-8cc9-942d5531442a req-e9efe820-a0f9-418b-8cc9-942d5531442a ] Request (ServerActionsTestOtherA:setUpClass): 200 GET http://10.180.1.21/compute/v2.1/servers/91fff514-7cbd-4ba7-bdea-d9f2251ef1b8 0.062s
2025-01-13 09:29:22.105 67778 INFO tempest.lib.common.rest_client [req-654712a7-266c-49b8-ba41-d2ca242c749f req-654712a7-266c-49b8-ba41-d2ca242c749f ] Request (ListImageFiltersTestJSON:setUpClass): 200 GET http://10.180.1.21/compute/v2.1/servers/d89bf374-605f-4f2d-a262-b18552959845 0.049s
2025-01-13 09:29:22.106 67828 INFO tempest.lib.common.rest_client [req-5682f34a-555f-4665-b49c-ee7ecd4b8d09 req-5682f34a-555f-4665-b49c-ee7ecd4b8d09 ] Request (ServersAdminNegativeTestJSON:tearDownClass): 200 GET http://10.180.1.21/compute/v2.1/servers/259d67e5-975e-41fb-87fa-1a3148391e05 0.077s
2025-01-13 09:29:22.150 67808 INFO tempest.lib.common.rest_client [req-ef7a7c95-8109-40bc-9aa8-46cdbf47a4fb req-ef7a7c95-8109-40bc-9aa8-46cdbf47a4fb ] Request (FloatingIPsAssociationTestJSON:setUpClass): 200 GET http://10.180.1.21/compute/v2.1/servers/c8af1cbe-902d-4af8-b744-7341ec58831c 0.069s
2025-01-13 09:29:22.151 67780 INFO tempest.lib.common.rest_client [req-815f5ed3-966a-4940-a177-d70b03a35135 req-815f5ed3-966a-4940-a177-d70b03a35135 ] Request (ImagesOneServerNegativeTestJSON:_run_cleanups): 200 GET http://10.180.1.21/compute/v2.1/servers/69cea9d8-4535-48cb-8e0f-f4b4ba124175 0.051s
2025-01-13 09:29:22.296 67784 INFO tempest.lib.common.rest_client [req-cb584442-f063-453c-8095-47ef2720fbba req-cb584442-f063-453c-8095-47ef2720fbba ] Request (ServerTagsTestJSON:tearDownClass): 200 GET http://10.180.1.21/compute/v2.1/servers/29124931-d28f-4336-934d-ecba302a33e3 0.062s
2025-01-13 09:29:22.325 67788 INFO tempest.lib.common.rest_client [req-b1e7d518-a0ab-455f-8751-c5c388a21b80 req-b1e7d518-a0ab-455f-8751-c5c388a21b80 ] Request (VolumesAdminNegativeTest:test_update_attached_volume_with_nonexistent_volume_in_body): 200 GET http://10.180.1.21/compute/v2.1/servers/cd7ca1ba-b100-455d-8a9e-a540e5fc03a7 0.052s
2025-01-13 09:29:22.397 67772 INFO tempest.lib.common.rest_client [req-93dccc43-1921-444c-b863-95c913e669e3 req-93dccc43-1921-444c-b863-95c913e669e3 ] Request (ServerShowV247Test:test_update_rebuild_list_server): 200 GET http://10.180.1.21/compute/v2.1/servers/7234e314-198d-4737-ba51-526309ea9940 0.057s
2025-01-13 09:29:22.412 67800 INFO tempest.lib.common.rest_client [req-65329144-872e-4311-94a1-fe2acb8ea51a req-65329144-872e-4311-94a1-fe2acb8ea51a ] Request (ServersNegativeTestMultiTenantJSON:tearDownClass): 200 GET http://10.180.1.21/compute/v2.1/servers/8dfb1051-c5c0-47c7-9b38-7add404107c6 0.053s
2025-01-13 09:29:22.464 67797 INFO tempest.lib.common.rest_client [req-de914800-afbd-4ea2-8a89-38462f41dca3 req-de914800-afbd-4ea2-8a89-38462f41dca3 ] Request (ServerRescueTestJSON:test_rescue_unrescue_instance): 200 GET http://10.180.1.21/compute/v2.1/servers/c3ca5df8-c95c-4d04-9679-1b18944759ec 0.052s
2025-01-13 09:29:22.481 67824 INFO tempest.lib.common.rest_client [req-e2484ed2-b7ac-4180-abef-207af20e0278 req-e2484ed2-b7ac-4180-abef-207af20e0278 ] Request (ServerDiagnosticsV248Test:tearDownClass): 200 GET http://10.180.1.21/compute/v2.1/servers/dcfde382-f4dc-4de3-a8f7-ee3d1cc37a81 0.059s
2025-01-13 09:29:22.577 67782 INFO tempest.lib.common.rest_client [req-af7d9ef5-8d79-4c12-98cf-cbedf80c21cf req-af7d9ef5-8d79-4c12-98cf-cbedf80c21cf ] Request (ServerGroupTestJSON:test_create_server_with_scheduler_hint_group): 200 GET http://10.180.1.21/compute/v2.1/servers/8ea27d3c-dd03-45f6-a5e2-8cf71a4e824c 0.050s
2025-01-13 09:29:22.799 67804 INFO tempest.lib.common.rest_client [req-3d8114f3-de15-4b14-9e0a-284c927c9276 req-3d8114f3-de15-4b14-9e0a-284c927c9276 ] Request (ServersAdminTestJSON:test_inject_network_info): 200 GET http://10.180.1.21/compute/v2.1/servers/8716efdd-f12f-47d0-a3df-d26e62495091 0.052s
2025-01-13 09:29:22.847 67822 INFO tempest.lib.common.rest_client [req-3ca1b439-c8c1-44a5-b54b-2fbd7a13fb3c req-3ca1b439-c8c1-44a5-b54b-2fbd7a13fb3c ] Request (ListServerFiltersTestJSON:setUpClass): 200 GET http://10.180.1.21/compute/v2.1/servers/2f7b66d0-b6ee-4261-a565-cc3e2008f8a4 0.053s
2025-01-13 09:29:22.879 67774 INFO tempest.lib.common.rest_client [req-ab9ade6b-8fac-48b9-abfb-029b25bab028 req-ab9ade6b-8fac-48b9-abfb-029b25bab028 ] Request (ServerActionsTestJSON:setUpClass): 200 GET http://10.180.1.21/compute/v2.1/servers/34f95e70-db34-42cf-8b4f-bebcc26c289b 0.103s
2025-01-13 09:29:22.887 67774 INFO tempest.common.waiters [-] State transition "BUILD/spawning" ==> "ACTIVE/None" after 79 second wait
2025-01-13 09:29:22.925 67818 INFO tempest.lib.common.rest_client [req-94d6dd07-a4fe-42b7-a484-bda3092d8a2c req-94d6dd07-a4fe-42b7-a484-bda3092d8a2c ] Request (DeleteServersAdminTestJSON:test_delete_server_while_in_error_state): 200 GET http://10.180.1.21/compute/v2.1/servers/de830fe1-9542-433f-bc92-6197cd691de7 0.059s
2025-01-13 09:29:22.946 67774 INFO tempest.lib.common.rest_client [req-d8aefd90-e88b-46af-98cf-d65d233be8ef req-d8aefd90-e88b-46af-98cf-d65d233be8ef ] Request (ServerActionsTestJSON:setUpClass): 200 GET http://10.180.1.21/compute/v2.1/servers/34f95e70-db34-42cf-8b4f-bebcc26c289b/os-interface 0.059s
2025-01-13 09:29:22.973 67806 WARNING tempest.lib.common.ssh [-] Failed to establish authenticated ssh connection to cirros@10.180.180.202 ([Errno None] Unable to connect to port 22 on 10.180.180.202). Number attempts: 6. Retry after 7 seconds.: paramiko.ssh_exception.NoValidConnectionsError: [Errno None] Unable to connect to port 22 on 10.180.180.202
2025-01-13 09:29:22.977 67812 INFO tempest.lib.common.rest_client [req-a93523ba-be10-4a3c-bec5-86405b7a358d req-a93523ba-be10-4a3c-bec5-86405b7a358d ] Request (SecurityGroupsTestJSON:test_list_security_groups_by_server): 200 GET http://10.180.1.21/compute/v2.1/servers/318ea049-c1ce-4e68-9e63-b1990e7050c3 0.075s
2025-01-13 09:29:22.989 67820 WARNING tempest.lib.common.ssh [-] Failed to establish authenticated ssh connection to cirros@10.180.180.246 ([Errno None] Unable to connect to port 22 on 10.180.180.246). Number attempts: 9. Retry after 10 seconds.: paramiko.ssh_exception.NoValidConnectionsError: [Errno None] Unable to connect to port 22 on 10.180.180.246
2025-01-13 09:29:23.026 67826 INFO tempest.lib.common.rest_client [req-cbaa3c24-b3d3-47a4-a0d2-7694c5c8d309 req-cbaa3c24-b3d3-47a4-a0d2-7694c5c8d309 ] Request (ServerPasswordTestJSON:setUpClass): 200 GET http://10.180.1.21/compute/v2.1/servers/042bd6d1-d788-4171-885c-e93a46af43a7 0.065s
2025-01-13 09:29:23.035 67790 INFO tempest.lib.common.rest_client [req-cf61e34d-66b9-4cbd-8ed5-972d27cad6f0 req-cf61e34d-66b9-4cbd-8ed5-972d27cad6f0 ] Request (ServerActionsV293TestJSON:setUpClass): 200 GET http://10.180.1.21/compute/v2.1/servers/65e59681-f925-4ec0-8ac1-0ded9fcc7947 0.070s
2025-01-13 09:29:23.082 67786 INFO tempest.lib.common.rest_client [req-a908bdfa-6631-4a70-9996-0e6ea9bd6869 req-a908bdfa-6631-4a70-9996-0e6ea9bd6869 ] Request (ServersTestMultiNic:test_verify_duplicate_network_nics): 200 GET http://10.180.1.21/compute/v2.1/servers/69c94c5b-e6f8-4a7a-bef7-7d7a4d135cdb 0.067s
2025-01-13 09:29:23.082 67816 INFO tempest.lib.common.rest_client [req-22b9bd35-ddf9-42c5-809b-5aef99b0df8a req-22b9bd35-ddf9-42c5-809b-5aef99b0df8a ] Request (MigrationsAdminTest:test_resize_server_revert_deleted_flavor): 200 GET http://10.180.1.21/compute/v2.1/servers/269c293a-d0a5-4467-b3f2-67351118f1aa 0.072s
2025-01-13 09:29:23.121 67770 INFO tempest.lib.common.rest_client [req-a44d4cba-e2a7-478e-9603-0ee18b7fa294 req-a44d4cba-e2a7-478e-9603-0ee18b7fa294 ] Request (ImagesOneServerTestJSON:test_create_image_specify_multibyte_character_image_name): 200 GET http://10.180.1.21/compute/v2.1/images/c1a3e6f2-f39a-4961-9305-b23e5c110e99 0.073s
2025-01-13 09:29:23.131 67810 INFO tempest.lib.common.rest_client [req-b7ea486b-0497-48c3-8423-2b115708c69f req-b7ea486b-0497-48c3-8423-2b115708c69f ] Request (ServerActionsTestOtherA:setUpClass): 200 GET http://10.180.1.21/compute/v2.1/servers/91fff514-7cbd-4ba7-bdea-d9f2251ef1b8 0.066s
2025-01-13 09:29:23.178 67778 INFO tempest.lib.common.rest_client [req-e112cd06-1084-4c3d-b475-9fbc14a102d3 req-e112cd06-1084-4c3d-b475-9fbc14a102d3 ] Request (ListImageFiltersTestJSON:setUpClass): 200 GET http://10.180.1.21/compute/v2.1/servers/d89bf374-605f-4f2d-a262-b18552959845 0.060s
2025-01-13 09:29:23.184 67828 INFO tempest.lib.common.rest_client [req-3da3674a-aea8-4644-9e52-4f0e3f8ccfca req-3da3674a-aea8-4644-9e52-4f0e3f8ccfca ] Request (ServersAdminNegativeTestJSON:tearDownClass): 200 GET http://10.180.1.21/compute/v2.1/servers/259d67e5-975e-41fb-87fa-1a3148391e05 0.070s
2025-01-13 09:29:23.233 67780 INFO tempest.lib.common.rest_client [req-7336d665-1fb8-404b-8b3e-c6454ad02595 req-7336d665-1fb8-404b-8b3e-c6454ad02595 ] Request (ImagesOneServerNegativeTestJSON:_run_cleanups): 200 GET http://10.180.1.21/compute/v2.1/servers/69cea9d8-4535-48cb-8e0f-f4b4ba124175 0.075s
2025-01-13 09:29:23.240 67808 INFO tempest.lib.common.rest_client [req-54141e07-330a-4a83-83ba-309642fd811d req-54141e07-330a-4a83-83ba-309642fd811d ] Request (FloatingIPsAssociationTestJSON:setUpClass): 200 GET http://10.180.1.21/compute/v2.1/servers/c8af1cbe-902d-4af8-b744-7341ec58831c 0.079s
2025-01-13 09:29:23.369 67784 INFO tempest.lib.common.rest_client [req-5e265663-6f97-4f99-bdb0-ca7011819886 req-5e265663-6f97-4f99-bdb0-ca7011819886 ] Request (ServerTagsTestJSON:tearDownClass): 200 GET http://10.180.1.21/compute/v2.1/servers/29124931-d28f-4336-934d-ecba302a33e3 0.063s
2025-01-13 09:29:23.406 67788 INFO tempest.lib.common.rest_client [req-ea181a0f-cf1e-4254-ac8d-ce08ea5e9ceb req-ea181a0f-cf1e-4254-ac8d-ce08ea5e9ceb ] Request (VolumesAdminNegativeTest:test_update_attached_volume_with_nonexistent_volume_in_body): 200 GET http://10.180.1.21/compute/v2.1/servers/cd7ca1ba-b100-455d-8a9e-a540e5fc03a7 0.069s
2025-01-13 09:29:23.463 67774 INFO tempest.lib.common.rest_client [req-a5b5049e-37c6-411a-af15-73a3ede8e512 req-a5b5049e-37c6-411a-af15-73a3ede8e512 ] Request (ServerActionsTestJSON:setUpClass): 200 PUT http://10.180.1.21:9696/networking/v2.0/floatingips/68c31ac2-9bb5-45e1-9017-b119a0415780 0.514s
2025-01-13 09:29:23.465 67774 INFO tempest.lib.common.ssh [-] Creating ssh connection to '10.180.180.216:22' as 'cirros' with public key authentication
2025-01-13 09:29:23.472 67772 INFO tempest.lib.common.rest_client [req-6f685e03-a096-446e-99fd-fefc60c5d009 req-6f685e03-a096-446e-99fd-fefc60c5d009 ] Request (ServerShowV247Test:test_update_rebuild_list_server): 200 GET http://10.180.1.21/compute/v2.1/servers/7234e314-198d-4737-ba51-526309ea9940 0.063s
2025-01-13 09:29:23.491 67800 INFO tempest.lib.common.rest_client [req-6a6520a5-094b-485d-9c91-6af9803556df req-6a6520a5-094b-485d-9c91-6af9803556df ] Request (ServersNegativeTestMultiTenantJSON:tearDownClass): 200 GET http://10.180.1.21/compute/v2.1/servers/8dfb1051-c5c0-47c7-9b38-7add404107c6 0.071s
2025-01-13 09:29:23.498 67800 INFO tempest.common.waiters [-] State transition "ACTIVE/deleting" ==> "DELETED/None" after 4 second wait
2025-01-13 09:29:23.531 67797 INFO tempest.lib.common.rest_client [req-52e766b9-9ba5-47d6-a9e0-b27da63b79d0 req-52e766b9-9ba5-47d6-a9e0-b27da63b79d0 ] Request (ServerRescueTestJSON:test_rescue_unrescue_instance): 200 GET http://10.180.1.21/compute/v2.1/servers/c3ca5df8-c95c-4d04-9679-1b18944759ec 0.059s
2025-01-13 09:29:23.553 67824 INFO tempest.lib.common.rest_client [req-4edcc9fb-9b75-470c-bdd7-b6cfcb57ab6c req-4edcc9fb-9b75-470c-bdd7-b6cfcb57ab6c ] Request (ServerDiagnosticsV248Test:tearDownClass): 200 GET http://10.180.1.21/compute/v2.1/servers/dcfde382-f4dc-4de3-a8f7-ee3d1cc37a81 0.063s
2025-01-13 09:29:23.633 67782 INFO tempest.lib.common.rest_client [req-778b9419-776c-4ae2-b771-f3c0dac1afec req-778b9419-776c-4ae2-b771-f3c0dac1afec ] Request (ServerGroupTestJSON:test_create_server_with_scheduler_hint_group): 200 GET http://10.180.1.21/compute/v2.1/servers/8ea27d3c-dd03-45f6-a5e2-8cf71a4e824c 0.047s
2025-01-13 09:29:23.858 67804 INFO tempest.lib.common.rest_client [req-35016248-7d3f-4bfd-94f2-4529dfa05caa req-35016248-7d3f-4bfd-94f2-4529dfa05caa ] Request (ServersAdminTestJSON:test_inject_network_info): 200 GET http://10.180.1.21/compute/v2.1/servers/8716efdd-f12f-47d0-a3df-d26e62495091 0.050s
2025-01-13 09:29:23.908 67822 INFO tempest.lib.common.rest_client [req-87a070e1-aa71-4037-b981-1b92dbfdf435 req-87a070e1-aa71-4037-b981-1b92dbfdf435 ] Request (ListServerFiltersTestJSON:setUpClass): 200 GET http://10.180.1.21/compute/v2.1/servers/2f7b66d0-b6ee-4261-a565-cc3e2008f8a4 0.053s
2025-01-13 09:29:23.991 67818 INFO tempest.lib.common.rest_client [req-c6615e5b-6906-4071-a77a-7cb40af1e82a req-c6615e5b-6906-4071-a77a-7cb40af1e82a ] Request (DeleteServersAdminTestJSON:test_delete_server_while_in_error_state): 200 GET http://10.180.1.21/compute/v2.1/servers/de830fe1-9542-433f-bc92-6197cd691de7 0.057s
2025-01-13 09:29:24.032 67794 WARNING tempest.lib.common.ssh [-] Failed to establish authenticated ssh connection to cirros@10.180.180.218 ([Errno None] Unable to connect to port 22 on 10.180.180.218). Number attempts: 10. Retry after 11 seconds.: paramiko.ssh_exception.NoValidConnectionsError: [Errno None] Unable to connect to port 22 on 10.180.180.218
2025-01-13 09:29:24.044 67812 INFO tempest.lib.common.rest_client [req-7df59dc2-061a-4b2d-b29d-32f477b6c777 req-7df59dc2-061a-4b2d-b29d-32f477b6c777 ] Request (SecurityGroupsTestJSON:test_list_security_groups_by_server): 200 GET http://10.180.1.21/compute/v2.1/servers/318ea049-c1ce-4e68-9e63-b1990e7050c3 0.060s
2025-01-13 09:29:24.093 67826 INFO tempest.lib.common.rest_client [req-34eb5bf6-e43b-481f-af49-c3009a186ecc req-34eb5bf6-e43b-481f-af49-c3009a186ecc ] Request (ServerPasswordTestJSON:setUpClass): 200 GET http://10.180.1.21/compute/v2.1/servers/042bd6d1-d788-4171-885c-e93a46af43a7 0.058s
2025-01-13 09:29:24.103 67826 INFO tempest.common.waiters [-] State transition "BUILD/scheduling" ==> "BUILD/None" after 55 second wait
2025-01-13 09:29:24.104 67790 INFO tempest.lib.common.rest_client [req-c498771c-09e7-4e45-8d6e-813a9f8768e5 req-c498771c-09e7-4e45-8d6e-813a9f8768e5 ] Request (ServerActionsV293TestJSON:setUpClass): 200 GET http://10.180.1.21/compute/v2.1/servers/65e59681-f925-4ec0-8ac1-0ded9fcc7947 0.059s
2025-01-13 09:29:24.141 67786 INFO tempest.lib.common.rest_client [req-c1c05641-7c01-46cd-ba4d-070fd50a0d6a req-c1c05641-7c01-46cd-ba4d-070fd50a0d6a ] Request (ServersTestMultiNic:test_verify_duplicate_network_nics): 200 GET http://10.180.1.21/compute/v2.1/servers/69c94c5b-e6f8-4a7a-bef7-7d7a4d135cdb 0.051s
2025-01-13 09:29:24.166 67816 INFO tempest.lib.common.rest_client [req-45eefc11-ff69-45cd-b116-1ac85e1c0cb5 req-45eefc11-ff69-45cd-b116-1ac85e1c0cb5 ] Request (MigrationsAdminTest:test_resize_server_revert_deleted_flavor): 200 GET http://10.180.1.21/compute/v2.1/servers/269c293a-d0a5-4467-b3f2-67351118f1aa 0.075s
