2025-01-13 09:28:36.263 67784 INFO tempest.lib.common.rest_client [req-dd48f495-aecc-41c1-a958-adf975f3dbe9 req-dd48f495-aecc-41c1-a958-adf975f3dbe9 ] Request (ServerTagsTestJSON:setUpClass): 200 GET http://10.180.1.21/compute/v2.1/servers/29124931-d28f-4336-934d-ecba302a33e3 0.077s
2025-01-13 09:28:36.300 67797 INFO tempest.lib.common.rest_client [req-4e364e70-3709-430f-b218-eb187979fcce req-4e364e70-3709-430f-b218-eb187979fcce ] Request (ServerRescueTestJSON:setUpClass): 200 GET http://10.180.1.21/compute/v2.1/servers/5f87762e-e397-4a36-8835-36419676b9d5 0.137s
2025-01-13 09:28:36.326 67772 INFO tempest.lib.common.rest_client [req-9a185bb6-e8e3-4cdd-9f97-7ecd72ad38bb req-9a185bb6-e8e3-4cdd-9f97-7ecd72ad38bb ] Request (InstanceActionsNegativeTestJSON:tearDownClass): 200 GET http://10.180.1.21/compute/v2.1/servers/de76bde1-dc1e-4054-ae8b-72f9ed1da4a9 0.083s
2025-01-13 09:28:36.365 67792 INFO tempest.lib.common.rest_client [req-f2928c20-2a81-4dda-973b-b641896f6eef req-f2928c20-2a81-4dda-973b-b641896f6eef ] Request (ImagesNegativeTestJSON:test_create_image_from_deleted_server): 200 GET http://10.180.1.21/compute/v2.1/servers/2d10090f-a5bc-41c9-a2fe-37a2dfc10446 0.119s
2025-01-13 09:28:36.384 67786 INFO tempest.lib.common.rest_client [req-8af789ab-0c35-41e1-9ece-1110a5d9d403 req-8af789ab-0c35-41e1-9ece-1110a5d9d403 ] Request (TenantUsagesTestJSON:tearDownClass): 200 GET http://10.180.1.21/compute/v2.1/servers/7fda2b64-5d5f-46ed-b57b-00b24d9acee1 0.080s
2025-01-13 09:28:36.417 67776 INFO tempest.lib.common.rest_client [req-b257e120-5ab6-4e28-b760-a096a93863a0 req-b257e120-5ab6-4e28-b760-a096a93863a0 ] Request (ServersTestBootFromVolume:setUpClass): 200 GET http://10.180.1.21/compute/v2.1/servers/0824a71e-75ca-4a1d-a5e4-7b566fccf383 0.094s
2025-01-13 09:28:36.436 67800 INFO tempest.lib.common.rest_client [req-077825a5-8653-496c-93ef-adc94e172913 req-077825a5-8653-496c-93ef-adc94e172913 ] Request (ServersNegativeTestMultiTenantJSON:setUpClass): 200 GET http://10.180.1.21/compute/v2.1/servers/8dfb1051-c5c0-47c7-9b38-7add404107c6 0.068s
2025-01-13 09:28:36.492 67790 INFO tempest.lib.common.rest_client [req-5b1182cb-3d7c-4871-b2e2-c9ebdf3f5e15 req-5b1182cb-3d7c-4871-b2e2-c9ebdf3f5e15 ] Request (ServerActionsV293TestJSON:setUpClass): 200 GET http://10.180.1.21/compute/v2.1/servers/65e59681-f925-4ec0-8ac1-0ded9fcc7947 0.069s
2025-01-13 09:28:36.515 67810 INFO tempest.lib.common.rest_client [req-a9b1a25d-eeb7-4f3c-8fc5-ae70aa33ca59 req-a9b1a25d-eeb7-4f3c-8fc5-ae70aa33ca59 ] Request (InstanceActionsV221TestJSON:test_get_list_deleted_instance_actions): 200 GET http://10.180.1.21/compute/v2.1/servers/b0870ac7-90ba-4212-a8e0-100466cd838b 0.126s
2025-01-13 09:28:36.550 67812 INFO tempest.lib.common.rest_client [req-f8562fa1-e9d0-45a1-bc0b-0826c2863d89 req-f8562fa1-e9d0-45a1-bc0b-0826c2863d89 ] Request (SecurityGroupsTestJSON:test_list_security_groups_by_server): 200 GET http://10.180.1.21/compute/v2.1/servers/318ea049-c1ce-4e68-9e63-b1990e7050c3 0.108s
2025-01-13 09:28:36.571 67782 INFO tempest.lib.common.rest_client [req-24e8d072-82a0-419b-8d20-7f89e05d56fd req-24e8d072-82a0-419b-8d20-7f89e05d56fd ] Request (ServerGroupTestJSON:test_create_server_with_scheduler_hint_group): 200 GET http://10.180.1.21/compute/v2.1/servers/8ea27d3c-dd03-45f6-a5e2-8cf71a4e824c 0.094s
2025-01-13 09:28:36.631 67780 INFO tempest.lib.common.rest_client [req-0d18cfe5-f6d1-4f5d-9a2d-25a1025ba44a req-0d18cfe5-f6d1-4f5d-9a2d-25a1025ba44a ] Request (ImagesOneServerNegativeTestJSON:_run_cleanups): 200 GET http://10.180.1.21/compute/v2.1/servers/ef210777-ba8b-485a-b3bb-ef65a8ed3ad9 0.059s
2025-01-13 09:28:36.665 67804 INFO tempest.lib.common.rest_client [req-35a33f3b-9628-49f9-a32a-d139a1c52d96 req-35a33f3b-9628-49f9-a32a-d139a1c52d96 ] Request (ServersAdminTestJSON:test_create_server_with_scheduling_hint): 200 GET http://10.180.1.21/compute/v2.1/servers/263d801e-a8c6-4df2-889b-6bbae1cd5360 0.187s
2025-01-13 09:28:36.672 67804 INFO tempest.common.waiters [-] State transition "BUILD/networking" ==> "BUILD/spawning" after 50 second wait
2025-01-13 09:28:36.675 67822 INFO tempest.lib.common.rest_client [req-fba4ee0b-6cc5-414c-ace5-800d6b9aaa4d req-fba4ee0b-6cc5-414c-ace5-800d6b9aaa4d ] Request (ListServerFiltersTestJSON:setUpClass): 200 GET http://10.180.1.21/compute/v2.1/servers/2f7b66d0-b6ee-4261-a565-cc3e2008f8a4 0.050s
2025-01-13 09:28:36.738 67826 INFO tempest.lib.common.rest_client [req-33f3e79a-688e-4a0a-9750-743cb7023379 req-33f3e79a-688e-4a0a-9750-743cb7023379 ] Request (ServerPasswordTestJSON:setUpClass): 200 GET http://10.180.1.21/compute/v2.1/servers/042bd6d1-d788-4171-885c-e93a46af43a7 0.055s
2025-01-13 09:28:36.760 67806 INFO tempest.lib.common.rest_client [req-f3fc45e6-4155-47ef-a68f-a03e9e197483 req-f3fc45e6-4155-47ef-a68f-a03e9e197483 ] Request (ServerActionsTestOtherB:setUpClass): 200 GET http://10.180.1.21/compute/v2.1/servers/8ad86c6d-5655-4bca-8a9f-4af4d05d71e4 0.124s
2025-01-13 09:28:36.789 67818 INFO tempest.lib.common.rest_client [req-cb7700da-a0d0-4afd-a09f-ac1f165ea6d6 req-cb7700da-a0d0-4afd-a09f-ac1f165ea6d6 ] Request (DeleteServersAdminTestJSON:test_delete_server_while_in_error_state): 200 GET http://10.180.1.21/compute/v2.1/servers/de830fe1-9542-433f-bc92-6197cd691de7 0.101s
2025-01-13 09:28:36.812 67814 INFO tempest.lib.common.rest_client [req-fdea2174-1991-4ddc-94de-02660523f6e8 req-fdea2174-1991-4ddc-94de-02660523f6e8 ] Request (ServersTestJSON:setUpClass): 200 GET http://10.180.1.21/compute/v2.1/servers/c4651f59-03db-48ad-8cdb-a6f605a790c4 0.059s
2025-01-13 09:28:36.853 67808 INFO tempest.lib.common.rest_client [req-d8c05765-f9af-4fa0-9d89-14eb86df78b5 req-d8c05765-f9af-4fa0-9d89-14eb86df78b5 ] Request (ServersAdmin275Test:tearDownClass): 200 GET http://10.180.1.21/compute/v2.1/servers/9e6de468-662e-4591-b8e5-c9c11e0c0163 0.094s
2025-01-13 09:28:36.892 67778 INFO tempest.lib.common.rest_client [req-a515f3e0-8347-41af-8413-add05a947029 req-a515f3e0-8347-41af-8413-add05a947029 ] Request (ListImageFiltersTestJSON:setUpClass): 200 GET http://10.180.1.21/compute/v2.1/servers/d89bf374-605f-4f2d-a262-b18552959845 0.096s
2025-01-13 09:28:36.900 67774 INFO tempest.lib.common.rest_client [req-02c71fdc-89c2-4856-86ab-69be7a157c17 req-02c71fdc-89c2-4856-86ab-69be7a157c17 ] Request (ServerActionsTestJSON:setUpClass): 200 GET http://10.180.1.21/compute/v2.1/servers/34f95e70-db34-42cf-8b4f-bebcc26c289b 0.085s
2025-01-13 09:28:36.953 67788 INFO tempest.lib.common.rest_client [req-c3c2c393-cd78-44ec-95b9-a4006a9198ab req-c3c2c393-cd78-44ec-95b9-a4006a9198ab ] Request (VolumesAdminNegativeTest:test_update_attached_volume_with_nonexistent_volume_in_body): 200 GET http://10.180.1.21/compute/v2.1/servers/cd7ca1ba-b100-455d-8a9e-a540e5fc03a7 0.076s
2025-01-13 09:28:36.956 67770 INFO tempest.lib.common.rest_client [req-091eb18a-b7f3-471d-b08d-0e1303a4ff8d req-091eb18a-b7f3-471d-b08d-0e1303a4ff8d ] Request (ImagesOneServerTestJSON:setUpClass): 200 GET http://10.180.1.21/compute/v2.1/servers/658b491a-ec14-4a35-b670-64c95081c274 0.098s
2025-01-13 09:28:37.261 67828 INFO tempest.lib.common.rest_client [req-8ff80218-beb0-4af0-8cbd-a11c5ff16bae req-8ff80218-beb0-4af0-8cbd-a11c5ff16bae ] Request (ServersAdminNegativeTestJSON:tearDownClass): 200 GET http://10.180.1.21/compute/v2.1/servers/4e43c86c-f642-4cee-a188-efcbc6942ac2 0.060s
2025-01-13 09:28:37.335 67784 INFO tempest.lib.common.rest_client [req-1b0c1122-333e-4926-bf3f-615043087b2f req-1b0c1122-333e-4926-bf3f-615043087b2f ] Request (ServerTagsTestJSON:setUpClass): 200 GET http://10.180.1.21/compute/v2.1/servers/29124931-d28f-4336-934d-ecba302a33e3 0.060s
2025-01-13 09:28:37.390 67816 INFO tempest.lib.common.rest_client [req-9cf14bf8-dd93-4974-86fc-918a997403f2 req-9cf14bf8-dd93-4974-86fc-918a997403f2 ] Request (MigrationsAdminTest:test_list_migrations_in_flavor_resize_situation): 200 GET http://10.180.1.21/compute/v2.1/servers/3f952136-5629-42ba-8a95-a21524601643 0.172s
2025-01-13 09:28:37.443 67797 INFO tempest.lib.common.rest_client [req-f0fc94a6-98f5-41d3-af90-63ceaa4cf453 req-f0fc94a6-98f5-41d3-af90-63ceaa4cf453 ] Request (ServerRescueTestJSON:setUpClass): 200 GET http://10.180.1.21/compute/v2.1/servers/5f87762e-e397-4a36-8835-36419676b9d5 0.131s
2025-01-13 09:28:37.454 67772 INFO tempest.lib.common.rest_client [req-55ace0bc-b3a7-4688-ab44-41bcf15cc584 req-55ace0bc-b3a7-4688-ab44-41bcf15cc584 ] Request (InstanceActionsNegativeTestJSON:tearDownClass): 200 GET http://10.180.1.21/compute/v2.1/servers/de76bde1-dc1e-4054-ae8b-72f9ed1da4a9 0.120s
2025-01-13 09:28:37.503 67792 INFO tempest.lib.common.rest_client [req-b8a7f4b3-c869-4e48-b558-8d1ef130d22e req-b8a7f4b3-c869-4e48-b558-8d1ef130d22e ] Request (ImagesNegativeTestJSON:test_create_image_from_deleted_server): 200 GET http://10.180.1.21/compute/v2.1/servers/2d10090f-a5bc-41c9-a2fe-37a2dfc10446 0.131s
2025-01-13 09:28:37.524 67786 INFO tempest.lib.common.rest_client [req-e903286d-172f-4cfe-b4f6-e1b0dfc27663 req-e903286d-172f-4cfe-b4f6-e1b0dfc27663 ] Request (TenantUsagesTestJSON:tearDownClass): 200 GET http://10.180.1.21/compute/v2.1/servers/7fda2b64-5d5f-46ed-b57b-00b24d9acee1 0.132s
2025-01-13 09:28:37.559 67776 INFO tempest.lib.common.rest_client [req-a805c5a4-de44-4b2c-9b60-98c46a70071f req-a805c5a4-de44-4b2c-9b60-98c46a70071f ] Request (ServersTestBootFromVolume:setUpClass): 200 GET http://10.180.1.21/compute/v2.1/servers/0824a71e-75ca-4a1d-a5e4-7b566fccf383 0.131s
2025-01-13 09:28:37.580 67800 INFO tempest.lib.common.rest_client [req-4c469305-d09a-4989-b524-a1b24ad7f1d2 req-4c469305-d09a-4989-b524-a1b24ad7f1d2 ] Request (ServersNegativeTestMultiTenantJSON:setUpClass): 200 GET http://10.180.1.21/compute/v2.1/servers/8dfb1051-c5c0-47c7-9b38-7add404107c6 0.137s
2025-01-13 09:28:37.612 67790 INFO tempest.lib.common.rest_client [req-cfb1d2f5-8422-456f-b4fc-d036fa7cd1e7 req-cfb1d2f5-8422-456f-b4fc-d036fa7cd1e7 ] Request (ServerActionsV293TestJSON:setUpClass): 200 GET http://10.180.1.21/compute/v2.1/servers/65e59681-f925-4ec0-8ac1-0ded9fcc7947 0.109s
2025-01-13 09:28:37.639 67810 INFO tempest.lib.common.rest_client [req-47c2ec32-175b-439e-a25d-d9e537858077 req-47c2ec32-175b-439e-a25d-d9e537858077 ] Request (InstanceActionsV221TestJSON:test_get_list_deleted_instance_actions): 200 GET http://10.180.1.21/compute/v2.1/servers/b0870ac7-90ba-4212-a8e0-100466cd838b 0.112s
2025-01-13 09:28:37.663 67812 INFO tempest.lib.common.rest_client [req-c69ea222-2adc-454f-9674-7d57a0bbac57 req-c69ea222-2adc-454f-9674-7d57a0bbac57 ] Request (SecurityGroupsTestJSON:test_list_security_groups_by_server): 200 GET http://10.180.1.21/compute/v2.1/servers/318ea049-c1ce-4e68-9e63-b1990e7050c3 0.103s
2025-01-13 09:28:37.691 67782 INFO tempest.lib.common.rest_client [req-4fee7630-6a13-4b69-be1f-c5a4686a2aa2 req-4fee7630-6a13-4b69-be1f-c5a4686a2aa2 ] Request (ServerGroupTestJSON:test_create_server_with_scheduler_hint_group): 200 GET http://10.180.1.21/compute/v2.1/servers/8ea27d3c-dd03-45f6-a5e2-8cf71a4e824c 0.110s
2025-01-13 09:28:37.712 67780 INFO tempest.lib.common.rest_client [req-acde122b-845f-4513-ba16-256277dc5046 req-acde122b-845f-4513-ba16-256277dc5046 ] Request (ImagesOneServerNegativeTestJSON:_run_cleanups): 200 GET http://10.180.1.21/compute/v2.1/servers/ef210777-ba8b-485a-b3bb-ef65a8ed3ad9 0.069s
2025-01-13 09:28:37.755 67822 INFO tempest.lib.common.rest_client [req-eb1ad632-b9d0-4c45-9563-3993ff4003b6 req-eb1ad632-b9d0-4c45-9563-3993ff4003b6 ] Request (ListServerFiltersTestJSON:setUpClass): 200 GET http://10.180.1.21/compute/v2.1/servers/2f7b66d0-b6ee-4261-a565-cc3e2008f8a4 0.069s
2025-01-13 09:28:37.779 67804 INFO tempest.lib.common.rest_client [req-bb51e792-aaeb-4480-93da-083b94b1e9af req-bb51e792-aaeb-4480-93da-083b94b1e9af ] Request (ServersAdminTestJSON:test_create_server_with_scheduling_hint): 200 GET http://10.180.1.21/compute/v2.1/servers/263d801e-a8c6-4df2-889b-6bbae1cd5360 0.106s
2025-01-13 09:28:37.796 67826 INFO tempest.lib.common.rest_client [req-0750162b-cb4d-41a4-adab-6a95fa1a8c0a req-0750162b-cb4d-41a4-adab-6a95fa1a8c0a ] Request (ServerPasswordTestJSON:setUpClass): 200 GET http://10.180.1.21/compute/v2.1/servers/042bd6d1-d788-4171-885c-e93a46af43a7 0.044s
2025-01-13 09:28:37.853 67818 INFO tempest.lib.common.rest_client [req-5a71be1a-ef56-4d50-842c-58e639552ff4 req-5a71be1a-ef56-4d50-842c-58e639552ff4 ] Request (DeleteServersAdminTestJSON:test_delete_server_while_in_error_state): 200 GET http://10.180.1.21/compute/v2.1/servers/de830fe1-9542-433f-bc92-6197cd691de7 0.055s
2025-01-13 09:28:37.890 67806 INFO tempest.lib.common.rest_client [req-71ac4b1b-a738-4783-a7f4-676adcb6b2d7 req-71ac4b1b-a738-4783-a7f4-676adcb6b2d7 ] Request (ServerActionsTestOtherB:setUpClass): 200 GET http://10.180.1.21/compute/v2.1/servers/8ad86c6d-5655-4bca-8a9f-4af4d05d71e4 0.115s
2025-01-13 09:28:37.899 67814 INFO tempest.lib.common.rest_client [req-930ae9e1-27bf-45a9-b184-9c503c9d4f1c req-930ae9e1-27bf-45a9-b184-9c503c9d4f1c ] Request (ServersTestJSON:setUpClass): 200 GET http://10.180.1.21/compute/v2.1/servers/c4651f59-03db-48ad-8cdb-a6f605a790c4 0.077s
2025-01-13 09:28:37.945 67778 INFO tempest.lib.common.rest_client [req-1199cc8c-bb58-4678-9f9e-79ac3b596a4e req-1199cc8c-bb58-4678-9f9e-79ac3b596a4e ] Request (ListImageFiltersTestJSON:setUpClass): 200 GET http://10.180.1.21/compute/v2.1/servers/d89bf374-605f-4f2d-a262-b18552959845 0.045s
2025-01-13 09:28:37.949 67808 INFO tempest.lib.common.rest_client [req-521cd9a6-fccf-40a0-8b80-b58af66e5a1c req-521cd9a6-fccf-40a0-8b80-b58af66e5a1c ] Request (ServersAdmin275Test:tearDownClass): 200 GET http://10.180.1.21/compute/v2.1/servers/9e6de468-662e-4591-b8e5-c9c11e0c0163 0.084s
2025-01-13 09:28:37.989 67774 INFO tempest.lib.common.rest_client [req-4ea70307-ca21-485c-a33b-0662ef521606 req-4ea70307-ca21-485c-a33b-0662ef521606 ] Request (ServerActionsTestJSON:setUpClass): 200 GET http://10.180.1.21/compute/v2.1/servers/34f95e70-db34-42cf-8b4f-bebcc26c289b 0.077s
2025-01-13 09:28:38.012 67770 INFO tempest.lib.common.rest_client [req-199ab179-8396-4638-97ae-661d4c0eb9ea req-199ab179-8396-4638-97ae-661d4c0eb9ea ] Request (ImagesOneServerTestJSON:setUpClass): 200 GET http://10.180.1.21/compute/v2.1/servers/658b491a-ec14-4a35-b670-64c95081c274 0.047s
2025-01-13 09:28:38.029 67788 INFO tempest.lib.common.rest_client [req-b4d67062-8524-40e9-aba7-c64729ecfa5a req-b4d67062-8524-40e9-aba7-c64729ecfa5a ] Request (VolumesAdminNegativeTest:test_update_attached_volume_with_nonexistent_volume_in_body): 200 GET http://10.180.1.21/compute/v2.1/servers/cd7ca1ba-b100-455d-8a9e-a540e5fc03a7 0.058s
2025-01-13 09:28:38.322 67828 INFO tempest.lib.common.rest_client [req-568a5ca1-0f30-4cd6-be63-da8d920f16f6 req-568a5ca1-0f30-4cd6-be63-da8d920f16f6 ] Request (ServersAdminNegativeTestJSON:tearDownClass): 200 GET http://10.180.1.21/compute/v2.1/servers/4e43c86c-f642-4cee-a188-efcbc6942ac2 0.052s
2025-01-13 09:28:38.405 67784 INFO tempest.lib.common.rest_client [req-4b852d4f-f6de-4202-8db9-1e7f1e2c65f2 req-4b852d4f-f6de-4202-8db9-1e7f1e2c65f2 ] Request (ServerTagsTestJSON:setUpClass): 200 GET http://10.180.1.21/compute/v2.1/servers/29124931-d28f-4336-934d-ecba302a33e3 0.060s
2025-01-13 09:28:38.499 67816 INFO tempest.lib.common.rest_client [req-006d9f34-7ffb-43c0-bf67-d1e779c4c4f3 req-006d9f34-7ffb-43c0-bf67-d1e779c4c4f3 ] Request (MigrationsAdminTest:test_list_migrations_in_flavor_resize_situation): 200 GET http://10.180.1.21/compute/v2.1/servers/3f952136-5629-42ba-8a95-a21524601643 0.100s
2025-01-13 09:28:38.558 67772 INFO tempest.lib.common.rest_client [req-41f65cac-ee9d-4f31-856b-03109a0349cd req-41f65cac-ee9d-4f31-856b-03109a0349cd ] Request (InstanceActionsNegativeTestJSON:tearDownClass): 200 GET http://10.180.1.21/compute/v2.1/servers/de76bde1-dc1e-4054-ae8b-72f9ed1da4a9 0.095s
2025-01-13 09:28:38.585 67797 INFO tempest.lib.common.rest_client [req-17dfbb26-fe01-4f89-82e5-ef1e55c76e57 req-17dfbb26-fe01-4f89-82e5-ef1e55c76e57 ] Request (ServerRescueTestJSON:setUpClass): 200 GET http://10.180.1.21/compute/v2.1/servers/5f87762e-e397-4a36-8835-36419676b9d5 0.130s
2025-01-13 09:28:38.597 67797 INFO tempest.common.waiters [-] State transition "BUILD/spawning" ==> "ACTIVE/None" after 60 second wait
2025-01-13 09:28:38.623 67792 INFO tempest.lib.common.rest_client [req-d500d83e-0ad8-48be-9a7d-6fa7e3a9a04f req-d500d83e-0ad8-48be-9a7d-6fa7e3a9a04f ] Request (ImagesNegativeTestJSON:test_create_image_from_deleted_server): 200 GET http://10.180.1.21/compute/v2.1/servers/2d10090f-a5bc-41c9-a2fe-37a2dfc10446 0.105s
2025-01-13 09:28:38.656 67786 INFO tempest.lib.common.rest_client [req-0e62875a-1249-481b-a6f7-732bcadcd727 req-0e62875a-1249-481b-a6f7-732bcadcd727 ] Request (TenantUsagesTestJSON:tearDownClass): 200 GET http://10.180.1.21/compute/v2.1/servers/7fda2b64-5d5f-46ed-b57b-00b24d9acee1 0.124s
2025-01-13 09:28:38.670 67776 INFO tempest.lib.common.rest_client [req-580399b6-801e-46e4-b471-9058409f7718 req-580399b6-801e-46e4-b471-9058409f7718 ] Request (ServersTestBootFromVolume:setUpClass): 200 GET http://10.180.1.21/compute/v2.1/servers/0824a71e-75ca-4a1d-a5e4-7b566fccf383 0.102s
2025-01-13 09:28:38.701 67800 INFO tempest.lib.common.rest_client [req-22c72612-a8aa-4408-98e6-64eb8e6b60ad req-22c72612-a8aa-4408-98e6-64eb8e6b60ad ] Request (ServersNegativeTestMultiTenantJSON:setUpClass): 200 GET http://10.180.1.21/compute/v2.1/servers/8dfb1051-c5c0-47c7-9b38-7add404107c6 0.113s
2025-01-13 09:28:38.750 67790 INFO tempest.lib.common.rest_client [req-0f26f0dd-911b-4039-b484-8e782a29e064 req-0f26f0dd-911b-4039-b484-8e782a29e064 ] Request (ServerActionsV293TestJSON:setUpClass): 200 GET http://10.180.1.21/compute/v2.1/servers/65e59681-f925-4ec0-8ac1-0ded9fcc7947 0.126s
2025-01-13 09:28:38.751 67797 INFO tempest.lib.common.rest_client [req-8eb438c0-28c2-4188-9f4b-18f06cca24be req-8eb438c0-28c2-4188-9f4b-18f06cca24be ] Request (ServerRescueTestJSON:setUpClass): 200 POST http://10.180.1.21/compute/v2.1/servers/5f87762e-e397-4a36-8835-36419676b9d5/action 0.154s
2025-01-13 09:28:38.798 67812 INFO tempest.lib.common.rest_client [req-45893f8c-c4b3-42b0-9d04-af627dd106c9 req-45893f8c-c4b3-42b0-9d04-af627dd106c9 ] Request (SecurityGroupsTestJSON:test_list_security_groups_by_server): 200 GET http://10.180.1.21/compute/v2.1/servers/318ea049-c1ce-4e68-9e63-b1990e7050c3 0.126s
2025-01-13 09:28:38.803 67810 INFO tempest.lib.common.rest_client [req-15b8016b-6e3d-4b7a-afd9-c25e3435ef8a req-15b8016b-6e3d-4b7a-afd9-c25e3435ef8a ] Request (InstanceActionsV221TestJSON:test_get_list_deleted_instance_actions): 200 GET http://10.180.1.21/compute/v2.1/servers/b0870ac7-90ba-4212-a8e0-100466cd838b 0.153s
2025-01-13 09:28:38.813 67810 INFO tempest.common.waiters [-] State transition "ACTIVE/deleting" ==> "DELETED/None" after 4 second wait
2025-01-13 09:28:38.848 67782 INFO tempest.lib.common.rest_client [req-3b1834d2-bd29-4516-9c16-14767d07cd9c req-3b1834d2-bd29-4516-9c16-14767d07cd9c ] Request (ServerGroupTestJSON:test_create_server_with_scheduler_hint_group): 200 GET http://10.180.1.21/compute/v2.1/servers/8ea27d3c-dd03-45f6-a5e2-8cf71a4e824c 0.150s
2025-01-13 09:28:38.863 67780 INFO tempest.lib.common.rest_client [req-72704b78-035c-431e-b3b6-2cf56bd765fa req-72704b78-035c-431e-b3b6-2cf56bd765fa ] Request (ImagesOneServerNegativeTestJSON:_run_cleanups): 200 GET http://10.180.1.21/compute/v2.1/servers/ef210777-ba8b-485a-b3bb-ef65a8ed3ad9 0.143s
2025-01-13 09:28:38.918 67822 INFO tempest.lib.common.rest_client [req-82ec475e-471b-4dd9-858f-aca0affe2e8c req-82ec475e-471b-4dd9-858f-aca0affe2e8c ] Request (ListServerFiltersTestJSON:setUpClass): 200 GET http://10.180.1.21/compute/v2.1/servers/2f7b66d0-b6ee-4261-a565-cc3e2008f8a4 0.150s
2025-01-13 09:28:38.969 67797 INFO tempest.lib.common.rest_client [req-8cf6c155-f875-4254-8651-52d5682495d5 req-8cf6c155-f875-4254-8651-52d5682495d5 ] Request (ServerRescueTestJSON:setUpClass): 200 GET http://10.180.1.21/compute/v2.1/servers/5f87762e-e397-4a36-8835-36419676b9d5 0.217s
2025-01-13 09:28:39.014 67826 INFO tempest.lib.common.rest_client [req-7466701d-f94b-4258-87a6-008add75e8a0 req-7466701d-f94b-4258-87a6-008add75e8a0 ] Request (ServerPasswordTestJSON:setUpClass): 200 GET http://10.180.1.21/compute/v2.1/servers/042bd6d1-d788-4171-885c-e93a46af43a7 0.208s
2025-01-13 09:28:39.033 67804 INFO tempest.lib.common.rest_client [req-08497726-856f-47d3-be02-426ae359f89e req-08497726-856f-47d3-be02-426ae359f89e ] Request (ServersAdminTestJSON:test_create_server_with_scheduling_hint): 200 GET http://10.180.1.21/compute/v2.1/servers/263d801e-a8c6-4df2-889b-6bbae1cd5360 0.240s
2025-01-13 09:28:39.073 67818 INFO tempest.lib.common.rest_client [req-0a1a12f4-a943-4fc7-87da-72927f73ee2f req-0a1a12f4-a943-4fc7-87da-72927f73ee2f ] Request (DeleteServersAdminTestJSON:test_delete_server_while_in_error_state): 200 GET http://10.180.1.21/compute/v2.1/servers/de830fe1-9542-433f-bc92-6197cd691de7 0.206s
2025-01-13 09:28:39.141 67806 INFO tempest.lib.common.rest_client [req-279a5310-aaa2-4420-a981-8047a1a32be6 req-279a5310-aaa2-4420-a981-8047a1a32be6 ] Request (ServerActionsTestOtherB:setUpClass): 200 GET http://10.180.1.21/compute/v2.1/servers/8ad86c6d-5655-4bca-8a9f-4af4d05d71e4 0.239s
2025-01-13 09:28:39.144 67814 INFO tempest.lib.common.rest_client [req-962c6680-6904-4f45-8487-6302f0bcf758 req-962c6680-6904-4f45-8487-6302f0bcf758 ] Request (ServersTestJSON:setUpClass): 200 GET http://10.180.1.21/compute/v2.1/servers/c4651f59-03db-48ad-8cdb-a6f605a790c4 0.236s
2025-01-13 09:28:39.193 67778 INFO tempest.lib.common.rest_client [req-69993415-3c1a-4756-93e5-6c7a5726f734 req-69993415-3c1a-4756-93e5-6c7a5726f734 ] Request (ListImageFiltersTestJSON:setUpClass): 200 GET http://10.180.1.21/compute/v2.1/servers/d89bf374-605f-4f2d-a262-b18552959845 0.241s
2025-01-13 09:28:39.224 67808 INFO tempest.lib.common.rest_client [req-94b3bdd8-f17b-4e0c-aa4a-c5816e74143a req-94b3bdd8-f17b-4e0c-aa4a-c5816e74143a ] Request (ServersAdmin275Test:tearDownClass): 200 GET http://10.180.1.21/compute/v2.1/servers/9e6de468-662e-4591-b8e5-c9c11e0c0163 0.264s
2025-01-13 09:28:39.247 67774 INFO tempest.lib.common.rest_client [req-6a173b36-e156-49a7-87f6-e42e086a63d5 req-6a173b36-e156-49a7-87f6-e42e086a63d5 ] Request (ServerActionsTestJSON:setUpClass): 200 GET http://10.180.1.21/compute/v2.1/servers/34f95e70-db34-42cf-8b4f-bebcc26c289b 0.249s
2025-01-13 09:28:39.291 67770 INFO tempest.lib.common.rest_client [req-431b754c-d6db-4d09-b280-0a8538007cda req-431b754c-d6db-4d09-b280-0a8538007cda ] Request (ImagesOneServerTestJSON:setUpClass): 200 GET http://10.180.1.21/compute/v2.1/servers/658b491a-ec14-4a35-b670-64c95081c274 0.272s
2025-01-13 09:28:39.296 67788 INFO tempest.lib.common.rest_client [req-e350fc6d-1074-4ea1-98e7-f503fd14c49d req-e350fc6d-1074-4ea1-98e7-f503fd14c49d ] Request (VolumesAdminNegativeTest:test_update_attached_volume_with_nonexistent_volume_in_body): 200 GET http://10.180.1.21/compute/v2.1/servers/cd7ca1ba-b100-455d-8a9e-a540e5fc03a7 0.259s
2025-01-13 09:28:39.299 67770 INFO tempest.common.waiters [-] State transition "BUILD/None" ==> "BUILD/networking" after 52 second wait
2025-01-13 09:28:39.402 67828 INFO tempest.lib.common.rest_client [req-2391b8dc-1863-4b90-b4db-4e88de46ff15 req-2391b8dc-1863-4b90-b4db-4e88de46ff15 ] Request (ServersAdminNegativeTestJSON:tearDownClass): 200 GET http://10.180.1.21/compute/v2.1/servers/4e43c86c-f642-4cee-a188-efcbc6942ac2 0.072s
2025-01-13 09:28:39.479 67784 INFO tempest.lib.common.rest_client [req-6471df64-c7ca-4348-8eec-65bff9218a40 req-6471df64-c7ca-4348-8eec-65bff9218a40 ] Request (ServerTagsTestJSON:setUpClass): 200 GET http://10.180.1.21/compute/v2.1/servers/29124931-d28f-4336-934d-ecba302a33e3 0.062s
2025-01-13 09:28:39.639 67772 INFO tempest.lib.common.rest_client [req-907640c6-1e4f-4df4-98a1-94f316bded68 req-907640c6-1e4f-4df4-98a1-94f316bded68 ] Request (InstanceActionsNegativeTestJSON:tearDownClass): 200 GET http://10.180.1.21/compute/v2.1/servers/de76bde1-dc1e-4054-ae8b-72f9ed1da4a9 0.070s
2025-01-13 09:28:39.647 67816 INFO tempest.lib.common.rest_client [req-69d28166-1caf-497e-bedb-aa8cea73a31c req-69d28166-1caf-497e-bedb-aa8cea73a31c ] Request (MigrationsAdminTest:test_list_migrations_in_flavor_resize_situation): 200 GET http://10.180.1.21/compute/v2.1/servers/3f952136-5629-42ba-8a95-a21524601643 0.140s
2025-01-13 09:28:39.697 67792 INFO tempest.lib.common.rest_client [req-b92c25e0-9b2a-4c57-ba05-71a63f14e3a2 req-b92c25e0-9b2a-4c57-ba05-71a63f14e3a2 ] Request (ImagesNegativeTestJSON:test_create_image_from_deleted_server): 200 GET http://10.180.1.21/compute/v2.1/servers/2d10090f-a5bc-41c9-a2fe-37a2dfc10446 0.058s
2025-01-13 09:28:39.725 67786 INFO tempest.lib.common.rest_client [req-eb57c827-aefe-468b-affa-5166aaad880a req-eb57c827-aefe-468b-affa-5166aaad880a ] Request (TenantUsagesTestJSON:tearDownClass): 200 GET http://10.180.1.21/compute/v2.1/servers/7fda2b64-5d5f-46ed-b57b-00b24d9acee1 0.058s
2025-01-13 09:28:39.743 67776 INFO tempest.lib.common.rest_client [req-cbd698b8-512a-4d37-b404-28738da45e5b req-cbd698b8-512a-4d37-b404-28738da45e5b ] Request (ServersTestBootFromVolume:setUpClass): 200 GET http://10.180.1.21/compute/v2.1/servers/0824a71e-75ca-4a1d-a5e4-7b566fccf383 0.065s
2025-01-13 09:28:39.776 67800 INFO tempest.lib.common.rest_client [req-9b7e037c-80ed-4a76-8d11-52b8ab3006d4 req-9b7e037c-80ed-4a76-8d11-52b8ab3006d4 ] Request (ServersNegativeTestMultiTenantJSON:setUpClass): 200 GET http://10.180.1.21/compute/v2.1/servers/8dfb1051-c5c0-47c7-9b38-7add404107c6 0.066s
2025-01-13 09:28:39.824 67790 INFO tempest.lib.common.rest_client [req-e7747f67-ef2a-486c-8e79-5c5cfeb4a22b req-e7747f67-ef2a-486c-8e79-5c5cfeb4a22b ] Request (ServerActionsV293TestJSON:setUpClass): 200 GET http://10.180.1.21/compute/v2.1/servers/65e59681-f925-4ec0-8ac1-0ded9fcc7947 0.053s
2025-01-13 09:28:39.833 67790 INFO tempest.common.waiters [-] State transition "BUILD/scheduling" ==> "BUILD/None" after 35 second wait
2025-01-13 09:28:39.875 67810 INFO tempest.lib.common.rest_client [req-fea019ee-e3d8-483f-8e1d-470f97795c6a req-fea019ee-e3d8-483f-8e1d-470f97795c6a ] Request (InstanceActionsV221TestJSON:test_get_list_deleted_instance_actions): 200 GET http://10.180.1.21/compute/v2.1/servers/b0870ac7-90ba-4212-a8e0-100466cd838b 0.061s
2025-01-13 09:28:39.938 67782 INFO tempest.lib.common.rest_client [req-a54862da-7ea0-45da-8d4b-c987b8dcc5bc req-a54862da-7ea0-45da-8d4b-c987b8dcc5bc ] Request (ServerGroupTestJSON:test_create_server_with_scheduler_hint_group): 200 GET http://10.180.1.21/compute/v2.1/servers/8ea27d3c-dd03-45f6-a5e2-8cf71a4e824c 0.078s
2025-01-13 09:28:39.979 67812 INFO tempest.lib.common.rest_client [req-fb4b41bb-13a5-4317-ac61-b024591eb502 req-fb4b41bb-13a5-4317-ac61-b024591eb502 ] Request (SecurityGroupsTestJSON:test_list_security_groups_by_server): 200 GET http://10.180.1.21/compute/v2.1/servers/318ea049-c1ce-4e68-9e63-b1990e7050c3 0.170s
2025-01-13 09:28:39.998 67780 INFO tempest.lib.common.rest_client [req-bd529fbb-8543-4e9c-97fc-a71eab36d5c6 req-bd529fbb-8543-4e9c-97fc-a71eab36d5c6 ] Request (ImagesOneServerNegativeTestJSON:_run_cleanups): 200 GET http://10.180.1.21/compute/v2.1/servers/ef210777-ba8b-485a-b3bb-ef65a8ed3ad9 0.116s
2025-01-13 09:28:40.030 67794 WARNING tempest.lib.common.ssh [-] Failed to establish authenticated ssh connection to cirros@10.180.180.218 ([Errno None] Unable to connect to port 22 on 10.180.180.218). Number attempts: 6. Retry after 7 seconds.: paramiko.ssh_exception.NoValidConnectionsError: [Errno None] Unable to connect to port 22 on 10.180.180.218
2025-01-13 09:28:40.048 67822 INFO tempest.lib.common.rest_client [req-25c2b4c1-8332-427f-855c-34efdf5166ea req-25c2b4c1-8332-427f-855c-34efdf5166ea ] Request (ListServerFiltersTestJSON:setUpClass): 200 GET http://10.180.1.21/compute/v2.1/servers/2f7b66d0-b6ee-4261-a565-cc3e2008f8a4 0.121s
2025-01-13 09:28:40.092 67797 INFO tempest.lib.common.rest_client [req-80e5398e-8231-4950-a4ae-7cfd843807cf req-80e5398e-8231-4950-a4ae-7cfd843807cf ] Request (ServerRescueTestJSON:setUpClass): 200 GET http://10.180.1.21/compute/v2.1/servers/5f87762e-e397-4a36-8835-36419676b9d5 0.115s
2025-01-13 09:28:40.113 67826 INFO tempest.lib.common.rest_client [req-ff713e54-d439-4c9d-9002-09b8bd3386ff req-ff713e54-d439-4c9d-9002-09b8bd3386ff ] Request (ServerPasswordTestJSON:setUpClass): 200 GET http://10.180.1.21/compute/v2.1/servers/042bd6d1-d788-4171-885c-e93a46af43a7 0.091s
2025-01-13 09:28:40.180 67818 INFO tempest.lib.common.rest_client [req-8d2183a3-a7ec-48d0-88cf-ea62a43ac8c0 req-8d2183a3-a7ec-48d0-88cf-ea62a43ac8c0 ] Request (DeleteServersAdminTestJSON:test_delete_server_while_in_error_state): 200 GET http://10.180.1.21/compute/v2.1/servers/de830fe1-9542-433f-bc92-6197cd691de7 0.098s
2025-01-13 09:28:40.197 67804 INFO tempest.lib.common.rest_client [req-94ec4003-a18a-4019-8c1a-c96660f31750 req-94ec4003-a18a-4019-8c1a-c96660f31750 ] Request (ServersAdminTestJSON:test_create_server_with_scheduling_hint): 200 GET http://10.180.1.21/compute/v2.1/servers/263d801e-a8c6-4df2-889b-6bbae1cd5360 0.155s
2025-01-13 09:28:40.250 67814 INFO tempest.lib.common.rest_client [req-e8281ae0-4e51-4b79-8cb9-4194f8012464 req-e8281ae0-4e51-4b79-8cb9-4194f8012464 ] Request (ServersTestJSON:setUpClass): 200 GET http://10.180.1.21/compute/v2.1/servers/c4651f59-03db-48ad-8cdb-a6f605a790c4 0.097s
2025-01-13 09:28:40.314 67778 INFO tempest.lib.common.rest_client [req-d9bc37d8-aa66-4071-a17c-708f03e088a5 req-d9bc37d8-aa66-4071-a17c-708f03e088a5 ] Request (ListImageFiltersTestJSON:setUpClass): 200 GET http://10.180.1.21/compute/v2.1/servers/d89bf374-605f-4f2d-a262-b18552959845 0.108s
2025-01-13 09:28:40.333 67806 INFO tempest.lib.common.rest_client [req-75d53faf-8c86-4813-8080-c18186039677 req-75d53faf-8c86-4813-8080-c18186039677 ] Request (ServerActionsTestOtherB:setUpClass): 200 GET http://10.180.1.21/compute/v2.1/servers/8ad86c6d-5655-4bca-8a9f-4af4d05d71e4 0.178s
2025-01-13 09:28:40.382 67774 INFO tempest.lib.common.rest_client [req-0cbcc003-6fdf-434e-8d75-5ad96d49b44a req-0cbcc003-6fdf-434e-8d75-5ad96d49b44a ] Request (ServerActionsTestJSON:setUpClass): 200 GET http://10.180.1.21/compute/v2.1/servers/34f95e70-db34-42cf-8b4f-bebcc26c289b 0.124s
2025-01-13 09:28:40.387 67808 INFO tempest.lib.common.rest_client [req-31b7ddd0-acae-4a95-9734-a5f5f23dcf18 req-31b7ddd0-acae-4a95-9734-a5f5f23dcf18 ] Request (ServersAdmin275Test:tearDownClass): 200 GET http://10.180.1.21/compute/v2.1/servers/9e6de468-662e-4591-b8e5-c9c11e0c0163 0.148s
2025-01-13 09:28:40.445 67788 INFO tempest.lib.common.rest_client [req-b4bc4166-163e-4f08-bc74-aaee4d858507 req-b4bc4166-163e-4f08-bc74-aaee4d858507 ] Request (VolumesAdminNegativeTest:test_update_attached_volume_with_nonexistent_volume_in_body): 200 GET http://10.180.1.21/compute/v2.1/servers/cd7ca1ba-b100-455d-8a9e-a540e5fc03a7 0.140s
2025-01-13 09:28:40.558 67770 INFO tempest.lib.common.rest_client [req-daecfc8b-0041-45a8-8be4-75da9be5125a req-daecfc8b-0041-45a8-8be4-75da9be5125a ] Request (ImagesOneServerTestJSON:setUpClass): 200 GET http://10.180.1.21/compute/v2.1/servers/658b491a-ec14-4a35-b670-64c95081c274 0.257s
2025-01-13 09:28:40.565 67770 INFO tempest.common.waiters [-] State transition "BUILD/networking" ==> "BUILD/spawning" after 53 second wait
2025-01-13 09:28:40.615 67784 INFO tempest.lib.common.rest_client [req-54244013-9069-4d28-9332-271dbe68a235 req-54244013-9069-4d28-9332-271dbe68a235 ] Request (ServerTagsTestJSON:setUpClass): 200 GET http://10.180.1.21/compute/v2.1/servers/29124931-d28f-4336-934d-ecba302a33e3 0.125s
2025-01-13 09:28:40.669 67820 WARNING tempest.lib.common.ssh [-] Failed to establish authenticated ssh connection to cirros@10.180.180.246 ([Errno None] Unable to connect to port 22 on 10.180.180.246). Number attempts: 5. Retry after 6 seconds.: paramiko.ssh_exception.NoValidConnectionsError: [Errno None] Unable to connect to port 22 on 10.180.180.246
2025-01-13 09:28:40.709 67772 INFO tempest.lib.common.rest_client [req-e312aea0-3d0c-41be-891f-a781379e0154 req-e312aea0-3d0c-41be-891f-a781379e0154 ] Request (InstanceActionsNegativeTestJSON:tearDownClass): 200 GET http://10.180.1.21/compute/v2.1/servers/de76bde1-dc1e-4054-ae8b-72f9ed1da4a9 0.058s
2025-01-13 09:28:40.721 67828 INFO tempest.lib.common.rest_client [req-bf3c850b-2d70-4782-9c2b-133f0a0808ce req-bf3c850b-2d70-4782-9c2b-133f0a0808ce ] Request (ServersAdminNegativeTestJSON:tearDownClass): 200 GET http://10.180.1.21/compute/v2.1/servers/4e43c86c-f642-4cee-a188-efcbc6942ac2 0.310s
2025-01-13 09:28:40.779 67792 INFO tempest.lib.common.rest_client [req-46c5eaae-e8a7-4328-990e-0be310b45dfd req-46c5eaae-e8a7-4328-990e-0be310b45dfd ] Request (ImagesNegativeTestJSON:test_create_image_from_deleted_server): 200 GET http://10.180.1.21/compute/v2.1/servers/2d10090f-a5bc-41c9-a2fe-37a2dfc10446 0.074s
2025-01-13 09:28:40.811 67816 INFO tempest.lib.common.rest_client [req-5f68fc76-f10a-496f-a0c9-19a107841910 req-5f68fc76-f10a-496f-a0c9-19a107841910 ] Request (MigrationsAdminTest:test_list_migrations_in_flavor_resize_situation): 200 GET http://10.180.1.21/compute/v2.1/servers/3f952136-5629-42ba-8a95-a21524601643 0.153s
2025-01-13 09:28:40.827 67786 INFO tempest.lib.common.rest_client [req-e09986e4-d8a9-4ef2-a09f-2fe85457dcef req-e09986e4-d8a9-4ef2-a09f-2fe85457dcef ] Request (TenantUsagesTestJSON:tearDownClass): 200 GET http://10.180.1.21/compute/v2.1/servers/7fda2b64-5d5f-46ed-b57b-00b24d9acee1 0.093s
2025-01-13 09:28:40.856 67776 INFO tempest.lib.common.rest_client [req-90ca0f40-14a4-4347-930d-e0928b43e504 req-90ca0f40-14a4-4347-930d-e0928b43e504 ] Request (ServersTestBootFromVolume:setUpClass): 200 GET http://10.180.1.21/compute/v2.1/servers/0824a71e-75ca-4a1d-a5e4-7b566fccf383 0.103s
2025-01-13 09:28:40.875 67800 INFO tempest.lib.common.rest_client [req-6d88f1b9-2f73-4507-88a2-3742425aa64a req-6d88f1b9-2f73-4507-88a2-3742425aa64a ] Request (ServersNegativeTestMultiTenantJSON:setUpClass): 200 GET http://10.180.1.21/compute/v2.1/servers/8dfb1051-c5c0-47c7-9b38-7add404107c6 0.089s
2025-01-13 09:28:40.926 67790 INFO tempest.lib.common.rest_client [req-6ea98920-4498-4a9b-806a-817a9b722eea req-6ea98920-4498-4a9b-806a-817a9b722eea ] Request (ServerActionsV293TestJSON:setUpClass): 200 GET http://10.180.1.21/compute/v2.1/servers/65e59681-f925-4ec0-8ac1-0ded9fcc7947 0.091s
2025-01-13 09:28:40.976 67810 INFO tempest.lib.common.rest_client [req-7e177b12-c2db-4990-aec5-5fa84a68595d req-7e177b12-c2db-4990-aec5-5fa84a68595d ] Request (InstanceActionsV221TestJSON:test_get_list_deleted_instance_actions): 200 GET http://10.180.1.21/compute/v2.1/servers/b0870ac7-90ba-4212-a8e0-100466cd838b 0.090s
2025-01-13 09:28:41.019 67782 INFO tempest.lib.common.rest_client [req-a650726c-f79e-4527-85ab-20cebfbf2e6d req-a650726c-f79e-4527-85ab-20cebfbf2e6d ] Request (ServerGroupTestJSON:test_create_server_with_scheduler_hint_group): 200 GET http://10.180.1.21/compute/v2.1/servers/8ea27d3c-dd03-45f6-a5e2-8cf71a4e824c 0.072s
2025-01-13 09:28:41.063 67812 INFO tempest.lib.common.rest_client [req-7dde2974-c6e0-4dce-a2e8-a29e26554e70 req-7dde2974-c6e0-4dce-a2e8-a29e26554e70 ] Request (SecurityGroupsTestJSON:test_list_security_groups_by_server): 200 GET http://10.180.1.21/compute/v2.1/servers/318ea049-c1ce-4e68-9e63-b1990e7050c3 0.072s
2025-01-13 09:28:41.081 67780 INFO tempest.lib.common.rest_client [req-da5fea77-47bb-4ff4-b259-78b3fd678121 req-da5fea77-47bb-4ff4-b259-78b3fd678121 ] Request (ImagesOneServerNegativeTestJSON:_run_cleanups): 404 GET http://10.180.1.21/compute/v2.1/servers/ef210777-ba8b-485a-b3bb-ef65a8ed3ad9 0.072s
2025-01-13 09:28:41.122 67822 INFO tempest.lib.common.rest_client [req-fb1f7537-4ea7-428a-97e9-feb30d7fc179 req-fb1f7537-4ea7-428a-97e9-feb30d7fc179 ] Request (ListServerFiltersTestJSON:setUpClass): 200 GET http://10.180.1.21/compute/v2.1/servers/2f7b66d0-b6ee-4261-a565-cc3e2008f8a4 0.061s
2025-01-13 09:28:41.154 67780 INFO tempest.lib.common.rest_client [req-9c4bab4a-4e2f-4644-9d23-e2d836f95528 req-9c4bab4a-4e2f-4644-9d23-e2d836f95528 ] Request (ImagesOneServerNegativeTestJSON:_run_cleanups): 200 POST http://10.180.1.21/compute/v2.1/os-keypairs 0.071s
2025-01-13 09:28:41.258 67797 INFO tempest.lib.common.rest_client [req-e78accac-d135-4a6d-bfeb-6b17436b840c req-e78accac-d135-4a6d-bfeb-6b17436b840c ] Request (ServerRescueTestJSON:setUpClass): 200 GET http://10.180.1.21/compute/v2.1/servers/5f87762e-e397-4a36-8835-36419676b9d5 0.157s
2025-01-13 09:28:41.306 67826 INFO tempest.lib.common.rest_client [req-ac9238d8-11c8-40b5-8066-e6270efab67d req-ac9238d8-11c8-40b5-8066-e6270efab67d ] Request (ServerPasswordTestJSON:setUpClass): 200 GET http://10.180.1.21/compute/v2.1/servers/042bd6d1-d788-4171-885c-e93a46af43a7 0.180s
2025-01-13 09:28:41.308 67780 INFO tempest.lib.common.rest_client [req-7bcab596-e90e-4467-8b03-58221cb3e615 req-7bcab596-e90e-4467-8b03-58221cb3e615 ] Request (ImagesOneServerNegativeTestJSON:_run_cleanups): 201 POST http://10.180.1.21:9696/networking/v2.0/security-groups 0.152s
2025-01-13 09:28:41.356 67818 INFO tempest.lib.common.rest_client [req-cd9c5259-5127-48e2-b912-2b27d9098c85 req-cd9c5259-5127-48e2-b912-2b27d9098c85 ] Request (DeleteServersAdminTestJSON:test_delete_server_while_in_error_state): 200 GET http://10.180.1.21/compute/v2.1/servers/de830fe1-9542-433f-bc92-6197cd691de7 0.166s
2025-01-13 09:28:41.408 67824 INFO tempest.lib.common.rest_client [req-9a27bea5-87e5-4975-8244-663a0246c14a req-9a27bea5-87e5-4975-8244-663a0246c14a ] Request (ServerDiagnosticsV248Test:test_get_server_diagnostics): 200 GET http://10.180.1.21/compute/v2.1/servers/dcfde382-f4dc-4de3-a8f7-ee3d1cc37a81/diagnostics 0.582s
2025-01-13 09:28:41.408 67780 INFO tempest.lib.common.rest_client [req-ea93cd1d-bc16-45c1-82e2-6d9781dc1d2f req-ea93cd1d-bc16-45c1-82e2-6d9781dc1d2f ] Request (ImagesOneServerNegativeTestJSON:_run_cleanups): 201 POST http://10.180.1.21:9696/networking/v2.0/security-group-rules 0.099s
2025-01-13 09:28:41.459 67814 INFO tempest.lib.common.rest_client [req-1524bf69-7be7-4f55-9474-c7a2fbdd6384 req-1524bf69-7be7-4f55-9474-c7a2fbdd6384 ] Request (ServersTestJSON:setUpClass): 200 GET http://10.180.1.21/compute/v2.1/servers/c4651f59-03db-48ad-8cdb-a6f605a790c4 0.197s
2025-01-13 09:28:41.496 67804 INFO tempest.lib.common.rest_client [req-cd8c6e70-da4d-4fc6-ac67-025ca69bdd41 req-cd8c6e70-da4d-4fc6-ac67-025ca69bdd41 ] Request (ServersAdminTestJSON:test_create_server_with_scheduling_hint): 200 GET http://10.180.1.21/compute/v2.1/servers/263d801e-a8c6-4df2-889b-6bbae1cd5360 0.289s
2025-01-13 09:28:41.519 67778 INFO tempest.lib.common.rest_client [req-5844a333-7eeb-48c2-bf00-dc52cb43ce96 req-5844a333-7eeb-48c2-bf00-dc52cb43ce96 ] Request (ListImageFiltersTestJSON:setUpClass): 200 GET http://10.180.1.21/compute/v2.1/servers/d89bf374-605f-4f2d-a262-b18552959845 0.196s
2025-01-13 09:28:41.523 67780 INFO tempest.lib.common.rest_client [req-a348cd22-5d1f-41c6-b50b-0e6ed91ddf9f req-a348cd22-5d1f-41c6-b50b-0e6ed91ddf9f ] Request (ImagesOneServerNegativeTestJSON:_run_cleanups): 201 POST http://10.180.1.21:9696/networking/v2.0/security-group-rules 0.114s
2025-01-13 09:28:41.576 67774 INFO tempest.lib.common.rest_client [req-0f4e7f96-6078-4ef2-9000-4ee8aaa145bc req-0f4e7f96-6078-4ef2-9000-4ee8aaa145bc ] Request (ServerActionsTestJSON:setUpClass): 200 GET http://10.180.1.21/compute/v2.1/servers/34f95e70-db34-42cf-8b4f-bebcc26c289b 0.185s
2025-01-13 09:28:41.618 67806 INFO tempest.lib.common.rest_client [req-06a3fe6e-63a0-4930-9878-608dcfaa0138 req-06a3fe6e-63a0-4930-9878-608dcfaa0138 ] Request (ServerActionsTestOtherB:setUpClass): 200 GET http://10.180.1.21/compute/v2.1/servers/8ad86c6d-5655-4bca-8a9f-4af4d05d71e4 0.277s
2025-01-13 09:28:41.681 67808 INFO tempest.lib.common.rest_client [req-27ceee53-4881-4b92-94e5-0ef0a5f7582c req-27ceee53-4881-4b92-94e5-0ef0a5f7582c ] Request (ServersAdmin275Test:tearDownClass): 200 GET http://10.180.1.21/compute/v2.1/servers/9e6de468-662e-4591-b8e5-c9c11e0c0163 0.281s
2025-01-13 09:28:41.706 67824 INFO tempest.lib.common.rest_client [req-9e02d41f-6244-407f-9ff7-78d4b67b62b6 req-9e02d41f-6244-407f-9ff7-78d4b67b62b6 ] Request (ServerDiagnosticsV248Test:tearDownClass): 204 DELETE http://10.180.1.21/compute/v2.1/servers/dcfde382-f4dc-4de3-a8f7-ee3d1cc37a81 0.291s
2025-01-13 09:28:41.740 67788 INFO tempest.lib.common.rest_client [req-b8626d13-013e-42d0-8581-6e49ba2e8b31 req-b8626d13-013e-42d0-8581-6e49ba2e8b31 ] Request (VolumesAdminNegativeTest:test_update_attached_volume_with_nonexistent_volume_in_body): 200 GET http://10.180.1.21/compute/v2.1/servers/cd7ca1ba-b100-455d-8a9e-a540e5fc03a7 0.287s
2025-01-13 09:28:41.786 67784 INFO tempest.lib.common.rest_client [req-4e3ef3a7-096d-4298-8091-26fc8cd5a2cc req-4e3ef3a7-096d-4298-8091-26fc8cd5a2cc ] Request (ServerTagsTestJSON:setUpClass): 200 GET http://10.180.1.21/compute/v2.1/servers/29124931-d28f-4336-934d-ecba302a33e3 0.161s
2025-01-13 09:28:41.833 67824 INFO tempest.lib.common.rest_client [req-5cb7db56-0cbf-4c1b-a31a-be8d8b475ab1 req-5cb7db56-0cbf-4c1b-a31a-be8d8b475ab1 ] Request (ServerDiagnosticsV248Test:tearDownClass): 200 GET http://10.180.1.21/compute/v2.1/servers/dcfde382-f4dc-4de3-a8f7-ee3d1cc37a81 0.127s
2025-01-13 09:28:41.875 67770 INFO tempest.lib.common.rest_client [req-8ff7c0b1-4996-459b-8738-ca8e8221c201 req-8ff7c0b1-4996-459b-8738-ca8e8221c201 ] Request (ImagesOneServerTestJSON:setUpClass): 200 GET http://10.180.1.21/compute/v2.1/servers/658b491a-ec14-4a35-b670-64c95081c274 0.309s
2025-01-13 09:28:41.884 67772 INFO tempest.lib.common.rest_client [req-9489fc0a-423c-42cc-b093-f054d97a17a9 req-9489fc0a-423c-42cc-b093-f054d97a17a9 ] Request (InstanceActionsNegativeTestJSON:tearDownClass): 200 GET http://10.180.1.21/compute/v2.1/servers/de76bde1-dc1e-4054-ae8b-72f9ed1da4a9 0.166s
2025-01-13 09:28:41.928 67828 INFO tempest.lib.common.rest_client [req-7389006b-3a9c-4145-9d58-761280b5f431 req-7389006b-3a9c-4145-9d58-761280b5f431 ] Request (ServersAdminNegativeTestJSON:tearDownClass): 200 GET http://10.180.1.21/compute/v2.1/servers/4e43c86c-f642-4cee-a188-efcbc6942ac2 0.197s
2025-01-13 09:28:41.936 67792 INFO tempest.lib.common.rest_client [req-bfa38cea-d657-45ed-9b7d-4c205192f64e req-bfa38cea-d657-45ed-9b7d-4c205192f64e ] Request (ImagesNegativeTestJSON:test_create_image_from_deleted_server): 200 GET http://10.180.1.21/compute/v2.1/servers/2d10090f-a5bc-41c9-a2fe-37a2dfc10446 0.145s
2025-01-13 09:28:41.985 67786 INFO tempest.lib.common.rest_client [req-cc6f16f6-2d86-40c1-8b4e-5b1248f2c27b req-cc6f16f6-2d86-40c1-8b4e-5b1248f2c27b ] Request (TenantUsagesTestJSON:tearDownClass): 200 GET http://10.180.1.21/compute/v2.1/servers/7fda2b64-5d5f-46ed-b57b-00b24d9acee1 0.149s
2025-01-13 09:28:42.039 67776 INFO tempest.lib.common.rest_client [req-236dfc17-3d8a-42fd-a7d1-5507b1432b4c req-236dfc17-3d8a-42fd-a7d1-5507b1432b4c ] Request (ServersTestBootFromVolume:setUpClass): 200 GET http://10.180.1.21/compute/v2.1/servers/0824a71e-75ca-4a1d-a5e4-7b566fccf383 0.174s
2025-01-13 09:28:42.062 67780 INFO tempest.lib.common.rest_client [req-7f66f732-63fe-4f9f-9aeb-752f7638e840 req-7f66f732-63fe-4f9f-9aeb-752f7638e840 ] Request (ImagesOneServerNegativeTestJSON:_run_cleanups): 201 POST http://10.180.1.21:9696/networking/v2.0/floatingips 0.539s
2025-01-13 09:28:42.084 67800 INFO tempest.lib.common.rest_client [req-01406f9a-8c87-4844-aa8d-e50c6052db57 req-01406f9a-8c87-4844-aa8d-e50c6052db57 ] Request (ServersNegativeTestMultiTenantJSON:setUpClass): 200 GET http://10.180.1.21/compute/v2.1/servers/8dfb1051-c5c0-47c7-9b38-7add404107c6 0.200s
2025-01-13 09:28:42.084 67816 INFO tempest.lib.common.rest_client [req-8c39f876-ddb9-4489-b39e-1d0bb80d762e req-8c39f876-ddb9-4489-b39e-1d0bb80d762e ] Request (MigrationsAdminTest:test_list_migrations_in_flavor_resize_situation): 200 GET http://10.180.1.21/compute/v2.1/servers/3f952136-5629-42ba-8a95-a21524601643 0.264s
2025-01-13 09:28:42.120 67780 INFO tempest.lib.common.rest_client [req-a52b1ae4-bdad-4bbb-a8a3-f231f94b2b69 req-a52b1ae4-bdad-4bbb-a8a3-f231f94b2b69 ] Request (ImagesOneServerNegativeTestJSON:_run_cleanups): 201 POST http://10.180.1.21/identity/v3/auth/tokens 0.055s
2025-01-13 09:28:42.121 67780 INFO tempest.lib.common.fixed_network [-] (ImagesOneServerNegativeTestJSON:_run_cleanups) Found network {'id': 'd08b5b37-d9d5-488b-87ad-a8ade3d33134', 'name': 'tempest-ImagesOneServerNegativeTestJSON-625657356-network', 'tenant_id': '04678b970fdf4802b41b8c8b395dd44e', 'admin_state_up': True, 'mtu': 8950, 'status': 'ACTIVE', 'subnets': [], 'shared': False, 'project_id': '04678b970fdf4802b41b8c8b395dd44e', 'port_security_enabled': True, 'router:external': False, 'provider:network_type': 'vlan', 'provider:physical_network': 'default', 'provider:segmentation_id': 941, 'availability_zone_hints': [], 'availability_zones': [], 'ipv4_address_scope': None, 'ipv6_address_scope': None, 'description': '', 'tags': [], 'created_at': '2025-01-13T09:27:02Z', 'updated_at': '2025-01-13T09:27:02Z', 'revision_number': 1} available for tenant
2025-01-13 09:28:42.130 67790 INFO tempest.lib.common.rest_client [req-08921cc7-f2d4-4250-8825-678ededc3c33 req-08921cc7-f2d4-4250-8825-678ededc3c33 ] Request (ServerActionsV293TestJSON:setUpClass): 200 GET http://10.180.1.21/compute/v2.1/servers/65e59681-f925-4ec0-8ac1-0ded9fcc7947 0.193s
2025-01-13 09:28:42.136 67810 INFO tempest.lib.common.rest_client [req-17ee040d-61ad-4f7e-84ce-2865a0d5266b req-17ee040d-61ad-4f7e-84ce-2865a0d5266b ] Request (InstanceActionsV221TestJSON:test_get_list_deleted_instance_actions): 200 GET http://10.180.1.21/compute/v2.1/servers/b0870ac7-90ba-4212-a8e0-100466cd838b 0.150s
2025-01-13 09:28:42.172 67782 INFO tempest.lib.common.rest_client [req-2c536ab1-a0de-4547-b5cf-d4333016208b req-2c536ab1-a0de-4547-b5cf-d4333016208b ] Request (ServerGroupTestJSON:test_create_server_with_scheduler_hint_group): 200 GET http://10.180.1.21/compute/v2.1/servers/8ea27d3c-dd03-45f6-a5e2-8cf71a4e824c 0.145s
2025-01-13 09:28:42.182 67812 INFO tempest.lib.common.rest_client [req-4652e11b-223b-4bd9-b6ef-a9a278eee560 req-4652e11b-223b-4bd9-b6ef-a9a278eee560 ] Request (SecurityGroupsTestJSON:test_list_security_groups_by_server): 200 GET http://10.180.1.21/compute/v2.1/servers/318ea049-c1ce-4e68-9e63-b1990e7050c3 0.112s
2025-01-13 09:28:42.227 67822 INFO tempest.lib.common.rest_client [req-e8e357b5-7e16-40eb-9d16-df7aea4eb911 req-e8e357b5-7e16-40eb-9d16-df7aea4eb911 ] Request (ListServerFiltersTestJSON:setUpClass): 200 GET http://10.180.1.21/compute/v2.1/servers/2f7b66d0-b6ee-4261-a565-cc3e2008f8a4 0.097s
2025-01-13 09:28:42.368 67797 INFO tempest.lib.common.rest_client [req-11227271-d715-4d80-9ee2-447a573eaf1e req-11227271-d715-4d80-9ee2-447a573eaf1e ] Request (ServerRescueTestJSON:setUpClass): 200 GET http://10.180.1.21/compute/v2.1/servers/5f87762e-e397-4a36-8835-36419676b9d5 0.103s
2025-01-13 09:28:42.421 67826 INFO tempest.lib.common.rest_client [req-36af61c6-4b31-4541-bdc8-3f8cf7b707fd req-36af61c6-4b31-4541-bdc8-3f8cf7b707fd ] Request (ServerPasswordTestJSON:setUpClass): 200 GET http://10.180.1.21/compute/v2.1/servers/042bd6d1-d788-4171-885c-e93a46af43a7 0.107s
2025-01-13 09:28:42.468 67818 INFO tempest.lib.common.rest_client [req-21770946-edd5-4112-ac76-433ed494ebe5 req-21770946-edd5-4112-ac76-433ed494ebe5 ] Request (DeleteServersAdminTestJSON:test_delete_server_while_in_error_state): 200 GET http://10.180.1.21/compute/v2.1/servers/de830fe1-9542-433f-bc92-6197cd691de7 0.105s
2025-01-13 09:28:42.552 67814 INFO tempest.lib.common.rest_client [req-e80cf14d-d16a-4595-9c2a-fff1b28494da req-e80cf14d-d16a-4595-9c2a-fff1b28494da ] Request (ServersTestJSON:setUpClass): 200 GET http://10.180.1.21/compute/v2.1/servers/c4651f59-03db-48ad-8cdb-a6f605a790c4 0.086s
2025-01-13 09:28:42.580 67780 INFO tempest.lib.common.rest_client [req-7ae558a0-04c4-4468-9024-217ac6659ea8 req-7ae558a0-04c4-4468-9024-217ac6659ea8 ] Request (ImagesOneServerNegativeTestJSON:_run_cleanups): 202 POST http://10.180.1.21/compute/v2.1/servers 0.458s
2025-01-13 09:28:42.628 67778 INFO tempest.lib.common.rest_client [req-e3f53193-e35a-4a81-9d85-a96fd9cb519f req-e3f53193-e35a-4a81-9d85-a96fd9cb519f ] Request (ListImageFiltersTestJSON:setUpClass): 200 GET http://10.180.1.21/compute/v2.1/servers/d89bf374-605f-4f2d-a262-b18552959845 0.101s
2025-01-13 09:28:42.655 67804 INFO tempest.lib.common.rest_client [req-8325bc89-ddf9-4f20-9d65-6dc4cc7e3204 req-8325bc89-ddf9-4f20-9d65-6dc4cc7e3204 ] Request (ServersAdminTestJSON:test_create_server_with_scheduling_hint): 200 GET http://10.180.1.21/compute/v2.1/servers/263d801e-a8c6-4df2-889b-6bbae1cd5360 0.151s
2025-01-13 09:28:42.664 67780 INFO tempest.lib.common.rest_client [req-d8e93854-d894-4ebc-a2b7-9b529135f256 req-d8e93854-d894-4ebc-a2b7-9b529135f256 ] Request (ImagesOneServerNegativeTestJSON:_run_cleanups): 200 GET http://10.180.1.21/compute/v2.1/servers/69cea9d8-4535-48cb-8e0f-f4b4ba124175 0.082s
2025-01-13 09:28:42.700 67774 INFO tempest.lib.common.rest_client [req-0e5dabb6-a7f1-4ae6-8d8f-1dd531d38596 req-0e5dabb6-a7f1-4ae6-8d8f-1dd531d38596 ] Request (ServerActionsTestJSON:setUpClass): 200 GET http://10.180.1.21/compute/v2.1/servers/34f95e70-db34-42cf-8b4f-bebcc26c289b 0.111s
2025-01-13 09:28:42.760 67808 INFO tempest.lib.common.rest_client [req-a684a2de-e434-43cb-b485-4a6bef893171 req-a684a2de-e434-43cb-b485-4a6bef893171 ] Request (ServersAdmin275Test:tearDownClass): 200 GET http://10.180.1.21/compute/v2.1/servers/9e6de468-662e-4591-b8e5-c9c11e0c0163 0.069s
2025-01-13 09:28:42.787 67806 INFO tempest.lib.common.rest_client [req-7d035e1c-da0b-4e8e-96f5-bef4d627408a req-7d035e1c-da0b-4e8e-96f5-bef4d627408a ] Request (ServerActionsTestOtherB:setUpClass): 200 GET http://10.180.1.21/compute/v2.1/servers/8ad86c6d-5655-4bca-8a9f-4af4d05d71e4 0.161s
2025-01-13 09:28:42.796 67806 INFO tempest.common.waiters [-] State transition "BUILD/spawning" ==> "ACTIVE/None" after 57 second wait
