2025-01-13 09:28:42.807 67788 INFO tempest.lib.common.rest_client [req-2c9e249d-de4c-46b6-99cd-6e9624977bbb req-2c9e249d-de4c-46b6-99cd-6e9624977bbb ] Request (VolumesAdminNegativeTest:test_update_attached_volume_with_nonexistent_volume_in_body): 200 GET http://10.180.1.21/compute/v2.1/servers/cd7ca1ba-b100-455d-8a9e-a540e5fc03a7 0.058s
2025-01-13 09:28:42.852 67784 INFO tempest.lib.common.rest_client [req-7beea2cf-7b97-42f1-97e1-df6d1c3d07a7 req-7beea2cf-7b97-42f1-97e1-df6d1c3d07a7 ] Request (ServerTagsTestJSON:setUpClass): 200 GET http://10.180.1.21/compute/v2.1/servers/29124931-d28f-4336-934d-ecba302a33e3 0.056s
2025-01-13 09:28:42.861 67806 INFO tempest.lib.common.rest_client [req-86131645-8f78-4d73-a3cd-4cbb53fa3c2f req-86131645-8f78-4d73-a3cd-4cbb53fa3c2f ] Request (ServerActionsTestOtherB:setUpClass): 200 GET http://10.180.1.21/compute/v2.1/servers/8ad86c6d-5655-4bca-8a9f-4af4d05d71e4/os-interface 0.065s
2025-01-13 09:28:42.896 67824 INFO tempest.lib.common.rest_client [req-121fef1a-041d-45af-a400-b9971d09bb83 req-121fef1a-041d-45af-a400-b9971d09bb83 ] Request (ServerDiagnosticsV248Test:tearDownClass): 200 GET http://10.180.1.21/compute/v2.1/servers/dcfde382-f4dc-4de3-a8f7-ee3d1cc37a81 0.053s
2025-01-13 09:28:42.913 67772 INFO tempest.lib.common.rest_client [req-c2c26348-09c6-4491-a868-215de2e5d474 req-c2c26348-09c6-4491-a868-215de2e5d474 ] Request (InstanceActionsNegativeTestJSON:tearDownClass): 404 GET http://10.180.1.21/compute/v2.1/servers/de76bde1-dc1e-4054-ae8b-72f9ed1da4a9 0.021s
2025-01-13 09:28:43.002 67828 INFO tempest.lib.common.rest_client [req-fb096e70-32ac-4670-9a6f-f1d1fa917608 req-fb096e70-32ac-4670-9a6f-f1d1fa917608 ] Request (ServersAdminNegativeTestJSON:tearDownClass): 200 GET http://10.180.1.21/compute/v2.1/servers/4e43c86c-f642-4cee-a188-efcbc6942ac2 0.067s
2025-01-13 09:28:43.025 67770 INFO tempest.lib.common.rest_client [req-cf3deaff-806b-48be-972d-98980d8cff90 req-cf3deaff-806b-48be-972d-98980d8cff90 ] Request (ImagesOneServerTestJSON:setUpClass): 200 GET http://10.180.1.21/compute/v2.1/servers/658b491a-ec14-4a35-b670-64c95081c274 0.141s
2025-01-13 09:28:43.081 67786 INFO tempest.lib.common.rest_client [req-c24bf6e7-9aae-4fa8-8166-41b542f8bce7 req-c24bf6e7-9aae-4fa8-8166-41b542f8bce7 ] Request (TenantUsagesTestJSON:tearDownClass): 200 GET http://10.180.1.21/compute/v2.1/servers/7fda2b64-5d5f-46ed-b57b-00b24d9acee1 0.078s
2025-01-13 09:28:43.085 67792 INFO tempest.lib.common.rest_client [req-186ac5ca-b471-4464-b122-86ce0f75b096 req-186ac5ca-b471-4464-b122-86ce0f75b096 ] Request (ImagesNegativeTestJSON:test_create_image_from_deleted_server): 200 GET http://10.180.1.21/compute/v2.1/servers/2d10090f-a5bc-41c9-a2fe-37a2dfc10446 0.138s
2025-01-13 09:28:43.143 67776 INFO tempest.lib.common.rest_client [req-fd0e125d-bc47-47e4-9a05-9782ae1477f4 req-fd0e125d-bc47-47e4-9a05-9782ae1477f4 ] Request (ServersTestBootFromVolume:setUpClass): 200 GET http://10.180.1.21/compute/v2.1/servers/0824a71e-75ca-4a1d-a5e4-7b566fccf383 0.094s
2025-01-13 09:28:43.199 67800 INFO tempest.lib.common.rest_client [req-6fdc8cba-86f6-434b-ac73-82bba7b998e0 req-6fdc8cba-86f6-434b-ac73-82bba7b998e0 ] Request (ServersNegativeTestMultiTenantJSON:setUpClass): 200 GET http://10.180.1.21/compute/v2.1/servers/8dfb1051-c5c0-47c7-9b38-7add404107c6 0.107s
2025-01-13 09:28:43.258 67790 INFO tempest.lib.common.rest_client [req-c0f22487-e19e-4482-acbc-88d3ff1e1b1b req-c0f22487-e19e-4482-acbc-88d3ff1e1b1b ] Request (ServerActionsV293TestJSON:setUpClass): 200 GET http://10.180.1.21/compute/v2.1/servers/65e59681-f925-4ec0-8ac1-0ded9fcc7947 0.117s
2025-01-13 09:28:43.326 67810 INFO tempest.lib.common.rest_client [req-4928858e-8dda-439d-89cc-eaa44c971355 req-4928858e-8dda-439d-89cc-eaa44c971355 ] Request (InstanceActionsV221TestJSON:test_get_list_deleted_instance_actions): 200 GET http://10.180.1.21/compute/v2.1/servers/b0870ac7-90ba-4212-a8e0-100466cd838b 0.181s
2025-01-13 09:28:43.396 67782 INFO tempest.lib.common.rest_client [req-36879c9d-948c-4791-8609-5a477ac7500a req-36879c9d-948c-4791-8609-5a477ac7500a ] Request (ServerGroupTestJSON:test_create_server_with_scheduler_hint_group): 200 GET http://10.180.1.21/compute/v2.1/servers/8ea27d3c-dd03-45f6-a5e2-8cf71a4e824c 0.216s
2025-01-13 09:28:43.419 67816 INFO tempest.lib.common.rest_client [req-115f9fd6-2a0b-4970-89d0-4334c108f412 req-115f9fd6-2a0b-4970-89d0-4334c108f412 ] Request (MigrationsAdminTest:test_list_migrations_in_flavor_resize_situation): 200 GET http://10.180.1.21/compute/v2.1/servers/3f952136-5629-42ba-8a95-a21524601643 0.326s
2025-01-13 09:28:43.430 67806 INFO tempest.lib.common.rest_client [req-5d8f209a-a5b6-4062-8412-c06036282adf req-5d8f209a-a5b6-4062-8412-c06036282adf ] Request (ServerActionsTestOtherB:setUpClass): 200 PUT http://10.180.1.21:9696/networking/v2.0/floatingips/e5bd7424-7533-4c33-aa61-7e9574ea8c08 0.566s
2025-01-13 09:28:43.431 67806 INFO tempest.lib.common.ssh [-] Creating ssh connection to '10.180.180.202:22' as 'cirros' with public key authentication
2025-01-13 09:28:43.456 67812 INFO tempest.lib.common.rest_client [req-a925240b-e0d4-40df-8d10-9d136814d25f req-a925240b-e0d4-40df-8d10-9d136814d25f ] Request (SecurityGroupsTestJSON:test_list_security_groups_by_server): 200 GET http://10.180.1.21/compute/v2.1/servers/318ea049-c1ce-4e68-9e63-b1990e7050c3 0.265s
2025-01-13 09:28:43.480 67822 INFO tempest.lib.common.rest_client [req-04d416fa-e874-4b17-962b-6358daad7745 req-04d416fa-e874-4b17-962b-6358daad7745 ] Request (ListServerFiltersTestJSON:setUpClass): 200 GET http://10.180.1.21/compute/v2.1/servers/2f7b66d0-b6ee-4261-a565-cc3e2008f8a4 0.244s
2025-01-13 09:28:43.552 67826 INFO tempest.lib.common.rest_client [req-05a69a7c-fd58-4b79-b925-b353659d1e77 req-05a69a7c-fd58-4b79-b925-b353659d1e77 ] Request (ServerPasswordTestJSON:setUpClass): 200 GET http://10.180.1.21/compute/v2.1/servers/042bd6d1-d788-4171-885c-e93a46af43a7 0.120s
2025-01-13 09:28:43.564 67797 INFO tempest.lib.common.rest_client [req-c5770fde-6318-4f5e-9a37-0aa964cb45ca req-c5770fde-6318-4f5e-9a37-0aa964cb45ca ] Request (ServerRescueTestJSON:setUpClass): 200 GET http://10.180.1.21/compute/v2.1/servers/5f87762e-e397-4a36-8835-36419676b9d5 0.184s
2025-01-13 09:28:43.613 67818 INFO tempest.lib.common.rest_client [req-3cf17ca4-1960-47dd-b1dd-c2cc7cd15f99 req-3cf17ca4-1960-47dd-b1dd-c2cc7cd15f99 ] Request (DeleteServersAdminTestJSON:test_delete_server_while_in_error_state): 200 GET http://10.180.1.21/compute/v2.1/servers/de830fe1-9542-433f-bc92-6197cd691de7 0.134s
2025-01-13 09:28:43.623 67814 INFO tempest.lib.common.rest_client [req-fe1851ce-cf8f-414b-b22b-fbff25409009 req-fe1851ce-cf8f-414b-b22b-fbff25409009 ] Request (ServersTestJSON:setUpClass): 200 GET http://10.180.1.21/compute/v2.1/servers/c4651f59-03db-48ad-8cdb-a6f605a790c4 0.060s
2025-01-13 09:28:43.691 67778 INFO tempest.lib.common.rest_client [req-c76fcfcb-4244-44bf-a99d-3db4df2fbc18 req-c76fcfcb-4244-44bf-a99d-3db4df2fbc18 ] Request (ListImageFiltersTestJSON:setUpClass): 200 GET http://10.180.1.21/compute/v2.1/servers/d89bf374-605f-4f2d-a262-b18552959845 0.055s
2025-01-13 09:28:43.742 67780 INFO tempest.lib.common.rest_client [req-0ba00463-74f1-4e21-9cb4-fea660420f3c req-0ba00463-74f1-4e21-9cb4-fea660420f3c ] Request (ImagesOneServerNegativeTestJSON:_run_cleanups): 200 GET http://10.180.1.21/compute/v2.1/servers/69cea9d8-4535-48cb-8e0f-f4b4ba124175 0.070s
2025-01-13 09:28:43.766 67804 INFO tempest.lib.common.rest_client [req-e6f7ae3f-251f-4258-9e3e-bf7754689fcb req-e6f7ae3f-251f-4258-9e3e-bf7754689fcb ] Request (ServersAdminTestJSON:test_create_server_with_scheduling_hint): 200 GET http://10.180.1.21/compute/v2.1/servers/263d801e-a8c6-4df2-889b-6bbae1cd5360 0.103s
2025-01-13 09:28:43.797 67774 INFO tempest.lib.common.rest_client [req-5ff894b1-40f7-47cf-bffb-87132b52322e req-5ff894b1-40f7-47cf-bffb-87132b52322e ] Request (ServerActionsTestJSON:setUpClass): 200 GET http://10.180.1.21/compute/v2.1/servers/34f95e70-db34-42cf-8b4f-bebcc26c289b 0.089s
2025-01-13 09:28:43.840 67808 INFO tempest.lib.common.rest_client [req-a195c34b-1900-40da-94b4-bf059e58a9b0 req-a195c34b-1900-40da-94b4-bf059e58a9b0 ] Request (ServersAdmin275Test:tearDownClass): 200 GET http://10.180.1.21/compute/v2.1/servers/9e6de468-662e-4591-b8e5-c9c11e0c0163 0.067s
2025-01-13 09:28:43.881 67788 INFO tempest.lib.common.rest_client [req-4c12e030-1ef9-432a-9c06-1ca21b33cb3d req-4c12e030-1ef9-432a-9c06-1ca21b33cb3d ] Request (VolumesAdminNegativeTest:test_update_attached_volume_with_nonexistent_volume_in_body): 200 GET http://10.180.1.21/compute/v2.1/servers/cd7ca1ba-b100-455d-8a9e-a540e5fc03a7 0.064s
2025-01-13 09:28:43.923 67784 INFO tempest.lib.common.rest_client [req-a7681310-60b2-4bf7-8a9d-36991704cdb7 req-a7681310-60b2-4bf7-8a9d-36991704cdb7 ] Request (ServerTagsTestJSON:setUpClass): 200 GET http://10.180.1.21/compute/v2.1/servers/29124931-d28f-4336-934d-ecba302a33e3 0.061s
2025-01-13 09:28:43.961 67824 INFO tempest.lib.common.rest_client [req-973287c3-3c88-44bb-9fe8-c736e89ff7c4 req-973287c3-3c88-44bb-9fe8-c736e89ff7c4 ] Request (ServerDiagnosticsV248Test:tearDownClass): 200 GET http://10.180.1.21/compute/v2.1/servers/dcfde382-f4dc-4de3-a8f7-ee3d1cc37a81 0.055s
2025-01-13 09:28:43.984 67772 INFO tempest.lib.common.rest_client [req-427499fe-09ff-448f-ab10-0c8724f645b2 req-427499fe-09ff-448f-ab10-0c8724f645b2 ] Request (InstanceActionsNegativeTestJSON:tearDownClass): 200 PUT http://10.180.1.21:9696/networking/v2.0/routers/acccb341-673c-4170-8b05-d9ca08916bb5/remove_router_interface 1.070s
2025-01-13 09:28:44.085 67828 INFO tempest.lib.common.rest_client [req-580f4eed-d24a-473c-87c5-982e783c17f9 req-580f4eed-d24a-473c-87c5-982e783c17f9 ] Request (ServersAdminNegativeTestJSON:tearDownClass): 200 GET http://10.180.1.21/compute/v2.1/servers/4e43c86c-f642-4cee-a188-efcbc6942ac2 0.074s
2025-01-13 09:28:44.162 67786 INFO tempest.lib.common.rest_client [req-176a2310-089a-4c05-9ec0-1aacccb6a998 req-176a2310-089a-4c05-9ec0-1aacccb6a998 ] Request (TenantUsagesTestJSON:tearDownClass): 200 GET http://10.180.1.21/compute/v2.1/servers/7fda2b64-5d5f-46ed-b57b-00b24d9acee1 0.072s
2025-01-13 09:28:44.240 67770 INFO tempest.lib.common.rest_client [req-151b3542-5a52-4c43-b3cb-29711d63f8c2 req-151b3542-5a52-4c43-b3cb-29711d63f8c2 ] Request (ImagesOneServerTestJSON:setUpClass): 200 GET http://10.180.1.21/compute/v2.1/servers/658b491a-ec14-4a35-b670-64c95081c274 0.207s
2025-01-13 09:28:44.240 67792 INFO tempest.lib.common.rest_client [req-f08e9319-14b3-4979-978e-b549c2eff963 req-f08e9319-14b3-4979-978e-b549c2eff963 ] Request (ImagesNegativeTestJSON:test_create_image_from_deleted_server): 200 GET http://10.180.1.21/compute/v2.1/servers/2d10090f-a5bc-41c9-a2fe-37a2dfc10446 0.144s
2025-01-13 09:28:44.309 67776 INFO tempest.lib.common.rest_client [req-0bd948ad-d2ab-4f96-8533-55bd5b1151b2 req-0bd948ad-d2ab-4f96-8533-55bd5b1151b2 ] Request (ServersTestBootFromVolume:setUpClass): 200 GET http://10.180.1.21/compute/v2.1/servers/0824a71e-75ca-4a1d-a5e4-7b566fccf383 0.156s
2025-01-13 09:28:44.312 67800 INFO tempest.lib.common.rest_client [req-9299b129-a2de-4de4-a192-01ebeefc147c req-9299b129-a2de-4de4-a192-01ebeefc147c ] Request (ServersNegativeTestMultiTenantJSON:setUpClass): 200 GET http://10.180.1.21/compute/v2.1/servers/8dfb1051-c5c0-47c7-9b38-7add404107c6 0.105s
2025-01-13 09:28:44.375 67790 INFO tempest.lib.common.rest_client [req-24b4828e-9451-467a-9e97-e53b1cfc1d95 req-24b4828e-9451-467a-9e97-e53b1cfc1d95 ] Request (ServerActionsV293TestJSON:setUpClass): 200 GET http://10.180.1.21/compute/v2.1/servers/65e59681-f925-4ec0-8ac1-0ded9fcc7947 0.107s
2025-01-13 09:28:44.434 67810 INFO tempest.lib.common.rest_client [req-137577ef-2edb-4239-a57f-359a076acb53 req-137577ef-2edb-4239-a57f-359a076acb53 ] Request (InstanceActionsV221TestJSON:test_get_list_deleted_instance_actions): 200 GET http://10.180.1.21/compute/v2.1/servers/b0870ac7-90ba-4212-a8e0-100466cd838b 0.093s
2025-01-13 09:28:44.464 67782 INFO tempest.lib.common.rest_client [req-b73b2a86-df74-48f1-99b0-fb75fab42575 req-b73b2a86-df74-48f1-99b0-fb75fab42575 ] Request (ServerGroupTestJSON:test_create_server_with_scheduler_hint_group): 200 GET http://10.180.1.21/compute/v2.1/servers/8ea27d3c-dd03-45f6-a5e2-8cf71a4e824c 0.059s
2025-01-13 09:28:44.531 67812 INFO tempest.lib.common.rest_client [req-1ec5b164-f267-4aff-8153-0c7e8a401f6c req-1ec5b164-f267-4aff-8153-0c7e8a401f6c ] Request (SecurityGroupsTestJSON:test_list_security_groups_by_server): 200 GET http://10.180.1.21/compute/v2.1/servers/318ea049-c1ce-4e68-9e63-b1990e7050c3 0.067s
2025-01-13 09:28:44.597 67822 INFO tempest.lib.common.rest_client [req-f9fe2cc7-98a4-44a9-afd6-7c6479440751 req-f9fe2cc7-98a4-44a9-afd6-7c6479440751 ] Request (ListServerFiltersTestJSON:setUpClass): 200 GET http://10.180.1.21/compute/v2.1/servers/2f7b66d0-b6ee-4261-a565-cc3e2008f8a4 0.108s
2025-01-13 09:28:44.646 67826 INFO tempest.lib.common.rest_client [req-240fe470-9239-4b44-86f5-78f0a004002c req-240fe470-9239-4b44-86f5-78f0a004002c ] Request (ServerPasswordTestJSON:setUpClass): 200 GET http://10.180.1.21/compute/v2.1/servers/042bd6d1-d788-4171-885c-e93a46af43a7 0.081s
2025-01-13 09:28:44.781 67797 INFO tempest.lib.common.rest_client [req-315d5021-8edd-49b0-b6d5-55557b45551a req-315d5021-8edd-49b0-b6d5-55557b45551a ] Request (ServerRescueTestJSON:setUpClass): 200 GET http://10.180.1.21/compute/v2.1/servers/5f87762e-e397-4a36-8835-36419676b9d5 0.206s
2025-01-13 09:28:44.829 67802 WARNING tempest.lib.common.ssh [-] Failed to establish authenticated ssh connection to cirros@10.180.180.245 ([Errno None] Unable to connect to port 22 on 10.180.180.245). Number attempts: 6. Retry after 7 seconds.: paramiko.ssh_exception.NoValidConnectionsError: [Errno None] Unable to connect to port 22 on 10.180.180.245
2025-01-13 09:28:44.834 67818 INFO tempest.lib.common.rest_client [req-d3d3b3f3-fdfa-427b-a432-7a5b5e0336db req-d3d3b3f3-fdfa-427b-a432-7a5b5e0336db ] Request (DeleteServersAdminTestJSON:test_delete_server_while_in_error_state): 200 GET http://10.180.1.21/compute/v2.1/servers/de830fe1-9542-433f-bc92-6197cd691de7 0.214s
2025-01-13 09:28:44.857 67816 INFO tempest.lib.common.rest_client [req-cb2c2952-69d8-45ba-8587-098105e29542 req-cb2c2952-69d8-45ba-8587-098105e29542 ] Request (MigrationsAdminTest:test_list_migrations_in_flavor_resize_situation): 200 GET http://10.180.1.21/compute/v2.1/servers/3f952136-5629-42ba-8a95-a21524601643 0.430s
2025-01-13 09:28:44.886 67814 INFO tempest.lib.common.rest_client [req-77e3dc23-08c2-4cbb-a6ec-697145f2482f req-77e3dc23-08c2-4cbb-a6ec-697145f2482f ] Request (ServersTestJSON:setUpClass): 200 GET http://10.180.1.21/compute/v2.1/servers/c4651f59-03db-48ad-8cdb-a6f605a790c4 0.255s
2025-01-13 09:28:44.914 67778 INFO tempest.lib.common.rest_client [req-68131940-7dfe-4ca4-b4da-11b5cc4e2da7 req-68131940-7dfe-4ca4-b4da-11b5cc4e2da7 ] Request (ListImageFiltersTestJSON:setUpClass): 200 GET http://10.180.1.21/compute/v2.1/servers/d89bf374-605f-4f2d-a262-b18552959845 0.213s
2025-01-13 09:28:44.942 67780 INFO tempest.lib.common.rest_client [req-cd8d11a1-939f-4bec-bd55-28ad3cdb2af4 req-cd8d11a1-939f-4bec-bd55-28ad3cdb2af4 ] Request (ImagesOneServerNegativeTestJSON:_run_cleanups): 200 GET http://10.180.1.21/compute/v2.1/servers/69cea9d8-4535-48cb-8e0f-f4b4ba124175 0.192s
2025-01-13 09:28:44.986 67774 INFO tempest.lib.common.rest_client [req-d977b9b6-775b-4ebc-906c-75497ba31e3d req-d977b9b6-775b-4ebc-906c-75497ba31e3d ] Request (ServerActionsTestJSON:setUpClass): 200 GET http://10.180.1.21/compute/v2.1/servers/34f95e70-db34-42cf-8b4f-bebcc26c289b 0.182s
2025-01-13 09:28:44.995 67772 INFO tempest.lib.common.rest_client [req-7ebe66e4-d442-4434-bd73-1a99272ca6a4 req-7ebe66e4-d442-4434-bd73-1a99272ca6a4 ] Request (InstanceActionsNegativeTestJSON:tearDownClass): 204 DELETE http://10.180.1.21:9696/networking/v2.0/routers/acccb341-673c-4170-8b05-d9ca08916bb5 1.010s
2025-01-13 09:28:45.073 67808 INFO tempest.lib.common.rest_client [req-6c38a832-6104-4a26-8582-3581278e613d req-6c38a832-6104-4a26-8582-3581278e613d ] Request (ServersAdmin275Test:tearDownClass): 200 GET http://10.180.1.21/compute/v2.1/servers/9e6de468-662e-4591-b8e5-c9c11e0c0163 0.220s
2025-01-13 09:28:45.134 67804 INFO tempest.lib.common.rest_client [req-92d98f01-3a01-44e6-801b-965bdbdc8baf req-92d98f01-3a01-44e6-801b-965bdbdc8baf ] Request (ServersAdminTestJSON:test_create_server_with_scheduling_hint): 200 GET http://10.180.1.21/compute/v2.1/servers/263d801e-a8c6-4df2-889b-6bbae1cd5360 0.358s
2025-01-13 09:28:45.139 67788 INFO tempest.lib.common.rest_client [req-82f94452-f55f-496e-9b81-aac3dff7b1a2 req-82f94452-f55f-496e-9b81-aac3dff7b1a2 ] Request (VolumesAdminNegativeTest:test_update_attached_volume_with_nonexistent_volume_in_body): 200 GET http://10.180.1.21/compute/v2.1/servers/cd7ca1ba-b100-455d-8a9e-a540e5fc03a7 0.250s
2025-01-13 09:28:45.167 67772 INFO tempest.lib.common.rest_client [req-5ea0207e-fb59-4e8c-848e-c2dce083d785 req-5ea0207e-fb59-4e8c-848e-c2dce083d785 ] Request (InstanceActionsNegativeTestJSON:tearDownClass): 204 DELETE http://10.180.1.21:9696/networking/v2.0/subnets/1e23d292-ed7f-4918-a9bc-71c089025bb4 0.171s
2025-01-13 09:28:45.189 67824 INFO tempest.lib.common.rest_client [req-5dea44e7-7631-4dd0-9d6c-5ba1f16f2f92 req-5dea44e7-7631-4dd0-9d6c-5ba1f16f2f92 ] Request (ServerDiagnosticsV248Test:tearDownClass): 200 GET http://10.180.1.21/compute/v2.1/servers/dcfde382-f4dc-4de3-a8f7-ee3d1cc37a81 0.213s
2025-01-13 09:28:45.200 67784 INFO tempest.lib.common.rest_client [req-908aa73b-f1a6-4960-959d-da6f00e8e341 req-908aa73b-f1a6-4960-959d-da6f00e8e341 ] Request (ServerTagsTestJSON:setUpClass): 200 GET http://10.180.1.21/compute/v2.1/servers/29124931-d28f-4336-934d-ecba302a33e3 0.268s
2025-01-13 09:28:45.247 67828 INFO tempest.lib.common.rest_client [req-33c6c748-7db3-4155-8cf4-a951829ce6da req-33c6c748-7db3-4155-8cf4-a951829ce6da ] Request (ServersAdminNegativeTestJSON:tearDownClass): 200 GET http://10.180.1.21/compute/v2.1/servers/4e43c86c-f642-4cee-a188-efcbc6942ac2 0.150s
2025-01-13 09:28:45.268 67786 INFO tempest.lib.common.rest_client [req-b6d9d48d-629e-4337-bede-9bf53a25a8fb req-b6d9d48d-629e-4337-bede-9bf53a25a8fb ] Request (TenantUsagesTestJSON:tearDownClass): 200 GET http://10.180.1.21/compute/v2.1/servers/7fda2b64-5d5f-46ed-b57b-00b24d9acee1 0.097s
2025-01-13 09:28:45.310 67792 INFO tempest.lib.common.rest_client [req-014312c8-2714-4883-a635-445362446656 req-014312c8-2714-4883-a635-445362446656 ] Request (ImagesNegativeTestJSON:test_create_image_from_deleted_server): 200 GET http://10.180.1.21/compute/v2.1/servers/2d10090f-a5bc-41c9-a2fe-37a2dfc10446 0.060s
2025-01-13 09:28:45.383 67800 INFO tempest.lib.common.rest_client [req-25c22412-e941-4474-af06-dd0f74f58e5e req-25c22412-e941-4474-af06-dd0f74f58e5e ] Request (ServersNegativeTestMultiTenantJSON:setUpClass): 200 GET http://10.180.1.21/compute/v2.1/servers/8dfb1051-c5c0-47c7-9b38-7add404107c6 0.062s
2025-01-13 09:28:45.403 67770 INFO tempest.lib.common.rest_client [req-b60d4c9c-e7a1-44b9-ba87-9ef34842d026 req-b60d4c9c-e7a1-44b9-ba87-9ef34842d026 ] Request (ImagesOneServerTestJSON:setUpClass): 200 GET http://10.180.1.21/compute/v2.1/servers/658b491a-ec14-4a35-b670-64c95081c274 0.152s
2025-01-13 09:28:45.437 67776 INFO tempest.lib.common.rest_client [req-8f64952f-8009-4201-8c3a-982df7092d9b req-8f64952f-8009-4201-8c3a-982df7092d9b ] Request (ServersTestBootFromVolume:setUpClass): 200 GET http://10.180.1.21/compute/v2.1/servers/0824a71e-75ca-4a1d-a5e4-7b566fccf383 0.115s
2025-01-13 09:28:45.475 67790 INFO tempest.lib.common.rest_client [req-bf120b5f-e6cd-4be9-ba52-32d69943b114 req-bf120b5f-e6cd-4be9-ba52-32d69943b114 ] Request (ServerActionsV293TestJSON:setUpClass): 200 GET http://10.180.1.21/compute/v2.1/servers/65e59681-f925-4ec0-8ac1-0ded9fcc7947 0.078s
2025-01-13 09:28:45.484 67772 INFO tempest.lib.common.rest_client [req-8638c7b6-7999-4ddd-b04d-1cb6ed3af5b1 req-8638c7b6-7999-4ddd-b04d-1cb6ed3af5b1 ] Request (InstanceActionsNegativeTestJSON:tearDownClass): 204 DELETE http://10.180.1.21:9696/networking/v2.0/networks/634aea38-8409-4ca0-81e8-0320dfba2d74 0.317s
2025-01-13 09:28:45.509 67810 INFO tempest.lib.common.rest_client [req-754251cf-f24a-4055-8333-efd4925404e3 req-754251cf-f24a-4055-8333-efd4925404e3 ] Request (InstanceActionsV221TestJSON:test_get_list_deleted_instance_actions): 200 GET http://10.180.1.21/compute/v2.1/servers/b0870ac7-90ba-4212-a8e0-100466cd838b 0.065s
2025-01-13 09:28:45.528 67782 INFO tempest.lib.common.rest_client [req-a1661dcd-5c0e-4044-aaba-7ff4947a3e24 req-a1661dcd-5c0e-4044-aaba-7ff4947a3e24 ] Request (ServerGroupTestJSON:test_create_server_with_scheduler_hint_group): 200 GET http://10.180.1.21/compute/v2.1/servers/8ea27d3c-dd03-45f6-a5e2-8cf71a4e824c 0.056s
2025-01-13 09:28:45.573 67772 INFO tempest.lib.common.rest_client [req-e3873c3b-32f7-458e-80db-2df727cb48e7 req-e3873c3b-32f7-458e-80db-2df727cb48e7 ] Request (InstanceActionsNegativeTestJSON:tearDownClass): 204 DELETE http://10.180.1.21/identity/v3/users/e32c1f0edd8c4eed9dcec7238a0233ce 0.088s
2025-01-13 09:28:45.574 67772 INFO tempest.lib.common.dynamic_creds [-] Deleting project and security group for project: 75db365bee864422acc1d103a70a24f6
2025-01-13 09:28:45.596 67812 INFO tempest.lib.common.rest_client [req-a9a39511-0956-41ef-b848-202eb9b2f412 req-a9a39511-0956-41ef-b848-202eb9b2f412 ] Request (SecurityGroupsTestJSON:test_list_security_groups_by_server): 200 GET http://10.180.1.21/compute/v2.1/servers/318ea049-c1ce-4e68-9e63-b1990e7050c3 0.055s
2025-01-13 09:28:45.605 67772 INFO tempest.lib.common.rest_client [req-116c7b01-65d7-437e-97f3-bc6b3985e937 req-116c7b01-65d7-437e-97f3-bc6b3985e937 ] Request (InstanceActionsNegativeTestJSON:tearDownClass): 200 GET http://10.180.1.21:9696/networking/v2.0/security-groups?tenant_id=75db365bee864422acc1d103a70a24f6&name=default 0.031s
2025-01-13 09:28:45.654 67822 INFO tempest.lib.common.rest_client [req-0b9534aa-0cf3-44c2-bf62-84b278804ef4 req-0b9534aa-0cf3-44c2-bf62-84b278804ef4 ] Request (ListServerFiltersTestJSON:setUpClass): 200 GET http://10.180.1.21/compute/v2.1/servers/2f7b66d0-b6ee-4261-a565-cc3e2008f8a4 0.046s
2025-01-13 09:28:45.678 67772 INFO tempest.lib.common.rest_client [req-d443f690-647c-45bd-817e-4e9ceb03f960 req-d443f690-647c-45bd-817e-4e9ceb03f960 ] Request (InstanceActionsNegativeTestJSON:tearDownClass): 204 DELETE http://10.180.1.21:9696/networking/v2.0/security-groups/18e78c2f-baca-4cb8-b75b-28726cfb3983 0.072s
2025-01-13 09:28:45.702 67826 INFO tempest.lib.common.rest_client [req-95cf8ce2-2860-4295-9f88-7b79fb0d8fee req-95cf8ce2-2860-4295-9f88-7b79fb0d8fee ] Request (ServerPasswordTestJSON:setUpClass): 200 GET http://10.180.1.21/compute/v2.1/servers/042bd6d1-d788-4171-885c-e93a46af43a7 0.044s
2025-01-13 09:28:45.753 67772 INFO tempest.lib.common.rest_client [req-358460ad-06da-4f5c-ba2a-2f0c6e81ff72 req-358460ad-06da-4f5c-ba2a-2f0c6e81ff72 ] Request (InstanceActionsNegativeTestJSON:tearDownClass): 204 DELETE http://10.180.1.21/identity/v3/projects/75db365bee864422acc1d103a70a24f6 0.074s
2025-01-13 09:28:45.803 67772 INFO tempest.lib.common.rest_client [req-17213a22-4429-4015-814d-984d60c5d9d6 req-17213a22-4429-4015-814d-984d60c5d9d6 ] Request (ServerShowV247Test:setUpClass): 201 POST http://10.180.1.21/identity/v3/auth/tokens 0.048s
2025-01-13 09:28:45.828 67772 INFO tempest.lib.common.rest_client [req-2b732a95-04d0-429b-a3e8-bf49920b7609 req-2b732a95-04d0-429b-a3e8-bf49920b7609 ] Request (ServerShowV247Test:setUpClass): 201 POST http://10.180.1.21/identity/v3/auth/tokens 0.023s
2025-01-13 09:28:45.850 67772 INFO tempest.lib.common.rest_client [req-25668ae0-1e92-4de0-a8ad-20e6d00d7c55 req-25668ae0-1e92-4de0-a8ad-20e6d00d7c55 ] Request (ServerShowV247Test:setUpClass): 200 GET http://10.180.1.21/identity/v3/domains?name=Default 0.022s
2025-01-13 09:28:45.876 67772 INFO tempest.lib.common.rest_client [req-c34f9b34-7ca5-469f-b613-d30283c2918c req-c34f9b34-7ca5-469f-b613-d30283c2918c ] Request (ServerShowV247Test:setUpClass): 201 POST http://10.180.1.21/identity/v3/projects 0.025s
2025-01-13 09:28:45.893 67818 INFO tempest.lib.common.rest_client [req-6ca3232a-1365-4009-9fcc-c73b06d6ec52 req-6ca3232a-1365-4009-9fcc-c73b06d6ec52 ] Request (DeleteServersAdminTestJSON:test_delete_server_while_in_error_state): 200 GET http://10.180.1.21/compute/v2.1/servers/de830fe1-9542-433f-bc92-6197cd691de7 0.050s
2025-01-13 09:28:45.926 67772 INFO tempest.lib.common.rest_client [req-861ca04a-37f8-424c-857d-f8fed298a1f4 req-861ca04a-37f8-424c-857d-f8fed298a1f4 ] Request (ServerShowV247Test:setUpClass): 201 POST http://10.180.1.21/identity/v3/users 0.049s
2025-01-13 09:28:45.927 67797 INFO tempest.lib.common.rest_client [req-3204abc6-ee0d-408f-b4ac-53c39373e3dc req-3204abc6-ee0d-408f-b4ac-53c39373e3dc ] Request (ServerRescueTestJSON:setUpClass): 200 GET http://10.180.1.21/compute/v2.1/servers/5f87762e-e397-4a36-8835-36419676b9d5 0.130s
2025-01-13 09:28:45.946 67772 INFO tempest.lib.common.rest_client [req-41d9037f-e8ce-4b91-9817-b0af5632e18d req-41d9037f-e8ce-4b91-9817-b0af5632e18d ] Request (ServerShowV247Test:setUpClass): 200 GET http://10.180.1.21/identity/v3/roles 0.020s
2025-01-13 09:28:45.971 67772 INFO tempest.lib.common.rest_client [req-ba9801b2-b821-4276-8bf2-31dffefc6d0d req-ba9801b2-b821-4276-8bf2-31dffefc6d0d ] Request (ServerShowV247Test:setUpClass): 204 PUT http://10.180.1.21/identity/v3/projects/14afc6c104c949c393193ff137ef751a/users/635608cc221c4e64afc6ee3797b61800/roles/4cf95430aaa847f9b8db0b20273fbc5d 0.024s
2025-01-13 09:28:45.971 67772 INFO tempest.lib.common.dynamic_creds [-] Dynamic test user 635608cc221c4e64afc6ee3797b61800 is created with scope project and roles: ['member']
2025-01-13 09:28:45.971 67772 INFO tempest.lib.common.dynamic_creds [-] Acquired dynamic creds: credentials: Credentials: {'domain_id': 'default', 'domain_name': 'Default', 'username': 'tempest-ServerShowV247Test-1570828748-project-member', 'project_domain_id': 'default', 'project_domain_name': 'Default', 'project_id': '14afc6c104c949c393193ff137ef751a', 'project_name': 'tempest-ServerShowV247Test-1570828748', 'tenant_id': '14afc6c104c949c393193ff137ef751a', 'tenant_name': 'tempest-ServerShowV247Test-1570828748', 'user_domain_id': 'default', 'user_domain_name': 'Default', 'user_id': '635608cc221c4e64afc6ee3797b61800', 'system': None}, Network: None, Subnet: None, Router: None
2025-01-13 09:28:45.972 67772 INFO tempest.lib.common.dynamic_creds [-] Created isolated network resources for: credentials: Credentials: {'domain_id': 'default', 'domain_name': 'Default', 'username': 'tempest-ServerShowV247Test-1570828748-project-member', 'project_domain_id': 'default', 'project_domain_name': 'Default', 'project_id': '14afc6c104c949c393193ff137ef751a', 'project_name': 'tempest-ServerShowV247Test-1570828748', 'tenant_id': '14afc6c104c949c393193ff137ef751a', 'tenant_name': 'tempest-ServerShowV247Test-1570828748', 'user_domain_id': 'default', 'user_domain_name': 'Default', 'user_id': '635608cc221c4e64afc6ee3797b61800', 'system': None}, Network: None, Subnet: None, Router: None
2025-01-13 09:28:45.977 67814 INFO tempest.lib.common.rest_client [req-7fbfbe26-f88b-4975-af36-14a65005ef57 req-7fbfbe26-f88b-4975-af36-14a65005ef57 ] Request (ServersTestJSON:setUpClass): 200 GET http://10.180.1.21/compute/v2.1/servers/c4651f59-03db-48ad-8cdb-a6f605a790c4 0.084s
2025-01-13 09:28:45.981 67816 INFO tempest.lib.common.rest_client [req-bf83775b-e72f-486c-88b6-d81edabf0789 req-bf83775b-e72f-486c-88b6-d81edabf0789 ] Request (MigrationsAdminTest:test_list_migrations_in_flavor_resize_situation): 200 GET http://10.180.1.21/compute/v2.1/servers/3f952136-5629-42ba-8a95-a21524601643 0.115s
2025-01-13 09:28:45.984 67814 INFO tempest.common.waiters [-] State transition "BUILD/None" ==> "BUILD/networking" after 54 second wait
2025-01-13 09:28:46.028 67780 INFO tempest.lib.common.rest_client [req-5885543b-5273-464e-8f55-ae4e15bd9655 req-5885543b-5273-464e-8f55-ae4e15bd9655 ] Request (ImagesOneServerNegativeTestJSON:_run_cleanups): 200 GET http://10.180.1.21/compute/v2.1/servers/69cea9d8-4535-48cb-8e0f-f4b4ba124175 0.079s
2025-01-13 09:28:46.033 67778 INFO tempest.lib.common.rest_client [req-c99e51e8-a581-4c90-908a-0c199ebbac14 req-c99e51e8-a581-4c90-908a-0c199ebbac14 ] Request (ListImageFiltersTestJSON:setUpClass): 200 GET http://10.180.1.21/compute/v2.1/servers/d89bf374-605f-4f2d-a262-b18552959845 0.107s
2025-01-13 09:28:46.040 67772 INFO tempest.lib.common.rest_client [req-27cdad41-57be-4298-b3a6-5f264b6df640 req-27cdad41-57be-4298-b3a6-5f264b6df640 ] Request (ServerShowV247Test:setUpClass): 201 POST http://10.180.1.21/identity/v3/auth/tokens 0.066s
2025-01-13 09:28:46.076 67774 INFO tempest.lib.common.rest_client [req-f5900bfb-1e30-4ad6-b69d-3d9044559124 req-f5900bfb-1e30-4ad6-b69d-3d9044559124 ] Request (ServerActionsTestJSON:setUpClass): 200 GET http://10.180.1.21/compute/v2.1/servers/34f95e70-db34-42cf-8b4f-bebcc26c289b 0.077s
2025-01-13 09:28:46.093 67772 INFO tempest.lib.common.rest_client [req-7d2b122c-4acd-446d-a921-b742820be79d req-7d2b122c-4acd-446d-a921-b742820be79d ] Request (ServerShowV247Test:setUpClass): 200 GET http://10.180.1.21/identity/v3/projects/14afc6c104c949c393193ff137ef751a 0.052s
2025-01-13 09:28:46.093 67772 INFO tempest.lib.common.dynamic_creds [-] Using the existing project 14afc6c104c949c393193ff137ef751a for scope project and roles: ['reader']
2025-01-13 09:28:46.127 67772 INFO tempest.lib.common.rest_client [req-1e35d572-d7c8-4a69-83a0-c9ddbb13b6a6 req-1e35d572-d7c8-4a69-83a0-c9ddbb13b6a6 ] Request (ServerShowV247Test:setUpClass): 201 POST http://10.180.1.21/identity/v3/users 0.034s
2025-01-13 09:28:46.147 67772 INFO tempest.lib.common.rest_client [req-6a01e831-1962-45ea-a2cb-4c8586b20255 req-6a01e831-1962-45ea-a2cb-4c8586b20255 ] Request (ServerShowV247Test:setUpClass): 200 GET http://10.180.1.21/identity/v3/roles 0.019s
2025-01-13 09:28:46.152 67808 INFO tempest.lib.common.rest_client [req-6503f832-a6a4-474a-ad2a-c851e6187386 req-6503f832-a6a4-474a-ad2a-c851e6187386 ] Request (ServersAdmin275Test:tearDownClass): 200 GET http://10.180.1.21/compute/v2.1/servers/9e6de468-662e-4591-b8e5-c9c11e0c0163 0.068s
2025-01-13 09:28:46.177 67772 INFO tempest.lib.common.rest_client [req-7f19abcb-c5cf-4ab4-9903-4452dbe76182 req-7f19abcb-c5cf-4ab4-9903-4452dbe76182 ] Request (ServerShowV247Test:setUpClass): 204 PUT http://10.180.1.21/identity/v3/projects/14afc6c104c949c393193ff137ef751a/users/3f827098b9384a2e9b36564c984f0da6/roles/8fa166c4d7844a8bada12f032d5692e2 0.029s
2025-01-13 09:28:46.178 67772 INFO tempest.lib.common.dynamic_creds [-] Dynamic test user 3f827098b9384a2e9b36564c984f0da6 is created with scope project and roles: ['reader']
2025-01-13 09:28:46.178 67772 INFO tempest.lib.common.dynamic_creds [-] Acquired dynamic creds: credentials: Credentials: {'domain_id': 'default', 'domain_name': 'Default', 'username': 'tempest-ServerShowV247Test-1570828748-project-reader', 'project_domain_id': 'default', 'project_domain_name': 'Default', 'project_id': '14afc6c104c949c393193ff137ef751a', 'project_name': 'tempest-ServerShowV247Test-1570828748', 'tenant_id': '14afc6c104c949c393193ff137ef751a', 'tenant_name': 'tempest-ServerShowV247Test-1570828748', 'user_domain_id': 'default', 'user_domain_name': 'Default', 'user_id': '3f827098b9384a2e9b36564c984f0da6', 'system': None}, Network: None, Subnet: None, Router: None
2025-01-13 09:28:46.178 67772 INFO tempest.lib.common.dynamic_creds [-] Network resources are not created for requested scope: project and credentials: Credentials: {'domain_id': 'default', 'domain_name': 'Default', 'username': 'tempest-ServerShowV247Test-1570828748-project-reader', 'project_domain_id': 'default', 'project_domain_name': 'Default', 'project_id': '14afc6c104c949c393193ff137ef751a', 'project_name': 'tempest-ServerShowV247Test-1570828748', 'tenant_id': '14afc6c104c949c393193ff137ef751a', 'tenant_name': 'tempest-ServerShowV247Test-1570828748', 'user_domain_id': 'default', 'user_domain_name': 'Default', 'user_id': '3f827098b9384a2e9b36564c984f0da6', 'system': None}, Network: None, Subnet: None, Router: None
2025-01-13 09:28:46.203 67788 INFO tempest.lib.common.rest_client [req-11763d88-4f13-4cae-9c82-96bb5257fb67 req-11763d88-4f13-4cae-9c82-96bb5257fb67 ] Request (VolumesAdminNegativeTest:test_update_attached_volume_with_nonexistent_volume_in_body): 200 GET http://10.180.1.21/compute/v2.1/servers/cd7ca1ba-b100-455d-8a9e-a540e5fc03a7 0.055s
2025-01-13 09:28:46.259 67772 INFO tempest.lib.common.rest_client [req-d37756d5-6632-4aa1-9065-9575a343ec3d req-d37756d5-6632-4aa1-9065-9575a343ec3d ] Request (ServerShowV247Test:setUpClass): 201 POST http://10.180.1.21/identity/v3/auth/tokens 0.078s
2025-01-13 09:28:46.265 67824 INFO tempest.lib.common.rest_client [req-8c778d97-82fb-468b-82ee-c6ee5f8cab30 req-8c778d97-82fb-468b-82ee-c6ee5f8cab30 ] Request (ServerDiagnosticsV248Test:tearDownClass): 200 GET http://10.180.1.21/compute/v2.1/servers/dcfde382-f4dc-4de3-a8f7-ee3d1cc37a81 0.065s
2025-01-13 09:28:46.275 67824 INFO tempest.common.waiters [-] State transition "ACTIVE/deleting" ==> "DELETED/None" after 5 second wait
2025-01-13 09:28:46.287 67804 INFO tempest.lib.common.rest_client [req-333c67bf-edfa-4b63-8e09-e0955488741d req-333c67bf-edfa-4b63-8e09-e0955488741d ] Request (ServersAdminTestJSON:test_create_server_with_scheduling_hint): 200 GET http://10.180.1.21/compute/v2.1/servers/263d801e-a8c6-4df2-889b-6bbae1cd5360 0.145s
2025-01-13 09:28:46.315 67784 INFO tempest.lib.common.rest_client [req-fa8876e9-e324-47df-9791-f94decfe04c8 req-fa8876e9-e324-47df-9791-f94decfe04c8 ] Request (ServerTagsTestJSON:setUpClass): 200 GET http://10.180.1.21/compute/v2.1/servers/29124931-d28f-4336-934d-ecba302a33e3 0.107s
2025-01-13 09:28:46.324 67772 INFO tempest.lib.common.rest_client [req-6ec5d4d9-08b6-4aad-9fdb-cac34e917d03 req-6ec5d4d9-08b6-4aad-9fdb-cac34e917d03 ] Request (ServerShowV247Test:test_show_server): 201 POST http://10.180.1.21/identity/v3/auth/tokens 0.060s
2025-01-13 09:28:46.324 67772 INFO tempest.lib.common.fixed_network [-] (ServerShowV247Test:test_show_server) Found network None available for tenant
2025-01-13 09:28:46.352 67828 INFO tempest.lib.common.rest_client [req-a1e80feb-274b-47df-8c3c-39b3b278691e req-a1e80feb-274b-47df-8c3c-39b3b278691e ] Request (ServersAdminNegativeTestJSON:tearDownClass): 200 GET http://10.180.1.21/compute/v2.1/servers/4e43c86c-f642-4cee-a188-efcbc6942ac2 0.098s
2025-01-13 09:28:46.377 67786 INFO tempest.lib.common.rest_client [req-2428437e-0bdb-4cc8-82cc-8f1e79c0d3b2 req-2428437e-0bdb-4cc8-82cc-8f1e79c0d3b2 ] Request (TenantUsagesTestJSON:tearDownClass): 200 GET http://10.180.1.21/compute/v2.1/servers/7fda2b64-5d5f-46ed-b57b-00b24d9acee1 0.100s
2025-01-13 09:28:46.422 67792 INFO tempest.lib.common.rest_client [req-fc960e3c-c4e9-4cd6-af89-5a0a89f39f7b req-fc960e3c-c4e9-4cd6-af89-5a0a89f39f7b ] Request (ImagesNegativeTestJSON:test_create_image_from_deleted_server): 200 GET http://10.180.1.21/compute/v2.1/servers/2d10090f-a5bc-41c9-a2fe-37a2dfc10446 0.103s
2025-01-13 09:28:46.493 67768 WARNING tempest.lib.common.ssh [-] Failed to establish authenticated ssh connection to cirros@10.180.180.154 ([Errno None] Unable to connect to port 22 on 10.180.180.154). Number attempts: 7. Retry after 8 seconds.: paramiko.ssh_exception.NoValidConnectionsError: [Errno None] Unable to connect to port 22 on 10.180.180.154
2025-01-13 09:28:46.568 67772 INFO tempest.lib.common.rest_client [req-5c637c50-0129-4d10-acb5-095b168fa592 req-5c637c50-0129-4d10-acb5-095b168fa592 ] Request (ServerShowV247Test:test_show_server): 202 POST http://10.180.1.21/compute/v2.1/servers 0.243s
2025-01-13 09:28:46.670 67800 INFO tempest.lib.common.rest_client [req-5df80bf6-87a5-4ef5-a270-c66f38d09501 req-5df80bf6-87a5-4ef5-a270-c66f38d09501 ] Request (ServersNegativeTestMultiTenantJSON:setUpClass): 200 GET http://10.180.1.21/compute/v2.1/servers/8dfb1051-c5c0-47c7-9b38-7add404107c6 0.279s
2025-01-13 09:28:46.721 67776 INFO tempest.lib.common.rest_client [req-15851714-86ee-4254-a445-34ff4a8a6bcd req-15851714-86ee-4254-a445-34ff4a8a6bcd ] Request (ServersTestBootFromVolume:setUpClass): 200 GET http://10.180.1.21/compute/v2.1/servers/0824a71e-75ca-4a1d-a5e4-7b566fccf383 0.275s
2025-01-13 09:28:46.776 67790 INFO tempest.lib.common.rest_client [req-5cab9e32-e6ad-4c68-a02c-b1738340c137 req-5cab9e32-e6ad-4c68-a02c-b1738340c137 ] Request (ServerActionsV293TestJSON:setUpClass): 200 GET http://10.180.1.21/compute/v2.1/servers/65e59681-f925-4ec0-8ac1-0ded9fcc7947 0.291s
2025-01-13 09:28:46.780 67770 INFO tempest.lib.common.rest_client [req-d1a976d8-708e-46cb-9f50-8260e15824b9 req-d1a976d8-708e-46cb-9f50-8260e15824b9 ] Request (ImagesOneServerTestJSON:setUpClass): 200 GET http://10.180.1.21/compute/v2.1/servers/658b491a-ec14-4a35-b670-64c95081c274 0.367s
2025-01-13 09:28:46.828 67782 INFO tempest.lib.common.rest_client [req-ca268145-fc15-447d-82f5-fc37335164ea req-ca268145-fc15-447d-82f5-fc37335164ea ] Request (ServerGroupTestJSON:test_create_server_with_scheduler_hint_group): 200 GET http://10.180.1.21/compute/v2.1/servers/8ea27d3c-dd03-45f6-a5e2-8cf71a4e824c 0.290s
2025-01-13 09:28:46.829 67810 INFO tempest.lib.common.rest_client [req-b4c3ad09-1b35-40e5-8a80-385171f941ab req-b4c3ad09-1b35-40e5-8a80-385171f941ab ] Request (InstanceActionsV221TestJSON:test_get_list_deleted_instance_actions): 200 GET http://10.180.1.21/compute/v2.1/servers/b0870ac7-90ba-4212-a8e0-100466cd838b 0.311s
2025-01-13 09:28:46.874 67812 INFO tempest.lib.common.rest_client [req-b151b900-8879-454f-a82c-df44813d0353 req-b151b900-8879-454f-a82c-df44813d0353 ] Request (SecurityGroupsTestJSON:test_list_security_groups_by_server): 200 GET http://10.180.1.21/compute/v2.1/servers/318ea049-c1ce-4e68-9e63-b1990e7050c3 0.269s
2025-01-13 09:28:46.888 67772 INFO tempest.lib.common.rest_client [req-13d4841a-d26d-4e04-a9f5-c9aaeaf9d1db req-13d4841a-d26d-4e04-a9f5-c9aaeaf9d1db ] Request (ServerShowV247Test:test_show_server): 200 GET http://10.180.1.21/compute/v2.1/servers/3728f936-e7e7-4178-8dc6-88cb5eba6fd0 0.318s
2025-01-13 09:28:46.920 67822 INFO tempest.lib.common.rest_client [req-54d9682d-016f-412b-beab-300c74bdab87 req-54d9682d-016f-412b-beab-300c74bdab87 ] Request (ListServerFiltersTestJSON:setUpClass): 200 GET http://10.180.1.21/compute/v2.1/servers/2f7b66d0-b6ee-4261-a565-cc3e2008f8a4 0.256s
2025-01-13 09:28:46.925 67772 INFO tempest.lib.common.rest_client [req-21b7ae1d-694b-4980-bf35-5f982737fe7f req-21b7ae1d-694b-4980-bf35-5f982737fe7f ] Request (ServerShowV247Test:test_update_rebuild_list_server): 201 POST http://10.180.1.21/identity/v3/auth/tokens 0.024s
2025-01-13 09:28:46.925 67772 INFO tempest.lib.common.fixed_network [-] (ServerShowV247Test:test_update_rebuild_list_server) Found network None available for tenant
2025-01-13 09:28:46.933 67826 INFO tempest.lib.common.rest_client [req-30b24b63-89d1-4839-b23f-5f9868c9b14c req-30b24b63-89d1-4839-b23f-5f9868c9b14c ] Request (ServerPasswordTestJSON:setUpClass): 200 GET http://10.180.1.21/compute/v2.1/servers/042bd6d1-d788-4171-885c-e93a46af43a7 0.224s
2025-01-13 09:28:46.965 67818 INFO tempest.lib.common.rest_client [req-ed2c87d6-a510-42e9-9ba4-a908f89ef1d0 req-ed2c87d6-a510-42e9-9ba4-a908f89ef1d0 ] Request (DeleteServersAdminTestJSON:test_delete_server_while_in_error_state): 200 GET http://10.180.1.21/compute/v2.1/servers/de830fe1-9542-433f-bc92-6197cd691de7 0.063s
2025-01-13 09:28:47.028 67772 INFO tempest.lib.common.rest_client [req-d79bc53e-ed06-4279-824b-a89e169528c3 req-d79bc53e-ed06-4279-824b-a89e169528c3 ] Request (ServerShowV247Test:test_update_rebuild_list_server): 202 POST http://10.180.1.21/compute/v2.1/servers 0.102s
2025-01-13 09:28:47.062 67797 INFO tempest.lib.common.rest_client [req-a63418b7-2ffc-4f19-a3af-f5f53b2e13fe req-a63418b7-2ffc-4f19-a3af-f5f53b2e13fe ] Request (ServerRescueTestJSON:setUpClass): 200 GET http://10.180.1.21/compute/v2.1/servers/5f87762e-e397-4a36-8835-36419676b9d5 0.125s
2025-01-13 09:28:47.143 67814 INFO tempest.lib.common.rest_client [req-61716504-ad96-4230-8531-c4097b80941f req-61716504-ad96-4230-8531-c4097b80941f ] Request (ServersTestJSON:setUpClass): 200 GET http://10.180.1.21/compute/v2.1/servers/c4651f59-03db-48ad-8cdb-a6f605a790c4 0.157s
2025-01-13 09:28:47.150 67814 INFO tempest.common.waiters [-] State transition "BUILD/networking" ==> "BUILD/block_device_mapping" after 56 second wait
2025-01-13 09:28:47.158 67816 INFO tempest.lib.common.rest_client [req-8c6ef92b-6358-4a7c-8c5c-f4dcbdf2e44d req-8c6ef92b-6358-4a7c-8c5c-f4dcbdf2e44d ] Request (MigrationsAdminTest:test_list_migrations_in_flavor_resize_situation): 200 GET http://10.180.1.21/compute/v2.1/servers/3f952136-5629-42ba-8a95-a21524601643 0.168s
2025-01-13 09:28:47.168 67772 INFO tempest.lib.common.rest_client [req-1d8a9a10-940a-46e2-9c2a-a7566f77d0d4 req-1d8a9a10-940a-46e2-9c2a-a7566f77d0d4 ] Request (ServerShowV247Test:test_update_rebuild_list_server): 200 PUT http://10.180.1.21/compute/v2.1/servers/7234e314-198d-4737-ba51-526309ea9940 0.138s
2025-01-13 09:28:47.209 67780 INFO tempest.lib.common.rest_client [req-99794757-1b78-4683-bd36-66aa2f9873b0 req-99794757-1b78-4683-bd36-66aa2f9873b0 ] Request (ImagesOneServerNegativeTestJSON:_run_cleanups): 200 GET http://10.180.1.21/compute/v2.1/servers/69cea9d8-4535-48cb-8e0f-f4b4ba124175 0.171s
2025-01-13 09:28:47.218 67778 INFO tempest.lib.common.rest_client [req-487ad8a6-874b-4627-8fdd-d9caebe277aa req-487ad8a6-874b-4627-8fdd-d9caebe277aa ] Request (ListImageFiltersTestJSON:setUpClass): 200 GET http://10.180.1.21/compute/v2.1/servers/d89bf374-605f-4f2d-a262-b18552959845 0.173s
2025-01-13 09:28:47.256 67774 INFO tempest.lib.common.rest_client [req-093f0d76-982a-4a80-8b00-c274fb562af7 req-093f0d76-982a-4a80-8b00-c274fb562af7 ] Request (ServerActionsTestJSON:setUpClass): 200 GET http://10.180.1.21/compute/v2.1/servers/34f95e70-db34-42cf-8b4f-bebcc26c289b 0.172s
2025-01-13 09:28:47.277 67808 INFO tempest.lib.common.rest_client [req-5baaa738-7c3f-45bb-8da9-757a26ef350d req-5baaa738-7c3f-45bb-8da9-757a26ef350d ] Request (ServersAdmin275Test:tearDownClass): 200 GET http://10.180.1.21/compute/v2.1/servers/9e6de468-662e-4591-b8e5-c9c11e0c0163 0.113s
2025-01-13 09:28:47.292 67772 INFO tempest.lib.common.rest_client [req-d59a90af-be5f-42ed-9bad-7dc0dea8d44a req-d59a90af-be5f-42ed-9bad-7dc0dea8d44a ] Request (ServerShowV247Test:test_update_rebuild_list_server): 200 GET http://10.180.1.21/compute/v2.1/servers/7234e314-198d-4737-ba51-526309ea9940 0.118s
2025-01-13 09:28:47.320 67788 INFO tempest.lib.common.rest_client [req-625e38f8-6b08-47c5-8b05-87fe48234b1e req-625e38f8-6b08-47c5-8b05-87fe48234b1e ] Request (VolumesAdminNegativeTest:test_update_attached_volume_with_nonexistent_volume_in_body): 200 GET http://10.180.1.21/compute/v2.1/servers/cd7ca1ba-b100-455d-8a9e-a540e5fc03a7 0.105s
2025-01-13 09:28:47.347 67824 INFO tempest.lib.common.rest_client [req-899c505a-2ba5-40c7-8454-1614c1e011e8 req-899c505a-2ba5-40c7-8454-1614c1e011e8 ] Request (ServerDiagnosticsV248Test:tearDownClass): 200 GET http://10.180.1.21/compute/v2.1/servers/dcfde382-f4dc-4de3-a8f7-ee3d1cc37a81 0.070s
2025-01-13 09:28:47.403 67784 INFO tempest.lib.common.rest_client [req-0facfb0c-4c2d-42a5-b651-7e62b5581ba4 req-0facfb0c-4c2d-42a5-b651-7e62b5581ba4 ] Request (ServerTagsTestJSON:setUpClass): 200 GET http://10.180.1.21/compute/v2.1/servers/29124931-d28f-4336-934d-ecba302a33e3 0.077s
2025-01-13 09:28:47.419 67804 INFO tempest.lib.common.rest_client [req-fffaffe6-0710-4872-8a9e-14feb509b5e0 req-fffaffe6-0710-4872-8a9e-14feb509b5e0 ] Request (ServersAdminTestJSON:test_create_server_with_scheduling_hint): 200 GET http://10.180.1.21/compute/v2.1/servers/263d801e-a8c6-4df2-889b-6bbae1cd5360 0.120s
2025-01-13 09:28:47.426 67804 INFO tempest.common.waiters [-] State transition "BUILD/spawning" ==> "ACTIVE/None" after 61 second wait
2025-01-13 09:28:47.470 67828 INFO tempest.lib.common.rest_client [req-02ae239b-e646-460d-bf71-c1b1dfd3d654 req-02ae239b-e646-460d-bf71-c1b1dfd3d654 ] Request (ServersAdminNegativeTestJSON:tearDownClass): 200 GET http://10.180.1.21/compute/v2.1/servers/4e43c86c-f642-4cee-a188-efcbc6942ac2 0.110s
2025-01-13 09:28:47.471 67786 INFO tempest.lib.common.rest_client [req-b1b316e3-73cf-41c9-9a6c-a3246aaa1595 req-b1b316e3-73cf-41c9-9a6c-a3246aaa1595 ] Request (TenantUsagesTestJSON:tearDownClass): 200 GET http://10.180.1.21/compute/v2.1/servers/7fda2b64-5d5f-46ed-b57b-00b24d9acee1 0.077s
2025-01-13 09:28:47.493 67804 INFO tempest.lib.common.rest_client [req-dbf2250e-e292-40a6-af46-641eda4d0bf7 req-dbf2250e-e292-40a6-af46-641eda4d0bf7 ] Request (ServersAdminTestJSON:test_inject_network_info): 201 POST http://10.180.1.21/identity/v3/auth/tokens 0.059s
2025-01-13 09:28:47.493 67804 INFO tempest.lib.common.fixed_network [-] (ServersAdminTestJSON:test_inject_network_info) Found network {'id': '0726fe05-a3d8-48a6-81d7-80e12381d9f1', 'name': 'tempest-ServersAdminTestJSON-1928272886-network', 'tenant_id': '6cc6916a76024aa49aafa89913291a56', 'admin_state_up': True, 'mtu': 8950, 'status': 'ACTIVE', 'subnets': [], 'shared': False, 'project_id': '6cc6916a76024aa49aafa89913291a56', 'port_security_enabled': True, 'router:external': False, 'provider:network_type': 'vlan', 'provider:physical_network': 'default', 'provider:segmentation_id': 816, 'availability_zone_hints': [], 'availability_zones': [], 'ipv4_address_scope': None, 'ipv6_address_scope': None, 'description': '', 'tags': [], 'created_at': '2025-01-13T09:26:53Z', 'updated_at': '2025-01-13T09:26:53Z', 'revision_number': 1} available for tenant
2025-01-13 09:28:47.518 67806 WARNING tempest.lib.common.ssh [-] Failed to establish authenticated ssh connection to cirros@10.180.180.202 ([Errno None] Unable to connect to port 22 on 10.180.180.202). Number attempts: 1. Retry after 2 seconds.: paramiko.ssh_exception.NoValidConnectionsError: [Errno None] Unable to connect to port 22 on 10.180.180.202
2025-01-13 09:28:47.524 67792 INFO tempest.lib.common.rest_client [req-02256700-9e8a-46b1-a9e9-f8c48b7d3228 req-02256700-9e8a-46b1-a9e9-f8c48b7d3228 ] Request (ImagesNegativeTestJSON:test_create_image_from_deleted_server): 200 GET http://10.180.1.21/compute/v2.1/servers/2d10090f-a5bc-41c9-a2fe-37a2dfc10446 0.095s
2025-01-13 09:28:47.725 67800 INFO tempest.lib.common.rest_client [req-ea65b2e2-9cb1-4dbc-bf76-9e77c06a90e3 req-ea65b2e2-9cb1-4dbc-bf76-9e77c06a90e3 ] Request (ServersNegativeTestMultiTenantJSON:setUpClass): 200 GET http://10.180.1.21/compute/v2.1/servers/8dfb1051-c5c0-47c7-9b38-7add404107c6 0.046s
2025-01-13 09:28:47.761 67804 INFO tempest.lib.common.rest_client [req-69542458-bf7a-4bff-93f0-3404be6a74ee req-69542458-bf7a-4bff-93f0-3404be6a74ee ] Request (ServersAdminTestJSON:test_inject_network_info): 202 POST http://10.180.1.21/compute/v2.1/servers 0.267s
2025-01-13 09:28:47.799 67776 INFO tempest.lib.common.rest_client [req-f7e6b823-b73c-4d80-8cf9-7bbd1b6ea88e req-f7e6b823-b73c-4d80-8cf9-7bbd1b6ea88e ] Request (ServersTestBootFromVolume:setUpClass): 200 GET http://10.180.1.21/compute/v2.1/servers/0824a71e-75ca-4a1d-a5e4-7b566fccf383 0.069s
2025-01-13 09:28:47.807 67804 INFO tempest.lib.common.rest_client [req-1e5e9b5e-f3c8-4534-a5a8-db6f83e28a1e req-1e5e9b5e-f3c8-4534-a5a8-db6f83e28a1e ] Request (ServersAdminTestJSON:test_inject_network_info): 200 GET http://10.180.1.21/compute/v2.1/servers/8716efdd-f12f-47d0-a3df-d26e62495091 0.043s
2025-01-13 09:28:47.852 67790 INFO tempest.lib.common.rest_client [req-5abd4371-6afd-433f-8a95-b64e70f58d88 req-5abd4371-6afd-433f-8a95-b64e70f58d88 ] Request (ServerActionsV293TestJSON:setUpClass): 200 GET http://10.180.1.21/compute/v2.1/servers/65e59681-f925-4ec0-8ac1-0ded9fcc7947 0.067s
2025-01-13 09:28:47.904 67782 INFO tempest.lib.common.rest_client [req-e4733426-1781-4ae4-bd6e-c18a3cb78673 req-e4733426-1781-4ae4-bd6e-c18a3cb78673 ] Request (ServerGroupTestJSON:test_create_server_with_scheduler_hint_group): 200 GET http://10.180.1.21/compute/v2.1/servers/8ea27d3c-dd03-45f6-a5e2-8cf71a4e824c 0.068s
2025-01-13 09:28:47.941 67770 INFO tempest.lib.common.rest_client [req-c036efc5-ed07-4f7b-bf2f-ffb4166ae6a2 req-c036efc5-ed07-4f7b-bf2f-ffb4166ae6a2 ] Request (ImagesOneServerTestJSON:setUpClass): 200 GET http://10.180.1.21/compute/v2.1/servers/658b491a-ec14-4a35-b670-64c95081c274 0.153s
2025-01-13 09:28:47.970 67810 INFO tempest.lib.common.rest_client [req-f73b4c9a-b77c-4530-b302-48af6979d270 req-f73b4c9a-b77c-4530-b302-48af6979d270 ] Request (InstanceActionsV221TestJSON:test_get_list_deleted_instance_actions): 200 GET http://10.180.1.21/compute/v2.1/servers/b0870ac7-90ba-4212-a8e0-100466cd838b 0.130s
2025-01-13 09:28:47.992 67812 INFO tempest.lib.common.rest_client [req-531e6c95-6c4e-4bdd-b3e9-4c2109d28583 req-531e6c95-6c4e-4bdd-b3e9-4c2109d28583 ] Request (SecurityGroupsTestJSON:test_list_security_groups_by_server): 200 GET http://10.180.1.21/compute/v2.1/servers/318ea049-c1ce-4e68-9e63-b1990e7050c3 0.110s
2025-01-13 09:28:48.022 67822 INFO tempest.lib.common.rest_client [req-35392503-532a-4dfa-9aea-b23600581360 req-35392503-532a-4dfa-9aea-b23600581360 ] Request (ListServerFiltersTestJSON:setUpClass): 200 GET http://10.180.1.21/compute/v2.1/servers/2f7b66d0-b6ee-4261-a565-cc3e2008f8a4 0.094s
2025-01-13 09:28:48.047 67826 INFO tempest.lib.common.rest_client [req-5154e5fd-d30f-4317-8686-c050773d8602 req-5154e5fd-d30f-4317-8686-c050773d8602 ] Request (ServerPasswordTestJSON:setUpClass): 200 GET http://10.180.1.21/compute/v2.1/servers/042bd6d1-d788-4171-885c-e93a46af43a7 0.107s
2025-01-13 09:28:48.070 67818 INFO tempest.lib.common.rest_client [req-f605b9ad-9a39-4b77-b7fd-93122b17a290 req-f605b9ad-9a39-4b77-b7fd-93122b17a290 ] Request (DeleteServersAdminTestJSON:test_delete_server_while_in_error_state): 200 GET http://10.180.1.21/compute/v2.1/servers/de830fe1-9542-433f-bc92-6197cd691de7 0.095s
