2025-01-13 09:29:49.352 67788 INFO tempest.lib.common.rest_client [req-d32676f4-38d7-4dd1-b7c7-cc9cc75ab411 req-d32676f4-38d7-4dd1-b7c7-cc9cc75ab411 ] Request (VolumesAdminNegativeTest:test_update_attached_volume_with_nonexistent_volume_in_body): 200 GET http://10.180.1.21/compute/v2.1/servers/cd7ca1ba-b100-455d-8a9e-a540e5fc03a7 0.064s
2025-01-13 09:29:49.384 67828 INFO tempest.lib.common.rest_client [req-b0b111fa-c6d2-4261-b41e-526ceee4f466 req-b0b111fa-c6d2-4261-b41e-526ceee4f466 ] Request (ServersAaction247Test:setUpClass): 201 POST http://10.180.1.21/identity/v3/projects 0.036s
2025-01-13 09:29:49.404 67772 INFO tempest.lib.common.rest_client [req-c547dd24-539d-4f9c-ba4b-e25c7c0907fc req-c547dd24-539d-4f9c-ba4b-e25c7c0907fc ] Request (ServerShowV247Test:test_update_rebuild_list_server): 200 GET http://10.180.1.21/compute/v2.1/servers/7234e314-198d-4737-ba51-526309ea9940 0.110s
2025-01-13 09:29:49.409 67804 INFO tempest.lib.common.rest_client [req-970913ab-dcad-45b6-abc9-611ee30a994b req-970913ab-dcad-45b6-abc9-611ee30a994b ] Request (ServersAdminTestJSON:test_inject_network_info): 200 GET http://10.180.1.21/compute/v2.1/servers/8716efdd-f12f-47d0-a3df-d26e62495091 0.061s
2025-01-13 09:29:49.462 67828 INFO tempest.lib.common.rest_client [req-f5252e4d-91eb-496f-971f-0651cab7ae3f req-f5252e4d-91eb-496f-971f-0651cab7ae3f ] Request (ServersAaction247Test:setUpClass): 201 POST http://10.180.1.21/identity/v3/users 0.077s
2025-01-13 09:29:49.483 67797 INFO tempest.lib.common.rest_client [req-8fb53fff-aae7-4760-8286-c53894f5821a req-8fb53fff-aae7-4760-8286-c53894f5821a ] Request (ServerRescueTestJSON:test_rescue_unrescue_instance): 200 GET http://10.180.1.21/compute/v2.1/servers/c3ca5df8-c95c-4d04-9679-1b18944759ec 0.129s
2025-01-13 09:29:49.489 67828 INFO tempest.lib.common.rest_client [req-dfdcfbc0-bf94-4b1a-8dfe-8297666f6133 req-dfdcfbc0-bf94-4b1a-8dfe-8297666f6133 ] Request (ServersAaction247Test:setUpClass): 200 GET http://10.180.1.21/identity/v3/roles 0.026s
2025-01-13 09:29:49.533 67828 INFO tempest.lib.common.rest_client [req-7f83e15f-485a-4b61-b6e2-3009597b1acd req-7f83e15f-485a-4b61-b6e2-3009597b1acd ] Request (ServersAaction247Test:setUpClass): 204 PUT http://10.180.1.21/identity/v3/projects/580a49097abb4af392dca433a74879c0/users/b5199dd34fb64c6d8302b1e5d8113549/roles/4cf95430aaa847f9b8db0b20273fbc5d 0.044s
2025-01-13 09:29:49.533 67828 INFO tempest.lib.common.dynamic_creds [-] Dynamic test user b5199dd34fb64c6d8302b1e5d8113549 is created with scope project and roles: ['member']
2025-01-13 09:29:49.533 67828 INFO tempest.lib.common.dynamic_creds [-] Acquired dynamic creds: credentials: Credentials: {'domain_id': 'default', 'domain_name': 'Default', 'username': 'tempest-ServersAaction247Test-2083234137-project-member', 'project_domain_id': 'default', 'project_domain_name': 'Default', 'project_id': '580a49097abb4af392dca433a74879c0', 'project_name': 'tempest-ServersAaction247Test-2083234137', 'tenant_id': '580a49097abb4af392dca433a74879c0', 'tenant_name': 'tempest-ServersAaction247Test-2083234137', 'user_domain_id': 'default', 'user_domain_name': 'Default', 'user_id': 'b5199dd34fb64c6d8302b1e5d8113549', 'system': None}, Network: None, Subnet: None, Router: None
2025-01-13 09:29:49.533 67828 INFO tempest.lib.common.dynamic_creds [-] Created isolated network resources for: credentials: Credentials: {'domain_id': 'default', 'domain_name': 'Default', 'username': 'tempest-ServersAaction247Test-2083234137-project-member', 'project_domain_id': 'default', 'project_domain_name': 'Default', 'project_id': '580a49097abb4af392dca433a74879c0', 'project_name': 'tempest-ServersAaction247Test-2083234137', 'tenant_id': '580a49097abb4af392dca433a74879c0', 'tenant_name': 'tempest-ServersAaction247Test-2083234137', 'user_domain_id': 'default', 'user_domain_name': 'Default', 'user_id': 'b5199dd34fb64c6d8302b1e5d8113549', 'system': None}, Network: None, Subnet: None, Router: None
2025-01-13 09:29:49.562 67800 INFO tempest.lib.common.rest_client [req-8646ffc2-1553-41a4-a577-a06a7c031984 req-8646ffc2-1553-41a4-a577-a06a7c031984 ] Request (ServersNegativeTestMultiTenantJSON:tearDownClass): 200 GET http://10.180.1.21/compute/v2.1/servers/8dfb1051-c5c0-47c7-9b38-7add404107c6 0.078s
2025-01-13 09:29:49.592 67768 INFO tempest.lib.common.rest_client [req-a58e6dfe-52fd-426a-8995-9d58ac5b8617 req-a58e6dfe-52fd-426a-8995-9d58ac5b8617 ] Request (VolumesAssistedSnapshotsTest:tearDownClass): 200 GET http://10.180.1.21/compute/v2.1/servers/102b1ee3-aea4-4f71-a9fa-5e29fb094a0f 0.124s
2025-01-13 09:29:49.625 67828 INFO tempest.lib.common.rest_client [req-c7cfd70e-57b5-4078-b3f9-52b92d24ba01 req-c7cfd70e-57b5-4078-b3f9-52b92d24ba01 ] Request (ServersAaction247Test:setUpClass): 201 POST http://10.180.1.21/identity/v3/auth/tokens 0.087s
2025-01-13 09:29:49.625 67818 INFO tempest.lib.common.rest_client [req-4a1b688f-1373-490f-8c14-f06d836dc5e3 req-4a1b688f-1373-490f-8c14-f06d836dc5e3 ] Request (DeleteServersAdminTestJSON:test_delete_server_while_in_error_state): 404 GET http://10.180.1.21/compute/v2.1/servers/de830fe1-9542-433f-bc92-6197cd691de7 0.028s
2025-01-13 09:29:49.653 67818 INFO tempest.lib.common.rest_client [req-21a36487-62f4-4705-8087-49994549b4c5 req-21a36487-62f4-4705-8087-49994549b4c5 ] Request (DeleteServersAdminTestJSON:tearDownClass): 404 DELETE http://10.180.1.21/compute/v2.1/servers/de830fe1-9542-433f-bc92-6197cd691de7 0.026s
2025-01-13 09:29:49.669 67828 INFO tempest.lib.common.rest_client [req-7465f846-e9c4-41aa-ae7c-5c2d4e8aa3a8 req-7465f846-e9c4-41aa-ae7c-5c2d4e8aa3a8 ] Request (ServersAaction247Test:test_create_backup): 201 POST http://10.180.1.21/identity/v3/auth/tokens 0.038s
2025-01-13 09:29:49.670 67828 INFO tempest.lib.common.fixed_network [-] (ServersAaction247Test:test_create_backup) Found network None available for tenant
2025-01-13 09:29:49.685 67818 INFO tempest.lib.common.rest_client [req-20511531-684b-4e8d-a743-985e2db51bef req-20511531-684b-4e8d-a743-985e2db51bef ] Request (DeleteServersAdminTestJSON:tearDownClass): 404 GET http://10.180.1.21/compute/v2.1/servers/de830fe1-9542-433f-bc92-6197cd691de7 0.032s
2025-01-13 09:29:49.714 67818 INFO tempest.lib.common.rest_client [req-a6591b92-1c56-43f3-a680-c47e0f585e9b req-a6591b92-1c56-43f3-a680-c47e0f585e9b ] Request (DeleteServersAdminTestJSON:tearDownClass): 404 DELETE http://10.180.1.21/compute/v2.1/servers/704aefed-050d-4614-a3bb-854e028fc9c8 0.028s
2025-01-13 09:29:49.747 67818 INFO tempest.lib.common.rest_client [req-ea18b53c-7fc2-474c-a38b-1bd488e8afe2 req-ea18b53c-7fc2-474c-a38b-1bd488e8afe2 ] Request (DeleteServersAdminTestJSON:tearDownClass): 404 GET http://10.180.1.21/compute/v2.1/servers/704aefed-050d-4614-a3bb-854e028fc9c8 0.032s
2025-01-13 09:29:49.884 67818 INFO tempest.lib.common.rest_client [req-6c197d64-4d38-4d1e-bcbd-abc0621b037b req-6c197d64-4d38-4d1e-bcbd-abc0621b037b ] Request (DeleteServersAdminTestJSON:tearDownClass): 204 DELETE http://10.180.1.21/identity/v3/users/0a95c5ec5892427585a30c35f88b3294 0.137s
2025-01-13 09:29:49.911 67828 INFO tempest.lib.common.rest_client [req-fa3e9315-3daf-4871-b85f-1739e97dc785 req-fa3e9315-3daf-4871-b85f-1739e97dc785 ] Request (ServersAaction247Test:test_create_backup): 202 POST http://10.180.1.21/compute/v2.1/servers 0.241s
2025-01-13 09:29:49.990 67770 INFO tempest.lib.common.rest_client [req-408d4255-88d0-4d63-9493-e222754d6efd req-408d4255-88d0-4d63-9493-e222754d6efd ] Request (ImagesOneServerTestJSON:tearDownClass): 200 GET http://10.180.1.21/compute/v2.1/servers/658b491a-ec14-4a35-b670-64c95081c274 0.172s
2025-01-13 09:29:50.013 67818 INFO tempest.lib.common.rest_client [req-32c176a7-dd29-4734-9a79-7ffd8c274a90 req-32c176a7-dd29-4734-9a79-7ffd8c274a90 ] Request (DeleteServersAdminTestJSON:tearDownClass): 204 DELETE http://10.180.1.21/identity/v3/users/afb14e9fac3b457d9f7ef1f4a0f39d7e 0.128s
2025-01-13 09:29:50.013 67818 INFO tempest.lib.common.dynamic_creds [-] Deleting project and security group for project: e35fff0caaed45318906410fec4acf32
2025-01-13 09:29:50.015 67782 INFO tempest.lib.common.rest_client [req-9ade1102-93f8-4cdd-bb51-531495f87718 req-9ade1102-93f8-4cdd-bb51-531495f87718 ] Request (ServerGroupTestJSON:test_create_server_with_scheduler_hint_group): 200 GET http://10.180.1.21/compute/v2.1/servers/8ea27d3c-dd03-45f6-a5e2-8cf71a4e824c 0.281s
2025-01-13 09:29:50.093 67786 INFO tempest.lib.common.rest_client [req-f1a19720-2dd3-4971-b0aa-87a5695cdf44 req-f1a19720-2dd3-4971-b0aa-87a5695cdf44 ] Request (ServersTestMultiNic:test_verify_duplicate_network_nics): 200 GET http://10.180.1.21/compute/v2.1/servers/69c94c5b-e6f8-4a7a-bef7-7d7a4d135cdb 0.214s
2025-01-13 09:29:50.099 67818 INFO tempest.lib.common.rest_client [req-207b7a66-3913-406e-b6c8-229ee7828543 req-207b7a66-3913-406e-b6c8-229ee7828543 ] Request (DeleteServersAdminTestJSON:tearDownClass): 201 POST http://10.180.1.21/identity/v3/auth/tokens 0.086s
2025-01-13 09:29:50.126 67812 INFO tempest.lib.common.rest_client [req-c41edef7-b303-4e70-af36-c8bfeda200a2 req-c41edef7-b303-4e70-af36-c8bfeda200a2 ] Request (SecurityGroupsTestJSON:test_list_security_groups_by_server): 200 GET http://10.180.1.21/compute/v2.1/servers/318ea049-c1ce-4e68-9e63-b1990e7050c3 0.293s
2025-01-13 09:29:50.166 67828 INFO tempest.lib.common.rest_client [req-c51f5a9b-094b-48d2-b4b9-62ecac748e09 req-c51f5a9b-094b-48d2-b4b9-62ecac748e09 ] Request (ServersAaction247Test:test_create_backup): 200 GET http://10.180.1.21/compute/v2.1/servers/0ccdc110-bcca-4804-9b9e-751e53ea9d67 0.251s
2025-01-13 09:29:50.191 67826 INFO tempest.lib.common.rest_client [req-ea24e13c-da0f-4ef2-9840-e181c76256b0 req-ea24e13c-da0f-4ef2-9840-e181c76256b0 ] Request (ServerPasswordTestJSON:setUpClass): 200 GET http://10.180.1.21/compute/v2.1/servers/042bd6d1-d788-4171-885c-e93a46af43a7 0.237s
2025-01-13 09:29:50.306 67816 INFO tempest.lib.common.rest_client [req-d9e1b2db-352c-4e57-99b4-c338068c05e9 req-d9e1b2db-352c-4e57-99b4-c338068c05e9 ] Request (MigrationsAdminTest:test_resize_server_revert_deleted_flavor): 200 GET http://10.180.1.21/compute/v2.1/servers/269c293a-d0a5-4467-b3f2-67351118f1aa 0.295s
2025-01-13 09:29:50.317 67818 INFO tempest.lib.common.rest_client [req-aa3e5d57-3fb3-4a53-af7a-ea22cc6f79e7 req-aa3e5d57-3fb3-4a53-af7a-ea22cc6f79e7 ] Request (DeleteServersAdminTestJSON:tearDownClass): 200 GET http://10.180.1.21:9696/networking/v2.0/security-groups?tenant_id=e35fff0caaed45318906410fec4acf32&name=default 0.217s
2025-01-13 09:29:50.353 67810 INFO tempest.lib.common.rest_client [req-e95ed140-e10b-4365-9d14-cde158588345 req-e95ed140-e10b-4365-9d14-cde158588345 ] Request (ServerActionsTestOtherA:setUpClass): 200 GET http://10.180.1.21/compute/v2.1/servers/91fff514-7cbd-4ba7-bdea-d9f2251ef1b8 0.307s
2025-01-13 09:29:50.369 67774 WARNING tempest.lib.common.ssh [-] Failed to establish authenticated ssh connection to cirros@10.180.180.216 ([Errno None] Unable to connect to port 22 on 10.180.180.216). Number attempts: 5. Retry after 6 seconds.: paramiko.ssh_exception.NoValidConnectionsError: [Errno None] Unable to connect to port 22 on 10.180.180.216
2025-01-13 09:29:50.405 67808 INFO tempest.lib.common.rest_client [req-93997cec-edf1-4c5d-b22b-e2ef3eca22d1 req-93997cec-edf1-4c5d-b22b-e2ef3eca22d1 ] Request (FloatingIPsAssociationTestJSON:setUpClass): 200 GET http://10.180.1.21/compute/v2.1/servers/c8af1cbe-902d-4af8-b744-7341ec58831c 0.317s
2025-01-13 09:29:50.420 67818 INFO tempest.lib.common.rest_client [req-87caadf4-5236-481b-aad6-547f40fa6d7c req-87caadf4-5236-481b-aad6-547f40fa6d7c ] Request (DeleteServersAdminTestJSON:tearDownClass): 204 DELETE http://10.180.1.21:9696/networking/v2.0/security-groups/6656b7a4-1b51-4b58-bdc2-4b12e77a50bb 0.103s
2025-01-13 09:29:50.508 67818 INFO tempest.lib.common.rest_client [req-e7236419-3ec6-4a58-bed1-3985cd2b7a3c req-e7236419-3ec6-4a58-bed1-3985cd2b7a3c ] Request (DeleteServersAdminTestJSON:tearDownClass): 204 DELETE http://10.180.1.21/identity/v3/projects/e35fff0caaed45318906410fec4acf32 0.087s
2025-01-13 09:29:50.508 67818 INFO tempest.lib.common.dynamic_creds [-] Deleting project and security group for project: dc6bc253324240b7a1226a0e747057f5
2025-01-13 09:29:50.558 67818 INFO tempest.lib.common.rest_client [req-ceaf4f51-807d-4fbd-b305-df9c1ee79da6 req-ceaf4f51-807d-4fbd-b305-df9c1ee79da6 ] Request (DeleteServersAdminTestJSON:tearDownClass): 200 GET http://10.180.1.21:9696/networking/v2.0/security-groups?tenant_id=dc6bc253324240b7a1226a0e747057f5&name=default 0.047s
2025-01-13 09:29:50.565 67822 INFO tempest.lib.common.rest_client [req-8c1b7df0-4441-4206-bc63-9b585480d718 req-8c1b7df0-4441-4206-bc63-9b585480d718 ] Request (ListServerFiltersTestJSON:setUpClass): 200 GET http://10.180.1.21/compute/v2.1/servers/2f7b66d0-b6ee-4261-a565-cc3e2008f8a4 0.333s
2025-01-13 09:29:50.632 67794 INFO tempest.lib.common.rest_client [req-28664648-8a34-4924-8e80-03ff70bddc13 req-28664648-8a34-4924-8e80-03ff70bddc13 ] Request (ServersWithSpecificFlavorTestJSON:test_verify_created_server_ephemeral_disk): 200 GET http://10.180.1.21/compute/v2.1/servers/e09e9a1b-bae2-409d-8aab-eadd387f91cd 0.366s
2025-01-13 09:29:50.644 67802 INFO tempest.lib.common.rest_client [req-b017827c-e76d-4688-a190-eb0e34bd8f88 req-b017827c-e76d-4688-a190-eb0e34bd8f88 ] Request (AttachInterfacesUnderV243Test:_run_cleanups): 200 GET http://10.180.1.21/compute/v2.1/servers/42a83e79-9558-4c38-94a7-50847ca57ea0 0.661s
2025-01-13 09:29:50.673 67818 INFO tempest.lib.common.rest_client [req-3f75abd5-891b-4239-b75a-14a0c8901fab req-3f75abd5-891b-4239-b75a-14a0c8901fab ] Request (DeleteServersAdminTestJSON:tearDownClass): 204 DELETE http://10.180.1.21:9696/networking/v2.0/security-groups/7bf9bbdc-3f15-45a9-b61b-fa1ed1d382ac 0.115s
2025-01-13 09:29:50.686 67778 INFO tempest.lib.common.rest_client [req-fc46be18-9e3b-4b05-b267-74e2b5746f2d req-fc46be18-9e3b-4b05-b267-74e2b5746f2d ] Request (ListImageFiltersTestJSON:setUpClass): 200 GET http://10.180.1.21/compute/v2.1/images/e7829dda-ade1-4a99-85c3-71505fdb4679 0.404s
2025-01-13 09:29:50.733 67780 INFO tempest.lib.common.rest_client [req-af7089f9-26c1-4096-9185-c7e23114aa69 req-af7089f9-26c1-4096-9185-c7e23114aa69 ] Request (ImagesOneServerNegativeTestJSON:_run_cleanups): 200 GET http://10.180.1.21/compute/v2.1/servers/69cea9d8-4535-48cb-8e0f-f4b4ba124175 0.390s
2025-01-13 09:29:50.747 67788 INFO tempest.lib.common.rest_client [req-16bcc827-ea0a-4257-9214-334c12f287fa req-16bcc827-ea0a-4257-9214-334c12f287fa ] Request (VolumesAdminNegativeTest:test_update_attached_volume_with_nonexistent_volume_in_body): 200 GET http://10.180.1.21/compute/v2.1/servers/cd7ca1ba-b100-455d-8a9e-a540e5fc03a7 0.380s
2025-01-13 09:29:50.797 67804 INFO tempest.lib.common.rest_client [req-f0814b5c-751c-439f-aeee-9e863334c07e req-f0814b5c-751c-439f-aeee-9e863334c07e ] Request (ServersAdminTestJSON:test_inject_network_info): 200 GET http://10.180.1.21/compute/v2.1/servers/8716efdd-f12f-47d0-a3df-d26e62495091 0.379s
2025-01-13 09:29:50.819 67772 INFO tempest.lib.common.rest_client [req-cd5929a3-be80-41e7-9c0f-ee2b8828b0ed req-cd5929a3-be80-41e7-9c0f-ee2b8828b0ed ] Request (ServerShowV247Test:test_update_rebuild_list_server): 200 GET http://10.180.1.21/compute/v2.1/servers/7234e314-198d-4737-ba51-526309ea9940 0.399s
2025-01-13 09:29:50.831 67818 INFO tempest.lib.common.rest_client [req-ca7f0623-0b29-4b6e-a629-320c2f59e917 req-ca7f0623-0b29-4b6e-a629-320c2f59e917 ] Request (DeleteServersAdminTestJSON:tearDownClass): 204 DELETE http://10.180.1.21/identity/v3/projects/dc6bc253324240b7a1226a0e747057f5 0.157s
2025-01-13 09:29:50.859 67797 INFO tempest.lib.common.rest_client [req-1bae2361-64b9-4a5d-9871-cceee3bf43fe req-1bae2361-64b9-4a5d-9871-cceee3bf43fe ] Request (ServerRescueTestJSON:test_rescue_unrescue_instance): 200 GET http://10.180.1.21/compute/v2.1/servers/c3ca5df8-c95c-4d04-9679-1b18944759ec 0.367s
2025-01-13 09:29:50.892 67800 INFO tempest.lib.common.rest_client [req-9b69b132-82b1-44c9-bbc5-4180e2156401 req-9b69b132-82b1-44c9-bbc5-4180e2156401 ] Request (ServersNegativeTestMultiTenantJSON:tearDownClass): 200 GET http://10.180.1.21/compute/v2.1/servers/8dfb1051-c5c0-47c7-9b38-7add404107c6 0.319s
2025-01-13 09:29:50.898 67818 INFO tempest.lib.common.rest_client [req-63b54a00-8d4d-4176-99e5-3301bc22ea1d req-63b54a00-8d4d-4176-99e5-3301bc22ea1d ] Request (ImagesTestJSON:setUpClass): 201 POST http://10.180.1.21/identity/v3/auth/tokens 0.065s
2025-01-13 09:29:50.933 67768 INFO tempest.lib.common.rest_client [req-ff124d2e-3e1b-4721-b5e7-84a28e7dfcef req-ff124d2e-3e1b-4721-b5e7-84a28e7dfcef ] Request (VolumesAssistedSnapshotsTest:tearDownClass): 200 GET http://10.180.1.21/compute/v2.1/servers/102b1ee3-aea4-4f71-a9fa-5e29fb094a0f 0.330s
2025-01-13 09:29:50.941 67818 INFO tempest.lib.common.rest_client [req-9a4d5c49-82ac-46c6-8181-08476e0aee8b req-9a4d5c49-82ac-46c6-8181-08476e0aee8b ] Request (ImagesTestJSON:setUpClass): 201 POST http://10.180.1.21/identity/v3/auth/tokens 0.040s
2025-01-13 09:29:50.968 67818 INFO tempest.lib.common.rest_client [req-bf2ffa5f-6679-4245-81ac-a8e4bed9d0ea req-bf2ffa5f-6679-4245-81ac-a8e4bed9d0ea ] Request (ImagesTestJSON:setUpClass): 200 GET http://10.180.1.21/identity/v3/domains?name=Default 0.027s
2025-01-13 09:29:51.000 67818 INFO tempest.lib.common.rest_client [req-1891c85c-8e92-4683-815d-750c7c17d22f req-1891c85c-8e92-4683-815d-750c7c17d22f ] Request (ImagesTestJSON:setUpClass): 201 POST http://10.180.1.21/identity/v3/projects 0.031s
2025-01-13 09:29:51.070 67770 INFO tempest.lib.common.rest_client [req-c61bcc83-ab48-4b80-920b-342b75376dcc req-c61bcc83-ab48-4b80-920b-342b75376dcc ] Request (ImagesOneServerTestJSON:tearDownClass): 200 GET http://10.180.1.21/compute/v2.1/servers/658b491a-ec14-4a35-b670-64c95081c274 0.063s
2025-01-13 09:29:51.077 67818 INFO tempest.lib.common.rest_client [req-20ca1364-1ed9-4c5e-8f83-9d1ea2efa9a4 req-20ca1364-1ed9-4c5e-8f83-9d1ea2efa9a4 ] Request (ImagesTestJSON:setUpClass): 201 POST http://10.180.1.21/identity/v3/users 0.077s
2025-01-13 09:29:51.101 67818 INFO tempest.lib.common.rest_client [req-6e9ea123-35bc-4a65-82fc-cff19b47bfbc req-6e9ea123-35bc-4a65-82fc-cff19b47bfbc ] Request (ImagesTestJSON:setUpClass): 200 GET http://10.180.1.21/identity/v3/roles 0.023s
2025-01-13 09:29:51.128 67818 INFO tempest.lib.common.rest_client [req-381ead0e-a40e-49a6-a917-8a74970db408 req-381ead0e-a40e-49a6-a917-8a74970db408 ] Request (ImagesTestJSON:setUpClass): 204 PUT http://10.180.1.21/identity/v3/projects/033209100e0042c29d6fe811748bbdba/users/222bad1fbda94a4c905f4288f77b7677/roles/4cf95430aaa847f9b8db0b20273fbc5d 0.026s
2025-01-13 09:29:51.128 67818 INFO tempest.lib.common.dynamic_creds [-] Dynamic test user 222bad1fbda94a4c905f4288f77b7677 is created with scope project and roles: ['member']
2025-01-13 09:29:51.128 67818 INFO tempest.lib.common.dynamic_creds [-] Acquired dynamic creds: credentials: Credentials: {'domain_id': 'default', 'domain_name': 'Default', 'username': 'tempest-ImagesTestJSON-2107690419-project-member', 'project_domain_id': 'default', 'project_domain_name': 'Default', 'project_id': '033209100e0042c29d6fe811748bbdba', 'project_name': 'tempest-ImagesTestJSON-2107690419', 'tenant_id': '033209100e0042c29d6fe811748bbdba', 'tenant_name': 'tempest-ImagesTestJSON-2107690419', 'user_domain_id': 'default', 'user_domain_name': 'Default', 'user_id': '222bad1fbda94a4c905f4288f77b7677', 'system': None}, Network: None, Subnet: None, Router: None
2025-01-13 09:29:51.138 67782 INFO tempest.lib.common.rest_client [req-4664a0f7-5ec9-4f8a-8420-f04e0834738f req-4664a0f7-5ec9-4f8a-8420-f04e0834738f ] Request (ServerGroupTestJSON:test_create_server_with_scheduler_hint_group): 200 GET http://10.180.1.21/compute/v2.1/servers/8ea27d3c-dd03-45f6-a5e2-8cf71a4e824c 0.110s
2025-01-13 09:29:51.164 67786 INFO tempest.lib.common.rest_client [req-d471c4ab-530a-4462-9ea8-899824fbde47 req-d471c4ab-530a-4462-9ea8-899824fbde47 ] Request (ServersTestMultiNic:test_verify_duplicate_network_nics): 200 GET http://10.180.1.21/compute/v2.1/servers/69c94c5b-e6f8-4a7a-bef7-7d7a4d135cdb 0.059s
2025-01-13 09:29:51.213 67818 INFO tempest.lib.common.rest_client [req-08130250-f17d-4f6b-a455-67415bdfd17b req-08130250-f17d-4f6b-a455-67415bdfd17b ] Request (ImagesTestJSON:setUpClass): 201 POST http://10.180.1.21/identity/v3/auth/tokens 0.084s
2025-01-13 09:29:51.267 67828 INFO tempest.lib.common.rest_client [req-d5245c8f-1813-4a17-a376-d637f4cce36d req-d5245c8f-1813-4a17-a376-d637f4cce36d ] Request (ServersAaction247Test:test_create_backup): 200 GET http://10.180.1.21/compute/v2.1/servers/0ccdc110-bcca-4804-9b9e-751e53ea9d67 0.086s
2025-01-13 09:29:51.334 67826 INFO tempest.lib.common.rest_client [req-9756eabd-69b2-4f8c-8627-b1b59ba22774 req-9756eabd-69b2-4f8c-8627-b1b59ba22774 ] Request (ServerPasswordTestJSON:setUpClass): 200 GET http://10.180.1.21/compute/v2.1/servers/042bd6d1-d788-4171-885c-e93a46af43a7 0.131s
2025-01-13 09:29:51.369 67812 INFO tempest.lib.common.rest_client [req-78cd36cb-34c4-4828-b9b8-b3983692b73f req-78cd36cb-34c4-4828-b9b8-b3983692b73f ] Request (SecurityGroupsTestJSON:test_list_security_groups_by_server): 200 GET http://10.180.1.21/compute/v2.1/servers/318ea049-c1ce-4e68-9e63-b1990e7050c3 0.235s
2025-01-13 09:29:51.407 67816 INFO tempest.lib.common.rest_client [req-261723da-2f23-481b-a58e-e9e5109cc5fe req-261723da-2f23-481b-a58e-e9e5109cc5fe ] Request (MigrationsAdminTest:test_resize_server_revert_deleted_flavor): 200 GET http://10.180.1.21/compute/v2.1/servers/269c293a-d0a5-4467-b3f2-67351118f1aa 0.090s
2025-01-13 09:29:51.441 67810 INFO tempest.lib.common.rest_client [req-7c919a44-ceb8-4a8a-a812-17b2a3ede2f4 req-7c919a44-ceb8-4a8a-a812-17b2a3ede2f4 ] Request (ServerActionsTestOtherA:setUpClass): 200 GET http://10.180.1.21/compute/v2.1/servers/91fff514-7cbd-4ba7-bdea-d9f2251ef1b8 0.075s
2025-01-13 09:29:51.506 67808 INFO tempest.lib.common.rest_client [req-13a1f2c2-6b95-4174-8e51-0137878feedb req-13a1f2c2-6b95-4174-8e51-0137878feedb ] Request (FloatingIPsAssociationTestJSON:setUpClass): 200 GET http://10.180.1.21/compute/v2.1/servers/c8af1cbe-902d-4af8-b744-7341ec58831c 0.088s
2025-01-13 09:29:51.563 67818 INFO tempest.lib.common.rest_client [req-30e0127b-46ed-4491-917e-0bd84e87f8f9 req-30e0127b-46ed-4491-917e-0bd84e87f8f9 ] Request (ImagesTestJSON:setUpClass): 201 POST http://10.180.1.21:9696/networking/v2.0/networks 0.350s
2025-01-13 09:29:51.704 67794 INFO tempest.lib.common.rest_client [req-190d644c-8923-43ef-add4-4b40c0a3adc4 req-190d644c-8923-43ef-add4-4b40c0a3adc4 ] Request (ServersWithSpecificFlavorTestJSON:test_verify_created_server_ephemeral_disk): 200 GET http://10.180.1.21/compute/v2.1/servers/e09e9a1b-bae2-409d-8aab-eadd387f91cd 0.063s
2025-01-13 09:29:51.764 67822 INFO tempest.lib.common.rest_client [req-08edb9a3-c7d5-4ab4-bee2-c8d4fbdad73c req-08edb9a3-c7d5-4ab4-bee2-c8d4fbdad73c ] Request (ListServerFiltersTestJSON:setUpClass): 200 GET http://10.180.1.21/compute/v2.1/servers/2f7b66d0-b6ee-4261-a565-cc3e2008f8a4 0.180s
2025-01-13 09:29:51.778 67802 INFO tempest.lib.common.rest_client [req-48e1adfe-0c99-4fa4-964e-5e51d07bcb9e req-48e1adfe-0c99-4fa4-964e-5e51d07bcb9e ] Request (AttachInterfacesUnderV243Test:_run_cleanups): 200 GET http://10.180.1.21/compute/v2.1/servers/42a83e79-9558-4c38-94a7-50847ca57ea0 0.123s
2025-01-13 09:29:51.785 67818 INFO tempest.lib.common.rest_client [req-1e44e011-22c6-4943-9023-795f13592b3e req-1e44e011-22c6-4943-9023-795f13592b3e ] Request (ImagesTestJSON:setUpClass): 201 POST http://10.180.1.21:9696/networking/v2.0/subnets 0.220s
2025-01-13 09:29:51.803 67778 INFO tempest.lib.common.rest_client [req-f3ba2549-737a-478b-a39a-dc560ab755dc req-f3ba2549-737a-478b-a39a-dc560ab755dc ] Request (ListImageFiltersTestJSON:setUpClass): 200 GET http://10.180.1.21/compute/v2.1/images/e7829dda-ade1-4a99-85c3-71505fdb4679 0.113s
2025-01-13 09:29:51.836 67780 INFO tempest.lib.common.rest_client [req-7392633f-7dbc-4a62-b556-cbd8d994b200 req-7392633f-7dbc-4a62-b556-cbd8d994b200 ] Request (ImagesOneServerNegativeTestJSON:_run_cleanups): 200 GET http://10.180.1.21/compute/v2.1/servers/69cea9d8-4535-48cb-8e0f-f4b4ba124175 0.094s
2025-01-13 09:29:51.874 67788 INFO tempest.lib.common.rest_client [req-b35cbbbd-83cb-4402-9de0-90e182acc2c4 req-b35cbbbd-83cb-4402-9de0-90e182acc2c4 ] Request (VolumesAdminNegativeTest:test_update_attached_volume_with_nonexistent_volume_in_body): 200 GET http://10.180.1.21/compute/v2.1/servers/cd7ca1ba-b100-455d-8a9e-a540e5fc03a7 0.119s
2025-01-13 09:29:51.902 67804 INFO tempest.lib.common.rest_client [req-2fcae334-713c-4296-aaf2-485ffa18e951 req-2fcae334-713c-4296-aaf2-485ffa18e951 ] Request (ServersAdminTestJSON:test_inject_network_info): 200 GET http://10.180.1.21/compute/v2.1/servers/8716efdd-f12f-47d0-a3df-d26e62495091 0.096s
2025-01-13 09:29:51.958 67772 INFO tempest.lib.common.rest_client [req-b899e00a-98b2-4e30-af14-6ad1c1ac4262 req-b899e00a-98b2-4e30-af14-6ad1c1ac4262 ] Request (ServerShowV247Test:test_update_rebuild_list_server): 200 GET http://10.180.1.21/compute/v2.1/servers/7234e314-198d-4737-ba51-526309ea9940 0.129s
2025-01-13 09:29:51.968 67797 INFO tempest.lib.common.rest_client [req-6b966267-4fb0-4f0d-9b48-4e9c0cb92289 req-6b966267-4fb0-4f0d-9b48-4e9c0cb92289 ] Request (ServerRescueTestJSON:test_rescue_unrescue_instance): 200 GET http://10.180.1.21/compute/v2.1/servers/c3ca5df8-c95c-4d04-9679-1b18944759ec 0.097s
2025-01-13 09:29:52.039 67768 INFO tempest.lib.common.rest_client [req-d4f1bb2b-60f4-45fa-b244-e40a22d489fa req-d4f1bb2b-60f4-45fa-b244-e40a22d489fa ] Request (VolumesAssistedSnapshotsTest:tearDownClass): 200 GET http://10.180.1.21/compute/v2.1/servers/102b1ee3-aea4-4f71-a9fa-5e29fb094a0f 0.095s
2025-01-13 09:29:52.043 67800 INFO tempest.lib.common.rest_client [req-21f83bf4-e19e-45d3-93e7-9772c1040b18 req-21f83bf4-e19e-45d3-93e7-9772c1040b18 ] Request (ServersNegativeTestMultiTenantJSON:tearDownClass): 200 GET http://10.180.1.21/compute/v2.1/servers/8dfb1051-c5c0-47c7-9b38-7add404107c6 0.142s
2025-01-13 09:29:52.047 67768 INFO tempest.common.waiters [-] State transition "ACTIVE/deleting" ==> "DELETED/None" after 5 second wait
2025-01-13 09:29:52.146 67770 INFO tempest.lib.common.rest_client [req-3a9d565a-9dcf-45c9-8c18-8a8854863ae5 req-3a9d565a-9dcf-45c9-8c18-8a8854863ae5 ] Request (ImagesOneServerTestJSON:tearDownClass): 200 GET http://10.180.1.21/compute/v2.1/servers/658b491a-ec14-4a35-b670-64c95081c274 0.065s
2025-01-13 09:29:52.236 67786 INFO tempest.lib.common.rest_client [req-b943959d-c81f-4ea3-a193-f40079e6c513 req-b943959d-c81f-4ea3-a193-f40079e6c513 ] Request (ServersTestMultiNic:test_verify_duplicate_network_nics): 200 GET http://10.180.1.21/compute/v2.1/servers/69c94c5b-e6f8-4a7a-bef7-7d7a4d135cdb 0.062s
2025-01-13 09:29:52.279 67782 INFO tempest.lib.common.rest_client [req-555789e3-a074-4032-8550-451a3cd43cca req-555789e3-a074-4032-8550-451a3cd43cca ] Request (ServerGroupTestJSON:test_create_server_with_scheduler_hint_group): 200 GET http://10.180.1.21/compute/v2.1/servers/8ea27d3c-dd03-45f6-a5e2-8cf71a4e824c 0.131s
2025-01-13 09:29:52.290 67782 INFO tempest.common.waiters [-] State transition "BUILD/spawning" ==> "ACTIVE/None" after 93 second wait
2025-01-13 09:29:52.333 67782 INFO tempest.lib.common.rest_client [req-1f452360-3569-4460-b593-cccf5d4e93f9 req-1f452360-3569-4460-b593-cccf5d4e93f9 ] Request (ServerGroupTestJSON:test_create_server_with_scheduler_hint_group): 200 GET http://10.180.1.21/compute/v2.1/os-server-groups/ce0e73be-4891-4d9c-a327-5f502309526e 0.042s
2025-01-13 09:29:52.349 67828 INFO tempest.lib.common.rest_client [req-632f7ab5-a84a-4e29-9e68-2f933a4a51c3 req-632f7ab5-a84a-4e29-9e68-2f933a4a51c3 ] Request (ServersAaction247Test:test_create_backup): 200 GET http://10.180.1.21/compute/v2.1/servers/0ccdc110-bcca-4804-9b9e-751e53ea9d67 0.068s
2025-01-13 09:29:52.413 67826 INFO tempest.lib.common.rest_client [req-3b8c52ba-675c-4c00-9a02-b345d1702301 req-3b8c52ba-675c-4c00-9a02-b345d1702301 ] Request (ServerPasswordTestJSON:setUpClass): 200 GET http://10.180.1.21/compute/v2.1/servers/042bd6d1-d788-4171-885c-e93a46af43a7 0.071s
2025-01-13 09:29:52.432 67782 INFO tempest.lib.common.rest_client [req-ce9b9d85-3350-43ad-be10-d735544fd1c6 req-ce9b9d85-3350-43ad-be10-d735544fd1c6 ] Request (ServerGroupTestJSON:_run_cleanups): 204 DELETE http://10.180.1.21/compute/v2.1/servers/8ea27d3c-dd03-45f6-a5e2-8cf71a4e824c 0.097s
2025-01-13 09:29:52.495 67816 INFO tempest.lib.common.rest_client [req-f23ff9f0-45dc-471b-be20-91df5c86f92e req-f23ff9f0-45dc-471b-be20-91df5c86f92e ] Request (MigrationsAdminTest:test_resize_server_revert_deleted_flavor): 200 GET http://10.180.1.21/compute/v2.1/servers/269c293a-d0a5-4467-b3f2-67351118f1aa 0.077s
2025-01-13 09:29:52.561 67812 INFO tempest.lib.common.rest_client [req-025efaff-a7ed-4b78-bd68-a3ca4136a2c5 req-025efaff-a7ed-4b78-bd68-a3ca4136a2c5 ] Request (SecurityGroupsTestJSON:test_list_security_groups_by_server): 200 GET http://10.180.1.21/compute/v2.1/servers/318ea049-c1ce-4e68-9e63-b1990e7050c3 0.181s
2025-01-13 09:29:52.619 67810 INFO tempest.lib.common.rest_client [req-ceff885f-1461-45df-bfd7-c2603d41e489 req-ceff885f-1461-45df-bfd7-c2603d41e489 ] Request (ServerActionsTestOtherA:setUpClass): 200 GET http://10.180.1.21/compute/v2.1/servers/91fff514-7cbd-4ba7-bdea-d9f2251ef1b8 0.168s
2025-01-13 09:29:52.644 67782 INFO tempest.lib.common.rest_client [req-1b5ae37d-0f32-4ff2-96d4-5cee2ffa0afc req-1b5ae37d-0f32-4ff2-96d4-5cee2ffa0afc ] Request (ServerGroupTestJSON:_run_cleanups): 200 GET http://10.180.1.21/compute/v2.1/servers/8ea27d3c-dd03-45f6-a5e2-8cf71a4e824c 0.212s
2025-01-13 09:29:52.647 67818 INFO tempest.lib.common.rest_client [req-95abc4ed-f778-4b06-aea2-24354eb16e2d req-95abc4ed-f778-4b06-aea2-24354eb16e2d ] Request (ImagesTestJSON:setUpClass): 201 POST http://10.180.1.21:9696/networking/v2.0/routers 0.861s
2025-01-13 09:29:52.687 67808 INFO tempest.lib.common.rest_client [req-6fe28d8a-6435-4cd7-9e82-58a7be9aa18f req-6fe28d8a-6435-4cd7-9e82-58a7be9aa18f ] Request (FloatingIPsAssociationTestJSON:setUpClass): 200 GET http://10.180.1.21/compute/v2.1/servers/c8af1cbe-902d-4af8-b744-7341ec58831c 0.168s
2025-01-13 09:29:52.733 67790 WARNING tempest.lib.common.ssh [-] Failed to establish authenticated ssh connection to cirros@10.180.180.141 ([Errno None] Unable to connect to port 22 on 10.180.180.141). Number attempts: 3. Retry after 4 seconds.: paramiko.ssh_exception.NoValidConnectionsError: [Errno None] Unable to connect to port 22 on 10.180.180.141
2025-01-13 09:29:52.796 67794 INFO tempest.lib.common.rest_client [req-94889ad3-9ce9-4011-a1cf-53c0755f1aaa req-94889ad3-9ce9-4011-a1cf-53c0755f1aaa ] Request (ServersWithSpecificFlavorTestJSON:test_verify_created_server_ephemeral_disk): 200 GET http://10.180.1.21/compute/v2.1/servers/e09e9a1b-bae2-409d-8aab-eadd387f91cd 0.077s
2025-01-13 09:29:52.866 67802 INFO tempest.lib.common.rest_client [req-002d5dd6-5ac0-4121-8b18-f9bac5267a45 req-002d5dd6-5ac0-4121-8b18-f9bac5267a45 ] Request (AttachInterfacesUnderV243Test:_run_cleanups): 200 GET http://10.180.1.21/compute/v2.1/servers/42a83e79-9558-4c38-94a7-50847ca57ea0 0.075s
2025-01-13 09:29:52.878 67802 INFO tempest.common.waiters [-] State transition "ACTIVE/deleting" ==> "DELETED/None" after 5 second wait
2025-01-13 09:29:52.904 67778 INFO tempest.lib.common.rest_client [req-a3b7d87d-e605-4f03-a790-ba8a267a4117 req-a3b7d87d-e605-4f03-a790-ba8a267a4117 ] Request (ListImageFiltersTestJSON:setUpClass): 200 GET http://10.180.1.21/compute/v2.1/images/e7829dda-ade1-4a99-85c3-71505fdb4679 0.095s
2025-01-13 09:29:52.951 67822 INFO tempest.lib.common.rest_client [req-35b95d35-1648-4879-ab2c-76f89d484a1e req-35b95d35-1648-4879-ab2c-76f89d484a1e ] Request (ListServerFiltersTestJSON:setUpClass): 200 GET http://10.180.1.21/compute/v2.1/servers/2f7b66d0-b6ee-4261-a565-cc3e2008f8a4 0.178s
2025-01-13 09:29:52.978 67780 INFO tempest.lib.common.rest_client [req-27e27e0a-8db9-4819-b6a2-946193caf49e req-27e27e0a-8db9-4819-b6a2-946193caf49e ] Request (ImagesOneServerNegativeTestJSON:_run_cleanups): 200 GET http://10.180.1.21/compute/v2.1/servers/69cea9d8-4535-48cb-8e0f-f4b4ba124175 0.131s
2025-01-13 09:29:53.013 67788 INFO tempest.lib.common.rest_client [req-33d497d9-edfa-45de-9cc9-0ac0109efc0d req-33d497d9-edfa-45de-9cc9-0ac0109efc0d ] Request (VolumesAdminNegativeTest:test_update_attached_volume_with_nonexistent_volume_in_body): 200 GET http://10.180.1.21/compute/v2.1/servers/cd7ca1ba-b100-455d-8a9e-a540e5fc03a7 0.122s
2025-01-13 09:29:53.020 67788 INFO tempest.common.waiters [-] State transition "BUILD/None" ==> "BUILD/networking" after 88 second wait
2025-01-13 09:29:53.076 67804 INFO tempest.lib.common.rest_client [req-c17e987b-e632-40fc-8e8c-75cc88a6769b req-c17e987b-e632-40fc-8e8c-75cc88a6769b ] Request (ServersAdminTestJSON:test_inject_network_info): 200 GET http://10.180.1.21/compute/v2.1/servers/8716efdd-f12f-47d0-a3df-d26e62495091 0.155s
2025-01-13 09:29:53.085 67772 INFO tempest.lib.common.rest_client [req-90e46c3c-819b-481c-af96-fa49b8d8ccbc req-90e46c3c-819b-481c-af96-fa49b8d8ccbc ] Request (ServerShowV247Test:test_update_rebuild_list_server): 200 GET http://10.180.1.21/compute/v2.1/servers/7234e314-198d-4737-ba51-526309ea9940 0.110s
2025-01-13 09:29:53.086 67804 INFO tempest.common.waiters [-] State transition "BUILD/scheduling" ==> "BUILD/None" after 66 second wait
2025-01-13 09:29:53.162 67797 INFO tempest.lib.common.rest_client [req-5a3b4fb3-9cd1-43b5-934f-9a4c32517a8a req-5a3b4fb3-9cd1-43b5-934f-9a4c32517a8a ] Request (ServerRescueTestJSON:test_rescue_unrescue_instance): 200 GET http://10.180.1.21/compute/v2.1/servers/c3ca5df8-c95c-4d04-9679-1b18944759ec 0.177s
2025-01-13 09:29:53.164 67800 INFO tempest.lib.common.rest_client [req-5ddf4605-ad4b-497e-8ed3-6928049eb8d9 req-5ddf4605-ad4b-497e-8ed3-6928049eb8d9 ] Request (ServersNegativeTestMultiTenantJSON:tearDownClass): 200 GET http://10.180.1.21/compute/v2.1/servers/8dfb1051-c5c0-47c7-9b38-7add404107c6 0.113s
2025-01-13 09:29:53.172 67797 INFO tempest.common.waiters [-] State transition "BUILD/scheduling" ==> "BUILD/None" after 65 second wait
2025-01-13 09:29:53.233 67768 INFO tempest.lib.common.rest_client [req-c5656ee2-6b1c-484c-a9c5-e7edc6d34103 req-c5656ee2-6b1c-484c-a9c5-e7edc6d34103 ] Request (VolumesAssistedSnapshotsTest:tearDownClass): 200 GET http://10.180.1.21/compute/v2.1/servers/102b1ee3-aea4-4f71-a9fa-5e29fb094a0f 0.183s
2025-01-13 09:29:53.257 67770 INFO tempest.lib.common.rest_client [req-0dcc6013-e723-4221-bff7-fc0a0c390564 req-0dcc6013-e723-4221-bff7-fc0a0c390564 ] Request (ImagesOneServerTestJSON:tearDownClass): 200 GET http://10.180.1.21/compute/v2.1/servers/658b491a-ec14-4a35-b670-64c95081c274 0.100s
2025-01-13 09:29:53.304 67786 INFO tempest.lib.common.rest_client [req-52fd845f-6e57-44a1-a424-161baa863106 req-52fd845f-6e57-44a1-a424-161baa863106 ] Request (ServersTestMultiNic:test_verify_duplicate_network_nics): 200 GET http://10.180.1.21/compute/v2.1/servers/69c94c5b-e6f8-4a7a-bef7-7d7a4d135cdb 0.059s
2025-01-13 09:29:53.448 67828 INFO tempest.lib.common.rest_client [req-3afe3013-f179-4b95-b2a7-02524bab26f2 req-3afe3013-f179-4b95-b2a7-02524bab26f2 ] Request (ServersAaction247Test:test_create_backup): 200 GET http://10.180.1.21/compute/v2.1/servers/0ccdc110-bcca-4804-9b9e-751e53ea9d67 0.086s
2025-01-13 09:29:53.486 67826 INFO tempest.lib.common.rest_client [req-6a92cc97-5b75-4d09-8f17-79edc80100aa req-6a92cc97-5b75-4d09-8f17-79edc80100aa ] Request (ServerPasswordTestJSON:setUpClass): 200 GET http://10.180.1.21/compute/v2.1/servers/042bd6d1-d788-4171-885c-e93a46af43a7 0.064s
2025-01-13 09:29:53.594 67816 INFO tempest.lib.common.rest_client [req-9fb787b2-5808-490f-97fb-9c6f7ef33cac req-9fb787b2-5808-490f-97fb-9c6f7ef33cac ] Request (MigrationsAdminTest:test_resize_server_revert_deleted_flavor): 200 GET http://10.180.1.21/compute/v2.1/servers/269c293a-d0a5-4467-b3f2-67351118f1aa 0.091s
2025-01-13 09:29:53.690 67812 INFO tempest.lib.common.rest_client [req-574107f3-d244-4873-aa23-826828e8b951 req-574107f3-d244-4873-aa23-826828e8b951 ] Request (SecurityGroupsTestJSON:test_list_security_groups_by_server): 200 GET http://10.180.1.21/compute/v2.1/servers/318ea049-c1ce-4e68-9e63-b1990e7050c3 0.118s
2025-01-13 09:29:53.702 67810 INFO tempest.lib.common.rest_client [req-159b51e7-eab0-46ee-b48c-90dbd7f39526 req-159b51e7-eab0-46ee-b48c-90dbd7f39526 ] Request (ServerActionsTestOtherA:setUpClass): 200 GET http://10.180.1.21/compute/v2.1/servers/91fff514-7cbd-4ba7-bdea-d9f2251ef1b8 0.074s
2025-01-13 09:29:53.772 67808 INFO tempest.lib.common.rest_client [req-a9651973-43f1-432f-85b9-59e8ccd8457f req-a9651973-43f1-432f-85b9-59e8ccd8457f ] Request (FloatingIPsAssociationTestJSON:setUpClass): 200 GET http://10.180.1.21/compute/v2.1/servers/c8af1cbe-902d-4af8-b744-7341ec58831c 0.072s
2025-01-13 09:29:53.860 67782 INFO tempest.lib.common.rest_client [req-515bfdc7-18fc-4342-b77e-88c399287943 req-515bfdc7-18fc-4342-b77e-88c399287943 ] Request (ServerGroupTestJSON:_run_cleanups): 200 GET http://10.180.1.21/compute/v2.1/servers/8ea27d3c-dd03-45f6-a5e2-8cf71a4e824c 0.204s
2025-01-13 09:29:53.867 67794 INFO tempest.lib.common.rest_client [req-ae1aed9e-0951-42c1-94a7-c8a2a1630780 req-ae1aed9e-0951-42c1-94a7-c8a2a1630780 ] Request (ServersWithSpecificFlavorTestJSON:test_verify_created_server_ephemeral_disk): 200 GET http://10.180.1.21/compute/v2.1/servers/e09e9a1b-bae2-409d-8aab-eadd387f91cd 0.061s
2025-01-13 09:29:53.958 67802 INFO tempest.lib.common.rest_client [req-f2acf8ea-1346-4544-a57a-55564dd7e010 req-f2acf8ea-1346-4544-a57a-55564dd7e010 ] Request (AttachInterfacesUnderV243Test:_run_cleanups): 200 GET http://10.180.1.21/compute/v2.1/servers/42a83e79-9558-4c38-94a7-50847ca57ea0 0.078s
2025-01-13 09:29:53.959 67778 INFO tempest.lib.common.rest_client [req-a975547e-8a25-4472-b669-f813481a3153 req-a975547e-8a25-4472-b669-f813481a3153 ] Request (ListImageFiltersTestJSON:setUpClass): 200 GET http://10.180.1.21/compute/v2.1/images/e7829dda-ade1-4a99-85c3-71505fdb4679 0.049s
2025-01-13 09:29:54.068 67822 INFO tempest.lib.common.rest_client [req-aa4db3d3-98fb-4503-851c-487cbc980b93 req-aa4db3d3-98fb-4503-851c-487cbc980b93 ] Request (ListServerFiltersTestJSON:setUpClass): 200 GET http://10.180.1.21/compute/v2.1/servers/2f7b66d0-b6ee-4261-a565-cc3e2008f8a4 0.106s
2025-01-13 09:29:54.073 67780 INFO tempest.lib.common.rest_client [req-c6db99e7-62f9-4cd1-905a-6c2e4f474614 req-c6db99e7-62f9-4cd1-905a-6c2e4f474614 ] Request (ImagesOneServerNegativeTestJSON:_run_cleanups): 200 GET http://10.180.1.21/compute/v2.1/servers/69cea9d8-4535-48cb-8e0f-f4b4ba124175 0.081s
2025-01-13 09:29:54.164 67804 INFO tempest.lib.common.rest_client [req-dce73621-546e-45fa-8cf1-6191da6d5e3f req-dce73621-546e-45fa-8cf1-6191da6d5e3f ] Request (ServersAdminTestJSON:test_inject_network_info): 200 GET http://10.180.1.21/compute/v2.1/servers/8716efdd-f12f-47d0-a3df-d26e62495091 0.075s
2025-01-13 09:29:54.214 67788 INFO tempest.lib.common.rest_client [req-52b87c55-4514-4896-b641-ec94e80d4616 req-52b87c55-4514-4896-b641-ec94e80d4616 ] Request (VolumesAdminNegativeTest:test_update_attached_volume_with_nonexistent_volume_in_body): 200 GET http://10.180.1.21/compute/v2.1/servers/cd7ca1ba-b100-455d-8a9e-a540e5fc03a7 0.192s
2025-01-13 09:29:54.226 67788 INFO tempest.common.waiters [-] State transition "BUILD/networking" ==> "BUILD/spawning" after 89 second wait
2025-01-13 09:29:54.231 67772 INFO tempest.lib.common.rest_client [req-3ce36fc2-399d-418a-bbd0-fceed51a0f2f req-3ce36fc2-399d-418a-bbd0-fceed51a0f2f ] Request (ServerShowV247Test:test_update_rebuild_list_server): 200 GET http://10.180.1.21/compute/v2.1/servers/7234e314-198d-4737-ba51-526309ea9940 0.125s
2025-01-13 09:29:54.289 67800 INFO tempest.lib.common.rest_client [req-cc81ab81-843b-46af-8b0b-2b4fba17b9d8 req-cc81ab81-843b-46af-8b0b-2b4fba17b9d8 ] Request (ServersNegativeTestMultiTenantJSON:tearDownClass): 200 GET http://10.180.1.21/compute/v2.1/servers/8dfb1051-c5c0-47c7-9b38-7add404107c6 0.113s
2025-01-13 09:29:54.307 67797 INFO tempest.lib.common.rest_client [req-22def841-a9e7-4839-ba52-25f3a9451790 req-22def841-a9e7-4839-ba52-25f3a9451790 ] Request (ServerRescueTestJSON:test_rescue_unrescue_instance): 200 GET http://10.180.1.21/compute/v2.1/servers/c3ca5df8-c95c-4d04-9679-1b18944759ec 0.133s
2025-01-13 09:29:54.378 67768 INFO tempest.lib.common.rest_client [req-050f462e-bc0c-40a8-8421-c1d466f5ac92 req-050f462e-bc0c-40a8-8421-c1d466f5ac92 ] Request (VolumesAssistedSnapshotsTest:tearDownClass): 200 GET http://10.180.1.21/compute/v2.1/servers/102b1ee3-aea4-4f71-a9fa-5e29fb094a0f 0.133s
2025-01-13 09:29:54.400 67770 INFO tempest.lib.common.rest_client [req-0749bc78-8244-4c2c-ae5b-7d72a9d72d95 req-0749bc78-8244-4c2c-ae5b-7d72a9d72d95 ] Request (ImagesOneServerTestJSON:tearDownClass): 200 GET http://10.180.1.21/compute/v2.1/servers/658b491a-ec14-4a35-b670-64c95081c274 0.127s
2025-01-13 09:29:54.434 67786 INFO tempest.lib.common.rest_client [req-cc928f4a-5d30-4a89-8da8-07eefae76d49 req-cc928f4a-5d30-4a89-8da8-07eefae76d49 ] Request (ServersTestMultiNic:test_verify_duplicate_network_nics): 200 GET http://10.180.1.21/compute/v2.1/servers/69c94c5b-e6f8-4a7a-bef7-7d7a4d135cdb 0.121s
2025-01-13 09:29:54.469 67818 INFO tempest.lib.common.rest_client [req-1c5ea1a9-334a-4598-9b71-1a919961c95b req-1c5ea1a9-334a-4598-9b71-1a919961c95b ] Request (ImagesTestJSON:setUpClass): 200 PUT http://10.180.1.21:9696/networking/v2.0/routers/58f246f1-c256-4184-86fd-a25251d834ba/add_router_interface 1.821s
2025-01-13 09:29:54.469 67818 INFO tempest.lib.common.dynamic_creds [-] Created isolated network resources for: credentials: Credentials: {'domain_id': 'default', 'domain_name': 'Default', 'username': 'tempest-ImagesTestJSON-2107690419-project-member', 'project_domain_id': 'default', 'project_domain_name': 'Default', 'project_id': '033209100e0042c29d6fe811748bbdba', 'project_name': 'tempest-ImagesTestJSON-2107690419', 'tenant_id': '033209100e0042c29d6fe811748bbdba', 'tenant_name': 'tempest-ImagesTestJSON-2107690419', 'user_domain_id': 'default', 'user_domain_name': 'Default', 'user_id': '222bad1fbda94a4c905f4288f77b7677', 'system': None}, Network: {'id': '6527b55a-b854-45d7-afe5-db108bf92694', 'name': 'tempest-ImagesTestJSON-1618520945-network', 'tenant_id': '033209100e0042c29d6fe811748bbdba', 'admin_state_up': True, 'mtu': 8950, 'status': 'ACTIVE', 'subnets': [], 'shared': False, 'project_id': '033209100e0042c29d6fe811748bbdba', 'port_security_enabled': True, 'router:external': False, 'provider:network_type': 'vlan', 'provider:physical_network': 'default', 'provider:segmentation_id': 266, 'availability_zone_hints': [], 'availability_zones': [], 'ipv4_address_scope': None, 'ipv6_address_scope': None, 'description': '', 'tags': [], 'created_at': '2025-01-13T09:29:51Z', 'updated_at': '2025-01-13T09:29:51Z', 'revision_number': 1}, Subnet: {'id': '3b628f08-a0f6-47b6-b054-57f4d75d796d', 'name': 'tempest-ImagesTestJSON-1618520945-subnet', 'tenant_id': '033209100e0042c29d6fe811748bbdba', 'network_id': '6527b55a-b854-45d7-afe5-db108bf92694', 'ip_version': 4, 'subnetpool_id': None, 'enable_dhcp': True, 'ipv6_ra_mode': None, 'ipv6_address_mode': None, 'gateway_ip': '192.168.128.1', 'cidr': '192.168.128.0/28', 'allocation_pools': [{'start': '192.168.128.2', 'end': '192.168.128.14'}], 'host_routes': [], 'dns_nameservers': [], 'description': '', 'router:external': False, 'service_types': [], 'tags': [], 'created_at': '2025-01-13T09:29:51Z', 'updated_at': '2025-01-13T09:29:51Z', 'revision_number': 0, 'project_id': '033209100e0042c29d6fe811748bbdba'}, Router: {'id': '58f246f1-c256-4184-86fd-a25251d834ba', 'name': 'tempest-ImagesTestJSON-1618520945-router', 'tenant_id': '033209100e0042c29d6fe811748bbdba', 'admin_state_up': True, 'status': 'ACTIVE', 'external_gateway_info': {'network_id': 'dfa145b1-2f4c-49ea-9dbc-8cf5158e82fa', 'external_fixed_ips': [{'subnet_id': 'ea60e979-d035-48fb-9002-7186c8a3c2df', 'ip_address': '10.180.180.188'}], 'enable_snat': True}, 'description': '', 'availability_zones': [], 'distributed': False, 'ha': False, 'availability_zone_hints': [], 'routes': [], 'flavor_id': None, 'tags': [], 'created_at': '2025-01-13T09:29:51Z', 'updated_at': '2025-01-13T09:29:52Z', 'revision_number': 2, 'project_id': '033209100e0042c29d6fe811748bbdba'}
2025-01-13 09:29:54.524 67828 INFO tempest.lib.common.rest_client [req-51df27c4-c1a9-40a0-b253-e33657ddc3dc req-51df27c4-c1a9-40a0-b253-e33657ddc3dc ] Request (ServersAaction247Test:test_create_backup): 200 GET http://10.180.1.21/compute/v2.1/servers/0ccdc110-bcca-4804-9b9e-751e53ea9d67 0.064s
2025-01-13 09:29:54.553 67818 INFO tempest.lib.common.rest_client [req-68447087-20c5-4175-8c09-c5e72a4aa434 req-68447087-20c5-4175-8c09-c5e72a4aa434 ] Request (ImagesTestJSON:setUpClass): 201 POST http://10.180.1.21/identity/v3/auth/tokens 0.080s
2025-01-13 09:29:54.568 67826 INFO tempest.lib.common.rest_client [req-320b7a4a-6510-4dd5-9421-86ad660dbe8b req-320b7a4a-6510-4dd5-9421-86ad660dbe8b ] Request (ServerPasswordTestJSON:setUpClass): 200 GET http://10.180.1.21/compute/v2.1/servers/042bd6d1-d788-4171-885c-e93a46af43a7 0.069s
2025-01-13 09:29:54.583 67818 INFO tempest.lib.common.rest_client [req-b19aabde-0e74-4094-addb-aab166e2fb65 req-b19aabde-0e74-4094-addb-aab166e2fb65 ] Request (ImagesTestJSON:test_create_image_from_stopped_server): 201 POST http://10.180.1.21/identity/v3/auth/tokens 0.026s
2025-01-13 09:29:54.584 67818 INFO tempest.lib.common.fixed_network [-] (ImagesTestJSON:test_create_image_from_stopped_server) Found network {'id': '6527b55a-b854-45d7-afe5-db108bf92694', 'name': 'tempest-ImagesTestJSON-1618520945-network', 'tenant_id': '033209100e0042c29d6fe811748bbdba', 'admin_state_up': True, 'mtu': 8950, 'status': 'ACTIVE', 'subnets': [], 'shared': False, 'project_id': '033209100e0042c29d6fe811748bbdba', 'port_security_enabled': True, 'router:external': False, 'provider:network_type': 'vlan', 'provider:physical_network': 'default', 'provider:segmentation_id': 266, 'availability_zone_hints': [], 'availability_zones': [], 'ipv4_address_scope': None, 'ipv6_address_scope': None, 'description': '', 'tags': [], 'created_at': '2025-01-13T09:29:51Z', 'updated_at': '2025-01-13T09:29:51Z', 'revision_number': 1} available for tenant
2025-01-13 09:29:54.630 67806 WARNING tempest.lib.common.ssh [-] Failed to establish authenticated ssh connection to cirros@10.180.180.202 ([Errno None] Unable to connect to port 22 on 10.180.180.202). Number attempts: 9. Retry after 10 seconds.: paramiko.ssh_exception.NoValidConnectionsError: [Errno None] Unable to connect to port 22 on 10.180.180.202
2025-01-13 09:29:54.667 67816 INFO tempest.lib.common.rest_client [req-a648b96a-4218-4af0-8b59-95bab2d9c98e req-a648b96a-4218-4af0-8b59-95bab2d9c98e ] Request (MigrationsAdminTest:test_resize_server_revert_deleted_flavor): 200 GET http://10.180.1.21/compute/v2.1/servers/269c293a-d0a5-4467-b3f2-67351118f1aa 0.060s
2025-01-13 09:29:54.842 67812 INFO tempest.lib.common.rest_client [req-bd393fdd-8a2a-4f42-84b1-7f094d0df544 req-bd393fdd-8a2a-4f42-84b1-7f094d0df544 ] Request (SecurityGroupsTestJSON:test_list_security_groups_by_server): 200 GET http://10.180.1.21/compute/v2.1/servers/318ea049-c1ce-4e68-9e63-b1990e7050c3 0.143s
2025-01-13 09:29:54.895 67810 INFO tempest.lib.common.rest_client [req-0f8f9653-eeaf-4bed-862e-abf2d149e2b1 req-0f8f9653-eeaf-4bed-862e-abf2d149e2b1 ] Request (ServerActionsTestOtherA:setUpClass): 200 GET http://10.180.1.21/compute/v2.1/servers/91fff514-7cbd-4ba7-bdea-d9f2251ef1b8 0.181s
2025-01-13 09:29:54.947 67808 INFO tempest.lib.common.rest_client [req-3ddd1bcf-c88d-4e88-95bf-3d5a33a14cb4 req-3ddd1bcf-c88d-4e88-95bf-3d5a33a14cb4 ] Request (FloatingIPsAssociationTestJSON:setUpClass): 200 GET http://10.180.1.21/compute/v2.1/servers/c8af1cbe-902d-4af8-b744-7341ec58831c 0.166s
2025-01-13 09:29:54.954 67808 INFO tempest.common.waiters [-] State transition "BUILD/scheduling" ==> "BUILD/None" after 58 second wait
2025-01-13 09:29:55.051 67818 INFO tempest.lib.common.rest_client [req-ca7d8923-db47-40cc-8a9e-4bdef48aa680 req-ca7d8923-db47-40cc-8a9e-4bdef48aa680 ] Request (ImagesTestJSON:test_create_image_from_stopped_server): 202 POST http://10.180.1.21/compute/v2.1/servers 0.466s
2025-01-13 09:29:55.121 67782 INFO tempest.lib.common.rest_client [req-916225df-3d55-4b50-a64e-16ecd00afcfb req-916225df-3d55-4b50-a64e-16ecd00afcfb ] Request (ServerGroupTestJSON:_run_cleanups): 200 GET http://10.180.1.21/compute/v2.1/servers/8ea27d3c-dd03-45f6-a5e2-8cf71a4e824c 0.251s
2025-01-13 09:29:55.157 67794 INFO tempest.lib.common.rest_client [req-08c644ee-ba94-4c6c-a6a0-8e64c5281747 req-08c644ee-ba94-4c6c-a6a0-8e64c5281747 ] Request (ServersWithSpecificFlavorTestJSON:test_verify_created_server_ephemeral_disk): 200 GET http://10.180.1.21/compute/v2.1/servers/e09e9a1b-bae2-409d-8aab-eadd387f91cd 0.282s
2025-01-13 09:29:55.178 67778 INFO tempest.lib.common.rest_client [req-10a98704-b699-4357-9b93-79b0c40efed2 req-10a98704-b699-4357-9b93-79b0c40efed2 ] Request (ListImageFiltersTestJSON:setUpClass): 200 GET http://10.180.1.21/compute/v2.1/images/e7829dda-ade1-4a99-85c3-71505fdb4679 0.216s
2025-01-13 09:29:55.246 67818 INFO tempest.lib.common.rest_client [req-358880bf-10fd-4b47-876a-23049b1f9a01 req-358880bf-10fd-4b47-876a-23049b1f9a01 ] Request (ImagesTestJSON:test_create_image_from_stopped_server): 200 GET http://10.180.1.21/compute/v2.1/servers/5d522939-f78b-46cf-b951-fe98e6aeadaa 0.193s
2025-01-13 09:29:55.279 67802 INFO tempest.lib.common.rest_client [req-c0f87e88-d322-426b-81ac-1ba6f15c9164 req-c0f87e88-d322-426b-81ac-1ba6f15c9164 ] Request (AttachInterfacesUnderV243Test:_run_cleanups): 200 GET http://10.180.1.21/compute/v2.1/servers/42a83e79-9558-4c38-94a7-50847ca57ea0 0.310s
2025-01-13 09:29:55.366 67780 INFO tempest.lib.common.rest_client [req-f6ed5106-aadb-4710-9b8f-e63167be16c0 req-f6ed5106-aadb-4710-9b8f-e63167be16c0 ] Request (ImagesOneServerNegativeTestJSON:_run_cleanups): 200 GET http://10.180.1.21/compute/v2.1/servers/69cea9d8-4535-48cb-8e0f-f4b4ba124175 0.280s
