2025-01-13 09:29:24.174 67770 INFO tempest.lib.common.rest_client [req-357a64b2-5eca-4cdc-a222-7a6757ee35a6 req-357a64b2-5eca-4cdc-a222-7a6757ee35a6 ] Request (ImagesOneServerTestJSON:test_create_image_specify_multibyte_character_image_name): 200 GET http://10.180.1.21/compute/v2.1/images/c1a3e6f2-f39a-4961-9305-b23e5c110e99 0.049s
2025-01-13 09:29:24.216 67810 INFO tempest.lib.common.rest_client [req-ad497d57-a8ad-4771-af5a-7b010b228071 req-ad497d57-a8ad-4771-af5a-7b010b228071 ] Request (ServerActionsTestOtherA:setUpClass): 200 GET http://10.180.1.21/compute/v2.1/servers/91fff514-7cbd-4ba7-bdea-d9f2251ef1b8 0.077s
2025-01-13 09:29:24.243 67778 INFO tempest.lib.common.rest_client [req-b1f8448b-8770-4693-b206-40892dd9cf30 req-b1f8448b-8770-4693-b206-40892dd9cf30 ] Request (ListImageFiltersTestJSON:setUpClass): 200 GET http://10.180.1.21/compute/v2.1/servers/d89bf374-605f-4f2d-a262-b18552959845 0.054s
2025-01-13 09:29:24.270 67828 INFO tempest.lib.common.rest_client [req-ca78cefe-60c6-4b94-982c-de03143f014d req-ca78cefe-60c6-4b94-982c-de03143f014d ] Request (ServersAdminNegativeTestJSON:tearDownClass): 200 GET http://10.180.1.21/compute/v2.1/servers/259d67e5-975e-41fb-87fa-1a3148391e05 0.080s
2025-01-13 09:29:24.291 67780 INFO tempest.lib.common.rest_client [req-f22ff5d9-26b1-42c7-b573-0789352bf785 req-f22ff5d9-26b1-42c7-b573-0789352bf785 ] Request (ImagesOneServerNegativeTestJSON:_run_cleanups): 200 GET http://10.180.1.21/compute/v2.1/servers/69cea9d8-4535-48cb-8e0f-f4b4ba124175 0.050s
2025-01-13 09:29:24.315 67808 INFO tempest.lib.common.rest_client [req-adab3ffa-906a-4ff6-80a9-713209f5113e req-adab3ffa-906a-4ff6-80a9-713209f5113e ] Request (FloatingIPsAssociationTestJSON:setUpClass): 200 GET http://10.180.1.21/compute/v2.1/servers/c8af1cbe-902d-4af8-b744-7341ec58831c 0.065s
2025-01-13 09:29:24.445 67784 INFO tempest.lib.common.rest_client [req-7c576f0f-8567-4681-a450-8ae3ec849e5a req-7c576f0f-8567-4681-a450-8ae3ec849e5a ] Request (ServerTagsTestJSON:tearDownClass): 200 GET http://10.180.1.21/compute/v2.1/servers/29124931-d28f-4336-934d-ecba302a33e3 0.066s
2025-01-13 09:29:24.474 67788 INFO tempest.lib.common.rest_client [req-4deb6f7f-4c2d-4e40-976b-37268e99929c req-4deb6f7f-4c2d-4e40-976b-37268e99929c ] Request (VolumesAdminNegativeTest:test_update_attached_volume_with_nonexistent_volume_in_body): 200 GET http://10.180.1.21/compute/v2.1/servers/cd7ca1ba-b100-455d-8a9e-a540e5fc03a7 0.060s
2025-01-13 09:29:24.536 67772 INFO tempest.lib.common.rest_client [req-0b6f3dcb-3bb2-401f-a161-48701907dfdf req-0b6f3dcb-3bb2-401f-a161-48701907dfdf ] Request (ServerShowV247Test:test_update_rebuild_list_server): 200 GET http://10.180.1.21/compute/v2.1/servers/7234e314-198d-4737-ba51-526309ea9940 0.055s
2025-01-13 09:29:24.564 67800 INFO tempest.lib.common.rest_client [req-d59b8a1f-469e-42df-b0f6-d6d6a7f5c607 req-d59b8a1f-469e-42df-b0f6-d6d6a7f5c607 ] Request (ServersNegativeTestMultiTenantJSON:tearDownClass): 200 GET http://10.180.1.21/compute/v2.1/servers/8dfb1051-c5c0-47c7-9b38-7add404107c6 0.066s
2025-01-13 09:29:24.594 67797 INFO tempest.lib.common.rest_client [req-75f11218-1399-4661-8d29-fd4d9e16db73 req-75f11218-1399-4661-8d29-fd4d9e16db73 ] Request (ServerRescueTestJSON:test_rescue_unrescue_instance): 200 GET http://10.180.1.21/compute/v2.1/servers/c3ca5df8-c95c-4d04-9679-1b18944759ec 0.055s
2025-01-13 09:29:24.637 67824 INFO tempest.lib.common.rest_client [req-fa25fa9d-6c59-4e01-a8c8-348c0d7a7c6e req-fa25fa9d-6c59-4e01-a8c8-348c0d7a7c6e ] Request (ServerDiagnosticsV248Test:tearDownClass): 200 GET http://10.180.1.21/compute/v2.1/servers/dcfde382-f4dc-4de3-a8f7-ee3d1cc37a81 0.074s
2025-01-13 09:29:24.917 67804 INFO tempest.lib.common.rest_client [req-bcfac470-ceb5-4fa9-874d-c6b26a4d119d req-bcfac470-ceb5-4fa9-874d-c6b26a4d119d ] Request (ServersAdminTestJSON:test_inject_network_info): 200 GET http://10.180.1.21/compute/v2.1/servers/8716efdd-f12f-47d0-a3df-d26e62495091 0.051s
2025-01-13 09:29:24.930 67782 INFO tempest.lib.common.rest_client [req-f51ea56e-abbd-4797-9651-eb2ac8e7e646 req-f51ea56e-abbd-4797-9651-eb2ac8e7e646 ] Request (ServerGroupTestJSON:test_create_server_with_scheduler_hint_group): 200 GET http://10.180.1.21/compute/v2.1/servers/8ea27d3c-dd03-45f6-a5e2-8cf71a4e824c 0.289s
2025-01-13 09:29:24.967 67822 INFO tempest.lib.common.rest_client [req-7cc6157b-397a-4d0d-a15d-230674b82294 req-7cc6157b-397a-4d0d-a15d-230674b82294 ] Request (ListServerFiltersTestJSON:setUpClass): 200 GET http://10.180.1.21/compute/v2.1/servers/2f7b66d0-b6ee-4261-a565-cc3e2008f8a4 0.051s
2025-01-13 09:29:25.056 67818 INFO tempest.lib.common.rest_client [req-51169262-acda-4671-91b0-ee76123e1919 req-51169262-acda-4671-91b0-ee76123e1919 ] Request (DeleteServersAdminTestJSON:test_delete_server_while_in_error_state): 200 GET http://10.180.1.21/compute/v2.1/servers/de830fe1-9542-433f-bc92-6197cd691de7 0.056s
2025-01-13 09:29:25.106 67812 INFO tempest.lib.common.rest_client [req-4fdf2994-659f-4958-84c0-871562af9781 req-4fdf2994-659f-4958-84c0-871562af9781 ] Request (SecurityGroupsTestJSON:test_list_security_groups_by_server): 200 GET http://10.180.1.21/compute/v2.1/servers/318ea049-c1ce-4e68-9e63-b1990e7050c3 0.053s
2025-01-13 09:29:25.159 67826 INFO tempest.lib.common.rest_client [req-201cca4e-eeef-4aa8-b26b-64581b5c0106 req-201cca4e-eeef-4aa8-b26b-64581b5c0106 ] Request (ServerPasswordTestJSON:setUpClass): 200 GET http://10.180.1.21/compute/v2.1/servers/042bd6d1-d788-4171-885c-e93a46af43a7 0.054s
2025-01-13 09:29:25.168 67790 INFO tempest.lib.common.rest_client [req-773503bc-9645-4594-b111-262fff32e26a req-773503bc-9645-4594-b111-262fff32e26a ] Request (ServerActionsV293TestJSON:setUpClass): 200 GET http://10.180.1.21/compute/v2.1/servers/65e59681-f925-4ec0-8ac1-0ded9fcc7947 0.054s
2025-01-13 09:29:25.206 67786 INFO tempest.lib.common.rest_client [req-84b6744a-846a-4189-b97f-e569b7717778 req-84b6744a-846a-4189-b97f-e569b7717778 ] Request (ServersTestMultiNic:test_verify_duplicate_network_nics): 200 GET http://10.180.1.21/compute/v2.1/servers/69c94c5b-e6f8-4a7a-bef7-7d7a4d135cdb 0.056s
2025-01-13 09:29:25.229 67816 INFO tempest.lib.common.rest_client [req-6e3526bd-6772-4c3d-a5d4-94bed3a7ddd6 req-6e3526bd-6772-4c3d-a5d4-94bed3a7ddd6 ] Request (MigrationsAdminTest:test_resize_server_revert_deleted_flavor): 200 GET http://10.180.1.21/compute/v2.1/servers/269c293a-d0a5-4467-b3f2-67351118f1aa 0.053s
2025-01-13 09:29:25.234 67770 INFO tempest.lib.common.rest_client [req-52e098cf-4461-4eb1-b3bc-a7bc5e9bfb23 req-52e098cf-4461-4eb1-b3bc-a7bc5e9bfb23 ] Request (ImagesOneServerTestJSON:test_create_image_specify_multibyte_character_image_name): 200 GET http://10.180.1.21/compute/v2.1/images/c1a3e6f2-f39a-4961-9305-b23e5c110e99 0.056s
2025-01-13 09:29:25.287 67810 INFO tempest.lib.common.rest_client [req-3f4c7efd-2d4d-4200-88ec-94ccb615ef40 req-3f4c7efd-2d4d-4200-88ec-94ccb615ef40 ] Request (ServerActionsTestOtherA:setUpClass): 200 GET http://10.180.1.21/compute/v2.1/servers/91fff514-7cbd-4ba7-bdea-d9f2251ef1b8 0.063s
2025-01-13 09:29:25.307 67778 INFO tempest.lib.common.rest_client [req-67748964-fdda-4117-9b34-9c0fdca9d6ba req-67748964-fdda-4117-9b34-9c0fdca9d6ba ] Request (ListImageFiltersTestJSON:setUpClass): 200 GET http://10.180.1.21/compute/v2.1/servers/d89bf374-605f-4f2d-a262-b18552959845 0.055s
2025-01-13 09:29:25.347 67828 INFO tempest.lib.common.rest_client [req-8faed0ff-70e3-4bdb-94fd-9385dd1a26d0 req-8faed0ff-70e3-4bdb-94fd-9385dd1a26d0 ] Request (ServersAdminNegativeTestJSON:tearDownClass): 200 GET http://10.180.1.21/compute/v2.1/servers/259d67e5-975e-41fb-87fa-1a3148391e05 0.069s
2025-01-13 09:29:25.356 67780 INFO tempest.lib.common.rest_client [req-10774dfd-96d4-4fb7-b994-3c0928b54581 req-10774dfd-96d4-4fb7-b994-3c0928b54581 ] Request (ImagesOneServerNegativeTestJSON:_run_cleanups): 200 GET http://10.180.1.21/compute/v2.1/servers/69cea9d8-4535-48cb-8e0f-f4b4ba124175 0.057s
2025-01-13 09:29:25.394 67808 INFO tempest.lib.common.rest_client [req-9413901b-fef3-463e-8b7d-053b853e950c req-9413901b-fef3-463e-8b7d-053b853e950c ] Request (FloatingIPsAssociationTestJSON:setUpClass): 200 GET http://10.180.1.21/compute/v2.1/servers/c8af1cbe-902d-4af8-b744-7341ec58831c 0.070s
2025-01-13 09:29:25.515 67784 INFO tempest.lib.common.rest_client [req-2d7952a8-48a3-4b6b-a507-ef201ccacb35 req-2d7952a8-48a3-4b6b-a507-ef201ccacb35 ] Request (ServerTagsTestJSON:tearDownClass): 200 GET http://10.180.1.21/compute/v2.1/servers/29124931-d28f-4336-934d-ecba302a33e3 0.061s
2025-01-13 09:29:25.533 67788 INFO tempest.lib.common.rest_client [req-19f12820-f791-436d-a096-092dfca7935d req-19f12820-f791-436d-a096-092dfca7935d ] Request (VolumesAdminNegativeTest:test_update_attached_volume_with_nonexistent_volume_in_body): 200 GET http://10.180.1.21/compute/v2.1/servers/cd7ca1ba-b100-455d-8a9e-a540e5fc03a7 0.051s
2025-01-13 09:29:25.598 67772 INFO tempest.lib.common.rest_client [req-3e356900-c7b8-4e06-9373-ba12bf34ddf1 req-3e356900-c7b8-4e06-9373-ba12bf34ddf1 ] Request (ServerShowV247Test:test_update_rebuild_list_server): 200 GET http://10.180.1.21/compute/v2.1/servers/7234e314-198d-4737-ba51-526309ea9940 0.053s
2025-01-13 09:29:25.630 67800 INFO tempest.lib.common.rest_client [req-7673dd15-9d7e-4a6d-af13-3155e65dbed8 req-7673dd15-9d7e-4a6d-af13-3155e65dbed8 ] Request (ServersNegativeTestMultiTenantJSON:tearDownClass): 200 GET http://10.180.1.21/compute/v2.1/servers/8dfb1051-c5c0-47c7-9b38-7add404107c6 0.057s
2025-01-13 09:29:25.652 67797 INFO tempest.lib.common.rest_client [req-d1abccac-01d8-49e6-b169-9936c838c6d6 req-d1abccac-01d8-49e6-b169-9936c838c6d6 ] Request (ServerRescueTestJSON:test_rescue_unrescue_instance): 200 GET http://10.180.1.21/compute/v2.1/servers/c3ca5df8-c95c-4d04-9679-1b18944759ec 0.050s
2025-01-13 09:29:25.710 67824 INFO tempest.lib.common.rest_client [req-09f6844f-e152-4933-bae5-9e85c4bf30e1 req-09f6844f-e152-4933-bae5-9e85c4bf30e1 ] Request (ServerDiagnosticsV248Test:tearDownClass): 200 GET http://10.180.1.21/compute/v2.1/servers/dcfde382-f4dc-4de3-a8f7-ee3d1cc37a81 0.062s
2025-01-13 09:29:25.977 67804 INFO tempest.lib.common.rest_client [req-255b3b85-163a-49b4-b038-da7d3162a45a req-255b3b85-163a-49b4-b038-da7d3162a45a ] Request (ServersAdminTestJSON:test_inject_network_info): 200 GET http://10.180.1.21/compute/v2.1/servers/8716efdd-f12f-47d0-a3df-d26e62495091 0.052s
2025-01-13 09:29:25.989 67782 INFO tempest.lib.common.rest_client [req-9b08780a-6640-4999-ab61-aa64ea1c78b1 req-9b08780a-6640-4999-ab61-aa64ea1c78b1 ] Request (ServerGroupTestJSON:test_create_server_with_scheduler_hint_group): 200 GET http://10.180.1.21/compute/v2.1/servers/8ea27d3c-dd03-45f6-a5e2-8cf71a4e824c 0.050s
2025-01-13 09:29:26.023 67822 INFO tempest.lib.common.rest_client [req-2b250721-17c2-45ce-8f1a-43bf98654e38 req-2b250721-17c2-45ce-8f1a-43bf98654e38 ] Request (ListServerFiltersTestJSON:setUpClass): 200 GET http://10.180.1.21/compute/v2.1/servers/2f7b66d0-b6ee-4261-a565-cc3e2008f8a4 0.049s
2025-01-13 09:29:26.120 67818 INFO tempest.lib.common.rest_client [req-eb114bae-8437-41c6-9546-5ce459b870c4 req-eb114bae-8437-41c6-9546-5ce459b870c4 ] Request (DeleteServersAdminTestJSON:test_delete_server_while_in_error_state): 200 GET http://10.180.1.21/compute/v2.1/servers/de830fe1-9542-433f-bc92-6197cd691de7 0.056s
2025-01-13 09:29:26.164 67812 INFO tempest.lib.common.rest_client [req-a9007217-04e0-494b-a8ca-e8018c086ada req-a9007217-04e0-494b-a8ca-e8018c086ada ] Request (SecurityGroupsTestJSON:test_list_security_groups_by_server): 200 GET http://10.180.1.21/compute/v2.1/servers/318ea049-c1ce-4e68-9e63-b1990e7050c3 0.049s
2025-01-13 09:29:26.217 67826 INFO tempest.lib.common.rest_client [req-61417db4-809c-4ffc-8e53-5d5dec8fca11 req-61417db4-809c-4ffc-8e53-5d5dec8fca11 ] Request (ServerPasswordTestJSON:setUpClass): 200 GET http://10.180.1.21/compute/v2.1/servers/042bd6d1-d788-4171-885c-e93a46af43a7 0.051s
2025-01-13 09:29:26.230 67790 INFO tempest.lib.common.rest_client [req-6c306ed7-2bf3-4ef6-9df6-96c59591fc33 req-6c306ed7-2bf3-4ef6-9df6-96c59591fc33 ] Request (ServerActionsV293TestJSON:setUpClass): 200 GET http://10.180.1.21/compute/v2.1/servers/65e59681-f925-4ec0-8ac1-0ded9fcc7947 0.052s
2025-01-13 09:29:26.262 67786 INFO tempest.lib.common.rest_client [req-e6b11f76-73a0-4712-9acf-6a8905ff865b req-e6b11f76-73a0-4712-9acf-6a8905ff865b ] Request (ServersTestMultiNic:test_verify_duplicate_network_nics): 200 GET http://10.180.1.21/compute/v2.1/servers/69c94c5b-e6f8-4a7a-bef7-7d7a4d135cdb 0.046s
2025-01-13 09:29:26.282 67816 INFO tempest.lib.common.rest_client [req-3849b369-80bb-4a0b-bd26-8629164cb03a req-3849b369-80bb-4a0b-bd26-8629164cb03a ] Request (MigrationsAdminTest:test_resize_server_revert_deleted_flavor): 200 GET http://10.180.1.21/compute/v2.1/servers/269c293a-d0a5-4467-b3f2-67351118f1aa 0.045s
2025-01-13 09:29:26.290 67770 INFO tempest.lib.common.rest_client [req-cfdb9436-d843-4839-a3f5-af867a3ba531 req-cfdb9436-d843-4839-a3f5-af867a3ba531 ] Request (ImagesOneServerTestJSON:test_create_image_specify_multibyte_character_image_name): 200 GET http://10.180.1.21/compute/v2.1/images/c1a3e6f2-f39a-4961-9305-b23e5c110e99 0.052s
2025-01-13 09:29:26.325 67770 INFO tempest.lib.common.rest_client [req-71614d26-3c18-4cdc-9f50-fb2a74a87050 req-71614d26-3c18-4cdc-9f50-fb2a74a87050 ] Request (ImagesOneServerTestJSON:test_create_image_specify_multibyte_character_image_name): 200 GET http://10.180.1.21/compute/v2.1/images/c1a3e6f2-f39a-4961-9305-b23e5c110e99 0.032s
2025-01-13 09:29:26.345 67810 INFO tempest.lib.common.rest_client [req-e39bc912-ec7b-4d65-b11f-283f78b48f0a req-e39bc912-ec7b-4d65-b11f-283f78b48f0a ] Request (ServerActionsTestOtherA:setUpClass): 200 GET http://10.180.1.21/compute/v2.1/servers/91fff514-7cbd-4ba7-bdea-d9f2251ef1b8 0.047s
2025-01-13 09:29:26.372 67778 INFO tempest.lib.common.rest_client [req-6e47a4a3-246c-4068-ad27-a92ddfe939c2 req-6e47a4a3-246c-4068-ad27-a92ddfe939c2 ] Request (ListImageFiltersTestJSON:setUpClass): 200 GET http://10.180.1.21/compute/v2.1/servers/d89bf374-605f-4f2d-a262-b18552959845 0.057s
2025-01-13 09:29:26.429 67828 INFO tempest.lib.common.rest_client [req-c137e1b9-6f05-4b68-ba9f-33c6996bf661 req-c137e1b9-6f05-4b68-ba9f-33c6996bf661 ] Request (ServersAdminNegativeTestJSON:tearDownClass): 200 GET http://10.180.1.21/compute/v2.1/servers/259d67e5-975e-41fb-87fa-1a3148391e05 0.074s
2025-01-13 09:29:26.478 67770 INFO tempest.lib.common.rest_client [req-06ef27e4-7300-4f15-97b3-a358de181303 req-06ef27e4-7300-4f15-97b3-a358de181303 ] Request (ImagesOneServerTestJSON:test_create_image_specify_multibyte_character_image_name): 200 GET http://10.180.1.21/compute/v2.1/servers/658b491a-ec14-4a35-b670-64c95081c274 0.149s
2025-01-13 09:29:26.478 67780 INFO tempest.lib.common.rest_client [req-de247a13-df32-44ce-a504-abd3c7c6da17 req-de247a13-df32-44ce-a504-abd3c7c6da17 ] Request (ImagesOneServerNegativeTestJSON:_run_cleanups): 200 GET http://10.180.1.21/compute/v2.1/servers/69cea9d8-4535-48cb-8e0f-f4b4ba124175 0.113s
2025-01-13 09:29:26.522 67808 INFO tempest.lib.common.rest_client [req-1f3e6918-8c92-4e62-8173-6d574dd5aeb0 req-1f3e6918-8c92-4e62-8173-6d574dd5aeb0 ] Request (FloatingIPsAssociationTestJSON:setUpClass): 200 GET http://10.180.1.21/compute/v2.1/servers/c8af1cbe-902d-4af8-b744-7341ec58831c 0.119s
2025-01-13 09:29:26.584 67784 INFO tempest.lib.common.rest_client [req-de94fcc8-13f7-402a-9b83-d74c15a16a01 req-de94fcc8-13f7-402a-9b83-d74c15a16a01 ] Request (ServerTagsTestJSON:tearDownClass): 200 GET http://10.180.1.21/compute/v2.1/servers/29124931-d28f-4336-934d-ecba302a33e3 0.058s
2025-01-13 09:29:26.586 67788 INFO tempest.lib.common.rest_client [req-916e62c0-4934-4871-b65d-482d66cbd91d req-916e62c0-4934-4871-b65d-482d66cbd91d ] Request (VolumesAdminNegativeTest:test_update_attached_volume_with_nonexistent_volume_in_body): 200 GET http://10.180.1.21/compute/v2.1/servers/cd7ca1ba-b100-455d-8a9e-a540e5fc03a7 0.046s
2025-01-13 09:29:26.657 67772 INFO tempest.lib.common.rest_client [req-6170f3a6-0477-4a6f-bea2-10fcf471bd90 req-6170f3a6-0477-4a6f-bea2-10fcf471bd90 ] Request (ServerShowV247Test:test_update_rebuild_list_server): 200 GET http://10.180.1.21/compute/v2.1/servers/7234e314-198d-4737-ba51-526309ea9940 0.048s
2025-01-13 09:29:26.699 67800 INFO tempest.lib.common.rest_client [req-aa42e585-47d9-4656-abef-5acd595ccfe6 req-aa42e585-47d9-4656-abef-5acd595ccfe6 ] Request (ServersNegativeTestMultiTenantJSON:tearDownClass): 200 GET http://10.180.1.21/compute/v2.1/servers/8dfb1051-c5c0-47c7-9b38-7add404107c6 0.058s
2025-01-13 09:29:26.706 67797 INFO tempest.lib.common.rest_client [req-401ca180-c01b-4bb6-b488-c54e84d67fb7 req-401ca180-c01b-4bb6-b488-c54e84d67fb7 ] Request (ServerRescueTestJSON:test_rescue_unrescue_instance): 200 GET http://10.180.1.21/compute/v2.1/servers/c3ca5df8-c95c-4d04-9679-1b18944759ec 0.047s
2025-01-13 09:29:26.774 67824 INFO tempest.lib.common.rest_client [req-93f86137-531b-45e3-bb91-0ffb034ce708 req-93f86137-531b-45e3-bb91-0ffb034ce708 ] Request (ServerDiagnosticsV248Test:tearDownClass): 200 GET http://10.180.1.21/compute/v2.1/servers/dcfde382-f4dc-4de3-a8f7-ee3d1cc37a81 0.056s
2025-01-13 09:29:26.998 67802 WARNING tempest.lib.common.ssh [-] Failed to establish authenticated ssh connection to cirros@10.180.180.245 ([Errno None] Unable to connect to port 22 on 10.180.180.245). Number attempts: 10. Retry after 11 seconds.: paramiko.ssh_exception.NoValidConnectionsError: [Errno None] Unable to connect to port 22 on 10.180.180.245
2025-01-13 09:29:27.032 67804 INFO tempest.lib.common.rest_client [req-af608da5-f19b-4e12-8374-2fa9f828f9a8 req-af608da5-f19b-4e12-8374-2fa9f828f9a8 ] Request (ServersAdminTestJSON:test_inject_network_info): 200 GET http://10.180.1.21/compute/v2.1/servers/8716efdd-f12f-47d0-a3df-d26e62495091 0.048s
2025-01-13 09:29:27.047 67782 INFO tempest.lib.common.rest_client [req-47bc1fc2-dc1a-43b7-a8a8-b916b4875123 req-47bc1fc2-dc1a-43b7-a8a8-b916b4875123 ] Request (ServerGroupTestJSON:test_create_server_with_scheduler_hint_group): 200 GET http://10.180.1.21/compute/v2.1/servers/8ea27d3c-dd03-45f6-a5e2-8cf71a4e824c 0.050s
2025-01-13 09:29:27.083 67822 INFO tempest.lib.common.rest_client [req-a3576080-7ddf-471f-a265-919f7b7d6b49 req-a3576080-7ddf-471f-a265-919f7b7d6b49 ] Request (ListServerFiltersTestJSON:setUpClass): 200 GET http://10.180.1.21/compute/v2.1/servers/2f7b66d0-b6ee-4261-a565-cc3e2008f8a4 0.049s
2025-01-13 09:29:27.181 67818 INFO tempest.lib.common.rest_client [req-9ff7cb58-fcb5-4797-9ae3-f3efbac58d4e req-9ff7cb58-fcb5-4797-9ae3-f3efbac58d4e ] Request (DeleteServersAdminTestJSON:test_delete_server_while_in_error_state): 200 GET http://10.180.1.21/compute/v2.1/servers/de830fe1-9542-433f-bc92-6197cd691de7 0.053s
2025-01-13 09:29:27.219 67812 INFO tempest.lib.common.rest_client [req-c9bd6caf-fb91-4225-9940-3d9781a73c8c req-c9bd6caf-fb91-4225-9940-3d9781a73c8c ] Request (SecurityGroupsTestJSON:test_list_security_groups_by_server): 200 GET http://10.180.1.21/compute/v2.1/servers/318ea049-c1ce-4e68-9e63-b1990e7050c3 0.047s
2025-01-13 09:29:27.271 67826 INFO tempest.lib.common.rest_client [req-da7ae964-2866-4d9b-8328-9e997454985e req-da7ae964-2866-4d9b-8328-9e997454985e ] Request (ServerPasswordTestJSON:setUpClass): 200 GET http://10.180.1.21/compute/v2.1/servers/042bd6d1-d788-4171-885c-e93a46af43a7 0.046s
2025-01-13 09:29:27.292 67790 INFO tempest.lib.common.rest_client [req-68ab1e10-99c3-47c7-95e2-5147d661327f req-68ab1e10-99c3-47c7-95e2-5147d661327f ] Request (ServerActionsV293TestJSON:setUpClass): 200 GET http://10.180.1.21/compute/v2.1/servers/65e59681-f925-4ec0-8ac1-0ded9fcc7947 0.051s
2025-01-13 09:29:27.312 67786 INFO tempest.lib.common.rest_client [req-9cc1bd15-3102-45c6-a650-c4dc32c331cc req-9cc1bd15-3102-45c6-a650-c4dc32c331cc ] Request (ServersTestMultiNic:test_verify_duplicate_network_nics): 200 GET http://10.180.1.21/compute/v2.1/servers/69c94c5b-e6f8-4a7a-bef7-7d7a4d135cdb 0.043s
2025-01-13 09:29:27.335 67816 INFO tempest.lib.common.rest_client [req-e1c12e8c-34c1-4724-91e7-9867b6e8b0c1 req-e1c12e8c-34c1-4724-91e7-9867b6e8b0c1 ] Request (MigrationsAdminTest:test_resize_server_revert_deleted_flavor): 200 GET http://10.180.1.21/compute/v2.1/servers/269c293a-d0a5-4467-b3f2-67351118f1aa 0.045s
2025-01-13 09:29:27.404 67810 INFO tempest.lib.common.rest_client [req-09f4e27f-4b86-4356-b00e-e85938620b5f req-09f4e27f-4b86-4356-b00e-e85938620b5f ] Request (ServerActionsTestOtherA:setUpClass): 200 GET http://10.180.1.21/compute/v2.1/servers/91fff514-7cbd-4ba7-bdea-d9f2251ef1b8 0.051s
2025-01-13 09:29:27.427 67778 INFO tempest.lib.common.rest_client [req-0867d31d-b5d9-4f7f-b648-28c3a37be616 req-0867d31d-b5d9-4f7f-b648-28c3a37be616 ] Request (ListImageFiltersTestJSON:setUpClass): 200 GET http://10.180.1.21/compute/v2.1/servers/d89bf374-605f-4f2d-a262-b18552959845 0.046s
2025-01-13 09:29:27.490 67828 INFO tempest.lib.common.rest_client [req-e92c80db-9705-438f-ba99-341cea94a773 req-e92c80db-9705-438f-ba99-341cea94a773 ] Request (ServersAdminNegativeTestJSON:tearDownClass): 200 GET http://10.180.1.21/compute/v2.1/servers/259d67e5-975e-41fb-87fa-1a3148391e05 0.053s
2025-01-13 09:29:27.531 67780 INFO tempest.lib.common.rest_client [req-248e94aa-15a6-49d7-a57f-9ac1121f4649 req-248e94aa-15a6-49d7-a57f-9ac1121f4649 ] Request (ImagesOneServerNegativeTestJSON:_run_cleanups): 200 GET http://10.180.1.21/compute/v2.1/servers/69cea9d8-4535-48cb-8e0f-f4b4ba124175 0.046s
2025-01-13 09:29:27.573 67808 INFO tempest.lib.common.rest_client [req-5960681e-bc7b-4d1a-a5e0-0aca32f8cbb6 req-5960681e-bc7b-4d1a-a5e0-0aca32f8cbb6 ] Request (FloatingIPsAssociationTestJSON:setUpClass): 200 GET http://10.180.1.21/compute/v2.1/servers/c8af1cbe-902d-4af8-b744-7341ec58831c 0.044s
2025-01-13 09:29:27.582 67774 WARNING tempest.lib.common.ssh [-] Failed to establish authenticated ssh connection to cirros@10.180.180.216 ([Errno None] Unable to connect to port 22 on 10.180.180.216). Number attempts: 1. Retry after 2 seconds.: paramiko.ssh_exception.NoValidConnectionsError: [Errno None] Unable to connect to port 22 on 10.180.180.216
2025-01-13 09:29:27.599 67770 INFO tempest.lib.common.rest_client [req-afd55417-ba4a-4926-b5f3-db0fc97f9b44 req-afd55417-ba4a-4926-b5f3-db0fc97f9b44 ] Request (ImagesOneServerTestJSON:test_create_image_specify_multibyte_character_image_name): 200 GET http://10.180.1.21/compute/v2.1/servers/658b491a-ec14-4a35-b670-64c95081c274 0.113s
2025-01-13 09:29:27.648 67788 INFO tempest.lib.common.rest_client [req-3ffb6e7f-f5c3-44fa-b378-2d4977195c55 req-3ffb6e7f-f5c3-44fa-b378-2d4977195c55 ] Request (VolumesAdminNegativeTest:test_update_attached_volume_with_nonexistent_volume_in_body): 200 GET http://10.180.1.21/compute/v2.1/servers/cd7ca1ba-b100-455d-8a9e-a540e5fc03a7 0.054s
2025-01-13 09:29:27.651 67784 INFO tempest.lib.common.rest_client [req-8c3efded-29dc-422c-8ad2-d12f27251664 req-8c3efded-29dc-422c-8ad2-d12f27251664 ] Request (ServerTagsTestJSON:tearDownClass): 200 GET http://10.180.1.21/compute/v2.1/servers/29124931-d28f-4336-934d-ecba302a33e3 0.058s
2025-01-13 09:29:27.716 67772 INFO tempest.lib.common.rest_client [req-ac97b115-c9f3-4f80-8524-603663b890ee req-ac97b115-c9f3-4f80-8524-603663b890ee ] Request (ServerShowV247Test:test_update_rebuild_list_server): 200 GET http://10.180.1.21/compute/v2.1/servers/7234e314-198d-4737-ba51-526309ea9940 0.049s
2025-01-13 09:29:27.762 67797 INFO tempest.lib.common.rest_client [req-fd4066a9-2ab0-4813-8b5d-beccbc4ddd0b req-fd4066a9-2ab0-4813-8b5d-beccbc4ddd0b ] Request (ServerRescueTestJSON:test_rescue_unrescue_instance): 200 GET http://10.180.1.21/compute/v2.1/servers/c3ca5df8-c95c-4d04-9679-1b18944759ec 0.047s
2025-01-13 09:29:27.768 67800 INFO tempest.lib.common.rest_client [req-f780ac8e-92ad-41cc-8ba5-220d6a45093d req-f780ac8e-92ad-41cc-8ba5-220d6a45093d ] Request (ServersNegativeTestMultiTenantJSON:tearDownClass): 200 GET http://10.180.1.21/compute/v2.1/servers/8dfb1051-c5c0-47c7-9b38-7add404107c6 0.060s
2025-01-13 09:29:27.773 67776 WARNING tempest.lib.common.ssh [-] Failed to establish authenticated ssh connection to cirros@10.180.180.233 ([Errno None] Unable to connect to port 22 on 10.180.180.233). Number attempts: 4. Retry after 5 seconds.: paramiko.ssh_exception.NoValidConnectionsError: [Errno None] Unable to connect to port 22 on 10.180.180.233
2025-01-13 09:29:27.773 67814 WARNING tempest.lib.common.ssh [-] Failed to establish authenticated ssh connection to cirros@10.180.180.189 ([Errno None] Unable to connect to port 22 on 10.180.180.189). Number attempts: 5. Retry after 6 seconds.: paramiko.ssh_exception.NoValidConnectionsError: [Errno None] Unable to connect to port 22 on 10.180.180.189
2025-01-13 09:29:27.841 67824 INFO tempest.lib.common.rest_client [req-61d09907-5616-4d33-8aae-37184d0eb703 req-61d09907-5616-4d33-8aae-37184d0eb703 ] Request (ServerDiagnosticsV248Test:tearDownClass): 200 GET http://10.180.1.21/compute/v2.1/servers/dcfde382-f4dc-4de3-a8f7-ee3d1cc37a81 0.057s
2025-01-13 09:29:28.092 67804 INFO tempest.lib.common.rest_client [req-fc60f082-2f32-4bac-9684-d1b454233814 req-fc60f082-2f32-4bac-9684-d1b454233814 ] Request (ServersAdminTestJSON:test_inject_network_info): 200 GET http://10.180.1.21/compute/v2.1/servers/8716efdd-f12f-47d0-a3df-d26e62495091 0.051s
2025-01-13 09:29:28.102 67782 INFO tempest.lib.common.rest_client [req-967fb71f-43a3-45d4-af74-63443df48f1c req-967fb71f-43a3-45d4-af74-63443df48f1c ] Request (ServerGroupTestJSON:test_create_server_with_scheduler_hint_group): 200 GET http://10.180.1.21/compute/v2.1/servers/8ea27d3c-dd03-45f6-a5e2-8cf71a4e824c 0.047s
2025-01-13 09:29:28.137 67822 INFO tempest.lib.common.rest_client [req-ac3395fe-b704-4f7c-86a3-1d8f16522e14 req-ac3395fe-b704-4f7c-86a3-1d8f16522e14 ] Request (ListServerFiltersTestJSON:setUpClass): 200 GET http://10.180.1.21/compute/v2.1/servers/2f7b66d0-b6ee-4261-a565-cc3e2008f8a4 0.045s
2025-01-13 09:29:28.245 67818 INFO tempest.lib.common.rest_client [req-7f9d63d6-ec9b-436e-9a88-e42959757f8d req-7f9d63d6-ec9b-436e-9a88-e42959757f8d ] Request (DeleteServersAdminTestJSON:test_delete_server_while_in_error_state): 200 GET http://10.180.1.21/compute/v2.1/servers/de830fe1-9542-433f-bc92-6197cd691de7 0.057s
2025-01-13 09:29:28.283 67812 INFO tempest.lib.common.rest_client [req-0ebc4044-45b6-467d-8234-052d072b2e0f req-0ebc4044-45b6-467d-8234-052d072b2e0f ] Request (SecurityGroupsTestJSON:test_list_security_groups_by_server): 200 GET http://10.180.1.21/compute/v2.1/servers/318ea049-c1ce-4e68-9e63-b1990e7050c3 0.057s
2025-01-13 09:29:28.326 67826 INFO tempest.lib.common.rest_client [req-23ef11de-9639-4870-bce6-03bd341c9d7e req-23ef11de-9639-4870-bce6-03bd341c9d7e ] Request (ServerPasswordTestJSON:setUpClass): 200 GET http://10.180.1.21/compute/v2.1/servers/042bd6d1-d788-4171-885c-e93a46af43a7 0.047s
2025-01-13 09:29:28.356 67790 INFO tempest.lib.common.rest_client [req-f25e8855-1752-425e-91e0-256b18619f0d req-f25e8855-1752-425e-91e0-256b18619f0d ] Request (ServerActionsV293TestJSON:setUpClass): 200 GET http://10.180.1.21/compute/v2.1/servers/65e59681-f925-4ec0-8ac1-0ded9fcc7947 0.053s
2025-01-13 09:29:28.365 67790 INFO tempest.common.waiters [-] State transition "BUILD/None" ==> "BUILD/networking" after 84 second wait
2025-01-13 09:29:28.366 67786 INFO tempest.lib.common.rest_client [req-4ade6f83-e421-47cc-8c89-2cc1ad019689 req-4ade6f83-e421-47cc-8c89-2cc1ad019689 ] Request (ServersTestMultiNic:test_verify_duplicate_network_nics): 200 GET http://10.180.1.21/compute/v2.1/servers/69c94c5b-e6f8-4a7a-bef7-7d7a4d135cdb 0.046s
2025-01-13 09:29:28.400 67816 INFO tempest.lib.common.rest_client [req-cc7cc3bd-ed27-4994-8d6f-3159e06246f0 req-cc7cc3bd-ed27-4994-8d6f-3159e06246f0 ] Request (MigrationsAdminTest:test_resize_server_revert_deleted_flavor): 200 GET http://10.180.1.21/compute/v2.1/servers/269c293a-d0a5-4467-b3f2-67351118f1aa 0.058s
2025-01-13 09:29:28.465 67810 INFO tempest.lib.common.rest_client [req-7da726f7-22e6-43cf-b2b8-1ec727c9b659 req-7da726f7-22e6-43cf-b2b8-1ec727c9b659 ] Request (ServerActionsTestOtherA:setUpClass): 200 GET http://10.180.1.21/compute/v2.1/servers/91fff514-7cbd-4ba7-bdea-d9f2251ef1b8 0.053s
2025-01-13 09:29:28.483 67778 INFO tempest.lib.common.rest_client [req-3d5a9259-1610-4312-81e8-755728dc8e95 req-3d5a9259-1610-4312-81e8-755728dc8e95 ] Request (ListImageFiltersTestJSON:setUpClass): 200 GET http://10.180.1.21/compute/v2.1/servers/d89bf374-605f-4f2d-a262-b18552959845 0.048s
2025-01-13 09:29:28.551 67828 INFO tempest.lib.common.rest_client [req-94fd5f84-fc21-474a-a2a9-f150b39fff6d req-94fd5f84-fc21-474a-a2a9-f150b39fff6d ] Request (ServersAdminNegativeTestJSON:tearDownClass): 200 GET http://10.180.1.21/compute/v2.1/servers/259d67e5-975e-41fb-87fa-1a3148391e05 0.054s
2025-01-13 09:29:28.584 67780 INFO tempest.lib.common.rest_client [req-723ae472-ba8e-45e0-ac41-c4e25238b250 req-723ae472-ba8e-45e0-ac41-c4e25238b250 ] Request (ImagesOneServerNegativeTestJSON:_run_cleanups): 200 GET http://10.180.1.21/compute/v2.1/servers/69cea9d8-4535-48cb-8e0f-f4b4ba124175 0.044s
2025-01-13 09:29:28.632 67808 INFO tempest.lib.common.rest_client [req-b9705e65-5013-4b71-82d8-7366ba07f5a2 req-b9705e65-5013-4b71-82d8-7366ba07f5a2 ] Request (FloatingIPsAssociationTestJSON:setUpClass): 200 GET http://10.180.1.21/compute/v2.1/servers/c8af1cbe-902d-4af8-b744-7341ec58831c 0.045s
2025-01-13 09:29:28.705 67788 INFO tempest.lib.common.rest_client [req-91c7d92a-0192-4d6d-8b3b-05472a7fdfbe req-91c7d92a-0192-4d6d-8b3b-05472a7fdfbe ] Request (VolumesAdminNegativeTest:test_update_attached_volume_with_nonexistent_volume_in_body): 200 GET http://10.180.1.21/compute/v2.1/servers/cd7ca1ba-b100-455d-8a9e-a540e5fc03a7 0.049s
2025-01-13 09:29:28.730 67770 INFO tempest.lib.common.rest_client [req-0cd2dca3-4dc1-4743-b420-030a21715753 req-0cd2dca3-4dc1-4743-b420-030a21715753 ] Request (ImagesOneServerTestJSON:test_create_image_specify_multibyte_character_image_name): 200 GET http://10.180.1.21/compute/v2.1/servers/658b491a-ec14-4a35-b670-64c95081c274 0.123s
2025-01-13 09:29:28.759 67784 INFO tempest.lib.common.rest_client [req-8fe7284f-b8f5-4289-a0db-b3432b01659f req-8fe7284f-b8f5-4289-a0db-b3432b01659f ] Request (ServerTagsTestJSON:tearDownClass): 200 GET http://10.180.1.21/compute/v2.1/servers/29124931-d28f-4336-934d-ecba302a33e3 0.098s
2025-01-13 09:29:28.783 67772 INFO tempest.lib.common.rest_client [req-c36bd08f-c152-413c-975a-70388a0f0403 req-c36bd08f-c152-413c-975a-70388a0f0403 ] Request (ServerShowV247Test:test_update_rebuild_list_server): 200 GET http://10.180.1.21/compute/v2.1/servers/7234e314-198d-4737-ba51-526309ea9940 0.057s
2025-01-13 09:29:28.835 67797 INFO tempest.lib.common.rest_client [req-c96c31cd-3d27-4834-aa03-7e58e35d6490 req-c96c31cd-3d27-4834-aa03-7e58e35d6490 ] Request (ServerRescueTestJSON:test_rescue_unrescue_instance): 200 GET http://10.180.1.21/compute/v2.1/servers/c3ca5df8-c95c-4d04-9679-1b18944759ec 0.065s
2025-01-13 09:29:28.841 67800 INFO tempest.lib.common.rest_client [req-a40fd64a-11f5-4203-88c3-83bd6e47c304 req-a40fd64a-11f5-4203-88c3-83bd6e47c304 ] Request (ServersNegativeTestMultiTenantJSON:tearDownClass): 200 GET http://10.180.1.21/compute/v2.1/servers/8dfb1051-c5c0-47c7-9b38-7add404107c6 0.062s
2025-01-13 09:29:28.919 67824 INFO tempest.lib.common.rest_client [req-82e59d60-8b2b-4e15-bd41-4bfb3a437e3a req-82e59d60-8b2b-4e15-bd41-4bfb3a437e3a ] Request (ServerDiagnosticsV248Test:tearDownClass): 200 GET http://10.180.1.21/compute/v2.1/servers/dcfde382-f4dc-4de3-a8f7-ee3d1cc37a81 0.069s
2025-01-13 09:29:29.162 67804 INFO tempest.lib.common.rest_client [req-4bdac278-fc69-4de8-aad1-8ecd70feac25 req-4bdac278-fc69-4de8-aad1-8ecd70feac25 ] Request (ServersAdminTestJSON:test_inject_network_info): 200 GET http://10.180.1.21/compute/v2.1/servers/8716efdd-f12f-47d0-a3df-d26e62495091 0.062s
2025-01-13 09:29:29.162 67782 INFO tempest.lib.common.rest_client [req-667217f7-64ea-40d7-994d-cce209f25a24 req-667217f7-64ea-40d7-994d-cce209f25a24 ] Request (ServerGroupTestJSON:test_create_server_with_scheduler_hint_group): 200 GET http://10.180.1.21/compute/v2.1/servers/8ea27d3c-dd03-45f6-a5e2-8cf71a4e824c 0.052s
2025-01-13 09:29:29.218 67822 INFO tempest.lib.common.rest_client [req-73e86cc1-4c6c-4de5-81e3-eb1f6c0aacff req-73e86cc1-4c6c-4de5-81e3-eb1f6c0aacff ] Request (ListServerFiltersTestJSON:setUpClass): 200 GET http://10.180.1.21/compute/v2.1/servers/2f7b66d0-b6ee-4261-a565-cc3e2008f8a4 0.072s
2025-01-13 09:29:29.323 67818 INFO tempest.lib.common.rest_client [req-3b405558-3d6c-490f-8b01-bd0bff259101 req-3b405558-3d6c-490f-8b01-bd0bff259101 ] Request (DeleteServersAdminTestJSON:test_delete_server_while_in_error_state): 200 GET http://10.180.1.21/compute/v2.1/servers/de830fe1-9542-433f-bc92-6197cd691de7 0.069s
2025-01-13 09:29:29.366 67812 INFO tempest.lib.common.rest_client [req-c185507f-3e1a-410e-928f-4cb55ab1d79e req-c185507f-3e1a-410e-928f-4cb55ab1d79e ] Request (SecurityGroupsTestJSON:test_list_security_groups_by_server): 200 GET http://10.180.1.21/compute/v2.1/servers/318ea049-c1ce-4e68-9e63-b1990e7050c3 0.069s
2025-01-13 09:29:29.396 67826 INFO tempest.lib.common.rest_client [req-92e60dd1-512d-4fb0-a3ed-3609671d7c7c req-92e60dd1-512d-4fb0-a3ed-3609671d7c7c ] Request (ServerPasswordTestJSON:setUpClass): 200 GET http://10.180.1.21/compute/v2.1/servers/042bd6d1-d788-4171-885c-e93a46af43a7 0.063s
2025-01-13 09:29:29.456 67786 INFO tempest.lib.common.rest_client [req-3c4f6858-020d-407c-977a-6e94e6690390 req-3c4f6858-020d-407c-977a-6e94e6690390 ] Request (ServersTestMultiNic:test_verify_duplicate_network_nics): 200 GET http://10.180.1.21/compute/v2.1/servers/69c94c5b-e6f8-4a7a-bef7-7d7a4d135cdb 0.082s
2025-01-13 09:29:29.510 67816 INFO tempest.lib.common.rest_client [req-ca841c92-17e0-44b5-9595-d5aa6d744bc1 req-ca841c92-17e0-44b5-9595-d5aa6d744bc1 ] Request (MigrationsAdminTest:test_resize_server_revert_deleted_flavor): 200 GET http://10.180.1.21/compute/v2.1/servers/269c293a-d0a5-4467-b3f2-67351118f1aa 0.098s
2025-01-13 09:29:29.564 67790 INFO tempest.lib.common.rest_client [req-f4eec056-adef-4ae5-8bc7-f765a479a4f6 req-f4eec056-adef-4ae5-8bc7-f765a479a4f6 ] Request (ServerActionsV293TestJSON:setUpClass): 200 GET http://10.180.1.21/compute/v2.1/servers/65e59681-f925-4ec0-8ac1-0ded9fcc7947 0.199s
2025-01-13 09:29:29.565 67810 INFO tempest.lib.common.rest_client [req-93797441-5fde-4ebb-beb7-995badde5b32 req-93797441-5fde-4ebb-beb7-995badde5b32 ] Request (ServerActionsTestOtherA:setUpClass): 200 GET http://10.180.1.21/compute/v2.1/servers/91fff514-7cbd-4ba7-bdea-d9f2251ef1b8 0.092s
2025-01-13 09:29:29.577 67790 INFO tempest.common.waiters [-] State transition "BUILD/networking" ==> "BUILD/block_device_mapping" after 85 second wait
2025-01-13 09:29:29.621 67768 INFO paramiko.transport [-] Connected (version 2.0, client dropbear_2020.81)
2025-01-13 09:29:29.624 67778 INFO tempest.lib.common.rest_client [req-b1c87409-c52f-4ccf-99ff-4a47b616c1ba req-b1c87409-c52f-4ccf-99ff-4a47b616c1ba ] Request (ListImageFiltersTestJSON:setUpClass): 200 GET http://10.180.1.21/compute/v2.1/servers/d89bf374-605f-4f2d-a262-b18552959845 0.135s
2025-01-13 09:29:29.636 67828 INFO tempest.lib.common.rest_client [req-01efde42-73a5-4587-894d-4bfe31aeeff7 req-01efde42-73a5-4587-894d-4bfe31aeeff7 ] Request (ServersAdminNegativeTestJSON:tearDownClass): 200 GET http://10.180.1.21/compute/v2.1/servers/259d67e5-975e-41fb-87fa-1a3148391e05 0.078s
2025-01-13 09:29:29.677 67780 INFO tempest.lib.common.rest_client [req-472b069e-1071-4d9e-82c2-27da406790c6 req-472b069e-1071-4d9e-82c2-27da406790c6 ] Request (ImagesOneServerNegativeTestJSON:_run_cleanups): 200 GET http://10.180.1.21/compute/v2.1/servers/69cea9d8-4535-48cb-8e0f-f4b4ba124175 0.085s
2025-01-13 09:29:29.688 67768 INFO paramiko.transport [-] Authentication (publickey) successful!
2025-01-13 09:29:29.688 67768 INFO tempest.lib.common.ssh [-] ssh connection to cirros@10.180.180.154 successfully created
2025-01-13 09:29:29.693 67808 INFO tempest.lib.common.rest_client [req-5e1c58a7-0bf0-443f-94a6-0cd953fd7d0a req-5e1c58a7-0bf0-443f-94a6-0cd953fd7d0a ] Request (FloatingIPsAssociationTestJSON:setUpClass): 200 GET http://10.180.1.21/compute/v2.1/servers/c8af1cbe-902d-4af8-b744-7341ec58831c 0.053s
2025-01-13 09:29:29.766 67788 INFO tempest.lib.common.rest_client [req-b48957cd-9916-4a8c-9828-d3d4468e6c43 req-b48957cd-9916-4a8c-9828-d3d4468e6c43 ] Request (VolumesAdminNegativeTest:test_update_attached_volume_with_nonexistent_volume_in_body): 200 GET http://10.180.1.21/compute/v2.1/servers/cd7ca1ba-b100-455d-8a9e-a540e5fc03a7 0.053s
2025-01-13 09:29:29.856 67770 INFO tempest.lib.common.rest_client [req-4349975e-d789-462a-b4b9-494efe885ff5 req-4349975e-d789-462a-b4b9-494efe885ff5 ] Request (ImagesOneServerTestJSON:test_create_image_specify_multibyte_character_image_name): 200 GET http://10.180.1.21/compute/v2.1/servers/658b491a-ec14-4a35-b670-64c95081c274 0.118s
2025-01-13 09:29:29.863 67770 INFO tempest.common.waiters [-] State transition "ACTIVE/image_uploading" ==> "ACTIVE/None" after 3 second wait
2025-01-13 09:29:29.908 67784 INFO tempest.lib.common.rest_client [req-0c69acda-2a2e-41a8-8177-b890bd39bd55 req-0c69acda-2a2e-41a8-8177-b890bd39bd55 ] Request (ServerTagsTestJSON:tearDownClass): 200 GET http://10.180.1.21/compute/v2.1/servers/29124931-d28f-4336-934d-ecba302a33e3 0.139s
2025-01-13 09:29:29.952 67772 INFO tempest.lib.common.rest_client [req-7547b781-02ec-4b3c-a9aa-c3bc18f7a28a req-7547b781-02ec-4b3c-a9aa-c3bc18f7a28a ] Request (ServerShowV247Test:test_update_rebuild_list_server): 200 GET http://10.180.1.21/compute/v2.1/servers/7234e314-198d-4737-ba51-526309ea9940 0.159s
2025-01-13 09:29:29.993 67797 INFO tempest.lib.common.rest_client [req-9db404f5-8cb5-4e66-aae6-d252c4273d98 req-9db404f5-8cb5-4e66-aae6-d252c4273d98 ] Request (ServerRescueTestJSON:test_rescue_unrescue_instance): 200 GET http://10.180.1.21/compute/v2.1/servers/c3ca5df8-c95c-4d04-9679-1b18944759ec 0.149s
2025-01-13 09:29:30.036 67800 INFO tempest.lib.common.rest_client [req-e0f4a1db-f9fd-4d37-a0cc-fbf21f026a14 req-e0f4a1db-f9fd-4d37-a0cc-fbf21f026a14 ] Request (ServersNegativeTestMultiTenantJSON:tearDownClass): 200 GET http://10.180.1.21/compute/v2.1/servers/8dfb1051-c5c0-47c7-9b38-7add404107c6 0.187s
2025-01-13 09:29:30.127 67770 INFO tempest.lib.common.rest_client [req-78eb09f1-aaab-4824-9635-00e4d7ad1cfa req-78eb09f1-aaab-4824-9635-00e4d7ad1cfa ] Request (ImagesOneServerTestJSON:tearDownClass): 204 DELETE http://10.180.1.21/compute/v2.1/images/c1a3e6f2-f39a-4961-9305-b23e5c110e99 0.263s
2025-01-13 09:29:30.177 67824 INFO tempest.lib.common.rest_client [req-078eb7e8-3b4f-4cb9-a691-4fe8a62d7e08 req-078eb7e8-3b4f-4cb9-a691-4fe8a62d7e08 ] Request (ServerDiagnosticsV248Test:tearDownClass): 200 GET http://10.180.1.21/compute/v2.1/servers/dcfde382-f4dc-4de3-a8f7-ee3d1cc37a81 0.236s
2025-01-13 09:29:30.192 67770 INFO tempest.lib.common.rest_client [req-4bc1a33f-6e05-4bf4-aefe-dc3f3937e656 req-4bc1a33f-6e05-4bf4-aefe-dc3f3937e656 ] Request (ImagesOneServerTestJSON:tearDownClass): 404 DELETE http://10.180.1.21/compute/v2.1/images/19804a1e-6607-4bfe-9337-71be2ad17023 0.064s
2025-01-13 09:29:30.233 67782 INFO tempest.lib.common.rest_client [req-de15574f-ed06-48f3-96e4-f0cfcc00a593 req-de15574f-ed06-48f3-96e4-f0cfcc00a593 ] Request (ServerGroupTestJSON:test_create_server_with_scheduler_hint_group): 200 GET http://10.180.1.21/compute/v2.1/servers/8ea27d3c-dd03-45f6-a5e2-8cf71a4e824c 0.062s
2025-01-13 09:29:30.270 67804 INFO tempest.lib.common.rest_client [req-8bc98090-b439-446f-997c-48cde8023518 req-8bc98090-b439-446f-997c-48cde8023518 ] Request (ServersAdminTestJSON:test_inject_network_info): 200 GET http://10.180.1.21/compute/v2.1/servers/8716efdd-f12f-47d0-a3df-d26e62495091 0.095s
2025-01-13 09:29:30.337 67770 INFO tempest.lib.common.rest_client [req-7f22d2b8-bcc2-4e51-8434-78b371447d06 req-7f22d2b8-bcc2-4e51-8434-78b371447d06 ] Request (ImagesOneServerTestJSON:tearDownClass): 204 DELETE http://10.180.1.21/compute/v2.1/servers/658b491a-ec14-4a35-b670-64c95081c274 0.144s
2025-01-13 09:29:30.385 67822 INFO tempest.lib.common.rest_client [req-bbe418c6-844b-435a-bbee-eb252465f44b req-bbe418c6-844b-435a-bbee-eb252465f44b ] Request (ListServerFiltersTestJSON:setUpClass): 200 GET http://10.180.1.21/compute/v2.1/servers/2f7b66d0-b6ee-4261-a565-cc3e2008f8a4 0.158s
2025-01-13 09:29:30.459 67818 INFO tempest.lib.common.rest_client [req-86ca11ce-2c06-49d9-8b67-77d0be6f123e req-86ca11ce-2c06-49d9-8b67-77d0be6f123e ] Request (DeleteServersAdminTestJSON:test_delete_server_while_in_error_state): 200 GET http://10.180.1.21/compute/v2.1/servers/de830fe1-9542-433f-bc92-6197cd691de7 0.127s
2025-01-13 09:29:30.577 67770 INFO tempest.lib.common.rest_client [req-f4881a5e-13a6-45a2-a2b0-d1bd9f75491b req-f4881a5e-13a6-45a2-a2b0-d1bd9f75491b ] Request (ImagesOneServerTestJSON:tearDownClass): 200 GET http://10.180.1.21/compute/v2.1/servers/658b491a-ec14-4a35-b670-64c95081c274 0.239s
2025-01-13 09:29:30.629 67812 INFO tempest.lib.common.rest_client [req-a0a5ac93-ba85-4dd2-98ab-9f4b1b635869 req-a0a5ac93-ba85-4dd2-98ab-9f4b1b635869 ] Request (SecurityGroupsTestJSON:test_list_security_groups_by_server): 200 GET http://10.180.1.21/compute/v2.1/servers/318ea049-c1ce-4e68-9e63-b1990e7050c3 0.246s
2025-01-13 09:29:30.653 67774 WARNING tempest.lib.common.ssh [-] Failed to establish authenticated ssh connection to cirros@10.180.180.216 ([Errno None] Unable to connect to port 22 on 10.180.180.216). Number attempts: 2. Retry after 3 seconds.: paramiko.ssh_exception.NoValidConnectionsError: [Errno None] Unable to connect to port 22 on 10.180.180.216
2025-01-13 09:29:30.677 67826 INFO tempest.lib.common.rest_client [req-fc45c786-f778-430f-a1ae-a3591eb19f6c req-fc45c786-f778-430f-a1ae-a3591eb19f6c ] Request (ServerPasswordTestJSON:setUpClass): 200 GET http://10.180.1.21/compute/v2.1/servers/042bd6d1-d788-4171-885c-e93a46af43a7 0.260s
2025-01-13 09:29:30.718 67786 INFO tempest.lib.common.rest_client [req-ff345889-cc60-41cd-aa71-90c545bdbaa1 req-ff345889-cc60-41cd-aa71-90c545bdbaa1 ] Request (ServersTestMultiNic:test_verify_duplicate_network_nics): 200 GET http://10.180.1.21/compute/v2.1/servers/69c94c5b-e6f8-4a7a-bef7-7d7a4d135cdb 0.249s
2025-01-13 09:29:30.758 67816 INFO tempest.lib.common.rest_client [req-3b2ff4bd-e0a2-4856-bde0-660bd57065dc req-3b2ff4bd-e0a2-4856-bde0-660bd57065dc ] Request (MigrationsAdminTest:test_resize_server_revert_deleted_flavor): 200 GET http://10.180.1.21/compute/v2.1/servers/269c293a-d0a5-4467-b3f2-67351118f1aa 0.239s
2025-01-13 09:29:30.817 67810 INFO tempest.lib.common.rest_client [req-47b0bbd3-120d-4c8f-9a78-3332ed4887b7 req-47b0bbd3-120d-4c8f-9a78-3332ed4887b7 ] Request (ServerActionsTestOtherA:setUpClass): 200 GET http://10.180.1.21/compute/v2.1/servers/91fff514-7cbd-4ba7-bdea-d9f2251ef1b8 0.245s
2025-01-13 09:29:31.174 67790 INFO tempest.lib.common.rest_client [req-a5f45bac-7025-46b7-a408-d4e7e90e3bc9 req-a5f45bac-7025-46b7-a408-d4e7e90e3bc9 ] Request (ServerActionsV293TestJSON:setUpClass): 200 GET http://10.180.1.21/compute/v2.1/servers/65e59681-f925-4ec0-8ac1-0ded9fcc7947 0.596s
2025-01-13 09:29:31.230 67778 INFO tempest.lib.common.rest_client [req-0094d7b0-e81e-4e9f-be5a-db70d6b8029d req-0094d7b0-e81e-4e9f-be5a-db70d6b8029d ] Request (ListImageFiltersTestJSON:setUpClass): 200 GET http://10.180.1.21/compute/v2.1/servers/d89bf374-605f-4f2d-a262-b18552959845 0.595s
2025-01-13 09:29:31.291 67828 INFO tempest.lib.common.rest_client [req-9f2ec084-5112-4de5-a1d0-21d7f99fbf2d req-9f2ec084-5112-4de5-a1d0-21d7f99fbf2d ] Request (ServersAdminNegativeTestJSON:tearDownClass): 200 GET http://10.180.1.21/compute/v2.1/servers/259d67e5-975e-41fb-87fa-1a3148391e05 0.645s
2025-01-13 09:29:31.329 67768 INFO tempest.lib.common.rest_client [req-6047b369-cc8a-4f05-837e-819a51f5f5ae req-6047b369-cc8a-4f05-837e-819a51f5f5ae ] Request (VolumesAssistedSnapshotsTest:test_volume_assisted_snapshot_create_delete): 200 POST http://10.180.1.21/compute/v2.1/servers/102b1ee3-aea4-4f71-a9fa-5e29fb094a0f/os-volume_attachments 1.640s
2025-01-13 09:29:31.343 67780 INFO tempest.lib.common.rest_client [req-0fc9b0da-7403-4a59-b023-f4cf4894a0ff req-0fc9b0da-7403-4a59-b023-f4cf4894a0ff ] Request (ImagesOneServerNegativeTestJSON:_run_cleanups): 200 GET http://10.180.1.21/compute/v2.1/servers/69cea9d8-4535-48cb-8e0f-f4b4ba124175 0.653s
2025-01-13 09:29:31.359 67768 INFO tempest.lib.common.rest_client [req-d9ec1057-23e4-4ea1-8a54-5452a5d1d859 req-d9ec1057-23e4-4ea1-8a54-5452a5d1d859 ] Request (VolumesAssistedSnapshotsTest:test_volume_assisted_snapshot_create_delete): 200 GET http://10.180.1.21/volume/v3/volumes/5c2280fc-2a69-430a-ae1f-a4d7f2822fc3 0.028s
2025-01-13 09:29:31.375 67808 INFO tempest.lib.common.rest_client [req-1bb7cd59-754d-4c2d-b228-8a92d865e42b req-1bb7cd59-754d-4c2d-b228-8a92d865e42b ] Request (FloatingIPsAssociationTestJSON:setUpClass): 200 GET http://10.180.1.21/compute/v2.1/servers/c8af1cbe-902d-4af8-b744-7341ec58831c 0.675s
2025-01-13 09:29:31.406 67788 INFO tempest.lib.common.rest_client [req-904ad38c-6f6a-4754-a1ab-0bc66e972836 req-904ad38c-6f6a-4754-a1ab-0bc66e972836 ] Request (VolumesAdminNegativeTest:test_update_attached_volume_with_nonexistent_volume_in_body): 200 GET http://10.180.1.21/compute/v2.1/servers/cd7ca1ba-b100-455d-8a9e-a540e5fc03a7 0.633s
2025-01-13 09:29:31.454 67784 INFO tempest.lib.common.rest_client [req-3751b756-1901-4bb2-8cf2-9d60b1a95138 req-3751b756-1901-4bb2-8cf2-9d60b1a95138 ] Request (ServerTagsTestJSON:tearDownClass): 200 GET http://10.180.1.21/compute/v2.1/servers/29124931-d28f-4336-934d-ecba302a33e3 0.537s
2025-01-13 09:29:31.471 67772 INFO tempest.lib.common.rest_client [req-5f075447-92fc-43b7-a9ee-a559b589c4bd req-5f075447-92fc-43b7-a9ee-a559b589c4bd ] Request (ServerShowV247Test:test_update_rebuild_list_server): 200 GET http://10.180.1.21/compute/v2.1/servers/7234e314-198d-4737-ba51-526309ea9940 0.509s
2025-01-13 09:29:31.505 67797 INFO tempest.lib.common.rest_client [req-299fa925-b20e-435a-ac48-a834533b1947 req-299fa925-b20e-435a-ac48-a834533b1947 ] Request (ServerRescueTestJSON:test_rescue_unrescue_instance): 200 GET http://10.180.1.21/compute/v2.1/servers/c3ca5df8-c95c-4d04-9679-1b18944759ec 0.504s
2025-01-13 09:29:31.526 67824 INFO tempest.lib.common.rest_client [req-d1f3496d-d1ae-4f5d-8e1d-e9935436cb25 req-d1f3496d-d1ae-4f5d-8e1d-e9935436cb25 ] Request (ServerDiagnosticsV248Test:tearDownClass): 404 GET http://10.180.1.21/compute/v2.1/servers/dcfde382-f4dc-4de3-a8f7-ee3d1cc37a81 0.339s
2025-01-13 09:29:31.536 67800 INFO tempest.lib.common.rest_client [req-d8eccde8-b31f-426e-8039-0da636dbd49e req-d8eccde8-b31f-426e-8039-0da636dbd49e ] Request (ServersNegativeTestMultiTenantJSON:tearDownClass): 200 GET http://10.180.1.21/compute/v2.1/servers/8dfb1051-c5c0-47c7-9b38-7add404107c6 0.492s
2025-01-13 09:29:31.580 67782 INFO tempest.lib.common.rest_client [req-ac103db6-1600-4309-bbe0-eade59d102d3 req-ac103db6-1600-4309-bbe0-eade59d102d3 ] Request (ServerGroupTestJSON:test_create_server_with_scheduler_hint_group): 200 GET http://10.180.1.21/compute/v2.1/servers/8ea27d3c-dd03-45f6-a5e2-8cf71a4e824c 0.340s
2025-01-13 09:29:31.600 67804 INFO tempest.lib.common.rest_client [req-122e2bed-6cba-4e03-835c-3c589df500b2 req-122e2bed-6cba-4e03-835c-3c589df500b2 ] Request (ServersAdminTestJSON:test_inject_network_info): 200 GET http://10.180.1.21/compute/v2.1/servers/8716efdd-f12f-47d0-a3df-d26e62495091 0.323s
2025-01-13 09:29:31.639 67822 INFO tempest.lib.common.rest_client [req-bf9dd482-8557-4425-9eb9-f0104e539513 req-bf9dd482-8557-4425-9eb9-f0104e539513 ] Request (ListServerFiltersTestJSON:setUpClass): 200 GET http://10.180.1.21/compute/v2.1/servers/2f7b66d0-b6ee-4261-a565-cc3e2008f8a4 0.244s
2025-01-13 09:29:31.643 67824 INFO tempest.lib.common.rest_client [req-8c8a1f70-e163-4cac-9a3b-fccbc918cc35 req-8c8a1f70-e163-4cac-9a3b-fccbc918cc35 ] Request (ServerDiagnosticsV248Test:tearDownClass): 204 DELETE http://10.180.1.21/identity/v3/users/a839ec2b2ad44b2b82e9a213dbd4d8c3 0.116s
2025-01-13 09:29:31.695 67818 INFO tempest.lib.common.rest_client [req-b0b9778d-c4bb-4db9-a77b-8a0d5c6c7b4a req-b0b9778d-c4bb-4db9-a77b-8a0d5c6c7b4a ] Request (DeleteServersAdminTestJSON:test_delete_server_while_in_error_state): 200 GET http://10.180.1.21/compute/v2.1/servers/de830fe1-9542-433f-bc92-6197cd691de7 0.228s
2025-01-13 09:29:31.745 67824 INFO tempest.lib.common.rest_client [req-e04648be-5b04-4926-a054-a5c9b9bc54cf req-e04648be-5b04-4926-a054-a5c9b9bc54cf ] Request (ServerDiagnosticsV248Test:tearDownClass): 204 DELETE http://10.180.1.21/identity/v3/users/83bdcc154d694e20ab37a5b92e04dddf 0.101s
2025-01-13 09:29:31.745 67824 INFO tempest.lib.common.dynamic_creds [-] Deleting project and security group for project: 449490bdb6d04ed49d19b18e3262220d
2025-01-13 09:29:31.746 67770 INFO tempest.lib.common.rest_client [req-9fcd015c-efce-431b-87fe-b371334e5af5 req-9fcd015c-efce-431b-87fe-b371334e5af5 ] Request (ImagesOneServerTestJSON:tearDownClass): 200 GET http://10.180.1.21/compute/v2.1/servers/658b491a-ec14-4a35-b670-64c95081c274 0.161s
2025-01-13 09:29:31.767 67812 INFO tempest.lib.common.rest_client [req-536baa49-0e5d-4603-976b-d707bef7165d req-536baa49-0e5d-4603-976b-d707bef7165d ] Request (SecurityGroupsTestJSON:test_list_security_groups_by_server): 200 GET http://10.180.1.21/compute/v2.1/servers/318ea049-c1ce-4e68-9e63-b1990e7050c3 0.129s
2025-01-13 09:29:31.797 67826 INFO tempest.lib.common.rest_client [req-cc6fe84e-0042-41b4-afc3-485e7457311b req-cc6fe84e-0042-41b4-afc3-485e7457311b ] Request (ServerPasswordTestJSON:setUpClass): 200 GET http://10.180.1.21/compute/v2.1/servers/042bd6d1-d788-4171-885c-e93a46af43a7 0.107s
2025-01-13 09:29:31.811 67824 INFO tempest.lib.common.rest_client [req-a8cde3db-a595-4384-b04c-ce96fb390fd1 req-a8cde3db-a595-4384-b04c-ce96fb390fd1 ] Request (ServerDiagnosticsV248Test:tearDownClass): 201 POST http://10.180.1.21/identity/v3/auth/tokens 0.065s
