2025-01-13 09:28:14.863 67812 INFO tempest.lib.common.rest_client [req-beffa0c2-e00f-44a9-9cf0-d941c9dabe60 req-beffa0c2-e00f-44a9-9cf0-d941c9dabe60 ] Request (ServerExternalEventsTest:tearDownClass): 204 DELETE http://10.180.1.21/identity/v3/users/59644c24988849248fa61dc55b39b8f6 0.104s
2025-01-13 09:28:14.933 67828 INFO tempest.lib.common.rest_client [req-6a089f4e-8a16-45e5-8af2-067762f82c2e req-6a089f4e-8a16-45e5-8af2-067762f82c2e ] Request (ServersAdminNegativeTestJSON:test_migrate_server_invalid_state): 200 GET http://10.180.1.21/compute/v2.1/servers/4e43c86c-f642-4cee-a188-efcbc6942ac2 0.232s
2025-01-13 09:28:14.960 67826 INFO tempest.lib.common.rest_client [req-0b5ee178-af02-477e-8038-44c838abf089 req-0b5ee178-af02-477e-8038-44c838abf089 ] Request (SecurityGroupRulesNegativeTestJSON:test_create_security_group_rule_duplicate): 200 POST http://10.180.1.21/compute/v2.1/os-security-group-rules 0.288s
2025-01-13 09:28:15.010 67812 INFO tempest.lib.common.rest_client [req-069915b6-be8b-47ff-909d-56e2bede93af req-069915b6-be8b-47ff-909d-56e2bede93af ] Request (ServerExternalEventsTest:tearDownClass): 204 DELETE http://10.180.1.21/identity/v3/users/62067e4e17d646e98b871f37d50d6595 0.147s
2025-01-13 09:28:15.040 67790 INFO tempest.lib.common.rest_client [req-852061fe-483a-459e-8ce8-f10e2bbb1eff req-852061fe-483a-459e-8ce8-f10e2bbb1eff ] Request (ServerActionsV293TestJSON:setUpClass): 200 GET http://10.180.1.21/compute/v2.1/servers/65e59681-f925-4ec0-8ac1-0ded9fcc7947 0.266s
2025-01-13 09:28:15.074 67782 INFO tempest.lib.common.rest_client [req-0d795527-ba05-4ca7-8d2c-6b1a25c93906 req-0d795527-ba05-4ca7-8d2c-6b1a25c93906 ] Request (ServerGroupTestJSON:test_create_delete_multiple_server_groups_with_same_name_policy): 204 DELETE http://10.180.1.21/compute/v2.1/os-server-groups/b5f7cab5-2e92-428e-bfbe-fa398487d44c 0.246s
2025-01-13 09:28:15.119 67792 INFO tempest.lib.common.rest_client [req-c5b7caa6-6e94-4d68-b97b-8973d8862a25 req-c5b7caa6-6e94-4d68-b97b-8973d8862a25 ] Request (ImagesNegativeTestJSON:test_create_image_from_deleted_server): 200 GET http://10.180.1.21/compute/v2.1/servers/2d10090f-a5bc-41c9-a2fe-37a2dfc10446 0.325s
2025-01-13 09:28:15.121 67812 INFO tempest.lib.common.rest_client [req-929466d8-64f3-488f-ba96-b06709487d45 req-929466d8-64f3-488f-ba96-b06709487d45 ] Request (ServerExternalEventsTest:tearDownClass): 204 DELETE http://10.180.1.21/identity/v3/users/bca7cd3a93cf4d788ead116a72c3ee07 0.110s
2025-01-13 09:28:15.121 67812 INFO tempest.lib.common.dynamic_creds [-] Deleting project and security group for project: c83ea4e0452349849480f9474af00808
2025-01-13 09:28:15.130 67806 INFO tempest.lib.common.rest_client [req-35d9d055-337f-4ce1-a6d3-ddfffc191ff1 req-35d9d055-337f-4ce1-a6d3-ddfffc191ff1 ] Request (ServerActionsTestOtherB:setUpClass): 200 GET http://10.180.1.21/compute/v2.1/servers/8ad86c6d-5655-4bca-8a9f-4af4d05d71e4 0.293s
2025-01-13 09:28:15.183 67800 INFO tempest.lib.common.rest_client [req-d92e2a49-4c0d-432f-babb-a7dff814f4f5 req-d92e2a49-4c0d-432f-babb-a7dff814f4f5 ] Request (ServersNegativeTestMultiTenantJSON:setUpClass): 200 GET http://10.180.1.21/compute/v2.1/servers/8dfb1051-c5c0-47c7-9b38-7add404107c6 0.284s
2025-01-13 09:28:15.205 67776 INFO tempest.lib.common.rest_client [req-22fd80e8-e53b-47c0-9b34-3393a0f304ca req-22fd80e8-e53b-47c0-9b34-3393a0f304ca ] Request (ServersTestBootFromVolume:setUpClass): 200 GET http://10.180.1.21/compute/v2.1/servers/0824a71e-75ca-4a1d-a5e4-7b566fccf383 0.339s
2025-01-13 09:28:15.215 67812 INFO tempest.lib.common.rest_client [req-2a70d662-d643-4413-a2d4-1bdd1675c3bf req-2a70d662-d643-4413-a2d4-1bdd1675c3bf ] Request (ServerExternalEventsTest:tearDownClass): 201 POST http://10.180.1.21/identity/v3/auth/tokens 0.093s
2025-01-13 09:28:15.249 67780 INFO tempest.lib.common.rest_client [req-163a0234-77c4-4371-9f0a-0bbae071cc8f req-163a0234-77c4-4371-9f0a-0bbae071cc8f ] Request (ImagesOneServerNegativeTestJSON:_run_cleanups): 200 GET http://10.180.1.21/compute/v2.1/servers/ef210777-ba8b-485a-b3bb-ef65a8ed3ad9 0.310s
2025-01-13 09:28:15.257 67826 INFO tempest.lib.common.rest_client [req-c2fd324e-470a-4ef4-8bbf-417bc5115dd7 req-c2fd324e-470a-4ef4-8bbf-417bc5115dd7 ] Request (SecurityGroupRulesNegativeTestJSON:test_create_security_group_rule_duplicate): 400 POST http://10.180.1.21/compute/v2.1/os-security-group-rules 0.290s
2025-01-13 09:28:15.321 67808 INFO tempest.lib.common.rest_client [req-4ee84610-248a-4fb6-9875-ad599e3d49d3 req-4ee84610-248a-4fb6-9875-ad599e3d49d3 ] Request (ServersAdmin275Test:tearDownClass): 200 GET http://10.180.1.21/compute/v2.1/servers/9e6de468-662e-4591-b8e5-c9c11e0c0163 0.348s
2025-01-13 09:28:15.322 67804 INFO tempest.lib.common.rest_client [req-8d314060-c022-4d07-b314-1da74f11e969 req-8d314060-c022-4d07-b314-1da74f11e969 ] Request (ServersAdminTestJSON:test_create_server_with_scheduling_hint): 200 GET http://10.180.1.21/compute/v2.1/servers/263d801e-a8c6-4df2-889b-6bbae1cd5360 0.322s
2025-01-13 09:28:15.359 67788 INFO tempest.lib.common.rest_client [req-4de713ce-ec41-4a39-b665-123f0edf4ab1 req-4de713ce-ec41-4a39-b665-123f0edf4ab1 ] Request (VolumesAdminNegativeTest:setUpClass): 201 POST http://10.180.1.21:9696/networking/v2.0/routers 0.990s
2025-01-13 09:28:15.393 67818 INFO tempest.lib.common.rest_client [req-a9e3677a-e22e-4bf6-9017-63e2cc6c6ea7 req-a9e3677a-e22e-4bf6-9017-63e2cc6c6ea7 ] Request (DeleteServersAdminTestJSON:test_delete_server_while_in_error_state): 200 GET http://10.180.1.21/compute/v2.1/servers/de830fe1-9542-433f-bc92-6197cd691de7 0.358s
2025-01-13 09:28:15.410 67824 INFO tempest.lib.common.rest_client [req-98be520a-b18f-4ea3-958d-9ba0c341612a req-98be520a-b18f-4ea3-958d-9ba0c341612a ] Request (ServerDiagnosticsV248Test:test_get_server_diagnostics): 200 GET http://10.180.1.21/compute/v2.1/servers/dcfde382-f4dc-4de3-a8f7-ee3d1cc37a81 0.342s
2025-01-13 09:28:15.416 67782 INFO tempest.lib.common.rest_client [req-842cdf91-5518-4bd9-ae92-bf4f1d37fa1f req-842cdf91-5518-4bd9-ae92-bf4f1d37fa1f ] Request (ServerGroupTestJSON:test_create_delete_multiple_server_groups_with_same_name_policy): 200 GET http://10.180.1.21/compute/v2.1/os-server-groups 0.342s
2025-01-13 09:28:15.446 67812 INFO tempest.lib.common.rest_client [req-05c19665-9b81-479b-9fbb-fa4e24a29755 req-05c19665-9b81-479b-9fbb-fa4e24a29755 ] Request (ServerExternalEventsTest:tearDownClass): 200 GET http://10.180.1.21:9696/networking/v2.0/security-groups?tenant_id=c83ea4e0452349849480f9474af00808&name=default 0.231s
2025-01-13 09:28:15.484 67774 INFO tempest.lib.common.rest_client [req-114e4ef2-5275-441e-9233-69e6991394fb req-114e4ef2-5275-441e-9233-69e6991394fb ] Request (ServerActionsTestJSON:setUpClass): 200 GET http://10.180.1.21/compute/v2.1/servers/34f95e70-db34-42cf-8b4f-bebcc26c289b 0.308s
2025-01-13 09:28:15.497 67822 INFO tempest.lib.common.rest_client [req-0a12ba1f-96b9-4e6a-9f2a-fa874ee2d887 req-0a12ba1f-96b9-4e6a-9f2a-fa874ee2d887 ] Request (InstanceActionsTestJSON:tearDownClass): 200 GET http://10.180.1.21/compute/v2.1/servers/685d4ec2-62cf-466a-9990-7934576ea0aa 0.387s
2025-01-13 09:28:15.548 67778 INFO tempest.lib.common.rest_client [req-b1450d57-79ec-43b0-8a35-7255b75f3989 req-b1450d57-79ec-43b0-8a35-7255b75f3989 ] Request (ListImageFiltersTestJSON:setUpClass): 200 GET http://10.180.1.21/compute/v2.1/servers/d89bf374-605f-4f2d-a262-b18552959845 0.299s
2025-01-13 09:28:15.607 67770 INFO tempest.lib.common.rest_client [req-713f4058-6990-45e8-81de-762b27a1eccf req-713f4058-6990-45e8-81de-762b27a1eccf ] Request (ImagesOneServerTestJSON:setUpClass): 200 GET http://10.180.1.21/compute/v2.1/servers/658b491a-ec14-4a35-b670-64c95081c274 0.284s
2025-01-13 09:28:15.615 67812 INFO tempest.lib.common.rest_client [req-8eb1e833-0517-4ec2-82e7-78207d29277f req-8eb1e833-0517-4ec2-82e7-78207d29277f ] Request (ServerExternalEventsTest:tearDownClass): 204 DELETE http://10.180.1.21:9696/networking/v2.0/security-groups/2b763440-377c-48e0-8a81-cd2680953877 0.168s
2025-01-13 09:28:15.695 67826 INFO tempest.lib.common.rest_client [req-0827f870-ebcf-4d1a-8cd9-8139320e33ca req-0827f870-ebcf-4d1a-8cd9-8139320e33ca ] Request (SecurityGroupRulesNegativeTestJSON:_run_cleanups): 202 DELETE http://10.180.1.21/compute/v2.1/os-security-group-rules/67fd0645-49ae-486a-8e22-fd8557c0e533 0.437s
2025-01-13 09:28:15.697 67812 INFO tempest.lib.common.rest_client [req-9472913f-208f-417d-a421-9f140c6e12f7 req-9472913f-208f-417d-a421-9f140c6e12f7 ] Request (ServerExternalEventsTest:tearDownClass): 204 DELETE http://10.180.1.21/identity/v3/projects/c83ea4e0452349849480f9474af00808 0.082s
2025-01-13 09:28:15.697 67812 INFO tempest.lib.common.dynamic_creds [-] Deleting project and security group for project: c6870849bf394a579b954d656767e8aa
2025-01-13 09:28:15.756 67786 INFO tempest.lib.common.rest_client [req-7f4ac43f-edde-4763-8ece-d221bfae13c1 req-7f4ac43f-edde-4763-8ece-d221bfae13c1 ] Request (TenantUsagesTestJSON:setUpClass): 200 GET http://10.180.1.21/compute/v2.1/servers/7fda2b64-5d5f-46ed-b57b-00b24d9acee1 0.436s
2025-01-13 09:28:15.763 67786 INFO tempest.common.waiters [-] State transition "BUILD/spawning" ==> "ACTIVE/None" after 47 second wait
2025-01-13 09:28:15.765 67812 INFO tempest.lib.common.rest_client [req-25428f1a-14dd-4eb9-907b-c4f51668b97c req-25428f1a-14dd-4eb9-907b-c4f51668b97c ] Request (ServerExternalEventsTest:tearDownClass): 200 GET http://10.180.1.21:9696/networking/v2.0/security-groups?tenant_id=c6870849bf394a579b954d656767e8aa&name=default 0.068s
2025-01-13 09:28:15.775 67814 INFO tempest.lib.common.rest_client [req-8c7f1ecf-cef8-422c-8f0f-2b0d4db71cb8 req-8c7f1ecf-cef8-422c-8f0f-2b0d4db71cb8 ] Request (ServersTestJSON:setUpClass): 200 GET http://10.180.1.21/compute/v2.1/servers/c4651f59-03db-48ad-8cdb-a6f605a790c4 0.387s
2025-01-13 09:28:15.812 67782 INFO tempest.lib.common.rest_client [req-6ab2fe30-e11c-4347-9a6f-ae5008cf7bcc req-6ab2fe30-e11c-4347-9a6f-ae5008cf7bcc ] Request (ServerGroupTestJSON:test_create_delete_multiple_server_groups_with_same_name_policy): 204 DELETE http://10.180.1.21/compute/v2.1/os-server-groups/1fab15f0-f32a-4905-a06d-c4c3aa514e59 0.393s
2025-01-13 09:28:15.821 67810 INFO tempest.lib.common.rest_client [req-78cba7b3-5673-4998-8c5c-16ef2fd0291e req-78cba7b3-5673-4998-8c5c-16ef2fd0291e ] Request (InstanceActionsV221TestJSON:test_get_list_deleted_instance_actions): 200 GET http://10.180.1.21/compute/v2.1/servers/b0870ac7-90ba-4212-a8e0-100466cd838b 0.430s
2025-01-13 09:28:15.878 67772 INFO tempest.lib.common.rest_client [req-83779214-de43-485f-aa0e-20709c237292 req-83779214-de43-485f-aa0e-20709c237292 ] Request (InstanceActionsNegativeTestJSON:tearDownClass): 200 GET http://10.180.1.21/compute/v2.1/servers/de76bde1-dc1e-4054-ae8b-72f9ed1da4a9 0.258s
2025-01-13 09:28:15.988 67816 INFO tempest.lib.common.rest_client [req-87d1c9c2-b378-4757-b9dd-5bf513996cf4 req-87d1c9c2-b378-4757-b9dd-5bf513996cf4 ] Request (MigrationsAdminTest:test_list_migrations_in_flavor_resize_situation): 200 GET http://10.180.1.21/compute/v2.1/servers/3f952136-5629-42ba-8a95-a21524601643 0.470s
2025-01-13 09:28:16.002 67816 INFO tempest.common.waiters [-] State transition "RESIZE/resize_prep" ==> "RESIZE/resize_migrating" after 36 second wait
2025-01-13 09:28:16.006 67826 INFO tempest.lib.common.rest_client [req-3ea6f769-54b4-49a9-b2c4-ccfdd36f9c3e req-3ea6f769-54b4-49a9-b2c4-ccfdd36f9c3e ] Request (SecurityGroupRulesNegativeTestJSON:test_create_security_group_rule_with_invalid_from_port): 200 POST http://10.180.1.21/compute/v2.1/os-security-groups 0.309s
2025-01-13 09:28:16.006 67812 INFO tempest.lib.common.rest_client [req-5994d777-a389-402d-a7b0-184db97dab38 req-5994d777-a389-402d-a7b0-184db97dab38 ] Request (ServerExternalEventsTest:tearDownClass): 204 DELETE http://10.180.1.21:9696/networking/v2.0/security-groups/df561e9e-616a-4fdd-8c7e-f43c0ef6f7b5 0.240s
2025-01-13 09:28:16.069 67797 INFO tempest.lib.common.rest_client [req-3579b3b0-41ec-4e07-84c6-d987a491aca6 req-3579b3b0-41ec-4e07-84c6-d987a491aca6 ] Request (ServerRescueTestJSON:setUpClass): 200 GET http://10.180.1.21/compute/v2.1/servers/5f87762e-e397-4a36-8835-36419676b9d5 0.320s
2025-01-13 09:28:16.073 67784 INFO tempest.lib.common.rest_client [req-9c46d902-f254-479a-a882-5fb738dd6b3e req-9c46d902-f254-479a-a882-5fb738dd6b3e ] Request (ServerTagsTestJSON:setUpClass): 200 GET http://10.180.1.21/compute/v2.1/servers/29124931-d28f-4336-934d-ecba302a33e3 0.321s
2025-01-13 09:28:16.085 67782 INFO tempest.lib.common.rest_client [req-cda54d54-14fa-435b-9bc3-6f6cd06d7e76 req-cda54d54-14fa-435b-9bc3-6f6cd06d7e76 ] Request (ServerGroupTestJSON:test_create_delete_multiple_server_groups_with_same_name_policy): 200 GET http://10.180.1.21/compute/v2.1/os-server-groups 0.272s
2025-01-13 09:28:16.139 67812 INFO tempest.lib.common.rest_client [req-0d8bd416-bbe3-4cc0-8ca7-fb806313ae1e req-0d8bd416-bbe3-4cc0-8ca7-fb806313ae1e ] Request (ServerExternalEventsTest:tearDownClass): 204 DELETE http://10.180.1.21/identity/v3/projects/c6870849bf394a579b954d656767e8aa 0.133s
2025-01-13 09:28:16.140 67812 INFO tempest.lib.common.dynamic_creds [-] Deleting project and security group for project: 0e669e5cd356457092a95ba2bf203d5e
2025-01-13 09:28:16.206 67828 INFO tempest.lib.common.rest_client [req-00990fa9-1d0e-4a16-9487-5a6615f7f127 req-00990fa9-1d0e-4a16-9487-5a6615f7f127 ] Request (ServersAdminNegativeTestJSON:test_migrate_server_invalid_state): 200 GET http://10.180.1.21/compute/v2.1/servers/4e43c86c-f642-4cee-a188-efcbc6942ac2 0.266s
2025-01-13 09:28:16.242 67826 INFO tempest.lib.common.rest_client [req-09903270-abf4-40fd-88da-d5b73542eefa req-09903270-abf4-40fd-88da-d5b73542eefa ] Request (SecurityGroupRulesNegativeTestJSON:test_create_security_group_rule_with_invalid_from_port): 400 POST http://10.180.1.21/compute/v2.1/os-security-group-rules 0.233s
2025-01-13 09:28:16.302 67786 INFO tempest.lib.common.rest_client [req-d22b1c25-fb9e-47d8-a70d-1824b5970ef8 req-d22b1c25-fb9e-47d8-a70d-1824b5970ef8 ] Request (TenantUsagesTestJSON:test_get_usage_tenant): 200 GET http://10.180.1.21/compute/v2.1/os-simple-tenant-usage/d315a102517f4177a391ff0a1a13dc4f?start=2025-01-12T09%3A28%3A15.763696&end=2025-01-14T09%3A28%3A15.763696 0.538s
2025-01-13 09:28:16.347 67790 INFO tempest.lib.common.rest_client [req-576ff077-9802-4601-9363-f8995f2aeb5e req-576ff077-9802-4601-9363-f8995f2aeb5e ] Request (ServerActionsV293TestJSON:setUpClass): 200 GET http://10.180.1.21/compute/v2.1/servers/65e59681-f925-4ec0-8ac1-0ded9fcc7947 0.286s
2025-01-13 09:28:16.369 67812 INFO tempest.lib.common.rest_client [req-2623a4cb-049f-4c93-a931-bc93f40511c5 req-2623a4cb-049f-4c93-a931-bc93f40511c5 ] Request (ServerExternalEventsTest:tearDownClass): 200 GET http://10.180.1.21:9696/networking/v2.0/security-groups?tenant_id=0e669e5cd356457092a95ba2bf203d5e&name=default 0.229s
2025-01-13 09:28:16.381 67782 INFO tempest.lib.common.rest_client [req-3d0a78a0-cb0e-40ea-8121-91d2e8ea74c7 req-3d0a78a0-cb0e-40ea-8121-91d2e8ea74c7 ] Request (ServerGroupTestJSON:test_create_delete_server_group_with_affinity_policy): 200 POST http://10.180.1.21/compute/v2.1/os-server-groups 0.292s
2025-01-13 09:28:16.448 67806 INFO tempest.lib.common.rest_client [req-4ba59ebc-3e99-4448-8ead-acfe20652e20 req-4ba59ebc-3e99-4448-8ead-acfe20652e20 ] Request (ServerActionsTestOtherB:setUpClass): 200 GET http://10.180.1.21/compute/v2.1/servers/8ad86c6d-5655-4bca-8a9f-4af4d05d71e4 0.307s
2025-01-13 09:28:16.509 67800 INFO tempest.lib.common.rest_client [req-c2a32afe-b994-425a-8a4d-f8327539c51e req-c2a32afe-b994-425a-8a4d-f8327539c51e ] Request (ServersNegativeTestMultiTenantJSON:setUpClass): 200 GET http://10.180.1.21/compute/v2.1/servers/8dfb1051-c5c0-47c7-9b38-7add404107c6 0.316s
2025-01-13 09:28:16.546 67792 INFO tempest.lib.common.rest_client [req-32853c55-5fc6-4ba0-98b9-0a6010756108 req-32853c55-5fc6-4ba0-98b9-0a6010756108 ] Request (ImagesNegativeTestJSON:test_create_image_from_deleted_server): 200 GET http://10.180.1.21/compute/v2.1/servers/2d10090f-a5bc-41c9-a2fe-37a2dfc10446 0.417s
2025-01-13 09:28:16.553 67812 INFO tempest.lib.common.rest_client [req-2f400983-168a-463d-b4b3-5f601c3638c1 req-2f400983-168a-463d-b4b3-5f601c3638c1 ] Request (ServerExternalEventsTest:tearDownClass): 204 DELETE http://10.180.1.21:9696/networking/v2.0/security-groups/a7401840-206f-4601-8c00-7e6b3b25c781 0.183s
2025-01-13 09:28:16.555 67826 INFO tempest.lib.common.rest_client [req-5e80b590-2d51-470a-a2d2-499de5391025 req-5e80b590-2d51-470a-a2d2-499de5391025 ] Request (SecurityGroupRulesNegativeTestJSON:test_create_security_group_rule_with_invalid_id): 400 POST http://10.180.1.21/compute/v2.1/os-security-group-rules 0.311s
2025-01-13 09:28:16.588 67776 INFO tempest.lib.common.rest_client [req-99be9479-184f-40fc-8fcd-603e8c023aa6 req-99be9479-184f-40fc-8fcd-603e8c023aa6 ] Request (ServersTestBootFromVolume:setUpClass): 200 GET http://10.180.1.21/compute/v2.1/servers/0824a71e-75ca-4a1d-a5e4-7b566fccf383 0.373s
2025-01-13 09:28:16.631 67786 INFO tempest.lib.common.rest_client [req-57daef02-ce81-4ba0-b081-14150d388361 req-57daef02-ce81-4ba0-b081-14150d388361 ] Request (TenantUsagesTestJSON:test_get_usage_tenant_with_non_admin_user): 200 GET http://10.180.1.21/compute/v2.1/os-simple-tenant-usage/d315a102517f4177a391ff0a1a13dc4f?start=2025-01-12T09%3A28%3A15.763696&end=2025-01-14T09%3A28%3A15.763696 0.319s
2025-01-13 09:28:16.643 67780 INFO tempest.lib.common.rest_client [req-400d861f-72a2-4b0a-a5c5-8d908858d8b1 req-400d861f-72a2-4b0a-a5c5-8d908858d8b1 ] Request (ImagesOneServerNegativeTestJSON:_run_cleanups): 200 GET http://10.180.1.21/compute/v2.1/servers/ef210777-ba8b-485a-b3bb-ef65a8ed3ad9 0.378s
2025-01-13 09:28:16.698 67804 INFO tempest.lib.common.rest_client [req-8b3dd5e3-1883-4838-a248-f1277dcb9129 req-8b3dd5e3-1883-4838-a248-f1277dcb9129 ] Request (ServersAdminTestJSON:test_create_server_with_scheduling_hint): 200 GET http://10.180.1.21/compute/v2.1/servers/263d801e-a8c6-4df2-889b-6bbae1cd5360 0.366s
2025-01-13 09:28:16.704 67788 INFO tempest.lib.common.rest_client [req-6bfc17c2-c631-42ac-9b96-f53a9f948291 req-6bfc17c2-c631-42ac-9b96-f53a9f948291 ] Request (VolumesAdminNegativeTest:setUpClass): 200 PUT http://10.180.1.21:9696/networking/v2.0/routers/0a88b179-282f-47e4-b6e1-02967a2a1933/add_router_interface 1.345s
2025-01-13 09:28:16.704 67788 INFO tempest.lib.common.dynamic_creds [-] Created isolated network resources for: credentials: Credentials: {'domain_id': 'default', 'domain_name': 'Default', 'username': 'tempest-VolumesAdminNegativeTest-801305587-project-member', 'project_domain_id': 'default', 'project_domain_name': 'Default', 'project_id': '824c1accd5ac465284f3bf196d9e1518', 'project_name': 'tempest-VolumesAdminNegativeTest-801305587', 'tenant_id': '824c1accd5ac465284f3bf196d9e1518', 'tenant_name': 'tempest-VolumesAdminNegativeTest-801305587', 'user_domain_id': 'default', 'user_domain_name': 'Default', 'user_id': '92c80deb3d654b539c439e9b45c7f4dc', 'system': None}, Network: {'id': 'dea05f9d-0ade-4db0-8556-ce185e28bb87', 'name': 'tempest-VolumesAdminNegativeTest-194341151-network', 'tenant_id': '824c1accd5ac465284f3bf196d9e1518', 'admin_state_up': True, 'mtu': 8950, 'status': 'ACTIVE', 'subnets': [], 'shared': False, 'project_id': '824c1accd5ac465284f3bf196d9e1518', 'port_security_enabled': True, 'router:external': False, 'provider:network_type': 'vlan', 'provider:physical_network': 'default', 'provider:segmentation_id': 424, 'availability_zone_hints': [], 'availability_zones': [], 'ipv4_address_scope': None, 'ipv6_address_scope': None, 'description': '', 'tags': [], 'created_at': '2025-01-13T09:28:13Z', 'updated_at': '2025-01-13T09:28:13Z', 'revision_number': 1}, Subnet: {'id': 'd459fede-f6cc-473f-9c3d-46c993fac5ae', 'name': 'tempest-VolumesAdminNegativeTest-194341151-subnet', 'tenant_id': '824c1accd5ac465284f3bf196d9e1518', 'network_id': 'dea05f9d-0ade-4db0-8556-ce185e28bb87', 'ip_version': 4, 'subnetpool_id': None, 'enable_dhcp': True, 'ipv6_ra_mode': None, 'ipv6_address_mode': None, 'gateway_ip': '192.168.128.1', 'cidr': '192.168.128.0/28', 'allocation_pools': [{'start': '192.168.128.2', 'end': '192.168.128.14'}], 'host_routes': [], 'dns_nameservers': [], 'description': '', 'router:external': False, 'service_types': [], 'tags': [], 'created_at': '2025-01-13T09:28:14Z', 'updated_at': '2025-01-13T09:28:14Z', 'revision_number': 0, 'project_id': '824c1accd5ac465284f3bf196d9e1518'}, Router: {'id': '0a88b179-282f-47e4-b6e1-02967a2a1933', 'name': 'tempest-VolumesAdminNegativeTest-194341151-router', 'tenant_id': '824c1accd5ac465284f3bf196d9e1518', 'admin_state_up': True, 'status': 'ACTIVE', 'external_gateway_info': {'network_id': 'dfa145b1-2f4c-49ea-9dbc-8cf5158e82fa', 'external_fixed_ips': [{'subnet_id': 'ea60e979-d035-48fb-9002-7186c8a3c2df', 'ip_address': '10.180.180.222'}], 'enable_snat': True}, 'description': '', 'availability_zones': [], 'distributed': False, 'ha': False, 'availability_zone_hints': [], 'routes': [], 'flavor_id': None, 'tags': [], 'created_at': '2025-01-13T09:28:14Z', 'updated_at': '2025-01-13T09:28:14Z', 'revision_number': 2, 'project_id': '824c1accd5ac465284f3bf196d9e1518'}
2025-01-13 09:28:16.717 67782 INFO tempest.lib.common.rest_client [req-1e0318ed-0112-459a-b715-10a35a6a4aaf req-1e0318ed-0112-459a-b715-10a35a6a4aaf ] Request (ServerGroupTestJSON:test_create_delete_server_group_with_affinity_policy): 204 DELETE http://10.180.1.21/compute/v2.1/os-server-groups/e648e806-86ca-4e7e-9813-8e2550161e8f 0.334s
2025-01-13 09:28:16.717 67808 INFO tempest.lib.common.rest_client [req-bd769698-dc4c-4a2a-bcef-b5b31ef401f5 req-bd769698-dc4c-4a2a-bcef-b5b31ef401f5 ] Request (ServersAdmin275Test:tearDownClass): 200 GET http://10.180.1.21/compute/v2.1/servers/9e6de468-662e-4591-b8e5-c9c11e0c0163 0.379s
2025-01-13 09:28:16.729 67812 INFO tempest.lib.common.rest_client [req-90cdd348-7f9e-4486-bd60-e47bd10e7590 req-90cdd348-7f9e-4486-bd60-e47bd10e7590 ] Request (ServerExternalEventsTest:tearDownClass): 204 DELETE http://10.180.1.21/identity/v3/projects/0e669e5cd356457092a95ba2bf203d5e 0.176s
2025-01-13 09:28:16.786 67824 INFO tempest.lib.common.rest_client [req-156e202a-b8b7-46ca-bab8-37d5d16f8efd req-156e202a-b8b7-46ca-bab8-37d5d16f8efd ] Request (ServerDiagnosticsV248Test:test_get_server_diagnostics): 200 GET http://10.180.1.21/compute/v2.1/servers/dcfde382-f4dc-4de3-a8f7-ee3d1cc37a81 0.364s
2025-01-13 09:28:16.794 67818 INFO tempest.lib.common.rest_client [req-fde63695-97bf-4b94-893a-b671f3b4473f req-fde63695-97bf-4b94-893a-b671f3b4473f ] Request (DeleteServersAdminTestJSON:test_delete_server_while_in_error_state): 200 GET http://10.180.1.21/compute/v2.1/servers/de830fe1-9542-433f-bc92-6197cd691de7 0.392s
2025-01-13 09:28:16.801 67788 INFO tempest.lib.common.rest_client [req-95ebe12b-ff89-4c9b-875e-7b2a0b134d00 req-95ebe12b-ff89-4c9b-875e-7b2a0b134d00 ] Request (VolumesAdminNegativeTest:setUpClass): 201 POST http://10.180.1.21/identity/v3/auth/tokens 0.093s
2025-01-13 09:28:16.805 67812 INFO tempest.lib.common.rest_client [req-224b3621-a9b2-4911-9cb2-49da1902c6e1 req-224b3621-a9b2-4911-9cb2-49da1902c6e1 ] Request (SecurityGroupsTestJSON:setUpClass): 201 POST http://10.180.1.21/identity/v3/auth/tokens 0.074s
2025-01-13 09:28:16.824 67822 INFO tempest.lib.common.rest_client [req-d689e8e5-b14b-42d2-a104-bdac359978f1 req-d689e8e5-b14b-42d2-a104-bdac359978f1 ] Request (InstanceActionsTestJSON:tearDownClass): 404 GET http://10.180.1.21/compute/v2.1/servers/685d4ec2-62cf-466a-9990-7934576ea0aa 0.315s
2025-01-13 09:28:16.844 67812 INFO tempest.lib.common.rest_client [req-13128ff6-209b-4181-8b64-5586cdfce841 req-13128ff6-209b-4181-8b64-5586cdfce841 ] Request (SecurityGroupsTestJSON:setUpClass): 201 POST http://10.180.1.21/identity/v3/auth/tokens 0.036s
2025-01-13 09:28:16.847 67788 INFO tempest.lib.common.rest_client [req-ad0aaa88-b15b-41a2-9703-6c0490ba508a req-ad0aaa88-b15b-41a2-9703-6c0490ba508a ] Request (VolumesAdminNegativeTest:setUpClass): 201 POST http://10.180.1.21/identity/v3/projects 0.045s
2025-01-13 09:28:16.851 67774 INFO tempest.lib.common.rest_client [req-353121a3-fdc0-41a9-8960-dac399e46669 req-353121a3-fdc0-41a9-8960-dac399e46669 ] Request (ServerActionsTestJSON:setUpClass): 200 GET http://10.180.1.21/compute/v2.1/servers/34f95e70-db34-42cf-8b4f-bebcc26c289b 0.359s
2025-01-13 09:28:16.906 67778 INFO tempest.lib.common.rest_client [req-86ba634b-3822-4727-949c-7895528b0ac4 req-86ba634b-3822-4727-949c-7895528b0ac4 ] Request (ListImageFiltersTestJSON:setUpClass): 200 GET http://10.180.1.21/compute/v2.1/servers/d89bf374-605f-4f2d-a262-b18552959845 0.346s
2025-01-13 09:28:16.908 67788 INFO tempest.lib.common.rest_client [req-13310039-da67-4a51-8126-acdb1aa37b0b req-13310039-da67-4a51-8126-acdb1aa37b0b ] Request (VolumesAdminNegativeTest:setUpClass): 201 POST http://10.180.1.21/identity/v3/users 0.060s
2025-01-13 09:28:16.909 67812 INFO tempest.lib.common.rest_client [req-e71b10f6-a701-49b8-8e0f-4938f7cccdc8 req-e71b10f6-a701-49b8-8e0f-4938f7cccdc8 ] Request (SecurityGroupsTestJSON:setUpClass): 200 GET http://10.180.1.21/identity/v3/domains?name=Default 0.065s
2025-01-13 09:28:16.935 67788 INFO tempest.lib.common.rest_client [req-fe94c623-c900-40f5-b12a-36a4bf8eed11 req-fe94c623-c900-40f5-b12a-36a4bf8eed11 ] Request (VolumesAdminNegativeTest:setUpClass): 200 GET http://10.180.1.21/identity/v3/roles 0.026s
2025-01-13 09:28:16.938 67812 INFO tempest.lib.common.rest_client [req-a8d16c29-f471-455e-bc2c-b4b780703fc0 req-a8d16c29-f471-455e-bc2c-b4b780703fc0 ] Request (SecurityGroupsTestJSON:setUpClass): 201 POST http://10.180.1.21/identity/v3/projects 0.028s
2025-01-13 09:28:16.972 67770 INFO tempest.lib.common.rest_client [req-9ed4b337-c763-44bc-9fac-fbf2fad1d64c req-9ed4b337-c763-44bc-9fac-fbf2fad1d64c ] Request (ImagesOneServerTestJSON:setUpClass): 200 GET http://10.180.1.21/compute/v2.1/servers/658b491a-ec14-4a35-b670-64c95081c274 0.357s
2025-01-13 09:28:17.010 67788 INFO tempest.lib.common.rest_client [req-2be1d9b3-8b2d-44ca-b73f-e47ee32f2cbc req-2be1d9b3-8b2d-44ca-b73f-e47ee32f2cbc ] Request (VolumesAdminNegativeTest:setUpClass): 204 PUT http://10.180.1.21/identity/v3/projects/9ed9adaf2afc40b2a265550bc3217e75/users/5a08c8db2fdc4582a932739a66a76931/roles/fb7a0de37772416e8f34ef1968cdaedc 0.075s
2025-01-13 09:28:17.022 67812 INFO tempest.lib.common.rest_client [req-c96683a3-11a3-48bb-a59e-2627fa0c3d0d req-c96683a3-11a3-48bb-a59e-2627fa0c3d0d ] Request (SecurityGroupsTestJSON:setUpClass): 201 POST http://10.180.1.21/identity/v3/users 0.083s
2025-01-13 09:28:17.023 67786 INFO tempest.lib.common.rest_client [req-4beb5af5-1b5e-497d-8eac-024080e74a57 req-4beb5af5-1b5e-497d-8eac-024080e74a57 ] Request (TenantUsagesTestJSON:test_list_usage_all_tenants): 200 GET http://10.180.1.21/compute/v2.1/os-simple-tenant-usage?start=2025-01-12T09%3A28%3A15.763696&end=2025-01-14T09%3A28%3A15.763696&detailed=1 0.384s
2025-01-13 09:28:17.033 67782 INFO tempest.lib.common.rest_client [req-266751f8-6349-44dc-8af6-0ea97b0edf21 req-266751f8-6349-44dc-8af6-0ea97b0edf21 ] Request (ServerGroupTestJSON:test_create_delete_server_group_with_affinity_policy): 200 GET http://10.180.1.21/compute/v2.1/os-server-groups 0.316s
2025-01-13 09:28:17.060 67826 INFO tempest.lib.common.rest_client [req-994d4e08-f58f-4dcd-9951-4a6bd40a889b req-994d4e08-f58f-4dcd-9951-4a6bd40a889b ] Request (SecurityGroupRulesNegativeTestJSON:test_create_security_group_rule_with_invalid_ip_protocol): 200 POST http://10.180.1.21/compute/v2.1/os-security-groups 0.503s
2025-01-13 09:28:17.093 67788 INFO tempest.lib.common.rest_client [req-c17e32f9-f293-42e9-b463-f3b1d0ea3edd req-c17e32f9-f293-42e9-b463-f3b1d0ea3edd ] Request (VolumesAdminNegativeTest:setUpClass): 200 GET http://10.180.1.21/identity/v3/roles 0.082s
2025-01-13 09:28:17.093 67812 INFO tempest.lib.common.rest_client [req-384f7fc7-e133-4894-9e75-7a7c835df080 req-384f7fc7-e133-4894-9e75-7a7c835df080 ] Request (SecurityGroupsTestJSON:setUpClass): 200 GET http://10.180.1.21/identity/v3/roles 0.071s
2025-01-13 09:28:17.106 67814 INFO tempest.lib.common.rest_client [req-8c8c8a95-36c8-44b5-9e85-fd517073f170 req-8c8c8a95-36c8-44b5-9e85-fd517073f170 ] Request (ServersTestJSON:setUpClass): 200 GET http://10.180.1.21/compute/v2.1/servers/c4651f59-03db-48ad-8cdb-a6f605a790c4 0.319s
2025-01-13 09:28:17.128 67788 INFO tempest.lib.common.rest_client [req-d670356c-ac09-438b-a2fa-7da54eb5f779 req-d670356c-ac09-438b-a2fa-7da54eb5f779 ] Request (VolumesAdminNegativeTest:setUpClass): 204 PUT http://10.180.1.21/identity/v3/projects/9ed9adaf2afc40b2a265550bc3217e75/users/5a08c8db2fdc4582a932739a66a76931/roles/fb7a0de37772416e8f34ef1968cdaedc 0.034s
2025-01-13 09:28:17.128 67788 INFO tempest.lib.common.dynamic_creds [-] Dynamic test user 5a08c8db2fdc4582a932739a66a76931 is created with scope project and roles: ['admin']
2025-01-13 09:28:17.128 67788 INFO tempest.lib.common.dynamic_creds [-] Acquired dynamic creds: credentials: Credentials: {'domain_id': 'default', 'domain_name': 'Default', 'username': 'tempest-VolumesAdminNegativeTest-1115947776-project-admin', 'project_domain_id': 'default', 'project_domain_name': 'Default', 'project_id': '9ed9adaf2afc40b2a265550bc3217e75', 'project_name': 'tempest-VolumesAdminNegativeTest-1115947776', 'tenant_id': '9ed9adaf2afc40b2a265550bc3217e75', 'tenant_name': 'tempest-VolumesAdminNegativeTest-1115947776', 'user_domain_id': 'default', 'user_domain_name': 'Default', 'user_id': '5a08c8db2fdc4582a932739a66a76931', 'system': None}, Network: None, Subnet: None, Router: None
2025-01-13 09:28:17.131 67810 INFO tempest.lib.common.rest_client [req-adfb505c-5810-477d-bbe5-d0105aeec735 req-adfb505c-5810-477d-bbe5-d0105aeec735 ] Request (InstanceActionsV221TestJSON:test_get_list_deleted_instance_actions): 200 GET http://10.180.1.21/compute/v2.1/servers/b0870ac7-90ba-4212-a8e0-100466cd838b 0.300s
2025-01-13 09:28:17.145 67812 INFO tempest.lib.common.rest_client [req-84ff9b88-93f3-426e-a3b2-b24be646d837 req-84ff9b88-93f3-426e-a3b2-b24be646d837 ] Request (SecurityGroupsTestJSON:setUpClass): 204 PUT http://10.180.1.21/identity/v3/projects/238822613d0241f8b5e626c19906c8b2/users/ed6e794c94004bbd9ea47fbe4f2a5b76/roles/4cf95430aaa847f9b8db0b20273fbc5d 0.051s
2025-01-13 09:28:17.146 67812 INFO tempest.lib.common.dynamic_creds [-] Dynamic test user ed6e794c94004bbd9ea47fbe4f2a5b76 is created with scope project and roles: ['member']
2025-01-13 09:28:17.146 67812 INFO tempest.lib.common.dynamic_creds [-] Acquired dynamic creds: credentials: Credentials: {'domain_id': 'default', 'domain_name': 'Default', 'username': 'tempest-SecurityGroupsTestJSON-1796051166-project-member', 'project_domain_id': 'default', 'project_domain_name': 'Default', 'project_id': '238822613d0241f8b5e626c19906c8b2', 'project_name': 'tempest-SecurityGroupsTestJSON-1796051166', 'tenant_id': '238822613d0241f8b5e626c19906c8b2', 'tenant_name': 'tempest-SecurityGroupsTestJSON-1796051166', 'user_domain_id': 'default', 'user_domain_name': 'Default', 'user_id': 'ed6e794c94004bbd9ea47fbe4f2a5b76', 'system': None}, Network: None, Subnet: None, Router: None
2025-01-13 09:28:17.183 67772 INFO tempest.lib.common.rest_client [req-18d6b261-b35a-4dfa-8e4c-a640d206d22a req-18d6b261-b35a-4dfa-8e4c-a640d206d22a ] Request (InstanceActionsNegativeTestJSON:tearDownClass): 200 GET http://10.180.1.21/compute/v2.1/servers/de76bde1-dc1e-4054-ae8b-72f9ed1da4a9 0.298s
2025-01-13 09:28:17.234 67812 INFO tempest.lib.common.rest_client [req-31df8c5d-f5f5-4545-adc7-6b5930141a7c req-31df8c5d-f5f5-4545-adc7-6b5930141a7c ] Request (SecurityGroupsTestJSON:setUpClass): 201 POST http://10.180.1.21/identity/v3/auth/tokens 0.088s
2025-01-13 09:28:17.265 67786 INFO tempest.lib.common.rest_client [req-959207fc-81d5-4b98-a255-4b7dac76e790 req-959207fc-81d5-4b98-a255-4b7dac76e790 ] Request (TenantUsagesTestJSON:tearDownClass): 204 DELETE http://10.180.1.21/compute/v2.1/servers/7fda2b64-5d5f-46ed-b57b-00b24d9acee1 0.233s
2025-01-13 09:28:17.336 67782 INFO tempest.lib.common.rest_client [req-58e32add-96d9-4784-bcd4-5dac14405248 req-58e32add-96d9-4784-bcd4-5dac14405248 ] Request (ServerGroupTestJSON:test_create_delete_server_group_with_anti_affinity_policy): 200 POST http://10.180.1.21/compute/v2.1/os-server-groups 0.299s
2025-01-13 09:28:17.400 67826 INFO tempest.lib.common.rest_client [req-7e6480a5-0d84-4f3e-9347-29ec77168b63 req-7e6480a5-0d84-4f3e-9347-29ec77168b63 ] Request (SecurityGroupRulesNegativeTestJSON:test_create_security_group_rule_with_invalid_ip_protocol): 400 POST http://10.180.1.21/compute/v2.1/os-security-group-rules 0.334s
2025-01-13 09:28:17.475 67797 INFO tempest.lib.common.rest_client [req-a578c5ff-9db4-4734-ab28-2c6358da7dc4 req-a578c5ff-9db4-4734-ab28-2c6358da7dc4 ] Request (ServerRescueTestJSON:setUpClass): 200 GET http://10.180.1.21/compute/v2.1/servers/5f87762e-e397-4a36-8835-36419676b9d5 0.392s
2025-01-13 09:28:17.541 67784 INFO tempest.lib.common.rest_client [req-a9cbcd7f-0c9c-447a-bd09-b95b0b79e3b7 req-a9cbcd7f-0c9c-447a-bd09-b95b0b79e3b7 ] Request (ServerTagsTestJSON:setUpClass): 200 GET http://10.180.1.21/compute/v2.1/servers/29124931-d28f-4336-934d-ecba302a33e3 0.452s
2025-01-13 09:28:17.553 67784 INFO tempest.common.waiters [-] State transition "BUILD/scheduling" ==> "BUILD/None" after 19 second wait
2025-01-13 09:28:17.570 67816 INFO tempest.lib.common.rest_client [req-b7126ea3-7f07-46b7-8929-393405fc5b5d req-b7126ea3-7f07-46b7-8929-393405fc5b5d ] Request (MigrationsAdminTest:test_list_migrations_in_flavor_resize_situation): 200 GET http://10.180.1.21/compute/v2.1/servers/3f952136-5629-42ba-8a95-a21524601643 0.566s
2025-01-13 09:28:17.629 67812 INFO tempest.lib.common.rest_client [req-00ae5a5c-6472-4629-bde8-bdbc1bc0b37b req-00ae5a5c-6472-4629-bde8-bdbc1bc0b37b ] Request (SecurityGroupsTestJSON:setUpClass): 201 POST http://10.180.1.21:9696/networking/v2.0/networks 0.394s
2025-01-13 09:28:17.756 67828 INFO tempest.lib.common.rest_client [req-fa52c95e-d952-4d83-95ec-1fd2c77f48de req-fa52c95e-d952-4d83-95ec-1fd2c77f48de ] Request (ServersAdminNegativeTestJSON:test_migrate_server_invalid_state): 200 GET http://10.180.1.21/compute/v2.1/servers/4e43c86c-f642-4cee-a188-efcbc6942ac2 0.540s
2025-01-13 09:28:17.757 67768 WARNING tempest.lib.common.ssh [-] Failed to establish authenticated ssh connection to cirros@10.180.180.154 ([Errno None] Unable to connect to port 22 on 10.180.180.154). Number attempts: 4. Retry after 5 seconds.: paramiko.ssh_exception.NoValidConnectionsError: [Errno None] Unable to connect to port 22 on 10.180.180.154
2025-01-13 09:28:17.768 67786 INFO tempest.lib.common.rest_client [req-a1140846-3a54-4a2c-96f1-b0b386dcd721 req-a1140846-3a54-4a2c-96f1-b0b386dcd721 ] Request (TenantUsagesTestJSON:tearDownClass): 200 GET http://10.180.1.21/compute/v2.1/servers/7fda2b64-5d5f-46ed-b57b-00b24d9acee1 0.502s
2025-01-13 09:28:17.777 67788 INFO tempest.lib.common.rest_client [req-1ff593fe-4f23-410d-abfe-7841a413065f req-1ff593fe-4f23-410d-abfe-7841a413065f ] Request (VolumesAdminNegativeTest:setUpClass): 201 POST http://10.180.1.21:9696/networking/v2.0/networks 0.648s
2025-01-13 09:28:17.802 67782 INFO tempest.lib.common.rest_client [req-94e0296f-9df6-4cdb-8c35-68969eaba3e0 req-94e0296f-9df6-4cdb-8c35-68969eaba3e0 ] Request (ServerGroupTestJSON:test_create_delete_server_group_with_anti_affinity_policy): 204 DELETE http://10.180.1.21/compute/v2.1/os-server-groups/f9fdb572-319b-47b2-943d-8397bb72a7f9 0.463s
2025-01-13 09:28:17.850 67790 INFO tempest.lib.common.rest_client [req-5a05242d-9623-409a-8b05-e39345597ef8 req-5a05242d-9623-409a-8b05-e39345597ef8 ] Request (ServerActionsV293TestJSON:setUpClass): 200 GET http://10.180.1.21/compute/v2.1/servers/65e59681-f925-4ec0-8ac1-0ded9fcc7947 0.485s
2025-01-13 09:28:17.885 67820 WARNING tempest.lib.common.ssh [-] Failed to establish authenticated ssh connection to cirros@10.180.180.246 ([Errno None] Unable to connect to port 22 on 10.180.180.246). Number attempts: 2. Retry after 3 seconds.: paramiko.ssh_exception.NoValidConnectionsError: [Errno None] Unable to connect to port 22 on 10.180.180.246
2025-01-13 09:28:17.905 67806 INFO tempest.lib.common.rest_client [req-c36fb6c7-6ed4-482b-aa24-c48f5ca89996 req-c36fb6c7-6ed4-482b-aa24-c48f5ca89996 ] Request (ServerActionsTestOtherB:setUpClass): 200 GET http://10.180.1.21/compute/v2.1/servers/8ad86c6d-5655-4bca-8a9f-4af4d05d71e4 0.449s
2025-01-13 09:28:17.968 67800 INFO tempest.lib.common.rest_client [req-a06b35bb-3963-4e3c-a00f-afac6dfd1b73 req-a06b35bb-3963-4e3c-a00f-afac6dfd1b73 ] Request (ServersNegativeTestMultiTenantJSON:setUpClass): 200 GET http://10.180.1.21/compute/v2.1/servers/8dfb1051-c5c0-47c7-9b38-7add404107c6 0.445s
2025-01-13 09:28:17.973 67812 INFO tempest.lib.common.rest_client [req-6e16fb78-7373-4e42-ba12-32e5676e1e80 req-6e16fb78-7373-4e42-ba12-32e5676e1e80 ] Request (SecurityGroupsTestJSON:setUpClass): 201 POST http://10.180.1.21:9696/networking/v2.0/subnets 0.343s
2025-01-13 09:28:18.033 67826 INFO tempest.lib.common.rest_client [req-1756b179-2d02-41f2-854c-cfc30c306489 req-1756b179-2d02-41f2-854c-cfc30c306489 ] Request (SecurityGroupRulesNegativeTestJSON:test_create_security_group_rule_with_invalid_port_range): 200 POST http://10.180.1.21/compute/v2.1/os-security-groups 0.630s
2025-01-13 09:28:18.102 67776 INFO tempest.lib.common.rest_client [req-cb4bba8e-9471-4701-8662-260b59919c36 req-cb4bba8e-9471-4701-8662-260b59919c36 ] Request (ServersTestBootFromVolume:setUpClass): 200 GET http://10.180.1.21/compute/v2.1/servers/0824a71e-75ca-4a1d-a5e4-7b566fccf383 0.499s
2025-01-13 09:28:18.142 67788 INFO tempest.lib.common.rest_client [req-fe940ae7-ce07-4691-8089-75fcb85f3d19 req-fe940ae7-ce07-4691-8089-75fcb85f3d19 ] Request (VolumesAdminNegativeTest:setUpClass): 201 POST http://10.180.1.21:9696/networking/v2.0/subnets 0.365s
2025-01-13 09:28:18.171 67780 INFO tempest.lib.common.rest_client [req-d0520690-8c8d-4ec2-8b4e-f01df1b3234f req-d0520690-8c8d-4ec2-8b4e-f01df1b3234f ] Request (ImagesOneServerNegativeTestJSON:_run_cleanups): 200 GET http://10.180.1.21/compute/v2.1/servers/ef210777-ba8b-485a-b3bb-ef65a8ed3ad9 0.513s
2025-01-13 09:28:18.197 67792 INFO tempest.lib.common.rest_client [req-fe4701fe-7ff5-4c2f-81ad-edf8a1e60f70 req-fe4701fe-7ff5-4c2f-81ad-edf8a1e60f70 ] Request (ImagesNegativeTestJSON:test_create_image_from_deleted_server): 200 GET http://10.180.1.21/compute/v2.1/servers/2d10090f-a5bc-41c9-a2fe-37a2dfc10446 0.640s
2025-01-13 09:28:18.210 67792 INFO tempest.common.waiters [-] State transition "BUILD/spawning" ==> "ACTIVE/None" after 46 second wait
2025-01-13 09:28:18.274 67808 INFO tempest.lib.common.rest_client [req-396bfd02-2ebc-45c8-99c3-9af6e10a59b7 req-396bfd02-2ebc-45c8-99c3-9af6e10a59b7 ] Request (ServersAdmin275Test:tearDownClass): 200 GET http://10.180.1.21/compute/v2.1/servers/9e6de468-662e-4591-b8e5-c9c11e0c0163 0.546s
2025-01-13 09:28:18.288 67822 INFO tempest.lib.common.rest_client [req-57266e1b-69be-46c4-9b30-0e2a3066216c req-57266e1b-69be-46c4-9b30-0e2a3066216c ] Request (InstanceActionsTestJSON:tearDownClass): 200 PUT http://10.180.1.21:9696/networking/v2.0/routers/c101f665-266c-4443-81aa-514be39e1ae0/remove_router_interface 1.463s
2025-01-13 09:28:18.290 67808 INFO tempest.common.waiters [-] State transition "ACTIVE/deleting" ==> "DELETED/None" after 5 second wait
2025-01-13 09:28:18.344 67824 INFO tempest.lib.common.rest_client [req-49d00c1f-6897-4cd1-a524-cc86839e18e5 req-49d00c1f-6897-4cd1-a524-cc86839e18e5 ] Request (ServerDiagnosticsV248Test:test_get_server_diagnostics): 200 GET http://10.180.1.21/compute/v2.1/servers/dcfde382-f4dc-4de3-a8f7-ee3d1cc37a81 0.543s
2025-01-13 09:28:18.361 67782 INFO tempest.lib.common.rest_client [req-5f97814d-5971-44af-8a81-190660f87ef5 req-5f97814d-5971-44af-8a81-190660f87ef5 ] Request (ServerGroupTestJSON:test_create_delete_server_group_with_anti_affinity_policy): 200 GET http://10.180.1.21/compute/v2.1/os-server-groups 0.559s
2025-01-13 09:28:18.423 67804 INFO tempest.lib.common.rest_client [req-dbcf55b8-3ee2-46a7-a8a6-84812e6d759d req-dbcf55b8-3ee2-46a7-a8a6-84812e6d759d ] Request (ServersAdminTestJSON:test_create_server_with_scheduling_hint): 200 GET http://10.180.1.21/compute/v2.1/servers/263d801e-a8c6-4df2-889b-6bbae1cd5360 0.714s
2025-01-13 09:28:18.429 67818 INFO tempest.lib.common.rest_client [req-3a27dff8-b3ad-4cc1-9983-cfa44ae9ad37 req-3a27dff8-b3ad-4cc1-9983-cfa44ae9ad37 ] Request (DeleteServersAdminTestJSON:test_delete_server_while_in_error_state): 200 GET http://10.180.1.21/compute/v2.1/servers/de830fe1-9542-433f-bc92-6197cd691de7 0.625s
2025-01-13 09:28:18.471 67782 INFO tempest.lib.common.rest_client [req-463fffc2-c432-4d1d-922f-4c6d6f705750 req-463fffc2-c432-4d1d-922f-4c6d6f705750 ] Request (ServerGroupTestJSON:test_create_server_with_scheduler_hint_group): 201 POST http://10.180.1.21/identity/v3/auth/tokens 0.091s
2025-01-13 09:28:18.471 67782 INFO tempest.lib.common.fixed_network [-] (ServerGroupTestJSON:test_create_server_with_scheduler_hint_group) Found network {'id': '5a8035c3-381d-4655-8478-2c6fba3b3e89', 'name': 'tempest-ServerGroupTestJSON-1722856946-network', 'tenant_id': '4bbbb7e3fbc143339759b972d497e2d1', 'admin_state_up': True, 'mtu': 8950, 'status': 'ACTIVE', 'subnets': [], 'shared': False, 'project_id': '4bbbb7e3fbc143339759b972d497e2d1', 'port_security_enabled': True, 'router:external': False, 'provider:network_type': 'vlan', 'provider:physical_network': 'default', 'provider:segmentation_id': 829, 'availability_zone_hints': [], 'availability_zones': [], 'ipv4_address_scope': None, 'ipv6_address_scope': None, 'description': '', 'tags': [], 'created_at': '2025-01-13T09:28:11Z', 'updated_at': '2025-01-13T09:28:11Z', 'revision_number': 1} available for tenant
2025-01-13 09:28:18.501 67778 INFO tempest.lib.common.rest_client [req-2a925fcc-58f0-43c2-9ac6-b7e79bc0d9d7 req-2a925fcc-58f0-43c2-9ac6-b7e79bc0d9d7 ] Request (ListImageFiltersTestJSON:setUpClass): 200 GET http://10.180.1.21/compute/v2.1/servers/d89bf374-605f-4f2d-a262-b18552959845 0.582s
2025-01-13 09:28:18.511 67774 INFO tempest.lib.common.rest_client [req-77a07713-0e26-45a9-9866-a25b597a11bd req-77a07713-0e26-45a9-9866-a25b597a11bd ] Request (ServerActionsTestJSON:setUpClass): 200 GET http://10.180.1.21/compute/v2.1/servers/34f95e70-db34-42cf-8b4f-bebcc26c289b 0.649s
2025-01-13 09:28:18.567 67770 INFO tempest.lib.common.rest_client [req-d8a40af4-797e-4ad9-8f1a-6b064d6d8f09 req-d8a40af4-797e-4ad9-8f1a-6b064d6d8f09 ] Request (ImagesOneServerTestJSON:setUpClass): 200 GET http://10.180.1.21/compute/v2.1/servers/658b491a-ec14-4a35-b670-64c95081c274 0.587s
2025-01-13 09:28:18.591 67826 INFO tempest.lib.common.rest_client [req-0cd930a4-366d-4457-978c-7c6d083c3cee req-0cd930a4-366d-4457-978c-7c6d083c3cee ] Request (SecurityGroupRulesNegativeTestJSON:test_create_security_group_rule_with_invalid_port_range): 400 POST http://10.180.1.21/compute/v2.1/os-security-group-rules 0.554s
2025-01-13 09:28:18.622 67814 INFO tempest.lib.common.rest_client [req-bac15cd3-4b4e-4ef0-b49c-ebb3daf83d05 req-bac15cd3-4b4e-4ef0-b49c-ebb3daf83d05 ] Request (ServersTestJSON:setUpClass): 200 GET http://10.180.1.21/compute/v2.1/servers/c4651f59-03db-48ad-8cdb-a6f605a790c4 0.502s
2025-01-13 09:28:18.667 67810 INFO tempest.lib.common.rest_client [req-9b088545-c8fb-469a-afed-5b81e21bef74 req-9b088545-c8fb-469a-afed-5b81e21bef74 ] Request (InstanceActionsV221TestJSON:test_get_list_deleted_instance_actions): 200 GET http://10.180.1.21/compute/v2.1/servers/b0870ac7-90ba-4212-a8e0-100466cd838b 0.523s
2025-01-13 09:28:18.691 67772 INFO tempest.lib.common.rest_client [req-786920ec-5459-472b-acc0-a26f389f3ea7 req-786920ec-5459-472b-acc0-a26f389f3ea7 ] Request (InstanceActionsNegativeTestJSON:tearDownClass): 200 GET http://10.180.1.21/compute/v2.1/servers/de76bde1-dc1e-4054-ae8b-72f9ed1da4a9 0.495s
2025-01-13 09:28:18.747 67792 INFO tempest.lib.common.rest_client [req-cd0403d3-6072-40b3-ab18-92c90f9db652 req-cd0403d3-6072-40b3-ab18-92c90f9db652 ] Request (ImagesNegativeTestJSON:test_create_image_from_deleted_server): 204 DELETE http://10.180.1.21/compute/v2.1/servers/2d10090f-a5bc-41c9-a2fe-37a2dfc10446 0.533s
2025-01-13 09:28:18.808 67822 INFO tempest.lib.common.rest_client [req-99221c02-ed51-43c2-8667-eb19dcf82d34 req-99221c02-ed51-43c2-8667-eb19dcf82d34 ] Request (InstanceActionsTestJSON:tearDownClass): 204 DELETE http://10.180.1.21:9696/networking/v2.0/routers/c101f665-266c-4443-81aa-514be39e1ae0 0.519s
2025-01-13 09:28:18.809 67797 INFO tempest.lib.common.rest_client [req-0e26fb43-ecac-4893-9485-7a8bb7475c3a req-0e26fb43-ecac-4893-9485-7a8bb7475c3a ] Request (ServerRescueTestJSON:setUpClass): 200 GET http://10.180.1.21/compute/v2.1/servers/5f87762e-e397-4a36-8835-36419676b9d5 0.323s
2025-01-13 09:28:18.888 67784 INFO tempest.lib.common.rest_client [req-a40498f7-72ee-4583-9424-46a032c4d0cb req-a40498f7-72ee-4583-9424-46a032c4d0cb ] Request (ServerTagsTestJSON:setUpClass): 200 GET http://10.180.1.21/compute/v2.1/servers/29124931-d28f-4336-934d-ecba302a33e3 0.333s
2025-01-13 09:28:19.037 67802 WARNING tempest.lib.common.ssh [-] Failed to establish authenticated ssh connection to cirros@10.180.180.245 ([Errno None] Unable to connect to port 22 on 10.180.180.245). Number attempts: 3. Retry after 4 seconds.: paramiko.ssh_exception.NoValidConnectionsError: [Errno None] Unable to connect to port 22 on 10.180.180.245
2025-01-13 09:28:19.097 67816 INFO tempest.lib.common.rest_client [req-a1b1c6ac-5fb7-4cd2-989a-e43363457f2e req-a1b1c6ac-5fb7-4cd2-989a-e43363457f2e ] Request (MigrationsAdminTest:test_list_migrations_in_flavor_resize_situation): 200 GET http://10.180.1.21/compute/v2.1/servers/3f952136-5629-42ba-8a95-a21524601643 0.514s
2025-01-13 09:28:19.127 67782 INFO tempest.lib.common.rest_client [req-eaa71b89-7397-47d0-8dd2-47a3f3e59324 req-eaa71b89-7397-47d0-8dd2-47a3f3e59324 ] Request (ServerGroupTestJSON:test_create_server_with_scheduler_hint_group): 202 POST http://10.180.1.21/compute/v2.1/servers 0.655s
2025-01-13 09:28:19.163 67822 INFO tempest.lib.common.rest_client [req-ad930cda-9470-431d-8948-a68b5017bdaa req-ad930cda-9470-431d-8948-a68b5017bdaa ] Request (InstanceActionsTestJSON:tearDownClass): 204 DELETE http://10.180.1.21:9696/networking/v2.0/subnets/380678ad-4d4a-45c5-87e8-85d235318f42 0.355s
2025-01-13 09:28:19.234 67792 INFO tempest.lib.common.rest_client [req-93ff08f0-077d-4230-97f1-24e3d7e63c4c req-93ff08f0-077d-4230-97f1-24e3d7e63c4c ] Request (ImagesNegativeTestJSON:test_create_image_from_deleted_server): 200 GET http://10.180.1.21/compute/v2.1/servers/2d10090f-a5bc-41c9-a2fe-37a2dfc10446 0.487s
2025-01-13 09:28:19.403 67828 INFO tempest.lib.common.rest_client [req-4571f4ab-37bc-462b-baf3-7bd23aa976ec req-4571f4ab-37bc-462b-baf3-7bd23aa976ec ] Request (ServersAdminNegativeTestJSON:test_migrate_server_invalid_state): 200 GET http://10.180.1.21/compute/v2.1/servers/4e43c86c-f642-4cee-a188-efcbc6942ac2 0.632s
2025-01-13 09:28:19.436 67826 INFO tempest.lib.common.rest_client [req-8cdb9c47-c31c-49ff-8f2d-93573bd994d6 req-8cdb9c47-c31c-49ff-8f2d-93573bd994d6 ] Request (SecurityGroupRulesNegativeTestJSON:test_create_security_group_rule_with_invalid_to_port): 200 POST http://10.180.1.21/compute/v2.1/os-security-groups 0.843s
2025-01-13 09:28:19.518 67786 INFO tempest.lib.common.rest_client [req-7a81e0a0-d271-4135-bd19-fb07095b330d req-7a81e0a0-d271-4135-bd19-fb07095b330d ] Request (TenantUsagesTestJSON:tearDownClass): 200 GET http://10.180.1.21/compute/v2.1/servers/7fda2b64-5d5f-46ed-b57b-00b24d9acee1 0.737s
2025-01-13 09:28:19.533 67790 INFO tempest.lib.common.rest_client [req-533036c9-d354-4398-b669-aa3f9da78c87 req-533036c9-d354-4398-b669-aa3f9da78c87 ] Request (ServerActionsV293TestJSON:setUpClass): 200 GET http://10.180.1.21/compute/v2.1/servers/65e59681-f925-4ec0-8ac1-0ded9fcc7947 0.668s
2025-01-13 09:28:19.567 67806 INFO tempest.lib.common.rest_client [req-e1a1b801-f83c-4d93-ab1c-a95011dda7f5 req-e1a1b801-f83c-4d93-ab1c-a95011dda7f5 ] Request (ServerActionsTestOtherB:setUpClass): 200 GET http://10.180.1.21/compute/v2.1/servers/8ad86c6d-5655-4bca-8a9f-4af4d05d71e4 0.651s
2025-01-13 09:28:19.621 67800 INFO tempest.lib.common.rest_client [req-32d2cd9b-4e1a-45b0-8287-a8ea71444e42 req-32d2cd9b-4e1a-45b0-8287-a8ea71444e42 ] Request (ServersNegativeTestMultiTenantJSON:setUpClass): 200 GET http://10.180.1.21/compute/v2.1/servers/8dfb1051-c5c0-47c7-9b38-7add404107c6 0.643s
2025-01-13 09:28:19.623 67776 INFO tempest.lib.common.rest_client [req-564ce37f-170f-4a50-8d6d-d16a8ef3d73c req-564ce37f-170f-4a50-8d6d-d16a8ef3d73c ] Request (ServersTestBootFromVolume:setUpClass): 200 GET http://10.180.1.21/compute/v2.1/servers/0824a71e-75ca-4a1d-a5e4-7b566fccf383 0.509s
2025-01-13 09:28:19.630 67776 INFO tempest.common.waiters [-] State transition "BUILD/scheduling" ==> "BUILD/None" after 19 second wait
2025-01-13 09:28:19.678 67782 INFO tempest.lib.common.rest_client [req-128fdd35-a84f-4252-9167-6de3281a6c78 req-128fdd35-a84f-4252-9167-6de3281a6c78 ] Request (ServerGroupTestJSON:test_create_server_with_scheduler_hint_group): 200 GET http://10.180.1.21/compute/v2.1/servers/8ea27d3c-dd03-45f6-a5e2-8cf71a4e824c 0.549s
2025-01-13 09:28:19.689 67780 INFO tempest.lib.common.rest_client [req-edfb9550-0655-4861-be8c-5c561c4c740e req-edfb9550-0655-4861-be8c-5c561c4c740e ] Request (ImagesOneServerNegativeTestJSON:_run_cleanups): 200 GET http://10.180.1.21/compute/v2.1/servers/ef210777-ba8b-485a-b3bb-ef65a8ed3ad9 0.510s
2025-01-13 09:28:19.744 67824 INFO tempest.lib.common.rest_client [req-75d102c8-ef47-4574-8a2f-e573e4bb13d8 req-75d102c8-ef47-4574-8a2f-e573e4bb13d8 ] Request (ServerDiagnosticsV248Test:test_get_server_diagnostics): 200 GET http://10.180.1.21/compute/v2.1/servers/dcfde382-f4dc-4de3-a8f7-ee3d1cc37a81 0.388s
2025-01-13 09:28:19.752 67808 INFO tempest.lib.common.rest_client [req-bb695974-6f86-4d68-8dde-e58b05a0298d req-bb695974-6f86-4d68-8dde-e58b05a0298d ] Request (ServersAdmin275Test:tearDownClass): 200 GET http://10.180.1.21/compute/v2.1/servers/9e6de468-662e-4591-b8e5-c9c11e0c0163 0.462s
