2025-01-13 09:28:10.305 67782 INFO tempest.lib.common.rest_client [req-5616f385-c12d-4c5e-851f-ec36d116e112 req-5616f385-c12d-4c5e-851f-ec36d116e112 ] Request (ServerGroupTestJSON:setUpClass): 201 POST http://10.180.1.21/identity/v3/auth/tokens 0.061s
2025-01-13 09:28:10.321 67770 INFO tempest.lib.common.rest_client [req-3abe9b8f-f8a2-418e-b821-6b7b4cb91b69 req-3abe9b8f-f8a2-418e-b821-6b7b4cb91b69 ] Request (ImagesOneServerTestJSON:setUpClass): 200 GET http://10.180.1.21/compute/v2.1/servers/658b491a-ec14-4a35-b670-64c95081c274 0.238s
2025-01-13 09:28:10.335 67826 INFO tempest.lib.common.rest_client [req-0140b1ab-cc2e-4b62-beaa-d2feb88366c8 req-0140b1ab-cc2e-4b62-beaa-d2feb88366c8 ] Request (SecurityGroupRulesNegativeTestJSON:setUpClass): 200 GET http://10.180.1.21/identity/v3/roles 0.059s
2025-01-13 09:28:10.339 67782 INFO tempest.lib.common.rest_client [req-40c3ad29-5af9-4add-b017-0a5accb7bf72 req-40c3ad29-5af9-4add-b017-0a5accb7bf72 ] Request (ServerGroupTestJSON:setUpClass): 200 GET http://10.180.1.21/identity/v3/domains?name=Default 0.033s
2025-01-13 09:28:10.354 67788 INFO tempest.lib.common.rest_client [req-1b47b391-eedb-4cb5-9e87-6a7308cad082 req-1b47b391-eedb-4cb5-9e87-6a7308cad082 ] Request (FlavorsV255TestJSON:test_crud_flavor): 200 POST http://10.180.1.21/compute/v2.1/flavors 0.287s
2025-01-13 09:28:10.376 67826 INFO tempest.lib.common.rest_client [req-ed7591a1-215c-45db-80ec-cd129a548d1c req-ed7591a1-215c-45db-80ec-cd129a548d1c ] Request (SecurityGroupRulesNegativeTestJSON:setUpClass): 204 PUT http://10.180.1.21/identity/v3/projects/aa58aa2326d442ad9925efec5d9937c3/users/6cf01445ce344426ab451f714136ed7c/roles/4cf95430aaa847f9b8db0b20273fbc5d 0.041s
2025-01-13 09:28:10.376 67826 INFO tempest.lib.common.dynamic_creds [-] Dynamic test user 6cf01445ce344426ab451f714136ed7c is created with scope project and roles: ['member']
2025-01-13 09:28:10.376 67826 INFO tempest.lib.common.dynamic_creds [-] Acquired dynamic creds: credentials: Credentials: {'domain_id': 'default', 'domain_name': 'Default', 'username': 'tempest-SecurityGroupRulesNegativeTestJSON-2046228143-project-member', 'project_domain_id': 'default', 'project_domain_name': 'Default', 'project_id': 'aa58aa2326d442ad9925efec5d9937c3', 'project_name': 'tempest-SecurityGroupRulesNegativeTestJSON-2046228143', 'tenant_id': 'aa58aa2326d442ad9925efec5d9937c3', 'tenant_name': 'tempest-SecurityGroupRulesNegativeTestJSON-2046228143', 'user_domain_id': 'default', 'user_domain_name': 'Default', 'user_id': '6cf01445ce344426ab451f714136ed7c', 'system': None}, Network: None, Subnet: None, Router: None
2025-01-13 09:28:10.395 67782 INFO tempest.lib.common.rest_client [req-28cfe492-d091-4110-b3f2-dfa1e4b86926 req-28cfe492-d091-4110-b3f2-dfa1e4b86926 ] Request (ServerGroupTestJSON:setUpClass): 201 POST http://10.180.1.21/identity/v3/projects 0.055s
2025-01-13 09:28:10.405 67810 INFO tempest.lib.common.rest_client [req-6be576f6-a1ed-4ee0-8cdc-6f84f427f373 req-6be576f6-a1ed-4ee0-8cdc-6f84f427f373 ] Request (InstanceActionsV221TestJSON:test_get_list_deleted_instance_actions): 200 GET http://10.180.1.21/compute/v2.1/servers/b0870ac7-90ba-4212-a8e0-100466cd838b 0.213s
2025-01-13 09:28:10.424 67820 INFO tempest.lib.common.rest_client [req-d3e10704-da9e-41ad-9b19-5d540f8ed1b6 req-d3e10704-da9e-41ad-9b19-5d540f8ed1b6 ] Request (ServersTestManualDisk:setUpClass): 200 PUT http://10.180.1.21:9696/networking/v2.0/floatingips/036e8cc9-3f99-4556-9711-a44a8423a24a 0.793s
2025-01-13 09:28:10.439 67826 INFO tempest.lib.common.rest_client [req-d94bf9f2-da49-419b-ae3c-8f4b401e83e0 req-d94bf9f2-da49-419b-ae3c-8f4b401e83e0 ] Request (SecurityGroupRulesNegativeTestJSON:setUpClass): 201 POST http://10.180.1.21/identity/v3/auth/tokens 0.062s
2025-01-13 09:28:10.442 67814 INFO tempest.lib.common.rest_client [req-0a77c25c-6910-4f7a-b7bb-8e9e953822ab req-0a77c25c-6910-4f7a-b7bb-8e9e953822ab ] Request (ServersTestJSON:setUpClass): 200 GET http://10.180.1.21/compute/v2.1/servers/c4651f59-03db-48ad-8cdb-a6f605a790c4 0.204s
2025-01-13 09:28:10.455 67814 INFO tempest.common.waiters [-] State transition "BUILD/scheduling" ==> "BUILD/None" after 19 second wait
2025-01-13 09:28:10.485 67782 INFO tempest.lib.common.rest_client [req-1799e851-3eb6-4242-8141-298dcc497202 req-1799e851-3eb6-4242-8141-298dcc497202 ] Request (ServerGroupTestJSON:setUpClass): 201 POST http://10.180.1.21/identity/v3/users 0.088s
2025-01-13 09:28:10.525 67772 INFO tempest.lib.common.rest_client [req-c7f59be3-79a1-48af-ad09-fb2ff4b02aad req-c7f59be3-79a1-48af-ad09-fb2ff4b02aad ] Request (InstanceActionsNegativeTestJSON:tearDownClass): 200 GET http://10.180.1.21/compute/v2.1/servers/de76bde1-dc1e-4054-ae8b-72f9ed1da4a9 0.161s
2025-01-13 09:28:10.563 67782 INFO tempest.lib.common.rest_client [req-f9ef58e5-775e-4898-9e36-5aef7d46321a req-f9ef58e5-775e-4898-9e36-5aef7d46321a ] Request (ServerGroupTestJSON:setUpClass): 200 GET http://10.180.1.21/identity/v3/roles 0.077s
2025-01-13 09:28:10.563 67788 INFO tempest.lib.common.rest_client [req-8c401216-523d-40e9-b60b-451f66d83282 req-8c401216-523d-40e9-b60b-451f66d83282 ] Request (FlavorsV255TestJSON:test_crud_flavor): 200 GET http://10.180.1.21/compute/v2.1/flavors/995758076 0.206s
2025-01-13 09:28:10.606 67782 INFO tempest.lib.common.rest_client [req-821d5eab-c706-462c-be38-c65d59535198 req-821d5eab-c706-462c-be38-c65d59535198 ] Request (ServerGroupTestJSON:setUpClass): 204 PUT http://10.180.1.21/identity/v3/projects/4bbbb7e3fbc143339759b972d497e2d1/users/c75abe5ff4d94d25939f2aad15868e3c/roles/4cf95430aaa847f9b8db0b20273fbc5d 0.043s
2025-01-13 09:28:10.606 67782 INFO tempest.lib.common.dynamic_creds [-] Dynamic test user c75abe5ff4d94d25939f2aad15868e3c is created with scope project and roles: ['member']
2025-01-13 09:28:10.607 67782 INFO tempest.lib.common.dynamic_creds [-] Acquired dynamic creds: credentials: Credentials: {'domain_id': 'default', 'domain_name': 'Default', 'username': 'tempest-ServerGroupTestJSON-1676717456-project-member', 'project_domain_id': 'default', 'project_domain_name': 'Default', 'project_id': '4bbbb7e3fbc143339759b972d497e2d1', 'project_name': 'tempest-ServerGroupTestJSON-1676717456', 'tenant_id': '4bbbb7e3fbc143339759b972d497e2d1', 'tenant_name': 'tempest-ServerGroupTestJSON-1676717456', 'user_domain_id': 'default', 'user_domain_name': 'Default', 'user_id': 'c75abe5ff4d94d25939f2aad15868e3c', 'system': None}, Network: None, Subnet: None, Router: None
2025-01-13 09:28:10.670 67820 INFO tempest.lib.common.rest_client [req-ae7b19e5-3162-4379-b41f-73ad13eaf7c9 req-ae7b19e5-3162-4379-b41f-73ad13eaf7c9 ] Request (ServersTestManualDisk:setUpClass): 200 GET http://10.180.1.21/compute/v2.1/servers/48f7357a-2911-463f-bda4-abf0c50d7d6d 0.246s
2025-01-13 09:28:10.677 67782 INFO tempest.lib.common.rest_client [req-e07c70d9-4edf-44d3-a040-387334aede3d req-e07c70d9-4edf-44d3-a040-387334aede3d ] Request (ServerGroupTestJSON:setUpClass): 201 POST http://10.180.1.21/identity/v3/auth/tokens 0.070s
2025-01-13 09:28:10.682 67820 INFO tempest.lib.common.ssh [-] Creating ssh connection to '10.180.180.246:22' as 'cirros' with public key authentication
2025-01-13 09:28:10.738 67797 INFO tempest.lib.common.rest_client [req-2506d32f-c661-4cb9-85a6-9e88d69ffb8f req-2506d32f-c661-4cb9-85a6-9e88d69ffb8f ] Request (ServerRescueTestJSON:setUpClass): 200 GET http://10.180.1.21/compute/v2.1/servers/5f87762e-e397-4a36-8835-36419676b9d5 0.252s
2025-01-13 09:28:10.745 67828 INFO tempest.lib.common.rest_client [req-134efbe2-79c1-4fa5-b803-0e1bc57d0fe1 req-134efbe2-79c1-4fa5-b803-0e1bc57d0fe1 ] Request (ServersAdminNegativeTestJSON:test_migrate_server_invalid_state): 200 GET http://10.180.1.21/compute/v2.1/servers/4e43c86c-f642-4cee-a188-efcbc6942ac2 0.296s
2025-01-13 09:28:10.755 67828 INFO tempest.common.waiters [-] State transition "BUILD/None" ==> "BUILD/block_device_mapping" after 37 second wait
2025-01-13 09:28:10.783 67788 INFO tempest.lib.common.rest_client [req-7dcbff22-1b81-470e-855f-7570133c7334 req-7dcbff22-1b81-470e-855f-7570133c7334 ] Request (FlavorsV255TestJSON:test_crud_flavor): 200 PUT http://10.180.1.21/compute/v2.1/flavors/995758076 0.216s
2025-01-13 09:28:10.838 67784 INFO tempest.lib.common.rest_client [req-2063d01c-2ba2-4f21-b2c5-09f001d9a18d req-2063d01c-2ba2-4f21-b2c5-09f001d9a18d ] Request (ServerTagsTestJSON:setUpClass): 200 GET http://10.180.1.21/compute/v2.1/servers/29124931-d28f-4336-934d-ecba302a33e3 0.274s
2025-01-13 09:28:10.879 67826 INFO tempest.lib.common.rest_client [req-21641cc8-b69a-4c36-934d-b8f7cfbaed69 req-21641cc8-b69a-4c36-934d-b8f7cfbaed69 ] Request (SecurityGroupRulesNegativeTestJSON:setUpClass): 201 POST http://10.180.1.21:9696/networking/v2.0/networks 0.439s
2025-01-13 09:28:10.933 67812 INFO tempest.lib.common.rest_client [req-9e7ec603-b2cc-4b61-afd5-dd9cad265fa2 req-9e7ec603-b2cc-4b61-afd5-dd9cad265fa2 ] Request (ServerExternalEventsTest:tearDownClass): 200 GET http://10.180.1.21/compute/v2.1/servers/c8083792-677e-4647-8d8c-08fdc6712cd9 0.289s
2025-01-13 09:28:10.964 67792 INFO tempest.lib.common.rest_client [req-a782a01e-dcac-41d2-9dbb-1c17566de7b8 req-a782a01e-dcac-41d2-9dbb-1c17566de7b8 ] Request (ImagesNegativeTestJSON:test_create_image_from_deleted_server): 200 GET http://10.180.1.21/compute/v2.1/servers/2d10090f-a5bc-41c9-a2fe-37a2dfc10446 0.380s
2025-01-13 09:28:11.021 67790 INFO tempest.lib.common.rest_client [req-f8dfcea7-44c1-4d25-9ea8-f5633e98ea93 req-f8dfcea7-44c1-4d25-9ea8-f5633e98ea93 ] Request (ServerActionsV293TestJSON:setUpClass): 200 GET http://10.180.1.21/compute/v2.1/servers/65e59681-f925-4ec0-8ac1-0ded9fcc7947 0.325s
2025-01-13 09:28:11.039 67806 INFO tempest.lib.common.rest_client [req-7b5bdbd0-bd14-413d-bec1-b4706a9694af req-7b5bdbd0-bd14-413d-bec1-b4706a9694af ] Request (ServerActionsTestOtherB:setUpClass): 200 GET http://10.180.1.21/compute/v2.1/servers/8ad86c6d-5655-4bca-8a9f-4af4d05d71e4 0.293s
2025-01-13 09:28:11.064 67788 INFO tempest.lib.common.rest_client [req-b438368f-8078-43bd-a260-b107274a7bb6 req-b438368f-8078-43bd-a260-b107274a7bb6 ] Request (FlavorsV255TestJSON:test_crud_flavor): 200 GET http://10.180.1.21/compute/v2.1/flavors/detail 0.273s
2025-01-13 09:28:11.099 67826 INFO tempest.lib.common.rest_client [req-2d1572ad-f5cb-4825-acf8-767a43d0a22d req-2d1572ad-f5cb-4825-acf8-767a43d0a22d ] Request (SecurityGroupRulesNegativeTestJSON:setUpClass): 201 POST http://10.180.1.21:9696/networking/v2.0/subnets 0.219s
2025-01-13 09:28:11.120 67776 INFO tempest.lib.common.rest_client [req-860fbf73-3dc7-4456-b516-869ac7fc6a4e req-860fbf73-3dc7-4456-b516-869ac7fc6a4e ] Request (ServersTestBootFromVolume:setUpClass): 200 GET http://10.180.1.21/compute/v2.1/servers/0824a71e-75ca-4a1d-a5e4-7b566fccf383 0.328s
2025-01-13 09:28:11.169 67800 INFO tempest.lib.common.rest_client [req-f42364e6-2c32-41e3-b122-9971c29a818f req-f42364e6-2c32-41e3-b122-9971c29a818f ] Request (ServersNegativeTestMultiTenantJSON:setUpClass): 200 GET http://10.180.1.21/compute/v2.1/servers/8dfb1051-c5c0-47c7-9b38-7add404107c6 0.333s
2025-01-13 09:28:11.223 67780 INFO tempest.lib.common.rest_client [req-db932e4c-bcf1-45a2-a182-2f9773f093bd req-db932e4c-bcf1-45a2-a182-2f9773f093bd ] Request (ImagesOneServerNegativeTestJSON:_run_cleanups): 200 GET http://10.180.1.21/compute/v2.1/servers/ef210777-ba8b-485a-b3bb-ef65a8ed3ad9 0.377s
2025-01-13 09:28:11.271 67804 INFO tempest.lib.common.rest_client [req-fe74240b-e915-4b21-bf7f-f2eb19623d3a req-fe74240b-e915-4b21-bf7f-f2eb19623d3a ] Request (ServersAdminTestJSON:test_create_server_with_scheduling_hint): 200 GET http://10.180.1.21/compute/v2.1/servers/263d801e-a8c6-4df2-889b-6bbae1cd5360 0.384s
2025-01-13 09:28:11.339 67808 INFO tempest.lib.common.rest_client [req-e3005e11-40ff-46dd-bb3f-325716127874 req-e3005e11-40ff-46dd-bb3f-325716127874 ] Request (ServersAdmin275Test:_run_cleanups): 200 GET http://10.180.1.21/compute/v2.1/servers/9e6de468-662e-4591-b8e5-c9c11e0c0163 0.420s
2025-01-13 09:28:11.359 67778 INFO tempest.lib.common.rest_client [req-f546876b-585b-49ba-9f59-81e21b88c9ce req-f546876b-585b-49ba-9f59-81e21b88c9ce ] Request (ListImageFiltersTestJSON:setUpClass): 204 PUT http://10.180.1.21/image/v2/images/cc56be21-44c5-48dd-9018-716a5659b9cf/file 0.691s
2025-01-13 09:28:11.394 67818 INFO tempest.lib.common.rest_client [req-4a5c72b2-ba1c-43a2-87e6-f6c6cca38762 req-4a5c72b2-ba1c-43a2-87e6-f6c6cca38762 ] Request (DeleteServersAdminTestJSON:test_delete_server_while_in_error_state): 200 GET http://10.180.1.21/compute/v2.1/servers/de830fe1-9542-433f-bc92-6197cd691de7 0.442s
2025-01-13 09:28:11.405 67782 INFO tempest.lib.common.rest_client [req-7b2e64cf-2822-4a20-9560-ef14e2a80b39 req-7b2e64cf-2822-4a20-9560-ef14e2a80b39 ] Request (ServerGroupTestJSON:setUpClass): 201 POST http://10.180.1.21:9696/networking/v2.0/networks 0.728s
2025-01-13 09:28:11.469 67824 INFO tempest.lib.common.rest_client [req-fc9e09a0-7de3-41e5-bc9a-aca68afb5de2 req-fc9e09a0-7de3-41e5-bc9a-aca68afb5de2 ] Request (ServerDiagnosticsV248Test:test_get_server_diagnostics): 200 GET http://10.180.1.21/compute/v2.1/servers/dcfde382-f4dc-4de3-a8f7-ee3d1cc37a81 0.480s
2025-01-13 09:28:11.471 67786 INFO tempest.lib.common.rest_client [req-f346833e-3d48-4220-b523-471fc40f1b3e req-f346833e-3d48-4220-b523-471fc40f1b3e ] Request (TenantUsagesTestJSON:setUpClass): 200 GET http://10.180.1.21/compute/v2.1/servers/7fda2b64-5d5f-46ed-b57b-00b24d9acee1 0.690s
2025-01-13 09:28:11.503 67788 INFO tempest.lib.common.rest_client [req-ce4c5b41-6f60-4ac5-9080-5d29b8a83b8c req-ce4c5b41-6f60-4ac5-9080-5d29b8a83b8c ] Request (FlavorsV255TestJSON:test_crud_flavor): 200 GET http://10.180.1.21/compute/v2.1/flavors 0.432s
2025-01-13 09:28:11.556 67822 INFO tempest.lib.common.rest_client [req-d3526d35-bbfc-4b43-b06b-627bd8c1bae1 req-d3526d35-bbfc-4b43-b06b-627bd8c1bae1 ] Request (InstanceActionsTestJSON:tearDownClass): 200 GET http://10.180.1.21/compute/v2.1/servers/685d4ec2-62cf-466a-9990-7934576ea0aa 0.520s
2025-01-13 09:28:11.567 67774 INFO tempest.lib.common.rest_client [req-3335402f-9c69-42ab-a3d5-5471b887ca31 req-3335402f-9c69-42ab-a3d5-5471b887ca31 ] Request (ServerActionsTestJSON:setUpClass): 200 GET http://10.180.1.21/compute/v2.1/servers/34f95e70-db34-42cf-8b4f-bebcc26c289b 0.447s
2025-01-13 09:28:11.615 67782 INFO tempest.lib.common.rest_client [req-cb647ea9-d1ef-4e62-835b-bffbf05c8437 req-cb647ea9-d1ef-4e62-835b-bffbf05c8437 ] Request (ServerGroupTestJSON:setUpClass): 201 POST http://10.180.1.21:9696/networking/v2.0/subnets 0.209s
2025-01-13 09:28:11.624 67770 INFO tempest.lib.common.rest_client [req-0e134ffb-acc0-44e2-9652-da700be78ad6 req-0e134ffb-acc0-44e2-9652-da700be78ad6 ] Request (ImagesOneServerTestJSON:setUpClass): 200 GET http://10.180.1.21/compute/v2.1/servers/658b491a-ec14-4a35-b670-64c95081c274 0.284s
2025-01-13 09:28:11.657 67778 INFO tempest.lib.common.rest_client [req-e9f417ed-7d9f-4cc6-b533-61a91a674a0f req-e9f417ed-7d9f-4cc6-b533-61a91a674a0f ] Request (ListImageFiltersTestJSON:setUpClass): 200 GET http://10.180.1.21/compute/v2.1/images/cc56be21-44c5-48dd-9018-716a5659b9cf 0.297s
2025-01-13 09:28:11.687 67816 INFO tempest.lib.common.rest_client [req-86c7933d-dc2b-4f14-981b-eb2af4141308 req-86c7933d-dc2b-4f14-981b-eb2af4141308 ] Request (MigrationsAdminTest:test_list_migrations_in_flavor_resize_situation): 200 GET http://10.180.1.21/compute/v2.1/servers/3f952136-5629-42ba-8a95-a21524601643 0.452s
2025-01-13 09:28:11.718 67810 INFO tempest.lib.common.rest_client [req-6b1ec9d4-7cf1-4fbf-a252-ead0769a3283 req-6b1ec9d4-7cf1-4fbf-a252-ead0769a3283 ] Request (InstanceActionsV221TestJSON:test_get_list_deleted_instance_actions): 200 GET http://10.180.1.21/compute/v2.1/servers/b0870ac7-90ba-4212-a8e0-100466cd838b 0.301s
2025-01-13 09:28:11.738 67788 INFO tempest.lib.common.rest_client [req-7a7bd8f0-3889-4491-bf1f-e49fddcf8ab9 req-7a7bd8f0-3889-4491-bf1f-e49fddcf8ab9 ] Request (FlavorsV255TestJSON:_run_cleanups): 202 DELETE http://10.180.1.21/compute/v2.1/flavors/995758076 0.229s
2025-01-13 09:28:11.747 67814 INFO tempest.lib.common.rest_client [req-023242b9-2b89-4cad-881e-26dc3b24ae10 req-023242b9-2b89-4cad-881e-26dc3b24ae10 ] Request (ServersTestJSON:setUpClass): 200 GET http://10.180.1.21/compute/v2.1/servers/c4651f59-03db-48ad-8cdb-a6f605a790c4 0.292s
2025-01-13 09:28:11.781 67778 INFO tempest.lib.common.rest_client [req-14408b89-9950-4707-a7a6-2590784a93bb req-14408b89-9950-4707-a7a6-2590784a93bb ] Request (ListImageFiltersTestJSON:setUpClass): 200 GET http://10.180.1.21/compute/v2.1/images/cc56be21-44c5-48dd-9018-716a5659b9cf 0.120s
2025-01-13 09:28:11.798 67772 INFO tempest.lib.common.rest_client [req-6853c5de-2535-4699-8121-4c3bca74c005 req-6853c5de-2535-4699-8121-4c3bca74c005 ] Request (InstanceActionsNegativeTestJSON:tearDownClass): 200 GET http://10.180.1.21/compute/v2.1/servers/de76bde1-dc1e-4054-ae8b-72f9ed1da4a9 0.264s
2025-01-13 09:28:11.810 67788 INFO tempest.lib.common.rest_client [req-52ca044d-c1b7-4e11-ad68-dc7a56227dc7 req-52ca044d-c1b7-4e11-ad68-dc7a56227dc7 ] Request (FlavorsV255TestJSON:_run_cleanups): 200 GET http://10.180.1.21/compute/v2.1/flavors/detail 0.072s
2025-01-13 09:28:11.850 67797 INFO tempest.lib.common.rest_client [req-4509bbb8-7297-439c-8f83-2ce1b876c54f req-4509bbb8-7297-439c-8f83-2ce1b876c54f ] Request (ServerRescueTestJSON:setUpClass): 200 GET http://10.180.1.21/compute/v2.1/servers/5f87762e-e397-4a36-8835-36419676b9d5 0.098s
2025-01-13 09:28:11.875 67778 INFO tempest.lib.common.rest_client [req-00a874bc-a109-44ad-bc32-6dd82f2d5ce9 req-00a874bc-a109-44ad-bc32-6dd82f2d5ce9 ] Request (ListImageFiltersTestJSON:setUpClass): 201 POST http://10.180.1.21/identity/v3/auth/tokens 0.084s
2025-01-13 09:28:11.876 67778 INFO tempest.lib.common.fixed_network [-] (ListImageFiltersTestJSON:setUpClass) Found network None available for tenant
2025-01-13 09:28:11.896 67788 INFO tempest.lib.common.rest_client [req-3ce2bd7e-0668-450d-9f38-8444012804d1 req-3ce2bd7e-0668-450d-9f38-8444012804d1 ] Request (FlavorsV255TestJSON:tearDownClass): 204 DELETE http://10.180.1.21/identity/v3/users/c338a84273f44248a6a285cc6696d441 0.078s
2025-01-13 09:28:11.907 67784 INFO tempest.lib.common.rest_client [req-92abd5c8-d55e-49b8-9bc1-eb73cfe67058 req-92abd5c8-d55e-49b8-9bc1-eb73cfe67058 ] Request (ServerTagsTestJSON:setUpClass): 200 GET http://10.180.1.21/compute/v2.1/servers/29124931-d28f-4336-934d-ecba302a33e3 0.055s
2025-01-13 09:28:11.933 67828 INFO tempest.lib.common.rest_client [req-cfc06d49-3f0b-4d3b-be80-96f19ef544fa req-cfc06d49-3f0b-4d3b-be80-96f19ef544fa ] Request (ServersAdminNegativeTestJSON:test_migrate_server_invalid_state): 200 GET http://10.180.1.21/compute/v2.1/servers/4e43c86c-f642-4cee-a188-efcbc6942ac2 0.176s
2025-01-13 09:28:11.940 67828 INFO tempest.common.waiters [-] State transition "BUILD/block_device_mapping" ==> "BUILD/spawning" after 38 second wait
2025-01-13 09:28:12.001 67788 INFO tempest.lib.common.rest_client [req-c7675723-7e91-4bc5-b154-f63402a794e5 req-c7675723-7e91-4bc5-b154-f63402a794e5 ] Request (FlavorsV255TestJSON:tearDownClass): 204 DELETE http://10.180.1.21/identity/v3/users/7b87073350e44269954c78edbb73c1f7 0.104s
2025-01-13 09:28:12.001 67788 INFO tempest.lib.common.dynamic_creds [-] Deleting project and security group for project: 9527ff4d60404083956688f044c9425e
2025-01-13 09:28:12.004 67812 INFO tempest.lib.common.rest_client [req-c4fd717a-d46b-4f0e-892e-b96872567f49 req-c4fd717a-d46b-4f0e-892e-b96872567f49 ] Request (ServerExternalEventsTest:tearDownClass): 200 GET http://10.180.1.21/compute/v2.1/servers/c8083792-677e-4647-8d8c-08fdc6712cd9 0.060s
2025-01-13 09:28:12.063 67788 INFO tempest.lib.common.rest_client [req-eb41af21-3780-4865-957c-f52be90e3255 req-eb41af21-3780-4865-957c-f52be90e3255 ] Request (FlavorsV255TestJSON:tearDownClass): 201 POST http://10.180.1.21/identity/v3/auth/tokens 0.062s
2025-01-13 09:28:12.198 67778 INFO tempest.lib.common.rest_client [req-86c1a898-dff1-46cd-9e09-5c7775cad2a5 req-86c1a898-dff1-46cd-9e09-5c7775cad2a5 ] Request (ListImageFiltersTestJSON:setUpClass): 202 POST http://10.180.1.21/compute/v2.1/servers 0.320s
2025-01-13 09:28:12.222 67792 INFO tempest.lib.common.rest_client [req-d5ab630b-0677-4abd-a9ad-b6eadf569c20 req-d5ab630b-0677-4abd-a9ad-b6eadf569c20 ] Request (ImagesNegativeTestJSON:test_create_image_from_deleted_server): 200 GET http://10.180.1.21/compute/v2.1/servers/2d10090f-a5bc-41c9-a2fe-37a2dfc10446 0.241s
2025-01-13 09:28:12.267 67790 INFO tempest.lib.common.rest_client [req-bb625df7-07de-4edd-8661-40878bf1fb4a req-bb625df7-07de-4edd-8661-40878bf1fb4a ] Request (ServerActionsV293TestJSON:setUpClass): 200 GET http://10.180.1.21/compute/v2.1/servers/65e59681-f925-4ec0-8ac1-0ded9fcc7947 0.231s
2025-01-13 09:28:12.276 67778 INFO tempest.lib.common.rest_client [req-cedf4d5d-20a5-4c90-ada4-64a9b7d1ad21 req-cedf4d5d-20a5-4c90-ada4-64a9b7d1ad21 ] Request (ListImageFiltersTestJSON:setUpClass): 201 POST http://10.180.1.21/identity/v3/auth/tokens 0.072s
2025-01-13 09:28:12.276 67778 INFO tempest.lib.common.fixed_network [-] (ListImageFiltersTestJSON:setUpClass) Found network None available for tenant
2025-01-13 09:28:12.299 67806 INFO tempest.lib.common.rest_client [req-5568bf91-6bd7-4009-bb3a-ef8410a301a4 req-5568bf91-6bd7-4009-bb3a-ef8410a301a4 ] Request (ServerActionsTestOtherB:setUpClass): 200 GET http://10.180.1.21/compute/v2.1/servers/8ad86c6d-5655-4bca-8a9f-4af4d05d71e4 0.246s
2025-01-13 09:28:12.334 67788 INFO tempest.lib.common.rest_client [req-896298af-82dc-47f1-9322-96bca391a3d6 req-896298af-82dc-47f1-9322-96bca391a3d6 ] Request (FlavorsV255TestJSON:tearDownClass): 200 GET http://10.180.1.21:9696/networking/v2.0/security-groups?tenant_id=9527ff4d60404083956688f044c9425e&name=default 0.270s
2025-01-13 09:28:12.344 67776 INFO tempest.lib.common.rest_client [req-80f39d51-6048-4eac-a496-2b915f8b63a2 req-80f39d51-6048-4eac-a496-2b915f8b63a2 ] Request (ServersTestBootFromVolume:setUpClass): 200 GET http://10.180.1.21/compute/v2.1/servers/0824a71e-75ca-4a1d-a5e4-7b566fccf383 0.216s
2025-01-13 09:28:12.395 67800 INFO tempest.lib.common.rest_client [req-a6eac307-87fc-4127-a564-879d32936cf4 req-a6eac307-87fc-4127-a564-879d32936cf4 ] Request (ServersNegativeTestMultiTenantJSON:setUpClass): 200 GET http://10.180.1.21/compute/v2.1/servers/8dfb1051-c5c0-47c7-9b38-7add404107c6 0.215s
2025-01-13 09:28:12.440 67780 INFO tempest.lib.common.rest_client [req-c74ec2a9-9922-4e20-a89a-5dc0dff796b8 req-c74ec2a9-9922-4e20-a89a-5dc0dff796b8 ] Request (ImagesOneServerNegativeTestJSON:_run_cleanups): 200 GET http://10.180.1.21/compute/v2.1/servers/ef210777-ba8b-485a-b3bb-ef65a8ed3ad9 0.206s
2025-01-13 09:28:12.448 67802 WARNING tempest.lib.common.ssh [-] Failed to establish authenticated ssh connection to cirros@10.180.180.245 ([Errno None] Unable to connect to port 22 on 10.180.180.245). Number attempts: 2. Retry after 3 seconds.: paramiko.ssh_exception.NoValidConnectionsError: [Errno None] Unable to connect to port 22 on 10.180.180.245
2025-01-13 09:28:12.457 67826 INFO tempest.lib.common.rest_client [req-0e9d2491-22fc-4be3-ad60-2ff931cd268e req-0e9d2491-22fc-4be3-ad60-2ff931cd268e ] Request (SecurityGroupRulesNegativeTestJSON:setUpClass): 201 POST http://10.180.1.21:9696/networking/v2.0/routers 1.357s
2025-01-13 09:28:12.521 67788 INFO tempest.lib.common.rest_client [req-ae607ef1-2b4a-4cdf-a3b9-012397477790 req-ae607ef1-2b4a-4cdf-a3b9-012397477790 ] Request (FlavorsV255TestJSON:tearDownClass): 204 DELETE http://10.180.1.21:9696/networking/v2.0/security-groups/969aa846-3e75-425c-b7aa-140789d04492 0.187s
2025-01-13 09:28:12.612 67788 INFO tempest.lib.common.rest_client [req-794ea949-a729-433a-a78f-c9deb23abbe3 req-794ea949-a729-433a-a78f-c9deb23abbe3 ] Request (FlavorsV255TestJSON:tearDownClass): 204 DELETE http://10.180.1.21/identity/v3/projects/9527ff4d60404083956688f044c9425e 0.090s
2025-01-13 09:28:12.612 67788 INFO tempest.lib.common.dynamic_creds [-] Deleting project and security group for project: fa2041d211c04af9a05a9fd6e74034fa
2025-01-13 09:28:12.634 67782 INFO tempest.lib.common.rest_client [req-d15507e6-a70c-4a8a-839e-f51148e012da req-d15507e6-a70c-4a8a-839e-f51148e012da ] Request (ServerGroupTestJSON:setUpClass): 201 POST http://10.180.1.21:9696/networking/v2.0/routers 1.019s
2025-01-13 09:28:12.661 67778 INFO tempest.lib.common.rest_client [req-5c2d148c-2c78-4872-a951-4b741b836ada req-5c2d148c-2c78-4872-a951-4b741b836ada ] Request (ListImageFiltersTestJSON:setUpClass): 202 POST http://10.180.1.21/compute/v2.1/servers 0.384s
2025-01-13 09:28:12.685 67804 INFO tempest.lib.common.rest_client [req-37f693a3-43c1-4c67-80bc-0300daf884e7 req-37f693a3-43c1-4c67-80bc-0300daf884e7 ] Request (ServersAdminTestJSON:test_create_server_with_scheduling_hint): 200 GET http://10.180.1.21/compute/v2.1/servers/263d801e-a8c6-4df2-889b-6bbae1cd5360 0.404s
2025-01-13 09:28:12.775 67818 INFO tempest.lib.common.rest_client [req-ce1ce0c6-03d9-4541-b3a1-f6aed42c4bd7 req-ce1ce0c6-03d9-4541-b3a1-f6aed42c4bd7 ] Request (DeleteServersAdminTestJSON:test_delete_server_while_in_error_state): 200 GET http://10.180.1.21/compute/v2.1/servers/de830fe1-9542-433f-bc92-6197cd691de7 0.369s
2025-01-13 09:28:12.812 67788 INFO tempest.lib.common.rest_client [req-6f9de97b-87c8-4e5b-8160-5db38bb5a993 req-6f9de97b-87c8-4e5b-8160-5db38bb5a993 ] Request (FlavorsV255TestJSON:tearDownClass): 200 GET http://10.180.1.21:9696/networking/v2.0/security-groups?tenant_id=fa2041d211c04af9a05a9fd6e74034fa&name=default 0.199s
2025-01-13 09:28:12.824 67808 INFO tempest.lib.common.rest_client [req-2ab86159-e6b3-4bfc-a786-7d14bb55ba76 req-2ab86159-e6b3-4bfc-a786-7d14bb55ba76 ] Request (ServersAdmin275Test:_run_cleanups): 200 GET http://10.180.1.21/compute/v2.1/servers/9e6de468-662e-4591-b8e5-c9c11e0c0163 0.472s
2025-01-13 09:28:12.845 67808 INFO tempest.common.waiters [-] State transition "REBUILD/rebuild_spawning" ==> "ACTIVE/None" after 9 second wait
2025-01-13 09:28:12.859 67824 INFO tempest.lib.common.rest_client [req-5253322c-afe6-4a96-aa90-3e3fc1184506 req-5253322c-afe6-4a96-aa90-3e3fc1184506 ] Request (ServerDiagnosticsV248Test:test_get_server_diagnostics): 200 GET http://10.180.1.21/compute/v2.1/servers/dcfde382-f4dc-4de3-a8f7-ee3d1cc37a81 0.380s
2025-01-13 09:28:12.943 67822 INFO tempest.lib.common.rest_client [req-8b08c1a5-d6ac-4f4c-931c-875a648da4a0 req-8b08c1a5-d6ac-4f4c-931c-875a648da4a0 ] Request (InstanceActionsTestJSON:tearDownClass): 200 GET http://10.180.1.21/compute/v2.1/servers/685d4ec2-62cf-466a-9990-7934576ea0aa 0.379s
2025-01-13 09:28:12.999 67788 INFO tempest.lib.common.rest_client [req-b8cf636f-96c8-4a46-af18-b6d2ca35c765 req-b8cf636f-96c8-4a46-af18-b6d2ca35c765 ] Request (FlavorsV255TestJSON:tearDownClass): 204 DELETE http://10.180.1.21:9696/networking/v2.0/security-groups/519e7435-e414-4f67-ad27-191a23508420 0.187s
2025-01-13 09:28:13.006 67786 INFO tempest.lib.common.rest_client [req-d857df89-83a4-4040-ad1e-b97f54cc65d3 req-d857df89-83a4-4040-ad1e-b97f54cc65d3 ] Request (TenantUsagesTestJSON:setUpClass): 200 GET http://10.180.1.21/compute/v2.1/servers/7fda2b64-5d5f-46ed-b57b-00b24d9acee1 0.521s
2025-01-13 09:28:13.006 67774 INFO tempest.lib.common.rest_client [req-d3069db2-f228-470b-ba95-05c2a0678099 req-d3069db2-f228-470b-ba95-05c2a0678099 ] Request (ServerActionsTestJSON:setUpClass): 200 GET http://10.180.1.21/compute/v2.1/servers/34f95e70-db34-42cf-8b4f-bebcc26c289b 0.423s
2025-01-13 09:28:13.060 67778 INFO tempest.lib.common.rest_client [req-6f2f493d-87c9-4ab7-9487-67881e5ffa9e req-6f2f493d-87c9-4ab7-9487-67881e5ffa9e ] Request (ListImageFiltersTestJSON:setUpClass): 200 GET http://10.180.1.21/compute/v2.1/servers/d89bf374-605f-4f2d-a262-b18552959845 0.395s
2025-01-13 09:28:13.087 67770 INFO tempest.lib.common.rest_client [req-17aaa782-12d5-4b36-8ab6-90a14030867b req-17aaa782-12d5-4b36-8ab6-90a14030867b ] Request (ImagesOneServerTestJSON:setUpClass): 200 GET http://10.180.1.21/compute/v2.1/servers/658b491a-ec14-4a35-b670-64c95081c274 0.452s
2025-01-13 09:28:13.145 67788 INFO tempest.lib.common.rest_client [req-72e6ad0a-7875-430d-918d-73a8dfa5e8f8 req-72e6ad0a-7875-430d-918d-73a8dfa5e8f8 ] Request (FlavorsV255TestJSON:tearDownClass): 204 DELETE http://10.180.1.21/identity/v3/projects/fa2041d211c04af9a05a9fd6e74034fa 0.145s
2025-01-13 09:28:13.148 67810 INFO tempest.lib.common.rest_client [req-40148675-8ecb-4b47-b4e0-8f21cfa13141 req-40148675-8ecb-4b47-b4e0-8f21cfa13141 ] Request (InstanceActionsV221TestJSON:test_get_list_deleted_instance_actions): 200 GET http://10.180.1.21/compute/v2.1/servers/b0870ac7-90ba-4212-a8e0-100466cd838b 0.421s
2025-01-13 09:28:13.219 67814 INFO tempest.lib.common.rest_client [req-8c61ce9d-d89e-4596-8d00-b4cff69af355 req-8c61ce9d-d89e-4596-8d00-b4cff69af355 ] Request (ServersTestJSON:setUpClass): 200 GET http://10.180.1.21/compute/v2.1/servers/c4651f59-03db-48ad-8cdb-a6f605a790c4 0.462s
2025-01-13 09:28:13.233 67788 INFO tempest.lib.common.rest_client [req-41fca734-a013-4a5e-851e-4cc70b9d25a5 req-41fca734-a013-4a5e-851e-4cc70b9d25a5 ] Request (VolumesAdminNegativeTest:setUpClass): 201 POST http://10.180.1.21/identity/v3/auth/tokens 0.086s
2025-01-13 09:28:13.283 67816 INFO tempest.lib.common.rest_client [req-2dccd92f-de65-4a6c-9861-9bdc8bcfe23c req-2dccd92f-de65-4a6c-9861-9bdc8bcfe23c ] Request (MigrationsAdminTest:test_list_migrations_in_flavor_resize_situation): 200 GET http://10.180.1.21/compute/v2.1/servers/3f952136-5629-42ba-8a95-a21524601643 0.587s
2025-01-13 09:28:13.283 67788 INFO tempest.lib.common.rest_client [req-2d4ceb57-e7b4-4ff9-9daa-b5eb6ec6caf3 req-2d4ceb57-e7b4-4ff9-9daa-b5eb6ec6caf3 ] Request (VolumesAdminNegativeTest:setUpClass): 201 POST http://10.180.1.21/identity/v3/auth/tokens 0.048s
2025-01-13 09:28:13.330 67788 INFO tempest.lib.common.rest_client [req-6e810130-e6a4-4701-bad1-ba6a28aa90af req-6e810130-e6a4-4701-bad1-ba6a28aa90af ] Request (VolumesAdminNegativeTest:setUpClass): 200 GET http://10.180.1.21/identity/v3/domains?name=Default 0.046s
2025-01-13 09:28:13.434 67788 INFO tempest.lib.common.rest_client [req-1e139c47-36f7-44c5-baf9-376364fbf2fd req-1e139c47-36f7-44c5-baf9-376364fbf2fd ] Request (VolumesAdminNegativeTest:setUpClass): 201 POST http://10.180.1.21/identity/v3/projects 0.103s
2025-01-13 09:28:13.455 67808 INFO tempest.lib.common.rest_client [req-f391211d-3443-49f7-9b35-56db00b16b1a req-f391211d-3443-49f7-9b35-56db00b16b1a ] Request (ServersAdmin275Test:tearDownClass): 204 DELETE http://10.180.1.21/compute/v2.1/servers/9e6de468-662e-4591-b8e5-c9c11e0c0163 0.607s
2025-01-13 09:28:13.497 67772 INFO tempest.lib.common.rest_client [req-59a808b7-92b5-4075-955d-b603a5a2867d req-59a808b7-92b5-4075-955d-b603a5a2867d ] Request (InstanceActionsNegativeTestJSON:tearDownClass): 200 GET http://10.180.1.21/compute/v2.1/servers/de76bde1-dc1e-4054-ae8b-72f9ed1da4a9 0.684s
2025-01-13 09:28:13.531 67797 INFO tempest.lib.common.rest_client [req-3c472b04-5260-4614-bada-3116ff601051 req-3c472b04-5260-4614-bada-3116ff601051 ] Request (ServerRescueTestJSON:setUpClass): 200 GET http://10.180.1.21/compute/v2.1/servers/5f87762e-e397-4a36-8835-36419676b9d5 0.671s
2025-01-13 09:28:13.538 67788 INFO tempest.lib.common.rest_client [req-de0c398d-faf7-463e-946a-e4ecc845dd06 req-de0c398d-faf7-463e-946a-e4ecc845dd06 ] Request (VolumesAdminNegativeTest:setUpClass): 201 POST http://10.180.1.21/identity/v3/users 0.104s
2025-01-13 09:28:13.559 67784 INFO tempest.lib.common.rest_client [req-176e5c90-ef89-45be-8dfd-25556ee86edf req-176e5c90-ef89-45be-8dfd-25556ee86edf ] Request (ServerTagsTestJSON:setUpClass): 200 GET http://10.180.1.21/compute/v2.1/servers/29124931-d28f-4336-934d-ecba302a33e3 0.643s
2025-01-13 09:28:13.562 67788 INFO tempest.lib.common.rest_client [req-3437cf55-afe7-45df-ad8f-db301534bb18 req-3437cf55-afe7-45df-ad8f-db301534bb18 ] Request (VolumesAdminNegativeTest:setUpClass): 200 GET http://10.180.1.21/identity/v3/roles 0.022s
2025-01-13 09:28:13.587 67788 INFO tempest.lib.common.rest_client [req-39052cbf-080d-4861-a3fd-6a680647006f req-39052cbf-080d-4861-a3fd-6a680647006f ] Request (VolumesAdminNegativeTest:setUpClass): 204 PUT http://10.180.1.21/identity/v3/projects/824c1accd5ac465284f3bf196d9e1518/users/92c80deb3d654b539c439e9b45c7f4dc/roles/4cf95430aaa847f9b8db0b20273fbc5d 0.025s
2025-01-13 09:28:13.588 67788 INFO tempest.lib.common.dynamic_creds [-] Dynamic test user 92c80deb3d654b539c439e9b45c7f4dc is created with scope project and roles: ['member']
2025-01-13 09:28:13.588 67788 INFO tempest.lib.common.dynamic_creds [-] Acquired dynamic creds: credentials: Credentials: {'domain_id': 'default', 'domain_name': 'Default', 'username': 'tempest-VolumesAdminNegativeTest-801305587-project-member', 'project_domain_id': 'default', 'project_domain_name': 'Default', 'project_id': '824c1accd5ac465284f3bf196d9e1518', 'project_name': 'tempest-VolumesAdminNegativeTest-801305587', 'tenant_id': '824c1accd5ac465284f3bf196d9e1518', 'tenant_name': 'tempest-VolumesAdminNegativeTest-801305587', 'user_domain_id': 'default', 'user_domain_name': 'Default', 'user_id': '92c80deb3d654b539c439e9b45c7f4dc', 'system': None}, Network: None, Subnet: None, Router: None
2025-01-13 09:28:13.631 67812 INFO tempest.lib.common.rest_client [req-2235c520-a8f9-4554-a76c-75e5ed17708b req-2235c520-a8f9-4554-a76c-75e5ed17708b ] Request (ServerExternalEventsTest:tearDownClass): 200 GET http://10.180.1.21/compute/v2.1/servers/c8083792-677e-4647-8d8c-08fdc6712cd9 0.617s
2025-01-13 09:28:13.651 67788 INFO tempest.lib.common.rest_client [req-20046b9e-9d86-4f21-b646-3b19d8274e52 req-20046b9e-9d86-4f21-b646-3b19d8274e52 ] Request (VolumesAdminNegativeTest:setUpClass): 201 POST http://10.180.1.21/identity/v3/auth/tokens 0.063s
2025-01-13 09:28:13.689 67828 INFO tempest.lib.common.rest_client [req-4eea2ac9-728d-4b5f-aae4-24561ddab987 req-4eea2ac9-728d-4b5f-aae4-24561ddab987 ] Request (ServersAdminNegativeTestJSON:test_migrate_server_invalid_state): 200 GET http://10.180.1.21/compute/v2.1/servers/4e43c86c-f642-4cee-a188-efcbc6942ac2 0.747s
2025-01-13 09:28:13.757 67790 INFO tempest.lib.common.rest_client [req-69f14da1-0b35-40f1-8239-4507e807ca00 req-69f14da1-0b35-40f1-8239-4507e807ca00 ] Request (ServerActionsV293TestJSON:setUpClass): 200 GET http://10.180.1.21/compute/v2.1/servers/65e59681-f925-4ec0-8ac1-0ded9fcc7947 0.475s
2025-01-13 09:28:13.781 67792 INFO tempest.lib.common.rest_client [req-29e80398-98c1-410a-9abe-d550363c0229 req-29e80398-98c1-410a-9abe-d550363c0229 ] Request (ImagesNegativeTestJSON:test_create_image_from_deleted_server): 200 GET http://10.180.1.21/compute/v2.1/servers/2d10090f-a5bc-41c9-a2fe-37a2dfc10446 0.541s
2025-01-13 09:28:13.826 67806 INFO tempest.lib.common.rest_client [req-6c2c1339-2c6b-4f97-b5c6-b7893dab7f3c req-6c2c1339-2c6b-4f97-b5c6-b7893dab7f3c ] Request (ServerActionsTestOtherB:setUpClass): 200 GET http://10.180.1.21/compute/v2.1/servers/8ad86c6d-5655-4bca-8a9f-4af4d05d71e4 0.516s
2025-01-13 09:28:13.858 67776 INFO tempest.lib.common.rest_client [req-a8dacd5a-d282-4e72-8fd7-de210c6823c5 req-a8dacd5a-d282-4e72-8fd7-de210c6823c5 ] Request (ServersTestBootFromVolume:setUpClass): 200 GET http://10.180.1.21/compute/v2.1/servers/0824a71e-75ca-4a1d-a5e4-7b566fccf383 0.505s
2025-01-13 09:28:13.884 67800 INFO tempest.lib.common.rest_client [req-c67cc3fb-9618-4be9-ac95-b390460656d1 req-c67cc3fb-9618-4be9-ac95-b390460656d1 ] Request (ServersNegativeTestMultiTenantJSON:setUpClass): 200 GET http://10.180.1.21/compute/v2.1/servers/8dfb1051-c5c0-47c7-9b38-7add404107c6 0.476s
2025-01-13 09:28:13.926 67780 INFO tempest.lib.common.rest_client [req-55879a6c-02a3-4720-8701-3934375ee54f req-55879a6c-02a3-4720-8701-3934375ee54f ] Request (ImagesOneServerNegativeTestJSON:_run_cleanups): 200 GET http://10.180.1.21/compute/v2.1/servers/ef210777-ba8b-485a-b3bb-ef65a8ed3ad9 0.475s
2025-01-13 09:28:13.955 67808 INFO tempest.lib.common.rest_client [req-8e7e6ebc-e4f3-463a-a087-6ae1ea556d7e req-8e7e6ebc-e4f3-463a-a087-6ae1ea556d7e ] Request (ServersAdmin275Test:tearDownClass): 200 GET http://10.180.1.21/compute/v2.1/servers/9e6de468-662e-4591-b8e5-c9c11e0c0163 0.500s
2025-01-13 09:28:13.987 67804 INFO tempest.lib.common.rest_client [req-0102f0a6-181f-4e1a-b279-f4337f38af30 req-0102f0a6-181f-4e1a-b279-f4337f38af30 ] Request (ServersAdminTestJSON:test_create_server_with_scheduling_hint): 200 GET http://10.180.1.21/compute/v2.1/servers/263d801e-a8c6-4df2-889b-6bbae1cd5360 0.292s
2025-01-13 09:28:14.025 67818 INFO tempest.lib.common.rest_client [req-021107a0-b3fd-4b77-a2c0-a8eeccfdb35a req-021107a0-b3fd-4b77-a2c0-a8eeccfdb35a ] Request (DeleteServersAdminTestJSON:test_delete_server_while_in_error_state): 200 GET http://10.180.1.21/compute/v2.1/servers/de830fe1-9542-433f-bc92-6197cd691de7 0.241s
2025-01-13 09:28:14.057 67824 INFO tempest.lib.common.rest_client [req-dc9628a7-e64d-44e6-b02b-93fd5bdb77cc req-dc9628a7-e64d-44e6-b02b-93fd5bdb77cc ] Request (ServerDiagnosticsV248Test:test_get_server_diagnostics): 200 GET http://10.180.1.21/compute/v2.1/servers/dcfde382-f4dc-4de3-a8f7-ee3d1cc37a81 0.185s
2025-01-13 09:28:14.064 67788 INFO tempest.lib.common.rest_client [req-2c62557f-ef08-49eb-9d46-73eda818b5f9 req-2c62557f-ef08-49eb-9d46-73eda818b5f9 ] Request (VolumesAdminNegativeTest:setUpClass): 201 POST http://10.180.1.21:9696/networking/v2.0/networks 0.413s
2025-01-13 09:28:14.100 67822 INFO tempest.lib.common.rest_client [req-f7ecd067-ed04-4054-b186-cff69d60a6f4 req-f7ecd067-ed04-4054-b186-cff69d60a6f4 ] Request (InstanceActionsTestJSON:tearDownClass): 200 GET http://10.180.1.21/compute/v2.1/servers/685d4ec2-62cf-466a-9990-7934576ea0aa 0.145s
2025-01-13 09:28:14.164 67774 INFO tempest.lib.common.rest_client [req-6f6dbd85-ecd4-473b-9c5b-d0d35bab9127 req-6f6dbd85-ecd4-473b-9c5b-d0d35bab9127 ] Request (ServerActionsTestJSON:setUpClass): 200 GET http://10.180.1.21/compute/v2.1/servers/34f95e70-db34-42cf-8b4f-bebcc26c289b 0.144s
2025-01-13 09:28:14.231 67782 INFO tempest.lib.common.rest_client [req-f038aa72-f750-4d7f-a47c-eb4d5cd74e8e req-f038aa72-f750-4d7f-a47c-eb4d5cd74e8e ] Request (ServerGroupTestJSON:setUpClass): 200 PUT http://10.180.1.21:9696/networking/v2.0/routers/ef94df48-5540-430d-9a5c-7a9d019c1ac8/add_router_interface 1.595s
2025-01-13 09:28:14.231 67782 INFO tempest.lib.common.dynamic_creds [-] Created isolated network resources for: credentials: Credentials: {'domain_id': 'default', 'domain_name': 'Default', 'username': 'tempest-ServerGroupTestJSON-1676717456-project-member', 'project_domain_id': 'default', 'project_domain_name': 'Default', 'project_id': '4bbbb7e3fbc143339759b972d497e2d1', 'project_name': 'tempest-ServerGroupTestJSON-1676717456', 'tenant_id': '4bbbb7e3fbc143339759b972d497e2d1', 'tenant_name': 'tempest-ServerGroupTestJSON-1676717456', 'user_domain_id': 'default', 'user_domain_name': 'Default', 'user_id': 'c75abe5ff4d94d25939f2aad15868e3c', 'system': None}, Network: {'id': '5a8035c3-381d-4655-8478-2c6fba3b3e89', 'name': 'tempest-ServerGroupTestJSON-1722856946-network', 'tenant_id': '4bbbb7e3fbc143339759b972d497e2d1', 'admin_state_up': True, 'mtu': 8950, 'status': 'ACTIVE', 'subnets': [], 'shared': False, 'project_id': '4bbbb7e3fbc143339759b972d497e2d1', 'port_security_enabled': True, 'router:external': False, 'provider:network_type': 'vlan', 'provider:physical_network': 'default', 'provider:segmentation_id': 829, 'availability_zone_hints': [], 'availability_zones': [], 'ipv4_address_scope': None, 'ipv6_address_scope': None, 'description': '', 'tags': [], 'created_at': '2025-01-13T09:28:11Z', 'updated_at': '2025-01-13T09:28:11Z', 'revision_number': 1}, Subnet: {'id': '1c785d0d-655a-4fc0-b9f2-078d2b1a6f8b', 'name': 'tempest-ServerGroupTestJSON-1722856946-subnet', 'tenant_id': '4bbbb7e3fbc143339759b972d497e2d1', 'network_id': '5a8035c3-381d-4655-8478-2c6fba3b3e89', 'ip_version': 4, 'subnetpool_id': None, 'enable_dhcp': True, 'ipv6_ra_mode': None, 'ipv6_address_mode': None, 'gateway_ip': '192.168.128.1', 'cidr': '192.168.128.0/28', 'allocation_pools': [{'start': '192.168.128.2', 'end': '192.168.128.14'}], 'host_routes': [], 'dns_nameservers': [], 'description': '', 'router:external': False, 'service_types': [], 'tags': [], 'created_at': '2025-01-13T09:28:11Z', 'updated_at': '2025-01-13T09:28:11Z', 'revision_number': 0, 'project_id': '4bbbb7e3fbc143339759b972d497e2d1'}, Router: {'id': 'ef94df48-5540-430d-9a5c-7a9d019c1ac8', 'name': 'tempest-ServerGroupTestJSON-1722856946-router', 'tenant_id': '4bbbb7e3fbc143339759b972d497e2d1', 'admin_state_up': True, 'status': 'ACTIVE', 'external_gateway_info': {'network_id': 'dfa145b1-2f4c-49ea-9dbc-8cf5158e82fa', 'external_fixed_ips': [{'subnet_id': 'ea60e979-d035-48fb-9002-7186c8a3c2df', 'ip_address': '10.180.180.184'}], 'enable_snat': True}, 'description': '', 'availability_zones': [], 'distributed': False, 'ha': False, 'availability_zone_hints': [], 'routes': [], 'flavor_id': None, 'tags': [], 'created_at': '2025-01-13T09:28:11Z', 'updated_at': '2025-01-13T09:28:12Z', 'revision_number': 2, 'project_id': '4bbbb7e3fbc143339759b972d497e2d1'}
2025-01-13 09:28:14.237 67794 WARNING tempest.lib.common.ssh [-] Failed to establish authenticated ssh connection to cirros@10.180.180.218 ([Errno None] Unable to connect to port 22 on 10.180.180.218). Number attempts: 3. Retry after 4 seconds.: paramiko.ssh_exception.NoValidConnectionsError: [Errno None] Unable to connect to port 22 on 10.180.180.218
2025-01-13 09:28:14.240 67778 INFO tempest.lib.common.rest_client [req-65fae491-c58d-493d-8792-606ab4777c5c req-65fae491-c58d-493d-8792-606ab4777c5c ] Request (ListImageFiltersTestJSON:setUpClass): 200 GET http://10.180.1.21/compute/v2.1/servers/d89bf374-605f-4f2d-a262-b18552959845 0.160s
2025-01-13 09:28:14.269 67826 INFO tempest.lib.common.rest_client [req-6fb41155-e3dd-40fe-9f16-ac5c5973ea95 req-6fb41155-e3dd-40fe-9f16-ac5c5973ea95 ] Request (SecurityGroupRulesNegativeTestJSON:setUpClass): 200 PUT http://10.180.1.21:9696/networking/v2.0/routers/8268bae0-dbb2-40b2-964b-b6b0337a6022/add_router_interface 1.811s
2025-01-13 09:28:14.269 67826 INFO tempest.lib.common.dynamic_creds [-] Created isolated network resources for: credentials: Credentials: {'domain_id': 'default', 'domain_name': 'Default', 'username': 'tempest-SecurityGroupRulesNegativeTestJSON-2046228143-project-member', 'project_domain_id': 'default', 'project_domain_name': 'Default', 'project_id': 'aa58aa2326d442ad9925efec5d9937c3', 'project_name': 'tempest-SecurityGroupRulesNegativeTestJSON-2046228143', 'tenant_id': 'aa58aa2326d442ad9925efec5d9937c3', 'tenant_name': 'tempest-SecurityGroupRulesNegativeTestJSON-2046228143', 'user_domain_id': 'default', 'user_domain_name': 'Default', 'user_id': '6cf01445ce344426ab451f714136ed7c', 'system': None}, Network: {'id': '1971f81d-5197-4bed-b482-b31a9728bf7e', 'name': 'tempest-SecurityGroupRulesNegativeTestJSON-1803843257-network', 'tenant_id': 'aa58aa2326d442ad9925efec5d9937c3', 'admin_state_up': True, 'mtu': 8950, 'status': 'ACTIVE', 'subnets': [], 'shared': False, 'project_id': 'aa58aa2326d442ad9925efec5d9937c3', 'port_security_enabled': True, 'router:external': False, 'provider:network_type': 'vlan', 'provider:physical_network': 'default', 'provider:segmentation_id': 166, 'availability_zone_hints': [], 'availability_zones': [], 'ipv4_address_scope': None, 'ipv6_address_scope': None, 'description': '', 'tags': [], 'created_at': '2025-01-13T09:28:10Z', 'updated_at': '2025-01-13T09:28:10Z', 'revision_number': 1}, Subnet: {'id': '076fd1c1-73f7-4484-83ec-10b03b94cfb0', 'name': 'tempest-SecurityGroupRulesNegativeTestJSON-1803843257-subnet', 'tenant_id': 'aa58aa2326d442ad9925efec5d9937c3', 'network_id': '1971f81d-5197-4bed-b482-b31a9728bf7e', 'ip_version': 4, 'subnetpool_id': None, 'enable_dhcp': True, 'ipv6_ra_mode': None, 'ipv6_address_mode': None, 'gateway_ip': '192.168.128.1', 'cidr': '192.168.128.0/28', 'allocation_pools': [{'start': '192.168.128.2', 'end': '192.168.128.14'}], 'host_routes': [], 'dns_nameservers': [], 'description': '', 'router:external': False, 'service_types': [], 'tags': [], 'created_at': '2025-01-13T09:28:10Z', 'updated_at': '2025-01-13T09:28:10Z', 'revision_number': 0, 'project_id': 'aa58aa2326d442ad9925efec5d9937c3'}, Router: {'id': '8268bae0-dbb2-40b2-964b-b6b0337a6022', 'name': 'tempest-SecurityGroupRulesNegativeTestJSON-1803843257-router', 'tenant_id': 'aa58aa2326d442ad9925efec5d9937c3', 'admin_state_up': True, 'status': 'ACTIVE', 'external_gateway_info': {'network_id': 'dfa145b1-2f4c-49ea-9dbc-8cf5158e82fa', 'external_fixed_ips': [{'subnet_id': 'ea60e979-d035-48fb-9002-7186c8a3c2df', 'ip_address': '10.180.180.172'}], 'enable_snat': True}, 'description': '', 'availability_zones': [], 'distributed': False, 'ha': False, 'availability_zone_hints': [], 'routes': [], 'flavor_id': None, 'tags': [], 'created_at': '2025-01-13T09:28:11Z', 'updated_at': '2025-01-13T09:28:11Z', 'revision_number': 2, 'project_id': 'aa58aa2326d442ad9925efec5d9937c3'}
2025-01-13 09:28:14.303 67770 INFO tempest.lib.common.rest_client [req-969c3779-59e9-4b3a-b12b-f746a342a9ed req-969c3779-59e9-4b3a-b12b-f746a342a9ed ] Request (ImagesOneServerTestJSON:setUpClass): 200 GET http://10.180.1.21/compute/v2.1/servers/658b491a-ec14-4a35-b670-64c95081c274 0.203s
2025-01-13 09:28:14.309 67786 INFO tempest.lib.common.rest_client [req-45dd69e6-5d77-497d-84c9-09ac9d5c97f0 req-45dd69e6-5d77-497d-84c9-09ac9d5c97f0 ] Request (TenantUsagesTestJSON:setUpClass): 200 GET http://10.180.1.21/compute/v2.1/servers/7fda2b64-5d5f-46ed-b57b-00b24d9acee1 0.289s
2025-01-13 09:28:14.352 67782 INFO tempest.lib.common.rest_client [req-11e735df-aaa7-4b4b-b3a8-8d3de8e7b481 req-11e735df-aaa7-4b4b-b3a8-8d3de8e7b481 ] Request (ServerGroupTestJSON:setUpClass): 201 POST http://10.180.1.21/identity/v3/auth/tokens 0.114s
2025-01-13 09:28:14.368 67788 INFO tempest.lib.common.rest_client [req-5461607e-8d4f-4843-928c-92186075ec69 req-5461607e-8d4f-4843-928c-92186075ec69 ] Request (VolumesAdminNegativeTest:setUpClass): 201 POST http://10.180.1.21:9696/networking/v2.0/subnets 0.303s
2025-01-13 09:28:14.378 67810 INFO tempest.lib.common.rest_client [req-b6158334-54cc-4a82-86d8-ff0569d68b2a req-b6158334-54cc-4a82-86d8-ff0569d68b2a ] Request (InstanceActionsV221TestJSON:test_get_list_deleted_instance_actions): 200 GET http://10.180.1.21/compute/v2.1/servers/b0870ac7-90ba-4212-a8e0-100466cd838b 0.217s
2025-01-13 09:28:14.378 67814 INFO tempest.lib.common.rest_client [req-6946c9a8-ac54-4564-bac1-2c92cb75cf3c req-6946c9a8-ac54-4564-bac1-2c92cb75cf3c ] Request (ServersTestJSON:setUpClass): 200 GET http://10.180.1.21/compute/v2.1/servers/c4651f59-03db-48ad-8cdb-a6f605a790c4 0.146s
2025-01-13 09:28:14.428 67826 INFO tempest.lib.common.rest_client [req-859c2274-d19e-4da2-a339-4050096139b1 req-859c2274-d19e-4da2-a339-4050096139b1 ] Request (SecurityGroupRulesNegativeTestJSON:setUpClass): 201 POST http://10.180.1.21/identity/v3/auth/tokens 0.155s
2025-01-13 09:28:14.506 67816 INFO tempest.lib.common.rest_client [req-d0b5f714-306f-43ed-a785-fbffaa85cc60 req-d0b5f714-306f-43ed-a785-fbffaa85cc60 ] Request (MigrationsAdminTest:test_list_migrations_in_flavor_resize_situation): 200 GET http://10.180.1.21/compute/v2.1/servers/3f952136-5629-42ba-8a95-a21524601643 0.209s
2025-01-13 09:28:14.539 67782 INFO tempest.lib.common.rest_client [req-cf4c5c2d-737d-4efe-82d2-87d8777ce0f0 req-cf4c5c2d-737d-4efe-82d2-87d8777ce0f0 ] Request (ServerGroupTestJSON:setUp): 200 POST http://10.180.1.21/compute/v2.1/os-server-groups 0.185s
2025-01-13 09:28:14.611 67772 INFO tempest.lib.common.rest_client [req-351c4322-7988-4e5a-be23-68a00008f0ca req-351c4322-7988-4e5a-be23-68a00008f0ca ] Request (InstanceActionsNegativeTestJSON:tearDownClass): 200 GET http://10.180.1.21/compute/v2.1/servers/de76bde1-dc1e-4054-ae8b-72f9ed1da4a9 0.101s
2025-01-13 09:28:14.667 67826 INFO tempest.lib.common.rest_client [req-11121771-7bc1-43df-a395-6fba1adb8819 req-11121771-7bc1-43df-a395-6fba1adb8819 ] Request (SecurityGroupRulesNegativeTestJSON:test_create_security_group_rule_duplicate): 200 POST http://10.180.1.21/compute/v2.1/os-security-groups 0.236s
2025-01-13 09:28:14.675 67782 INFO tempest.lib.common.rest_client [req-7b8e18b8-608e-4302-a73f-6f38abe1affa req-7b8e18b8-608e-4302-a73f-6f38abe1affa ] Request (ServerGroupTestJSON:test_create_delete_multiple_server_groups_with_same_name_policy): 200 POST http://10.180.1.21/compute/v2.1/os-server-groups 0.134s
2025-01-13 09:28:14.734 67797 INFO tempest.lib.common.rest_client [req-5c27e306-8757-44ea-85a9-b509a07361b2 req-5c27e306-8757-44ea-85a9-b509a07361b2 ] Request (ServerRescueTestJSON:setUpClass): 200 GET http://10.180.1.21/compute/v2.1/servers/5f87762e-e397-4a36-8835-36419676b9d5 0.191s
2025-01-13 09:28:14.740 67784 INFO tempest.lib.common.rest_client [req-1d35c28e-052b-4b01-a35d-3ceee33b226e req-1d35c28e-052b-4b01-a35d-3ceee33b226e ] Request (ServerTagsTestJSON:setUpClass): 200 GET http://10.180.1.21/compute/v2.1/servers/29124931-d28f-4336-934d-ecba302a33e3 0.172s
2025-01-13 09:28:14.758 67812 INFO tempest.lib.common.rest_client [req-1b1aaba1-0ca6-4bda-a58c-8ef13163a138 req-1b1aaba1-0ca6-4bda-a58c-8ef13163a138 ] Request (ServerExternalEventsTest:tearDownClass): 404 GET http://10.180.1.21/compute/v2.1/servers/c8083792-677e-4647-8d8c-08fdc6712cd9 0.113s
2025-01-13 09:28:14.816 67820 WARNING tempest.lib.common.ssh [-] Failed to establish authenticated ssh connection to cirros@10.180.180.246 ([Errno None] Unable to connect to port 22 on 10.180.180.246). Number attempts: 1. Retry after 2 seconds.: paramiko.ssh_exception.NoValidConnectionsError: [Errno None] Unable to connect to port 22 on 10.180.180.246
2025-01-13 09:28:14.826 67782 INFO tempest.lib.common.rest_client [req-dacb27a9-8264-491b-a960-bf4e43bbc96f req-dacb27a9-8264-491b-a960-bf4e43bbc96f ] Request (ServerGroupTestJSON:test_create_delete_multiple_server_groups_with_same_name_policy): 200 POST http://10.180.1.21/compute/v2.1/os-server-groups 0.149s
