2025-01-13 09:26:59.785 67770 INFO tempest.lib.common.rest_client [req-981a50b5-0f0e-428d-85b9-943805ea8b07 req-981a50b5-0f0e-428d-85b9-943805ea8b07 ] Request (FlavorMetadataValidation:test_flavor_update_with_custom_namespace): 200 POST http://10.180.1.21/compute/v2.1/flavors 2.708s
2025-01-13 09:26:59.805 67768 INFO tempest.lib.common.rest_client [req-cd1361e6-e3b6-4328-a939-2b163d9abafc req-cd1361e6-e3b6-4328-a939-2b163d9abafc ] Request (VolumesAssistedSnapshotsTest:setUpClass): 201 POST http://10.180.1.21:9696/networking/v2.0/networks 0.326s
2025-01-13 09:26:59.823 67772 INFO tempest.lib.common.rest_client [req-db0acd35-cc23-4ab6-b22d-982bebe80b90 req-db0acd35-cc23-4ab6-b22d-982bebe80b90 ] Request (QuotasAdminTestV257:test_get_updated_quotas): 200 GET http://10.180.1.21/identity/v3/domains?name=Default 0.240s
2025-01-13 09:26:59.842 67790 INFO tempest.lib.common.rest_client [req-2a518674-f544-4c85-aa0d-047a7cf942f5 req-2a518674-f544-4c85-aa0d-047a7cf942f5 ] Request (InstanceUsageAuditLogNegativeTestJSON:setUpClass): 201 POST http://10.180.1.21/identity/v3/projects 0.221s
2025-01-13 09:26:59.887 67798 INFO tempest.lib.common.rest_client [req-de0aa00a-4e2f-4d21-8fd8-b5a4f4a62c06 req-de0aa00a-4e2f-4d21-8fd8-b5a4f4a62c06 ] Request (FlavorsAccessNegativeTestJSON:setUpClass): 200 GET http://10.180.1.21/identity/v3/roles 0.118s
2025-01-13 09:26:59.922 67812 INFO tempest.lib.common.rest_client [req-9819b2ba-ca41-4f47-b6b4-ebabe52977ea req-9819b2ba-ca41-4f47-b6b4-ebabe52977ea ] Request (ServerExternalEventsTest:setUpClass): 204 PUT http://10.180.1.21/identity/v3/projects/c83ea4e0452349849480f9474af00808/users/bca7cd3a93cf4d788ead116a72c3ee07/roles/fb7a0de37772416e8f34ef1968cdaedc 0.142s
2025-01-13 09:26:59.963 67804 INFO tempest.lib.common.rest_client [req-714b2ece-cbe8-451c-b8b8-81fe4e9afee2 req-714b2ece-cbe8-451c-b8b8-81fe4e9afee2 ] Request (ServersAdminTestJSON:setUpClass): 201 POST http://10.180.1.21:9696/networking/v2.0/networks 0.331s
2025-01-13 09:26:59.983 67790 INFO tempest.lib.common.rest_client [req-b0d6e849-37ac-4576-b58a-8cb488a3528a req-b0d6e849-37ac-4576-b58a-8cb488a3528a ] Request (InstanceUsageAuditLogNegativeTestJSON:setUpClass): 201 POST http://10.180.1.21/identity/v3/users 0.141s
2025-01-13 09:27:00.014 67798 INFO tempest.lib.common.rest_client [req-535afb0d-401d-48fb-9b2e-9d81698065e7 req-535afb0d-401d-48fb-9b2e-9d81698065e7 ] Request (FlavorsAccessNegativeTestJSON:setUpClass): 204 PUT http://10.180.1.21/identity/v3/projects/3e07a87e499a4d74b4d07f017bcedd8a/users/72d98915281f4946af9c3893867ee313/roles/fb7a0de37772416e8f34ef1968cdaedc 0.127s
2025-01-13 09:27:00.014 67798 INFO tempest.lib.common.dynamic_creds [-] Dynamic test user 72d98915281f4946af9c3893867ee313 is created with scope project and roles: ['admin']
2025-01-13 09:27:00.014 67798 INFO tempest.lib.common.dynamic_creds [-] Acquired dynamic creds: credentials: Credentials: {'domain_id': 'default', 'domain_name': 'Default', 'username': 'tempest-FlavorsAccessNegativeTestJSON-1517882808-project-admin', 'project_domain_id': 'default', 'project_domain_name': 'Default', 'project_id': '3e07a87e499a4d74b4d07f017bcedd8a', 'project_name': 'tempest-FlavorsAccessNegativeTestJSON-1517882808', 'tenant_id': '3e07a87e499a4d74b4d07f017bcedd8a', 'tenant_name': 'tempest-FlavorsAccessNegativeTestJSON-1517882808', 'user_domain_id': 'default', 'user_domain_name': 'Default', 'user_id': '72d98915281f4946af9c3893867ee313', 'system': None}, Network: None, Subnet: None, Router: None
2025-01-13 09:27:00.014 67798 INFO tempest.lib.common.dynamic_creds [-] Created isolated network resources for: credentials: Credentials: {'domain_id': 'default', 'domain_name': 'Default', 'username': 'tempest-FlavorsAccessNegativeTestJSON-1517882808-project-admin', 'project_domain_id': 'default', 'project_domain_name': 'Default', 'project_id': '3e07a87e499a4d74b4d07f017bcedd8a', 'project_name': 'tempest-FlavorsAccessNegativeTestJSON-1517882808', 'tenant_id': '3e07a87e499a4d74b4d07f017bcedd8a', 'tenant_name': 'tempest-FlavorsAccessNegativeTestJSON-1517882808', 'user_domain_id': 'default', 'user_domain_name': 'Default', 'user_id': '72d98915281f4946af9c3893867ee313', 'system': None}, Network: None, Subnet: None, Router: None
2025-01-13 09:27:00.067 67812 INFO tempest.lib.common.rest_client [req-fb5e046f-c8dc-487d-89b2-582fa1244868 req-fb5e046f-c8dc-487d-89b2-582fa1244868 ] Request (ServerExternalEventsTest:setUpClass): 200 GET http://10.180.1.21/identity/v3/roles 0.145s
2025-01-13 09:27:00.082 67768 INFO tempest.lib.common.rest_client [req-35c9217f-a293-4480-8e27-7772d0fd34a1 req-35c9217f-a293-4480-8e27-7772d0fd34a1 ] Request (VolumesAssistedSnapshotsTest:setUpClass): 201 POST http://10.180.1.21:9696/networking/v2.0/subnets 0.277s
2025-01-13 09:27:00.088 67790 INFO tempest.lib.common.rest_client [req-d5e3c251-c6bb-488c-889a-5f05bde46b61 req-d5e3c251-c6bb-488c-889a-5f05bde46b61 ] Request (InstanceUsageAuditLogNegativeTestJSON:setUpClass): 200 GET http://10.180.1.21/identity/v3/roles 0.104s
2025-01-13 09:27:00.140 67798 INFO tempest.lib.common.rest_client [req-185cf776-bd1e-4f96-a0ed-08fedbaf097c req-185cf776-bd1e-4f96-a0ed-08fedbaf097c ] Request (FlavorsAccessNegativeTestJSON:setUpClass): 201 POST http://10.180.1.21/identity/v3/auth/tokens 0.121s
2025-01-13 09:27:00.157 67812 INFO tempest.lib.common.rest_client [req-bfba8da2-2034-49d7-aa3c-d8a1b2234660 req-bfba8da2-2034-49d7-aa3c-d8a1b2234660 ] Request (ServerExternalEventsTest:setUpClass): 204 PUT http://10.180.1.21/identity/v3/projects/c83ea4e0452349849480f9474af00808/users/bca7cd3a93cf4d788ead116a72c3ee07/roles/06cfc1620d2d424f8e9c27d0f4d36933 0.088s
2025-01-13 09:27:00.157 67812 INFO tempest.lib.common.dynamic_creds [-] Dynamic test user bca7cd3a93cf4d788ead116a72c3ee07 is created with scope project and roles: ['admin', 'service']
2025-01-13 09:27:00.157 67812 INFO tempest.lib.common.dynamic_creds [-] Acquired dynamic creds: credentials: Credentials: {'domain_id': 'default', 'domain_name': 'Default', 'username': 'tempest-ServerExternalEventsTest-1963351022-project', 'project_domain_id': 'default', 'project_domain_name': 'Default', 'project_id': 'c83ea4e0452349849480f9474af00808', 'project_name': 'tempest-ServerExternalEventsTest-1963351022', 'tenant_id': 'c83ea4e0452349849480f9474af00808', 'tenant_name': 'tempest-ServerExternalEventsTest-1963351022', 'user_domain_id': 'default', 'user_domain_name': 'Default', 'user_id': 'bca7cd3a93cf4d788ead116a72c3ee07', 'system': None}, Network: None, Subnet: None, Router: None
2025-01-13 09:27:00.158 67812 INFO tempest.lib.common.dynamic_creds [-] Created isolated network resources for: credentials: Credentials: {'domain_id': 'default', 'domain_name': 'Default', 'username': 'tempest-ServerExternalEventsTest-1963351022-project', 'project_domain_id': 'default', 'project_domain_name': 'Default', 'project_id': 'c83ea4e0452349849480f9474af00808', 'project_name': 'tempest-ServerExternalEventsTest-1963351022', 'tenant_id': 'c83ea4e0452349849480f9474af00808', 'tenant_name': 'tempest-ServerExternalEventsTest-1963351022', 'user_domain_id': 'default', 'user_domain_name': 'Default', 'user_id': 'bca7cd3a93cf4d788ead116a72c3ee07', 'system': None}, Network: None, Subnet: None, Router: None
2025-01-13 09:27:00.163 67804 INFO tempest.lib.common.rest_client [req-3abd136e-41ce-44ec-806a-ce05728965ab req-3abd136e-41ce-44ec-806a-ce05728965ab ] Request (ServersAdminTestJSON:setUpClass): 201 POST http://10.180.1.21:9696/networking/v2.0/subnets 0.199s
2025-01-13 09:27:00.211 67790 INFO tempest.lib.common.rest_client [req-4e12c893-2c25-4974-a65b-67ff7dbc3c40 req-4e12c893-2c25-4974-a65b-67ff7dbc3c40 ] Request (InstanceUsageAuditLogNegativeTestJSON:setUpClass): 204 PUT http://10.180.1.21/identity/v3/projects/e6dc3052a3024823abd707491dc37c3c/users/286b6c8af95847b4a4fd797a3c4f7427/roles/fb7a0de37772416e8f34ef1968cdaedc 0.123s
2025-01-13 09:27:00.220 67798 INFO tempest.lib.common.rest_client [req-ef718890-c21a-41ef-a607-b21261ac0b29 req-ef718890-c21a-41ef-a607-b21261ac0b29 ] Request (FlavorsAccessNegativeTestJSON:setUpClass): 201 POST http://10.180.1.21/identity/v3/projects 0.080s
2025-01-13 09:27:00.294 67812 INFO tempest.lib.common.rest_client [req-40b3379c-2f3e-4928-8c65-55c132fdc97a req-40b3379c-2f3e-4928-8c65-55c132fdc97a ] Request (ServerExternalEventsTest:setUpClass): 201 POST http://10.180.1.21/identity/v3/auth/tokens 0.093s
2025-01-13 09:27:00.331 67830 INFO tempest.lib.common.rest_client [req-05fed705-b28f-4691-b6ed-a246cd5f617a req-05fed705-b28f-4691-b6ed-a246cd5f617a ] Request (ImagesMetadataTestJSON:setUpClass): 204 PUT http://10.180.1.21/image/v2/images/0532e307-4237-46db-9c9e-9f7f7563942e/file 2.426s
2025-01-13 09:27:00.349 67790 INFO tempest.lib.common.rest_client [req-73a81c09-9ee5-484a-9c01-51631d465fd6 req-73a81c09-9ee5-484a-9c01-51631d465fd6 ] Request (InstanceUsageAuditLogNegativeTestJSON:setUpClass): 200 GET http://10.180.1.21/identity/v3/roles 0.138s
2025-01-13 09:27:00.376 67798 INFO tempest.lib.common.rest_client [req-aad9963f-67a1-4914-9059-851c517328bf req-aad9963f-67a1-4914-9059-851c517328bf ] Request (FlavorsAccessNegativeTestJSON:setUpClass): 201 POST http://10.180.1.21/identity/v3/users 0.156s
2025-01-13 09:27:00.389 67790 INFO tempest.lib.common.rest_client [req-ce5d745f-3bc7-434d-8bac-41142cef2a0c req-ce5d745f-3bc7-434d-8bac-41142cef2a0c ] Request (InstanceUsageAuditLogNegativeTestJSON:setUpClass): 204 PUT http://10.180.1.21/identity/v3/projects/e6dc3052a3024823abd707491dc37c3c/users/286b6c8af95847b4a4fd797a3c4f7427/roles/fb7a0de37772416e8f34ef1968cdaedc 0.038s
2025-01-13 09:27:00.389 67790 INFO tempest.lib.common.dynamic_creds [-] Dynamic test user 286b6c8af95847b4a4fd797a3c4f7427 is created with scope project and roles: ['admin']
2025-01-13 09:27:00.389 67790 INFO tempest.lib.common.dynamic_creds [-] Acquired dynamic creds: credentials: Credentials: {'domain_id': 'default', 'domain_name': 'Default', 'username': 'tempest-InstanceUsageAuditLogNegativeTestJSON-1167411080-project-admin', 'project_domain_id': 'default', 'project_domain_name': 'Default', 'project_id': 'e6dc3052a3024823abd707491dc37c3c', 'project_name': 'tempest-InstanceUsageAuditLogNegativeTestJSON-1167411080', 'tenant_id': 'e6dc3052a3024823abd707491dc37c3c', 'tenant_name': 'tempest-InstanceUsageAuditLogNegativeTestJSON-1167411080', 'user_domain_id': 'default', 'user_domain_name': 'Default', 'user_id': '286b6c8af95847b4a4fd797a3c4f7427', 'system': None}, Network: None, Subnet: None, Router: None
2025-01-13 09:27:00.389 67790 INFO tempest.lib.common.dynamic_creds [-] Created isolated network resources for: credentials: Credentials: {'domain_id': 'default', 'domain_name': 'Default', 'username': 'tempest-InstanceUsageAuditLogNegativeTestJSON-1167411080-project-admin', 'project_domain_id': 'default', 'project_domain_name': 'Default', 'project_id': 'e6dc3052a3024823abd707491dc37c3c', 'project_name': 'tempest-InstanceUsageAuditLogNegativeTestJSON-1167411080', 'tenant_id': 'e6dc3052a3024823abd707491dc37c3c', 'tenant_name': 'tempest-InstanceUsageAuditLogNegativeTestJSON-1167411080', 'user_domain_id': 'default', 'user_domain_name': 'Default', 'user_id': '286b6c8af95847b4a4fd797a3c4f7427', 'system': None}, Network: None, Subnet: None, Router: None
2025-01-13 09:27:00.423 67812 INFO tempest.lib.common.rest_client [req-dc85ec13-4f21-4983-b6b2-44192ca17227 req-dc85ec13-4f21-4983-b6b2-44192ca17227 ] Request (ServerExternalEventsTest:test_create_server_external_events): 201 POST http://10.180.1.21/identity/v3/auth/tokens 0.124s
2025-01-13 09:27:00.424 67812 INFO tempest.lib.common.fixed_network [-] (ServerExternalEventsTest:test_create_server_external_events) Found network None available for tenant
2025-01-13 09:27:00.446 67798 INFO tempest.lib.common.rest_client [req-1c609e44-6688-41d3-9952-1247ccc9202f req-1c609e44-6688-41d3-9952-1247ccc9202f ] Request (FlavorsAccessNegativeTestJSON:setUpClass): 200 GET http://10.180.1.21/identity/v3/roles 0.069s
2025-01-13 09:27:00.471 67798 INFO tempest.lib.common.rest_client [req-369b43c1-a613-4c77-840d-b68109e2e147 req-369b43c1-a613-4c77-840d-b68109e2e147 ] Request (FlavorsAccessNegativeTestJSON:setUpClass): 204 PUT http://10.180.1.21/identity/v3/projects/43be457d13f64dfbbe9d280ab2f029db/users/e3832a6f26724374a859bd8d11e96e78/roles/4cf95430aaa847f9b8db0b20273fbc5d 0.023s
2025-01-13 09:27:00.471 67798 INFO tempest.lib.common.dynamic_creds [-] Dynamic test user e3832a6f26724374a859bd8d11e96e78 is created with scope project and roles: ['member']
2025-01-13 09:27:00.471 67798 INFO tempest.lib.common.dynamic_creds [-] Acquired dynamic creds: credentials: Credentials: {'domain_id': 'default', 'domain_name': 'Default', 'username': 'tempest-FlavorsAccessNegativeTestJSON-1057151071-project-member', 'project_domain_id': 'default', 'project_domain_name': 'Default', 'project_id': '43be457d13f64dfbbe9d280ab2f029db', 'project_name': 'tempest-FlavorsAccessNegativeTestJSON-1057151071', 'tenant_id': '43be457d13f64dfbbe9d280ab2f029db', 'tenant_name': 'tempest-FlavorsAccessNegativeTestJSON-1057151071', 'user_domain_id': 'default', 'user_domain_name': 'Default', 'user_id': 'e3832a6f26724374a859bd8d11e96e78', 'system': None}, Network: None, Subnet: None, Router: None
2025-01-13 09:27:00.471 67798 INFO tempest.lib.common.dynamic_creds [-] Created isolated network resources for: credentials: Credentials: {'domain_id': 'default', 'domain_name': 'Default', 'username': 'tempest-FlavorsAccessNegativeTestJSON-1057151071-project-member', 'project_domain_id': 'default', 'project_domain_name': 'Default', 'project_id': '43be457d13f64dfbbe9d280ab2f029db', 'project_name': 'tempest-FlavorsAccessNegativeTestJSON-1057151071', 'tenant_id': '43be457d13f64dfbbe9d280ab2f029db', 'tenant_name': 'tempest-FlavorsAccessNegativeTestJSON-1057151071', 'user_domain_id': 'default', 'user_domain_name': 'Default', 'user_id': 'e3832a6f26724374a859bd8d11e96e78', 'system': None}, Network: None, Subnet: None, Router: None
2025-01-13 09:27:00.479 67806 INFO tempest.lib.common.rest_client [req-a9c2653a-39e1-4840-95dc-e8e42c8bf33a req-a9c2653a-39e1-4840-95dc-e8e42c8bf33a ] Request (SecurityGroupsTestAdminJSON:test_list_security_groups_list_all_tenants_filter): 200 POST http://10.180.1.21/compute/v2.1/os-security-groups 2.924s
2025-01-13 09:27:00.503 67790 INFO tempest.lib.common.rest_client [req-eb0906ff-6c9c-4ac9-ae0f-9382b61f693c req-eb0906ff-6c9c-4ac9-ae0f-9382b61f693c ] Request (InstanceUsageAuditLogNegativeTestJSON:setUpClass): 201 POST http://10.180.1.21/identity/v3/auth/tokens 0.109s
2025-01-13 09:27:00.541 67798 INFO tempest.lib.common.rest_client [req-40edc88d-7fe6-4787-b1b1-9418560f3a9d req-40edc88d-7fe6-4787-b1b1-9418560f3a9d ] Request (FlavorsAccessNegativeTestJSON:setUpClass): 201 POST http://10.180.1.21/identity/v3/auth/tokens 0.067s
2025-01-13 09:27:00.542 67798 WARNING tempest.lib.common.rest_client [-] Deprecated: "tenant_id" property is deprecated for removal, use "project_id" instead
2025-01-13 09:27:00.682 67820 INFO tempest.lib.common.rest_client [req-75ed542b-2350-4218-98ab-2a100882c602 req-75ed542b-2350-4218-98ab-2a100882c602 ] Request (FloatingIPsNegativeTestJSON:setUpClass): 200 GET http://10.180.1.21/compute/v2.1/os-floating-ips 2.939s
2025-01-13 09:27:00.716 67794 INFO tempest.lib.common.rest_client [req-59c36f77-2f75-40ed-952e-8151d97e8978 req-59c36f77-2f75-40ed-952e-8151d97e8978 ] Request (ServersWithSpecificFlavorTestJSON:setUpClass): 200 PUT http://10.180.1.21:9696/networking/v2.0/routers/afa4dfa8-a4eb-44d4-8cfa-281dccdfb00a/add_router_interface 1.395s
2025-01-13 09:27:00.716 67794 INFO tempest.lib.common.dynamic_creds [-] Created isolated network resources for: credentials: Credentials: {'domain_id': 'default', 'domain_name': 'Default', 'username': 'tempest-ServersWithSpecificFlavorTestJSON-794360798-project-admin', 'project_domain_id': 'default', 'project_domain_name': 'Default', 'project_id': 'ce9decd555f94a0ebd4db4a5cfb6eb83', 'project_name': 'tempest-ServersWithSpecificFlavorTestJSON-794360798', 'tenant_id': 'ce9decd555f94a0ebd4db4a5cfb6eb83', 'tenant_name': 'tempest-ServersWithSpecificFlavorTestJSON-794360798', 'user_domain_id': 'default', 'user_domain_name': 'Default', 'user_id': 'bc064160dc8e4086b87bde0ac1744553', 'system': None}, Network: {'id': '4ee07129-6a3c-4315-aa6f-8dc3c91d7fd9', 'name': 'tempest-ServersWithSpecificFlavorTestJSON-1858578849-network', 'tenant_id': 'ce9decd555f94a0ebd4db4a5cfb6eb83', 'admin_state_up': True, 'mtu': 8950, 'status': 'ACTIVE', 'subnets': [], 'shared': False, 'project_id': 'ce9decd555f94a0ebd4db4a5cfb6eb83', 'port_security_enabled': True, 'router:external': False, 'provider:network_type': 'vlan', 'provider:physical_network': 'default', 'provider:segmentation_id': 821, 'availability_zone_hints': [], 'availability_zones': [], 'ipv4_address_scope': None, 'ipv6_address_scope': None, 'description': '', 'tags': [], 'created_at': '2025-01-13T09:26:58Z', 'updated_at': '2025-01-13T09:26:58Z', 'revision_number': 1}, Subnet: {'id': '51c4cc04-def6-4e81-a2d5-11158a29cb09', 'name': 'tempest-ServersWithSpecificFlavorTestJSON-1858578849-subnet', 'tenant_id': 'ce9decd555f94a0ebd4db4a5cfb6eb83', 'network_id': '4ee07129-6a3c-4315-aa6f-8dc3c91d7fd9', 'ip_version': 4, 'subnetpool_id': None, 'enable_dhcp': True, 'ipv6_ra_mode': None, 'ipv6_address_mode': None, 'gateway_ip': '192.168.128.1', 'cidr': '192.168.128.0/28', 'allocation_pools': [{'start': '192.168.128.2', 'end': '192.168.128.14'}], 'host_routes': [], 'dns_nameservers': [], 'description': '', 'router:external': False, 'service_types': [], 'tags': [], 'created_at': '2025-01-13T09:26:58Z', 'updated_at': '2025-01-13T09:26:58Z', 'revision_number': 0, 'project_id': 'ce9decd555f94a0ebd4db4a5cfb6eb83'}, Router: {'id': 'afa4dfa8-a4eb-44d4-8cfa-281dccdfb00a', 'name': 'tempest-ServersWithSpecificFlavorTestJSON-1858578849-router', 'tenant_id': 'ce9decd555f94a0ebd4db4a5cfb6eb83', 'admin_state_up': True, 'status': 'ACTIVE', 'external_gateway_info': {'network_id': 'dfa145b1-2f4c-49ea-9dbc-8cf5158e82fa', 'external_fixed_ips': [{'subnet_id': 'ea60e979-d035-48fb-9002-7186c8a3c2df', 'ip_address': '10.180.180.213'}], 'enable_snat': True}, 'description': '', 'availability_zones': [], 'distributed': False, 'ha': False, 'availability_zone_hints': [], 'routes': [], 'flavor_id': None, 'tags': [], 'created_at': '2025-01-13T09:26:58Z', 'updated_at': '2025-01-13T09:26:59Z', 'revision_number': 2, 'project_id': 'ce9decd555f94a0ebd4db4a5cfb6eb83'}
2025-01-13 09:27:00.764 67776 INFO tempest.lib.common.rest_client [req-23a676a7-296e-4a67-97aa-c1e317d8931c req-23a676a7-296e-4a67-97aa-c1e317d8931c ] Request (FlavorsExtraSpecsTestJSON:setUpClass): 200 POST http://10.180.1.21/compute/v2.1/flavors 2.933s
2025-01-13 09:27:00.776 67822 INFO tempest.lib.common.rest_client [req-f17639f3-a133-4ca7-bb06-d238903275d0 req-f17639f3-a133-4ca7-bb06-d238903275d0 ] Request (InstanceActionsTestJSON:setUpClass): 202 POST http://10.180.1.21/compute/v2.1/servers 6.225s
2025-01-13 09:27:00.814 67794 INFO tempest.lib.common.rest_client [req-048606ac-ca4f-468d-a90a-1c19963a6ded req-048606ac-ca4f-468d-a90a-1c19963a6ded ] Request (ServersWithSpecificFlavorTestJSON:setUpClass): 201 POST http://10.180.1.21/identity/v3/auth/tokens 0.096s
2025-01-13 09:27:00.851 67804 INFO tempest.lib.common.rest_client [req-82773bd1-7860-4ef2-b907-6efcefa8ef42 req-82773bd1-7860-4ef2-b907-6efcefa8ef42 ] Request (ServersAdminTestJSON:setUpClass): 201 POST http://10.180.1.21:9696/networking/v2.0/routers 0.687s
2025-01-13 09:27:00.878 67774 INFO tempest.lib.common.rest_client [req-a8158851-1fdb-4272-bb6b-b8158f19e803 req-a8158851-1fdb-4272-bb6b-b8158f19e803 ] Request (HypervisorAdminV253TestBase:test_list_show_detail_hypervisors): 200 GET http://10.180.1.21/compute/v2.1/os-hypervisors/detail?with_servers=True 2.958s
2025-01-13 09:27:00.931 67797 INFO tempest.lib.common.rest_client [req-c073ba77-c538-4e53-be9f-54ccfdd2b3a8 req-c073ba77-c538-4e53-be9f-54ccfdd2b3a8 ] Request (QuotasAdminNegativeTest:test_create_server_when_cpu_quota_is_full): 200 GET http://10.180.1.21/compute/v2.1/os-quota-sets/a5645519a5ee4914a3540f13379da447 2.647s
2025-01-13 09:27:01.024 67786 INFO tempest.lib.common.rest_client [req-0dc4f781-3c8b-4133-bbe5-ef81074a736d req-0dc4f781-3c8b-4133-bbe5-ef81074a736d ] Request (FlavorsExtraSpecsNegativeTestJSON:setUpClass): 200 POST http://10.180.1.21/compute/v2.1/flavors 2.456s
2025-01-13 09:27:01.096 67784 INFO tempest.lib.common.rest_client [req-d5793a47-2b1c-4b28-a396-f102de2ee5a7 req-d5793a47-2b1c-4b28-a396-f102de2ee5a7 ] Request (AZAdminNegativeTestJSON:test_get_availability_zone_list_detail_with_non_admin_user): 403 GET http://10.180.1.21/compute/v2.1/os-availability-zone/detail 2.494s
2025-01-13 09:27:01.184 67788 INFO tempest.lib.common.rest_client [req-1297120a-2660-49dd-8009-569b2f7a59e8 req-1297120a-2660-49dd-8009-569b2f7a59e8 ] Request (FlavorsAdminTestJSON:test_create_flavor_using_string_ram): 200 POST http://10.180.1.21/compute/v2.1/flavors 2.454s
2025-01-13 09:27:01.202 67768 INFO tempest.lib.common.rest_client [req-d5713661-62a2-408a-bff1-9bacb0c0aa43 req-d5713661-62a2-408a-bff1-9bacb0c0aa43 ] Request (VolumesAssistedSnapshotsTest:setUpClass): 201 POST http://10.180.1.21:9696/networking/v2.0/routers 1.119s
2025-01-13 09:27:01.265 67810 INFO tempest.lib.common.rest_client [req-ca76bf63-31bf-4e83-bb31-84e6de108cc8 req-ca76bf63-31bf-4e83-bb31-84e6de108cc8 ] Request (ServicesAdminNegativeTestJSON:test_get_service_by_invalid_params): 200 GET http://10.180.1.21/compute/v2.1/os-services 2.477s
2025-01-13 09:27:01.284 67780 INFO tempest.lib.common.rest_client [req-cca8c5f0-968e-4c80-ad12-962b1011cd58 req-cca8c5f0-968e-4c80-ad12-962b1011cd58 ] Request (FlavorsV2NegativeTest:test_boot_with_low_ram): 400 POST http://10.180.1.21/compute/v2.1/servers 2.841s
2025-01-13 09:27:01.291 67784 INFO tempest.lib.common.rest_client [req-c532bf35-6a74-41b5-b854-12ef4e5a1c6c req-c532bf35-6a74-41b5-b854-12ef4e5a1c6c ] Request (AZAdminNegativeTestJSON:tearDownClass): 204 DELETE http://10.180.1.21/identity/v3/users/66ba73aec8a240cfb2b588c66ebf0beb 0.140s
2025-01-13 09:27:01.371 67780 INFO tempest.lib.common.rest_client [req-dc68aada-4e0a-4dd7-b76c-45d18f350db5 req-dc68aada-4e0a-4dd7-b76c-45d18f350db5 ] Request (FlavorsV2NegativeTest:_run_cleanups): 204 DELETE http://10.180.1.21/image/v2/images/b47de06e-9460-4ff6-aabb-eb4a66323eb4 0.086s
2025-01-13 09:27:01.417 67792 INFO tempest.lib.common.rest_client [req-eeec6e61-cbef-49b1-889a-cfad67f54d3c req-eeec6e61-cbef-49b1-889a-cfad67f54d3c ] Request (InstanceUsageAuditLogTestJSON:test_get_instance_usage_audit_log): 200 GET http://10.180.1.21/compute/v2.1/os-instance_usage_audit_log/2025-01-13%2009%3A26%3A58 2.466s
2025-01-13 09:27:01.434 67778 INFO tempest.lib.common.rest_client [req-8c8faa65-fd0e-4621-8781-6ee81678a9e3 req-8c8faa65-fd0e-4621-8781-6ee81678a9e3 ] Request (AggregatesAdminNegativeTestJSON:setUpClass): 200 GET http://10.180.1.21/compute/v2.1/os-services?binary=nova-compute 2.600s
2025-01-13 09:27:01.485 67784 INFO tempest.lib.common.rest_client [req-2b8cffcb-0d3c-4835-a5f5-e02d71846af2 req-2b8cffcb-0d3c-4835-a5f5-e02d71846af2 ] Request (AZAdminNegativeTestJSON:tearDownClass): 204 DELETE http://10.180.1.21/identity/v3/users/102d7c2a8cd445b69d396fcbae544a14 0.194s
2025-01-13 09:27:01.486 67784 INFO tempest.lib.common.dynamic_creds [-] Deleting project and security group for project: 19f1d94b1da0494483f26cdaf6b1081c
2025-01-13 09:27:01.569 67780 INFO tempest.lib.common.rest_client [req-85749737-0882-4a18-b79a-a0f42455eeee req-85749737-0882-4a18-b79a-a0f42455eeee ] Request (FlavorsV2NegativeTest:tearDownClass): 204 DELETE http://10.180.1.21/identity/v3/users/e4c3567a8d0248a5bbe8821526ba5583 0.190s
2025-01-13 09:27:01.570 67780 INFO tempest.lib.common.dynamic_creds [-] Deleting project and security group for project: b22a59de789d4daab8a4844afd67dc85
2025-01-13 09:27:01.596 67800 INFO tempest.lib.common.rest_client [req-7bca3853-1b29-459d-8fe8-cf14b65bbc06 req-7bca3853-1b29-459d-8fe8-cf14b65bbc06 ] Request (HypervisorAdminNegativeUnderV252Test:test_search_hypervisor_with_non_admin_user): 200 GET http://10.180.1.21/compute/v2.1/os-hypervisors 2.630s
2025-01-13 09:27:01.628 67784 INFO tempest.lib.common.rest_client [req-694211d1-8670-4185-8b94-aea1ffd2ba3c req-694211d1-8670-4185-8b94-aea1ffd2ba3c ] Request (AZAdminNegativeTestJSON:tearDownClass): 201 POST http://10.180.1.21/identity/v3/auth/tokens 0.142s
2025-01-13 09:27:01.652 67780 INFO tempest.lib.common.rest_client [req-a810b45d-f748-43ae-85e7-5c6eef60682c req-a810b45d-f748-43ae-85e7-5c6eef60682c ] Request (FlavorsV2NegativeTest:tearDownClass): 201 POST http://10.180.1.21/identity/v3/auth/tokens 0.082s
2025-01-13 09:27:01.723 67808 INFO tempest.lib.common.rest_client [req-c2ae4c85-ae94-4c45-bf80-61b1c70b03bd req-c2ae4c85-ae94-4c45-bf80-61b1c70b03bd ] Request (HypervisorAdminTestJSON:test_get_hypervisor_list): 200 GET http://10.180.1.21/compute/v2.1/os-hypervisors 2.693s
2025-01-13 09:27:01.808 67824 INFO tempest.lib.common.rest_client [req-f684869b-857e-4d8e-ac04-f4af2bcc15ab req-f684869b-857e-4d8e-ac04-f4af2bcc15ab ] Request (HostsAdminTestJSON:test_list_hosts): 200 GET http://10.180.1.21/compute/v2.1/os-hosts 2.682s
2025-01-13 09:27:01.832 67780 INFO tempest.lib.common.rest_client [req-2bd8530e-df53-46f0-8be2-f961e63381e7 req-2bd8530e-df53-46f0-8be2-f961e63381e7 ] Request (FlavorsV2NegativeTest:tearDownClass): 200 GET http://10.180.1.21:9696/networking/v2.0/security-groups?tenant_id=b22a59de789d4daab8a4844afd67dc85&name=default 0.179s
2025-01-13 09:27:01.882 67816 INFO tempest.lib.common.rest_client [req-36591ecf-db61-45d6-b9b2-71998088936b req-36591ecf-db61-45d6-b9b2-71998088936b ] Request (MigrationsAdminTest:test_list_migrations): 200 GET http://10.180.1.21/compute/v2.1/os-migrations 2.654s
2025-01-13 09:27:01.925 67780 INFO tempest.lib.common.rest_client [req-419fc803-c9ab-4e77-b8d8-ece533efe1f9 req-419fc803-c9ab-4e77-b8d8-ece533efe1f9 ] Request (FlavorsV2NegativeTest:tearDownClass): 204 DELETE http://10.180.1.21:9696/networking/v2.0/security-groups/bbb137da-96f0-4d55-9e9d-f85eb8ae4b38 0.093s
2025-01-13 09:27:01.941 67814 INFO tempest.lib.common.rest_client [req-3f7b4682-ffbd-4352-b40b-365ee6a840cc req-3f7b4682-ffbd-4352-b40b-365ee6a840cc ] Request (HypervisorAdminNegativeTestJSON:test_get_hypervisor_list_details_with_non_admin_user): 403 GET http://10.180.1.21/compute/v2.1/os-hypervisors/detail 2.680s
2025-01-13 09:27:01.944 67816 INFO tempest.lib.common.rest_client [req-6368f24d-7f2b-4966-b77f-39e593884872 req-6368f24d-7f2b-4966-b77f-39e593884872 ] Request (MigrationsAdminTest:test_list_migrations_in_flavor_resize_situation): 201 POST http://10.180.1.21/identity/v3/auth/tokens 0.056s
2025-01-13 09:27:01.944 67816 INFO tempest.lib.common.fixed_network [-] (MigrationsAdminTest:test_list_migrations_in_flavor_resize_situation) Found network None available for tenant
2025-01-13 09:27:02.000 67780 INFO tempest.lib.common.rest_client [req-e5803fed-28af-43cb-b543-570c29fbabfe req-e5803fed-28af-43cb-b543-570c29fbabfe ] Request (FlavorsV2NegativeTest:tearDownClass): 204 DELETE http://10.180.1.21/identity/v3/projects/b22a59de789d4daab8a4844afd67dc85 0.075s
2025-01-13 09:27:02.005 67784 INFO tempest.lib.common.rest_client [req-d8a4ef4a-5f37-46ab-948c-ec1c97dff848 req-d8a4ef4a-5f37-46ab-948c-ec1c97dff848 ] Request (AZAdminNegativeTestJSON:tearDownClass): 200 GET http://10.180.1.21:9696/networking/v2.0/security-groups?tenant_id=19f1d94b1da0494483f26cdaf6b1081c&name=default 0.377s
2025-01-13 09:27:02.042 67828 INFO tempest.lib.common.rest_client [req-d41cfb64-231c-4bd8-b459-1ad8db5431c9 req-d41cfb64-231c-4bd8-b459-1ad8db5431c9 ] Request (ServersAdminNegativeTestJSON:setUpClass): 202 POST http://10.180.1.21/compute/v2.1/servers 3.048s
2025-01-13 09:27:02.081 67780 INFO tempest.lib.common.rest_client [req-a32223e2-0bd7-4a53-8ecc-8780c4ef9a15 req-a32223e2-0bd7-4a53-8ecc-8780c4ef9a15 ] Request (ImagesOneServerNegativeTestJSON:setUpClass): 201 POST http://10.180.1.21/identity/v3/auth/tokens 0.079s
2025-01-13 09:27:02.132 67784 INFO tempest.lib.common.rest_client [req-d4ec166b-2098-4f84-a96b-9ee2de2a829b req-d4ec166b-2098-4f84-a96b-9ee2de2a829b ] Request (AZAdminNegativeTestJSON:tearDownClass): 204 DELETE http://10.180.1.21:9696/networking/v2.0/security-groups/7eab6a6e-35ed-46ff-a9d6-88d30f9272d1 0.127s
2025-01-13 09:27:02.177 67780 INFO tempest.lib.common.rest_client [req-36badbd3-b42d-4ada-b851-7de3dd1769bc req-36badbd3-b42d-4ada-b851-7de3dd1769bc ] Request (ImagesOneServerNegativeTestJSON:setUpClass): 201 POST http://10.180.1.21/identity/v3/auth/tokens 0.049s
2025-01-13 09:27:02.222 67780 INFO tempest.lib.common.rest_client [req-efc0ab47-01b9-4a4b-b844-655a9282cb6c req-efc0ab47-01b9-4a4b-b844-655a9282cb6c ] Request (ImagesOneServerNegativeTestJSON:setUpClass): 200 GET http://10.180.1.21/identity/v3/domains?name=Default 0.044s
2025-01-13 09:27:02.255 67780 INFO tempest.lib.common.rest_client [req-c8871e40-86d9-4dcc-b127-73ab9d45c042 req-c8871e40-86d9-4dcc-b127-73ab9d45c042 ] Request (ImagesOneServerNegativeTestJSON:setUpClass): 201 POST http://10.180.1.21/identity/v3/projects 0.033s
2025-01-13 09:27:02.260 67782 INFO tempest.lib.common.rest_client [req-3c1e3eab-cad5-4607-8add-d56a67210d5a req-3c1e3eab-cad5-4607-8add-d56a67210d5a ] Request (ServerDiagnosticsTest:test_get_server_diagnostics): 202 POST http://10.180.1.21/compute/v2.1/servers 2.982s
2025-01-13 09:27:02.272 67784 INFO tempest.lib.common.rest_client [req-8767c530-dda9-4280-af7c-688b3a266769 req-8767c530-dda9-4280-af7c-688b3a266769 ] Request (AZAdminNegativeTestJSON:tearDownClass): 204 DELETE http://10.180.1.21/identity/v3/projects/19f1d94b1da0494483f26cdaf6b1081c 0.139s
2025-01-13 09:27:02.272 67784 INFO tempest.lib.common.dynamic_creds [-] Deleting project and security group for project: c10cb5412a8447509462df818c8148b6
2025-01-13 09:27:02.281 67802 INFO tempest.lib.common.rest_client [req-c3bd0f16-5363-4b6f-83ca-e1f746c84a88 req-c3bd0f16-5363-4b6f-83ca-e1f746c84a88 ] Request (ImagesDeleteNegativeTestJSON:test_delete_image_non_hex_string_id): 404 DELETE http://10.180.1.21/compute/v2.1/images/f6e84635-5865-40c8-81e1-34f9992b51dj 2.788s
2025-01-13 09:27:02.324 67780 INFO tempest.lib.common.rest_client [req-69168098-ff3d-48f2-8aa6-d033aa2272fd req-69168098-ff3d-48f2-8aa6-d033aa2272fd ] Request (ImagesOneServerNegativeTestJSON:setUpClass): 201 POST http://10.180.1.21/identity/v3/users 0.069s
2025-01-13 09:27:02.351 67780 INFO tempest.lib.common.rest_client [req-3b6edd96-c41a-4d79-ab9f-e8f060afff52 req-3b6edd96-c41a-4d79-ab9f-e8f060afff52 ] Request (ImagesOneServerNegativeTestJSON:setUpClass): 200 GET http://10.180.1.21/identity/v3/roles 0.026s
2025-01-13 09:27:02.380 67780 INFO tempest.lib.common.rest_client [req-fa6f6318-78d0-4780-acae-845173385760 req-fa6f6318-78d0-4780-acae-845173385760 ] Request (ImagesOneServerNegativeTestJSON:setUpClass): 204 PUT http://10.180.1.21/identity/v3/projects/04678b970fdf4802b41b8c8b395dd44e/users/ab7c7ba20b4f48ee94c1afc320da9d96/roles/4cf95430aaa847f9b8db0b20273fbc5d 0.028s
2025-01-13 09:27:02.381 67780 INFO tempest.lib.common.dynamic_creds [-] Dynamic test user ab7c7ba20b4f48ee94c1afc320da9d96 is created with scope project and roles: ['member']
2025-01-13 09:27:02.381 67780 INFO tempest.lib.common.dynamic_creds [-] Acquired dynamic creds: credentials: Credentials: {'domain_id': 'default', 'domain_name': 'Default', 'username': 'tempest-ImagesOneServerNegativeTestJSON-1234523427-project-member', 'project_domain_id': 'default', 'project_domain_name': 'Default', 'project_id': '04678b970fdf4802b41b8c8b395dd44e', 'project_name': 'tempest-ImagesOneServerNegativeTestJSON-1234523427', 'tenant_id': '04678b970fdf4802b41b8c8b395dd44e', 'tenant_name': 'tempest-ImagesOneServerNegativeTestJSON-1234523427', 'user_domain_id': 'default', 'user_domain_name': 'Default', 'user_id': 'ab7c7ba20b4f48ee94c1afc320da9d96', 'system': None}, Network: None, Subnet: None, Router: None
2025-01-13 09:27:02.436 67780 INFO tempest.lib.common.rest_client [req-011d9214-a3eb-459b-b295-8ff2d3fe4e64 req-011d9214-a3eb-459b-b295-8ff2d3fe4e64 ] Request (ImagesOneServerNegativeTestJSON:setUpClass): 201 POST http://10.180.1.21/identity/v3/auth/tokens 0.055s
2025-01-13 09:27:02.453 67804 INFO tempest.lib.common.rest_client [req-3ec1152a-437a-43de-b576-0fae0f1645dc req-3ec1152a-437a-43de-b576-0fae0f1645dc ] Request (ServersAdminTestJSON:setUpClass): 200 PUT http://10.180.1.21:9696/networking/v2.0/routers/24055c71-be6c-47d9-80dc-f255cc26a55e/add_router_interface 1.602s
2025-01-13 09:27:02.453 67804 INFO tempest.lib.common.dynamic_creds [-] Created isolated network resources for: credentials: Credentials: {'domain_id': 'default', 'domain_name': 'Default', 'username': 'tempest-ServersAdminTestJSON-526913663-project-admin', 'project_domain_id': 'default', 'project_domain_name': 'Default', 'project_id': 'cb7f2a85e296436aa3e434d8d0a4b7e0', 'project_name': 'tempest-ServersAdminTestJSON-526913663', 'tenant_id': 'cb7f2a85e296436aa3e434d8d0a4b7e0', 'tenant_name': 'tempest-ServersAdminTestJSON-526913663', 'user_domain_id': 'default', 'user_domain_name': 'Default', 'user_id': '7cd10d6b87c8488f80b0b3691b4030de', 'system': None}, Network: {'id': '71c4f269-1b0a-4aea-bc5a-c7fc6bdfa71d', 'name': 'tempest-ServersAdminTestJSON-1603820808-network', 'tenant_id': 'cb7f2a85e296436aa3e434d8d0a4b7e0', 'admin_state_up': True, 'mtu': 8950, 'status': 'ACTIVE', 'subnets': [], 'shared': False, 'project_id': 'cb7f2a85e296436aa3e434d8d0a4b7e0', 'port_security_enabled': True, 'router:external': False, 'provider:network_type': 'vlan', 'provider:physical_network': 'default', 'provider:segmentation_id': 170, 'availability_zone_hints': [], 'availability_zones': [], 'ipv4_address_scope': None, 'ipv6_address_scope': None, 'description': '', 'tags': [], 'created_at': '2025-01-13T09:26:59Z', 'updated_at': '2025-01-13T09:26:59Z', 'revision_number': 1}, Subnet: {'id': '3fc0f5bc-4b12-4e10-b82a-9d4b435d2527', 'name': 'tempest-ServersAdminTestJSON-1603820808-subnet', 'tenant_id': 'cb7f2a85e296436aa3e434d8d0a4b7e0', 'network_id': '71c4f269-1b0a-4aea-bc5a-c7fc6bdfa71d', 'ip_version': 4, 'subnetpool_id': None, 'enable_dhcp': True, 'ipv6_ra_mode': None, 'ipv6_address_mode': None, 'gateway_ip': '192.168.128.1', 'cidr': '192.168.128.0/28', 'allocation_pools': [{'start': '192.168.128.2', 'end': '192.168.128.14'}], 'host_routes': [], 'dns_nameservers': [], 'description': '', 'router:external': False, 'service_types': [], 'tags': [], 'created_at': '2025-01-13T09:27:00Z', 'updated_at': '2025-01-13T09:27:00Z', 'revision_number': 0, 'project_id': 'cb7f2a85e296436aa3e434d8d0a4b7e0'}, Router: {'id': '24055c71-be6c-47d9-80dc-f255cc26a55e', 'name': 'tempest-ServersAdminTestJSON-1603820808-router', 'tenant_id': 'cb7f2a85e296436aa3e434d8d0a4b7e0', 'admin_state_up': True, 'status': 'ACTIVE', 'external_gateway_info': {'network_id': 'dfa145b1-2f4c-49ea-9dbc-8cf5158e82fa', 'external_fixed_ips': [{'subnet_id': 'ea60e979-d035-48fb-9002-7186c8a3c2df', 'ip_address': '10.180.180.139'}], 'enable_snat': True}, 'description': '', 'availability_zones': [], 'distributed': False, 'ha': False, 'availability_zone_hints': [], 'routes': [], 'flavor_id': None, 'tags': [], 'created_at': '2025-01-13T09:27:00Z', 'updated_at': '2025-01-13T09:27:00Z', 'revision_number': 2, 'project_id': 'cb7f2a85e296436aa3e434d8d0a4b7e0'}
2025-01-13 09:27:02.541 67804 INFO tempest.lib.common.rest_client [req-1d7ce312-8b9c-4d1b-ad14-93346fc983c1 req-1d7ce312-8b9c-4d1b-ad14-93346fc983c1 ] Request (ServersAdminTestJSON:setUpClass): 201 POST http://10.180.1.21/identity/v3/auth/tokens 0.085s
2025-01-13 09:27:02.548 67784 INFO tempest.lib.common.rest_client [req-b848e08e-f872-463a-8235-5cd9d7ce5ac3 req-b848e08e-f872-463a-8235-5cd9d7ce5ac3 ] Request (AZAdminNegativeTestJSON:tearDownClass): 200 GET http://10.180.1.21:9696/networking/v2.0/security-groups?tenant_id=c10cb5412a8447509462df818c8148b6&name=default 0.276s
2025-01-13 09:27:02.549 67818 INFO tempest.lib.common.rest_client [req-c708f1a4-96ee-46ad-84e3-9bf75e338624 req-c708f1a4-96ee-46ad-84e3-9bf75e338624 ] Request (DeleteServersAdminTestJSON:test_admin_delete_servers_of_others): 202 POST http://10.180.1.21/compute/v2.1/servers 3.136s
2025-01-13 09:27:02.650 67804 INFO tempest.lib.common.rest_client [req-58fd9e91-8f84-417f-b130-0856c2fa8f0f req-58fd9e91-8f84-417f-b130-0856c2fa8f0f ] Request (ServersAdminTestJSON:setUpClass): 201 POST http://10.180.1.21/identity/v3/auth/tokens 0.064s
2025-01-13 09:27:02.650 67826 INFO tempest.lib.common.rest_client [req-c35cd6ff-d3dd-4b9c-8cfd-b48df81aa010 req-c35cd6ff-d3dd-4b9c-8cfd-b48df81aa010 ] Request (ServerDiagnosticsNegativeTest:test_get_server_diagnostics_by_non_admin): 202 POST http://10.180.1.21/compute/v2.1/servers 3.121s
2025-01-13 09:27:02.651 67804 INFO tempest.lib.common.fixed_network [-] (ServersAdminTestJSON:setUpClass) Found network {'id': '0726fe05-a3d8-48a6-81d7-80e12381d9f1', 'name': 'tempest-ServersAdminTestJSON-1928272886-network', 'tenant_id': '6cc6916a76024aa49aafa89913291a56', 'admin_state_up': True, 'mtu': 8950, 'status': 'ACTIVE', 'subnets': [], 'shared': False, 'project_id': '6cc6916a76024aa49aafa89913291a56', 'port_security_enabled': True, 'router:external': False, 'provider:network_type': 'vlan', 'provider:physical_network': 'default', 'provider:segmentation_id': 816, 'availability_zone_hints': [], 'availability_zones': [], 'ipv4_address_scope': None, 'ipv6_address_scope': None, 'description': '', 'tags': [], 'created_at': '2025-01-13T09:26:53Z', 'updated_at': '2025-01-13T09:26:53Z', 'revision_number': 1} available for tenant
2025-01-13 09:27:02.675 67770 INFO tempest.lib.common.rest_client [req-d11f5f72-b429-4b9f-8867-5c709ad05287 req-d11f5f72-b429-4b9f-8867-5c709ad05287 ] Request (FlavorMetadataValidation:test_flavor_update_with_custom_namespace): 200 POST http://10.180.1.21/compute/v2.1/flavors/1828508425/os-extra_specs 2.886s
2025-01-13 09:27:02.701 67784 INFO tempest.lib.common.rest_client [req-6e0eca85-2889-435f-9964-d526349da137 req-6e0eca85-2889-435f-9964-d526349da137 ] Request (AZAdminNegativeTestJSON:tearDownClass): 204 DELETE http://10.180.1.21:9696/networking/v2.0/security-groups/bc1bb712-3b0f-483d-b8aa-d4b719066366 0.152s
2025-01-13 09:27:02.722 67830 INFO tempest.lib.common.rest_client [req-8f670a4c-e8e9-4e0f-8525-bb211eb1374a req-8f670a4c-e8e9-4e0f-8525-bb211eb1374a ] Request (ImagesMetadataTestJSON:setUpClass): 200 GET http://10.180.1.21/compute/v2.1/images/0532e307-4237-46db-9c9e-9f7f7563942e 2.390s
2025-01-13 09:27:02.815 67784 INFO tempest.lib.common.rest_client [req-ebee1bd3-2528-46c4-a394-0a43ff40c737 req-ebee1bd3-2528-46c4-a394-0a43ff40c737 ] Request (AZAdminNegativeTestJSON:tearDownClass): 204 DELETE http://10.180.1.21/identity/v3/projects/c10cb5412a8447509462df818c8148b6 0.111s
2025-01-13 09:27:02.843 67780 INFO tempest.lib.common.rest_client [req-875779f3-4cda-4dca-bebd-13eafde966bd req-875779f3-4cda-4dca-bebd-13eafde966bd ] Request (ImagesOneServerNegativeTestJSON:setUpClass): 201 POST http://10.180.1.21:9696/networking/v2.0/networks 0.406s
2025-01-13 09:27:02.855 67768 INFO tempest.lib.common.rest_client [req-ab939a65-6bb6-42b4-8fce-1fa93b4a1143 req-ab939a65-6bb6-42b4-8fce-1fa93b4a1143 ] Request (VolumesAssistedSnapshotsTest:setUpClass): 200 PUT http://10.180.1.21:9696/networking/v2.0/routers/2e448970-8643-4b4b-b51a-28c62ff835c2/add_router_interface 1.653s
2025-01-13 09:27:02.856 67768 INFO tempest.lib.common.dynamic_creds [-] Created isolated network resources for: credentials: Credentials: {'domain_id': 'default', 'domain_name': 'Default', 'username': 'tempest-VolumesAssistedSnapshotsTest-1177112239-project-admin', 'project_domain_id': 'default', 'project_domain_name': 'Default', 'project_id': '7ff513cbe13b44e3ba6867ee3aa9c517', 'project_name': 'tempest-VolumesAssistedSnapshotsTest-1177112239', 'tenant_id': '7ff513cbe13b44e3ba6867ee3aa9c517', 'tenant_name': 'tempest-VolumesAssistedSnapshotsTest-1177112239', 'user_domain_id': 'default', 'user_domain_name': 'Default', 'user_id': '67b2bab53ac8485da456236664c46054', 'system': None}, Network: {'id': '962d97f6-8ac8-47dc-8080-1fbb33cd9591', 'name': 'tempest-VolumesAssistedSnapshotsTest-30242123-network', 'tenant_id': '7ff513cbe13b44e3ba6867ee3aa9c517', 'admin_state_up': True, 'mtu': 8950, 'status': 'ACTIVE', 'subnets': [], 'shared': False, 'project_id': '7ff513cbe13b44e3ba6867ee3aa9c517', 'port_security_enabled': True, 'router:external': False, 'provider:network_type': 'vlan', 'provider:physical_network': 'default', 'provider:segmentation_id': 982, 'availability_zone_hints': [], 'availability_zones': [], 'ipv4_address_scope': None, 'ipv6_address_scope': None, 'description': '', 'tags': [], 'created_at': '2025-01-13T09:26:59Z', 'updated_at': '2025-01-13T09:26:59Z', 'revision_number': 1}, Subnet: {'id': '05a186ac-a9ca-4f68-a970-82841143a18c', 'name': 'tempest-VolumesAssistedSnapshotsTest-30242123-subnet', 'tenant_id': '7ff513cbe13b44e3ba6867ee3aa9c517', 'network_id': '962d97f6-8ac8-47dc-8080-1fbb33cd9591', 'ip_version': 4, 'subnetpool_id': None, 'enable_dhcp': True, 'ipv6_ra_mode': None, 'ipv6_address_mode': None, 'gateway_ip': '192.168.128.1', 'cidr': '192.168.128.0/28', 'allocation_pools': [{'start': '192.168.128.2', 'end': '192.168.128.14'}], 'host_routes': [], 'dns_nameservers': [], 'description': '', 'router:external': False, 'service_types': [], 'tags': [], 'created_at': '2025-01-13T09:26:59Z', 'updated_at': '2025-01-13T09:26:59Z', 'revision_number': 0, 'project_id': '7ff513cbe13b44e3ba6867ee3aa9c517'}, Router: {'id': '2e448970-8643-4b4b-b51a-28c62ff835c2', 'name': 'tempest-VolumesAssistedSnapshotsTest-30242123-router', 'tenant_id': '7ff513cbe13b44e3ba6867ee3aa9c517', 'admin_state_up': True, 'status': 'ACTIVE', 'external_gateway_info': {'network_id': 'dfa145b1-2f4c-49ea-9dbc-8cf5158e82fa', 'external_fixed_ips': [{'subnet_id': 'ea60e979-d035-48fb-9002-7186c8a3c2df', 'ip_address': '10.180.180.170'}], 'enable_snat': True}, 'description': '', 'availability_zones': [], 'distributed': False, 'ha': False, 'availability_zone_hints': [], 'routes': [], 'flavor_id': None, 'tags': [], 'created_at': '2025-01-13T09:27:00Z', 'updated_at': '2025-01-13T09:27:00Z', 'revision_number': 2, 'project_id': '7ff513cbe13b44e3ba6867ee3aa9c517'}
2025-01-13 09:27:02.893 67784 INFO tempest.lib.common.rest_client [req-f402f1a4-c06b-434a-bb61-64003d83b45c req-f402f1a4-c06b-434a-bb61-64003d83b45c ] Request (KeyPairsV210TestJSON:setUpClass): 201 POST http://10.180.1.21/identity/v3/auth/tokens 0.077s
2025-01-13 09:27:02.921 67772 INFO tempest.lib.common.rest_client [req-90268142-8965-449b-97bf-037b8e93eb4f req-90268142-8965-449b-97bf-037b8e93eb4f ] Request (QuotasAdminTestV257:test_get_updated_quotas): 200 PUT http://10.180.1.21/compute/v2.1/os-quota-sets/12c70a526dc84670880efa82e80223ab 3.098s
2025-01-13 09:27:02.924 67784 INFO tempest.lib.common.rest_client [req-83c46b15-44e4-408c-b41e-ef1d04f5fbd4 req-83c46b15-44e4-408c-b41e-ef1d04f5fbd4 ] Request (KeyPairsV210TestJSON:setUpClass): 201 POST http://10.180.1.21/identity/v3/auth/tokens 0.028s
2025-01-13 09:27:02.936 67768 INFO tempest.lib.common.rest_client [req-d9480e13-9f2f-4a4e-ac5f-3fd3720066f9 req-d9480e13-9f2f-4a4e-ac5f-3fd3720066f9 ] Request (VolumesAssistedSnapshotsTest:setUpClass): 201 POST http://10.180.1.21/identity/v3/auth/tokens 0.076s
2025-01-13 09:27:02.949 67784 INFO tempest.lib.common.rest_client [req-1267ecdf-3d14-42c9-b343-e7c658021a63 req-1267ecdf-3d14-42c9-b343-e7c658021a63 ] Request (KeyPairsV210TestJSON:setUpClass): 200 GET http://10.180.1.21/identity/v3/domains?name=Default 0.024s
2025-01-13 09:27:02.969 67768 INFO tempest.lib.common.rest_client [req-eb0caf7b-6aac-4eb0-ae58-dcec01ac17fc req-eb0caf7b-6aac-4eb0-ae58-dcec01ac17fc ] Request (VolumesAssistedSnapshotsTest:setUpClass): 201 POST http://10.180.1.21/identity/v3/projects 0.032s
2025-01-13 09:27:02.974 67784 INFO tempest.lib.common.rest_client [req-cb08d969-f2c6-4882-a0c0-086539034fee req-cb08d969-f2c6-4882-a0c0-086539034fee ] Request (KeyPairsV210TestJSON:setUpClass): 201 POST http://10.180.1.21/identity/v3/projects 0.024s
2025-01-13 09:27:03.029 67784 INFO tempest.lib.common.rest_client [req-717e1d33-3f95-4732-863f-14300e89853c req-717e1d33-3f95-4732-863f-14300e89853c ] Request (KeyPairsV210TestJSON:setUpClass): 201 POST http://10.180.1.21/identity/v3/users 0.054s
2025-01-13 09:27:03.052 67784 INFO tempest.lib.common.rest_client [req-74503021-b6c6-4c7d-9cae-04d3861d37a5 req-74503021-b6c6-4c7d-9cae-04d3861d37a5 ] Request (KeyPairsV210TestJSON:setUpClass): 200 GET http://10.180.1.21/identity/v3/roles 0.023s
2025-01-13 09:27:03.056 67768 INFO tempest.lib.common.rest_client [req-b36a1926-2723-4371-98ef-044063f020b8 req-b36a1926-2723-4371-98ef-044063f020b8 ] Request (VolumesAssistedSnapshotsTest:setUpClass): 201 POST http://10.180.1.21/identity/v3/users 0.087s
2025-01-13 09:27:03.070 67780 INFO tempest.lib.common.rest_client [req-94770c27-931b-45aa-8794-0bf4c98ff443 req-94770c27-931b-45aa-8794-0bf4c98ff443 ] Request (ImagesOneServerNegativeTestJSON:setUpClass): 201 POST http://10.180.1.21:9696/networking/v2.0/subnets 0.225s
2025-01-13 09:27:03.074 67806 INFO tempest.lib.common.rest_client [req-e6a4c2c2-5e5f-4e4a-a4c2-b601964952f0 req-e6a4c2c2-5e5f-4e4a-a4c2-b601964952f0 ] Request (SecurityGroupsTestAdminJSON:test_list_security_groups_list_all_tenants_filter): 200 POST http://10.180.1.21/compute/v2.1/os-security-groups 2.592s
2025-01-13 09:27:03.077 67768 INFO tempest.lib.common.rest_client [req-70429975-b39a-4cd4-99aa-c2019cf93153 req-70429975-b39a-4cd4-99aa-c2019cf93153 ] Request (VolumesAssistedSnapshotsTest:setUpClass): 200 GET http://10.180.1.21/identity/v3/roles 0.020s
2025-01-13 09:27:03.080 67784 INFO tempest.lib.common.rest_client [req-0c4e1f2e-63ed-4119-9df2-a99ac3b017be req-0c4e1f2e-63ed-4119-9df2-a99ac3b017be ] Request (KeyPairsV210TestJSON:setUpClass): 204 PUT http://10.180.1.21/identity/v3/projects/7e8a6902404949a4ab8cce5bd8da00f2/users/1a8c1a644c29463a9a696085be9c7db5/roles/4cf95430aaa847f9b8db0b20273fbc5d 0.027s
2025-01-13 09:27:03.081 67784 INFO tempest.lib.common.dynamic_creds [-] Dynamic test user 1a8c1a644c29463a9a696085be9c7db5 is created with scope project and roles: ['member']
2025-01-13 09:27:03.081 67784 INFO tempest.lib.common.dynamic_creds [-] Acquired dynamic creds: credentials: Credentials: {'domain_id': 'default', 'domain_name': 'Default', 'username': 'tempest-KeyPairsV210TestJSON-428859584-project-member', 'project_domain_id': 'default', 'project_domain_name': 'Default', 'project_id': '7e8a6902404949a4ab8cce5bd8da00f2', 'project_name': 'tempest-KeyPairsV210TestJSON-428859584', 'tenant_id': '7e8a6902404949a4ab8cce5bd8da00f2', 'tenant_name': 'tempest-KeyPairsV210TestJSON-428859584', 'user_domain_id': 'default', 'user_domain_name': 'Default', 'user_id': '1a8c1a644c29463a9a696085be9c7db5', 'system': None}, Network: None, Subnet: None, Router: None
2025-01-13 09:27:03.081 67784 INFO tempest.lib.common.dynamic_creds [-] Created isolated network resources for: credentials: Credentials: {'domain_id': 'default', 'domain_name': 'Default', 'username': 'tempest-KeyPairsV210TestJSON-428859584-project-member', 'project_domain_id': 'default', 'project_domain_name': 'Default', 'project_id': '7e8a6902404949a4ab8cce5bd8da00f2', 'project_name': 'tempest-KeyPairsV210TestJSON-428859584', 'tenant_id': '7e8a6902404949a4ab8cce5bd8da00f2', 'tenant_name': 'tempest-KeyPairsV210TestJSON-428859584', 'user_domain_id': 'default', 'user_domain_name': 'Default', 'user_id': '1a8c1a644c29463a9a696085be9c7db5', 'system': None}, Network: None, Subnet: None, Router: None
2025-01-13 09:27:03.131 67768 INFO tempest.lib.common.rest_client [req-8c8eaf7d-6d0e-480b-9d0a-829844c5ca4f req-8c8eaf7d-6d0e-480b-9d0a-829844c5ca4f ] Request (VolumesAssistedSnapshotsTest:setUpClass): 204 PUT http://10.180.1.21/identity/v3/projects/bd1eedfa2192424dbfb6e90b0029f068/users/45aa67b3466f4254bb1d8fc70974fa8c/roles/06cfc1620d2d424f8e9c27d0f4d36933 0.054s
2025-01-13 09:27:03.157 67812 INFO tempest.lib.common.rest_client [req-419d415e-82ab-4c11-97a0-6ee6162ba02d req-419d415e-82ab-4c11-97a0-6ee6162ba02d ] Request (ServerExternalEventsTest:test_create_server_external_events): 202 POST http://10.180.1.21/compute/v2.1/servers 2.733s
2025-01-13 09:27:03.233 67784 INFO tempest.lib.common.rest_client [req-f673df2f-65ee-4dc5-9814-8811a026e741 req-f673df2f-65ee-4dc5-9814-8811a026e741 ] Request (KeyPairsV210TestJSON:setUpClass): 201 POST http://10.180.1.21/identity/v3/auth/tokens 0.147s
2025-01-13 09:27:03.238 67790 INFO tempest.lib.common.rest_client [req-c8dbb490-0a61-46f2-b719-5d3628c692f6 req-c8dbb490-0a61-46f2-b719-5d3628c692f6 ] Request (InstanceUsageAuditLogNegativeTestJSON:test_get_instance_usage_audit_logs_with_invalid_time): 400 GET http://10.180.1.21/compute/v2.1/os-instance_usage_audit_log/invalid_time 2.733s
2025-01-13 09:27:03.294 67768 INFO tempest.lib.common.rest_client [req-88adb599-3c33-42d4-af0c-0b295a94772f req-88adb599-3c33-42d4-af0c-0b295a94772f ] Request (VolumesAssistedSnapshotsTest:setUpClass): 200 GET http://10.180.1.21/identity/v3/roles 0.163s
2025-01-13 09:27:03.296 67820 INFO tempest.lib.common.rest_client [req-1b9f4513-7b92-4884-9507-7b451b8388fa req-1b9f4513-7b92-4884-9507-7b451b8388fa ] Request (FloatingIPsNegativeTestJSON:test_allocate_floating_ip_from_nonexistent_pool): 404 POST http://10.180.1.21/compute/v2.1/os-floating-ips 2.612s
2025-01-13 09:27:03.330 67798 INFO tempest.lib.common.rest_client [req-fcdf3e19-3de6-460e-9d21-5df360bf789b req-fcdf3e19-3de6-460e-9d21-5df360bf789b ] Request (FlavorsAccessNegativeTestJSON:test_add_flavor_access_duplicate): 200 POST http://10.180.1.21/compute/v2.1/flavors 2.787s
2025-01-13 09:27:03.335 67784 INFO tempest.lib.common.rest_client [req-43026745-fb44-4d73-a206-c110a45add3e req-43026745-fb44-4d73-a206-c110a45add3e ] Request (KeyPairsV210TestJSON:setUpClass): 201 POST http://10.180.1.21/identity/v3/projects 0.101s
