2025-01-13 09:28:01.050 67802 INFO tempest.lib.common.rest_client [req-177cae40-e5b4-4132-a0fd-11a19ac2ba2e req-177cae40-e5b4-4132-a0fd-11a19ac2ba2e ] Request (AttachInterfacesUnderV243Test:test_add_remove_fixed_ip): 200 PUT http://10.180.1.21:9696/networking/v2.0/floatingips/8e62838e-36cc-4ff9-b51f-02e1e857b69f 0.961s
2025-01-13 09:28:01.052 67816 INFO tempest.lib.common.rest_client [req-868d7f87-3a59-4eae-a0ed-1128dd571e83 req-868d7f87-3a59-4eae-a0ed-1128dd571e83 ] Request (MigrationsAdminTest:test_list_migrations_in_flavor_resize_situation): 200 GET http://10.180.1.21/compute/v2.1/servers/3f952136-5629-42ba-8a95-a21524601643 1.299s
2025-01-13 09:28:01.128 67824 INFO tempest.lib.common.rest_client [req-5672b5b5-3949-412e-8ce3-30d41ff91e44 req-5672b5b5-3949-412e-8ce3-30d41ff91e44 ] Request (ServerDiagnosticsV248Test:test_get_server_diagnostics): 200 GET http://10.180.1.21/compute/v2.1/servers/dcfde382-f4dc-4de3-a8f7-ee3d1cc37a81 1.147s
2025-01-13 09:28:01.200 67826 INFO tempest.lib.common.rest_client [req-ed99d766-b84a-4d41-af3d-cb47fb267dd8 req-ed99d766-b84a-4d41-af3d-cb47fb267dd8 ] Request (ServerDiagnosticsNegativeTest:tearDownClass): 200 GET http://10.180.1.21/compute/v2.1/servers/2eef5371-84e7-47f6-9443-0e1e07adb8f9 0.747s
2025-01-13 09:28:01.251 67804 INFO tempest.lib.common.rest_client [req-98d43f85-da52-4e8d-8e6c-debdf7cc738e req-98d43f85-da52-4e8d-8e6c-debdf7cc738e ] Request (ServersAdminTestJSON:test_create_server_with_scheduling_hint): 200 GET http://10.180.1.21/compute/v2.1/servers/263d801e-a8c6-4df2-889b-6bbae1cd5360 0.618s
2025-01-13 09:28:01.278 67788 INFO tempest.lib.common.rest_client [req-48681513-4470-4806-af1c-584e21f2d9b2 req-48681513-4470-4806-af1c-584e21f2d9b2 ] Request (FlavorsAdminTestJSON:test_list_public_flavor_with_other_user): 200 GET http://10.180.1.21/compute/v2.1/flavors/detail 0.630s
2025-01-13 09:28:01.346 67808 INFO tempest.lib.common.rest_client [req-984316e5-6746-4448-b0fb-6ebe04fbc674 req-984316e5-6746-4448-b0fb-6ebe04fbc674 ] Request (ServersAdmin275Test:test_rebuild_update_server_275): 200 GET http://10.180.1.21/compute/v2.1/servers/9e6de468-662e-4591-b8e5-c9c11e0c0163 0.618s
2025-01-13 09:28:01.362 67808 INFO tempest.common.waiters [-] State transition "REBUILD/rebuild_spawning" ==> "ACTIVE/None" after 11 second wait
2025-01-13 09:28:01.462 67794 INFO tempest.lib.common.rest_client [req-9c91be9d-1ad5-4665-a4d6-aeedd955f184 req-9c91be9d-1ad5-4665-a4d6-aeedd955f184 ] Request (ServersWithSpecificFlavorTestJSON:test_verify_created_server_ephemeral_disk): 200 GET http://10.180.1.21/compute/v2.1/servers/958768a7-2cf2-4006-9375-09abea50c2d5 0.688s
2025-01-13 09:28:01.467 67772 INFO tempest.lib.common.rest_client [req-c89d7b25-ea73-4248-83b0-1ee36cec78f7 req-c89d7b25-ea73-4248-83b0-1ee36cec78f7 ] Request (InstanceActionsNegativeTestJSON:setUpClass): 200 GET http://10.180.1.21/compute/v2.1/servers/de76bde1-dc1e-4054-ae8b-72f9ed1da4a9 1.566s
2025-01-13 09:28:01.474 67794 INFO tempest.lib.common.ssh [-] Creating ssh connection to '10.180.180.218:22' as 'cirros' with public key authentication
2025-01-13 09:28:01.507 67778 INFO tempest.lib.common.rest_client [req-feb68185-764a-4a63-8512-b9fb65ed0b9f req-feb68185-764a-4a63-8512-b9fb65ed0b9f ] Request (ImagesMetadataNegativeTestJSON:test_set_nonexistent_image_metadata_item): 404 PUT http://10.180.1.21/compute/v2.1/images/a4589766-f769-4bee-948a-6a33ec354ec9/metadata/os_distro 0.617s
2025-01-13 09:28:01.564 67822 INFO tempest.lib.common.rest_client [req-1c1a309b-9c46-4c9d-acce-35092a121d06 req-1c1a309b-9c46-4c9d-acce-35092a121d06 ] Request (InstanceActionsTestJSON:tearDownClass): 200 GET http://10.180.1.21/compute/v2.1/servers/685d4ec2-62cf-466a-9990-7934576ea0aa 0.729s
2025-01-13 09:28:01.593 67774 INFO tempest.lib.common.rest_client [req-4a62868d-8753-4a2d-9521-f70661b29de9 req-4a62868d-8753-4a2d-9521-f70661b29de9 ] Request (ServerActionsTestJSON:setUpClass): 201 POST http://10.180.1.21:9696/networking/v2.0/floatingips 1.469s
2025-01-13 09:28:01.626 67818 INFO tempest.lib.common.rest_client [req-1f300439-c5bb-42db-aa20-85fc245960ef req-1f300439-c5bb-42db-aa20-85fc245960ef ] Request (DeleteServersAdminTestJSON:test_delete_server_while_in_error_state): 200 GET http://10.180.1.21/compute/v2.1/servers/de830fe1-9542-433f-bc92-6197cd691de7 0.581s
2025-01-13 09:28:01.663 67774 INFO tempest.lib.common.rest_client [req-ae126fbe-a332-4545-892c-95ecbcb978a8 req-ae126fbe-a332-4545-892c-95ecbcb978a8 ] Request (ServerActionsTestJSON:setUpClass): 201 POST http://10.180.1.21/identity/v3/auth/tokens 0.067s
2025-01-13 09:28:01.663 67774 INFO tempest.lib.common.fixed_network [-] (ServerActionsTestJSON:setUpClass) Found network {'id': '3f3623b9-3d97-43e1-a755-66b0636316f7', 'name': 'tempest-ServerActionsTestJSON-693682641-network', 'tenant_id': 'f23ece4dafc440609b1531e535b9e51a', 'admin_state_up': True, 'mtu': 8950, 'status': 'ACTIVE', 'subnets': [], 'shared': False, 'project_id': 'f23ece4dafc440609b1531e535b9e51a', 'port_security_enabled': True, 'router:external': False, 'provider:network_type': 'vlan', 'provider:physical_network': 'default', 'provider:segmentation_id': 783, 'availability_zone_hints': [], 'availability_zones': [], 'ipv4_address_scope': None, 'ipv6_address_scope': None, 'description': '', 'tags': [], 'created_at': '2025-01-13T09:27:52Z', 'updated_at': '2025-01-13T09:27:52Z', 'revision_number': 1} available for tenant
2025-01-13 09:28:01.750 67802 INFO tempest.lib.common.rest_client [req-9d505e02-b930-441d-9125-58b52bc15887 req-9d505e02-b930-441d-9125-58b52bc15887 ] Request (AttachInterfacesUnderV243Test:test_add_remove_fixed_ip): 200 GET http://10.180.1.21/compute/v2.1/servers/42a83e79-9558-4c38-94a7-50847ca57ea0 0.699s
2025-01-13 09:28:01.758 67802 INFO tempest.lib.common.ssh [-] Creating ssh connection to '10.180.180.245:22' as 'cirros' with public key authentication
2025-01-13 09:28:01.902 67820 INFO tempest.lib.common.rest_client [req-4df2ba01-3816-4dd4-82a4-a6b67ec7cb36 req-4df2ba01-3816-4dd4-82a4-a6b67ec7cb36 ] Request (ServersTestManualDisk:setUpClass): 200 GET http://10.180.1.21/compute/v2.1/servers/48f7357a-2911-463f-bda4-abf0c50d7d6d 0.734s
2025-01-13 09:28:01.930 67800 INFO tempest.lib.common.rest_client [req-6b3a83b0-28db-4fb4-80c8-0405a816fcf0 req-6b3a83b0-28db-4fb4-80c8-0405a816fcf0 ] Request (ServersNegativeTestMultiTenantJSON:setUpClass): 202 POST http://10.180.1.21/compute/v2.1/servers 0.957s
2025-01-13 09:28:01.954 67770 INFO tempest.lib.common.rest_client [req-1e2dccd9-9c09-41fb-bb11-3b064e41e954 req-1e2dccd9-9c09-41fb-bb11-3b064e41e954 ] Request (ImagesOneServerTestJSON:setUpClass): 200 GET http://10.180.1.21/compute/v2.1/servers/658b491a-ec14-4a35-b670-64c95081c274 0.740s
2025-01-13 09:28:01.973 67788 INFO tempest.lib.common.rest_client [req-ae2c52ff-456e-442f-a77e-5a1ddde3edd2 req-ae2c52ff-456e-442f-a77e-5a1ddde3edd2 ] Request (FlavorsAdminTestJSON:_run_cleanups): 202 DELETE http://10.180.1.21/compute/v2.1/flavors/736602149 0.684s
2025-01-13 09:28:01.989 67810 INFO tempest.lib.common.rest_client [req-68a2d054-e117-4d4a-add5-3f18049f11dd req-68a2d054-e117-4d4a-add5-3f18049f11dd ] Request (InstanceActionsV221TestJSON:test_get_list_deleted_instance_actions): 200 GET http://10.180.1.21/compute/v2.1/servers/b0870ac7-90ba-4212-a8e0-100466cd838b 0.711s
2025-01-13 09:28:02.033 67792 INFO tempest.lib.common.rest_client [req-fe73a0d5-e9a1-48eb-9b99-d4e60e62179d req-fe73a0d5-e9a1-48eb-9b99-d4e60e62179d ] Request (ImagesNegativeTestJSON:test_create_image_from_deleted_server): 200 GET http://10.180.1.21/compute/v2.1/servers/2d10090f-a5bc-41c9-a2fe-37a2dfc10446 0.711s
2025-01-13 09:28:02.083 67790 INFO tempest.lib.common.rest_client [req-33511575-1584-4bac-872e-5eb470ba1039 req-33511575-1584-4bac-872e-5eb470ba1039 ] Request (ServerActionsV293TestJSON:setUpClass): 200 GET http://10.180.1.21/volume/v3/volumes/efcac5b6-c6a2-44a9-967b-b1503569479a 0.043s
2025-01-13 09:28:02.091 67790 INFO tempest.common.waiters [-] volume efcac5b6-c6a2-44a9-967b-b1503569479a reached available after waiting for 21.091871 seconds
2025-01-13 09:28:02.112 67786 INFO tempest.lib.common.rest_client [req-6609cab0-455e-4068-829e-697b593698bb req-6609cab0-455e-4068-829e-697b593698bb ] Request (TenantUsagesTestJSON:setUpClass): 200 GET http://10.180.1.21/compute/v2.1/servers/7fda2b64-5d5f-46ed-b57b-00b24d9acee1 0.741s
2025-01-13 09:28:02.123 67786 INFO tempest.common.waiters [-] State transition "BUILD/None" ==> "BUILD/networking" after 34 second wait
2025-01-13 09:28:02.198 67814 INFO tempest.lib.common.rest_client [req-e25407a2-7a23-4621-89bb-363bb62f87ed req-e25407a2-7a23-4621-89bb-363bb62f87ed ] Request (ServersTestJSON:setUpClass): 200 GET http://10.180.1.21/compute/v2.1/servers/c4651f59-03db-48ad-8cdb-a6f605a790c4 0.761s
2025-01-13 09:28:02.274 67828 INFO tempest.lib.common.rest_client [req-83265e35-2de6-4638-b5de-c0b1d7c8550c req-83265e35-2de6-4638-b5de-c0b1d7c8550c ] Request (ServersAdminNegativeTestJSON:test_migrate_server_invalid_state): 200 GET http://10.180.1.21/compute/v2.1/servers/4e43c86c-f642-4cee-a188-efcbc6942ac2 0.781s
2025-01-13 09:28:02.298 67778 INFO tempest.lib.common.rest_client [req-dbe29910-0675-4f5d-bc49-6fdd6874f9ac req-dbe29910-0675-4f5d-bc49-6fdd6874f9ac ] Request (ImagesMetadataNegativeTestJSON:test_update_nonexistent_image_metadata): 404 POST http://10.180.1.21/compute/v2.1/images/6049c05a-a12f-40ee-a8de-854df804cc4c/metadata 0.789s
2025-01-13 09:28:02.334 67808 INFO tempest.lib.common.rest_client [req-b8f52cc1-47a1-42aa-9b53-d0368af0ee42 req-b8f52cc1-47a1-42aa-9b53-d0368af0ee42 ] Request (ServersAdmin275Test:test_rebuild_update_server_275): 202 POST http://10.180.1.21/compute/v2.1/servers/9e6de468-662e-4591-b8e5-c9c11e0c0163/action 0.970s
2025-01-13 09:28:02.367 67782 INFO tempest.lib.common.rest_client [req-c467679f-1eb5-4f4f-95f9-564d9bf18f69 req-c467679f-1eb5-4f4f-95f9-564d9bf18f69 ] Request (SecurityGroupsNegativeTestJSON:setUpClass): 201 POST http://10.180.1.21:9696/networking/v2.0/routers 1.651s
2025-01-13 09:28:02.371 67784 INFO tempest.lib.common.rest_client [req-3e7e582a-28d6-46b7-ab24-62fe5d19d9bd req-3e7e582a-28d6-46b7-ab24-62fe5d19d9bd ] Request (ServerTagsTestJSON:setUpClass): 200 GET http://10.180.1.21/compute/v2.1/servers/29124931-d28f-4336-934d-ecba302a33e3 0.813s
2025-01-13 09:28:02.408 67778 INFO tempest.lib.common.rest_client [req-70bd2993-486d-45c5-8bb0-d9ef3042d427 req-70bd2993-486d-45c5-8bb0-d9ef3042d427 ] Request (ImagesMetadataNegativeTestJSON:tearDownClass): 204 DELETE http://10.180.1.21/identity/v3/users/2dc118208f6b42a79e3951680a00b489 0.108s
2025-01-13 09:28:02.408 67778 INFO tempest.lib.common.dynamic_creds [-] Deleting project and security group for project: 4d437c99615b4281939f9189df18669e
2025-01-13 09:28:02.418 67797 INFO tempest.lib.common.rest_client [req-270a8abd-8bec-47fd-9d06-ff61d19213f3 req-270a8abd-8bec-47fd-9d06-ff61d19213f3 ] Request (ServerRescueTestJSON:setUpClass): 200 GET http://10.180.1.21/compute/v2.1/servers/5f87762e-e397-4a36-8835-36419676b9d5 0.783s
2025-01-13 09:28:02.486 67778 INFO tempest.lib.common.rest_client [req-5c20d41e-d8b3-4652-b39a-33d633948e48 req-5c20d41e-d8b3-4652-b39a-33d633948e48 ] Request (ImagesMetadataNegativeTestJSON:tearDownClass): 201 POST http://10.180.1.21/identity/v3/auth/tokens 0.078s
2025-01-13 09:28:02.574 67780 INFO tempest.lib.common.rest_client [req-9f6a23d2-7dd1-41df-9915-5149385df1f0 req-9f6a23d2-7dd1-41df-9915-5149385df1f0 ] Request (ImagesOneServerNegativeTestJSON:tearDown): 200 GET http://10.180.1.21/compute/v2.1/servers/ef210777-ba8b-485a-b3bb-ef65a8ed3ad9 0.851s
2025-01-13 09:28:02.586 67780 INFO tempest.common.waiters [-] State transition "ACTIVE/image_uploading" ==> "ACTIVE/None" after 6 second wait
2025-01-13 09:28:02.654 67812 INFO tempest.lib.common.rest_client [req-4e287a0d-aba5-4b54-bb11-c50ee00f1ead req-4e287a0d-aba5-4b54-bb11-c50ee00f1ead ] Request (ServerExternalEventsTest:tearDownClass): 200 GET http://10.180.1.21/compute/v2.1/servers/c8083792-677e-4647-8d8c-08fdc6712cd9 0.909s
2025-01-13 09:28:02.719 67806 INFO tempest.lib.common.rest_client [req-cd18328c-f296-4ca6-93e9-aff796081b51 req-cd18328c-f296-4ca6-93e9-aff796081b51 ] Request (ServerActionsTestOtherB:setUpClass): 200 GET http://10.180.1.21/compute/v2.1/servers/8ad86c6d-5655-4bca-8a9f-4af4d05d71e4 0.912s
2025-01-13 09:28:02.775 67778 INFO tempest.lib.common.rest_client [req-98fc2743-a194-4be6-b65f-f0877c80992f req-98fc2743-a194-4be6-b65f-f0877c80992f ] Request (ImagesMetadataNegativeTestJSON:tearDownClass): 200 GET http://10.180.1.21:9696/networking/v2.0/security-groups?tenant_id=4d437c99615b4281939f9189df18669e&name=default 0.289s
2025-01-13 09:28:02.784 67776 INFO tempest.lib.common.rest_client [req-6c86b2dc-cb2e-46e4-91f8-09a2ebc38e61 req-6c86b2dc-cb2e-46e4-91f8-09a2ebc38e61 ] Request (ServersTestBootFromVolume:setUpClass): 200 GET http://10.180.1.21/compute/v2.1/servers/0824a71e-75ca-4a1d-a5e4-7b566fccf383 0.909s
2025-01-13 09:28:02.853 67800 INFO tempest.lib.common.rest_client [req-c81b5071-7737-448b-9563-a9092dc42735 req-c81b5071-7737-448b-9563-a9092dc42735 ] Request (ServersNegativeTestMultiTenantJSON:setUpClass): 200 GET http://10.180.1.21/compute/v2.1/servers/8dfb1051-c5c0-47c7-9b38-7add404107c6 0.920s
2025-01-13 09:28:02.877 67788 INFO tempest.lib.common.rest_client [req-eaa0f0cb-b0b0-4769-8c5f-eb6a00b4b666 req-eaa0f0cb-b0b0-4769-8c5f-eb6a00b4b666 ] Request (FlavorsAdminTestJSON:_run_cleanups): 200 GET http://10.180.1.21/compute/v2.1/flavors/detail 0.904s
2025-01-13 09:28:02.962 67778 INFO tempest.lib.common.rest_client [req-0d8b8d3c-aaab-4efb-b688-6ec3310a9a31 req-0d8b8d3c-aaab-4efb-b688-6ec3310a9a31 ] Request (ImagesMetadataNegativeTestJSON:tearDownClass): 204 DELETE http://10.180.1.21:9696/networking/v2.0/security-groups/f310adaa-06fd-4d5f-a39e-ae59c42f258b 0.186s
2025-01-13 09:28:02.971 67774 INFO tempest.lib.common.rest_client [req-ca9109c9-424c-4ba0-a6f0-a376a11fbedf req-ca9109c9-424c-4ba0-a6f0-a376a11fbedf ] Request (ServerActionsTestJSON:setUpClass): 202 POST http://10.180.1.21/compute/v2.1/servers 1.307s
2025-01-13 09:28:03.006 67788 INFO tempest.lib.common.rest_client [req-c9faf73d-dd92-4620-a07c-8e4cf4a07984 req-c9faf73d-dd92-4620-a07c-8e4cf4a07984 ] Request (FlavorsAdminTestJSON:tearDownClass): 204 DELETE http://10.180.1.21/identity/v3/users/35f6af565ff34eeebb2722c09adf3336 0.120s
2025-01-13 09:28:03.085 67816 INFO tempest.lib.common.rest_client [req-568a17f5-77ab-43ab-a312-eebf7c8f45d7 req-568a17f5-77ab-43ab-a312-eebf7c8f45d7 ] Request (MigrationsAdminTest:test_list_migrations_in_flavor_resize_situation): 200 GET http://10.180.1.21/compute/v2.1/servers/3f952136-5629-42ba-8a95-a21524601643 1.019s
2025-01-13 09:28:03.124 67778 INFO tempest.lib.common.rest_client [req-619ecceb-c182-4247-9db1-7bc516662536 req-619ecceb-c182-4247-9db1-7bc516662536 ] Request (ImagesMetadataNegativeTestJSON:tearDownClass): 204 DELETE http://10.180.1.21/identity/v3/projects/4d437c99615b4281939f9189df18669e 0.162s
2025-01-13 09:28:03.124 67788 INFO tempest.lib.common.rest_client [req-cf128dec-cef0-405c-8a18-6d1fa246da2c req-cf128dec-cef0-405c-8a18-6d1fa246da2c ] Request (FlavorsAdminTestJSON:tearDownClass): 204 DELETE http://10.180.1.21/identity/v3/users/a02da39f098c4b7a9a457cfd6f7a7ad0 0.117s
2025-01-13 09:28:03.124 67788 INFO tempest.lib.common.dynamic_creds [-] Deleting project and security group for project: ec77a2084d5d49c4934b130ca4ad96e2
2025-01-13 09:28:03.183 67824 INFO tempest.lib.common.rest_client [req-da91357b-7327-4a4c-a545-7d6e34be9dde req-da91357b-7327-4a4c-a545-7d6e34be9dde ] Request (ServerDiagnosticsV248Test:test_get_server_diagnostics): 200 GET http://10.180.1.21/compute/v2.1/servers/dcfde382-f4dc-4de3-a8f7-ee3d1cc37a81 1.043s
2025-01-13 09:28:03.208 67788 INFO tempest.lib.common.rest_client [req-13aa01a6-e0b6-4a14-9507-5f09fe18c70c req-13aa01a6-e0b6-4a14-9507-5f09fe18c70c ] Request (FlavorsAdminTestJSON:tearDownClass): 201 POST http://10.180.1.21/identity/v3/auth/tokens 0.084s
2025-01-13 09:28:03.213 67778 INFO tempest.lib.common.rest_client [req-76846024-e1d4-4ef3-a635-d44d4b82521f req-76846024-e1d4-4ef3-a635-d44d4b82521f ] Request (ListImageFiltersTestJSON:setUpClass): 201 POST http://10.180.1.21/identity/v3/auth/tokens 0.088s
2025-01-13 09:28:03.247 67778 INFO tempest.lib.common.rest_client [req-9f7e9057-3d16-472e-b67c-4143c7ee2d47 req-9f7e9057-3d16-472e-b67c-4143c7ee2d47 ] Request (ListImageFiltersTestJSON:setUpClass): 201 POST http://10.180.1.21/identity/v3/auth/tokens 0.028s
2025-01-13 09:28:03.261 67826 INFO tempest.lib.common.rest_client [req-d2c3b94a-3dd1-4820-b102-90466cab7f5c req-d2c3b94a-3dd1-4820-b102-90466cab7f5c ] Request (ServerDiagnosticsNegativeTest:tearDownClass): 200 GET http://10.180.1.21/compute/v2.1/servers/2eef5371-84e7-47f6-9443-0e1e07adb8f9 1.049s
2025-01-13 09:28:03.272 67778 INFO tempest.lib.common.rest_client [req-6e29e3cb-70dd-4a6b-973a-6ebfef5df4e0 req-6e29e3cb-70dd-4a6b-973a-6ebfef5df4e0 ] Request (ListImageFiltersTestJSON:setUpClass): 200 GET http://10.180.1.21/identity/v3/domains?name=Default 0.024s
2025-01-13 09:28:03.308 67778 INFO tempest.lib.common.rest_client [req-7dc998ab-8c39-4652-b739-4325cd52f2fe req-7dc998ab-8c39-4652-b739-4325cd52f2fe ] Request (ListImageFiltersTestJSON:setUpClass): 201 POST http://10.180.1.21/identity/v3/projects 0.036s
2025-01-13 09:28:03.346 67804 INFO tempest.lib.common.rest_client [req-bb0afe3a-66fe-4f5e-9fb1-72ae8f476e63 req-bb0afe3a-66fe-4f5e-9fb1-72ae8f476e63 ] Request (ServersAdminTestJSON:test_create_server_with_scheduling_hint): 200 GET http://10.180.1.21/compute/v2.1/servers/263d801e-a8c6-4df2-889b-6bbae1cd5360 1.087s
2025-01-13 09:28:03.393 67778 INFO tempest.lib.common.rest_client [req-49d03be6-3ebf-4f5d-a607-d0ee5b14d780 req-49d03be6-3ebf-4f5d-a607-d0ee5b14d780 ] Request (ListImageFiltersTestJSON:setUpClass): 201 POST http://10.180.1.21/identity/v3/users 0.084s
2025-01-13 09:28:03.419 67778 INFO tempest.lib.common.rest_client [req-0b40c07b-873c-4c74-b1bb-f30c4963b891 req-0b40c07b-873c-4c74-b1bb-f30c4963b891 ] Request (ListImageFiltersTestJSON:setUpClass): 200 GET http://10.180.1.21/identity/v3/roles 0.026s
2025-01-13 09:28:03.453 67778 INFO tempest.lib.common.rest_client [req-8e39a8e9-ac8f-4b5e-bb21-7127314b7667 req-8e39a8e9-ac8f-4b5e-bb21-7127314b7667 ] Request (ListImageFiltersTestJSON:setUpClass): 204 PUT http://10.180.1.21/identity/v3/projects/06b991170b6f49b7925e2e65eb060cdc/users/600594f43aac43488604673847a4a573/roles/4cf95430aaa847f9b8db0b20273fbc5d 0.033s
2025-01-13 09:28:03.453 67778 INFO tempest.lib.common.dynamic_creds [-] Dynamic test user 600594f43aac43488604673847a4a573 is created with scope project and roles: ['member']
2025-01-13 09:28:03.453 67778 INFO tempest.lib.common.dynamic_creds [-] Acquired dynamic creds: credentials: Credentials: {'domain_id': 'default', 'domain_name': 'Default', 'username': 'tempest-ListImageFiltersTestJSON-2034418531-project-member', 'project_domain_id': 'default', 'project_domain_name': 'Default', 'project_id': '06b991170b6f49b7925e2e65eb060cdc', 'project_name': 'tempest-ListImageFiltersTestJSON-2034418531', 'tenant_id': '06b991170b6f49b7925e2e65eb060cdc', 'tenant_name': 'tempest-ListImageFiltersTestJSON-2034418531', 'user_domain_id': 'default', 'user_domain_name': 'Default', 'user_id': '600594f43aac43488604673847a4a573', 'system': None}, Network: None, Subnet: None, Router: None
2025-01-13 09:28:03.454 67778 INFO tempest.lib.common.dynamic_creds [-] Created isolated network resources for: credentials: Credentials: {'domain_id': 'default', 'domain_name': 'Default', 'username': 'tempest-ListImageFiltersTestJSON-2034418531-project-member', 'project_domain_id': 'default', 'project_domain_name': 'Default', 'project_id': '06b991170b6f49b7925e2e65eb060cdc', 'project_name': 'tempest-ListImageFiltersTestJSON-2034418531', 'tenant_id': '06b991170b6f49b7925e2e65eb060cdc', 'tenant_name': 'tempest-ListImageFiltersTestJSON-2034418531', 'user_domain_id': 'default', 'user_domain_name': 'Default', 'user_id': '600594f43aac43488604673847a4a573', 'system': None}, Network: None, Subnet: None, Router: None
2025-01-13 09:28:03.458 67808 INFO tempest.lib.common.rest_client [req-fc4f5ee2-5ccb-44c7-80b6-785426424890 req-fc4f5ee2-5ccb-44c7-80b6-785426424890 ] Request (ServersAdmin275Test:_run_cleanups): 200 GET http://10.180.1.21/compute/v2.1/servers/9e6de468-662e-4591-b8e5-c9c11e0c0163 1.106s
2025-01-13 09:28:03.531 67788 INFO tempest.lib.common.rest_client [req-7eecf280-4013-491e-b596-84d080cdce88 req-7eecf280-4013-491e-b596-84d080cdce88 ] Request (FlavorsAdminTestJSON:tearDownClass): 200 GET http://10.180.1.21:9696/networking/v2.0/security-groups?tenant_id=ec77a2084d5d49c4934b130ca4ad96e2&name=default 0.323s
2025-01-13 09:28:03.549 67768 WARNING tempest.lib.common.ssh [-] Failed to establish authenticated ssh connection to cirros@10.180.180.154 ([Errno None] Unable to connect to port 22 on 10.180.180.154). Number attempts: 2. Retry after 3 seconds.: paramiko.ssh_exception.NoValidConnectionsError: [Errno None] Unable to connect to port 22 on 10.180.180.154
2025-01-13 09:28:03.564 67778 INFO tempest.lib.common.rest_client [req-f8a61e28-bede-4404-807d-226cce5a2b67 req-f8a61e28-bede-4404-807d-226cce5a2b67 ] Request (ListImageFiltersTestJSON:setUpClass): 201 POST http://10.180.1.21/identity/v3/auth/tokens 0.106s
2025-01-13 09:28:03.618 67772 INFO tempest.lib.common.rest_client [req-c4722cc1-a412-4dc4-acd7-b691133d0ce3 req-c4722cc1-a412-4dc4-acd7-b691133d0ce3 ] Request (InstanceActionsNegativeTestJSON:setUpClass): 200 GET http://10.180.1.21/compute/v2.1/servers/de76bde1-dc1e-4054-ae8b-72f9ed1da4a9 1.142s
2025-01-13 09:28:03.622 67788 INFO tempest.lib.common.rest_client [req-81aa2d52-89e0-4d59-b61a-d21fdaee1950 req-81aa2d52-89e0-4d59-b61a-d21fdaee1950 ] Request (FlavorsAdminTestJSON:tearDownClass): 204 DELETE http://10.180.1.21:9696/networking/v2.0/security-groups/daed204f-1760-4a16-aee7-15b3f91c8262 0.090s
2025-01-13 09:28:03.629 67772 INFO tempest.common.waiters [-] State transition "BUILD/spawning" ==> "ACTIVE/None" after 37 second wait
2025-01-13 09:28:03.691 67790 INFO tempest.lib.common.rest_client [req-dda35512-3b1e-410e-8c7a-ef3a1b02176e req-dda35512-3b1e-410e-8c7a-ef3a1b02176e ] Request (ServerActionsV293TestJSON:setUpClass): 202 POST http://10.180.1.21/compute/v2.1/servers 1.599s
2025-01-13 09:28:03.702 67822 INFO tempest.lib.common.rest_client [req-d19fb1d7-b5c3-4328-a597-3a81f1e8932f req-d19fb1d7-b5c3-4328-a597-3a81f1e8932f ] Request (InstanceActionsTestJSON:tearDownClass): 200 GET http://10.180.1.21/compute/v2.1/servers/685d4ec2-62cf-466a-9990-7934576ea0aa 1.123s
2025-01-13 09:28:03.758 67788 INFO tempest.lib.common.rest_client [req-b88da348-2850-436a-8643-8a0400462e87 req-b88da348-2850-436a-8643-8a0400462e87 ] Request (FlavorsAdminTestJSON:tearDownClass): 204 DELETE http://10.180.1.21/identity/v3/projects/ec77a2084d5d49c4934b130ca4ad96e2 0.135s
2025-01-13 09:28:03.758 67788 INFO tempest.lib.common.dynamic_creds [-] Deleting project and security group for project: c1ee6517d4a54ebda800dad0edc0ea1c
2025-01-13 09:28:03.787 67780 INFO tempest.lib.common.rest_client [req-cd89c36a-2761-4b2c-a9ad-381f3f26bc1c req-cd89c36a-2761-4b2c-a9ad-381f3f26bc1c ] Request (ImagesOneServerNegativeTestJSON:_run_cleanups): 204 DELETE http://10.180.1.21/compute/v2.1/servers/ef210777-ba8b-485a-b3bb-ef65a8ed3ad9 1.201s
2025-01-13 09:28:03.790 67818 INFO tempest.lib.common.rest_client [req-1afb88b8-be4a-4071-a5be-a0b8a9414fa8 req-1afb88b8-be4a-4071-a5be-a0b8a9414fa8 ] Request (DeleteServersAdminTestJSON:test_delete_server_while_in_error_state): 200 GET http://10.180.1.21/compute/v2.1/servers/de830fe1-9542-433f-bc92-6197cd691de7 1.156s
2025-01-13 09:28:03.810 67782 INFO tempest.lib.common.rest_client [req-7f09fa4a-78e8-4394-8eeb-7ff62a6f842f req-7f09fa4a-78e8-4394-8eeb-7ff62a6f842f ] Request (SecurityGroupsNegativeTestJSON:setUpClass): 200 PUT http://10.180.1.21:9696/networking/v2.0/routers/4ccbb13c-b16c-4cb2-906c-c1e080687000/add_router_interface 1.442s
2025-01-13 09:28:03.810 67782 INFO tempest.lib.common.dynamic_creds [-] Created isolated network resources for: credentials: Credentials: {'domain_id': 'default', 'domain_name': 'Default', 'username': 'tempest-SecurityGroupsNegativeTestJSON-2128105931-project-member', 'project_domain_id': 'default', 'project_domain_name': 'Default', 'project_id': 'a32b41833d3140b2bba7010d870bf234', 'project_name': 'tempest-SecurityGroupsNegativeTestJSON-2128105931', 'tenant_id': 'a32b41833d3140b2bba7010d870bf234', 'tenant_name': 'tempest-SecurityGroupsNegativeTestJSON-2128105931', 'user_domain_id': 'default', 'user_domain_name': 'Default', 'user_id': 'ad8b88a9d2204296bb01c57f6da943c7', 'system': None}, Network: {'id': '968652d7-59c5-4a3f-8ac5-53f200381065', 'name': 'tempest-SecurityGroupsNegativeTestJSON-904051832-network', 'tenant_id': 'a32b41833d3140b2bba7010d870bf234', 'admin_state_up': True, 'mtu': 8950, 'status': 'ACTIVE', 'subnets': [], 'shared': False, 'project_id': 'a32b41833d3140b2bba7010d870bf234', 'port_security_enabled': True, 'router:external': False, 'provider:network_type': 'vlan', 'provider:physical_network': 'default', 'provider:segmentation_id': 750, 'availability_zone_hints': [], 'availability_zones': [], 'ipv4_address_scope': None, 'ipv6_address_scope': None, 'description': '', 'tags': [], 'created_at': '2025-01-13T09:27:59Z', 'updated_at': '2025-01-13T09:27:59Z', 'revision_number': 1}, Subnet: {'id': 'c72808a6-c874-41f8-8fa8-6875fce1031c', 'name': 'tempest-SecurityGroupsNegativeTestJSON-904051832-subnet', 'tenant_id': 'a32b41833d3140b2bba7010d870bf234', 'network_id': '968652d7-59c5-4a3f-8ac5-53f200381065', 'ip_version': 4, 'subnetpool_id': None, 'enable_dhcp': True, 'ipv6_ra_mode': None, 'ipv6_address_mode': None, 'gateway_ip': '192.168.128.1', 'cidr': '192.168.128.0/28', 'allocation_pools': [{'start': '192.168.128.2', 'end': '192.168.128.14'}], 'host_routes': [], 'dns_nameservers': [], 'description': '', 'router:external': False, 'service_types': [], 'tags': [], 'created_at': '2025-01-13T09:28:00Z', 'updated_at': '2025-01-13T09:28:00Z', 'revision_number': 0, 'project_id': 'a32b41833d3140b2bba7010d870bf234'}, Router: {'id': '4ccbb13c-b16c-4cb2-906c-c1e080687000', 'name': 'tempest-SecurityGroupsNegativeTestJSON-904051832-router', 'tenant_id': 'a32b41833d3140b2bba7010d870bf234', 'admin_state_up': True, 'status': 'ACTIVE', 'external_gateway_info': {'network_id': 'dfa145b1-2f4c-49ea-9dbc-8cf5158e82fa', 'external_fixed_ips': [{'subnet_id': 'ea60e979-d035-48fb-9002-7186c8a3c2df', 'ip_address': '10.180.180.166'}], 'enable_snat': True}, 'description': '', 'availability_zones': [], 'distributed': False, 'ha': False, 'availability_zone_hints': [], 'routes': [], 'flavor_id': None, 'tags': [], 'created_at': '2025-01-13T09:28:00Z', 'updated_at': '2025-01-13T09:28:01Z', 'revision_number': 2, 'project_id': 'a32b41833d3140b2bba7010d870bf234'}
2025-01-13 09:28:03.856 67770 INFO tempest.lib.common.rest_client [req-d556b053-05b1-4675-9ef1-bab9fe9df156 req-d556b053-05b1-4675-9ef1-bab9fe9df156 ] Request (ImagesOneServerTestJSON:setUpClass): 200 GET http://10.180.1.21/compute/v2.1/servers/658b491a-ec14-4a35-b670-64c95081c274 0.889s
2025-01-13 09:28:03.869 67770 INFO tempest.common.waiters [-] State transition "BUILD/scheduling" ==> "BUILD/None" after 16 second wait
2025-01-13 09:28:03.929 67782 INFO tempest.lib.common.rest_client [req-bfce3036-a1ef-4456-9730-a10dd369bf6f req-bfce3036-a1ef-4456-9730-a10dd369bf6f ] Request (SecurityGroupsNegativeTestJSON:setUpClass): 201 POST http://10.180.1.21/identity/v3/auth/tokens 0.113s
2025-01-13 09:28:03.959 67774 INFO tempest.lib.common.rest_client [req-15d02037-efe9-43d8-b21c-a9d40abbb6e7 req-15d02037-efe9-43d8-b21c-a9d40abbb6e7 ] Request (ServerActionsTestJSON:setUpClass): 200 GET http://10.180.1.21/compute/v2.1/servers/34f95e70-db34-42cf-8b4f-bebcc26c289b 0.986s
2025-01-13 09:28:03.977 67820 INFO tempest.lib.common.rest_client [req-6f047935-7b55-469b-a27d-3bbf9dfae8b6 req-6f047935-7b55-469b-a27d-3bbf9dfae8b6 ] Request (ServersTestManualDisk:setUpClass): 200 GET http://10.180.1.21/compute/v2.1/servers/48f7357a-2911-463f-bda4-abf0c50d7d6d 1.065s
2025-01-13 09:28:04.021 67810 INFO tempest.lib.common.rest_client [req-fccfe2f5-fc05-4685-b31a-77f84b143184 req-fccfe2f5-fc05-4685-b31a-77f84b143184 ] Request (InstanceActionsV221TestJSON:test_get_list_deleted_instance_actions): 200 GET http://10.180.1.21/compute/v2.1/servers/b0870ac7-90ba-4212-a8e0-100466cd838b 1.020s
2025-01-13 09:28:04.035 67788 INFO tempest.lib.common.rest_client [req-ebe7f98c-72af-410e-a2f2-df6e18d390ad req-ebe7f98c-72af-410e-a2f2-df6e18d390ad ] Request (FlavorsAdminTestJSON:tearDownClass): 200 GET http://10.180.1.21:9696/networking/v2.0/security-groups?tenant_id=c1ee6517d4a54ebda800dad0edc0ea1c&name=default 0.276s
2025-01-13 09:28:04.046 67792 INFO tempest.lib.common.rest_client [req-f35294bf-a487-49cf-b9de-4c74ecd24e60 req-f35294bf-a487-49cf-b9de-4c74ecd24e60 ] Request (ImagesNegativeTestJSON:test_create_image_from_deleted_server): 200 GET http://10.180.1.21/compute/v2.1/servers/2d10090f-a5bc-41c9-a2fe-37a2dfc10446 1.001s
2025-01-13 09:28:04.113 67814 INFO tempest.lib.common.rest_client [req-94b80f0b-6ae5-4260-8b26-a7405d7444df req-94b80f0b-6ae5-4260-8b26-a7405d7444df ] Request (ServersTestJSON:setUpClass): 200 GET http://10.180.1.21/compute/v2.1/servers/c4651f59-03db-48ad-8cdb-a6f605a790c4 0.907s
2025-01-13 09:28:04.144 67786 INFO tempest.lib.common.rest_client [req-da235b7c-ebc4-42e0-9122-e54bc13d2ab5 req-da235b7c-ebc4-42e0-9122-e54bc13d2ab5 ] Request (TenantUsagesTestJSON:setUpClass): 200 GET http://10.180.1.21/compute/v2.1/servers/7fda2b64-5d5f-46ed-b57b-00b24d9acee1 1.018s
2025-01-13 09:28:04.146 67778 INFO tempest.lib.common.rest_client [req-b63ca8c2-6b27-4346-851a-a6db18fc0f6d req-b63ca8c2-6b27-4346-851a-a6db18fc0f6d ] Request (ListImageFiltersTestJSON:setUpClass): 201 POST http://10.180.1.21/image/v2/images 0.581s
2025-01-13 09:28:04.153 67786 INFO tempest.common.waiters [-] State transition "BUILD/networking" ==> "BUILD/spawning" after 36 second wait
2025-01-13 09:28:04.182 67828 INFO tempest.lib.common.rest_client [req-d5be5c50-9125-476a-bbc9-e69677b8f48f req-d5be5c50-9125-476a-bbc9-e69677b8f48f ] Request (ServersAdminNegativeTestJSON:test_migrate_server_invalid_state): 200 GET http://10.180.1.21/compute/v2.1/servers/4e43c86c-f642-4cee-a188-efcbc6942ac2 0.895s
2025-01-13 09:28:04.218 67784 INFO tempest.lib.common.rest_client [req-c0b5022d-d68e-47bd-94dd-57791646366b req-c0b5022d-d68e-47bd-94dd-57791646366b ] Request (ServerTagsTestJSON:setUpClass): 200 GET http://10.180.1.21/compute/v2.1/servers/29124931-d28f-4336-934d-ecba302a33e3 0.834s
2025-01-13 09:28:04.244 67788 INFO tempest.lib.common.rest_client [req-cc2e5f46-36d8-45cc-849b-4b0d04567bee req-cc2e5f46-36d8-45cc-849b-4b0d04567bee ] Request (FlavorsAdminTestJSON:tearDownClass): 204 DELETE http://10.180.1.21:9696/networking/v2.0/security-groups/865204dc-b225-4aaf-bc82-8d497e75e4f3 0.208s
2025-01-13 09:28:04.264 67797 INFO tempest.lib.common.rest_client [req-1045564d-00f0-42ba-b13a-a8540d24e139 req-1045564d-00f0-42ba-b13a-a8540d24e139 ] Request (ServerRescueTestJSON:setUpClass): 200 GET http://10.180.1.21/compute/v2.1/servers/5f87762e-e397-4a36-8835-36419676b9d5 0.830s
2025-01-13 09:28:04.299 67772 INFO tempest.lib.common.rest_client [req-706cc4c6-c2ba-4c9c-b23b-8ff42e86be96 req-706cc4c6-c2ba-4c9c-b23b-8ff42e86be96 ] Request (InstanceActionsNegativeTestJSON:test_get_instance_action_invalid_request): 404 GET http://10.180.1.21/compute/v2.1/servers/de76bde1-dc1e-4054-ae8b-72f9ed1da4a9/os-instance-actions/999 0.668s
2025-01-13 09:28:04.359 67812 INFO tempest.lib.common.rest_client [req-349ebef1-386e-4d56-97eb-d0ae2e123b55 req-349ebef1-386e-4d56-97eb-d0ae2e123b55 ] Request (ServerExternalEventsTest:tearDownClass): 200 GET http://10.180.1.21/compute/v2.1/servers/c8083792-677e-4647-8d8c-08fdc6712cd9 0.695s
2025-01-13 09:28:04.364 67790 INFO tempest.lib.common.rest_client [req-04385504-47cb-46e3-82ed-d1a2b5428b31 req-04385504-47cb-46e3-82ed-d1a2b5428b31 ] Request (ServerActionsV293TestJSON:setUpClass): 200 GET http://10.180.1.21/compute/v2.1/servers/65e59681-f925-4ec0-8ac1-0ded9fcc7947 0.671s
2025-01-13 09:28:04.458 67806 INFO tempest.lib.common.rest_client [req-c064ebff-a07b-465a-97b2-e7dc41f8b18a req-c064ebff-a07b-465a-97b2-e7dc41f8b18a ] Request (ServerActionsTestOtherB:setUpClass): 200 GET http://10.180.1.21/compute/v2.1/servers/8ad86c6d-5655-4bca-8a9f-4af4d05d71e4 0.729s
2025-01-13 09:28:04.464 67788 INFO tempest.lib.common.rest_client [req-a29ec88d-3b26-43aa-8247-34a998ac0fc9 req-a29ec88d-3b26-43aa-8247-34a998ac0fc9 ] Request (FlavorsAdminTestJSON:tearDownClass): 204 DELETE http://10.180.1.21/identity/v3/projects/c1ee6517d4a54ebda800dad0edc0ea1c 0.220s
2025-01-13 09:28:04.542 67776 INFO tempest.lib.common.rest_client [req-add8e496-4466-4748-8825-46e02de15973 req-add8e496-4466-4748-8825-46e02de15973 ] Request (ServersTestBootFromVolume:setUpClass): 200 GET http://10.180.1.21/compute/v2.1/servers/0824a71e-75ca-4a1d-a5e4-7b566fccf383 0.748s
2025-01-13 09:28:04.553 67780 INFO tempest.lib.common.rest_client [req-e89ac491-7466-4ac2-bdca-b07ba891ba6d req-e89ac491-7466-4ac2-bdca-b07ba891ba6d ] Request (ImagesOneServerNegativeTestJSON:_run_cleanups): 200 GET http://10.180.1.21/compute/v2.1/servers/ef210777-ba8b-485a-b3bb-ef65a8ed3ad9 0.766s
2025-01-13 09:28:04.565 67788 INFO tempest.lib.common.rest_client [req-ab660f9c-c1d9-4ffc-8d07-0c25c5166928 req-ab660f9c-c1d9-4ffc-8d07-0c25c5166928 ] Request (FlavorsAccessTestJSON:setUpClass): 201 POST http://10.180.1.21/identity/v3/auth/tokens 0.099s
2025-01-13 09:28:04.576 67794 WARNING tempest.lib.common.ssh [-] Failed to establish authenticated ssh connection to cirros@10.180.180.218 ([Errno None] Unable to connect to port 22 on 10.180.180.218). Number attempts: 1. Retry after 2 seconds.: paramiko.ssh_exception.NoValidConnectionsError: [Errno None] Unable to connect to port 22 on 10.180.180.218
2025-01-13 09:28:04.600 67788 INFO tempest.lib.common.rest_client [req-3a4dd1c4-45de-48fc-b162-acc7a9456e18 req-3a4dd1c4-45de-48fc-b162-acc7a9456e18 ] Request (FlavorsAccessTestJSON:setUpClass): 201 POST http://10.180.1.21/identity/v3/auth/tokens 0.032s
2025-01-13 09:28:04.616 67800 INFO tempest.lib.common.rest_client [req-c09fe039-1b77-4958-8335-e2b0e300399b req-c09fe039-1b77-4958-8335-e2b0e300399b ] Request (ServersNegativeTestMultiTenantJSON:setUpClass): 200 GET http://10.180.1.21/compute/v2.1/servers/8dfb1051-c5c0-47c7-9b38-7add404107c6 0.751s
2025-01-13 09:28:04.633 67788 INFO tempest.lib.common.rest_client [req-4c8eb64d-b08b-4b4a-a083-81e920881f36 req-4c8eb64d-b08b-4b4a-a083-81e920881f36 ] Request (FlavorsAccessTestJSON:setUpClass): 200 GET http://10.180.1.21/identity/v3/domains?name=Default 0.032s
2025-01-13 09:28:04.670 67788 INFO tempest.lib.common.rest_client [req-62b500dd-50bf-4a6a-9e22-ee1e1d8d5015 req-62b500dd-50bf-4a6a-9e22-ee1e1d8d5015 ] Request (FlavorsAccessTestJSON:setUpClass): 201 POST http://10.180.1.21/identity/v3/projects 0.037s
2025-01-13 09:28:04.699 67782 INFO tempest.lib.common.rest_client [req-328ec6a3-0c92-41e5-a8db-73346c47030f req-328ec6a3-0c92-41e5-a8db-73346c47030f ] Request (SecurityGroupsNegativeTestJSON:test_delete_nonexistent_security_group): 404 DELETE http://10.180.1.21/compute/v2.1/os-security-groups/cf3eab94-7c86-4c30-98c0-b62215c8e7e0 0.768s
2025-01-13 09:28:04.743 67788 INFO tempest.lib.common.rest_client [req-00b5e5e2-d605-4f9f-815e-5672e9eb6f4c req-00b5e5e2-d605-4f9f-815e-5672e9eb6f4c ] Request (FlavorsAccessTestJSON:setUpClass): 201 POST http://10.180.1.21/identity/v3/users 0.072s
2025-01-13 09:28:04.765 67824 INFO tempest.lib.common.rest_client [req-929a2f06-74b6-4eb7-aad6-2477b646833c req-929a2f06-74b6-4eb7-aad6-2477b646833c ] Request (ServerDiagnosticsV248Test:test_get_server_diagnostics): 200 GET http://10.180.1.21/compute/v2.1/servers/dcfde382-f4dc-4de3-a8f7-ee3d1cc37a81 0.567s
2025-01-13 09:28:04.778 67788 INFO tempest.lib.common.rest_client [req-a17a087d-a0a6-4789-80d3-5b4af3b33d9e req-a17a087d-a0a6-4789-80d3-5b4af3b33d9e ] Request (FlavorsAccessTestJSON:setUpClass): 200 GET http://10.180.1.21/identity/v3/roles 0.034s
2025-01-13 09:28:04.817 67788 INFO tempest.lib.common.rest_client [req-38049ee3-04b7-41b6-8198-09c019c35707 req-38049ee3-04b7-41b6-8198-09c019c35707 ] Request (FlavorsAccessTestJSON:setUpClass): 204 PUT http://10.180.1.21/identity/v3/projects/d0fbeaa40ff14870ac057c72df1f20db/users/65d55901c2b5447a833203d97b52cd48/roles/4cf95430aaa847f9b8db0b20273fbc5d 0.038s
2025-01-13 09:28:04.817 67788 INFO tempest.lib.common.dynamic_creds [-] Dynamic test user 65d55901c2b5447a833203d97b52cd48 is created with scope project and roles: ['member']
2025-01-13 09:28:04.817 67788 INFO tempest.lib.common.dynamic_creds [-] Acquired dynamic creds: credentials: Credentials: {'domain_id': 'default', 'domain_name': 'Default', 'username': 'tempest-FlavorsAccessTestJSON-410587140-project-member', 'project_domain_id': 'default', 'project_domain_name': 'Default', 'project_id': 'd0fbeaa40ff14870ac057c72df1f20db', 'project_name': 'tempest-FlavorsAccessTestJSON-410587140', 'tenant_id': 'd0fbeaa40ff14870ac057c72df1f20db', 'tenant_name': 'tempest-FlavorsAccessTestJSON-410587140', 'user_domain_id': 'default', 'user_domain_name': 'Default', 'user_id': '65d55901c2b5447a833203d97b52cd48', 'system': None}, Network: None, Subnet: None, Router: None
2025-01-13 09:28:04.818 67788 INFO tempest.lib.common.dynamic_creds [-] Created isolated network resources for: credentials: Credentials: {'domain_id': 'default', 'domain_name': 'Default', 'username': 'tempest-FlavorsAccessTestJSON-410587140-project-member', 'project_domain_id': 'default', 'project_domain_name': 'Default', 'project_id': 'd0fbeaa40ff14870ac057c72df1f20db', 'project_name': 'tempest-FlavorsAccessTestJSON-410587140', 'tenant_id': 'd0fbeaa40ff14870ac057c72df1f20db', 'tenant_name': 'tempest-FlavorsAccessTestJSON-410587140', 'user_domain_id': 'default', 'user_domain_name': 'Default', 'user_id': '65d55901c2b5447a833203d97b52cd48', 'system': None}, Network: None, Subnet: None, Router: None
2025-01-13 09:28:04.832 67826 INFO tempest.lib.common.rest_client [req-1241346d-2f3b-46be-b7b9-efb6feb17792 req-1241346d-2f3b-46be-b7b9-efb6feb17792 ] Request (ServerDiagnosticsNegativeTest:tearDownClass): 200 GET http://10.180.1.21/compute/v2.1/servers/2eef5371-84e7-47f6-9443-0e1e07adb8f9 0.561s
2025-01-13 09:28:04.843 67772 INFO tempest.lib.common.rest_client [req-5f993826-4916-4c06-ab36-a9403b622c2a req-5f993826-4916-4c06-ab36-a9403b622c2a ] Request (InstanceActionsNegativeTestJSON:test_list_instance_actions_non_existent_server): 404 GET http://10.180.1.21/compute/v2.1/servers/7f5ae498-8157-4447-81ca-d7bb48c774a2/os-instance-actions 0.542s
2025-01-13 09:28:04.904 67804 INFO tempest.lib.common.rest_client [req-8728a0a0-d4e9-49e3-846d-4a65e16e60fd req-8728a0a0-d4e9-49e3-846d-4a65e16e60fd ] Request (ServersAdminTestJSON:test_create_server_with_scheduling_hint): 200 GET http://10.180.1.21/compute/v2.1/servers/263d801e-a8c6-4df2-889b-6bbae1cd5360 0.548s
2025-01-13 09:28:04.920 67788 INFO tempest.lib.common.rest_client [req-c206adce-99bc-4bfa-89c4-dc8386fdec47 req-c206adce-99bc-4bfa-89c4-dc8386fdec47 ] Request (FlavorsAccessTestJSON:setUpClass): 201 POST http://10.180.1.21/identity/v3/auth/tokens 0.098s
2025-01-13 09:28:04.963 67808 INFO tempest.lib.common.rest_client [req-89ac9c1e-6203-4f87-aca5-56d7cfce305a req-89ac9c1e-6203-4f87-aca5-56d7cfce305a ] Request (ServersAdmin275Test:_run_cleanups): 200 GET http://10.180.1.21/compute/v2.1/servers/9e6de468-662e-4591-b8e5-c9c11e0c0163 0.494s
2025-01-13 09:28:04.966 67816 INFO tempest.lib.common.rest_client [req-dbdcfb6e-21d3-4188-82db-b2255b063f92 req-dbdcfb6e-21d3-4188-82db-b2255b063f92 ] Request (MigrationsAdminTest:test_list_migrations_in_flavor_resize_situation): 200 GET http://10.180.1.21/compute/v2.1/servers/3f952136-5629-42ba-8a95-a21524601643 0.868s
2025-01-13 09:28:04.970 67782 INFO tempest.lib.common.rest_client [req-ee777675-e525-4fd4-8a5c-42838f6d3ba3 req-ee777675-e525-4fd4-8a5c-42838f6d3ba3 ] Request (SecurityGroupsNegativeTestJSON:test_delete_security_group_without_passing_id): 404 DELETE http://10.180.1.21/compute/v2.1/os-security-groups/ 0.269s
2025-01-13 09:28:05.000 67788 INFO tempest.lib.common.rest_client [req-3cf324e8-6f16-4523-9984-e932184733a2 req-3cf324e8-6f16-4523-9984-e932184733a2 ] Request (FlavorsAccessTestJSON:setUpClass): 201 POST http://10.180.1.21/identity/v3/projects 0.079s
2025-01-13 09:28:05.033 67818 INFO tempest.lib.common.rest_client [req-1a55e65a-9f4d-4def-8e61-5a9f935f7d76 req-1a55e65a-9f4d-4def-8e61-5a9f935f7d76 ] Request (DeleteServersAdminTestJSON:test_delete_server_while_in_error_state): 200 GET http://10.180.1.21/compute/v2.1/servers/de830fe1-9542-433f-bc92-6197cd691de7 0.231s
2025-01-13 09:28:05.059 67822 INFO tempest.lib.common.rest_client [req-3392fac8-0012-4ce3-ae1c-5d3b5d060104 req-3392fac8-0012-4ce3-ae1c-5d3b5d060104 ] Request (InstanceActionsTestJSON:tearDownClass): 200 GET http://10.180.1.21/compute/v2.1/servers/685d4ec2-62cf-466a-9990-7934576ea0aa 0.346s
2025-01-13 09:28:05.072 67788 INFO tempest.lib.common.rest_client [req-79c320a1-e3c4-4f0e-8cff-a970583febb9 req-79c320a1-e3c4-4f0e-8cff-a970583febb9 ] Request (FlavorsAccessTestJSON:setUpClass): 201 POST http://10.180.1.21/identity/v3/users 0.071s
2025-01-13 09:28:05.101 67788 INFO tempest.lib.common.rest_client [req-28911404-f476-4f07-b8f0-fbf78f945cf7 req-28911404-f476-4f07-b8f0-fbf78f945cf7 ] Request (FlavorsAccessTestJSON:setUpClass): 200 GET http://10.180.1.21/identity/v3/roles 0.029s
2025-01-13 09:28:05.114 67772 INFO tempest.lib.common.rest_client [req-6002ff4a-c6b5-4d1b-8793-e3fb9fef4247 req-6002ff4a-c6b5-4d1b-8793-e3fb9fef4247 ] Request (InstanceActionsNegativeTestJSON:tearDownClass): 204 DELETE http://10.180.1.21/compute/v2.1/servers/de76bde1-dc1e-4054-ae8b-72f9ed1da4a9 0.269s
2025-01-13 09:28:05.132 67788 INFO tempest.lib.common.rest_client [req-06e13758-1e3b-4284-bd5a-4d51b5d8a669 req-06e13758-1e3b-4284-bd5a-4d51b5d8a669 ] Request (FlavorsAccessTestJSON:setUpClass): 204 PUT http://10.180.1.21/identity/v3/projects/c67f6837c2c745ac8a19c7f814d1b1e9/users/92f0d7a32e474a52b7e06fe7ffccafe2/roles/fb7a0de37772416e8f34ef1968cdaedc 0.030s
2025-01-13 09:28:05.143 67770 INFO tempest.lib.common.rest_client [req-1c8cab3b-e051-478a-bd37-f8a5d28f89b3 req-1c8cab3b-e051-478a-bd37-f8a5d28f89b3 ] Request (ImagesOneServerTestJSON:setUpClass): 200 GET http://10.180.1.21/compute/v2.1/servers/658b491a-ec14-4a35-b670-64c95081c274 0.273s
2025-01-13 09:28:05.180 67774 INFO tempest.lib.common.rest_client [req-58fb9f8c-e519-4c2a-ba77-75f130c619db req-58fb9f8c-e519-4c2a-ba77-75f130c619db ] Request (ServerActionsTestJSON:setUpClass): 200 GET http://10.180.1.21/compute/v2.1/servers/34f95e70-db34-42cf-8b4f-bebcc26c289b 0.207s
2025-01-13 09:28:05.202 67788 INFO tempest.lib.common.rest_client [req-9a2b3e26-94f2-4798-83d7-633043d94bdf req-9a2b3e26-94f2-4798-83d7-633043d94bdf ] Request (FlavorsAccessTestJSON:setUpClass): 200 GET http://10.180.1.21/identity/v3/roles 0.070s
2025-01-13 09:28:05.222 67788 INFO tempest.lib.common.rest_client [req-9753e6b5-781e-4f0e-80d9-8d7beb1ad690 req-9753e6b5-781e-4f0e-80d9-8d7beb1ad690 ] Request (FlavorsAccessTestJSON:setUpClass): 204 PUT http://10.180.1.21/identity/v3/projects/c67f6837c2c745ac8a19c7f814d1b1e9/users/92f0d7a32e474a52b7e06fe7ffccafe2/roles/fb7a0de37772416e8f34ef1968cdaedc 0.019s
2025-01-13 09:28:05.222 67788 INFO tempest.lib.common.dynamic_creds [-] Dynamic test user 92f0d7a32e474a52b7e06fe7ffccafe2 is created with scope project and roles: ['admin']
2025-01-13 09:28:05.222 67788 INFO tempest.lib.common.dynamic_creds [-] Acquired dynamic creds: credentials: Credentials: {'domain_id': 'default', 'domain_name': 'Default', 'username': 'tempest-FlavorsAccessTestJSON-288961357-project-admin', 'project_domain_id': 'default', 'project_domain_name': 'Default', 'project_id': 'c67f6837c2c745ac8a19c7f814d1b1e9', 'project_name': 'tempest-FlavorsAccessTestJSON-288961357', 'tenant_id': 'c67f6837c2c745ac8a19c7f814d1b1e9', 'tenant_name': 'tempest-FlavorsAccessTestJSON-288961357', 'user_domain_id': 'default', 'user_domain_name': 'Default', 'user_id': '92f0d7a32e474a52b7e06fe7ffccafe2', 'system': None}, Network: None, Subnet: None, Router: None
2025-01-13 09:28:05.223 67788 INFO tempest.lib.common.dynamic_creds [-] Created isolated network resources for: credentials: Credentials: {'domain_id': 'default', 'domain_name': 'Default', 'username': 'tempest-FlavorsAccessTestJSON-288961357-project-admin', 'project_domain_id': 'default', 'project_domain_name': 'Default', 'project_id': 'c67f6837c2c745ac8a19c7f814d1b1e9', 'project_name': 'tempest-FlavorsAccessTestJSON-288961357', 'tenant_id': 'c67f6837c2c745ac8a19c7f814d1b1e9', 'tenant_name': 'tempest-FlavorsAccessTestJSON-288961357', 'user_domain_id': 'default', 'user_domain_name': 'Default', 'user_id': '92f0d7a32e474a52b7e06fe7ffccafe2', 'system': None}, Network: None, Subnet: None, Router: None
2025-01-13 09:28:05.306 67788 INFO tempest.lib.common.rest_client [req-57063cc9-e1f5-47b8-b4d8-6237c6db4819 req-57063cc9-e1f5-47b8-b4d8-6237c6db4819 ] Request (FlavorsAccessTestJSON:setUpClass): 201 POST http://10.180.1.21/identity/v3/auth/tokens 0.078s
2025-01-13 09:28:05.307 67788 WARNING tempest.lib.common.rest_client [-] Deprecated: "tenant_id" property is deprecated for removal, use "project_id" instead
2025-01-13 09:28:05.331 67820 INFO tempest.lib.common.rest_client [req-38008d9d-30fc-4012-bff8-6a070fa94708 req-38008d9d-30fc-4012-bff8-6a070fa94708 ] Request (ServersTestManualDisk:setUpClass): 200 GET http://10.180.1.21/compute/v2.1/servers/48f7357a-2911-463f-bda4-abf0c50d7d6d 0.343s
2025-01-13 09:28:05.398 67810 INFO tempest.lib.common.rest_client [req-72868df1-073d-4b4f-a25c-a5b1d1e81fb6 req-72868df1-073d-4b4f-a25c-a5b1d1e81fb6 ] Request (InstanceActionsV221TestJSON:test_get_list_deleted_instance_actions): 200 GET http://10.180.1.21/compute/v2.1/servers/b0870ac7-90ba-4212-a8e0-100466cd838b 0.361s
2025-01-13 09:28:05.461 67792 INFO tempest.lib.common.rest_client [req-712f1297-fa81-424d-99d5-95d71ed7f3e2 req-712f1297-fa81-424d-99d5-95d71ed7f3e2 ] Request (ImagesNegativeTestJSON:test_create_image_from_deleted_server): 200 GET http://10.180.1.21/compute/v2.1/servers/2d10090f-a5bc-41c9-a2fe-37a2dfc10446 0.398s
2025-01-13 09:28:05.470 67792 INFO tempest.common.waiters [-] State transition "BUILD/None" ==> "BUILD/block_device_mapping" after 33 second wait
2025-01-13 09:28:05.597 67782 INFO tempest.lib.common.rest_client [req-d01329ff-3ece-4660-b8bc-a891c1204480 req-d01329ff-3ece-4660-b8bc-a891c1204480 ] Request (SecurityGroupsNegativeTestJSON:test_delete_the_default_security_group): 200 GET http://10.180.1.21/compute/v2.1/os-security-groups 0.625s
2025-01-13 09:28:05.604 67772 INFO tempest.lib.common.rest_client [req-12f3a3a8-25f1-47a1-8c6e-3c88e2f4ede7 req-12f3a3a8-25f1-47a1-8c6e-3c88e2f4ede7 ] Request (InstanceActionsNegativeTestJSON:tearDownClass): 200 GET http://10.180.1.21/compute/v2.1/servers/de76bde1-dc1e-4054-ae8b-72f9ed1da4a9 0.489s
2025-01-13 09:28:05.672 67814 INFO tempest.lib.common.rest_client [req-aec17046-361f-43aa-b4af-6e79b763767e req-aec17046-361f-43aa-b4af-6e79b763767e ] Request (ServersTestJSON:setUpClass): 200 GET http://10.180.1.21/compute/v2.1/servers/c4651f59-03db-48ad-8cdb-a6f605a790c4 0.546s
2025-01-13 09:28:05.730 67786 INFO tempest.lib.common.rest_client [req-2f7d5b52-7a09-4920-8053-853fd3aedeb1 req-2f7d5b52-7a09-4920-8053-853fd3aedeb1 ] Request (TenantUsagesTestJSON:setUpClass): 200 GET http://10.180.1.21/compute/v2.1/servers/7fda2b64-5d5f-46ed-b57b-00b24d9acee1 0.576s
2025-01-13 09:28:05.732 67828 INFO tempest.lib.common.rest_client [req-4604e060-c329-4d2e-97bb-f8f10ebeb910 req-4604e060-c329-4d2e-97bb-f8f10ebeb910 ] Request (ServersAdminNegativeTestJSON:test_migrate_server_invalid_state): 200 GET http://10.180.1.21/compute/v2.1/servers/4e43c86c-f642-4cee-a188-efcbc6942ac2 0.535s
2025-01-13 09:28:05.784 67797 INFO tempest.lib.common.rest_client [req-518e6997-4f89-4c6a-92d0-7b4d7a9785e6 req-518e6997-4f89-4c6a-92d0-7b4d7a9785e6 ] Request (ServerRescueTestJSON:setUpClass): 200 GET http://10.180.1.21/compute/v2.1/servers/5f87762e-e397-4a36-8835-36419676b9d5 0.506s
2025-01-13 09:28:05.791 67784 INFO tempest.lib.common.rest_client [req-15af9208-da84-4023-95cb-d27276ea176b req-15af9208-da84-4023-95cb-d27276ea176b ] Request (ServerTagsTestJSON:setUpClass): 200 GET http://10.180.1.21/compute/v2.1/servers/29124931-d28f-4336-934d-ecba302a33e3 0.557s
2025-01-13 09:28:05.868 67812 INFO tempest.lib.common.rest_client [req-55ac74bd-6de3-4289-a64d-049e535e1c1b req-55ac74bd-6de3-4289-a64d-049e535e1c1b ] Request (ServerExternalEventsTest:tearDownClass): 200 GET http://10.180.1.21/compute/v2.1/servers/c8083792-677e-4647-8d8c-08fdc6712cd9 0.494s
2025-01-13 09:28:05.880 67778 INFO tempest.lib.common.rest_client [req-47269609-eca7-4119-bbfa-d7b9ae52649a req-47269609-eca7-4119-bbfa-d7b9ae52649a ] Request (ListImageFiltersTestJSON:setUpClass): 204 PUT http://10.180.1.21/image/v2/images/4fbd336a-9295-47d3-a5a9-8f12a1b7766d/file 0.730s
2025-01-13 09:28:05.890 67788 INFO tempest.lib.common.rest_client [req-2b06ae36-7ba5-407e-ac3a-61220bef11cb req-2b06ae36-7ba5-407e-ac3a-61220bef11cb ] Request (FlavorsAccessTestJSON:test_flavor_access_add_remove): 200 POST http://10.180.1.21/compute/v2.1/flavors 0.582s
2025-01-13 09:28:05.946 67790 INFO tempest.lib.common.rest_client [req-b0df8363-da0e-40ad-bd8c-93480ffc71a3 req-b0df8363-da0e-40ad-bd8c-93480ffc71a3 ] Request (ServerActionsV293TestJSON:setUpClass): 200 GET http://10.180.1.21/compute/v2.1/servers/65e59681-f925-4ec0-8ac1-0ded9fcc7947 0.563s
2025-01-13 09:28:05.953 67806 INFO tempest.lib.common.rest_client [req-1df6016b-41f9-442a-ba89-c698b06a3f38 req-1df6016b-41f9-442a-ba89-c698b06a3f38 ] Request (ServerActionsTestOtherB:setUpClass): 200 GET http://10.180.1.21/compute/v2.1/servers/8ad86c6d-5655-4bca-8a9f-4af4d05d71e4 0.481s
