2025-01-02 11:56:46.857 68740 INFO tempest.lib.common.rest_client [req-25781867-9006-444b-a44d-96e7f7525ae5 req-25781867-9006-444b-a44d-96e7f7525ae5 ] Request (ServerDiagnosticsTest:test_get_server_diagnostics): 200 GET http://10.180.1.21/compute/v2.1/servers/028ce127-561f-4a3a-b427-e0c462457550 0.719s
2025-01-02 11:56:46.865 68754 INFO tempest.lib.common.rest_client [req-6462b1bb-4fb9-4e3a-a71b-32459c0125d0 req-6462b1bb-4fb9-4e3a-a71b-32459c0125d0 ] Request (SecurityGroupRulesTestJSON:setUpClass): 200 GET http://10.180.1.21/identity/v3/domains?name=Default 0.168s
2025-01-02 11:56:46.885 68726 INFO tempest.lib.common.rest_client [req-7f2df43c-a90d-4c1a-b42e-ac1fd7331fac req-7f2df43c-a90d-4c1a-b42e-ac1fd7331fac ] Request (QuotasAdminTestV257:tearDownClass): 201 POST http://10.180.1.21/identity/v3/auth/tokens 0.046s
2025-01-02 11:56:46.906 68706 INFO tempest.lib.common.rest_client [req-1706be02-9070-49d9-b0f4-b5e30c442ea2 req-1706be02-9070-49d9-b0f4-b5e30c442ea2 ] Request (ListImageFiltersTestJSON:setUpClass): 201 POST http://10.180.1.21/identity/v3/users 0.118s
2025-01-02 11:56:46.936 68748 INFO tempest.lib.common.rest_client [req-343afc89-1d0a-4bcb-b57c-f5fe606f834e req-343afc89-1d0a-4bcb-b57c-f5fe606f834e ] Request (FlavorsAccessTestJSON:tearDownClass): 204 DELETE http://10.180.1.21/identity/v3/users/3090b1febc7243ae8163de3e23e0f1fb 0.094s
2025-01-02 11:56:46.985 68754 INFO tempest.lib.common.rest_client [req-2c353bdd-a299-4f8d-874d-8288e775517a req-2c353bdd-a299-4f8d-874d-8288e775517a ] Request (SecurityGroupRulesTestJSON:setUpClass): 201 POST http://10.180.1.21/identity/v3/projects 0.120s
2025-01-02 11:56:47.018 68714 INFO tempest.lib.common.rest_client [req-8f7e7785-789c-4cf9-8070-5a86f747ef88 req-8f7e7785-789c-4cf9-8070-5a86f747ef88 ] Request (HostsAdminTestJSON:tearDownClass): 204 DELETE http://10.180.1.21:9696/networking/v2.0/security-groups/f2f1e568-e320-4dbe-a9c8-ed593971c0c8 0.377s
2025-01-02 11:56:47.036 68706 INFO tempest.lib.common.rest_client [req-aa7b0f4e-d591-4820-b171-d1e38840cd46 req-aa7b0f4e-d591-4820-b171-d1e38840cd46 ] Request (ListImageFiltersTestJSON:setUpClass): 200 GET http://10.180.1.21/identity/v3/roles 0.129s
2025-01-02 11:56:47.050 68712 INFO tempest.lib.common.rest_client [req-481319b5-0bad-49a9-861f-5fe844a2604a req-481319b5-0bad-49a9-861f-5fe844a2604a ] Request (ServerExternalEventsTest:test_create_server_external_events): 200 GET http://10.180.1.21/compute/v2.1/servers/25fb909b-63b7-4d5e-8464-cfdcbdf6ca78 0.785s
2025-01-02 11:56:47.072 68756 INFO tempest.lib.common.rest_client [req-3c01cc74-07ef-42a9-a6c3-6b66752d14f9 req-3c01cc74-07ef-42a9-a6c3-6b66752d14f9 ] Request (FlavorsAccessNegativeTestJSON:_run_cleanups): 200 GET http://10.180.1.21/compute/v2.1/flavors/detail 0.691s
2025-01-02 11:56:47.096 68696 INFO tempest.lib.common.rest_client [req-d23a9281-005a-4337-bc4d-6bdb9d3efc44 req-d23a9281-005a-4337-bc4d-6bdb9d3efc44 ] Request (FlavorsAdminTestJSON:_run_cleanups): 200 GET http://10.180.1.21/compute/v2.1/flavors/detail 0.694s
2025-01-02 11:56:47.106 68748 INFO tempest.lib.common.rest_client [req-f0724c36-1e56-46f8-a20f-52d3150ec173 req-f0724c36-1e56-46f8-a20f-52d3150ec173 ] Request (FlavorsAccessTestJSON:tearDownClass): 204 DELETE http://10.180.1.21/identity/v3/users/b354ac5a114842b790c907393f206ae6 0.169s
2025-01-02 11:56:47.106 68748 INFO tempest.lib.common.dynamic_creds [-] Deleting project and security group for project: 82f5ecb89c26436ebdf70b5e6d7ae64b
2025-01-02 11:56:47.119 68716 INFO tempest.lib.common.rest_client [req-e31900f5-4aaa-411a-8297-9bd77a67362f req-e31900f5-4aaa-411a-8297-9bd77a67362f ] Request (AggregatesAdminNegativeTestJSON:_run_cleanups): 200 DELETE http://10.180.1.21/compute/v2.1/os-aggregates/3 0.680s
2025-01-02 11:56:47.167 68754 INFO tempest.lib.common.rest_client [req-6cdfaf09-b4d6-4e45-9d60-29b814efedd8 req-6cdfaf09-b4d6-4e45-9d60-29b814efedd8 ] Request (SecurityGroupRulesTestJSON:setUpClass): 201 POST http://10.180.1.21/identity/v3/users 0.181s
2025-01-02 11:56:47.224 68710 INFO tempest.lib.common.rest_client [req-0cab92bc-3e04-4559-a150-7b0a0485ca39 req-0cab92bc-3e04-4559-a150-7b0a0485ca39 ] Request (QuotasAdminNegativeTest:test_create_server_when_memory_quota_is_full): 200 PUT http://10.180.1.21/compute/v2.1/os-quota-sets/48b4244b0720442386a23399ed2abafa 0.868s
2025-01-02 11:56:47.233 68706 INFO tempest.lib.common.rest_client [req-95d75f7b-7852-49c4-ac53-b236217b45f7 req-95d75f7b-7852-49c4-ac53-b236217b45f7 ] Request (ListImageFiltersTestJSON:setUpClass): 204 PUT http://10.180.1.21/identity/v3/projects/ff72d6169bb042e68d5e8b5343223305/users/0424fb8289384a9a905f685340fa7385/roles/35fda947592f459daea70bb9742e0001 0.196s
2025-01-02 11:56:47.233 68706 INFO tempest.lib.common.dynamic_creds [-] Dynamic test user 0424fb8289384a9a905f685340fa7385 is created with scope project and roles: ['member']
2025-01-02 11:56:47.234 68706 INFO tempest.lib.common.dynamic_creds [-] Acquired dynamic creds: credentials: Credentials: {'domain_id': 'default', 'domain_name': 'Default', 'username': 'tempest-ListImageFiltersTestJSON-1634324987-project-member', 'project_domain_id': 'default', 'project_domain_name': 'Default', 'project_id': 'ff72d6169bb042e68d5e8b5343223305', 'project_name': 'tempest-ListImageFiltersTestJSON-1634324987', 'tenant_id': 'ff72d6169bb042e68d5e8b5343223305', 'tenant_name': 'tempest-ListImageFiltersTestJSON-1634324987', 'user_domain_id': 'default', 'user_domain_name': 'Default', 'user_id': '0424fb8289384a9a905f685340fa7385', 'system': None}, Network: None, Subnet: None, Router: None
2025-01-02 11:56:47.234 68706 INFO tempest.lib.common.dynamic_creds [-] Created isolated network resources for: credentials: Credentials: {'domain_id': 'default', 'domain_name': 'Default', 'username': 'tempest-ListImageFiltersTestJSON-1634324987-project-member', 'project_domain_id': 'default', 'project_domain_name': 'Default', 'project_id': 'ff72d6169bb042e68d5e8b5343223305', 'project_name': 'tempest-ListImageFiltersTestJSON-1634324987', 'tenant_id': 'ff72d6169bb042e68d5e8b5343223305', 'tenant_name': 'tempest-ListImageFiltersTestJSON-1634324987', 'user_domain_id': 'default', 'user_domain_name': 'Default', 'user_id': '0424fb8289384a9a905f685340fa7385', 'system': None}, Network: None, Subnet: None, Router: None
2025-01-02 11:56:47.262 68714 INFO tempest.lib.common.rest_client [req-907910dd-6fc2-41bd-8697-1a675a3f49e0 req-907910dd-6fc2-41bd-8697-1a675a3f49e0 ] Request (HostsAdminTestJSON:tearDownClass): 204 DELETE http://10.180.1.21/identity/v3/projects/64e8d1922a8b41e291e2c799c178cd35 0.243s
2025-01-02 11:56:47.263 68714 INFO tempest.lib.common.dynamic_creds [-] Deleting project and security group for project: 26c54887144347bd8b137487f55ad3af
2025-01-02 11:56:47.285 68748 INFO tempest.lib.common.rest_client [req-edcada79-c5c4-431e-8120-9f186174c524 req-edcada79-c5c4-431e-8120-9f186174c524 ] Request (FlavorsAccessTestJSON:tearDownClass): 201 POST http://10.180.1.21/identity/v3/auth/tokens 0.178s
2025-01-02 11:56:47.297 68736 INFO tempest.lib.common.rest_client [req-45265a44-0f24-499d-87ad-d1ccf3fb379a req-45265a44-0f24-499d-87ad-d1ccf3fb379a ] Request (ServersTestJSON:setUpClass): 200 GET http://10.180.1.21/compute/v2.1/servers/b23f40f6-7521-4465-bc42-872016f9a6bd 0.750s
2025-01-02 11:56:47.307 68708 INFO tempest.lib.common.rest_client [req-86517b5a-46dd-44c7-87e5-fd556dff4f76 req-86517b5a-46dd-44c7-87e5-fd556dff4f76 ] Request (MigrationsAdminTest:test_list_migrations_in_flavor_resize_situation): 200 GET http://10.180.1.21/compute/v2.1/servers/fe9c3f7c-4c8b-426b-85c1-6fc0f325609e 0.826s
2025-01-02 11:56:47.314 68754 INFO tempest.lib.common.rest_client [req-7ced3ba4-41a1-4428-a074-7862227b9b8e req-7ced3ba4-41a1-4428-a074-7862227b9b8e ] Request (SecurityGroupRulesTestJSON:setUpClass): 200 GET http://10.180.1.21/identity/v3/roles 0.146s
2025-01-02 11:56:47.338 68710 INFO tempest.lib.common.rest_client [req-722bd119-85f5-4057-9442-2ade8e08ce1b req-722bd119-85f5-4057-9442-2ade8e08ce1b ] Request (QuotasAdminNegativeTest:test_create_server_when_memory_quota_is_full): 201 POST http://10.180.1.21/identity/v3/auth/tokens 0.106s
2025-01-02 11:56:47.338 68710 INFO tempest.lib.common.fixed_network [-] (QuotasAdminNegativeTest:test_create_server_when_memory_quota_is_full) Found network None available for tenant
2025-01-02 11:56:47.340 68726 INFO tempest.lib.common.rest_client [req-0d521144-5dfd-4609-adea-8ea9c5d30bf9 req-0d521144-5dfd-4609-adea-8ea9c5d30bf9 ] Request (QuotasAdminTestV257:tearDownClass): 200 GET http://10.180.1.21:9696/networking/v2.0/security-groups?tenant_id=61beb99871734593b58bdec7f0ad9ab2&name=default 0.455s
2025-01-02 11:56:47.381 68704 INFO tempest.lib.common.rest_client [req-b6d9e847-2437-4429-9999-fe6b288e187a req-b6d9e847-2437-4429-9999-fe6b288e187a ] Request (ServersAdmin275Test:test_rebuild_update_server_275): 200 GET http://10.180.1.21/compute/v2.1/servers/3cec7e1e-84cb-4055-a25f-b36579dd1511 0.739s
2025-01-02 11:56:47.382 68706 INFO tempest.lib.common.rest_client [req-3fd052f1-b2c3-4b35-bf22-d5100479a6bb req-3fd052f1-b2c3-4b35-bf22-d5100479a6bb ] Request (ListImageFiltersTestJSON:setUpClass): 201 POST http://10.180.1.21/identity/v3/auth/tokens 0.145s
2025-01-02 11:56:47.412 68754 INFO tempest.lib.common.rest_client [req-04ad675c-0055-4585-b89b-7d4478282239 req-04ad675c-0055-4585-b89b-7d4478282239 ] Request (SecurityGroupRulesTestJSON:setUpClass): 204 PUT http://10.180.1.21/identity/v3/projects/a60926280a034f73bde7310fba9430ee/users/3f87c988abb947de9ff9ac0548738906/roles/35fda947592f459daea70bb9742e0001 0.098s
2025-01-02 11:56:47.412 68754 INFO tempest.lib.common.dynamic_creds [-] Dynamic test user 3f87c988abb947de9ff9ac0548738906 is created with scope project and roles: ['member']
2025-01-02 11:56:47.412 68754 INFO tempest.lib.common.dynamic_creds [-] Acquired dynamic creds: credentials: Credentials: {'domain_id': 'default', 'domain_name': 'Default', 'username': 'tempest-SecurityGroupRulesTestJSON-1174072109-project-member', 'project_domain_id': 'default', 'project_domain_name': 'Default', 'project_id': 'a60926280a034f73bde7310fba9430ee', 'project_name': 'tempest-SecurityGroupRulesTestJSON-1174072109', 'tenant_id': 'a60926280a034f73bde7310fba9430ee', 'tenant_name': 'tempest-SecurityGroupRulesTestJSON-1174072109', 'user_domain_id': 'default', 'user_domain_name': 'Default', 'user_id': '3f87c988abb947de9ff9ac0548738906', 'system': None}, Network: None, Subnet: None, Router: None
2025-01-02 11:56:47.451 68714 INFO tempest.lib.common.rest_client [req-64618307-e5f0-4ce7-83b0-f88299b0f394 req-64618307-e5f0-4ce7-83b0-f88299b0f394 ] Request (HostsAdminTestJSON:tearDownClass): 200 GET http://10.180.1.21:9696/networking/v2.0/security-groups?tenant_id=26c54887144347bd8b137487f55ad3af&name=default 0.187s
2025-01-02 11:56:47.489 68726 INFO tempest.lib.common.rest_client [req-bd426609-08ad-4ada-be91-828fe773431b req-bd426609-08ad-4ada-be91-828fe773431b ] Request (QuotasAdminTestV257:tearDownClass): 204 DELETE http://10.180.1.21:9696/networking/v2.0/security-groups/941c8e15-90fc-4a6e-a1fd-221905111ab3 0.148s
2025-01-02 11:56:47.513 68734 INFO tempest.lib.common.rest_client [req-51dd9ead-e281-459d-96b4-fe5db48f1957 req-51dd9ead-e281-459d-96b4-fe5db48f1957 ] Request (SecurityGroupsTestAdminJSON:_run_cleanups): 202 DELETE http://10.180.1.21/compute/v2.1/os-security-groups/d0bb36f0-3d1a-4441-a0b9-8a0fb5a28fdc 0.820s
2025-01-02 11:56:47.530 68738 INFO tempest.lib.common.rest_client [req-fabc7013-be02-44d0-a86e-05ba6e4c8ec0 req-fabc7013-be02-44d0-a86e-05ba6e4c8ec0 ] Request (QuotaClassesAdminTestJSON:test_update_default_quotas): 200 GET http://10.180.1.21/compute/v2.1/os-quota-class-sets/default 0.974s
2025-01-02 11:56:47.538 68722 INFO tempest.lib.common.rest_client [req-f13937e2-b53f-42a4-aa3b-9d4bdace18d3 req-f13937e2-b53f-42a4-aa3b-9d4bdace18d3 ] Request (HypervisorAdminNegativeTestJSON:test_get_hypervisor_list_with_non_admin_user): 403 GET http://10.180.1.21/compute/v2.1/os-hypervisors 0.761s
2025-01-02 11:56:47.551 68754 INFO tempest.lib.common.rest_client [req-038b20ca-bfd8-4b72-bd25-848fe08ec6cf req-038b20ca-bfd8-4b72-bd25-848fe08ec6cf ] Request (SecurityGroupRulesTestJSON:setUpClass): 201 POST http://10.180.1.21/identity/v3/auth/tokens 0.138s
2025-01-02 11:56:47.564 68700 INFO tempest.lib.common.rest_client [req-62e0bed1-67e5-4a51-96b0-c8a09d506fac req-62e0bed1-67e5-4a51-96b0-c8a09d506fac ] Request (FlavorsExtraSpecsTestJSON:test_flavor_set_get_update_show_unset_keys): 200 POST http://10.180.1.21/compute/v2.1/flavors/1573901008/os-extra_specs 0.778s
2025-01-02 11:56:47.580 68698 INFO tempest.lib.common.rest_client [req-2099f9ed-2da6-4182-bfc3-3a6845234ee7 req-2099f9ed-2da6-4182-bfc3-3a6845234ee7 ] Request (ServerDiagnosticsV248Test:test_get_server_diagnostics): 200 GET http://10.180.1.21/compute/v2.1/servers/1747a27d-b414-457a-ac2a-5bae20896432 0.870s
2025-01-02 11:56:47.586 68746 INFO tempest.lib.common.rest_client [req-0e57a0dd-5bb0-463a-83e3-a985d1e41d70 req-0e57a0dd-5bb0-463a-83e3-a985d1e41d70 ] Request (HostsAdminNegativeTestJSON:test_update_host_with_invalid_status): 400 PUT http://10.180.1.21/compute/v2.1/os-hosts/devstack 0.777s
2025-01-02 11:56:47.593 68702 INFO tempest.lib.common.rest_client [req-a1f37735-f4a0-4110-b74d-88f8dfa04265 req-a1f37735-f4a0-4110-b74d-88f8dfa04265 ] Request (FlavorsExtraSpecsNegativeTestJSON:tearDownClass): 200 GET http://10.180.1.21/compute/v2.1/flavors/detail 0.793s
2025-01-02 11:56:47.606 68734 INFO tempest.lib.common.rest_client [req-c45a8180-c45f-4859-8a14-da408d60e6b6 req-c45a8180-c45f-4859-8a14-da408d60e6b6 ] Request (SecurityGroupsTestAdminJSON:tearDownClass): 204 DELETE http://10.180.1.21/identity/v3/users/9b55a2adb25c44e083f9b3fb923e4553 0.088s
2025-01-02 11:56:47.608 68748 INFO tempest.lib.common.rest_client [req-739330db-9f4e-45bc-a635-01681e24d727 req-739330db-9f4e-45bc-a635-01681e24d727 ] Request (FlavorsAccessTestJSON:tearDownClass): 200 GET http://10.180.1.21:9696/networking/v2.0/security-groups?tenant_id=82f5ecb89c26436ebdf70b5e6d7ae64b&name=default 0.322s
2025-01-02 11:56:47.614 68756 INFO tempest.lib.common.rest_client [req-6a28a401-776e-4fac-ad08-cc8caf7d3cfb req-6a28a401-776e-4fac-ad08-cc8caf7d3cfb ] Request (FlavorsAccessNegativeTestJSON:test_flavor_non_admin_add): 200 POST http://10.180.1.21/compute/v2.1/flavors 0.535s
2025-01-02 11:56:47.623 68732 INFO tempest.lib.common.rest_client [req-3d34e423-3b29-4f7d-80c6-61876250d2f1 req-3d34e423-3b29-4f7d-80c6-61876250d2f1 ] Request (FloatingIPsAssociationTestJSON:setUpClass): 201 POST http://10.180.1.21:9696/networking/v2.0/routers 0.967s
2025-01-02 11:56:47.629 68696 INFO tempest.lib.common.rest_client [req-43331ea3-d776-4de6-bd9f-ab34ef047b21 req-43331ea3-d776-4de6-bd9f-ab34ef047b21 ] Request (FlavorsAdminTestJSON:test_create_flavor_with_none_id): 200 POST http://10.180.1.21/compute/v2.1/flavors 0.527s
2025-01-02 11:56:47.635 68726 INFO tempest.lib.common.rest_client [req-ae697faa-20a2-48e3-98c9-873996dc7a0b req-ae697faa-20a2-48e3-98c9-873996dc7a0b ] Request (QuotasAdminTestV257:tearDownClass): 204 DELETE http://10.180.1.21/identity/v3/projects/61beb99871734593b58bdec7f0ad9ab2 0.146s
2025-01-02 11:56:47.635 68726 INFO tempest.lib.common.dynamic_creds [-] Deleting project and security group for project: 9443d655e0c04cd09a91d4871a674848
2025-01-02 11:56:47.662 68731 INFO tempest.lib.common.rest_client [req-a204be8c-155a-4445-b1ea-e629cd881e30 req-a204be8c-155a-4445-b1ea-e629cd881e30 ] Request (MultipleCreateTestJSON:test_multiple_create): 200 GET http://10.180.1.21/compute/v2.1/servers/1678d6e7-9266-4cff-8f7b-d51c2bc6d8a2 0.721s
2025-01-02 11:56:47.663 68714 INFO tempest.lib.common.rest_client [req-9652ac0b-f0f9-4e1f-bee3-bb8707d3e198 req-9652ac0b-f0f9-4e1f-bee3-bb8707d3e198 ] Request (HostsAdminTestJSON:tearDownClass): 204 DELETE http://10.180.1.21:9696/networking/v2.0/security-groups/a4f5e541-0f40-4914-ba20-2afbf429e153 0.212s
2025-01-02 11:56:47.668 68716 INFO tempest.lib.common.rest_client [req-0bc20af9-ece9-47ee-b6db-215840b758ea req-0bc20af9-ece9-47ee-b6db-215840b758ea ] Request (AggregatesAdminNegativeTestJSON:test_aggregate_create_aggregate_name_length_exceeds_255): 400 POST http://10.180.1.21/compute/v2.1/os-aggregates 0.548s
2025-01-02 11:56:47.752 68748 INFO tempest.lib.common.rest_client [req-035699b3-0b22-421b-9245-e300003b64ee req-035699b3-0b22-421b-9245-e300003b64ee ] Request (FlavorsAccessTestJSON:tearDownClass): 204 DELETE http://10.180.1.21:9696/networking/v2.0/security-groups/a33cd388-6799-42b5-8275-e22ea53fe477 0.144s
2025-01-02 11:56:47.767 68694 INFO tempest.lib.common.rest_client [req-989b74ea-8a8b-4670-a7f1-29a0fd6aca89 req-989b74ea-8a8b-4670-a7f1-29a0fd6aca89 ] Request (AttachInterfacesTestJSON:test_create_list_show_delete_interfaces_by_fixed_ip): 200 GET http://10.180.1.21/compute/v2.1/servers/01a1188a-6523-4d67-8507-2253c4c1a86a 0.654s
2025-01-02 11:56:47.772 68702 INFO tempest.lib.common.rest_client [req-3d2d2223-83df-4835-bec5-37eda2e2933e req-3d2d2223-83df-4835-bec5-37eda2e2933e ] Request (FlavorsExtraSpecsNegativeTestJSON:tearDownClass): 204 DELETE http://10.180.1.21/identity/v3/users/541e460e53b7401ea8906571d2bc193b 0.174s
2025-01-02 11:56:47.784 68734 INFO tempest.lib.common.rest_client [req-97be0f69-303d-473a-a643-480ccfe358ba req-97be0f69-303d-473a-a643-480ccfe358ba ] Request (SecurityGroupsTestAdminJSON:tearDownClass): 204 DELETE http://10.180.1.21/identity/v3/users/00788a7efed64efb9bdcad81798f8d9f 0.177s
2025-01-02 11:56:47.784 68734 INFO tempest.lib.common.dynamic_creds [-] Deleting project and security group for project: 7b910ca05e794b0eb289ee9cf52d42f4
2025-01-02 11:56:47.819 68728 INFO tempest.lib.common.rest_client [req-a7623072-c028-439b-9750-ba59ffc14562 req-a7623072-c028-439b-9750-ba59ffc14562 ] Request (TenantUsagesTestJSON:setUpClass): 200 GET http://10.180.1.21/compute/v2.1/servers/464adac6-a45c-4cc3-b0fb-1371c1438426 0.609s
2025-01-02 11:56:47.828 68728 INFO tempest.common.waiters [-] State transition "BUILD/networking" ==> "BUILD/spawning" after 10 second wait
2025-01-02 11:56:47.918 68726 INFO tempest.lib.common.rest_client [req-5d999249-1f49-4ca5-bcbc-6fb41278becf req-5d999249-1f49-4ca5-bcbc-6fb41278becf ] Request (QuotasAdminTestV257:tearDownClass): 200 GET http://10.180.1.21:9696/networking/v2.0/security-groups?tenant_id=9443d655e0c04cd09a91d4871a674848&name=default 0.282s
2025-01-02 11:56:47.925 68748 INFO tempest.lib.common.rest_client [req-905b66a0-e649-422d-a4cb-208be29dab3e req-905b66a0-e649-422d-a4cb-208be29dab3e ] Request (FlavorsAccessTestJSON:tearDownClass): 204 DELETE http://10.180.1.21/identity/v3/projects/82f5ecb89c26436ebdf70b5e6d7ae64b 0.172s
2025-01-02 11:56:47.925 68714 INFO tempest.lib.common.rest_client [req-cf996f41-edbd-43af-a561-baec8dcb2a50 req-cf996f41-edbd-43af-a561-baec8dcb2a50 ] Request (HostsAdminTestJSON:tearDownClass): 204 DELETE http://10.180.1.21/identity/v3/projects/26c54887144347bd8b137487f55ad3af 0.261s
2025-01-02 11:56:47.925 68748 INFO tempest.lib.common.dynamic_creds [-] Deleting project and security group for project: 520f9e3ba5ce4544bc6f1e4936658759
2025-01-02 11:56:48.006 68710 INFO tempest.lib.common.rest_client [req-b5b15b23-6314-4562-80f5-1e8e5bd3e439 req-b5b15b23-6314-4562-80f5-1e8e5bd3e439 ] Request (QuotasAdminNegativeTest:test_create_server_when_memory_quota_is_full): 403 POST http://10.180.1.21/compute/v2.1/servers 0.668s
2025-01-02 11:56:48.019 68750 INFO tempest.lib.common.rest_client [req-422ec405-1587-4061-8bef-6389647dcead req-422ec405-1587-4061-8bef-6389647dcead ] Request (DeleteServersAdminTestJSON:test_admin_delete_servers_of_others): 200 GET http://10.180.1.21/compute/v2.1/servers/6e2265f0-238d-4cea-a059-90f643d266f0 0.647s
2025-01-02 11:56:48.033 68734 INFO tempest.lib.common.rest_client [req-07ed4718-a9b4-4c22-8ef0-c1ceb5f0f134 req-07ed4718-a9b4-4c22-8ef0-c1ceb5f0f134 ] Request (SecurityGroupsTestAdminJSON:tearDownClass): 201 POST http://10.180.1.21/identity/v3/auth/tokens 0.248s
2025-01-02 11:56:48.087 68720 INFO tempest.lib.common.rest_client [req-69808f50-cc3b-46f2-825c-71d9eef3a350 req-69808f50-cc3b-46f2-825c-71d9eef3a350 ] Request (VolumesAssistedSnapshotsTest:test_volume_assisted_snapshot_create_delete): 200 GET http://10.180.1.21/compute/v2.1/servers/8892fd3b-b3fa-4b83-89f8-3162579d6f87 0.626s
2025-01-02 11:56:48.125 68726 INFO tempest.lib.common.rest_client [req-fc9a16e5-26c5-4600-9ab2-c53a57329cdd req-fc9a16e5-26c5-4600-9ab2-c53a57329cdd ] Request (QuotasAdminTestV257:tearDownClass): 204 DELETE http://10.180.1.21:9696/networking/v2.0/security-groups/18a53652-6e1d-48db-932c-f01f21e67946 0.207s
2025-01-02 11:56:48.132 68702 INFO tempest.lib.common.rest_client [req-4b5cbf0a-b9bb-4611-ba07-17557d0ed01e req-4b5cbf0a-b9bb-4611-ba07-17557d0ed01e ] Request (FlavorsExtraSpecsNegativeTestJSON:tearDownClass): 204 DELETE http://10.180.1.21/identity/v3/users/e294df894ed84f57919e8b326528fda4 0.360s
2025-01-02 11:56:48.132 68702 INFO tempest.lib.common.dynamic_creds [-] Deleting project and security group for project: 0a3f7bb51a5e4e2fa60b30bff553250e
2025-01-02 11:56:48.138 68748 INFO tempest.lib.common.rest_client [req-8de6c1fb-faf8-43ee-acb9-4512ec217bdb req-8de6c1fb-faf8-43ee-acb9-4512ec217bdb ] Request (FlavorsAccessTestJSON:tearDownClass): 200 GET http://10.180.1.21:9696/networking/v2.0/security-groups?tenant_id=520f9e3ba5ce4544bc6f1e4936658759&name=default 0.213s
2025-01-02 11:56:48.150 68754 INFO tempest.lib.common.rest_client [req-6a805c9d-1f0c-43da-8dd1-fdc1c886a7a2 req-6a805c9d-1f0c-43da-8dd1-fdc1c886a7a2 ] Request (SecurityGroupRulesTestJSON:setUpClass): 201 POST http://10.180.1.21:9696/networking/v2.0/networks 0.599s
2025-01-02 11:56:48.176 68724 INFO tempest.lib.common.rest_client [req-aad8cb10-4b06-46a5-82a0-1603cd39f78c req-aad8cb10-4b06-46a5-82a0-1603cd39f78c ] Request (ImagesOneServerNegativeTestJSON:setUpClass): 200 GET http://10.180.1.21/compute/v2.1/servers/5ef4df0b-ad8b-4906-a304-fbe776db4943 0.640s
2025-01-02 11:56:48.186 68722 INFO tempest.lib.common.rest_client [req-4a94e652-1f68-404c-93d5-44c9b0f64cbc req-4a94e652-1f68-404c-93d5-44c9b0f64cbc ] Request (HypervisorAdminNegativeTestJSON:test_get_hypervisor_stats_with_non_admin_user): 403 GET http://10.180.1.21/compute/v2.1/os-hypervisors/statistics 0.647s
2025-01-02 11:56:48.210 68700 INFO tempest.lib.common.rest_client [req-d8f3b206-1c42-419d-8553-4ccbd2daae44 req-d8f3b206-1c42-419d-8553-4ccbd2daae44 ] Request (FlavorsExtraSpecsTestJSON:test_flavor_set_get_update_show_unset_keys): 200 GET http://10.180.1.21/compute/v2.1/flavors/1573901008/os-extra_specs 0.645s
2025-01-02 11:56:48.224 68746 INFO tempest.lib.common.rest_client [req-30c18dc0-7414-4ae1-958b-af66323ff801 req-30c18dc0-7414-4ae1-958b-af66323ff801 ] Request (HostsAdminNegativeTestJSON:test_update_host_with_non_admin_user): 403 PUT http://10.180.1.21/compute/v2.1/os-hosts/devstack 0.636s
2025-01-02 11:56:48.241 68714 INFO tempest.lib.common.rest_client [req-d4fb6f66-8013-4483-a446-bd252ea5a4af req-d4fb6f66-8013-4483-a446-bd252ea5a4af ] Request (InstanceUsageAuditLogNegativeTestJSON:setUpClass): 201 POST http://10.180.1.21/identity/v3/auth/tokens 0.315s
2025-01-02 11:56:48.258 68738 INFO tempest.lib.common.rest_client [req-b783a46b-7d72-44af-8f30-d2bebaf09fde req-b783a46b-7d72-44af-8f30-d2bebaf09fde ] Request (QuotaClassesAdminTestJSON:test_update_default_quotas): 200 PUT http://10.180.1.21/compute/v2.1/os-quota-class-sets/default 0.725s
2025-01-02 11:56:48.311 68744 INFO tempest.lib.common.rest_client [req-85e6fe3d-1650-41ad-98c6-cb13fbb12aff req-85e6fe3d-1650-41ad-98c6-cb13fbb12aff ] Request (ServersAdminNegativeTestJSON:setUpClass): 200 GET http://10.180.1.21/compute/v2.1/servers/5b4fa630-fcf0-4835-b22a-f4245f51ac6c 0.697s
2025-01-02 11:56:48.320 68748 INFO tempest.lib.common.rest_client [req-482dc07e-e4e9-4d8f-9087-4256e0c15a47 req-482dc07e-e4e9-4d8f-9087-4256e0c15a47 ] Request (FlavorsAccessTestJSON:tearDownClass): 204 DELETE http://10.180.1.21:9696/networking/v2.0/security-groups/b9096778-6eca-4e6b-b684-977260ba0117 0.181s
2025-01-02 11:56:48.332 68696 INFO tempest.lib.common.rest_client [req-cd860bd3-7830-4085-9898-c35298aaa1bb req-cd860bd3-7830-4085-9898-c35298aaa1bb ] Request (FlavorsAdminTestJSON:_run_cleanups): 202 DELETE http://10.180.1.21/compute/v2.1/flavors/2fd47772-e684-4a91-bfa7-851aed8a1831 0.700s
2025-01-02 11:56:48.334 68734 INFO tempest.lib.common.rest_client [req-dfca3477-9397-42fb-ae77-afaa8e8bfadf req-dfca3477-9397-42fb-ae77-afaa8e8bfadf ] Request (SecurityGroupsTestAdminJSON:tearDownClass): 200 GET http://10.180.1.21:9696/networking/v2.0/security-groups?tenant_id=7b910ca05e794b0eb289ee9cf52d42f4&name=default 0.300s
2025-01-02 11:56:48.337 68716 INFO tempest.lib.common.rest_client [req-e0c38d9f-972a-423a-8bc2-c2b68051abf7 req-e0c38d9f-972a-423a-8bc2-c2b68051abf7 ] Request (AggregatesAdminNegativeTestJSON:test_aggregate_create_aggregate_name_length_less_than_1): 400 POST http://10.180.1.21/compute/v2.1/os-aggregates 0.668s
2025-01-02 11:56:48.342 68726 INFO tempest.lib.common.rest_client [req-485fdf5d-fd50-4ebe-ab9b-fc08feb2e941 req-485fdf5d-fd50-4ebe-ab9b-fc08feb2e941 ] Request (QuotasAdminTestV257:tearDownClass): 204 DELETE http://10.180.1.21/identity/v3/projects/9443d655e0c04cd09a91d4871a674848 0.216s
2025-01-02 11:56:48.344 68726 INFO tempest.test [-] raised in ServersOnMultiNodesTest.setUpClass. Invoking tearDownClass.
2025-01-02 11:56:48.369 68702 INFO tempest.lib.common.rest_client [req-0884e101-b4f6-43ad-9c04-0784c7a25830 req-0884e101-b4f6-43ad-9c04-0784c7a25830 ] Request (FlavorsExtraSpecsNegativeTestJSON:tearDownClass): 201 POST http://10.180.1.21/identity/v3/auth/tokens 0.236s
2025-01-02 11:56:48.393 68714 INFO tempest.lib.common.rest_client [req-650f71ec-64ba-4952-b1a6-d131fe2cb968 req-650f71ec-64ba-4952-b1a6-d131fe2cb968 ] Request (InstanceUsageAuditLogNegativeTestJSON:setUpClass): 201 POST http://10.180.1.21/identity/v3/auth/tokens 0.149s
2025-01-02 11:56:48.429 68742 INFO tempest.lib.common.rest_client [req-ef65538a-6aa1-4962-9b59-c5d2b7afd34e req-ef65538a-6aa1-4962-9b59-c5d2b7afd34e ] Request (AttachInterfacesUnderV243Test:test_add_remove_fixed_ip): 200 GET http://10.180.1.21/compute/v2.1/servers/c4241be9-151b-403f-a5e7-9e34a6425466 0.652s
2025-01-02 11:56:48.466 68754 INFO tempest.lib.common.rest_client [req-100864ba-d5eb-4e17-8ff9-8cd3a958cde3 req-100864ba-d5eb-4e17-8ff9-8cd3a958cde3 ] Request (SecurityGroupRulesTestJSON:setUpClass): 201 POST http://10.180.1.21:9696/networking/v2.0/subnets 0.312s
2025-01-02 11:56:48.492 68740 INFO tempest.lib.common.rest_client [req-519e2e2c-3a59-46fa-b843-d91bdc23a8ad req-519e2e2c-3a59-46fa-b843-d91bdc23a8ad ] Request (ServerDiagnosticsTest:test_get_server_diagnostics): 200 GET http://10.180.1.21/compute/v2.1/servers/028ce127-561f-4a3a-b427-e0c462457550 0.626s
2025-01-02 11:56:48.500 68734 INFO tempest.lib.common.rest_client [req-fe67bc00-89b8-4be5-be99-9aa8d656b007 req-fe67bc00-89b8-4be5-be99-9aa8d656b007 ] Request (SecurityGroupsTestAdminJSON:tearDownClass): 204 DELETE http://10.180.1.21:9696/networking/v2.0/security-groups/3ffb8891-0d13-4517-9838-4ddfe3ce9ea8 0.166s
2025-01-02 11:56:48.504 68756 INFO tempest.lib.common.rest_client [req-b700ea65-e4d1-470d-867f-14e697fa246d req-b700ea65-e4d1-470d-867f-14e697fa246d ] Request (FlavorsAccessNegativeTestJSON:test_flavor_non_admin_add): 403 POST http://10.180.1.21/compute/v2.1/flavors/398357770/action 0.883s
2025-01-02 11:56:48.509 68706 INFO tempest.lib.common.rest_client [req-501cb22e-b1d5-4099-9f38-f15aa2cf84b4 req-501cb22e-b1d5-4099-9f38-f15aa2cf84b4 ] Request (ListImageFiltersTestJSON:setUpClass): 201 POST http://10.180.1.21/image/v2/images 1.126s
2025-01-02 11:56:48.575 68748 INFO tempest.lib.common.rest_client [req-33980651-640d-4d89-b3e2-367911d6e43b req-33980651-640d-4d89-b3e2-367911d6e43b ] Request (FlavorsAccessTestJSON:tearDownClass): 204 DELETE http://10.180.1.21/identity/v3/projects/520f9e3ba5ce4544bc6f1e4936658759 0.254s
2025-01-02 11:56:48.592 68726 INFO tempest.lib.common.rest_client [req-e78b5774-2a46-4b43-a892-77432ece6ccc req-e78b5774-2a46-4b43-a892-77432ece6ccc ] Request (KeyPairsV2TestJSON:setUpClass): 201 POST http://10.180.1.21/identity/v3/auth/tokens 0.246s
2025-01-02 11:56:48.619 68714 INFO tempest.lib.common.rest_client [req-f1f2768e-61c8-4b26-9531-68fbee065684 req-f1f2768e-61c8-4b26-9531-68fbee065684 ] Request (InstanceUsageAuditLogNegativeTestJSON:setUpClass): 200 GET http://10.180.1.21/identity/v3/domains?name=Default 0.225s
2025-01-02 11:56:48.686 68734 INFO tempest.lib.common.rest_client [req-d511e4b1-070a-4e49-afed-6cec1d5321fe req-d511e4b1-070a-4e49-afed-6cec1d5321fe ] Request (SecurityGroupsTestAdminJSON:tearDownClass): 204 DELETE http://10.180.1.21/identity/v3/projects/7b910ca05e794b0eb289ee9cf52d42f4 0.185s
2025-01-02 11:56:48.686 68734 INFO tempest.lib.common.dynamic_creds [-] Deleting project and security group for project: ef1766107b1f42cf9cba292b029aaa8f
2025-01-02 11:56:48.719 68748 INFO tempest.lib.common.rest_client [req-b5624981-bda7-43f5-842c-4b7c63a3161f req-b5624981-bda7-43f5-842c-4b7c63a3161f ] Request (HypervisorAdminV253TestBase:setUpClass): 201 POST http://10.180.1.21/identity/v3/auth/tokens 0.142s
2025-01-02 11:56:48.728 68734 INFO tempest.lib.common.rest_client [req-cb7d1fb1-9b25-4d9c-9b37-a77ff4d09da8 req-cb7d1fb1-9b25-4d9c-9b37-a77ff4d09da8 ] Request (SecurityGroupsTestAdminJSON:tearDownClass): 200 GET http://10.180.1.21:9696/networking/v2.0/security-groups?tenant_id=ef1766107b1f42cf9cba292b029aaa8f&name=default 0.041s
2025-01-02 11:56:48.741 68726 INFO tempest.lib.common.rest_client [req-3bfb7b21-99c1-434f-8448-f46a4c104be0 req-3bfb7b21-99c1-434f-8448-f46a4c104be0 ] Request (KeyPairsV2TestJSON:setUpClass): 201 POST http://10.180.1.21/identity/v3/auth/tokens 0.144s
2025-01-02 11:56:48.754 68714 INFO tempest.lib.common.rest_client [req-18807504-08f7-4c58-bfb9-352eb48f3ffc req-18807504-08f7-4c58-bfb9-352eb48f3ffc ] Request (InstanceUsageAuditLogNegativeTestJSON:setUpClass): 201 POST http://10.180.1.21/identity/v3/projects 0.135s
2025-01-02 11:56:48.759 68712 INFO tempest.lib.common.rest_client [req-9e58a043-7b7d-4b8e-8afb-44408576b39a req-9e58a043-7b7d-4b8e-8afb-44408576b39a ] Request (ServerExternalEventsTest:test_create_server_external_events): 200 GET http://10.180.1.21/compute/v2.1/servers/25fb909b-63b7-4d5e-8464-cfdcbdf6ca78 0.695s
2025-01-02 11:56:48.815 68748 INFO tempest.lib.common.rest_client [req-617c7f62-b4b9-460b-a4a2-671d6a0b483f req-617c7f62-b4b9-460b-a4a2-671d6a0b483f ] Request (HypervisorAdminV253TestBase:setUpClass): 201 POST http://10.180.1.21/identity/v3/auth/tokens 0.093s
2025-01-02 11:56:48.840 68726 INFO tempest.lib.common.rest_client [req-3ca1ae14-f379-4605-8f71-010b0ccad23a req-3ca1ae14-f379-4605-8f71-010b0ccad23a ] Request (KeyPairsV2TestJSON:setUpClass): 200 GET http://10.180.1.21/identity/v3/domains?name=Default 0.099s
2025-01-02 11:56:48.862 68714 INFO tempest.lib.common.rest_client [req-1d851f02-8385-40b2-9d89-f73b1f163081 req-1d851f02-8385-40b2-9d89-f73b1f163081 ] Request (InstanceUsageAuditLogNegativeTestJSON:setUpClass): 201 POST http://10.180.1.21/identity/v3/users 0.107s
2025-01-02 11:56:48.865 68734 INFO tempest.lib.common.rest_client [req-b28d65e7-874b-492a-8078-4e18e6243c82 req-b28d65e7-874b-492a-8078-4e18e6243c82 ] Request (SecurityGroupsTestAdminJSON:tearDownClass): 204 DELETE http://10.180.1.21:9696/networking/v2.0/security-groups/dd0f0e45-fcc9-4c72-b0d3-c6cb8a9c54aa 0.136s
2025-01-02 11:56:48.894 68748 INFO tempest.lib.common.rest_client [req-d4255019-cb74-4c4a-be36-9620999df321 req-d4255019-cb74-4c4a-be36-9620999df321 ] Request (HypervisorAdminV253TestBase:setUpClass): 200 GET http://10.180.1.21/identity/v3/domains?name=Default 0.079s
2025-01-02 11:56:48.922 68726 INFO tempest.lib.common.rest_client [req-be76f9e3-7eab-4cfe-b33f-0572112b73e9 req-be76f9e3-7eab-4cfe-b33f-0572112b73e9 ] Request (KeyPairsV2TestJSON:setUpClass): 201 POST http://10.180.1.21/identity/v3/projects 0.080s
2025-01-02 11:56:48.922 68732 INFO tempest.lib.common.rest_client [req-493bd5df-cc3d-475b-99e9-87ea085b8a91 req-493bd5df-cc3d-475b-99e9-87ea085b8a91 ] Request (FloatingIPsAssociationTestJSON:setUpClass): 200 PUT http://10.180.1.21:9696/networking/v2.0/routers/93bb832d-f4f5-440f-99b6-4684616d3218/add_router_interface 1.299s
2025-01-02 11:56:48.923 68732 INFO tempest.lib.common.dynamic_creds [-] Created isolated network resources for: credentials: Credentials: {'domain_id': 'default', 'domain_name': 'Default', 'username': 'tempest-FloatingIPsAssociationTestJSON-1688616394-project-member', 'project_domain_id': 'default', 'project_domain_name': 'Default', 'project_id': 'ba81ec19042e432283500854f7336dd0', 'project_name': 'tempest-FloatingIPsAssociationTestJSON-1688616394', 'tenant_id': 'ba81ec19042e432283500854f7336dd0', 'tenant_name': 'tempest-FloatingIPsAssociationTestJSON-1688616394', 'user_domain_id': 'default', 'user_domain_name': 'Default', 'user_id': '9cab1bfb062d41d8aa7db02e3ac13cfe', 'system': None}, Network: {'id': 'ed76bfa5-b34c-4e32-95c7-13624fdd065d', 'name': 'tempest-FloatingIPsAssociationTestJSON-1286506599-network', 'tenant_id': 'ba81ec19042e432283500854f7336dd0', 'admin_state_up': True, 'mtu': 8950, 'status': 'ACTIVE', 'subnets': [], 'shared': False, 'project_id': 'ba81ec19042e432283500854f7336dd0', 'port_security_enabled': True, 'router:external': False, 'provider:network_type': 'vlan', 'provider:physical_network': 'default', 'provider:segmentation_id': 77, 'availability_zone_hints': [], 'availability_zones': [], 'ipv4_address_scope': None, 'ipv6_address_scope': None, 'description': '', 'tags': [], 'created_at': '2025-01-02T11:56:46Z', 'updated_at': '2025-01-02T11:56:46Z', 'revision_number': 1}, Subnet: {'id': '84b39537-318d-4a21-bc4d-8fe3a2fc2037', 'name': 'tempest-FloatingIPsAssociationTestJSON-1286506599-subnet', 'tenant_id': 'ba81ec19042e432283500854f7336dd0', 'network_id': 'ed76bfa5-b34c-4e32-95c7-13624fdd065d', 'ip_version': 4, 'subnetpool_id': None, 'enable_dhcp': True, 'ipv6_ra_mode': None, 'ipv6_address_mode': None, 'gateway_ip': '192.168.128.1', 'cidr': '192.168.128.0/28', 'allocation_pools': [{'start': '192.168.128.2', 'end': '192.168.128.14'}], 'host_routes': [], 'dns_nameservers': [], 'description': '', 'router:external': False, 'service_types': [], 'tags': [], 'created_at': '2025-01-02T11:56:46Z', 'updated_at': '2025-01-02T11:56:46Z', 'revision_number': 0, 'project_id': 'ba81ec19042e432283500854f7336dd0'}, Router: {'id': '93bb832d-f4f5-440f-99b6-4684616d3218', 'name': 'tempest-FloatingIPsAssociationTestJSON-1286506599-router', 'tenant_id': 'ba81ec19042e432283500854f7336dd0', 'admin_state_up': True, 'status': 'ACTIVE', 'external_gateway_info': {'network_id': '8137e767-3006-4c0f-9d31-3a792621ef06', 'external_fixed_ips': [{'subnet_id': '772f49e1-bb93-40cd-aa5a-04180de07aed', 'ip_address': '10.180.180.233'}], 'enable_snat': True}, 'description': '', 'availability_zones': [], 'distributed': False, 'ha': False, 'availability_zone_hints': [], 'routes': [], 'flavor_id': None, 'tags': [], 'created_at': '2025-01-02T11:56:46Z', 'updated_at': '2025-01-02T11:56:47Z', 'revision_number': 2, 'project_id': 'ba81ec19042e432283500854f7336dd0'}
2025-01-02 11:56:48.935 68710 INFO tempest.lib.common.rest_client [req-7df67896-1af3-4543-9221-31b9e63be1f2 req-7df67896-1af3-4543-9221-31b9e63be1f2 ] Request (QuotasAdminNegativeTest:_run_cleanups): 200 PUT http://10.180.1.21/compute/v2.1/os-quota-sets/48b4244b0720442386a23399ed2abafa 0.928s
2025-01-02 11:56:48.948 68702 INFO tempest.lib.common.rest_client [req-c9fa45ff-ada9-4d72-b5f3-163a03bc3056 req-c9fa45ff-ada9-4d72-b5f3-163a03bc3056 ] Request (FlavorsExtraSpecsNegativeTestJSON:tearDownClass): 200 GET http://10.180.1.21:9696/networking/v2.0/security-groups?tenant_id=0a3f7bb51a5e4e2fa60b30bff553250e&name=default 0.579s
2025-01-02 11:56:48.959 68700 INFO tempest.lib.common.rest_client [req-75be811e-70ef-483f-9232-f2f138030b71 req-75be811e-70ef-483f-9232-f2f138030b71 ] Request (FlavorsExtraSpecsTestJSON:test_flavor_set_get_update_show_unset_keys): 200 PUT http://10.180.1.21/compute/v2.1/flavors/1573901008/os-extra_specs/hw:numa_nodes 0.747s
2025-01-02 11:56:48.968 68746 INFO tempest.lib.common.rest_client [req-6952149d-dac4-4e46-bd9e-7997cd446fbb req-6952149d-dac4-4e46-bd9e-7997cd446fbb ] Request (HostsAdminNegativeTestJSON:test_update_host_without_param): 400 PUT http://10.180.1.21/compute/v2.1/os-hosts/devstack 0.742s
2025-01-02 11:56:48.979 68714 INFO tempest.lib.common.rest_client [req-9754965e-6547-42f9-9782-2f6c7c9ff31d req-9754965e-6547-42f9-9782-2f6c7c9ff31d ] Request (InstanceUsageAuditLogNegativeTestJSON:setUpClass): 200 GET http://10.180.1.21/identity/v3/roles 0.116s
2025-01-02 11:56:48.981 68738 INFO tempest.lib.common.rest_client [req-f04141c9-f9d5-4ed4-b11a-944f931b8a53 req-f04141c9-f9d5-4ed4-b11a-944f931b8a53 ] Request (QuotaClassesAdminTestJSON:test_update_default_quotas): 200 GET http://10.180.1.21/compute/v2.1/os-quota-class-sets/default 0.720s
2025-01-02 11:56:49.036 68736 INFO tempest.lib.common.rest_client [req-e2bf64b3-cab6-4052-a2f9-5bb3a479f7c0 req-e2bf64b3-cab6-4052-a2f9-5bb3a479f7c0 ] Request (ServersTestJSON:setUpClass): 200 GET http://10.180.1.21/compute/v2.1/servers/b23f40f6-7521-4465-bc42-872016f9a6bd 0.732s
2025-01-02 11:56:49.039 68748 INFO tempest.lib.common.rest_client [req-5f2064bd-693c-456f-ac17-2318180015d2 req-5f2064bd-693c-456f-ac17-2318180015d2 ] Request (HypervisorAdminV253TestBase:setUpClass): 201 POST http://10.180.1.21/identity/v3/projects 0.144s
2025-01-02 11:56:49.044 68734 INFO tempest.lib.common.rest_client [req-3ee6cafe-4b74-4e54-8224-8ac208450c89 req-3ee6cafe-4b74-4e54-8224-8ac208450c89 ] Request (SecurityGroupsTestAdminJSON:tearDownClass): 204 DELETE http://10.180.1.21/identity/v3/projects/ef1766107b1f42cf9cba292b029aaa8f 0.179s
2025-01-02 11:56:49.050 68722 INFO tempest.lib.common.rest_client [req-0506a51c-88e8-422e-9dcd-be2b8adc252c req-0506a51c-88e8-422e-9dcd-be2b8adc252c ] Request (HypervisorAdminNegativeTestJSON:test_get_hypervisor_uptime_with_non_admin_user): 200 GET http://10.180.1.21/compute/v2.1/os-hypervisors 0.862s
2025-01-02 11:56:49.055 68702 INFO tempest.lib.common.rest_client [req-04a8284f-1790-4e15-9e64-8c45c5fe3425 req-04a8284f-1790-4e15-9e64-8c45c5fe3425 ] Request (FlavorsExtraSpecsNegativeTestJSON:tearDownClass): 204 DELETE http://10.180.1.21:9696/networking/v2.0/security-groups/7e11752b-6340-456c-a26d-90fec16e66ca 0.106s
2025-01-02 11:56:49.075 68696 INFO tempest.lib.common.rest_client [req-097d8720-8cd0-4680-bf44-3c7014568f20 req-097d8720-8cd0-4680-bf44-3c7014568f20 ] Request (FlavorsAdminTestJSON:_run_cleanups): 200 GET http://10.180.1.21/compute/v2.1/flavors/detail 0.743s
2025-01-02 11:56:49.083 68716 INFO tempest.lib.common.rest_client [req-043ef3bb-0389-4c7f-9377-8682a02257ff req-043ef3bb-0389-4c7f-9377-8682a02257ff ] Request (AggregatesAdminNegativeTestJSON:test_aggregate_create_as_user): 403 POST http://10.180.1.21/compute/v2.1/os-aggregates 0.744s
2025-01-02 11:56:49.105 68726 INFO tempest.lib.common.rest_client [req-2193594a-4cb3-4474-b64e-699a292fd29b req-2193594a-4cb3-4474-b64e-699a292fd29b ] Request (KeyPairsV2TestJSON:setUpClass): 201 POST http://10.180.1.21/identity/v3/users 0.183s
2025-01-02 11:56:49.112 68732 INFO tempest.lib.common.rest_client [req-675f4553-6396-4441-9634-152d9754fd93 req-675f4553-6396-4441-9634-152d9754fd93 ] Request (FloatingIPsAssociationTestJSON:setUpClass): 201 POST http://10.180.1.21/identity/v3/auth/tokens 0.185s
2025-01-02 11:56:49.143 68714 INFO tempest.lib.common.rest_client [req-5541506a-4c8c-4b01-949c-f3e139356ce3 req-5541506a-4c8c-4b01-949c-f3e139356ce3 ] Request (InstanceUsageAuditLogNegativeTestJSON:setUpClass): 204 PUT http://10.180.1.21/identity/v3/projects/18bd6a97a1284e8596c218a012c30356/users/a5e95245aea14f4790e63d2a1a3917ca/roles/35fda947592f459daea70bb9742e0001 0.163s
2025-01-02 11:56:49.145 68748 INFO tempest.lib.common.rest_client [req-354cfca0-d62d-4085-90f5-748c9b351792 req-354cfca0-d62d-4085-90f5-748c9b351792 ] Request (HypervisorAdminV253TestBase:setUpClass): 201 POST http://10.180.1.21/identity/v3/users 0.105s
2025-01-02 11:56:49.146 68714 INFO tempest.lib.common.dynamic_creds [-] Dynamic test user a5e95245aea14f4790e63d2a1a3917ca is created with scope project and roles: ['member']
2025-01-02 11:56:49.146 68714 INFO tempest.lib.common.dynamic_creds [-] Acquired dynamic creds: credentials: Credentials: {'domain_id': 'default', 'domain_name': 'Default', 'username': 'tempest-InstanceUsageAuditLogNegativeTestJSON-1931220372-project-member', 'project_domain_id': 'default', 'project_domain_name': 'Default', 'project_id': '18bd6a97a1284e8596c218a012c30356', 'project_name': 'tempest-InstanceUsageAuditLogNegativeTestJSON-1931220372', 'tenant_id': '18bd6a97a1284e8596c218a012c30356', 'tenant_name': 'tempest-InstanceUsageAuditLogNegativeTestJSON-1931220372', 'user_domain_id': 'default', 'user_domain_name': 'Default', 'user_id': 'a5e95245aea14f4790e63d2a1a3917ca', 'system': None}, Network: None, Subnet: None, Router: None
2025-01-02 11:56:49.146 68714 INFO tempest.lib.common.dynamic_creds [-] Created isolated network resources for: credentials: Credentials: {'domain_id': 'default', 'domain_name': 'Default', 'username': 'tempest-InstanceUsageAuditLogNegativeTestJSON-1931220372-project-member', 'project_domain_id': 'default', 'project_domain_name': 'Default', 'project_id': '18bd6a97a1284e8596c218a012c30356', 'project_name': 'tempest-InstanceUsageAuditLogNegativeTestJSON-1931220372', 'tenant_id': '18bd6a97a1284e8596c218a012c30356', 'tenant_name': 'tempest-InstanceUsageAuditLogNegativeTestJSON-1931220372', 'user_domain_id': 'default', 'user_domain_name': 'Default', 'user_id': 'a5e95245aea14f4790e63d2a1a3917ca', 'system': None}, Network: None, Subnet: None, Router: None
2025-01-02 11:56:49.180 68708 INFO tempest.lib.common.rest_client [req-2e3dca04-a8d9-4582-99bf-3accaf4c4ba6 req-2e3dca04-a8d9-4582-99bf-3accaf4c4ba6 ] Request (MigrationsAdminTest:test_list_migrations_in_flavor_resize_situation): 200 GET http://10.180.1.21/compute/v2.1/servers/fe9c3f7c-4c8b-426b-85c1-6fc0f325609e 0.861s
2025-01-02 11:56:49.189 68704 INFO tempest.lib.common.rest_client [req-46007611-4330-4074-8439-7d3a2a6b5977 req-46007611-4330-4074-8439-7d3a2a6b5977 ] Request (ServersAdmin275Test:test_rebuild_update_server_275): 200 GET http://10.180.1.21/compute/v2.1/servers/3cec7e1e-84cb-4055-a25f-b36579dd1511 0.797s
2025-01-02 11:56:49.203 68704 INFO tempest.common.waiters [-] State transition "BUILD/None" ==> "BUILD/block_device_mapping" after 10 second wait
2025-01-02 11:56:49.214 68756 INFO tempest.lib.common.rest_client [req-6f40b530-c8d2-44f4-888e-daeabc5df47c req-6f40b530-c8d2-44f4-888e-daeabc5df47c ] Request (FlavorsAccessNegativeTestJSON:_run_cleanups): 202 DELETE http://10.180.1.21/compute/v2.1/flavors/398357770 0.709s
2025-01-02 11:56:49.246 68734 INFO tempest.lib.common.rest_client [req-265f33d6-8b06-4883-8753-7dff2aeb43a4 req-265f33d6-8b06-4883-8753-7dff2aeb43a4 ] Request (VolumesAdminNegativeTest:setUpClass): 201 POST http://10.180.1.21/identity/v3/auth/tokens 0.196s
2025-01-02 11:56:49.284 68731 INFO tempest.lib.common.rest_client [req-5b740760-58b0-4ded-9f46-7a5f80883ba9 req-5b740760-58b0-4ded-9f46-7a5f80883ba9 ] Request (MultipleCreateTestJSON:test_multiple_create): 200 GET http://10.180.1.21/compute/v2.1/servers/1678d6e7-9266-4cff-8f7b-d51c2bc6d8a2 0.613s
2025-01-02 11:56:49.291 68698 INFO tempest.lib.common.rest_client [req-4e0273fc-03aa-4733-8411-f3dc3fe4261a req-4e0273fc-03aa-4733-8411-f3dc3fe4261a ] Request (ServerDiagnosticsV248Test:test_get_server_diagnostics): 200 GET http://10.180.1.21/compute/v2.1/servers/1747a27d-b414-457a-ac2a-5bae20896432 0.702s
2025-01-02 11:56:49.296 68702 INFO tempest.lib.common.rest_client [req-65d6bad6-37e3-446a-97ca-bf30a6efb5cb req-65d6bad6-37e3-446a-97ca-bf30a6efb5cb ] Request (FlavorsExtraSpecsNegativeTestJSON:tearDownClass): 204 DELETE http://10.180.1.21/identity/v3/projects/0a3f7bb51a5e4e2fa60b30bff553250e 0.240s
2025-01-02 11:56:49.296 68702 INFO tempest.lib.common.dynamic_creds [-] Deleting project and security group for project: a29bc7f92b244132983b9fe7e4b5f5f6
2025-01-02 11:56:49.310 68726 INFO tempest.lib.common.rest_client [req-8b41250f-af4a-498e-ac8b-1ba413ffafee req-8b41250f-af4a-498e-ac8b-1ba413ffafee ] Request (KeyPairsV2TestJSON:setUpClass): 200 GET http://10.180.1.21/identity/v3/roles 0.203s
2025-01-02 11:56:49.337 68748 INFO tempest.lib.common.rest_client [req-3e79fd3a-53c1-491e-9100-631ce6725ed9 req-3e79fd3a-53c1-491e-9100-631ce6725ed9 ] Request (HypervisorAdminV253TestBase:setUpClass): 200 GET http://10.180.1.21/identity/v3/roles 0.191s
2025-01-02 11:56:49.365 68732 INFO tempest.lib.common.rest_client [req-f6237ba9-9df5-4366-9897-a9a82ca7a747 req-f6237ba9-9df5-4366-9897-a9a82ca7a747 ] Request (FloatingIPsAssociationTestJSON:setUpClass): 201 POST http://10.180.1.21/identity/v3/auth/tokens 0.248s
2025-01-02 11:56:49.365 68732 INFO tempest.lib.common.fixed_network [-] (FloatingIPsAssociationTestJSON:setUpClass) Found network {'id': 'ed76bfa5-b34c-4e32-95c7-13624fdd065d', 'name': 'tempest-FloatingIPsAssociationTestJSON-1286506599-network', 'tenant_id': 'ba81ec19042e432283500854f7336dd0', 'admin_state_up': True, 'mtu': 8950, 'status': 'ACTIVE', 'subnets': [], 'shared': False, 'project_id': 'ba81ec19042e432283500854f7336dd0', 'port_security_enabled': True, 'router:external': False, 'provider:network_type': 'vlan', 'provider:physical_network': 'default', 'provider:segmentation_id': 77, 'availability_zone_hints': [], 'availability_zones': [], 'ipv4_address_scope': None, 'ipv6_address_scope': None, 'description': '', 'tags': [], 'created_at': '2025-01-02T11:56:46Z', 'updated_at': '2025-01-02T11:56:46Z', 'revision_number': 1} available for tenant
2025-01-02 11:56:49.389 68734 INFO tempest.lib.common.rest_client [req-64de7012-0806-4365-9916-c77886bc5c8d req-64de7012-0806-4365-9916-c77886bc5c8d ] Request (VolumesAdminNegativeTest:setUpClass): 201 POST http://10.180.1.21/identity/v3/auth/tokens 0.141s
2025-01-02 11:56:49.404 68694 INFO tempest.lib.common.rest_client [req-f006be49-6a83-4a1b-86b9-612f70411c56 req-f006be49-6a83-4a1b-86b9-612f70411c56 ] Request (AttachInterfacesTestJSON:test_create_list_show_delete_interfaces_by_fixed_ip): 200 GET http://10.180.1.21/compute/v2.1/servers/01a1188a-6523-4d67-8507-2253c4c1a86a 0.625s
2025-01-02 11:56:49.408 68714 INFO tempest.lib.common.rest_client [req-a84a6a76-ed79-4e71-8ba0-2c78c02f702f req-a84a6a76-ed79-4e71-8ba0-2c78c02f702f ] Request (InstanceUsageAuditLogNegativeTestJSON:setUpClass): 201 POST http://10.180.1.21/identity/v3/auth/tokens 0.258s
2025-01-02 11:56:49.412 68710 INFO tempest.lib.common.rest_client [req-a01684f3-f841-42e7-9d15-4798bdac35a2 req-a01684f3-f841-42e7-9d15-4798bdac35a2 ] Request (QuotasAdminNegativeTest:test_update_quota_normal_user): 403 PUT http://10.180.1.21/compute/v2.1/os-quota-sets/48b4244b0720442386a23399ed2abafa 0.474s
2025-01-02 11:56:49.419 68726 INFO tempest.lib.common.rest_client [req-ab47d037-9c41-4f23-a16b-239a705a7e89 req-ab47d037-9c41-4f23-a16b-239a705a7e89 ] Request (KeyPairsV2TestJSON:setUpClass): 204 PUT http://10.180.1.21/identity/v3/projects/3f97dc0a0cb7416c9fd62ba9d620f476/users/956567e3528145569fa1d390092a6dc9/roles/35fda947592f459daea70bb9742e0001 0.109s
2025-01-02 11:56:49.420 68726 INFO tempest.lib.common.dynamic_creds [-] Dynamic test user 956567e3528145569fa1d390092a6dc9 is created with scope project and roles: ['member']
2025-01-02 11:56:49.420 68726 INFO tempest.lib.common.dynamic_creds [-] Acquired dynamic creds: credentials: Credentials: {'domain_id': 'default', 'domain_name': 'Default', 'username': 'tempest-KeyPairsV2TestJSON-453608563-project-member', 'project_domain_id': 'default', 'project_domain_name': 'Default', 'project_id': '3f97dc0a0cb7416c9fd62ba9d620f476', 'project_name': 'tempest-KeyPairsV2TestJSON-453608563', 'tenant_id': '3f97dc0a0cb7416c9fd62ba9d620f476', 'tenant_name': 'tempest-KeyPairsV2TestJSON-453608563', 'user_domain_id': 'default', 'user_domain_name': 'Default', 'user_id': '956567e3528145569fa1d390092a6dc9', 'system': None}, Network: None, Subnet: None, Router: None
2025-01-02 11:56:49.420 68726 INFO tempest.lib.common.dynamic_creds [-] Created isolated network resources for: credentials: Credentials: {'domain_id': 'default', 'domain_name': 'Default', 'username': 'tempest-KeyPairsV2TestJSON-453608563-project-member', 'project_domain_id': 'default', 'project_domain_name': 'Default', 'project_id': '3f97dc0a0cb7416c9fd62ba9d620f476', 'project_name': 'tempest-KeyPairsV2TestJSON-453608563', 'tenant_id': '3f97dc0a0cb7416c9fd62ba9d620f476', 'tenant_name': 'tempest-KeyPairsV2TestJSON-453608563', 'user_domain_id': 'default', 'user_domain_name': 'Default', 'user_id': '956567e3528145569fa1d390092a6dc9', 'system': None}, Network: None, Subnet: None, Router: None
2025-01-02 11:56:49.424 68700 INFO tempest.lib.common.rest_client [req-95ee21ca-728a-4f8c-8008-d2b3b6409fe7 req-95ee21ca-728a-4f8c-8008-d2b3b6409fe7 ] Request (FlavorsExtraSpecsTestJSON:test_flavor_set_get_update_show_unset_keys): 200 GET http://10.180.1.21/compute/v2.1/flavors/1573901008/os-extra_specs 0.464s
2025-01-02 11:56:49.434 68746 INFO tempest.lib.common.rest_client [req-b4db5171-5de3-4d04-a1dc-2c262587b609 req-b4db5171-5de3-4d04-a1dc-2c262587b609 ] Request (HostsAdminNegativeTestJSON:test_update_nonexistent_host): 404 PUT http://10.180.1.21/compute/v2.1/os-hosts/nonexistent_hostname 0.461s
2025-01-02 11:56:49.440 68748 INFO tempest.lib.common.rest_client [req-3007cf3d-92b1-4c15-8bce-d784cc995291 req-3007cf3d-92b1-4c15-8bce-d784cc995291 ] Request (HypervisorAdminV253TestBase:setUpClass): 204 PUT http://10.180.1.21/identity/v3/projects/894bc7269bcc41c0b91fd9fff9d5c24a/users/5fd0d1fdd4c84d339ea1bba007f4c1d2/roles/35fda947592f459daea70bb9742e0001 0.102s
2025-01-02 11:56:49.440 68748 INFO tempest.lib.common.dynamic_creds [-] Dynamic test user 5fd0d1fdd4c84d339ea1bba007f4c1d2 is created with scope project and roles: ['member']
