2025-01-02 11:57:23.592 68722 INFO tempest.lib.common.rest_client [req-277ca55e-1a98-4f1f-9038-90a0940a350c req-277ca55e-1a98-4f1f-9038-90a0940a350c ] Request (ServerMetadataNegativeTestJSON:setUpClass): 200 GET http://10.180.1.21/identity/v3/domains?name=Default 0.033s
2025-01-02 11:57:23.609 68712 INFO tempest.lib.common.rest_client [req-dbf94e21-492a-4a09-8aa8-7f5d8017b24f req-dbf94e21-492a-4a09-8aa8-7f5d8017b24f ] Request (ServicesAdminNegativeTestJSON:setUpClass): 200 GET http://10.180.1.21/identity/v3/roles 0.027s
2025-01-02 11:57:23.623 68738 INFO tempest.lib.common.rest_client [req-f0c2c4ce-1eb1-4178-ae88-3f14e19241be req-f0c2c4ce-1eb1-4178-ae88-3f14e19241be ] Request (FlavorsV2TestJSON:tearDownClass): 200 GET http://10.180.1.21:9696/networking/v2.0/security-groups?tenant_id=831f98e56736489a9d360a869c2d2e9c&name=default 0.368s
2025-01-02 11:57:23.629 68722 INFO tempest.lib.common.rest_client [req-b059878f-9825-49fe-a10e-a18d4f4a25d1 req-b059878f-9825-49fe-a10e-a18d4f4a25d1 ] Request (ServerMetadataNegativeTestJSON:setUpClass): 201 POST http://10.180.1.21/identity/v3/projects 0.036s
2025-01-02 11:57:23.641 68756 INFO tempest.lib.common.rest_client [req-6c4dc1cf-c6e9-428b-aca9-1963837fabaf req-6c4dc1cf-c6e9-428b-aca9-1963837fabaf ] Request (FloatingIPsAssociationNegativeTestJSON:setUpClass): 200 GET http://10.180.1.21/compute/v2.1/servers/fd699fda-28a7-4cd2-bd87-f2f2d28dce65 1.002s
2025-01-02 11:57:23.661 68712 INFO tempest.lib.common.rest_client [req-646ed46e-2ae9-4f60-98b9-69659482bc7d req-646ed46e-2ae9-4f60-98b9-69659482bc7d ] Request (ServicesAdminNegativeTestJSON:setUpClass): 204 PUT http://10.180.1.21/identity/v3/projects/f6b922de892446dca5510e37ce04087f/users/bf444d602c264e73bf641759b335a2c8/roles/389a5a2a606142f4ac9275b62bcb18a9 0.052s
2025-01-02 11:57:23.674 68754 INFO tempest.lib.common.rest_client [req-b302180f-10b2-47cb-a667-577ddd34355a req-b302180f-10b2-47cb-a667-577ddd34355a ] Request (SecurityGroupRulesTestJSON:_run_cleanups): 202 DELETE http://10.180.1.21/compute/v2.1/os-security-group-rules/22f58062-1421-44b7-a530-8f22e9fddf20 0.979s
2025-01-02 11:57:23.722 68712 INFO tempest.lib.common.rest_client [req-248f95f9-b9e0-4824-b7db-d828ad081b43 req-248f95f9-b9e0-4824-b7db-d828ad081b43 ] Request (ServicesAdminNegativeTestJSON:setUpClass): 200 GET http://10.180.1.21/identity/v3/roles 0.059s
2025-01-02 11:57:23.730 68722 INFO tempest.lib.common.rest_client [req-90f3d8e3-39f4-4e4e-add2-a4f03cec26ca req-90f3d8e3-39f4-4e4e-add2-a4f03cec26ca ] Request (ServerMetadataNegativeTestJSON:setUpClass): 201 POST http://10.180.1.21/identity/v3/users 0.100s
2025-01-02 11:57:23.745 68712 INFO tempest.lib.common.rest_client [req-f0bbcdf9-e3c0-415d-9c91-cac04833f597 req-f0bbcdf9-e3c0-415d-9c91-cac04833f597 ] Request (ServicesAdminNegativeTestJSON:setUpClass): 204 PUT http://10.180.1.21/identity/v3/projects/f6b922de892446dca5510e37ce04087f/users/bf444d602c264e73bf641759b335a2c8/roles/389a5a2a606142f4ac9275b62bcb18a9 0.023s
2025-01-02 11:57:23.745 68712 INFO tempest.lib.common.dynamic_creds [-] Dynamic test user bf444d602c264e73bf641759b335a2c8 is created with scope project and roles: ['admin']
2025-01-02 11:57:23.745 68712 INFO tempest.lib.common.dynamic_creds [-] Acquired dynamic creds: credentials: Credentials: {'domain_id': 'default', 'domain_name': 'Default', 'username': 'tempest-ServicesAdminNegativeTestJSON-2139845158-project-admin', 'project_domain_id': 'default', 'project_domain_name': 'Default', 'project_id': 'f6b922de892446dca5510e37ce04087f', 'project_name': 'tempest-ServicesAdminNegativeTestJSON-2139845158', 'tenant_id': 'f6b922de892446dca5510e37ce04087f', 'tenant_name': 'tempest-ServicesAdminNegativeTestJSON-2139845158', 'user_domain_id': 'default', 'user_domain_name': 'Default', 'user_id': 'bf444d602c264e73bf641759b335a2c8', 'system': None}, Network: None, Subnet: None, Router: None
2025-01-02 11:57:23.746 68712 INFO tempest.lib.common.dynamic_creds [-] Created isolated network resources for: credentials: Credentials: {'domain_id': 'default', 'domain_name': 'Default', 'username': 'tempest-ServicesAdminNegativeTestJSON-2139845158-project-admin', 'project_domain_id': 'default', 'project_domain_name': 'Default', 'project_id': 'f6b922de892446dca5510e37ce04087f', 'project_name': 'tempest-ServicesAdminNegativeTestJSON-2139845158', 'tenant_id': 'f6b922de892446dca5510e37ce04087f', 'tenant_name': 'tempest-ServicesAdminNegativeTestJSON-2139845158', 'user_domain_id': 'default', 'user_domain_name': 'Default', 'user_id': 'bf444d602c264e73bf641759b335a2c8', 'system': None}, Network: None, Subnet: None, Router: None
2025-01-02 11:57:23.750 68734 INFO tempest.lib.common.rest_client [req-fd0e1644-8fd1-40d1-95ac-9217d42eab74 req-fd0e1644-8fd1-40d1-95ac-9217d42eab74 ] Request (VolumesAdminNegativeTest:test_update_attached_volume_with_nonexistent_volume_in_body): 200 GET http://10.180.1.21/compute/v2.1/servers/71b4eb74-3e75-44d0-a132-0fa238a09fd2 1.029s
2025-01-02 11:57:23.753 68722 INFO tempest.lib.common.rest_client [req-058fbd83-7799-45d7-84ce-5d4889843922 req-058fbd83-7799-45d7-84ce-5d4889843922 ] Request (ServerMetadataNegativeTestJSON:setUpClass): 200 GET http://10.180.1.21/identity/v3/roles 0.023s
2025-01-02 11:57:23.765 68710 INFO tempest.lib.common.rest_client [req-46c81149-efab-45cf-ae76-919aef7e64fc req-46c81149-efab-45cf-ae76-919aef7e64fc ] Request (ServersTestBootFromVolume:setUpClass): 200 GET http://10.180.1.21/volume/v3/volumes/c4265df9-3e22-4e8d-bca4-519834826f48 0.036s
2025-01-02 11:57:23.779 68696 INFO tempest.lib.common.rest_client [req-f043dd01-f1a4-4b30-8c26-dd4a96cb12b5 req-f043dd01-f1a4-4b30-8c26-dd4a96cb12b5 ] Request (FlavorsAdminTestJSON:_run_cleanups): 200 GET http://10.180.1.21/compute/v2.1/flavors/detail 0.738s
2025-01-02 11:57:23.830 68712 INFO tempest.lib.common.rest_client [req-42a78483-7733-45f0-8bd9-1a99dad06599 req-42a78483-7733-45f0-8bd9-1a99dad06599 ] Request (ServicesAdminNegativeTestJSON:setUpClass): 201 POST http://10.180.1.21/identity/v3/auth/tokens 0.082s
2025-01-02 11:57:23.835 68722 INFO tempest.lib.common.rest_client [req-474872dc-3a28-4f87-822b-da34ecc340a0 req-474872dc-3a28-4f87-822b-da34ecc340a0 ] Request (ServerMetadataNegativeTestJSON:setUpClass): 204 PUT http://10.180.1.21/identity/v3/projects/a5af2bfbb2f047c98cd27b6d308b8661/users/4b33edb523f6458a89d78eb940565d46/roles/35fda947592f459daea70bb9742e0001 0.081s
2025-01-02 11:57:23.835 68748 INFO tempest.lib.common.rest_client [req-ac527171-41af-4803-9166-3703d5a56be9 req-ac527171-41af-4803-9166-3703d5a56be9 ] Request (FloatingIPsTestJSON:_run_cleanups): 404 DELETE http://10.180.1.21/compute/v2.1/os-floating-ips/ddc93d16-5363-4895-b86f-c37733f74843 0.752s
2025-01-02 11:57:23.835 68722 INFO tempest.lib.common.dynamic_creds [-] Dynamic test user 4b33edb523f6458a89d78eb940565d46 is created with scope project and roles: ['member']
2025-01-02 11:57:23.835 68722 INFO tempest.lib.common.dynamic_creds [-] Acquired dynamic creds: credentials: Credentials: {'domain_id': 'default', 'domain_name': 'Default', 'username': 'tempest-ServerMetadataNegativeTestJSON-1142160820-project-member', 'project_domain_id': 'default', 'project_domain_name': 'Default', 'project_id': 'a5af2bfbb2f047c98cd27b6d308b8661', 'project_name': 'tempest-ServerMetadataNegativeTestJSON-1142160820', 'tenant_id': 'a5af2bfbb2f047c98cd27b6d308b8661', 'tenant_name': 'tempest-ServerMetadataNegativeTestJSON-1142160820', 'user_domain_id': 'default', 'user_domain_name': 'Default', 'user_id': '4b33edb523f6458a89d78eb940565d46', 'system': None}, Network: None, Subnet: None, Router: None
2025-01-02 11:57:23.850 68724 INFO tempest.lib.common.rest_client [req-9411f48c-757d-4ff7-b453-c19483973852 req-9411f48c-757d-4ff7-b453-c19483973852 ] Request (ImagesOneServerNegativeTestJSON:tearDown): 200 GET http://10.180.1.21/compute/v2.1/servers/5ef4df0b-ad8b-4906-a304-fbe776db4943 0.880s
2025-01-02 11:57:23.874 68714 INFO tempest.lib.common.rest_client [req-34093635-5bdd-4f42-a639-e87079ccc37b req-34093635-5bdd-4f42-a639-e87079ccc37b ] Request (ServicesAdminNegativeV253TestJSON:test_enable_service_with_invalid_service_id): 404 PUT http://10.180.1.21/compute/v2.1/os-services/eb083d5b-83e0-4899-8a54-a3db7f209090 0.529s
2025-01-02 11:57:23.883 68738 INFO tempest.lib.common.rest_client [req-78102822-fa28-44af-8e95-b642cc36ed3c req-78102822-fa28-44af-8e95-b642cc36ed3c ] Request (FlavorsV2TestJSON:tearDownClass): 204 DELETE http://10.180.1.21:9696/networking/v2.0/security-groups/d9b211d1-c08e-4b44-ab9d-3795b2e4699f 0.260s
2025-01-02 11:57:23.905 68722 INFO tempest.lib.common.rest_client [req-5000b615-7fe0-4fd0-8a02-96a16a0798f8 req-5000b615-7fe0-4fd0-8a02-96a16a0798f8 ] Request (ServerMetadataNegativeTestJSON:setUpClass): 201 POST http://10.180.1.21/identity/v3/auth/tokens 0.070s
2025-01-02 11:57:23.948 68750 INFO tempest.lib.common.rest_client [req-0345aff2-af04-4c9a-8624-4657f3cf7b95 req-0345aff2-af04-4c9a-8624-4657f3cf7b95 ] Request (DeleteServersAdminTestJSON:test_delete_server_while_in_error_state): 200 GET http://10.180.1.21/compute/v2.1/servers/1bc60127-2c17-4962-b6fe-0785357c36ca 0.602s
2025-01-02 11:57:24.020 68726 INFO tempest.lib.common.rest_client [req-fb7498b5-5c8e-471d-84c6-93137d174c3c req-fb7498b5-5c8e-471d-84c6-93137d174c3c ] Request (ServerAddressesNegativeTestJSON:setUpClass): 200 GET http://10.180.1.21/compute/v2.1/servers/3e37b98e-c5f5-446c-8ac2-dacdf8ce7106 0.574s
2025-01-02 11:57:24.022 68738 INFO tempest.lib.common.rest_client [req-68b6246e-690d-4fb4-a647-cb08b16d97a9 req-68b6246e-690d-4fb4-a647-cb08b16d97a9 ] Request (FlavorsV2TestJSON:tearDownClass): 204 DELETE http://10.180.1.21/identity/v3/projects/831f98e56736489a9d360a869c2d2e9c 0.137s
2025-01-02 11:57:24.084 68738 INFO tempest.lib.common.rest_client [req-415d4f5c-309f-4dcf-9ff0-b73b36466bb5 req-415d4f5c-309f-4dcf-9ff0-b73b36466bb5 ] Request (ServerDiskConfigTestJSON:setUpClass): 201 POST http://10.180.1.21/identity/v3/auth/tokens 0.060s
2025-01-02 11:57:24.126 68738 INFO tempest.lib.common.rest_client [req-b4d1870e-308c-40c8-a864-2b1bfb8f7b20 req-b4d1870e-308c-40c8-a864-2b1bfb8f7b20 ] Request (ServerDiskConfigTestJSON:setUpClass): 201 POST http://10.180.1.21/identity/v3/auth/tokens 0.038s
2025-01-02 11:57:24.142 68700 INFO tempest.lib.common.rest_client [req-51784611-aaaf-4d07-9f2e-85c159fab2c0 req-51784611-aaaf-4d07-9f2e-85c159fab2c0 ] Request (ServerGroup264TestJSON:setUpClass): 201 POST http://10.180.1.21:9696/networking/v2.0/routers 1.304s
2025-01-02 11:57:24.160 68738 INFO tempest.lib.common.rest_client [req-bd7df9ab-a1a9-4c54-8c40-3aab4b1e1d61 req-bd7df9ab-a1a9-4c54-8c40-3aab4b1e1d61 ] Request (ServerDiskConfigTestJSON:setUpClass): 200 GET http://10.180.1.21/identity/v3/domains?name=Default 0.033s
2025-01-02 11:57:24.173 68731 INFO tempest.lib.common.rest_client [req-e8d46545-3fe2-4634-be2b-d012c1fbe77d req-e8d46545-3fe2-4634-be2b-d012c1fbe77d ] Request (MultipleCreateTestJSON:test_multiple_create): 200 GET http://10.180.1.21/compute/v2.1/servers/16e7a58b-3c51-4793-b128-d418f7173f7a 0.839s
2025-01-02 11:57:24.199 68738 INFO tempest.lib.common.rest_client [req-7a7bfcea-9295-4218-9184-78b4ca0a7cbd req-7a7bfcea-9295-4218-9184-78b4ca0a7cbd ] Request (ServerDiskConfigTestJSON:setUpClass): 201 POST http://10.180.1.21/identity/v3/projects 0.039s
2025-01-02 11:57:24.253 68716 INFO tempest.lib.common.rest_client [req-c0753d65-fa3b-4a19-8a02-3f23e960f062 req-c0753d65-fa3b-4a19-8a02-3f23e960f062 ] Request (ServersWithSpecificFlavorTestJSON:setUpClass): 201 POST http://10.180.1.21:9696/networking/v2.0/routers 2.345s
2025-01-02 11:57:24.256 68738 INFO tempest.lib.common.rest_client [req-6282bc21-9f9c-41a9-9ed5-df687f1679bc req-6282bc21-9f9c-41a9-9ed5-df687f1679bc ] Request (ServerDiskConfigTestJSON:setUpClass): 201 POST http://10.180.1.21/identity/v3/users 0.057s
2025-01-02 11:57:24.258 68704 INFO tempest.lib.common.rest_client [req-7ceff974-952e-4bad-80ae-6a632b732606 req-7ceff974-952e-4bad-80ae-6a632b732606 ] Request (ServersAdmin275Test:_run_cleanups): 200 GET http://10.180.1.21/compute/v2.1/servers/3cec7e1e-84cb-4055-a25f-b36579dd1511 0.616s
2025-01-02 11:57:24.278 68738 INFO tempest.lib.common.rest_client [req-6fe5d9e7-ac79-48ab-aca4-c00cc40d52a6 req-6fe5d9e7-ac79-48ab-aca4-c00cc40d52a6 ] Request (ServerDiskConfigTestJSON:setUpClass): 200 GET http://10.180.1.21/identity/v3/roles 0.021s
2025-01-02 11:57:24.316 68738 INFO tempest.lib.common.rest_client [req-5b83696b-59a6-4c1f-afc9-ef1a3cb03b00 req-5b83696b-59a6-4c1f-afc9-ef1a3cb03b00 ] Request (ServerDiskConfigTestJSON:setUpClass): 204 PUT http://10.180.1.21/identity/v3/projects/0a2d0199021141198e0a8cc981e6d49d/users/224173c61c32462c948e82a685c45e7a/roles/35fda947592f459daea70bb9742e0001 0.037s
2025-01-02 11:57:24.316 68738 INFO tempest.lib.common.dynamic_creds [-] Dynamic test user 224173c61c32462c948e82a685c45e7a is created with scope project and roles: ['member']
2025-01-02 11:57:24.317 68738 INFO tempest.lib.common.dynamic_creds [-] Acquired dynamic creds: credentials: Credentials: {'domain_id': 'default', 'domain_name': 'Default', 'username': 'tempest-ServerDiskConfigTestJSON-2105179214-project-member', 'project_domain_id': 'default', 'project_domain_name': 'Default', 'project_id': '0a2d0199021141198e0a8cc981e6d49d', 'project_name': 'tempest-ServerDiskConfigTestJSON-2105179214', 'tenant_id': '0a2d0199021141198e0a8cc981e6d49d', 'tenant_name': 'tempest-ServerDiskConfigTestJSON-2105179214', 'user_domain_id': 'default', 'user_domain_name': 'Default', 'user_id': '224173c61c32462c948e82a685c45e7a', 'system': None}, Network: None, Subnet: None, Router: None
2025-01-02 11:57:24.386 68708 INFO tempest.lib.common.rest_client [req-e1b80b5e-2426-43dc-9f03-58951e9458bb req-e1b80b5e-2426-43dc-9f03-58951e9458bb ] Request (MigrationsAdminTest:test_list_migrations_in_flavor_resize_situation): 200 GET http://10.180.1.21/compute/v2.1/servers/fe9c3f7c-4c8b-426b-85c1-6fc0f325609e 0.847s
2025-01-02 11:57:24.395 68708 INFO tempest.common.waiters [-] State transition "RESIZE/resize_migrating" ==> "RESIZE/resize_migrated" after 28 second wait
2025-01-02 11:57:24.396 68738 INFO tempest.lib.common.rest_client [req-2f482439-c409-48f4-b5bf-b792f955d861 req-2f482439-c409-48f4-b5bf-b792f955d861 ] Request (ServerDiskConfigTestJSON:setUpClass): 201 POST http://10.180.1.21/identity/v3/auth/tokens 0.079s
2025-01-02 11:57:24.410 68696 INFO tempest.lib.common.rest_client [req-97504bde-3b1c-4679-8af7-f9dd0716e9ad req-97504bde-3b1c-4679-8af7-f9dd0716e9ad ] Request (FlavorsAdminTestJSON:_run_cleanups): 202 DELETE http://10.180.1.21/compute/v2.1/flavors/1673107320 0.627s
2025-01-02 11:57:24.493 68740 INFO tempest.lib.common.rest_client [req-cbcac39f-270c-45e8-8e17-cecb3959e9c4 req-cbcac39f-270c-45e8-8e17-cecb3959e9c4 ] Request (ServerDiagnosticsTest:tearDownClass): 200 GET http://10.180.1.21/compute/v2.1/servers/028ce127-561f-4a3a-b427-e0c462457550 0.695s
2025-01-02 11:57:24.642 68712 INFO tempest.lib.common.rest_client [req-15ae5381-faa3-4a15-bc41-f6305f9e5ae3 req-15ae5381-faa3-4a15-bc41-f6305f9e5ae3 ] Request (ServicesAdminNegativeTestJSON:test_get_service_by_invalid_params): 200 GET http://10.180.1.21/compute/v2.1/os-services 0.811s
2025-01-02 11:57:24.731 68754 INFO tempest.lib.common.rest_client [req-06f90c09-0026-4c4e-b223-657f87fad8d6 req-06f90c09-0026-4c4e-b223-657f87fad8d6 ] Request (SecurityGroupRulesTestJSON:tearDownClass): 202 DELETE http://10.180.1.21/compute/v2.1/os-security-groups/386eca45-6051-45ec-b4fb-6f6d315694cb 1.056s
2025-01-02 11:57:24.814 68710 INFO tempest.lib.common.rest_client [req-f8994019-cfbf-47eb-8a02-ba4b667c394d req-f8994019-cfbf-47eb-8a02-ba4b667c394d ] Request (ServersTestBootFromVolume:setUpClass): 200 GET http://10.180.1.21/volume/v3/volumes/c4265df9-3e22-4e8d-bca4-519834826f48 0.039s
2025-01-02 11:57:24.816 68722 INFO tempest.lib.common.rest_client [req-d2a53140-216d-440c-9916-49508d5e790d req-d2a53140-216d-440c-9916-49508d5e790d ] Request (ServerMetadataNegativeTestJSON:setUpClass): 201 POST http://10.180.1.21:9696/networking/v2.0/networks 0.910s
2025-01-02 11:57:24.907 68724 INFO tempest.lib.common.rest_client [req-7f86f635-874e-4025-a80b-749dcbf8a2b6 req-7f86f635-874e-4025-a80b-749dcbf8a2b6 ] Request (ImagesOneServerNegativeTestJSON:setUp): 200 GET http://10.180.1.21/compute/v2.1/servers/5ef4df0b-ad8b-4906-a304-fbe776db4943 1.045s
2025-01-02 11:57:24.933 68714 INFO tempest.lib.common.rest_client [req-64f16d51-a388-414a-944f-bad43ce6327f req-64f16d51-a388-414a-944f-bad43ce6327f ] Request (ServicesAdminNegativeV253TestJSON:test_get_service_by_invalid_params): 200 GET http://10.180.1.21/compute/v2.1/os-services 1.055s
2025-01-02 11:57:25.028 68698 INFO tempest.lib.common.rest_client [req-5ecba048-53f4-4004-98a4-246b683f855a req-5ecba048-53f4-4004-98a4-246b683f855a ] Request (ServerDiagnosticsV248Test:tearDownClass): 200 GET http://10.180.1.21/compute/v2.1/servers/1747a27d-b414-457a-ac2a-5bae20896432 1.121s
2025-01-02 11:57:25.059 68742 WARNING tempest.lib.common.ssh [-] Failed to establish authenticated ssh connection to cirros@10.180.180.195 ([Errno None] Unable to connect to port 22 on 10.180.180.195). Number attempts: 2. Retry after 3 seconds.: paramiko.ssh_exception.NoValidConnectionsError: [Errno None] Unable to connect to port 22 on 10.180.180.195
2025-01-02 11:57:25.115 68738 INFO tempest.lib.common.rest_client [req-6e2a1997-2a53-4b36-bbad-dc6413ff51f2 req-6e2a1997-2a53-4b36-bbad-dc6413ff51f2 ] Request (ServerDiskConfigTestJSON:setUpClass): 201 POST http://10.180.1.21:9696/networking/v2.0/networks 0.717s
2025-01-02 11:57:25.121 68706 INFO tempest.lib.common.rest_client [req-765970a0-d43c-422d-8a2b-1a5e0b9c44b0 req-765970a0-d43c-422d-8a2b-1a5e0b9c44b0 ] Request (ListImageFiltersTestJSON:setUpClass): 200 GET http://10.180.1.21/compute/v2.1/servers/f08cdd8f-d853-40c7-b5d8-11a1a494cba6 1.150s
2025-01-02 11:57:25.146 68746 INFO tempest.lib.common.rest_client [req-05e7a892-8fbc-45ed-abb2-5f4e7e39690f req-05e7a892-8fbc-45ed-abb2-5f4e7e39690f ] Request (ServerDiagnosticsNegativeTest:test_get_server_diagnostics_by_non_admin): 200 GET http://10.180.1.21/compute/v2.1/servers/9f8ff3a5-201b-4814-bf32-2f39c2293750 1.274s
2025-01-02 11:57:25.159 68746 INFO tempest.common.waiters [-] State transition "BUILD/networking" ==> "BUILD/spawning" after 29 second wait
2025-01-02 11:57:25.245 68718 INFO tempest.lib.common.rest_client [req-86188fce-cf4d-44b4-9b54-bf4b07be9b9d req-86188fce-cf4d-44b4-9b54-bf4b07be9b9d ] Request (ServerActionsTestOtherA:setUpClass): 200 GET http://10.180.1.21/compute/v2.1/servers/3d11142c-0197-4bd9-bf31-fffabf48ee87 1.208s
2025-01-02 11:57:25.276 68728 INFO tempest.lib.common.rest_client [req-c794f785-8ace-44a6-a242-786f0a0dc72b req-c794f785-8ace-44a6-a242-786f0a0dc72b ] Request (TenantUsagesTestJSON:tearDownClass): 200 GET http://10.180.1.21/compute/v2.1/servers/464adac6-a45c-4cc3-b0fb-1371c1438426 1.286s
2025-01-02 11:57:25.337 68731 INFO tempest.lib.common.rest_client [req-06fa643f-d68a-4071-822b-39f64a6447c3 req-06fa643f-d68a-4071-822b-39f64a6447c3 ] Request (MultipleCreateTestJSON:_run_cleanups): 204 DELETE http://10.180.1.21/compute/v2.1/servers/16e7a58b-3c51-4793-b128-d418f7173f7a 1.155s
2025-01-02 11:57:25.576 68744 INFO tempest.lib.common.rest_client [req-2d59a2e8-c282-45e7-bcef-942ad9463d0b req-2d59a2e8-c282-45e7-bcef-942ad9463d0b ] Request (ServersAdminNegativeTestJSON:test_migrate_server_invalid_state): 200 GET http://10.180.1.21/compute/v2.1/servers/9edf2e36-5cbd-410d-bf99-451a6e3abee6 1.279s
2025-01-02 11:57:25.576 68732 INFO tempest.lib.common.rest_client [req-9189c8b5-1b85-4a0a-b1ba-20d1aee53fb7 req-9189c8b5-1b85-4a0a-b1ba-20d1aee53fb7 ] Request (FloatingIPsAssociationTestJSON:setUpClass): 200 GET http://10.180.1.21/compute/v2.1/servers/dc7171f8-5b93-4c12-b878-1aa1dcc54745 1.344s
2025-01-02 11:57:25.655 68696 INFO tempest.lib.common.rest_client [req-5abcb892-bb02-48d5-9658-80aaf74e6f49 req-5abcb892-bb02-48d5-9658-80aaf74e6f49 ] Request (FlavorsAdminTestJSON:_run_cleanups): 200 GET http://10.180.1.21/compute/v2.1/flavors/detail 1.244s
2025-01-02 11:57:25.677 68722 INFO tempest.lib.common.rest_client [req-705a4846-bbe7-4031-843b-d18c97c7bfda req-705a4846-bbe7-4031-843b-d18c97c7bfda ] Request (ServerMetadataNegativeTestJSON:setUpClass): 201 POST http://10.180.1.21:9696/networking/v2.0/subnets 0.860s
2025-01-02 11:57:25.681 68712 INFO tempest.lib.common.rest_client [req-6715662f-55ac-4d29-b070-71b09fab63bc req-6715662f-55ac-4d29-b070-71b09fab63bc ] Request (ServicesAdminNegativeTestJSON:test_get_service_by_invalid_params): 200 GET http://10.180.1.21/compute/v2.1/os-services?xxx=nova-compute 1.037s
2025-01-02 11:57:25.684 68702 INFO tempest.lib.common.rest_client [req-d281f9a6-eb4c-44d1-a183-c4186919e3a5 req-d281f9a6-eb4c-44d1-a183-c4186919e3a5 ] Request (ServersTestFqdnHostnames:test_create_server_with_fqdn_name): 200 GET http://10.180.1.21/compute/v2.1/servers/bc64e986-a2db-4386-bb74-b4e73761a742 1.308s
2025-01-02 11:57:25.696 68702 INFO tempest.common.waiters [-] State transition "BUILD/None" ==> "BUILD/networking" after 19 second wait
2025-01-02 11:57:25.750 68754 INFO tempest.lib.common.rest_client [req-3dccff13-d561-4d14-b3ac-e6487806be65 req-3dccff13-d561-4d14-b3ac-e6487806be65 ] Request (SecurityGroupRulesTestJSON:tearDownClass): 404 DELETE http://10.180.1.21/compute/v2.1/os-security-groups/539299b0-525c-4f15-acb9-9f9653a35acc 1.018s
2025-01-02 11:57:25.769 68756 INFO tempest.lib.common.rest_client [req-ab82f1d3-9c6d-47c5-a185-b0fde8d7649a req-ab82f1d3-9c6d-47c5-a185-b0fde8d7649a ] Request (FloatingIPsAssociationNegativeTestJSON:setUpClass): 200 GET http://10.180.1.21/compute/v2.1/servers/fd699fda-28a7-4cd2-bd87-f2f2d28dce65 1.113s
2025-01-02 11:57:25.776 68724 INFO tempest.lib.common.rest_client [req-1f7b0dfa-bf3e-46a6-a677-b3414a47f65e req-1f7b0dfa-bf3e-46a6-a677-b3414a47f65e ] Request (ImagesOneServerNegativeTestJSON:test_create_image_specify_name_over_character_limit): 400 POST http://10.180.1.21/compute/v2.1/servers/5ef4df0b-ad8b-4906-a304-fbe776db4943/action 0.857s
2025-01-02 11:57:25.797 68714 INFO tempest.lib.common.rest_client [req-425b67fe-c2c6-4ccd-95d0-cc96addce6fd req-425b67fe-c2c6-4ccd-95d0-cc96addce6fd ] Request (ServicesAdminNegativeV253TestJSON:test_get_service_by_invalid_params): 200 GET http://10.180.1.21/compute/v2.1/os-services?xxx=nova-compute 0.859s
2025-01-02 11:57:25.828 68720 WARNING tempest.lib.common.ssh [-] Failed to establish authenticated ssh connection to cirros@10.180.180.193 ([Errno None] Unable to connect to port 22 on 10.180.180.193). Number attempts: 1. Retry after 2 seconds.: paramiko.ssh_exception.NoValidConnectionsError: [Errno None] Unable to connect to port 22 on 10.180.180.193
2025-01-02 11:57:25.840 68734 INFO tempest.lib.common.rest_client [req-1c310c34-3f5d-4b3b-b83d-819cea7c2a98 req-1c310c34-3f5d-4b3b-b83d-819cea7c2a98 ] Request (VolumesAdminNegativeTest:test_update_attached_volume_with_nonexistent_volume_in_body): 200 GET http://10.180.1.21/compute/v2.1/servers/71b4eb74-3e75-44d0-a132-0fa238a09fd2 1.068s
2025-01-02 11:57:25.863 68710 INFO tempest.lib.common.rest_client [req-d7a2935c-ae82-4164-9461-5ba03a8ce76b req-d7a2935c-ae82-4164-9461-5ba03a8ce76b ] Request (ServersTestBootFromVolume:setUpClass): 200 GET http://10.180.1.21/volume/v3/volumes/c4265df9-3e22-4e8d-bca4-519834826f48 0.039s
2025-01-02 11:57:25.870 68750 INFO tempest.lib.common.rest_client [req-7d771eb1-aefe-43de-a31e-488ed596ba09 req-7d771eb1-aefe-43de-a31e-488ed596ba09 ] Request (DeleteServersAdminTestJSON:test_delete_server_while_in_error_state): 200 GET http://10.180.1.21/compute/v2.1/servers/1bc60127-2c17-4962-b6fe-0785357c36ca 0.911s
2025-01-02 11:57:25.899 68752 INFO tempest.lib.common.rest_client [req-50b352a1-60ff-4c3e-82d5-42af1d9d29b5 req-50b352a1-60ff-4c3e-82d5-42af1d9d29b5 ] Request (ServerGroupTestJSON:setUpClass): 201 POST http://10.180.1.21:9696/networking/v2.0/routers 3.019s
2025-01-02 11:57:25.930 68726 INFO tempest.lib.common.rest_client [req-2a9e6537-4093-44d8-96a4-207a988e6a07 req-2a9e6537-4093-44d8-96a4-207a988e6a07 ] Request (ServerAddressesNegativeTestJSON:setUpClass): 200 GET http://10.180.1.21/compute/v2.1/servers/3e37b98e-c5f5-446c-8ac2-dacdf8ce7106 0.904s
2025-01-02 11:57:25.937 68726 INFO tempest.common.waiters [-] State transition "BUILD/scheduling" ==> "BUILD/None" after 6 second wait
2025-01-02 11:57:25.967 68704 INFO tempest.lib.common.rest_client [req-234072da-6250-4cc0-8350-1ec693a350b1 req-234072da-6250-4cc0-8350-1ec693a350b1 ] Request (ServersAdmin275Test:_run_cleanups): 200 GET http://10.180.1.21/compute/v2.1/servers/3cec7e1e-84cb-4055-a25f-b36579dd1511 0.699s
2025-01-02 11:57:26.036 68731 INFO tempest.lib.common.rest_client [req-a473cc79-0142-41a2-885d-b5451e796fa4 req-a473cc79-0142-41a2-885d-b5451e796fa4 ] Request (MultipleCreateTestJSON:_run_cleanups): 204 DELETE http://10.180.1.21/compute/v2.1/servers/1678d6e7-9266-4cff-8f7b-d51c2bc6d8a2 0.699s
2025-01-02 11:57:26.057 68738 INFO tempest.lib.common.rest_client [req-486935e2-a4c2-4ebb-835b-a0e83881d0ed req-486935e2-a4c2-4ebb-835b-a0e83881d0ed ] Request (ServerDiskConfigTestJSON:setUpClass): 201 POST http://10.180.1.21:9696/networking/v2.0/subnets 0.942s
2025-01-02 11:57:26.119 68740 INFO tempest.lib.common.rest_client [req-44efcabc-8ee2-4df5-8a35-a242ed95b45b req-44efcabc-8ee2-4df5-8a35-a242ed95b45b ] Request (ServerDiagnosticsTest:tearDownClass): 200 GET http://10.180.1.21/compute/v2.1/servers/028ce127-561f-4a3a-b427-e0c462457550 0.616s
2025-01-02 11:57:26.137 68696 INFO tempest.lib.common.rest_client [req-48739c7f-969b-4028-8db3-87383fa5b197 req-48739c7f-969b-4028-8db3-87383fa5b197 ] Request (FlavorsAdminTestJSON:test_list_non_public_flavor): 200 POST http://10.180.1.21/compute/v2.1/flavors 0.476s
2025-01-02 11:57:26.160 68712 INFO tempest.lib.common.rest_client [req-6d63ad1b-2583-48a6-a3e0-d020b05cf33c req-6d63ad1b-2583-48a6-a3e0-d020b05cf33c ] Request (ServicesAdminNegativeTestJSON:test_get_service_by_invalid_service_and_valid_host): 200 GET http://10.180.1.21/compute/v2.1/os-services 0.473s
2025-01-02 11:57:26.235 68708 INFO tempest.lib.common.rest_client [req-3e1b0f70-ece6-421d-b6a2-6f3ef74c9085 req-3e1b0f70-ece6-421d-b6a2-6f3ef74c9085 ] Request (MigrationsAdminTest:test_list_migrations_in_flavor_resize_situation): 200 GET http://10.180.1.21/compute/v2.1/servers/fe9c3f7c-4c8b-426b-85c1-6fc0f325609e 0.839s
2025-01-02 11:57:26.592 68748 INFO tempest.lib.common.rest_client [req-5d364fd3-67ce-47c9-b5f8-cc739af506e3 req-5d364fd3-67ce-47c9-b5f8-cc739af506e3 ] Request (FloatingIPsTestJSON:tearDownClass): 200 PUT http://10.180.1.21:9696/networking/v2.0/routers/08437ab0-d1e0-4200-8282-9ce92f686406/remove_router_interface 2.754s
2025-01-02 11:57:26.658 68724 INFO tempest.lib.common.rest_client [req-576685ce-2a13-4f25-802e-0b46bfc997d0 req-576685ce-2a13-4f25-802e-0b46bfc997d0 ] Request (ImagesOneServerNegativeTestJSON:tearDown): 200 GET http://10.180.1.21/compute/v2.1/servers/5ef4df0b-ad8b-4906-a304-fbe776db4943 0.882s
2025-01-02 11:57:26.682 68714 INFO tempest.lib.common.rest_client [req-0f8145b9-eca9-4766-8a49-5b1b34a60d99 req-0f8145b9-eca9-4766-8a49-5b1b34a60d99 ] Request (ServicesAdminNegativeV253TestJSON:test_get_service_by_invalid_service_and_valid_host): 200 GET http://10.180.1.21/compute/v2.1/os-services 0.881s
2025-01-02 11:57:26.702 68754 INFO tempest.lib.common.rest_client [req-73f0aa06-df44-46ee-8f96-1c51cb2da9ca req-73f0aa06-df44-46ee-8f96-1c51cb2da9ca ] Request (SecurityGroupRulesTestJSON:tearDownClass): 202 DELETE http://10.180.1.21/compute/v2.1/os-security-groups/7bfd67a6-9294-44af-a664-15e6355f207d 0.951s
2025-01-02 11:57:26.806 68698 INFO tempest.lib.common.rest_client [req-aad4eb91-c31c-49db-8dad-acd254486bab req-aad4eb91-c31c-49db-8dad-acd254486bab ] Request (ServerDiagnosticsV248Test:tearDownClass): 200 GET http://10.180.1.21/compute/v2.1/servers/1747a27d-b414-457a-ac2a-5bae20896432 0.766s
2025-01-02 11:57:26.887 68706 INFO tempest.lib.common.rest_client [req-8a062a83-d6d3-437d-8479-6c5f7fb01331 req-8a062a83-d6d3-437d-8479-6c5f7fb01331 ] Request (ListImageFiltersTestJSON:setUpClass): 200 GET http://10.180.1.21/compute/v2.1/servers/f08cdd8f-d853-40c7-b5d8-11a1a494cba6 0.756s
2025-01-02 11:57:26.899 68710 INFO tempest.lib.common.rest_client [req-50e72deb-56a6-4e91-9d9a-a90e36d7c700 req-50e72deb-56a6-4e91-9d9a-a90e36d7c700 ] Request (ServersTestBootFromVolume:setUpClass): 200 GET http://10.180.1.21/volume/v3/volumes/c4265df9-3e22-4e8d-bca4-519834826f48 0.028s
2025-01-02 11:57:26.912 68696 INFO tempest.lib.common.rest_client [req-ef3fef99-2d03-4a17-98f5-1e39597c971c req-ef3fef99-2d03-4a17-98f5-1e39597c971c ] Request (FlavorsAdminTestJSON:test_list_non_public_flavor): 200 GET http://10.180.1.21/compute/v2.1/flavors/detail 0.772s
2025-01-02 11:57:26.919 68736 WARNING tempest.lib.common.ssh [-] Failed to establish authenticated ssh connection to cirros@10.180.180.181 ([Errno None] Unable to connect to port 22 on 10.180.180.181). Number attempts: 1. Retry after 2 seconds.: paramiko.ssh_exception.NoValidConnectionsError: [Errno None] Unable to connect to port 22 on 10.180.180.181
2025-01-02 11:57:27.226 68731 INFO tempest.lib.common.rest_client [req-42333a2d-5e2a-49a7-ab71-d46a8ea1660a req-42333a2d-5e2a-49a7-ab71-d46a8ea1660a ] Request (MultipleCreateTestJSON:_run_cleanups): 200 GET http://10.180.1.21/compute/v2.1/servers/16e7a58b-3c51-4793-b128-d418f7173f7a 1.189s
2025-01-02 11:57:27.260 68746 INFO tempest.lib.common.rest_client [req-beff9ffe-0b3c-4ffe-bf74-e7041b4e2137 req-beff9ffe-0b3c-4ffe-bf74-e7041b4e2137 ] Request (ServerDiagnosticsNegativeTest:test_get_server_diagnostics_by_non_admin): 200 GET http://10.180.1.21/compute/v2.1/servers/9f8ff3a5-201b-4814-bf32-2f39c2293750 1.100s
2025-01-02 11:57:27.266 68712 INFO tempest.lib.common.rest_client [req-f39330f4-8240-4850-b730-e33ab599158e req-f39330f4-8240-4850-b730-e33ab599158e ] Request (ServicesAdminNegativeTestJSON:test_get_service_by_invalid_service_and_valid_host): 200 GET http://10.180.1.21/compute/v2.1/os-services?host=devstack&binary=xxx 1.102s
2025-01-02 11:57:27.358 68718 INFO tempest.lib.common.rest_client [req-54bbb8c1-742b-47b1-a3c3-9cfa1f42422e req-54bbb8c1-742b-47b1-a3c3-9cfa1f42422e ] Request (ServerActionsTestOtherA:setUpClass): 200 GET http://10.180.1.21/compute/v2.1/servers/3d11142c-0197-4bd9-bf31-fffabf48ee87 1.103s
2025-01-02 11:57:27.377 68728 INFO tempest.lib.common.rest_client [req-1680892c-1bae-4384-82d1-b0ef051221c7 req-1680892c-1bae-4384-82d1-b0ef051221c7 ] Request (TenantUsagesTestJSON:tearDownClass): 200 GET http://10.180.1.21/compute/v2.1/servers/464adac6-a45c-4cc3-b0fb-1371c1438426 1.091s
2025-01-02 11:57:27.523 68700 INFO tempest.lib.common.rest_client [req-06ed2fc4-5c3e-41b7-92b8-52d1e1ebeca0 req-06ed2fc4-5c3e-41b7-92b8-52d1e1ebeca0 ] Request (ServerGroup264TestJSON:setUpClass): 200 PUT http://10.180.1.21:9696/networking/v2.0/routers/b9fa8b8f-fcf0-4437-a949-3db0d764026f/add_router_interface 3.380s
2025-01-02 11:57:27.524 68700 INFO tempest.lib.common.dynamic_creds [-] Created isolated network resources for: credentials: Credentials: {'domain_id': 'default', 'domain_name': 'Default', 'username': 'tempest-ServerGroup264TestJSON-982127171-project-member', 'project_domain_id': 'default', 'project_domain_name': 'Default', 'project_id': 'ad07052d954e4dc3aac27bdcb31c1864', 'project_name': 'tempest-ServerGroup264TestJSON-982127171', 'tenant_id': 'ad07052d954e4dc3aac27bdcb31c1864', 'tenant_name': 'tempest-ServerGroup264TestJSON-982127171', 'user_domain_id': 'default', 'user_domain_name': 'Default', 'user_id': '887f5cf757394f3f98180dc6f115ef66', 'system': None}, Network: {'id': 'e748d9da-7615-4556-a8b9-d42bdc8b5def', 'name': 'tempest-ServerGroup264TestJSON-9474724-network', 'tenant_id': 'ad07052d954e4dc3aac27bdcb31c1864', 'admin_state_up': True, 'mtu': 8950, 'status': 'ACTIVE', 'subnets': [], 'shared': False, 'project_id': 'ad07052d954e4dc3aac27bdcb31c1864', 'port_security_enabled': True, 'router:external': False, 'provider:network_type': 'vlan', 'provider:physical_network': 'default', 'provider:segmentation_id': 6, 'availability_zone_hints': [], 'availability_zones': [], 'ipv4_address_scope': None, 'ipv6_address_scope': None, 'description': '', 'tags': [], 'created_at': '2025-01-02T11:57:22Z', 'updated_at': '2025-01-02T11:57:22Z', 'revision_number': 1}, Subnet: {'id': 'e415533e-04d5-4075-a77c-5de86c1f6175', 'name': 'tempest-ServerGroup264TestJSON-9474724-subnet', 'tenant_id': 'ad07052d954e4dc3aac27bdcb31c1864', 'network_id': 'e748d9da-7615-4556-a8b9-d42bdc8b5def', 'ip_version': 4, 'subnetpool_id': None, 'enable_dhcp': True, 'ipv6_ra_mode': None, 'ipv6_address_mode': None, 'gateway_ip': '192.168.128.1', 'cidr': '192.168.128.0/28', 'allocation_pools': [{'start': '192.168.128.2', 'end': '192.168.128.14'}], 'host_routes': [], 'dns_nameservers': [], 'description': '', 'router:external': False, 'service_types': [], 'tags': [], 'created_at': '2025-01-02T11:57:22Z', 'updated_at': '2025-01-02T11:57:22Z', 'revision_number': 0, 'project_id': 'ad07052d954e4dc3aac27bdcb31c1864'}, Router: {'id': 'b9fa8b8f-fcf0-4437-a949-3db0d764026f', 'name': 'tempest-ServerGroup264TestJSON-9474724-router', 'tenant_id': 'ad07052d954e4dc3aac27bdcb31c1864', 'admin_state_up': True, 'status': 'ACTIVE', 'external_gateway_info': {'network_id': '8137e767-3006-4c0f-9d31-3a792621ef06', 'external_fixed_ips': [{'subnet_id': '772f49e1-bb93-40cd-aa5a-04180de07aed', 'ip_address': '10.180.180.158'}], 'enable_snat': True}, 'description': '', 'availability_zones': [], 'distributed': False, 'ha': False, 'availability_zone_hints': [], 'routes': [], 'flavor_id': None, 'tags': [], 'created_at': '2025-01-02T11:57:22Z', 'updated_at': '2025-01-02T11:57:23Z', 'revision_number': 2, 'project_id': 'ad07052d954e4dc3aac27bdcb31c1864'}
2025-01-02 11:57:27.645 68700 INFO tempest.lib.common.rest_client [req-5c1e3a9c-87bd-4aea-88d3-a2edd866ee22 req-5c1e3a9c-87bd-4aea-88d3-a2edd866ee22 ] Request (ServerGroup264TestJSON:setUpClass): 201 POST http://10.180.1.21/identity/v3/auth/tokens 0.116s
2025-01-02 11:57:27.647 68732 INFO tempest.lib.common.rest_client [req-bcfe0617-3bd7-49c2-ae1b-033d9161a78e req-bcfe0617-3bd7-49c2-ae1b-033d9161a78e ] Request (FloatingIPsAssociationTestJSON:setUpClass): 200 GET http://10.180.1.21/compute/v2.1/servers/dc7171f8-5b93-4c12-b878-1aa1dcc54745 1.059s
2025-01-02 11:57:27.671 68744 INFO tempest.lib.common.rest_client [req-4e9f110b-9e0a-4cb3-9de0-181c40a9e4dc req-4e9f110b-9e0a-4cb3-9de0-181c40a9e4dc ] Request (ServersAdminNegativeTestJSON:test_migrate_server_invalid_state): 200 GET http://10.180.1.21/compute/v2.1/servers/9edf2e36-5cbd-410d-bf99-451a6e3abee6 1.082s
2025-01-02 11:57:27.692 68714 INFO tempest.lib.common.rest_client [req-d67d6a90-e958-467d-a04e-991aa80f6815 req-d67d6a90-e958-467d-a04e-991aa80f6815 ] Request (ServicesAdminNegativeV253TestJSON:test_get_service_by_invalid_service_and_valid_host): 200 GET http://10.180.1.21/compute/v2.1/os-services?host=devstack&binary=xxx 1.004s
2025-01-02 11:57:27.823 68722 INFO tempest.lib.common.rest_client [req-a72dce44-ab39-4706-9052-0e7835cfc884 req-a72dce44-ab39-4706-9052-0e7835cfc884 ] Request (ServerMetadataNegativeTestJSON:setUpClass): 201 POST http://10.180.1.21:9696/networking/v2.0/routers 2.143s
2025-01-02 11:57:27.889 68724 INFO tempest.lib.common.rest_client [req-6f4a2c23-d133-446d-9547-3f9e4de70952 req-6f4a2c23-d133-446d-9547-3f9e4de70952 ] Request (ImagesOneServerNegativeTestJSON:setUp): 200 GET http://10.180.1.21/compute/v2.1/servers/5ef4df0b-ad8b-4906-a304-fbe776db4943 1.221s
2025-01-02 11:57:27.941 68710 INFO tempest.lib.common.rest_client [req-0c2f69d6-93e8-47cc-99da-87dbfac6c2c6 req-0c2f69d6-93e8-47cc-99da-87dbfac6c2c6 ] Request (ServersTestBootFromVolume:setUpClass): 200 GET http://10.180.1.21/volume/v3/volumes/c4265df9-3e22-4e8d-bca4-519834826f48 0.035s
2025-01-02 11:57:28.151 68754 INFO tempest.lib.common.rest_client [req-c31f4dbd-7502-4f99-8aa6-ed30ee11721c req-c31f4dbd-7502-4f99-8aa6-ed30ee11721c ] Request (SecurityGroupRulesTestJSON:tearDownClass): 202 DELETE http://10.180.1.21/compute/v2.1/os-security-groups/7217cbb7-2732-44df-9be8-c2bf5cccf24d 1.449s
2025-01-02 11:57:28.223 68756 INFO tempest.lib.common.rest_client [req-8767299c-da3a-4cf7-953f-15053263079b req-8767299c-da3a-4cf7-953f-15053263079b ] Request (FloatingIPsAssociationNegativeTestJSON:setUpClass): 200 GET http://10.180.1.21/compute/v2.1/servers/fd699fda-28a7-4cd2-bd87-f2f2d28dce65 1.447s
2025-01-02 11:57:28.296 68734 INFO tempest.lib.common.rest_client [req-c8a435e1-2401-4dd5-8cc5-72521e0a48c4 req-c8a435e1-2401-4dd5-8cc5-72521e0a48c4 ] Request (VolumesAdminNegativeTest:test_update_attached_volume_with_nonexistent_volume_in_body): 200 GET http://10.180.1.21/compute/v2.1/servers/71b4eb74-3e75-44d0-a132-0fa238a09fd2 1.449s
2025-01-02 11:57:28.321 68702 INFO tempest.lib.common.rest_client [req-257a5368-e404-4384-a329-55dedf1614e1 req-257a5368-e404-4384-a329-55dedf1614e1 ] Request (ServersTestFqdnHostnames:test_create_server_with_fqdn_name): 200 GET http://10.180.1.21/compute/v2.1/servers/bc64e986-a2db-4386-bb74-b4e73761a742 1.622s
2025-01-02 11:57:28.331 68702 INFO tempest.common.waiters [-] State transition "BUILD/networking" ==> "BUILD/spawning" after 22 second wait
2025-01-02 11:57:28.349 68696 INFO tempest.lib.common.rest_client [req-49d09cc2-7e99-4f25-a67b-22b8252bb099 req-49d09cc2-7e99-4f25-a67b-22b8252bb099 ] Request (FlavorsAdminTestJSON:test_list_non_public_flavor): 200 GET http://10.180.1.21/compute/v2.1/flavors/detail 1.432s
2025-01-02 11:57:28.367 68750 INFO tempest.lib.common.rest_client [req-a7323a29-3d84-4182-891e-459d3e3430d4 req-a7323a29-3d84-4182-891e-459d3e3430d4 ] Request (DeleteServersAdminTestJSON:test_delete_server_while_in_error_state): 200 GET http://10.180.1.21/compute/v2.1/servers/1bc60127-2c17-4962-b6fe-0785357c36ca 1.485s
2025-01-02 11:57:28.409 68716 INFO tempest.lib.common.rest_client [req-58b3d877-aa61-43a5-a562-cb936d6c4a40 req-58b3d877-aa61-43a5-a562-cb936d6c4a40 ] Request (ServersWithSpecificFlavorTestJSON:setUpClass): 200 PUT http://10.180.1.21:9696/networking/v2.0/routers/d86d7d6e-0e43-493e-bfd7-38f60996b93e/add_router_interface 4.155s
2025-01-02 11:57:28.410 68716 INFO tempest.lib.common.dynamic_creds [-] Created isolated network resources for: credentials: Credentials: {'domain_id': 'default', 'domain_name': 'Default', 'username': 'tempest-ServersWithSpecificFlavorTestJSON-126682349-project-member', 'project_domain_id': 'default', 'project_domain_name': 'Default', 'project_id': '328baa65c73146b79fd9c27b62b5b22a', 'project_name': 'tempest-ServersWithSpecificFlavorTestJSON-126682349', 'tenant_id': '328baa65c73146b79fd9c27b62b5b22a', 'tenant_name': 'tempest-ServersWithSpecificFlavorTestJSON-126682349', 'user_domain_id': 'default', 'user_domain_name': 'Default', 'user_id': 'e20e0d579ed94b599fd5ea1baff95e7e', 'system': None}, Network: {'id': 'a812a95d-a100-4a1c-9664-785f0f605b79', 'name': 'tempest-ServersWithSpecificFlavorTestJSON-889087728-network', 'tenant_id': '328baa65c73146b79fd9c27b62b5b22a', 'admin_state_up': True, 'mtu': 8950, 'status': 'ACTIVE', 'subnets': [], 'shared': False, 'project_id': '328baa65c73146b79fd9c27b62b5b22a', 'port_security_enabled': True, 'router:external': False, 'provider:network_type': 'vlan', 'provider:physical_network': 'default', 'provider:segmentation_id': 762, 'availability_zone_hints': [], 'availability_zones': [], 'ipv4_address_scope': None, 'ipv6_address_scope': None, 'description': '', 'tags': [], 'created_at': '2025-01-02T11:57:20Z', 'updated_at': '2025-01-02T11:57:20Z', 'revision_number': 1}, Subnet: {'id': 'a6e2ab88-6464-4776-a7a7-78209b4cc644', 'name': 'tempest-ServersWithSpecificFlavorTestJSON-889087728-subnet', 'tenant_id': '328baa65c73146b79fd9c27b62b5b22a', 'network_id': 'a812a95d-a100-4a1c-9664-785f0f605b79', 'ip_version': 4, 'subnetpool_id': None, 'enable_dhcp': True, 'ipv6_ra_mode': None, 'ipv6_address_mode': None, 'gateway_ip': '192.168.128.1', 'cidr': '192.168.128.0/28', 'allocation_pools': [{'start': '192.168.128.2', 'end': '192.168.128.14'}], 'host_routes': [], 'dns_nameservers': [], 'description': '', 'router:external': False, 'service_types': [], 'tags': [], 'created_at': '2025-01-02T11:57:21Z', 'updated_at': '2025-01-02T11:57:21Z', 'revision_number': 0, 'project_id': '328baa65c73146b79fd9c27b62b5b22a'}, Router: {'id': 'd86d7d6e-0e43-493e-bfd7-38f60996b93e', 'name': 'tempest-ServersWithSpecificFlavorTestJSON-889087728-router', 'tenant_id': '328baa65c73146b79fd9c27b62b5b22a', 'admin_state_up': True, 'status': 'ACTIVE', 'external_gateway_info': {'network_id': '8137e767-3006-4c0f-9d31-3a792621ef06', 'external_fixed_ips': [{'subnet_id': '772f49e1-bb93-40cd-aa5a-04180de07aed', 'ip_address': '10.180.180.128'}], 'enable_snat': True}, 'description': '', 'availability_zones': [], 'distributed': False, 'ha': False, 'availability_zone_hints': [], 'routes': [], 'flavor_id': None, 'tags': [], 'created_at': '2025-01-02T11:57:21Z', 'updated_at': '2025-01-02T11:57:22Z', 'revision_number': 2, 'project_id': '328baa65c73146b79fd9c27b62b5b22a'}
2025-01-02 11:57:28.444 68704 INFO tempest.lib.common.rest_client [req-2f39f434-bad3-49a9-806e-9d76fc1635f5 req-2f39f434-bad3-49a9-806e-9d76fc1635f5 ] Request (ServersAdmin275Test:_run_cleanups): 200 GET http://10.180.1.21/compute/v2.1/servers/3cec7e1e-84cb-4055-a25f-b36579dd1511 1.457s
2025-01-02 11:57:28.450 68726 INFO tempest.lib.common.rest_client [req-b0bb65ec-0b36-41b8-bc7a-d6d2b038a017 req-b0bb65ec-0b36-41b8-bc7a-d6d2b038a017 ] Request (ServerAddressesNegativeTestJSON:setUpClass): 200 GET http://10.180.1.21/compute/v2.1/servers/3e37b98e-c5f5-446c-8ac2-dacdf8ce7106 1.512s
2025-01-02 11:57:28.457 68704 INFO tempest.common.waiters [-] State transition "REBUILD/rebuild_spawning" ==> "ACTIVE/None" after 12 second wait
2025-01-02 11:57:28.498 68716 INFO tempest.lib.common.rest_client [req-b5f9c069-cb68-4658-80a8-40f0ea685cb9 req-b5f9c069-cb68-4658-80a8-40f0ea685cb9 ] Request (ServersWithSpecificFlavorTestJSON:setUpClass): 201 POST http://10.180.1.21/identity/v3/auth/tokens 0.084s
2025-01-02 11:57:28.548 68740 INFO tempest.lib.common.rest_client [req-daf10066-4ac7-4221-893d-3c2f617e7b7a req-daf10066-4ac7-4221-893d-3c2f617e7b7a ] Request (ServerDiagnosticsTest:tearDownClass): 200 GET http://10.180.1.21/compute/v2.1/servers/028ce127-561f-4a3a-b427-e0c462457550 1.419s
2025-01-02 11:57:28.563 68716 INFO tempest.lib.common.rest_client [req-2364539d-4d3b-419e-945c-759c7fb67ba5 req-2364539d-4d3b-419e-945c-759c7fb67ba5 ] Request (ServersWithSpecificFlavorTestJSON:setUpClass): 201 POST http://10.180.1.21/identity/v3/projects 0.064s
2025-01-02 11:57:28.583 68712 INFO tempest.lib.common.rest_client [req-1667fa19-d61c-4b61-81fd-14c872491b84 req-1667fa19-d61c-4b61-81fd-14c872491b84 ] Request (ServicesAdminNegativeTestJSON:test_get_service_with_valid_service_and_invalid_host): 200 GET http://10.180.1.21/compute/v2.1/os-services 1.312s
2025-01-02 11:57:28.661 68716 INFO tempest.lib.common.rest_client [req-20d619c4-d963-4e27-9135-904e79a6af3e req-20d619c4-d963-4e27-9135-904e79a6af3e ] Request (ServersWithSpecificFlavorTestJSON:setUpClass): 201 POST http://10.180.1.21/identity/v3/users 0.097s
2025-01-02 11:57:28.685 68716 INFO tempest.lib.common.rest_client [req-795c04ca-398a-4958-9b49-98049f23b626 req-795c04ca-398a-4958-9b49-98049f23b626 ] Request (ServersWithSpecificFlavorTestJSON:setUpClass): 200 GET http://10.180.1.21/identity/v3/roles 0.023s
2025-01-02 11:57:28.709 68716 INFO tempest.lib.common.rest_client [req-661d3d15-00b7-47c2-9c71-bcb11c4face6 req-661d3d15-00b7-47c2-9c71-bcb11c4face6 ] Request (ServersWithSpecificFlavorTestJSON:setUpClass): 204 PUT http://10.180.1.21/identity/v3/projects/1d93b4edac234eaf9a4a8e430ec94c07/users/f003dc74d35846888b8144a773a626bf/roles/389a5a2a606142f4ac9275b62bcb18a9 0.024s
2025-01-02 11:57:28.778 68700 INFO tempest.lib.common.rest_client [req-a63dfe2b-ac2d-49ea-8bca-2daff08a0355 req-a63dfe2b-ac2d-49ea-8bca-2daff08a0355 ] Request (ServerGroup264TestJSON:test_create_get_server_group): 200 POST http://10.180.1.21/compute/v2.1/os-server-groups 1.131s
2025-01-02 11:57:28.796 68716 INFO tempest.lib.common.rest_client [req-b63102b3-e5e4-472f-a768-24bc8294be7c req-b63102b3-e5e4-472f-a768-24bc8294be7c ] Request (ServersWithSpecificFlavorTestJSON:setUpClass): 200 GET http://10.180.1.21/identity/v3/roles 0.086s
2025-01-02 11:57:28.809 68714 INFO tempest.lib.common.rest_client [req-0d28f764-f086-406b-a5da-0514c590b49e req-0d28f764-f086-406b-a5da-0514c590b49e ] Request (ServicesAdminNegativeV253TestJSON:test_get_service_with_valid_service_and_invalid_host): 200 GET http://10.180.1.21/compute/v2.1/os-services 1.112s
2025-01-02 11:57:28.813 68748 INFO tempest.lib.common.rest_client [req-3762264c-6caa-466a-a841-e9ab64ff4efb req-3762264c-6caa-466a-a841-e9ab64ff4efb ] Request (FloatingIPsTestJSON:tearDownClass): 204 DELETE http://10.180.1.21:9696/networking/v2.0/routers/08437ab0-d1e0-4200-8282-9ce92f686406 2.221s
2025-01-02 11:57:28.833 68716 INFO tempest.lib.common.rest_client [req-ae3d59b3-fddf-4b7c-bb40-b586905bc8c7 req-ae3d59b3-fddf-4b7c-bb40-b586905bc8c7 ] Request (ServersWithSpecificFlavorTestJSON:setUpClass): 204 PUT http://10.180.1.21/identity/v3/projects/1d93b4edac234eaf9a4a8e430ec94c07/users/f003dc74d35846888b8144a773a626bf/roles/389a5a2a606142f4ac9275b62bcb18a9 0.037s
2025-01-02 11:57:28.834 68716 INFO tempest.lib.common.dynamic_creds [-] Dynamic test user f003dc74d35846888b8144a773a626bf is created with scope project and roles: ['admin']
2025-01-02 11:57:28.835 68716 INFO tempest.lib.common.dynamic_creds [-] Acquired dynamic creds: credentials: Credentials: {'domain_id': 'default', 'domain_name': 'Default', 'username': 'tempest-ServersWithSpecificFlavorTestJSON-1758320182-project-admin', 'project_domain_id': 'default', 'project_domain_name': 'Default', 'project_id': '1d93b4edac234eaf9a4a8e430ec94c07', 'project_name': 'tempest-ServersWithSpecificFlavorTestJSON-1758320182', 'tenant_id': '1d93b4edac234eaf9a4a8e430ec94c07', 'tenant_name': 'tempest-ServersWithSpecificFlavorTestJSON-1758320182', 'user_domain_id': 'default', 'user_domain_name': 'Default', 'user_id': 'f003dc74d35846888b8144a773a626bf', 'system': None}, Network: None, Subnet: None, Router: None
2025-01-02 11:57:28.898 68720 WARNING tempest.lib.common.ssh [-] Failed to establish authenticated ssh connection to cirros@10.180.180.193 ([Errno None] Unable to connect to port 22 on 10.180.180.193). Number attempts: 2. Retry after 3 seconds.: paramiko.ssh_exception.NoValidConnectionsError: [Errno None] Unable to connect to port 22 on 10.180.180.193
2025-01-02 11:57:28.903 68694 WARNING tempest.lib.common.ssh [-] Failed to establish authenticated ssh connection to cirros@10.180.180.176 ([Errno None] Unable to connect to port 22 on 10.180.180.176). Number attempts: 5. Retry after 6 seconds.: paramiko.ssh_exception.NoValidConnectionsError: [Errno None] Unable to connect to port 22 on 10.180.180.176
2025-01-02 11:57:28.939 68698 INFO tempest.lib.common.rest_client [req-68a8046e-ad7d-4acb-a29e-1d5f701ed183 req-68a8046e-ad7d-4acb-a29e-1d5f701ed183 ] Request (ServerDiagnosticsV248Test:tearDownClass): 200 GET http://10.180.1.21/compute/v2.1/servers/1747a27d-b414-457a-ac2a-5bae20896432 1.117s
2025-01-02 11:57:28.987 68710 INFO tempest.lib.common.rest_client [req-8123eaf1-b244-4d2b-b03b-fa2b9b0f2b39 req-8123eaf1-b244-4d2b-b03b-fa2b9b0f2b39 ] Request (ServersTestBootFromVolume:setUpClass): 200 GET http://10.180.1.21/volume/v3/volumes/c4265df9-3e22-4e8d-bca4-519834826f48 0.037s
2025-01-02 11:57:28.994 68708 INFO tempest.lib.common.rest_client [req-1eb3b867-357c-48f7-b0a3-7b8adde30e89 req-1eb3b867-357c-48f7-b0a3-7b8adde30e89 ] Request (MigrationsAdminTest:test_list_migrations_in_flavor_resize_situation): 200 GET http://10.180.1.21/compute/v2.1/servers/fe9c3f7c-4c8b-426b-85c1-6fc0f325609e 1.745s
2025-01-02 11:57:29.003 68708 INFO tempest.common.waiters [-] State transition "RESIZE/resize_migrated" ==> "RESIZE/resize_finish" after 33 second wait
2025-01-02 11:57:29.006 68706 INFO tempest.lib.common.rest_client [req-fff7141c-05fe-4bdf-bb57-d6908c73330a req-fff7141c-05fe-4bdf-bb57-d6908c73330a ] Request (ListImageFiltersTestJSON:setUpClass): 200 GET http://10.180.1.21/compute/v2.1/servers/f08cdd8f-d853-40c7-b5d8-11a1a494cba6 1.107s
2025-01-02 11:57:29.308 68754 INFO tempest.lib.common.rest_client [req-86a57aa9-2a64-491d-a848-24fcfea0b9a2 req-86a57aa9-2a64-491d-a848-24fcfea0b9a2 ] Request (SecurityGroupRulesTestJSON:tearDownClass): 202 DELETE http://10.180.1.21/compute/v2.1/os-security-groups/d7c1f70f-fc1d-4ef6-8763-3ca9352861f7 1.156s
2025-01-02 11:57:29.393 68731 INFO tempest.lib.common.rest_client [req-8d50bc2a-9bfe-44d5-800c-4dbdcace1af4 req-8d50bc2a-9bfe-44d5-800c-4dbdcace1af4 ] Request (MultipleCreateTestJSON:_run_cleanups): 200 GET http://10.180.1.21/compute/v2.1/servers/16e7a58b-3c51-4793-b128-d418f7173f7a 1.160s
2025-01-02 11:57:29.581 68746 INFO tempest.lib.common.rest_client [req-7bf25193-5601-4a23-9bd8-220a722ebc0b req-7bf25193-5601-4a23-9bd8-220a722ebc0b ] Request (ServerDiagnosticsNegativeTest:test_get_server_diagnostics_by_non_admin): 200 GET http://10.180.1.21/compute/v2.1/servers/9f8ff3a5-201b-4814-bf32-2f39c2293750 1.312s
2025-01-02 11:57:29.599 68724 INFO tempest.lib.common.rest_client [req-5a7bdfe2-867d-4fbd-afb3-9e6a76dfeb8d req-5a7bdfe2-867d-4fbd-afb3-9e6a76dfeb8d ] Request (ImagesOneServerNegativeTestJSON:test_create_second_image_when_first_image_is_being_saved): 202 POST http://10.180.1.21/compute/v2.1/servers/5ef4df0b-ad8b-4906-a304-fbe776db4943/action 1.699s
2025-01-02 11:57:29.602 68696 INFO tempest.lib.common.rest_client [req-8497129b-0b4f-4cad-a017-a2dd61c7e468 req-8497129b-0b4f-4cad-a017-a2dd61c7e468 ] Request (FlavorsAdminTestJSON:_run_cleanups): 202 DELETE http://10.180.1.21/compute/v2.1/flavors/323416721 1.248s
