2025-01-02 11:58:47.227 68750 INFO tempest.lib.common.dynamic_creds [-] Created isolated network resources for: credentials: Credentials: {'domain_id': 'default', 'domain_name': 'Default', 'username': 'tempest-ServerTagsTestJSON-344690243-project-member', 'project_domain_id': 'default', 'project_domain_name': 'Default', 'project_id': 'cf99885c31944afd8b5e6e8ec5612af2', 'project_name': 'tempest-ServerTagsTestJSON-344690243', 'tenant_id': 'cf99885c31944afd8b5e6e8ec5612af2', 'tenant_name': 'tempest-ServerTagsTestJSON-344690243', 'user_domain_id': 'default', 'user_domain_name': 'Default', 'user_id': '579287eab34e428ebf4e9f721d840039', 'system': None}, Network: {'id': 'ac05e72a-da74-41ff-8989-2ceb2d2aaabe', 'name': 'tempest-ServerTagsTestJSON-491681735-network', 'tenant_id': 'cf99885c31944afd8b5e6e8ec5612af2', 'admin_state_up': True, 'mtu': 8950, 'status': 'ACTIVE', 'subnets': [], 'shared': False, 'project_id': 'cf99885c31944afd8b5e6e8ec5612af2', 'port_security_enabled': True, 'router:external': False, 'provider:network_type': 'vlan', 'provider:physical_network': 'default', 'provider:segmentation_id': 969, 'availability_zone_hints': [], 'availability_zones': [], 'ipv4_address_scope': None, 'ipv6_address_scope': None, 'description': '', 'tags': [], 'created_at': '2025-01-02T11:58:44Z', 'updated_at': '2025-01-02T11:58:44Z', 'revision_number': 1}, Subnet: {'id': 'a9e3f02b-2905-4180-b312-3f9cb15d5464', 'name': 'tempest-ServerTagsTestJSON-491681735-subnet', 'tenant_id': 'cf99885c31944afd8b5e6e8ec5612af2', 'network_id': 'ac05e72a-da74-41ff-8989-2ceb2d2aaabe', 'ip_version': 4, 'subnetpool_id': None, 'enable_dhcp': True, 'ipv6_ra_mode': None, 'ipv6_address_mode': None, 'gateway_ip': '192.168.128.1', 'cidr': '192.168.128.0/28', 'allocation_pools': [{'start': '192.168.128.2', 'end': '192.168.128.14'}], 'host_routes': [], 'dns_nameservers': [], 'description': '', 'router:external': False, 'service_types': [], 'tags': [], 'created_at': '2025-01-02T11:58:44Z', 'updated_at': '2025-01-02T11:58:44Z', 'revision_number': 0, 'project_id': 'cf99885c31944afd8b5e6e8ec5612af2'}, Router: {'id': 'f63ef569-a76a-410c-ab24-e2c849fc219a', 'name': 'tempest-ServerTagsTestJSON-491681735-router', 'tenant_id': 'cf99885c31944afd8b5e6e8ec5612af2', 'admin_state_up': True, 'status': 'ACTIVE', 'external_gateway_info': {'network_id': '8137e767-3006-4c0f-9d31-3a792621ef06', 'external_fixed_ips': [{'subnet_id': '772f49e1-bb93-40cd-aa5a-04180de07aed', 'ip_address': '10.180.180.156'}], 'enable_snat': True}, 'description': '', 'availability_zones': [], 'distributed': False, 'ha': False, 'availability_zone_hints': [], 'routes': [], 'flavor_id': None, 'tags': [], 'created_at': '2025-01-02T11:58:44Z', 'updated_at': '2025-01-02T11:58:45Z', 'revision_number': 2, 'project_id': 'cf99885c31944afd8b5e6e8ec5612af2'}
2025-01-02 11:58:47.322 68750 INFO tempest.lib.common.rest_client [req-d3d5a6d0-832e-4e2c-a62a-4da942d4e701 req-d3d5a6d0-832e-4e2c-a62a-4da942d4e701 ] Request (ServerTagsTestJSON:setUpClass): 201 POST http://10.180.1.21/identity/v3/auth/tokens 0.091s
2025-01-02 11:58:47.346 68698 INFO tempest.lib.common.rest_client [req-fa659a21-7ba8-44ae-8c00-0fd973c6fdc0 req-fa659a21-7ba8-44ae-8c00-0fd973c6fdc0 ] Request (ServersTestJSON:_run_cleanups): 204 DELETE http://10.180.1.21/compute/v2.1/servers/5ad399fe-7817-421e-bf5c-f6a95636ea1c 0.176s
2025-01-02 11:58:47.362 68750 INFO tempest.lib.common.rest_client [req-a5d4bb04-8d05-4bb2-b080-58e2f077b1cb req-a5d4bb04-8d05-4bb2-b080-58e2f077b1cb ] Request (ServerTagsTestJSON:setUpClass): 201 POST http://10.180.1.21/identity/v3/auth/tokens 0.035s
2025-01-02 11:58:47.362 68750 INFO tempest.lib.common.fixed_network [-] (ServerTagsTestJSON:setUpClass) Found network {'id': 'ac05e72a-da74-41ff-8989-2ceb2d2aaabe', 'name': 'tempest-ServerTagsTestJSON-491681735-network', 'tenant_id': 'cf99885c31944afd8b5e6e8ec5612af2', 'admin_state_up': True, 'mtu': 8950, 'status': 'ACTIVE', 'subnets': [], 'shared': False, 'project_id': 'cf99885c31944afd8b5e6e8ec5612af2', 'port_security_enabled': True, 'router:external': False, 'provider:network_type': 'vlan', 'provider:physical_network': 'default', 'provider:segmentation_id': 969, 'availability_zone_hints': [], 'availability_zones': [], 'ipv4_address_scope': None, 'ipv6_address_scope': None, 'description': '', 'tags': [], 'created_at': '2025-01-02T11:58:44Z', 'updated_at': '2025-01-02T11:58:44Z', 'revision_number': 1} available for tenant
2025-01-02 11:58:47.429 68732 INFO tempest.lib.common.rest_client [req-20e5ab73-bc55-4cab-95fd-b536d08c810e req-20e5ab73-bc55-4cab-95fd-b536d08c810e ] Request (FloatingIPsAssociationTestJSON:tearDownClass): 200 GET http://10.180.1.21/compute/v2.1/servers/3544dff6-5be5-4463-9d47-4d8accf9e295 0.091s
2025-01-02 11:58:47.442 68698 INFO tempest.lib.common.rest_client [req-3e07025c-8398-4e8e-ad67-e09379c97f5e req-3e07025c-8398-4e8e-ad67-e09379c97f5e ] Request (ServersTestJSON:_run_cleanups): 404 GET http://10.180.1.21/compute/v2.1/servers/5ad399fe-7817-421e-bf5c-f6a95636ea1c 0.095s
2025-01-02 11:58:47.470 68752 INFO tempest.lib.common.rest_client [req-06d927d9-8b79-4d98-a1f8-879ff6b855cb req-06d927d9-8b79-4d98-a1f8-879ff6b855cb ] Request (ServerGroupTestJSON:test_create_server_with_scheduler_hint_group): 200 GET http://10.180.1.21/compute/v2.1/servers/41f90609-cec6-43c2-9853-aa72527e5f46 0.164s
2025-01-02 11:58:47.480 68752 INFO tempest.common.waiters [-] State transition "BUILD/spawning" ==> "ACTIVE/None" after 61 second wait
2025-01-02 11:58:47.485 68698 INFO tempest.lib.common.rest_client [req-63857386-20cf-4d5f-a5aa-ea0fc9c7afde req-63857386-20cf-4d5f-a5aa-ea0fc9c7afde ] Request (ServersTestJSON:test_create_server_with_ipv6_addr_only): 201 POST http://10.180.1.21/identity/v3/auth/tokens 0.038s
2025-01-02 11:58:47.485 68698 INFO tempest.lib.common.fixed_network [-] (ServersTestJSON:test_create_server_with_ipv6_addr_only) Found network {'id': '0e079862-a158-4a83-80c0-7e4b9250f9fe', 'name': 'tempest-ServersTestJSON-24691741-network', 'tenant_id': '348f6d26e2ec4f0ea7a2f9ae9fdf7a62', 'admin_state_up': True, 'mtu': 8950, 'status': 'ACTIVE', 'subnets': [], 'shared': False, 'project_id': '348f6d26e2ec4f0ea7a2f9ae9fdf7a62', 'port_security_enabled': True, 'router:external': False, 'provider:network_type': 'vlan', 'provider:physical_network': 'default', 'provider:segmentation_id': 606, 'availability_zone_hints': [], 'availability_zones': [], 'ipv4_address_scope': None, 'ipv6_address_scope': None, 'description': '', 'tags': [], 'created_at': '2025-01-02T11:57:43Z', 'updated_at': '2025-01-02T11:57:43Z', 'revision_number': 1} available for tenant
2025-01-02 11:58:47.541 68708 INFO tempest.lib.common.rest_client [req-f8fb39f2-c922-48d9-9a1a-0b2e947eb4c6 req-f8fb39f2-c922-48d9-9a1a-0b2e947eb4c6 ] Request (MigrationsAdminTest:test_resize_server_revert_deleted_flavor): 200 GET http://10.180.1.21/compute/v2.1/servers/99c765c3-0b70-4f53-a8e7-e2723898c70e 0.172s
2025-01-02 11:58:47.603 68704 INFO tempest.lib.common.rest_client [req-45998df8-cfbb-405f-9045-be7f5ab0af99 req-45998df8-cfbb-405f-9045-be7f5ab0af99 ] Request (ServersAdminTestJSON:setUpClass): 200 GET http://10.180.1.21/compute/v2.1/servers/0431561b-dd08-4c9c-a4f6-43d19cbe4b03 0.188s
2025-01-02 11:58:47.619 68710 WARNING tempest.lib.common.ssh [-] Failed to establish authenticated ssh connection to cirros@10.180.180.132 ([Errno None] Unable to connect to port 22 on 10.180.180.132). Number attempts: 3. Retry after 4 seconds.: paramiko.ssh_exception.NoValidConnectionsError: [Errno None] Unable to connect to port 22 on 10.180.180.132
2025-01-02 11:58:47.640 68752 INFO tempest.lib.common.rest_client [req-bd8ebcc4-0afa-4bac-99ce-496aa264fcd1 req-bd8ebcc4-0afa-4bac-99ce-496aa264fcd1 ] Request (ServerGroupTestJSON:test_create_server_with_scheduler_hint_group): 200 GET http://10.180.1.21/compute/v2.1/os-server-groups/ceabcd3d-a0ed-4557-b472-407fcd871eff 0.159s
2025-01-02 11:58:47.662 68756 INFO tempest.lib.common.rest_client [req-83975701-a71b-4fa0-9dfa-a506b9606a56 req-83975701-a71b-4fa0-9dfa-a506b9606a56 ] Request (SecurityGroupsTestJSON:setUpClass): 200 PUT http://10.180.1.21:9696/networking/v2.0/routers/aa242b09-05d3-479b-8043-218c526b4ac9/add_router_interface 1.610s
2025-01-02 11:58:47.662 68756 INFO tempest.lib.common.dynamic_creds [-] Created isolated network resources for: credentials: Credentials: {'domain_id': 'default', 'domain_name': 'Default', 'username': 'tempest-SecurityGroupsTestJSON-1449734882-project-member', 'project_domain_id': 'default', 'project_domain_name': 'Default', 'project_id': 'ec8d92aafc4c4dba8b8511a58b70be3d', 'project_name': 'tempest-SecurityGroupsTestJSON-1449734882', 'tenant_id': 'ec8d92aafc4c4dba8b8511a58b70be3d', 'tenant_name': 'tempest-SecurityGroupsTestJSON-1449734882', 'user_domain_id': 'default', 'user_domain_name': 'Default', 'user_id': '2f515b5c2b1e4e44a60b6883ba9ff6ba', 'system': None}, Network: {'id': 'cdef1006-9322-4232-8ff4-911be387ffda', 'name': 'tempest-SecurityGroupsTestJSON-767626514-network', 'tenant_id': 'ec8d92aafc4c4dba8b8511a58b70be3d', 'admin_state_up': True, 'mtu': 8950, 'status': 'ACTIVE', 'subnets': [], 'shared': False, 'project_id': 'ec8d92aafc4c4dba8b8511a58b70be3d', 'port_security_enabled': True, 'router:external': False, 'provider:network_type': 'vlan', 'provider:physical_network': 'default', 'provider:segmentation_id': 902, 'availability_zone_hints': [], 'availability_zones': [], 'ipv4_address_scope': None, 'ipv6_address_scope': None, 'description': '', 'tags': [], 'created_at': '2025-01-02T11:58:44Z', 'updated_at': '2025-01-02T11:58:44Z', 'revision_number': 1}, Subnet: {'id': '93fa9ea0-d979-4e54-8981-21aadd87e18f', 'name': 'tempest-SecurityGroupsTestJSON-767626514-subnet', 'tenant_id': 'ec8d92aafc4c4dba8b8511a58b70be3d', 'network_id': 'cdef1006-9322-4232-8ff4-911be387ffda', 'ip_version': 4, 'subnetpool_id': None, 'enable_dhcp': True, 'ipv6_ra_mode': None, 'ipv6_address_mode': None, 'gateway_ip': '192.168.128.1', 'cidr': '192.168.128.0/28', 'allocation_pools': [{'start': '192.168.128.2', 'end': '192.168.128.14'}], 'host_routes': [], 'dns_nameservers': [], 'description': '', 'router:external': False, 'service_types': [], 'tags': [], 'created_at': '2025-01-02T11:58:44Z', 'updated_at': '2025-01-02T11:58:44Z', 'revision_number': 0, 'project_id': 'ec8d92aafc4c4dba8b8511a58b70be3d'}, Router: {'id': 'aa242b09-05d3-479b-8043-218c526b4ac9', 'name': 'tempest-SecurityGroupsTestJSON-767626514-router', 'tenant_id': 'ec8d92aafc4c4dba8b8511a58b70be3d', 'admin_state_up': True, 'status': 'ACTIVE', 'external_gateway_info': {'network_id': '8137e767-3006-4c0f-9d31-3a792621ef06', 'external_fixed_ips': [{'subnet_id': '772f49e1-bb93-40cd-aa5a-04180de07aed', 'ip_address': '10.180.180.207'}], 'enable_snat': True}, 'description': '', 'availability_zones': [], 'distributed': False, 'ha': False, 'availability_zone_hints': [], 'routes': [], 'flavor_id': None, 'tags': [], 'created_at': '2025-01-02T11:58:44Z', 'updated_at': '2025-01-02T11:58:45Z', 'revision_number': 2, 'project_id': 'ec8d92aafc4c4dba8b8511a58b70be3d'}
2025-01-02 11:58:47.786 68756 INFO tempest.lib.common.rest_client [req-88abd27d-8b40-417d-a0d7-98ae3286e1e1 req-88abd27d-8b40-417d-a0d7-98ae3286e1e1 ] Request (SecurityGroupsTestJSON:setUpClass): 201 POST http://10.180.1.21/identity/v3/auth/tokens 0.120s
2025-01-02 11:58:47.933 68750 INFO tempest.lib.common.rest_client [req-82171837-b4aa-4451-ba38-392b7d0f43c8 req-82171837-b4aa-4451-ba38-392b7d0f43c8 ] Request (ServerTagsTestJSON:setUpClass): 202 POST http://10.180.1.21/compute/v2.1/servers 0.570s
2025-01-02 11:58:47.972 68698 INFO tempest.lib.common.rest_client [req-fecea88a-2d35-4ceb-a261-43461efc685f req-fecea88a-2d35-4ceb-a261-43461efc685f ] Request (ServersTestJSON:test_create_server_with_ipv6_addr_only): 202 POST http://10.180.1.21/compute/v2.1/servers 0.486s
2025-01-02 11:58:48.038 68738 INFO tempest.lib.common.rest_client [req-4d66917e-2da3-4a0b-a383-dc04eb76fb6a req-4d66917e-2da3-4a0b-a383-dc04eb76fb6a ] Request (ServerDiskConfigTestJSON:test_rebuild_server_with_manual_disk_config): 200 GET http://10.180.1.21/compute/v2.1/servers/3929441f-fefc-469f-a440-d7f3146abde2 0.448s
2025-01-02 11:58:48.044 68738 INFO tempest.common.waiters [-] State transition "BUILD/scheduling" ==> "BUILD/None" after 13 second wait
2025-01-02 11:58:48.081 68706 INFO tempest.lib.common.rest_client [req-8d6d5c84-c427-4696-997d-749130700e83 req-8d6d5c84-c427-4696-997d-749130700e83 ] Request (ListImageFiltersTestJSON:setUpClass): 200 GET http://10.180.1.21/compute/v2.1/servers/aa0a6972-7734-4c0a-ab87-64cefae55e6c 0.494s
2025-01-02 11:58:48.089 68706 INFO tempest.common.waiters [-] State transition "ACTIVE/image_uploading" ==> "ACTIVE/None" after 3 second wait
2025-01-02 11:58:48.138 68752 INFO tempest.lib.common.rest_client [req-7229de34-44a5-4d01-aacd-c0ac022ee537 req-7229de34-44a5-4d01-aacd-c0ac022ee537 ] Request (ServerGroupTestJSON:_run_cleanups): 204 DELETE http://10.180.1.21/compute/v2.1/servers/41f90609-cec6-43c2-9853-aa72527e5f46 0.496s
2025-01-02 11:58:48.156 68712 INFO tempest.lib.common.rest_client [req-8b193b34-baa4-45d2-b1f8-b1527ed2cff5 req-8b193b34-baa4-45d2-b1f8-b1527ed2cff5 ] Request (ServersTestMultiNic:_run_cleanups): 200 GET http://10.180.1.21/compute/v2.1/servers/c1f05848-3b1b-4f8e-877a-966310e78bcc 0.490s
2025-01-02 11:58:48.196 68724 INFO tempest.lib.common.rest_client [req-d199174c-ffca-4617-890d-a09c0ba19c5b req-d199174c-ffca-4617-890d-a09c0ba19c5b ] Request (ImagesOneServerNegativeTestJSON:_run_cleanups): 200 GET http://10.180.1.21/compute/v2.1/servers/81966a7e-6f9b-49e2-ad49-bd35f6fa628a 0.463s
2025-01-02 11:58:48.251 68744 INFO tempest.lib.common.rest_client [req-90d34d36-64ec-4961-95a2-9e475c54553e req-90d34d36-64ec-4961-95a2-9e475c54553e ] Request (ServersAdminNegativeTestJSON:tearDownClass): 200 GET http://10.180.1.21/compute/v2.1/servers/5b4fa630-fcf0-4835-b22a-f4245f51ac6c 0.453s
2025-01-02 11:58:48.294 68756 INFO tempest.lib.common.rest_client [req-e97f69fa-f0ce-4a21-9b65-11f1ba26b6d0 req-e97f69fa-f0ce-4a21-9b65-11f1ba26b6d0 ] Request (SecurityGroupsTestJSON:test_list_security_groups_by_server): 200 POST http://10.180.1.21/compute/v2.1/os-security-groups 0.506s
2025-01-02 11:58:48.298 68746 INFO tempest.lib.common.rest_client [req-16661e08-bb91-4df8-9b2b-03df027b2a96 req-16661e08-bb91-4df8-9b2b-03df027b2a96 ] Request (ServerMetadataTestJSON:setUpClass): 200 GET http://10.180.1.21/compute/v2.1/servers/2fc56c3b-95cc-4604-9396-24dc498dddcf 0.438s
2025-01-02 11:58:48.343 68750 INFO tempest.lib.common.rest_client [req-adb02131-601f-41ed-822f-b788d4918acc req-adb02131-601f-41ed-822f-b788d4918acc ] Request (ServerTagsTestJSON:setUpClass): 200 GET http://10.180.1.21/compute/v2.1/servers/a3ed716a-d396-4dcd-813d-bad76fe03b41 0.408s
2025-01-02 11:58:48.352 68731 INFO tempest.lib.common.rest_client [req-3b280c16-5f51-4025-b4ed-05e428f3874f req-3b280c16-5f51-4025-b4ed-05e428f3874f ] Request (MultipleCreateTestJSON:test_multiple_create_with_reservation_return): 200 GET http://10.180.1.21/compute/v2.1/servers/47ea6c82-618f-4d4e-9d75-0ad02d9518f3 0.440s
2025-01-02 11:58:48.385 68698 INFO tempest.lib.common.rest_client [req-fe364741-aacb-4066-9b5b-7973bddf6826 req-fe364741-aacb-4066-9b5b-7973bddf6826 ] Request (ServersTestJSON:test_create_server_with_ipv6_addr_only): 200 GET http://10.180.1.21/compute/v2.1/servers/8539553e-c060-4640-af64-3915c58a687e 0.411s
2025-01-02 11:58:48.414 68748 INFO tempest.lib.common.rest_client [req-72116514-98c8-433a-8a1c-e5221bc364f9 req-72116514-98c8-433a-8a1c-e5221bc364f9 ] Request (InstanceActionsNegativeTestJSON:tearDownClass): 200 GET http://10.180.1.21/compute/v2.1/servers/19fa9ea2-0fa3-47a3-a80a-91225c41da38 0.439s
2025-01-02 11:58:48.446 68722 INFO tempest.lib.common.rest_client [req-fc1976a4-02c9-4311-b547-bfad4fc0d277 req-fc1976a4-02c9-4311-b547-bfad4fc0d277 ] Request (ServerMetadataNegativeTestJSON:tearDownClass): 200 GET http://10.180.1.21/compute/v2.1/servers/3972845f-a11a-4160-ad32-3cf31efa28c0 0.407s
2025-01-02 11:58:48.480 68706 INFO tempest.lib.common.rest_client [req-3b3f3620-36be-44c1-91fc-d15787bf7c29 req-3b3f3620-36be-44c1-91fc-d15787bf7c29 ] Request (ListImageFiltersTestJSON:test_list_images_filter_by_changes_since): 200 GET http://10.180.1.21/compute/v2.1/images?changes-since=2025-01-02T11%3A56%3A59Z 0.387s
2025-01-02 11:58:48.505 68728 INFO tempest.lib.common.rest_client [req-3dfd012f-fff6-4966-a932-b95a18501cbb req-3dfd012f-fff6-4966-a932-b95a18501cbb ] Request (ImagesNegativeTestJSON:test_create_image_from_deleted_server): 200 GET http://10.180.1.21/compute/v2.1/servers/57914c7f-a496-4c0c-a57d-cf9f46158032 0.404s
2025-01-02 11:58:48.603 68752 INFO tempest.lib.common.rest_client [req-c8a24472-74ac-4c7f-94f2-03bd77948d88 req-c8a24472-74ac-4c7f-94f2-03bd77948d88 ] Request (ServerGroupTestJSON:_run_cleanups): 200 GET http://10.180.1.21/compute/v2.1/servers/41f90609-cec6-43c2-9853-aa72527e5f46 0.464s
2025-01-02 11:58:48.616 68740 INFO tempest.lib.common.rest_client [req-632c0fb0-4d1b-4c6c-8bab-051e85c9f2ef req-632c0fb0-4d1b-4c6c-8bab-051e85c9f2ef ] Request (ImagesOneServerTestJSON:setUpClass): 200 GET http://10.180.1.21/compute/v2.1/servers/b3a09612-f064-4b1f-8e5d-29ff6d423592 0.399s
2025-01-02 11:58:48.745 68756 INFO tempest.lib.common.rest_client [req-b32e2188-6bc5-4087-8f4b-dbd1535d5d10 req-b32e2188-6bc5-4087-8f4b-dbd1535d5d10 ] Request (SecurityGroupsTestJSON:test_list_security_groups_by_server): 200 POST http://10.180.1.21/compute/v2.1/os-security-groups 0.449s
2025-01-02 11:58:48.792 68756 INFO tempest.lib.common.rest_client [req-b3882b32-2515-419b-9945-9a578a44e09c req-b3882b32-2515-419b-9945-9a578a44e09c ] Request (SecurityGroupsTestJSON:test_list_security_groups_by_server): 201 POST http://10.180.1.21/identity/v3/auth/tokens 0.041s
2025-01-02 11:58:48.792 68756 INFO tempest.lib.common.fixed_network [-] (SecurityGroupsTestJSON:test_list_security_groups_by_server) Found network {'id': 'cdef1006-9322-4232-8ff4-911be387ffda', 'name': 'tempest-SecurityGroupsTestJSON-767626514-network', 'tenant_id': 'ec8d92aafc4c4dba8b8511a58b70be3d', 'admin_state_up': True, 'mtu': 8950, 'status': 'ACTIVE', 'subnets': [], 'shared': False, 'project_id': 'ec8d92aafc4c4dba8b8511a58b70be3d', 'port_security_enabled': True, 'router:external': False, 'provider:network_type': 'vlan', 'provider:physical_network': 'default', 'provider:segmentation_id': 902, 'availability_zone_hints': [], 'availability_zones': [], 'ipv4_address_scope': None, 'ipv6_address_scope': None, 'description': '', 'tags': [], 'created_at': '2025-01-02T11:58:44Z', 'updated_at': '2025-01-02T11:58:44Z', 'revision_number': 1} available for tenant
2025-01-02 11:58:48.805 68706 INFO tempest.lib.common.rest_client [req-b0996260-26ea-486e-90ed-a3083dd9a4f9 req-b0996260-26ea-486e-90ed-a3083dd9a4f9 ] Request (ListImageFiltersTestJSON:test_list_images_filter_by_name): 200 GET http://10.180.1.21/compute/v2.1/images?name=tempest-ListImageFiltersTestJSON-image-1343519724 0.321s
2025-01-02 11:58:48.869 68708 INFO tempest.lib.common.rest_client [req-770197c3-4aca-4245-84b9-105231bdb4eb req-770197c3-4aca-4245-84b9-105231bdb4eb ] Request (MigrationsAdminTest:test_resize_server_revert_deleted_flavor): 200 GET http://10.180.1.21/compute/v2.1/servers/99c765c3-0b70-4f53-a8e7-e2723898c70e 0.318s
2025-01-02 11:58:48.902 68732 INFO tempest.lib.common.rest_client [req-2eacb98c-f356-4092-a8f2-5ce0816314b5 req-2eacb98c-f356-4092-a8f2-5ce0816314b5 ] Request (FloatingIPsAssociationTestJSON:tearDownClass): 200 GET http://10.180.1.21/compute/v2.1/servers/3544dff6-5be5-4463-9d47-4d8accf9e295 0.465s
2025-01-02 11:58:48.927 68704 INFO tempest.lib.common.rest_client [req-40eded1a-9935-4319-8f97-0f092cef2c78 req-40eded1a-9935-4319-8f97-0f092cef2c78 ] Request (ServersAdminTestJSON:setUpClass): 200 GET http://10.180.1.21/compute/v2.1/servers/0431561b-dd08-4c9c-a4f6-43d19cbe4b03 0.315s
2025-01-02 11:58:48.986 68706 INFO tempest.lib.common.rest_client [req-83c6b514-e650-4c52-9f4b-dc1e35482b68 req-83c6b514-e650-4c52-9f4b-dc1e35482b68 ] Request (ListImageFiltersTestJSON:test_list_images_filter_by_server_id): 200 GET http://10.180.1.21/compute/v2.1/images?server=aa0a6972-7734-4c0a-ab87-64cefae55e6c 0.178s
2025-01-02 11:58:49.034 68706 INFO tempest.lib.common.rest_client [req-c5a2d9dc-2633-4dd3-aab1-7005a87b0f48 req-c5a2d9dc-2633-4dd3-aab1-7005a87b0f48 ] Request (ListImageFiltersTestJSON:test_list_images_filter_by_server_ref): 200 GET http://10.180.1.21/compute/v2.1/images?server=http%3A%2F%2F10.180.1.21%2Fcompute%2Fv2.1%2Fservers%2Ff08cdd8f-d853-40c7-b5d8-11a1a494cba6 0.042s
2025-01-02 11:58:49.074 68706 INFO tempest.lib.common.rest_client [req-366b82dc-7dd3-4276-b08b-c9867a181519 req-366b82dc-7dd3-4276-b08b-c9867a181519 ] Request (ListImageFiltersTestJSON:test_list_images_filter_by_server_ref): 200 GET http://10.180.1.21/compute/v2.1/images?server=http%3A%2F%2F10.180.1.21%2Fcompute%2Fservers%2Ff08cdd8f-d853-40c7-b5d8-11a1a494cba6 0.038s
2025-01-02 11:58:49.129 68738 INFO tempest.lib.common.rest_client [req-61f44dfe-953f-47b7-9b7f-502a19626886 req-61f44dfe-953f-47b7-9b7f-502a19626886 ] Request (ServerDiskConfigTestJSON:test_rebuild_server_with_manual_disk_config): 200 GET http://10.180.1.21/compute/v2.1/servers/3929441f-fefc-469f-a440-d7f3146abde2 0.084s
2025-01-02 11:58:49.202 68706 INFO tempest.lib.common.rest_client [req-88dd5750-3577-42a8-838f-07aaf7be7ca1 req-88dd5750-3577-42a8-838f-07aaf7be7ca1 ] Request (ListImageFiltersTestJSON:test_list_images_filter_by_status): 200 GET http://10.180.1.21/compute/v2.1/images?status=ACTIVE 0.123s
2025-01-02 11:58:49.262 68712 INFO tempest.lib.common.rest_client [req-1f9c5704-cd10-4387-be42-9eb7cc09a43b req-1f9c5704-cd10-4387-be42-9eb7cc09a43b ] Request (ServersTestMultiNic:_run_cleanups): 200 GET http://10.180.1.21/compute/v2.1/servers/c1f05848-3b1b-4f8e-877a-966310e78bcc 0.093s
2025-01-02 11:58:49.325 68724 INFO tempest.lib.common.rest_client [req-8817f5f8-f78d-42ea-8caf-d27460c684c7 req-8817f5f8-f78d-42ea-8caf-d27460c684c7 ] Request (ImagesOneServerNegativeTestJSON:_run_cleanups): 200 GET http://10.180.1.21/compute/v2.1/servers/81966a7e-6f9b-49e2-ad49-bd35f6fa628a 0.122s
2025-01-02 11:58:49.387 68706 INFO tempest.lib.common.rest_client [req-c066e44a-5037-4a7a-8cd2-79ee4f64f0e6 req-c066e44a-5037-4a7a-8cd2-79ee4f64f0e6 ] Request (ListImageFiltersTestJSON:test_list_images_filter_by_type): 200 GET http://10.180.1.21/compute/v2.1/images?type=snapshot 0.181s
2025-01-02 11:58:49.428 68756 INFO tempest.lib.common.rest_client [req-467bd1df-95a9-4d7b-958e-d5e5ea123f41 req-467bd1df-95a9-4d7b-958e-d5e5ea123f41 ] Request (SecurityGroupsTestJSON:test_list_security_groups_by_server): 202 POST http://10.180.1.21/compute/v2.1/servers 0.635s
2025-01-02 11:58:49.457 68744 INFO tempest.lib.common.rest_client [req-1869cf4c-22ed-449e-8caf-b34c3bae2369 req-1869cf4c-22ed-449e-8caf-b34c3bae2369 ] Request (ServersAdminNegativeTestJSON:tearDownClass): 200 GET http://10.180.1.21/compute/v2.1/servers/5b4fa630-fcf0-4835-b22a-f4245f51ac6c 0.198s
2025-01-02 11:58:49.478 68746 INFO tempest.lib.common.rest_client [req-4123eaea-9add-43c9-8be3-e627b09b2e3a req-4123eaea-9add-43c9-8be3-e627b09b2e3a ] Request (ServerMetadataTestJSON:setUpClass): 200 GET http://10.180.1.21/compute/v2.1/servers/2fc56c3b-95cc-4604-9396-24dc498dddcf 0.169s
2025-01-02 11:58:49.524 68750 INFO tempest.lib.common.rest_client [req-b870b327-62af-49fc-8505-533da72357bc req-b870b327-62af-49fc-8505-533da72357bc ] Request (ServerTagsTestJSON:setUpClass): 200 GET http://10.180.1.21/compute/v2.1/servers/a3ed716a-d396-4dcd-813d-bad76fe03b41 0.172s
2025-01-02 11:58:49.526 68731 INFO tempest.lib.common.rest_client [req-866f7739-7fe8-42e9-af5c-08faf9323e4d req-866f7739-7fe8-42e9-af5c-08faf9323e4d ] Request (MultipleCreateTestJSON:test_multiple_create_with_reservation_return): 200 GET http://10.180.1.21/compute/v2.1/servers/47ea6c82-618f-4d4e-9d75-0ad02d9518f3 0.167s
2025-01-02 11:58:49.531 68750 INFO tempest.common.waiters [-] State transition "BUILD/scheduling" ==> "BUILD/None" after 1 second wait
2025-01-02 11:58:49.576 68698 INFO tempest.lib.common.rest_client [req-c31cb4a3-5dd8-47b1-a9a0-17e3b4fc7388 req-c31cb4a3-5dd8-47b1-a9a0-17e3b4fc7388 ] Request (ServersTestJSON:test_create_server_with_ipv6_addr_only): 200 GET http://10.180.1.21/compute/v2.1/servers/8539553e-c060-4640-af64-3915c58a687e 0.184s
2025-01-02 11:58:49.584 68706 INFO tempest.lib.common.rest_client [req-05899eda-52f2-46c3-bba7-cbf840465a06 req-05899eda-52f2-46c3-bba7-cbf840465a06 ] Request (ListImageFiltersTestJSON:test_list_images_limit_results): 200 GET http://10.180.1.21/compute/v2.1/images?limit=1 0.193s
2025-01-02 11:58:49.603 68720 WARNING tempest.lib.common.ssh [-] Failed to establish authenticated ssh connection to cirros@10.180.180.193 ([Errno None] Unable to connect to port 22 on 10.180.180.193). Number attempts: 10. Retry after 11 seconds.: paramiko.ssh_exception.NoValidConnectionsError: [Errno None] Unable to connect to port 22 on 10.180.180.193
2025-01-02 11:58:49.625 68756 INFO tempest.lib.common.rest_client [req-f2412ecb-3614-4b45-bdbe-dff87ad8e3c9 req-f2412ecb-3614-4b45-bdbe-dff87ad8e3c9 ] Request (SecurityGroupsTestJSON:test_list_security_groups_by_server): 200 GET http://10.180.1.21/compute/v2.1/servers/b137e48f-6f38-483f-8c23-1d47bf8aecc2 0.195s
2025-01-02 11:58:49.634 68748 INFO tempest.lib.common.rest_client [req-fb182350-2392-4d74-bca4-4a43b706e816 req-fb182350-2392-4d74-bca4-4a43b706e816 ] Request (InstanceActionsNegativeTestJSON:tearDownClass): 200 GET http://10.180.1.21/compute/v2.1/servers/19fa9ea2-0fa3-47a3-a80a-91225c41da38 0.213s
2025-01-02 11:58:49.643 68722 INFO tempest.lib.common.rest_client [req-6cbbe2f0-127e-4d03-8302-f15bc196c155 req-6cbbe2f0-127e-4d03-8302-f15bc196c155 ] Request (ServerMetadataNegativeTestJSON:tearDownClass): 404 GET http://10.180.1.21/compute/v2.1/servers/3972845f-a11a-4160-ad32-3cf31efa28c0 0.186s
2025-01-02 11:58:49.671 68716 WARNING tempest.lib.common.ssh [-] Failed to establish authenticated ssh connection to cirros@10.180.180.215 ([Errno None] Unable to connect to port 22 on 10.180.180.215). Number attempts: 1. Retry after 2 seconds.: paramiko.ssh_exception.NoValidConnectionsError: [Errno None] Unable to connect to port 22 on 10.180.180.215
2025-01-02 11:58:49.709 68728 INFO tempest.lib.common.rest_client [req-664659c0-c2fd-4276-b747-ca86cc775af3 req-664659c0-c2fd-4276-b747-ca86cc775af3 ] Request (ImagesNegativeTestJSON:test_create_image_from_deleted_server): 200 GET http://10.180.1.21/compute/v2.1/servers/57914c7f-a496-4c0c-a57d-cf9f46158032 0.195s
2025-01-02 11:58:49.727 68706 INFO tempest.lib.common.rest_client [req-d2e0c627-7e60-4e5b-a3d3-4ab62e2c2daf req-d2e0c627-7e60-4e5b-a3d3-4ab62e2c2daf ] Request (ListImageFiltersTestJSON:test_list_images_with_detail_filter_by_changes_since): 200 GET http://10.180.1.21/compute/v2.1/images/detail?changes-since=2025-01-02T11%3A56%3A48Z 0.140s
2025-01-02 11:58:49.821 68752 INFO tempest.lib.common.rest_client [req-79ff83ae-254d-42a2-bf27-3d65896b6958 req-79ff83ae-254d-42a2-bf27-3d65896b6958 ] Request (ServerGroupTestJSON:_run_cleanups): 200 GET http://10.180.1.21/compute/v2.1/servers/41f90609-cec6-43c2-9853-aa72527e5f46 0.210s
2025-01-02 11:58:49.872 68706 INFO tempest.lib.common.rest_client [req-b0892196-f76b-4202-9006-604a227b32c7 req-b0892196-f76b-4202-9006-604a227b32c7 ] Request (ListImageFiltersTestJSON:test_list_images_with_detail_filter_by_name): 200 GET http://10.180.1.21/compute/v2.1/images/detail?name=tempest-ListImageFiltersTestJSON-image-1343519724 0.140s
2025-01-02 11:58:49.921 68706 INFO tempest.lib.common.rest_client [req-011d3f58-d2b8-4135-92e0-d5f624549f43 req-011d3f58-d2b8-4135-92e0-d5f624549f43 ] Request (ListImageFiltersTestJSON:test_list_images_with_detail_filter_by_server_ref): 200 GET http://10.180.1.21/compute/v2.1/images/detail?server=http%3A%2F%2F10.180.1.21%2Fcompute%2Fv2.1%2Fservers%2Ff08cdd8f-d853-40c7-b5d8-11a1a494cba6 0.043s
2025-01-02 11:58:49.943 68740 INFO tempest.lib.common.rest_client [req-59a4dfb7-cf21-4ce8-8e3e-b28a4c2bb5e2 req-59a4dfb7-cf21-4ce8-8e3e-b28a4c2bb5e2 ] Request (ImagesOneServerTestJSON:setUpClass): 200 GET http://10.180.1.21/compute/v2.1/servers/b3a09612-f064-4b1f-8e5d-29ff6d423592 0.313s
2025-01-02 11:58:49.982 68708 INFO tempest.lib.common.rest_client [req-f8d0e4d6-94e9-4f5b-aa3e-a4e49afcce13 req-f8d0e4d6-94e9-4f5b-aa3e-a4e49afcce13 ] Request (MigrationsAdminTest:test_resize_server_revert_deleted_flavor): 200 GET http://10.180.1.21/compute/v2.1/servers/99c765c3-0b70-4f53-a8e7-e2723898c70e 0.100s
2025-01-02 11:58:50.021 68732 INFO tempest.lib.common.rest_client [req-f3c375d1-cfac-426f-b4ad-d6b95710d802 req-f3c375d1-cfac-426f-b4ad-d6b95710d802 ] Request (FloatingIPsAssociationTestJSON:tearDownClass): 200 GET http://10.180.1.21/compute/v2.1/servers/3544dff6-5be5-4463-9d47-4d8accf9e295 0.108s
2025-01-02 11:58:50.026 68706 INFO tempest.lib.common.rest_client [req-d1418dbd-b62d-47f3-9ab0-8052e8c0011f req-d1418dbd-b62d-47f3-9ab0-8052e8c0011f ] Request (ListImageFiltersTestJSON:test_list_images_with_detail_filter_by_server_ref): 200 GET http://10.180.1.21/compute/v2.1/images/detail?server=http%3A%2F%2F10.180.1.21%2Fcompute%2Fservers%2Ff08cdd8f-d853-40c7-b5d8-11a1a494cba6 0.101s
2025-01-02 11:58:50.082 68704 INFO tempest.lib.common.rest_client [req-7717f54f-f4c9-47fe-a844-0f00af50dd3d req-7717f54f-f4c9-47fe-a844-0f00af50dd3d ] Request (ServersAdminTestJSON:setUpClass): 200 GET http://10.180.1.21/compute/v2.1/servers/0431561b-dd08-4c9c-a4f6-43d19cbe4b03 0.144s
2025-01-02 11:58:50.087 68706 INFO tempest.lib.common.rest_client [req-f06bee19-ccb2-4fb1-9dbb-6ebb98e419c1 req-f06bee19-ccb2-4fb1-9dbb-6ebb98e419c1 ] Request (ListImageFiltersTestJSON:test_list_images_with_detail_filter_by_status): 200 GET http://10.180.1.21/compute/v2.1/images/detail?status=ACTIVE 0.053s
2025-01-02 11:58:50.143 68706 INFO tempest.lib.common.rest_client [req-2443be50-05ea-49de-bf57-ff41f460edff req-2443be50-05ea-49de-bf57-ff41f460edff ] Request (ListImageFiltersTestJSON:test_list_images_with_detail_filter_by_type): 200 GET http://10.180.1.21/compute/v2.1/images/detail?type=snapshot 0.049s
2025-01-02 11:58:50.181 68706 INFO tempest.lib.common.rest_client [req-ba215970-0d2a-4935-9344-c6fb6154f81e req-ba215970-0d2a-4935-9344-c6fb6154f81e ] Request (ListImageFiltersTestJSON:test_list_images_with_detail_filter_by_type): 200 GET http://10.180.1.21/compute/v2.1/images/53a5fdf8-c6be-4008-8c9d-7c67205e61eb 0.033s
2025-01-02 11:58:50.191 68738 INFO tempest.lib.common.rest_client [req-a19cea21-76c1-4b66-8610-370228c66038 req-a19cea21-76c1-4b66-8610-370228c66038 ] Request (ServerDiskConfigTestJSON:test_rebuild_server_with_manual_disk_config): 200 GET http://10.180.1.21/compute/v2.1/servers/3929441f-fefc-469f-a440-d7f3146abde2 0.054s
2025-01-02 11:58:50.220 68706 INFO tempest.lib.common.rest_client [req-1c3c4136-8ea9-4ded-b34d-1d9cd586c84d req-1c3c4136-8ea9-4ded-b34d-1d9cd586c84d ] Request (ListImageFiltersTestJSON:test_list_images_with_detail_limit_results): 200 GET http://10.180.1.21/compute/v2.1/images/detail?limit=1 0.034s
2025-01-02 11:58:50.333 68706 INFO tempest.lib.common.rest_client [req-29788d13-af41-44a9-b0ba-55cd16ed3af9 req-29788d13-af41-44a9-b0ba-55cd16ed3af9 ] Request (ListImageFiltersTestJSON:tearDownClass): 204 DELETE http://10.180.1.21/compute/v2.1/images/d5208234-dccf-4bea-ab1e-be8d4afc422d 0.107s
2025-01-02 11:58:50.360 68712 INFO tempest.lib.common.rest_client [req-d5c3617b-ed73-46ce-8ba0-f845c6a2af74 req-d5c3617b-ed73-46ce-8ba0-f845c6a2af74 ] Request (ServersTestMultiNic:_run_cleanups): 200 GET http://10.180.1.21/compute/v2.1/servers/c1f05848-3b1b-4f8e-877a-966310e78bcc 0.091s
2025-01-02 11:58:50.373 68734 WARNING tempest.lib.common.ssh [-] Failed to establish authenticated ssh connection to cirros@10.180.180.188 ([Errno None] Unable to connect to port 22 on 10.180.180.188). Number attempts: 7. Retry after 8 seconds.: paramiko.ssh_exception.NoValidConnectionsError: [Errno None] Unable to connect to port 22 on 10.180.180.188
2025-01-02 11:58:50.428 68724 INFO tempest.lib.common.rest_client [req-8b632358-11bc-44c4-aa41-397db1b6ed63 req-8b632358-11bc-44c4-aa41-397db1b6ed63 ] Request (ImagesOneServerNegativeTestJSON:_run_cleanups): 200 GET http://10.180.1.21/compute/v2.1/servers/81966a7e-6f9b-49e2-ad49-bd35f6fa628a 0.081s
2025-01-02 11:58:50.428 68706 INFO tempest.lib.common.rest_client [req-9d80076c-1e72-4b98-87bd-ac82bc7ed4b2 req-9d80076c-1e72-4b98-87bd-ac82bc7ed4b2 ] Request (ListImageFiltersTestJSON:tearDownClass): 204 DELETE http://10.180.1.21/compute/v2.1/images/aaded446-6177-4bb5-8908-daf9d904c849 0.095s
2025-01-02 11:58:50.437 68722 INFO tempest.lib.common.rest_client [req-096e0fca-ce17-4b38-aa7f-0d661e059431 req-096e0fca-ce17-4b38-aa7f-0d661e059431 ] Request (ServerMetadataNegativeTestJSON:tearDownClass): 200 PUT http://10.180.1.21:9696/networking/v2.0/routers/72660142-82f3-4ffd-b4c1-abdf5fbb146e/remove_router_interface 0.793s
2025-01-02 11:58:50.538 68706 INFO tempest.lib.common.rest_client [req-889f1a71-7cb1-4ff6-8332-1d0bd0bbfb14 req-889f1a71-7cb1-4ff6-8332-1d0bd0bbfb14 ] Request (ListImageFiltersTestJSON:tearDownClass): 204 DELETE http://10.180.1.21/compute/v2.1/images/de0f9f6d-c0f7-4a62-b89e-403701ddb2d3 0.109s
2025-01-02 11:58:50.547 68744 INFO tempest.lib.common.rest_client [req-85259a58-ceee-4ca4-85ef-6d0e460613a8 req-85259a58-ceee-4ca4-85ef-6d0e460613a8 ] Request (ServersAdminNegativeTestJSON:tearDownClass): 200 GET http://10.180.1.21/compute/v2.1/servers/5b4fa630-fcf0-4835-b22a-f4245f51ac6c 0.081s
2025-01-02 11:58:50.608 68746 INFO tempest.lib.common.rest_client [req-5c7f01d9-a3b6-41f0-937d-64cf07e73b2d req-5c7f01d9-a3b6-41f0-937d-64cf07e73b2d ] Request (ServerMetadataTestJSON:setUpClass): 200 GET http://10.180.1.21/compute/v2.1/servers/2fc56c3b-95cc-4604-9396-24dc498dddcf 0.123s
2025-01-02 11:58:50.620 68750 INFO tempest.lib.common.rest_client [req-d7d8f2e7-fe2e-4f6c-88f1-bb89cef75ba9 req-d7d8f2e7-fe2e-4f6c-88f1-bb89cef75ba9 ] Request (ServerTagsTestJSON:setUpClass): 200 GET http://10.180.1.21/compute/v2.1/servers/a3ed716a-d396-4dcd-813d-bad76fe03b41 0.088s
2025-01-02 11:58:50.690 68736 WARNING tempest.lib.common.ssh [-] Failed to establish authenticated ssh connection to cirros@10.180.180.181 ([Errno None] Unable to connect to port 22 on 10.180.180.181). Number attempts: 10. Retry after 11 seconds.: paramiko.ssh_exception.NoValidConnectionsError: [Errno None] Unable to connect to port 22 on 10.180.180.181
2025-01-02 11:58:50.696 68731 INFO tempest.lib.common.rest_client [req-d796c98f-3dde-4323-8362-4a942e9deeec req-d796c98f-3dde-4323-8362-4a942e9deeec ] Request (MultipleCreateTestJSON:test_multiple_create_with_reservation_return): 200 GET http://10.180.1.21/compute/v2.1/servers/47ea6c82-618f-4d4e-9d75-0ad02d9518f3 0.159s
2025-01-02 11:58:50.737 68706 INFO tempest.lib.common.rest_client [req-d7b1869c-abcb-409d-a4b7-dabe72c3f35f req-d7b1869c-abcb-409d-a4b7-dabe72c3f35f ] Request (ListImageFiltersTestJSON:tearDownClass): 204 DELETE http://10.180.1.21/compute/v2.1/servers/f08cdd8f-d853-40c7-b5d8-11a1a494cba6 0.199s
2025-01-02 11:58:50.783 68698 INFO tempest.lib.common.rest_client [req-82e9f548-9803-443f-9365-5e97d21cfdfe req-82e9f548-9803-443f-9365-5e97d21cfdfe ] Request (ServersTestJSON:test_create_server_with_ipv6_addr_only): 200 GET http://10.180.1.21/compute/v2.1/servers/8539553e-c060-4640-af64-3915c58a687e 0.196s
2025-01-02 11:58:50.809 68756 INFO tempest.lib.common.rest_client [req-9d8ebcbd-7444-42e2-a87f-650d9fd03243 req-9d8ebcbd-7444-42e2-a87f-650d9fd03243 ] Request (SecurityGroupsTestJSON:test_list_security_groups_by_server): 200 GET http://10.180.1.21/compute/v2.1/servers/b137e48f-6f38-483f-8c23-1d47bf8aecc2 0.177s
2025-01-02 11:58:50.851 68748 INFO tempest.lib.common.rest_client [req-b8806c92-2b16-413f-8385-26ec15e80612 req-b8806c92-2b16-413f-8385-26ec15e80612 ] Request (InstanceActionsNegativeTestJSON:tearDownClass): 200 GET http://10.180.1.21/compute/v2.1/servers/19fa9ea2-0fa3-47a3-a80a-91225c41da38 0.207s
2025-01-02 11:58:50.893 68728 INFO tempest.lib.common.rest_client [req-c85bcd89-3a1d-4577-ab7f-72cbce860e65 req-c85bcd89-3a1d-4577-ab7f-72cbce860e65 ] Request (ImagesNegativeTestJSON:test_create_image_from_deleted_server): 200 GET http://10.180.1.21/compute/v2.1/servers/57914c7f-a496-4c0c-a57d-cf9f46158032 0.174s
2025-01-02 11:58:50.895 68722 INFO tempest.lib.common.rest_client [req-f1ad058c-53c6-4025-b0d0-644acaba71b9 req-f1ad058c-53c6-4025-b0d0-644acaba71b9 ] Request (ServerMetadataNegativeTestJSON:tearDownClass): 204 DELETE http://10.180.1.21:9696/networking/v2.0/routers/72660142-82f3-4ffd-b4c1-abdf5fbb146e 0.458s
2025-01-02 11:58:50.948 68752 INFO tempest.lib.common.rest_client [req-a34bfafa-f335-4eda-b7ba-5d6160b1ca11 req-a34bfafa-f335-4eda-b7ba-5d6160b1ca11 ] Request (ServerGroupTestJSON:_run_cleanups): 200 GET http://10.180.1.21/compute/v2.1/servers/41f90609-cec6-43c2-9853-aa72527e5f46 0.119s
2025-01-02 11:58:50.997 68706 INFO tempest.lib.common.rest_client [req-849c6aad-5705-4f23-83d4-c87489020a20 req-849c6aad-5705-4f23-83d4-c87489020a20 ] Request (ListImageFiltersTestJSON:tearDownClass): 200 GET http://10.180.1.21/compute/v2.1/servers/f08cdd8f-d853-40c7-b5d8-11a1a494cba6 0.259s
2025-01-02 11:58:51.053 68708 INFO tempest.lib.common.rest_client [req-dfceac29-c4aa-424f-8de9-745bb480e9e7 req-dfceac29-c4aa-424f-8de9-745bb480e9e7 ] Request (MigrationsAdminTest:test_resize_server_revert_deleted_flavor): 200 GET http://10.180.1.21/compute/v2.1/servers/99c765c3-0b70-4f53-a8e7-e2723898c70e 0.059s
2025-01-02 11:58:51.064 68722 INFO tempest.lib.common.rest_client [req-05e5d6a8-0673-4e8a-951b-48f3039d398c req-05e5d6a8-0673-4e8a-951b-48f3039d398c ] Request (ServerMetadataNegativeTestJSON:tearDownClass): 204 DELETE http://10.180.1.21:9696/networking/v2.0/subnets/c60dddb0-8732-4492-99b7-f9642fc6847d 0.169s
2025-01-02 11:58:51.090 68740 INFO tempest.lib.common.rest_client [req-a62b8989-48d9-427f-be85-8765f07bf7f3 req-a62b8989-48d9-427f-be85-8765f07bf7f3 ] Request (ImagesOneServerTestJSON:setUpClass): 200 GET http://10.180.1.21/compute/v2.1/servers/b3a09612-f064-4b1f-8e5d-29ff6d423592 0.138s
2025-01-02 11:58:51.127 68732 INFO tempest.lib.common.rest_client [req-aeb83b5f-a365-4f18-a6a4-8a79d44f6a80 req-aeb83b5f-a365-4f18-a6a4-8a79d44f6a80 ] Request (FloatingIPsAssociationTestJSON:tearDownClass): 200 GET http://10.180.1.21/compute/v2.1/servers/3544dff6-5be5-4463-9d47-4d8accf9e295 0.097s
2025-01-02 11:58:51.147 68704 INFO tempest.lib.common.rest_client [req-0b652ff7-764b-4006-bfb6-24fc51f4825d req-0b652ff7-764b-4006-bfb6-24fc51f4825d ] Request (ServersAdminTestJSON:setUpClass): 200 GET http://10.180.1.21/compute/v2.1/servers/0431561b-dd08-4c9c-a4f6-43d19cbe4b03 0.058s
2025-01-02 11:58:51.257 68738 INFO tempest.lib.common.rest_client [req-dd7b0a42-5efa-45e5-ada2-84befb190f12 req-dd7b0a42-5efa-45e5-ada2-84befb190f12 ] Request (ServerDiskConfigTestJSON:test_rebuild_server_with_manual_disk_config): 200 GET http://10.180.1.21/compute/v2.1/servers/3929441f-fefc-469f-a440-d7f3146abde2 0.059s
2025-01-02 11:58:51.323 68722 INFO tempest.lib.common.rest_client [req-68e1c4e3-3943-4f78-a45b-4e77778dc305 req-68e1c4e3-3943-4f78-a45b-4e77778dc305 ] Request (ServerMetadataNegativeTestJSON:tearDownClass): 204 DELETE http://10.180.1.21:9696/networking/v2.0/networks/e6521620-eddf-4d91-b1aa-9095d874c786 0.258s
2025-01-02 11:58:51.404 68722 INFO tempest.lib.common.rest_client [req-65fdf29e-e9c9-45c8-9e76-50aad7407108 req-65fdf29e-e9c9-45c8-9e76-50aad7407108 ] Request (ServerMetadataNegativeTestJSON:tearDownClass): 204 DELETE http://10.180.1.21/identity/v3/users/4b33edb523f6458a89d78eb940565d46 0.080s
2025-01-02 11:58:51.404 68722 INFO tempest.lib.common.dynamic_creds [-] Deleting project and security group for project: a5af2bfbb2f047c98cd27b6d308b8661
2025-01-02 11:58:51.433 68722 INFO tempest.lib.common.rest_client [req-d41ef650-a2a1-48e1-9ee2-0ead609a696f req-d41ef650-a2a1-48e1-9ee2-0ead609a696f ] Request (ServerMetadataNegativeTestJSON:tearDownClass): 200 GET http://10.180.1.21:9696/networking/v2.0/security-groups?tenant_id=a5af2bfbb2f047c98cd27b6d308b8661&name=default 0.028s
2025-01-02 11:58:51.437 68712 INFO tempest.lib.common.rest_client [req-b714e81a-2cb7-45bf-9d74-af04b5001cd4 req-b714e81a-2cb7-45bf-9d74-af04b5001cd4 ] Request (ServersTestMultiNic:_run_cleanups): 200 GET http://10.180.1.21/compute/v2.1/servers/c1f05848-3b1b-4f8e-877a-966310e78bcc 0.065s
2025-01-02 11:58:51.486 68724 INFO tempest.lib.common.rest_client [req-84f91b1e-cadd-4afc-9e95-b1cb58053488 req-84f91b1e-cadd-4afc-9e95-b1cb58053488 ] Request (ImagesOneServerNegativeTestJSON:_run_cleanups): 200 GET http://10.180.1.21/compute/v2.1/servers/81966a7e-6f9b-49e2-ad49-bd35f6fa628a 0.052s
2025-01-02 11:58:51.518 68722 INFO tempest.lib.common.rest_client [req-17e17bb5-0a8d-4534-b8c2-ece2c051182b req-17e17bb5-0a8d-4534-b8c2-ece2c051182b ] Request (ServerMetadataNegativeTestJSON:tearDownClass): 204 DELETE http://10.180.1.21:9696/networking/v2.0/security-groups/74e8bcc5-7a8d-4695-b540-2a7f913cff17 0.085s
2025-01-02 11:58:51.607 68722 INFO tempest.lib.common.rest_client [req-8f806a76-fc8d-4a5d-850e-621c0ad7817d req-8f806a76-fc8d-4a5d-850e-621c0ad7817d ] Request (ServerMetadataNegativeTestJSON:tearDownClass): 204 DELETE http://10.180.1.21/identity/v3/projects/a5af2bfbb2f047c98cd27b6d308b8661 0.088s
2025-01-02 11:58:51.621 68744 INFO tempest.lib.common.rest_client [req-70985636-121f-4523-a841-0960e97ca423 req-70985636-121f-4523-a841-0960e97ca423 ] Request (ServersAdminNegativeTestJSON:tearDownClass): 200 GET http://10.180.1.21/compute/v2.1/servers/5b4fa630-fcf0-4835-b22a-f4245f51ac6c 0.064s
2025-01-02 11:58:51.684 68746 INFO tempest.lib.common.rest_client [req-aa0cb9d1-3c74-4281-84ed-a007193ee847 req-aa0cb9d1-3c74-4281-84ed-a007193ee847 ] Request (ServerMetadataTestJSON:setUpClass): 200 GET http://10.180.1.21/compute/v2.1/servers/2fc56c3b-95cc-4604-9396-24dc498dddcf 0.068s
2025-01-02 11:58:51.712 68750 INFO tempest.lib.common.rest_client [req-7999d97d-2bee-48e5-87ed-2acd7d6c53fb req-7999d97d-2bee-48e5-87ed-2acd7d6c53fb ] Request (ServerTagsTestJSON:setUpClass): 200 GET http://10.180.1.21/compute/v2.1/servers/a3ed716a-d396-4dcd-813d-bad76fe03b41 0.078s
2025-01-02 11:58:51.801 68731 INFO tempest.lib.common.rest_client [req-af6b6633-a2cc-4c11-8d0d-3e28628eba89 req-af6b6633-a2cc-4c11-8d0d-3e28628eba89 ] Request (MultipleCreateTestJSON:test_multiple_create_with_reservation_return): 200 GET http://10.180.1.21/compute/v2.1/servers/47ea6c82-618f-4d4e-9d75-0ad02d9518f3 0.092s
2025-01-02 11:58:51.807 68731 INFO tempest.common.waiters [-] State transition "BUILD/None" ==> "BUILD/networking" after 53 second wait
2025-01-02 11:58:51.845 68698 INFO tempest.lib.common.rest_client [req-e922b551-9032-428d-8e9c-45da16e0d281 req-e922b551-9032-428d-8e9c-45da16e0d281 ] Request (ServersTestJSON:test_create_server_with_ipv6_addr_only): 200 GET http://10.180.1.21/compute/v2.1/servers/8539553e-c060-4640-af64-3915c58a687e 0.054s
2025-01-02 11:58:51.896 68756 INFO tempest.lib.common.rest_client [req-5e12d0a9-58e0-4980-900c-7d4a5796048b req-5e12d0a9-58e0-4980-900c-7d4a5796048b ] Request (SecurityGroupsTestJSON:test_list_security_groups_by_server): 200 GET http://10.180.1.21/compute/v2.1/servers/b137e48f-6f38-483f-8c23-1d47bf8aecc2 0.077s
2025-01-02 11:58:51.931 68748 INFO tempest.lib.common.rest_client [req-4515dda4-48e2-44ab-8f48-5e141920aa14 req-4515dda4-48e2-44ab-8f48-5e141920aa14 ] Request (InstanceActionsNegativeTestJSON:tearDownClass): 200 GET http://10.180.1.21/compute/v2.1/servers/19fa9ea2-0fa3-47a3-a80a-91225c41da38 0.071s
2025-01-02 11:58:51.979 68728 INFO tempest.lib.common.rest_client [req-5d7d1939-e1a7-4e1a-89fe-efe41e0fd334 req-5d7d1939-e1a7-4e1a-89fe-efe41e0fd334 ] Request (ImagesNegativeTestJSON:test_create_image_from_deleted_server): 200 GET http://10.180.1.21/compute/v2.1/servers/57914c7f-a496-4c0c-a57d-cf9f46158032 0.076s
2025-01-02 11:58:52.010 68752 INFO tempest.lib.common.rest_client [req-1c2649b0-08a8-4b90-b806-8988b433f055 req-1c2649b0-08a8-4b90-b806-8988b433f055 ] Request (ServerGroupTestJSON:_run_cleanups): 200 GET http://10.180.1.21/compute/v2.1/servers/41f90609-cec6-43c2-9853-aa72527e5f46 0.055s
2025-01-02 11:58:52.016 68752 INFO tempest.common.waiters [-] State transition "ACTIVE/deleting" ==> "DELETED/None" after 4 second wait
2025-01-02 11:58:52.121 68708 INFO tempest.lib.common.rest_client [req-c96c0442-ef87-4514-a427-1ab7cf786595 req-c96c0442-ef87-4514-a427-1ab7cf786595 ] Request (MigrationsAdminTest:test_resize_server_revert_deleted_flavor): 200 GET http://10.180.1.21/compute/v2.1/servers/99c765c3-0b70-4f53-a8e7-e2723898c70e 0.061s
2025-01-02 11:58:52.159 68706 INFO tempest.lib.common.rest_client [req-a88524bf-5995-440d-84bf-e7583972792c req-a88524bf-5995-440d-84bf-e7583972792c ] Request (ListImageFiltersTestJSON:tearDownClass): 200 GET http://10.180.1.21/compute/v2.1/servers/f08cdd8f-d853-40c7-b5d8-11a1a494cba6 0.155s
2025-01-02 11:58:52.224 68740 INFO tempest.lib.common.rest_client [req-34a58dc1-5c21-4f4d-a64f-0529d675d025 req-34a58dc1-5c21-4f4d-a64f-0529d675d025 ] Request (ImagesOneServerTestJSON:setUpClass): 200 GET http://10.180.1.21/compute/v2.1/servers/b3a09612-f064-4b1f-8e5d-29ff6d423592 0.126s
2025-01-02 11:58:52.239 68732 INFO tempest.lib.common.rest_client [req-52bb23f9-af6e-4048-96a8-2e398aca91da req-52bb23f9-af6e-4048-96a8-2e398aca91da ] Request (FloatingIPsAssociationTestJSON:tearDownClass): 200 GET http://10.180.1.21/compute/v2.1/servers/3544dff6-5be5-4463-9d47-4d8accf9e295 0.103s
2025-01-02 11:58:52.273 68704 INFO tempest.lib.common.rest_client [req-c693e8da-54fc-40ae-86af-21ac6de15b16 req-c693e8da-54fc-40ae-86af-21ac6de15b16 ] Request (ServersAdminTestJSON:setUpClass): 200 GET http://10.180.1.21/compute/v2.1/servers/0431561b-dd08-4c9c-a4f6-43d19cbe4b03 0.120s
2025-01-02 11:58:52.320 68738 INFO tempest.lib.common.rest_client [req-45be533c-d3c0-461d-987a-18a840806778 req-45be533c-d3c0-461d-987a-18a840806778 ] Request (ServerDiskConfigTestJSON:test_rebuild_server_with_manual_disk_config): 200 GET http://10.180.1.21/compute/v2.1/servers/3929441f-fefc-469f-a440-d7f3146abde2 0.053s
2025-01-02 11:58:52.500 68712 INFO tempest.lib.common.rest_client [req-462f0110-c189-433f-976c-8d6e6a9c27ee req-462f0110-c189-433f-976c-8d6e6a9c27ee ] Request (ServersTestMultiNic:_run_cleanups): 200 GET http://10.180.1.21/compute/v2.1/servers/c1f05848-3b1b-4f8e-877a-966310e78bcc 0.055s
2025-01-02 11:58:52.538 68724 INFO tempest.lib.common.rest_client [req-52aeb236-1091-4147-9eff-29758aebfd93 req-52aeb236-1091-4147-9eff-29758aebfd93 ] Request (ImagesOneServerNegativeTestJSON:_run_cleanups): 200 GET http://10.180.1.21/compute/v2.1/servers/81966a7e-6f9b-49e2-ad49-bd35f6fa628a 0.045s
2025-01-02 11:58:52.692 68744 INFO tempest.lib.common.rest_client [req-fe0b5d54-21d3-47fb-82ea-a13f217af13e req-fe0b5d54-21d3-47fb-82ea-a13f217af13e ] Request (ServersAdminNegativeTestJSON:tearDownClass): 200 GET http://10.180.1.21/compute/v2.1/servers/5b4fa630-fcf0-4835-b22a-f4245f51ac6c 0.063s
2025-01-02 11:58:52.748 68746 INFO tempest.lib.common.rest_client [req-2b9b1e5e-dc08-4fe3-93c7-d383c1be1a34 req-2b9b1e5e-dc08-4fe3-93c7-d383c1be1a34 ] Request (ServerMetadataTestJSON:setUpClass): 200 GET http://10.180.1.21/compute/v2.1/servers/2fc56c3b-95cc-4604-9396-24dc498dddcf 0.056s
2025-01-02 11:58:52.782 68750 INFO tempest.lib.common.rest_client [req-57a1e207-850a-4293-a43e-325f9990b806 req-57a1e207-850a-4293-a43e-325f9990b806 ] Request (ServerTagsTestJSON:setUpClass): 200 GET http://10.180.1.21/compute/v2.1/servers/a3ed716a-d396-4dcd-813d-bad76fe03b41 0.060s
2025-01-02 11:58:52.904 68698 INFO tempest.lib.common.rest_client [req-ba5a2fad-25f6-4f6e-9f19-efb51be96bd0 req-ba5a2fad-25f6-4f6e-9f19-efb51be96bd0 ] Request (ServersTestJSON:test_create_server_with_ipv6_addr_only): 200 GET http://10.180.1.21/compute/v2.1/servers/8539553e-c060-4640-af64-3915c58a687e 0.048s
2025-01-02 11:58:52.947 68731 INFO tempest.lib.common.rest_client [req-14ebb023-e11e-4355-837d-73c6b069365a req-14ebb023-e11e-4355-837d-73c6b069365a ] Request (MultipleCreateTestJSON:test_multiple_create_with_reservation_return): 200 GET http://10.180.1.21/compute/v2.1/servers/47ea6c82-618f-4d4e-9d75-0ad02d9518f3 0.138s
2025-01-02 11:58:52.954 68731 INFO tempest.common.waiters [-] State transition "BUILD/networking" ==> "BUILD/spawning" after 54 second wait
2025-01-02 11:58:52.963 68756 INFO tempest.lib.common.rest_client [req-11c361cd-3957-4a65-9eb5-af191e178f35 req-11c361cd-3957-4a65-9eb5-af191e178f35 ] Request (SecurityGroupsTestJSON:test_list_security_groups_by_server): 200 GET http://10.180.1.21/compute/v2.1/servers/b137e48f-6f38-483f-8c23-1d47bf8aecc2 0.050s
2025-01-02 11:58:53.000 68748 INFO tempest.lib.common.rest_client [req-ff395856-68ee-4894-b0a2-c1bba5277fe5 req-ff395856-68ee-4894-b0a2-c1bba5277fe5 ] Request (InstanceActionsNegativeTestJSON:tearDownClass): 200 GET http://10.180.1.21/compute/v2.1/servers/19fa9ea2-0fa3-47a3-a80a-91225c41da38 0.062s
2025-01-02 11:58:53.043 68728 INFO tempest.lib.common.rest_client [req-99f1ae0c-a61c-4f76-ad69-21da8bbd767e req-99f1ae0c-a61c-4f76-ad69-21da8bbd767e ] Request (ImagesNegativeTestJSON:test_create_image_from_deleted_server): 200 GET http://10.180.1.21/compute/v2.1/servers/57914c7f-a496-4c0c-a57d-cf9f46158032 0.056s
2025-01-02 11:58:53.088 68752 INFO tempest.lib.common.rest_client [req-101c727a-98be-40d2-9ebf-14e1b211baee req-101c727a-98be-40d2-9ebf-14e1b211baee ] Request (ServerGroupTestJSON:_run_cleanups): 200 GET http://10.180.1.21/compute/v2.1/servers/41f90609-cec6-43c2-9853-aa72527e5f46 0.070s
2025-01-02 11:58:53.187 68708 INFO tempest.lib.common.rest_client [req-af0b51f6-f068-4453-af5b-277b3d0b83b4 req-af0b51f6-f068-4453-af5b-277b3d0b83b4 ] Request (MigrationsAdminTest:test_resize_server_revert_deleted_flavor): 200 GET http://10.180.1.21/compute/v2.1/servers/99c765c3-0b70-4f53-a8e7-e2723898c70e 0.052s
