2025-01-02 11:57:19.870 68714 INFO tempest.lib.common.rest_client [req-d919ce55-938b-49b6-9285-97bd12f60eac req-d919ce55-938b-49b6-9285-97bd12f60eac ] Request (ServicesAdminNegativeV253TestJSON:setUpClass): 201 POST http://10.180.1.21/identity/v3/users 0.096s
2025-01-02 11:57:19.896 68716 INFO tempest.lib.common.rest_client [req-13c24690-3ba9-4011-9c4e-e80069a0014a req-13c24690-3ba9-4011-9c4e-e80069a0014a ] Request (ServersWithSpecificFlavorTestJSON:setUpClass): 201 POST http://10.180.1.21/identity/v3/users 0.112s
2025-01-02 11:57:19.905 68722 INFO tempest.lib.common.rest_client [req-e15d0140-d50f-4e5b-b45e-0eea86d992bd req-e15d0140-d50f-4e5b-b45e-0eea86d992bd ] Request (AbsoluteLimitsNegativeTestJSON:test_max_metadata_exceed_limit): 200 GET http://10.180.1.21/compute/v2.1/limits 2.302s
2025-01-02 11:57:19.918 68714 INFO tempest.lib.common.rest_client [req-66bbd3c5-3bbd-42f9-bde8-95513f862079 req-66bbd3c5-3bbd-42f9-bde8-95513f862079 ] Request (ServicesAdminNegativeV253TestJSON:setUpClass): 200 GET http://10.180.1.21/identity/v3/roles 0.047s
2025-01-02 11:57:19.949 68752 INFO tempest.lib.common.rest_client [req-02a6cd68-ceaf-4ef3-ba88-0640d46a9003 req-02a6cd68-ceaf-4ef3-ba88-0640d46a9003 ] Request (AbsoluteLimitsTestJSON:tearDownClass): 204 DELETE http://10.180.1.21/identity/v3/users/8e2ddeb4297d4ef38728e9c40df5a6cc 0.155s
2025-01-02 11:57:19.950 68752 INFO tempest.lib.common.dynamic_creds [-] Deleting project and security group for project: d49972ab22964581936ba700127a40f7
2025-01-02 11:57:19.959 68724 INFO tempest.lib.common.rest_client [req-c988cdff-f1d1-4a3e-bc4e-e0b24180f385 req-c988cdff-f1d1-4a3e-bc4e-e0b24180f385 ] Request (ImagesOneServerNegativeTestJSON:tearDown): 200 GET http://10.180.1.21/compute/v2.1/servers/5ef4df0b-ad8b-4906-a304-fbe776db4943 2.387s
2025-01-02 11:57:19.984 68716 INFO tempest.lib.common.rest_client [req-a97fc7ff-d630-4660-aea7-b501d1901469 req-a97fc7ff-d630-4660-aea7-b501d1901469 ] Request (ServersWithSpecificFlavorTestJSON:setUpClass): 200 GET http://10.180.1.21/identity/v3/roles 0.087s
2025-01-02 11:57:20.008 68714 INFO tempest.lib.common.rest_client [req-8810b38e-4c49-483d-a371-6502663d2ed9 req-8810b38e-4c49-483d-a371-6502663d2ed9 ] Request (ServicesAdminNegativeV253TestJSON:setUpClass): 204 PUT http://10.180.1.21/identity/v3/projects/e173a6185cb14b3c8d8f476872854efc/users/0d140c0924a942bdb3c2fcd83cd0b826/roles/35fda947592f459daea70bb9742e0001 0.090s
2025-01-02 11:57:20.009 68714 INFO tempest.lib.common.dynamic_creds [-] Dynamic test user 0d140c0924a942bdb3c2fcd83cd0b826 is created with scope project and roles: ['member']
2025-01-02 11:57:20.009 68714 INFO tempest.lib.common.dynamic_creds [-] Acquired dynamic creds: credentials: Credentials: {'domain_id': 'default', 'domain_name': 'Default', 'username': 'tempest-ServicesAdminNegativeV253TestJSON-1007665428-project-member', 'project_domain_id': 'default', 'project_domain_name': 'Default', 'project_id': 'e173a6185cb14b3c8d8f476872854efc', 'project_name': 'tempest-ServicesAdminNegativeV253TestJSON-1007665428', 'tenant_id': 'e173a6185cb14b3c8d8f476872854efc', 'tenant_name': 'tempest-ServicesAdminNegativeV253TestJSON-1007665428', 'user_domain_id': 'default', 'user_domain_name': 'Default', 'user_id': '0d140c0924a942bdb3c2fcd83cd0b826', 'system': None}, Network: None, Subnet: None, Router: None
2025-01-02 11:57:20.009 68714 INFO tempest.lib.common.dynamic_creds [-] Created isolated network resources for: credentials: Credentials: {'domain_id': 'default', 'domain_name': 'Default', 'username': 'tempest-ServicesAdminNegativeV253TestJSON-1007665428-project-member', 'project_domain_id': 'default', 'project_domain_name': 'Default', 'project_id': 'e173a6185cb14b3c8d8f476872854efc', 'project_name': 'tempest-ServicesAdminNegativeV253TestJSON-1007665428', 'tenant_id': 'e173a6185cb14b3c8d8f476872854efc', 'tenant_name': 'tempest-ServicesAdminNegativeV253TestJSON-1007665428', 'user_domain_id': 'default', 'user_domain_name': 'Default', 'user_id': '0d140c0924a942bdb3c2fcd83cd0b826', 'system': None}, Network: None, Subnet: None, Router: None
2025-01-02 11:57:20.012 68736 INFO tempest.lib.common.rest_client [req-c6521ef3-43d3-484f-994d-eb5db4e28c69 req-c6521ef3-43d3-484f-994d-eb5db4e28c69 ] Request (ServersTestJSON:setUpClass): 200 GET http://10.180.1.21/compute/v2.1/servers/b23f40f6-7521-4465-bc42-872016f9a6bd/os-interface 2.112s
2025-01-02 11:57:20.034 68700 INFO tempest.lib.common.rest_client [req-1349cc86-69f4-4985-be6a-16f621b9f55b req-1349cc86-69f4-4985-be6a-16f621b9f55b ] Request (SecurityGroupsNegativeTestJSON:tearDownClass): 204 DELETE http://10.180.1.21:9696/networking/v2.0/routers/fcc8337f-c613-4a06-abff-f5a199970023 0.907s
2025-01-02 11:57:20.048 68722 INFO tempest.lib.common.rest_client [req-ab250572-cd74-437e-8bcb-0c0d392d3e7c req-ab250572-cd74-437e-8bcb-0c0d392d3e7c ] Request (AbsoluteLimitsNegativeTestJSON:test_max_metadata_exceed_limit): 201 POST http://10.180.1.21/identity/v3/auth/tokens 0.127s
2025-01-02 11:57:20.050 68722 INFO tempest.lib.common.fixed_network [-] (AbsoluteLimitsNegativeTestJSON:test_max_metadata_exceed_limit) Found network None available for tenant
2025-01-02 11:57:20.052 68696 INFO tempest.lib.common.rest_client [req-0020244c-fd2c-4c7b-ba4a-293680ee0315 req-0020244c-fd2c-4c7b-ba4a-293680ee0315 ] Request (FlavorsAdminTestJSON:test_is_public_string_variations): 200 GET http://10.180.1.21/compute/v2.1/flavors/detail?is_public=yes 1.964s
2025-01-02 11:57:20.078 68738 INFO tempest.lib.common.rest_client [req-43d86219-0098-4a5c-b938-82c9c3404b3b req-43d86219-0098-4a5c-b938-82c9c3404b3b ] Request (FlavorsV2TestJSON:test_list_flavors_using_marker): 200 GET http://10.180.1.21/compute/v2.1/flavors?marker=42 1.979s
2025-01-02 11:57:20.087 68704 INFO tempest.lib.common.rest_client [req-268bda5e-e6dd-44bc-87bd-07a32736e6ca req-268bda5e-e6dd-44bc-87bd-07a32736e6ca ] Request (ServersAdmin275Test:_run_cleanups): 200 GET http://10.180.1.21/compute/v2.1/servers/3cec7e1e-84cb-4055-a25f-b36579dd1511 2.134s
2025-01-02 11:57:20.103 68704 INFO tempest.common.waiters [-] State transition "REBUILD/rebuilding" ==> "REBUILD/rebuild_spawning" after 4 second wait
2025-01-02 11:57:20.150 68716 INFO tempest.lib.common.rest_client [req-6afe89d3-9073-4f0f-a7d3-2280e6d02620 req-6afe89d3-9073-4f0f-a7d3-2280e6d02620 ] Request (ServersWithSpecificFlavorTestJSON:setUpClass): 204 PUT http://10.180.1.21/identity/v3/projects/328baa65c73146b79fd9c27b62b5b22a/users/e20e0d579ed94b599fd5ea1baff95e7e/roles/35fda947592f459daea70bb9742e0001 0.166s
2025-01-02 11:57:20.151 68716 INFO tempest.lib.common.dynamic_creds [-] Dynamic test user e20e0d579ed94b599fd5ea1baff95e7e is created with scope project and roles: ['member']
2025-01-02 11:57:20.151 68716 INFO tempest.lib.common.dynamic_creds [-] Acquired dynamic creds: credentials: Credentials: {'domain_id': 'default', 'domain_name': 'Default', 'username': 'tempest-ServersWithSpecificFlavorTestJSON-126682349-project-member', 'project_domain_id': 'default', 'project_domain_name': 'Default', 'project_id': '328baa65c73146b79fd9c27b62b5b22a', 'project_name': 'tempest-ServersWithSpecificFlavorTestJSON-126682349', 'tenant_id': '328baa65c73146b79fd9c27b62b5b22a', 'tenant_name': 'tempest-ServersWithSpecificFlavorTestJSON-126682349', 'user_domain_id': 'default', 'user_domain_name': 'Default', 'user_id': 'e20e0d579ed94b599fd5ea1baff95e7e', 'system': None}, Network: None, Subnet: None, Router: None
2025-01-02 11:57:20.219 68714 INFO tempest.lib.common.rest_client [req-eabdd7ed-6a54-4fcd-8275-b5b472fad4eb req-eabdd7ed-6a54-4fcd-8275-b5b472fad4eb ] Request (ServicesAdminNegativeV253TestJSON:setUpClass): 201 POST http://10.180.1.21/identity/v3/auth/tokens 0.206s
2025-01-02 11:57:20.225 68752 INFO tempest.lib.common.rest_client [req-9c0ccf4c-1962-4486-a70d-05f981050eab req-9c0ccf4c-1962-4486-a70d-05f981050eab ] Request (AbsoluteLimitsTestJSON:tearDownClass): 201 POST http://10.180.1.21/identity/v3/auth/tokens 0.274s
2025-01-02 11:57:20.246 68716 INFO tempest.lib.common.rest_client [req-4c87b2f0-56c6-4fd8-9e90-9fc7acd11850 req-4c87b2f0-56c6-4fd8-9e90-9fc7acd11850 ] Request (ServersWithSpecificFlavorTestJSON:setUpClass): 201 POST http://10.180.1.21/identity/v3/auth/tokens 0.095s
2025-01-02 11:57:20.248 68714 INFO tempest.lib.common.rest_client [req-fb13d19f-6c8c-4ce8-bcbb-e53a6a5193e3 req-fb13d19f-6c8c-4ce8-bcbb-e53a6a5193e3 ] Request (ServicesAdminNegativeV253TestJSON:setUpClass): 201 POST http://10.180.1.21/identity/v3/projects 0.028s
2025-01-02 11:57:20.305 68714 INFO tempest.lib.common.rest_client [req-59053964-b558-44bf-a9cb-a1fc889defac req-59053964-b558-44bf-a9cb-a1fc889defac ] Request (ServicesAdminNegativeV253TestJSON:setUpClass): 201 POST http://10.180.1.21/identity/v3/users 0.056s
2025-01-02 11:57:20.323 68694 WARNING tempest.lib.common.ssh [-] Failed to establish authenticated ssh connection to cirros@10.180.180.176 ([Errno None] Unable to connect to port 22 on 10.180.180.176). Number attempts: 4. Retry after 5 seconds.: paramiko.ssh_exception.NoValidConnectionsError: [Errno None] Unable to connect to port 22 on 10.180.180.176
2025-01-02 11:57:20.338 68714 INFO tempest.lib.common.rest_client [req-8445320f-2be0-43f7-9187-6b8b792256ed req-8445320f-2be0-43f7-9187-6b8b792256ed ] Request (ServicesAdminNegativeV253TestJSON:setUpClass): 200 GET http://10.180.1.21/identity/v3/roles 0.033s
2025-01-02 11:57:20.366 68714 INFO tempest.lib.common.rest_client [req-45a89eb7-b0e9-4473-8623-4ca92b54bdd5 req-45a89eb7-b0e9-4473-8623-4ca92b54bdd5 ] Request (ServicesAdminNegativeV253TestJSON:setUpClass): 204 PUT http://10.180.1.21/identity/v3/projects/d609e65a59f24da182403994ebb9b60d/users/68649f22d9f54b1aa463a9b712af33f1/roles/389a5a2a606142f4ac9275b62bcb18a9 0.027s
2025-01-02 11:57:20.423 68714 INFO tempest.lib.common.rest_client [req-4568eac9-7658-459b-b0e3-6b9e8f8eb2b1 req-4568eac9-7658-459b-b0e3-6b9e8f8eb2b1 ] Request (ServicesAdminNegativeV253TestJSON:setUpClass): 200 GET http://10.180.1.21/identity/v3/roles 0.056s
2025-01-02 11:57:20.426 68720 INFO tempest.lib.common.rest_client [req-e331d251-94bf-49af-8999-df41130c2394 req-e331d251-94bf-49af-8999-df41130c2394 ] Request (VolumesAssistedSnapshotsTest:test_volume_assisted_snapshot_create_delete): 200 GET http://10.180.1.21/compute/v2.1/servers/8892fd3b-b3fa-4b83-89f8-3162579d6f87/os-interface 1.792s
2025-01-02 11:57:20.429 68700 INFO tempest.lib.common.rest_client [req-13a7410a-39b0-4dee-b9c2-81f3eb5b5f91 req-13a7410a-39b0-4dee-b9c2-81f3eb5b5f91 ] Request (SecurityGroupsNegativeTestJSON:tearDownClass): 204 DELETE http://10.180.1.21:9696/networking/v2.0/subnets/289f78dd-2de6-4d44-93f9-9aa09f709a37 0.393s
2025-01-02 11:57:20.446 68714 INFO tempest.lib.common.rest_client [req-fe71dd79-b2f2-4e59-898d-bd6451c347fb req-fe71dd79-b2f2-4e59-898d-bd6451c347fb ] Request (ServicesAdminNegativeV253TestJSON:setUpClass): 204 PUT http://10.180.1.21/identity/v3/projects/d609e65a59f24da182403994ebb9b60d/users/68649f22d9f54b1aa463a9b712af33f1/roles/389a5a2a606142f4ac9275b62bcb18a9 0.023s
2025-01-02 11:57:20.447 68714 INFO tempest.lib.common.dynamic_creds [-] Dynamic test user 68649f22d9f54b1aa463a9b712af33f1 is created with scope project and roles: ['admin']
2025-01-02 11:57:20.447 68714 INFO tempest.lib.common.dynamic_creds [-] Acquired dynamic creds: credentials: Credentials: {'domain_id': 'default', 'domain_name': 'Default', 'username': 'tempest-ServicesAdminNegativeV253TestJSON-1535555510-project-admin', 'project_domain_id': 'default', 'project_domain_name': 'Default', 'project_id': 'd609e65a59f24da182403994ebb9b60d', 'project_name': 'tempest-ServicesAdminNegativeV253TestJSON-1535555510', 'tenant_id': 'd609e65a59f24da182403994ebb9b60d', 'tenant_name': 'tempest-ServicesAdminNegativeV253TestJSON-1535555510', 'user_domain_id': 'default', 'user_domain_name': 'Default', 'user_id': '68649f22d9f54b1aa463a9b712af33f1', 'system': None}, Network: None, Subnet: None, Router: None
2025-01-02 11:57:20.447 68714 INFO tempest.lib.common.dynamic_creds [-] Created isolated network resources for: credentials: Credentials: {'domain_id': 'default', 'domain_name': 'Default', 'username': 'tempest-ServicesAdminNegativeV253TestJSON-1535555510-project-admin', 'project_domain_id': 'default', 'project_domain_name': 'Default', 'project_id': 'd609e65a59f24da182403994ebb9b60d', 'project_name': 'tempest-ServicesAdminNegativeV253TestJSON-1535555510', 'tenant_id': 'd609e65a59f24da182403994ebb9b60d', 'tenant_name': 'tempest-ServicesAdminNegativeV253TestJSON-1535555510', 'user_domain_id': 'default', 'user_domain_name': 'Default', 'user_id': '68649f22d9f54b1aa463a9b712af33f1', 'system': None}, Network: None, Subnet: None, Router: None
2025-01-02 11:57:20.460 68712 INFO tempest.lib.common.rest_client [req-86b25763-4d5e-4536-aeb5-da91c235679f req-86b25763-4d5e-4536-aeb5-da91c235679f ] Request (ServerExternalEventsTest:tearDownClass): 404 GET http://10.180.1.21/compute/v2.1/servers/25fb909b-63b7-4d5e-8464-cfdcbdf6ca78 1.764s
2025-01-02 11:57:20.474 68750 INFO tempest.lib.common.rest_client [req-09f59f5d-a942-48d9-8099-199768ea8ef5 req-09f59f5d-a942-48d9-8099-199768ea8ef5 ] Request (DeleteServersAdminTestJSON:test_delete_server_while_in_error_state): 202 POST http://10.180.1.21/compute/v2.1/servers 2.090s
2025-01-02 11:57:20.565 68740 INFO tempest.lib.common.rest_client [req-b5f1ba5e-44a5-4ca4-b942-e285234eb099 req-b5f1ba5e-44a5-4ca4-b942-e285234eb099 ] Request (ServerDiagnosticsTest:tearDownClass): 200 GET http://10.180.1.21/compute/v2.1/servers/028ce127-561f-4a3a-b427-e0c462457550 1.832s
2025-01-02 11:57:20.581 68714 INFO tempest.lib.common.rest_client [req-60d43474-f472-4921-8aaf-1c230136f40b req-60d43474-f472-4921-8aaf-1c230136f40b ] Request (ServicesAdminNegativeV253TestJSON:setUpClass): 201 POST http://10.180.1.21/identity/v3/auth/tokens 0.126s
2025-01-02 11:57:20.593 68746 INFO tempest.lib.common.rest_client [req-f9f83e77-bf82-4a81-a8ee-0e18eb18032e req-f9f83e77-bf82-4a81-a8ee-0e18eb18032e ] Request (ServerDiagnosticsNegativeTest:test_get_server_diagnostics_by_non_admin): 200 GET http://10.180.1.21/compute/v2.1/servers/9f8ff3a5-201b-4814-bf32-2f39c2293750 1.804s
2025-01-02 11:57:20.622 68710 INFO tempest.lib.common.rest_client [req-5f907076-6d63-406c-80f7-47aa6bca114a req-5f907076-6d63-406c-80f7-47aa6bca114a ] Request (ServersTestBootFromVolume:setUpClass): 200 GET http://10.180.1.21/volume/v3/volumes/c4265df9-3e22-4e8d-bca4-519834826f48 0.040s
2025-01-02 11:57:20.658 68712 INFO tempest.lib.common.rest_client [req-dc725860-d4f7-49a5-891e-5b4c3b0eea68 req-dc725860-d4f7-49a5-891e-5b4c3b0eea68 ] Request (ServerExternalEventsTest:tearDownClass): 204 DELETE http://10.180.1.21/identity/v3/users/cf90a095ebab4abe872e11c3e1b31dbe 0.197s
2025-01-02 11:57:20.709 68698 INFO tempest.lib.common.rest_client [req-677a8fe0-6074-4d25-8901-b069334051b6 req-677a8fe0-6074-4d25-8901-b069334051b6 ] Request (ServerDiagnosticsV248Test:tearDownClass): 200 GET http://10.180.1.21/compute/v2.1/servers/1747a27d-b414-457a-ac2a-5bae20896432 1.914s
2025-01-02 11:57:20.732 68728 INFO tempest.lib.common.rest_client [req-cf380ba3-74f8-47b1-b8aa-39a5aa386345 req-cf380ba3-74f8-47b1-b8aa-39a5aa386345 ] Request (TenantUsagesTestJSON:tearDownClass): 200 GET http://10.180.1.21/compute/v2.1/servers/464adac6-a45c-4cc3-b0fb-1371c1438426 1.774s
2025-01-02 11:57:20.792 68752 INFO tempest.lib.common.rest_client [req-9f519aea-c272-4b5c-acc1-77ddc1c8d51b req-9f519aea-c272-4b5c-acc1-77ddc1c8d51b ] Request (AbsoluteLimitsTestJSON:tearDownClass): 200 GET http://10.180.1.21:9696/networking/v2.0/security-groups?tenant_id=d49972ab22964581936ba700127a40f7&name=default 0.566s
2025-01-02 11:57:20.833 68706 INFO tempest.lib.common.rest_client [req-a8a6048a-5942-442e-b444-002bcff7fc4b req-a8a6048a-5942-442e-b444-002bcff7fc4b ] Request (ListImageFiltersTestJSON:setUpClass): 200 GET http://10.180.1.21/compute/v2.1/servers/f08cdd8f-d853-40c7-b5d8-11a1a494cba6 1.794s
2025-01-02 11:57:20.834 68712 INFO tempest.lib.common.rest_client [req-b72ac126-1270-4e4b-9f68-db9e4dd05e5f req-b72ac126-1270-4e4b-9f68-db9e4dd05e5f ] Request (ServerExternalEventsTest:tearDownClass): 204 DELETE http://10.180.1.21/identity/v3/users/68758aed00fd46db803a0c0c9beabbae 0.175s
2025-01-02 11:57:20.932 68718 INFO tempest.lib.common.rest_client [req-39120dd5-ceb5-4a12-9b82-b87cd6016e5e req-39120dd5-ceb5-4a12-9b82-b87cd6016e5e ] Request (ServerActionsTestOtherA:setUpClass): 200 GET http://10.180.1.21/compute/v2.1/servers/3d11142c-0197-4bd9-bf31-fffabf48ee87 1.818s
2025-01-02 11:57:20.954 68712 INFO tempest.lib.common.rest_client [req-c5f00baf-c84f-443f-860d-8af5230aea80 req-c5f00baf-c84f-443f-860d-8af5230aea80 ] Request (ServerExternalEventsTest:tearDownClass): 204 DELETE http://10.180.1.21/identity/v3/users/ff50793fdc1647f588c14db04456c9d5 0.120s
2025-01-02 11:57:20.955 68712 INFO tempest.lib.common.dynamic_creds [-] Deleting project and security group for project: e473dcec60c94d8e88006cd2ce0b9907
2025-01-02 11:57:21.009 68752 INFO tempest.lib.common.rest_client [req-f2511708-0b65-4a04-99cf-fcf03f7c9854 req-f2511708-0b65-4a04-99cf-fcf03f7c9854 ] Request (AbsoluteLimitsTestJSON:tearDownClass): 204 DELETE http://10.180.1.21:9696/networking/v2.0/security-groups/396e8e81-0022-4a5f-97f2-55d25f262d08 0.216s
2025-01-02 11:57:21.018 68700 INFO tempest.lib.common.rest_client [req-149afa44-e56a-4b42-a76b-f1ee572f923d req-149afa44-e56a-4b42-a76b-f1ee572f923d ] Request (SecurityGroupsNegativeTestJSON:tearDownClass): 204 DELETE http://10.180.1.21:9696/networking/v2.0/networks/5c4d31a5-bef9-4f54-9b31-61eb32a97fbd 0.588s
2025-01-02 11:57:21.018 68712 INFO tempest.lib.common.rest_client [req-3d085693-ebb8-42c6-9df9-6c3c3ea669a5 req-3d085693-ebb8-42c6-9df9-6c3c3ea669a5 ] Request (ServerExternalEventsTest:tearDownClass): 201 POST http://10.180.1.21/identity/v3/auth/tokens 0.063s
2025-01-02 11:57:21.022 68731 INFO tempest.lib.common.rest_client [req-32a0aa77-15cf-452d-81aa-4dfcb63c2609 req-32a0aa77-15cf-452d-81aa-4dfcb63c2609 ] Request (MultipleCreateTestJSON:test_multiple_create): 200 GET http://10.180.1.21/compute/v2.1/servers/1678d6e7-9266-4cff-8f7b-d51c2bc6d8a2 1.991s
2025-01-02 11:57:21.086 68752 INFO tempest.lib.common.rest_client [req-3bd81106-a6cc-4714-8f5c-2058ce834d74 req-3bd81106-a6cc-4714-8f5c-2058ce834d74 ] Request (AbsoluteLimitsTestJSON:tearDownClass): 204 DELETE http://10.180.1.21/identity/v3/projects/d49972ab22964581936ba700127a40f7 0.076s
2025-01-02 11:57:21.089 68700 INFO tempest.lib.common.rest_client [req-d43ff6ac-7316-4f17-a4ef-4907c3cf2188 req-d43ff6ac-7316-4f17-a4ef-4907c3cf2188 ] Request (SecurityGroupsNegativeTestJSON:tearDownClass): 204 DELETE http://10.180.1.21/identity/v3/users/dc5a32fd11914e6291ee4fce501814c4 0.070s
2025-01-02 11:57:21.089 68700 INFO tempest.lib.common.dynamic_creds [-] Deleting project and security group for project: 1e883e75395b48d38a07dd8386fb0fa9
2025-01-02 11:57:21.134 68700 INFO tempest.lib.common.rest_client [req-18d45a7f-0423-400b-9f47-027599a35a7d req-18d45a7f-0423-400b-9f47-027599a35a7d ] Request (SecurityGroupsNegativeTestJSON:tearDownClass): 200 GET http://10.180.1.21:9696/networking/v2.0/security-groups?tenant_id=1e883e75395b48d38a07dd8386fb0fa9&name=default 0.045s
2025-01-02 11:57:21.146 68752 INFO tempest.lib.common.rest_client [req-d8472806-5498-43f2-9a5c-ea57858ab7d4 req-d8472806-5498-43f2-9a5c-ea57858ab7d4 ] Request (ServerGroupTestJSON:setUpClass): 201 POST http://10.180.1.21/identity/v3/auth/tokens 0.059s
2025-01-02 11:57:21.175 68752 INFO tempest.lib.common.rest_client [req-c9b5ecb8-7cad-4028-9a80-758f23b827bb req-c9b5ecb8-7cad-4028-9a80-758f23b827bb ] Request (ServerGroupTestJSON:setUpClass): 201 POST http://10.180.1.21/identity/v3/auth/tokens 0.026s
2025-01-02 11:57:21.202 68752 INFO tempest.lib.common.rest_client [req-29bc84a5-dbff-48bf-8298-b9e8f2b73d18 req-29bc84a5-dbff-48bf-8298-b9e8f2b73d18 ] Request (ServerGroupTestJSON:setUpClass): 200 GET http://10.180.1.21/identity/v3/domains?name=Default 0.027s
2025-01-02 11:57:21.223 68754 INFO tempest.lib.common.rest_client [req-f4a9a69b-aa39-44b7-bdd7-259d2c4d1fbd req-f4a9a69b-aa39-44b7-bdd7-259d2c4d1fbd ] Request (SecurityGroupRulesTestJSON:test_security_group_rules_list): 200 POST http://10.180.1.21/compute/v2.1/os-security-group-rules 1.783s
2025-01-02 11:57:21.226 68712 INFO tempest.lib.common.rest_client [req-b43360fa-e2ff-48de-8058-0471b800fcb8 req-b43360fa-e2ff-48de-8058-0471b800fcb8 ] Request (ServerExternalEventsTest:tearDownClass): 200 GET http://10.180.1.21:9696/networking/v2.0/security-groups?tenant_id=e473dcec60c94d8e88006cd2ce0b9907&name=default 0.207s
2025-01-02 11:57:21.238 68752 INFO tempest.lib.common.rest_client [req-4eddfdf1-98b8-4638-a029-4d279109ecdd req-4eddfdf1-98b8-4638-a029-4d279109ecdd ] Request (ServerGroupTestJSON:setUpClass): 201 POST http://10.180.1.21/identity/v3/projects 0.036s
2025-01-02 11:57:21.278 68716 INFO tempest.lib.common.rest_client [req-eacee8aa-ec8e-41ed-b004-240d7cfeab0c req-eacee8aa-ec8e-41ed-b004-240d7cfeab0c ] Request (ServersWithSpecificFlavorTestJSON:setUpClass): 201 POST http://10.180.1.21:9696/networking/v2.0/networks 1.031s
2025-01-02 11:57:21.314 68752 INFO tempest.lib.common.rest_client [req-a44cc46b-83bd-4f7a-82cb-bb63e1dd7ec4 req-a44cc46b-83bd-4f7a-82cb-bb63e1dd7ec4 ] Request (ServerGroupTestJSON:setUpClass): 201 POST http://10.180.1.21/identity/v3/users 0.071s
2025-01-02 11:57:21.340 68752 INFO tempest.lib.common.rest_client [req-39da945c-5f0e-49a2-b2f9-f329539a85f3 req-39da945c-5f0e-49a2-b2f9-f329539a85f3 ] Request (ServerGroupTestJSON:setUpClass): 200 GET http://10.180.1.21/identity/v3/roles 0.025s
2025-01-02 11:57:21.353 68700 INFO tempest.lib.common.rest_client [req-5ef15094-dc6e-4c99-bfe5-0b3a06c18cd5 req-5ef15094-dc6e-4c99-bfe5-0b3a06c18cd5 ] Request (SecurityGroupsNegativeTestJSON:tearDownClass): 204 DELETE http://10.180.1.21:9696/networking/v2.0/security-groups/9df9f6d4-d9fe-45e3-a5cc-30c48abfd995 0.219s
2025-01-02 11:57:21.367 68752 INFO tempest.lib.common.rest_client [req-2aa171fa-1200-42e0-934c-018c82c48b41 req-2aa171fa-1200-42e0-934c-018c82c48b41 ] Request (ServerGroupTestJSON:setUpClass): 204 PUT http://10.180.1.21/identity/v3/projects/eb597f8201ab42daa426086b53ee3859/users/f917aac2fcdb4ef6b8575704b2c2cf6d/roles/35fda947592f459daea70bb9742e0001 0.027s
2025-01-02 11:57:21.367 68752 INFO tempest.lib.common.dynamic_creds [-] Dynamic test user f917aac2fcdb4ef6b8575704b2c2cf6d is created with scope project and roles: ['member']
2025-01-02 11:57:21.367 68752 INFO tempest.lib.common.dynamic_creds [-] Acquired dynamic creds: credentials: Credentials: {'domain_id': 'default', 'domain_name': 'Default', 'username': 'tempest-ServerGroupTestJSON-1171796197-project-member', 'project_domain_id': 'default', 'project_domain_name': 'Default', 'project_id': 'eb597f8201ab42daa426086b53ee3859', 'project_name': 'tempest-ServerGroupTestJSON-1171796197', 'tenant_id': 'eb597f8201ab42daa426086b53ee3859', 'tenant_name': 'tempest-ServerGroupTestJSON-1171796197', 'user_domain_id': 'default', 'user_domain_name': 'Default', 'user_id': 'f917aac2fcdb4ef6b8575704b2c2cf6d', 'system': None}, Network: None, Subnet: None, Router: None
2025-01-02 11:57:21.401 68732 INFO tempest.lib.common.rest_client [req-fc8a45d3-d0bc-409c-a333-01f16ff29b51 req-fc8a45d3-d0bc-409c-a333-01f16ff29b51 ] Request (FloatingIPsAssociationTestJSON:setUpClass): 200 GET http://10.180.1.21/compute/v2.1/servers/dc7171f8-5b93-4c12-b878-1aa1dcc54745 2.126s
2025-01-02 11:57:21.422 68752 INFO tempest.lib.common.rest_client [req-6576957a-10dc-4dd4-9478-e7cc9b31316f req-6576957a-10dc-4dd4-9478-e7cc9b31316f ] Request (ServerGroupTestJSON:setUpClass): 201 POST http://10.180.1.21/identity/v3/auth/tokens 0.054s
2025-01-02 11:57:21.455 68712 INFO tempest.lib.common.rest_client [req-c18492b8-3e82-4bf6-b88d-15fad7f44e17 req-c18492b8-3e82-4bf6-b88d-15fad7f44e17 ] Request (ServerExternalEventsTest:tearDownClass): 204 DELETE http://10.180.1.21:9696/networking/v2.0/security-groups/a0fefebf-af8b-490d-8b87-773889aecc32 0.227s
2025-01-02 11:57:21.458 68700 INFO tempest.lib.common.rest_client [req-aa772edf-10c8-4740-bad4-1fa94a5f485e req-aa772edf-10c8-4740-bad4-1fa94a5f485e ] Request (SecurityGroupsNegativeTestJSON:tearDownClass): 204 DELETE http://10.180.1.21/identity/v3/projects/1e883e75395b48d38a07dd8386fb0fa9 0.104s
2025-01-02 11:57:21.471 68744 INFO tempest.lib.common.rest_client [req-1a4621df-98bb-467a-bbcc-25815150f437 req-1a4621df-98bb-467a-bbcc-25815150f437 ] Request (ServersAdminNegativeTestJSON:test_migrate_server_invalid_state): 200 GET http://10.180.1.21/compute/v2.1/servers/9edf2e36-5cbd-410d-bf99-451a6e3abee6 1.748s
2025-01-02 11:57:21.531 68702 INFO tempest.lib.common.rest_client [req-efb3ee0d-12e2-4801-8f1f-dd76b969f627 req-efb3ee0d-12e2-4801-8f1f-dd76b969f627 ] Request (ServersTestFqdnHostnames:test_create_server_with_fqdn_name): 200 GET http://10.180.1.21/compute/v2.1/servers/bc64e986-a2db-4386-bb74-b4e73761a742 1.757s
2025-01-02 11:57:21.531 68736 INFO tempest.lib.common.rest_client [req-61bafc90-fa81-4568-9cb2-78abfb84241e req-61bafc90-fa81-4568-9cb2-78abfb84241e ] Request (ServersTestJSON:setUpClass): 200 PUT http://10.180.1.21:9696/networking/v2.0/floatingips/ead5844a-25b1-4cac-8226-b868e1ae43b0 1.518s
2025-01-02 11:57:21.553 68712 INFO tempest.lib.common.rest_client [req-83dde8ad-d790-4214-bd22-515cc2a74608 req-83dde8ad-d790-4214-bd22-515cc2a74608 ] Request (ServerExternalEventsTest:tearDownClass): 204 DELETE http://10.180.1.21/identity/v3/projects/e473dcec60c94d8e88006cd2ce0b9907 0.096s
2025-01-02 11:57:21.553 68712 INFO tempest.lib.common.dynamic_creds [-] Deleting project and security group for project: 3d633e0e67004b869df22eb54be229e9
2025-01-02 11:57:21.565 68700 INFO tempest.lib.common.rest_client [req-29b87669-0bc8-466a-99c2-3c433a534eb9 req-29b87669-0bc8-466a-99c2-3c433a534eb9 ] Request (ServerGroup264TestJSON:setUpClass): 201 POST http://10.180.1.21/identity/v3/auth/tokens 0.104s
2025-01-02 11:57:21.619 68700 INFO tempest.lib.common.rest_client [req-7fd17c81-d6ea-45e6-807d-c8ec09151b50 req-7fd17c81-d6ea-45e6-807d-c8ec09151b50 ] Request (ServerGroup264TestJSON:setUpClass): 201 POST http://10.180.1.21/identity/v3/auth/tokens 0.046s
2025-01-02 11:57:21.627 68756 INFO tempest.lib.common.rest_client [req-d54586ba-a7eb-4c17-b46e-15c10662f955 req-d54586ba-a7eb-4c17-b46e-15c10662f955 ] Request (FloatingIPsAssociationNegativeTestJSON:setUpClass): 200 GET http://10.180.1.21/compute/v2.1/servers/fd699fda-28a7-4cd2-bd87-f2f2d28dce65 1.782s
2025-01-02 11:57:21.638 68756 INFO tempest.common.waiters [-] State transition "BUILD/scheduling" ==> "BUILD/None" after 5 second wait
2025-01-02 11:57:21.646 68700 INFO tempest.lib.common.rest_client [req-02e1d6fe-61c8-4848-8408-11c9cde75e38 req-02e1d6fe-61c8-4848-8408-11c9cde75e38 ] Request (ServerGroup264TestJSON:setUpClass): 200 GET http://10.180.1.21/identity/v3/domains?name=Default 0.027s
2025-01-02 11:57:21.675 68710 INFO tempest.lib.common.rest_client [req-3ba76f9c-1c03-4308-95b6-2c96a90fa5e2 req-3ba76f9c-1c03-4308-95b6-2c96a90fa5e2 ] Request (ServersTestBootFromVolume:setUpClass): 200 GET http://10.180.1.21/volume/v3/volumes/c4265df9-3e22-4e8d-bca4-519834826f48 0.042s
2025-01-02 11:57:21.686 68700 INFO tempest.lib.common.rest_client [req-3eda116e-a4f1-49aa-800e-2cdee33b8489 req-3eda116e-a4f1-49aa-800e-2cdee33b8489 ] Request (ServerGroup264TestJSON:setUpClass): 201 POST http://10.180.1.21/identity/v3/projects 0.033s
2025-01-02 11:57:21.710 68734 INFO tempest.lib.common.rest_client [req-8a27bda5-1ed0-4ae1-9fbd-9d25bf029fa3 req-8a27bda5-1ed0-4ae1-9fbd-9d25bf029fa3 ] Request (VolumesAdminNegativeTest:test_update_attached_volume_with_nonexistent_volume_in_body): 200 GET http://10.180.1.21/compute/v2.1/servers/71b4eb74-3e75-44d0-a132-0fa238a09fd2 1.798s
2025-01-02 11:57:21.733 68720 INFO tempest.lib.common.rest_client [req-79c38a1a-d8d5-4c87-a555-61e2967350d3 req-79c38a1a-d8d5-4c87-a555-61e2967350d3 ] Request (VolumesAssistedSnapshotsTest:test_volume_assisted_snapshot_create_delete): 200 PUT http://10.180.1.21:9696/networking/v2.0/floatingips/a180926d-eea5-430e-bd7e-2d50a6cba2df 1.303s
2025-01-02 11:57:21.734 68720 INFO tempest.lib.common.ssh [-] Creating ssh connection to '10.180.180.193:22' as 'cirros' with public key authentication
2025-01-02 11:57:21.784 68700 INFO tempest.lib.common.rest_client [req-5d8a573b-21ef-4fef-8ac9-2f4b0189796e req-5d8a573b-21ef-4fef-8ac9-2f4b0189796e ] Request (ServerGroup264TestJSON:setUpClass): 201 POST http://10.180.1.21/identity/v3/users 0.097s
2025-01-02 11:57:21.816 68700 INFO tempest.lib.common.rest_client [req-9866f060-78a5-4154-a15f-cb9e6ab18a0b req-9866f060-78a5-4154-a15f-cb9e6ab18a0b ] Request (ServerGroup264TestJSON:setUpClass): 200 GET http://10.180.1.21/identity/v3/roles 0.032s
2025-01-02 11:57:21.856 68700 INFO tempest.lib.common.rest_client [req-05533aa1-3c90-446d-adf6-42c91c7ddf08 req-05533aa1-3c90-446d-adf6-42c91c7ddf08 ] Request (ServerGroup264TestJSON:setUpClass): 204 PUT http://10.180.1.21/identity/v3/projects/ad07052d954e4dc3aac27bdcb31c1864/users/887f5cf757394f3f98180dc6f115ef66/roles/35fda947592f459daea70bb9742e0001 0.039s
2025-01-02 11:57:21.856 68700 INFO tempest.lib.common.dynamic_creds [-] Dynamic test user 887f5cf757394f3f98180dc6f115ef66 is created with scope project and roles: ['member']
2025-01-02 11:57:21.857 68700 INFO tempest.lib.common.dynamic_creds [-] Acquired dynamic creds: credentials: Credentials: {'domain_id': 'default', 'domain_name': 'Default', 'username': 'tempest-ServerGroup264TestJSON-982127171-project-member', 'project_domain_id': 'default', 'project_domain_name': 'Default', 'project_id': 'ad07052d954e4dc3aac27bdcb31c1864', 'project_name': 'tempest-ServerGroup264TestJSON-982127171', 'tenant_id': 'ad07052d954e4dc3aac27bdcb31c1864', 'tenant_name': 'tempest-ServerGroup264TestJSON-982127171', 'user_domain_id': 'default', 'user_domain_name': 'Default', 'user_id': '887f5cf757394f3f98180dc6f115ef66', 'system': None}, Network: None, Subnet: None, Router: None
2025-01-02 11:57:21.887 68712 INFO tempest.lib.common.rest_client [req-44ae0cc4-f9f0-4614-b271-6de738cb753b req-44ae0cc4-f9f0-4614-b271-6de738cb753b ] Request (ServerExternalEventsTest:tearDownClass): 200 GET http://10.180.1.21:9696/networking/v2.0/security-groups?tenant_id=3d633e0e67004b869df22eb54be229e9&name=default 0.334s
2025-01-02 11:57:21.907 68716 INFO tempest.lib.common.rest_client [req-9b7b475b-37b9-4a3f-b880-32ccae6e276f req-9b7b475b-37b9-4a3f-b880-32ccae6e276f ] Request (ServersWithSpecificFlavorTestJSON:setUpClass): 201 POST http://10.180.1.21:9696/networking/v2.0/subnets 0.629s
2025-01-02 11:57:21.923 68724 INFO tempest.lib.common.rest_client [req-1cd5b2b0-b55d-4913-ad85-36ce2e60dab1 req-1cd5b2b0-b55d-4913-ad85-36ce2e60dab1 ] Request (ImagesOneServerNegativeTestJSON:setUp): 200 GET http://10.180.1.21/compute/v2.1/servers/5ef4df0b-ad8b-4906-a304-fbe776db4943 1.955s
2025-01-02 11:57:21.938 68700 INFO tempest.lib.common.rest_client [req-83f1920e-bada-4e85-85c6-182427ed2ca8 req-83f1920e-bada-4e85-85c6-182427ed2ca8 ] Request (ServerGroup264TestJSON:setUpClass): 201 POST http://10.180.1.21/identity/v3/auth/tokens 0.081s
2025-01-02 11:57:22.130 68722 INFO tempest.lib.common.rest_client [req-4b6198e5-2d9c-4d2e-a32c-a10409ab974a req-4b6198e5-2d9c-4d2e-a32c-a10409ab974a ] Request (AbsoluteLimitsNegativeTestJSON:test_max_metadata_exceed_limit): 403 POST http://10.180.1.21/compute/v2.1/servers 2.079s
2025-01-02 11:57:22.155 68696 INFO tempest.lib.common.rest_client [req-8be67fb4-12cd-4bca-ab6d-97a2f634da72 req-8be67fb4-12cd-4bca-ab6d-97a2f634da72 ] Request (FlavorsAdminTestJSON:test_is_public_string_variations): 200 GET http://10.180.1.21/compute/v2.1/flavors/detail?is_public=1 2.095s
2025-01-02 11:57:22.181 68738 INFO tempest.lib.common.rest_client [req-87109876-3c45-4921-b768-80daeceee716 req-87109876-3c45-4921-b768-80daeceee716 ] Request (FlavorsV2TestJSON:test_list_flavors_with_detail): 200 GET http://10.180.1.21/compute/v2.1/flavors/detail 2.097s
2025-01-02 11:57:22.227 68712 INFO tempest.lib.common.rest_client [req-a4bfe85f-5b0c-4e60-97d0-2b4d6da2b665 req-a4bfe85f-5b0c-4e60-97d0-2b4d6da2b665 ] Request (ServerExternalEventsTest:tearDownClass): 204 DELETE http://10.180.1.21:9696/networking/v2.0/security-groups/f8969b2d-c45d-4839-ae45-2f7cbb95b176 0.339s
2025-01-02 11:57:22.239 68752 INFO tempest.lib.common.rest_client [req-31437c03-7677-470d-9aa4-041a77a5e15a req-31437c03-7677-470d-9aa4-041a77a5e15a ] Request (ServerGroupTestJSON:setUpClass): 201 POST http://10.180.1.21:9696/networking/v2.0/networks 0.816s
2025-01-02 11:57:22.241 68700 INFO tempest.lib.common.rest_client [req-500c587d-1528-4616-81b6-9daf39be23e5 req-500c587d-1528-4616-81b6-9daf39be23e5 ] Request (ServerGroup264TestJSON:setUpClass): 201 POST http://10.180.1.21:9696/networking/v2.0/networks 0.302s
2025-01-02 11:57:22.246 68722 INFO tempest.lib.common.rest_client [req-79d7252d-24f1-45df-b7e9-48be94d12c98 req-79d7252d-24f1-45df-b7e9-48be94d12c98 ] Request (AbsoluteLimitsNegativeTestJSON:tearDownClass): 204 DELETE http://10.180.1.21/identity/v3/users/b07c26dbcd00468384fa6d6a67f0f3b5 0.112s
2025-01-02 11:57:22.246 68722 INFO tempest.lib.common.dynamic_creds [-] Deleting project and security group for project: 295a6ec7b08145c5869b75328390ee85
2025-01-02 11:57:22.255 68748 INFO tempest.lib.common.rest_client [req-a983bab9-1c05-408a-91a5-548a9f9fef10 req-a983bab9-1c05-408a-91a5-548a9f9fef10 ] Request (FloatingIPsTestJSON:test_delete_floating_ip): 202 DELETE http://10.180.1.21/compute/v2.1/os-floating-ips/ddc93d16-5363-4895-b86f-c37733f74843 2.548s
2025-01-02 11:57:22.329 68722 INFO tempest.lib.common.rest_client [req-7bed0654-9f24-4555-8534-08445518606b req-7bed0654-9f24-4555-8534-08445518606b ] Request (AbsoluteLimitsNegativeTestJSON:tearDownClass): 201 POST http://10.180.1.21/identity/v3/auth/tokens 0.082s
2025-01-02 11:57:22.337 68750 INFO tempest.lib.common.rest_client [req-a9daf0f5-bab2-44ee-94d6-6c297762d57e req-a9daf0f5-bab2-44ee-94d6-6c297762d57e ] Request (DeleteServersAdminTestJSON:test_delete_server_while_in_error_state): 200 GET http://10.180.1.21/compute/v2.1/servers/1bc60127-2c17-4962-b6fe-0785357c36ca 1.862s
2025-01-02 11:57:22.412 68712 INFO tempest.lib.common.rest_client [req-55760c3d-5620-46b5-8219-6782b7487063 req-55760c3d-5620-46b5-8219-6782b7487063 ] Request (ServerExternalEventsTest:tearDownClass): 204 DELETE http://10.180.1.21/identity/v3/projects/3d633e0e67004b869df22eb54be229e9 0.185s
2025-01-02 11:57:22.412 68712 INFO tempest.lib.common.dynamic_creds [-] Deleting project and security group for project: b62284055e854cb79ca6d8d3b1223252
2025-01-02 11:57:22.437 68726 INFO tempest.lib.common.rest_client [req-ce11d2c2-916f-4220-8343-e8a0b6d2d82a req-ce11d2c2-916f-4220-8343-e8a0b6d2d82a ] Request (ServerAddressesNegativeTestJSON:setUpClass): 200 GET http://10.180.1.21/compute/v2.1/servers/3e37b98e-c5f5-446c-8ac2-dacdf8ce7106 1.877s
2025-01-02 11:57:22.525 68708 INFO tempest.lib.common.rest_client [req-b19f3b4e-c3c6-42fd-9c5b-51cd86b8f817 req-b19f3b4e-c3c6-42fd-9c5b-51cd86b8f817 ] Request (MigrationsAdminTest:test_list_migrations_in_flavor_resize_situation): 200 GET http://10.180.1.21/compute/v2.1/servers/fe9c3f7c-4c8b-426b-85c1-6fc0f325609e 2.237s
2025-01-02 11:57:22.596 68714 INFO tempest.lib.common.rest_client [req-7cfb4f6e-2097-43fe-9fc5-9b2d5d461e28 req-7cfb4f6e-2097-43fe-9fc5-9b2d5d461e28 ] Request (ServicesAdminNegativeV253TestJSON:test_disable_log_reason_with_invalid_service_id): 404 PUT http://10.180.1.21/compute/v2.1/os-services/eb083d5b-83e0-4899-8a54-a3db7f209090 2.013s
2025-01-02 11:57:22.629 68704 INFO tempest.lib.common.rest_client [req-11fa8da5-c38e-4cea-9a86-4058acb0aad0 req-11fa8da5-c38e-4cea-9a86-4058acb0aad0 ] Request (ServersAdmin275Test:_run_cleanups): 200 GET http://10.180.1.21/compute/v2.1/servers/3cec7e1e-84cb-4055-a25f-b36579dd1511 1.525s
2025-01-02 11:57:22.691 68754 INFO tempest.lib.common.rest_client [req-ab2e6071-12b1-4fe2-93b9-88b0b4d26041 req-ab2e6071-12b1-4fe2-93b9-88b0b4d26041 ] Request (SecurityGroupRulesTestJSON:test_security_group_rules_list): 200 GET http://10.180.1.21/compute/v2.1/os-security-groups/386eca45-6051-45ec-b4fb-6f6d315694cb 1.466s
2025-01-02 11:57:22.717 68710 INFO tempest.lib.common.rest_client [req-27adbd8e-49c8-4d91-8e2e-7b3159c478d4 req-27adbd8e-49c8-4d91-8e2e-7b3159c478d4 ] Request (ServersTestBootFromVolume:setUpClass): 200 GET http://10.180.1.21/volume/v3/volumes/c4265df9-3e22-4e8d-bca4-519834826f48 0.032s
2025-01-02 11:57:22.742 68712 INFO tempest.lib.common.rest_client [req-c7ec2276-38a1-428f-b404-27e5de62468e req-c7ec2276-38a1-428f-b404-27e5de62468e ] Request (ServerExternalEventsTest:tearDownClass): 200 GET http://10.180.1.21:9696/networking/v2.0/security-groups?tenant_id=b62284055e854cb79ca6d8d3b1223252&name=default 0.329s
2025-01-02 11:57:22.789 68740 INFO tempest.lib.common.rest_client [req-7d7b488d-3d89-4873-9dbf-db87f22315e7 req-7d7b488d-3d89-4873-9dbf-db87f22315e7 ] Request (ServerDiagnosticsTest:tearDownClass): 200 GET http://10.180.1.21/compute/v2.1/servers/028ce127-561f-4a3a-b427-e0c462457550 1.212s
2025-01-02 11:57:22.797 68740 INFO tempest.common.waiters [-] State transition "ACTIVE/deleting" ==> "DELETED/None" after 5 second wait
2025-01-02 11:57:22.823 68736 INFO tempest.lib.common.rest_client [req-8578ee0b-f1a8-43bd-9047-258bf9ed73e2 req-8578ee0b-f1a8-43bd-9047-258bf9ed73e2 ] Request (ServersTestJSON:setUpClass): 200 GET http://10.180.1.21/compute/v2.1/servers/b23f40f6-7521-4465-bc42-872016f9a6bd 1.291s
2025-01-02 11:57:22.837 68700 INFO tempest.lib.common.rest_client [req-976fc480-c9e9-402a-b27e-baf55026b052 req-976fc480-c9e9-402a-b27e-baf55026b052 ] Request (ServerGroup264TestJSON:setUpClass): 201 POST http://10.180.1.21:9696/networking/v2.0/subnets 0.595s
2025-01-02 11:57:22.838 68736 INFO tempest.lib.common.ssh [-] Creating ssh connection to '10.180.180.181:22' as 'cirros' with public key authentication
2025-01-02 11:57:22.857 68722 INFO tempest.lib.common.rest_client [req-3f916c96-d8d5-4179-9348-06f688d20d61 req-3f916c96-d8d5-4179-9348-06f688d20d61 ] Request (AbsoluteLimitsNegativeTestJSON:tearDownClass): 200 GET http://10.180.1.21:9696/networking/v2.0/security-groups?tenant_id=295a6ec7b08145c5869b75328390ee85&name=default 0.527s
2025-01-02 11:57:22.865 68746 INFO tempest.lib.common.rest_client [req-93fbb6ba-5ac1-443f-81b7-133afc8328c5 req-93fbb6ba-5ac1-443f-81b7-133afc8328c5 ] Request (ServerDiagnosticsNegativeTest:test_get_server_diagnostics_by_non_admin): 200 GET http://10.180.1.21/compute/v2.1/servers/9f8ff3a5-201b-4814-bf32-2f39c2293750 1.258s
2025-01-02 11:57:22.871 68746 INFO tempest.common.waiters [-] State transition "BUILD/None" ==> "BUILD/networking" after 26 second wait
2025-01-02 11:57:22.879 68752 INFO tempest.lib.common.rest_client [req-75e86ad5-498f-4e88-85aa-eb60a6b3eaf4 req-75e86ad5-498f-4e88-85aa-eb60a6b3eaf4 ] Request (ServerGroupTestJSON:setUpClass): 201 POST http://10.180.1.21:9696/networking/v2.0/subnets 0.640s
2025-01-02 11:57:22.898 68698 INFO tempest.lib.common.rest_client [req-3a3172d9-09a0-47f4-883d-f575a1f92777 req-3a3172d9-09a0-47f4-883d-f575a1f92777 ] Request (ServerDiagnosticsV248Test:tearDownClass): 200 GET http://10.180.1.21/compute/v2.1/servers/1747a27d-b414-457a-ac2a-5bae20896432 1.173s
2025-01-02 11:57:22.944 68712 INFO tempest.lib.common.rest_client [req-46f0902e-4830-48a1-9bec-56a925ebcc00 req-46f0902e-4830-48a1-9bec-56a925ebcc00 ] Request (ServerExternalEventsTest:tearDownClass): 204 DELETE http://10.180.1.21:9696/networking/v2.0/security-groups/761666fa-0291-43b3-b936-2e0accd44a16 0.202s
2025-01-02 11:57:22.962 68706 INFO tempest.lib.common.rest_client [req-4183964c-2f81-4120-bf17-bdeae3f89201 req-4183964c-2f81-4120-bf17-bdeae3f89201 ] Request (ListImageFiltersTestJSON:setUpClass): 200 GET http://10.180.1.21/compute/v2.1/servers/f08cdd8f-d853-40c7-b5d8-11a1a494cba6 1.121s
2025-01-02 11:57:22.969 68724 INFO tempest.lib.common.rest_client [req-a2d0a073-6d34-47dc-8300-57550657c5f8 req-a2d0a073-6d34-47dc-8300-57550657c5f8 ] Request (ImagesOneServerNegativeTestJSON:test_create_image_specify_metadata_over_limits): 400 POST http://10.180.1.21/compute/v2.1/servers/5ef4df0b-ad8b-4906-a304-fbe776db4943/action 1.039s
2025-01-02 11:57:22.980 68728 INFO tempest.lib.common.rest_client [req-4070389d-4394-489a-ad5b-e211e4bb778f req-4070389d-4394-489a-ad5b-e211e4bb778f ] Request (TenantUsagesTestJSON:tearDownClass): 200 GET http://10.180.1.21/compute/v2.1/servers/464adac6-a45c-4cc3-b0fb-1371c1438426 1.237s
2025-01-02 11:57:23.016 68712 INFO tempest.lib.common.rest_client [req-7ce1f92f-ac5b-4f85-9f0c-9c2559ca3734 req-7ce1f92f-ac5b-4f85-9f0c-9c2559ca3734 ] Request (ServerExternalEventsTest:tearDownClass): 204 DELETE http://10.180.1.21/identity/v3/projects/b62284055e854cb79ca6d8d3b1223252 0.071s
2025-01-02 11:57:23.024 68718 INFO tempest.lib.common.rest_client [req-fe76d3b4-ba91-4479-85c7-a6c0592b25a4 req-fe76d3b4-ba91-4479-85c7-a6c0592b25a4 ] Request (ServerActionsTestOtherA:setUpClass): 200 GET http://10.180.1.21/compute/v2.1/servers/3d11142c-0197-4bd9-bf31-fffabf48ee87 1.080s
2025-01-02 11:57:23.036 68718 INFO tempest.common.waiters [-] State transition "BUILD/scheduling" ==> "BUILD/None" after 5 second wait
2025-01-02 11:57:23.040 68696 INFO tempest.lib.common.rest_client [req-bcf6946f-4a52-4bc3-a9e5-3f2d7b35da8c req-bcf6946f-4a52-4bc3-a9e5-3f2d7b35da8c ] Request (FlavorsAdminTestJSON:_run_cleanups): 202 DELETE http://10.180.1.21/compute/v2.1/flavors/1005411741 0.880s
2025-01-02 11:57:23.053 68738 INFO tempest.lib.common.rest_client [req-d333914b-4f8e-4e1d-8026-f05861fb47af req-d333914b-4f8e-4e1d-8026-f05861fb47af ] Request (FlavorsV2TestJSON:test_list_flavors_with_detail): 200 GET http://10.180.1.21/compute/v2.1/flavors/42 0.867s
2025-01-02 11:57:23.083 68748 INFO tempest.lib.common.rest_client [req-c071523d-fbbc-47e0-85c5-1e1559da6594 req-c071523d-fbbc-47e0-85c5-1e1559da6594 ] Request (FloatingIPsTestJSON:test_delete_floating_ip): 404 GET http://10.180.1.21/compute/v2.1/os-floating-ips/ddc93d16-5363-4895-b86f-c37733f74843 0.825s
2025-01-02 11:57:23.099 68712 INFO tempest.lib.common.rest_client [req-85a66be4-d77c-4a88-aafa-c7832910b6cd req-85a66be4-d77c-4a88-aafa-c7832910b6cd ] Request (ServicesAdminNegativeTestJSON:setUpClass): 201 POST http://10.180.1.21/identity/v3/auth/tokens 0.081s
2025-01-02 11:57:23.139 68712 INFO tempest.lib.common.rest_client [req-90510445-9861-4f0c-9145-941f456d4afd req-90510445-9861-4f0c-9145-941f456d4afd ] Request (ServicesAdminNegativeTestJSON:setUpClass): 201 POST http://10.180.1.21/identity/v3/auth/tokens 0.036s
2025-01-02 11:57:23.166 68712 INFO tempest.lib.common.rest_client [req-e7034152-5e4c-48eb-b108-3b02c5a752e6 req-e7034152-5e4c-48eb-b108-3b02c5a752e6 ] Request (ServicesAdminNegativeTestJSON:setUpClass): 200 GET http://10.180.1.21/identity/v3/domains?name=Default 0.027s
2025-01-02 11:57:23.185 68738 INFO tempest.lib.common.rest_client [req-bca0a65b-6bef-4093-a30c-b85740f3b3c7 req-bca0a65b-6bef-4093-a30c-b85740f3b3c7 ] Request (FlavorsV2TestJSON:tearDownClass): 204 DELETE http://10.180.1.21/identity/v3/users/2e32cf77b3c1493992fa07fee467a794 0.127s
2025-01-02 11:57:23.185 68738 INFO tempest.lib.common.dynamic_creds [-] Deleting project and security group for project: 831f98e56736489a9d360a869c2d2e9c
2025-01-02 11:57:23.217 68732 INFO tempest.lib.common.rest_client [req-26c16cdc-0742-4c80-a372-4bec723ec785 req-26c16cdc-0742-4c80-a372-4bec723ec785 ] Request (FloatingIPsAssociationTestJSON:setUpClass): 200 GET http://10.180.1.21/compute/v2.1/servers/dc7171f8-5b93-4c12-b878-1aa1dcc54745 0.808s
2025-01-02 11:57:23.245 68712 INFO tempest.lib.common.rest_client [req-97e0b6ad-144a-48d5-8e6e-f9805a2a3af1 req-97e0b6ad-144a-48d5-8e6e-f9805a2a3af1 ] Request (ServicesAdminNegativeTestJSON:setUpClass): 201 POST http://10.180.1.21/identity/v3/projects 0.078s
2025-01-02 11:57:23.254 68738 INFO tempest.lib.common.rest_client [req-c5b59f99-c639-4706-a762-172807f4fac4 req-c5b59f99-c639-4706-a762-172807f4fac4 ] Request (FlavorsV2TestJSON:tearDownClass): 201 POST http://10.180.1.21/identity/v3/auth/tokens 0.068s
2025-01-02 11:57:23.286 68744 INFO tempest.lib.common.rest_client [req-fe3194c5-5ac8-44cc-a42c-98a82dd5c691 req-fe3194c5-5ac8-44cc-a42c-98a82dd5c691 ] Request (ServersAdminNegativeTestJSON:test_migrate_server_invalid_state): 200 GET http://10.180.1.21/compute/v2.1/servers/9edf2e36-5cbd-410d-bf99-451a6e3abee6 0.806s
2025-01-02 11:57:23.314 68712 INFO tempest.lib.common.rest_client [req-abf6e8af-0c94-4dea-b349-c7c4c4d3ed22 req-abf6e8af-0c94-4dea-b349-c7c4c4d3ed22 ] Request (ServicesAdminNegativeTestJSON:setUpClass): 201 POST http://10.180.1.21/identity/v3/users 0.069s
2025-01-02 11:57:23.326 68731 INFO tempest.lib.common.rest_client [req-89dd509d-cf4f-4084-bc67-5e6a47ae5713 req-89dd509d-cf4f-4084-bc67-5e6a47ae5713 ] Request (MultipleCreateTestJSON:test_multiple_create): 200 GET http://10.180.1.21/compute/v2.1/servers/1678d6e7-9266-4cff-8f7b-d51c2bc6d8a2 1.296s
2025-01-02 11:57:23.333 68731 INFO tempest.common.waiters [-] State transition "BUILD/spawning" ==> "ACTIVE/None" after 38 second wait
2025-01-02 11:57:23.335 68712 INFO tempest.lib.common.rest_client [req-5147de54-04c6-4190-9eca-cea6a50f7da0 req-5147de54-04c6-4190-9eca-cea6a50f7da0 ] Request (ServicesAdminNegativeTestJSON:setUpClass): 200 GET http://10.180.1.21/identity/v3/roles 0.020s
2025-01-02 11:57:23.343 68714 INFO tempest.lib.common.rest_client [req-6d022e2a-1b6e-4bc6-ba7a-87e348ddda63 req-6d022e2a-1b6e-4bc6-ba7a-87e348ddda63 ] Request (ServicesAdminNegativeV253TestJSON:test_disable_service_with_invalid_service_id): 404 PUT http://10.180.1.21/compute/v2.1/os-services/eb083d5b-83e0-4899-8a54-a3db7f209090 0.743s
2025-01-02 11:57:23.358 68722 INFO tempest.lib.common.rest_client [req-35a0f0bd-dae5-4e86-8aa3-c529a525215e req-35a0f0bd-dae5-4e86-8aa3-c529a525215e ] Request (AbsoluteLimitsNegativeTestJSON:tearDownClass): 204 DELETE http://10.180.1.21:9696/networking/v2.0/security-groups/a908b32f-ec65-440f-ae47-10576c323ecf 0.500s
2025-01-02 11:57:23.361 68712 INFO tempest.lib.common.rest_client [req-409a98d9-46ab-4c3a-a6a2-e5c6805fa89a req-409a98d9-46ab-4c3a-a6a2-e5c6805fa89a ] Request (ServicesAdminNegativeTestJSON:setUpClass): 204 PUT http://10.180.1.21/identity/v3/projects/931ffdbc1faf48b2a059540586534f74/users/f5ca5906bfa64e95b2aef980b72e52b0/roles/35fda947592f459daea70bb9742e0001 0.026s
2025-01-02 11:57:23.361 68712 INFO tempest.lib.common.dynamic_creds [-] Dynamic test user f5ca5906bfa64e95b2aef980b72e52b0 is created with scope project and roles: ['member']
2025-01-02 11:57:23.362 68712 INFO tempest.lib.common.dynamic_creds [-] Acquired dynamic creds: credentials: Credentials: {'domain_id': 'default', 'domain_name': 'Default', 'username': 'tempest-ServicesAdminNegativeTestJSON-1848565575-project-member', 'project_domain_id': 'default', 'project_domain_name': 'Default', 'project_id': '931ffdbc1faf48b2a059540586534f74', 'project_name': 'tempest-ServicesAdminNegativeTestJSON-1848565575', 'tenant_id': '931ffdbc1faf48b2a059540586534f74', 'tenant_name': 'tempest-ServicesAdminNegativeTestJSON-1848565575', 'user_domain_id': 'default', 'user_domain_name': 'Default', 'user_id': 'f5ca5906bfa64e95b2aef980b72e52b0', 'system': None}, Network: None, Subnet: None, Router: None
2025-01-02 11:57:23.362 68712 INFO tempest.lib.common.dynamic_creds [-] Created isolated network resources for: credentials: Credentials: {'domain_id': 'default', 'domain_name': 'Default', 'username': 'tempest-ServicesAdminNegativeTestJSON-1848565575-project-member', 'project_domain_id': 'default', 'project_domain_name': 'Default', 'project_id': '931ffdbc1faf48b2a059540586534f74', 'project_name': 'tempest-ServicesAdminNegativeTestJSON-1848565575', 'tenant_id': '931ffdbc1faf48b2a059540586534f74', 'tenant_name': 'tempest-ServicesAdminNegativeTestJSON-1848565575', 'user_domain_id': 'default', 'user_domain_name': 'Default', 'user_id': 'f5ca5906bfa64e95b2aef980b72e52b0', 'system': None}, Network: None, Subnet: None, Router: None
2025-01-02 11:57:23.367 68702 INFO tempest.lib.common.rest_client [req-3c62f109-7e66-4833-ace9-66edadce6f93 req-3c62f109-7e66-4833-ace9-66edadce6f93 ] Request (ServersTestFqdnHostnames:test_create_server_with_fqdn_name): 200 GET http://10.180.1.21/compute/v2.1/servers/bc64e986-a2db-4386-bb74-b4e73761a742 0.825s
2025-01-02 11:57:23.440 68712 INFO tempest.lib.common.rest_client [req-f80694aa-37a6-4dd8-8f3f-4f49df42ea64 req-f80694aa-37a6-4dd8-8f3f-4f49df42ea64 ] Request (ServicesAdminNegativeTestJSON:setUpClass): 201 POST http://10.180.1.21/identity/v3/auth/tokens 0.074s
2025-01-02 11:57:23.464 68722 INFO tempest.lib.common.rest_client [req-21daf0c9-2948-4089-8d07-83b21ed3aaf5 req-21daf0c9-2948-4089-8d07-83b21ed3aaf5 ] Request (AbsoluteLimitsNegativeTestJSON:tearDownClass): 204 DELETE http://10.180.1.21/identity/v3/projects/295a6ec7b08145c5869b75328390ee85 0.106s
2025-01-02 11:57:23.494 68722 INFO tempest.lib.common.rest_client [req-9ad38e62-f860-4688-b4d4-19a8fc219923 req-9ad38e62-f860-4688-b4d4-19a8fc219923 ] Request (ServerMetadataNegativeTestJSON:setUpClass): 201 POST http://10.180.1.21/identity/v3/auth/tokens 0.028s
2025-01-02 11:57:23.505 68712 INFO tempest.lib.common.rest_client [req-02821098-d6a6-4f53-962b-96ca87e1deee req-02821098-d6a6-4f53-962b-96ca87e1deee ] Request (ServicesAdminNegativeTestJSON:setUpClass): 201 POST http://10.180.1.21/identity/v3/projects 0.064s
2025-01-02 11:57:23.558 68722 INFO tempest.lib.common.rest_client [req-c5f39a96-41e1-4af3-a590-9136bbd9d069 req-c5f39a96-41e1-4af3-a590-9136bbd9d069 ] Request (ServerMetadataNegativeTestJSON:setUpClass): 201 POST http://10.180.1.21/identity/v3/auth/tokens 0.062s
2025-01-02 11:57:23.581 68712 INFO tempest.lib.common.rest_client [req-ffadbe05-6298-4c13-8472-3935e2a3b08c req-ffadbe05-6298-4c13-8472-3935e2a3b08c ] Request (ServicesAdminNegativeTestJSON:setUpClass): 201 POST http://10.180.1.21/identity/v3/users 0.076s
