2025-01-02 11:57:29.625 68728 INFO tempest.lib.common.rest_client [req-794da2cf-f8b8-4abf-9705-082b90289186 req-794da2cf-f8b8-4abf-9705-082b90289186 ] Request (TenantUsagesTestJSON:tearDownClass): 404 GET http://10.180.1.21/compute/v2.1/servers/464adac6-a45c-4cc3-b0fb-1371c1438426 1.237s
2025-01-02 11:57:29.717 68704 INFO tempest.lib.common.rest_client [req-3fc482d5-4b8e-42ac-bd98-6a31e55aa775 req-3fc482d5-4b8e-42ac-bd98-6a31e55aa775 ] Request (ServersAdmin275Test:tearDownClass): 204 DELETE http://10.180.1.21/compute/v2.1/servers/3cec7e1e-84cb-4055-a25f-b36579dd1511 1.255s
2025-01-02 11:57:29.753 68718 INFO tempest.lib.common.rest_client [req-324fe86e-207b-4d36-88f2-c0bce8c908fa req-324fe86e-207b-4d36-88f2-c0bce8c908fa ] Request (ServerActionsTestOtherA:setUpClass): 200 GET http://10.180.1.21/compute/v2.1/servers/3d11142c-0197-4bd9-bf31-fffabf48ee87 1.386s
2025-01-02 11:57:29.770 68712 INFO tempest.lib.common.rest_client [req-346344e2-5b34-4eb1-98de-58239dea9df3 req-346344e2-5b34-4eb1-98de-58239dea9df3 ] Request (ServicesAdminNegativeTestJSON:test_get_service_with_valid_service_and_invalid_host): 200 GET http://10.180.1.21/compute/v2.1/os-services?host=xxx&binary=nova-scheduler 1.185s
2025-01-02 11:57:29.805 68728 INFO tempest.lib.common.rest_client [req-d1b6c8c8-0c7c-4d53-a999-c13770a887c5 req-d1b6c8c8-0c7c-4d53-a999-c13770a887c5 ] Request (TenantUsagesTestJSON:tearDownClass): 204 DELETE http://10.180.1.21/identity/v3/users/ae0df462921d4e83aef11d38d6e4cf1d 0.179s
2025-01-02 11:57:29.834 68744 INFO tempest.lib.common.rest_client [req-808b1245-f115-47a9-91af-ba9fc9f72842 req-808b1245-f115-47a9-91af-ba9fc9f72842 ] Request (ServersAdminNegativeTestJSON:test_migrate_server_invalid_state): 200 GET http://10.180.1.21/compute/v2.1/servers/9edf2e36-5cbd-410d-bf99-451a6e3abee6 1.152s
2025-01-02 11:57:29.851 68700 INFO tempest.lib.common.rest_client [req-b4a4e852-77e8-4c31-be04-5b9e88e5541e req-b4a4e852-77e8-4c31-be04-5b9e88e5541e ] Request (ServerGroup264TestJSON:test_create_get_server_group): 200 GET http://10.180.1.21/compute/v2.1/os-server-groups 1.069s
2025-01-02 11:57:29.875 68714 INFO tempest.lib.common.rest_client [req-3fb1bdae-d225-498a-a8ea-b8eddfd5d113 req-3fb1bdae-d225-498a-a8ea-b8eddfd5d113 ] Request (ServicesAdminNegativeV253TestJSON:test_get_service_with_valid_service_and_invalid_host): 200 GET http://10.180.1.21/compute/v2.1/os-services?host=xxx&binary=nova-scheduler 1.063s
2025-01-02 11:57:29.875 68722 INFO tempest.lib.common.rest_client [req-139543f3-0cd4-4a19-a5e1-311472f52d84 req-139543f3-0cd4-4a19-a5e1-311472f52d84 ] Request (ServerMetadataNegativeTestJSON:setUpClass): 200 PUT http://10.180.1.21:9696/networking/v2.0/routers/72660142-82f3-4ffd-b4c1-abdf5fbb146e/add_router_interface 2.052s
2025-01-02 11:57:29.875 68722 INFO tempest.lib.common.dynamic_creds [-] Created isolated network resources for: credentials: Credentials: {'domain_id': 'default', 'domain_name': 'Default', 'username': 'tempest-ServerMetadataNegativeTestJSON-1142160820-project-member', 'project_domain_id': 'default', 'project_domain_name': 'Default', 'project_id': 'a5af2bfbb2f047c98cd27b6d308b8661', 'project_name': 'tempest-ServerMetadataNegativeTestJSON-1142160820', 'tenant_id': 'a5af2bfbb2f047c98cd27b6d308b8661', 'tenant_name': 'tempest-ServerMetadataNegativeTestJSON-1142160820', 'user_domain_id': 'default', 'user_domain_name': 'Default', 'user_id': '4b33edb523f6458a89d78eb940565d46', 'system': None}, Network: {'id': 'e6521620-eddf-4d91-b1aa-9095d874c786', 'name': 'tempest-ServerMetadataNegativeTestJSON-1561936882-network', 'tenant_id': 'a5af2bfbb2f047c98cd27b6d308b8661', 'admin_state_up': True, 'mtu': 8950, 'status': 'ACTIVE', 'subnets': [], 'shared': False, 'project_id': 'a5af2bfbb2f047c98cd27b6d308b8661', 'port_security_enabled': True, 'router:external': False, 'provider:network_type': 'vlan', 'provider:physical_network': 'default', 'provider:segmentation_id': 279, 'availability_zone_hints': [], 'availability_zones': [], 'ipv4_address_scope': None, 'ipv6_address_scope': None, 'description': '', 'tags': [], 'created_at': '2025-01-02T11:57:24Z', 'updated_at': '2025-01-02T11:57:24Z', 'revision_number': 1}, Subnet: {'id': 'c60dddb0-8732-4492-99b7-f9642fc6847d', 'name': 'tempest-ServerMetadataNegativeTestJSON-1561936882-subnet', 'tenant_id': 'a5af2bfbb2f047c98cd27b6d308b8661', 'network_id': 'e6521620-eddf-4d91-b1aa-9095d874c786', 'ip_version': 4, 'subnetpool_id': None, 'enable_dhcp': True, 'ipv6_ra_mode': None, 'ipv6_address_mode': None, 'gateway_ip': '192.168.128.1', 'cidr': '192.168.128.0/28', 'allocation_pools': [{'start': '192.168.128.2', 'end': '192.168.128.14'}], 'host_routes': [], 'dns_nameservers': [], 'description': '', 'router:external': False, 'service_types': [], 'tags': [], 'created_at': '2025-01-02T11:57:24Z', 'updated_at': '2025-01-02T11:57:24Z', 'revision_number': 0, 'project_id': 'a5af2bfbb2f047c98cd27b6d308b8661'}, Router: {'id': '72660142-82f3-4ffd-b4c1-abdf5fbb146e', 'name': 'tempest-ServerMetadataNegativeTestJSON-1561936882-router', 'tenant_id': 'a5af2bfbb2f047c98cd27b6d308b8661', 'admin_state_up': True, 'status': 'ACTIVE', 'external_gateway_info': {'network_id': '8137e767-3006-4c0f-9d31-3a792621ef06', 'external_fixed_ips': [{'subnet_id': '772f49e1-bb93-40cd-aa5a-04180de07aed', 'ip_address': '10.180.180.222'}], 'enable_snat': True}, 'description': '', 'availability_zones': [], 'distributed': False, 'ha': False, 'availability_zone_hints': [], 'routes': [], 'flavor_id': None, 'tags': [], 'created_at': '2025-01-02T11:57:25Z', 'updated_at': '2025-01-02T11:57:27Z', 'revision_number': 2, 'project_id': 'a5af2bfbb2f047c98cd27b6d308b8661'}
2025-01-02 11:57:29.933 68756 INFO tempest.lib.common.rest_client [req-08194415-cd23-40c7-98b3-ea1d5f320697 req-08194415-cd23-40c7-98b3-ea1d5f320697 ] Request (FloatingIPsAssociationNegativeTestJSON:setUpClass): 200 GET http://10.180.1.21/compute/v2.1/servers/fd699fda-28a7-4cd2-bd87-f2f2d28dce65 0.703s
2025-01-02 11:57:29.935 68728 INFO tempest.lib.common.rest_client [req-f7b9eb0d-16f1-4284-9e5d-c1ede1300fd4 req-f7b9eb0d-16f1-4284-9e5d-c1ede1300fd4 ] Request (TenantUsagesTestJSON:tearDownClass): 204 DELETE http://10.180.1.21/identity/v3/users/351f48d655d549cba2192934a23c8732 0.130s
2025-01-02 11:57:29.935 68728 INFO tempest.lib.common.dynamic_creds [-] Deleting project and security group for project: a2e86ddb1f164bdcac42b12e6b8d2280
2025-01-02 11:57:29.969 68722 INFO tempest.lib.common.rest_client [req-0ebd4978-83c2-4467-a570-13fb1d9881a5 req-0ebd4978-83c2-4467-a570-13fb1d9881a5 ] Request (ServerMetadataNegativeTestJSON:setUpClass): 201 POST http://10.180.1.21/identity/v3/auth/tokens 0.087s
2025-01-02 11:57:29.969 68722 WARNING tempest.lib.common.rest_client [-] Deprecated: "tenant_id" property is deprecated for removal, use "project_id" instead
2025-01-02 11:57:29.987 68736 WARNING tempest.lib.common.ssh [-] Failed to establish authenticated ssh connection to cirros@10.180.180.181 ([Errno None] Unable to connect to port 22 on 10.180.180.181). Number attempts: 2. Retry after 3 seconds.: paramiko.ssh_exception.NoValidConnectionsError: [Errno None] Unable to connect to port 22 on 10.180.180.181
2025-01-02 11:57:29.990 68748 INFO tempest.lib.common.rest_client [req-df9269bf-1b21-4883-85ae-3be9f86daf34 req-df9269bf-1b21-4883-85ae-3be9f86daf34 ] Request (FloatingIPsTestJSON:tearDownClass): 204 DELETE http://10.180.1.21:9696/networking/v2.0/subnets/d67d9678-f9c7-411d-9e59-99e73700cb52 1.176s
2025-01-02 11:57:29.999 68734 INFO tempest.lib.common.rest_client [req-d4007028-f48c-4d9b-8c25-191ca21290d1 req-d4007028-f48c-4d9b-8c25-191ca21290d1 ] Request (VolumesAdminNegativeTest:test_update_attached_volume_with_nonexistent_volume_in_body): 200 GET http://10.180.1.21/compute/v2.1/servers/71b4eb74-3e75-44d0-a132-0fa238a09fd2 0.693s
2025-01-02 11:57:30.001 68728 INFO tempest.lib.common.rest_client [req-c2f8b40f-1390-4778-bf7f-bb2b944419fd req-c2f8b40f-1390-4778-bf7f-bb2b944419fd ] Request (TenantUsagesTestJSON:tearDownClass): 201 POST http://10.180.1.21/identity/v3/auth/tokens 0.066s
2025-01-02 11:57:30.030 68710 INFO tempest.lib.common.rest_client [req-a628821d-5412-4d4e-bf4f-223eb7a42478 req-a628821d-5412-4d4e-bf4f-223eb7a42478 ] Request (ServersTestBootFromVolume:setUpClass): 200 GET http://10.180.1.21/volume/v3/volumes/c4265df9-3e22-4e8d-bca4-519834826f48 0.034s
2025-01-02 11:57:30.041 68722 INFO tempest.lib.common.rest_client [req-e095a5e6-3ccb-4228-a332-5cb0a61b8f8e req-e095a5e6-3ccb-4228-a332-5cb0a61b8f8e ] Request (ServerMetadataNegativeTestJSON:setUpClass): 201 POST http://10.180.1.21/identity/v3/auth/tokens 0.067s
2025-01-02 11:57:30.042 68722 INFO tempest.lib.common.fixed_network [-] (ServerMetadataNegativeTestJSON:setUpClass) Found network {'id': 'e6521620-eddf-4d91-b1aa-9095d874c786', 'name': 'tempest-ServerMetadataNegativeTestJSON-1561936882-network', 'tenant_id': 'a5af2bfbb2f047c98cd27b6d308b8661', 'admin_state_up': True, 'mtu': 8950, 'status': 'ACTIVE', 'subnets': [], 'shared': False, 'project_id': 'a5af2bfbb2f047c98cd27b6d308b8661', 'port_security_enabled': True, 'router:external': False, 'provider:network_type': 'vlan', 'provider:physical_network': 'default', 'provider:segmentation_id': 279, 'availability_zone_hints': [], 'availability_zones': [], 'ipv4_address_scope': None, 'ipv6_address_scope': None, 'description': '', 'tags': [], 'created_at': '2025-01-02T11:57:24Z', 'updated_at': '2025-01-02T11:57:24Z', 'revision_number': 1} available for tenant
2025-01-02 11:57:30.208 68754 INFO tempest.lib.common.rest_client [req-800e5def-6451-4ffd-8a4e-0a8cffdeb7aa req-800e5def-6451-4ffd-8a4e-0a8cffdeb7aa ] Request (SecurityGroupRulesTestJSON:tearDownClass): 202 DELETE http://10.180.1.21/compute/v2.1/os-security-groups/592f839a-0422-47fc-baaf-14e7883f0f78 0.899s
2025-01-02 11:57:30.215 68738 INFO tempest.lib.common.rest_client [req-d40d5473-bf15-47dd-993e-3a7ec47baf27 req-d40d5473-bf15-47dd-993e-3a7ec47baf27 ] Request (ServerDiskConfigTestJSON:setUpClass): 201 POST http://10.180.1.21:9696/networking/v2.0/routers 4.157s
2025-01-02 11:57:30.235 68716 INFO tempest.lib.common.rest_client [req-f735a3a6-8ae4-4d4b-ab29-35081f2a4087 req-f735a3a6-8ae4-4d4b-ab29-35081f2a4087 ] Request (ServersWithSpecificFlavorTestJSON:setUpClass): 201 POST http://10.180.1.21:9696/networking/v2.0/networks 1.399s
2025-01-02 11:57:30.307 68732 INFO tempest.lib.common.rest_client [req-85b9c121-1106-4fae-8e47-f2b75f84e916 req-85b9c121-1106-4fae-8e47-f2b75f84e916 ] Request (FloatingIPsAssociationTestJSON:setUpClass): 200 GET http://10.180.1.21/compute/v2.1/servers/dc7171f8-5b93-4c12-b878-1aa1dcc54745 1.651s
2025-01-02 11:57:30.314 68732 INFO tempest.common.waiters [-] State transition "BUILD/spawning" ==> "ACTIVE/None" after 39 second wait
2025-01-02 11:57:30.398 68750 INFO tempest.lib.common.rest_client [req-d658c375-6e45-4ba0-936b-52abb5a4ef9d req-d658c375-6e45-4ba0-936b-52abb5a4ef9d ] Request (DeleteServersAdminTestJSON:test_delete_server_while_in_error_state): 200 GET http://10.180.1.21/compute/v2.1/servers/1bc60127-2c17-4962-b6fe-0785357c36ca 1.019s
2025-01-02 11:57:30.403 68750 INFO tempest.common.waiters [-] State transition "BUILD/scheduling" ==> "BUILD/None" after 8 second wait
2025-01-02 11:57:30.488 68726 INFO tempest.lib.common.rest_client [req-535d067e-76d8-42d1-ae4f-54adc351d3d0 req-535d067e-76d8-42d1-ae4f-54adc351d3d0 ] Request (ServerAddressesNegativeTestJSON:setUpClass): 200 GET http://10.180.1.21/compute/v2.1/servers/3e37b98e-c5f5-446c-8ac2-dacdf8ce7106 1.026s
2025-01-02 11:57:30.586 68728 INFO tempest.lib.common.rest_client [req-be71da04-e728-4313-b66d-26d8d5c7d99c req-be71da04-e728-4313-b66d-26d8d5c7d99c ] Request (TenantUsagesTestJSON:tearDownClass): 200 GET http://10.180.1.21:9696/networking/v2.0/security-groups?tenant_id=a2e86ddb1f164bdcac42b12e6b8d2280&name=default 0.584s
2025-01-02 11:57:30.631 68740 INFO tempest.lib.common.rest_client [req-4f5f62c4-afa8-45fb-86fd-53679dd2eb3b req-4f5f62c4-afa8-45fb-86fd-53679dd2eb3b ] Request (ServerDiagnosticsTest:tearDownClass): 200 GET http://10.180.1.21/compute/v2.1/servers/028ce127-561f-4a3a-b427-e0c462457550 1.072s
2025-01-02 11:57:30.638 68702 INFO tempest.lib.common.rest_client [req-a79df29d-6e24-485f-9b8f-454612d61a05 req-a79df29d-6e24-485f-9b8f-454612d61a05 ] Request (ServersTestFqdnHostnames:test_create_server_with_fqdn_name): 200 GET http://10.180.1.21/compute/v2.1/servers/bc64e986-a2db-4386-bb74-b4e73761a742 1.304s
2025-01-02 11:57:30.654 68748 INFO tempest.lib.common.rest_client [req-954d7661-678e-4030-928a-9fad5f9657ef req-954d7661-678e-4030-928a-9fad5f9657ef ] Request (FloatingIPsTestJSON:tearDownClass): 204 DELETE http://10.180.1.21:9696/networking/v2.0/networks/f9a25392-fac9-486b-b8ca-f78e6b4f056d 0.663s
2025-01-02 11:57:30.692 68696 INFO tempest.lib.common.rest_client [req-8d9bc526-e166-426c-ab30-19ee67a6d6bc req-8d9bc526-e166-426c-ab30-19ee67a6d6bc ] Request (FlavorsAdminTestJSON:_run_cleanups): 200 GET http://10.180.1.21/compute/v2.1/flavors/detail 1.089s
2025-01-02 11:57:30.724 68724 INFO tempest.lib.common.rest_client [req-cb4e7ece-4dea-4a95-a53c-0de32116539c req-cb4e7ece-4dea-4a95-a53c-0de32116539c ] Request (ImagesOneServerNegativeTestJSON:test_create_second_image_when_first_image_is_being_saved): 409 POST http://10.180.1.21/compute/v2.1/servers/5ef4df0b-ad8b-4906-a304-fbe776db4943/action 1.123s
2025-01-02 11:57:30.797 68748 INFO tempest.lib.common.rest_client [req-200d4d6b-f2fa-4b26-a0b8-deaacfc8d0b9 req-200d4d6b-f2fa-4b26-a0b8-deaacfc8d0b9 ] Request (FloatingIPsTestJSON:tearDownClass): 204 DELETE http://10.180.1.21/identity/v3/users/53a836f92e904ac4aaa920adf737b57f 0.143s
2025-01-02 11:57:30.797 68748 INFO tempest.lib.common.dynamic_creds [-] Deleting project and security group for project: 38c62f33d1d143beb884e55cb21cd03a
2025-01-02 11:57:30.862 68704 INFO tempest.lib.common.rest_client [req-bd10e445-616c-4ac7-9ca3-d1079a60997c req-bd10e445-616c-4ac7-9ca3-d1079a60997c ] Request (ServersAdmin275Test:tearDownClass): 200 GET http://10.180.1.21/compute/v2.1/servers/3cec7e1e-84cb-4055-a25f-b36579dd1511 1.144s
2025-01-02 11:57:30.882 68700 INFO tempest.lib.common.rest_client [req-4d86b7ad-f0fd-40cd-9c8f-95efb0be8a0c req-4d86b7ad-f0fd-40cd-9c8f-95efb0be8a0c ] Request (ServerGroup264TestJSON:test_create_get_server_group): 200 GET http://10.180.1.21/compute/v2.1/os-server-groups/0d3ae92b-db03-4da2-97c6-3556ae19d17c 1.030s
2025-01-02 11:57:30.922 68716 INFO tempest.lib.common.rest_client [req-7fec4781-64b1-44e0-8263-fd1ff8d07970 req-7fec4781-64b1-44e0-8263-fd1ff8d07970 ] Request (ServersWithSpecificFlavorTestJSON:setUpClass): 201 POST http://10.180.1.21:9696/networking/v2.0/subnets 0.686s
2025-01-02 11:57:30.935 68728 INFO tempest.lib.common.rest_client [req-c0131c12-6b1a-4bb7-841a-d9f144d442c4 req-c0131c12-6b1a-4bb7-841a-d9f144d442c4 ] Request (TenantUsagesTestJSON:tearDownClass): 204 DELETE http://10.180.1.21:9696/networking/v2.0/security-groups/3ba74373-2bbf-46f9-b842-ec1b3dde4e16 0.349s
2025-01-02 11:57:30.944 68712 INFO tempest.lib.common.rest_client [req-8d90783c-2f85-4a1d-8cd9-73b6bc22bfa4 req-8d90783c-2f85-4a1d-8cd9-73b6bc22bfa4 ] Request (ServicesAdminNegativeTestJSON:test_list_services_with_non_admin_user): 403 GET http://10.180.1.21/compute/v2.1/os-services 1.169s
2025-01-02 11:57:30.950 68752 INFO tempest.lib.common.rest_client [req-08791111-d1d1-45ec-bdf3-68646c229d79 req-08791111-d1d1-45ec-bdf3-68646c229d79 ] Request (ServerGroupTestJSON:setUpClass): 200 PUT http://10.180.1.21:9696/networking/v2.0/routers/fee84fd5-54f1-4743-b253-22f2e3cb219a/add_router_interface 5.049s
2025-01-02 11:57:30.950 68752 INFO tempest.lib.common.dynamic_creds [-] Created isolated network resources for: credentials: Credentials: {'domain_id': 'default', 'domain_name': 'Default', 'username': 'tempest-ServerGroupTestJSON-1171796197-project-member', 'project_domain_id': 'default', 'project_domain_name': 'Default', 'project_id': 'eb597f8201ab42daa426086b53ee3859', 'project_name': 'tempest-ServerGroupTestJSON-1171796197', 'tenant_id': 'eb597f8201ab42daa426086b53ee3859', 'tenant_name': 'tempest-ServerGroupTestJSON-1171796197', 'user_domain_id': 'default', 'user_domain_name': 'Default', 'user_id': 'f917aac2fcdb4ef6b8575704b2c2cf6d', 'system': None}, Network: {'id': 'd70c6e88-27a3-43fa-89d1-8a45364d839f', 'name': 'tempest-ServerGroupTestJSON-930888705-network', 'tenant_id': 'eb597f8201ab42daa426086b53ee3859', 'admin_state_up': True, 'mtu': 8950, 'status': 'ACTIVE', 'subnets': [], 'shared': False, 'project_id': 'eb597f8201ab42daa426086b53ee3859', 'port_security_enabled': True, 'router:external': False, 'provider:network_type': 'vlan', 'provider:physical_network': 'default', 'provider:segmentation_id': 796, 'availability_zone_hints': [], 'availability_zones': [], 'ipv4_address_scope': None, 'ipv6_address_scope': None, 'description': '', 'tags': [], 'created_at': '2025-01-02T11:57:21Z', 'updated_at': '2025-01-02T11:57:21Z', 'revision_number': 1}, Subnet: {'id': '2c97dd88-037a-491e-9135-e5de6bbdf07e', 'name': 'tempest-ServerGroupTestJSON-930888705-subnet', 'tenant_id': 'eb597f8201ab42daa426086b53ee3859', 'network_id': 'd70c6e88-27a3-43fa-89d1-8a45364d839f', 'ip_version': 4, 'subnetpool_id': None, 'enable_dhcp': True, 'ipv6_ra_mode': None, 'ipv6_address_mode': None, 'gateway_ip': '192.168.128.1', 'cidr': '192.168.128.0/28', 'allocation_pools': [{'start': '192.168.128.2', 'end': '192.168.128.14'}], 'host_routes': [], 'dns_nameservers': [], 'description': '', 'router:external': False, 'service_types': [], 'tags': [], 'created_at': '2025-01-02T11:57:22Z', 'updated_at': '2025-01-02T11:57:22Z', 'revision_number': 0, 'project_id': 'eb597f8201ab42daa426086b53ee3859'}, Router: {'id': 'fee84fd5-54f1-4743-b253-22f2e3cb219a', 'name': 'tempest-ServerGroupTestJSON-930888705-router', 'tenant_id': 'eb597f8201ab42daa426086b53ee3859', 'admin_state_up': True, 'status': 'ACTIVE', 'external_gateway_info': {'network_id': '8137e767-3006-4c0f-9d31-3a792621ef06', 'external_fixed_ips': [{'subnet_id': '772f49e1-bb93-40cd-aa5a-04180de07aed', 'ip_address': '10.180.180.186'}], 'enable_snat': True}, 'description': '', 'availability_zones': [], 'distributed': False, 'ha': False, 'availability_zone_hints': [], 'routes': [], 'flavor_id': None, 'tags': [], 'created_at': '2025-01-02T11:57:22Z', 'updated_at': '2025-01-02T11:57:24Z', 'revision_number': 2, 'project_id': 'eb597f8201ab42daa426086b53ee3859'}
2025-01-02 11:57:30.985 68748 INFO tempest.lib.common.rest_client [req-03875b7d-f647-4733-aea9-33fa69fca10b req-03875b7d-f647-4733-aea9-33fa69fca10b ] Request (FloatingIPsTestJSON:tearDownClass): 200 GET http://10.180.1.21:9696/networking/v2.0/security-groups?tenant_id=38c62f33d1d143beb884e55cb21cd03a&name=default 0.187s
2025-01-02 11:57:30.986 68714 INFO tempest.lib.common.rest_client [req-44e5c5c8-f320-4890-8b25-2f8128181c63 req-44e5c5c8-f320-4890-8b25-2f8128181c63 ] Request (ServicesAdminNegativeV253TestJSON:test_list_services_with_non_admin_user): 403 GET http://10.180.1.21/compute/v2.1/os-services 1.108s
2025-01-02 11:57:31.044 68698 INFO tempest.lib.common.rest_client [req-b59e6248-ebd6-465b-913b-a18398cdef42 req-b59e6248-ebd6-465b-913b-a18398cdef42 ] Request (ServerDiagnosticsV248Test:tearDownClass): 200 GET http://10.180.1.21/compute/v2.1/servers/1747a27d-b414-457a-ac2a-5bae20896432 1.093s
2025-01-02 11:57:31.088 68710 INFO tempest.lib.common.rest_client [req-f69a6d25-834e-4cea-8505-46cf6c2b296a req-f69a6d25-834e-4cea-8505-46cf6c2b296a ] Request (ServersTestBootFromVolume:setUpClass): 200 GET http://10.180.1.21/volume/v3/volumes/c4265df9-3e22-4e8d-bca4-519834826f48 0.046s
2025-01-02 11:57:31.101 68728 INFO tempest.lib.common.rest_client [req-c31af610-dd8d-4f81-b119-e2428a85d68e req-c31af610-dd8d-4f81-b119-e2428a85d68e ] Request (TenantUsagesTestJSON:tearDownClass): 204 DELETE http://10.180.1.21/identity/v3/projects/a2e86ddb1f164bdcac42b12e6b8d2280 0.165s
2025-01-02 11:57:31.101 68728 INFO tempest.lib.common.dynamic_creds [-] Deleting project and security group for project: 7b19b4788afb4c82b502982ad1920fe4
2025-01-02 11:57:31.115 68712 INFO tempest.lib.common.rest_client [req-9c2c563d-56a6-4118-b6f8-6059a25d7db5 req-9c2c563d-56a6-4118-b6f8-6059a25d7db5 ] Request (ServicesAdminNegativeTestJSON:tearDownClass): 204 DELETE http://10.180.1.21/identity/v3/users/f5ca5906bfa64e95b2aef980b72e52b0 0.170s
2025-01-02 11:57:31.131 68706 INFO tempest.lib.common.rest_client [req-08b0c83a-aa36-4943-87e5-a9fd74186aa4 req-08b0c83a-aa36-4943-87e5-a9fd74186aa4 ] Request (ListImageFiltersTestJSON:setUpClass): 200 GET http://10.180.1.21/compute/v2.1/servers/f08cdd8f-d853-40c7-b5d8-11a1a494cba6 1.113s
2025-01-02 11:57:31.171 68728 INFO tempest.lib.common.rest_client [req-05d2bb67-77ee-463c-ac9a-26a345f3efa3 req-05d2bb67-77ee-463c-ac9a-26a345f3efa3 ] Request (TenantUsagesTestJSON:tearDownClass): 200 GET http://10.180.1.21:9696/networking/v2.0/security-groups?tenant_id=7b19b4788afb4c82b502982ad1920fe4&name=default 0.069s
2025-01-02 11:57:31.194 68752 INFO tempest.lib.common.rest_client [req-3d67dabf-5403-4285-819f-33de8e263e4c req-3d67dabf-5403-4285-819f-33de8e263e4c ] Request (ServerGroupTestJSON:setUpClass): 201 POST http://10.180.1.21/identity/v3/auth/tokens 0.235s
2025-01-02 11:57:31.224 68714 INFO tempest.lib.common.rest_client [req-9df61926-ab87-445b-9674-a909201dc8fd req-9df61926-ab87-445b-9674-a909201dc8fd ] Request (ServicesAdminNegativeV253TestJSON:tearDownClass): 204 DELETE http://10.180.1.21/identity/v3/users/0d140c0924a942bdb3c2fcd83cd0b826 0.236s
2025-01-02 11:57:31.261 68708 INFO tempest.lib.common.rest_client [req-a2979d5b-a5be-462e-8d78-4610651408fb req-a2979d5b-a5be-462e-8d78-4610651408fb ] Request (MigrationsAdminTest:test_list_migrations_in_flavor_resize_situation): 200 GET http://10.180.1.21/compute/v2.1/servers/fe9c3f7c-4c8b-426b-85c1-6fc0f325609e 1.256s
2025-01-02 11:57:31.268 68708 INFO tempest.common.waiters [-] State transition "RESIZE/resize_finish" ==> "VERIFY_RESIZE/None" after 35 second wait
2025-01-02 11:57:31.324 68712 INFO tempest.lib.common.rest_client [req-24260f74-a93e-465e-9f5d-c6fab0e43fdf req-24260f74-a93e-465e-9f5d-c6fab0e43fdf ] Request (ServicesAdminNegativeTestJSON:tearDownClass): 204 DELETE http://10.180.1.21/identity/v3/users/bf444d602c264e73bf641759b335a2c8 0.209s
2025-01-02 11:57:31.325 68712 INFO tempest.lib.common.dynamic_creds [-] Deleting project and security group for project: 931ffdbc1faf48b2a059540586534f74
2025-01-02 11:57:31.338 68748 INFO tempest.lib.common.rest_client [req-a89bf1aa-b81a-4b65-a9a5-efcf6c7c21b6 req-a89bf1aa-b81a-4b65-a9a5-efcf6c7c21b6 ] Request (FloatingIPsTestJSON:tearDownClass): 204 DELETE http://10.180.1.21:9696/networking/v2.0/security-groups/19057569-6398-4168-8ac8-8a17258fa396 0.353s
2025-01-02 11:57:31.418 68712 INFO tempest.lib.common.rest_client [req-691fd433-bb51-473f-9034-b8e656937049 req-691fd433-bb51-473f-9034-b8e656937049 ] Request (ServicesAdminNegativeTestJSON:tearDownClass): 201 POST http://10.180.1.21/identity/v3/auth/tokens 0.093s
2025-01-02 11:57:31.427 68728 INFO tempest.lib.common.rest_client [req-c4c1bcf5-797b-484a-8e82-fc20c9335fff req-c4c1bcf5-797b-484a-8e82-fc20c9335fff ] Request (TenantUsagesTestJSON:tearDownClass): 204 DELETE http://10.180.1.21:9696/networking/v2.0/security-groups/7d806adf-a7e4-4d30-ada0-7dd848ad6ecc 0.255s
2025-01-02 11:57:31.444 68714 INFO tempest.lib.common.rest_client [req-0005ff09-dc62-4a13-809b-96549894d414 req-0005ff09-dc62-4a13-809b-96549894d414 ] Request (ServicesAdminNegativeV253TestJSON:tearDownClass): 204 DELETE http://10.180.1.21/identity/v3/users/68649f22d9f54b1aa463a9b712af33f1 0.219s
2025-01-02 11:57:31.444 68714 INFO tempest.lib.common.dynamic_creds [-] Deleting project and security group for project: d609e65a59f24da182403994ebb9b60d
2025-01-02 11:57:31.502 68748 INFO tempest.lib.common.rest_client [req-d20d47a4-d699-4ede-91d6-b9563c6f8248 req-d20d47a4-d699-4ede-91d6-b9563c6f8248 ] Request (FloatingIPsTestJSON:tearDownClass): 204 DELETE http://10.180.1.21/identity/v3/projects/38c62f33d1d143beb884e55cb21cd03a 0.164s
2025-01-02 11:57:31.549 68754 INFO tempest.lib.common.rest_client [req-6ec4a125-0d51-4c73-af92-588006c34c30 req-6ec4a125-0d51-4c73-af92-588006c34c30 ] Request (SecurityGroupRulesTestJSON:tearDownClass): 202 DELETE http://10.180.1.21/compute/v2.1/os-security-groups/d9f52e95-c033-4a83-9c74-218df711a159 1.340s
2025-01-02 11:57:31.557 68714 INFO tempest.lib.common.rest_client [req-4bd487ea-e87d-4bf4-a5ce-61f5dccd051c req-4bd487ea-e87d-4bf4-a5ce-61f5dccd051c ] Request (ServicesAdminNegativeV253TestJSON:tearDownClass): 201 POST http://10.180.1.21/identity/v3/auth/tokens 0.113s
2025-01-02 11:57:31.598 68728 INFO tempest.lib.common.rest_client [req-e61e6651-d8d7-48c5-88ec-28adf395f9f0 req-e61e6651-d8d7-48c5-88ec-28adf395f9f0 ] Request (TenantUsagesTestJSON:tearDownClass): 204 DELETE http://10.180.1.21/identity/v3/projects/7b19b4788afb4c82b502982ad1920fe4 0.170s
2025-01-02 11:57:31.621 68748 INFO tempest.lib.common.rest_client [req-e1807c7c-83c0-43a9-9afb-256c4d04b77b req-e1807c7c-83c0-43a9-9afb-256c4d04b77b ] Request (InstanceActionsNegativeTestJSON:setUpClass): 201 POST http://10.180.1.21/identity/v3/auth/tokens 0.117s
2025-01-02 11:57:31.649 68728 INFO tempest.lib.common.rest_client [req-082b2f03-3b80-4aec-9b35-8ed386edfd93 req-082b2f03-3b80-4aec-9b35-8ed386edfd93 ] Request (FlavorsV2NegativeTest:setUpClass): 201 POST http://10.180.1.21/identity/v3/auth/tokens 0.048s
2025-01-02 11:57:31.650 68742 WARNING tempest.lib.common.ssh [-] Failed to establish authenticated ssh connection to cirros@10.180.180.195 ([Errno None] Unable to connect to port 22 on 10.180.180.195). Number attempts: 3. Retry after 4 seconds.: paramiko.ssh_exception.NoValidConnectionsError: [Errno None] Unable to connect to port 22 on 10.180.180.195
2025-01-02 11:57:31.678 68748 INFO tempest.lib.common.rest_client [req-dcedae12-72d1-49ec-b54e-8ce6c69a8919 req-dcedae12-72d1-49ec-b54e-8ce6c69a8919 ] Request (InstanceActionsNegativeTestJSON:setUpClass): 201 POST http://10.180.1.21/identity/v3/auth/tokens 0.053s
2025-01-02 11:57:31.681 68728 INFO tempest.lib.common.rest_client [req-cb87cdff-c264-4bee-ae92-0b150c4580a4 req-cb87cdff-c264-4bee-ae92-0b150c4580a4 ] Request (FlavorsV2NegativeTest:setUpClass): 201 POST http://10.180.1.21/identity/v3/auth/tokens 0.028s
2025-01-02 11:57:31.707 68748 INFO tempest.lib.common.rest_client [req-907fe05f-0aec-48bf-a9fd-dcbdf823afec req-907fe05f-0aec-48bf-a9fd-dcbdf823afec ] Request (InstanceActionsNegativeTestJSON:setUpClass): 200 GET http://10.180.1.21/identity/v3/domains?name=Default 0.028s
2025-01-02 11:57:31.707 68728 INFO tempest.lib.common.rest_client [req-e6c3e55d-b413-4e7f-bf2d-5889b8077e6c req-e6c3e55d-b413-4e7f-bf2d-5889b8077e6c ] Request (FlavorsV2NegativeTest:setUpClass): 200 GET http://10.180.1.21/identity/v3/domains?name=Default 0.026s
2025-01-02 11:57:31.724 68722 INFO tempest.lib.common.rest_client [req-b5e2be29-87d5-419d-8e6b-5cc55c51a151 req-b5e2be29-87d5-419d-8e6b-5cc55c51a151 ] Request (ServerMetadataNegativeTestJSON:setUpClass): 202 POST http://10.180.1.21/compute/v2.1/servers 1.681s
2025-01-02 11:57:31.738 68728 INFO tempest.lib.common.rest_client [req-0e2ec497-499b-4995-a88e-aba329d3ad61 req-0e2ec497-499b-4995-a88e-aba329d3ad61 ] Request (FlavorsV2NegativeTest:setUpClass): 201 POST http://10.180.1.21/identity/v3/projects 0.030s
2025-01-02 11:57:31.750 68748 INFO tempest.lib.common.rest_client [req-0aca58eb-b8b5-403b-be04-482b2772cba2 req-0aca58eb-b8b5-403b-be04-482b2772cba2 ] Request (InstanceActionsNegativeTestJSON:setUpClass): 201 POST http://10.180.1.21/identity/v3/projects 0.042s
2025-01-02 11:57:31.783 68714 INFO tempest.lib.common.rest_client [req-650d9463-957e-4279-a25f-a70205e06c47 req-650d9463-957e-4279-a25f-a70205e06c47 ] Request (ServicesAdminNegativeV253TestJSON:tearDownClass): 200 GET http://10.180.1.21:9696/networking/v2.0/security-groups?tenant_id=d609e65a59f24da182403994ebb9b60d&name=default 0.225s
2025-01-02 11:57:31.825 68731 INFO tempest.lib.common.rest_client [req-728e405a-ccd7-4aa4-a91a-8a868f08e412 req-728e405a-ccd7-4aa4-a91a-8a868f08e412 ] Request (MultipleCreateTestJSON:_run_cleanups): 200 GET http://10.180.1.21/compute/v2.1/servers/16e7a58b-3c51-4793-b128-d418f7173f7a 1.421s
2025-01-02 11:57:31.834 68731 INFO tempest.common.waiters [-] State transition "ACTIVE/deleting" ==> "DELETED/None" after 4 second wait
2025-01-02 11:57:31.837 68728 INFO tempest.lib.common.rest_client [req-07b1dce0-b458-47db-b80e-8a9ac782c80c req-07b1dce0-b458-47db-b80e-8a9ac782c80c ] Request (FlavorsV2NegativeTest:setUpClass): 201 POST http://10.180.1.21/identity/v3/users 0.098s
2025-01-02 11:57:31.838 68748 INFO tempest.lib.common.rest_client [req-d43bb476-43a7-49fb-93e3-0fbbee82b9b0 req-d43bb476-43a7-49fb-93e3-0fbbee82b9b0 ] Request (InstanceActionsNegativeTestJSON:setUpClass): 201 POST http://10.180.1.21/identity/v3/users 0.087s
2025-01-02 11:57:31.860 68748 INFO tempest.lib.common.rest_client [req-4fe823fa-bd03-4a5d-98f7-c4b4cfbae939 req-4fe823fa-bd03-4a5d-98f7-c4b4cfbae939 ] Request (InstanceActionsNegativeTestJSON:setUpClass): 200 GET http://10.180.1.21/identity/v3/roles 0.022s
2025-01-02 11:57:31.864 68728 INFO tempest.lib.common.rest_client [req-6327b989-5ee2-4b5b-86bd-35ac65157a4a req-6327b989-5ee2-4b5b-86bd-35ac65157a4a ] Request (FlavorsV2NegativeTest:setUpClass): 200 GET http://10.180.1.21/identity/v3/roles 0.027s
2025-01-02 11:57:31.894 68748 INFO tempest.lib.common.rest_client [req-8331c9a2-4a7f-410e-8d31-85de1e762be1 req-8331c9a2-4a7f-410e-8d31-85de1e762be1 ] Request (InstanceActionsNegativeTestJSON:setUpClass): 204 PUT http://10.180.1.21/identity/v3/projects/c8c40d52ae694360818c58137d0d580d/users/1c5c27377f774fc89c398ff6838749c7/roles/35fda947592f459daea70bb9742e0001 0.033s
2025-01-02 11:57:31.894 68748 INFO tempest.lib.common.dynamic_creds [-] Dynamic test user 1c5c27377f774fc89c398ff6838749c7 is created with scope project and roles: ['member']
2025-01-02 11:57:31.894 68748 INFO tempest.lib.common.dynamic_creds [-] Acquired dynamic creds: credentials: Credentials: {'domain_id': 'default', 'domain_name': 'Default', 'username': 'tempest-InstanceActionsNegativeTestJSON-1306525671-project-member', 'project_domain_id': 'default', 'project_domain_name': 'Default', 'project_id': 'c8c40d52ae694360818c58137d0d580d', 'project_name': 'tempest-InstanceActionsNegativeTestJSON-1306525671', 'tenant_id': 'c8c40d52ae694360818c58137d0d580d', 'tenant_name': 'tempest-InstanceActionsNegativeTestJSON-1306525671', 'user_domain_id': 'default', 'user_domain_name': 'Default', 'user_id': '1c5c27377f774fc89c398ff6838749c7', 'system': None}, Network: None, Subnet: None, Router: None
2025-01-02 11:57:31.903 68714 INFO tempest.lib.common.rest_client [req-d5f30368-32f4-4063-90b4-e81573567b8b req-d5f30368-32f4-4063-90b4-e81573567b8b ] Request (ServicesAdminNegativeV253TestJSON:tearDownClass): 204 DELETE http://10.180.1.21:9696/networking/v2.0/security-groups/bb993c59-39fa-4708-915b-e56522b1cba3 0.120s
2025-01-02 11:57:31.914 68728 INFO tempest.lib.common.rest_client [req-97f0e208-caa9-4e78-a67a-b9ab9bfbe713 req-97f0e208-caa9-4e78-a67a-b9ab9bfbe713 ] Request (FlavorsV2NegativeTest:setUpClass): 204 PUT http://10.180.1.21/identity/v3/projects/177c150d0b404036a009b6d8f91c29d9/users/598d6e0b620d4cd5aa1f79055f58a5c5/roles/35fda947592f459daea70bb9742e0001 0.049s
2025-01-02 11:57:31.914 68728 INFO tempest.lib.common.dynamic_creds [-] Dynamic test user 598d6e0b620d4cd5aa1f79055f58a5c5 is created with scope project and roles: ['member']
2025-01-02 11:57:31.914 68728 INFO tempest.lib.common.dynamic_creds [-] Acquired dynamic creds: credentials: Credentials: {'domain_id': 'default', 'domain_name': 'Default', 'username': 'tempest-FlavorsV2NegativeTest-1472336057-project-member', 'project_domain_id': 'default', 'project_domain_name': 'Default', 'project_id': '177c150d0b404036a009b6d8f91c29d9', 'project_name': 'tempest-FlavorsV2NegativeTest-1472336057', 'tenant_id': '177c150d0b404036a009b6d8f91c29d9', 'tenant_name': 'tempest-FlavorsV2NegativeTest-1472336057', 'user_domain_id': 'default', 'user_domain_name': 'Default', 'user_id': '598d6e0b620d4cd5aa1f79055f58a5c5', 'system': None}, Network: None, Subnet: None, Router: None
2025-01-02 11:57:31.915 68728 INFO tempest.lib.common.dynamic_creds [-] Created isolated network resources for: credentials: Credentials: {'domain_id': 'default', 'domain_name': 'Default', 'username': 'tempest-FlavorsV2NegativeTest-1472336057-project-member', 'project_domain_id': 'default', 'project_domain_name': 'Default', 'project_id': '177c150d0b404036a009b6d8f91c29d9', 'project_name': 'tempest-FlavorsV2NegativeTest-1472336057', 'tenant_id': '177c150d0b404036a009b6d8f91c29d9', 'tenant_name': 'tempest-FlavorsV2NegativeTest-1472336057', 'user_domain_id': 'default', 'user_domain_name': 'Default', 'user_id': '598d6e0b620d4cd5aa1f79055f58a5c5', 'system': None}, Network: None, Subnet: None, Router: None
2025-01-02 11:57:31.967 68748 INFO tempest.lib.common.rest_client [req-989db734-1b56-4b76-a9b9-2310670dbeb5 req-989db734-1b56-4b76-a9b9-2310670dbeb5 ] Request (InstanceActionsNegativeTestJSON:setUpClass): 201 POST http://10.180.1.21/identity/v3/auth/tokens 0.073s
2025-01-02 11:57:32.021 68746 INFO tempest.lib.common.rest_client [req-c900411a-4447-4174-be5a-62fd4441cace req-c900411a-4447-4174-be5a-62fd4441cace ] Request (ServerDiagnosticsNegativeTest:test_get_server_diagnostics_by_non_admin): 200 GET http://10.180.1.21/compute/v2.1/servers/9f8ff3a5-201b-4814-bf32-2f39c2293750 1.429s
2025-01-02 11:57:32.030 68712 INFO tempest.lib.common.rest_client [req-2fdb66d4-9c79-42d1-8ce7-5f3c81d3f66c req-2fdb66d4-9c79-42d1-8ce7-5f3c81d3f66c ] Request (ServicesAdminNegativeTestJSON:tearDownClass): 200 GET http://10.180.1.21:9696/networking/v2.0/security-groups?tenant_id=931ffdbc1faf48b2a059540586534f74&name=default 0.611s
2025-01-02 11:57:32.041 68696 INFO tempest.lib.common.rest_client [req-6a5d1db5-aed9-41ef-9e1a-15c7ef46b5be req-6a5d1db5-aed9-41ef-9e1a-15c7ef46b5be ] Request (FlavorsAdminTestJSON:test_list_public_flavor_with_other_user): 200 POST http://10.180.1.21/compute/v2.1/flavors 1.339s
2025-01-02 11:57:32.050 68714 INFO tempest.lib.common.rest_client [req-834c2dfc-5785-4e03-8ffe-1f08568948d5 req-834c2dfc-5785-4e03-8ffe-1f08568948d5 ] Request (ServicesAdminNegativeV253TestJSON:tearDownClass): 204 DELETE http://10.180.1.21/identity/v3/projects/d609e65a59f24da182403994ebb9b60d 0.146s
2025-01-02 11:57:32.050 68728 INFO tempest.lib.common.rest_client [req-56735c43-7a40-4899-a26a-b5a2c623a99e req-56735c43-7a40-4899-a26a-b5a2c623a99e ] Request (FlavorsV2NegativeTest:setUpClass): 201 POST http://10.180.1.21/identity/v3/auth/tokens 0.129s
2025-01-02 11:57:32.050 68714 INFO tempest.lib.common.dynamic_creds [-] Deleting project and security group for project: e173a6185cb14b3c8d8f476872854efc
2025-01-02 11:57:32.126 68710 INFO tempest.lib.common.rest_client [req-22233155-5b78-4c46-9e8f-de2e23f553f4 req-22233155-5b78-4c46-9e8f-de2e23f553f4 ] Request (ServersTestBootFromVolume:setUpClass): 200 GET http://10.180.1.21/volume/v3/volumes/c4265df9-3e22-4e8d-bca4-519834826f48 0.031s
2025-01-02 11:57:32.152 68724 INFO tempest.lib.common.rest_client [req-11ef5643-7a73-4827-921c-79e9876ddc54 req-11ef5643-7a73-4827-921c-79e9876ddc54 ] Request (ImagesOneServerNegativeTestJSON:test_create_second_image_when_first_image_is_being_saved): 204 DELETE http://10.180.1.21/compute/v2.1/images/4b5d3589-2ba8-4787-a24e-34ead2884a14 1.427s
2025-01-02 11:57:32.159 68712 INFO tempest.lib.common.rest_client [req-144d0204-abea-4ea3-bbc5-58953bff9e4f req-144d0204-abea-4ea3-bbc5-58953bff9e4f ] Request (ServicesAdminNegativeTestJSON:tearDownClass): 204 DELETE http://10.180.1.21:9696/networking/v2.0/security-groups/3ce5ccc8-4b51-407d-b459-cc30bd6e8c2e 0.128s
2025-01-02 11:57:32.196 68714 INFO tempest.lib.common.rest_client [req-9a405eb8-c3e7-4306-b78b-46a8e6797b5b req-9a405eb8-c3e7-4306-b78b-46a8e6797b5b ] Request (ServicesAdminNegativeV253TestJSON:tearDownClass): 200 GET http://10.180.1.21:9696/networking/v2.0/security-groups?tenant_id=e173a6185cb14b3c8d8f476872854efc&name=default 0.146s
2025-01-02 11:57:32.261 68718 INFO tempest.lib.common.rest_client [req-96b71b89-24e8-4525-9e28-eb1d7c6b9101 req-96b71b89-24e8-4525-9e28-eb1d7c6b9101 ] Request (ServerActionsTestOtherA:setUpClass): 200 GET http://10.180.1.21/compute/v2.1/servers/3d11142c-0197-4bd9-bf31-fffabf48ee87 1.495s
2025-01-02 11:57:32.264 68712 INFO tempest.lib.common.rest_client [req-315affea-2362-4fda-9c18-8f9c41564c58 req-315affea-2362-4fda-9c18-8f9c41564c58 ] Request (ServicesAdminNegativeTestJSON:tearDownClass): 204 DELETE http://10.180.1.21/identity/v3/projects/931ffdbc1faf48b2a059540586534f74 0.101s
2025-01-02 11:57:32.264 68712 INFO tempest.lib.common.dynamic_creds [-] Deleting project and security group for project: f6b922de892446dca5510e37ce04087f
2025-01-02 11:57:32.309 68714 INFO tempest.lib.common.rest_client [req-f09ada25-6879-477a-91a8-6c8936bb0767 req-f09ada25-6879-477a-91a8-6c8936bb0767 ] Request (ServicesAdminNegativeV253TestJSON:tearDownClass): 204 DELETE http://10.180.1.21:9696/networking/v2.0/security-groups/d3ecf5aa-0d22-433d-b569-3e69f6fce42f 0.112s
2025-01-02 11:57:32.360 68744 INFO tempest.lib.common.rest_client [req-b289b879-9a9e-430d-bccd-b4620091c680 req-b289b879-9a9e-430d-bccd-b4620091c680 ] Request (ServersAdminNegativeTestJSON:test_migrate_server_invalid_state): 200 GET http://10.180.1.21/compute/v2.1/servers/9edf2e36-5cbd-410d-bf99-451a6e3abee6 1.517s
2025-01-02 11:57:32.393 68700 INFO tempest.lib.common.rest_client [req-d4a6f8e4-e0b8-4edf-ac70-2f4f7be14875 req-d4a6f8e4-e0b8-4edf-ac70-2f4f7be14875 ] Request (ServerGroup264TestJSON:_run_cleanups): 204 DELETE http://10.180.1.21/compute/v2.1/os-server-groups/0d3ae92b-db03-4da2-97c6-3556ae19d17c 1.509s
2025-01-02 11:57:32.405 68712 INFO tempest.lib.common.rest_client [req-7a55a5ef-ab8d-42b6-8a10-51959bf6f391 req-7a55a5ef-ab8d-42b6-8a10-51959bf6f391 ] Request (ServicesAdminNegativeTestJSON:tearDownClass): 200 GET http://10.180.1.21:9696/networking/v2.0/security-groups?tenant_id=f6b922de892446dca5510e37ce04087f&name=default 0.140s
2025-01-02 11:57:32.429 68714 INFO tempest.lib.common.rest_client [req-5581b3d2-9b18-4d13-bf77-2611e2cf82dc req-5581b3d2-9b18-4d13-bf77-2611e2cf82dc ] Request (ServicesAdminNegativeV253TestJSON:tearDownClass): 204 DELETE http://10.180.1.21/identity/v3/projects/e173a6185cb14b3c8d8f476872854efc 0.119s
2025-01-02 11:57:32.459 68756 INFO tempest.lib.common.rest_client [req-248b7d8b-19d1-46fc-9e23-801884b8922a req-248b7d8b-19d1-46fc-9e23-801884b8922a ] Request (FloatingIPsAssociationNegativeTestJSON:setUpClass): 200 GET http://10.180.1.21/compute/v2.1/servers/fd699fda-28a7-4cd2-bd87-f2f2d28dce65 1.515s
2025-01-02 11:57:32.507 68714 INFO tempest.lib.common.rest_client [req-d64828c0-dc1a-4377-8c1e-3e0e6be670cf req-d64828c0-dc1a-4377-8c1e-3e0e6be670cf ] Request (VolumesSnapshotsTestJSON:setUpClass): 201 POST http://10.180.1.21/identity/v3/auth/tokens 0.076s
2025-01-02 11:57:32.541 68714 INFO tempest.lib.common.rest_client [req-fa56febf-9b9a-4322-b764-b74332963429 req-fa56febf-9b9a-4322-b764-b74332963429 ] Request (VolumesSnapshotsTestJSON:setUpClass): 201 POST http://10.180.1.21/identity/v3/auth/tokens 0.031s
2025-01-02 11:57:32.541 68734 INFO tempest.lib.common.rest_client [req-8bf2257f-612a-4bf2-b8c8-b5d32a618d36 req-8bf2257f-612a-4bf2-b8c8-b5d32a618d36 ] Request (VolumesAdminNegativeTest:test_update_attached_volume_with_nonexistent_volume_in_body): 200 GET http://10.180.1.21/compute/v2.1/servers/71b4eb74-3e75-44d0-a132-0fa238a09fd2 1.534s
2025-01-02 11:57:32.578 68714 INFO tempest.lib.common.rest_client [req-0bb218ce-5b1e-418c-ac22-817b306d47f2 req-0bb218ce-5b1e-418c-ac22-817b306d47f2 ] Request (VolumesSnapshotsTestJSON:setUpClass): 200 GET http://10.180.1.21/identity/v3/domains?name=Default 0.037s
2025-01-02 11:57:32.619 68714 INFO tempest.lib.common.rest_client [req-a0cacb1b-09ec-4d0a-bd04-58ab731e8753 req-a0cacb1b-09ec-4d0a-bd04-58ab731e8753 ] Request (VolumesSnapshotsTestJSON:setUpClass): 201 POST http://10.180.1.21/identity/v3/projects 0.040s
2025-01-02 11:57:32.649 68712 INFO tempest.lib.common.rest_client [req-08fbdbf9-6526-4d0d-8e63-97edc2e7eba6 req-08fbdbf9-6526-4d0d-8e63-97edc2e7eba6 ] Request (ServicesAdminNegativeTestJSON:tearDownClass): 204 DELETE http://10.180.1.21:9696/networking/v2.0/security-groups/d020547c-c249-458d-80e8-c67f89369c9f 0.243s
2025-01-02 11:57:32.689 68714 INFO tempest.lib.common.rest_client [req-ca2b991b-0ba4-4d1d-a68e-5064e8c78845 req-ca2b991b-0ba4-4d1d-a68e-5064e8c78845 ] Request (VolumesSnapshotsTestJSON:setUpClass): 201 POST http://10.180.1.21/identity/v3/users 0.070s
2025-01-02 11:57:32.754 68714 INFO tempest.lib.common.rest_client [req-d0372490-6460-47b5-9e72-6673dc8aae68 req-d0372490-6460-47b5-9e72-6673dc8aae68 ] Request (VolumesSnapshotsTestJSON:setUpClass): 200 GET http://10.180.1.21/identity/v3/roles 0.064s
2025-01-02 11:57:32.788 68712 INFO tempest.lib.common.rest_client [req-8e0e2ebb-6c07-4d7a-92d8-71f20bd304d5 req-8e0e2ebb-6c07-4d7a-92d8-71f20bd304d5 ] Request (ServicesAdminNegativeTestJSON:tearDownClass): 204 DELETE http://10.180.1.21/identity/v3/projects/f6b922de892446dca5510e37ce04087f 0.138s
2025-01-02 11:57:32.810 68752 INFO tempest.lib.common.rest_client [req-7e35cdd8-ea98-4720-b1fb-6ae5ec3963e3 req-7e35cdd8-ea98-4720-b1fb-6ae5ec3963e3 ] Request (ServerGroupTestJSON:setUp): 200 POST http://10.180.1.21/compute/v2.1/os-server-groups 1.615s
2025-01-02 11:57:32.816 68714 INFO tempest.lib.common.rest_client [req-01001b06-3491-4080-8f7c-25b32155ce85 req-01001b06-3491-4080-8f7c-25b32155ce85 ] Request (VolumesSnapshotsTestJSON:setUpClass): 204 PUT http://10.180.1.21/identity/v3/projects/03428e92797446de9736606b270c772b/users/b5378699534149899d83d39af36b33ae/roles/35fda947592f459daea70bb9742e0001 0.061s
2025-01-02 11:57:32.816 68714 INFO tempest.lib.common.dynamic_creds [-] Dynamic test user b5378699534149899d83d39af36b33ae is created with scope project and roles: ['member']
2025-01-02 11:57:32.816 68714 INFO tempest.lib.common.dynamic_creds [-] Acquired dynamic creds: credentials: Credentials: {'domain_id': 'default', 'domain_name': 'Default', 'username': 'tempest-VolumesSnapshotsTestJSON-893166337-project-member', 'project_domain_id': 'default', 'project_domain_name': 'Default', 'project_id': '03428e92797446de9736606b270c772b', 'project_name': 'tempest-VolumesSnapshotsTestJSON-893166337', 'tenant_id': '03428e92797446de9736606b270c772b', 'tenant_name': 'tempest-VolumesSnapshotsTestJSON-893166337', 'user_domain_id': 'default', 'user_domain_name': 'Default', 'user_id': 'b5378699534149899d83d39af36b33ae', 'system': None}, Network: None, Subnet: None, Router: None
2025-01-02 11:57:32.816 68714 INFO tempest.lib.common.dynamic_creds [-] Created isolated network resources for: credentials: Credentials: {'domain_id': 'default', 'domain_name': 'Default', 'username': 'tempest-VolumesSnapshotsTestJSON-893166337-project-member', 'project_domain_id': 'default', 'project_domain_name': 'Default', 'project_id': '03428e92797446de9736606b270c772b', 'project_name': 'tempest-VolumesSnapshotsTestJSON-893166337', 'tenant_id': '03428e92797446de9736606b270c772b', 'tenant_name': 'tempest-VolumesSnapshotsTestJSON-893166337', 'user_domain_id': 'default', 'user_domain_name': 'Default', 'user_id': 'b5378699534149899d83d39af36b33ae', 'system': None}, Network: None, Subnet: None, Router: None
2025-01-02 11:57:32.872 68712 INFO tempest.lib.common.rest_client [req-01963c24-2c55-4390-857a-b5272e9237ef req-01963c24-2c55-4390-857a-b5272e9237ef ] Request (ServersTestMultiNic:setUpClass): 201 POST http://10.180.1.21/identity/v3/auth/tokens 0.082s
2025-01-02 11:57:32.878 68708 INFO tempest.lib.common.rest_client [req-141e37e2-6163-43d9-8a37-b197e7a1a560 req-141e37e2-6163-43d9-8a37-b197e7a1a560 ] Request (MigrationsAdminTest:test_list_migrations_in_flavor_resize_situation): 204 POST http://10.180.1.21/compute/v2.1/servers/fe9c3f7c-4c8b-426b-85c1-6fc0f325609e/action 1.609s
2025-01-02 11:57:32.887 68714 INFO tempest.lib.common.rest_client [req-da7388ee-42ef-476d-b67a-77d6aa4e5632 req-da7388ee-42ef-476d-b67a-77d6aa4e5632 ] Request (VolumesSnapshotsTestJSON:setUpClass): 201 POST http://10.180.1.21/identity/v3/auth/tokens 0.068s
2025-01-02 11:57:32.901 68712 INFO tempest.lib.common.rest_client [req-bc85a167-74d3-4896-9387-b4b7d466fe4e req-bc85a167-74d3-4896-9387-b4b7d466fe4e ] Request (ServersTestMultiNic:setUpClass): 201 POST http://10.180.1.21/identity/v3/auth/tokens 0.027s
2025-01-02 11:57:32.941 68712 INFO tempest.lib.common.rest_client [req-3f05d4fb-2390-4f23-b2bf-9c5476a3d9eb req-3f05d4fb-2390-4f23-b2bf-9c5476a3d9eb ] Request (ServersTestMultiNic:setUpClass): 200 GET http://10.180.1.21/identity/v3/domains?name=Default 0.040s
2025-01-02 11:57:32.953 68750 INFO tempest.lib.common.rest_client [req-2d7f279e-8b63-437d-a005-b25a264b7633 req-2d7f279e-8b63-437d-a005-b25a264b7633 ] Request (DeleteServersAdminTestJSON:test_delete_server_while_in_error_state): 200 GET http://10.180.1.21/compute/v2.1/servers/1bc60127-2c17-4962-b6fe-0785357c36ca 1.546s
2025-01-02 11:57:32.989 68712 INFO tempest.lib.common.rest_client [req-4aa62420-8a5a-4ab6-bfe2-e25ff9140947 req-4aa62420-8a5a-4ab6-bfe2-e25ff9140947 ] Request (ServersTestMultiNic:setUpClass): 201 POST http://10.180.1.21/identity/v3/projects 0.047s
2025-01-02 11:57:33.049 68726 INFO tempest.lib.common.rest_client [req-bd0c5556-de8a-40ef-9653-369c153b5912 req-bd0c5556-de8a-40ef-9653-369c153b5912 ] Request (ServerAddressesNegativeTestJSON:setUpClass): 200 GET http://10.180.1.21/compute/v2.1/servers/3e37b98e-c5f5-446c-8ac2-dacdf8ce7106 1.553s
2025-01-02 11:57:33.071 68712 INFO tempest.lib.common.rest_client [req-aa934815-f457-4648-b684-67638c865f0a req-aa934815-f457-4648-b684-67638c865f0a ] Request (ServersTestMultiNic:setUpClass): 201 POST http://10.180.1.21/identity/v3/users 0.079s
2025-01-02 11:57:33.102 68712 INFO tempest.lib.common.rest_client [req-8163489f-3bd4-4edd-b62f-0781393c1783 req-8163489f-3bd4-4edd-b62f-0781393c1783 ] Request (ServersTestMultiNic:setUpClass): 200 GET http://10.180.1.21/identity/v3/roles 0.031s
2025-01-02 11:57:33.120 68740 INFO tempest.lib.common.rest_client [req-6b51eba7-97c9-49e2-9b64-6075a5c41189 req-6b51eba7-97c9-49e2-9b64-6075a5c41189 ] Request (ServerDiagnosticsTest:tearDownClass): 200 GET http://10.180.1.21/compute/v2.1/servers/028ce127-561f-4a3a-b427-e0c462457550 1.472s
2025-01-02 11:57:33.138 68712 INFO tempest.lib.common.rest_client [req-e065c80c-e97f-44f7-a154-6b5efb9b8dd6 req-e065c80c-e97f-44f7-a154-6b5efb9b8dd6 ] Request (ServersTestMultiNic:setUpClass): 204 PUT http://10.180.1.21/identity/v3/projects/7785f894aa2844eea3d2f43644d3406a/users/59a2ae6895a44391a9643d6c30e16cd7/roles/35fda947592f459daea70bb9742e0001 0.035s
2025-01-02 11:57:33.138 68712 INFO tempest.lib.common.dynamic_creds [-] Dynamic test user 59a2ae6895a44391a9643d6c30e16cd7 is created with scope project and roles: ['member']
2025-01-02 11:57:33.138 68712 INFO tempest.lib.common.dynamic_creds [-] Acquired dynamic creds: credentials: Credentials: {'domain_id': 'default', 'domain_name': 'Default', 'username': 'tempest-ServersTestMultiNic-1286984435-project-member', 'project_domain_id': 'default', 'project_domain_name': 'Default', 'project_id': '7785f894aa2844eea3d2f43644d3406a', 'project_name': 'tempest-ServersTestMultiNic-1286984435', 'tenant_id': '7785f894aa2844eea3d2f43644d3406a', 'tenant_name': 'tempest-ServersTestMultiNic-1286984435', 'user_domain_id': 'default', 'user_domain_name': 'Default', 'user_id': '59a2ae6895a44391a9643d6c30e16cd7', 'system': None}, Network: None, Subnet: None, Router: None
2025-01-02 11:57:33.168 68748 INFO tempest.lib.common.rest_client [req-5414f191-489f-406e-8ffb-027419e876bf req-5414f191-489f-406e-8ffb-027419e876bf ] Request (InstanceActionsNegativeTestJSON:setUpClass): 201 POST http://10.180.1.21:9696/networking/v2.0/networks 1.200s
2025-01-02 11:57:33.172 68710 INFO tempest.lib.common.rest_client [req-5c9e1ef4-417f-4207-8b4b-b08095c4a67c req-5c9e1ef4-417f-4207-8b4b-b08095c4a67c ] Request (ServersTestBootFromVolume:setUpClass): 200 GET http://10.180.1.21/volume/v3/volumes/c4265df9-3e22-4e8d-bca4-519834826f48 0.038s
2025-01-02 11:57:33.217 68712 INFO tempest.lib.common.rest_client [req-255ef532-22ee-4531-ad76-5eed53497934 req-255ef532-22ee-4531-ad76-5eed53497934 ] Request (ServersTestMultiNic:setUpClass): 201 POST http://10.180.1.21/identity/v3/auth/tokens 0.079s
2025-01-02 11:57:33.451 68702 INFO tempest.lib.common.rest_client [req-ac26e0d7-8bd1-43c7-bd2d-876a2ca5f6a6 req-ac26e0d7-8bd1-43c7-bd2d-876a2ca5f6a6 ] Request (ServersTestFqdnHostnames:test_create_server_with_fqdn_name): 200 GET http://10.180.1.21/compute/v2.1/servers/bc64e986-a2db-4386-bb74-b4e73761a742 1.803s
2025-01-02 11:57:33.705 68716 INFO tempest.lib.common.rest_client [req-431e0d11-2c92-4faa-87c4-12ca1ad20496 req-431e0d11-2c92-4faa-87c4-12ca1ad20496 ] Request (ServersWithSpecificFlavorTestJSON:setUpClass): 201 POST http://10.180.1.21:9696/networking/v2.0/routers 2.783s
2025-01-02 11:57:33.710 68722 INFO tempest.lib.common.rest_client [req-46f03b76-b4f3-46c1-85f0-7e082d5b0a70 req-46f03b76-b4f3-46c1-85f0-7e082d5b0a70 ] Request (ServerMetadataNegativeTestJSON:setUpClass): 200 GET http://10.180.1.21/compute/v2.1/servers/3972845f-a11a-4160-ad32-3cf31efa28c0 1.984s
2025-01-02 11:57:33.769 68738 INFO tempest.lib.common.rest_client [req-cb346243-93e4-404d-a2b2-d1a46f0678cb req-cb346243-93e4-404d-a2b2-d1a46f0678cb ] Request (ServerDiskConfigTestJSON:setUpClass): 200 PUT http://10.180.1.21:9696/networking/v2.0/routers/41f9e95b-1843-4a8a-83d8-225403aea752/add_router_interface 3.553s
