2025-02-19 14:49:23.253 63038 INFO tempest.lib.common.rest_client [req-a1c552bf-2a24-4bb2-9eb4-2fcd60a2fa05 req-a1c552bf-2a24-4bb2-9eb4-2fcd60a2fa05 ] Request (ListImageFiltersTestJSON:setUpClass): 200 GET http://10.180.1.21/compute/v2.1/images/4738f0f1-668b-4c2f-8e0b-07eb990eeeb1 0.096s
2025-02-19 14:49:23.277 63020 INFO tempest.lib.common.rest_client [req-c17e3888-816a-4e7b-b163-7af863be9f85 req-c17e3888-816a-4e7b-b163-7af863be9f85 ] Request (ServerActionsV293TestJSON:setUpClass): 200 GET http://10.180.1.21/compute/v2.1/servers/5ff00e5a-676c-4d56-968e-1fb8866f79ac 0.102s
2025-02-19 14:49:23.307 63016 INFO tempest.lib.common.rest_client [req-91625dc1-191f-4dc6-8816-ce86de2cd3bb req-91625dc1-191f-4dc6-8816-ce86de2cd3bb ] Request (MultipleCreateTestJSON:test_multiple_create): 200 GET http://10.180.1.21/compute/v2.1/servers/a802376d-992a-4976-a6ec-6de8c467e7c6 0.102s
2025-02-19 14:49:23.320 63054 INFO tempest.lib.common.rest_client [req-660d35f7-9b4e-4295-8edf-5d4722731fde req-660d35f7-9b4e-4295-8edf-5d4722731fde ] Request (ServersAdminTestJSON:test_inject_network_info): 200 GET http://10.180.1.21/compute/v2.1/servers/54077f0d-3e5c-4aa3-98f0-2434c168ce06 0.102s
2025-02-19 14:49:23.354 63056 INFO tempest.lib.common.rest_client [req-3158d83c-8e75-4c49-a553-569d2aaab336 req-3158d83c-8e75-4c49-a553-569d2aaab336 ] Request (ImagesTestJSON:test_create_image_from_suspended_server): 200 GET http://10.180.1.21/compute/v2.1/servers/b18e9c0e-e6b8-46f6-ac8b-8003ee9121fb 0.100s
2025-02-19 14:49:23.488 63014 INFO tempest.lib.common.rest_client [req-b1b969e9-e2df-4c34-af0f-bf781bd49d5d req-b1b969e9-e2df-4c34-af0f-bf781bd49d5d ] Request (ListServersNegativeTestJSON:setUpClass): 200 GET http://10.180.1.21/compute/v2.1/servers/97740935-a6d9-403a-8c2f-45350389c0e1 0.059s
2025-02-19 14:49:23.497 63042 INFO tempest.lib.common.rest_client [req-5b68530d-4679-45cb-82bd-52dc9f234978 req-5b68530d-4679-45cb-82bd-52dc9f234978 ] Request (ServersNegativeTestMultiTenantJSON:setUpClass): 200 GET http://10.180.1.21/compute/v2.1/servers/fd23c82e-4955-4be3-b034-5400270a19a3 0.048s
2025-02-19 14:49:23.544 62996 INFO tempest.lib.common.rest_client [req-43677a2d-afab-4e14-97f3-642a8fb7ad39 req-43677a2d-afab-4e14-97f3-642a8fb7ad39 ] Request (FloatingIPsAssociationNegativeTestJSON:setUpClass): 200 GET http://10.180.1.21/compute/v2.1/servers/c6d9a643-9909-4127-a49e-24c49d4eccfd 0.047s
2025-02-19 14:49:23.633 63000 INFO tempest.lib.common.rest_client [req-0a609f88-8f6f-4feb-87ac-6eca211c2ef6 req-0a609f88-8f6f-4feb-87ac-6eca211c2ef6 ] Request (MigrationsAdminTest:test_resize_server_revert_deleted_flavor): 200 GET http://10.180.1.21/compute/v2.1/servers/1b9677be-196b-403a-8d79-7b7c694046eb 0.077s
2025-02-19 14:49:23.668 63040 INFO tempest.lib.common.rest_client [req-4e81ec7f-2f6d-484f-becf-562cf9f1ab54 req-4e81ec7f-2f6d-484f-becf-562cf9f1ab54 ] Request (ServerActionsTestJSON:setUpClass): 200 GET http://10.180.1.21/compute/v2.1/servers/496adcc8-14d1-4dc5-96c4-d6547e4b51e0 0.066s
2025-02-19 14:49:23.675 63040 INFO tempest.common.waiters [-] State transition "BUILD/None" ==> "BUILD/networking" after 63 second wait
2025-02-19 14:49:23.748 63024 INFO tempest.lib.common.rest_client [req-fabe5d73-2cbb-4232-8209-0178ff4b2524 req-fabe5d73-2cbb-4232-8209-0178ff4b2524 ] Request (ListServerFiltersTestJSON:tearDownClass): 200 GET http://10.180.1.21/compute/v2.1/servers/fc58a6a3-d047-49a3-b758-0f191dd23c47 0.068s
2025-02-19 14:49:23.778 63010 INFO tempest.lib.common.rest_client [req-6cf14a80-2bb9-4437-86ea-0f9e1fd2bbb1 req-6cf14a80-2bb9-4437-86ea-0f9e1fd2bbb1 ] Request (ServerRescueNegativeTestJSON:setUpClass): 200 GET http://10.180.1.21/compute/v2.1/servers/9043970b-25b2-4989-baea-3cfeb11bec5d 0.056s
2025-02-19 14:49:23.864 63031 INFO tempest.lib.common.rest_client [req-1510472d-efa8-47d0-bd34-300f7da74f41 req-1510472d-efa8-47d0-bd34-300f7da74f41 ] Request (InstanceActionsV221TestJSON:test_get_list_deleted_instance_actions): 200 GET http://10.180.1.21/compute/v2.1/servers/6d687f06-5b33-4c65-b469-8c7c02d8a52c 0.067s
2025-02-19 14:49:23.903 63026 INFO tempest.lib.common.rest_client [req-529dfdcd-5ec3-4ec0-817e-dfadf76adcb6 req-529dfdcd-5ec3-4ec0-817e-dfadf76adcb6 ] Request (ServerPasswordTestJSON:setUpClass): 200 GET http://10.180.1.21/compute/v2.1/servers/3364dc58-416c-42da-8157-6efdb65e0e89 0.054s
2025-02-19 14:49:24.003 63036 INFO tempest.lib.common.rest_client [req-53dcf254-0964-46fa-9d0d-834eca0b59e5 req-53dcf254-0964-46fa-9d0d-834eca0b59e5 ] Request (ImagesOneServerNegativeTestJSON:_run_cleanups): 200 GET http://10.180.1.21/compute/v2.1/servers/2169f132-7866-48a6-b419-37e64987f068 0.075s
2025-02-19 14:49:24.141 63012 INFO tempest.lib.common.rest_client [req-5c276096-b7c0-4fc2-b45a-57036004f669 req-5c276096-b7c0-4fc2-b45a-57036004f669 ] Request (AttachInterfacesTestJSON:test_create_list_show_delete_interfaces_by_fixed_ip): 200 GET http://10.180.1.21/compute/v2.1/servers/51bce6bc-d67b-40e2-8507-e46b368837eb 0.065s
2025-02-19 14:49:24.192 63052 INFO tempest.lib.common.rest_client [req-451baa59-6cbd-4e69-abda-76b517d2330e req-451baa59-6cbd-4e69-abda-76b517d2330e ] Request (SecurityGroupsTestJSON:test_server_security_groups): 200 GET http://10.180.1.21/compute/v2.1/servers/20a8a0f2-b24c-4097-b231-ef82b86bdda5 0.061s
2025-02-19 14:49:24.249 63034 INFO tempest.lib.common.rest_client [req-b7f51fa0-29a8-443f-afd0-fb0e76efd3bd req-b7f51fa0-29a8-443f-afd0-fb0e76efd3bd ] Request (DeleteServersTestJSON:test_delete_server_while_in_attached_volume): 200 GET http://10.180.1.21/compute/v2.1/servers/b5615d78-eee6-4e84-b5f2-d9ab6ca66e1e 0.072s
2025-02-19 14:49:24.298 63006 INFO tempest.lib.common.rest_client [req-9912ab3f-7a2a-4561-874a-fcf74d6b4e63 req-9912ab3f-7a2a-4561-874a-fcf74d6b4e63 ] Request (ServerExternalEventsTest:test_create_server_external_events): 200 GET http://10.180.1.21/compute/v2.1/servers/34705cc3-12ff-496f-a5ae-7db685ab7d42 0.116s
2025-02-19 14:49:24.343 63044 INFO tempest.lib.common.rest_client [req-c37005f5-de3d-4206-8eae-03c3b7a845f0 req-c37005f5-de3d-4206-8eae-03c3b7a845f0 ] Request (ServerActionsTestOtherB:setUpClass): 200 GET http://10.180.1.21/compute/v2.1/servers/47a2f884-e89a-4114-ad54-a94ba493d07f 0.118s
2025-02-19 14:49:24.387 63008 INFO tempest.lib.common.rest_client [req-ebeeb643-620d-4050-aeaa-760fcc9eee84 req-ebeeb643-620d-4050-aeaa-760fcc9eee84 ] Request (ServersTestMultiNic:test_verify_duplicate_network_nics): 200 GET http://10.180.1.21/compute/v2.1/servers/e3b8ed45-0638-4f75-9c6f-c984702e660b 0.262s
2025-02-19 14:49:24.401 63022 INFO tempest.lib.common.rest_client [req-b8c691e1-eb26-4e7d-9d2a-8ee73476722f req-b8c691e1-eb26-4e7d-9d2a-8ee73476722f ] Request (ServersAdminNegativeTestJSON:tearDownClass): 200 GET http://10.180.1.21/compute/v2.1/servers/2d550d8e-b282-4817-b754-f5d390df6aa9 0.173s
2025-02-19 14:49:24.423 63038 INFO tempest.lib.common.rest_client [req-612bd9a9-0b79-4740-965f-68d4326f5597 req-612bd9a9-0b79-4740-965f-68d4326f5597 ] Request (ListImageFiltersTestJSON:setUpClass): 200 GET http://10.180.1.21/compute/v2.1/images/4738f0f1-668b-4c2f-8e0b-07eb990eeeb1 0.167s
2025-02-19 14:49:24.457 63020 INFO tempest.lib.common.rest_client [req-01faa797-9f31-4ce5-a2d5-cd7404d69d80 req-01faa797-9f31-4ce5-a2d5-cd7404d69d80 ] Request (ServerActionsV293TestJSON:setUpClass): 200 GET http://10.180.1.21/compute/v2.1/servers/5ff00e5a-676c-4d56-968e-1fb8866f79ac 0.168s
2025-02-19 14:49:24.475 63016 INFO tempest.lib.common.rest_client [req-e34e72d8-9c67-4836-9439-cf0d51272a67 req-e34e72d8-9c67-4836-9439-cf0d51272a67 ] Request (MultipleCreateTestJSON:test_multiple_create): 200 GET http://10.180.1.21/compute/v2.1/servers/a802376d-992a-4976-a6ec-6de8c467e7c6 0.159s
2025-02-19 14:49:24.510 63054 INFO tempest.lib.common.rest_client [req-d057dcda-3920-4656-a9c3-dfcb636de7b4 req-d057dcda-3920-4656-a9c3-dfcb636de7b4 ] Request (ServersAdminTestJSON:test_inject_network_info): 200 GET http://10.180.1.21/compute/v2.1/servers/54077f0d-3e5c-4aa3-98f0-2434c168ce06 0.182s
2025-02-19 14:49:24.526 63056 INFO tempest.lib.common.rest_client [req-7a2e0cd0-455c-4524-9994-87da63ce758e req-7a2e0cd0-455c-4524-9994-87da63ce758e ] Request (ImagesTestJSON:test_create_image_from_suspended_server): 200 GET http://10.180.1.21/compute/v2.1/servers/b18e9c0e-e6b8-46f6-ac8b-8003ee9121fb 0.164s
2025-02-19 14:49:24.569 63014 INFO tempest.lib.common.rest_client [req-f288a012-4d87-4c0f-a5ff-5eb3bad41708 req-f288a012-4d87-4c0f-a5ff-5eb3bad41708 ] Request (ListServersNegativeTestJSON:setUpClass): 200 GET http://10.180.1.21/compute/v2.1/servers/97740935-a6d9-403a-8c2f-45350389c0e1 0.073s
2025-02-19 14:49:24.576 63042 INFO tempest.lib.common.rest_client [req-223a4f2c-629d-4410-9686-1b1cbe762221 req-223a4f2c-629d-4410-9686-1b1cbe762221 ] Request (ServersNegativeTestMultiTenantJSON:setUpClass): 200 GET http://10.180.1.21/compute/v2.1/servers/fd23c82e-4955-4be3-b034-5400270a19a3 0.070s
2025-02-19 14:49:24.629 62996 INFO tempest.lib.common.rest_client [req-5b111ddb-882e-4cba-8d7f-6c4907c9246b req-5b111ddb-882e-4cba-8d7f-6c4907c9246b ] Request (FloatingIPsAssociationNegativeTestJSON:setUpClass): 200 GET http://10.180.1.21/compute/v2.1/servers/c6d9a643-9909-4127-a49e-24c49d4eccfd 0.078s
2025-02-19 14:49:24.692 63000 INFO tempest.lib.common.rest_client [req-d420c443-6ca7-4246-b727-e4f0c697caa6 req-d420c443-6ca7-4246-b727-e4f0c697caa6 ] Request (MigrationsAdminTest:test_resize_server_revert_deleted_flavor): 200 GET http://10.180.1.21/compute/v2.1/servers/1b9677be-196b-403a-8d79-7b7c694046eb 0.051s
2025-02-19 14:49:24.802 63040 INFO tempest.lib.common.rest_client [req-88ad173c-bd3f-4f0e-b758-44458440b031 req-88ad173c-bd3f-4f0e-b758-44458440b031 ] Request (ServerActionsTestJSON:setUpClass): 200 GET http://10.180.1.21/compute/v2.1/servers/496adcc8-14d1-4dc5-96c4-d6547e4b51e0 0.126s
2025-02-19 14:49:24.809 63040 INFO tempest.common.waiters [-] State transition "BUILD/networking" ==> "BUILD/spawning" after 64 second wait
2025-02-19 14:49:24.818 63024 INFO tempest.lib.common.rest_client [req-d026f9d5-b51d-4868-8270-21a018be301c req-d026f9d5-b51d-4868-8270-21a018be301c ] Request (ListServerFiltersTestJSON:tearDownClass): 200 GET http://10.180.1.21/compute/v2.1/servers/fc58a6a3-d047-49a3-b758-0f191dd23c47 0.063s
2025-02-19 14:49:24.846 63010 INFO tempest.lib.common.rest_client [req-a95014e1-d72a-401e-96e0-cf56a27c3988 req-a95014e1-d72a-401e-96e0-cf56a27c3988 ] Request (ServerRescueNegativeTestJSON:setUpClass): 200 GET http://10.180.1.21/compute/v2.1/servers/9043970b-25b2-4989-baea-3cfeb11bec5d 0.058s
2025-02-19 14:49:24.865 63046 WARNING tempest.lib.common.ssh [-] Failed to establish authenticated ssh connection to cirros@10.180.180.183 ([Errno None] Unable to connect to port 22 on 10.180.180.183). Number attempts: 3. Retry after 4 seconds.: paramiko.ssh_exception.NoValidConnectionsError: [Errno None] Unable to connect to port 22 on 10.180.180.183
2025-02-19 14:49:24.924 63031 INFO tempest.lib.common.rest_client [req-b3325f40-816e-425c-a8f3-b8e7e62eca59 req-b3325f40-816e-425c-a8f3-b8e7e62eca59 ] Request (InstanceActionsV221TestJSON:test_get_list_deleted_instance_actions): 200 GET http://10.180.1.21/compute/v2.1/servers/6d687f06-5b33-4c65-b469-8c7c02d8a52c 0.049s
2025-02-19 14:49:24.959 63026 INFO tempest.lib.common.rest_client [req-7c3843c6-bde3-4d67-8d02-7612ad2959fb req-7c3843c6-bde3-4d67-8d02-7612ad2959fb ] Request (ServerPasswordTestJSON:setUpClass): 200 GET http://10.180.1.21/compute/v2.1/servers/3364dc58-416c-42da-8157-6efdb65e0e89 0.048s
2025-02-19 14:49:24.993 63004 WARNING tempest.lib.common.ssh [-] Failed to establish authenticated ssh connection to cirros@10.180.180.213 ([Errno None] Unable to connect to port 22 on 10.180.180.213). Number attempts: 10. Retry after 11 seconds.: paramiko.ssh_exception.NoValidConnectionsError: [Errno None] Unable to connect to port 22 on 10.180.180.213
2025-02-19 14:49:24.993 63050 WARNING tempest.lib.common.ssh [-] Failed to establish authenticated ssh connection to cirros@10.180.180.140 ([Errno None] Unable to connect to port 22 on 10.180.180.140). Number attempts: 8. Retry after 9 seconds.: paramiko.ssh_exception.NoValidConnectionsError: [Errno None] Unable to connect to port 22 on 10.180.180.140
2025-02-19 14:49:25.064 63036 INFO tempest.lib.common.rest_client [req-edba4cfe-7453-4683-9661-48f627b381d5 req-edba4cfe-7453-4683-9661-48f627b381d5 ] Request (ImagesOneServerNegativeTestJSON:_run_cleanups): 200 GET http://10.180.1.21/compute/v2.1/servers/2169f132-7866-48a6-b419-37e64987f068 0.051s
2025-02-19 14:49:25.209 63012 INFO tempest.lib.common.rest_client [req-299e53c5-fc17-40a4-b51f-50420ad3578b req-299e53c5-fc17-40a4-b51f-50420ad3578b ] Request (AttachInterfacesTestJSON:test_create_list_show_delete_interfaces_by_fixed_ip): 200 GET http://10.180.1.21/compute/v2.1/servers/51bce6bc-d67b-40e2-8507-e46b368837eb 0.060s
2025-02-19 14:49:25.254 63052 INFO tempest.lib.common.rest_client [req-cf09bbd8-7a78-40f7-b92d-e69ece908782 req-cf09bbd8-7a78-40f7-b92d-e69ece908782 ] Request (SecurityGroupsTestJSON:test_server_security_groups): 200 GET http://10.180.1.21/compute/v2.1/servers/20a8a0f2-b24c-4097-b231-ef82b86bdda5 0.049s
2025-02-19 14:49:25.311 63034 INFO tempest.lib.common.rest_client [req-466dfe20-2938-4962-affd-6c99249f4ddf req-466dfe20-2938-4962-affd-6c99249f4ddf ] Request (DeleteServersTestJSON:test_delete_server_while_in_attached_volume): 200 GET http://10.180.1.21/compute/v2.1/servers/b5615d78-eee6-4e84-b5f2-d9ab6ca66e1e 0.053s
2025-02-19 14:49:25.357 63006 INFO tempest.lib.common.rest_client [req-f160160e-7680-44af-97d5-4b19d0ff3c20 req-f160160e-7680-44af-97d5-4b19d0ff3c20 ] Request (ServerExternalEventsTest:test_create_server_external_events): 200 GET http://10.180.1.21/compute/v2.1/servers/34705cc3-12ff-496f-a5ae-7db685ab7d42 0.049s
2025-02-19 14:49:25.406 63044 INFO tempest.lib.common.rest_client [req-6744ef62-d228-441b-8b20-39aff7683794 req-6744ef62-d228-441b-8b20-39aff7683794 ] Request (ServerActionsTestOtherB:setUpClass): 200 GET http://10.180.1.21/compute/v2.1/servers/47a2f884-e89a-4114-ad54-a94ba493d07f 0.055s
2025-02-19 14:49:25.469 63022 INFO tempest.lib.common.rest_client [req-1fced85b-ab5d-444f-b55d-e7dbb823d8ce req-1fced85b-ab5d-444f-b55d-e7dbb823d8ce ] Request (ServersAdminNegativeTestJSON:tearDownClass): 200 GET http://10.180.1.21/compute/v2.1/servers/2d550d8e-b282-4817-b754-f5d390df6aa9 0.056s
2025-02-19 14:49:25.499 63038 INFO tempest.lib.common.rest_client [req-7f7aa1c1-a99f-4f41-a4f8-59dde58a4d75 req-7f7aa1c1-a99f-4f41-a4f8-59dde58a4d75 ] Request (ListImageFiltersTestJSON:setUpClass): 200 GET http://10.180.1.21/compute/v2.1/images/4738f0f1-668b-4c2f-8e0b-07eb990eeeb1 0.071s
2025-02-19 14:49:25.555 63008 INFO tempest.lib.common.rest_client [req-a2142a8e-6a3c-4bde-a8d1-95c0954d8c1f req-a2142a8e-6a3c-4bde-a8d1-95c0954d8c1f ] Request (ServersTestMultiNic:test_verify_duplicate_network_nics): 200 GET http://10.180.1.21/compute/v2.1/servers/e3b8ed45-0638-4f75-9c6f-c984702e660b 0.156s
2025-02-19 14:49:25.566 63020 INFO tempest.lib.common.rest_client [req-c1e2ce15-f898-42e8-98e4-6d2c634d14b7 req-c1e2ce15-f898-42e8-98e4-6d2c634d14b7 ] Request (ServerActionsV293TestJSON:setUpClass): 200 GET http://10.180.1.21/compute/v2.1/servers/5ff00e5a-676c-4d56-968e-1fb8866f79ac 0.097s
2025-02-19 14:49:25.616 63016 INFO tempest.lib.common.rest_client [req-5c062eca-dde2-47f9-a9a2-0318f39da826 req-5c062eca-dde2-47f9-a9a2-0318f39da826 ] Request (MultipleCreateTestJSON:test_multiple_create): 200 GET http://10.180.1.21/compute/v2.1/servers/a802376d-992a-4976-a6ec-6de8c467e7c6 0.133s
2025-02-19 14:49:25.627 63054 INFO tempest.lib.common.rest_client [req-0f6dcde6-5c08-4516-8988-19d061410a95 req-0f6dcde6-5c08-4516-8988-19d061410a95 ] Request (ServersAdminTestJSON:test_inject_network_info): 200 GET http://10.180.1.21/compute/v2.1/servers/54077f0d-3e5c-4aa3-98f0-2434c168ce06 0.109s
2025-02-19 14:49:25.675 63056 INFO tempest.lib.common.rest_client [req-6034c484-1458-43f0-8fdc-df645cd75cbf req-6034c484-1458-43f0-8fdc-df645cd75cbf ] Request (ImagesTestJSON:test_create_image_from_suspended_server): 200 GET http://10.180.1.21/compute/v2.1/servers/b18e9c0e-e6b8-46f6-ac8b-8003ee9121fb 0.138s
2025-02-19 14:49:25.715 63014 INFO tempest.lib.common.rest_client [req-c2341821-ff8f-45aa-9ef8-a56f08068bd8 req-c2341821-ff8f-45aa-9ef8-a56f08068bd8 ] Request (ListServersNegativeTestJSON:setUpClass): 200 GET http://10.180.1.21/compute/v2.1/servers/97740935-a6d9-403a-8c2f-45350389c0e1 0.137s
2025-02-19 14:49:25.736 63042 INFO tempest.lib.common.rest_client [req-edf58f20-9159-442f-86fe-ace2327a7bf2 req-edf58f20-9159-442f-86fe-ace2327a7bf2 ] Request (ServersNegativeTestMultiTenantJSON:setUpClass): 200 GET http://10.180.1.21/compute/v2.1/servers/fd23c82e-4955-4be3-b034-5400270a19a3 0.152s
2025-02-19 14:49:25.779 62996 INFO tempest.lib.common.rest_client [req-f50e295b-527d-4544-aa73-51175401da7e req-f50e295b-527d-4544-aa73-51175401da7e ] Request (FloatingIPsAssociationNegativeTestJSON:setUpClass): 200 GET http://10.180.1.21/compute/v2.1/servers/c6d9a643-9909-4127-a49e-24c49d4eccfd 0.140s
2025-02-19 14:49:25.795 63000 INFO tempest.lib.common.rest_client [req-1b5a008e-db61-4a8b-ae96-960dc40e7d87 req-1b5a008e-db61-4a8b-ae96-960dc40e7d87 ] Request (MigrationsAdminTest:test_resize_server_revert_deleted_flavor): 200 GET http://10.180.1.21/compute/v2.1/servers/1b9677be-196b-403a-8d79-7b7c694046eb 0.094s
2025-02-19 14:49:25.848 63024 INFO tempest.lib.common.rest_client [req-dae18c93-7326-49bd-9b91-6d28082b0b9b req-dae18c93-7326-49bd-9b91-6d28082b0b9b ] Request (ListServerFiltersTestJSON:tearDownClass): 404 GET http://10.180.1.21/compute/v2.1/servers/fc58a6a3-d047-49a3-b758-0f191dd23c47 0.023s
2025-02-19 14:49:25.929 63040 INFO tempest.lib.common.rest_client [req-b306f2bd-18f6-41d9-8ebc-cf1630e42212 req-b306f2bd-18f6-41d9-8ebc-cf1630e42212 ] Request (ServerActionsTestJSON:setUpClass): 200 GET http://10.180.1.21/compute/v2.1/servers/496adcc8-14d1-4dc5-96c4-d6547e4b51e0 0.118s
2025-02-19 14:49:25.941 63024 INFO tempest.lib.common.rest_client [req-9b50e319-c8f0-4754-8a1e-c9ef0611c306 req-9b50e319-c8f0-4754-8a1e-c9ef0611c306 ] Request (ListServerFiltersTestJSON:tearDownClass): 204 DELETE http://10.180.1.21/compute/v2.1/servers/9734221b-8ec6-4c04-bafc-d15dab9e1bc5 0.092s
2025-02-19 14:49:25.980 63010 INFO tempest.lib.common.rest_client [req-9e3d5eb2-c0e4-425d-88dd-9bffe1c9d44b req-9e3d5eb2-c0e4-425d-88dd-9bffe1c9d44b ] Request (ServerRescueNegativeTestJSON:setUpClass): 200 GET http://10.180.1.21/compute/v2.1/servers/9043970b-25b2-4989-baea-3cfeb11bec5d 0.127s
2025-02-19 14:49:25.990 63031 INFO tempest.lib.common.rest_client [req-a87444e6-0a05-4149-8589-e6c453ecb4ff req-a87444e6-0a05-4149-8589-e6c453ecb4ff ] Request (InstanceActionsV221TestJSON:test_get_list_deleted_instance_actions): 200 GET http://10.180.1.21/compute/v2.1/servers/6d687f06-5b33-4c65-b469-8c7c02d8a52c 0.057s
2025-02-19 14:49:26.036 63026 INFO tempest.lib.common.rest_client [req-840179b2-21bb-4ca2-a09b-e847ede0af31 req-840179b2-21bb-4ca2-a09b-e847ede0af31 ] Request (ServerPasswordTestJSON:setUpClass): 200 GET http://10.180.1.21/compute/v2.1/servers/3364dc58-416c-42da-8157-6efdb65e0e89 0.070s
2025-02-19 14:49:26.096 63024 INFO tempest.lib.common.rest_client [req-f53017c3-7076-4866-b7b1-b913fd6897ab req-f53017c3-7076-4866-b7b1-b913fd6897ab ] Request (ListServerFiltersTestJSON:tearDownClass): 200 GET http://10.180.1.21/compute/v2.1/servers/9734221b-8ec6-4c04-bafc-d15dab9e1bc5 0.155s
2025-02-19 14:49:26.125 63036 INFO tempest.lib.common.rest_client [req-a067a90b-2b5d-4a3d-88e3-16283c2ae7b2 req-a067a90b-2b5d-4a3d-88e3-16283c2ae7b2 ] Request (ImagesOneServerNegativeTestJSON:_run_cleanups): 200 GET http://10.180.1.21/compute/v2.1/servers/2169f132-7866-48a6-b419-37e64987f068 0.054s
2025-02-19 14:49:26.267 63012 INFO tempest.lib.common.rest_client [req-01f2c4a1-70d9-498f-8292-c8ec448efd1c req-01f2c4a1-70d9-498f-8292-c8ec448efd1c ] Request (AttachInterfacesTestJSON:test_create_list_show_delete_interfaces_by_fixed_ip): 200 GET http://10.180.1.21/compute/v2.1/servers/51bce6bc-d67b-40e2-8507-e46b368837eb 0.049s
2025-02-19 14:49:26.313 63052 INFO tempest.lib.common.rest_client [req-a5610c49-7413-426b-8f3f-33491ed8eaee req-a5610c49-7413-426b-8f3f-33491ed8eaee ] Request (SecurityGroupsTestJSON:test_server_security_groups): 200 GET http://10.180.1.21/compute/v2.1/servers/20a8a0f2-b24c-4097-b231-ef82b86bdda5 0.052s
2025-02-19 14:49:26.372 63034 INFO tempest.lib.common.rest_client [req-a5734fe5-46e4-4ad0-8f64-54f09abeb810 req-a5734fe5-46e4-4ad0-8f64-54f09abeb810 ] Request (DeleteServersTestJSON:test_delete_server_while_in_attached_volume): 200 GET http://10.180.1.21/compute/v2.1/servers/b5615d78-eee6-4e84-b5f2-d9ab6ca66e1e 0.054s
2025-02-19 14:49:26.418 63006 INFO tempest.lib.common.rest_client [req-124be962-6c9e-4450-a6e1-14d1b35b5706 req-124be962-6c9e-4450-a6e1-14d1b35b5706 ] Request (ServerExternalEventsTest:test_create_server_external_events): 200 GET http://10.180.1.21/compute/v2.1/servers/34705cc3-12ff-496f-a5ae-7db685ab7d42 0.052s
2025-02-19 14:49:26.464 63044 INFO tempest.lib.common.rest_client [req-6baf94da-7b6e-43ab-805a-93c7ea87ae2d req-6baf94da-7b6e-43ab-805a-93c7ea87ae2d ] Request (ServerActionsTestOtherB:setUpClass): 200 GET http://10.180.1.21/compute/v2.1/servers/47a2f884-e89a-4114-ad54-a94ba493d07f 0.050s
2025-02-19 14:49:26.540 63022 INFO tempest.lib.common.rest_client [req-eb926851-bd44-4e5f-bb61-534230afa758 req-eb926851-bd44-4e5f-bb61-534230afa758 ] Request (ServersAdminNegativeTestJSON:tearDownClass): 200 GET http://10.180.1.21/compute/v2.1/servers/2d550d8e-b282-4817-b754-f5d390df6aa9 0.062s
2025-02-19 14:49:26.541 63038 INFO tempest.lib.common.rest_client [req-79f4b76e-938c-406b-89a7-fd83bb5cd6fb req-79f4b76e-938c-406b-89a7-fd83bb5cd6fb ] Request (ListImageFiltersTestJSON:setUpClass): 200 GET http://10.180.1.21/compute/v2.1/images/4738f0f1-668b-4c2f-8e0b-07eb990eeeb1 0.037s
2025-02-19 14:49:26.637 63020 INFO tempest.lib.common.rest_client [req-eebdac38-e0cb-4ff5-9b1e-f3502cf58642 req-eebdac38-e0cb-4ff5-9b1e-f3502cf58642 ] Request (ServerActionsV293TestJSON:setUpClass): 200 GET http://10.180.1.21/compute/v2.1/servers/5ff00e5a-676c-4d56-968e-1fb8866f79ac 0.059s
2025-02-19 14:49:26.663 63008 INFO tempest.lib.common.rest_client [req-b380cc1a-a4dc-4d0e-8b92-1642350acd54 req-b380cc1a-a4dc-4d0e-8b92-1642350acd54 ] Request (ServersTestMultiNic:test_verify_duplicate_network_nics): 200 GET http://10.180.1.21/compute/v2.1/servers/e3b8ed45-0638-4f75-9c6f-c984702e660b 0.100s
2025-02-19 14:49:26.687 63016 INFO tempest.lib.common.rest_client [req-b39246bc-a788-40be-ad79-48af54af9662 req-b39246bc-a788-40be-ad79-48af54af9662 ] Request (MultipleCreateTestJSON:test_multiple_create): 200 GET http://10.180.1.21/compute/v2.1/servers/a802376d-992a-4976-a6ec-6de8c467e7c6 0.062s
2025-02-19 14:49:26.712 63054 INFO tempest.lib.common.rest_client [req-0cdf1a60-ed04-4b7f-b964-7f709f696657 req-0cdf1a60-ed04-4b7f-b964-7f709f696657 ] Request (ServersAdminTestJSON:test_inject_network_info): 200 GET http://10.180.1.21/compute/v2.1/servers/54077f0d-3e5c-4aa3-98f0-2434c168ce06 0.077s
2025-02-19 14:49:26.736 63056 INFO tempest.lib.common.rest_client [req-cc3babb0-1ea4-401d-a87f-f38c321f5919 req-cc3babb0-1ea4-401d-a87f-f38c321f5919 ] Request (ImagesTestJSON:test_create_image_from_suspended_server): 200 GET http://10.180.1.21/compute/v2.1/servers/b18e9c0e-e6b8-46f6-ac8b-8003ee9121fb 0.053s
2025-02-19 14:49:26.785 63014 INFO tempest.lib.common.rest_client [req-96e7fcc1-f913-4fe8-8cec-76d144844909 req-96e7fcc1-f913-4fe8-8cec-76d144844909 ] Request (ListServersNegativeTestJSON:setUpClass): 200 GET http://10.180.1.21/compute/v2.1/servers/97740935-a6d9-403a-8c2f-45350389c0e1 0.055s
2025-02-19 14:49:26.795 63042 INFO tempest.lib.common.rest_client [req-e551acf4-3373-4d18-99fa-4431a9e133c9 req-e551acf4-3373-4d18-99fa-4431a9e133c9 ] Request (ServersNegativeTestMultiTenantJSON:setUpClass): 200 GET http://10.180.1.21/compute/v2.1/servers/fd23c82e-4955-4be3-b034-5400270a19a3 0.047s
2025-02-19 14:49:26.837 62996 INFO tempest.lib.common.rest_client [req-58db838c-cda1-42c5-ae3f-1cf60ae66f99 req-58db838c-cda1-42c5-ae3f-1cf60ae66f99 ] Request (FloatingIPsAssociationNegativeTestJSON:setUpClass): 200 GET http://10.180.1.21/compute/v2.1/servers/c6d9a643-9909-4127-a49e-24c49d4eccfd 0.050s
2025-02-19 14:49:26.863 63000 INFO tempest.lib.common.rest_client [req-c9b4a049-8f1a-40ba-be04-9e460d39f9e5 req-c9b4a049-8f1a-40ba-be04-9e460d39f9e5 ] Request (MigrationsAdminTest:test_resize_server_revert_deleted_flavor): 200 GET http://10.180.1.21/compute/v2.1/servers/1b9677be-196b-403a-8d79-7b7c694046eb 0.061s
2025-02-19 14:49:26.977 63002 WARNING tempest.lib.common.ssh [-] Failed to establish authenticated ssh connection to cirros@10.180.180.246 ([Errno None] Unable to connect to port 22 on 10.180.180.246). Number attempts: 6. Retry after 7 seconds.: paramiko.ssh_exception.NoValidConnectionsError: [Errno None] Unable to connect to port 22 on 10.180.180.246
2025-02-19 14:49:27.041 63040 INFO tempest.lib.common.rest_client [req-032b2a49-aca2-4e2d-8a51-359d48c3e833 req-032b2a49-aca2-4e2d-8a51-359d48c3e833 ] Request (ServerActionsTestJSON:setUpClass): 200 GET http://10.180.1.21/compute/v2.1/servers/496adcc8-14d1-4dc5-96c4-d6547e4b51e0 0.102s
2025-02-19 14:49:27.074 63010 INFO tempest.lib.common.rest_client [req-0f090ec4-e2fb-4efa-8b76-8dfac99754c0 req-0f090ec4-e2fb-4efa-8b76-8dfac99754c0 ] Request (ServerRescueNegativeTestJSON:setUpClass): 200 GET http://10.180.1.21/compute/v2.1/servers/9043970b-25b2-4989-baea-3cfeb11bec5d 0.085s
2025-02-19 14:49:27.167 63026 INFO tempest.lib.common.rest_client [req-bbbeefbb-1be7-4b3c-8894-ea0c5090904d req-bbbeefbb-1be7-4b3c-8894-ea0c5090904d ] Request (ServerPasswordTestJSON:setUpClass): 200 GET http://10.180.1.21/compute/v2.1/servers/3364dc58-416c-42da-8157-6efdb65e0e89 0.122s
2025-02-19 14:49:27.320 63024 INFO tempest.lib.common.rest_client [req-bcda2f9a-4f02-4d5a-98bd-563465159c16 req-bcda2f9a-4f02-4d5a-98bd-563465159c16 ] Request (ListServerFiltersTestJSON:tearDownClass): 200 GET http://10.180.1.21/compute/v2.1/servers/9734221b-8ec6-4c04-bafc-d15dab9e1bc5 0.215s
2025-02-19 14:49:27.322 63031 INFO tempest.lib.common.rest_client [req-8731f273-b03c-4feb-8046-144a2c5388a8 req-8731f273-b03c-4feb-8046-144a2c5388a8 ] Request (InstanceActionsV221TestJSON:test_get_list_deleted_instance_actions): 200 GET http://10.180.1.21/compute/v2.1/servers/6d687f06-5b33-4c65-b469-8c7c02d8a52c 0.323s
2025-02-19 14:49:27.380 63012 INFO tempest.lib.common.rest_client [req-8b1d6206-b694-4fd9-949d-f80377d3683b req-8b1d6206-b694-4fd9-949d-f80377d3683b ] Request (AttachInterfacesTestJSON:test_create_list_show_delete_interfaces_by_fixed_ip): 200 GET http://10.180.1.21/compute/v2.1/servers/51bce6bc-d67b-40e2-8507-e46b368837eb 0.105s
2025-02-19 14:49:27.403 63036 INFO tempest.lib.common.rest_client [req-ed5bd419-94f8-40e2-a0a1-2924972fdc0e req-ed5bd419-94f8-40e2-a0a1-2924972fdc0e ] Request (ImagesOneServerNegativeTestJSON:_run_cleanups): 200 GET http://10.180.1.21/compute/v2.1/servers/2169f132-7866-48a6-b419-37e64987f068 0.270s
2025-02-19 14:49:27.437 63052 INFO tempest.lib.common.rest_client [req-5c99a09a-f865-4e5b-870c-c31d324443e4 req-5c99a09a-f865-4e5b-870c-c31d324443e4 ] Request (SecurityGroupsTestJSON:test_server_security_groups): 200 GET http://10.180.1.21/compute/v2.1/servers/20a8a0f2-b24c-4097-b231-ef82b86bdda5 0.116s
2025-02-19 14:49:27.467 63034 INFO tempest.lib.common.rest_client [req-b22a058a-cc2a-4507-8865-b23d397f7074 req-b22a058a-cc2a-4507-8865-b23d397f7074 ] Request (DeleteServersTestJSON:test_delete_server_while_in_attached_volume): 200 GET http://10.180.1.21/compute/v2.1/servers/b5615d78-eee6-4e84-b5f2-d9ab6ca66e1e 0.086s
2025-02-19 14:49:27.487 63006 INFO tempest.lib.common.rest_client [req-af5fca80-25d2-4b91-bfc4-d27a7555c055 req-af5fca80-25d2-4b91-bfc4-d27a7555c055 ] Request (ServerExternalEventsTest:test_create_server_external_events): 200 GET http://10.180.1.21/compute/v2.1/servers/34705cc3-12ff-496f-a5ae-7db685ab7d42 0.060s
2025-02-19 14:49:27.534 63044 INFO tempest.lib.common.rest_client [req-484aae3d-1bfb-4d3b-8ec4-3b41cc8573da req-484aae3d-1bfb-4d3b-8ec4-3b41cc8573da ] Request (ServerActionsTestOtherB:setUpClass): 200 GET http://10.180.1.21/compute/v2.1/servers/47a2f884-e89a-4114-ad54-a94ba493d07f 0.063s
2025-02-19 14:49:27.581 63038 INFO tempest.lib.common.rest_client [req-6520c9db-bcc5-4888-bbf7-bcab9ecfa431 req-6520c9db-bcc5-4888-bbf7-bcab9ecfa431 ] Request (ListImageFiltersTestJSON:setUpClass): 200 GET http://10.180.1.21/compute/v2.1/images/4738f0f1-668b-4c2f-8e0b-07eb990eeeb1 0.035s
2025-02-19 14:49:27.612 63022 INFO tempest.lib.common.rest_client [req-f0d71c1f-ae04-4060-95a7-a9b241f53edd req-f0d71c1f-ae04-4060-95a7-a9b241f53edd ] Request (ServersAdminNegativeTestJSON:tearDownClass): 200 GET http://10.180.1.21/compute/v2.1/servers/2d550d8e-b282-4817-b754-f5d390df6aa9 0.062s
2025-02-19 14:49:27.710 63020 INFO tempest.lib.common.rest_client [req-f562512e-9b5e-4c18-9bc2-de25b78bca78 req-f562512e-9b5e-4c18-9bc2-de25b78bca78 ] Request (ServerActionsV293TestJSON:setUpClass): 200 GET http://10.180.1.21/compute/v2.1/servers/5ff00e5a-676c-4d56-968e-1fb8866f79ac 0.063s
2025-02-19 14:49:27.760 63016 INFO tempest.lib.common.rest_client [req-b7f8e9a2-774c-42d1-9b05-92ac463dc19f req-b7f8e9a2-774c-42d1-9b05-92ac463dc19f ] Request (MultipleCreateTestJSON:test_multiple_create): 200 GET http://10.180.1.21/compute/v2.1/servers/a802376d-992a-4976-a6ec-6de8c467e7c6 0.066s
2025-02-19 14:49:27.784 63008 INFO tempest.lib.common.rest_client [req-ee99f947-4469-4b4e-aa57-2f11b62ab7ce req-ee99f947-4469-4b4e-aa57-2f11b62ab7ce ] Request (ServersTestMultiNic:test_verify_duplicate_network_nics): 200 GET http://10.180.1.21/compute/v2.1/servers/e3b8ed45-0638-4f75-9c6f-c984702e660b 0.112s
2025-02-19 14:49:27.809 63054 INFO tempest.lib.common.rest_client [req-501d0475-fc92-4fae-9b45-1dc62ee07b13 req-501d0475-fc92-4fae-9b45-1dc62ee07b13 ] Request (ServersAdminTestJSON:test_inject_network_info): 200 GET http://10.180.1.21/compute/v2.1/servers/54077f0d-3e5c-4aa3-98f0-2434c168ce06 0.090s
2025-02-19 14:49:27.832 63056 INFO tempest.lib.common.rest_client [req-e53f83b1-7023-45b7-8011-94531198230b req-e53f83b1-7023-45b7-8011-94531198230b ] Request (ImagesTestJSON:test_create_image_from_suspended_server): 200 GET http://10.180.1.21/compute/v2.1/servers/b18e9c0e-e6b8-46f6-ac8b-8003ee9121fb 0.088s
2025-02-19 14:49:27.872 63014 INFO tempest.lib.common.rest_client [req-6640d95f-e82d-4b63-8ee4-01452ee3f211 req-6640d95f-e82d-4b63-8ee4-01452ee3f211 ] Request (ListServersNegativeTestJSON:setUpClass): 200 GET http://10.180.1.21/compute/v2.1/servers/97740935-a6d9-403a-8c2f-45350389c0e1 0.080s
2025-02-19 14:49:27.882 63042 INFO tempest.lib.common.rest_client [req-bececb5c-e65e-4fdf-8275-16cdddbcf8b6 req-bececb5c-e65e-4fdf-8275-16cdddbcf8b6 ] Request (ServersNegativeTestMultiTenantJSON:setUpClass): 200 GET http://10.180.1.21/compute/v2.1/servers/fd23c82e-4955-4be3-b034-5400270a19a3 0.078s
2025-02-19 14:49:27.922 62996 INFO tempest.lib.common.rest_client [req-785c1926-68e1-4447-81af-9a415abf76dd req-785c1926-68e1-4447-81af-9a415abf76dd ] Request (FloatingIPsAssociationNegativeTestJSON:setUpClass): 200 GET http://10.180.1.21/compute/v2.1/servers/c6d9a643-9909-4127-a49e-24c49d4eccfd 0.077s
2025-02-19 14:49:27.938 63000 INFO tempest.lib.common.rest_client [req-bb143eca-38f7-4d79-b1fa-7dbe737e01a6 req-bb143eca-38f7-4d79-b1fa-7dbe737e01a6 ] Request (MigrationsAdminTest:test_resize_server_revert_deleted_flavor): 200 GET http://10.180.1.21/compute/v2.1/servers/1b9677be-196b-403a-8d79-7b7c694046eb 0.067s
2025-02-19 14:49:28.150 63010 INFO tempest.lib.common.rest_client [req-217df742-9b88-473b-947a-386a513c220a req-217df742-9b88-473b-947a-386a513c220a ] Request (ServerRescueNegativeTestJSON:setUpClass): 200 GET http://10.180.1.21/compute/v2.1/servers/9043970b-25b2-4989-baea-3cfeb11bec5d 0.069s
2025-02-19 14:49:28.151 63040 INFO tempest.lib.common.rest_client [req-72f966ef-9d68-43d8-9946-0d67024b0dea req-72f966ef-9d68-43d8-9946-0d67024b0dea ] Request (ServerActionsTestJSON:setUpClass): 200 GET http://10.180.1.21/compute/v2.1/servers/496adcc8-14d1-4dc5-96c4-d6547e4b51e0 0.102s
2025-02-19 14:49:28.252 63026 INFO tempest.lib.common.rest_client [req-17a73916-fdfa-46dc-adc0-1f1db962ab7a req-17a73916-fdfa-46dc-adc0-1f1db962ab7a ] Request (ServerPasswordTestJSON:setUpClass): 200 GET http://10.180.1.21/compute/v2.1/servers/3364dc58-416c-42da-8157-6efdb65e0e89 0.070s
2025-02-19 14:49:28.395 63024 INFO tempest.lib.common.rest_client [req-da98b8ac-51f6-463a-a9c6-fc45fb8d9382 req-da98b8ac-51f6-463a-a9c6-fc45fb8d9382 ] Request (ListServerFiltersTestJSON:tearDownClass): 200 GET http://10.180.1.21/compute/v2.1/servers/9734221b-8ec6-4c04-bafc-d15dab9e1bc5 0.059s
2025-02-19 14:49:28.411 63031 INFO tempest.lib.common.rest_client [req-a0e2df5e-9835-4e32-9e55-9457dd12bb5f req-a0e2df5e-9835-4e32-9e55-9457dd12bb5f ] Request (InstanceActionsV221TestJSON:test_get_list_deleted_instance_actions): 200 GET http://10.180.1.21/compute/v2.1/servers/6d687f06-5b33-4c65-b469-8c7c02d8a52c 0.072s
2025-02-19 14:49:28.468 63012 INFO tempest.lib.common.rest_client [req-dafcdb33-0cfa-43eb-ba0d-dcd7d2f53559 req-dafcdb33-0cfa-43eb-ba0d-dcd7d2f53559 ] Request (AttachInterfacesTestJSON:test_create_list_show_delete_interfaces_by_fixed_ip): 200 GET http://10.180.1.21/compute/v2.1/servers/51bce6bc-d67b-40e2-8507-e46b368837eb 0.073s
2025-02-19 14:49:28.490 63036 INFO tempest.lib.common.rest_client [req-167998bd-9923-4c45-b667-ffb040b5171b req-167998bd-9923-4c45-b667-ffb040b5171b ] Request (ImagesOneServerNegativeTestJSON:_run_cleanups): 200 GET http://10.180.1.21/compute/v2.1/servers/2169f132-7866-48a6-b419-37e64987f068 0.078s
2025-02-19 14:49:28.527 63052 INFO tempest.lib.common.rest_client [req-ad998e20-3744-462d-968a-4fb4e52e1868 req-ad998e20-3744-462d-968a-4fb4e52e1868 ] Request (SecurityGroupsTestJSON:test_server_security_groups): 200 GET http://10.180.1.21/compute/v2.1/servers/20a8a0f2-b24c-4097-b231-ef82b86bdda5 0.081s
2025-02-19 14:49:28.549 63034 INFO tempest.lib.common.rest_client [req-a115f511-52b2-4f86-b2e5-7a987c92415c req-a115f511-52b2-4f86-b2e5-7a987c92415c ] Request (DeleteServersTestJSON:test_delete_server_while_in_attached_volume): 200 GET http://10.180.1.21/compute/v2.1/servers/b5615d78-eee6-4e84-b5f2-d9ab6ca66e1e 0.070s
2025-02-19 14:49:28.592 63006 INFO tempest.lib.common.rest_client [req-23edc0de-bd54-4aa4-9922-fd9d4272f175 req-23edc0de-bd54-4aa4-9922-fd9d4272f175 ] Request (ServerExternalEventsTest:test_create_server_external_events): 200 GET http://10.180.1.21/compute/v2.1/servers/34705cc3-12ff-496f-a5ae-7db685ab7d42 0.094s
2025-02-19 14:49:28.631 63044 INFO tempest.lib.common.rest_client [req-d749606f-5b47-4723-9fe0-ff0a5e7b03ce req-d749606f-5b47-4723-9fe0-ff0a5e7b03ce ] Request (ServerActionsTestOtherB:setUpClass): 200 GET http://10.180.1.21/compute/v2.1/servers/47a2f884-e89a-4114-ad54-a94ba493d07f 0.090s
2025-02-19 14:49:28.635 63038 INFO tempest.lib.common.rest_client [req-20082616-ca48-476f-98de-c0dfab922025 req-20082616-ca48-476f-98de-c0dfab922025 ] Request (ListImageFiltersTestJSON:setUpClass): 200 GET http://10.180.1.21/compute/v2.1/images/4738f0f1-668b-4c2f-8e0b-07eb990eeeb1 0.049s
2025-02-19 14:49:28.768 63028 WARNING tempest.lib.common.ssh [-] Failed to establish authenticated ssh connection to cirros@10.180.180.149 ([Errno None] Unable to connect to port 22 on 10.180.180.149). Number attempts: 8. Retry after 9 seconds.: paramiko.ssh_exception.NoValidConnectionsError: [Errno None] Unable to connect to port 22 on 10.180.180.149
2025-02-19 14:49:28.799 63020 INFO tempest.lib.common.rest_client [req-a13f4105-e825-400c-bb29-1c41310629f7 req-a13f4105-e825-400c-bb29-1c41310629f7 ] Request (ServerActionsV293TestJSON:setUpClass): 200 GET http://10.180.1.21/compute/v2.1/servers/5ff00e5a-676c-4d56-968e-1fb8866f79ac 0.078s
2025-02-19 14:49:28.858 63016 INFO tempest.lib.common.rest_client [req-1fba7d83-abb2-4bbc-8427-0060af56e444 req-1fba7d83-abb2-4bbc-8427-0060af56e444 ] Request (MultipleCreateTestJSON:test_multiple_create): 200 GET http://10.180.1.21/compute/v2.1/servers/a802376d-992a-4976-a6ec-6de8c467e7c6 0.089s
2025-02-19 14:49:28.890 63022 INFO tempest.lib.common.rest_client [req-b958dec2-9d85-4fca-bc33-7f5997eda939 req-b958dec2-9d85-4fca-bc33-7f5997eda939 ] Request (ServersAdminNegativeTestJSON:tearDownClass): 200 GET http://10.180.1.21/compute/v2.1/servers/2d550d8e-b282-4817-b754-f5d390df6aa9 0.270s
2025-02-19 14:49:28.959 63054 INFO tempest.lib.common.rest_client [req-1347d792-b55c-4414-b901-5d297916ff7b req-1347d792-b55c-4414-b901-5d297916ff7b ] Request (ServersAdminTestJSON:test_inject_network_info): 200 GET http://10.180.1.21/compute/v2.1/servers/54077f0d-3e5c-4aa3-98f0-2434c168ce06 0.141s
2025-02-19 14:49:28.973 63008 INFO tempest.lib.common.rest_client [req-bc07d72c-88e9-4137-972f-0efd97ba7dcc req-bc07d72c-88e9-4137-972f-0efd97ba7dcc ] Request (ServersTestMultiNic:test_verify_duplicate_network_nics): 200 GET http://10.180.1.21/compute/v2.1/servers/e3b8ed45-0638-4f75-9c6f-c984702e660b 0.180s
2025-02-19 14:49:29.029 63056 INFO tempest.lib.common.rest_client [req-8bf70315-11d7-4e47-923e-a1d2fb12a8fe req-8bf70315-11d7-4e47-923e-a1d2fb12a8fe ] Request (ImagesTestJSON:test_create_image_from_suspended_server): 200 GET http://10.180.1.21/compute/v2.1/servers/b18e9c0e-e6b8-46f6-ac8b-8003ee9121fb 0.188s
2025-02-19 14:49:29.036 63056 INFO tempest.common.waiters [-] State transition "BUILD/None" ==> "BUILD/block_device_mapping" after 66 second wait
2025-02-19 14:49:29.038 63014 INFO tempest.lib.common.rest_client [req-8fdd0261-7172-496a-9007-b587fac2545a req-8fdd0261-7172-496a-9007-b587fac2545a ] Request (ListServersNegativeTestJSON:setUpClass): 200 GET http://10.180.1.21/compute/v2.1/servers/97740935-a6d9-403a-8c2f-45350389c0e1 0.155s
2025-02-19 14:49:29.086 63042 INFO tempest.lib.common.rest_client [req-e7f3c4bd-0e12-46ff-9510-06b27fe2e2ff req-e7f3c4bd-0e12-46ff-9510-06b27fe2e2ff ] Request (ServersNegativeTestMultiTenantJSON:setUpClass): 200 GET http://10.180.1.21/compute/v2.1/servers/fd23c82e-4955-4be3-b034-5400270a19a3 0.190s
2025-02-19 14:49:29.112 62996 INFO tempest.lib.common.rest_client [req-ec02d188-c37a-4c1b-b1e1-92f5ea7fc0b4 req-ec02d188-c37a-4c1b-b1e1-92f5ea7fc0b4 ] Request (FloatingIPsAssociationNegativeTestJSON:setUpClass): 200 GET http://10.180.1.21/compute/v2.1/servers/c6d9a643-9909-4127-a49e-24c49d4eccfd 0.182s
2025-02-19 14:49:29.155 63000 INFO tempest.lib.common.rest_client [req-ad19d7a9-303b-462f-a694-34f53e8e29c0 req-ad19d7a9-303b-462f-a694-34f53e8e29c0 ] Request (MigrationsAdminTest:test_resize_server_revert_deleted_flavor): 200 GET http://10.180.1.21/compute/v2.1/servers/1b9677be-196b-403a-8d79-7b7c694046eb 0.210s
2025-02-19 14:49:29.221 63010 INFO tempest.lib.common.rest_client [req-289967b2-0464-44e7-aed3-0060529f97bd req-289967b2-0464-44e7-aed3-0060529f97bd ] Request (ServerRescueNegativeTestJSON:setUpClass): 200 GET http://10.180.1.21/compute/v2.1/servers/9043970b-25b2-4989-baea-3cfeb11bec5d 0.061s
2025-02-19 14:49:29.311 63026 INFO tempest.lib.common.rest_client [req-fa07a9de-384d-482f-a8b1-8ac781204e0d req-fa07a9de-384d-482f-a8b1-8ac781204e0d ] Request (ServerPasswordTestJSON:setUpClass): 200 GET http://10.180.1.21/compute/v2.1/servers/3364dc58-416c-42da-8157-6efdb65e0e89 0.050s
2025-02-19 14:49:29.340 63040 INFO tempest.lib.common.rest_client [req-547ca80d-9b32-4228-ab06-fe02117d6b55 req-547ca80d-9b32-4228-ab06-fe02117d6b55 ] Request (ServerActionsTestJSON:setUpClass): 200 GET http://10.180.1.21/compute/v2.1/servers/496adcc8-14d1-4dc5-96c4-d6547e4b51e0 0.179s
2025-02-19 14:49:29.468 63024 INFO tempest.lib.common.rest_client [req-c9601db1-3941-46b3-8ef1-bd9abbc7786a req-c9601db1-3941-46b3-8ef1-bd9abbc7786a ] Request (ListServerFiltersTestJSON:tearDownClass): 200 GET http://10.180.1.21/compute/v2.1/servers/9734221b-8ec6-4c04-bafc-d15dab9e1bc5 0.063s
2025-02-19 14:49:29.475 63024 INFO tempest.common.waiters [-] State transition "ACTIVE/deleting" ==> "DELETED/None" after 3 second wait
2025-02-19 14:49:29.480 63031 INFO tempest.lib.common.rest_client [req-c2c8b7a4-efa8-4a70-91a0-5d7dc0a2d36e req-c2c8b7a4-efa8-4a70-91a0-5d7dc0a2d36e ] Request (InstanceActionsV221TestJSON:test_get_list_deleted_instance_actions): 200 GET http://10.180.1.21/compute/v2.1/servers/6d687f06-5b33-4c65-b469-8c7c02d8a52c 0.059s
2025-02-19 14:49:29.533 63012 INFO tempest.lib.common.rest_client [req-3bffb595-7396-401b-abec-4e25ef115702 req-3bffb595-7396-401b-abec-4e25ef115702 ] Request (AttachInterfacesTestJSON:test_create_list_show_delete_interfaces_by_fixed_ip): 200 GET http://10.180.1.21/compute/v2.1/servers/51bce6bc-d67b-40e2-8507-e46b368837eb 0.055s
2025-02-19 14:49:29.536 62998 WARNING tempest.lib.common.ssh [-] Failed to establish authenticated ssh connection to cirros@10.180.180.145 ([Errno None] Unable to connect to port 22 on 10.180.180.145). Number attempts: 9. Retry after 10 seconds.: paramiko.ssh_exception.NoValidConnectionsError: [Errno None] Unable to connect to port 22 on 10.180.180.145
2025-02-19 14:49:29.561 63036 INFO tempest.lib.common.rest_client [req-421f8644-c63e-41eb-8352-c802922b8fcf req-421f8644-c63e-41eb-8352-c802922b8fcf ] Request (ImagesOneServerNegativeTestJSON:_run_cleanups): 200 GET http://10.180.1.21/compute/v2.1/servers/2169f132-7866-48a6-b419-37e64987f068 0.056s
2025-02-19 14:49:29.595 63052 INFO tempest.lib.common.rest_client [req-749fa39d-04e9-4671-b57e-fb9f981439bc req-749fa39d-04e9-4671-b57e-fb9f981439bc ] Request (SecurityGroupsTestJSON:test_server_security_groups): 200 GET http://10.180.1.21/compute/v2.1/servers/20a8a0f2-b24c-4097-b231-ef82b86bdda5 0.056s
2025-02-19 14:49:29.610 63034 INFO tempest.lib.common.rest_client [req-2ee94798-8768-4c24-92ee-853ad66e81b9 req-2ee94798-8768-4c24-92ee-853ad66e81b9 ] Request (DeleteServersTestJSON:test_delete_server_while_in_attached_volume): 200 GET http://10.180.1.21/compute/v2.1/servers/b5615d78-eee6-4e84-b5f2-d9ab6ca66e1e 0.052s
2025-02-19 14:49:29.658 63006 INFO tempest.lib.common.rest_client [req-e22cfed3-a0f1-4221-a2d0-0194ada77597 req-e22cfed3-a0f1-4221-a2d0-0194ada77597 ] Request (ServerExternalEventsTest:test_create_server_external_events): 200 GET http://10.180.1.21/compute/v2.1/servers/34705cc3-12ff-496f-a5ae-7db685ab7d42 0.053s
2025-02-19 14:49:29.688 63038 INFO tempest.lib.common.rest_client [req-7701f18a-cd3a-45a9-85c9-04a1ec927c5e req-7701f18a-cd3a-45a9-85c9-04a1ec927c5e ] Request (ListImageFiltersTestJSON:setUpClass): 200 GET http://10.180.1.21/compute/v2.1/images/4738f0f1-668b-4c2f-8e0b-07eb990eeeb1 0.044s
2025-02-19 14:49:29.717 63044 INFO tempest.lib.common.rest_client [req-0610fa1d-eddf-4b6e-8b3e-97939e1a8d17 req-0610fa1d-eddf-4b6e-8b3e-97939e1a8d17 ] Request (ServerActionsTestOtherB:setUpClass): 200 GET http://10.180.1.21/compute/v2.1/servers/47a2f884-e89a-4114-ad54-a94ba493d07f 0.068s
2025-02-19 14:49:29.874 63020 INFO tempest.lib.common.rest_client [req-cf243946-22dd-4527-8a2e-d69dc712fa81 req-cf243946-22dd-4527-8a2e-d69dc712fa81 ] Request (ServerActionsV293TestJSON:setUpClass): 200 GET http://10.180.1.21/compute/v2.1/servers/5ff00e5a-676c-4d56-968e-1fb8866f79ac 0.063s
2025-02-19 14:49:29.926 63016 INFO tempest.lib.common.rest_client [req-a2b76625-d95c-4dfa-a5f6-4cf9d095238c req-a2b76625-d95c-4dfa-a5f6-4cf9d095238c ] Request (MultipleCreateTestJSON:test_multiple_create): 200 GET http://10.180.1.21/compute/v2.1/servers/a802376d-992a-4976-a6ec-6de8c467e7c6 0.056s
2025-02-19 14:49:29.972 63022 INFO tempest.lib.common.rest_client [req-c1bf87b3-7cb0-41ac-bfcf-3e1ffeb623a3 req-c1bf87b3-7cb0-41ac-bfcf-3e1ffeb623a3 ] Request (ServersAdminNegativeTestJSON:tearDownClass): 200 GET http://10.180.1.21/compute/v2.1/servers/2d550d8e-b282-4817-b754-f5d390df6aa9 0.073s
2025-02-19 14:49:29.986 63032 WARNING tempest.lib.common.ssh [-] Failed to establish authenticated ssh connection to cirros@10.180.180.144 ([Errno None] Unable to connect to port 22 on 10.180.180.144). Number attempts: 4. Retry after 5 seconds.: paramiko.ssh_exception.NoValidConnectionsError: [Errno None] Unable to connect to port 22 on 10.180.180.144
2025-02-19 14:49:30.038 63054 INFO tempest.lib.common.rest_client [req-40652487-0845-413d-a4a8-f79f21755b20 req-40652487-0845-413d-a4a8-f79f21755b20 ] Request (ServersAdminTestJSON:test_inject_network_info): 200 GET http://10.180.1.21/compute/v2.1/servers/54077f0d-3e5c-4aa3-98f0-2434c168ce06 0.063s
2025-02-19 14:49:30.171 63056 INFO tempest.lib.common.rest_client [req-84a52079-e07c-4f36-a6c4-2fd5c08894dc req-84a52079-e07c-4f36-a6c4-2fd5c08894dc ] Request (ImagesTestJSON:test_create_image_from_suspended_server): 200 GET http://10.180.1.21/compute/v2.1/servers/b18e9c0e-e6b8-46f6-ac8b-8003ee9121fb 0.134s
2025-02-19 14:49:30.178 63056 INFO tempest.common.waiters [-] State transition "BUILD/block_device_mapping" ==> "BUILD/spawning" after 67 second wait
2025-02-19 14:49:30.180 63008 INFO tempest.lib.common.rest_client [req-57c0c21b-674e-4ae4-bc78-c7ac46073158 req-57c0c21b-674e-4ae4-bc78-c7ac46073158 ] Request (ServersTestMultiNic:test_verify_duplicate_network_nics): 200 GET http://10.180.1.21/compute/v2.1/servers/e3b8ed45-0638-4f75-9c6f-c984702e660b 0.194s
2025-02-19 14:49:30.235 63042 INFO tempest.lib.common.rest_client [req-86435d5a-439d-40e1-87ec-760994f909e0 req-86435d5a-439d-40e1-87ec-760994f909e0 ] Request (ServersNegativeTestMultiTenantJSON:setUpClass): 200 GET http://10.180.1.21/compute/v2.1/servers/fd23c82e-4955-4be3-b034-5400270a19a3 0.140s
2025-02-19 14:49:30.243 63014 INFO tempest.lib.common.rest_client [req-7a26d541-90b3-4312-9126-25820a5e7c6f req-7a26d541-90b3-4312-9126-25820a5e7c6f ] Request (ListServersNegativeTestJSON:setUpClass): 200 GET http://10.180.1.21/compute/v2.1/servers/97740935-a6d9-403a-8c2f-45350389c0e1 0.194s
2025-02-19 14:49:30.291 62996 INFO tempest.lib.common.rest_client [req-7842c1c1-96f1-4c79-bbb1-da9c31b85ac5 req-7842c1c1-96f1-4c79-bbb1-da9c31b85ac5 ] Request (FloatingIPsAssociationNegativeTestJSON:setUpClass): 200 GET http://10.180.1.21/compute/v2.1/servers/c6d9a643-9909-4127-a49e-24c49d4eccfd 0.168s
2025-02-19 14:49:30.298 63000 INFO tempest.lib.common.rest_client [req-878be7cd-5553-4d2b-8c0f-0bb008056a5c req-878be7cd-5553-4d2b-8c0f-0bb008056a5c ] Request (MigrationsAdminTest:test_resize_server_revert_deleted_flavor): 200 GET http://10.180.1.21/compute/v2.1/servers/1b9677be-196b-403a-8d79-7b7c694046eb 0.135s
2025-02-19 14:49:30.348 63010 INFO tempest.lib.common.rest_client [req-acf3fd6c-b58f-49dc-8b41-e8abdef6a83e req-acf3fd6c-b58f-49dc-8b41-e8abdef6a83e ] Request (ServerRescueNegativeTestJSON:setUpClass): 200 GET http://10.180.1.21/compute/v2.1/servers/9043970b-25b2-4989-baea-3cfeb11bec5d 0.114s
2025-02-19 14:49:30.369 63026 INFO tempest.lib.common.rest_client [req-319c8c75-0371-4519-bac3-f943d2d68bfc req-319c8c75-0371-4519-bac3-f943d2d68bfc ] Request (ServerPasswordTestJSON:setUpClass): 200 GET http://10.180.1.21/compute/v2.1/servers/3364dc58-416c-42da-8157-6efdb65e0e89 0.050s
2025-02-19 14:49:30.480 63040 INFO tempest.lib.common.rest_client [req-0b9910cb-b56e-4138-bb73-01b4987d3a6a req-0b9910cb-b56e-4138-bb73-01b4987d3a6a ] Request (ServerActionsTestJSON:setUpClass): 200 GET http://10.180.1.21/compute/v2.1/servers/496adcc8-14d1-4dc5-96c4-d6547e4b51e0 0.133s
2025-02-19 14:49:30.546 63024 INFO tempest.lib.common.rest_client [req-09202bab-db18-4050-93ab-c301d03aaba1 req-09202bab-db18-4050-93ab-c301d03aaba1 ] Request (ListServerFiltersTestJSON:tearDownClass): 200 GET http://10.180.1.21/compute/v2.1/servers/9734221b-8ec6-4c04-bafc-d15dab9e1bc5 0.070s
2025-02-19 14:49:30.580 63031 INFO tempest.lib.common.rest_client [req-6cbb79cd-cfb6-41ae-8507-df77b6f4e9fa req-6cbb79cd-cfb6-41ae-8507-df77b6f4e9fa ] Request (InstanceActionsV221TestJSON:test_get_list_deleted_instance_actions): 200 GET http://10.180.1.21/compute/v2.1/servers/6d687f06-5b33-4c65-b469-8c7c02d8a52c 0.091s
2025-02-19 14:49:30.600 63012 INFO tempest.lib.common.rest_client [req-2c18ac6a-2ddf-4333-b736-ecb5313bfeb4 req-2c18ac6a-2ddf-4333-b736-ecb5313bfeb4 ] Request (AttachInterfacesTestJSON:test_create_list_show_delete_interfaces_by_fixed_ip): 200 GET http://10.180.1.21/compute/v2.1/servers/51bce6bc-d67b-40e2-8507-e46b368837eb 0.060s
2025-02-19 14:49:30.607 63036 INFO tempest.lib.common.rest_client [req-2b4c3188-fbb4-41f0-ab31-7e915df38403 req-2b4c3188-fbb4-41f0-ab31-7e915df38403 ] Request (ImagesOneServerNegativeTestJSON:_run_cleanups): 404 GET http://10.180.1.21/compute/v2.1/servers/2169f132-7866-48a6-b419-37e64987f068 0.037s
2025-02-19 14:49:30.650 63036 INFO tempest.lib.common.rest_client [req-1cf5946b-0446-45e4-abee-ab8029bb1017 req-1cf5946b-0446-45e4-abee-ab8029bb1017 ] Request (ImagesOneServerNegativeTestJSON:_run_cleanups): 200 POST http://10.180.1.21/compute/v2.1/os-keypairs 0.041s
2025-02-19 14:49:30.680 63052 INFO tempest.lib.common.rest_client [req-56d8c2f5-8591-4978-9e84-96049c9811ce req-56d8c2f5-8591-4978-9e84-96049c9811ce ] Request (SecurityGroupsTestJSON:test_server_security_groups): 200 GET http://10.180.1.21/compute/v2.1/servers/20a8a0f2-b24c-4097-b231-ef82b86bdda5 0.075s
2025-02-19 14:49:30.713 63034 INFO tempest.lib.common.rest_client [req-23dbb64e-443d-45c1-bf08-46f981e9c206 req-23dbb64e-443d-45c1-bf08-46f981e9c206 ] Request (DeleteServersTestJSON:test_delete_server_while_in_attached_volume): 200 GET http://10.180.1.21/compute/v2.1/servers/b5615d78-eee6-4e84-b5f2-d9ab6ca66e1e 0.093s
2025-02-19 14:49:30.744 63006 INFO tempest.lib.common.rest_client [req-429f51ec-9f53-40cc-b803-a644af9f7279 req-429f51ec-9f53-40cc-b803-a644af9f7279 ] Request (ServerExternalEventsTest:test_create_server_external_events): 200 GET http://10.180.1.21/compute/v2.1/servers/34705cc3-12ff-496f-a5ae-7db685ab7d42 0.078s
2025-02-19 14:49:30.762 63038 INFO tempest.lib.common.rest_client [req-de14e8e2-786c-4626-80f7-a1ac2349cb07 req-de14e8e2-786c-4626-80f7-a1ac2349cb07 ] Request (ListImageFiltersTestJSON:setUpClass): 200 GET http://10.180.1.21/compute/v2.1/images/4738f0f1-668b-4c2f-8e0b-07eb990eeeb1 0.069s
