2025-02-19 14:48:54.144 62994 INFO tempest.lib.common.rest_client [req-a9bd7d16-f6bb-4441-bb5e-fccb5e2c79c1 req-a9bd7d16-f6bb-4441-bb5e-fccb5e2c79c1 ] Request (ServersTestFqdnHostnames:test_create_server_with_fqdn_name): 200 GET http://10.180.1.21/compute/v2.1/servers/6ec72180-77e0-4add-8e79-d80a3b5adf2a 0.106s
2025-02-19 14:48:54.178 63010 INFO tempest.lib.common.rest_client [req-1a454445-7fd7-4571-b730-86aa6595581a req-1a454445-7fd7-4571-b730-86aa6595581a ] Request (ListImagesTestJSON:setUpClass): 201 POST http://10.180.1.21/identity/v3/auth/tokens 0.032s
2025-02-19 14:48:54.181 63024 INFO tempest.lib.common.rest_client [req-6004f464-25f2-4c38-9c53-bfc93a55e3eb req-6004f464-25f2-4c38-9c53-bfc93a55e3eb ] Request (ListServerFiltersTestJSON:tearDownClass): 200 GET http://10.180.1.21/compute/v2.1/servers/fc58a6a3-d047-49a3-b758-0f191dd23c47 0.122s
2025-02-19 14:48:54.210 63010 INFO tempest.lib.common.rest_client [req-299b421c-eb49-479c-a276-1359a395a3eb req-299b421c-eb49-479c-a276-1359a395a3eb ] Request (ListImagesTestJSON:setUpClass): 200 GET http://10.180.1.21/identity/v3/domains?name=Default 0.031s
2025-02-19 14:48:54.227 63036 INFO tempest.lib.common.rest_client [req-98ebf7dd-72f0-4605-aea8-a879a486a6d4 req-98ebf7dd-72f0-4605-aea8-a879a486a6d4 ] Request (ImagesOneServerNegativeTestJSON:_run_cleanups): 204 DELETE http://10.180.1.21/compute/v2.1/servers/2169f132-7866-48a6-b419-37e64987f068 0.114s
2025-02-19 14:48:54.236 63008 INFO tempest.lib.common.rest_client [req-979948eb-bab3-42b4-8d17-2c71993319a9 req-979948eb-bab3-42b4-8d17-2c71993319a9 ] Request (ServersTestMultiNic:test_verify_duplicate_network_nics): 200 GET http://10.180.1.21/compute/v2.1/servers/e3b8ed45-0638-4f75-9c6f-c984702e660b 0.077s
2025-02-19 14:48:54.246 63010 INFO tempest.lib.common.rest_client [req-f211136e-dd90-40e4-b0aa-205555d007e1 req-f211136e-dd90-40e4-b0aa-205555d007e1 ] Request (ListImagesTestJSON:setUpClass): 201 POST http://10.180.1.21/identity/v3/projects 0.035s
2025-02-19 14:48:54.286 62996 INFO tempest.lib.common.rest_client [req-39cc9386-4132-4a57-9beb-60dac1f3a140 req-39cc9386-4132-4a57-9beb-60dac1f3a140 ] Request (FloatingIPsAssociationNegativeTestJSON:setUpClass): 200 GET http://10.180.1.21/compute/v2.1/servers/c6d9a643-9909-4127-a49e-24c49d4eccfd 0.068s
2025-02-19 14:48:54.307 63010 INFO tempest.lib.common.rest_client [req-570f87e7-84fa-445f-95fc-3fdc759bd60a req-570f87e7-84fa-445f-95fc-3fdc759bd60a ] Request (ListImagesTestJSON:setUpClass): 201 POST http://10.180.1.21/identity/v3/users 0.060s
2025-02-19 14:48:54.328 63010 INFO tempest.lib.common.rest_client [req-64ce5b59-0649-4f11-aebd-4785b6276255 req-64ce5b59-0649-4f11-aebd-4785b6276255 ] Request (ListImagesTestJSON:setUpClass): 200 GET http://10.180.1.21/identity/v3/roles 0.020s
2025-02-19 14:48:54.334 63036 INFO tempest.lib.common.rest_client [req-373cf74a-bcdc-4547-b92b-fffe9a412378 req-373cf74a-bcdc-4547-b92b-fffe9a412378 ] Request (ImagesOneServerNegativeTestJSON:_run_cleanups): 200 GET http://10.180.1.21/compute/v2.1/servers/2169f132-7866-48a6-b419-37e64987f068 0.106s
2025-02-19 14:48:54.342 63040 INFO tempest.lib.common.rest_client [req-165ce739-978d-4315-b431-74e6f2ade227 req-165ce739-978d-4315-b431-74e6f2ade227 ] Request (ServerActionsTestJSON:setUpClass): 200 GET http://10.180.1.21/compute/v2.1/servers/496adcc8-14d1-4dc5-96c4-d6547e4b51e0 0.075s
2025-02-19 14:48:54.361 63010 INFO tempest.lib.common.rest_client [req-244a035e-f56b-49ac-8c6b-dda4004c75cd req-244a035e-f56b-49ac-8c6b-dda4004c75cd ] Request (ListImagesTestJSON:setUpClass): 204 PUT http://10.180.1.21/identity/v3/projects/1d98dcd4580e4a04b969e6083bb183f1/users/8c8cbffb18da4146ad6d0ed20f9f933c/roles/44f292eb10a044b3b4dd14d0926e140f 0.032s
2025-02-19 14:48:54.361 63010 INFO tempest.lib.common.dynamic_creds [-] Dynamic test user 8c8cbffb18da4146ad6d0ed20f9f933c is created with scope project and roles: ['member']
2025-02-19 14:48:54.362 63010 INFO tempest.lib.common.dynamic_creds [-] Acquired dynamic creds: credentials: Credentials: {'domain_id': 'default', 'domain_name': 'Default', 'username': 'tempest-ListImagesTestJSON-897334712-project-member', 'project_domain_id': 'default', 'project_domain_name': 'Default', 'project_id': '1d98dcd4580e4a04b969e6083bb183f1', 'project_name': 'tempest-ListImagesTestJSON-897334712', 'tenant_id': '1d98dcd4580e4a04b969e6083bb183f1', 'tenant_name': 'tempest-ListImagesTestJSON-897334712', 'user_domain_id': 'default', 'user_domain_name': 'Default', 'user_id': '8c8cbffb18da4146ad6d0ed20f9f933c', 'system': None}, Network: None, Subnet: None, Router: None
2025-02-19 14:48:54.362 63010 INFO tempest.lib.common.dynamic_creds [-] Created isolated network resources for: credentials: Credentials: {'domain_id': 'default', 'domain_name': 'Default', 'username': 'tempest-ListImagesTestJSON-897334712-project-member', 'project_domain_id': 'default', 'project_domain_name': 'Default', 'project_id': '1d98dcd4580e4a04b969e6083bb183f1', 'project_name': 'tempest-ListImagesTestJSON-897334712', 'tenant_id': '1d98dcd4580e4a04b969e6083bb183f1', 'tenant_name': 'tempest-ListImagesTestJSON-897334712', 'user_domain_id': 'default', 'user_domain_name': 'Default', 'user_id': '8c8cbffb18da4146ad6d0ed20f9f933c', 'system': None}, Network: None, Subnet: None, Router: None
2025-02-19 14:48:54.389 63032 INFO tempest.lib.common.rest_client [req-be204ef2-27ac-4243-b0b0-89336c29717a req-be204ef2-27ac-4243-b0b0-89336c29717a ] Request (AttachVolumeTestJSON:test_attach_detach_volume): 200 GET http://10.180.1.21/compute/v2.1/servers/3002f008-80ba-4e6b-8ec6-530646763010 0.056s
2025-02-19 14:48:54.435 63010 INFO tempest.lib.common.rest_client [req-1adec502-8c5d-4c07-9089-7f6dde0ce15d req-1adec502-8c5d-4c07-9089-7f6dde0ce15d ] Request (ListImagesTestJSON:setUpClass): 201 POST http://10.180.1.21/identity/v3/auth/tokens 0.070s
2025-02-19 14:48:54.435 63014 INFO tempest.lib.common.rest_client [req-e1dff24c-b531-4690-9e82-a4fc4d51438f req-e1dff24c-b531-4690-9e82-a4fc4d51438f ] Request (ListServersNegativeTestJSON:setUpClass): 200 GET http://10.180.1.21/compute/v2.1/servers/11bc2536-ccfe-4597-bdbf-0f8952fdb0eb 0.151s
2025-02-19 14:48:54.445 63022 INFO tempest.lib.common.rest_client [req-0de881ce-10f0-479b-8ade-685a2f868e38 req-0de881ce-10f0-479b-8ade-685a2f868e38 ] Request (ServersAdminNegativeTestJSON:tearDownClass): 200 GET http://10.180.1.21/compute/v2.1/servers/eeb6bb89-1a96-42cf-ab40-888e39600d35 0.092s
2025-02-19 14:48:54.492 63012 INFO tempest.lib.common.rest_client [req-587da2d2-cda5-4c9b-a8c0-bee71c8cfdd0 req-587da2d2-cda5-4c9b-a8c0-bee71c8cfdd0 ] Request (AttachInterfacesTestJSON:test_create_list_show_delete_interfaces_by_fixed_ip): 200 GET http://10.180.1.21/compute/v2.1/servers/51bce6bc-d67b-40e2-8507-e46b368837eb 0.104s
2025-02-19 14:48:54.500 63006 INFO tempest.lib.common.rest_client [req-42af55c3-22c2-4454-9402-2eb8f82829a9 req-42af55c3-22c2-4454-9402-2eb8f82829a9 ] Request (ServerDiagnosticsNegativeTest:tearDownClass): 200 GET http://10.180.1.21/compute/v2.1/servers/dfc4f2f6-fbaa-4c38-a080-c535c00a09c4 0.086s
2025-02-19 14:48:54.546 63034 INFO tempest.lib.common.rest_client [req-92f68338-9bb5-42cb-a651-c53dfc6fcb65 req-92f68338-9bb5-42cb-a651-c53dfc6fcb65 ] Request (DeleteServersTestJSON:test_delete_server_while_in_attached_volume): 200 GET http://10.180.1.21/compute/v2.1/servers/b5615d78-eee6-4e84-b5f2-d9ab6ca66e1e 0.076s
2025-02-19 14:48:54.585 63010 INFO tempest.lib.common.rest_client [req-5c154049-6df3-43a8-bb8a-9c315b4ffa58 req-5c154049-6df3-43a8-bb8a-9c315b4ffa58 ] Request (ListImagesTestJSON:test_get_image): 200 GET http://10.180.1.21/compute/v2.1/images/01f269e0-822c-4f74-9463-28808435f63b 0.149s
2025-02-19 14:48:54.604 63031 INFO tempest.lib.common.rest_client [req-029c7e46-f8e7-4ca0-a683-edb1045610cd req-029c7e46-f8e7-4ca0-a683-edb1045610cd ] Request (ImagesNegativeTestJSON:test_create_image_from_deleted_server): 200 GET http://10.180.1.21/compute/v2.1/servers/c44d2180-a11c-4a23-a626-d0356d81b1ab 0.123s
2025-02-19 14:48:54.651 63026 INFO tempest.lib.common.rest_client [req-d350694e-60cc-4a12-8752-67ae22812209 req-d350694e-60cc-4a12-8752-67ae22812209 ] Request (AttachInterfacesV270Test:tearDownClass): 200 GET http://10.180.1.21/compute/v2.1/servers/431ae1de-747b-4543-a10a-59065f1fbbc2 0.101s
2025-02-19 14:48:54.652 63054 INFO tempest.lib.common.rest_client [req-eb576583-3eea-4b3b-8b5d-36e15aff22f6 req-eb576583-3eea-4b3b-8b5d-36e15aff22f6 ] Request (ServersAdminTestJSON:test_create_server_with_scheduling_hint): 200 GET http://10.180.1.21/compute/v2.1/servers/63deed87-537f-4999-8eaa-19d3472c114b 0.097s
2025-02-19 14:48:54.656 63002 WARNING tempest.lib.common.ssh [-] Failed to establish authenticated ssh connection to cirros@10.180.180.246 ([Errno None] Unable to connect to port 22 on 10.180.180.246). Number attempts: 2. Retry after 3 seconds.: paramiko.ssh_exception.NoValidConnectionsError: [Errno None] Unable to connect to port 22 on 10.180.180.246
2025-02-19 14:48:54.701 63010 INFO tempest.lib.common.rest_client [req-044724ff-d672-47c1-a1b5-db474f79704c req-044724ff-d672-47c1-a1b5-db474f79704c ] Request (ListImagesTestJSON:test_list_images): 200 GET http://10.180.1.21/compute/v2.1/images 0.110s
2025-02-19 14:48:54.702 63052 INFO tempest.lib.common.rest_client [req-101345df-bbf8-4f07-866b-62ec4e908ab3 req-101345df-bbf8-4f07-866b-62ec4e908ab3 ] Request (SecurityGroupsTestJSON:test_server_security_groups): 200 GET http://10.180.1.21/compute/v2.1/servers/20a8a0f2-b24c-4097-b231-ef82b86bdda5 0.086s
2025-02-19 14:48:54.752 63044 INFO tempest.lib.common.rest_client [req-614c7cac-1651-4b8e-9189-17c402534257 req-614c7cac-1651-4b8e-9189-17c402534257 ] Request (ServerActionsTestOtherB:setUpClass): 200 GET http://10.180.1.21/compute/v2.1/servers/47a2f884-e89a-4114-ad54-a94ba493d07f 0.087s
2025-02-19 14:48:54.764 63020 INFO tempest.lib.common.rest_client [req-0e98bd7c-86b8-498c-8b65-905bbf4b6336 req-0e98bd7c-86b8-498c-8b65-905bbf4b6336 ] Request (ServerActionsV293TestJSON:setUpClass): 200 GET http://10.180.1.21/compute/v2.1/servers/5ff00e5a-676c-4d56-968e-1fb8866f79ac 0.141s
2025-02-19 14:48:54.785 63010 INFO tempest.lib.common.rest_client [req-d823c43f-466a-42f4-97c9-1910759d8d9a req-d823c43f-466a-42f4-97c9-1910759d8d9a ] Request (ListImagesTestJSON:test_list_images_with_detail): 200 GET http://10.180.1.21/compute/v2.1/images/detail 0.081s
2025-02-19 14:48:54.786 62998 WARNING tempest.lib.common.ssh [-] Failed to establish authenticated ssh connection to cirros@10.180.180.145 ([Errno None] Unable to connect to port 22 on 10.180.180.145). Number attempts: 6. Retry after 7 seconds.: paramiko.ssh_exception.NoValidConnectionsError: [Errno None] Unable to connect to port 22 on 10.180.180.145
2025-02-19 14:48:54.814 63038 INFO tempest.lib.common.rest_client [req-74151fd2-bdb4-4ce5-a5e9-a66116736ed1 req-74151fd2-bdb4-4ce5-a5e9-a66116736ed1 ] Request (ListImageFiltersTestJSON:setUpClass): 200 GET http://10.180.1.21/compute/v2.1/servers/e1826804-fb88-4228-9e63-d6504704ca48 0.106s
2025-02-19 14:48:54.836 63046 INFO tempest.lib.common.rest_client [req-41c363ab-c558-4b1a-b737-a5fe8a6755a5 req-41c363ab-c558-4b1a-b737-a5fe8a6755a5 ] Request (VolumesAdminNegativeTest:test_update_attached_volume_with_nonexistent_volume_in_body): 200 GET http://10.180.1.21/compute/v2.1/servers/49e0c771-5fa5-4771-be72-ba78dcc3ec92 0.073s
2025-02-19 14:48:54.872 63016 INFO tempest.lib.common.rest_client [req-32f21747-1b88-474d-8c8d-0447e1cc90a5 req-32f21747-1b88-474d-8c8d-0447e1cc90a5 ] Request (MultipleCreateTestJSON:test_multiple_create): 200 GET http://10.180.1.21/compute/v2.1/servers/a802376d-992a-4976-a6ec-6de8c467e7c6 0.051s
2025-02-19 14:48:54.894 63010 INFO tempest.lib.common.rest_client [req-a2990c51-9a07-4bde-b117-7db2c21e664e req-a2990c51-9a07-4bde-b117-7db2c21e664e ] Request (ListImagesTestJSON:tearDownClass): 204 DELETE http://10.180.1.21/identity/v3/users/8c8cbffb18da4146ad6d0ed20f9f933c 0.103s
2025-02-19 14:48:54.895 63010 INFO tempest.lib.common.dynamic_creds [-] Deleting project and security group for project: 1d98dcd4580e4a04b969e6083bb183f1
2025-02-19 14:48:54.908 63056 INFO tempest.lib.common.rest_client [req-0ac37eeb-8c62-4c66-92ab-511ced8ab0db req-0ac37eeb-8c62-4c66-92ab-511ced8ab0db ] Request (ImagesTestJSON:test_create_image_from_suspended_server): 200 GET http://10.180.1.21/compute/v2.1/servers/b18e9c0e-e6b8-46f6-ac8b-8003ee9121fb 0.055s
2025-02-19 14:48:54.949 63010 INFO tempest.lib.common.rest_client [req-77fc8438-d0bb-4486-a8c2-8ca68ae2b2f5 req-77fc8438-d0bb-4486-a8c2-8ca68ae2b2f5 ] Request (ListImagesTestJSON:tearDownClass): 201 POST http://10.180.1.21/identity/v3/auth/tokens 0.054s
2025-02-19 14:48:54.952 63000 INFO tempest.lib.common.rest_client [req-67b3057f-a5dc-4cda-9b81-605441ce7afd req-67b3057f-a5dc-4cda-9b81-605441ce7afd ] Request (MigrationsAdminTest:test_resize_server_revert_deleted_flavor): 200 GET http://10.180.1.21/compute/v2.1/servers/1b9677be-196b-403a-8d79-7b7c694046eb 0.051s
2025-02-19 14:48:55.057 63042 INFO tempest.lib.common.rest_client [req-da88267d-7cfe-4297-8e2c-6499ff3a7aea req-da88267d-7cfe-4297-8e2c-6499ff3a7aea ] Request (ServersNegativeTestMultiTenantJSON:setUpClass): 200 GET http://10.180.1.21/compute/v2.1/servers/fd23c82e-4955-4be3-b034-5400270a19a3 0.062s
2025-02-19 14:48:55.107 63010 INFO tempest.lib.common.rest_client [req-c4d345e1-07e8-419a-81d3-47f28f8e90c9 req-c4d345e1-07e8-419a-81d3-47f28f8e90c9 ] Request (ListImagesTestJSON:tearDownClass): 200 GET http://10.180.1.21:9696/networking/v2.0/security-groups?tenant_id=1d98dcd4580e4a04b969e6083bb183f1&name=default 0.158s
2025-02-19 14:48:55.183 63010 INFO tempest.lib.common.rest_client [req-6cf66664-0844-4ca2-a444-dd48af0340aa req-6cf66664-0844-4ca2-a444-dd48af0340aa ] Request (ListImagesTestJSON:tearDownClass): 204 DELETE http://10.180.1.21:9696/networking/v2.0/security-groups/e654b7fc-c90a-4e16-b16d-28e6fd6d5270 0.075s
2025-02-19 14:48:55.245 63010 INFO tempest.lib.common.rest_client [req-6fe9d258-35a1-4882-b210-b8496172004a req-6fe9d258-35a1-4882-b210-b8496172004a ] Request (ListImagesTestJSON:tearDownClass): 204 DELETE http://10.180.1.21/identity/v3/projects/1d98dcd4580e4a04b969e6083bb183f1 0.062s
2025-02-19 14:48:55.253 62994 INFO tempest.lib.common.rest_client [req-c521fb14-fa7c-46c8-86f6-0e6b1f72b604 req-c521fb14-fa7c-46c8-86f6-0e6b1f72b604 ] Request (ServersTestFqdnHostnames:test_create_server_with_fqdn_name): 200 GET http://10.180.1.21/compute/v2.1/servers/6ec72180-77e0-4add-8e79-d80a3b5adf2a 0.100s
2025-02-19 14:48:55.257 63024 INFO tempest.lib.common.rest_client [req-82544a75-c589-4fa8-94fe-49fb21f64201 req-82544a75-c589-4fa8-94fe-49fb21f64201 ] Request (ListServerFiltersTestJSON:tearDownClass): 200 GET http://10.180.1.21/compute/v2.1/servers/fc58a6a3-d047-49a3-b758-0f191dd23c47 0.068s
2025-02-19 14:48:55.298 63008 INFO tempest.lib.common.rest_client [req-c2c3e0bf-ecef-4d63-a19d-8fc952b9c2c2 req-c2c3e0bf-ecef-4d63-a19d-8fc952b9c2c2 ] Request (ServersTestMultiNic:test_verify_duplicate_network_nics): 200 GET http://10.180.1.21/compute/v2.1/servers/e3b8ed45-0638-4f75-9c6f-c984702e660b 0.051s
2025-02-19 14:48:55.307 63010 INFO tempest.lib.common.rest_client [req-02767a5a-eda0-4649-9f34-6ab3cac38660 req-02767a5a-eda0-4649-9f34-6ab3cac38660 ] Request (ServerRescueNegativeTestJSON:setUpClass): 201 POST http://10.180.1.21/identity/v3/auth/tokens 0.059s
2025-02-19 14:48:55.336 63010 INFO tempest.lib.common.rest_client [req-c3986d1b-39ba-4621-8669-950f105aac59 req-c3986d1b-39ba-4621-8669-950f105aac59 ] Request (ServerRescueNegativeTestJSON:setUpClass): 201 POST http://10.180.1.21/identity/v3/auth/tokens 0.027s
2025-02-19 14:48:55.359 63010 INFO tempest.lib.common.rest_client [req-23b00b6b-1477-40dc-88ab-80e5d250c39f req-23b00b6b-1477-40dc-88ab-80e5d250c39f ] Request (ServerRescueNegativeTestJSON:setUpClass): 200 GET http://10.180.1.21/identity/v3/domains?name=Default 0.022s
2025-02-19 14:48:55.370 62996 INFO tempest.lib.common.rest_client [req-5088c40d-4b74-422c-b82d-8cca0dcf1f00 req-5088c40d-4b74-422c-b82d-8cca0dcf1f00 ] Request (FloatingIPsAssociationNegativeTestJSON:setUpClass): 200 GET http://10.180.1.21/compute/v2.1/servers/c6d9a643-9909-4127-a49e-24c49d4eccfd 0.076s
2025-02-19 14:48:55.392 63010 INFO tempest.lib.common.rest_client [req-fce10c97-367f-4a4a-a7d1-1943ad91bbf4 req-fce10c97-367f-4a4a-a7d1-1943ad91bbf4 ] Request (ServerRescueNegativeTestJSON:setUpClass): 201 POST http://10.180.1.21/identity/v3/projects 0.032s
2025-02-19 14:48:55.448 63036 INFO tempest.lib.common.rest_client [req-ba3705c7-c62b-4fa3-9bac-c2a457a9dd72 req-ba3705c7-c62b-4fa3-9bac-c2a457a9dd72 ] Request (ImagesOneServerNegativeTestJSON:_run_cleanups): 200 GET http://10.180.1.21/compute/v2.1/servers/2169f132-7866-48a6-b419-37e64987f068 0.105s
2025-02-19 14:48:55.459 63040 INFO tempest.lib.common.rest_client [req-95b736b1-0f26-4e8d-85b1-5b22d0990769 req-95b736b1-0f26-4e8d-85b1-5b22d0990769 ] Request (ServerActionsTestJSON:setUpClass): 200 GET http://10.180.1.21/compute/v2.1/servers/496adcc8-14d1-4dc5-96c4-d6547e4b51e0 0.110s
2025-02-19 14:48:55.466 63010 INFO tempest.lib.common.rest_client [req-d068fec1-c052-48f1-a02f-f71e5f8bf205 req-d068fec1-c052-48f1-a02f-f71e5f8bf205 ] Request (ServerRescueNegativeTestJSON:setUpClass): 201 POST http://10.180.1.21/identity/v3/users 0.074s
2025-02-19 14:48:55.489 63010 INFO tempest.lib.common.rest_client [req-cfa3ed9c-95cd-4ec7-9682-06cda30de8c0 req-cfa3ed9c-95cd-4ec7-9682-06cda30de8c0 ] Request (ServerRescueNegativeTestJSON:setUpClass): 200 GET http://10.180.1.21/identity/v3/roles 0.022s
2025-02-19 14:48:55.497 63032 INFO tempest.lib.common.rest_client [req-5644cc84-a107-45d0-8968-c4f1b48837e3 req-5644cc84-a107-45d0-8968-c4f1b48837e3 ] Request (AttachVolumeTestJSON:test_attach_detach_volume): 200 GET http://10.180.1.21/compute/v2.1/servers/3002f008-80ba-4e6b-8ec6-530646763010 0.098s
2025-02-19 14:48:55.504 63032 INFO tempest.common.waiters [-] State transition "BUILD/None" ==> "BUILD/networking" after 46 second wait
2025-02-19 14:48:55.521 63010 INFO tempest.lib.common.rest_client [req-7c962b1e-54d5-4e93-b452-8c2bab1108a4 req-7c962b1e-54d5-4e93-b452-8c2bab1108a4 ] Request (ServerRescueNegativeTestJSON:setUpClass): 204 PUT http://10.180.1.21/identity/v3/projects/69654c94008a4cb092d0c3331eee39a8/users/9bfbd7a2acf1492ea583295a4d9abdf2/roles/44f292eb10a044b3b4dd14d0926e140f 0.031s
2025-02-19 14:48:55.521 63010 INFO tempest.lib.common.dynamic_creds [-] Dynamic test user 9bfbd7a2acf1492ea583295a4d9abdf2 is created with scope project and roles: ['member']
2025-02-19 14:48:55.522 63010 INFO tempest.lib.common.dynamic_creds [-] Acquired dynamic creds: credentials: Credentials: {'domain_id': 'default', 'domain_name': 'Default', 'username': 'tempest-ServerRescueNegativeTestJSON-1809963252-project-member', 'project_domain_id': 'default', 'project_domain_name': 'Default', 'project_id': '69654c94008a4cb092d0c3331eee39a8', 'project_name': 'tempest-ServerRescueNegativeTestJSON-1809963252', 'tenant_id': '69654c94008a4cb092d0c3331eee39a8', 'tenant_name': 'tempest-ServerRescueNegativeTestJSON-1809963252', 'user_domain_id': 'default', 'user_domain_name': 'Default', 'user_id': '9bfbd7a2acf1492ea583295a4d9abdf2', 'system': None}, Network: None, Subnet: None, Router: None
2025-02-19 14:48:55.563 63022 INFO tempest.lib.common.rest_client [req-b3cdd919-839a-417b-8cba-2490a53de0db req-b3cdd919-839a-417b-8cba-2490a53de0db ] Request (ServersAdminNegativeTestJSON:tearDownClass): 200 GET http://10.180.1.21/compute/v2.1/servers/eeb6bb89-1a96-42cf-ab40-888e39600d35 0.109s
2025-02-19 14:48:55.594 63010 INFO tempest.lib.common.rest_client [req-28ea2ef3-4e9b-44f2-9e8e-0726240d8a61 req-28ea2ef3-4e9b-44f2-9e8e-0726240d8a61 ] Request (ServerRescueNegativeTestJSON:setUpClass): 201 POST http://10.180.1.21/identity/v3/auth/tokens 0.072s
2025-02-19 14:48:55.627 63014 INFO tempest.lib.common.rest_client [req-24a74eab-6349-4e79-b243-ac78e2bd35e0 req-24a74eab-6349-4e79-b243-ac78e2bd35e0 ] Request (ListServersNegativeTestJSON:setUpClass): 200 GET http://10.180.1.21/compute/v2.1/servers/11bc2536-ccfe-4597-bdbf-0f8952fdb0eb 0.182s
2025-02-19 14:48:55.634 63012 INFO tempest.lib.common.rest_client [req-5928383f-113c-4639-9400-38ecb6ab6be2 req-5928383f-113c-4639-9400-38ecb6ab6be2 ] Request (AttachInterfacesTestJSON:test_create_list_show_delete_interfaces_by_fixed_ip): 200 GET http://10.180.1.21/compute/v2.1/servers/51bce6bc-d67b-40e2-8507-e46b368837eb 0.134s
2025-02-19 14:48:55.705 63034 INFO tempest.lib.common.rest_client [req-51a89255-8bf5-4e0a-8292-21071c5294a4 req-51a89255-8bf5-4e0a-8292-21071c5294a4 ] Request (DeleteServersTestJSON:test_delete_server_while_in_attached_volume): 200 GET http://10.180.1.21/compute/v2.1/servers/b5615d78-eee6-4e84-b5f2-d9ab6ca66e1e 0.151s
2025-02-19 14:48:55.734 63006 INFO tempest.lib.common.rest_client [req-1831d801-6db5-4aab-8572-dd1cd3891630 req-1831d801-6db5-4aab-8572-dd1cd3891630 ] Request (ServerDiagnosticsNegativeTest:tearDownClass): 200 GET http://10.180.1.21/compute/v2.1/servers/dfc4f2f6-fbaa-4c38-a080-c535c00a09c4 0.225s
2025-02-19 14:48:55.778 63031 INFO tempest.lib.common.rest_client [req-a8f09443-ffff-4ff6-bf50-59925fe1f90d req-a8f09443-ffff-4ff6-bf50-59925fe1f90d ] Request (ImagesNegativeTestJSON:test_create_image_from_deleted_server): 200 GET http://10.180.1.21/compute/v2.1/servers/c44d2180-a11c-4a23-a626-d0356d81b1ab 0.163s
2025-02-19 14:48:55.820 63026 INFO tempest.lib.common.rest_client [req-d1211f61-7218-460a-94ca-d6dc70df69c0 req-d1211f61-7218-460a-94ca-d6dc70df69c0 ] Request (AttachInterfacesV270Test:tearDownClass): 200 GET http://10.180.1.21/compute/v2.1/servers/431ae1de-747b-4543-a10a-59065f1fbbc2 0.157s
2025-02-19 14:48:55.859 63054 INFO tempest.lib.common.rest_client [req-dc75d844-4ed8-498a-92a6-0a6769f40f81 req-dc75d844-4ed8-498a-92a6-0a6769f40f81 ] Request (ServersAdminTestJSON:test_create_server_with_scheduling_hint): 200 GET http://10.180.1.21/compute/v2.1/servers/63deed87-537f-4999-8eaa-19d3472c114b 0.197s
2025-02-19 14:48:55.902 63052 INFO tempest.lib.common.rest_client [req-9b0d12b8-3524-4ed9-96df-962a30cda704 req-9b0d12b8-3524-4ed9-96df-962a30cda704 ] Request (SecurityGroupsTestJSON:test_server_security_groups): 200 GET http://10.180.1.21/compute/v2.1/servers/20a8a0f2-b24c-4097-b231-ef82b86bdda5 0.192s
2025-02-19 14:48:55.918 63044 INFO tempest.lib.common.rest_client [req-b1afb396-8e39-4261-bf64-1a651627736b req-b1afb396-8e39-4261-bf64-1a651627736b ] Request (ServerActionsTestOtherB:setUpClass): 200 GET http://10.180.1.21/compute/v2.1/servers/47a2f884-e89a-4114-ad54-a94ba493d07f 0.156s
2025-02-19 14:48:55.944 63010 INFO tempest.lib.common.rest_client [req-fc566a0a-baf5-4e55-a5a0-adc270080421 req-fc566a0a-baf5-4e55-a5a0-adc270080421 ] Request (ServerRescueNegativeTestJSON:setUpClass): 201 POST http://10.180.1.21:9696/networking/v2.0/networks 0.349s
2025-02-19 14:48:55.964 63020 INFO tempest.lib.common.rest_client [req-2b97649b-52b6-445e-97f2-3be6ffedb562 req-2b97649b-52b6-445e-97f2-3be6ffedb562 ] Request (ServerActionsV293TestJSON:setUpClass): 200 GET http://10.180.1.21/compute/v2.1/servers/5ff00e5a-676c-4d56-968e-1fb8866f79ac 0.189s
2025-02-19 14:48:55.975 63038 INFO tempest.lib.common.rest_client [req-14b99ac6-0d10-480d-a902-151dc2287487 req-14b99ac6-0d10-480d-a902-151dc2287487 ] Request (ListImageFiltersTestJSON:setUpClass): 200 GET http://10.180.1.21/compute/v2.1/servers/e1826804-fb88-4228-9e63-d6504704ca48 0.153s
2025-02-19 14:48:56.020 63046 INFO tempest.lib.common.rest_client [req-4181863a-acb9-40c5-ab40-ab89c43f7ed8 req-4181863a-acb9-40c5-ab40-ab89c43f7ed8 ] Request (VolumesAdminNegativeTest:test_update_attached_volume_with_nonexistent_volume_in_body): 200 GET http://10.180.1.21/compute/v2.1/servers/49e0c771-5fa5-4771-be72-ba78dcc3ec92 0.177s
2025-02-19 14:48:56.037 63016 INFO tempest.lib.common.rest_client [req-1e955521-2df1-476a-ba31-1bbd9ebded26 req-1e955521-2df1-476a-ba31-1bbd9ebded26 ] Request (MultipleCreateTestJSON:test_multiple_create): 200 GET http://10.180.1.21/compute/v2.1/servers/a802376d-992a-4976-a6ec-6de8c467e7c6 0.156s
2025-02-19 14:48:56.087 63056 INFO tempest.lib.common.rest_client [req-59df364c-8eb5-4025-a212-88edb524539a req-59df364c-8eb5-4025-a212-88edb524539a ] Request (ImagesTestJSON:test_create_image_from_suspended_server): 200 GET http://10.180.1.21/compute/v2.1/servers/b18e9c0e-e6b8-46f6-ac8b-8003ee9121fb 0.171s
2025-02-19 14:48:56.094 63000 INFO tempest.lib.common.rest_client [req-aa9b8dc7-f302-4ff4-898e-24c1575b6668 req-aa9b8dc7-f302-4ff4-898e-24c1575b6668 ] Request (MigrationsAdminTest:test_resize_server_revert_deleted_flavor): 200 GET http://10.180.1.21/compute/v2.1/servers/1b9677be-196b-403a-8d79-7b7c694046eb 0.134s
2025-02-19 14:48:56.136 63010 INFO tempest.lib.common.rest_client [req-ba2af2e2-f8f8-41f1-908e-a6bd78260784 req-ba2af2e2-f8f8-41f1-908e-a6bd78260784 ] Request (ServerRescueNegativeTestJSON:setUpClass): 201 POST http://10.180.1.21:9696/networking/v2.0/subnets 0.191s
2025-02-19 14:48:56.142 63042 INFO tempest.lib.common.rest_client [req-b2831588-d7c9-4668-b251-0965ea7f91d9 req-b2831588-d7c9-4668-b251-0965ea7f91d9 ] Request (ServersNegativeTestMultiTenantJSON:setUpClass): 200 GET http://10.180.1.21/compute/v2.1/servers/fd23c82e-4955-4be3-b034-5400270a19a3 0.077s
2025-02-19 14:48:56.334 63024 INFO tempest.lib.common.rest_client [req-7ddabedf-004b-4507-97d8-c27e3fbd5f88 req-7ddabedf-004b-4507-97d8-c27e3fbd5f88 ] Request (ListServerFiltersTestJSON:tearDownClass): 200 GET http://10.180.1.21/compute/v2.1/servers/fc58a6a3-d047-49a3-b758-0f191dd23c47 0.068s
2025-02-19 14:48:56.367 62994 INFO tempest.lib.common.rest_client [req-7f07d969-c1a2-4213-af4d-a1b0b67daada req-7f07d969-c1a2-4213-af4d-a1b0b67daada ] Request (ServersTestFqdnHostnames:test_create_server_with_fqdn_name): 200 GET http://10.180.1.21/compute/v2.1/servers/6ec72180-77e0-4add-8e79-d80a3b5adf2a 0.106s
2025-02-19 14:48:56.389 63008 INFO tempest.lib.common.rest_client [req-3cee26ab-96e4-4c92-a976-1c82870caab9 req-3cee26ab-96e4-4c92-a976-1c82870caab9 ] Request (ServersTestMultiNic:test_verify_duplicate_network_nics): 200 GET http://10.180.1.21/compute/v2.1/servers/e3b8ed45-0638-4f75-9c6f-c984702e660b 0.083s
2025-02-19 14:48:56.430 62996 INFO tempest.lib.common.rest_client [req-467228d6-d98e-4b93-866f-680cf3ec7b40 req-467228d6-d98e-4b93-866f-680cf3ec7b40 ] Request (FloatingIPsAssociationNegativeTestJSON:setUpClass): 200 GET http://10.180.1.21/compute/v2.1/servers/c6d9a643-9909-4127-a49e-24c49d4eccfd 0.052s
2025-02-19 14:48:56.517 63040 INFO tempest.lib.common.rest_client [req-4ce92a2e-f523-4b26-8e94-43b94b70c27a req-4ce92a2e-f523-4b26-8e94-43b94b70c27a ] Request (ServerActionsTestJSON:setUpClass): 200 GET http://10.180.1.21/compute/v2.1/servers/496adcc8-14d1-4dc5-96c4-d6547e4b51e0 0.051s
2025-02-19 14:48:56.618 63036 INFO tempest.lib.common.rest_client [req-b826265f-4b4c-4f23-afa4-90975f6d817d req-b826265f-4b4c-4f23-afa4-90975f6d817d ] Request (ImagesOneServerNegativeTestJSON:_run_cleanups): 200 GET http://10.180.1.21/compute/v2.1/servers/2169f132-7866-48a6-b419-37e64987f068 0.161s
2025-02-19 14:48:56.684 63032 INFO tempest.lib.common.rest_client [req-6a7500f3-8ac4-4cc9-80db-4653b8df3f9d req-6a7500f3-8ac4-4cc9-80db-4653b8df3f9d ] Request (AttachVolumeTestJSON:test_attach_detach_volume): 200 GET http://10.180.1.21/compute/v2.1/servers/3002f008-80ba-4e6b-8ec6-530646763010 0.179s
2025-02-19 14:48:56.698 63032 INFO tempest.common.waiters [-] State transition "BUILD/networking" ==> "BUILD/spawning" after 47 second wait
2025-02-19 14:48:56.719 63022 INFO tempest.lib.common.rest_client [req-bc57072a-0b2c-4a1f-8202-7585770d11e8 req-bc57072a-0b2c-4a1f-8202-7585770d11e8 ] Request (ServersAdminNegativeTestJSON:tearDownClass): 200 GET http://10.180.1.21/compute/v2.1/servers/eeb6bb89-1a96-42cf-ab40-888e39600d35 0.143s
2025-02-19 14:48:56.794 63012 INFO tempest.lib.common.rest_client [req-01a8a0cf-6b4e-4646-a822-6b4e0f8951f2 req-01a8a0cf-6b4e-4646-a822-6b4e0f8951f2 ] Request (AttachInterfacesTestJSON:test_create_list_show_delete_interfaces_by_fixed_ip): 200 GET http://10.180.1.21/compute/v2.1/servers/51bce6bc-d67b-40e2-8507-e46b368837eb 0.148s
2025-02-19 14:48:56.802 63014 INFO tempest.lib.common.rest_client [req-5a572864-a1c4-41f4-ba8c-868f54179bde req-5a572864-a1c4-41f4-ba8c-868f54179bde ] Request (ListServersNegativeTestJSON:setUpClass): 200 GET http://10.180.1.21/compute/v2.1/servers/11bc2536-ccfe-4597-bdbf-0f8952fdb0eb 0.157s
2025-02-19 14:48:56.859 63006 INFO tempest.lib.common.rest_client [req-6246998f-6ca3-475b-baac-8b182610efe5 req-6246998f-6ca3-475b-baac-8b182610efe5 ] Request (ServerDiagnosticsNegativeTest:tearDownClass): 200 GET http://10.180.1.21/compute/v2.1/servers/dfc4f2f6-fbaa-4c38-a080-c535c00a09c4 0.112s
2025-02-19 14:48:56.859 63034 INFO tempest.lib.common.rest_client [req-e0243ee2-1056-4926-a9ab-60237435bb41 req-e0243ee2-1056-4926-a9ab-60237435bb41 ] Request (DeleteServersTestJSON:test_delete_server_while_in_attached_volume): 200 GET http://10.180.1.21/compute/v2.1/servers/b5615d78-eee6-4e84-b5f2-d9ab6ca66e1e 0.145s
2025-02-19 14:48:56.924 63026 INFO tempest.lib.common.rest_client [req-3bb0d18c-51a9-4423-9888-61bf822465e0 req-3bb0d18c-51a9-4423-9888-61bf822465e0 ] Request (AttachInterfacesV270Test:tearDownClass): 200 GET http://10.180.1.21/compute/v2.1/servers/431ae1de-747b-4543-a10a-59065f1fbbc2 0.089s
2025-02-19 14:48:56.935 63031 INFO tempest.lib.common.rest_client [req-ee547c4e-b81a-470e-8908-43cb4e4a00a6 req-ee547c4e-b81a-470e-8908-43cb4e4a00a6 ] Request (ImagesNegativeTestJSON:test_create_image_from_deleted_server): 200 GET http://10.180.1.21/compute/v2.1/servers/c44d2180-a11c-4a23-a626-d0356d81b1ab 0.144s
2025-02-19 14:48:56.983 63054 INFO tempest.lib.common.rest_client [req-bc94cbcd-fd91-49fb-9417-394d0e3b0118 req-bc94cbcd-fd91-49fb-9417-394d0e3b0118 ] Request (ServersAdminTestJSON:test_create_server_with_scheduling_hint): 200 GET http://10.180.1.21/compute/v2.1/servers/63deed87-537f-4999-8eaa-19d3472c114b 0.115s
2025-02-19 14:48:57.009 63052 INFO tempest.lib.common.rest_client [req-7aea6d70-3a57-4886-a3af-8fedd2877926 req-7aea6d70-3a57-4886-a3af-8fedd2877926 ] Request (SecurityGroupsTestJSON:test_server_security_groups): 200 GET http://10.180.1.21/compute/v2.1/servers/20a8a0f2-b24c-4097-b231-ef82b86bdda5 0.098s
2025-02-19 14:48:57.025 63028 WARNING tempest.lib.common.ssh [-] Failed to establish authenticated ssh connection to cirros@10.180.180.149 ([Errno None] Unable to connect to port 22 on 10.180.180.149). Number attempts: 5. Retry after 6 seconds.: paramiko.ssh_exception.NoValidConnectionsError: [Errno None] Unable to connect to port 22 on 10.180.180.149
2025-02-19 14:48:57.038 63044 INFO tempest.lib.common.rest_client [req-e41f96e0-aac2-4719-9449-703fd0967d43 req-e41f96e0-aac2-4719-9449-703fd0967d43 ] Request (ServerActionsTestOtherB:setUpClass): 200 GET http://10.180.1.21/compute/v2.1/servers/47a2f884-e89a-4114-ad54-a94ba493d07f 0.111s
2025-02-19 14:48:57.072 63020 INFO tempest.lib.common.rest_client [req-25369024-61e2-4629-ba22-5a3394a4c70a req-25369024-61e2-4629-ba22-5a3394a4c70a ] Request (ServerActionsV293TestJSON:setUpClass): 200 GET http://10.180.1.21/compute/v2.1/servers/5ff00e5a-676c-4d56-968e-1fb8866f79ac 0.093s
2025-02-19 14:48:57.084 63038 INFO tempest.lib.common.rest_client [req-c2c58ac1-9aad-4bfb-8b0b-5e0ae29aaeba req-c2c58ac1-9aad-4bfb-8b0b-5e0ae29aaeba ] Request (ListImageFiltersTestJSON:setUpClass): 200 GET http://10.180.1.21/compute/v2.1/servers/e1826804-fb88-4228-9e63-d6504704ca48 0.097s
2025-02-19 14:48:57.133 63016 INFO tempest.lib.common.rest_client [req-094ce958-988f-4507-b802-f5e23ae75205 req-094ce958-988f-4507-b802-f5e23ae75205 ] Request (MultipleCreateTestJSON:test_multiple_create): 200 GET http://10.180.1.21/compute/v2.1/servers/a802376d-992a-4976-a6ec-6de8c467e7c6 0.081s
2025-02-19 14:48:57.139 63046 INFO tempest.lib.common.rest_client [req-faff8592-bba0-4d1f-9334-75d724491875 req-faff8592-bba0-4d1f-9334-75d724491875 ] Request (VolumesAdminNegativeTest:test_update_attached_volume_with_nonexistent_volume_in_body): 200 GET http://10.180.1.21/compute/v2.1/servers/49e0c771-5fa5-4771-be72-ba78dcc3ec92 0.109s
2025-02-19 14:48:57.182 63056 INFO tempest.lib.common.rest_client [req-e1d2c08a-618a-403e-8cac-071ee561fdda req-e1d2c08a-618a-403e-8cac-071ee561fdda ] Request (ImagesTestJSON:test_create_image_from_suspended_server): 200 GET http://10.180.1.21/compute/v2.1/servers/b18e9c0e-e6b8-46f6-ac8b-8003ee9121fb 0.080s
2025-02-19 14:48:57.200 63000 INFO tempest.lib.common.rest_client [req-9c645ce7-8743-4583-a095-a0c421ba8a06 req-9c645ce7-8743-4583-a095-a0c421ba8a06 ] Request (MigrationsAdminTest:test_resize_server_revert_deleted_flavor): 200 GET http://10.180.1.21/compute/v2.1/servers/1b9677be-196b-403a-8d79-7b7c694046eb 0.096s
2025-02-19 14:48:57.231 63042 INFO tempest.lib.common.rest_client [req-57514ce1-f237-46ad-a4e0-70f204202eab req-57514ce1-f237-46ad-a4e0-70f204202eab ] Request (ServersNegativeTestMultiTenantJSON:setUpClass): 200 GET http://10.180.1.21/compute/v2.1/servers/fd23c82e-4955-4be3-b034-5400270a19a3 0.082s
2025-02-19 14:48:57.242 63010 INFO tempest.lib.common.rest_client [req-cd2e17e5-9a4b-411d-bcfe-86f02b45124a req-cd2e17e5-9a4b-411d-bcfe-86f02b45124a ] Request (ServerRescueNegativeTestJSON:setUpClass): 201 POST http://10.180.1.21:9696/networking/v2.0/routers 1.105s
2025-02-19 14:48:57.432 63024 INFO tempest.lib.common.rest_client [req-721fba57-768b-4e26-8bcc-406f3bc370f4 req-721fba57-768b-4e26-8bcc-406f3bc370f4 ] Request (ListServerFiltersTestJSON:tearDownClass): 200 GET http://10.180.1.21/compute/v2.1/servers/fc58a6a3-d047-49a3-b758-0f191dd23c47 0.086s
2025-02-19 14:48:57.477 63008 INFO tempest.lib.common.rest_client [req-22f2dc5b-9ee3-426d-aa38-0d83af5f1f0a req-22f2dc5b-9ee3-426d-aa38-0d83af5f1f0a ] Request (ServersTestMultiNic:test_verify_duplicate_network_nics): 200 GET http://10.180.1.21/compute/v2.1/servers/e3b8ed45-0638-4f75-9c6f-c984702e660b 0.080s
2025-02-19 14:48:57.524 62996 INFO tempest.lib.common.rest_client [req-e621064b-ab95-458b-8891-15327a7642a3 req-e621064b-ab95-458b-8891-15327a7642a3 ] Request (FloatingIPsAssociationNegativeTestJSON:setUpClass): 200 GET http://10.180.1.21/compute/v2.1/servers/c6d9a643-9909-4127-a49e-24c49d4eccfd 0.084s
2025-02-19 14:48:57.553 62994 INFO tempest.lib.common.rest_client [req-674bdc01-cb3e-40ed-99b6-b5add2156592 req-674bdc01-cb3e-40ed-99b6-b5add2156592 ] Request (ServersTestFqdnHostnames:test_create_server_with_fqdn_name): 200 GET http://10.180.1.21/compute/v2.1/servers/6ec72180-77e0-4add-8e79-d80a3b5adf2a 0.178s
2025-02-19 14:48:57.577 63040 INFO tempest.lib.common.rest_client [req-eecc8257-5dac-41c7-9eb9-d671b7f2a724 req-eecc8257-5dac-41c7-9eb9-d671b7f2a724 ] Request (ServerActionsTestJSON:setUpClass): 200 GET http://10.180.1.21/compute/v2.1/servers/496adcc8-14d1-4dc5-96c4-d6547e4b51e0 0.050s
2025-02-19 14:48:57.695 63036 INFO tempest.lib.common.rest_client [req-d03aa5ae-27ed-4d17-b727-b4ccc99451c9 req-d03aa5ae-27ed-4d17-b727-b4ccc99451c9 ] Request (ImagesOneServerNegativeTestJSON:_run_cleanups): 200 GET http://10.180.1.21/compute/v2.1/servers/2169f132-7866-48a6-b419-37e64987f068 0.069s
2025-02-19 14:48:57.794 63022 INFO tempest.lib.common.rest_client [req-ea7f6221-bd13-48f1-9cfb-c2d9eca9274c req-ea7f6221-bd13-48f1-9cfb-c2d9eca9274c ] Request (ServersAdminNegativeTestJSON:tearDownClass): 200 GET http://10.180.1.21/compute/v2.1/servers/eeb6bb89-1a96-42cf-ab40-888e39600d35 0.065s
2025-02-19 14:48:57.799 63032 INFO tempest.lib.common.rest_client [req-5f60aa43-2326-4f16-9602-4d498095e9d0 req-5f60aa43-2326-4f16-9602-4d498095e9d0 ] Request (AttachVolumeTestJSON:test_attach_detach_volume): 200 GET http://10.180.1.21/compute/v2.1/servers/3002f008-80ba-4e6b-8ec6-530646763010 0.099s
2025-02-19 14:48:57.865 63012 INFO tempest.lib.common.rest_client [req-f3325cda-6256-4d26-b2eb-ba32b264bf07 req-f3325cda-6256-4d26-b2eb-ba32b264bf07 ] Request (AttachInterfacesTestJSON:test_create_list_show_delete_interfaces_by_fixed_ip): 200 GET http://10.180.1.21/compute/v2.1/servers/51bce6bc-d67b-40e2-8507-e46b368837eb 0.055s
2025-02-19 14:48:57.926 63014 INFO tempest.lib.common.rest_client [req-c3cf2c03-0d89-478c-8099-0d3e517bd172 req-c3cf2c03-0d89-478c-8099-0d3e517bd172 ] Request (ListServersNegativeTestJSON:setUpClass): 200 GET http://10.180.1.21/compute/v2.1/servers/11bc2536-ccfe-4597-bdbf-0f8952fdb0eb 0.109s
2025-02-19 14:48:57.939 63014 INFO tempest.common.waiters [-] State transition "BUILD/spawning" ==> "ACTIVE/None" after 46 second wait
2025-02-19 14:48:57.943 63006 INFO tempest.lib.common.rest_client [req-cc456352-3c32-4b5e-9946-2dcde54e0646 req-cc456352-3c32-4b5e-9946-2dcde54e0646 ] Request (ServerDiagnosticsNegativeTest:tearDownClass): 200 GET http://10.180.1.21/compute/v2.1/servers/dfc4f2f6-fbaa-4c38-a080-c535c00a09c4 0.071s
2025-02-19 14:48:57.991 63034 INFO tempest.lib.common.rest_client [req-693f02e8-8505-47e9-8c59-090cdd533687 req-693f02e8-8505-47e9-8c59-090cdd533687 ] Request (DeleteServersTestJSON:test_delete_server_while_in_attached_volume): 200 GET http://10.180.1.21/compute/v2.1/servers/b5615d78-eee6-4e84-b5f2-d9ab6ca66e1e 0.117s
2025-02-19 14:48:58.014 63026 INFO tempest.lib.common.rest_client [req-a0e40f29-dcc3-4eb5-898e-c514e5b4c65a req-a0e40f29-dcc3-4eb5-898e-c514e5b4c65a ] Request (AttachInterfacesV270Test:tearDownClass): 200 GET http://10.180.1.21/compute/v2.1/servers/431ae1de-747b-4543-a10a-59065f1fbbc2 0.073s
2025-02-19 14:48:58.079 63031 INFO tempest.lib.common.rest_client [req-39268203-7c9a-4168-8d62-e9471ae5cc2d req-39268203-7c9a-4168-8d62-e9471ae5cc2d ] Request (ImagesNegativeTestJSON:test_create_image_from_deleted_server): 200 GET http://10.180.1.21/compute/v2.1/servers/c44d2180-a11c-4a23-a626-d0356d81b1ab 0.137s
2025-02-19 14:48:58.092 63010 INFO tempest.lib.common.rest_client [req-5934c544-cf0f-42f7-bc65-5dda8888cbee req-5934c544-cf0f-42f7-bc65-5dda8888cbee ] Request (ServerRescueNegativeTestJSON:setUpClass): 200 PUT http://10.180.1.21:9696/networking/v2.0/routers/a2418556-9677-4dbb-83d1-1c1c585c9f94/add_router_interface 0.849s
2025-02-19 14:48:58.092 63010 INFO tempest.lib.common.dynamic_creds [-] Created isolated network resources for: credentials: Credentials: {'domain_id': 'default', 'domain_name': 'Default', 'username': 'tempest-ServerRescueNegativeTestJSON-1809963252-project-member', 'project_domain_id': 'default', 'project_domain_name': 'Default', 'project_id': '69654c94008a4cb092d0c3331eee39a8', 'project_name': 'tempest-ServerRescueNegativeTestJSON-1809963252', 'tenant_id': '69654c94008a4cb092d0c3331eee39a8', 'tenant_name': 'tempest-ServerRescueNegativeTestJSON-1809963252', 'user_domain_id': 'default', 'user_domain_name': 'Default', 'user_id': '9bfbd7a2acf1492ea583295a4d9abdf2', 'system': None}, Network: {'id': 'aed2191d-8147-4a2c-851e-68890c98edb9', 'name': 'tempest-ServerRescueNegativeTestJSON-2000836325-network', 'tenant_id': '69654c94008a4cb092d0c3331eee39a8', 'admin_state_up': True, 'mtu': 8950, 'status': 'ACTIVE', 'subnets': [], 'shared': False, 'project_id': '69654c94008a4cb092d0c3331eee39a8', 'port_security_enabled': True, 'router:external': False, 'provider:network_type': 'vlan', 'provider:physical_network': 'default', 'provider:segmentation_id': 555, 'availability_zone_hints': [], 'availability_zones': [], 'ipv4_address_scope': None, 'ipv6_address_scope': None, 'description': '', 'tags': [], 'created_at': '2025-02-19T14:48:55Z', 'updated_at': '2025-02-19T14:48:55Z', 'revision_number': 1}, Subnet: {'id': 'a6dc21ad-8320-438e-a9af-1ea1aa75d3be', 'name': 'tempest-ServerRescueNegativeTestJSON-2000836325-subnet', 'tenant_id': '69654c94008a4cb092d0c3331eee39a8', 'network_id': 'aed2191d-8147-4a2c-851e-68890c98edb9', 'ip_version': 4, 'subnetpool_id': None, 'enable_dhcp': True, 'ipv6_ra_mode': None, 'ipv6_address_mode': None, 'gateway_ip': '192.168.128.1', 'cidr': '192.168.128.0/28', 'allocation_pools': [{'start': '192.168.128.2', 'end': '192.168.128.14'}], 'host_routes': [], 'dns_nameservers': [], 'description': '', 'router:external': False, 'service_types': [], 'tags': [], 'created_at': '2025-02-19T14:48:56Z', 'updated_at': '2025-02-19T14:48:56Z', 'revision_number': 0, 'project_id': '69654c94008a4cb092d0c3331eee39a8'}, Router: {'id': 'a2418556-9677-4dbb-83d1-1c1c585c9f94', 'name': 'tempest-ServerRescueNegativeTestJSON-2000836325-router', 'tenant_id': '69654c94008a4cb092d0c3331eee39a8', 'admin_state_up': True, 'status': 'ACTIVE', 'external_gateway_info': {'network_id': '5a99d2cc-8c90-4248-bcfb-7350e6558ae2', 'external_fixed_ips': [{'subnet_id': '92a9b299-f70e-4a2a-8e60-5f36dfe639c1', 'ip_address': '10.180.180.159'}], 'enable_snat': True}, 'description': '', 'availability_zones': [], 'distributed': False, 'ha': False, 'availability_zone_hints': [], 'routes': [], 'flavor_id': None, 'tags': [], 'created_at': '2025-02-19T14:48:56Z', 'updated_at': '2025-02-19T14:48:56Z', 'revision_number': 2, 'project_id': '69654c94008a4cb092d0c3331eee39a8'}
2025-02-19 14:48:58.132 63054 INFO tempest.lib.common.rest_client [req-58966c4e-5fb6-4266-b7ca-7c8b87cd9966 req-58966c4e-5fb6-4266-b7ca-7c8b87cd9966 ] Request (ServersAdminTestJSON:test_create_server_with_scheduling_hint): 200 GET http://10.180.1.21/compute/v2.1/servers/63deed87-537f-4999-8eaa-19d3472c114b 0.141s
2025-02-19 14:48:58.182 63052 INFO tempest.lib.common.rest_client [req-5c72a596-d230-4cbb-9333-6c9cb37c3b07 req-5c72a596-d230-4cbb-9333-6c9cb37c3b07 ] Request (SecurityGroupsTestJSON:test_server_security_groups): 200 GET http://10.180.1.21/compute/v2.1/servers/20a8a0f2-b24c-4097-b231-ef82b86bdda5 0.164s
2025-02-19 14:48:58.203 63010 INFO tempest.lib.common.rest_client [req-69b4af59-e165-4d51-8dcb-914cd6156c4a req-69b4af59-e165-4d51-8dcb-914cd6156c4a ] Request (ServerRescueNegativeTestJSON:setUpClass): 201 POST http://10.180.1.21/identity/v3/auth/tokens 0.107s
2025-02-19 14:48:58.236 63044 INFO tempest.lib.common.rest_client [req-712fa7ad-85bd-466e-a135-3e587449edc0 req-712fa7ad-85bd-466e-a135-3e587449edc0 ] Request (ServerActionsTestOtherB:setUpClass): 200 GET http://10.180.1.21/compute/v2.1/servers/47a2f884-e89a-4114-ad54-a94ba493d07f 0.187s
2025-02-19 14:48:58.253 63010 INFO tempest.lib.common.rest_client [req-328a9c27-c766-4480-a79e-b1286d63d02d req-328a9c27-c766-4480-a79e-b1286d63d02d ] Request (ServerRescueNegativeTestJSON:setUpClass): 201 POST http://10.180.1.21/identity/v3/auth/tokens 0.047s
2025-02-19 14:48:58.254 63010 INFO tempest.lib.common.fixed_network [-] (ServerRescueNegativeTestJSON:setUpClass) Found network {'id': 'aed2191d-8147-4a2c-851e-68890c98edb9', 'name': 'tempest-ServerRescueNegativeTestJSON-2000836325-network', 'tenant_id': '69654c94008a4cb092d0c3331eee39a8', 'admin_state_up': True, 'mtu': 8950, 'status': 'ACTIVE', 'subnets': [], 'shared': False, 'project_id': '69654c94008a4cb092d0c3331eee39a8', 'port_security_enabled': True, 'router:external': False, 'provider:network_type': 'vlan', 'provider:physical_network': 'default', 'provider:segmentation_id': 555, 'availability_zone_hints': [], 'availability_zones': [], 'ipv4_address_scope': None, 'ipv6_address_scope': None, 'description': '', 'tags': [], 'created_at': '2025-02-19T14:48:55Z', 'updated_at': '2025-02-19T14:48:55Z', 'revision_number': 1} available for tenant
2025-02-19 14:48:58.296 63020 INFO tempest.lib.common.rest_client [req-698b9f44-9f49-4456-9276-2fd8e811a18d req-698b9f44-9f49-4456-9276-2fd8e811a18d ] Request (ServerActionsV293TestJSON:setUpClass): 200 GET http://10.180.1.21/compute/v2.1/servers/5ff00e5a-676c-4d56-968e-1fb8866f79ac 0.211s
2025-02-19 14:48:58.348 63038 INFO tempest.lib.common.rest_client [req-2f91ff07-167c-4a55-8a97-c9256719730a req-2f91ff07-167c-4a55-8a97-c9256719730a ] Request (ListImageFiltersTestJSON:setUpClass): 200 GET http://10.180.1.21/compute/v2.1/servers/e1826804-fb88-4228-9e63-d6504704ca48 0.256s
2025-02-19 14:48:58.397 63016 INFO tempest.lib.common.rest_client [req-0936d62d-ec8a-47b7-843a-9b21cc5b83e4 req-0936d62d-ec8a-47b7-843a-9b21cc5b83e4 ] Request (MultipleCreateTestJSON:test_multiple_create): 200 GET http://10.180.1.21/compute/v2.1/servers/a802376d-992a-4976-a6ec-6de8c467e7c6 0.254s
2025-02-19 14:48:58.428 63014 INFO tempest.lib.common.rest_client [req-6c81fb79-acd3-4039-94d2-28016f2e7fea req-6c81fb79-acd3-4039-94d2-28016f2e7fea ] Request (ListServersNegativeTestJSON:setUpClass): 200 GET http://10.180.1.21/compute/v2.1/servers/3d51301e-20ba-4a1b-8b18-0e5080ab910a 0.489s
2025-02-19 14:48:58.491 63056 INFO tempest.lib.common.rest_client [req-a945831c-a8ac-4eb9-8ac0-42d9c52e4457 req-a945831c-a8ac-4eb9-8ac0-42d9c52e4457 ] Request (ImagesTestJSON:test_create_image_from_suspended_server): 200 GET http://10.180.1.21/compute/v2.1/servers/b18e9c0e-e6b8-46f6-ac8b-8003ee9121fb 0.300s
2025-02-19 14:48:58.523 63046 INFO tempest.lib.common.rest_client [req-1b238f99-f25b-4471-9d64-dca3abbb7f76 req-1b238f99-f25b-4471-9d64-dca3abbb7f76 ] Request (VolumesAdminNegativeTest:test_update_attached_volume_with_nonexistent_volume_in_body): 200 GET http://10.180.1.21/compute/v2.1/servers/49e0c771-5fa5-4771-be72-ba78dcc3ec92 0.375s
2025-02-19 14:48:58.532 63046 INFO tempest.common.waiters [-] State transition "BUILD/None" ==> "BUILD/networking" after 47 second wait
2025-02-19 14:48:58.555 63000 INFO tempest.lib.common.rest_client [req-a34bb79e-c6b8-449c-9de0-c4d75ed3b975 req-a34bb79e-c6b8-449c-9de0-c4d75ed3b975 ] Request (MigrationsAdminTest:test_resize_server_revert_deleted_flavor): 200 GET http://10.180.1.21/compute/v2.1/servers/1b9677be-196b-403a-8d79-7b7c694046eb 0.347s
2025-02-19 14:48:58.576 63042 INFO tempest.lib.common.rest_client [req-5c897efe-fa74-4855-85de-86d7dde7bf49 req-5c897efe-fa74-4855-85de-86d7dde7bf49 ] Request (ServersNegativeTestMultiTenantJSON:setUpClass): 200 GET http://10.180.1.21/compute/v2.1/servers/fd23c82e-4955-4be3-b034-5400270a19a3 0.338s
2025-02-19 14:48:58.730 63014 INFO tempest.lib.common.rest_client [req-e122d519-fb45-4bcd-8830-5a06bdd69c68 req-e122d519-fb45-4bcd-8830-5a06bdd69c68 ] Request (ListServersNegativeTestJSON:setUpClass): 200 GET http://10.180.1.21/compute/v2.1/servers/97740935-a6d9-403a-8c2f-45350389c0e1 0.294s
2025-02-19 14:48:58.792 63024 INFO tempest.lib.common.rest_client [req-9c8dfb84-456c-4213-bdc4-276878732f21 req-9c8dfb84-456c-4213-bdc4-276878732f21 ] Request (ListServerFiltersTestJSON:tearDownClass): 200 GET http://10.180.1.21/compute/v2.1/servers/fc58a6a3-d047-49a3-b758-0f191dd23c47 0.352s
2025-02-19 14:48:58.818 63004 WARNING tempest.lib.common.ssh [-] Failed to establish authenticated ssh connection to cirros@10.180.180.213 ([Errno None] Unable to connect to port 22 on 10.180.180.213). Number attempts: 8. Retry after 9 seconds.: paramiko.ssh_exception.NoValidConnectionsError: [Errno None] Unable to connect to port 22 on 10.180.180.213
2025-02-19 14:48:58.839 63008 INFO tempest.lib.common.rest_client [req-fcc0e224-4a3c-421d-8f2c-7012f7f4843b req-fcc0e224-4a3c-421d-8f2c-7012f7f4843b ] Request (ServersTestMultiNic:test_verify_duplicate_network_nics): 200 GET http://10.180.1.21/compute/v2.1/servers/e3b8ed45-0638-4f75-9c6f-c984702e660b 0.351s
2025-02-19 14:48:58.887 62996 INFO tempest.lib.common.rest_client [req-200b6d90-b7a5-4727-801e-244c91feda0b req-200b6d90-b7a5-4727-801e-244c91feda0b ] Request (FloatingIPsAssociationNegativeTestJSON:setUpClass): 200 GET http://10.180.1.21/compute/v2.1/servers/c6d9a643-9909-4127-a49e-24c49d4eccfd 0.353s
2025-02-19 14:48:58.982 62994 INFO tempest.lib.common.rest_client [req-964eb38c-0a6e-490c-974a-1e1e234734f8 req-964eb38c-0a6e-490c-974a-1e1e234734f8 ] Request (ServersTestFqdnHostnames:test_create_server_with_fqdn_name): 200 GET http://10.180.1.21/compute/v2.1/servers/6ec72180-77e0-4add-8e79-d80a3b5adf2a 0.422s
2025-02-19 14:48:59.037 63040 INFO tempest.lib.common.rest_client [req-0b2d37a0-aafd-4b98-8965-29d707d35f25 req-0b2d37a0-aafd-4b98-8965-29d707d35f25 ] Request (ServerActionsTestJSON:setUpClass): 200 GET http://10.180.1.21/compute/v2.1/servers/496adcc8-14d1-4dc5-96c4-d6547e4b51e0 0.452s
2025-02-19 14:48:59.103 63036 INFO tempest.lib.common.rest_client [req-b2867131-11bb-43b0-81b0-46295a0cd9f7 req-b2867131-11bb-43b0-81b0-46295a0cd9f7 ] Request (ImagesOneServerNegativeTestJSON:_run_cleanups): 200 GET http://10.180.1.21/compute/v2.1/servers/2169f132-7866-48a6-b419-37e64987f068 0.400s
2025-02-19 14:48:59.111 63036 INFO tempest.common.waiters [-] State transition "ACTIVE/deleting" ==> "DELETED/None" after 5 second wait
2025-02-19 14:48:59.186 63014 INFO tempest.lib.common.rest_client [req-aa7eb72e-ae18-4054-a21c-78ff8c369355 req-aa7eb72e-ae18-4054-a21c-78ff8c369355 ] Request (ListServersNegativeTestJSON:setUpClass): 204 DELETE http://10.180.1.21/compute/v2.1/servers/97740935-a6d9-403a-8c2f-45350389c0e1 0.439s
2025-02-19 14:48:59.248 63022 INFO tempest.lib.common.rest_client [req-6bc4cc28-95f5-4c80-82d3-d0d169a19d84 req-6bc4cc28-95f5-4c80-82d3-d0d169a19d84 ] Request (ServersAdminNegativeTestJSON:tearDownClass): 200 GET http://10.180.1.21/compute/v2.1/servers/eeb6bb89-1a96-42cf-ab40-888e39600d35 0.445s
2025-02-19 14:48:59.257 63010 INFO tempest.lib.common.rest_client [req-859f62f7-9ad6-49ef-8646-16af39807592 req-859f62f7-9ad6-49ef-8646-16af39807592 ] Request (ServerRescueNegativeTestJSON:setUpClass): 202 POST http://10.180.1.21/compute/v2.1/servers 1.002s
2025-02-19 14:48:59.324 63012 INFO tempest.lib.common.rest_client [req-c77e166d-57d9-475e-9f07-cf0f2d30a2e6 req-c77e166d-57d9-475e-9f07-cf0f2d30a2e6 ] Request (AttachInterfacesTestJSON:test_create_list_show_delete_interfaces_by_fixed_ip): 200 GET http://10.180.1.21/compute/v2.1/servers/51bce6bc-d67b-40e2-8507-e46b368837eb 0.448s
2025-02-19 14:48:59.332 63012 INFO tempest.common.waiters [-] State transition "BUILD/scheduling" ==> "BUILD/None" after 34 second wait
2025-02-19 14:48:59.352 63032 INFO tempest.lib.common.rest_client [req-4782d6e1-e134-473a-ba34-c0d17c41525e req-4782d6e1-e134-473a-ba34-c0d17c41525e ] Request (AttachVolumeTestJSON:test_attach_detach_volume): 200 GET http://10.180.1.21/compute/v2.1/servers/3002f008-80ba-4e6b-8ec6-530646763010 0.543s
