2025-02-19 14:48:25.921 63056 INFO tempest.lib.common.rest_client [req-3bae80a3-2e11-4a56-9499-cc40b06b44f2 req-3bae80a3-2e11-4a56-9499-cc40b06b44f2 ] Request (ImagesTestJSON:test_create_image_from_suspended_server): 200 GET http://10.180.1.21/compute/v2.1/servers/b18e9c0e-e6b8-46f6-ac8b-8003ee9121fb 0.923s
2025-02-19 14:48:25.967 63031 INFO tempest.lib.common.rest_client [req-682476f6-84a7-4298-90aa-67d12a91b02a req-682476f6-84a7-4298-90aa-67d12a91b02a ] Request (ImagesNegativeTestJSON:test_create_image_from_deleted_server): 200 GET http://10.180.1.21/compute/v2.1/servers/c44d2180-a11c-4a23-a626-d0356d81b1ab 0.914s
2025-02-19 14:48:25.977 62996 INFO tempest.lib.common.rest_client [req-4222450c-55b6-482d-931a-3a0fc3e3a398 req-4222450c-55b6-482d-931a-3a0fc3e3a398 ] Request (TenantUsagesTestJSON:tearDownClass): 200 GET http://10.180.1.21:9696/networking/v2.0/security-groups?tenant_id=422c72c1e7c248298522d990c59f401e&name=default 0.142s
2025-02-19 14:48:26.105 62996 INFO tempest.lib.common.rest_client [req-e14fd0de-ff97-4330-9b30-0b0bafb740b7 req-e14fd0de-ff97-4330-9b30-0b0bafb740b7 ] Request (TenantUsagesTestJSON:tearDownClass): 204 DELETE http://10.180.1.21:9696/networking/v2.0/security-groups/63af5c27-7e2d-483b-be77-5ff9b302f3f8 0.127s
2025-02-19 14:48:26.118 63052 INFO tempest.lib.common.rest_client [req-38a26580-ac74-412c-9680-5c959662bb92 req-38a26580-ac74-412c-9680-5c959662bb92 ] Request (SecurityGroupsTestJSON:test_security_groups_create_list_delete): 200 POST http://10.180.1.21/compute/v2.1/os-security-groups 0.958s
2025-02-19 14:48:26.173 63014 INFO tempest.lib.common.rest_client [req-47c21494-e224-42c3-b944-55ebe4317c55 req-47c21494-e224-42c3-b944-55ebe4317c55 ] Request (ListServersNegativeTestJSON:setUpClass): 200 GET http://10.180.1.21/compute/v2.1/servers/11bc2536-ccfe-4597-bdbf-0f8952fdb0eb 0.960s
2025-02-19 14:48:26.216 62996 INFO tempest.lib.common.rest_client [req-2d4b4e72-faf3-4c4b-9e3a-71a1516c0f91 req-2d4b4e72-faf3-4c4b-9e3a-71a1516c0f91 ] Request (TenantUsagesTestJSON:tearDownClass): 204 DELETE http://10.180.1.21/identity/v3/projects/422c72c1e7c248298522d990c59f401e 0.111s
2025-02-19 14:48:26.256 63006 INFO tempest.lib.common.rest_client [req-74e2b3c7-49d5-40e2-ab2e-a3f5e51fcfe2 req-74e2b3c7-49d5-40e2-ab2e-a3f5e51fcfe2 ] Request (ServerDiagnosticsNegativeTest:tearDownClass): 204 DELETE http://10.180.1.21/compute/v2.1/servers/dfc4f2f6-fbaa-4c38-a080-c535c00a09c4 1.002s
2025-02-19 14:48:26.270 62996 INFO tempest.lib.common.rest_client [req-db121a54-d1b4-428e-9537-0772dcdbb9e7 req-db121a54-d1b4-428e-9537-0772dcdbb9e7 ] Request (FloatingIPsAssociationNegativeTestJSON:setUpClass): 201 POST http://10.180.1.21/identity/v3/auth/tokens 0.052s
2025-02-19 14:48:26.315 63046 INFO tempest.lib.common.rest_client [req-d7cd3a8e-d29b-4d81-8abb-d2276fe5a87c req-d7cd3a8e-d29b-4d81-8abb-d2276fe5a87c ] Request (VolumesAdminNegativeTest:test_update_attached_volume_with_nonexistent_volume_in_body): 200 GET http://10.180.1.21/compute/v2.1/servers/49e0c771-5fa5-4771-be72-ba78dcc3ec92 1.025s
2025-02-19 14:48:26.316 63028 INFO tempest.lib.common.rest_client [req-a153101c-40df-4063-94bc-cb0714cffc16 req-a153101c-40df-4063-94bc-cb0714cffc16 ] Request (ServersWithSpecificFlavorTestJSON:test_verify_created_server_ephemeral_disk): 200 PUT http://10.180.1.21:9696/networking/v2.0/floatingips/9fc38e4a-66d3-4769-bd83-82c79ffd44e2 1.235s
2025-02-19 14:48:26.324 62996 INFO tempest.lib.common.rest_client [req-d35063d4-85a1-4c9a-9ea2-c22618d5d711 req-d35063d4-85a1-4c9a-9ea2-c22618d5d711 ] Request (FloatingIPsAssociationNegativeTestJSON:setUpClass): 201 POST http://10.180.1.21/identity/v3/auth/tokens 0.051s
2025-02-19 14:48:26.354 62996 INFO tempest.lib.common.rest_client [req-56c327ba-87dc-46c1-983f-b8fb6c83ebb6 req-56c327ba-87dc-46c1-983f-b8fb6c83ebb6 ] Request (FloatingIPsAssociationNegativeTestJSON:setUpClass): 200 GET http://10.180.1.21/identity/v3/domains?name=Default 0.030s
2025-02-19 14:48:26.360 63036 INFO tempest.lib.common.rest_client [req-a19291d0-db7b-4c7d-aaaf-d43b8883f909 req-a19291d0-db7b-4c7d-aaaf-d43b8883f909 ] Request (ImagesOneServerNegativeTestJSON:setUpClass): 200 GET http://10.180.1.21/compute/v2.1/servers/2169f132-7866-48a6-b419-37e64987f068 1.209s
2025-02-19 14:48:26.381 63018 INFO tempest.lib.common.rest_client [req-0e93a84f-464a-41c7-8b8f-6845a59c4ded req-0e93a84f-464a-41c7-8b8f-6845a59c4ded ] Request (ServerGroup264TestJSON:test_create_get_server_group): 200 GET http://10.180.1.21/compute/v2.1/os-server-groups 0.950s
2025-02-19 14:48:26.394 62996 INFO tempest.lib.common.rest_client [req-ec62364c-50a7-4425-8163-93edfa0fae62 req-ec62364c-50a7-4425-8163-93edfa0fae62 ] Request (FloatingIPsAssociationNegativeTestJSON:setUpClass): 201 POST http://10.180.1.21/identity/v3/projects 0.039s
2025-02-19 14:48:26.421 63022 INFO tempest.lib.common.rest_client [req-af5bb189-31d4-45ce-84ec-7f2a2b8e0764 req-af5bb189-31d4-45ce-84ec-7f2a2b8e0764 ] Request (ServersAdminNegativeTestJSON:test_migrate_server_invalid_state): 202 POST http://10.180.1.21/compute/v2.1/servers/eeb6bb89-1a96-42cf-ab40-888e39600d35/action 1.083s
2025-02-19 14:48:26.475 62996 INFO tempest.lib.common.rest_client [req-817432aa-3bea-463e-8846-cc1e246a063d req-817432aa-3bea-463e-8846-cc1e246a063d ] Request (FloatingIPsAssociationNegativeTestJSON:setUpClass): 201 POST http://10.180.1.21/identity/v3/users 0.081s
2025-02-19 14:48:26.496 62996 INFO tempest.lib.common.rest_client [req-c2912b16-779d-4826-916a-5938080c8a13 req-c2912b16-779d-4826-916a-5938080c8a13 ] Request (FloatingIPsAssociationNegativeTestJSON:setUpClass): 200 GET http://10.180.1.21/identity/v3/roles 0.020s
2025-02-19 14:48:26.504 63044 INFO tempest.lib.common.rest_client [req-e15944c7-e9e0-481f-8341-0184d43f2afe req-e15944c7-e9e0-481f-8341-0184d43f2afe ] Request (InstanceActionsTestJSON:tearDownClass): 200 GET http://10.180.1.21/compute/v2.1/servers/f96581fd-030c-47c5-9867-c1a105dd4342 0.915s
2025-02-19 14:48:26.528 62996 INFO tempest.lib.common.rest_client [req-049ebeff-6d35-4730-ac89-3d4b0eec73af req-049ebeff-6d35-4730-ac89-3d4b0eec73af ] Request (FloatingIPsAssociationNegativeTestJSON:setUpClass): 204 PUT http://10.180.1.21/identity/v3/projects/570600080705425b9baa89e7d877d062/users/108e07a7f290492ab659dc2e143f0132/roles/44f292eb10a044b3b4dd14d0926e140f 0.031s
2025-02-19 14:48:26.528 62996 INFO tempest.lib.common.dynamic_creds [-] Dynamic test user 108e07a7f290492ab659dc2e143f0132 is created with scope project and roles: ['member']
2025-02-19 14:48:26.529 62996 INFO tempest.lib.common.dynamic_creds [-] Acquired dynamic creds: credentials: Credentials: {'domain_id': 'default', 'domain_name': 'Default', 'username': 'tempest-FloatingIPsAssociationNegativeTestJSON-1167640770-project-member', 'project_domain_id': 'default', 'project_domain_name': 'Default', 'project_id': '570600080705425b9baa89e7d877d062', 'project_name': 'tempest-FloatingIPsAssociationNegativeTestJSON-1167640770', 'tenant_id': '570600080705425b9baa89e7d877d062', 'tenant_name': 'tempest-FloatingIPsAssociationNegativeTestJSON-1167640770', 'user_domain_id': 'default', 'user_domain_name': 'Default', 'user_id': '108e07a7f290492ab659dc2e143f0132', 'system': None}, Network: None, Subnet: None, Router: None
2025-02-19 14:48:26.573 63008 INFO tempest.lib.common.rest_client [req-545be11b-e518-407c-83fe-41780869e71f req-545be11b-e518-407c-83fe-41780869e71f ] Request (ServersTestMultiNic:test_verify_duplicate_network_nics): 200 GET http://10.180.1.21/compute/v2.1/servers/e3b8ed45-0638-4f75-9c6f-c984702e660b 0.749s
2025-02-19 14:48:26.597 62996 INFO tempest.lib.common.rest_client [req-49efeeb3-43b2-443e-b3b7-75ea5d18e8de req-49efeeb3-43b2-443e-b3b7-75ea5d18e8de ] Request (FloatingIPsAssociationNegativeTestJSON:setUpClass): 201 POST http://10.180.1.21/identity/v3/auth/tokens 0.067s
2025-02-19 14:48:26.607 63020 INFO tempest.lib.common.rest_client [req-0bdce089-2679-4a38-aa07-0ad4ca23cf17 req-0bdce089-2679-4a38-aa07-0ad4ca23cf17 ] Request (ServerActionsV293TestJSON:setUpClass): 201 POST http://10.180.1.21/compute/v2.1/os-keypairs 1.026s
2025-02-19 14:48:26.633 63016 INFO tempest.lib.common.rest_client [req-252f06a7-bfa4-4c5b-919a-e29c3d9086c3 req-252f06a7-bfa4-4c5b-919a-e29c3d9086c3 ] Request (SecurityGroupsNegativeTestJSON:setUpClass): 201 POST http://10.180.1.21:9696/networking/v2.0/routers 1.370s
2025-02-19 14:48:26.683 63024 INFO tempest.lib.common.rest_client [req-f4ede76c-e673-403a-98de-c87646809c97 req-f4ede76c-e673-403a-98de-c87646809c97 ] Request (ListServerFiltersTestJSON:test_list_servers_filter_by_shutoff_status): 202 POST http://10.180.1.21/compute/v2.1/servers/eb140ffc-39a8-475d-a47b-3c5d05adda4c/action 0.791s
2025-02-19 14:48:26.707 63010 INFO tempest.lib.common.rest_client [req-49901471-b12d-4bb5-a963-c24bf7ff3b2c req-49901471-b12d-4bb5-a963-c24bf7ff3b2c ] Request (FlavorsAdminTestJSON:_run_cleanups): 202 DELETE http://10.180.1.21/compute/v2.1/flavors/1462268040 0.794s
2025-02-19 14:48:26.749 63042 INFO tempest.lib.common.rest_client [req-e4faa838-97bb-4475-8e7a-b641d597b98c req-e4faa838-97bb-4475-8e7a-b641d597b98c ] Request (SecurityGroupRulesNegativeTestJSON:tearDownClass): 202 DELETE http://10.180.1.21/compute/v2.1/os-security-groups/70d1f075-b760-42c3-b9e2-1a6d0bdb2c7b 0.911s
2025-02-19 14:48:26.818 63002 INFO tempest.lib.common.rest_client [req-ceec4dd5-9202-45cd-b2ed-b12578fbefb9 req-ceec4dd5-9202-45cd-b2ed-b12578fbefb9 ] Request (ServersTestJSON:setUpClass): 200 GET http://10.180.1.21/compute/v2.1/servers/d68f8527-5783-449b-bbbe-e55ba4e54b1c 0.681s
2025-02-19 14:48:26.834 63020 INFO tempest.lib.common.rest_client [req-0be3ba8f-7400-443e-8964-d69a12edc489 req-0be3ba8f-7400-443e-8964-d69a12edc489 ] Request (ServerActionsV293TestJSON:setUpClass): 201 POST http://10.180.1.21:9696/networking/v2.0/security-groups 0.224s
2025-02-19 14:48:26.880 62994 INFO tempest.lib.common.rest_client [req-36966968-b4aa-4c48-8f9b-421bfae0e9cf req-36966968-b4aa-4c48-8f9b-421bfae0e9cf ] Request (ServersTestFqdnHostnames:test_create_server_with_fqdn_name): 200 GET http://10.180.1.21/compute/v2.1/servers/6ec72180-77e0-4add-8e79-d80a3b5adf2a 0.710s
2025-02-19 14:48:26.930 63052 INFO tempest.lib.common.rest_client [req-88f1a62b-4632-43ee-8c42-86c888a19be2 req-88f1a62b-4632-43ee-8c42-86c888a19be2 ] Request (SecurityGroupsTestJSON:test_security_groups_create_list_delete): 200 POST http://10.180.1.21/compute/v2.1/os-security-groups 0.809s
2025-02-19 14:48:26.945 63040 INFO tempest.lib.common.rest_client [req-b072599d-dc31-4d10-bd8b-81da88eb8a55 req-b072599d-dc31-4d10-bd8b-81da88eb8a55 ] Request (ServerActionsTestJSON:setUpClass): 200 GET http://10.180.1.21/compute/v2.1/servers/496adcc8-14d1-4dc5-96c4-d6547e4b51e0 0.708s
2025-02-19 14:48:26.974 62996 INFO tempest.lib.common.rest_client [req-f05d1e6a-d3f1-4972-b12a-ef026736bf42 req-f05d1e6a-d3f1-4972-b12a-ef026736bf42 ] Request (FloatingIPsAssociationNegativeTestJSON:setUpClass): 201 POST http://10.180.1.21:9696/networking/v2.0/networks 0.376s
2025-02-19 14:48:26.980 63020 INFO tempest.lib.common.rest_client [req-915d093d-ea26-4653-8e6c-2dadf32c00cd req-915d093d-ea26-4653-8e6c-2dadf32c00cd ] Request (ServerActionsV293TestJSON:setUpClass): 201 POST http://10.180.1.21:9696/networking/v2.0/security-group-rules 0.145s
2025-02-19 14:48:27.071 63028 INFO tempest.lib.common.rest_client [req-4b8a8bae-a5f5-4746-8247-78190c792101 req-4b8a8bae-a5f5-4746-8247-78190c792101 ] Request (ServersWithSpecificFlavorTestJSON:test_verify_created_server_ephemeral_disk): 200 GET http://10.180.1.21/compute/v2.1/servers/08c42fbe-9474-4b11-9398-f617b0000d3e 0.754s
2025-02-19 14:48:27.073 63004 WARNING tempest.lib.common.ssh [-] Failed to establish authenticated ssh connection to cirros@10.180.180.213 ([Errno None] Unable to connect to port 22 on 10.180.180.213). Number attempts: 5. Retry after 6 seconds.: paramiko.ssh_exception.NoValidConnectionsError: [Errno None] Unable to connect to port 22 on 10.180.180.213
2025-02-19 14:48:27.081 63028 INFO tempest.lib.common.ssh [-] Creating ssh connection to '10.180.180.149:22' as 'cirros' with public key authentication
2025-02-19 14:48:27.094 63018 INFO tempest.lib.common.rest_client [req-fc90ba5e-f1ce-4bda-b3b8-991559f19d57 req-fc90ba5e-f1ce-4bda-b3b8-991559f19d57 ] Request (ServerGroup264TestJSON:test_create_get_server_group): 200 GET http://10.180.1.21/compute/v2.1/os-server-groups/44fbebb9-3a26-4f6e-942a-e8f2e164969a 0.710s
2025-02-19 14:48:27.098 63020 INFO tempest.lib.common.rest_client [req-cfec0b0b-85e8-4dbc-b554-4fb3ef9ebd4a req-cfec0b0b-85e8-4dbc-b554-4fb3ef9ebd4a ] Request (ServerActionsV293TestJSON:setUpClass): 201 POST http://10.180.1.21:9696/networking/v2.0/security-group-rules 0.118s
2025-02-19 14:48:27.162 63032 INFO tempest.lib.common.rest_client [req-d30cac29-dce6-41d9-abdc-78ab7cdb20ec req-d30cac29-dce6-41d9-abdc-78ab7cdb20ec ] Request (AttachVolumeTestJSON:test_attach_detach_volume): 200 GET http://10.180.1.21/compute/v2.1/servers/3002f008-80ba-4e6b-8ec6-530646763010 0.755s
2025-02-19 14:48:27.170 63032 INFO tempest.common.waiters [-] State transition "BUILD/scheduling" ==> "BUILD/None" after 18 second wait
2025-02-19 14:48:27.191 63006 INFO tempest.lib.common.rest_client [req-de515e7a-eb60-4197-862b-866c291732d8 req-de515e7a-eb60-4197-862b-866c291732d8 ] Request (ServerDiagnosticsNegativeTest:tearDownClass): 200 GET http://10.180.1.21/compute/v2.1/servers/dfc4f2f6-fbaa-4c38-a080-c535c00a09c4 0.935s
2025-02-19 14:48:27.257 63012 INFO tempest.lib.common.rest_client [req-9d7d5bf9-36e3-4ba4-b453-28cbbfb60b70 req-9d7d5bf9-36e3-4ba4-b453-28cbbfb60b70 ] Request (AttachInterfacesTestJSON:test_create_list_show_delete_interfaces_by_fixed_ip): 200 GET http://10.180.1.21/compute/v2.1/servers/51bce6bc-d67b-40e2-8507-e46b368837eb 0.731s
2025-02-19 14:48:27.384 62996 INFO tempest.lib.common.rest_client [req-b8a64d8e-bb3a-4554-b257-fd237bfbb464 req-b8a64d8e-bb3a-4554-b257-fd237bfbb464 ] Request (FloatingIPsAssociationNegativeTestJSON:setUpClass): 201 POST http://10.180.1.21:9696/networking/v2.0/subnets 0.409s
2025-02-19 14:48:27.396 63050 WARNING tempest.lib.common.ssh [-] Failed to establish authenticated ssh connection to cirros@10.180.180.140 ([Errno None] Unable to connect to port 22 on 10.180.180.140). Number attempts: 1. Retry after 2 seconds.: paramiko.ssh_exception.NoValidConnectionsError: [Errno None] Unable to connect to port 22 on 10.180.180.140
2025-02-19 14:48:27.484 63026 INFO tempest.lib.common.rest_client [req-3e13a85b-ef94-4f03-8799-2321d9de4bd5 req-3e13a85b-ef94-4f03-8799-2321d9de4bd5 ] Request (AttachInterfacesV270Test:test_create_get_list_interfaces): 200 GET http://10.180.1.21/compute/v2.1/servers/431ae1de-747b-4543-a10a-59065f1fbbc2 0.949s
2025-02-19 14:48:27.563 63054 INFO tempest.lib.common.rest_client [req-89ceb8c0-1bfa-4bcf-9c5d-d305885c9de3 req-89ceb8c0-1bfa-4bcf-9c5d-d305885c9de3 ] Request (ServersAdminTestJSON:test_create_server_with_scheduling_hint): 200 GET http://10.180.1.21/compute/v2.1/servers/63deed87-537f-4999-8eaa-19d3472c114b 0.939s
2025-02-19 14:48:27.626 63022 INFO tempest.lib.common.rest_client [req-7243b3dd-facd-4c47-bacc-5b10deb0a727 req-7243b3dd-facd-4c47-bacc-5b10deb0a727 ] Request (ServersAdminNegativeTestJSON:test_migrate_server_invalid_state): 200 GET http://10.180.1.21/compute/v2.1/servers/eeb6bb89-1a96-42cf-ab40-888e39600d35 1.201s
2025-02-19 14:48:27.702 63000 INFO tempest.lib.common.rest_client [req-fbb06b6d-9c2d-4d08-9b3d-1742db2aa971 req-fbb06b6d-9c2d-4d08-9b3d-1742db2aa971 ] Request (MigrationsAdminTest:test_list_migrations_in_flavor_resize_situation): 200 GET http://10.180.1.21/compute/v2.1/servers/7f5037bd-1a7d-444b-9cae-9a4e3d07c280 1.051s
2025-02-19 14:48:27.920 63016 INFO tempest.lib.common.rest_client [req-2b883c3a-2670-4ada-bf76-3a4fb5998bc8 req-2b883c3a-2670-4ada-bf76-3a4fb5998bc8 ] Request (SecurityGroupsNegativeTestJSON:setUpClass): 200 PUT http://10.180.1.21:9696/networking/v2.0/routers/22a9db06-b379-4df7-b2a0-01f3899c413e/add_router_interface 1.287s
2025-02-19 14:48:27.921 63016 INFO tempest.lib.common.dynamic_creds [-] Created isolated network resources for: credentials: Credentials: {'domain_id': 'default', 'domain_name': 'Default', 'username': 'tempest-SecurityGroupsNegativeTestJSON-314134624-project-member', 'project_domain_id': 'default', 'project_domain_name': 'Default', 'project_id': 'c954a1e1e2174b86850b700ab0cbe27d', 'project_name': 'tempest-SecurityGroupsNegativeTestJSON-314134624', 'tenant_id': 'c954a1e1e2174b86850b700ab0cbe27d', 'tenant_name': 'tempest-SecurityGroupsNegativeTestJSON-314134624', 'user_domain_id': 'default', 'user_domain_name': 'Default', 'user_id': 'b630159ce5664c00a249ebbf803a9670', 'system': None}, Network: {'id': '9ced25fd-df8b-4ed5-8d7d-c71ee1bde52c', 'name': 'tempest-SecurityGroupsNegativeTestJSON-1707110593-network', 'tenant_id': 'c954a1e1e2174b86850b700ab0cbe27d', 'admin_state_up': True, 'mtu': 8950, 'status': 'ACTIVE', 'subnets': [], 'shared': False, 'project_id': 'c954a1e1e2174b86850b700ab0cbe27d', 'port_security_enabled': True, 'router:external': False, 'provider:network_type': 'vlan', 'provider:physical_network': 'default', 'provider:segmentation_id': 929, 'availability_zone_hints': [], 'availability_zones': [], 'ipv4_address_scope': None, 'ipv6_address_scope': None, 'description': '', 'tags': [], 'created_at': '2025-02-19T14:48:24Z', 'updated_at': '2025-02-19T14:48:24Z', 'revision_number': 1}, Subnet: {'id': '648d4e98-9a79-4e73-a817-625c1e40fabd', 'name': 'tempest-SecurityGroupsNegativeTestJSON-1707110593-subnet', 'tenant_id': 'c954a1e1e2174b86850b700ab0cbe27d', 'network_id': '9ced25fd-df8b-4ed5-8d7d-c71ee1bde52c', 'ip_version': 4, 'subnetpool_id': None, 'enable_dhcp': True, 'ipv6_ra_mode': None, 'ipv6_address_mode': None, 'gateway_ip': '192.168.128.1', 'cidr': '192.168.128.0/28', 'allocation_pools': [{'start': '192.168.128.2', 'end': '192.168.128.14'}], 'host_routes': [], 'dns_nameservers': [], 'description': '', 'router:external': False, 'service_types': [], 'tags': [], 'created_at': '2025-02-19T14:48:25Z', 'updated_at': '2025-02-19T14:48:25Z', 'revision_number': 0, 'project_id': 'c954a1e1e2174b86850b700ab0cbe27d'}, Router: {'id': '22a9db06-b379-4df7-b2a0-01f3899c413e', 'name': 'tempest-SecurityGroupsNegativeTestJSON-1707110593-router', 'tenant_id': 'c954a1e1e2174b86850b700ab0cbe27d', 'admin_state_up': True, 'status': 'ACTIVE', 'external_gateway_info': {'network_id': '5a99d2cc-8c90-4248-bcfb-7350e6558ae2', 'external_fixed_ips': [{'subnet_id': '92a9b299-f70e-4a2a-8e60-5f36dfe639c1', 'ip_address': '10.180.180.226'}], 'enable_snat': True}, 'description': '', 'availability_zones': [], 'distributed': False, 'ha': False, 'availability_zone_hints': [], 'routes': [], 'flavor_id': None, 'tags': [], 'created_at': '2025-02-19T14:48:25Z', 'updated_at': '2025-02-19T14:48:26Z', 'revision_number': 2, 'project_id': 'c954a1e1e2174b86850b700ab0cbe27d'}
2025-02-19 14:48:27.953 63010 INFO tempest.lib.common.rest_client [req-733262f0-21bf-4a18-a70a-7578ce061493 req-733262f0-21bf-4a18-a70a-7578ce061493 ] Request (FlavorsAdminTestJSON:_run_cleanups): 200 GET http://10.180.1.21/compute/v2.1/flavors/detail 1.246s
2025-02-19 14:48:28.020 63034 INFO tempest.lib.common.rest_client [req-9fb2195b-a519-46cc-b431-bf1831b58af3 req-9fb2195b-a519-46cc-b431-bf1831b58af3 ] Request (DeleteServersTestJSON:test_delete_active_server): 200 GET http://10.180.1.21/compute/v2.1/servers/6cd6aa3c-32c9-4f57-ba28-1ea85271c983 1.289s
2025-02-19 14:48:28.040 63016 INFO tempest.lib.common.rest_client [req-ecd98de7-0c02-4e3c-b051-9ab6d3593831 req-ecd98de7-0c02-4e3c-b051-9ab6d3593831 ] Request (SecurityGroupsNegativeTestJSON:setUpClass): 201 POST http://10.180.1.21/identity/v3/auth/tokens 0.116s
2025-02-19 14:48:28.132 63042 INFO tempest.lib.common.rest_client [req-d6f1d569-52d1-444d-9bf2-78ef08ddb19d req-d6f1d569-52d1-444d-9bf2-78ef08ddb19d ] Request (SecurityGroupRulesNegativeTestJSON:tearDownClass): 202 DELETE http://10.180.1.21/compute/v2.1/os-security-groups/7c7540ef-fd14-4652-b224-1390ad6be5a5 1.383s
2025-02-19 14:48:28.194 63038 INFO tempest.lib.common.rest_client [req-45b79882-99da-4a28-8e37-c4b5300acc2a req-45b79882-99da-4a28-8e37-c4b5300acc2a ] Request (ListImageFiltersTestJSON:setUpClass): 200 GET http://10.180.1.21/compute/v2.1/servers/e1826804-fb88-4228-9e63-d6504704ca48 1.399s
2025-02-19 14:48:28.248 63056 INFO tempest.lib.common.rest_client [req-3bb11e6a-38ea-4902-bfb6-67ea39a6030f req-3bb11e6a-38ea-4902-bfb6-67ea39a6030f ] Request (ImagesTestJSON:test_create_image_from_suspended_server): 200 GET http://10.180.1.21/compute/v2.1/servers/b18e9c0e-e6b8-46f6-ac8b-8003ee9121fb 1.317s
2025-02-19 14:48:28.316 63024 INFO tempest.lib.common.rest_client [req-dfd64290-89ae-4bfc-8cb8-4d799333ba21 req-dfd64290-89ae-4bfc-8cb8-4d799333ba21 ] Request (ListServerFiltersTestJSON:test_list_servers_filter_by_shutoff_status): 200 GET http://10.180.1.21/compute/v2.1/servers/eb140ffc-39a8-475d-a47b-3c5d05adda4c 1.632s
2025-02-19 14:48:28.393 63031 INFO tempest.lib.common.rest_client [req-f764368f-6ced-4023-a609-5d8ae26c792b req-f764368f-6ced-4023-a609-5d8ae26c792b ] Request (ImagesNegativeTestJSON:test_create_image_from_deleted_server): 200 GET http://10.180.1.21/compute/v2.1/servers/c44d2180-a11c-4a23-a626-d0356d81b1ab 1.418s
2025-02-19 14:48:28.407 63031 INFO tempest.common.waiters [-] State transition "BUILD/None" ==> "BUILD/block_device_mapping" after 27 second wait
2025-02-19 14:48:28.452 63018 INFO tempest.lib.common.rest_client [req-6fdf87a8-d2bc-4cf9-9207-728206422c6b req-6fdf87a8-d2bc-4cf9-9207-728206422c6b ] Request (ServerGroup264TestJSON:_run_cleanups): 204 DELETE http://10.180.1.21/compute/v2.1/os-server-groups/44fbebb9-3a26-4f6e-942a-e8f2e164969a 1.357s
2025-02-19 14:48:28.463 63052 INFO tempest.lib.common.rest_client [req-e37b0f50-f53c-4d64-89e1-740b910686b6 req-e37b0f50-f53c-4d64-89e1-740b910686b6 ] Request (SecurityGroupsTestJSON:test_security_groups_create_list_delete): 200 POST http://10.180.1.21/compute/v2.1/os-security-groups 1.528s
2025-02-19 14:48:28.534 63014 INFO tempest.lib.common.rest_client [req-d929e4a8-2b87-450e-b641-b212fe1a3ea4 req-d929e4a8-2b87-450e-b641-b212fe1a3ea4 ] Request (ListServersNegativeTestJSON:setUpClass): 200 GET http://10.180.1.21/compute/v2.1/servers/11bc2536-ccfe-4597-bdbf-0f8952fdb0eb 1.352s
2025-02-19 14:48:28.584 63046 INFO tempest.lib.common.rest_client [req-2973834b-4d9d-420d-9049-ffe5ebdcf100 req-2973834b-4d9d-420d-9049-ffe5ebdcf100 ] Request (VolumesAdminNegativeTest:test_update_attached_volume_with_nonexistent_volume_in_body): 200 GET http://10.180.1.21/compute/v2.1/servers/49e0c771-5fa5-4771-be72-ba78dcc3ec92 1.261s
2025-02-19 14:48:28.595 63046 INFO tempest.common.waiters [-] State transition "BUILD/scheduling" ==> "BUILD/None" after 17 second wait
2025-02-19 14:48:28.664 63044 INFO tempest.lib.common.rest_client [req-873138cc-24d8-471a-b706-86f783a64c1e req-873138cc-24d8-471a-b706-86f783a64c1e ] Request (InstanceActionsTestJSON:tearDownClass): 200 GET http://10.180.1.21/compute/v2.1/servers/f96581fd-030c-47c5-9867-c1a105dd4342 1.150s
2025-02-19 14:48:28.706 63020 INFO tempest.lib.common.rest_client [req-1eef2c8e-66a2-497b-8606-7d360c29d7f6 req-1eef2c8e-66a2-497b-8606-7d360c29d7f6 ] Request (ServerActionsV293TestJSON:setUpClass): 201 POST http://10.180.1.21:9696/networking/v2.0/floatingips 1.607s
2025-02-19 14:48:28.745 63008 INFO tempest.lib.common.rest_client [req-4900da8f-da41-4093-ab27-11a6f8888d75 req-4900da8f-da41-4093-ab27-11a6f8888d75 ] Request (ServersTestMultiNic:test_verify_duplicate_network_nics): 200 GET http://10.180.1.21/compute/v2.1/servers/e3b8ed45-0638-4f75-9c6f-c984702e660b 1.164s
2025-02-19 14:48:28.792 63020 INFO tempest.lib.common.rest_client [req-557619c9-2a11-4d80-b4e6-881d5a7ed754 req-557619c9-2a11-4d80-b4e6-881d5a7ed754 ] Request (ServerActionsV293TestJSON:setUpClass): 201 POST http://10.180.1.21/identity/v3/auth/tokens 0.082s
2025-02-19 14:48:28.792 63020 INFO tempest.lib.common.fixed_network [-] (ServerActionsV293TestJSON:setUpClass) Found network {'id': '4a14cf21-c8f4-4e4b-a9a8-b42155fb2d7a', 'name': 'tempest-ServerActionsV293TestJSON-1766876617-network', 'tenant_id': 'f16e5fae83414cc3a35376a66951fa66', 'admin_state_up': True, 'mtu': 8950, 'status': 'ACTIVE', 'subnets': [], 'shared': False, 'project_id': 'f16e5fae83414cc3a35376a66951fa66', 'port_security_enabled': True, 'router:external': False, 'provider:network_type': 'vlan', 'provider:physical_network': 'default', 'provider:segmentation_id': 500, 'availability_zone_hints': [], 'availability_zones': [], 'ipv4_address_scope': None, 'ipv6_address_scope': None, 'description': '', 'tags': [], 'created_at': '2025-02-19T14:48:20Z', 'updated_at': '2025-02-19T14:48:20Z', 'revision_number': 1} available for tenant
2025-02-19 14:48:28.809 63002 INFO tempest.lib.common.rest_client [req-7dc62971-0b8e-45b5-92fa-825e5bc26742 req-7dc62971-0b8e-45b5-92fa-825e5bc26742 ] Request (ServersTestJSON:setUpClass): 200 GET http://10.180.1.21/compute/v2.1/servers/d68f8527-5783-449b-bbbe-e55ba4e54b1c 0.977s
2025-02-19 14:48:28.876 62994 INFO tempest.lib.common.rest_client [req-93664f0d-bc97-4aa7-b9a3-a0709ac3e0b5 req-93664f0d-bc97-4aa7-b9a3-a0709ac3e0b5 ] Request (ServersTestFqdnHostnames:test_create_server_with_fqdn_name): 200 GET http://10.180.1.21/compute/v2.1/servers/6ec72180-77e0-4add-8e79-d80a3b5adf2a 0.988s
2025-02-19 14:48:28.902 63036 INFO tempest.lib.common.rest_client [req-52787ee9-bf51-4815-81f9-8db37f81ac2a req-52787ee9-bf51-4815-81f9-8db37f81ac2a ] Request (ImagesOneServerNegativeTestJSON:setUpClass): 200 GET http://10.180.1.21/compute/v2.1/servers/2169f132-7866-48a6-b419-37e64987f068 1.529s
2025-02-19 14:48:28.923 63010 INFO tempest.lib.common.rest_client [req-67e1037d-862f-4c54-8b2a-a0e290adf71a req-67e1037d-862f-4c54-8b2a-a0e290adf71a ] Request (FlavorsAdminTestJSON:test_create_flavor_with_none_id): 200 POST http://10.180.1.21/compute/v2.1/flavors 0.960s
2025-02-19 14:48:28.954 63040 INFO tempest.lib.common.rest_client [req-09737245-2be1-42b0-8024-1b1d5835f2cb req-09737245-2be1-42b0-8024-1b1d5835f2cb ] Request (ServerActionsTestJSON:setUpClass): 200 GET http://10.180.1.21/compute/v2.1/servers/496adcc8-14d1-4dc5-96c4-d6547e4b51e0 0.997s
2025-02-19 14:48:28.993 62998 WARNING tempest.lib.common.ssh [-] Failed to establish authenticated ssh connection to cirros@10.180.180.145 ([Errno None] Unable to connect to port 22 on 10.180.180.145). Number attempts: 3. Retry after 4 seconds.: paramiko.ssh_exception.NoValidConnectionsError: [Errno None] Unable to connect to port 22 on 10.180.180.145
2025-02-19 14:48:29.032 63032 INFO tempest.lib.common.rest_client [req-0eaa7570-3a99-4ab4-9433-93479d8fa4fe req-0eaa7570-3a99-4ab4-9433-93479d8fa4fe ] Request (AttachVolumeTestJSON:test_attach_detach_volume): 200 GET http://10.180.1.21/compute/v2.1/servers/3002f008-80ba-4e6b-8ec6-530646763010 0.860s
2025-02-19 14:48:29.041 63016 INFO tempest.lib.common.rest_client [req-23dbc79a-8c3f-43b7-8e50-faa6cea9f47a req-23dbc79a-8c3f-43b7-8e50-faa6cea9f47a ] Request (SecurityGroupsNegativeTestJSON:test_delete_nonexistent_security_group): 404 DELETE http://10.180.1.21/compute/v2.1/os-security-groups/df05d326-b9d6-496e-b1b4-c718b15e6e36 0.999s
2025-02-19 14:48:29.139 63012 INFO tempest.lib.common.rest_client [req-ff7a0eac-feaf-42a7-8716-6e88889db90d req-ff7a0eac-feaf-42a7-8716-6e88889db90d ] Request (AttachInterfacesTestJSON:test_create_list_show_delete_interfaces_by_fixed_ip): 200 GET http://10.180.1.21/compute/v2.1/servers/51bce6bc-d67b-40e2-8507-e46b368837eb 0.873s
2025-02-19 14:48:29.152 63018 INFO tempest.lib.common.rest_client [req-b4664b19-423e-4ec9-8198-54f9e9a36642 req-b4664b19-423e-4ec9-8198-54f9e9a36642 ] Request (ServerGroup264TestJSON:tearDownClass): 404 DELETE http://10.180.1.21/compute/v2.1/os-server-groups/44fbebb9-3a26-4f6e-942a-e8f2e164969a 0.694s
2025-02-19 14:48:29.238 63020 INFO tempest.lib.common.rest_client [req-fde08f55-db1c-4a02-abab-5cd193b0321b req-fde08f55-db1c-4a02-abab-5cd193b0321b ] Request (ServerActionsV293TestJSON:setUpClass): 202 POST http://10.180.1.21/volume/v3/volumes 0.445s
2025-02-19 14:48:29.432 63006 INFO tempest.lib.common.rest_client [req-4c53cc5f-1c3b-4950-9485-9e768c84311e req-4c53cc5f-1c3b-4950-9485-9e768c84311e ] Request (ServerDiagnosticsNegativeTest:tearDownClass): 200 GET http://10.180.1.21/compute/v2.1/servers/dfc4f2f6-fbaa-4c38-a080-c535c00a09c4 1.227s
2025-02-19 14:48:29.477 63020 INFO tempest.lib.common.rest_client [req-0f55b845-b22d-4846-ae77-2de9927174e7 req-0f55b845-b22d-4846-ae77-2de9927174e7 ] Request (ServerActionsV293TestJSON:setUpClass): 200 GET http://10.180.1.21/volume/v3/volumes/e3917429-32b8-4ce1-84c9-23f3cd726584 0.230s
2025-02-19 14:48:29.606 63042 INFO tempest.lib.common.rest_client [req-ced4523f-a117-4a79-9163-ac839f0d315a req-ced4523f-a117-4a79-9163-ac839f0d315a ] Request (SecurityGroupRulesNegativeTestJSON:tearDownClass): 200 PUT http://10.180.1.21:9696/networking/v2.0/routers/31aa75bf-61db-47b5-9bf7-041a0fe3da36/remove_router_interface 1.473s
2025-02-19 14:48:29.664 63026 INFO tempest.lib.common.rest_client [req-da4c701b-c024-43c9-8c98-e7b29185ab34 req-da4c701b-c024-43c9-8c98-e7b29185ab34 ] Request (AttachInterfacesV270Test:test_create_get_list_interfaces): 200 GET http://10.180.1.21/compute/v2.1/servers/431ae1de-747b-4543-a10a-59065f1fbbc2 1.169s
2025-02-19 14:48:29.707 63052 INFO tempest.lib.common.rest_client [req-8a2fb0dc-e17f-4634-a5a4-c97e125dcd87 req-8a2fb0dc-e17f-4634-a5a4-c97e125dcd87 ] Request (SecurityGroupsTestJSON:test_security_groups_create_list_delete): 200 GET http://10.180.1.21/compute/v2.1/os-security-groups 1.241s
2025-02-19 14:48:29.749 63054 INFO tempest.lib.common.rest_client [req-ff8261a2-4276-4669-8357-f4c1ab8c18e5 req-ff8261a2-4276-4669-8357-f4c1ab8c18e5 ] Request (ServersAdminTestJSON:test_create_server_with_scheduling_hint): 200 GET http://10.180.1.21/compute/v2.1/servers/63deed87-537f-4999-8eaa-19d3472c114b 1.167s
2025-02-19 14:48:29.890 63000 INFO tempest.lib.common.rest_client [req-cc18c8e2-aeaa-4ebf-a532-a4bd51b29738 req-cc18c8e2-aeaa-4ebf-a532-a4bd51b29738 ] Request (MigrationsAdminTest:test_list_migrations_in_flavor_resize_situation): 200 GET http://10.180.1.21/compute/v2.1/servers/7f5037bd-1a7d-444b-9cae-9a4e3d07c280 1.179s
2025-02-19 14:48:29.935 63010 INFO tempest.lib.common.rest_client [req-66cdffe9-015c-4251-9a0f-96053a02a53e req-66cdffe9-015c-4251-9a0f-96053a02a53e ] Request (FlavorsAdminTestJSON:_run_cleanups): 202 DELETE http://10.180.1.21/compute/v2.1/flavors/a5fbe9af-25b7-4baa-8e04-e936b36faf59 1.010s
2025-02-19 14:48:30.009 63034 INFO tempest.lib.common.rest_client [req-e4587330-e654-49cb-87bc-f7d021903321 req-e4587330-e654-49cb-87bc-f7d021903321 ] Request (DeleteServersTestJSON:test_delete_active_server): 200 GET http://10.180.1.21/compute/v2.1/servers/6cd6aa3c-32c9-4f57-ba28-1ea85271c983 0.977s
2025-02-19 14:48:30.015 63016 INFO tempest.lib.common.rest_client [req-b3a6ad75-1b07-4094-bd38-76ef7d27fa90 req-b3a6ad75-1b07-4094-bd38-76ef7d27fa90 ] Request (SecurityGroupsNegativeTestJSON:test_delete_security_group_without_passing_id): 404 DELETE http://10.180.1.21/compute/v2.1/os-security-groups/ 0.972s
2025-02-19 14:48:30.037 63022 INFO tempest.lib.common.rest_client [req-244d628e-448c-4557-ae86-e0280e095711 req-244d628e-448c-4557-ae86-e0280e095711 ] Request (ServersAdminNegativeTestJSON:test_migrate_server_invalid_state): 200 GET http://10.180.1.21/compute/v2.1/servers/eeb6bb89-1a96-42cf-ab40-888e39600d35 1.394s
2025-02-19 14:48:30.047 63022 INFO tempest.common.waiters [-] State transition "ACTIVE/suspending" ==> "SUSPENDED/None" after 3 second wait
2025-02-19 14:48:30.079 63038 INFO tempest.lib.common.rest_client [req-90fa3cd4-0896-4f65-93d0-9cfa31f9adf5 req-90fa3cd4-0896-4f65-93d0-9cfa31f9adf5 ] Request (ListImageFiltersTestJSON:setUpClass): 200 GET http://10.180.1.21/compute/v2.1/servers/e1826804-fb88-4228-9e63-d6504704ca48 0.870s
2025-02-19 14:48:30.125 63056 INFO tempest.lib.common.rest_client [req-789fd3de-e1a1-4283-8701-fd4596216273 req-789fd3de-e1a1-4283-8701-fd4596216273 ] Request (ImagesTestJSON:test_create_image_from_suspended_server): 200 GET http://10.180.1.21/compute/v2.1/servers/b18e9c0e-e6b8-46f6-ac8b-8003ee9121fb 0.867s
2025-02-19 14:48:30.140 63042 INFO tempest.lib.common.rest_client [req-9dd1acee-4d1d-4c3a-9c8c-b93f0288a813 req-9dd1acee-4d1d-4c3a-9c8c-b93f0288a813 ] Request (SecurityGroupRulesNegativeTestJSON:tearDownClass): 204 DELETE http://10.180.1.21:9696/networking/v2.0/routers/31aa75bf-61db-47b5-9bf7-041a0fe3da36 0.534s
2025-02-19 14:48:30.303 63024 INFO tempest.lib.common.rest_client [req-5753e84f-c156-4e09-a4e7-a434172ec206 req-5753e84f-c156-4e09-a4e7-a434172ec206 ] Request (ListServerFiltersTestJSON:test_list_servers_filter_by_shutoff_status): 200 GET http://10.180.1.21/compute/v2.1/servers/eb140ffc-39a8-475d-a47b-3c5d05adda4c 0.975s
2025-02-19 14:48:30.327 63031 INFO tempest.lib.common.rest_client [req-4e89294b-17b0-4c88-819e-996acd773105 req-4e89294b-17b0-4c88-819e-996acd773105 ] Request (ImagesNegativeTestJSON:test_create_image_from_deleted_server): 200 GET http://10.180.1.21/compute/v2.1/servers/c44d2180-a11c-4a23-a626-d0356d81b1ab 0.918s
2025-02-19 14:48:30.337 63042 INFO tempest.lib.common.rest_client [req-dafb8b9d-667b-4a37-afcb-a6d42672d288 req-dafb8b9d-667b-4a37-afcb-a6d42672d288 ] Request (SecurityGroupRulesNegativeTestJSON:tearDownClass): 204 DELETE http://10.180.1.21:9696/networking/v2.0/subnets/f6d6a445-b35e-4b03-973a-0438c3ccb00b 0.196s
2025-02-19 14:48:30.338 63031 INFO tempest.common.waiters [-] State transition "BUILD/block_device_mapping" ==> "BUILD/spawning" after 29 second wait
2025-02-19 14:48:30.367 63014 INFO tempest.lib.common.rest_client [req-8f32cda7-cb8c-41f3-8193-27da25a5a219 req-8f32cda7-cb8c-41f3-8193-27da25a5a219 ] Request (ListServersNegativeTestJSON:setUpClass): 200 GET http://10.180.1.21/compute/v2.1/servers/11bc2536-ccfe-4597-bdbf-0f8952fdb0eb 0.820s
2025-02-19 14:48:30.395 63044 INFO tempest.lib.common.rest_client [req-1bf4208b-f6c4-4977-a53b-2b051a5e6590 req-1bf4208b-f6c4-4977-a53b-2b051a5e6590 ] Request (InstanceActionsTestJSON:tearDownClass): 404 GET http://10.180.1.21/compute/v2.1/servers/f96581fd-030c-47c5-9867-c1a105dd4342 0.721s
2025-02-19 14:48:30.404 63046 INFO tempest.lib.common.rest_client [req-29eb9702-978b-4616-a6ca-29c5e2683bce req-29eb9702-978b-4616-a6ca-29c5e2683bce ] Request (VolumesAdminNegativeTest:test_update_attached_volume_with_nonexistent_volume_in_body): 200 GET http://10.180.1.21/compute/v2.1/servers/49e0c771-5fa5-4771-be72-ba78dcc3ec92 0.809s
2025-02-19 14:48:30.427 62996 INFO tempest.lib.common.rest_client [req-8f0eb9a0-dc5a-4cbe-8005-3ed23d6abda3 req-8f0eb9a0-dc5a-4cbe-8005-3ed23d6abda3 ] Request (FloatingIPsAssociationNegativeTestJSON:setUpClass): 201 POST http://10.180.1.21:9696/networking/v2.0/routers 3.042s
2025-02-19 14:48:30.465 63050 WARNING tempest.lib.common.ssh [-] Failed to establish authenticated ssh connection to cirros@10.180.180.140 ([Errno None] Unable to connect to port 22 on 10.180.180.140). Number attempts: 2. Retry after 3 seconds.: paramiko.ssh_exception.NoValidConnectionsError: [Errno None] Unable to connect to port 22 on 10.180.180.140
2025-02-19 14:48:30.495 63008 INFO tempest.lib.common.rest_client [req-146314e4-e224-4767-9aea-4999141fb55f req-146314e4-e224-4767-9aea-4999141fb55f ] Request (ServersTestMultiNic:test_verify_duplicate_network_nics): 200 GET http://10.180.1.21/compute/v2.1/servers/e3b8ed45-0638-4f75-9c6f-c984702e660b 0.737s
2025-02-19 14:48:30.519 63020 INFO tempest.lib.common.rest_client [req-c6a868e7-96cb-49ae-ad62-cebf3aac0a19 req-c6a868e7-96cb-49ae-ad62-cebf3aac0a19 ] Request (ServerActionsV293TestJSON:setUpClass): 200 GET http://10.180.1.21/volume/v3/volumes/e3917429-32b8-4ce1-84c9-23f3cd726584 0.031s
2025-02-19 14:48:30.622 63052 INFO tempest.lib.common.rest_client [req-c8ba69a5-a050-458d-923b-828603245199 req-c8ba69a5-a050-458d-923b-828603245199 ] Request (SecurityGroupsTestJSON:test_security_groups_create_list_delete): 202 DELETE http://10.180.1.21/compute/v2.1/os-security-groups/284cded3-96c7-49c7-94fe-1b2ff8c80c9d 0.910s
2025-02-19 14:48:30.700 62994 INFO tempest.lib.common.rest_client [req-14801434-5547-4d8f-8a68-c7dd45eea541 req-14801434-5547-4d8f-8a68-c7dd45eea541 ] Request (ServersTestFqdnHostnames:test_create_server_with_fqdn_name): 200 GET http://10.180.1.21/compute/v2.1/servers/6ec72180-77e0-4add-8e79-d80a3b5adf2a 0.814s
2025-02-19 14:48:30.804 63002 INFO tempest.lib.common.rest_client [req-6c509d83-e25f-491e-a040-80b52b185e54 req-6c509d83-e25f-491e-a040-80b52b185e54 ] Request (ServersTestJSON:setUpClass): 200 GET http://10.180.1.21/compute/v2.1/servers/d68f8527-5783-449b-bbbe-e55ba4e54b1c 0.983s
2025-02-19 14:48:30.840 63010 INFO tempest.lib.common.rest_client [req-c6aae195-3829-4417-9488-cc7730d99d0b req-c6aae195-3829-4417-9488-cc7730d99d0b ] Request (FlavorsAdminTestJSON:_run_cleanups): 200 GET http://10.180.1.21/compute/v2.1/flavors/detail 0.904s
2025-02-19 14:48:30.875 63036 INFO tempest.lib.common.rest_client [req-b8794b2e-02cd-44fa-8e84-b1c2bc454e3b req-b8794b2e-02cd-44fa-8e84-b1c2bc454e3b ] Request (ImagesOneServerNegativeTestJSON:setUpClass): 200 GET http://10.180.1.21/compute/v2.1/servers/2169f132-7866-48a6-b419-37e64987f068 0.966s
2025-02-19 14:48:30.893 63042 INFO tempest.lib.common.rest_client [req-fde49cca-205e-4283-a61b-b022db3dc7e1 req-fde49cca-205e-4283-a61b-b022db3dc7e1 ] Request (SecurityGroupRulesNegativeTestJSON:tearDownClass): 204 DELETE http://10.180.1.21:9696/networking/v2.0/networks/aa6de51c-f8b4-4ab9-a960-508445a21889 0.555s
2025-02-19 14:48:30.917 63040 INFO tempest.lib.common.rest_client [req-08839eb9-f720-4c5a-afae-a3a991cc6362 req-08839eb9-f720-4c5a-afae-a3a991cc6362 ] Request (ServerActionsTestJSON:setUpClass): 200 GET http://10.180.1.21/compute/v2.1/servers/496adcc8-14d1-4dc5-96c4-d6547e4b51e0 0.951s
2025-02-19 14:48:30.991 63042 INFO tempest.lib.common.rest_client [req-b43cc841-9bb2-4473-88b9-e27707137507 req-b43cc841-9bb2-4473-88b9-e27707137507 ] Request (SecurityGroupRulesNegativeTestJSON:tearDownClass): 204 DELETE http://10.180.1.21/identity/v3/users/1008d059b3944216ac8d9387b674e7f9 0.098s
2025-02-19 14:48:30.992 63042 INFO tempest.lib.common.dynamic_creds [-] Deleting project and security group for project: 476899e78da04114ba80e99ccf348ba0
2025-02-19 14:48:31.001 63032 INFO tempest.lib.common.rest_client [req-d5a3048c-935c-4462-a30d-fa559ca115c9 req-d5a3048c-935c-4462-a30d-fa559ca115c9 ] Request (AttachVolumeTestJSON:test_attach_detach_volume): 200 GET http://10.180.1.21/compute/v2.1/servers/3002f008-80ba-4e6b-8ec6-530646763010 0.959s
2025-02-19 14:48:31.024 63016 INFO tempest.lib.common.rest_client [req-8483b3fe-f68b-44f0-b9d7-1d968625224d req-8483b3fe-f68b-44f0-b9d7-1d968625224d ] Request (SecurityGroupsNegativeTestJSON:test_delete_the_default_security_group): 200 GET http://10.180.1.21/compute/v2.1/os-security-groups 1.008s
2025-02-19 14:48:31.038 63042 INFO tempest.lib.common.rest_client [req-946814c3-7fc3-41b7-8577-1925c4eba4dc req-946814c3-7fc3-41b7-8577-1925c4eba4dc ] Request (SecurityGroupRulesNegativeTestJSON:tearDownClass): 200 GET http://10.180.1.21:9696/networking/v2.0/security-groups?tenant_id=476899e78da04114ba80e99ccf348ba0&name=default 0.046s
2025-02-19 14:48:31.081 63022 INFO tempest.lib.common.rest_client [req-f7beeb5c-ea35-4e22-b758-7e6ab266c40c req-f7beeb5c-ea35-4e22-b758-7e6ab266c40c ] Request (ServersAdminNegativeTestJSON:test_migrate_server_invalid_state): 409 POST http://10.180.1.21/compute/v2.1/servers/eeb6bb89-1a96-42cf-ab40-888e39600d35/action 1.033s
2025-02-19 14:48:31.092 63012 INFO tempest.lib.common.rest_client [req-e37a7a15-58b8-42c1-b8c3-43fe207d177a req-e37a7a15-58b8-42c1-b8c3-43fe207d177a ] Request (AttachInterfacesTestJSON:test_create_list_show_delete_interfaces_by_fixed_ip): 200 GET http://10.180.1.21/compute/v2.1/servers/51bce6bc-d67b-40e2-8507-e46b368837eb 0.945s
2025-02-19 14:48:31.130 63052 INFO tempest.lib.common.rest_client [req-d95070a9-ef51-45a9-b19a-679d4aea2281 req-d95070a9-ef51-45a9-b19a-679d4aea2281 ] Request (SecurityGroupsTestJSON:test_security_groups_create_list_delete): 404 GET http://10.180.1.21/compute/v2.1/os-security-groups/284cded3-96c7-49c7-94fe-1b2ff8c80c9d 0.508s
2025-02-19 14:48:31.162 63006 INFO tempest.lib.common.rest_client [req-dcdf20cd-9ec2-4c56-b84e-f33c41628dc1 req-dcdf20cd-9ec2-4c56-b84e-f33c41628dc1 ] Request (ServerDiagnosticsNegativeTest:tearDownClass): 200 GET http://10.180.1.21/compute/v2.1/servers/dfc4f2f6-fbaa-4c38-a080-c535c00a09c4 0.721s
2025-02-19 14:48:31.170 63028 WARNING tempest.lib.common.ssh [-] Failed to establish authenticated ssh connection to cirros@10.180.180.149 ([Errno None] Unable to connect to port 22 on 10.180.180.149). Number attempts: 1. Retry after 2 seconds.: paramiko.ssh_exception.NoValidConnectionsError: [Errno None] Unable to connect to port 22 on 10.180.180.149
2025-02-19 14:48:31.172 63006 INFO tempest.common.waiters [-] State transition "ACTIVE/deleting" ==> "DELETED/None" after 4 second wait
2025-02-19 14:48:31.181 63042 INFO tempest.lib.common.rest_client [req-3d0bc5b5-307d-4d09-bca1-0e295184ee98 req-3d0bc5b5-307d-4d09-bca1-0e295184ee98 ] Request (SecurityGroupRulesNegativeTestJSON:tearDownClass): 204 DELETE http://10.180.1.21:9696/networking/v2.0/security-groups/02bd6929-19ba-4491-8d35-ed161a260131 0.143s
2025-02-19 14:48:31.241 63054 INFO tempest.lib.common.rest_client [req-ab57fbfc-e80f-4a90-9fc9-c596d60433b5 req-ab57fbfc-e80f-4a90-9fc9-c596d60433b5 ] Request (ServersAdminTestJSON:test_create_server_with_scheduling_hint): 200 GET http://10.180.1.21/compute/v2.1/servers/63deed87-537f-4999-8eaa-19d3472c114b 0.482s
2025-02-19 14:48:31.262 63010 INFO tempest.lib.common.rest_client [req-880b80b3-1d3b-4694-83b1-8e694c9574f9 req-880b80b3-1d3b-4694-83b1-8e694c9574f9 ] Request (FlavorsAdminTestJSON:test_create_flavor_with_uuid_id): 200 POST http://10.180.1.21/compute/v2.1/flavors 0.412s
2025-02-19 14:48:31.268 63026 INFO tempest.lib.common.rest_client [req-dc6bef59-169b-411f-837d-b94f7c6b5cb0 req-dc6bef59-169b-411f-837d-b94f7c6b5cb0 ] Request (AttachInterfacesV270Test:test_create_get_list_interfaces): 200 GET http://10.180.1.21/compute/v2.1/servers/431ae1de-747b-4543-a10a-59065f1fbbc2 0.584s
2025-02-19 14:48:31.296 63042 INFO tempest.lib.common.rest_client [req-79f43b52-cc50-4f94-9448-63c79524c10d req-79f43b52-cc50-4f94-9448-63c79524c10d ] Request (SecurityGroupRulesNegativeTestJSON:tearDownClass): 204 DELETE http://10.180.1.21/identity/v3/projects/476899e78da04114ba80e99ccf348ba0 0.114s
2025-02-19 14:48:31.342 63034 INFO tempest.lib.common.rest_client [req-f1d54309-d093-4861-b937-f8df2b714389 req-f1d54309-d093-4861-b937-f8df2b714389 ] Request (DeleteServersTestJSON:test_delete_active_server): 200 GET http://10.180.1.21/compute/v2.1/servers/6cd6aa3c-32c9-4f57-ba28-1ea85271c983 0.325s
2025-02-19 14:48:31.351 63042 INFO tempest.lib.common.rest_client [req-c941a6af-cbc9-4e89-8de7-051bb722c0c2 req-c941a6af-cbc9-4e89-8de7-051bb722c0c2 ] Request (ServersNegativeTestMultiTenantJSON:setUpClass): 201 POST http://10.180.1.21/identity/v3/auth/tokens 0.053s
2025-02-19 14:48:31.386 63042 INFO tempest.lib.common.rest_client [req-5e0ad5db-9992-4b83-a172-e7db0f986b5e req-5e0ad5db-9992-4b83-a172-e7db0f986b5e ] Request (ServersNegativeTestMultiTenantJSON:setUpClass): 201 POST http://10.180.1.21/identity/v3/auth/tokens 0.031s
2025-02-19 14:48:31.413 63042 INFO tempest.lib.common.rest_client [req-4e928ffa-fede-433a-8271-0840155c6850 req-4e928ffa-fede-433a-8271-0840155c6850 ] Request (ServersNegativeTestMultiTenantJSON:setUpClass): 200 GET http://10.180.1.21/identity/v3/domains?name=Default 0.026s
2025-02-19 14:48:31.454 63042 INFO tempest.lib.common.rest_client [req-4e4e17fb-70d5-43f6-8701-b16445784f49 req-4e4e17fb-70d5-43f6-8701-b16445784f49 ] Request (ServersNegativeTestMultiTenantJSON:setUpClass): 201 POST http://10.180.1.21/identity/v3/projects 0.041s
2025-02-19 14:48:31.458 63016 INFO tempest.lib.common.rest_client [req-6a896cc1-c7c4-4814-9c3c-05a94ad70c29 req-6a896cc1-c7c4-4814-9c3c-05a94ad70c29 ] Request (SecurityGroupsNegativeTestJSON:test_delete_the_default_security_group): 400 DELETE http://10.180.1.21/compute/v2.1/os-security-groups/9a63f96c-6b01-40b2-909e-2d54b9e237af 0.430s
2025-02-19 14:48:31.466 63022 INFO tempest.lib.common.rest_client [req-9038b76e-c469-4fc0-8d91-51f970dc78ba req-9038b76e-c469-4fc0-8d91-51f970dc78ba ] Request (ServersAdminNegativeTestJSON:test_reset_state_server_invalid_state): 400 POST http://10.180.1.21/compute/v2.1/servers/2d550d8e-b282-4817-b754-f5d390df6aa9/action 0.383s
2025-02-19 14:48:31.520 63038 INFO tempest.lib.common.rest_client [req-40a143af-65a7-4831-9f7f-032c0a1d3e0a req-40a143af-65a7-4831-9f7f-032c0a1d3e0a ] Request (ListImageFiltersTestJSON:setUpClass): 200 GET http://10.180.1.21/compute/v2.1/servers/e1826804-fb88-4228-9e63-d6504704ca48 0.431s
2025-02-19 14:48:31.525 63000 INFO tempest.lib.common.rest_client [req-ac49db59-d80e-42f0-89b6-81d29feb6c61 req-ac49db59-d80e-42f0-89b6-81d29feb6c61 ] Request (MigrationsAdminTest:test_list_migrations_in_flavor_resize_situation): 200 GET http://10.180.1.21/compute/v2.1/servers/7f5037bd-1a7d-444b-9cae-9a4e3d07c280 0.627s
2025-02-19 14:48:31.548 63042 INFO tempest.lib.common.rest_client [req-4cf0cf17-f185-47fb-a961-8e03f82e1625 req-4cf0cf17-f185-47fb-a961-8e03f82e1625 ] Request (ServersNegativeTestMultiTenantJSON:setUpClass): 201 POST http://10.180.1.21/identity/v3/users 0.093s
2025-02-19 14:48:31.567 63020 INFO tempest.lib.common.rest_client [req-26a9a81a-d7d4-408b-add7-2a65a41cdeed req-26a9a81a-d7d4-408b-add7-2a65a41cdeed ] Request (ServerActionsV293TestJSON:setUpClass): 200 GET http://10.180.1.21/volume/v3/volumes/e3917429-32b8-4ce1-84c9-23f3cd726584 0.037s
2025-02-19 14:48:31.577 63042 INFO tempest.lib.common.rest_client [req-536c57ae-0a6c-4bac-aba0-433b1ec196e6 req-536c57ae-0a6c-4bac-aba0-433b1ec196e6 ] Request (ServersNegativeTestMultiTenantJSON:setUpClass): 200 GET http://10.180.1.21/identity/v3/roles 0.029s
2025-02-19 14:48:31.605 63044 INFO tempest.lib.common.rest_client [req-dbff476f-1c2d-4a56-b673-e8af11040b3a req-dbff476f-1c2d-4a56-b673-e8af11040b3a ] Request (InstanceActionsTestJSON:tearDownClass): 200 PUT http://10.180.1.21:9696/networking/v2.0/routers/3893a500-2fb3-4900-ba0d-30e16b13ad83/remove_router_interface 1.209s
2025-02-19 14:48:31.608 63056 INFO tempest.lib.common.rest_client [req-66fc742e-8b4d-4095-8fb0-18070d62f689 req-66fc742e-8b4d-4095-8fb0-18070d62f689 ] Request (ImagesTestJSON:test_create_image_from_suspended_server): 200 GET http://10.180.1.21/compute/v2.1/servers/b18e9c0e-e6b8-46f6-ac8b-8003ee9121fb 0.472s
2025-02-19 14:48:31.626 63010 INFO tempest.lib.common.rest_client [req-e0fae86f-f957-462b-94ae-9974531705c0 req-e0fae86f-f957-462b-94ae-9974531705c0 ] Request (FlavorsAdminTestJSON:_run_cleanups): 202 DELETE http://10.180.1.21/compute/v2.1/flavors/eed663fd-c3c5-43c6-b7cf-32f84018d33a 0.361s
2025-02-19 14:48:31.626 63042 INFO tempest.lib.common.rest_client [req-94cb40b4-2caa-4dc9-90f7-3320af2f3ef7 req-94cb40b4-2caa-4dc9-90f7-3320af2f3ef7 ] Request (ServersNegativeTestMultiTenantJSON:setUpClass): 204 PUT http://10.180.1.21/identity/v3/projects/31a684fe39344a88901297f18baed91c/users/bf0ba9d09c21437087e5a34714929d8b/roles/44f292eb10a044b3b4dd14d0926e140f 0.048s
2025-02-19 14:48:31.626 63042 INFO tempest.lib.common.dynamic_creds [-] Dynamic test user bf0ba9d09c21437087e5a34714929d8b is created with scope project and roles: ['member']
2025-02-19 14:48:31.627 63042 INFO tempest.lib.common.dynamic_creds [-] Acquired dynamic creds: credentials: Credentials: {'domain_id': 'default', 'domain_name': 'Default', 'username': 'tempest-ServersNegativeTestMultiTenantJSON-1453502814-project-member', 'project_domain_id': 'default', 'project_domain_name': 'Default', 'project_id': '31a684fe39344a88901297f18baed91c', 'project_name': 'tempest-ServersNegativeTestMultiTenantJSON-1453502814', 'tenant_id': '31a684fe39344a88901297f18baed91c', 'tenant_name': 'tempest-ServersNegativeTestMultiTenantJSON-1453502814', 'user_domain_id': 'default', 'user_domain_name': 'Default', 'user_id': 'bf0ba9d09c21437087e5a34714929d8b', 'system': None}, Network: None, Subnet: None, Router: None
2025-02-19 14:48:31.644 63018 INFO tempest.lib.common.rest_client [req-0d85407b-51d0-4e69-802f-3396e6593451 req-0d85407b-51d0-4e69-802f-3396e6593451 ] Request (ServerGroup264TestJSON:tearDownClass): 200 PUT http://10.180.1.21:9696/networking/v2.0/routers/1e7b0c5c-e8e5-4941-bf92-1fdc6abb4375/remove_router_interface 2.491s
2025-02-19 14:48:31.684 63052 INFO tempest.lib.common.rest_client [req-5dff0e7f-19d8-4197-bd04-fdce7570aa20 req-5dff0e7f-19d8-4197-bd04-fdce7570aa20 ] Request (SecurityGroupsTestJSON:test_security_groups_create_list_delete): 202 DELETE http://10.180.1.21/compute/v2.1/os-security-groups/702f35ab-faf1-49d5-a660-afa28d65d52a 0.553s
2025-02-19 14:48:31.721 63042 INFO tempest.lib.common.rest_client [req-681e5827-7114-472e-873e-08fe3f9d858e req-681e5827-7114-472e-873e-08fe3f9d858e ] Request (ServersNegativeTestMultiTenantJSON:setUpClass): 201 POST http://10.180.1.21/identity/v3/auth/tokens 0.091s
2025-02-19 14:48:31.846 63024 INFO tempest.lib.common.rest_client [req-2f2c17b0-8d26-4d0f-8c45-1f762cf2b0b3 req-2f2c17b0-8d26-4d0f-8c45-1f762cf2b0b3 ] Request (ListServerFiltersTestJSON:test_list_servers_filter_by_shutoff_status): 200 GET http://10.180.1.21/compute/v2.1/servers/eb140ffc-39a8-475d-a47b-3c5d05adda4c 0.531s
2025-02-19 14:48:31.925 63014 INFO tempest.lib.common.rest_client [req-dedb9ded-e85b-445b-9326-d51279b77f89 req-dedb9ded-e85b-445b-9326-d51279b77f89 ] Request (ListServersNegativeTestJSON:setUpClass): 200 GET http://10.180.1.21/compute/v2.1/servers/11bc2536-ccfe-4597-bdbf-0f8952fdb0eb 0.545s
