2025-02-19 14:48:10.082 63018 INFO tempest.lib.common.rest_client [req-c06f49aa-719f-431e-a793-8eebf01814bc req-c06f49aa-719f-431e-a793-8eebf01814bc ] Request (QuotasAdminTestV257:setUpClass): 204 PUT http://10.180.1.21/identity/v3/projects/a337c12f899144a7ac1ce48c9ea067a3/users/4e181e8846014eba82992c9e9cdc9446/roles/479dd35198d841249af9e1f62350b158 0.031s
2025-02-19 14:48:10.102 63040 INFO tempest.lib.common.rest_client [req-fa2a342d-5f04-4992-8638-8040c1db8268 req-fa2a342d-5f04-4992-8638-8040c1db8268 ] Request (KeyPairsV22TestJSON:tearDownClass): 200 GET http://10.180.1.21:9696/networking/v2.0/security-groups?tenant_id=37d85dc761ee42cbbab0e8c9cea9ec0f&name=default 0.252s
2025-02-19 14:48:10.106 63000 INFO tempest.lib.common.rest_client [req-b10e534a-11fe-495c-8ee8-5ae656f7d820 req-b10e534a-11fe-495c-8ee8-5ae656f7d820 ] Request (MigrationsAdminTest:test_list_migrations_in_flavor_resize_situation): 200 GET http://10.180.1.21/compute/v2.1/servers/7f5037bd-1a7d-444b-9cae-9a4e3d07c280 1.624s
2025-02-19 14:48:10.114 63000 INFO tempest.common.waiters [-] State transition "RESIZE/resize_migrated" ==> "RESIZE/resize_finish" after 31 second wait
2025-02-19 14:48:10.138 63018 INFO tempest.lib.common.rest_client [req-58f15dcc-e488-4af6-a047-6bf8ed7f99e8 req-58f15dcc-e488-4af6-a047-6bf8ed7f99e8 ] Request (QuotasAdminTestV257:setUpClass): 200 GET http://10.180.1.21/identity/v3/roles 0.055s
2025-02-19 14:48:10.149 63042 INFO tempest.lib.common.rest_client [req-bb88f0d0-a318-4395-a0b5-2ac10d3d19ff req-bb88f0d0-a318-4395-a0b5-2ac10d3d19ff ] Request (SecurityGroupRulesNegativeTestJSON:test_create_security_group_rule_with_invalid_from_port): 400 POST http://10.180.1.21/compute/v2.1/os-security-group-rules 1.662s
2025-02-19 14:48:10.158 63018 INFO tempest.lib.common.rest_client [req-00692930-3d66-4c38-99ae-b405533a0dbc req-00692930-3d66-4c38-99ae-b405533a0dbc ] Request (QuotasAdminTestV257:setUpClass): 204 PUT http://10.180.1.21/identity/v3/projects/a337c12f899144a7ac1ce48c9ea067a3/users/4e181e8846014eba82992c9e9cdc9446/roles/479dd35198d841249af9e1f62350b158 0.020s
2025-02-19 14:48:10.159 63018 INFO tempest.lib.common.dynamic_creds [-] Dynamic test user 4e181e8846014eba82992c9e9cdc9446 is created with scope project and roles: ['admin']
2025-02-19 14:48:10.159 63018 INFO tempest.lib.common.dynamic_creds [-] Acquired dynamic creds: credentials: Credentials: {'domain_id': 'default', 'domain_name': 'Default', 'username': 'tempest-QuotasAdminTestV257-1392301131-project-admin', 'project_domain_id': 'default', 'project_domain_name': 'Default', 'project_id': 'a337c12f899144a7ac1ce48c9ea067a3', 'project_name': 'tempest-QuotasAdminTestV257-1392301131', 'tenant_id': 'a337c12f899144a7ac1ce48c9ea067a3', 'tenant_name': 'tempest-QuotasAdminTestV257-1392301131', 'user_domain_id': 'default', 'user_domain_name': 'Default', 'user_id': '4e181e8846014eba82992c9e9cdc9446', 'system': None}, Network: None, Subnet: None, Router: None
2025-02-19 14:48:10.159 63018 INFO tempest.lib.common.dynamic_creds [-] Created isolated network resources for: credentials: Credentials: {'domain_id': 'default', 'domain_name': 'Default', 'username': 'tempest-QuotasAdminTestV257-1392301131-project-admin', 'project_domain_id': 'default', 'project_domain_name': 'Default', 'project_id': 'a337c12f899144a7ac1ce48c9ea067a3', 'project_name': 'tempest-QuotasAdminTestV257-1392301131', 'tenant_id': 'a337c12f899144a7ac1ce48c9ea067a3', 'tenant_name': 'tempest-QuotasAdminTestV257-1392301131', 'user_domain_id': 'default', 'user_domain_name': 'Default', 'user_id': '4e181e8846014eba82992c9e9cdc9446', 'system': None}, Network: None, Subnet: None, Router: None
2025-02-19 14:48:10.163 63048 INFO tempest.lib.common.rest_client [req-6014a2c3-041c-4373-b242-a9242eefa478 req-6014a2c3-041c-4373-b242-a9242eefa478 ] Request (ExtensionsTest:test_list_extensions): 200 GET http://10.180.1.21/compute/v2.1/extensions 1.438s
2025-02-19 14:48:10.204 63040 INFO tempest.lib.common.rest_client [req-af3db4a5-127a-467d-bb11-f6cdef193917 req-af3db4a5-127a-467d-bb11-f6cdef193917 ] Request (KeyPairsV22TestJSON:tearDownClass): 204 DELETE http://10.180.1.21:9696/networking/v2.0/security-groups/90758539-f918-44cf-82a7-a494a3d5d402 0.102s
2025-02-19 14:48:10.277 63018 INFO tempest.lib.common.rest_client [req-80add8dc-b992-4847-93d8-7946fb5e28de req-80add8dc-b992-4847-93d8-7946fb5e28de ] Request (QuotasAdminTestV257:setUpClass): 201 POST http://10.180.1.21/identity/v3/auth/tokens 0.114s
2025-02-19 14:48:10.314 63048 INFO tempest.lib.common.rest_client [req-b7790a57-04c4-4254-81ab-62a9a5ed220c req-b7790a57-04c4-4254-81ab-62a9a5ed220c ] Request (ExtensionsTest:tearDownClass): 204 DELETE http://10.180.1.21/identity/v3/users/3da2701d929041d2a152f4e31a369f5b 0.133s
2025-02-19 14:48:10.314 63048 INFO tempest.lib.common.dynamic_creds [-] Deleting project and security group for project: 6a724f078ece436abea884c022259255
2025-02-19 14:48:10.412 63040 INFO tempest.lib.common.rest_client [req-9a175b3c-f75b-46d4-b414-e69df8103aa5 req-9a175b3c-f75b-46d4-b414-e69df8103aa5 ] Request (KeyPairsV22TestJSON:tearDownClass): 204 DELETE http://10.180.1.21/identity/v3/projects/37d85dc761ee42cbbab0e8c9cea9ec0f 0.206s
2025-02-19 14:48:10.456 63018 INFO tempest.lib.common.rest_client [req-8a4b326c-9455-46b5-9735-7d344a71fc8a req-8a4b326c-9455-46b5-9735-7d344a71fc8a ] Request (QuotasAdminTestV257:test_get_updated_quotas): 200 GET http://10.180.1.21/identity/v3/domains?name=Default 0.175s
2025-02-19 14:48:10.458 63038 INFO tempest.lib.common.rest_client [req-e73a0d67-1996-4bb9-b0d9-62908bc64889 req-e73a0d67-1996-4bb9-b0d9-62908bc64889 ] Request (ListImageFiltersTestJSON:setUpClass): 202 POST http://10.180.1.21/compute/v2.1/servers 1.633s
2025-02-19 14:48:10.505 63048 INFO tempest.lib.common.rest_client [req-cb992ea2-1127-46a7-8715-c1928aa264ec req-cb992ea2-1127-46a7-8715-c1928aa264ec ] Request (ExtensionsTest:tearDownClass): 201 POST http://10.180.1.21/identity/v3/auth/tokens 0.191s
2025-02-19 14:48:10.522 63040 INFO tempest.lib.common.rest_client [req-680fbfe2-a0dc-41ca-a0d0-a4f0a0742192 req-680fbfe2-a0dc-41ca-a0d0-a4f0a0742192 ] Request (ServerActionsTestJSON:setUpClass): 201 POST http://10.180.1.21/identity/v3/auth/tokens 0.108s
2025-02-19 14:48:10.569 63018 INFO tempest.lib.common.rest_client [req-c1943761-6ef5-44a9-85cb-df4b623a0a7f req-c1943761-6ef5-44a9-85cb-df4b623a0a7f ] Request (QuotasAdminTestV257:test_get_updated_quotas): 201 POST http://10.180.1.21/identity/v3/projects 0.113s
2025-02-19 14:48:10.589 63038 INFO tempest.lib.common.rest_client [req-8b8c437c-2366-4648-9ccf-06606aa2dee6 req-8b8c437c-2366-4648-9ccf-06606aa2dee6 ] Request (ListImageFiltersTestJSON:setUpClass): 201 POST http://10.180.1.21/identity/v3/auth/tokens 0.126s
2025-02-19 14:48:10.590 63038 INFO tempest.lib.common.fixed_network [-] (ListImageFiltersTestJSON:setUpClass) Found network None available for tenant
2025-02-19 14:48:10.660 63012 INFO tempest.lib.common.rest_client [req-e8581160-d053-445b-8e43-c6e42aa11477 req-e8581160-d053-445b-8e43-c6e42aa11477 ] Request (SecurityGroupsTestAdminJSON:_run_cleanups): 202 DELETE http://10.180.1.21/compute/v2.1/os-security-groups/9e47c0ee-7b41-4e7a-a357-3ace32845f34 1.693s
2025-02-19 14:48:10.674 63040 INFO tempest.lib.common.rest_client [req-0036b4bd-0677-49a9-a65e-8118e0d59aa7 req-0036b4bd-0677-49a9-a65e-8118e0d59aa7 ] Request (ServerActionsTestJSON:setUpClass): 201 POST http://10.180.1.21/identity/v3/auth/tokens 0.150s
2025-02-19 14:48:10.751 63040 INFO tempest.lib.common.rest_client [req-8787161c-78eb-473e-99b9-5c9f4d135dc4 req-8787161c-78eb-473e-99b9-5c9f4d135dc4 ] Request (ServerActionsTestJSON:setUpClass): 200 GET http://10.180.1.21/identity/v3/domains?name=Default 0.076s
2025-02-19 14:48:10.765 63018 INFO tempest.lib.common.rest_client [req-fbbf0029-1f28-4d83-ba63-e2daba333057 req-fbbf0029-1f28-4d83-ba63-e2daba333057 ] Request (QuotasAdminTestV257:test_get_updated_quotas): 200 GET http://10.180.1.21/identity/v3/domains?name=Default 0.195s
2025-02-19 14:48:10.780 63036 INFO tempest.lib.common.rest_client [req-61f285de-979a-45db-8fb8-c83fce1b9b4b req-61f285de-979a-45db-8fb8-c83fce1b9b4b ] Request (ImagesOneServerNegativeTestJSON:setUpClass): 200 GET http://10.180.1.21/compute/v2.1/servers/2169f132-7866-48a6-b419-37e64987f068 1.783s
2025-02-19 14:48:10.801 63040 INFO tempest.lib.common.rest_client [req-fc39a54c-ab71-44d8-a050-fc2390c3a276 req-fc39a54c-ab71-44d8-a050-fc2390c3a276 ] Request (ServerActionsTestJSON:setUpClass): 201 POST http://10.180.1.21/identity/v3/projects 0.049s
2025-02-19 14:48:10.874 63006 INFO tempest.lib.common.rest_client [req-2b9f4d34-e0aa-460f-8a0e-30b649f5dc98 req-2b9f4d34-e0aa-460f-8a0e-30b649f5dc98 ] Request (ServerDiagnosticsNegativeTest:test_get_server_diagnostics_by_non_admin): 200 GET http://10.180.1.21/compute/v2.1/servers/dfc4f2f6-fbaa-4c38-a080-c535c00a09c4 1.797s
2025-02-19 14:48:10.884 63004 WARNING tempest.lib.common.ssh [-] Failed to establish authenticated ssh connection to cirros@10.180.180.213 ([Errno None] Unable to connect to port 22 on 10.180.180.213). Number attempts: 3. Retry after 4 seconds.: paramiko.ssh_exception.NoValidConnectionsError: [Errno None] Unable to connect to port 22 on 10.180.180.213
2025-02-19 14:48:10.893 63040 INFO tempest.lib.common.rest_client [req-c8fc53a1-978c-4efe-95e9-d68c0b0e7f00 req-c8fc53a1-978c-4efe-95e9-d68c0b0e7f00 ] Request (ServerActionsTestJSON:setUpClass): 201 POST http://10.180.1.21/identity/v3/users 0.091s
2025-02-19 14:48:10.928 63054 INFO tempest.lib.common.rest_client [req-bd5273ff-0ac1-4e5b-ac68-b0504213cd5e req-bd5273ff-0ac1-4e5b-ac68-b0504213cd5e ] Request (ServersAdminTestJSON:test_create_server_with_scheduling_hint): 202 POST http://10.180.1.21/compute/v2.1/servers 2.574s
2025-02-19 14:48:10.935 63040 INFO tempest.lib.common.rest_client [req-fc5109f4-151a-4709-8f1e-01b68b10bd90 req-fc5109f4-151a-4709-8f1e-01b68b10bd90 ] Request (ServerActionsTestJSON:setUpClass): 200 GET http://10.180.1.21/identity/v3/roles 0.041s
2025-02-19 14:48:10.938 63048 INFO tempest.lib.common.rest_client [req-3682d9e1-d07d-466d-a70a-72e65ab5300a req-3682d9e1-d07d-466d-a70a-72e65ab5300a ] Request (ExtensionsTest:tearDownClass): 200 GET http://10.180.1.21:9696/networking/v2.0/security-groups?tenant_id=6a724f078ece436abea884c022259255&name=default 0.432s
2025-02-19 14:48:10.976 63040 INFO tempest.lib.common.rest_client [req-e802d6b6-af30-45cf-9f89-a4a7635a855e req-e802d6b6-af30-45cf-9f89-a4a7635a855e ] Request (ServerActionsTestJSON:setUpClass): 204 PUT http://10.180.1.21/identity/v3/projects/45ffc76b205e485da7ff92b7f6558d13/users/9f8288149cea4e49b493b3219c7e85ae/roles/44f292eb10a044b3b4dd14d0926e140f 0.040s
2025-02-19 14:48:10.976 63040 INFO tempest.lib.common.dynamic_creds [-] Dynamic test user 9f8288149cea4e49b493b3219c7e85ae is created with scope project and roles: ['member']
2025-02-19 14:48:10.977 63040 INFO tempest.lib.common.dynamic_creds [-] Acquired dynamic creds: credentials: Credentials: {'domain_id': 'default', 'domain_name': 'Default', 'username': 'tempest-ServerActionsTestJSON-1173281415-project-member', 'project_domain_id': 'default', 'project_domain_name': 'Default', 'project_id': '45ffc76b205e485da7ff92b7f6558d13', 'project_name': 'tempest-ServerActionsTestJSON-1173281415', 'tenant_id': '45ffc76b205e485da7ff92b7f6558d13', 'tenant_name': 'tempest-ServerActionsTestJSON-1173281415', 'user_domain_id': 'default', 'user_domain_name': 'Default', 'user_id': '9f8288149cea4e49b493b3219c7e85ae', 'system': None}, Network: None, Subnet: None, Router: None
2025-02-19 14:48:11.084 63040 INFO tempest.lib.common.rest_client [req-9497e677-402e-456b-9dd0-018ed9a874c5 req-9497e677-402e-456b-9dd0-018ed9a874c5 ] Request (ServerActionsTestJSON:setUpClass): 201 POST http://10.180.1.21/identity/v3/auth/tokens 0.106s
2025-02-19 14:48:11.097 63048 INFO tempest.lib.common.rest_client [req-f4fd393d-d0c1-4a60-95a0-d917970fad54 req-f4fd393d-d0c1-4a60-95a0-d917970fad54 ] Request (ExtensionsTest:tearDownClass): 204 DELETE http://10.180.1.21:9696/networking/v2.0/security-groups/93fd0322-fcf9-4719-8e5f-c654261e5038 0.157s
2025-02-19 14:48:11.184 63024 INFO tempest.lib.common.rest_client [req-66ceb348-e48a-48be-a410-423fc45c343e req-66ceb348-e48a-48be-a410-423fc45c343e ] Request (ListServerFiltersTestJSON:test_list_servers_detailed_filter_by_server_status): 200 GET http://10.180.1.21/compute/v2.1/servers/detail?status=active 2.082s
2025-02-19 14:48:11.185 63048 INFO tempest.lib.common.rest_client [req-6ea545c9-a739-41ee-98f9-26010ddbc6b6 req-6ea545c9-a739-41ee-98f9-26010ddbc6b6 ] Request (ExtensionsTest:tearDownClass): 204 DELETE http://10.180.1.21/identity/v3/projects/6a724f078ece436abea884c022259255 0.087s
2025-02-19 14:48:11.223 63016 INFO tempest.lib.common.rest_client [req-1f72e637-9a2c-49db-aee7-5a4488442113 req-1f72e637-9a2c-49db-aee7-5a4488442113 ] Request (ImagesMetadataTestJSON:test_list_image_metadata): 200 GET http://10.180.1.21/compute/v2.1/images/3ae5cf7c-618d-4c52-bb90-0163c43d6b02/metadata 1.940s
2025-02-19 14:48:11.248 63034 INFO tempest.lib.common.rest_client [req-735bc11b-fc5d-4a22-b23e-49a868be4fa6 req-735bc11b-fc5d-4a22-b23e-49a868be4fa6 ] Request (DeleteServersTestJSON:test_delete_active_server): 200 GET http://10.180.1.21/compute/v2.1/servers/6cd6aa3c-32c9-4f57-ba28-1ea85271c983 2.066s
2025-02-19 14:48:11.298 63014 INFO tempest.lib.common.rest_client [req-19ee7c09-d64a-4bde-ad0a-7b71850146a1 req-19ee7c09-d64a-4bde-ad0a-7b71850146a1 ] Request (ListServersNegativeTestJSON:setUpClass): 200 GET http://10.180.1.21/compute/v2.1/servers/11bc2536-ccfe-4597-bdbf-0f8952fdb0eb 1.855s
2025-02-19 14:48:11.348 63031 INFO tempest.lib.common.rest_client [req-04ffe4a5-451f-40aa-a1fc-9481ed751656 req-04ffe4a5-451f-40aa-a1fc-9481ed751656 ] Request (ImagesNegativeTestJSON:test_create_image_from_deleted_server): 200 GET http://10.180.1.21/compute/v2.1/servers/c44d2180-a11c-4a23-a626-d0356d81b1ab 1.779s
2025-02-19 14:48:11.387 63008 INFO tempest.lib.common.rest_client [req-79604a0d-3b80-4b62-8457-542d9fe37753 req-79604a0d-3b80-4b62-8457-542d9fe37753 ] Request (ServersTestMultiNic:setUpClass): 200 PUT http://10.180.1.21:9696/networking/v2.0/routers/954f965d-8458-4260-be5b-c4f258264b2d/add_router_interface 2.492s
2025-02-19 14:48:11.388 63008 INFO tempest.lib.common.dynamic_creds [-] Created isolated network resources for: credentials: Credentials: {'domain_id': 'default', 'domain_name': 'Default', 'username': 'tempest-ServersTestMultiNic-1946695515-project-member', 'project_domain_id': 'default', 'project_domain_name': 'Default', 'project_id': '4b406c92d55e45fbb7402d17382f6886', 'project_name': 'tempest-ServersTestMultiNic-1946695515', 'tenant_id': '4b406c92d55e45fbb7402d17382f6886', 'tenant_name': 'tempest-ServersTestMultiNic-1946695515', 'user_domain_id': 'default', 'user_domain_name': 'Default', 'user_id': '8bd5c8067540410494d8c9b9e7817358', 'system': None}, Network: {'id': '1a1f204a-8bed-4c7e-869b-f3c2b9959783', 'name': 'tempest-ServersTestMultiNic-811296092-network', 'tenant_id': '4b406c92d55e45fbb7402d17382f6886', 'admin_state_up': True, 'mtu': 8950, 'status': 'ACTIVE', 'subnets': [], 'shared': False, 'project_id': '4b406c92d55e45fbb7402d17382f6886', 'port_security_enabled': True, 'router:external': False, 'provider:network_type': 'vlan', 'provider:physical_network': 'default', 'provider:segmentation_id': 347, 'availability_zone_hints': [], 'availability_zones': [], 'ipv4_address_scope': None, 'ipv6_address_scope': None, 'description': '', 'tags': [], 'created_at': '2025-02-19T14:48:07Z', 'updated_at': '2025-02-19T14:48:07Z', 'revision_number': 1}, Subnet: {'id': '0fc6baf9-ea1c-4e1f-a117-84e8405558fc', 'name': 'tempest-ServersTestMultiNic-811296092-subnet', 'tenant_id': '4b406c92d55e45fbb7402d17382f6886', 'network_id': '1a1f204a-8bed-4c7e-869b-f3c2b9959783', 'ip_version': 4, 'subnetpool_id': None, 'enable_dhcp': True, 'ipv6_ra_mode': None, 'ipv6_address_mode': None, 'gateway_ip': '192.168.128.1', 'cidr': '192.168.128.0/28', 'allocation_pools': [{'start': '192.168.128.2', 'end': '192.168.128.14'}], 'host_routes': [], 'dns_nameservers': [], 'description': '', 'router:external': False, 'service_types': [], 'tags': [], 'created_at': '2025-02-19T14:48:07Z', 'updated_at': '2025-02-19T14:48:07Z', 'revision_number': 0, 'project_id': '4b406c92d55e45fbb7402d17382f6886'}, Router: {'id': '954f965d-8458-4260-be5b-c4f258264b2d', 'name': 'tempest-ServersTestMultiNic-811296092-router', 'tenant_id': '4b406c92d55e45fbb7402d17382f6886', 'admin_state_up': True, 'status': 'ACTIVE', 'external_gateway_info': {'network_id': '5a99d2cc-8c90-4248-bcfb-7350e6558ae2', 'external_fixed_ips': [{'subnet_id': '92a9b299-f70e-4a2a-8e60-5f36dfe639c1', 'ip_address': '10.180.180.198'}], 'enable_snat': True}, 'description': '', 'availability_zones': [], 'distributed': False, 'ha': False, 'availability_zone_hints': [], 'routes': [], 'flavor_id': None, 'tags': [], 'created_at': '2025-02-19T14:48:07Z', 'updated_at': '2025-02-19T14:48:08Z', 'revision_number': 2, 'project_id': '4b406c92d55e45fbb7402d17382f6886'}
2025-02-19 14:48:11.456 63020 INFO tempest.lib.common.rest_client [req-4bdbe5ca-22a4-43d9-af74-6078de9b3124 req-4bdbe5ca-22a4-43d9-af74-6078de9b3124 ] Request (ServerDiagnosticsV248Test:tearDownClass): 200 GET http://10.180.1.21/compute/v2.1/servers/d72cb155-ff74-49df-b633-b72ac4142f74 1.748s
2025-02-19 14:48:11.468 62998 INFO tempest.lib.common.rest_client [req-52822d48-e91f-4d19-b972-7083876045f3 req-52822d48-e91f-4d19-b972-7083876045f3 ] Request (VolumesAssistedSnapshotsTest:test_volume_assisted_snapshot_create_delete): 200 GET http://10.180.1.21/compute/v2.1/servers/261ccdeb-6805-4db9-9595-472f7247d489 1.869s
2025-02-19 14:48:11.480 62998 INFO tempest.common.waiters [-] State transition "BUILD/spawning" ==> "ACTIVE/None" after 36 second wait
2025-02-19 14:48:11.506 63056 INFO tempest.lib.common.rest_client [req-2f21c3d0-4e26-4c75-b999-f8ce0d511859 req-2f21c3d0-4e26-4c75-b999-f8ce0d511859 ] Request (ImagesTestJSON:test_create_image_from_stopped_server): 200 GET http://10.180.1.21/compute/v2.1/images/808fee3f-5118-47d1-9e81-eada8f098176 1.709s
2025-02-19 14:48:11.529 63008 INFO tempest.lib.common.rest_client [req-03b97aa4-ac0b-4fd1-85b4-dfb57bf147b6 req-03b97aa4-ac0b-4fd1-85b4-dfb57bf147b6 ] Request (ServersTestMultiNic:setUpClass): 201 POST http://10.180.1.21/identity/v3/auth/tokens 0.138s
2025-02-19 14:48:11.576 63010 INFO tempest.lib.common.rest_client [req-b946992a-f4f3-40a2-8614-e440d3646060 req-b946992a-f4f3-40a2-8614-e440d3646060 ] Request (AggregatesAdminNegativeTestJSON:test_aggregate_remove_nonexistent_host): 200 POST http://10.180.1.21/compute/v2.1/os-aggregates 1.751s
2025-02-19 14:48:11.611 63040 INFO tempest.lib.common.rest_client [req-c94916ea-12f2-4b12-bf6d-f1e0a2991846 req-c94916ea-12f2-4b12-bf6d-f1e0a2991846 ] Request (ServerActionsTestJSON:setUpClass): 201 POST http://10.180.1.21:9696/networking/v2.0/networks 0.527s
2025-02-19 14:48:11.627 62996 INFO tempest.lib.common.rest_client [req-51491407-fb9d-4a6a-8481-5116d8850916 req-51491407-fb9d-4a6a-8481-5116d8850916 ] Request (TenantUsagesTestJSON:tearDownClass): 200 GET http://10.180.1.21/compute/v2.1/servers/28d69dc0-9b04-44f3-86d0-aa0e2742be6c 1.804s
2025-02-19 14:48:11.682 63046 INFO tempest.lib.common.rest_client [req-bb185891-ca4b-4ea2-85b8-17ed40c7a18f req-bb185891-ca4b-4ea2-85b8-17ed40c7a18f ] Request (VolumesAdminNegativeTest:test_update_attached_volume_with_nonexistent_volume_in_body): 200 GET http://10.180.1.21/compute/v2.1/servers/49e0c771-5fa5-4771-be72-ba78dcc3ec92 1.824s
2025-02-19 14:48:11.689 63042 INFO tempest.lib.common.rest_client [req-3350b91b-4812-4c43-bf40-bcd572634148 req-3350b91b-4812-4c43-bf40-bcd572634148 ] Request (SecurityGroupRulesNegativeTestJSON:test_create_security_group_rule_with_invalid_id): 400 POST http://10.180.1.21/compute/v2.1/os-security-group-rules 1.538s
2025-02-19 14:48:11.769 63050 INFO tempest.lib.common.rest_client [req-c539363d-fba8-42a9-92e4-11497b593787 req-c539363d-fba8-42a9-92e4-11497b593787 ] Request (ServerActionsTestOtherA:setUpClass): 200 GET http://10.180.1.21/compute/v2.1/servers/d6247e9c-c9c4-472e-8d75-5b416859b9ca 1.639s
2025-02-19 14:48:11.778 63008 INFO tempest.lib.common.rest_client [req-34de757a-43b3-45bf-aef8-89410096774e req-34de757a-43b3-45bf-aef8-89410096774e ] Request (ServersTestMultiNic:test_verify_duplicate_network_nics): 201 POST http://10.180.1.21:9696/networking/v2.0/networks 0.246s
2025-02-19 14:48:11.786 63044 INFO tempest.lib.common.rest_client [req-81be0d53-be64-4e25-8785-af205d3b385d req-81be0d53-be64-4e25-8785-af205d3b385d ] Request (InstanceActionsTestJSON:tearDownClass): 200 GET http://10.180.1.21/compute/v2.1/servers/f96581fd-030c-47c5-9867-c1a105dd4342 1.499s
2025-02-19 14:48:11.835 63002 INFO tempest.lib.common.rest_client [req-17632253-40e4-4183-bd21-ae9e83f482ab req-17632253-40e4-4183-bd21-ae9e83f482ab ] Request (ServersTestJSON:setUpClass): 200 GET http://10.180.1.21/compute/v2.1/servers/d68f8527-5783-449b-bbbe-e55ba4e54b1c 1.497s
2025-02-19 14:48:11.865 63022 INFO tempest.lib.common.rest_client [req-ba853ec9-ae69-47d7-821b-c0f7efb9c822 req-ba853ec9-ae69-47d7-821b-c0f7efb9c822 ] Request (ServersAdminNegativeTestJSON:test_migrate_server_invalid_state): 200 GET http://10.180.1.21/compute/v2.1/servers/eeb6bb89-1a96-42cf-ab40-888e39600d35 1.507s
2025-02-19 14:48:11.945 63052 INFO tempest.lib.common.rest_client [req-e82fd2b3-0c4e-47ad-92ae-da14ba141fef req-e82fd2b3-0c4e-47ad-92ae-da14ba141fef ] Request (SecurityGroupsTestJSON:test_list_security_groups_by_server): 200 GET http://10.180.1.21/compute/v2.1/servers/f8120b0f-6eec-4d37-a398-20b57002e1d5 1.481s
2025-02-19 14:48:12.124 63028 INFO tempest.lib.common.rest_client [req-00c1f696-aad8-4bec-a806-65d0ab4f28ef req-00c1f696-aad8-4bec-a806-65d0ab4f28ef ] Request (ServersWithSpecificFlavorTestJSON:test_verify_created_server_ephemeral_disk): 200 GET http://10.180.1.21/compute/v2.1/servers/08c42fbe-9474-4b11-9398-f617b0000d3e 1.603s
2025-02-19 14:48:12.131 63028 INFO tempest.common.waiters [-] State transition "BUILD/networking" ==> "BUILD/spawning" after 32 second wait
2025-02-19 14:48:12.153 63038 INFO tempest.lib.common.rest_client [req-a8528ac6-c6e1-4de9-b2be-7ba508938ff8 req-a8528ac6-c6e1-4de9-b2be-7ba508938ff8 ] Request (ListImageFiltersTestJSON:setUpClass): 202 POST http://10.180.1.21/compute/v2.1/servers 1.563s
2025-02-19 14:48:12.204 62994 INFO tempest.lib.common.rest_client [req-6602cd03-4fef-4b08-92cc-916fab3709cd req-6602cd03-4fef-4b08-92cc-916fab3709cd ] Request (ServersTestFqdnHostnames:test_create_server_with_fqdn_name): 200 GET http://10.180.1.21/compute/v2.1/servers/6ec72180-77e0-4add-8e79-d80a3b5adf2a 1.604s
2025-02-19 14:48:12.233 63040 INFO tempest.lib.common.rest_client [req-8472dd96-1efe-4d52-87e4-36cb7391c26e req-8472dd96-1efe-4d52-87e4-36cb7391c26e ] Request (ServerActionsTestJSON:setUpClass): 201 POST http://10.180.1.21:9696/networking/v2.0/subnets 0.622s
2025-02-19 14:48:12.259 63012 INFO tempest.lib.common.rest_client [req-454ff30a-0b5f-43ef-995b-9242996b9655 req-454ff30a-0b5f-43ef-995b-9242996b9655 ] Request (SecurityGroupsTestAdminJSON:_run_cleanups): 202 DELETE http://10.180.1.21/compute/v2.1/os-security-groups/d93cbbe2-b967-46bd-aabe-eb9f4b0b8aa1 1.598s
2025-02-19 14:48:12.275 63032 INFO tempest.lib.common.rest_client [req-479a8165-5ada-4457-81cb-a2542e5e4b70 req-479a8165-5ada-4457-81cb-a2542e5e4b70 ] Request (AttachVolumeTestJSON:test_attach_detach_volume): 200 GET http://10.180.1.21/compute/v2.1/servers/3002f008-80ba-4e6b-8ec6-530646763010 1.576s
2025-02-19 14:48:12.366 63026 INFO tempest.lib.common.rest_client [req-bd3349da-a010-45c1-98e6-76b4372e0beb req-bd3349da-a010-45c1-98e6-76b4372e0beb ] Request (AttachInterfacesV270Test:test_create_get_list_interfaces): 200 GET http://10.180.1.21/compute/v2.1/servers/431ae1de-747b-4543-a10a-59065f1fbbc2 1.550s
2025-02-19 14:48:12.400 63008 INFO tempest.lib.common.rest_client [req-8af67d12-6cc0-43d2-ab61-c9de061fb8bb req-8af67d12-6cc0-43d2-ab61-c9de061fb8bb ] Request (ServersTestMultiNic:test_verify_duplicate_network_nics): 201 POST http://10.180.1.21:9696/networking/v2.0/subnets 0.621s
2025-02-19 14:48:12.430 63054 INFO tempest.lib.common.rest_client [req-ceca78d6-d754-4b48-aabe-6d7b31af947c req-ceca78d6-d754-4b48-aabe-6d7b31af947c ] Request (ServersAdminTestJSON:test_create_server_with_scheduling_hint): 200 GET http://10.180.1.21/compute/v2.1/servers/63deed87-537f-4999-8eaa-19d3472c114b 1.500s
2025-02-19 14:48:12.465 63018 INFO tempest.lib.common.rest_client [req-422b8ff7-b750-4e85-bf61-a5e0ade916b7 req-422b8ff7-b750-4e85-bf61-a5e0ade916b7 ] Request (QuotasAdminTestV257:test_get_updated_quotas): 200 PUT http://10.180.1.21/compute/v2.1/os-quota-sets/145e5f41a7e54b249899c77ee0f1c8cf 1.699s
2025-02-19 14:48:12.661 63008 INFO tempest.lib.common.rest_client [req-5e8ce6ed-f700-417c-b5ae-6c1d06e2e60c req-5e8ce6ed-f700-417c-b5ae-6c1d06e2e60c ] Request (ServersTestMultiNic:test_verify_duplicate_network_nics): 201 POST http://10.180.1.21:9696/networking/v2.0/networks 0.257s
2025-02-19 14:48:12.685 63000 INFO tempest.lib.common.rest_client [req-ae4eae27-d15d-4fac-aee1-94a8c2ee3dc8 req-ae4eae27-d15d-4fac-aee1-94a8c2ee3dc8 ] Request (MigrationsAdminTest:test_list_migrations_in_flavor_resize_situation): 200 GET http://10.180.1.21/compute/v2.1/servers/7f5037bd-1a7d-444b-9cae-9a4e3d07c280 1.569s
2025-02-19 14:48:12.695 63000 INFO tempest.common.waiters [-] State transition "RESIZE/resize_finish" ==> "VERIFY_RESIZE/None" after 33 second wait
2025-02-19 14:48:12.704 63024 INFO tempest.lib.common.rest_client [req-24f44cc4-2898-46ab-adbf-f715be869972 req-24f44cc4-2898-46ab-adbf-f715be869972 ] Request (ListServerFiltersTestJSON:test_list_servers_detailed_limit_results): 200 GET http://10.180.1.21/compute/v2.1/servers/detail?limit=1 1.507s
2025-02-19 14:48:12.795 62998 INFO tempest.lib.common.rest_client [req-ae92262e-7c9f-4508-89fb-5fec963d6f46 req-ae92262e-7c9f-4508-89fb-5fec963d6f46 ] Request (VolumesAssistedSnapshotsTest:test_volume_assisted_snapshot_create_delete): 200 GET http://10.180.1.21/compute/v2.1/servers/261ccdeb-6805-4db9-9595-472f7247d489/os-interface 1.315s
2025-02-19 14:48:12.828 63010 INFO tempest.lib.common.rest_client [req-6f14c54c-d7ea-4d16-99f1-04d255062591 req-6f14c54c-d7ea-4d16-99f1-04d255062591 ] Request (AggregatesAdminNegativeTestJSON:test_aggregate_remove_nonexistent_host): 404 POST http://10.180.1.21/compute/v2.1/os-aggregates/8/action 1.247s
2025-02-19 14:48:12.852 63016 INFO tempest.lib.common.rest_client [req-807950d2-c173-4f65-8667-73852c722d9b req-807950d2-c173-4f65-8667-73852c722d9b ] Request (ImagesMetadataTestJSON:setUp): 200 PUT http://10.180.1.21/compute/v2.1/images/3ae5cf7c-618d-4c52-bb90-0163c43d6b02/metadata 1.626s
2025-02-19 14:48:12.928 63036 INFO tempest.lib.common.rest_client [req-4fe47c7a-e5e9-4577-9d5e-03308b6e1c4f req-4fe47c7a-e5e9-4577-9d5e-03308b6e1c4f ] Request (ImagesOneServerNegativeTestJSON:setUpClass): 200 GET http://10.180.1.21/compute/v2.1/servers/2169f132-7866-48a6-b419-37e64987f068 1.132s
2025-02-19 14:48:13.125 63042 INFO tempest.lib.common.rest_client [req-b8a0330c-9ea3-4871-8003-dffcd90475e7 req-b8a0330c-9ea3-4871-8003-dffcd90475e7 ] Request (SecurityGroupRulesNegativeTestJSON:test_create_security_group_rule_with_invalid_ip_protocol): 200 POST http://10.180.1.21/compute/v2.1/os-security-groups 1.434s
2025-02-19 14:48:13.150 63006 INFO tempest.lib.common.rest_client [req-fd54b114-76a9-409f-b56c-2573460b3e4d req-fd54b114-76a9-409f-b56c-2573460b3e4d ] Request (ServerDiagnosticsNegativeTest:test_get_server_diagnostics_by_non_admin): 200 GET http://10.180.1.21/compute/v2.1/servers/dfc4f2f6-fbaa-4c38-a080-c535c00a09c4 1.264s
2025-02-19 14:48:13.163 63006 INFO tempest.common.waiters [-] State transition "BUILD/None" ==> "BUILD/block_device_mapping" after 32 second wait
2025-02-19 14:48:13.189 63008 INFO tempest.lib.common.rest_client [req-4fbae4e0-c9bf-42dd-80e8-1038919326e3 req-4fbae4e0-c9bf-42dd-80e8-1038919326e3 ] Request (ServersTestMultiNic:test_verify_duplicate_network_nics): 201 POST http://10.180.1.21:9696/networking/v2.0/subnets 0.527s
2025-02-19 14:48:13.222 63034 INFO tempest.lib.common.rest_client [req-3a911a9a-bcdd-4bf1-be75-9b584185b9c6 req-3a911a9a-bcdd-4bf1-be75-9b584185b9c6 ] Request (DeleteServersTestJSON:test_delete_active_server): 200 GET http://10.180.1.21/compute/v2.1/servers/6cd6aa3c-32c9-4f57-ba28-1ea85271c983 0.964s
2025-02-19 14:48:13.223 63008 INFO tempest.lib.common.rest_client [req-70c8d282-9297-45c4-8bcd-9a59807e5172 req-70c8d282-9297-45c4-8bcd-9a59807e5172 ] Request (ServersTestMultiNic:test_verify_duplicate_network_nics): 201 POST http://10.180.1.21/identity/v3/auth/tokens 0.031s
2025-02-19 14:48:13.224 63008 INFO tempest.lib.common.fixed_network [-] (ServersTestMultiNic:test_verify_duplicate_network_nics) Found network {'id': '1a1f204a-8bed-4c7e-869b-f3c2b9959783', 'name': 'tempest-ServersTestMultiNic-811296092-network', 'tenant_id': '4b406c92d55e45fbb7402d17382f6886', 'admin_state_up': True, 'mtu': 8950, 'status': 'ACTIVE', 'subnets': [], 'shared': False, 'project_id': '4b406c92d55e45fbb7402d17382f6886', 'port_security_enabled': True, 'router:external': False, 'provider:network_type': 'vlan', 'provider:physical_network': 'default', 'provider:segmentation_id': 347, 'availability_zone_hints': [], 'availability_zones': [], 'ipv4_address_scope': None, 'ipv6_address_scope': None, 'description': '', 'tags': [], 'created_at': '2025-02-19T14:48:07Z', 'updated_at': '2025-02-19T14:48:07Z', 'revision_number': 1} available for tenant
2025-02-19 14:48:13.360 63012 INFO tempest.lib.common.rest_client [req-14828ed8-bf8c-4e32-bd71-6d2019961149 req-14828ed8-bf8c-4e32-bd71-6d2019961149 ] Request (SecurityGroupsTestAdminJSON:_run_cleanups): 202 DELETE http://10.180.1.21/compute/v2.1/os-security-groups/17ed5f39-ae6e-4755-a9e3-ce7f30f17039 1.101s
2025-02-19 14:48:13.466 63038 INFO tempest.lib.common.rest_client [req-84475f38-2a6b-4509-a571-f30f95f2cc23 req-84475f38-2a6b-4509-a571-f30f95f2cc23 ] Request (ListImageFiltersTestJSON:setUpClass): 200 GET http://10.180.1.21/compute/v2.1/servers/e1826804-fb88-4228-9e63-d6504704ca48 1.310s
2025-02-19 14:48:13.556 63031 INFO tempest.lib.common.rest_client [req-923c3a59-2fa2-44b8-86ca-041f1003b42d req-923c3a59-2fa2-44b8-86ca-041f1003b42d ] Request (ImagesNegativeTestJSON:test_create_image_from_deleted_server): 200 GET http://10.180.1.21/compute/v2.1/servers/c44d2180-a11c-4a23-a626-d0356d81b1ab 1.200s
2025-02-19 14:48:13.610 63014 INFO tempest.lib.common.rest_client [req-85c1ae41-2ac5-4d3b-9b1d-76adfda56510 req-85c1ae41-2ac5-4d3b-9b1d-76adfda56510 ] Request (ListServersNegativeTestJSON:setUpClass): 200 GET http://10.180.1.21/compute/v2.1/servers/11bc2536-ccfe-4597-bdbf-0f8952fdb0eb 1.299s
2025-02-19 14:48:13.627 63018 INFO tempest.lib.common.rest_client [req-a36b1ae8-ce74-4e1f-9799-cc72c1d063c2 req-a36b1ae8-ce74-4e1f-9799-cc72c1d063c2 ] Request (QuotasAdminTestV257:test_get_updated_quotas): 200 GET http://10.180.1.21/compute/v2.1/os-quota-sets/145e5f41a7e54b249899c77ee0f1c8cf/detail 1.161s
2025-02-19 14:48:13.644 63040 INFO tempest.lib.common.rest_client [req-d4f97a6e-021f-4efa-a2e6-2b49369bd180 req-d4f97a6e-021f-4efa-a2e6-2b49369bd180 ] Request (ServerActionsTestJSON:setUpClass): 201 POST http://10.180.1.21:9696/networking/v2.0/routers 1.410s
2025-02-19 14:48:13.664 63018 INFO tempest.lib.common.rest_client [req-dbab15e6-8bdd-45bc-93d8-ebfefa41a6f5 req-dbab15e6-8bdd-45bc-93d8-ebfefa41a6f5 ] Request (QuotasAdminTestV257:test_get_updated_quotas): 200 GET http://10.180.1.21/identity/v3/domains?name=Default 0.033s
2025-02-19 14:48:13.680 63056 INFO tempest.lib.common.rest_client [req-97e01bdf-8049-463a-b2fb-7bba98db3019 req-97e01bdf-8049-463a-b2fb-7bba98db3019 ] Request (ImagesTestJSON:test_create_image_from_stopped_server): 200 GET http://10.180.1.21/compute/v2.1/images/808fee3f-5118-47d1-9e81-eada8f098176 1.168s
2025-02-19 14:48:13.708 63018 INFO tempest.lib.common.rest_client [req-e5072767-9ff5-4157-bbd2-f8c1234b1df2 req-e5072767-9ff5-4157-bbd2-f8c1234b1df2 ] Request (QuotasAdminTestV257:test_get_updated_quotas): 201 POST http://10.180.1.21/identity/v3/users 0.043s
2025-02-19 14:48:13.732 63020 INFO tempest.lib.common.rest_client [req-9711f373-43c0-4286-839b-da29ec1a2efc req-9711f373-43c0-4286-839b-da29ec1a2efc ] Request (ServerDiagnosticsV248Test:tearDownClass): 200 GET http://10.180.1.21/compute/v2.1/servers/d72cb155-ff74-49df-b633-b72ac4142f74 1.259s
2025-02-19 14:48:13.732 63018 INFO tempest.lib.common.rest_client [req-6ecf78ff-ac9c-4c7e-bd20-9a2dba102fe3 req-6ecf78ff-ac9c-4c7e-bd20-9a2dba102fe3 ] Request (QuotasAdminTestV257:test_get_updated_quotas): 200 GET http://10.180.1.21/identity/v3/domains?name=Default 0.024s
2025-02-19 14:48:13.774 62996 INFO tempest.lib.common.rest_client [req-f08dcb6e-993e-4a57-953e-8c6ceb497b00 req-f08dcb6e-993e-4a57-953e-8c6ceb497b00 ] Request (TenantUsagesTestJSON:tearDownClass): 200 GET http://10.180.1.21/compute/v2.1/servers/28d69dc0-9b04-44f3-86d0-aa0e2742be6c 1.137s
2025-02-19 14:48:13.801 63046 INFO tempest.lib.common.rest_client [req-7d11a4dc-a8be-4945-af04-f996ae17b010 req-7d11a4dc-a8be-4945-af04-f996ae17b010 ] Request (VolumesAdminNegativeTest:test_update_attached_volume_with_nonexistent_volume_in_body): 200 GET http://10.180.1.21/compute/v2.1/servers/49e0c771-5fa5-4771-be72-ba78dcc3ec92 1.107s
2025-02-19 14:48:13.847 63000 INFO tempest.lib.common.rest_client [req-0c6967b4-c81f-4173-85b4-e5a769e7b690 req-0c6967b4-c81f-4173-85b4-e5a769e7b690 ] Request (MigrationsAdminTest:test_list_migrations_in_flavor_resize_situation): 204 POST http://10.180.1.21/compute/v2.1/servers/7f5037bd-1a7d-444b-9cae-9a4e3d07c280/action 1.151s
2025-02-19 14:48:13.904 63024 INFO tempest.lib.common.rest_client [req-a7f9d17d-5077-4333-ba6f-c8329aba17c3 req-a7f9d17d-5077-4333-ba6f-c8329aba17c3 ] Request (ListServerFiltersTestJSON:test_list_servers_filter_by_active_status): 200 GET http://10.180.1.21/compute/v2.1/servers?status=active 1.188s
2025-02-19 14:48:13.967 63044 INFO tempest.lib.common.rest_client [req-c4b04acf-1421-4b18-8622-ef5d78ccbb03 req-c4b04acf-1421-4b18-8622-ef5d78ccbb03 ] Request (InstanceActionsTestJSON:tearDownClass): 200 GET http://10.180.1.21/compute/v2.1/servers/f96581fd-030c-47c5-9867-c1a105dd4342 1.173s
2025-02-19 14:48:13.984 63010 INFO tempest.lib.common.rest_client [req-d14d1c3f-f7f6-4c3c-bf78-c85bb92d2c44 req-d14d1c3f-f7f6-4c3c-bf78-c85bb92d2c44 ] Request (AggregatesAdminNegativeTestJSON:_run_cleanups): 200 DELETE http://10.180.1.21/compute/v2.1/os-aggregates/8 1.155s
2025-02-19 14:48:14.038 63002 INFO tempest.lib.common.rest_client [req-2312e83d-af68-497c-8ce6-d3879bd21dc8 req-2312e83d-af68-497c-8ce6-d3879bd21dc8 ] Request (ServersTestJSON:setUpClass): 200 GET http://10.180.1.21/compute/v2.1/servers/d68f8527-5783-449b-bbbe-e55ba4e54b1c 1.189s
2025-02-19 14:48:14.081 63010 INFO tempest.lib.common.rest_client [req-13b6403f-71dd-4114-af2e-f9702c92110b req-13b6403f-71dd-4114-af2e-f9702c92110b ] Request (AggregatesAdminNegativeTestJSON:tearDownClass): 204 DELETE http://10.180.1.21/identity/v3/users/f848f896dc884015ae91bd58795062e6 0.095s
2025-02-19 14:48:14.100 63050 INFO tempest.lib.common.rest_client [req-828893ab-d3d1-4429-a12a-2051cfc87b9a req-828893ab-d3d1-4429-a12a-2051cfc87b9a ] Request (ServerActionsTestOtherA:setUpClass): 200 GET http://10.180.1.21/compute/v2.1/servers/d6247e9c-c9c4-472e-8d75-5b416859b9ca 1.316s
2025-02-19 14:48:14.179 63022 INFO tempest.lib.common.rest_client [req-2ad2ec54-56a6-4783-ba3f-8bc95fb0d780 req-2ad2ec54-56a6-4783-ba3f-8bc95fb0d780 ] Request (ServersAdminNegativeTestJSON:test_migrate_server_invalid_state): 200 GET http://10.180.1.21/compute/v2.1/servers/eeb6bb89-1a96-42cf-ab40-888e39600d35 1.301s
2025-02-19 14:48:14.201 63010 INFO tempest.lib.common.rest_client [req-a010e526-0821-48d1-9584-3af079a90128 req-a010e526-0821-48d1-9584-3af079a90128 ] Request (AggregatesAdminNegativeTestJSON:tearDownClass): 204 DELETE http://10.180.1.21/identity/v3/users/9ee3d6e06d0d48a39f3abbcc57a99e1d 0.119s
2025-02-19 14:48:14.201 63010 INFO tempest.lib.common.dynamic_creds [-] Deleting project and security group for project: 4463fa3593c14b96ba42ea5b82914ffd
2025-02-19 14:48:14.218 62998 INFO tempest.lib.common.rest_client [req-6c62780a-cd99-4891-970c-0b108213979a req-6c62780a-cd99-4891-970c-0b108213979a ] Request (VolumesAssistedSnapshotsTest:test_volume_assisted_snapshot_create_delete): 200 PUT http://10.180.1.21:9696/networking/v2.0/floatingips/2c49c9b6-2371-42eb-8911-366057c20170 1.419s
2025-02-19 14:48:14.219 62998 INFO tempest.lib.common.ssh [-] Creating ssh connection to '10.180.180.145:22' as 'cirros' with public key authentication
2025-02-19 14:48:14.261 63010 INFO tempest.lib.common.rest_client [req-99d6ed38-045f-44df-987a-34370818728f req-99d6ed38-045f-44df-987a-34370818728f ] Request (AggregatesAdminNegativeTestJSON:tearDownClass): 201 POST http://10.180.1.21/identity/v3/auth/tokens 0.059s
2025-02-19 14:48:14.296 63016 INFO tempest.lib.common.rest_client [req-da74a06e-1386-493a-82fe-cec59b813507 req-da74a06e-1386-493a-82fe-cec59b813507 ] Request (ImagesMetadataTestJSON:test_set_image_metadata): 200 PUT http://10.180.1.21/compute/v2.1/images/3ae5cf7c-618d-4c52-bb90-0163c43d6b02/metadata 1.443s
2025-02-19 14:48:14.311 63052 INFO tempest.lib.common.rest_client [req-badba862-81b1-4558-8f8c-8256e764fcdc req-badba862-81b1-4558-8f8c-8256e764fcdc ] Request (SecurityGroupsTestJSON:test_list_security_groups_by_server): 200 GET http://10.180.1.21/compute/v2.1/servers/f8120b0f-6eec-4d37-a398-20b57002e1d5 1.357s
2025-02-19 14:48:14.337 63042 INFO tempest.lib.common.rest_client [req-7b611544-3f4b-4fd0-a354-4eed34608cb2 req-7b611544-3f4b-4fd0-a354-4eed34608cb2 ] Request (SecurityGroupRulesNegativeTestJSON:test_create_security_group_rule_with_invalid_ip_protocol): 400 POST http://10.180.1.21/compute/v2.1/os-security-group-rules 1.207s
2025-02-19 14:48:14.403 62994 INFO tempest.lib.common.rest_client [req-6e6bae86-95db-4d4e-8cd6-266127989136 req-6e6bae86-95db-4d4e-8cd6-266127989136 ] Request (ServersTestFqdnHostnames:test_create_server_with_fqdn_name): 200 GET http://10.180.1.21/compute/v2.1/servers/6ec72180-77e0-4add-8e79-d80a3b5adf2a 1.183s
2025-02-19 14:48:14.454 63028 INFO tempest.lib.common.rest_client [req-82d2a6d5-466f-4cca-8233-a73ad79fbb27 req-82d2a6d5-466f-4cca-8233-a73ad79fbb27 ] Request (ServersWithSpecificFlavorTestJSON:test_verify_created_server_ephemeral_disk): 200 GET http://10.180.1.21/compute/v2.1/servers/08c42fbe-9474-4b11-9398-f617b0000d3e 1.321s
2025-02-19 14:48:14.479 63010 INFO tempest.lib.common.rest_client [req-b050b577-2b51-476f-aae1-7de4f349a477 req-b050b577-2b51-476f-aae1-7de4f349a477 ] Request (AggregatesAdminNegativeTestJSON:tearDownClass): 200 GET http://10.180.1.21:9696/networking/v2.0/security-groups?tenant_id=4463fa3593c14b96ba42ea5b82914ffd&name=default 0.218s
2025-02-19 14:48:14.523 63032 INFO tempest.lib.common.rest_client [req-e6cd42b1-cdc3-4724-b455-ecbf7e49e05a req-e6cd42b1-cdc3-4724-b455-ecbf7e49e05a ] Request (AttachVolumeTestJSON:test_attach_detach_volume): 200 GET http://10.180.1.21/compute/v2.1/servers/3002f008-80ba-4e6b-8ec6-530646763010 1.235s
2025-02-19 14:48:14.621 63040 INFO tempest.lib.common.rest_client [req-bff4557f-598a-4064-80f6-da9ce6ed6b6f req-bff4557f-598a-4064-80f6-da9ce6ed6b6f ] Request (ServerActionsTestJSON:setUpClass): 200 PUT http://10.180.1.21:9696/networking/v2.0/routers/619a4f91-1cf6-496a-abf9-ccc1afa9b48f/add_router_interface 0.976s
2025-02-19 14:48:14.621 63040 INFO tempest.lib.common.dynamic_creds [-] Created isolated network resources for: credentials: Credentials: {'domain_id': 'default', 'domain_name': 'Default', 'username': 'tempest-ServerActionsTestJSON-1173281415-project-member', 'project_domain_id': 'default', 'project_domain_name': 'Default', 'project_id': '45ffc76b205e485da7ff92b7f6558d13', 'project_name': 'tempest-ServerActionsTestJSON-1173281415', 'tenant_id': '45ffc76b205e485da7ff92b7f6558d13', 'tenant_name': 'tempest-ServerActionsTestJSON-1173281415', 'user_domain_id': 'default', 'user_domain_name': 'Default', 'user_id': '9f8288149cea4e49b493b3219c7e85ae', 'system': None}, Network: {'id': '67000e3c-5b6c-41f4-99f1-a45a92f36b08', 'name': 'tempest-ServerActionsTestJSON-2091265841-network', 'tenant_id': '45ffc76b205e485da7ff92b7f6558d13', 'admin_state_up': True, 'mtu': 8950, 'status': 'ACTIVE', 'subnets': [], 'shared': False, 'project_id': '45ffc76b205e485da7ff92b7f6558d13', 'port_security_enabled': True, 'router:external': False, 'provider:network_type': 'vlan', 'provider:physical_network': 'default', 'provider:segmentation_id': 626, 'availability_zone_hints': [], 'availability_zones': [], 'ipv4_address_scope': None, 'ipv6_address_scope': None, 'description': '', 'tags': [], 'created_at': '2025-02-19T14:48:11Z', 'updated_at': '2025-02-19T14:48:11Z', 'revision_number': 1}, Subnet: {'id': '24e73892-13b0-4a0a-96a1-05610bebc0a5', 'name': 'tempest-ServerActionsTestJSON-2091265841-subnet', 'tenant_id': '45ffc76b205e485da7ff92b7f6558d13', 'network_id': '67000e3c-5b6c-41f4-99f1-a45a92f36b08', 'ip_version': 4, 'subnetpool_id': None, 'enable_dhcp': True, 'ipv6_ra_mode': None, 'ipv6_address_mode': None, 'gateway_ip': '192.168.128.1', 'cidr': '192.168.128.0/28', 'allocation_pools': [{'start': '192.168.128.2', 'end': '192.168.128.14'}], 'host_routes': [], 'dns_nameservers': [], 'description': '', 'router:external': False, 'service_types': [], 'tags': [], 'created_at': '2025-02-19T14:48:11Z', 'updated_at': '2025-02-19T14:48:11Z', 'revision_number': 0, 'project_id': '45ffc76b205e485da7ff92b7f6558d13'}, Router: {'id': '619a4f91-1cf6-496a-abf9-ccc1afa9b48f', 'name': 'tempest-ServerActionsTestJSON-2091265841-router', 'tenant_id': '45ffc76b205e485da7ff92b7f6558d13', 'admin_state_up': True, 'status': 'ACTIVE', 'external_gateway_info': {'network_id': '5a99d2cc-8c90-4248-bcfb-7350e6558ae2', 'external_fixed_ips': [{'subnet_id': '92a9b299-f70e-4a2a-8e60-5f36dfe639c1', 'ip_address': '10.180.180.206'}], 'enable_snat': True}, 'description': '', 'availability_zones': [], 'distributed': False, 'ha': False, 'availability_zone_hints': [], 'routes': [], 'flavor_id': None, 'tags': [], 'created_at': '2025-02-19T14:48:12Z', 'updated_at': '2025-02-19T14:48:12Z', 'revision_number': 2, 'project_id': '45ffc76b205e485da7ff92b7f6558d13'}
2025-02-19 14:48:14.651 63010 INFO tempest.lib.common.rest_client [req-94b063f6-976a-4dfd-a888-e0c49af09dde req-94b063f6-976a-4dfd-a888-e0c49af09dde ] Request (AggregatesAdminNegativeTestJSON:tearDownClass): 204 DELETE http://10.180.1.21:9696/networking/v2.0/security-groups/95e44a23-bbe3-4bfd-8225-369bde6ccb3e 0.171s
2025-02-19 14:48:14.719 63012 INFO tempest.lib.common.rest_client [req-e8bac483-d01e-492e-9a9e-5a1c3fb2dab8 req-e8bac483-d01e-492e-9a9e-5a1c3fb2dab8 ] Request (SecurityGroupsTestAdminJSON:_run_cleanups): 202 DELETE http://10.180.1.21/compute/v2.1/os-security-groups/c922f598-7480-46a4-b308-0dc6794de89a 1.358s
2025-02-19 14:48:14.768 63010 INFO tempest.lib.common.rest_client [req-5b2fbaae-de79-4418-a44b-b6b06dc00eb0 req-5b2fbaae-de79-4418-a44b-b6b06dc00eb0 ] Request (AggregatesAdminNegativeTestJSON:tearDownClass): 204 DELETE http://10.180.1.21/identity/v3/projects/4463fa3593c14b96ba42ea5b82914ffd 0.117s
2025-02-19 14:48:14.772 63010 INFO tempest.lib.common.dynamic_creds [-] Deleting project and security group for project: db30949f61004675aa08fdfd1c20efc1
2025-02-19 14:48:14.773 63040 INFO tempest.lib.common.rest_client [req-ac1d4909-b2b7-4a98-8bcd-68788d3c9ccd req-ac1d4909-b2b7-4a98-8bcd-68788d3c9ccd ] Request (ServerActionsTestJSON:setUpClass): 201 POST http://10.180.1.21/identity/v3/auth/tokens 0.148s
2025-02-19 14:48:14.845 63026 INFO tempest.lib.common.rest_client [req-b41473f8-f2fb-4de9-b1c4-8fd9c0fc461d req-b41473f8-f2fb-4de9-b1c4-8fd9c0fc461d ] Request (AttachInterfacesV270Test:test_create_get_list_interfaces): 200 GET http://10.180.1.21/compute/v2.1/servers/431ae1de-747b-4543-a10a-59065f1fbbc2 1.466s
2025-02-19 14:48:14.912 63012 INFO tempest.lib.common.rest_client [req-75b92683-5461-4349-b068-fad44e824752 req-75b92683-5461-4349-b068-fad44e824752 ] Request (SecurityGroupsTestAdminJSON:tearDownClass): 204 DELETE http://10.180.1.21/identity/v3/users/b26ef6d292614c43b10b7cdc452869dd 0.189s
2025-02-19 14:48:14.966 63054 INFO tempest.lib.common.rest_client [req-769ea3b6-e48a-49ec-998f-d7167f42963c req-769ea3b6-e48a-49ec-998f-d7167f42963c ] Request (ServersAdminTestJSON:test_create_server_with_scheduling_hint): 200 GET http://10.180.1.21/compute/v2.1/servers/63deed87-537f-4999-8eaa-19d3472c114b 1.526s
2025-02-19 14:48:14.994 63008 INFO tempest.lib.common.rest_client [req-18fcc4c7-68ac-4bc9-9fd5-f60a904fd562 req-18fcc4c7-68ac-4bc9-9fd5-f60a904fd562 ] Request (ServersTestMultiNic:test_verify_duplicate_network_nics): 202 POST http://10.180.1.21/compute/v2.1/servers 1.769s
2025-02-19 14:48:15.042 63012 INFO tempest.lib.common.rest_client [req-9593ca28-b062-433e-90aa-ce09f84abbdd req-9593ca28-b062-433e-90aa-ce09f84abbdd ] Request (SecurityGroupsTestAdminJSON:tearDownClass): 204 DELETE http://10.180.1.21/identity/v3/users/5645ed4fdf1541fd8d035ef85ba27c0a 0.130s
2025-02-19 14:48:15.043 63012 INFO tempest.lib.common.dynamic_creds [-] Deleting project and security group for project: 8240defd62434852838db175d2c67c68
2025-02-19 14:48:15.128 63012 INFO tempest.lib.common.rest_client [req-b0b2eef1-5496-47fe-872a-ab7e0a0d5011 req-b0b2eef1-5496-47fe-872a-ab7e0a0d5011 ] Request (SecurityGroupsTestAdminJSON:tearDownClass): 201 POST http://10.180.1.21/identity/v3/auth/tokens 0.085s
2025-02-19 14:48:15.135 63000 INFO tempest.lib.common.rest_client [req-9450eb56-3bd7-4574-b684-dad23594bd6e req-9450eb56-3bd7-4574-b684-dad23594bd6e ] Request (MigrationsAdminTest:test_list_migrations_in_flavor_resize_situation): 200 GET http://10.180.1.21/compute/v2.1/servers/7f5037bd-1a7d-444b-9cae-9a4e3d07c280 1.288s
2025-02-19 14:48:15.200 63010 INFO tempest.lib.common.rest_client [req-fa147183-cee8-47b9-8983-47636494c277 req-fa147183-cee8-47b9-8983-47636494c277 ] Request (AggregatesAdminNegativeTestJSON:tearDownClass): 200 GET http://10.180.1.21:9696/networking/v2.0/security-groups?tenant_id=db30949f61004675aa08fdfd1c20efc1&name=default 0.424s
2025-02-19 14:48:15.248 63024 INFO tempest.lib.common.rest_client [req-94503332-94cb-4443-a6a9-ac701e285537 req-94503332-94cb-4443-a6a9-ac701e285537 ] Request (ListServerFiltersTestJSON:test_list_servers_filter_by_exceed_limit): 200 GET http://10.180.1.21/compute/v2.1/servers?limit=100000 1.340s
2025-02-19 14:48:15.250 63012 INFO tempest.lib.common.rest_client [req-e049e102-cc7d-4e66-a609-259a47149461 req-e049e102-cc7d-4e66-a609-259a47149461 ] Request (SecurityGroupsTestAdminJSON:tearDownClass): 200 GET http://10.180.1.21:9696/networking/v2.0/security-groups?tenant_id=8240defd62434852838db175d2c67c68&name=default 0.121s
2025-02-19 14:48:15.302 63018 INFO tempest.lib.common.rest_client [req-bd94f66b-c65e-4ae6-93c4-7c6e020594ec req-bd94f66b-c65e-4ae6-93c4-7c6e020594ec ] Request (QuotasAdminTestV257:test_get_updated_quotas): 200 PUT http://10.180.1.21/compute/v2.1/os-quota-sets/145e5f41a7e54b249899c77ee0f1c8cf?user_id=6658a58ebfcb418998ddb0156819bca2 1.569s
2025-02-19 14:48:15.321 63036 INFO tempest.lib.common.rest_client [req-67aee36f-62c7-4446-b9ba-f08e8f6e02d4 req-67aee36f-62c7-4446-b9ba-f08e8f6e02d4 ] Request (ImagesOneServerNegativeTestJSON:setUpClass): 200 GET http://10.180.1.21/compute/v2.1/servers/2169f132-7866-48a6-b419-37e64987f068 1.379s
2025-02-19 14:48:15.365 63012 INFO tempest.lib.common.rest_client [req-b6f12fff-c0c7-4ced-8b11-6b8e6d35064c req-b6f12fff-c0c7-4ced-8b11-6b8e6d35064c ] Request (SecurityGroupsTestAdminJSON:tearDownClass): 204 DELETE http://10.180.1.21:9696/networking/v2.0/security-groups/0b7190aa-6c5b-4495-a9ae-4ad22c22dd59 0.115s
2025-02-19 14:48:15.403 63034 INFO tempest.lib.common.rest_client [req-c6e87853-65cf-4e9a-9067-86272b9a0402 req-c6e87853-65cf-4e9a-9067-86272b9a0402 ] Request (DeleteServersTestJSON:test_delete_active_server): 200 GET http://10.180.1.21/compute/v2.1/servers/6cd6aa3c-32c9-4f57-ba28-1ea85271c983 1.171s
2025-02-19 14:48:15.416 63034 INFO tempest.common.waiters [-] State transition "ACTIVE/deleting" ==> "DELETED/None" after 4 second wait
2025-02-19 14:48:15.443 63016 INFO tempest.lib.common.rest_client [req-bd9e72f8-9694-436e-871e-17e76f3c8daa req-bd9e72f8-9694-436e-871e-17e76f3c8daa ] Request (ImagesMetadataTestJSON:test_set_image_metadata): 200 GET http://10.180.1.21/compute/v2.1/images/3ae5cf7c-618d-4c52-bb90-0163c43d6b02/metadata 1.146s
2025-02-19 14:48:15.446 63012 INFO tempest.lib.common.rest_client [req-e826a6c8-a607-4f51-8add-9c79832328c0 req-e826a6c8-a607-4f51-8add-9c79832328c0 ] Request (SecurityGroupsTestAdminJSON:tearDownClass): 204 DELETE http://10.180.1.21/identity/v3/projects/8240defd62434852838db175d2c67c68 0.080s
2025-02-19 14:48:15.446 63012 INFO tempest.lib.common.dynamic_creds [-] Deleting project and security group for project: b5945fa862994ebc85f28a9f78b3f869
2025-02-19 14:48:15.463 63010 INFO tempest.lib.common.rest_client [req-a7493a61-820a-48a8-8282-20685d2213c9 req-a7493a61-820a-48a8-8282-20685d2213c9 ] Request (AggregatesAdminNegativeTestJSON:tearDownClass): 204 DELETE http://10.180.1.21:9696/networking/v2.0/security-groups/7f4c274c-f549-4491-b0b6-04c6ecc2c560 0.262s
2025-02-19 14:48:15.488 63012 INFO tempest.lib.common.rest_client [req-8fffc630-c4bb-4d1f-b808-217e3443a09f req-8fffc630-c4bb-4d1f-b808-217e3443a09f ] Request (SecurityGroupsTestAdminJSON:tearDownClass): 200 GET http://10.180.1.21:9696/networking/v2.0/security-groups?tenant_id=b5945fa862994ebc85f28a9f78b3f869&name=default 0.041s
2025-02-19 14:48:15.502 63006 INFO tempest.lib.common.rest_client [req-fd26fdae-eeff-408e-b971-0c0d531b2f88 req-fd26fdae-eeff-408e-b971-0c0d531b2f88 ] Request (ServerDiagnosticsNegativeTest:test_get_server_diagnostics_by_non_admin): 200 GET http://10.180.1.21/compute/v2.1/servers/dfc4f2f6-fbaa-4c38-a080-c535c00a09c4 1.337s
