2025-02-19 14:50:16.570 63038 INFO tempest.lib.common.rest_client [req-b82e14e6-62c2-4d43-ae2f-513338492b97 req-b82e14e6-62c2-4d43-ae2f-513338492b97 ] Request (ListImageFiltersTestJSON:setUpClass): 200 GET http://10.180.1.21/compute/v2.1/servers/b88bbea3-f496-4a9a-a90d-da26f4f62193 0.249s
2025-02-19 14:50:16.577 63038 INFO tempest.common.waiters [-] State transition "ACTIVE/image_uploading" ==> "ACTIVE/None" after 1 second wait
2025-02-19 14:50:16.596 63000 INFO tempest.lib.common.rest_client [req-15c349b6-3731-45aa-83cd-c3cface1da70 req-15c349b6-3731-45aa-83cd-c3cface1da70 ] Request (MigrationsAdminTest:test_resize_server_revert_deleted_flavor): 200 GET http://10.180.1.21/compute/v2.1/flavors/detail 0.036s
2025-02-19 14:50:16.617 62996 INFO tempest.lib.common.rest_client [req-10e9543b-175b-432a-b36b-d203b01a695e req-10e9543b-175b-432a-b36b-d203b01a695e ] Request (FloatingIPsAssociationNegativeTestJSON:tearDownClass): 200 GET http://10.180.1.21/compute/v2.1/servers/c6d9a643-9909-4127-a49e-24c49d4eccfd 0.185s
2025-02-19 14:50:16.665 63038 INFO tempest.lib.common.rest_client [req-2bd270e6-4334-460a-bb68-9079964c80ea req-2bd270e6-4334-460a-bb68-9079964c80ea ] Request (ListImageFiltersTestJSON:test_list_images_filter_by_changes_since): 200 GET http://10.180.1.21/compute/v2.1/images?changes-since=2025-02-19T14%3A48%3A01Z 0.086s
2025-02-19 14:50:16.671 63036 INFO tempest.lib.common.rest_client [req-209c186f-02ff-4325-9d21-5bbae1a495f8 req-209c186f-02ff-4325-9d21-5bbae1a495f8 ] Request (ImagesOneServerNegativeTestJSON:_run_cleanups): 200 GET http://10.180.1.21/compute/v2.1/servers/16bc5eeb-8e2b-499e-a7fa-6c37a18cdf72 0.083s
2025-02-19 14:50:16.720 63038 INFO tempest.lib.common.rest_client [req-31450241-b49b-4a0b-b091-64a55bc1c274 req-31450241-b49b-4a0b-b091-64a55bc1c274 ] Request (ListImageFiltersTestJSON:test_list_images_filter_by_name): 200 GET http://10.180.1.21/compute/v2.1/images?name=tempest-ListImageFiltersTestJSON-image-1079173340 0.052s
2025-02-19 14:50:16.774 63022 INFO tempest.lib.common.rest_client [req-c60dc135-597b-4641-85ab-6a4db5a0ef34 req-c60dc135-597b-4641-85ab-6a4db5a0ef34 ] Request (ServersTestBootFromVolume:setUpClass): 200 GET http://10.180.1.21/volume/v3/volumes/d04a2532-9421-4bfd-8462-7e6220b248c2 0.028s
2025-02-19 14:50:16.802 63038 INFO tempest.lib.common.rest_client [req-afaef713-0980-4696-98ed-e2390533853d req-afaef713-0980-4696-98ed-e2390533853d ] Request (ListImageFiltersTestJSON:test_list_images_filter_by_server_id): 200 GET http://10.180.1.21/compute/v2.1/images?server=b88bbea3-f496-4a9a-a90d-da26f4f62193 0.078s
2025-02-19 14:50:16.855 63000 INFO tempest.lib.common.rest_client [req-2a6d07f3-97d3-473d-9ead-58e38f547a42 req-2a6d07f3-97d3-473d-9ead-58e38f547a42 ] Request (MigrationsAdminTest:test_resize_server_revert_deleted_flavor): 202 POST http://10.180.1.21/compute/v2.1/servers/1b9677be-196b-403a-8d79-7b7c694046eb/action 0.253s
2025-02-19 14:50:16.856 63038 INFO tempest.lib.common.rest_client [req-97e30b23-ddd6-4dba-8f4b-9c43cf1fc94c req-97e30b23-ddd6-4dba-8f4b-9c43cf1fc94c ] Request (ListImageFiltersTestJSON:test_list_images_filter_by_server_ref): 200 GET http://10.180.1.21/compute/v2.1/images?server=http%3A%2F%2F10.180.1.21%2Fcompute%2Fv2.1%2Fservers%2Fe1826804-fb88-4228-9e63-d6504704ca48 0.049s
2025-02-19 14:50:16.933 63016 INFO tempest.lib.common.rest_client [req-9b006a64-0d9f-4bb0-92a9-01c83fc78c72 req-9b006a64-0d9f-4bb0-92a9-01c83fc78c72 ] Request (MultipleCreateTestJSON:_run_cleanups): 200 GET http://10.180.1.21/compute/v2.1/servers/c6815fb8-4825-448a-ae8c-b657aa06d627 0.110s
2025-02-19 14:50:16.954 63000 INFO tempest.lib.common.rest_client [req-5db509d5-86b3-4de5-904f-470718e1653f req-5db509d5-86b3-4de5-904f-470718e1653f ] Request (MigrationsAdminTest:test_resize_server_revert_deleted_flavor): 200 GET http://10.180.1.21/compute/v2.1/servers/1b9677be-196b-403a-8d79-7b7c694046eb 0.099s
2025-02-19 14:50:16.970 63038 INFO tempest.lib.common.rest_client [req-8a28537c-ee81-4f21-ade5-467dea6a706f req-8a28537c-ee81-4f21-ade5-467dea6a706f ] Request (ListImageFiltersTestJSON:test_list_images_filter_by_server_ref): 200 GET http://10.180.1.21/compute/v2.1/images?server=http%3A%2F%2F10.180.1.21%2Fcompute%2Fservers%2Fe1826804-fb88-4228-9e63-d6504704ca48 0.112s
2025-02-19 14:50:17.008 63008 INFO tempest.lib.common.rest_client [req-58f62d67-979b-48b0-bc29-08df1711d94d req-58f62d67-979b-48b0-bc29-08df1711d94d ] Request (ServersTestMultiNic:test_verify_multiple_nics_order): 200 GET http://10.180.1.21/compute/v2.1/servers/f743ab44-893d-454b-8a4d-69531f28a173 0.146s
2025-02-19 14:50:17.018 63008 INFO tempest.common.waiters [-] State transition "BUILD/scheduling" ==> "BUILD/None" after 4 second wait
2025-02-19 14:50:17.038 63006 INFO tempest.lib.common.rest_client [req-23057c72-770b-4fa5-91ed-d5cbdb27117e req-23057c72-770b-4fa5-91ed-d5cbdb27117e ] Request (ServerExternalEventsTest:test_create_server_external_events): 200 GET http://10.180.1.21/compute/v2.1/servers/34705cc3-12ff-496f-a5ae-7db685ab7d42 0.125s
2025-02-19 14:50:17.082 63038 INFO tempest.lib.common.rest_client [req-ed04f31a-699a-4db7-9eb3-c3cfd9de3aa5 req-ed04f31a-699a-4db7-9eb3-c3cfd9de3aa5 ] Request (ListImageFiltersTestJSON:test_list_images_filter_by_status): 200 GET http://10.180.1.21/compute/v2.1/images?status=ACTIVE 0.107s
2025-02-19 14:50:17.110 63034 INFO tempest.lib.common.rest_client [req-48e678c2-50b3-412f-9faa-c60e0afe7439 req-48e678c2-50b3-412f-9faa-c60e0afe7439 ] Request (DeleteServersTestJSON:test_delete_server_while_in_attached_volume): 200 GET http://10.180.1.21/compute/v2.1/servers/b5615d78-eee6-4e84-b5f2-d9ab6ca66e1e 0.126s
2025-02-19 14:50:17.119 63034 INFO tempest.common.waiters [-] State transition "ACTIVE/deleting" ==> "DELETED/None" after 7 second wait
2025-02-19 14:50:17.160 63024 INFO tempest.lib.common.rest_client [req-d3115f61-020e-44c7-919d-c6c4056616c8 req-d3115f61-020e-44c7-919d-c6c4056616c8 ] Request (ListServerFiltersTestJSON:tearDownClass): 200 GET http://10.180.1.21/compute/v2.1/servers/eb140ffc-39a8-475d-a47b-3c5d05adda4c 0.145s
2025-02-19 14:50:17.167 63054 INFO tempest.lib.common.rest_client [req-8f746abe-decd-4335-a109-5d13c9ca5df6 req-8f746abe-decd-4335-a109-5d13c9ca5df6 ] Request (ServersAdminTestJSON:test_inject_network_info): 200 GET http://10.180.1.21/compute/v2.1/servers/54077f0d-3e5c-4aa3-98f0-2434c168ce06 0.125s
2025-02-19 14:50:17.210 63038 INFO tempest.lib.common.rest_client [req-30734464-43d3-476c-9e50-27947193005e req-30734464-43d3-476c-9e50-27947193005e ] Request (ListImageFiltersTestJSON:test_list_images_filter_by_type): 200 GET http://10.180.1.21/compute/v2.1/images?type=snapshot 0.123s
2025-02-19 14:50:17.237 63010 INFO tempest.lib.common.rest_client [req-b6c0ea1a-dd3c-4636-829e-31c87bea099a req-b6c0ea1a-dd3c-4636-829e-31c87bea099a ] Request (ServerRescueNegativeTestJSON:setUpClass): 200 GET http://10.180.1.21/compute/v2.1/servers/9043970b-25b2-4989-baea-3cfeb11bec5d 0.127s
2025-02-19 14:50:17.263 63026 INFO tempest.lib.common.rest_client [req-4289ed49-0594-4b06-9007-2a8d4c062ba4 req-4289ed49-0594-4b06-9007-2a8d4c062ba4 ] Request (ServerPasswordTestJSON:setUpClass): 200 GET http://10.180.1.21/compute/v2.1/servers/3364dc58-416c-42da-8157-6efdb65e0e89 0.074s
2025-02-19 14:50:17.313 63038 INFO tempest.lib.common.rest_client [req-7035081b-a8ec-4d1f-8ad4-050b633b4e55 req-7035081b-a8ec-4d1f-8ad4-050b633b4e55 ] Request (ListImageFiltersTestJSON:test_list_images_limit_results): 200 GET http://10.180.1.21/compute/v2.1/images?limit=1 0.093s
2025-02-19 14:50:17.336 63052 INFO tempest.lib.common.rest_client [req-a43b58ce-0524-477e-8223-478c91597de8 req-a43b58ce-0524-477e-8223-478c91597de8 ] Request (SecurityGroupsTestJSON:test_server_security_groups): 200 GET http://10.180.1.21/compute/v2.1/servers/20a8a0f2-b24c-4097-b231-ef82b86bdda5 0.083s
2025-02-19 14:50:17.389 63038 INFO tempest.lib.common.rest_client [req-cc5cd318-d7ee-46f4-9e0c-687f2fbb4b21 req-cc5cd318-d7ee-46f4-9e0c-687f2fbb4b21 ] Request (ListImageFiltersTestJSON:test_list_images_with_detail_filter_by_changes_since): 200 GET http://10.180.1.21/compute/v2.1/images/detail?changes-since=2025-02-19T14%3A47%3A45Z 0.070s
2025-02-19 14:50:17.392 63056 INFO tempest.lib.common.rest_client [req-f60476e0-3277-4bd7-ac0c-2257a84787e9 req-f60476e0-3277-4bd7-ac0c-2257a84787e9 ] Request (ImagesTestJSON:test_create_server_from_snapshot): 200 GET http://10.180.1.21/compute/v2.1/servers/acec215e-dade-4603-ae30-d50008b2ce73 0.140s
2025-02-19 14:50:17.440 63038 INFO tempest.lib.common.rest_client [req-33c92ac2-8355-47cf-bc55-b77034e3a74a req-33c92ac2-8355-47cf-bc55-b77034e3a74a ] Request (ListImageFiltersTestJSON:test_list_images_with_detail_filter_by_name): 200 GET http://10.180.1.21/compute/v2.1/images/detail?name=tempest-ListImageFiltersTestJSON-image-1079173340 0.042s
2025-02-19 14:50:17.488 63038 INFO tempest.lib.common.rest_client [req-eb834cc0-38ac-43d4-a8fd-4476d3ff4cce req-eb834cc0-38ac-43d4-a8fd-4476d3ff4cce ] Request (ListImageFiltersTestJSON:test_list_images_with_detail_filter_by_server_ref): 200 GET http://10.180.1.21/compute/v2.1/images/detail?server=http%3A%2F%2F10.180.1.21%2Fcompute%2Fv2.1%2Fservers%2Fe1826804-fb88-4228-9e63-d6504704ca48 0.041s
2025-02-19 14:50:17.558 63031 INFO tempest.lib.common.rest_client [req-eae629a9-71b9-4ce0-8c70-9ad7f3f6a27e req-eae629a9-71b9-4ce0-8c70-9ad7f3f6a27e ] Request (InstanceActionsV221TestJSON:test_get_list_deleted_instance_actions): 200 GET http://10.180.1.21/compute/v2.1/servers/6d687f06-5b33-4c65-b469-8c7c02d8a52c 0.071s
2025-02-19 14:50:17.566 63020 INFO tempest.lib.common.rest_client [req-6042e85f-738a-4baf-8a41-721edee6c772 req-6042e85f-738a-4baf-8a41-721edee6c772 ] Request (ServerActionsV293TestJSON:setUpClass): 200 GET http://10.180.1.21/compute/v2.1/servers/5ff00e5a-676c-4d56-968e-1fb8866f79ac 0.123s
2025-02-19 14:50:17.579 63020 INFO tempest.common.waiters [-] State transition "BUILD/block_device_mapping" ==> "BUILD/spawning" after 86 second wait
2025-02-19 14:50:17.594 63038 INFO tempest.lib.common.rest_client [req-308a59b5-4d1d-4137-8e62-de29f4c9a605 req-308a59b5-4d1d-4137-8e62-de29f4c9a605 ] Request (ListImageFiltersTestJSON:test_list_images_with_detail_filter_by_server_ref): 200 GET http://10.180.1.21/compute/v2.1/images/detail?server=http%3A%2F%2F10.180.1.21%2Fcompute%2Fservers%2Fe1826804-fb88-4228-9e63-d6504704ca48 0.101s
2025-02-19 14:50:17.634 63042 INFO tempest.lib.common.rest_client [req-d1dd1e88-b093-4441-8ec4-dc399fe82446 req-d1dd1e88-b093-4441-8ec4-dc399fe82446 ] Request (ServersNegativeTestMultiTenantJSON:tearDownClass): 200 GET http://10.180.1.21/compute/v2.1/servers/fd23c82e-4955-4be3-b034-5400270a19a3 0.077s
2025-02-19 14:50:17.666 63038 INFO tempest.lib.common.rest_client [req-f2d0b9d0-f205-4b95-b799-b3ef08e2dae1 req-f2d0b9d0-f205-4b95-b799-b3ef08e2dae1 ] Request (ListImageFiltersTestJSON:test_list_images_with_detail_filter_by_status): 200 GET http://10.180.1.21/compute/v2.1/images/detail?status=ACTIVE 0.067s
2025-02-19 14:50:17.728 62996 INFO tempest.lib.common.rest_client [req-f5c21aa6-9b27-48be-a2df-0d802ecb7e92 req-f5c21aa6-9b27-48be-a2df-0d802ecb7e92 ] Request (FloatingIPsAssociationNegativeTestJSON:tearDownClass): 200 GET http://10.180.1.21/compute/v2.1/servers/c6d9a643-9909-4127-a49e-24c49d4eccfd 0.103s
2025-02-19 14:50:17.737 63038 INFO tempest.lib.common.rest_client [req-ac3dc6b9-5b28-478f-803b-0480e6f7921b req-ac3dc6b9-5b28-478f-803b-0480e6f7921b ] Request (ListImageFiltersTestJSON:test_list_images_with_detail_filter_by_type): 200 GET http://10.180.1.21/compute/v2.1/images/detail?type=snapshot 0.062s
2025-02-19 14:50:17.780 63038 INFO tempest.lib.common.rest_client [req-ab94d787-4e8e-464e-b87a-fc5d34ae6c45 req-ab94d787-4e8e-464e-b87a-fc5d34ae6c45 ] Request (ListImageFiltersTestJSON:test_list_images_with_detail_filter_by_type): 200 GET http://10.180.1.21/compute/v2.1/images/01f269e0-822c-4f74-9463-28808435f63b 0.038s
2025-02-19 14:50:17.784 63036 INFO tempest.lib.common.rest_client [req-296b09f4-eaf5-4b29-8d15-b9cedcfa03fd req-296b09f4-eaf5-4b29-8d15-b9cedcfa03fd ] Request (ImagesOneServerNegativeTestJSON:_run_cleanups): 200 GET http://10.180.1.21/compute/v2.1/servers/16bc5eeb-8e2b-499e-a7fa-6c37a18cdf72 0.105s
2025-02-19 14:50:17.817 63022 INFO tempest.lib.common.rest_client [req-6a5f0902-29d6-4a85-b168-b6e6d1717074 req-6a5f0902-29d6-4a85-b168-b6e6d1717074 ] Request (ServersTestBootFromVolume:setUpClass): 200 GET http://10.180.1.21/volume/v3/volumes/d04a2532-9421-4bfd-8462-7e6220b248c2 0.034s
2025-02-19 14:50:17.822 63038 INFO tempest.lib.common.rest_client [req-50922909-206c-4ee5-8f4a-7c3576b8a0fe req-50922909-206c-4ee5-8f4a-7c3576b8a0fe ] Request (ListImageFiltersTestJSON:test_list_images_with_detail_limit_results): 200 GET http://10.180.1.21/compute/v2.1/images/detail?limit=1 0.037s
2025-02-19 14:50:17.932 63038 INFO tempest.lib.common.rest_client [req-3b3f1152-f564-4944-8c3e-562c33d1244a req-3b3f1152-f564-4944-8c3e-562c33d1244a ] Request (ListImageFiltersTestJSON:tearDownClass): 204 DELETE http://10.180.1.21/compute/v2.1/images/b83a5042-e837-42eb-a573-c29755f9a0c9 0.104s
2025-02-19 14:50:17.998 63016 INFO tempest.lib.common.rest_client [req-2e126ed6-9ceb-4fe4-96d5-58353cbae041 req-2e126ed6-9ceb-4fe4-96d5-58353cbae041 ] Request (MultipleCreateTestJSON:_run_cleanups): 200 GET http://10.180.1.21/compute/v2.1/servers/c6815fb8-4825-448a-ae8c-b657aa06d627 0.056s
2025-02-19 14:50:18.026 63038 INFO tempest.lib.common.rest_client [req-5c9b92da-b39c-4567-9555-d2103e131c53 req-5c9b92da-b39c-4567-9555-d2103e131c53 ] Request (ListImageFiltersTestJSON:tearDownClass): 204 DELETE http://10.180.1.21/compute/v2.1/images/00aeccb5-3641-4455-aca7-0ee581a36cda 0.093s
2025-02-19 14:50:18.079 63008 INFO tempest.lib.common.rest_client [req-75febe11-84eb-4b69-8abc-41eec43f78dc req-75febe11-84eb-4b69-8abc-41eec43f78dc ] Request (ServersTestMultiNic:test_verify_multiple_nics_order): 200 GET http://10.180.1.21/compute/v2.1/servers/f743ab44-893d-454b-8a4d-69531f28a173 0.059s
2025-02-19 14:50:18.096 63000 INFO tempest.lib.common.rest_client [req-0910562b-62f6-450b-b2eb-f45c1210ef9f req-0910562b-62f6-450b-b2eb-f45c1210ef9f ] Request (MigrationsAdminTest:test_resize_server_revert_deleted_flavor): 200 GET http://10.180.1.21/compute/v2.1/servers/1b9677be-196b-403a-8d79-7b7c694046eb 0.130s
2025-02-19 14:50:18.145 63006 INFO tempest.lib.common.rest_client [req-f364910e-f271-44a3-8866-8d1971887351 req-f364910e-f271-44a3-8866-8d1971887351 ] Request (ServerExternalEventsTest:test_create_server_external_events): 200 GET http://10.180.1.21/compute/v2.1/servers/34705cc3-12ff-496f-a5ae-7db685ab7d42 0.099s
2025-02-19 14:50:18.181 63038 INFO tempest.lib.common.rest_client [req-1cf9fbda-dd34-4c61-9231-c0f9ade84d4c req-1cf9fbda-dd34-4c61-9231-c0f9ade84d4c ] Request (ListImageFiltersTestJSON:tearDownClass): 204 DELETE http://10.180.1.21/compute/v2.1/images/4738f0f1-668b-4c2f-8e0b-07eb990eeeb1 0.155s
2025-02-19 14:50:18.207 63034 INFO tempest.lib.common.rest_client [req-888414e2-9c67-424c-89c5-a48afa18c131 req-888414e2-9c67-424c-89c5-a48afa18c131 ] Request (DeleteServersTestJSON:test_delete_server_while_in_attached_volume): 200 GET http://10.180.1.21/compute/v2.1/servers/b5615d78-eee6-4e84-b5f2-d9ab6ca66e1e 0.087s
2025-02-19 14:50:18.242 63024 INFO tempest.lib.common.rest_client [req-02428800-0b53-457c-a785-c2f5d2228a32 req-02428800-0b53-457c-a785-c2f5d2228a32 ] Request (ListServerFiltersTestJSON:tearDownClass): 200 GET http://10.180.1.21/compute/v2.1/servers/eb140ffc-39a8-475d-a47b-3c5d05adda4c 0.073s
2025-02-19 14:50:18.256 63054 INFO tempest.lib.common.rest_client [req-9e64d601-418f-4e65-b618-a814d81b5ace req-9e64d601-418f-4e65-b618-a814d81b5ace ] Request (ServersAdminTestJSON:test_inject_network_info): 200 GET http://10.180.1.21/compute/v2.1/servers/54077f0d-3e5c-4aa3-98f0-2434c168ce06 0.077s
2025-02-19 14:50:18.312 63010 INFO tempest.lib.common.rest_client [req-d4d40f8d-8a89-454d-8ab2-efaa273c55bc req-d4d40f8d-8a89-454d-8ab2-efaa273c55bc ] Request (ServerRescueNegativeTestJSON:setUpClass): 200 GET http://10.180.1.21/compute/v2.1/servers/9043970b-25b2-4989-baea-3cfeb11bec5d 0.063s
2025-02-19 14:50:18.322 63038 INFO tempest.lib.common.rest_client [req-9e2a67a8-8cf9-4ecb-b8a3-7e60c3d4dc45 req-9e2a67a8-8cf9-4ecb-b8a3-7e60c3d4dc45 ] Request (ListImageFiltersTestJSON:tearDownClass): 204 DELETE http://10.180.1.21/compute/v2.1/servers/e1826804-fb88-4228-9e63-d6504704ca48 0.140s
2025-02-19 14:50:18.364 63026 INFO tempest.lib.common.rest_client [req-b7028eac-a0f1-4f82-bc1f-69f6685a5455 req-b7028eac-a0f1-4f82-bc1f-69f6685a5455 ] Request (ServerPasswordTestJSON:setUpClass): 200 GET http://10.180.1.21/compute/v2.1/servers/3364dc58-416c-42da-8157-6efdb65e0e89 0.093s
2025-02-19 14:50:18.423 63038 INFO tempest.lib.common.rest_client [req-5a569c65-1709-48ec-abd0-9adf9ea95609 req-5a569c65-1709-48ec-abd0-9adf9ea95609 ] Request (ListImageFiltersTestJSON:tearDownClass): 200 GET http://10.180.1.21/compute/v2.1/servers/e1826804-fb88-4228-9e63-d6504704ca48 0.100s
2025-02-19 14:50:18.423 63052 INFO tempest.lib.common.rest_client [req-1be4fedf-f4ae-455a-a288-ee1a25e39365 req-1be4fedf-f4ae-455a-a288-ee1a25e39365 ] Request (SecurityGroupsTestJSON:test_server_security_groups): 200 GET http://10.180.1.21/compute/v2.1/servers/20a8a0f2-b24c-4097-b231-ef82b86bdda5 0.077s
2025-02-19 14:50:18.476 63056 INFO tempest.lib.common.rest_client [req-5ef26ed5-49bd-4397-9f92-320a9eb4c8c6 req-5ef26ed5-49bd-4397-9f92-320a9eb4c8c6 ] Request (ImagesTestJSON:test_create_server_from_snapshot): 200 GET http://10.180.1.21/compute/v2.1/servers/acec215e-dade-4603-ae30-d50008b2ce73 0.074s
2025-02-19 14:50:18.627 63031 INFO tempest.lib.common.rest_client [req-366d84bd-009f-4175-be7a-cd366230f1d4 req-366d84bd-009f-4175-be7a-cd366230f1d4 ] Request (InstanceActionsV221TestJSON:test_get_list_deleted_instance_actions): 200 GET http://10.180.1.21/compute/v2.1/servers/6d687f06-5b33-4c65-b469-8c7c02d8a52c 0.057s
2025-02-19 14:50:18.715 63042 INFO tempest.lib.common.rest_client [req-083407bb-4496-4fe1-8963-9b559bf6e83a req-083407bb-4496-4fe1-8963-9b559bf6e83a ] Request (ServersNegativeTestMultiTenantJSON:tearDownClass): 200 GET http://10.180.1.21/compute/v2.1/servers/fd23c82e-4955-4be3-b034-5400270a19a3 0.072s
2025-02-19 14:50:18.717 63020 INFO tempest.lib.common.rest_client [req-06e9ed7c-e53f-45a4-b771-10c654e3ef75 req-06e9ed7c-e53f-45a4-b771-10c654e3ef75 ] Request (ServerActionsV293TestJSON:setUpClass): 200 GET http://10.180.1.21/compute/v2.1/servers/5ff00e5a-676c-4d56-968e-1fb8866f79ac 0.137s
2025-02-19 14:50:18.804 62996 INFO tempest.lib.common.rest_client [req-40d6e3d7-235b-4ad5-92a3-32bd98fc86f5 req-40d6e3d7-235b-4ad5-92a3-32bd98fc86f5 ] Request (FloatingIPsAssociationNegativeTestJSON:tearDownClass): 200 GET http://10.180.1.21/compute/v2.1/servers/c6d9a643-9909-4127-a49e-24c49d4eccfd 0.063s
2025-02-19 14:50:18.856 63036 INFO tempest.lib.common.rest_client [req-b1c21c93-17e2-4c55-9635-d3625df8ca84 req-b1c21c93-17e2-4c55-9635-d3625df8ca84 ] Request (ImagesOneServerNegativeTestJSON:_run_cleanups): 200 GET http://10.180.1.21/compute/v2.1/servers/16bc5eeb-8e2b-499e-a7fa-6c37a18cdf72 0.064s
2025-02-19 14:50:18.863 63022 INFO tempest.lib.common.rest_client [req-a5b2da38-a5f5-4eb9-9a14-2bdc96b40d75 req-a5b2da38-a5f5-4eb9-9a14-2bdc96b40d75 ] Request (ServersTestBootFromVolume:setUpClass): 200 GET http://10.180.1.21/volume/v3/volumes/d04a2532-9421-4bfd-8462-7e6220b248c2 0.034s
2025-02-19 14:50:19.063 63016 INFO tempest.lib.common.rest_client [req-e8cdcc28-e3db-4331-8bec-7746189243a1 req-e8cdcc28-e3db-4331-8bec-7746189243a1 ] Request (MultipleCreateTestJSON:_run_cleanups): 200 GET http://10.180.1.21/compute/v2.1/servers/c6815fb8-4825-448a-ae8c-b657aa06d627 0.056s
2025-02-19 14:50:19.142 63008 INFO tempest.lib.common.rest_client [req-ceaf3f8c-852a-4ce0-8e6f-03fb0b13d3fd req-ceaf3f8c-852a-4ce0-8e6f-03fb0b13d3fd ] Request (ServersTestMultiNic:test_verify_multiple_nics_order): 200 GET http://10.180.1.21/compute/v2.1/servers/f743ab44-893d-454b-8a4d-69531f28a173 0.055s
2025-02-19 14:50:19.194 63000 INFO tempest.lib.common.rest_client [req-6dd588e0-8c6e-4df4-b520-29f312fe06a5 req-6dd588e0-8c6e-4df4-b520-29f312fe06a5 ] Request (MigrationsAdminTest:test_resize_server_revert_deleted_flavor): 200 GET http://10.180.1.21/compute/v2.1/servers/1b9677be-196b-403a-8d79-7b7c694046eb 0.090s
2025-02-19 14:50:19.203 63006 INFO tempest.lib.common.rest_client [req-81cb8344-a3ea-45d8-bdd0-b9e0f0dfe459 req-81cb8344-a3ea-45d8-bdd0-b9e0f0dfe459 ] Request (ServerExternalEventsTest:test_create_server_external_events): 200 GET http://10.180.1.21/compute/v2.1/servers/34705cc3-12ff-496f-a5ae-7db685ab7d42 0.050s
2025-02-19 14:50:19.271 63034 INFO tempest.lib.common.rest_client [req-2356bae9-7f84-45b0-989d-1bcb1d929d13 req-2356bae9-7f84-45b0-989d-1bcb1d929d13 ] Request (DeleteServersTestJSON:test_delete_server_while_in_attached_volume): 200 GET http://10.180.1.21/compute/v2.1/servers/b5615d78-eee6-4e84-b5f2-d9ab6ca66e1e 0.055s
2025-02-19 14:50:19.307 63024 INFO tempest.lib.common.rest_client [req-cb172513-08a7-40bb-b3cb-d3b64223517d req-cb172513-08a7-40bb-b3cb-d3b64223517d ] Request (ListServerFiltersTestJSON:tearDownClass): 200 GET http://10.180.1.21/compute/v2.1/servers/eb140ffc-39a8-475d-a47b-3c5d05adda4c 0.057s
2025-02-19 14:50:19.315 63054 INFO tempest.lib.common.rest_client [req-7a544263-ce21-48a7-8838-2d2e73c5ec2f req-7a544263-ce21-48a7-8838-2d2e73c5ec2f ] Request (ServersAdminTestJSON:test_inject_network_info): 200 GET http://10.180.1.21/compute/v2.1/servers/54077f0d-3e5c-4aa3-98f0-2434c168ce06 0.050s
2025-02-19 14:50:19.372 63010 INFO tempest.lib.common.rest_client [req-0763bae9-60fb-4d44-98be-babe8c6e3893 req-0763bae9-60fb-4d44-98be-babe8c6e3893 ] Request (ServerRescueNegativeTestJSON:setUpClass): 200 GET http://10.180.1.21/compute/v2.1/servers/9043970b-25b2-4989-baea-3cfeb11bec5d 0.052s
2025-02-19 14:50:19.380 63010 INFO tempest.common.waiters [-] State transition "BUILD/None" ==> "BUILD/networking" after 79 second wait
2025-02-19 14:50:19.428 63026 INFO tempest.lib.common.rest_client [req-4a9b896c-075e-46ce-ad55-01e11aeeb456 req-4a9b896c-075e-46ce-ad55-01e11aeeb456 ] Request (ServerPasswordTestJSON:setUpClass): 200 GET http://10.180.1.21/compute/v2.1/servers/3364dc58-416c-42da-8157-6efdb65e0e89 0.056s
2025-02-19 14:50:19.504 63052 INFO tempest.lib.common.rest_client [req-f3768d80-282f-46b6-b54f-78cb06c4ad31 req-f3768d80-282f-46b6-b54f-78cb06c4ad31 ] Request (SecurityGroupsTestJSON:test_server_security_groups): 200 GET http://10.180.1.21/compute/v2.1/servers/20a8a0f2-b24c-4097-b231-ef82b86bdda5 0.073s
2025-02-19 14:50:19.525 63044 WARNING tempest.lib.common.ssh [-] Failed to establish authenticated ssh connection to cirros@10.180.180.218 ([Errno None] Unable to connect to port 22 on 10.180.180.218). Number attempts: 1. Retry after 2 seconds.: paramiko.ssh_exception.NoValidConnectionsError: [Errno None] Unable to connect to port 22 on 10.180.180.218
2025-02-19 14:50:19.539 63038 INFO tempest.lib.common.rest_client [req-633d757c-d6fa-4183-ac74-e4f60acf9a3a req-633d757c-d6fa-4183-ac74-e4f60acf9a3a ] Request (ListImageFiltersTestJSON:tearDownClass): 200 GET http://10.180.1.21/compute/v2.1/servers/e1826804-fb88-4228-9e63-d6504704ca48 0.108s
2025-02-19 14:50:19.561 63056 INFO tempest.lib.common.rest_client [req-0f6874c5-1086-45ae-a521-2825b5c8ae32 req-0f6874c5-1086-45ae-a521-2825b5c8ae32 ] Request (ImagesTestJSON:test_create_server_from_snapshot): 200 GET http://10.180.1.21/compute/v2.1/servers/acec215e-dade-4603-ae30-d50008b2ce73 0.077s
2025-02-19 14:50:19.711 63031 INFO tempest.lib.common.rest_client [req-66b3a7e1-a07e-4843-a52c-cbe2f57025fd req-66b3a7e1-a07e-4843-a52c-cbe2f57025fd ] Request (InstanceActionsV221TestJSON:test_get_list_deleted_instance_actions): 200 GET http://10.180.1.21/compute/v2.1/servers/6d687f06-5b33-4c65-b469-8c7c02d8a52c 0.074s
2025-02-19 14:50:19.810 63042 INFO tempest.lib.common.rest_client [req-a6fca9f2-8e8c-4d0d-9788-390c7210b7df req-a6fca9f2-8e8c-4d0d-9788-390c7210b7df ] Request (ServersNegativeTestMultiTenantJSON:tearDownClass): 200 GET http://10.180.1.21/compute/v2.1/servers/fd23c82e-4955-4be3-b034-5400270a19a3 0.084s
2025-02-19 14:50:19.868 63020 INFO tempest.lib.common.rest_client [req-16823b4e-ca5b-4c00-917d-be80a35563d0 req-16823b4e-ca5b-4c00-917d-be80a35563d0 ] Request (ServerActionsV293TestJSON:setUpClass): 200 GET http://10.180.1.21/compute/v2.1/servers/5ff00e5a-676c-4d56-968e-1fb8866f79ac 0.140s
2025-02-19 14:50:19.901 62996 INFO tempest.lib.common.rest_client [req-761225c9-bc18-4c1e-be92-0d1fbae5bdf3 req-761225c9-bc18-4c1e-be92-0d1fbae5bdf3 ] Request (FloatingIPsAssociationNegativeTestJSON:tearDownClass): 200 GET http://10.180.1.21/compute/v2.1/servers/c6d9a643-9909-4127-a49e-24c49d4eccfd 0.089s
2025-02-19 14:50:19.909 63022 INFO tempest.lib.common.rest_client [req-47e8ca08-7e8b-4c1c-9f20-7f9104cac735 req-47e8ca08-7e8b-4c1c-9f20-7f9104cac735 ] Request (ServersTestBootFromVolume:setUpClass): 200 GET http://10.180.1.21/volume/v3/volumes/d04a2532-9421-4bfd-8462-7e6220b248c2 0.038s
2025-02-19 14:50:19.934 63036 INFO tempest.lib.common.rest_client [req-ab128e3d-e9f6-42f5-a014-951bf26c5f84 req-ab128e3d-e9f6-42f5-a014-951bf26c5f84 ] Request (ImagesOneServerNegativeTestJSON:_run_cleanups): 200 GET http://10.180.1.21/compute/v2.1/servers/16bc5eeb-8e2b-499e-a7fa-6c37a18cdf72 0.070s
2025-02-19 14:50:20.153 63016 INFO tempest.lib.common.rest_client [req-4288532a-174b-4010-923c-b11c7ce4f2da req-4288532a-174b-4010-923c-b11c7ce4f2da ] Request (MultipleCreateTestJSON:_run_cleanups): 200 GET http://10.180.1.21/compute/v2.1/servers/c6815fb8-4825-448a-ae8c-b657aa06d627 0.079s
2025-02-19 14:50:20.214 63008 INFO tempest.lib.common.rest_client [req-d4e3aa07-3450-4d1e-bc04-54176df363eb req-d4e3aa07-3450-4d1e-bc04-54176df363eb ] Request (ServersTestMultiNic:test_verify_multiple_nics_order): 200 GET http://10.180.1.21/compute/v2.1/servers/f743ab44-893d-454b-8a4d-69531f28a173 0.064s
2025-02-19 14:50:20.273 63006 INFO tempest.lib.common.rest_client [req-27107a08-cef4-4f1d-8d67-e3e5fd23be3d req-27107a08-cef4-4f1d-8d67-e3e5fd23be3d ] Request (ServerExternalEventsTest:test_create_server_external_events): 200 GET http://10.180.1.21/compute/v2.1/servers/34705cc3-12ff-496f-a5ae-7db685ab7d42 0.062s
2025-02-19 14:50:20.306 63000 INFO tempest.lib.common.rest_client [req-2a6e6dc3-37f7-4feb-b8ff-edcfd1ff31c3 req-2a6e6dc3-37f7-4feb-b8ff-edcfd1ff31c3 ] Request (MigrationsAdminTest:test_resize_server_revert_deleted_flavor): 200 GET http://10.180.1.21/compute/v2.1/servers/1b9677be-196b-403a-8d79-7b7c694046eb 0.104s
2025-02-19 14:50:20.342 63034 INFO tempest.lib.common.rest_client [req-c92355a3-15ad-437e-b008-2442f4e9d7a3 req-c92355a3-15ad-437e-b008-2442f4e9d7a3 ] Request (DeleteServersTestJSON:test_delete_server_while_in_attached_volume): 200 GET http://10.180.1.21/compute/v2.1/servers/b5615d78-eee6-4e84-b5f2-d9ab6ca66e1e 0.063s
2025-02-19 14:50:20.381 63024 INFO tempest.lib.common.rest_client [req-630dad67-e7b6-4f09-9866-5acae0e58ec9 req-630dad67-e7b6-4f09-9866-5acae0e58ec9 ] Request (ListServerFiltersTestJSON:tearDownClass): 200 GET http://10.180.1.21/compute/v2.1/servers/eb140ffc-39a8-475d-a47b-3c5d05adda4c 0.066s
2025-02-19 14:50:20.401 63054 INFO tempest.lib.common.rest_client [req-810f3d18-058d-4687-8e12-8f4a1770a5ab req-810f3d18-058d-4687-8e12-8f4a1770a5ab ] Request (ServersAdminTestJSON:test_inject_network_info): 200 GET http://10.180.1.21/compute/v2.1/servers/54077f0d-3e5c-4aa3-98f0-2434c168ce06 0.079s
2025-02-19 14:50:20.483 63010 INFO tempest.lib.common.rest_client [req-4cbcb16e-405d-48fa-bf1b-aaf5dd5e854b req-4cbcb16e-405d-48fa-bf1b-aaf5dd5e854b ] Request (ServerRescueNegativeTestJSON:setUpClass): 200 GET http://10.180.1.21/compute/v2.1/servers/9043970b-25b2-4989-baea-3cfeb11bec5d 0.101s
2025-02-19 14:50:20.490 63010 INFO tempest.common.waiters [-] State transition "BUILD/networking" ==> "BUILD/block_device_mapping" after 80 second wait
2025-02-19 14:50:20.491 63026 INFO tempest.lib.common.rest_client [req-1a164314-34dc-47a6-a51b-9047d5dce378 req-1a164314-34dc-47a6-a51b-9047d5dce378 ] Request (ServerPasswordTestJSON:setUpClass): 200 GET http://10.180.1.21/compute/v2.1/servers/3364dc58-416c-42da-8157-6efdb65e0e89 0.053s
2025-02-19 14:50:20.577 63052 INFO tempest.lib.common.rest_client [req-cecbca0b-b389-44fe-ac60-79247beac916 req-cecbca0b-b389-44fe-ac60-79247beac916 ] Request (SecurityGroupsTestJSON:test_server_security_groups): 200 GET http://10.180.1.21/compute/v2.1/servers/20a8a0f2-b24c-4097-b231-ef82b86bdda5 0.064s
2025-02-19 14:50:20.631 63056 INFO tempest.lib.common.rest_client [req-7295a043-cfc4-4b96-8d43-21b46200689e req-7295a043-cfc4-4b96-8d43-21b46200689e ] Request (ImagesTestJSON:test_create_server_from_snapshot): 200 GET http://10.180.1.21/compute/v2.1/servers/acec215e-dade-4603-ae30-d50008b2ce73 0.063s
2025-02-19 14:50:20.652 63038 INFO tempest.lib.common.rest_client [req-a1a501f8-a619-4305-92de-fbadbbc4a646 req-a1a501f8-a619-4305-92de-fbadbbc4a646 ] Request (ListImageFiltersTestJSON:tearDownClass): 200 GET http://10.180.1.21/compute/v2.1/servers/e1826804-fb88-4228-9e63-d6504704ca48 0.105s
2025-02-19 14:50:20.791 63031 INFO tempest.lib.common.rest_client [req-3e4b0844-bfa6-4f7a-ae35-5ed6b9639d5d req-3e4b0844-bfa6-4f7a-ae35-5ed6b9639d5d ] Request (InstanceActionsV221TestJSON:test_get_list_deleted_instance_actions): 200 GET http://10.180.1.21/compute/v2.1/servers/6d687f06-5b33-4c65-b469-8c7c02d8a52c 0.069s
2025-02-19 14:50:20.890 63042 INFO tempest.lib.common.rest_client [req-5bd02ac5-1472-47d3-b82d-9b0dece5afde req-5bd02ac5-1472-47d3-b82d-9b0dece5afde ] Request (ServersNegativeTestMultiTenantJSON:tearDownClass): 200 GET http://10.180.1.21/compute/v2.1/servers/fd23c82e-4955-4be3-b034-5400270a19a3 0.070s
2025-02-19 14:50:20.926 63032 WARNING tempest.lib.common.ssh [-] Failed to establish authenticated ssh connection to cirros@10.180.180.144 ([Errno None] Unable to connect to port 22 on 10.180.180.144). Number attempts: 9. Retry after 10 seconds.: paramiko.ssh_exception.NoValidConnectionsError: [Errno None] Unable to connect to port 22 on 10.180.180.144
2025-02-19 14:50:20.952 63022 INFO tempest.lib.common.rest_client [req-418a11a4-1345-4c10-b864-161bfa33f347 req-418a11a4-1345-4c10-b864-161bfa33f347 ] Request (ServersTestBootFromVolume:setUpClass): 200 GET http://10.180.1.21/volume/v3/volumes/d04a2532-9421-4bfd-8462-7e6220b248c2 0.028s
2025-02-19 14:50:20.986 62996 INFO tempest.lib.common.rest_client [req-17eb5646-83db-4cc4-aaad-5563a839029d req-17eb5646-83db-4cc4-aaad-5563a839029d ] Request (FloatingIPsAssociationNegativeTestJSON:tearDownClass): 200 GET http://10.180.1.21/compute/v2.1/servers/c6d9a643-9909-4127-a49e-24c49d4eccfd 0.072s
2025-02-19 14:50:21.038 63036 INFO tempest.lib.common.rest_client [req-c0f7d9be-71a6-4ef1-baa0-a6824dac8a06 req-c0f7d9be-71a6-4ef1-baa0-a6824dac8a06 ] Request (ImagesOneServerNegativeTestJSON:_run_cleanups): 200 GET http://10.180.1.21/compute/v2.1/servers/16bc5eeb-8e2b-499e-a7fa-6c37a18cdf72 0.090s
2025-02-19 14:50:21.044 63020 INFO tempest.lib.common.rest_client [req-5b872797-b71b-4cef-8e27-1efe105c94eb req-5b872797-b71b-4cef-8e27-1efe105c94eb ] Request (ServerActionsV293TestJSON:setUpClass): 200 GET http://10.180.1.21/compute/v2.1/servers/5ff00e5a-676c-4d56-968e-1fb8866f79ac 0.166s
2025-02-19 14:50:21.238 63016 INFO tempest.lib.common.rest_client [req-a66a9d5f-32d3-4e2f-a87f-c0d6f9856ff3 req-a66a9d5f-32d3-4e2f-a87f-c0d6f9856ff3 ] Request (MultipleCreateTestJSON:_run_cleanups): 200 GET http://10.180.1.21/compute/v2.1/servers/c6815fb8-4825-448a-ae8c-b657aa06d627 0.071s
2025-02-19 14:50:21.309 63008 INFO tempest.lib.common.rest_client [req-9d92f11e-3ba2-465f-a195-9e8dd9485e86 req-9d92f11e-3ba2-465f-a195-9e8dd9485e86 ] Request (ServersTestMultiNic:test_verify_multiple_nics_order): 200 GET http://10.180.1.21/compute/v2.1/servers/f743ab44-893d-454b-8a4d-69531f28a173 0.087s
2025-02-19 14:50:21.352 63006 INFO tempest.lib.common.rest_client [req-80865551-b1a5-40b2-ba51-658d9848b8af req-80865551-b1a5-40b2-ba51-658d9848b8af ] Request (ServerExternalEventsTest:test_create_server_external_events): 200 GET http://10.180.1.21/compute/v2.1/servers/34705cc3-12ff-496f-a5ae-7db685ab7d42 0.072s
2025-02-19 14:50:21.377 63050 WARNING tempest.lib.common.ssh [-] Failed to establish authenticated ssh connection to cirros@10.180.180.140 ([Errno None] Unable to connect to port 22 on 10.180.180.140). Number attempts: 12. Retry after 13 seconds.: paramiko.ssh_exception.NoValidConnectionsError: [Errno None] Unable to connect to port 22 on 10.180.180.140
2025-02-19 14:50:21.416 63034 INFO tempest.lib.common.rest_client [req-62f0e3f1-c327-40a5-9af6-d76c69b28cdd req-62f0e3f1-c327-40a5-9af6-d76c69b28cdd ] Request (DeleteServersTestJSON:test_delete_server_while_in_attached_volume): 200 GET http://10.180.1.21/compute/v2.1/servers/b5615d78-eee6-4e84-b5f2-d9ab6ca66e1e 0.065s
2025-02-19 14:50:21.478 63024 INFO tempest.lib.common.rest_client [req-2b17cdaf-69aa-4b14-b87b-82c513b91021 req-2b17cdaf-69aa-4b14-b87b-82c513b91021 ] Request (ListServerFiltersTestJSON:tearDownClass): 200 GET http://10.180.1.21/compute/v2.1/servers/eb140ffc-39a8-475d-a47b-3c5d05adda4c 0.089s
2025-02-19 14:50:21.530 63054 INFO tempest.lib.common.rest_client [req-e806f0b5-fe32-4012-b5da-193c052f0ffb req-e806f0b5-fe32-4012-b5da-193c052f0ffb ] Request (ServersAdminTestJSON:test_inject_network_info): 200 GET http://10.180.1.21/compute/v2.1/servers/54077f0d-3e5c-4aa3-98f0-2434c168ce06 0.115s
2025-02-19 14:50:21.548 63000 INFO tempest.lib.common.rest_client [req-3e834a14-e0f5-4ee6-b480-4aa8b4317972 req-3e834a14-e0f5-4ee6-b480-4aa8b4317972 ] Request (MigrationsAdminTest:test_resize_server_revert_deleted_flavor): 200 GET http://10.180.1.21/compute/v2.1/servers/1b9677be-196b-403a-8d79-7b7c694046eb 0.231s
2025-02-19 14:50:21.634 63026 INFO tempest.lib.common.rest_client [req-02e2e93b-154e-40eb-845a-bf8720eb218d req-02e2e93b-154e-40eb-845a-bf8720eb218d ] Request (ServerPasswordTestJSON:setUpClass): 200 GET http://10.180.1.21/compute/v2.1/servers/3364dc58-416c-42da-8157-6efdb65e0e89 0.132s
2025-02-19 14:50:21.675 63010 INFO tempest.lib.common.rest_client [req-0cd7311c-1350-4ad3-8409-b57175a63cd8 req-0cd7311c-1350-4ad3-8409-b57175a63cd8 ] Request (ServerRescueNegativeTestJSON:setUpClass): 200 GET http://10.180.1.21/compute/v2.1/servers/9043970b-25b2-4989-baea-3cfeb11bec5d 0.183s
2025-02-19 14:50:21.687 63010 INFO tempest.common.waiters [-] State transition "BUILD/block_device_mapping" ==> "BUILD/spawning" after 81 second wait
2025-02-19 14:50:21.757 63052 INFO tempest.lib.common.rest_client [req-1926883c-c5c4-4895-8e07-c9c5b352c2b9 req-1926883c-c5c4-4895-8e07-c9c5b352c2b9 ] Request (SecurityGroupsTestJSON:test_server_security_groups): 200 GET http://10.180.1.21/compute/v2.1/servers/20a8a0f2-b24c-4097-b231-ef82b86bdda5 0.171s
2025-02-19 14:50:21.767 63056 INFO tempest.lib.common.rest_client [req-864f1ab6-5e9d-47b8-9c7d-bb3dafe30160 req-864f1ab6-5e9d-47b8-9c7d-bb3dafe30160 ] Request (ImagesTestJSON:test_create_server_from_snapshot): 200 GET http://10.180.1.21/compute/v2.1/servers/acec215e-dade-4603-ae30-d50008b2ce73 0.126s
2025-02-19 14:50:21.857 63038 INFO tempest.lib.common.rest_client [req-36dd0d11-9ead-452e-83df-41971613bc54 req-36dd0d11-9ead-452e-83df-41971613bc54 ] Request (ListImageFiltersTestJSON:tearDownClass): 200 GET http://10.180.1.21/compute/v2.1/servers/e1826804-fb88-4228-9e63-d6504704ca48 0.196s
2025-02-19 14:50:21.863 63031 INFO tempest.lib.common.rest_client [req-c51e63aa-05e6-4d79-a8ea-4b11e7183706 req-c51e63aa-05e6-4d79-a8ea-4b11e7183706 ] Request (InstanceActionsV221TestJSON:test_get_list_deleted_instance_actions): 200 GET http://10.180.1.21/compute/v2.1/servers/6d687f06-5b33-4c65-b469-8c7c02d8a52c 0.063s
2025-02-19 14:50:21.957 63042 INFO tempest.lib.common.rest_client [req-8cf27211-9156-48ab-a81a-3f80b8f3213e req-8cf27211-9156-48ab-a81a-3f80b8f3213e ] Request (ServersNegativeTestMultiTenantJSON:tearDownClass): 200 GET http://10.180.1.21/compute/v2.1/servers/fd23c82e-4955-4be3-b034-5400270a19a3 0.057s
2025-02-19 14:50:21.985 63022 INFO tempest.lib.common.rest_client [req-b61ab161-8f9c-48a0-9235-e14edac2a2d8 req-b61ab161-8f9c-48a0-9235-e14edac2a2d8 ] Request (ServersTestBootFromVolume:setUpClass): 200 GET http://10.180.1.21/volume/v3/volumes/d04a2532-9421-4bfd-8462-7e6220b248c2 0.026s
2025-02-19 14:50:22.049 62996 INFO tempest.lib.common.rest_client [req-2d7b6938-9de5-4304-82d0-7671a9203d10 req-2d7b6938-9de5-4304-82d0-7671a9203d10 ] Request (FloatingIPsAssociationNegativeTestJSON:tearDownClass): 200 GET http://10.180.1.21/compute/v2.1/servers/c6d9a643-9909-4127-a49e-24c49d4eccfd 0.054s
2025-02-19 14:50:22.099 63036 INFO tempest.lib.common.rest_client [req-ce87e9af-4972-4a55-9e32-9c3e60ee4f19 req-ce87e9af-4972-4a55-9e32-9c3e60ee4f19 ] Request (ImagesOneServerNegativeTestJSON:_run_cleanups): 200 GET http://10.180.1.21/compute/v2.1/servers/16bc5eeb-8e2b-499e-a7fa-6c37a18cdf72 0.048s
2025-02-19 14:50:22.178 63020 INFO tempest.lib.common.rest_client [req-87941754-7e8a-4009-97a8-2186c3effd59 req-87941754-7e8a-4009-97a8-2186c3effd59 ] Request (ServerActionsV293TestJSON:setUpClass): 200 GET http://10.180.1.21/compute/v2.1/servers/5ff00e5a-676c-4d56-968e-1fb8866f79ac 0.124s
2025-02-19 14:50:22.315 63046 WARNING tempest.lib.common.ssh [-] Failed to establish authenticated ssh connection to cirros@10.180.180.183 ([Errno None] Unable to connect to port 22 on 10.180.180.183). Number attempts: 9. Retry after 10 seconds.: paramiko.ssh_exception.NoValidConnectionsError: [Errno None] Unable to connect to port 22 on 10.180.180.183
2025-02-19 14:50:22.324 63016 INFO tempest.lib.common.rest_client [req-89c69ad1-9872-4408-aa28-b2f693d7e5c3 req-89c69ad1-9872-4408-aa28-b2f693d7e5c3 ] Request (MultipleCreateTestJSON:_run_cleanups): 200 GET http://10.180.1.21/compute/v2.1/servers/c6815fb8-4825-448a-ae8c-b657aa06d627 0.077s
2025-02-19 14:50:22.379 63008 INFO tempest.lib.common.rest_client [req-d184ec15-6334-4815-9bc1-39e2b4885ceb req-d184ec15-6334-4815-9bc1-39e2b4885ceb ] Request (ServersTestMultiNic:test_verify_multiple_nics_order): 200 GET http://10.180.1.21/compute/v2.1/servers/f743ab44-893d-454b-8a4d-69531f28a173 0.057s
2025-02-19 14:50:22.439 63006 INFO tempest.lib.common.rest_client [req-da6ec26c-e47d-47d6-a6ea-b9ca4592f201 req-da6ec26c-e47d-47d6-a6ea-b9ca4592f201 ] Request (ServerExternalEventsTest:test_create_server_external_events): 200 GET http://10.180.1.21/compute/v2.1/servers/34705cc3-12ff-496f-a5ae-7db685ab7d42 0.079s
2025-02-19 14:50:22.450 63006 INFO tempest.common.waiters [-] State transition "BUILD/None" ==> "BUILD/networking" after 79 second wait
2025-02-19 14:50:22.465 63044 WARNING tempest.lib.common.ssh [-] Failed to establish authenticated ssh connection to cirros@10.180.180.218 ([Errno None] Unable to connect to port 22 on 10.180.180.218). Number attempts: 2. Retry after 3 seconds.: paramiko.ssh_exception.NoValidConnectionsError: [Errno None] Unable to connect to port 22 on 10.180.180.218
2025-02-19 14:50:22.493 63034 INFO tempest.lib.common.rest_client [req-bbb52b0f-4d65-49ab-9a94-704d98b24f98 req-bbb52b0f-4d65-49ab-9a94-704d98b24f98 ] Request (DeleteServersTestJSON:test_delete_server_while_in_attached_volume): 200 GET http://10.180.1.21/compute/v2.1/servers/b5615d78-eee6-4e84-b5f2-d9ab6ca66e1e 0.068s
2025-02-19 14:50:22.549 63024 INFO tempest.lib.common.rest_client [req-3f696dc1-1771-4e74-aef5-c13ca99c35b3 req-3f696dc1-1771-4e74-aef5-c13ca99c35b3 ] Request (ListServerFiltersTestJSON:tearDownClass): 200 GET http://10.180.1.21/compute/v2.1/servers/eb140ffc-39a8-475d-a47b-3c5d05adda4c 0.063s
2025-02-19 14:50:22.595 63054 INFO tempest.lib.common.rest_client [req-0c6321bd-2d24-4892-93eb-a9a6267cacb3 req-0c6321bd-2d24-4892-93eb-a9a6267cacb3 ] Request (ServersAdminTestJSON:test_inject_network_info): 200 GET http://10.180.1.21/compute/v2.1/servers/54077f0d-3e5c-4aa3-98f0-2434c168ce06 0.056s
2025-02-19 14:50:22.647 63040 WARNING tempest.lib.common.ssh [-] Failed to establish authenticated ssh connection to cirros@10.180.180.201 ([Errno None] Unable to connect to port 22 on 10.180.180.201). Number attempts: 7. Retry after 8 seconds.: paramiko.ssh_exception.NoValidConnectionsError: [Errno None] Unable to connect to port 22 on 10.180.180.201
2025-02-19 14:50:22.675 63000 INFO tempest.lib.common.rest_client [req-2dc399f3-01ce-4201-af6f-80e523c1f979 req-2dc399f3-01ce-4201-af6f-80e523c1f979 ] Request (MigrationsAdminTest:test_resize_server_revert_deleted_flavor): 200 GET http://10.180.1.21/compute/v2.1/servers/1b9677be-196b-403a-8d79-7b7c694046eb 0.119s
2025-02-19 14:50:22.720 63026 INFO tempest.lib.common.rest_client [req-5b902ed7-9397-4f1f-98ae-a57c86fbb047 req-5b902ed7-9397-4f1f-98ae-a57c86fbb047 ] Request (ServerPasswordTestJSON:setUpClass): 200 GET http://10.180.1.21/compute/v2.1/servers/3364dc58-416c-42da-8157-6efdb65e0e89 0.068s
2025-02-19 14:50:22.848 63052 INFO tempest.lib.common.rest_client [req-eb6b19e5-9ba4-4259-a353-26ce266258a7 req-eb6b19e5-9ba4-4259-a353-26ce266258a7 ] Request (SecurityGroupsTestJSON:test_server_security_groups): 200 GET http://10.180.1.21/compute/v2.1/servers/20a8a0f2-b24c-4097-b231-ef82b86bdda5 0.077s
2025-02-19 14:50:22.907 63056 INFO tempest.lib.common.rest_client [req-6d93e5ff-e22c-48d1-9e1f-ac554c7c5944 req-6d93e5ff-e22c-48d1-9e1f-ac554c7c5944 ] Request (ImagesTestJSON:test_create_server_from_snapshot): 200 GET http://10.180.1.21/compute/v2.1/servers/acec215e-dade-4603-ae30-d50008b2ce73 0.128s
2025-02-19 14:50:22.952 63010 INFO tempest.lib.common.rest_client [req-14b1edb0-14b9-48c2-9084-0df8346169fa req-14b1edb0-14b9-48c2-9084-0df8346169fa ] Request (ServerRescueNegativeTestJSON:setUpClass): 200 GET http://10.180.1.21/compute/v2.1/servers/9043970b-25b2-4989-baea-3cfeb11bec5d 0.264s
2025-02-19 14:50:22.992 63038 INFO tempest.lib.common.rest_client [req-465e7cea-0505-4548-ae9d-4d5c87b7e84a req-465e7cea-0505-4548-ae9d-4d5c87b7e84a ] Request (ListImageFiltersTestJSON:tearDownClass): 200 GET http://10.180.1.21/compute/v2.1/servers/e1826804-fb88-4228-9e63-d6504704ca48 0.126s
2025-02-19 14:50:23.034 63022 INFO tempest.lib.common.rest_client [req-8835ebfe-2880-4df2-8ec7-53474eb19394 req-8835ebfe-2880-4df2-8ec7-53474eb19394 ] Request (ServersTestBootFromVolume:setUpClass): 200 GET http://10.180.1.21/volume/v3/volumes/d04a2532-9421-4bfd-8462-7e6220b248c2 0.042s
2025-02-19 14:50:23.056 63042 INFO tempest.lib.common.rest_client [req-13432fb0-97d5-4989-b52b-0a706ac1b865 req-13432fb0-97d5-4989-b52b-0a706ac1b865 ] Request (ServersNegativeTestMultiTenantJSON:tearDownClass): 200 GET http://10.180.1.21/compute/v2.1/servers/fd23c82e-4955-4be3-b034-5400270a19a3 0.089s
2025-02-19 14:50:23.066 63031 INFO tempest.lib.common.rest_client [req-7c083944-6cf9-441b-a5b2-aa92b58a269a req-7c083944-6cf9-441b-a5b2-aa92b58a269a ] Request (InstanceActionsV221TestJSON:test_get_list_deleted_instance_actions): 200 GET http://10.180.1.21/compute/v2.1/servers/6d687f06-5b33-4c65-b469-8c7c02d8a52c 0.189s
2025-02-19 14:50:23.125 62996 INFO tempest.lib.common.rest_client [req-673f3782-11f8-4621-bf95-594cd3b5b43c req-673f3782-11f8-4621-bf95-594cd3b5b43c ] Request (FloatingIPsAssociationNegativeTestJSON:tearDownClass): 200 GET http://10.180.1.21/compute/v2.1/servers/c6d9a643-9909-4127-a49e-24c49d4eccfd 0.068s
2025-02-19 14:50:23.188 63036 INFO tempest.lib.common.rest_client [req-657d0a83-2bcd-49ef-b0f4-b87151ffc0ea req-657d0a83-2bcd-49ef-b0f4-b87151ffc0ea ] Request (ImagesOneServerNegativeTestJSON:_run_cleanups): 200 GET http://10.180.1.21/compute/v2.1/servers/16bc5eeb-8e2b-499e-a7fa-6c37a18cdf72 0.080s
2025-02-19 14:50:23.234 63004 WARNING tempest.lib.common.ssh [-] Failed to establish authenticated ssh connection to cirros@10.180.180.213 ([Errno None] Unable to connect to port 22 on 10.180.180.213). Number attempts: 14. Retry after 15 seconds.: paramiko.ssh_exception.NoValidConnectionsError: [Errno None] Unable to connect to port 22 on 10.180.180.213
2025-02-19 14:50:23.287 63020 INFO tempest.lib.common.rest_client [req-ed8ad361-995b-4cf1-abc6-b0536c3470b9 req-ed8ad361-995b-4cf1-abc6-b0536c3470b9 ] Request (ServerActionsV293TestJSON:setUpClass): 200 GET http://10.180.1.21/compute/v2.1/servers/5ff00e5a-676c-4d56-968e-1fb8866f79ac 0.099s
2025-02-19 14:50:23.399 63016 INFO tempest.lib.common.rest_client [req-6e8f01ed-3ecb-4dba-8da8-a65eabe79655 req-6e8f01ed-3ecb-4dba-8da8-a65eabe79655 ] Request (MultipleCreateTestJSON:_run_cleanups): 200 GET http://10.180.1.21/compute/v2.1/servers/c6815fb8-4825-448a-ae8c-b657aa06d627 0.066s
2025-02-19 14:50:23.444 63008 INFO tempest.lib.common.rest_client [req-4dbccfe8-aaaa-45d6-8829-13814dbfb488 req-4dbccfe8-aaaa-45d6-8829-13814dbfb488 ] Request (ServersTestMultiNic:test_verify_multiple_nics_order): 200 GET http://10.180.1.21/compute/v2.1/servers/f743ab44-893d-454b-8a4d-69531f28a173 0.054s
2025-02-19 14:50:23.549 63006 INFO tempest.lib.common.rest_client [req-9e7ebcce-d9ec-4113-8748-244bb8b64161 req-9e7ebcce-d9ec-4113-8748-244bb8b64161 ] Request (ServerExternalEventsTest:test_create_server_external_events): 200 GET http://10.180.1.21/compute/v2.1/servers/34705cc3-12ff-496f-a5ae-7db685ab7d42 0.097s
2025-02-19 14:50:23.555 63006 INFO tempest.common.waiters [-] State transition "BUILD/networking" ==> "BUILD/spawning" after 80 second wait
2025-02-19 14:50:23.562 63034 INFO tempest.lib.common.rest_client [req-e42b0e51-4f89-4785-831d-3d21f0ad27d6 req-e42b0e51-4f89-4785-831d-3d21f0ad27d6 ] Request (DeleteServersTestJSON:test_delete_server_while_in_attached_volume): 200 GET http://10.180.1.21/compute/v2.1/servers/b5615d78-eee6-4e84-b5f2-d9ab6ca66e1e 0.061s
2025-02-19 14:50:23.622 63024 INFO tempest.lib.common.rest_client [req-75ec3de6-155b-4a2c-84af-b82449ce2e81 req-75ec3de6-155b-4a2c-84af-b82449ce2e81 ] Request (ListServerFiltersTestJSON:tearDownClass): 200 GET http://10.180.1.21/compute/v2.1/servers/eb140ffc-39a8-475d-a47b-3c5d05adda4c 0.064s
2025-02-19 14:50:23.662 63054 INFO tempest.lib.common.rest_client [req-14ebc52c-0c33-4680-8ca7-0820ad2b06aa req-14ebc52c-0c33-4680-8ca7-0820ad2b06aa ] Request (ServersAdminTestJSON:test_inject_network_info): 200 GET http://10.180.1.21/compute/v2.1/servers/54077f0d-3e5c-4aa3-98f0-2434c168ce06 0.059s
2025-02-19 14:50:23.794 63026 INFO tempest.lib.common.rest_client [req-ea052be8-bdd0-4373-a4d6-af27785d5f37 req-ea052be8-bdd0-4373-a4d6-af27785d5f37 ] Request (ServerPasswordTestJSON:setUpClass): 200 GET http://10.180.1.21/compute/v2.1/servers/3364dc58-416c-42da-8157-6efdb65e0e89 0.065s
2025-02-19 14:50:23.851 63000 INFO tempest.lib.common.rest_client [req-fb2858f3-57d5-4b18-bdf0-7a12ee373002 req-fb2858f3-57d5-4b18-bdf0-7a12ee373002 ] Request (MigrationsAdminTest:test_resize_server_revert_deleted_flavor): 200 GET http://10.180.1.21/compute/v2.1/servers/1b9677be-196b-403a-8d79-7b7c694046eb 0.167s
2025-02-19 14:50:23.928 63052 INFO tempest.lib.common.rest_client [req-3d86c061-7610-4b0f-9ec2-795bd5dae0a8 req-3d86c061-7610-4b0f-9ec2-795bd5dae0a8 ] Request (SecurityGroupsTestJSON:test_server_security_groups): 200 GET http://10.180.1.21/compute/v2.1/servers/20a8a0f2-b24c-4097-b231-ef82b86bdda5 0.070s
2025-02-19 14:50:23.971 63056 INFO tempest.lib.common.rest_client [req-9eed5000-474c-44d9-b1a0-dc0b0a288830 req-9eed5000-474c-44d9-b1a0-dc0b0a288830 ] Request (ImagesTestJSON:test_create_server_from_snapshot): 200 GET http://10.180.1.21/compute/v2.1/servers/acec215e-dade-4603-ae30-d50008b2ce73 0.053s
2025-02-19 14:50:24.053 63010 INFO tempest.lib.common.rest_client [req-7fa0a731-bc08-4fac-b09d-2ad780c38d74 req-7fa0a731-bc08-4fac-b09d-2ad780c38d74 ] Request (ServerRescueNegativeTestJSON:setUpClass): 200 GET http://10.180.1.21/compute/v2.1/servers/9043970b-25b2-4989-baea-3cfeb11bec5d 0.093s
2025-02-19 14:50:24.067 63022 INFO tempest.lib.common.rest_client [req-427bd1bd-91fc-4365-96cc-bbe5e4c4ec13 req-427bd1bd-91fc-4365-96cc-bbe5e4c4ec13 ] Request (ServersTestBootFromVolume:setUpClass): 200 GET http://10.180.1.21/volume/v3/volumes/d04a2532-9421-4bfd-8462-7e6220b248c2 0.026s
2025-02-19 14:50:24.069 63038 INFO tempest.lib.common.rest_client [req-94c9b0bb-55f2-45e9-b336-8bb8252da860 req-94c9b0bb-55f2-45e9-b336-8bb8252da860 ] Request (ListImageFiltersTestJSON:tearDownClass): 200 GET http://10.180.1.21/compute/v2.1/servers/e1826804-fb88-4228-9e63-d6504704ca48 0.069s
2025-02-19 14:50:24.076 63038 INFO tempest.common.waiters [-] State transition "ACTIVE/deleting" ==> "DELETED/None" after 6 second wait
2025-02-19 14:50:24.126 63031 INFO tempest.lib.common.rest_client [req-52d714c7-f7de-4c69-ab1d-a9d23019a3f5 req-52d714c7-f7de-4c69-ab1d-a9d23019a3f5 ] Request (InstanceActionsV221TestJSON:test_get_list_deleted_instance_actions): 200 GET http://10.180.1.21/compute/v2.1/servers/6d687f06-5b33-4c65-b469-8c7c02d8a52c 0.050s
2025-02-19 14:50:24.126 63042 INFO tempest.lib.common.rest_client [req-0231fcdd-d104-4eca-a86e-1b73127ca9ed req-0231fcdd-d104-4eca-a86e-1b73127ca9ed ] Request (ServersNegativeTestMultiTenantJSON:tearDownClass): 200 GET http://10.180.1.21/compute/v2.1/servers/fd23c82e-4955-4be3-b034-5400270a19a3 0.062s
2025-02-19 14:50:24.211 62996 INFO tempest.lib.common.rest_client [req-39db20e0-4fff-4fa5-9c16-139959aa5b76 req-39db20e0-4fff-4fa5-9c16-139959aa5b76 ] Request (FloatingIPsAssociationNegativeTestJSON:tearDownClass): 200 GET http://10.180.1.21/compute/v2.1/servers/c6d9a643-9909-4127-a49e-24c49d4eccfd 0.060s
2025-02-19 14:50:24.259 63036 INFO tempest.lib.common.rest_client [req-40d68eb9-dacb-4d08-ad11-4945c58c9596 req-40d68eb9-dacb-4d08-ad11-4945c58c9596 ] Request (ImagesOneServerNegativeTestJSON:_run_cleanups): 200 GET http://10.180.1.21/compute/v2.1/servers/16bc5eeb-8e2b-499e-a7fa-6c37a18cdf72 0.059s
2025-02-19 14:50:24.420 63020 INFO tempest.lib.common.rest_client [req-12d7ff49-df32-457b-b327-0392f5a24902 req-12d7ff49-df32-457b-b327-0392f5a24902 ] Request (ServerActionsV293TestJSON:setUpClass): 200 GET http://10.180.1.21/compute/v2.1/servers/5ff00e5a-676c-4d56-968e-1fb8866f79ac 0.123s
