2025-02-19 14:49:45.099 62996 INFO tempest.lib.common.rest_client [req-c6808355-8ce9-4f36-831b-71a045b68bf6 req-c6808355-8ce9-4f36-831b-71a045b68bf6 ] Request (FloatingIPsAssociationNegativeTestJSON:setUpClass): 200 GET http://10.180.1.21/compute/v2.1/servers/c6d9a643-9909-4127-a49e-24c49d4eccfd 0.163s
2025-02-19 14:49:45.125 63034 INFO tempest.lib.common.rest_client [req-04393e81-d9bd-4cdc-b892-c3d5d184f5ca req-04393e81-d9bd-4cdc-b892-c3d5d184f5ca ] Request (DeleteServersTestJSON:test_delete_server_while_in_attached_volume): 200 GET http://10.180.1.21/compute/v2.1/servers/b5615d78-eee6-4e84-b5f2-d9ab6ca66e1e 0.088s
2025-02-19 14:49:45.134 63034 INFO tempest.common.waiters [-] State transition "BUILD/None" ==> "BUILD/networking" after 65 second wait
2025-02-19 14:49:45.180 63044 INFO tempest.lib.common.rest_client [req-17a6004c-30ca-45d9-8252-eea15afee46d req-17a6004c-30ca-45d9-8252-eea15afee46d ] Request (ServerActionsTestOtherB:setUpClass): 200 GET http://10.180.1.21/compute/v2.1/servers/47a2f884-e89a-4114-ad54-a94ba493d07f 0.085s
2025-02-19 14:49:45.195 63052 INFO tempest.lib.common.rest_client [req-c5dd9d8b-dd02-4d86-83a7-31ae006781cb req-c5dd9d8b-dd02-4d86-83a7-31ae006781cb ] Request (SecurityGroupsTestJSON:test_server_security_groups): 200 GET http://10.180.1.21/compute/v2.1/servers/20a8a0f2-b24c-4097-b231-ef82b86bdda5 0.120s
2025-02-19 14:49:45.245 63036 INFO tempest.lib.common.rest_client [req-920de759-02c9-4685-afe0-3c9d41349376 req-920de759-02c9-4685-afe0-3c9d41349376 ] Request (ImagesOneServerNegativeTestJSON:_run_cleanups): 200 GET http://10.180.1.21/compute/v2.1/servers/16bc5eeb-8e2b-499e-a7fa-6c37a18cdf72 0.114s
2025-02-19 14:49:45.263 63008 INFO tempest.lib.common.rest_client [req-b5833b9d-a310-4bfb-ab5e-c8743c7b2d5c req-b5833b9d-a310-4bfb-ab5e-c8743c7b2d5c ] Request (ServersTestMultiNic:_run_cleanups): 200 GET http://10.180.1.21/compute/v2.1/servers/e3b8ed45-0638-4f75-9c6f-c984702e660b 0.069s
2025-02-19 14:49:45.309 63016 INFO tempest.lib.common.rest_client [req-74e72664-3f29-459d-a2a3-a170dc41ec8d req-74e72664-3f29-459d-a2a3-a170dc41ec8d ] Request (MultipleCreateTestJSON:test_multiple_create): 200 GET http://10.180.1.21/compute/v2.1/servers/a802376d-992a-4976-a6ec-6de8c467e7c6 0.057s
2025-02-19 14:49:45.364 63006 INFO tempest.lib.common.rest_client [req-f035f7fe-0dc2-40e9-822d-4afd86bc04b8 req-f035f7fe-0dc2-40e9-822d-4afd86bc04b8 ] Request (ServerExternalEventsTest:test_create_server_external_events): 200 GET http://10.180.1.21/compute/v2.1/servers/34705cc3-12ff-496f-a5ae-7db685ab7d42 0.055s
2025-02-19 14:49:45.415 63054 INFO tempest.lib.common.rest_client [req-d711dc3b-15c8-4e57-84c5-edc363d4721c req-d711dc3b-15c8-4e57-84c5-edc363d4721c ] Request (ServersAdminTestJSON:test_inject_network_info): 200 GET http://10.180.1.21/compute/v2.1/servers/54077f0d-3e5c-4aa3-98f0-2434c168ce06 0.065s
2025-02-19 14:49:45.525 63022 INFO tempest.lib.common.rest_client [req-a00adf08-b549-46c6-905d-2d3be953e490 req-a00adf08-b549-46c6-905d-2d3be953e490 ] Request (ServersAdminNegativeTestJSON:tearDownClass): 200 GET http://10.180.1.21/compute/v2.1/servers/2d550d8e-b282-4817-b754-f5d390df6aa9 0.076s
2025-02-19 14:49:45.571 63056 INFO tempest.lib.common.rest_client [req-c7d44d1a-fdea-4cbd-b868-a104b66c1402 req-c7d44d1a-fdea-4cbd-b868-a104b66c1402 ] Request (ImagesTestJSON:test_create_image_from_suspended_server): 200 GET http://10.180.1.21/compute/v2.1/images/9563412c-ac58-4af6-8543-f9ef666dc47a 0.037s
2025-02-19 14:49:45.779 63014 INFO tempest.lib.common.rest_client [req-0372638c-7e14-467a-b417-0bb829f09415 req-0372638c-7e14-467a-b417-0bb829f09415 ] Request (ListServersNegativeTestJSON:tearDownClass): 200 GET http://10.180.1.21/compute/v2.1/servers/3d51301e-20ba-4a1b-8b18-0e5080ab910a 0.086s
2025-02-19 14:49:45.826 63020 INFO tempest.lib.common.rest_client [req-31e5f91d-39cb-4286-aec1-8b20aacd3993 req-31e5f91d-39cb-4286-aec1-8b20aacd3993 ] Request (ServerActionsV293TestJSON:setUpClass): 200 GET http://10.180.1.21/compute/v2.1/servers/5ff00e5a-676c-4d56-968e-1fb8866f79ac 0.336s
2025-02-19 14:49:45.838 63042 INFO tempest.lib.common.rest_client [req-9e692017-c913-40aa-a003-f4aa0133e857 req-9e692017-c913-40aa-a003-f4aa0133e857 ] Request (ServersNegativeTestMultiTenantJSON:setUpClass): 200 GET http://10.180.1.21/compute/v2.1/servers/fd23c82e-4955-4be3-b034-5400270a19a3 0.111s
2025-02-19 14:49:45.882 63010 INFO tempest.lib.common.rest_client [req-2dea725d-1cea-4ea1-b6d9-22d2b99d8827 req-2dea725d-1cea-4ea1-b6d9-22d2b99d8827 ] Request (ServerRescueNegativeTestJSON:setUpClass): 200 GET http://10.180.1.21/compute/v2.1/servers/9043970b-25b2-4989-baea-3cfeb11bec5d 0.071s
2025-02-19 14:49:45.930 63026 INFO tempest.lib.common.rest_client [req-cef1dd09-1a0d-40d2-a5b5-7c4795ab1e61 req-cef1dd09-1a0d-40d2-a5b5-7c4795ab1e61 ] Request (ServerPasswordTestJSON:setUpClass): 200 GET http://10.180.1.21/compute/v2.1/servers/3364dc58-416c-42da-8157-6efdb65e0e89 0.052s
2025-02-19 14:49:46.018 63000 INFO tempest.lib.common.rest_client [req-80e3852f-73b7-46ec-b64d-eb6184342690 req-80e3852f-73b7-46ec-b64d-eb6184342690 ] Request (MigrationsAdminTest:test_resize_server_revert_deleted_flavor): 200 GET http://10.180.1.21/compute/v2.1/servers/1b9677be-196b-403a-8d79-7b7c694046eb 0.050s
2025-02-19 14:49:46.063 63024 INFO tempest.lib.common.rest_client [req-38eff11b-620f-49f5-bc5f-1ce56f845e03 req-38eff11b-620f-49f5-bc5f-1ce56f845e03 ] Request (ListServerFiltersTestJSON:tearDownClass): 200 GET http://10.180.1.21/compute/v2.1/servers/9734221b-8ec6-4c04-bafc-d15dab9e1bc5 0.064s
2025-02-19 14:49:46.064 63038 INFO tempest.lib.common.rest_client [req-a4a76c5c-d5c0-46cd-97b7-bcb7f71cf7ff req-a4a76c5c-d5c0-46cd-97b7-bcb7f71cf7ff ] Request (ListImageFiltersTestJSON:setUpClass): 200 GET http://10.180.1.21/compute/v2.1/images/00aeccb5-3641-4455-aca7-0ee581a36cda 0.037s
2025-02-19 14:49:46.141 63031 INFO tempest.lib.common.rest_client [req-c2ae0ea5-dc1c-47d5-992a-915ea6222eaa req-c2ae0ea5-dc1c-47d5-992a-915ea6222eaa ] Request (InstanceActionsV221TestJSON:test_get_list_deleted_instance_actions): 200 GET http://10.180.1.21/compute/v2.1/servers/6d687f06-5b33-4c65-b469-8c7c02d8a52c 0.057s
2025-02-19 14:49:46.208 62996 INFO tempest.lib.common.rest_client [req-f28b1c2b-9dde-443d-9b64-a71e6e2eb871 req-f28b1c2b-9dde-443d-9b64-a71e6e2eb871 ] Request (FloatingIPsAssociationNegativeTestJSON:setUpClass): 200 GET http://10.180.1.21/compute/v2.1/servers/c6d9a643-9909-4127-a49e-24c49d4eccfd 0.101s
2025-02-19 14:49:46.256 63034 INFO tempest.lib.common.rest_client [req-170e7716-41e1-42c9-8d25-044c243d1f1d req-170e7716-41e1-42c9-8d25-044c243d1f1d ] Request (DeleteServersTestJSON:test_delete_server_while_in_attached_volume): 200 GET http://10.180.1.21/compute/v2.1/servers/b5615d78-eee6-4e84-b5f2-d9ab6ca66e1e 0.121s
2025-02-19 14:49:46.264 63034 INFO tempest.common.waiters [-] State transition "BUILD/networking" ==> "BUILD/spawning" after 66 second wait
2025-02-19 14:49:46.265 63044 INFO tempest.lib.common.rest_client [req-5688724c-64e9-4566-9b10-884b23df2ad5 req-5688724c-64e9-4566-9b10-884b23df2ad5 ] Request (ServerActionsTestOtherB:setUpClass): 200 GET http://10.180.1.21/compute/v2.1/servers/47a2f884-e89a-4114-ad54-a94ba493d07f 0.076s
2025-02-19 14:49:46.318 63036 INFO tempest.lib.common.rest_client [req-c184b6a8-6a5f-476c-98f8-84640897a258 req-c184b6a8-6a5f-476c-98f8-84640897a258 ] Request (ImagesOneServerNegativeTestJSON:_run_cleanups): 200 GET http://10.180.1.21/compute/v2.1/servers/16bc5eeb-8e2b-499e-a7fa-6c37a18cdf72 0.064s
2025-02-19 14:49:46.352 63052 INFO tempest.lib.common.rest_client [req-962914e8-5e78-426f-b561-4a032098992c req-962914e8-5e78-426f-b561-4a032098992c ] Request (SecurityGroupsTestJSON:test_server_security_groups): 200 GET http://10.180.1.21/compute/v2.1/servers/20a8a0f2-b24c-4097-b231-ef82b86bdda5 0.149s
2025-02-19 14:49:46.382 63008 INFO tempest.lib.common.rest_client [req-6d2e9e0b-d46c-4243-9abc-53b2c78dd282 req-6d2e9e0b-d46c-4243-9abc-53b2c78dd282 ] Request (ServersTestMultiNic:_run_cleanups): 200 GET http://10.180.1.21/compute/v2.1/servers/e3b8ed45-0638-4f75-9c6f-c984702e660b 0.108s
2025-02-19 14:49:46.406 63016 INFO tempest.lib.common.rest_client [req-9ab5e65b-6277-41ef-8a05-0cc97f40b194 req-9ab5e65b-6277-41ef-8a05-0cc97f40b194 ] Request (MultipleCreateTestJSON:test_multiple_create): 200 GET http://10.180.1.21/compute/v2.1/servers/a802376d-992a-4976-a6ec-6de8c467e7c6 0.090s
2025-02-19 14:49:46.433 63006 INFO tempest.lib.common.rest_client [req-09b60e78-23a3-4bd2-a8e4-5fe6b34f2f11 req-09b60e78-23a3-4bd2-a8e4-5fe6b34f2f11 ] Request (ServerExternalEventsTest:test_create_server_external_events): 200 GET http://10.180.1.21/compute/v2.1/servers/34705cc3-12ff-496f-a5ae-7db685ab7d42 0.061s
2025-02-19 14:49:46.484 63054 INFO tempest.lib.common.rest_client [req-a3271d9b-1083-4ad5-8482-ad1dab948466 req-a3271d9b-1083-4ad5-8482-ad1dab948466 ] Request (ServersAdminTestJSON:test_inject_network_info): 200 GET http://10.180.1.21/compute/v2.1/servers/54077f0d-3e5c-4aa3-98f0-2434c168ce06 0.054s
2025-02-19 14:49:46.593 63022 INFO tempest.lib.common.rest_client [req-dac964b2-035f-4947-a049-9b0c55136464 req-dac964b2-035f-4947-a049-9b0c55136464 ] Request (ServersAdminNegativeTestJSON:tearDownClass): 200 GET http://10.180.1.21/compute/v2.1/servers/2d550d8e-b282-4817-b754-f5d390df6aa9 0.060s
2025-02-19 14:49:46.609 63056 INFO tempest.lib.common.rest_client [req-b4989c99-1d37-4fd6-bc95-d46176383689 req-b4989c99-1d37-4fd6-bc95-d46176383689 ] Request (ImagesTestJSON:test_create_image_from_suspended_server): 200 GET http://10.180.1.21/compute/v2.1/images/9563412c-ac58-4af6-8543-f9ef666dc47a 0.033s
2025-02-19 14:49:46.847 63014 INFO tempest.lib.common.rest_client [req-d13e1570-8892-42df-9bc6-063bea885277 req-d13e1570-8892-42df-9bc6-063bea885277 ] Request (ListServersNegativeTestJSON:tearDownClass): 200 GET http://10.180.1.21/compute/v2.1/servers/3d51301e-20ba-4a1b-8b18-0e5080ab910a 0.059s
2025-02-19 14:49:46.899 63042 INFO tempest.lib.common.rest_client [req-328ca3c9-6ee4-4fa6-94be-ffb0456f7059 req-328ca3c9-6ee4-4fa6-94be-ffb0456f7059 ] Request (ServersNegativeTestMultiTenantJSON:setUpClass): 200 GET http://10.180.1.21/compute/v2.1/servers/fd23c82e-4955-4be3-b034-5400270a19a3 0.052s
2025-02-19 14:49:46.907 63020 INFO tempest.lib.common.rest_client [req-ace2ce27-d626-4f7b-9527-cb8d704d0a56 req-ace2ce27-d626-4f7b-9527-cb8d704d0a56 ] Request (ServerActionsV293TestJSON:setUpClass): 200 GET http://10.180.1.21/compute/v2.1/servers/5ff00e5a-676c-4d56-968e-1fb8866f79ac 0.068s
2025-02-19 14:49:46.951 63010 INFO tempest.lib.common.rest_client [req-566aceb5-518f-404c-883b-05beb0355240 req-566aceb5-518f-404c-883b-05beb0355240 ] Request (ServerRescueNegativeTestJSON:setUpClass): 200 GET http://10.180.1.21/compute/v2.1/servers/9043970b-25b2-4989-baea-3cfeb11bec5d 0.061s
2025-02-19 14:49:46.993 63026 INFO tempest.lib.common.rest_client [req-1f6313c4-0dd5-4fc8-ace6-4680a1681c8d req-1f6313c4-0dd5-4fc8-ace6-4680a1681c8d ] Request (ServerPasswordTestJSON:setUpClass): 200 GET http://10.180.1.21/compute/v2.1/servers/3364dc58-416c-42da-8157-6efdb65e0e89 0.054s
2025-02-19 14:49:47.086 63000 INFO tempest.lib.common.rest_client [req-d200bdf4-cb7f-455a-accd-3739063f148f req-d200bdf4-cb7f-455a-accd-3739063f148f ] Request (MigrationsAdminTest:test_resize_server_revert_deleted_flavor): 200 GET http://10.180.1.21/compute/v2.1/servers/1b9677be-196b-403a-8d79-7b7c694046eb 0.061s
2025-02-19 14:49:47.110 63038 INFO tempest.lib.common.rest_client [req-05a90f83-2d32-41dd-9a24-357f6128795e req-05a90f83-2d32-41dd-9a24-357f6128795e ] Request (ListImageFiltersTestJSON:setUpClass): 200 GET http://10.180.1.21/compute/v2.1/images/00aeccb5-3641-4455-aca7-0ee581a36cda 0.041s
2025-02-19 14:49:47.150 63024 INFO tempest.lib.common.rest_client [req-427e55b3-2e02-4689-b02d-634dfa47a83a req-427e55b3-2e02-4689-b02d-634dfa47a83a ] Request (ListServerFiltersTestJSON:tearDownClass): 200 GET http://10.180.1.21/compute/v2.1/servers/9734221b-8ec6-4c04-bafc-d15dab9e1bc5 0.079s
2025-02-19 14:49:47.204 63031 INFO tempest.lib.common.rest_client [req-1dc342d3-11bd-44f2-a870-db895aaf33d5 req-1dc342d3-11bd-44f2-a870-db895aaf33d5 ] Request (InstanceActionsV221TestJSON:test_get_list_deleted_instance_actions): 200 GET http://10.180.1.21/compute/v2.1/servers/6d687f06-5b33-4c65-b469-8c7c02d8a52c 0.051s
2025-02-19 14:49:47.309 62996 INFO tempest.lib.common.rest_client [req-60676149-b7a9-4f1e-907d-0d7c3f16b2f2 req-60676149-b7a9-4f1e-907d-0d7c3f16b2f2 ] Request (FloatingIPsAssociationNegativeTestJSON:setUpClass): 200 GET http://10.180.1.21/compute/v2.1/servers/c6d9a643-9909-4127-a49e-24c49d4eccfd 0.093s
2025-02-19 14:49:47.319 62996 INFO tempest.common.waiters [-] State transition "BUILD/spawning" ==> "ACTIVE/None" after 71 second wait
2025-02-19 14:49:47.354 63044 INFO tempest.lib.common.rest_client [req-98fa4b9a-28bd-43e2-a15c-03a5905ce52e req-98fa4b9a-28bd-43e2-a15c-03a5905ce52e ] Request (ServerActionsTestOtherB:setUpClass): 200 GET http://10.180.1.21/compute/v2.1/servers/47a2f884-e89a-4114-ad54-a94ba493d07f 0.081s
2025-02-19 14:49:47.359 63034 INFO tempest.lib.common.rest_client [req-733539f9-fe77-4d6e-b283-e63920acf9c9 req-733539f9-fe77-4d6e-b283-e63920acf9c9 ] Request (DeleteServersTestJSON:test_delete_server_while_in_attached_volume): 200 GET http://10.180.1.21/compute/v2.1/servers/b5615d78-eee6-4e84-b5f2-d9ab6ca66e1e 0.094s
2025-02-19 14:49:47.413 63036 INFO tempest.lib.common.rest_client [req-6dbb92da-fa13-4c8a-8aeb-20617b47c905 req-6dbb92da-fa13-4c8a-8aeb-20617b47c905 ] Request (ImagesOneServerNegativeTestJSON:_run_cleanups): 200 GET http://10.180.1.21/compute/v2.1/servers/16bc5eeb-8e2b-499e-a7fa-6c37a18cdf72 0.088s
2025-02-19 14:49:47.526 63052 INFO tempest.lib.common.rest_client [req-7b234b33-d6c7-41ca-bc2b-697955d5ddc6 req-7b234b33-d6c7-41ca-bc2b-697955d5ddc6 ] Request (SecurityGroupsTestJSON:test_server_security_groups): 200 GET http://10.180.1.21/compute/v2.1/servers/20a8a0f2-b24c-4097-b231-ef82b86bdda5 0.167s
2025-02-19 14:49:47.581 63008 INFO tempest.lib.common.rest_client [req-79cea200-e28c-44a7-936e-f3d9a00da075 req-79cea200-e28c-44a7-936e-f3d9a00da075 ] Request (ServersTestMultiNic:_run_cleanups): 200 GET http://10.180.1.21/compute/v2.1/servers/e3b8ed45-0638-4f75-9c6f-c984702e660b 0.191s
2025-02-19 14:49:47.638 63016 INFO tempest.lib.common.rest_client [req-69226e03-89dc-4e1f-9391-172cedf7983f req-69226e03-89dc-4e1f-9391-172cedf7983f ] Request (MultipleCreateTestJSON:test_multiple_create): 200 GET http://10.180.1.21/compute/v2.1/servers/a802376d-992a-4976-a6ec-6de8c467e7c6 0.224s
2025-02-19 14:49:47.691 63006 INFO tempest.lib.common.rest_client [req-5b9c50d2-b8b3-44e7-b93a-e3f1d8bb6ba2 req-5b9c50d2-b8b3-44e7-b93a-e3f1d8bb6ba2 ] Request (ServerExternalEventsTest:test_create_server_external_events): 200 GET http://10.180.1.21/compute/v2.1/servers/34705cc3-12ff-496f-a5ae-7db685ab7d42 0.249s
2025-02-19 14:49:47.738 63054 INFO tempest.lib.common.rest_client [req-54f8e14a-f25d-4f4e-b723-b62b2b54af03 req-54f8e14a-f25d-4f4e-b723-b62b2b54af03 ] Request (ServersAdminTestJSON:test_inject_network_info): 200 GET http://10.180.1.21/compute/v2.1/servers/54077f0d-3e5c-4aa3-98f0-2434c168ce06 0.245s
2025-02-19 14:49:47.758 63022 INFO tempest.lib.common.rest_client [req-0f6e8c0d-497f-4415-b8fe-3f39da2a9c7a req-0f6e8c0d-497f-4415-b8fe-3f39da2a9c7a ] Request (ServersAdminNegativeTestJSON:tearDownClass): 404 GET http://10.180.1.21/compute/v2.1/servers/2d550d8e-b282-4817-b754-f5d390df6aa9 0.154s
2025-02-19 14:49:47.797 63056 INFO tempest.lib.common.rest_client [req-eb333815-15d9-4564-b996-1ae243ad7fd5 req-eb333815-15d9-4564-b996-1ae243ad7fd5 ] Request (ImagesTestJSON:test_create_image_from_suspended_server): 200 GET http://10.180.1.21/compute/v2.1/images/9563412c-ac58-4af6-8543-f9ef666dc47a 0.183s
2025-02-19 14:49:47.835 62996 INFO tempest.lib.common.rest_client [req-80202cfe-bcc2-4c07-a8f1-b415e2bf31d8 req-80202cfe-bcc2-4c07-a8f1-b415e2bf31d8 ] Request (FloatingIPsAssociationNegativeTestJSON:test_associate_ip_to_server_with_floating_ip): 200 POST http://10.180.1.21/compute/v2.1/os-floating-ips 0.515s
2025-02-19 14:49:47.841 63022 INFO tempest.lib.common.rest_client [req-baf727c6-d82f-4d75-894e-36fd5b1aac2e req-baf727c6-d82f-4d75-894e-36fd5b1aac2e ] Request (ServersAdminNegativeTestJSON:tearDownClass): 204 DELETE http://10.180.1.21/identity/v3/users/6e090322e8d84763b1c480a911b62c73 0.082s
2025-02-19 14:49:47.918 63014 INFO tempest.lib.common.rest_client [req-95d1d7fd-6e21-4676-81ff-dbdbd24aae88 req-95d1d7fd-6e21-4676-81ff-dbdbd24aae88 ] Request (ListServersNegativeTestJSON:tearDownClass): 200 GET http://10.180.1.21/compute/v2.1/servers/3d51301e-20ba-4a1b-8b18-0e5080ab910a 0.062s
2025-02-19 14:49:47.937 63022 INFO tempest.lib.common.rest_client [req-7e83536f-c182-4375-844b-9fd8a52523d0 req-7e83536f-c182-4375-844b-9fd8a52523d0 ] Request (ServersAdminNegativeTestJSON:tearDownClass): 204 DELETE http://10.180.1.21/identity/v3/users/9c08f5949ef84c7bac03b6f7e68f3969 0.096s
2025-02-19 14:49:47.937 63022 INFO tempest.lib.common.dynamic_creds [-] Deleting project and security group for project: 0db7b242af0f4de5b996bd42c4a1784e
2025-02-19 14:49:47.972 63042 INFO tempest.lib.common.rest_client [req-f6f551f8-f49f-4f14-85bb-66c5f430791f req-f6f551f8-f49f-4f14-85bb-66c5f430791f ] Request (ServersNegativeTestMultiTenantJSON:setUpClass): 200 GET http://10.180.1.21/compute/v2.1/servers/fd23c82e-4955-4be3-b034-5400270a19a3 0.065s
2025-02-19 14:49:47.973 63012 WARNING tempest.lib.common.ssh [-] Failed to establish authenticated ssh connection to cirros@10.180.180.187 ([Errno None] Unable to connect to port 22 on 10.180.180.187). Number attempts: 1. Retry after 2 seconds.: paramiko.ssh_exception.NoValidConnectionsError: [Errno None] Unable to connect to port 22 on 10.180.180.187
2025-02-19 14:49:47.996 63022 INFO tempest.lib.common.rest_client [req-557d0bd9-6518-4545-968b-af7407b0028b req-557d0bd9-6518-4545-968b-af7407b0028b ] Request (ServersAdminNegativeTestJSON:tearDownClass): 201 POST http://10.180.1.21/identity/v3/auth/tokens 0.059s
2025-02-19 14:49:48.028 63020 INFO tempest.lib.common.rest_client [req-14e30417-203d-4b22-b456-7b8b81d3c592 req-14e30417-203d-4b22-b456-7b8b81d3c592 ] Request (ServerActionsV293TestJSON:setUpClass): 200 GET http://10.180.1.21/compute/v2.1/servers/5ff00e5a-676c-4d56-968e-1fb8866f79ac 0.109s
2025-02-19 14:49:48.088 63010 INFO tempest.lib.common.rest_client [req-cade42bf-f894-4904-98bf-1f56ea1ea72a req-cade42bf-f894-4904-98bf-1f56ea1ea72a ] Request (ServerRescueNegativeTestJSON:setUpClass): 200 GET http://10.180.1.21/compute/v2.1/servers/9043970b-25b2-4989-baea-3cfeb11bec5d 0.129s
2025-02-19 14:49:48.093 63022 INFO tempest.lib.common.rest_client [req-4993c070-286d-40fc-90b1-c7d158bebb54 req-4993c070-286d-40fc-90b1-c7d158bebb54 ] Request (ServersAdminNegativeTestJSON:tearDownClass): 200 GET http://10.180.1.21:9696/networking/v2.0/security-groups?tenant_id=0db7b242af0f4de5b996bd42c4a1784e&name=default 0.096s
2025-02-19 14:49:48.095 63010 INFO tempest.common.waiters [-] State transition "BUILD/scheduling" ==> "BUILD/None" after 48 second wait
2025-02-19 14:49:48.149 63026 INFO tempest.lib.common.rest_client [req-42cb9a28-78bc-4c25-8727-9a37596d5b83 req-42cb9a28-78bc-4c25-8727-9a37596d5b83 ] Request (ServerPasswordTestJSON:setUpClass): 200 GET http://10.180.1.21/compute/v2.1/servers/3364dc58-416c-42da-8157-6efdb65e0e89 0.148s
2025-02-19 14:49:48.161 63032 WARNING tempest.lib.common.ssh [-] Failed to establish authenticated ssh connection to cirros@10.180.180.144 ([Errno None] Unable to connect to port 22 on 10.180.180.144). Number attempts: 6. Retry after 7 seconds.: paramiko.ssh_exception.NoValidConnectionsError: [Errno None] Unable to connect to port 22 on 10.180.180.144
2025-02-19 14:49:48.198 63022 INFO tempest.lib.common.rest_client [req-0a7f763e-99fb-43d0-8fcb-055804302d9a req-0a7f763e-99fb-43d0-8fcb-055804302d9a ] Request (ServersAdminNegativeTestJSON:tearDownClass): 204 DELETE http://10.180.1.21:9696/networking/v2.0/security-groups/29651bf2-370a-43b6-823d-5f557290a025 0.104s
2025-02-19 14:49:48.208 63000 INFO tempest.lib.common.rest_client [req-c4a82f09-3691-4f38-a5fa-1aa4cb2821ff req-c4a82f09-3691-4f38-a5fa-1aa4cb2821ff ] Request (MigrationsAdminTest:test_resize_server_revert_deleted_flavor): 200 GET http://10.180.1.21/compute/v2.1/servers/1b9677be-196b-403a-8d79-7b7c694046eb 0.112s
2025-02-19 14:49:48.237 63038 INFO tempest.lib.common.rest_client [req-f337f09d-1bda-49ad-9c64-b25f88a63bc5 req-f337f09d-1bda-49ad-9c64-b25f88a63bc5 ] Request (ListImageFiltersTestJSON:setUpClass): 200 GET http://10.180.1.21/compute/v2.1/images/00aeccb5-3641-4455-aca7-0ee581a36cda 0.118s
2025-02-19 14:49:48.270 63022 INFO tempest.lib.common.rest_client [req-3c43e387-0a42-42a6-86ea-1c390ae4b1de req-3c43e387-0a42-42a6-86ea-1c390ae4b1de ] Request (ServersAdminNegativeTestJSON:tearDownClass): 204 DELETE http://10.180.1.21/identity/v3/projects/0db7b242af0f4de5b996bd42c4a1784e 0.072s
2025-02-19 14:49:48.271 63022 INFO tempest.lib.common.dynamic_creds [-] Deleting project and security group for project: 3be1d7ec339b4aa1ba2bf1e8770eab6f
2025-02-19 14:49:48.325 63022 INFO tempest.lib.common.rest_client [req-05bbd211-d421-47cc-becb-6925b2ae651e req-05bbd211-d421-47cc-becb-6925b2ae651e ] Request (ServersAdminNegativeTestJSON:tearDownClass): 200 GET http://10.180.1.21:9696/networking/v2.0/security-groups?tenant_id=3be1d7ec339b4aa1ba2bf1e8770eab6f&name=default 0.054s
2025-02-19 14:49:48.329 63024 INFO tempest.lib.common.rest_client [req-5e0def78-059f-4a9f-af79-347f4294e16d req-5e0def78-059f-4a9f-af79-347f4294e16d ] Request (ListServerFiltersTestJSON:tearDownClass): 200 GET http://10.180.1.21/compute/v2.1/servers/9734221b-8ec6-4c04-bafc-d15dab9e1bc5 0.170s
2025-02-19 14:49:48.398 63031 INFO tempest.lib.common.rest_client [req-f0647178-e354-4326-b1a2-c5acd4a00ddf req-f0647178-e354-4326-b1a2-c5acd4a00ddf ] Request (InstanceActionsV221TestJSON:test_get_list_deleted_instance_actions): 200 GET http://10.180.1.21/compute/v2.1/servers/6d687f06-5b33-4c65-b469-8c7c02d8a52c 0.184s
2025-02-19 14:49:48.459 63044 INFO tempest.lib.common.rest_client [req-573f998b-6e69-4980-947a-e8f906297518 req-573f998b-6e69-4980-947a-e8f906297518 ] Request (ServerActionsTestOtherB:setUpClass): 200 GET http://10.180.1.21/compute/v2.1/servers/47a2f884-e89a-4114-ad54-a94ba493d07f 0.097s
2025-02-19 14:49:48.481 63022 INFO tempest.lib.common.rest_client [req-4beb83ac-5c67-49aa-8389-b2053e739829 req-4beb83ac-5c67-49aa-8389-b2053e739829 ] Request (ServersAdminNegativeTestJSON:tearDownClass): 204 DELETE http://10.180.1.21:9696/networking/v2.0/security-groups/d4c2fe61-5af2-434f-9a85-5906096cfb11 0.156s
2025-02-19 14:49:48.586 63034 INFO tempest.lib.common.rest_client [req-6bdfb9a0-d19d-4642-b117-e60fb0b21d09 req-6bdfb9a0-d19d-4642-b117-e60fb0b21d09 ] Request (DeleteServersTestJSON:test_delete_server_while_in_attached_volume): 200 GET http://10.180.1.21/compute/v2.1/servers/b5615d78-eee6-4e84-b5f2-d9ab6ca66e1e 0.211s
2025-02-19 14:49:48.593 63022 INFO tempest.lib.common.rest_client [req-8f93b539-6c64-430d-8e82-7e6362ba922a req-8f93b539-6c64-430d-8e82-7e6362ba922a ] Request (ServersAdminNegativeTestJSON:tearDownClass): 204 DELETE http://10.180.1.21/identity/v3/projects/3be1d7ec339b4aa1ba2bf1e8770eab6f 0.112s
2025-02-19 14:49:48.647 63036 INFO tempest.lib.common.rest_client [req-32ed68c9-3e79-48da-b56b-3ad14d29fe9c req-32ed68c9-3e79-48da-b56b-3ad14d29fe9c ] Request (ImagesOneServerNegativeTestJSON:_run_cleanups): 200 GET http://10.180.1.21/compute/v2.1/servers/16bc5eeb-8e2b-499e-a7fa-6c37a18cdf72 0.226s
2025-02-19 14:49:48.663 63022 INFO tempest.lib.common.rest_client [req-8ab28ab7-5e04-46c6-a561-7f2323bf4e37 req-8ab28ab7-5e04-46c6-a561-7f2323bf4e37 ] Request (FloatingIPsTestJSON:setUpClass): 201 POST http://10.180.1.21/identity/v3/auth/tokens 0.068s
2025-02-19 14:49:48.703 63022 INFO tempest.lib.common.rest_client [req-19102d92-50ab-43b0-862d-cff1658bf42b req-19102d92-50ab-43b0-862d-cff1658bf42b ] Request (FloatingIPsTestJSON:setUpClass): 201 POST http://10.180.1.21/identity/v3/auth/tokens 0.036s
2025-02-19 14:49:48.741 63022 INFO tempest.lib.common.rest_client [req-07ca4ba9-55de-4b29-9287-fa5075abc4f8 req-07ca4ba9-55de-4b29-9287-fa5075abc4f8 ] Request (FloatingIPsTestJSON:setUpClass): 200 GET http://10.180.1.21/identity/v3/domains?name=Default 0.037s
2025-02-19 14:49:48.748 62996 INFO tempest.lib.common.rest_client [req-91666b4b-1a75-4ad3-b345-51668b4d59e8 req-91666b4b-1a75-4ad3-b345-51668b4d59e8 ] Request (FloatingIPsAssociationNegativeTestJSON:test_associate_ip_to_server_with_floating_ip): 202 POST http://10.180.1.21/compute/v2.1/servers/c6d9a643-9909-4127-a49e-24c49d4eccfd/action 0.911s
2025-02-19 14:49:48.774 63022 INFO tempest.lib.common.rest_client [req-e13c3a57-7d3f-429a-a8f9-a2075c396990 req-e13c3a57-7d3f-429a-a8f9-a2075c396990 ] Request (FloatingIPsTestJSON:setUpClass): 201 POST http://10.180.1.21/identity/v3/projects 0.032s
2025-02-19 14:49:48.817 63008 INFO tempest.lib.common.rest_client [req-3b2f6748-be49-4731-b6ea-d09b605f91cd req-3b2f6748-be49-4731-b6ea-d09b605f91cd ] Request (ServersTestMultiNic:_run_cleanups): 200 GET http://10.180.1.21/compute/v2.1/servers/e3b8ed45-0638-4f75-9c6f-c984702e660b 0.228s
2025-02-19 14:49:48.819 63052 INFO tempest.lib.common.rest_client [req-25b53bc5-93e9-4d05-8519-9d46b4c24143 req-25b53bc5-93e9-4d05-8519-9d46b4c24143 ] Request (SecurityGroupsTestJSON:test_server_security_groups): 200 GET http://10.180.1.21/compute/v2.1/servers/20a8a0f2-b24c-4097-b231-ef82b86bdda5 0.283s
2025-02-19 14:49:48.842 63022 INFO tempest.lib.common.rest_client [req-e946fc46-7c25-4ab3-afa6-7b2dc13ac317 req-e946fc46-7c25-4ab3-afa6-7b2dc13ac317 ] Request (FloatingIPsTestJSON:setUpClass): 201 POST http://10.180.1.21/identity/v3/users 0.068s
2025-02-19 14:49:48.871 63022 INFO tempest.lib.common.rest_client [req-42f89685-63fa-41f3-b6fe-7ff22d273cda req-42f89685-63fa-41f3-b6fe-7ff22d273cda ] Request (FloatingIPsTestJSON:setUpClass): 200 GET http://10.180.1.21/identity/v3/roles 0.028s
2025-02-19 14:49:48.873 63016 INFO tempest.lib.common.rest_client [req-7b991903-9b45-4bad-a9a8-20b315a5c33f req-7b991903-9b45-4bad-a9a8-20b315a5c33f ] Request (MultipleCreateTestJSON:test_multiple_create): 200 GET http://10.180.1.21/compute/v2.1/servers/a802376d-992a-4976-a6ec-6de8c467e7c6 0.228s
2025-02-19 14:49:48.877 63006 INFO tempest.lib.common.rest_client [req-a13f043f-900b-4ae9-a32c-2f7e1fc036af req-a13f043f-900b-4ae9-a32c-2f7e1fc036af ] Request (ServerExternalEventsTest:test_create_server_external_events): 200 GET http://10.180.1.21/compute/v2.1/servers/34705cc3-12ff-496f-a5ae-7db685ab7d42 0.179s
2025-02-19 14:49:48.905 63022 INFO tempest.lib.common.rest_client [req-c537ae6e-57ba-439b-9c73-242e0d0083f4 req-c537ae6e-57ba-439b-9c73-242e0d0083f4 ] Request (FloatingIPsTestJSON:setUpClass): 204 PUT http://10.180.1.21/identity/v3/projects/4c75beeab8fa433bb2b5fa0e95070bd6/users/d90d28d298da4843ae7cd362fd462cab/roles/44f292eb10a044b3b4dd14d0926e140f 0.034s
2025-02-19 14:49:48.906 63022 INFO tempest.lib.common.dynamic_creds [-] Dynamic test user d90d28d298da4843ae7cd362fd462cab is created with scope project and roles: ['member']
2025-02-19 14:49:48.906 63022 INFO tempest.lib.common.dynamic_creds [-] Acquired dynamic creds: credentials: Credentials: {'domain_id': 'default', 'domain_name': 'Default', 'username': 'tempest-FloatingIPsTestJSON-1052142611-project-member', 'project_domain_id': 'default', 'project_domain_name': 'Default', 'project_id': '4c75beeab8fa433bb2b5fa0e95070bd6', 'project_name': 'tempest-FloatingIPsTestJSON-1052142611', 'tenant_id': '4c75beeab8fa433bb2b5fa0e95070bd6', 'tenant_name': 'tempest-FloatingIPsTestJSON-1052142611', 'user_domain_id': 'default', 'user_domain_name': 'Default', 'user_id': 'd90d28d298da4843ae7cd362fd462cab', 'system': None}, Network: None, Subnet: None, Router: None
2025-02-19 14:49:48.938 63054 INFO tempest.lib.common.rest_client [req-a845ebf7-5fda-468e-9b01-e151f7e5653d req-a845ebf7-5fda-468e-9b01-e151f7e5653d ] Request (ServersAdminTestJSON:test_inject_network_info): 200 GET http://10.180.1.21/compute/v2.1/servers/54077f0d-3e5c-4aa3-98f0-2434c168ce06 0.193s
2025-02-19 14:49:48.978 63022 INFO tempest.lib.common.rest_client [req-43649294-3b27-46ac-bf7b-af0a337fc4b6 req-43649294-3b27-46ac-bf7b-af0a337fc4b6 ] Request (FloatingIPsTestJSON:setUpClass): 201 POST http://10.180.1.21/identity/v3/auth/tokens 0.071s
2025-02-19 14:49:49.066 63056 INFO tempest.lib.common.rest_client [req-33328cec-23fd-4f42-a1f5-bd86c0a7afad req-33328cec-23fd-4f42-a1f5-bd86c0a7afad ] Request (ImagesTestJSON:test_create_image_from_suspended_server): 200 GET http://10.180.1.21/compute/v2.1/images/9563412c-ac58-4af6-8543-f9ef666dc47a 0.265s
2025-02-19 14:49:49.121 63002 WARNING tempest.lib.common.ssh [-] Failed to establish authenticated ssh connection to cirros@10.180.180.246 ([Errno None] Unable to connect to port 22 on 10.180.180.246). Number attempts: 8. Retry after 9 seconds.: paramiko.ssh_exception.NoValidConnectionsError: [Errno None] Unable to connect to port 22 on 10.180.180.246
2025-02-19 14:49:49.148 63014 INFO tempest.lib.common.rest_client [req-eb3854ab-52ee-43a2-8efe-65c0d61c2130 req-eb3854ab-52ee-43a2-8efe-65c0d61c2130 ] Request (ListServersNegativeTestJSON:tearDownClass): 200 GET http://10.180.1.21/compute/v2.1/servers/3d51301e-20ba-4a1b-8b18-0e5080ab910a 0.222s
2025-02-19 14:49:49.224 63042 INFO tempest.lib.common.rest_client [req-73189d74-7caa-47df-8f86-ebc8ddb760ba req-73189d74-7caa-47df-8f86-ebc8ddb760ba ] Request (ServersNegativeTestMultiTenantJSON:setUpClass): 200 GET http://10.180.1.21/compute/v2.1/servers/fd23c82e-4955-4be3-b034-5400270a19a3 0.245s
2025-02-19 14:49:49.292 63020 INFO tempest.lib.common.rest_client [req-d315cd67-c43e-4ce1-9c17-e62d571c5103 req-d315cd67-c43e-4ce1-9c17-e62d571c5103 ] Request (ServerActionsV293TestJSON:setUpClass): 200 GET http://10.180.1.21/compute/v2.1/servers/5ff00e5a-676c-4d56-968e-1fb8866f79ac 0.249s
2025-02-19 14:49:49.350 63022 INFO tempest.lib.common.rest_client [req-f1afa157-28ca-440d-aab4-4dbc488f0e15 req-f1afa157-28ca-440d-aab4-4dbc488f0e15 ] Request (FloatingIPsTestJSON:setUpClass): 201 POST http://10.180.1.21:9696/networking/v2.0/networks 0.372s
2025-02-19 14:49:49.357 63010 INFO tempest.lib.common.rest_client [req-69035935-7598-48c4-996d-a9f76c86f648 req-69035935-7598-48c4-996d-a9f76c86f648 ] Request (ServerRescueNegativeTestJSON:setUpClass): 200 GET http://10.180.1.21/compute/v2.1/servers/9043970b-25b2-4989-baea-3cfeb11bec5d 0.261s
2025-02-19 14:49:49.444 63026 INFO tempest.lib.common.rest_client [req-f5c87223-e842-4893-92d2-04fe5a39a37a req-f5c87223-e842-4893-92d2-04fe5a39a37a ] Request (ServerPasswordTestJSON:setUpClass): 200 GET http://10.180.1.21/compute/v2.1/servers/3364dc58-416c-42da-8157-6efdb65e0e89 0.284s
2025-02-19 14:49:49.496 63000 INFO tempest.lib.common.rest_client [req-d1c4b552-8e97-41b2-9008-dccb0eaa9eb9 req-d1c4b552-8e97-41b2-9008-dccb0eaa9eb9 ] Request (MigrationsAdminTest:test_resize_server_revert_deleted_flavor): 200 GET http://10.180.1.21/compute/v2.1/servers/1b9677be-196b-403a-8d79-7b7c694046eb 0.281s
2025-02-19 14:49:49.562 63022 INFO tempest.lib.common.rest_client [req-2e444d03-0991-4318-b534-53411e4f6cda req-2e444d03-0991-4318-b534-53411e4f6cda ] Request (FloatingIPsTestJSON:setUpClass): 201 POST http://10.180.1.21:9696/networking/v2.0/subnets 0.211s
2025-02-19 14:49:49.633 63040 WARNING tempest.lib.common.ssh [-] Failed to establish authenticated ssh connection to cirros@10.180.180.201 ([Errno None] Unable to connect to port 22 on 10.180.180.201). Number attempts: 3. Retry after 4 seconds.: paramiko.ssh_exception.NoValidConnectionsError: [Errno None] Unable to connect to port 22 on 10.180.180.201
2025-02-19 14:49:49.972 62996 INFO tempest.lib.common.rest_client [req-c3062a96-3642-4e88-b17b-2c18ffa445b1 req-c3062a96-3642-4e88-b17b-2c18ffa445b1 ] Request (FloatingIPsAssociationNegativeTestJSON:test_associate_ip_to_server_with_floating_ip): 200 POST http://10.180.1.21/compute/v2.1/os-floating-ips 1.223s
2025-02-19 14:49:50.053 63024 INFO tempest.lib.common.rest_client [req-b8dd3988-5e79-45f9-ab19-be6eae6bd754 req-b8dd3988-5e79-45f9-ab19-be6eae6bd754 ] Request (ListServerFiltersTestJSON:tearDownClass): 200 GET http://10.180.1.21/compute/v2.1/servers/9734221b-8ec6-4c04-bafc-d15dab9e1bc5 0.712s
2025-02-19 14:49:50.122 63031 INFO tempest.lib.common.rest_client [req-761f3661-b993-442f-b5f8-1f055e3df44a req-761f3661-b993-442f-b5f8-1f055e3df44a ] Request (InstanceActionsV221TestJSON:test_get_list_deleted_instance_actions): 200 GET http://10.180.1.21/compute/v2.1/servers/6d687f06-5b33-4c65-b469-8c7c02d8a52c 0.714s
2025-02-19 14:49:50.198 63044 INFO tempest.lib.common.rest_client [req-eb28b284-d0f4-41cc-9401-bb9fbde5679e req-eb28b284-d0f4-41cc-9401-bb9fbde5679e ] Request (ServerActionsTestOtherB:setUpClass): 200 GET http://10.180.1.21/compute/v2.1/servers/47a2f884-e89a-4114-ad54-a94ba493d07f 0.730s
2025-02-19 14:49:50.348 63034 INFO tempest.lib.common.rest_client [req-78346881-3edd-456f-940c-da4f21af20b7 req-78346881-3edd-456f-940c-da4f21af20b7 ] Request (DeleteServersTestJSON:test_delete_server_while_in_attached_volume): 200 GET http://10.180.1.21/compute/v2.1/servers/b5615d78-eee6-4e84-b5f2-d9ab6ca66e1e 0.752s
2025-02-19 14:49:50.374 63022 INFO tempest.lib.common.rest_client [req-37c076fc-4743-4c63-9335-05d8fd6f2db7 req-37c076fc-4743-4c63-9335-05d8fd6f2db7 ] Request (FloatingIPsTestJSON:setUpClass): 201 POST http://10.180.1.21:9696/networking/v2.0/routers 0.810s
2025-02-19 14:49:50.414 63036 INFO tempest.lib.common.rest_client [req-997a5bb8-2579-4b5a-8614-fd17107bdff9 req-997a5bb8-2579-4b5a-8614-fd17107bdff9 ] Request (ImagesOneServerNegativeTestJSON:_run_cleanups): 200 GET http://10.180.1.21/compute/v2.1/servers/16bc5eeb-8e2b-499e-a7fa-6c37a18cdf72 0.756s
2025-02-19 14:49:50.544 63052 INFO tempest.lib.common.rest_client [req-97c3f010-ea67-467d-91c5-ef86d04b63ff req-97c3f010-ea67-467d-91c5-ef86d04b63ff ] Request (SecurityGroupsTestJSON:test_server_security_groups): 200 GET http://10.180.1.21/compute/v2.1/servers/20a8a0f2-b24c-4097-b231-ef82b86bdda5 0.717s
2025-02-19 14:49:50.633 63008 INFO tempest.lib.common.rest_client [req-2093a33a-2634-4dac-a2dd-75d396c196cb req-2093a33a-2634-4dac-a2dd-75d396c196cb ] Request (ServersTestMultiNic:_run_cleanups): 200 GET http://10.180.1.21/compute/v2.1/servers/e3b8ed45-0638-4f75-9c6f-c984702e660b 0.804s
2025-02-19 14:49:50.657 63046 WARNING tempest.lib.common.ssh [-] Failed to establish authenticated ssh connection to cirros@10.180.180.183 ([Errno None] Unable to connect to port 22 on 10.180.180.183). Number attempts: 6. Retry after 7 seconds.: paramiko.ssh_exception.NoValidConnectionsError: [Errno None] Unable to connect to port 22 on 10.180.180.183
2025-02-19 14:49:50.697 63006 INFO tempest.lib.common.rest_client [req-5199dc96-85d1-465a-a524-e599a161848b req-5199dc96-85d1-465a-a524-e599a161848b ] Request (ServerExternalEventsTest:test_create_server_external_events): 200 GET http://10.180.1.21/compute/v2.1/servers/34705cc3-12ff-496f-a5ae-7db685ab7d42 0.810s
2025-02-19 14:49:50.765 63016 INFO tempest.lib.common.rest_client [req-8fcfbb7c-ecbc-474f-9790-986cbda1f6a3 req-8fcfbb7c-ecbc-474f-9790-986cbda1f6a3 ] Request (MultipleCreateTestJSON:test_multiple_create): 200 GET http://10.180.1.21/compute/v2.1/servers/a802376d-992a-4976-a6ec-6de8c467e7c6 0.877s
2025-02-19 14:49:50.826 63054 INFO tempest.lib.common.rest_client [req-7892b1dd-6e93-457a-af8a-af19b47ff7dc req-7892b1dd-6e93-457a-af8a-af19b47ff7dc ] Request (ServersAdminTestJSON:test_inject_network_info): 200 GET http://10.180.1.21/compute/v2.1/servers/54077f0d-3e5c-4aa3-98f0-2434c168ce06 0.873s
2025-02-19 14:49:51.158 62996 INFO tempest.lib.common.rest_client [req-caf400f6-1fe8-4fad-b1c0-71260bd0e5db req-caf400f6-1fe8-4fad-b1c0-71260bd0e5db ] Request (FloatingIPsAssociationNegativeTestJSON:test_associate_ip_to_server_with_floating_ip): 400 POST http://10.180.1.21/compute/v2.1/servers/c6d9a643-9909-4127-a49e-24c49d4eccfd/action 1.184s
2025-02-19 14:49:51.169 63050 WARNING tempest.lib.common.ssh [-] Failed to establish authenticated ssh connection to cirros@10.180.180.140 ([Errno None] Unable to connect to port 22 on 10.180.180.140). Number attempts: 10. Retry after 11 seconds.: paramiko.ssh_exception.NoValidConnectionsError: [Errno None] Unable to connect to port 22 on 10.180.180.140
2025-02-19 14:49:51.210 63022 INFO tempest.lib.common.rest_client [req-a0bd19af-7738-43d1-a9f7-d4c48a41fe34 req-a0bd19af-7738-43d1-a9f7-d4c48a41fe34 ] Request (FloatingIPsTestJSON:setUpClass): 200 PUT http://10.180.1.21:9696/networking/v2.0/routers/dfafa96e-555f-4424-bf4e-e38ec0aa0414/add_router_interface 0.836s
2025-02-19 14:49:51.211 63022 INFO tempest.lib.common.dynamic_creds [-] Created isolated network resources for: credentials: Credentials: {'domain_id': 'default', 'domain_name': 'Default', 'username': 'tempest-FloatingIPsTestJSON-1052142611-project-member', 'project_domain_id': 'default', 'project_domain_name': 'Default', 'project_id': '4c75beeab8fa433bb2b5fa0e95070bd6', 'project_name': 'tempest-FloatingIPsTestJSON-1052142611', 'tenant_id': '4c75beeab8fa433bb2b5fa0e95070bd6', 'tenant_name': 'tempest-FloatingIPsTestJSON-1052142611', 'user_domain_id': 'default', 'user_domain_name': 'Default', 'user_id': 'd90d28d298da4843ae7cd362fd462cab', 'system': None}, Network: {'id': 'eac0c351-a5b7-4195-9e63-a2d43815a2a8', 'name': 'tempest-FloatingIPsTestJSON-1580808021-network', 'tenant_id': '4c75beeab8fa433bb2b5fa0e95070bd6', 'admin_state_up': True, 'mtu': 8950, 'status': 'ACTIVE', 'subnets': [], 'shared': False, 'project_id': '4c75beeab8fa433bb2b5fa0e95070bd6', 'port_security_enabled': True, 'router:external': False, 'provider:network_type': 'vlan', 'provider:physical_network': 'default', 'provider:segmentation_id': 901, 'availability_zone_hints': [], 'availability_zones': [], 'ipv4_address_scope': None, 'ipv6_address_scope': None, 'description': '', 'tags': [], 'created_at': '2025-02-19T14:49:49Z', 'updated_at': '2025-02-19T14:49:49Z', 'revision_number': 1}, Subnet: {'id': '1668e3a7-bb2f-4bb5-8f9d-19c72bb1e9df', 'name': 'tempest-FloatingIPsTestJSON-1580808021-subnet', 'tenant_id': '4c75beeab8fa433bb2b5fa0e95070bd6', 'network_id': 'eac0c351-a5b7-4195-9e63-a2d43815a2a8', 'ip_version': 4, 'subnetpool_id': None, 'enable_dhcp': True, 'ipv6_ra_mode': None, 'ipv6_address_mode': None, 'gateway_ip': '192.168.128.1', 'cidr': '192.168.128.0/28', 'allocation_pools': [{'start': '192.168.128.2', 'end': '192.168.128.14'}], 'host_routes': [], 'dns_nameservers': [], 'description': '', 'router:external': False, 'service_types': [], 'tags': [], 'created_at': '2025-02-19T14:49:49Z', 'updated_at': '2025-02-19T14:49:49Z', 'revision_number': 0, 'project_id': '4c75beeab8fa433bb2b5fa0e95070bd6'}, Router: {'id': 'dfafa96e-555f-4424-bf4e-e38ec0aa0414', 'name': 'tempest-FloatingIPsTestJSON-1580808021-router', 'tenant_id': '4c75beeab8fa433bb2b5fa0e95070bd6', 'admin_state_up': True, 'status': 'ACTIVE', 'external_gateway_info': {'network_id': '5a99d2cc-8c90-4248-bcfb-7350e6558ae2', 'external_fixed_ips': [{'subnet_id': '92a9b299-f70e-4a2a-8e60-5f36dfe639c1', 'ip_address': '10.180.180.180'}], 'enable_snat': True}, 'description': '', 'availability_zones': [], 'distributed': False, 'ha': False, 'availability_zone_hints': [], 'routes': [], 'flavor_id': None, 'tags': [], 'created_at': '2025-02-19T14:49:49Z', 'updated_at': '2025-02-19T14:49:50Z', 'revision_number': 2, 'project_id': '4c75beeab8fa433bb2b5fa0e95070bd6'}
2025-02-19 14:49:51.293 63022 INFO tempest.lib.common.rest_client [req-4a0c91b8-7427-4b80-a2ce-c2fceb533d8f req-4a0c91b8-7427-4b80-a2ce-c2fceb533d8f ] Request (FloatingIPsTestJSON:setUpClass): 201 POST http://10.180.1.21/identity/v3/auth/tokens 0.078s
2025-02-19 14:49:51.297 62994 WARNING tempest.lib.common.ssh [-] Failed to establish authenticated ssh connection to cirros@10.180.180.172 ([Errno None] Unable to connect to port 22 on 10.180.180.172). Number attempts: 7. Retry after 8 seconds.: paramiko.ssh_exception.NoValidConnectionsError: [Errno None] Unable to connect to port 22 on 10.180.180.172
2025-02-19 14:49:53.537 63012 WARNING tempest.lib.common.ssh [-] Failed to establish authenticated ssh connection to cirros@10.180.180.187 ([Errno None] Unable to connect to port 22 on 10.180.180.187). Number attempts: 2. Retry after 3 seconds.: paramiko.ssh_exception.NoValidConnectionsError: [Errno None] Unable to connect to port 22 on 10.180.180.187
2025-02-19 14:49:53.762 63038 INFO tempest.lib.common.rest_client [req-7099a7b9-f5b6-41f2-ab3e-374b272b507b req-7099a7b9-f5b6-41f2-ab3e-374b272b507b ] Request (ListImageFiltersTestJSON:setUpClass): 200 GET http://10.180.1.21/compute/v2.1/images/00aeccb5-3641-4455-aca7-0ee581a36cda 4.519s
2025-02-19 14:49:53.765 63056 INFO tempest.lib.common.rest_client [req-8eed9771-4241-4479-b9d7-90e04afe31c3 req-8eed9771-4241-4479-b9d7-90e04afe31c3 ] Request (ImagesTestJSON:test_create_image_from_suspended_server): 200 GET http://10.180.1.21/compute/v2.1/images/9563412c-ac58-4af6-8543-f9ef666dc47a 3.695s
2025-02-19 14:49:53.828 63014 INFO tempest.lib.common.rest_client [req-093cbef5-2b2f-413a-8bf6-cab74114a9a2 req-093cbef5-2b2f-413a-8bf6-cab74114a9a2 ] Request (ListServersNegativeTestJSON:tearDownClass): 200 GET http://10.180.1.21/compute/v2.1/servers/3d51301e-20ba-4a1b-8b18-0e5080ab910a 3.670s
2025-02-19 14:49:53.861 63042 INFO tempest.lib.common.rest_client [req-7e97a2bf-9b21-44fc-97aa-f3c900d65f16 req-7e97a2bf-9b21-44fc-97aa-f3c900d65f16 ] Request (ServersNegativeTestMultiTenantJSON:setUpClass): 200 GET http://10.180.1.21/compute/v2.1/servers/fd23c82e-4955-4be3-b034-5400270a19a3 3.627s
2025-02-19 14:49:53.868 63042 INFO tempest.common.waiters [-] State transition "BUILD/None" ==> "BUILD/spawning" after 70 second wait
2025-02-19 14:49:53.884 63020 INFO tempest.lib.common.rest_client [req-a42f8aea-bb89-4433-b231-b9ef4224dc2a req-a42f8aea-bb89-4433-b231-b9ef4224dc2a ] Request (ServerActionsV293TestJSON:setUpClass): 200 GET http://10.180.1.21/compute/v2.1/servers/5ff00e5a-676c-4d56-968e-1fb8866f79ac 3.581s
2025-02-19 14:49:53.910 63010 INFO tempest.lib.common.rest_client [req-a9051895-63bb-4aa9-a869-a37eecc2b175 req-a9051895-63bb-4aa9-a869-a37eecc2b175 ] Request (ServerRescueNegativeTestJSON:setUpClass): 200 GET http://10.180.1.21/compute/v2.1/servers/9043970b-25b2-4989-baea-3cfeb11bec5d 3.544s
2025-02-19 14:49:53.934 63026 INFO tempest.lib.common.rest_client [req-5926c04f-34dc-42cb-b1b8-95af4515982a req-5926c04f-34dc-42cb-b1b8-95af4515982a ] Request (ServerPasswordTestJSON:setUpClass): 200 GET http://10.180.1.21/compute/v2.1/servers/3364dc58-416c-42da-8157-6efdb65e0e89 3.482s
2025-02-19 14:49:53.958 63000 INFO tempest.lib.common.rest_client [req-f95a9d63-a066-45b3-a329-86c8e5465592 req-f95a9d63-a066-45b3-a329-86c8e5465592 ] Request (MigrationsAdminTest:test_resize_server_revert_deleted_flavor): 200 GET http://10.180.1.21/compute/v2.1/servers/1b9677be-196b-403a-8d79-7b7c694046eb 3.453s
2025-02-19 14:49:53.992 63024 INFO tempest.lib.common.rest_client [req-60e2d9e1-a72e-41e5-8995-371b76d2f7aa req-60e2d9e1-a72e-41e5-8995-371b76d2f7aa ] Request (ListServerFiltersTestJSON:tearDownClass): 200 GET http://10.180.1.21/compute/v2.1/servers/9734221b-8ec6-4c04-bafc-d15dab9e1bc5 2.925s
2025-02-19 14:49:54.011 63031 INFO tempest.lib.common.rest_client [req-aa2ec5b0-85de-4d08-900b-58006b7c14f5 req-aa2ec5b0-85de-4d08-900b-58006b7c14f5 ] Request (InstanceActionsV221TestJSON:test_get_list_deleted_instance_actions): 200 GET http://10.180.1.21/compute/v2.1/servers/6d687f06-5b33-4c65-b469-8c7c02d8a52c 2.876s
2025-02-19 14:49:54.065 63044 INFO tempest.lib.common.rest_client [req-1dd8a161-3d32-494f-83ac-682e060ffe88 req-1dd8a161-3d32-494f-83ac-682e060ffe88 ] Request (ServerActionsTestOtherB:setUpClass): 200 GET http://10.180.1.21/compute/v2.1/servers/47a2f884-e89a-4114-ad54-a94ba493d07f 2.854s
2025-02-19 14:49:54.339 62996 INFO tempest.lib.common.rest_client [req-ac078501-2f64-45ab-845e-8f1ab23a94ec req-ac078501-2f64-45ab-845e-8f1ab23a94ec ] Request (FloatingIPsAssociationNegativeTestJSON:_run_cleanups): 202 DELETE http://10.180.1.21/compute/v2.1/os-floating-ips/16e323a8-4fcf-4cc9-81f0-864ee3c791d8 3.180s
2025-02-19 14:49:54.477 63034 INFO tempest.lib.common.rest_client [req-ada6b921-594d-4d7b-8f33-ef1988533702 req-ada6b921-594d-4d7b-8f33-ef1988533702 ] Request (DeleteServersTestJSON:test_delete_server_while_in_attached_volume): 200 GET http://10.180.1.21/compute/v2.1/servers/b5615d78-eee6-4e84-b5f2-d9ab6ca66e1e 3.119s
2025-02-19 14:49:54.535 63036 INFO tempest.lib.common.rest_client [req-9edacf8e-db54-4cbb-9488-bdbf2d2bd0ec req-9edacf8e-db54-4cbb-9488-bdbf2d2bd0ec ] Request (ImagesOneServerNegativeTestJSON:_run_cleanups): 200 GET http://10.180.1.21/compute/v2.1/servers/16bc5eeb-8e2b-499e-a7fa-6c37a18cdf72 3.112s
2025-02-19 14:49:54.667 63052 INFO tempest.lib.common.rest_client [req-56e1212b-a7a0-47e9-860d-0723afe8ff58 req-56e1212b-a7a0-47e9-860d-0723afe8ff58 ] Request (SecurityGroupsTestJSON:test_server_security_groups): 200 GET http://10.180.1.21/compute/v2.1/servers/20a8a0f2-b24c-4097-b231-ef82b86bdda5 3.114s
2025-02-19 14:49:54.674 63052 INFO tempest.common.waiters [-] State transition "BUILD/spawning" ==> "ACTIVE/None" after 76 second wait
2025-02-19 14:49:54.706 63022 INFO tempest.lib.common.rest_client [req-c425c82e-e2bc-4027-93d8-8c26fdb39830 req-c425c82e-e2bc-4027-93d8-8c26fdb39830 ] Request (FloatingIPsTestJSON:test_allocate_floating_ip): 200 POST http://10.180.1.21/compute/v2.1/os-floating-ips 3.411s
2025-02-19 14:49:54.739 63008 INFO tempest.lib.common.rest_client [req-f2adf60b-9b95-4adb-a2e5-b47e207d781a req-f2adf60b-9b95-4adb-a2e5-b47e207d781a ] Request (ServersTestMultiNic:_run_cleanups): 200 GET http://10.180.1.21/compute/v2.1/servers/e3b8ed45-0638-4f75-9c6f-c984702e660b 3.099s
2025-02-19 14:49:54.762 63006 INFO tempest.lib.common.rest_client [req-e22e3a2b-db76-4bae-92a8-ccdc7f1f7b22 req-e22e3a2b-db76-4bae-92a8-ccdc7f1f7b22 ] Request (ServerExternalEventsTest:test_create_server_external_events): 200 GET http://10.180.1.21/compute/v2.1/servers/34705cc3-12ff-496f-a5ae-7db685ab7d42 3.052s
2025-02-19 14:49:54.770 63006 INFO tempest.common.waiters [-] State transition "BUILD/scheduling" ==> "BUILD/None" after 51 second wait
2025-02-19 14:49:54.820 63054 INFO tempest.lib.common.rest_client [req-60688c0e-dcf3-400b-9f22-8c26c1554550 req-60688c0e-dcf3-400b-9f22-8c26c1554550 ] Request (ServersAdminTestJSON:test_inject_network_info): 200 GET http://10.180.1.21/compute/v2.1/servers/54077f0d-3e5c-4aa3-98f0-2434c168ce06 2.981s
2025-02-19 14:49:54.881 63016 INFO tempest.lib.common.rest_client [req-af74e3e9-eaad-4a0f-8fe4-e4c17535dc2f req-af74e3e9-eaad-4a0f-8fe4-e4c17535dc2f ] Request (MultipleCreateTestJSON:test_multiple_create): 200 GET http://10.180.1.21/compute/v2.1/servers/a802376d-992a-4976-a6ec-6de8c467e7c6 3.104s
2025-02-19 14:49:54.887 63038 INFO tempest.lib.common.rest_client [req-da854ac0-a8d3-4aff-963b-20e5aaa6727b req-da854ac0-a8d3-4aff-963b-20e5aaa6727b ] Request (ListImageFiltersTestJSON:setUpClass): 200 GET http://10.180.1.21/compute/v2.1/images/00aeccb5-3641-4455-aca7-0ee581a36cda 1.122s
2025-02-19 14:49:54.888 63016 INFO tempest.common.waiters [-] State transition "BUILD/None" ==> "BUILD/spawning" after 70 second wait
2025-02-19 14:49:54.945 63028 WARNING tempest.lib.common.ssh [-] Failed to establish authenticated ssh connection to cirros@10.180.180.149 ([Errno None] Unable to connect to port 22 on 10.180.180.149). Number attempts: 10. Retry after 11 seconds.: paramiko.ssh_exception.NoValidConnectionsError: [Errno None] Unable to connect to port 22 on 10.180.180.149
2025-02-19 14:49:55.201 63004 WARNING tempest.lib.common.ssh [-] Failed to establish authenticated ssh connection to cirros@10.180.180.213 ([Errno None] Unable to connect to port 22 on 10.180.180.213). Number attempts: 12. Retry after 13 seconds.: paramiko.ssh_exception.NoValidConnectionsError: [Errno None] Unable to connect to port 22 on 10.180.180.213
2025-02-19 14:49:55.219 63052 INFO tempest.lib.common.rest_client [req-2e5a440e-caed-4cec-99fe-3ee4697b23eb req-2e5a440e-caed-4cec-99fe-3ee4697b23eb ] Request (SecurityGroupsTestJSON:test_server_security_groups): 202 POST http://10.180.1.21/compute/v2.1/servers/20a8a0f2-b24c-4097-b231-ef82b86bdda5/action 0.544s
2025-02-19 14:49:55.288 63022 INFO tempest.lib.common.rest_client [req-898cd86f-85be-476c-b73f-64f0135e85b4 req-898cd86f-85be-476c-b73f-64f0135e85b4 ] Request (FloatingIPsTestJSON:test_allocate_floating_ip): 200 GET http://10.180.1.21/compute/v2.1/os-floating-ips/8a5eb548-663e-4a0f-9317-4bd049a1c1f4 0.580s
2025-02-19 14:49:55.320 63056 INFO tempest.lib.common.rest_client [req-150768c6-9d78-4a4c-be9c-f34427384513 req-150768c6-9d78-4a4c-be9c-f34427384513 ] Request (ImagesTestJSON:test_create_image_from_suspended_server): 200 GET http://10.180.1.21/compute/v2.1/images/9563412c-ac58-4af6-8543-f9ef666dc47a 0.551s
2025-02-19 14:49:55.383 63014 INFO tempest.lib.common.rest_client [req-40efd82c-a9fe-455a-b871-0bc9ded85044 req-40efd82c-a9fe-455a-b871-0bc9ded85044 ] Request (ListServersNegativeTestJSON:tearDownClass): 200 GET http://10.180.1.21/compute/v2.1/servers/3d51301e-20ba-4a1b-8b18-0e5080ab910a 0.547s
2025-02-19 14:49:55.480 63042 INFO tempest.lib.common.rest_client [req-a24d92fb-789e-4426-bda3-f30de56bf632 req-a24d92fb-789e-4426-bda3-f30de56bf632 ] Request (ServersNegativeTestMultiTenantJSON:setUpClass): 200 GET http://10.180.1.21/compute/v2.1/servers/fd23c82e-4955-4be3-b034-5400270a19a3 0.610s
2025-02-19 14:49:55.694 63038 INFO tempest.lib.common.rest_client [req-66fc31f8-7a58-40ca-9bea-be9fcdc3fc24 req-66fc31f8-7a58-40ca-9bea-be9fcdc3fc24 ] Request (ListImageFiltersTestJSON:setUpClass): 200 GET http://10.180.1.21/compute/v2.1/servers/e1826804-fb88-4228-9e63-d6504704ca48 0.803s
