2025-02-19 14:48:48.210 63010 INFO tempest.lib.common.dynamic_creds [-] Acquired dynamic creds: credentials: Credentials: {'domain_id': 'default', 'domain_name': 'Default', 'username': 'tempest-FloatingIPsNegativeTestJSON-2122359742-project-member', 'project_domain_id': 'default', 'project_domain_name': 'Default', 'project_id': '7bda307f329d44659c6825dcbda3e261', 'project_name': 'tempest-FloatingIPsNegativeTestJSON-2122359742', 'tenant_id': '7bda307f329d44659c6825dcbda3e261', 'tenant_name': 'tempest-FloatingIPsNegativeTestJSON-2122359742', 'user_domain_id': 'default', 'user_domain_name': 'Default', 'user_id': '8137a21df3ef47efbeb9b108128a12ca', 'system': None}, Network: None, Subnet: None, Router: None
2025-02-19 14:48:48.221 63016 INFO tempest.lib.common.rest_client [req-5b15e99c-a1a5-4a8d-86ea-109ca4e6cd89 req-5b15e99c-a1a5-4a8d-86ea-109ca4e6cd89 ] Request (MultipleCreateTestJSON:test_multiple_create): 200 GET http://10.180.1.21/compute/v2.1/servers/a802376d-992a-4976-a6ec-6de8c467e7c6 0.109s
2025-02-19 14:48:48.288 63010 INFO tempest.lib.common.rest_client [req-ad583404-6c16-41d4-9b4c-9e9ba49fe991 req-ad583404-6c16-41d4-9b4c-9e9ba49fe991 ] Request (FloatingIPsNegativeTestJSON:setUpClass): 201 POST http://10.180.1.21/identity/v3/auth/tokens 0.077s
2025-02-19 14:48:48.295 62994 INFO tempest.lib.common.rest_client [req-f3ef521b-c652-4e9a-8b45-736d3c6de160 req-f3ef521b-c652-4e9a-8b45-736d3c6de160 ] Request (ServersTestFqdnHostnames:test_create_server_with_fqdn_name): 200 GET http://10.180.1.21/compute/v2.1/servers/6ec72180-77e0-4add-8e79-d80a3b5adf2a 0.148s
2025-02-19 14:48:48.322 63056 INFO tempest.lib.common.rest_client [req-23c3513d-1358-4e97-8a99-4d313161f8ff req-23c3513d-1358-4e97-8a99-4d313161f8ff ] Request (ImagesTestJSON:test_create_image_from_suspended_server): 200 GET http://10.180.1.21/compute/v2.1/servers/b18e9c0e-e6b8-46f6-ac8b-8003ee9121fb 0.284s
2025-02-19 14:48:48.325 63020 INFO tempest.lib.common.rest_client [req-c9185afa-0e7e-428b-8f81-860a987b9233 req-c9185afa-0e7e-428b-8f81-860a987b9233 ] Request (ServerActionsV293TestJSON:setUpClass): 200 GET http://10.180.1.21/volume/v3/volumes/e3917429-32b8-4ce1-84c9-23f3cd726584 0.047s
2025-02-19 14:48:48.356 63000 INFO tempest.lib.common.rest_client [req-afbf93a3-8e3d-4ce3-bd7f-5ce5167e282d req-afbf93a3-8e3d-4ce3-bd7f-5ce5167e282d ] Request (MigrationsAdminTest:test_resize_server_revert_deleted_flavor): 200 GET http://10.180.1.21/compute/v2.1/servers/1b9677be-196b-403a-8d79-7b7c694046eb 0.202s
2025-02-19 14:48:48.420 63042 INFO tempest.lib.common.rest_client [req-51e020c4-ac39-4a2f-b718-b157b3cba19c req-51e020c4-ac39-4a2f-b718-b157b3cba19c ] Request (ServersNegativeTestMultiTenantJSON:setUpClass): 200 GET http://10.180.1.21/compute/v2.1/servers/fd23c82e-4955-4be3-b034-5400270a19a3 0.155s
2025-02-19 14:48:48.449 63028 WARNING tempest.lib.common.ssh [-] Failed to establish authenticated ssh connection to cirros@10.180.180.149 ([Errno None] Unable to connect to port 22 on 10.180.180.149). Number attempts: 4. Retry after 5 seconds.: paramiko.ssh_exception.NoValidConnectionsError: [Errno None] Unable to connect to port 22 on 10.180.180.149
2025-02-19 14:48:48.474 63014 INFO tempest.lib.common.rest_client [req-a34b8edf-4a93-4123-90ae-631346b23aac req-a34b8edf-4a93-4123-90ae-631346b23aac ] Request (ListServersNegativeTestJSON:setUpClass): 200 GET http://10.180.1.21/compute/v2.1/servers/11bc2536-ccfe-4597-bdbf-0f8952fdb0eb 0.271s
2025-02-19 14:48:48.486 63014 INFO tempest.common.waiters [-] State transition "BUILD/networking" ==> "BUILD/spawning" after 37 second wait
2025-02-19 14:48:48.560 63024 INFO tempest.lib.common.rest_client [req-dd372faa-ef15-4ca7-88c0-e95f66bf7e8f req-dd372faa-ef15-4ca7-88c0-e95f66bf7e8f ] Request (ListServerFiltersTestJSON:tearDownClass): 200 GET http://10.180.1.21/compute/v2.1/servers/fc58a6a3-d047-49a3-b758-0f191dd23c47 0.266s
2025-02-19 14:48:48.564 63008 INFO tempest.lib.common.rest_client [req-80a21359-6908-4cb7-97cf-a0cd1e1f06f5 req-80a21359-6908-4cb7-97cf-a0cd1e1f06f5 ] Request (ServersTestMultiNic:test_verify_duplicate_network_nics): 200 GET http://10.180.1.21/compute/v2.1/servers/e3b8ed45-0638-4f75-9c6f-c984702e660b 0.239s
2025-02-19 14:48:48.577 63008 INFO tempest.common.waiters [-] State transition "BUILD/scheduling" ==> "BUILD/None" after 33 second wait
2025-02-19 14:48:48.623 62996 INFO tempest.lib.common.rest_client [req-e4430a67-c116-4005-89b2-340afc426577 req-e4430a67-c116-4005-89b2-340afc426577 ] Request (FloatingIPsAssociationNegativeTestJSON:setUpClass): 200 GET http://10.180.1.21/compute/v2.1/servers/c6d9a643-9909-4127-a49e-24c49d4eccfd 0.250s
2025-02-19 14:48:48.636 63040 INFO tempest.lib.common.rest_client [req-cc6515e9-440d-4f2f-9627-4bdb7e9720dc req-cc6515e9-440d-4f2f-9627-4bdb7e9720dc ] Request (ServerActionsTestJSON:setUpClass): 200 GET http://10.180.1.21/compute/v2.1/servers/496adcc8-14d1-4dc5-96c4-d6547e4b51e0 0.285s
2025-02-19 14:48:48.684 63010 INFO tempest.lib.common.rest_client [req-6442b9ec-c1bf-435b-a64e-4fdd50e5b267 req-6442b9ec-c1bf-435b-a64e-4fdd50e5b267 ] Request (FloatingIPsNegativeTestJSON:setUpClass): 201 POST http://10.180.1.21:9696/networking/v2.0/networks 0.395s
2025-02-19 14:48:48.689 63032 INFO tempest.lib.common.rest_client [req-695c5cb6-90ef-4de1-9537-255aa721b2e2 req-695c5cb6-90ef-4de1-9537-255aa721b2e2 ] Request (AttachVolumeTestJSON:test_attach_detach_volume): 200 GET http://10.180.1.21/compute/v2.1/servers/3002f008-80ba-4e6b-8ec6-530646763010 0.203s
2025-02-19 14:48:48.691 63022 INFO tempest.lib.common.rest_client [req-e084e9ac-de81-416e-ab4a-65b1c93fecf5 req-e084e9ac-de81-416e-ab4a-65b1c93fecf5 ] Request (ServersAdminNegativeTestJSON:tearDownClass): 200 GET http://10.180.1.21/compute/v2.1/servers/eeb6bb89-1a96-42cf-ab40-888e39600d35 0.258s
2025-02-19 14:48:48.741 63012 INFO tempest.lib.common.rest_client [req-40a69c55-f985-41c5-8ae3-9cfaec26b8e7 req-40a69c55-f985-41c5-8ae3-9cfaec26b8e7 ] Request (AttachInterfacesTestJSON:test_create_list_show_delete_interfaces_by_fixed_ip): 200 GET http://10.180.1.21/compute/v2.1/servers/51bce6bc-d67b-40e2-8507-e46b368837eb 0.161s
2025-02-19 14:48:48.746 63006 INFO tempest.lib.common.rest_client [req-fa06ca7f-97c5-42e1-8c61-8a521b5395ae req-fa06ca7f-97c5-42e1-8c61-8a521b5395ae ] Request (ServerDiagnosticsNegativeTest:tearDownClass): 200 GET http://10.180.1.21/compute/v2.1/servers/dfc4f2f6-fbaa-4c38-a080-c535c00a09c4 0.073s
2025-02-19 14:48:48.811 63031 INFO tempest.lib.common.rest_client [req-8ed82054-ef68-4dcb-aa0d-722a6fcb8ac1 req-8ed82054-ef68-4dcb-aa0d-722a6fcb8ac1 ] Request (ImagesNegativeTestJSON:test_create_image_from_deleted_server): 200 GET http://10.180.1.21/compute/v2.1/servers/c44d2180-a11c-4a23-a626-d0356d81b1ab 0.064s
2025-02-19 14:48:48.863 63026 INFO tempest.lib.common.rest_client [req-365ec7c0-5e30-42ae-afe9-c61e7f0af926 req-365ec7c0-5e30-42ae-afe9-c61e7f0af926 ] Request (AttachInterfacesV270Test:tearDownClass): 200 GET http://10.180.1.21/compute/v2.1/servers/431ae1de-747b-4543-a10a-59065f1fbbc2 0.070s
2025-02-19 14:48:48.868 63010 INFO tempest.lib.common.rest_client [req-1566a7a8-7cca-4e56-93e6-b4e70ece9f5b req-1566a7a8-7cca-4e56-93e6-b4e70ece9f5b ] Request (FloatingIPsNegativeTestJSON:setUpClass): 201 POST http://10.180.1.21:9696/networking/v2.0/subnets 0.184s
2025-02-19 14:48:48.906 63034 INFO tempest.lib.common.rest_client [req-688ca835-8aa2-4cd0-9edf-6a428ef579ad req-688ca835-8aa2-4cd0-9edf-6a428ef579ad ] Request (DeleteServersTestJSON:test_delete_server_while_in_attached_volume): 200 GET http://10.180.1.21/compute/v2.1/servers/b5615d78-eee6-4e84-b5f2-d9ab6ca66e1e 0.049s
2025-02-19 14:48:48.973 63054 INFO tempest.lib.common.rest_client [req-cda75540-f704-4042-8efe-26774ae219b9 req-cda75540-f704-4042-8efe-26774ae219b9 ] Request (ServersAdminTestJSON:test_create_server_with_scheduling_hint): 200 GET http://10.180.1.21/compute/v2.1/servers/63deed87-537f-4999-8eaa-19d3472c114b 0.062s
2025-02-19 14:48:49.035 63052 INFO tempest.lib.common.rest_client [req-1b1690a5-bd42-4f19-8c0a-8b29279dcf3b req-1b1690a5-bd42-4f19-8c0a-8b29279dcf3b ] Request (SecurityGroupsTestJSON:test_server_security_groups): 200 GET http://10.180.1.21/compute/v2.1/servers/20a8a0f2-b24c-4097-b231-ef82b86bdda5 0.070s
2025-02-19 14:48:49.054 63036 INFO tempest.lib.common.rest_client [req-f960a0d6-c9b5-42a0-a85e-bce7ad23c682 req-f960a0d6-c9b5-42a0-a85e-bce7ad23c682 ] Request (ImagesOneServerNegativeTestJSON:tearDown): 200 GET http://10.180.1.21/compute/v2.1/servers/2169f132-7866-48a6-b419-37e64987f068 0.115s
2025-02-19 14:48:49.060 63036 INFO tempest.common.waiters [-] State transition "ACTIVE/image_pending_upload" ==> "ACTIVE/image_uploading" after 4 second wait
2025-02-19 14:48:49.119 63044 INFO tempest.lib.common.rest_client [req-80f928d2-00e6-4410-81b6-8e9593c86250 req-80f928d2-00e6-4410-81b6-8e9593c86250 ] Request (ServerActionsTestOtherB:setUpClass): 200 GET http://10.180.1.21/compute/v2.1/servers/47a2f884-e89a-4114-ad54-a94ba493d07f 0.104s
2025-02-19 14:48:49.155 63038 INFO tempest.lib.common.rest_client [req-9234c913-714e-44e9-a557-021b3799be52 req-9234c913-714e-44e9-a557-021b3799be52 ] Request (ListImageFiltersTestJSON:setUpClass): 200 GET http://10.180.1.21/compute/v2.1/servers/e1826804-fb88-4228-9e63-d6504704ca48 0.062s
2025-02-19 14:48:49.224 63046 INFO tempest.lib.common.rest_client [req-cdb3ef62-ebff-4292-ad36-f0712ce0b7a8 req-cdb3ef62-ebff-4292-ad36-f0712ce0b7a8 ] Request (VolumesAdminNegativeTest:test_update_attached_volume_with_nonexistent_volume_in_body): 200 GET http://10.180.1.21/compute/v2.1/servers/49e0c771-5fa5-4771-be72-ba78dcc3ec92 0.058s
2025-02-19 14:48:49.291 63016 INFO tempest.lib.common.rest_client [req-81f55cf7-28c8-4202-8f41-160064e8e1ad req-81f55cf7-28c8-4202-8f41-160064e8e1ad ] Request (MultipleCreateTestJSON:test_multiple_create): 200 GET http://10.180.1.21/compute/v2.1/servers/a802376d-992a-4976-a6ec-6de8c467e7c6 0.053s
2025-02-19 14:48:49.378 62994 INFO tempest.lib.common.rest_client [req-ac818a1d-1a1b-46d3-b995-f9f70c807ca4 req-ac818a1d-1a1b-46d3-b995-f9f70c807ca4 ] Request (ServersTestFqdnHostnames:test_create_server_with_fqdn_name): 200 GET http://10.180.1.21/compute/v2.1/servers/6ec72180-77e0-4add-8e79-d80a3b5adf2a 0.074s
2025-02-19 14:48:49.380 63020 INFO tempest.lib.common.rest_client [req-92ce705c-ddac-4658-a4f1-08d7569a78fe req-92ce705c-ddac-4658-a4f1-08d7569a78fe ] Request (ServerActionsV293TestJSON:setUpClass): 200 GET http://10.180.1.21/volume/v3/volumes/e3917429-32b8-4ce1-84c9-23f3cd726584 0.039s
2025-02-19 14:48:49.405 63056 INFO tempest.lib.common.rest_client [req-b513f85b-f694-410b-ba48-42acbadb43be req-b513f85b-f694-410b-ba48-42acbadb43be ] Request (ImagesTestJSON:test_create_image_from_suspended_server): 200 GET http://10.180.1.21/compute/v2.1/servers/b18e9c0e-e6b8-46f6-ac8b-8003ee9121fb 0.072s
2025-02-19 14:48:49.442 63000 INFO tempest.lib.common.rest_client [req-3949f12c-5f0d-42a7-9113-65f03d64ea9f req-3949f12c-5f0d-42a7-9113-65f03d64ea9f ] Request (MigrationsAdminTest:test_resize_server_revert_deleted_flavor): 200 GET http://10.180.1.21/compute/v2.1/servers/1b9677be-196b-403a-8d79-7b7c694046eb 0.075s
2025-02-19 14:48:49.484 63042 INFO tempest.lib.common.rest_client [req-d9473783-ca51-4cc3-8f97-671a15a89902 req-d9473783-ca51-4cc3-8f97-671a15a89902 ] Request (ServersNegativeTestMultiTenantJSON:setUpClass): 200 GET http://10.180.1.21/compute/v2.1/servers/fd23c82e-4955-4be3-b034-5400270a19a3 0.054s
2025-02-19 14:48:49.655 63024 INFO tempest.lib.common.rest_client [req-c51ce0a6-0b4b-4d60-9f7f-b2c9578d029c req-c51ce0a6-0b4b-4d60-9f7f-b2c9578d029c ] Request (ListServerFiltersTestJSON:tearDownClass): 200 GET http://10.180.1.21/compute/v2.1/servers/fc58a6a3-d047-49a3-b758-0f191dd23c47 0.084s
2025-02-19 14:48:49.681 63014 INFO tempest.lib.common.rest_client [req-17b18525-64ca-4922-ad7a-b5af8d0dbd1e req-17b18525-64ca-4922-ad7a-b5af8d0dbd1e ] Request (ListServersNegativeTestJSON:setUpClass): 200 GET http://10.180.1.21/compute/v2.1/servers/11bc2536-ccfe-4597-bdbf-0f8952fdb0eb 0.193s
2025-02-19 14:48:49.718 63008 INFO tempest.lib.common.rest_client [req-368c5337-704c-4005-9352-adae894437e3 req-368c5337-704c-4005-9352-adae894437e3 ] Request (ServersTestMultiNic:test_verify_duplicate_network_nics): 200 GET http://10.180.1.21/compute/v2.1/servers/e3b8ed45-0638-4f75-9c6f-c984702e660b 0.140s
2025-02-19 14:48:49.760 62996 INFO tempest.lib.common.rest_client [req-4325a675-5a45-4734-9af8-364875d0838b req-4325a675-5a45-4734-9af8-364875d0838b ] Request (FloatingIPsAssociationNegativeTestJSON:setUpClass): 200 GET http://10.180.1.21/compute/v2.1/servers/c6d9a643-9909-4127-a49e-24c49d4eccfd 0.130s
2025-02-19 14:48:49.792 63040 INFO tempest.lib.common.rest_client [req-b08273d3-f7fb-4b95-9e8f-871dd626d68a req-b08273d3-f7fb-4b95-9e8f-871dd626d68a ] Request (ServerActionsTestJSON:setUpClass): 200 GET http://10.180.1.21/compute/v2.1/servers/496adcc8-14d1-4dc5-96c4-d6547e4b51e0 0.147s
2025-02-19 14:48:49.803 63040 INFO tempest.common.waiters [-] State transition "BUILD/scheduling" ==> "BUILD/None" after 29 second wait
2025-02-19 14:48:49.832 63032 INFO tempest.lib.common.rest_client [req-90a61fcc-fdcc-410d-b478-a57d460c5e37 req-90a61fcc-fdcc-410d-b478-a57d460c5e37 ] Request (AttachVolumeTestJSON:test_attach_detach_volume): 200 GET http://10.180.1.21/compute/v2.1/servers/3002f008-80ba-4e6b-8ec6-530646763010 0.133s
2025-02-19 14:48:49.873 63022 INFO tempest.lib.common.rest_client [req-9ae667ab-80a1-408e-91b6-a22e546b4788 req-9ae667ab-80a1-408e-91b6-a22e546b4788 ] Request (ServersAdminNegativeTestJSON:tearDownClass): 200 GET http://10.180.1.21/compute/v2.1/servers/eeb6bb89-1a96-42cf-ab40-888e39600d35 0.173s
2025-02-19 14:48:49.903 63012 INFO tempest.lib.common.rest_client [req-499071db-1e4e-4eb8-9fce-4f4a29bbd255 req-499071db-1e4e-4eb8-9fce-4f4a29bbd255 ] Request (AttachInterfacesTestJSON:test_create_list_show_delete_interfaces_by_fixed_ip): 200 GET http://10.180.1.21/compute/v2.1/servers/51bce6bc-d67b-40e2-8507-e46b368837eb 0.154s
2025-02-19 14:48:49.934 63006 INFO tempest.lib.common.rest_client [req-2a92c87a-9c41-4214-ba9d-ce81630fdff1 req-2a92c87a-9c41-4214-ba9d-ce81630fdff1 ] Request (ServerDiagnosticsNegativeTest:tearDownClass): 200 GET http://10.180.1.21/compute/v2.1/servers/dfc4f2f6-fbaa-4c38-a080-c535c00a09c4 0.179s
2025-02-19 14:48:49.971 63031 INFO tempest.lib.common.rest_client [req-d8020839-ae50-4492-8d58-e6690b3a06b3 req-d8020839-ae50-4492-8d58-e6690b3a06b3 ] Request (ImagesNegativeTestJSON:test_create_image_from_deleted_server): 200 GET http://10.180.1.21/compute/v2.1/servers/c44d2180-a11c-4a23-a626-d0356d81b1ab 0.151s
2025-02-19 14:48:50.002 63026 INFO tempest.lib.common.rest_client [req-3ee6648e-4271-407d-86c4-5a8db99df00b req-3ee6648e-4271-407d-86c4-5a8db99df00b ] Request (AttachInterfacesV270Test:tearDownClass): 200 GET http://10.180.1.21/compute/v2.1/servers/431ae1de-747b-4543-a10a-59065f1fbbc2 0.129s
2025-02-19 14:48:50.016 63010 INFO tempest.lib.common.rest_client [req-7e12750b-7fa4-4649-8fee-acd42d11f80f req-7e12750b-7fa4-4649-8fee-acd42d11f80f ] Request (FloatingIPsNegativeTestJSON:setUpClass): 201 POST http://10.180.1.21:9696/networking/v2.0/routers 1.147s
2025-02-19 14:48:50.030 63034 INFO tempest.lib.common.rest_client [req-ea0d8a30-2c87-4bc5-8fc0-e9a70495a88c req-ea0d8a30-2c87-4bc5-8fc0-e9a70495a88c ] Request (DeleteServersTestJSON:test_delete_server_while_in_attached_volume): 200 GET http://10.180.1.21/compute/v2.1/servers/b5615d78-eee6-4e84-b5f2-d9ab6ca66e1e 0.116s
2025-02-19 14:48:50.063 63054 INFO tempest.lib.common.rest_client [req-7b8c52e7-eb43-4431-b505-1dda3a09eb55 req-7b8c52e7-eb43-4431-b505-1dda3a09eb55 ] Request (ServersAdminTestJSON:test_create_server_with_scheduling_hint): 200 GET http://10.180.1.21/compute/v2.1/servers/63deed87-537f-4999-8eaa-19d3472c114b 0.082s
2025-02-19 14:48:50.098 63052 INFO tempest.lib.common.rest_client [req-38568ef2-30ce-48f5-b868-4a0c40f030f9 req-38568ef2-30ce-48f5-b868-4a0c40f030f9 ] Request (SecurityGroupsTestJSON:test_server_security_groups): 200 GET http://10.180.1.21/compute/v2.1/servers/20a8a0f2-b24c-4097-b231-ef82b86bdda5 0.055s
2025-02-19 14:48:50.204 63036 INFO tempest.lib.common.rest_client [req-92a979b1-1cea-43cc-9f6e-1eb45509eb76 req-92a979b1-1cea-43cc-9f6e-1eb45509eb76 ] Request (ImagesOneServerNegativeTestJSON:tearDown): 200 GET http://10.180.1.21/compute/v2.1/servers/2169f132-7866-48a6-b419-37e64987f068 0.143s
2025-02-19 14:48:50.206 63044 INFO tempest.lib.common.rest_client [req-cfecea81-f881-44e9-b7fa-7fc36c3eec63 req-cfecea81-f881-44e9-b7fa-7fc36c3eec63 ] Request (ServerActionsTestOtherB:setUpClass): 200 GET http://10.180.1.21/compute/v2.1/servers/47a2f884-e89a-4114-ad54-a94ba493d07f 0.074s
2025-02-19 14:48:50.267 63038 INFO tempest.lib.common.rest_client [req-4af44f19-8369-4896-87be-f36e060461c5 req-4af44f19-8369-4896-87be-f36e060461c5 ] Request (ListImageFiltersTestJSON:setUpClass): 200 GET http://10.180.1.21/compute/v2.1/servers/e1826804-fb88-4228-9e63-d6504704ca48 0.103s
2025-02-19 14:48:50.296 63046 INFO tempest.lib.common.rest_client [req-18d118de-55f6-4eeb-b82a-e945a226d004 req-18d118de-55f6-4eeb-b82a-e945a226d004 ] Request (VolumesAdminNegativeTest:test_update_attached_volume_with_nonexistent_volume_in_body): 200 GET http://10.180.1.21/compute/v2.1/servers/49e0c771-5fa5-4771-be72-ba78dcc3ec92 0.064s
2025-02-19 14:48:50.378 63016 INFO tempest.lib.common.rest_client [req-f681e857-7cbc-46fd-9459-88156ab4db6c req-f681e857-7cbc-46fd-9459-88156ab4db6c ] Request (MultipleCreateTestJSON:test_multiple_create): 200 GET http://10.180.1.21/compute/v2.1/servers/a802376d-992a-4976-a6ec-6de8c467e7c6 0.074s
2025-02-19 14:48:50.435 63020 INFO tempest.lib.common.rest_client [req-406b6c41-d747-4b28-af10-9d2f328c43b8 req-406b6c41-d747-4b28-af10-9d2f328c43b8 ] Request (ServerActionsV293TestJSON:setUpClass): 200 GET http://10.180.1.21/volume/v3/volumes/e3917429-32b8-4ce1-84c9-23f3cd726584 0.045s
2025-02-19 14:48:50.447 63020 INFO tempest.common.waiters [-] volume e3917429-32b8-4ce1-84c9-23f3cd726584 reached available after waiting for 21.446973 seconds
2025-02-19 14:48:50.489 63056 INFO tempest.lib.common.rest_client [req-d0ef8f27-0c35-43b0-b73e-ab1a8fbba404 req-d0ef8f27-0c35-43b0-b73e-ab1a8fbba404 ] Request (ImagesTestJSON:test_create_image_from_suspended_server): 200 GET http://10.180.1.21/compute/v2.1/servers/b18e9c0e-e6b8-46f6-ac8b-8003ee9121fb 0.070s
2025-02-19 14:48:50.583 62994 INFO tempest.lib.common.rest_client [req-48c34c5e-3af9-4f39-8be8-845673da8a2d req-48c34c5e-3af9-4f39-8be8-845673da8a2d ] Request (ServersTestFqdnHostnames:test_create_server_with_fqdn_name): 200 GET http://10.180.1.21/compute/v2.1/servers/6ec72180-77e0-4add-8e79-d80a3b5adf2a 0.193s
2025-02-19 14:48:50.595 62994 INFO tempest.common.waiters [-] State transition "BUILD/None" ==> "BUILD/networking" after 41 second wait
2025-02-19 14:48:50.658 63000 INFO tempest.lib.common.rest_client [req-5a3d05ee-425a-407e-885c-de025e2e9bf9 req-5a3d05ee-425a-407e-885c-de025e2e9bf9 ] Request (MigrationsAdminTest:test_resize_server_revert_deleted_flavor): 200 GET http://10.180.1.21/compute/v2.1/servers/1b9677be-196b-403a-8d79-7b7c694046eb 0.209s
2025-02-19 14:48:50.714 63042 INFO tempest.lib.common.rest_client [req-9d874f3c-f77e-4f9b-8457-cba1ef83fdeb req-9d874f3c-f77e-4f9b-8457-cba1ef83fdeb ] Request (ServersNegativeTestMultiTenantJSON:setUpClass): 200 GET http://10.180.1.21/compute/v2.1/servers/fd23c82e-4955-4be3-b034-5400270a19a3 0.222s
2025-02-19 14:48:50.810 63024 INFO tempest.lib.common.rest_client [req-0356d102-7632-4873-8322-84b91180a419 req-0356d102-7632-4873-8322-84b91180a419 ] Request (ListServerFiltersTestJSON:tearDownClass): 200 GET http://10.180.1.21/compute/v2.1/servers/fc58a6a3-d047-49a3-b758-0f191dd23c47 0.140s
2025-02-19 14:48:50.817 63024 INFO tempest.common.waiters [-] State transition "ACTIVE/deleting" ==> "DELETED/None" after 5 second wait
2025-02-19 14:48:50.930 63014 INFO tempest.lib.common.rest_client [req-ab66e1ed-15d0-4a6f-8e80-0983b26c2337 req-ab66e1ed-15d0-4a6f-8e80-0983b26c2337 ] Request (ListServersNegativeTestJSON:setUpClass): 200 GET http://10.180.1.21/compute/v2.1/servers/11bc2536-ccfe-4597-bdbf-0f8952fdb0eb 0.239s
2025-02-19 14:48:50.987 63008 INFO tempest.lib.common.rest_client [req-9a226999-b89d-46f2-9db6-8b74426d76f5 req-9a226999-b89d-46f2-9db6-8b74426d76f5 ] Request (ServersTestMultiNic:test_verify_duplicate_network_nics): 200 GET http://10.180.1.21/compute/v2.1/servers/e3b8ed45-0638-4f75-9c6f-c984702e660b 0.260s
2025-02-19 14:48:51.035 62996 INFO tempest.lib.common.rest_client [req-93305538-772b-4621-b5c1-c58d82969a8a req-93305538-772b-4621-b5c1-c58d82969a8a ] Request (FloatingIPsAssociationNegativeTestJSON:setUpClass): 200 GET http://10.180.1.21/compute/v2.1/servers/c6d9a643-9909-4127-a49e-24c49d4eccfd 0.260s
2025-02-19 14:48:51.080 63020 INFO tempest.lib.common.rest_client [req-71494098-1b51-45f7-9915-f42405b4ab4a req-71494098-1b51-45f7-9915-f42405b4ab4a ] Request (ServerActionsV293TestJSON:setUpClass): 202 POST http://10.180.1.21/compute/v2.1/servers 0.632s
2025-02-19 14:48:51.085 63010 INFO tempest.lib.common.rest_client [req-c1622a63-7e26-41db-856c-5081adee780e req-c1622a63-7e26-41db-856c-5081adee780e ] Request (FloatingIPsNegativeTestJSON:setUpClass): 200 PUT http://10.180.1.21:9696/networking/v2.0/routers/b29b55c9-b153-4130-884e-1edde2673d50/add_router_interface 1.069s
2025-02-19 14:48:51.085 63010 INFO tempest.lib.common.dynamic_creds [-] Created isolated network resources for: credentials: Credentials: {'domain_id': 'default', 'domain_name': 'Default', 'username': 'tempest-FloatingIPsNegativeTestJSON-2122359742-project-member', 'project_domain_id': 'default', 'project_domain_name': 'Default', 'project_id': '7bda307f329d44659c6825dcbda3e261', 'project_name': 'tempest-FloatingIPsNegativeTestJSON-2122359742', 'tenant_id': '7bda307f329d44659c6825dcbda3e261', 'tenant_name': 'tempest-FloatingIPsNegativeTestJSON-2122359742', 'user_domain_id': 'default', 'user_domain_name': 'Default', 'user_id': '8137a21df3ef47efbeb9b108128a12ca', 'system': None}, Network: {'id': '2826065c-9988-4a1a-b8f4-9e8bfb4f6fd5', 'name': 'tempest-FloatingIPsNegativeTestJSON-1976504413-network', 'tenant_id': '7bda307f329d44659c6825dcbda3e261', 'admin_state_up': True, 'mtu': 8950, 'status': 'ACTIVE', 'subnets': [], 'shared': False, 'project_id': '7bda307f329d44659c6825dcbda3e261', 'port_security_enabled': True, 'router:external': False, 'provider:network_type': 'vlan', 'provider:physical_network': 'default', 'provider:segmentation_id': 356, 'availability_zone_hints': [], 'availability_zones': [], 'ipv4_address_scope': None, 'ipv6_address_scope': None, 'description': '', 'tags': [], 'created_at': '2025-02-19T14:48:48Z', 'updated_at': '2025-02-19T14:48:48Z', 'revision_number': 1}, Subnet: {'id': 'c232e218-990f-4814-89d7-138388c7c3dc', 'name': 'tempest-FloatingIPsNegativeTestJSON-1976504413-subnet', 'tenant_id': '7bda307f329d44659c6825dcbda3e261', 'network_id': '2826065c-9988-4a1a-b8f4-9e8bfb4f6fd5', 'ip_version': 4, 'subnetpool_id': None, 'enable_dhcp': True, 'ipv6_ra_mode': None, 'ipv6_address_mode': None, 'gateway_ip': '192.168.128.1', 'cidr': '192.168.128.0/28', 'allocation_pools': [{'start': '192.168.128.2', 'end': '192.168.128.14'}], 'host_routes': [], 'dns_nameservers': [], 'description': '', 'router:external': False, 'service_types': [], 'tags': [], 'created_at': '2025-02-19T14:48:48Z', 'updated_at': '2025-02-19T14:48:48Z', 'revision_number': 0, 'project_id': '7bda307f329d44659c6825dcbda3e261'}, Router: {'id': 'b29b55c9-b153-4130-884e-1edde2673d50', 'name': 'tempest-FloatingIPsNegativeTestJSON-1976504413-router', 'tenant_id': '7bda307f329d44659c6825dcbda3e261', 'admin_state_up': True, 'status': 'ACTIVE', 'external_gateway_info': {'network_id': '5a99d2cc-8c90-4248-bcfb-7350e6558ae2', 'external_fixed_ips': [{'subnet_id': '92a9b299-f70e-4a2a-8e60-5f36dfe639c1', 'ip_address': '10.180.180.230'}], 'enable_snat': True}, 'description': '', 'availability_zones': [], 'distributed': False, 'ha': False, 'availability_zone_hints': [], 'routes': [], 'flavor_id': None, 'tags': [], 'created_at': '2025-02-19T14:48:48Z', 'updated_at': '2025-02-19T14:48:49Z', 'revision_number': 2, 'project_id': '7bda307f329d44659c6825dcbda3e261'}
2025-02-19 14:48:51.088 63040 INFO tempest.lib.common.rest_client [req-77fc9304-fae9-4d75-a42a-39b4b0425fbe req-77fc9304-fae9-4d75-a42a-39b4b0425fbe ] Request (ServerActionsTestJSON:setUpClass): 200 GET http://10.180.1.21/compute/v2.1/servers/496adcc8-14d1-4dc5-96c4-d6547e4b51e0 0.281s
2025-02-19 14:48:51.153 63032 INFO tempest.lib.common.rest_client [req-d20b0643-4d65-41be-925c-42d9f8fe1d62 req-d20b0643-4d65-41be-925c-42d9f8fe1d62 ] Request (AttachVolumeTestJSON:test_attach_detach_volume): 200 GET http://10.180.1.21/compute/v2.1/servers/3002f008-80ba-4e6b-8ec6-530646763010 0.314s
2025-02-19 14:48:51.165 63022 INFO tempest.lib.common.rest_client [req-0c201025-4a7d-404e-a1c4-f9193d82c1f7 req-0c201025-4a7d-404e-a1c4-f9193d82c1f7 ] Request (ServersAdminNegativeTestJSON:tearDownClass): 200 GET http://10.180.1.21/compute/v2.1/servers/eeb6bb89-1a96-42cf-ab40-888e39600d35 0.285s
2025-02-19 14:48:51.212 63012 INFO tempest.lib.common.rest_client [req-58b5f7a2-c3ff-4514-817f-4d2481af9d80 req-58b5f7a2-c3ff-4514-817f-4d2481af9d80 ] Request (AttachInterfacesTestJSON:test_create_list_show_delete_interfaces_by_fixed_ip): 200 GET http://10.180.1.21/compute/v2.1/servers/51bce6bc-d67b-40e2-8507-e46b368837eb 0.299s
2025-02-19 14:48:51.216 63010 INFO tempest.lib.common.rest_client [req-82d63d38-e0a1-4a7c-8be4-27a8018f47ba req-82d63d38-e0a1-4a7c-8be4-27a8018f47ba ] Request (FloatingIPsNegativeTestJSON:setUpClass): 201 POST http://10.180.1.21/identity/v3/auth/tokens 0.122s
2025-02-19 14:48:51.234 63006 INFO tempest.lib.common.rest_client [req-58f443df-4b63-497a-8b94-5cfc8bd10acb req-58f443df-4b63-497a-8b94-5cfc8bd10acb ] Request (ServerDiagnosticsNegativeTest:tearDownClass): 200 GET http://10.180.1.21/compute/v2.1/servers/dfc4f2f6-fbaa-4c38-a080-c535c00a09c4 0.290s
2025-02-19 14:48:51.276 63031 INFO tempest.lib.common.rest_client [req-e8d915a8-36d5-4d39-9272-3aa2ef3bb36a req-e8d915a8-36d5-4d39-9272-3aa2ef3bb36a ] Request (ImagesNegativeTestJSON:test_create_image_from_deleted_server): 200 GET http://10.180.1.21/compute/v2.1/servers/c44d2180-a11c-4a23-a626-d0356d81b1ab 0.297s
2025-02-19 14:48:51.327 63034 INFO tempest.lib.common.rest_client [req-fe7c4fe5-04e1-42c8-8191-4040035fcc26 req-fe7c4fe5-04e1-42c8-8191-4040035fcc26 ] Request (DeleteServersTestJSON:test_delete_server_while_in_attached_volume): 200 GET http://10.180.1.21/compute/v2.1/servers/b5615d78-eee6-4e84-b5f2-d9ab6ca66e1e 0.283s
2025-02-19 14:48:51.331 63026 INFO tempest.lib.common.rest_client [req-d162e1a4-9c80-437d-b33c-8e21faed7875 req-d162e1a4-9c80-437d-b33c-8e21faed7875 ] Request (AttachInterfacesV270Test:tearDownClass): 200 GET http://10.180.1.21/compute/v2.1/servers/431ae1de-747b-4543-a10a-59065f1fbbc2 0.319s
2025-02-19 14:48:51.381 63054 INFO tempest.lib.common.rest_client [req-7d0b2b6b-9e42-4eb3-9ca1-dff6e0d3c17d req-7d0b2b6b-9e42-4eb3-9ca1-dff6e0d3c17d ] Request (ServersAdminTestJSON:test_create_server_with_scheduling_hint): 200 GET http://10.180.1.21/compute/v2.1/servers/63deed87-537f-4999-8eaa-19d3472c114b 0.308s
2025-02-19 14:48:51.385 63020 INFO tempest.lib.common.rest_client [req-f22dc077-e382-402d-bf1b-d24754671e0c req-f22dc077-e382-402d-bf1b-d24754671e0c ] Request (ServerActionsV293TestJSON:setUpClass): 200 GET http://10.180.1.21/compute/v2.1/servers/5ff00e5a-676c-4d56-968e-1fb8866f79ac 0.302s
2025-02-19 14:48:51.429 63052 INFO tempest.lib.common.rest_client [req-12b09e4d-fa34-4e3f-ba22-74c5656193b6 req-12b09e4d-fa34-4e3f-ba22-74c5656193b6 ] Request (SecurityGroupsTestJSON:test_server_security_groups): 200 GET http://10.180.1.21/compute/v2.1/servers/20a8a0f2-b24c-4097-b231-ef82b86bdda5 0.318s
2025-02-19 14:48:51.454 63044 INFO tempest.lib.common.rest_client [req-6e165e45-4a2d-4361-bd98-df54e1c76f04 req-6e165e45-4a2d-4361-bd98-df54e1c76f04 ] Request (ServerActionsTestOtherB:setUpClass): 200 GET http://10.180.1.21/compute/v2.1/servers/47a2f884-e89a-4114-ad54-a94ba493d07f 0.239s
2025-02-19 14:48:51.521 63036 INFO tempest.lib.common.rest_client [req-ef536913-af67-40b1-b69b-db023b336f38 req-ef536913-af67-40b1-b69b-db023b336f38 ] Request (ImagesOneServerNegativeTestJSON:tearDown): 200 GET http://10.180.1.21/compute/v2.1/servers/2169f132-7866-48a6-b419-37e64987f068 0.304s
2025-02-19 14:48:51.538 63010 INFO tempest.lib.common.rest_client [req-485e5eff-1078-4d17-8f36-9fc6e30f950c req-485e5eff-1078-4d17-8f36-9fc6e30f950c ] Request (FloatingIPsNegativeTestJSON:setUpClass): 200 GET http://10.180.1.21/compute/v2.1/os-floating-ips 0.321s
2025-02-19 14:48:51.570 63038 INFO tempest.lib.common.rest_client [req-fe691296-f5d7-4900-a2f0-a0e548429cb3 req-fe691296-f5d7-4900-a2f0-a0e548429cb3 ] Request (ListImageFiltersTestJSON:setUpClass): 200 GET http://10.180.1.21/compute/v2.1/servers/e1826804-fb88-4228-9e63-d6504704ca48 0.292s
2025-02-19 14:48:51.585 63002 WARNING tempest.lib.common.ssh [-] Failed to establish authenticated ssh connection to cirros@10.180.180.246 ([Errno None] Unable to connect to port 22 on 10.180.180.246). Number attempts: 1. Retry after 2 seconds.: paramiko.ssh_exception.NoValidConnectionsError: [Errno None] Unable to connect to port 22 on 10.180.180.246
2025-02-19 14:48:51.596 63046 INFO tempest.lib.common.rest_client [req-321b94e5-c5cd-4620-8fec-ea57d3175930 req-321b94e5-c5cd-4620-8fec-ea57d3175930 ] Request (VolumesAdminNegativeTest:test_update_attached_volume_with_nonexistent_volume_in_body): 200 GET http://10.180.1.21/compute/v2.1/servers/49e0c771-5fa5-4771-be72-ba78dcc3ec92 0.287s
2025-02-19 14:48:51.627 63016 INFO tempest.lib.common.rest_client [req-14d9316c-30ca-46ef-b548-2e7ad841a222 req-14d9316c-30ca-46ef-b548-2e7ad841a222 ] Request (MultipleCreateTestJSON:test_multiple_create): 200 GET http://10.180.1.21/compute/v2.1/servers/a802376d-992a-4976-a6ec-6de8c467e7c6 0.238s
2025-02-19 14:48:51.652 63010 INFO tempest.lib.common.rest_client [req-37b377a3-c754-42fe-99b9-768a5f8258e8 req-37b377a3-c754-42fe-99b9-768a5f8258e8 ] Request (FloatingIPsNegativeTestJSON:test_allocate_floating_ip_from_nonexistent_pool): 404 POST http://10.180.1.21/compute/v2.1/os-floating-ips 0.110s
2025-02-19 14:48:51.654 63056 INFO tempest.lib.common.rest_client [req-3d5847e9-c52a-4110-82c3-54c11ac0c884 req-3d5847e9-c52a-4110-82c3-54c11ac0c884 ] Request (ImagesTestJSON:test_create_image_from_suspended_server): 200 GET http://10.180.1.21/compute/v2.1/servers/b18e9c0e-e6b8-46f6-ac8b-8003ee9121fb 0.154s
2025-02-19 14:48:51.679 63010 INFO tempest.lib.common.rest_client [req-53df4eb5-0e4b-4984-b8dd-1b61361b6e43 req-53df4eb5-0e4b-4984-b8dd-1b61361b6e43 ] Request (FloatingIPsNegativeTestJSON:test_delete_nonexistent_floating_ip): 404 DELETE http://10.180.1.21/compute/v2.1/os-floating-ips/456eb5c6-bd28-4619-b740-082283cce594 0.025s
2025-02-19 14:48:51.744 63000 INFO tempest.lib.common.rest_client [req-2786ebad-2f87-4f30-b70e-5c4d5a65e690 req-2786ebad-2f87-4f30-b70e-5c4d5a65e690 ] Request (MigrationsAdminTest:test_resize_server_revert_deleted_flavor): 200 GET http://10.180.1.21/compute/v2.1/servers/1b9677be-196b-403a-8d79-7b7c694046eb 0.076s
2025-02-19 14:48:51.800 63042 INFO tempest.lib.common.rest_client [req-5408d03f-2e32-4875-a8ff-fb8777826676 req-5408d03f-2e32-4875-a8ff-fb8777826676 ] Request (ServersNegativeTestMultiTenantJSON:setUpClass): 200 GET http://10.180.1.21/compute/v2.1/servers/fd23c82e-4955-4be3-b034-5400270a19a3 0.075s
2025-02-19 14:48:51.805 62994 INFO tempest.lib.common.rest_client [req-1d6a37a9-2005-4b21-9cdd-400b2ed0a1ea req-1d6a37a9-2005-4b21-9cdd-400b2ed0a1ea ] Request (ServersTestFqdnHostnames:test_create_server_with_fqdn_name): 200 GET http://10.180.1.21/compute/v2.1/servers/6ec72180-77e0-4add-8e79-d80a3b5adf2a 0.208s
2025-02-19 14:48:51.811 62994 INFO tempest.common.waiters [-] State transition "BUILD/networking" ==> "BUILD/spawning" after 42 second wait
2025-02-19 14:48:51.882 63024 INFO tempest.lib.common.rest_client [req-f9557c2f-c4a3-41b7-adab-5f60fcbc4627 req-f9557c2f-c4a3-41b7-adab-5f60fcbc4627 ] Request (ListServerFiltersTestJSON:tearDownClass): 200 GET http://10.180.1.21/compute/v2.1/servers/fc58a6a3-d047-49a3-b758-0f191dd23c47 0.063s
2025-02-19 14:48:52.071 63008 INFO tempest.lib.common.rest_client [req-c12a99ec-9314-4e6b-827c-6fab806d64c0 req-c12a99ec-9314-4e6b-827c-6fab806d64c0 ] Request (ServersTestMultiNic:test_verify_duplicate_network_nics): 200 GET http://10.180.1.21/compute/v2.1/servers/e3b8ed45-0638-4f75-9c6f-c984702e660b 0.076s
2025-02-19 14:48:52.080 63014 INFO tempest.lib.common.rest_client [req-eb5ae8fe-98b9-451d-a9ff-4a6b5e038c79 req-eb5ae8fe-98b9-451d-a9ff-4a6b5e038c79 ] Request (ListServersNegativeTestJSON:setUpClass): 200 GET http://10.180.1.21/compute/v2.1/servers/11bc2536-ccfe-4597-bdbf-0f8952fdb0eb 0.139s
2025-02-19 14:48:52.144 62996 INFO tempest.lib.common.rest_client [req-8e1cc515-e5d4-4b90-9bcc-101be3df2be9 req-8e1cc515-e5d4-4b90-9bcc-101be3df2be9 ] Request (FloatingIPsAssociationNegativeTestJSON:setUpClass): 200 GET http://10.180.1.21/compute/v2.1/servers/c6d9a643-9909-4127-a49e-24c49d4eccfd 0.101s
2025-02-19 14:48:52.147 63040 INFO tempest.lib.common.rest_client [req-9fcc43f7-7e43-4ea7-830e-a37c9f5d0f16 req-9fcc43f7-7e43-4ea7-830e-a37c9f5d0f16 ] Request (ServerActionsTestJSON:setUpClass): 200 GET http://10.180.1.21/compute/v2.1/servers/496adcc8-14d1-4dc5-96c4-d6547e4b51e0 0.049s
2025-02-19 14:48:52.233 63032 INFO tempest.lib.common.rest_client [req-8e57c07f-ad1d-4b15-81a1-004cf17526fd req-8e57c07f-ad1d-4b15-81a1-004cf17526fd ] Request (AttachVolumeTestJSON:test_attach_detach_volume): 200 GET http://10.180.1.21/compute/v2.1/servers/3002f008-80ba-4e6b-8ec6-530646763010 0.072s
2025-02-19 14:48:52.234 63022 INFO tempest.lib.common.rest_client [req-4ac917d2-34c5-4f1b-8b1c-9944a7ca788d req-4ac917d2-34c5-4f1b-8b1c-9944a7ca788d ] Request (ServersAdminNegativeTestJSON:tearDownClass): 200 GET http://10.180.1.21/compute/v2.1/servers/eeb6bb89-1a96-42cf-ab40-888e39600d35 0.061s
2025-02-19 14:48:52.309 63012 INFO tempest.lib.common.rest_client [req-a665bdf8-d0f5-483e-be88-229f3c52ac96 req-a665bdf8-d0f5-483e-be88-229f3c52ac96 ] Request (AttachInterfacesTestJSON:test_create_list_show_delete_interfaces_by_fixed_ip): 200 GET http://10.180.1.21/compute/v2.1/servers/51bce6bc-d67b-40e2-8507-e46b368837eb 0.086s
2025-02-19 14:48:52.312 63006 INFO tempest.lib.common.rest_client [req-07e32668-c846-4878-8f75-20bb4f697287 req-07e32668-c846-4878-8f75-20bb4f697287 ] Request (ServerDiagnosticsNegativeTest:tearDownClass): 200 GET http://10.180.1.21/compute/v2.1/servers/dfc4f2f6-fbaa-4c38-a080-c535c00a09c4 0.067s
2025-02-19 14:48:52.389 63034 INFO tempest.lib.common.rest_client [req-1918ab0e-edec-40df-9c93-6f859d947fe3 req-1918ab0e-edec-40df-9c93-6f859d947fe3 ] Request (DeleteServersTestJSON:test_delete_server_while_in_attached_volume): 200 GET http://10.180.1.21/compute/v2.1/servers/b5615d78-eee6-4e84-b5f2-d9ab6ca66e1e 0.051s
2025-02-19 14:48:52.391 63031 INFO tempest.lib.common.rest_client [req-6543c734-dbd7-42c7-99f7-957d3c585ed2 req-6543c734-dbd7-42c7-99f7-957d3c585ed2 ] Request (ImagesNegativeTestJSON:test_create_image_from_deleted_server): 200 GET http://10.180.1.21/compute/v2.1/servers/c44d2180-a11c-4a23-a626-d0356d81b1ab 0.107s
2025-02-19 14:48:52.450 63026 INFO tempest.lib.common.rest_client [req-fe6bc618-148f-4fea-8f64-7d5a548bc3e7 req-fe6bc618-148f-4fea-8f64-7d5a548bc3e7 ] Request (AttachInterfacesV270Test:tearDownClass): 200 GET http://10.180.1.21/compute/v2.1/servers/431ae1de-747b-4543-a10a-59065f1fbbc2 0.108s
2025-02-19 14:48:52.463 63054 INFO tempest.lib.common.rest_client [req-57f2b018-4edf-4222-a48f-40018f518706 req-57f2b018-4edf-4222-a48f-40018f518706 ] Request (ServersAdminTestJSON:test_create_server_with_scheduling_hint): 200 GET http://10.180.1.21/compute/v2.1/servers/63deed87-537f-4999-8eaa-19d3472c114b 0.074s
2025-02-19 14:48:52.516 63020 INFO tempest.lib.common.rest_client [req-9b73a4ef-5eda-424a-9bd9-524f2745c45e req-9b73a4ef-5eda-424a-9bd9-524f2745c45e ] Request (ServerActionsV293TestJSON:setUpClass): 200 GET http://10.180.1.21/compute/v2.1/servers/5ff00e5a-676c-4d56-968e-1fb8866f79ac 0.119s
2025-02-19 14:48:52.534 63052 INFO tempest.lib.common.rest_client [req-abcdcc3b-6885-48c8-8164-45312a967d90 req-abcdcc3b-6885-48c8-8164-45312a967d90 ] Request (SecurityGroupsTestJSON:test_server_security_groups): 200 GET http://10.180.1.21/compute/v2.1/servers/20a8a0f2-b24c-4097-b231-ef82b86bdda5 0.094s
2025-02-19 14:48:52.569 63044 INFO tempest.lib.common.rest_client [req-86ff503d-1b35-42d9-89eb-b42e331e3501 req-86ff503d-1b35-42d9-89eb-b42e331e3501 ] Request (ServerActionsTestOtherB:setUpClass): 200 GET http://10.180.1.21/compute/v2.1/servers/47a2f884-e89a-4114-ad54-a94ba493d07f 0.108s
2025-02-19 14:48:52.639 63038 INFO tempest.lib.common.rest_client [req-1f91a95f-7e29-4e01-b099-6795d88fb16f req-1f91a95f-7e29-4e01-b099-6795d88fb16f ] Request (ListImageFiltersTestJSON:setUpClass): 200 GET http://10.180.1.21/compute/v2.1/servers/e1826804-fb88-4228-9e63-d6504704ca48 0.061s
2025-02-19 14:48:52.689 63046 INFO tempest.lib.common.rest_client [req-782083a5-bf68-4b43-b1a1-fb7fa25fa3a1 req-782083a5-bf68-4b43-b1a1-fb7fa25fa3a1 ] Request (VolumesAdminNegativeTest:test_update_attached_volume_with_nonexistent_volume_in_body): 200 GET http://10.180.1.21/compute/v2.1/servers/49e0c771-5fa5-4771-be72-ba78dcc3ec92 0.083s
2025-02-19 14:48:52.737 63016 INFO tempest.lib.common.rest_client [req-94fc3030-7057-4873-a96b-3f03d2f19e85 req-94fc3030-7057-4873-a96b-3f03d2f19e85 ] Request (MultipleCreateTestJSON:test_multiple_create): 200 GET http://10.180.1.21/compute/v2.1/servers/a802376d-992a-4976-a6ec-6de8c467e7c6 0.098s
2025-02-19 14:48:52.784 63056 INFO tempest.lib.common.rest_client [req-d710a2b2-59d5-46d1-b9fc-fd372fa95e94 req-d710a2b2-59d5-46d1-b9fc-fd372fa95e94 ] Request (ImagesTestJSON:test_create_image_from_suspended_server): 200 GET http://10.180.1.21/compute/v2.1/servers/b18e9c0e-e6b8-46f6-ac8b-8003ee9121fb 0.120s
2025-02-19 14:48:52.834 63000 INFO tempest.lib.common.rest_client [req-04b56231-9523-4bee-9458-3ed306cd8a8c req-04b56231-9523-4bee-9458-3ed306cd8a8c ] Request (MigrationsAdminTest:test_resize_server_revert_deleted_flavor): 200 GET http://10.180.1.21/compute/v2.1/servers/1b9677be-196b-403a-8d79-7b7c694046eb 0.078s
2025-02-19 14:48:52.916 63042 INFO tempest.lib.common.rest_client [req-dd9c512e-cf73-4e70-b1a4-f5c0fed92c7b req-dd9c512e-cf73-4e70-b1a4-f5c0fed92c7b ] Request (ServersNegativeTestMultiTenantJSON:setUpClass): 200 GET http://10.180.1.21/compute/v2.1/servers/fd23c82e-4955-4be3-b034-5400270a19a3 0.104s
2025-02-19 14:48:52.961 63036 INFO tempest.lib.common.rest_client [req-8992b8a9-955c-4e2c-acd7-f6288e5caacd req-8992b8a9-955c-4e2c-acd7-f6288e5caacd ] Request (ImagesOneServerNegativeTestJSON:tearDown): 200 GET http://10.180.1.21/compute/v2.1/servers/2169f132-7866-48a6-b419-37e64987f068 0.432s
2025-02-19 14:48:53.025 62994 INFO tempest.lib.common.rest_client [req-21bf9c60-f7a3-444d-98f7-23e1c807301e req-21bf9c60-f7a3-444d-98f7-23e1c807301e ] Request (ServersTestFqdnHostnames:test_create_server_with_fqdn_name): 200 GET http://10.180.1.21/compute/v2.1/servers/6ec72180-77e0-4add-8e79-d80a3b5adf2a 0.213s
2025-02-19 14:48:53.048 63024 INFO tempest.lib.common.rest_client [req-54f814c9-3a27-4ee5-b3c3-e457cc2d29d6 req-54f814c9-3a27-4ee5-b3c3-e457cc2d29d6 ] Request (ListServerFiltersTestJSON:tearDownClass): 200 GET http://10.180.1.21/compute/v2.1/servers/fc58a6a3-d047-49a3-b758-0f191dd23c47 0.156s
2025-02-19 14:48:53.095 63010 INFO tempest.lib.common.rest_client [req-a39f2f45-442d-43b7-b1c2-50286832deb4 req-a39f2f45-442d-43b7-b1c2-50286832deb4 ] Request (FloatingIPsNegativeTestJSON:tearDownClass): 200 PUT http://10.180.1.21:9696/networking/v2.0/routers/b29b55c9-b153-4130-884e-1edde2673d50/remove_router_interface 1.415s
2025-02-19 14:48:53.144 63008 INFO tempest.lib.common.rest_client [req-ea68c3ec-cb46-4cc0-ba17-a1b4160e07b1 req-ea68c3ec-cb46-4cc0-ba17-a1b4160e07b1 ] Request (ServersTestMultiNic:test_verify_duplicate_network_nics): 200 GET http://10.180.1.21/compute/v2.1/servers/e3b8ed45-0638-4f75-9c6f-c984702e660b 0.060s
2025-02-19 14:48:53.206 62996 INFO tempest.lib.common.rest_client [req-0762e6d0-0955-4f01-8e72-2be11e6165a0 req-0762e6d0-0955-4f01-8e72-2be11e6165a0 ] Request (FloatingIPsAssociationNegativeTestJSON:setUpClass): 200 GET http://10.180.1.21/compute/v2.1/servers/c6d9a643-9909-4127-a49e-24c49d4eccfd 0.054s
2025-02-19 14:48:53.248 63050 WARNING tempest.lib.common.ssh [-] Failed to establish authenticated ssh connection to cirros@10.180.180.140 ([Errno None] Unable to connect to port 22 on 10.180.180.140). Number attempts: 5. Retry after 6 seconds.: paramiko.ssh_exception.NoValidConnectionsError: [Errno None] Unable to connect to port 22 on 10.180.180.140
2025-02-19 14:48:53.258 63040 INFO tempest.lib.common.rest_client [req-5bd2309f-352a-4a7f-b16b-71724987930a req-5bd2309f-352a-4a7f-b16b-71724987930a ] Request (ServerActionsTestJSON:setUpClass): 200 GET http://10.180.1.21/compute/v2.1/servers/496adcc8-14d1-4dc5-96c4-d6547e4b51e0 0.099s
2025-02-19 14:48:53.271 63014 INFO tempest.lib.common.rest_client [req-8f3b6a81-1b3d-4954-ad07-7f33552f3edb req-8f3b6a81-1b3d-4954-ad07-7f33552f3edb ] Request (ListServersNegativeTestJSON:setUpClass): 200 GET http://10.180.1.21/compute/v2.1/servers/11bc2536-ccfe-4597-bdbf-0f8952fdb0eb 0.183s
2025-02-19 14:48:53.322 63032 INFO tempest.lib.common.rest_client [req-3faa2da3-c8d4-4a47-84f5-75c5d5e3510a req-3faa2da3-c8d4-4a47-84f5-75c5d5e3510a ] Request (AttachVolumeTestJSON:test_attach_detach_volume): 200 GET http://10.180.1.21/compute/v2.1/servers/3002f008-80ba-4e6b-8ec6-530646763010 0.078s
2025-02-19 14:48:53.341 63022 INFO tempest.lib.common.rest_client [req-f0d20f26-ac30-4d34-900a-15a539d8509e req-f0d20f26-ac30-4d34-900a-15a539d8509e ] Request (ServersAdminNegativeTestJSON:tearDownClass): 200 GET http://10.180.1.21/compute/v2.1/servers/eeb6bb89-1a96-42cf-ab40-888e39600d35 0.096s
2025-02-19 14:48:53.378 63012 INFO tempest.lib.common.rest_client [req-9d6e4804-93ba-4238-89ff-c692cebf7b65 req-9d6e4804-93ba-4238-89ff-c692cebf7b65 ] Request (AttachInterfacesTestJSON:test_create_list_show_delete_interfaces_by_fixed_ip): 200 GET http://10.180.1.21/compute/v2.1/servers/51bce6bc-d67b-40e2-8507-e46b368837eb 0.060s
2025-02-19 14:48:53.406 63006 INFO tempest.lib.common.rest_client [req-5432e1eb-e8cd-4eb3-ab69-fef1d34fe72f req-5432e1eb-e8cd-4eb3-ab69-fef1d34fe72f ] Request (ServerDiagnosticsNegativeTest:tearDownClass): 200 GET http://10.180.1.21/compute/v2.1/servers/dfc4f2f6-fbaa-4c38-a080-c535c00a09c4 0.084s
2025-02-19 14:48:53.457 63034 INFO tempest.lib.common.rest_client [req-e0aa4552-e5f4-4f24-8de2-743c9e1d1c9c req-e0aa4552-e5f4-4f24-8de2-743c9e1d1c9c ] Request (DeleteServersTestJSON:test_delete_server_while_in_attached_volume): 200 GET http://10.180.1.21/compute/v2.1/servers/b5615d78-eee6-4e84-b5f2-d9ab6ca66e1e 0.058s
2025-02-19 14:48:53.472 63031 INFO tempest.lib.common.rest_client [req-e813cac7-d34c-43a7-b927-5c85247710d9 req-e813cac7-d34c-43a7-b927-5c85247710d9 ] Request (ImagesNegativeTestJSON:test_create_image_from_deleted_server): 200 GET http://10.180.1.21/compute/v2.1/servers/c44d2180-a11c-4a23-a626-d0356d81b1ab 0.068s
2025-02-19 14:48:53.539 63026 INFO tempest.lib.common.rest_client [req-a478c7fb-8914-4146-beb1-a39b31480d92 req-a478c7fb-8914-4146-beb1-a39b31480d92 ] Request (AttachInterfacesV270Test:tearDownClass): 200 GET http://10.180.1.21/compute/v2.1/servers/431ae1de-747b-4543-a10a-59065f1fbbc2 0.068s
2025-02-19 14:48:53.545 63054 INFO tempest.lib.common.rest_client [req-1fa94084-31db-4df1-a0b0-72b092979d9a req-1fa94084-31db-4df1-a0b0-72b092979d9a ] Request (ServersAdminTestJSON:test_create_server_with_scheduling_hint): 200 GET http://10.180.1.21/compute/v2.1/servers/63deed87-537f-4999-8eaa-19d3472c114b 0.070s
2025-02-19 14:48:53.574 63010 INFO tempest.lib.common.rest_client [req-b8b7709e-3dc9-40a0-9b7f-ecf4fc15c259 req-b8b7709e-3dc9-40a0-9b7f-ecf4fc15c259 ] Request (FloatingIPsNegativeTestJSON:tearDownClass): 204 DELETE http://10.180.1.21:9696/networking/v2.0/routers/b29b55c9-b153-4130-884e-1edde2673d50 0.479s
2025-02-19 14:48:53.604 63052 INFO tempest.lib.common.rest_client [req-20896efc-f53f-4002-bbc6-8105a317c8c9 req-20896efc-f53f-4002-bbc6-8105a317c8c9 ] Request (SecurityGroupsTestJSON:test_server_security_groups): 200 GET http://10.180.1.21/compute/v2.1/servers/20a8a0f2-b24c-4097-b231-ef82b86bdda5 0.056s
2025-02-19 14:48:53.611 63020 INFO tempest.lib.common.rest_client [req-ed6f3957-d79e-47e5-a2cc-a611b5b2e970 req-ed6f3957-d79e-47e5-a2cc-a611b5b2e970 ] Request (ServerActionsV293TestJSON:setUpClass): 200 GET http://10.180.1.21/compute/v2.1/servers/5ff00e5a-676c-4d56-968e-1fb8866f79ac 0.077s
2025-02-19 14:48:53.657 63044 INFO tempest.lib.common.rest_client [req-20382c4d-82e7-4516-a47a-4e3acaacac2c req-20382c4d-82e7-4516-a47a-4e3acaacac2c ] Request (ServerActionsTestOtherB:setUpClass): 200 GET http://10.180.1.21/compute/v2.1/servers/47a2f884-e89a-4114-ad54-a94ba493d07f 0.077s
2025-02-19 14:48:53.681 63010 INFO tempest.lib.common.rest_client [req-d1163aa9-d12a-4360-a762-9d6d3f15810b req-d1163aa9-d12a-4360-a762-9d6d3f15810b ] Request (FloatingIPsNegativeTestJSON:tearDownClass): 204 DELETE http://10.180.1.21:9696/networking/v2.0/subnets/c232e218-990f-4814-89d7-138388c7c3dc 0.107s
2025-02-19 14:48:53.700 63038 INFO tempest.lib.common.rest_client [req-c73340e4-f014-4f5b-9034-8f621614cb92 req-c73340e4-f014-4f5b-9034-8f621614cb92 ] Request (ListImageFiltersTestJSON:setUpClass): 200 GET http://10.180.1.21/compute/v2.1/servers/e1826804-fb88-4228-9e63-d6504704ca48 0.053s
2025-02-19 14:48:53.755 63046 INFO tempest.lib.common.rest_client [req-d064090b-0fae-46e8-b953-eb0cbe7f3e4e req-d064090b-0fae-46e8-b953-eb0cbe7f3e4e ] Request (VolumesAdminNegativeTest:test_update_attached_volume_with_nonexistent_volume_in_body): 200 GET http://10.180.1.21/compute/v2.1/servers/49e0c771-5fa5-4771-be72-ba78dcc3ec92 0.057s
2025-02-19 14:48:53.807 63010 INFO tempest.lib.common.rest_client [req-e76e7962-b62b-4c37-9b0d-48bb94be75b6 req-e76e7962-b62b-4c37-9b0d-48bb94be75b6 ] Request (FloatingIPsNegativeTestJSON:tearDownClass): 204 DELETE http://10.180.1.21:9696/networking/v2.0/networks/2826065c-9988-4a1a-b8f4-9e8bfb4f6fd5 0.124s
2025-02-19 14:48:53.813 63016 INFO tempest.lib.common.rest_client [req-ac2d7caf-de1a-4b27-896b-c0c6651bdf39 req-ac2d7caf-de1a-4b27-896b-c0c6651bdf39 ] Request (MultipleCreateTestJSON:test_multiple_create): 200 GET http://10.180.1.21/compute/v2.1/servers/a802376d-992a-4976-a6ec-6de8c467e7c6 0.066s
2025-02-19 14:48:53.845 63056 INFO tempest.lib.common.rest_client [req-ee99a39f-a869-4279-a49a-12b1e7d8bc41 req-ee99a39f-a869-4279-a49a-12b1e7d8bc41 ] Request (ImagesTestJSON:test_create_image_from_suspended_server): 200 GET http://10.180.1.21/compute/v2.1/servers/b18e9c0e-e6b8-46f6-ac8b-8003ee9121fb 0.052s
2025-02-19 14:48:53.852 63056 INFO tempest.common.waiters [-] State transition "BUILD/scheduling" ==> "BUILD/None" after 30 second wait
2025-02-19 14:48:53.873 63010 INFO tempest.lib.common.rest_client [req-c9e4542c-21b2-4b50-b7bd-efd39668ba5c req-c9e4542c-21b2-4b50-b7bd-efd39668ba5c ] Request (FloatingIPsNegativeTestJSON:tearDownClass): 204 DELETE http://10.180.1.21/identity/v3/users/8137a21df3ef47efbeb9b108128a12ca 0.066s
2025-02-19 14:48:53.874 63010 INFO tempest.lib.common.dynamic_creds [-] Deleting project and security group for project: 7bda307f329d44659c6825dcbda3e261
2025-02-19 14:48:53.892 63000 INFO tempest.lib.common.rest_client [req-7cc56b2f-c740-4838-a0d6-9a887dd356cc req-7cc56b2f-c740-4838-a0d6-9a887dd356cc ] Request (MigrationsAdminTest:test_resize_server_revert_deleted_flavor): 200 GET http://10.180.1.21/compute/v2.1/servers/1b9677be-196b-403a-8d79-7b7c694046eb 0.050s
2025-02-19 14:48:53.904 63010 INFO tempest.lib.common.rest_client [req-f5872676-7501-4832-93ef-312ea6fa383b req-f5872676-7501-4832-93ef-312ea6fa383b ] Request (FloatingIPsNegativeTestJSON:tearDownClass): 200 GET http://10.180.1.21:9696/networking/v2.0/security-groups?tenant_id=7bda307f329d44659c6825dcbda3e261&name=default 0.029s
2025-02-19 14:48:53.975 63010 INFO tempest.lib.common.rest_client [req-3be56895-590a-4a72-9227-27bcaf139b59 req-3be56895-590a-4a72-9227-27bcaf139b59 ] Request (FloatingIPsNegativeTestJSON:tearDownClass): 204 DELETE http://10.180.1.21:9696/networking/v2.0/security-groups/10e9ff51-9af0-4aa5-9290-65821909912a 0.071s
2025-02-19 14:48:53.987 63042 INFO tempest.lib.common.rest_client [req-a6134e6e-d866-4e2b-8cf1-214ae75ba238 req-a6134e6e-d866-4e2b-8cf1-214ae75ba238 ] Request (ServersNegativeTestMultiTenantJSON:setUpClass): 200 GET http://10.180.1.21/compute/v2.1/servers/fd23c82e-4955-4be3-b034-5400270a19a3 0.053s
2025-02-19 14:48:54.069 63010 INFO tempest.lib.common.rest_client [req-3b655226-7a7c-4f81-8c99-e39c251b83b0 req-3b655226-7a7c-4f81-8c99-e39c251b83b0 ] Request (FloatingIPsNegativeTestJSON:tearDownClass): 204 DELETE http://10.180.1.21/identity/v3/projects/7bda307f329d44659c6825dcbda3e261 0.093s
2025-02-19 14:48:54.105 63036 INFO tempest.lib.common.rest_client [req-e142e52e-4300-4841-b9ca-898f7a907cb6 req-e142e52e-4300-4841-b9ca-898f7a907cb6 ] Request (ImagesOneServerNegativeTestJSON:tearDown): 200 GET http://10.180.1.21/compute/v2.1/servers/2169f132-7866-48a6-b419-37e64987f068 0.128s
2025-02-19 14:48:54.112 63036 INFO tempest.common.waiters [-] State transition "ACTIVE/image_uploading" ==> "ACTIVE/None" after 9 second wait
2025-02-19 14:48:54.144 63010 INFO tempest.lib.common.rest_client [req-38f08ca7-1d30-4248-afc4-66e4f2a786fd req-38f08ca7-1d30-4248-afc4-66e4f2a786fd ] Request (ListImagesTestJSON:setUpClass): 201 POST http://10.180.1.21/identity/v3/auth/tokens 0.073s
