2025-02-19 14:47:26.563 63050 INFO tempest.lib.common.rest_client [req-60d6cc33-75dd-46f0-914f-54540b64fb1f req-60d6cc33-75dd-46f0-914f-54540b64fb1f ] Request (HypervisorAdminUnderV252Test:tearDownClass): 204 DELETE http://10.180.1.21/identity/v3/projects/ce4211ec1f2d45a58b0f2992332a05ff 0.130s
2025-02-19 14:47:26.563 63050 INFO tempest.lib.common.dynamic_creds [-] Deleting project and security group for project: 3bb9a0708a044ef08f916b31ffd98d68
2025-02-19 14:47:26.608 63012 INFO tempest.lib.common.rest_client [req-c2f80a7d-ce13-473e-b4d5-8682a616dc86 req-c2f80a7d-ce13-473e-b4d5-8682a616dc86 ] Request (QuotaClassesAdminTestJSON:setUpClass): 201 POST http://10.180.1.21/identity/v3/projects 0.119s
2025-02-19 14:47:26.680 63052 INFO tempest.lib.common.rest_client [req-6c791102-6260-4e66-b901-8552e497c3c8 req-6c791102-6260-4e66-b901-8552e497c3c8 ] Request (SecurityGroupsTestJSON:setUpClass): 201 POST http://10.180.1.21/identity/v3/users 0.161s
2025-02-19 14:47:26.686 63012 INFO tempest.lib.common.rest_client [req-c1742c41-60fd-47ba-9a09-b1d16f8a769e req-c1742c41-60fd-47ba-9a09-b1d16f8a769e ] Request (QuotaClassesAdminTestJSON:setUpClass): 201 POST http://10.180.1.21/identity/v3/users 0.077s
2025-02-19 14:47:26.703 63052 INFO tempest.lib.common.rest_client [req-5b5e8d75-d3fb-4804-8e36-ff9c019dddcf req-5b5e8d75-d3fb-4804-8e36-ff9c019dddcf ] Request (SecurityGroupsTestJSON:setUpClass): 200 GET http://10.180.1.21/identity/v3/roles 0.022s
2025-02-19 14:47:26.707 63012 INFO tempest.lib.common.rest_client [req-6f5db7d7-4e07-459e-84a8-71c1e2029f44 req-6f5db7d7-4e07-459e-84a8-71c1e2029f44 ] Request (QuotaClassesAdminTestJSON:setUpClass): 200 GET http://10.180.1.21/identity/v3/roles 0.021s
2025-02-19 14:47:26.717 63050 INFO tempest.lib.common.rest_client [req-e8d4c089-fafb-4453-8997-138ea3e05c85 req-e8d4c089-fafb-4453-8997-138ea3e05c85 ] Request (HypervisorAdminUnderV252Test:tearDownClass): 200 GET http://10.180.1.21:9696/networking/v2.0/security-groups?tenant_id=3bb9a0708a044ef08f916b31ffd98d68&name=default 0.153s
2025-02-19 14:47:26.727 63054 INFO tempest.lib.common.rest_client [req-43a0c28a-738d-4b7c-9acf-2a1b18cfd226 req-43a0c28a-738d-4b7c-9acf-2a1b18cfd226 ] Request (ServersAdminTestJSON:setUpClass): 202 POST http://10.180.1.21/compute/v2.1/servers 1.876s
2025-02-19 14:47:26.739 63012 INFO tempest.lib.common.rest_client [req-43c8bcc5-eaa2-4dbf-b0a5-2610f8d363b1 req-43c8bcc5-eaa2-4dbf-b0a5-2610f8d363b1 ] Request (QuotaClassesAdminTestJSON:setUpClass): 204 PUT http://10.180.1.21/identity/v3/projects/cdb34bc1eacf4037bd02a30a648561b9/users/eca2724e16854e3a87ae0e65c85084ce/roles/44f292eb10a044b3b4dd14d0926e140f 0.032s
2025-02-19 14:47:26.740 63012 INFO tempest.lib.common.dynamic_creds [-] Dynamic test user eca2724e16854e3a87ae0e65c85084ce is created with scope project and roles: ['member']
2025-02-19 14:47:26.740 63012 INFO tempest.lib.common.dynamic_creds [-] Acquired dynamic creds: credentials: Credentials: {'domain_id': 'default', 'domain_name': 'Default', 'username': 'tempest-QuotaClassesAdminTestJSON-1754267606-project-member', 'project_domain_id': 'default', 'project_domain_name': 'Default', 'project_id': 'cdb34bc1eacf4037bd02a30a648561b9', 'project_name': 'tempest-QuotaClassesAdminTestJSON-1754267606', 'tenant_id': 'cdb34bc1eacf4037bd02a30a648561b9', 'tenant_name': 'tempest-QuotaClassesAdminTestJSON-1754267606', 'user_domain_id': 'default', 'user_domain_name': 'Default', 'user_id': 'eca2724e16854e3a87ae0e65c85084ce', 'system': None}, Network: None, Subnet: None, Router: None
2025-02-19 14:47:26.740 63012 INFO tempest.lib.common.dynamic_creds [-] Created isolated network resources for: credentials: Credentials: {'domain_id': 'default', 'domain_name': 'Default', 'username': 'tempest-QuotaClassesAdminTestJSON-1754267606-project-member', 'project_domain_id': 'default', 'project_domain_name': 'Default', 'project_id': 'cdb34bc1eacf4037bd02a30a648561b9', 'project_name': 'tempest-QuotaClassesAdminTestJSON-1754267606', 'tenant_id': 'cdb34bc1eacf4037bd02a30a648561b9', 'tenant_name': 'tempest-QuotaClassesAdminTestJSON-1754267606', 'user_domain_id': 'default', 'user_domain_name': 'Default', 'user_id': 'eca2724e16854e3a87ae0e65c85084ce', 'system': None}, Network: None, Subnet: None, Router: None
2025-02-19 14:47:26.747 63052 INFO tempest.lib.common.rest_client [req-7724988d-d870-4ae2-8307-422991b7943c req-7724988d-d870-4ae2-8307-422991b7943c ] Request (SecurityGroupsTestJSON:setUpClass): 204 PUT http://10.180.1.21/identity/v3/projects/a926b6f255de4766b6f252ec7213cce9/users/e4ace8ec78f2433da31c6032ac471f52/roles/44f292eb10a044b3b4dd14d0926e140f 0.044s
2025-02-19 14:47:26.747 63052 INFO tempest.lib.common.dynamic_creds [-] Dynamic test user e4ace8ec78f2433da31c6032ac471f52 is created with scope project and roles: ['member']
2025-02-19 14:47:26.748 63052 INFO tempest.lib.common.dynamic_creds [-] Acquired dynamic creds: credentials: Credentials: {'domain_id': 'default', 'domain_name': 'Default', 'username': 'tempest-SecurityGroupsTestJSON-623003631-project-member', 'project_domain_id': 'default', 'project_domain_name': 'Default', 'project_id': 'a926b6f255de4766b6f252ec7213cce9', 'project_name': 'tempest-SecurityGroupsTestJSON-623003631', 'tenant_id': 'a926b6f255de4766b6f252ec7213cce9', 'tenant_name': 'tempest-SecurityGroupsTestJSON-623003631', 'user_domain_id': 'default', 'user_domain_name': 'Default', 'user_id': 'e4ace8ec78f2433da31c6032ac471f52', 'system': None}, Network: None, Subnet: None, Router: None
2025-02-19 14:47:26.808 63050 INFO tempest.lib.common.rest_client [req-f51a6ba7-072d-4022-94bf-bd3c494ccd10 req-f51a6ba7-072d-4022-94bf-bd3c494ccd10 ] Request (HypervisorAdminUnderV252Test:tearDownClass): 204 DELETE http://10.180.1.21:9696/networking/v2.0/security-groups/fdd45afb-3ad0-4199-828b-8ba1f76ffad7 0.090s
2025-02-19 14:47:26.835 63054 INFO tempest.lib.common.rest_client [req-9e488991-3e99-4855-9343-5947cee07480 req-9e488991-3e99-4855-9343-5947cee07480 ] Request (ServersAdminTestJSON:setUpClass): 201 POST http://10.180.1.21/identity/v3/auth/tokens 0.100s
2025-02-19 14:47:26.835 63054 INFO tempest.lib.common.fixed_network [-] (ServersAdminTestJSON:setUpClass) Found network {'id': '14795060-d324-43e7-9890-5a6a4e832c5b', 'name': 'tempest-ServersAdminTestJSON-634788684-network', 'tenant_id': 'ef9781f874ac4cacb6305052b7898b66', 'admin_state_up': True, 'mtu': 8950, 'status': 'ACTIVE', 'subnets': [], 'shared': False, 'project_id': 'ef9781f874ac4cacb6305052b7898b66', 'port_security_enabled': True, 'router:external': False, 'provider:network_type': 'vlan', 'provider:physical_network': 'default', 'provider:segmentation_id': 281, 'availability_zone_hints': [], 'availability_zones': [], 'ipv4_address_scope': None, 'ipv6_address_scope': None, 'description': '', 'tags': [], 'created_at': '2025-02-19T14:47:12Z', 'updated_at': '2025-02-19T14:47:12Z', 'revision_number': 1} available for tenant
2025-02-19 14:47:26.888 63052 INFO tempest.lib.common.rest_client [req-91ad494c-bc19-4330-b27b-91b88da7ea07 req-91ad494c-bc19-4330-b27b-91b88da7ea07 ] Request (SecurityGroupsTestJSON:setUpClass): 201 POST http://10.180.1.21/identity/v3/auth/tokens 0.139s
2025-02-19 14:47:26.890 63048 INFO tempest.lib.common.rest_client [req-238b4aac-09c3-4dfa-b9df-2354020fa0a9 req-238b4aac-09c3-4dfa-b9df-2354020fa0a9 ] Request (QuotasAdminTestJSON:test_delete_quota): 200 GET http://10.180.1.21/compute/v2.1/os-quota-sets/85ba64a68b6f4e808d3c8605f10936fe 1.891s
2025-02-19 14:47:26.938 63012 INFO tempest.lib.common.rest_client [req-4c4e6708-f149-4893-8d3c-91fddb367975 req-4c4e6708-f149-4893-8d3c-91fddb367975 ] Request (QuotaClassesAdminTestJSON:setUpClass): 201 POST http://10.180.1.21/identity/v3/auth/tokens 0.191s
2025-02-19 14:47:26.950 63050 INFO tempest.lib.common.rest_client [req-0b2f086d-e5f4-4474-bb97-e56becd8a0e6 req-0b2f086d-e5f4-4474-bb97-e56becd8a0e6 ] Request (HypervisorAdminUnderV252Test:tearDownClass): 204 DELETE http://10.180.1.21/identity/v3/projects/3bb9a0708a044ef08f916b31ffd98d68 0.137s
2025-02-19 14:47:27.058 63048 INFO tempest.lib.common.rest_client [req-e9489397-2dc1-4d21-b4cb-238f236010ee req-e9489397-2dc1-4d21-b4cb-238f236010ee ] Request (QuotasAdminTestJSON:_run_cleanups): 204 DELETE http://10.180.1.21/identity/v3/projects/85ba64a68b6f4e808d3c8605f10936fe 0.165s
2025-02-19 14:47:27.131 63050 INFO tempest.lib.common.rest_client [req-a591bd0c-385c-4234-8f60-38386bec249d req-a591bd0c-385c-4234-8f60-38386bec249d ] Request (ServerActionsTestOtherA:setUpClass): 201 POST http://10.180.1.21/identity/v3/auth/tokens 0.179s
2025-02-19 14:47:27.163 63012 INFO tempest.lib.common.rest_client [req-6e026339-e21c-47e6-b6c4-22e3ab5005b2 req-6e026339-e21c-47e6-b6c4-22e3ab5005b2 ] Request (QuotaClassesAdminTestJSON:setUpClass): 201 POST http://10.180.1.21/identity/v3/projects 0.223s
2025-02-19 14:47:27.235 63050 INFO tempest.lib.common.rest_client [req-8521709b-d287-4927-a127-fdd534cd790b req-8521709b-d287-4927-a127-fdd534cd790b ] Request (ServerActionsTestOtherA:setUpClass): 201 POST http://10.180.1.21/identity/v3/auth/tokens 0.098s
2025-02-19 14:47:27.280 63012 INFO tempest.lib.common.rest_client [req-7739032a-c94f-4fe2-966b-e90c6edafa0b req-7739032a-c94f-4fe2-966b-e90c6edafa0b ] Request (QuotaClassesAdminTestJSON:setUpClass): 201 POST http://10.180.1.21/identity/v3/users 0.117s
2025-02-19 14:47:27.315 63050 INFO tempest.lib.common.rest_client [req-3fd0a078-0b3c-4a78-a4f2-2667b8f2dc5f req-3fd0a078-0b3c-4a78-a4f2-2667b8f2dc5f ] Request (ServerActionsTestOtherA:setUpClass): 200 GET http://10.180.1.21/identity/v3/domains?name=Default 0.079s
2025-02-19 14:47:27.323 63018 INFO tempest.lib.common.rest_client [req-fcc7dce7-f323-43c0-88df-3611d63d9639 req-fcc7dce7-f323-43c0-88df-3611d63d9639 ] Request (FlavorsAccessNegativeTestJSON:_run_cleanups): 200 POST http://10.180.1.21/compute/v2.1/flavors/1801075339/action 2.204s
2025-02-19 14:47:27.330 63008 INFO tempest.lib.common.rest_client [req-06ea750e-3f34-4abb-bc78-2cd199421231 req-06ea750e-3f34-4abb-bc78-2cd199421231 ] Request (FlavorsExtraSpecsNegativeTestJSON:test_flavor_non_admin_unset_keys): 403 DELETE http://10.180.1.21/compute/v2.1/flavors/1543412686/os-extra_specs/hw:numa_nodes 2.184s
2025-02-19 14:47:27.331 63012 INFO tempest.lib.common.rest_client [req-2e9144ce-5d53-495f-b677-a080f11d5dcf req-2e9144ce-5d53-495f-b677-a080f11d5dcf ] Request (QuotaClassesAdminTestJSON:setUpClass): 200 GET http://10.180.1.21/identity/v3/roles 0.050s
2025-02-19 14:47:27.358 63050 INFO tempest.lib.common.rest_client [req-ad5c877e-1165-4cc8-9910-00db003844a9 req-ad5c877e-1165-4cc8-9910-00db003844a9 ] Request (ServerActionsTestOtherA:setUpClass): 201 POST http://10.180.1.21/identity/v3/projects 0.042s
2025-02-19 14:47:27.362 63014 INFO tempest.lib.common.rest_client [req-46772c57-9781-4ba1-8c5f-b61893f232b6 req-46772c57-9781-4ba1-8c5f-b61893f232b6 ] Request (FlavorsAccessTestJSON:test_flavor_access_add_remove): 200 GET http://10.180.1.21/compute/v2.1/flavors/detail 2.207s
2025-02-19 14:47:27.365 63012 INFO tempest.lib.common.rest_client [req-ddc0ec95-13fe-4060-8a3a-3c9b7e0a4b49 req-ddc0ec95-13fe-4060-8a3a-3c9b7e0a4b49 ] Request (QuotaClassesAdminTestJSON:setUpClass): 204 PUT http://10.180.1.21/identity/v3/projects/047b943a9f874086a10dbc98c07d5eba/users/1ac3c6684ea845ed9cb516bf35d0968f/roles/479dd35198d841249af9e1f62350b158 0.034s
2025-02-19 14:47:27.387 63006 INFO tempest.lib.common.rest_client [req-64082b09-08d0-4632-97ed-888d05a314f5 req-64082b09-08d0-4632-97ed-888d05a314f5 ] Request (FlavorsV261TestJSON:_run_cleanups): 202 DELETE http://10.180.1.21/compute/v2.1/flavors/212526579 2.206s
2025-02-19 14:47:27.401 63040 INFO tempest.lib.common.rest_client [req-18a9c1b4-f03a-4497-9df0-0ee863a1cd47 req-18a9c1b4-f03a-4497-9df0-0ee863a1cd47 ] Request (KeyPairsV210TestJSON:test_admin_manage_keypairs_for_other_users): 200 GET http://10.180.1.21/compute/v2.1/os-keypairs?user_id=f3b714e1b8504576a232285ca484bb1d 2.196s
2025-02-19 14:47:27.420 63026 INFO tempest.lib.common.rest_client [req-a0dcdee9-ef11-4d6a-a5f5-30dae3cedada req-a0dcdee9-ef11-4d6a-a5f5-30dae3cedada ] Request (FlavorsExtraSpecsTestJSON:test_flavor_non_admin_get_specific_key): 200 GET http://10.180.1.21/compute/v2.1/flavors/882035139/os-extra_specs/hw:numa_nodes 2.204s
2025-02-19 14:47:27.449 63038 INFO tempest.lib.common.rest_client [req-2c3b37f8-8053-4571-a4df-7098d96fb835 req-2c3b37f8-8053-4571-a4df-7098d96fb835 ] Request (FlavorsV255TestJSON:test_crud_flavor): 200 GET http://10.180.1.21/compute/v2.1/flavors 1.971s
2025-02-19 14:47:27.483 63012 INFO tempest.lib.common.rest_client [req-802b3fe9-c105-43f9-8392-3cc4ff8ef693 req-802b3fe9-c105-43f9-8392-3cc4ff8ef693 ] Request (QuotaClassesAdminTestJSON:setUpClass): 200 GET http://10.180.1.21/identity/v3/roles 0.117s
2025-02-19 14:47:27.486 63050 INFO tempest.lib.common.rest_client [req-208bc644-6672-404f-97fd-6980561b87a4 req-208bc644-6672-404f-97fd-6980561b87a4 ] Request (ServerActionsTestOtherA:setUpClass): 201 POST http://10.180.1.21/identity/v3/users 0.128s
2025-02-19 14:47:27.510 63012 INFO tempest.lib.common.rest_client [req-90029c0e-603d-4fa6-b619-762466eabd8b req-90029c0e-603d-4fa6-b619-762466eabd8b ] Request (QuotaClassesAdminTestJSON:setUpClass): 204 PUT http://10.180.1.21/identity/v3/projects/047b943a9f874086a10dbc98c07d5eba/users/1ac3c6684ea845ed9cb516bf35d0968f/roles/479dd35198d841249af9e1f62350b158 0.026s
2025-02-19 14:47:27.511 63012 INFO tempest.lib.common.dynamic_creds [-] Dynamic test user 1ac3c6684ea845ed9cb516bf35d0968f is created with scope project and roles: ['admin']
2025-02-19 14:47:27.511 63012 INFO tempest.lib.common.dynamic_creds [-] Acquired dynamic creds: credentials: Credentials: {'domain_id': 'default', 'domain_name': 'Default', 'username': 'tempest-QuotaClassesAdminTestJSON-1539086958-project-admin', 'project_domain_id': 'default', 'project_domain_name': 'Default', 'project_id': '047b943a9f874086a10dbc98c07d5eba', 'project_name': 'tempest-QuotaClassesAdminTestJSON-1539086958', 'tenant_id': '047b943a9f874086a10dbc98c07d5eba', 'tenant_name': 'tempest-QuotaClassesAdminTestJSON-1539086958', 'user_domain_id': 'default', 'user_domain_name': 'Default', 'user_id': '1ac3c6684ea845ed9cb516bf35d0968f', 'system': None}, Network: None, Subnet: None, Router: None
2025-02-19 14:47:27.511 63012 INFO tempest.lib.common.dynamic_creds [-] Created isolated network resources for: credentials: Credentials: {'domain_id': 'default', 'domain_name': 'Default', 'username': 'tempest-QuotaClassesAdminTestJSON-1539086958-project-admin', 'project_domain_id': 'default', 'project_domain_name': 'Default', 'project_id': '047b943a9f874086a10dbc98c07d5eba', 'project_name': 'tempest-QuotaClassesAdminTestJSON-1539086958', 'tenant_id': '047b943a9f874086a10dbc98c07d5eba', 'tenant_name': 'tempest-QuotaClassesAdminTestJSON-1539086958', 'user_domain_id': 'default', 'user_domain_name': 'Default', 'user_id': '1ac3c6684ea845ed9cb516bf35d0968f', 'system': None}, Network: None, Subnet: None, Router: None
2025-02-19 14:47:27.513 63052 INFO tempest.lib.common.rest_client [req-c85e9173-7cc3-4010-bd56-f6f273b782f9 req-c85e9173-7cc3-4010-bd56-f6f273b782f9 ] Request (SecurityGroupsTestJSON:setUpClass): 201 POST http://10.180.1.21:9696/networking/v2.0/networks 0.625s
2025-02-19 14:47:27.544 63016 INFO tempest.lib.common.rest_client [req-c4dc3287-8196-4c3f-8cc0-feeed5ab04e3 req-c4dc3287-8196-4c3f-8cc0-feeed5ab04e3 ] Request (FloatingIPDetailsTestJSON:setUpClass): 200 POST http://10.180.1.21/compute/v2.1/os-floating-ips 2.557s
2025-02-19 14:47:27.565 63050 INFO tempest.lib.common.rest_client [req-57c916d3-d912-4415-8719-a0653852f98e req-57c916d3-d912-4415-8719-a0653852f98e ] Request (ServerActionsTestOtherA:setUpClass): 200 GET http://10.180.1.21/identity/v3/roles 0.078s
2025-02-19 14:47:27.674 63050 INFO tempest.lib.common.rest_client [req-dde6d99f-3d6e-42a7-814a-0f12a12c578d req-dde6d99f-3d6e-42a7-814a-0f12a12c578d ] Request (ServerActionsTestOtherA:setUpClass): 204 PUT http://10.180.1.21/identity/v3/projects/e7a6c2821f434620a88f33810a52c0f2/users/289b267f1dcd466baae0392b04879888/roles/44f292eb10a044b3b4dd14d0926e140f 0.108s
2025-02-19 14:47:27.674 63050 INFO tempest.lib.common.dynamic_creds [-] Dynamic test user 289b267f1dcd466baae0392b04879888 is created with scope project and roles: ['member']
2025-02-19 14:47:27.674 63050 INFO tempest.lib.common.dynamic_creds [-] Acquired dynamic creds: credentials: Credentials: {'domain_id': 'default', 'domain_name': 'Default', 'username': 'tempest-ServerActionsTestOtherA-2023198939-project-member', 'project_domain_id': 'default', 'project_domain_name': 'Default', 'project_id': 'e7a6c2821f434620a88f33810a52c0f2', 'project_name': 'tempest-ServerActionsTestOtherA-2023198939', 'tenant_id': 'e7a6c2821f434620a88f33810a52c0f2', 'tenant_name': 'tempest-ServerActionsTestOtherA-2023198939', 'user_domain_id': 'default', 'user_domain_name': 'Default', 'user_id': '289b267f1dcd466baae0392b04879888', 'system': None}, Network: None, Subnet: None, Router: None
2025-02-19 14:47:27.681 63012 INFO tempest.lib.common.rest_client [req-beffd074-028e-4303-a7d8-6cf3171ddc19 req-beffd074-028e-4303-a7d8-6cf3171ddc19 ] Request (QuotaClassesAdminTestJSON:setUpClass): 201 POST http://10.180.1.21/identity/v3/auth/tokens 0.167s
2025-02-19 14:47:27.694 62994 INFO tempest.lib.common.rest_client [req-200c2748-bafe-4c3f-b2b8-141d59290a08 req-200c2748-bafe-4c3f-b2b8-141d59290a08 ] Request (ImagesDeleteNegativeTestJSON:test_delete_image_negative_image_id): 404 DELETE http://10.180.1.21/compute/v2.1/images/-1 1.963s
2025-02-19 14:47:27.709 63046 INFO tempest.lib.common.rest_client [req-dbb2f38c-12a1-4621-80a3-bff305edc58c req-dbb2f38c-12a1-4621-80a3-bff305edc58c ] Request (HostsAdminNegativeTestJSON:test_show_host_detail_with_non_admin_user): 403 GET http://10.180.1.21/compute/v2.1/os-hosts/devstack 1.957s
2025-02-19 14:47:27.744 63050 INFO tempest.lib.common.rest_client [req-a8e2fa52-27a5-48dc-a3c4-192b83f5dddd req-a8e2fa52-27a5-48dc-a3c4-192b83f5dddd ] Request (ServerActionsTestOtherA:setUpClass): 201 POST http://10.180.1.21/identity/v3/auth/tokens 0.070s
2025-02-19 14:47:27.812 63052 INFO tempest.lib.common.rest_client [req-12fa052c-1e07-4a54-9b63-4a5aac66c435 req-12fa052c-1e07-4a54-9b63-4a5aac66c435 ] Request (SecurityGroupsTestJSON:setUpClass): 201 POST http://10.180.1.21:9696/networking/v2.0/subnets 0.298s
2025-02-19 14:47:27.815 63036 INFO tempest.lib.common.rest_client [req-c1926224-468f-449b-a0f9-496513b1b8cf req-c1926224-468f-449b-a0f9-496513b1b8cf ] Request (QuotasAdminNegativeTest:test_create_server_when_instances_quota_is_full): 200 GET http://10.180.1.21/compute/v2.1/os-quota-sets/dd39f89b234c4b189ea48738049fb481 2.098s
2025-02-19 14:47:27.819 62998 INFO tempest.lib.common.rest_client [req-d81e1fd2-511e-4306-8d8c-e9867f48147e req-d81e1fd2-511e-4306-8d8c-e9867f48147e ] Request (VolumesAssistedSnapshotsTest:setUpClass): 200 PUT http://10.180.1.21:9696/networking/v2.0/routers/003cfcba-78db-4ed9-9faf-d0eae15200ed/add_router_interface 2.074s
2025-02-19 14:47:27.819 62998 INFO tempest.lib.common.dynamic_creds [-] Created isolated network resources for: credentials: Credentials: {'domain_id': 'default', 'domain_name': 'Default', 'username': 'tempest-VolumesAssistedSnapshotsTest-763212908-project', 'project_domain_id': 'default', 'project_domain_name': 'Default', 'project_id': 'ece36349887c4c08a512d31bada7c65e', 'project_name': 'tempest-VolumesAssistedSnapshotsTest-763212908', 'tenant_id': 'ece36349887c4c08a512d31bada7c65e', 'tenant_name': 'tempest-VolumesAssistedSnapshotsTest-763212908', 'user_domain_id': 'default', 'user_domain_name': 'Default', 'user_id': '76e004adaefc4466b33e43c4a8bc07a7', 'system': None}, Network: {'id': '6e0971c2-0bc2-43c7-b36a-259abf44b3c3', 'name': 'tempest-VolumesAssistedSnapshotsTest-1036811944-network', 'tenant_id': 'ece36349887c4c08a512d31bada7c65e', 'admin_state_up': True, 'mtu': 8950, 'status': 'ACTIVE', 'subnets': [], 'shared': False, 'project_id': 'ece36349887c4c08a512d31bada7c65e', 'port_security_enabled': True, 'router:external': False, 'provider:network_type': 'vlan', 'provider:physical_network': 'default', 'provider:segmentation_id': 365, 'availability_zone_hints': [], 'availability_zones': [], 'ipv4_address_scope': None, 'ipv6_address_scope': None, 'description': '', 'tags': [], 'created_at': '2025-02-19T14:47:23Z', 'updated_at': '2025-02-19T14:47:23Z', 'revision_number': 1}, Subnet: {'id': '3da898c6-28bc-4222-8cd7-bdd602ea186f', 'name': 'tempest-VolumesAssistedSnapshotsTest-1036811944-subnet', 'tenant_id': 'ece36349887c4c08a512d31bada7c65e', 'network_id': '6e0971c2-0bc2-43c7-b36a-259abf44b3c3', 'ip_version': 4, 'subnetpool_id': None, 'enable_dhcp': True, 'ipv6_ra_mode': None, 'ipv6_address_mode': None, 'gateway_ip': '192.168.128.1', 'cidr': '192.168.128.0/28', 'allocation_pools': [{'start': '192.168.128.2', 'end': '192.168.128.14'}], 'host_routes': [], 'dns_nameservers': [], 'description': '', 'router:external': False, 'service_types': [], 'tags': [], 'created_at': '2025-02-19T14:47:23Z', 'updated_at': '2025-02-19T14:47:23Z', 'revision_number': 0, 'project_id': 'ece36349887c4c08a512d31bada7c65e'}, Router: {'id': '003cfcba-78db-4ed9-9faf-d0eae15200ed', 'name': 'tempest-VolumesAssistedSnapshotsTest-1036811944-router', 'tenant_id': 'ece36349887c4c08a512d31bada7c65e', 'admin_state_up': True, 'status': 'ACTIVE', 'external_gateway_info': {'network_id': '5a99d2cc-8c90-4248-bcfb-7350e6558ae2', 'external_fixed_ips': [{'subnet_id': '92a9b299-f70e-4a2a-8e60-5f36dfe639c1', 'ip_address': '10.180.180.153'}], 'enable_snat': True}, 'description': '', 'availability_zones': [], 'distributed': False, 'ha': False, 'availability_zone_hints': [], 'routes': [], 'flavor_id': None, 'tags': [], 'created_at': '2025-02-19T14:47:24Z', 'updated_at': '2025-02-19T14:47:25Z', 'revision_number': 2, 'project_id': 'ece36349887c4c08a512d31bada7c65e'}
2025-02-19 14:47:27.826 63002 INFO tempest.lib.common.rest_client [req-a401afda-34e3-4850-a856-843f5efbf7a3 req-a401afda-34e3-4850-a856-843f5efbf7a3 ] Request (HypervisorAdminNegativeTestJSON:test_get_hypervisor_uptime_with_non_admin_user): 403 GET http://10.180.1.21/compute/v2.1/os-hypervisors/1/uptime 1.920s
2025-02-19 14:47:27.846 63032 INFO tempest.lib.common.rest_client [req-c2358f81-6b4b-4add-a8ab-6276397c7e02 req-c2358f81-6b4b-4add-a8ab-6276397c7e02 ] Request (HypervisorAdminTestJSON:test_get_hypervisor_stats): 200 GET http://10.180.1.21/compute/v2.1/os-hypervisors/statistics 1.836s
2025-02-19 14:47:27.861 63010 INFO tempest.lib.common.rest_client [req-b5935a6b-c1d7-46a6-a26e-6a4b796097a5 req-b5935a6b-c1d7-46a6-a26e-6a4b796097a5 ] Request (AggregatesAdminNegativeTestJSON:_run_cleanups): 200 POST http://10.180.1.21/compute/v2.1/os-aggregates/1/action 2.059s
2025-02-19 14:47:27.913 62998 INFO tempest.lib.common.rest_client [req-65599767-484d-4ec6-b26d-f2f11c3ddcc0 req-65599767-484d-4ec6-b26d-f2f11c3ddcc0 ] Request (VolumesAssistedSnapshotsTest:setUpClass): 201 POST http://10.180.1.21/identity/v3/auth/tokens 0.090s
2025-02-19 14:47:27.958 63028 INFO tempest.lib.common.rest_client [req-36e16176-2d82-4c2b-92e6-a3f80e18ef80 req-36e16176-2d82-4c2b-92e6-a3f80e18ef80 ] Request (ServersWithSpecificFlavorTestJSON:test_verify_created_server_ephemeral_disk): 200 POST http://10.180.1.21/compute/v2.1/flavors 1.862s
2025-02-19 14:47:28.025 63032 INFO tempest.lib.common.rest_client [req-eb546605-d28f-4c24-a0eb-1a152c871aae req-eb546605-d28f-4c24-a0eb-1a152c871aae ] Request (HypervisorAdminTestJSON:tearDownClass): 204 DELETE http://10.180.1.21/identity/v3/users/91b19ea115f54a579d64d2bf9a880f8e 0.175s
2025-02-19 14:47:28.054 63044 INFO tempest.lib.common.rest_client [req-82642469-ee27-48e8-9e0c-a3f84c8cb3ce req-82642469-ee27-48e8-9e0c-a3f84c8cb3ce ] Request (InstanceActionsTestJSON:setUpClass): 200 GET http://10.180.1.21/compute/v2.1/servers/f96581fd-030c-47c5-9867-c1a105dd4342 1.669s
2025-02-19 14:47:28.071 63031 INFO tempest.lib.common.rest_client [req-571a2c23-e655-4d02-954f-37be7c34f29d req-571a2c23-e655-4d02-954f-37be7c34f29d ] Request (FlavorsV2TestJSON:test_list_flavors_detailed_filter_by_min_disk): 200 GET http://10.180.1.21/compute/v2.1/flavors/42 1.661s
2025-02-19 14:47:28.134 62996 INFO tempest.lib.common.rest_client [req-1f6c9b3e-276b-4a4b-b169-61068617c841 req-1f6c9b3e-276b-4a4b-b169-61068617c841 ] Request (TenantUsagesTestJSON:setUpClass): 200 GET http://10.180.1.21/compute/v2.1/servers/28d69dc0-9b04-44f3-86d0-aa0e2742be6c 1.688s
2025-02-19 14:47:28.135 63022 INFO tempest.lib.common.rest_client [req-1c291ba2-523f-4db8-bfca-22dff106ad2a req-1c291ba2-523f-4db8-bfca-22dff106ad2a ] Request (ServersAdminNegativeTestJSON:setUpClass): 200 GET http://10.180.1.21/compute/v2.1/servers/2d550d8e-b282-4817-b754-f5d390df6aa9 1.828s
2025-02-19 14:47:28.152 63022 INFO tempest.common.waiters [-] State transition "BUILD/None" ==> "BUILD/block_device_mapping" after 6 second wait
2025-02-19 14:47:28.165 63032 INFO tempest.lib.common.rest_client [req-fd632301-c23c-4009-bdc7-2060251d19cd req-fd632301-c23c-4009-bdc7-2060251d19cd ] Request (HypervisorAdminTestJSON:tearDownClass): 204 DELETE http://10.180.1.21/identity/v3/users/4691b6e08f494cb89ef9066d7bc5f168 0.136s
2025-02-19 14:47:28.166 63032 INFO tempest.lib.common.dynamic_creds [-] Deleting project and security group for project: 475d0797d37544db84fd0f1ac0e650bf
2025-02-19 14:47:28.344 63032 INFO tempest.lib.common.rest_client [req-32262c0d-243d-4b40-8e8d-12a925f9f79e req-32262c0d-243d-4b40-8e8d-12a925f9f79e ] Request (HypervisorAdminTestJSON:tearDownClass): 201 POST http://10.180.1.21/identity/v3/auth/tokens 0.177s
2025-02-19 14:47:28.346 63042 INFO tempest.lib.common.rest_client [req-fdb2495f-f85c-4abb-a3b1-56be917e2279 req-fdb2495f-f85c-4abb-a3b1-56be917e2279 ] Request (ServicesAdminNegativeV253TestJSON:test_disable_log_reason_with_invalid_service_id): 404 PUT http://10.180.1.21/compute/v2.1/os-services/2aeebbfa-1e3f-40e9-9337-277062f61c7a 1.852s
2025-02-19 14:47:28.425 63004 INFO tempest.lib.common.rest_client [req-d45c00c0-681c-41d8-ae61-1092a76eae48 req-d45c00c0-681c-41d8-ae61-1092a76eae48 ] Request (ServersV294TestFqdnHostnames:setUpClass): 200 GET http://10.180.1.21/compute/v2.1/servers/09b94789-2ace-4ecc-8374-e9800e4713e1 1.859s
2025-02-19 14:47:28.486 63056 INFO tempest.lib.common.rest_client [req-9b82b408-08cc-4cb7-883b-9358c6296117 req-9b82b408-08cc-4cb7-883b-9358c6296117 ] Request (ImagesTestJSON:test_create_image_from_stopped_server): 200 GET http://10.180.1.21/compute/v2.1/servers/0d25425e-762a-4376-bbc2-ff7ae80c4248 1.830s
2025-02-19 14:47:28.490 62998 INFO tempest.lib.common.rest_client [req-698019a6-f0fb-4d14-bd34-55268c17b88b req-698019a6-f0fb-4d14-bd34-55268c17b88b ] Request (VolumesAssistedSnapshotsTest:test_volume_assisted_snapshot_create_delete): 202 POST http://10.180.1.21/volume/v3/volumes 0.575s
2025-02-19 14:47:28.562 62998 INFO tempest.lib.common.rest_client [req-522f3a23-28a2-45e1-b1cb-a4201abbf2a6 req-522f3a23-28a2-45e1-b1cb-a4201abbf2a6 ] Request (VolumesAssistedSnapshotsTest:test_volume_assisted_snapshot_create_delete): 200 GET http://10.180.1.21/volume/v3/volumes/9cc0f814-cce4-47b7-a6d2-f3589a698e81 0.065s
2025-02-19 14:47:28.570 63050 INFO tempest.lib.common.rest_client [req-d7b11167-d815-4152-a350-826a16096cc7 req-d7b11167-d815-4152-a350-826a16096cc7 ] Request (ServerActionsTestOtherA:setUpClass): 201 POST http://10.180.1.21:9696/networking/v2.0/networks 0.825s
2025-02-19 14:47:28.828 63032 INFO tempest.lib.common.rest_client [req-4e1a9870-3508-42ee-bec8-59d1af46288f req-4e1a9870-3508-42ee-bec8-59d1af46288f ] Request (HypervisorAdminTestJSON:tearDownClass): 200 GET http://10.180.1.21:9696/networking/v2.0/security-groups?tenant_id=475d0797d37544db84fd0f1ac0e650bf&name=default 0.484s
2025-02-19 14:47:28.836 63054 INFO tempest.lib.common.rest_client [req-ea146441-e6ff-4800-bb24-33fc493a1d20 req-ea146441-e6ff-4800-bb24-33fc493a1d20 ] Request (ServersAdminTestJSON:setUpClass): 202 POST http://10.180.1.21/compute/v2.1/servers 2.000s
2025-02-19 14:47:28.943 63032 INFO tempest.lib.common.rest_client [req-dfdeb691-b05f-4078-9f64-1e0caa4c34b2 req-dfdeb691-b05f-4078-9f64-1e0caa4c34b2 ] Request (HypervisorAdminTestJSON:tearDownClass): 204 DELETE http://10.180.1.21:9696/networking/v2.0/security-groups/59ab2385-7c25-495f-b7f0-afb47ad0ac1c 0.112s
2025-02-19 14:47:28.984 63000 INFO tempest.lib.common.rest_client [req-6dfb7826-30cf-418e-b4e9-e717190bca2f req-6dfb7826-30cf-418e-b4e9-e717190bca2f ] Request (MigrationsAdminTest:test_list_migrations_in_flavor_resize_situation): 200 GET http://10.180.1.21/compute/v2.1/servers/7f5037bd-1a7d-444b-9cae-9a4e3d07c280 1.998s
2025-02-19 14:47:29.022 63032 INFO tempest.lib.common.rest_client [req-d56d9459-2cfa-4965-b46d-9e999842934a req-d56d9459-2cfa-4965-b46d-9e999842934a ] Request (HypervisorAdminTestJSON:tearDownClass): 204 DELETE http://10.180.1.21/identity/v3/projects/475d0797d37544db84fd0f1ac0e650bf 0.078s
2025-02-19 14:47:29.022 63032 INFO tempest.lib.common.dynamic_creds [-] Deleting project and security group for project: 3635d5e29d3142aead380117b5fdf155
2025-02-19 14:47:29.027 63034 INFO tempest.lib.common.rest_client [req-a1165882-1d08-4f91-8b84-00125e5fe44e req-a1165882-1d08-4f91-8b84-00125e5fe44e ] Request (DeleteServersTestJSON:test_delete_active_server): 202 POST http://10.180.1.21/compute/v2.1/servers 2.564s
2025-02-19 14:47:29.092 63020 INFO tempest.lib.common.rest_client [req-9061ca48-1cc9-49f7-a35d-68c8db1af351 req-9061ca48-1cc9-49f7-a35d-68c8db1af351 ] Request (ServerDiagnosticsV248Test:test_get_server_diagnostics): 200 GET http://10.180.1.21/compute/v2.1/servers/d72cb155-ff74-49df-b633-b72ac4142f74 1.798s
2025-02-19 14:47:29.103 63050 INFO tempest.lib.common.rest_client [req-d74257cf-c921-496b-9ac3-c52dba7a2376 req-d74257cf-c921-496b-9ac3-c52dba7a2376 ] Request (ServerActionsTestOtherA:setUpClass): 201 POST http://10.180.1.21:9696/networking/v2.0/subnets 0.532s
2025-02-19 14:47:29.108 63048 INFO tempest.lib.common.rest_client [req-6e6929f4-b31b-42c9-8df1-3f3c433ff192 req-6e6929f4-b31b-42c9-8df1-3f3c433ff192 ] Request (QuotasAdminTestJSON:test_get_default_quotas): 200 GET http://10.180.1.21/compute/v2.1/os-quota-sets/d9ef385bf2e44e11ad046e96d7ff56d8/defaults 2.041s
2025-02-19 14:47:29.118 63018 INFO tempest.lib.common.rest_client [req-f05dcfb9-a49d-4ad2-8bd7-bc35a26b04e0 req-f05dcfb9-a49d-4ad2-8bd7-bc35a26b04e0 ] Request (FlavorsAccessNegativeTestJSON:_run_cleanups): 202 DELETE http://10.180.1.21/compute/v2.1/flavors/1801075339 1.794s
2025-02-19 14:47:29.139 63014 INFO tempest.lib.common.rest_client [req-61c4ac6c-937f-4ddd-bbe2-7b6105ca199e req-61c4ac6c-937f-4ddd-bbe2-7b6105ca199e ] Request (FlavorsAccessTestJSON:_run_cleanups): 202 DELETE http://10.180.1.21/compute/v2.1/flavors/1245917366 1.770s
2025-02-19 14:47:29.144 63008 INFO tempest.lib.common.rest_client [req-9af89561-1cc3-4a5b-b17e-d74c85a44004 req-9af89561-1cc3-4a5b-b17e-d74c85a44004 ] Request (FlavorsExtraSpecsNegativeTestJSON:test_flavor_non_admin_update_specific_key): 200 POST http://10.180.1.21/compute/v2.1/flavors/1543412686/os-extra_specs 1.810s
2025-02-19 14:47:29.151 63052 INFO tempest.lib.common.rest_client [req-a9604997-9a59-4d99-9c2b-790b85487f6f req-a9604997-9a59-4d99-9c2b-790b85487f6f ] Request (SecurityGroupsTestJSON:setUpClass): 201 POST http://10.180.1.21:9696/networking/v2.0/routers 1.339s
2025-02-19 14:47:29.159 63048 INFO tempest.lib.common.rest_client [req-641a0160-ebda-4626-981a-56d634bf08ab req-641a0160-ebda-4626-981a-56d634bf08ab ] Request (QuotasAdminTestJSON:test_get_updated_quotas): 200 GET http://10.180.1.21/identity/v3/domains?name=Default 0.047s
2025-02-19 14:47:29.177 63006 INFO tempest.lib.common.rest_client [req-3523c8c4-cf1f-472d-87d2-289a1242cf5f req-3523c8c4-cf1f-472d-87d2-289a1242cf5f ] Request (FlavorsV261TestJSON:_run_cleanups): 200 GET http://10.180.1.21/compute/v2.1/flavors/detail 1.789s
2025-02-19 14:47:29.192 63048 INFO tempest.lib.common.rest_client [req-af4485c3-53a5-4305-b0c3-5120a1c133f3 req-af4485c3-53a5-4305-b0c3-5120a1c133f3 ] Request (QuotasAdminTestJSON:test_get_updated_quotas): 201 POST http://10.180.1.21/identity/v3/projects 0.032s
2025-02-19 14:47:29.197 63040 INFO tempest.lib.common.rest_client [req-5a0d19b9-5562-4fde-81ed-4a9fd0f798f4 req-5a0d19b9-5562-4fde-81ed-4a9fd0f798f4 ] Request (KeyPairsV210TestJSON:_run_cleanups): 204 DELETE http://10.180.1.21/compute/v2.1/os-keypairs/tempest-KeyPairsV210TestJSON-keypair-804179206 1.795s
2025-02-19 14:47:29.217 63026 INFO tempest.lib.common.rest_client [req-78d457a1-ca97-4512-9e82-5f8240820085 req-78d457a1-ca97-4512-9e82-5f8240820085 ] Request (FlavorsExtraSpecsTestJSON:test_flavor_set_get_update_show_unset_keys): 200 POST http://10.180.1.21/compute/v2.1/flavors/882035139/os-extra_specs 1.794s
2025-02-19 14:47:29.233 63038 INFO tempest.lib.common.rest_client [req-244ae410-9d88-430d-a615-c69151fbb8f1 req-244ae410-9d88-430d-a615-c69151fbb8f1 ] Request (FlavorsV255TestJSON:_run_cleanups): 202 DELETE http://10.180.1.21/compute/v2.1/flavors/1067195479 1.775s
2025-02-19 14:47:29.232 63024 INFO tempest.lib.common.rest_client [req-6bd08560-c482-4355-a524-303f9fa2c44c req-6bd08560-c482-4355-a524-303f9fa2c44c ] Request (ListServerFiltersTestJSON:setUpClass): 200 GET http://10.180.1.21/compute/v2.1/servers/fc58a6a3-d047-49a3-b758-0f191dd23c47 1.844s
2025-02-19 14:47:29.256 62994 INFO tempest.lib.common.rest_client [req-e04c0fa5-392e-4d9c-9767-2af31a224fea req-e04c0fa5-392e-4d9c-9767-2af31a224fea ] Request (ImagesDeleteNegativeTestJSON:test_delete_image_non_hex_string_id): 404 DELETE http://10.180.1.21/compute/v2.1/images/b43c914d-eda2-479d-bd9f-d5317fca902j 1.561s
2025-02-19 14:47:29.267 63048 INFO tempest.lib.common.rest_client [req-584f6ed2-58e8-478a-8913-6d5a850d0333 req-584f6ed2-58e8-478a-8913-6d5a850d0333 ] Request (QuotasAdminTestJSON:test_get_updated_quotas): 200 GET http://10.180.1.21/identity/v3/domains?name=Default 0.075s
2025-02-19 14:47:29.270 63046 INFO tempest.lib.common.rest_client [req-384e0dfc-b0f6-4209-a179-a0acc86ab235 req-384e0dfc-b0f6-4209-a179-a0acc86ab235 ] Request (HostsAdminNegativeTestJSON:test_show_host_detail_with_nonexistent_hostname): 404 GET http://10.180.1.21/compute/v2.1/os-hosts/nonexistent_hostname 1.560s
2025-02-19 14:47:29.271 63032 INFO tempest.lib.common.rest_client [req-b85176e8-6b6e-4ee2-8548-1ce8a4b99259 req-b85176e8-6b6e-4ee2-8548-1ce8a4b99259 ] Request (HypervisorAdminTestJSON:tearDownClass): 200 GET http://10.180.1.21:9696/networking/v2.0/security-groups?tenant_id=3635d5e29d3142aead380117b5fdf155&name=default 0.247s
2025-02-19 14:47:29.326 63006 INFO tempest.lib.common.rest_client [req-1d1ddd66-da8b-4ef5-91f7-74cbba3133be req-1d1ddd66-da8b-4ef5-91f7-74cbba3133be ] Request (FlavorsV261TestJSON:tearDownClass): 204 DELETE http://10.180.1.21/identity/v3/users/b5ca31ea64f7453d9e9f548737cd8d95 0.137s
2025-02-19 14:47:29.419 63032 INFO tempest.lib.common.rest_client [req-44558d24-bea1-4837-b75c-ec8e46376f6b req-44558d24-bea1-4837-b75c-ec8e46376f6b ] Request (HypervisorAdminTestJSON:tearDownClass): 204 DELETE http://10.180.1.21:9696/networking/v2.0/security-groups/fb5e2fee-9397-4d62-834f-93f8b4aca0b6 0.147s
2025-02-19 14:47:29.432 63006 INFO tempest.lib.common.rest_client [req-0159fa35-a9b0-4109-a79c-5c13087a27e0 req-0159fa35-a9b0-4109-a79c-5c13087a27e0 ] Request (FlavorsV261TestJSON:tearDownClass): 204 DELETE http://10.180.1.21/identity/v3/users/36227c61e4dd47d7af74487b2206e1c4 0.105s
2025-02-19 14:47:29.432 63006 INFO tempest.lib.common.dynamic_creds [-] Deleting project and security group for project: 4d244e34ca3641478cc9f051cbc53eb5
2025-02-19 14:47:29.452 63036 INFO tempest.lib.common.rest_client [req-8dcc4221-d6a9-40aa-9d45-466373541b9d req-8dcc4221-d6a9-40aa-9d45-466373541b9d ] Request (QuotasAdminNegativeTest:test_create_server_when_instances_quota_is_full): 200 PUT http://10.180.1.21/compute/v2.1/os-quota-sets/dd39f89b234c4b189ea48738049fb481 1.634s
2025-02-19 14:47:29.459 63002 INFO tempest.lib.common.rest_client [req-ffc2a667-360b-4bca-b275-5c5e585a51b3 req-ffc2a667-360b-4bca-b275-5c5e585a51b3 ] Request (HypervisorAdminNegativeTestJSON:test_get_nonexistent_hypervisor_uptime): 404 GET http://10.180.1.21/compute/v2.1/os-hypervisors/29fe0282-6867-47db-b556-9cfe980c040f/uptime 1.632s
2025-02-19 14:47:29.481 63010 INFO tempest.lib.common.rest_client [req-28c41c48-96fa-4e52-bfc6-11d45acf7da7 req-28c41c48-96fa-4e52-bfc6-11d45acf7da7 ] Request (AggregatesAdminNegativeTestJSON:_run_cleanups): 200 DELETE http://10.180.1.21/compute/v2.1/os-aggregates/1 1.617s
2025-02-19 14:47:29.499 63006 INFO tempest.lib.common.rest_client [req-29c934c6-08f3-4370-8f3c-3e0e8f0b2f09 req-29c934c6-08f3-4370-8f3c-3e0e8f0b2f09 ] Request (FlavorsV261TestJSON:tearDownClass): 201 POST http://10.180.1.21/identity/v3/auth/tokens 0.066s
2025-02-19 14:47:29.515 63032 INFO tempest.lib.common.rest_client [req-2917e4c1-cfd9-41d0-bb58-38079c5721d4 req-2917e4c1-cfd9-41d0-bb58-38079c5721d4 ] Request (HypervisorAdminTestJSON:tearDownClass): 204 DELETE http://10.180.1.21/identity/v3/projects/3635d5e29d3142aead380117b5fdf155 0.096s
2025-02-19 14:47:29.519 63032 INFO tempest.test [-] raised in LiveMigrationTest.setUpClass. Invoking tearDownClass.
2025-02-19 14:47:29.588 63036 INFO tempest.lib.common.rest_client [req-f13509ef-8de0-4a22-9ac8-d41ebe3af96b req-f13509ef-8de0-4a22-9ac8-d41ebe3af96b ] Request (QuotasAdminNegativeTest:test_create_server_when_instances_quota_is_full): 201 POST http://10.180.1.21/identity/v3/auth/tokens 0.129s
2025-02-19 14:47:29.591 63036 INFO tempest.lib.common.fixed_network [-] (QuotasAdminNegativeTest:test_create_server_when_instances_quota_is_full) Found network None available for tenant
2025-02-19 14:47:29.675 62998 INFO tempest.lib.common.rest_client [req-add354ff-a64d-485c-aa4e-a8494771194e req-add354ff-a64d-485c-aa4e-a8494771194e ] Request (VolumesAssistedSnapshotsTest:test_volume_assisted_snapshot_create_delete): 200 GET http://10.180.1.21/volume/v3/volumes/9cc0f814-cce4-47b7-a6d2-f3589a698e81 0.099s
2025-02-19 14:47:29.680 63032 INFO tempest.lib.common.rest_client [req-61a5fa52-630c-4b3d-a626-6ad2866c7213 req-61a5fa52-630c-4b3d-a626-6ad2866c7213 ] Request (QuotasAdminTestV236:setUpClass): 201 POST http://10.180.1.21/identity/v3/auth/tokens 0.158s
2025-02-19 14:47:29.688 62998 INFO tempest.common.waiters [-] volume 9cc0f814-cce4-47b7-a6d2-f3589a698e81 reached available after waiting for 1.688437 seconds
2025-02-19 14:47:29.702 63028 INFO tempest.lib.common.rest_client [req-73b265d5-e111-4fe6-8797-9facf9c68ae0 req-73b265d5-e111-4fe6-8797-9facf9c68ae0 ] Request (ServersWithSpecificFlavorTestJSON:test_verify_created_server_ephemeral_disk): 200 GET http://10.180.1.21/compute/v2.1/flavors/42/os-extra_specs 1.741s
2025-02-19 14:47:29.723 63032 INFO tempest.lib.common.rest_client [req-f223f6b7-d152-4cb6-aef5-684d0e92d72d req-f223f6b7-d152-4cb6-aef5-684d0e92d72d ] Request (QuotasAdminTestV236:setUpClass): 201 POST http://10.180.1.21/identity/v3/auth/tokens 0.040s
2025-02-19 14:47:29.740 63031 INFO tempest.lib.common.rest_client [req-0cbfd2ea-4680-44b6-9ee1-643c6bb695c0 req-0cbfd2ea-4680-44b6-9ee1-643c6bb695c0 ] Request (FlavorsV2TestJSON:test_list_flavors_detailed_filter_by_min_disk): 200 GET http://10.180.1.21/compute/v2.1/flavors/detail?minDisk=2 1.664s
2025-02-19 14:47:29.755 63032 INFO tempest.lib.common.rest_client [req-15c5b485-6826-4643-8c81-58b096b53b60 req-15c5b485-6826-4643-8c81-58b096b53b60 ] Request (QuotasAdminTestV236:setUpClass): 200 GET http://10.180.1.21/identity/v3/domains?name=Default 0.031s
2025-02-19 14:47:29.762 63042 INFO tempest.lib.common.rest_client [req-461d517b-c204-4dda-8da3-b94108bbbdc7 req-461d517b-c204-4dda-8da3-b94108bbbdc7 ] Request (ServicesAdminNegativeV253TestJSON:test_disable_service_with_invalid_service_id): 404 PUT http://10.180.1.21/compute/v2.1/os-services/2aeebbfa-1e3f-40e9-9337-277062f61c7a 1.414s
2025-02-19 14:47:29.796 63032 INFO tempest.lib.common.rest_client [req-0bb94c57-3a85-4856-b868-badb787b75fc req-0bb94c57-3a85-4856-b868-badb787b75fc ] Request (QuotasAdminTestV236:setUpClass): 201 POST http://10.180.1.21/identity/v3/projects 0.041s
2025-02-19 14:47:29.841 63054 INFO tempest.lib.common.rest_client [req-18c209e5-2bf7-4057-956b-bbc54375fdbc req-18c209e5-2bf7-4057-956b-bbc54375fdbc ] Request (ServersAdminTestJSON:setUpClass): 200 GET http://10.180.1.21/compute/v2.1/servers/e97a5632-4c48-405b-bfba-77d08f2943fb 1.003s
2025-02-19 14:47:29.865 63032 INFO tempest.lib.common.rest_client [req-a0752ecd-5d36-46c4-ad0e-b395b97ec8ae req-a0752ecd-5d36-46c4-ad0e-b395b97ec8ae ] Request (QuotasAdminTestV236:setUpClass): 201 POST http://10.180.1.21/identity/v3/users 0.068s
2025-02-19 14:47:29.899 63032 INFO tempest.lib.common.rest_client [req-4ad6f441-ac09-431f-a5ee-3ec514643d97 req-4ad6f441-ac09-431f-a5ee-3ec514643d97 ] Request (QuotasAdminTestV236:setUpClass): 200 GET http://10.180.1.21/identity/v3/roles 0.034s
2025-02-19 14:47:29.943 63032 INFO tempest.lib.common.rest_client [req-52f1f828-8edd-4161-9342-f1ba3356791b req-52f1f828-8edd-4161-9342-f1ba3356791b ] Request (QuotasAdminTestV236:setUpClass): 204 PUT http://10.180.1.21/identity/v3/projects/9769d55a0c5b4ae2ae1974f2aa814e30/users/20892c347be9463d94d90baf17ec9c3e/roles/44f292eb10a044b3b4dd14d0926e140f 0.043s
2025-02-19 14:47:29.943 63032 INFO tempest.lib.common.dynamic_creds [-] Dynamic test user 20892c347be9463d94d90baf17ec9c3e is created with scope project and roles: ['member']
2025-02-19 14:47:29.943 63032 INFO tempest.lib.common.dynamic_creds [-] Acquired dynamic creds: credentials: Credentials: {'domain_id': 'default', 'domain_name': 'Default', 'username': 'tempest-QuotasAdminTestV236-156361120-project-member', 'project_domain_id': 'default', 'project_domain_name': 'Default', 'project_id': '9769d55a0c5b4ae2ae1974f2aa814e30', 'project_name': 'tempest-QuotasAdminTestV236-156361120', 'tenant_id': '9769d55a0c5b4ae2ae1974f2aa814e30', 'tenant_name': 'tempest-QuotasAdminTestV236-156361120', 'user_domain_id': 'default', 'user_domain_name': 'Default', 'user_id': '20892c347be9463d94d90baf17ec9c3e', 'system': None}, Network: None, Subnet: None, Router: None
2025-02-19 14:47:29.943 63032 INFO tempest.lib.common.dynamic_creds [-] Created isolated network resources for: credentials: Credentials: {'domain_id': 'default', 'domain_name': 'Default', 'username': 'tempest-QuotasAdminTestV236-156361120-project-member', 'project_domain_id': 'default', 'project_domain_name': 'Default', 'project_id': '9769d55a0c5b4ae2ae1974f2aa814e30', 'project_name': 'tempest-QuotasAdminTestV236-156361120', 'tenant_id': '9769d55a0c5b4ae2ae1974f2aa814e30', 'tenant_name': 'tempest-QuotasAdminTestV236-156361120', 'user_domain_id': 'default', 'user_domain_name': 'Default', 'user_id': '20892c347be9463d94d90baf17ec9c3e', 'system': None}, Network: None, Subnet: None, Router: None
2025-02-19 14:47:29.970 63034 INFO tempest.lib.common.rest_client [req-2dba1703-81c8-4985-8924-156a6106d360 req-2dba1703-81c8-4985-8924-156a6106d360 ] Request (DeleteServersTestJSON:test_delete_active_server): 200 GET http://10.180.1.21/compute/v2.1/servers/6cd6aa3c-32c9-4f57-ba28-1ea85271c983 0.941s
2025-02-19 14:47:30.042 63032 INFO tempest.lib.common.rest_client [req-a522d3bb-460e-4be6-a058-251baf2b03a0 req-a522d3bb-460e-4be6-a058-251baf2b03a0 ] Request (QuotasAdminTestV236:setUpClass): 201 POST http://10.180.1.21/identity/v3/auth/tokens 0.093s
2025-02-19 14:47:30.052 63044 INFO tempest.lib.common.rest_client [req-7d16b1b7-fc3d-4f6d-a34f-e29f6b2bba51 req-7d16b1b7-fc3d-4f6d-a34f-e29f6b2bba51 ] Request (InstanceActionsTestJSON:setUpClass): 200 GET http://10.180.1.21/compute/v2.1/servers/f96581fd-030c-47c5-9867-c1a105dd4342 0.991s
2025-02-19 14:47:30.096 63018 INFO tempest.lib.common.rest_client [req-7ba739de-db55-44c5-a718-a5f97326d7ff req-7ba739de-db55-44c5-a718-a5f97326d7ff ] Request (FlavorsAccessNegativeTestJSON:_run_cleanups): 200 GET http://10.180.1.21/compute/v2.1/flavors/detail 0.977s
2025-02-19 14:47:30.125 63006 INFO tempest.lib.common.rest_client [req-a3cd9952-47ce-4c8a-8a13-e769c5383d5d req-a3cd9952-47ce-4c8a-8a13-e769c5383d5d ] Request (FlavorsV261TestJSON:tearDownClass): 200 GET http://10.180.1.21:9696/networking/v2.0/security-groups?tenant_id=4d244e34ca3641478cc9f051cbc53eb5&name=default 0.624s
2025-02-19 14:47:30.134 63032 INFO tempest.lib.common.rest_client [req-fc783f53-3466-4d97-8806-ac976fd782da req-fc783f53-3466-4d97-8806-ac976fd782da ] Request (QuotasAdminTestV236:setUpClass): 201 POST http://10.180.1.21/identity/v3/projects 0.091s
2025-02-19 14:47:30.134 63014 INFO tempest.lib.common.rest_client [req-cf65308b-2c68-4667-8502-8b22db559e4c req-cf65308b-2c68-4667-8502-8b22db559e4c ] Request (FlavorsAccessTestJSON:_run_cleanups): 200 GET http://10.180.1.21/compute/v2.1/flavors/detail 0.994s
2025-02-19 14:47:30.143 63008 INFO tempest.lib.common.rest_client [req-17f9dd9e-9f25-4736-a693-42960ce45600 req-17f9dd9e-9f25-4736-a693-42960ce45600 ] Request (FlavorsExtraSpecsNegativeTestJSON:test_flavor_non_admin_update_specific_key): 403 PUT http://10.180.1.21/compute/v2.1/flavors/1543412686/os-extra_specs/hw:numa_nodes 0.998s
2025-02-19 14:47:30.216 63032 INFO tempest.lib.common.rest_client [req-b9e20e09-881d-44ac-a2c6-2fcfeaebb7ae req-b9e20e09-881d-44ac-a2c6-2fcfeaebb7ae ] Request (QuotasAdminTestV236:setUpClass): 201 POST http://10.180.1.21/identity/v3/users 0.082s
2025-02-19 14:47:30.241 63032 INFO tempest.lib.common.rest_client [req-ca2ade9d-47f6-4901-ae20-79298f5399cc req-ca2ade9d-47f6-4901-ae20-79298f5399cc ] Request (QuotasAdminTestV236:setUpClass): 200 GET http://10.180.1.21/identity/v3/roles 0.025s
2025-02-19 14:47:30.275 63032 INFO tempest.lib.common.rest_client [req-d28aed20-e532-4988-9a57-72d8f985ff1a req-d28aed20-e532-4988-9a57-72d8f985ff1a ] Request (QuotasAdminTestV236:setUpClass): 204 PUT http://10.180.1.21/identity/v3/projects/75e1a49c8e7546d9a27c805907b30e06/users/c94f68680c524daab73d685f0c619034/roles/479dd35198d841249af9e1f62350b158 0.033s
2025-02-19 14:47:30.333 63032 INFO tempest.lib.common.rest_client [req-75a361e0-609e-4dd8-a9f5-3ef7c24b6825 req-75a361e0-609e-4dd8-a9f5-3ef7c24b6825 ] Request (QuotasAdminTestV236:setUpClass): 200 GET http://10.180.1.21/identity/v3/roles 0.057s
2025-02-19 14:47:30.354 63032 INFO tempest.lib.common.rest_client [req-421d74da-4d4a-4587-9aba-6870dca7e342 req-421d74da-4d4a-4587-9aba-6870dca7e342 ] Request (QuotasAdminTestV236:setUpClass): 204 PUT http://10.180.1.21/identity/v3/projects/75e1a49c8e7546d9a27c805907b30e06/users/c94f68680c524daab73d685f0c619034/roles/479dd35198d841249af9e1f62350b158 0.021s
2025-02-19 14:47:30.355 63032 INFO tempest.lib.common.dynamic_creds [-] Dynamic test user c94f68680c524daab73d685f0c619034 is created with scope project and roles: ['admin']
2025-02-19 14:47:30.355 63032 INFO tempest.lib.common.dynamic_creds [-] Acquired dynamic creds: credentials: Credentials: {'domain_id': 'default', 'domain_name': 'Default', 'username': 'tempest-QuotasAdminTestV236-1401789061-project-admin', 'project_domain_id': 'default', 'project_domain_name': 'Default', 'project_id': '75e1a49c8e7546d9a27c805907b30e06', 'project_name': 'tempest-QuotasAdminTestV236-1401789061', 'tenant_id': '75e1a49c8e7546d9a27c805907b30e06', 'tenant_name': 'tempest-QuotasAdminTestV236-1401789061', 'user_domain_id': 'default', 'user_domain_name': 'Default', 'user_id': 'c94f68680c524daab73d685f0c619034', 'system': None}, Network: None, Subnet: None, Router: None
2025-02-19 14:47:30.355 63032 INFO tempest.lib.common.dynamic_creds [-] Created isolated network resources for: credentials: Credentials: {'domain_id': 'default', 'domain_name': 'Default', 'username': 'tempest-QuotasAdminTestV236-1401789061-project-admin', 'project_domain_id': 'default', 'project_domain_name': 'Default', 'project_id': '75e1a49c8e7546d9a27c805907b30e06', 'project_name': 'tempest-QuotasAdminTestV236-1401789061', 'tenant_id': '75e1a49c8e7546d9a27c805907b30e06', 'tenant_name': 'tempest-QuotasAdminTestV236-1401789061', 'user_domain_id': 'default', 'user_domain_name': 'Default', 'user_id': 'c94f68680c524daab73d685f0c619034', 'system': None}, Network: None, Subnet: None, Router: None
2025-02-19 14:47:30.435 63032 INFO tempest.lib.common.rest_client [req-db46adce-008e-4309-84d0-ac346c4dc810 req-db46adce-008e-4309-84d0-ac346c4dc810 ] Request (QuotasAdminTestV236:setUpClass): 201 POST http://10.180.1.21/identity/v3/auth/tokens 0.077s
2025-02-19 14:47:30.436 63032 WARNING tempest.lib.common.rest_client [-] Deprecated: "tenant_id" property is deprecated for removal, use "project_id" instead
2025-02-19 14:47:30.467 63016 INFO tempest.lib.common.rest_client [req-617b6e64-3220-402d-855e-f72e71d9e952 req-617b6e64-3220-402d-855e-f72e71d9e952 ] Request (FloatingIPDetailsTestJSON:setUpClass): 200 POST http://10.180.1.21/compute/v2.1/os-floating-ips 2.921s
2025-02-19 14:47:30.521 63022 INFO tempest.lib.common.rest_client [req-c44b1bd7-3dce-4615-ac47-52fd5d5e9dbf req-c44b1bd7-3dce-4615-ac47-52fd5d5e9dbf ] Request (ServersAdminNegativeTestJSON:setUpClass): 200 GET http://10.180.1.21/compute/v2.1/servers/2d550d8e-b282-4817-b754-f5d390df6aa9 1.368s
2025-02-19 14:47:30.531 63022 INFO tempest.common.waiters [-] State transition "BUILD/block_device_mapping" ==> "BUILD/spawning" after 8 second wait
2025-02-19 14:47:30.547 62996 INFO tempest.lib.common.rest_client [req-96b35c01-6d49-4789-b85e-264c43a24815 req-96b35c01-6d49-4789-b85e-264c43a24815 ] Request (TenantUsagesTestJSON:setUpClass): 200 GET http://10.180.1.21/compute/v2.1/servers/28d69dc0-9b04-44f3-86d0-aa0e2742be6c 1.388s
2025-02-19 14:47:30.550 63040 INFO tempest.lib.common.rest_client [req-c99d5e5f-58eb-49cc-b099-54a50a22fbe4 req-c99d5e5f-58eb-49cc-b099-54a50a22fbe4 ] Request (KeyPairsV210TestJSON:_run_cleanups): 204 DELETE http://10.180.1.21/compute/v2.1/os-keypairs/tempest-keypair-108713379?user_id=f3b714e1b8504576a232285ca484bb1d 1.352s
