2025-02-19 14:49:30.811 63036 INFO tempest.lib.common.rest_client [req-10040ab8-f6e6-40e8-9123-05d0d9d56b2a req-10040ab8-f6e6-40e8-9123-05d0d9d56b2a ] Request (ImagesOneServerNegativeTestJSON:_run_cleanups): 201 POST http://10.180.1.21:9696/networking/v2.0/security-groups 0.160s
2025-02-19 14:49:30.814 63044 INFO tempest.lib.common.rest_client [req-facc81b1-7158-496d-81c3-9d7e1243f038 req-facc81b1-7158-496d-81c3-9d7e1243f038 ] Request (ServerActionsTestOtherB:setUpClass): 200 GET http://10.180.1.21/compute/v2.1/servers/47a2f884-e89a-4114-ad54-a94ba493d07f 0.087s
2025-02-19 14:49:30.896 63036 INFO tempest.lib.common.rest_client [req-7816c6af-509d-4184-b4a1-b1e8319fa549 req-7816c6af-509d-4184-b4a1-b1e8319fa549 ] Request (ImagesOneServerNegativeTestJSON:_run_cleanups): 201 POST http://10.180.1.21:9696/networking/v2.0/security-group-rules 0.084s
2025-02-19 14:49:30.951 63020 INFO tempest.lib.common.rest_client [req-7e8d78f7-b207-4394-8259-947cd72740ad req-7e8d78f7-b207-4394-8259-947cd72740ad ] Request (ServerActionsV293TestJSON:setUpClass): 200 GET http://10.180.1.21/compute/v2.1/servers/5ff00e5a-676c-4d56-968e-1fb8866f79ac 0.063s
2025-02-19 14:49:30.986 63036 INFO tempest.lib.common.rest_client [req-99e51f19-3ee4-4f6d-9fae-099ea70eb3b9 req-99e51f19-3ee4-4f6d-9fae-099ea70eb3b9 ] Request (ImagesOneServerNegativeTestJSON:_run_cleanups): 201 POST http://10.180.1.21:9696/networking/v2.0/security-group-rules 0.090s
2025-02-19 14:49:30.991 63016 INFO tempest.lib.common.rest_client [req-a95b2e3c-28ac-4a26-9666-a0d289df461c req-a95b2e3c-28ac-4a26-9666-a0d289df461c ] Request (MultipleCreateTestJSON:test_multiple_create): 200 GET http://10.180.1.21/compute/v2.1/servers/a802376d-992a-4976-a6ec-6de8c467e7c6 0.058s
2025-02-19 14:49:31.052 63022 INFO tempest.lib.common.rest_client [req-33f997f4-748c-4a2e-aede-6affeaeae38e req-33f997f4-748c-4a2e-aede-6affeaeae38e ] Request (ServersAdminNegativeTestJSON:tearDownClass): 200 GET http://10.180.1.21/compute/v2.1/servers/2d550d8e-b282-4817-b754-f5d390df6aa9 0.070s
2025-02-19 14:49:31.101 63054 INFO tempest.lib.common.rest_client [req-6b1575cf-d21a-4a38-b073-9f12d7016881 req-6b1575cf-d21a-4a38-b073-9f12d7016881 ] Request (ServersAdminTestJSON:test_inject_network_info): 200 GET http://10.180.1.21/compute/v2.1/servers/54077f0d-3e5c-4aa3-98f0-2434c168ce06 0.055s
2025-02-19 14:49:31.137 62994 WARNING tempest.lib.common.ssh [-] Failed to establish authenticated ssh connection to cirros@10.180.180.172 ([Errno None] Unable to connect to port 22 on 10.180.180.172). Number attempts: 5. Retry after 6 seconds.: paramiko.ssh_exception.NoValidConnectionsError: [Errno None] Unable to connect to port 22 on 10.180.180.172
2025-02-19 14:49:31.311 63056 INFO tempest.lib.common.rest_client [req-f2eb7fe1-6544-4b4a-8ad1-e5e943ca15a1 req-f2eb7fe1-6544-4b4a-8ad1-e5e943ca15a1 ] Request (ImagesTestJSON:test_create_image_from_suspended_server): 200 GET http://10.180.1.21/compute/v2.1/servers/b18e9c0e-e6b8-46f6-ac8b-8003ee9121fb 0.131s
2025-02-19 14:49:31.321 63008 INFO tempest.lib.common.rest_client [req-dd2ba139-4b1d-4caa-8d54-f589f8d72579 req-dd2ba139-4b1d-4caa-8d54-f589f8d72579 ] Request (ServersTestMultiNic:test_verify_duplicate_network_nics): 200 GET http://10.180.1.21/compute/v2.1/servers/e3b8ed45-0638-4f75-9c6f-c984702e660b 0.131s
2025-02-19 14:49:31.369 63042 INFO tempest.lib.common.rest_client [req-22e4b191-d4bf-4106-8398-914fc6a9899f req-22e4b191-d4bf-4106-8398-914fc6a9899f ] Request (ServersNegativeTestMultiTenantJSON:setUpClass): 200 GET http://10.180.1.21/compute/v2.1/servers/fd23c82e-4955-4be3-b034-5400270a19a3 0.125s
2025-02-19 14:49:31.387 63014 INFO tempest.lib.common.rest_client [req-60265b00-1d5b-4b4d-bc93-ab806467b0f8 req-60265b00-1d5b-4b4d-bc93-ab806467b0f8 ] Request (ListServersNegativeTestJSON:setUpClass): 200 GET http://10.180.1.21/compute/v2.1/servers/97740935-a6d9-403a-8c2f-45350389c0e1 0.137s
2025-02-19 14:49:31.435 62996 INFO tempest.lib.common.rest_client [req-44479ae8-354c-4511-b484-3e1e7a4dc0ac req-44479ae8-354c-4511-b484-3e1e7a4dc0ac ] Request (FloatingIPsAssociationNegativeTestJSON:setUpClass): 200 GET http://10.180.1.21/compute/v2.1/servers/c6d9a643-9909-4127-a49e-24c49d4eccfd 0.136s
2025-02-19 14:49:31.444 63000 INFO tempest.lib.common.rest_client [req-cc79f03a-9f80-4091-a2e7-b59e93980d51 req-cc79f03a-9f80-4091-a2e7-b59e93980d51 ] Request (MigrationsAdminTest:test_resize_server_revert_deleted_flavor): 200 GET http://10.180.1.21/compute/v2.1/servers/1b9677be-196b-403a-8d79-7b7c694046eb 0.136s
2025-02-19 14:49:31.451 63036 INFO tempest.lib.common.rest_client [req-6c5c0b01-fcf4-4218-9c8c-a9dad3128999 req-6c5c0b01-fcf4-4218-9c8c-a9dad3128999 ] Request (ImagesOneServerNegativeTestJSON:_run_cleanups): 201 POST http://10.180.1.21:9696/networking/v2.0/floatingips 0.464s
2025-02-19 14:49:31.489 63010 INFO tempest.lib.common.rest_client [req-d382dccb-3f36-45b2-a329-221fc0be0192 req-d382dccb-3f36-45b2-a329-221fc0be0192 ] Request (ServerRescueNegativeTestJSON:setUpClass): 200 GET http://10.180.1.21/compute/v2.1/servers/9043970b-25b2-4989-baea-3cfeb11bec5d 0.132s
2025-02-19 14:49:31.500 63026 INFO tempest.lib.common.rest_client [req-075b724d-2ef2-4fea-afd0-92da02c607af req-075b724d-2ef2-4fea-afd0-92da02c607af ] Request (ServerPasswordTestJSON:setUpClass): 200 GET http://10.180.1.21/compute/v2.1/servers/3364dc58-416c-42da-8157-6efdb65e0e89 0.121s
2025-02-19 14:49:31.526 63036 INFO tempest.lib.common.rest_client [req-a199b51e-627e-4b3b-ba73-c953db1d9839 req-a199b51e-627e-4b3b-ba73-c953db1d9839 ] Request (ImagesOneServerNegativeTestJSON:_run_cleanups): 201 POST http://10.180.1.21/identity/v3/auth/tokens 0.071s
2025-02-19 14:49:31.526 63036 INFO tempest.lib.common.fixed_network [-] (ImagesOneServerNegativeTestJSON:_run_cleanups) Found network {'id': 'b753966d-baa5-402b-ad49-40b7c4424d37', 'name': 'tempest-ImagesOneServerNegativeTestJSON-551556869-network', 'tenant_id': 'a51a4c8f8a974294ad8ca32ec4228f08', 'admin_state_up': True, 'mtu': 8950, 'status': 'ACTIVE', 'subnets': [], 'shared': False, 'project_id': 'a51a4c8f8a974294ad8ca32ec4228f08', 'port_security_enabled': True, 'router:external': False, 'provider:network_type': 'vlan', 'provider:physical_network': 'default', 'provider:segmentation_id': 684, 'availability_zone_hints': [], 'availability_zones': [], 'ipv4_address_scope': None, 'ipv6_address_scope': None, 'description': '', 'tags': [], 'created_at': '2025-02-19T14:47:42Z', 'updated_at': '2025-02-19T14:47:42Z', 'revision_number': 1} available for tenant
2025-02-19 14:49:31.608 63040 INFO tempest.lib.common.rest_client [req-76388bd9-44ca-4465-9ac9-26c3e7cf086d req-76388bd9-44ca-4465-9ac9-26c3e7cf086d ] Request (ServerActionsTestJSON:setUpClass): 200 GET http://10.180.1.21/compute/v2.1/servers/496adcc8-14d1-4dc5-96c4-d6547e4b51e0 0.117s
2025-02-19 14:49:31.677 63024 INFO tempest.lib.common.rest_client [req-89ebd563-2529-4d9e-8144-0a67be26e91b req-89ebd563-2529-4d9e-8144-0a67be26e91b ] Request (ListServerFiltersTestJSON:tearDownClass): 200 GET http://10.180.1.21/compute/v2.1/servers/9734221b-8ec6-4c04-bafc-d15dab9e1bc5 0.121s
2025-02-19 14:49:31.728 63031 INFO tempest.lib.common.rest_client [req-0506130a-d20f-4445-9c45-94a11be936bb req-0506130a-d20f-4445-9c45-94a11be936bb ] Request (InstanceActionsV221TestJSON:test_get_list_deleted_instance_actions): 200 GET http://10.180.1.21/compute/v2.1/servers/6d687f06-5b33-4c65-b469-8c7c02d8a52c 0.139s
2025-02-19 14:49:31.781 63012 INFO tempest.lib.common.rest_client [req-2d30d927-645e-4d5f-84f7-8500726789f5 req-2d30d927-645e-4d5f-84f7-8500726789f5 ] Request (AttachInterfacesTestJSON:test_create_list_show_delete_interfaces_by_fixed_ip): 200 GET http://10.180.1.21/compute/v2.1/servers/51bce6bc-d67b-40e2-8507-e46b368837eb 0.172s
2025-02-19 14:49:31.840 63052 INFO tempest.lib.common.rest_client [req-fae33a67-1e7b-4056-bf7f-6d955394d71d req-fae33a67-1e7b-4056-bf7f-6d955394d71d ] Request (SecurityGroupsTestJSON:test_server_security_groups): 200 GET http://10.180.1.21/compute/v2.1/servers/20a8a0f2-b24c-4097-b231-ef82b86bdda5 0.153s
2025-02-19 14:49:31.890 63034 INFO tempest.lib.common.rest_client [req-4789c17d-e0df-46d1-9360-17b7c7275bb5 req-4789c17d-e0df-46d1-9360-17b7c7275bb5 ] Request (DeleteServersTestJSON:test_delete_server_while_in_attached_volume): 200 GET http://10.180.1.21/compute/v2.1/servers/b5615d78-eee6-4e84-b5f2-d9ab6ca66e1e 0.164s
2025-02-19 14:49:31.931 63036 INFO tempest.lib.common.rest_client [req-f2d2dbb6-738b-42b6-9089-fea65a8b85f0 req-f2d2dbb6-738b-42b6-9089-fea65a8b85f0 ] Request (ImagesOneServerNegativeTestJSON:_run_cleanups): 202 POST http://10.180.1.21/compute/v2.1/servers 0.404s
2025-02-19 14:49:31.945 63006 INFO tempest.lib.common.rest_client [req-ae2a4f72-4d9e-4c36-97e1-f4f8748955db req-ae2a4f72-4d9e-4c36-97e1-f4f8748955db ] Request (ServerExternalEventsTest:test_create_server_external_events): 200 GET http://10.180.1.21/compute/v2.1/servers/34705cc3-12ff-496f-a5ae-7db685ab7d42 0.189s
2025-02-19 14:49:31.965 63038 INFO tempest.lib.common.rest_client [req-377e5d87-87a2-45ae-a467-2b85361dfd51 req-377e5d87-87a2-45ae-a467-2b85361dfd51 ] Request (ListImageFiltersTestJSON:setUpClass): 200 GET http://10.180.1.21/compute/v2.1/images/4738f0f1-668b-4c2f-8e0b-07eb990eeeb1 0.197s
2025-02-19 14:49:31.996 63044 INFO tempest.lib.common.rest_client [req-542790fd-c466-4dd6-a7d7-80101a5fe7fb req-542790fd-c466-4dd6-a7d7-80101a5fe7fb ] Request (ServerActionsTestOtherB:setUpClass): 200 GET http://10.180.1.21/compute/v2.1/servers/47a2f884-e89a-4114-ad54-a94ba493d07f 0.173s
2025-02-19 14:49:32.007 63036 INFO tempest.lib.common.rest_client [req-2262459e-ec37-4730-8d00-c0621f1d5b77 req-2262459e-ec37-4730-8d00-c0621f1d5b77 ] Request (ImagesOneServerNegativeTestJSON:_run_cleanups): 200 GET http://10.180.1.21/compute/v2.1/servers/16bc5eeb-8e2b-499e-a7fa-6c37a18cdf72 0.074s
2025-02-19 14:49:32.056 63016 INFO tempest.lib.common.rest_client [req-18d9e3d4-baee-4a3c-b01d-f18d4d0ebdbd req-18d9e3d4-baee-4a3c-b01d-f18d4d0ebdbd ] Request (MultipleCreateTestJSON:test_multiple_create): 200 GET http://10.180.1.21/compute/v2.1/servers/a802376d-992a-4976-a6ec-6de8c467e7c6 0.056s
2025-02-19 14:49:32.066 63020 INFO tempest.lib.common.rest_client [req-1d76dd3b-f1d7-49ea-a541-429575c24451 req-1d76dd3b-f1d7-49ea-a541-429575c24451 ] Request (ServerActionsV293TestJSON:setUpClass): 200 GET http://10.180.1.21/compute/v2.1/servers/5ff00e5a-676c-4d56-968e-1fb8866f79ac 0.102s
2025-02-19 14:49:32.125 63022 INFO tempest.lib.common.rest_client [req-ead3a52a-4367-4fc6-9b11-760e146ad0f9 req-ead3a52a-4367-4fc6-9b11-760e146ad0f9 ] Request (ServersAdminNegativeTestJSON:tearDownClass): 200 GET http://10.180.1.21/compute/v2.1/servers/2d550d8e-b282-4817-b754-f5d390df6aa9 0.063s
2025-02-19 14:49:32.164 63054 INFO tempest.lib.common.rest_client [req-6bad488a-270a-4200-9904-95fb32ad2596 req-6bad488a-270a-4200-9904-95fb32ad2596 ] Request (ServersAdminTestJSON:test_inject_network_info): 200 GET http://10.180.1.21/compute/v2.1/servers/54077f0d-3e5c-4aa3-98f0-2434c168ce06 0.054s
2025-02-19 14:49:32.420 63056 INFO tempest.lib.common.rest_client [req-c284ccb1-0423-4daf-8524-1bead8214556 req-c284ccb1-0423-4daf-8524-1bead8214556 ] Request (ImagesTestJSON:test_create_image_from_suspended_server): 200 GET http://10.180.1.21/compute/v2.1/servers/b18e9c0e-e6b8-46f6-ac8b-8003ee9121fb 0.097s
2025-02-19 14:49:32.470 63042 INFO tempest.lib.common.rest_client [req-bd507c63-3d6f-421c-ac62-64f43f585a71 req-bd507c63-3d6f-421c-ac62-64f43f585a71 ] Request (ServersNegativeTestMultiTenantJSON:setUpClass): 200 GET http://10.180.1.21/compute/v2.1/servers/fd23c82e-4955-4be3-b034-5400270a19a3 0.090s
2025-02-19 14:49:32.481 63046 WARNING tempest.lib.common.ssh [-] Failed to establish authenticated ssh connection to cirros@10.180.180.183 ([Errno None] Unable to connect to port 22 on 10.180.180.183). Number attempts: 4. Retry after 5 seconds.: paramiko.ssh_exception.NoValidConnectionsError: [Errno None] Unable to connect to port 22 on 10.180.180.183
2025-02-19 14:49:32.490 63008 INFO tempest.lib.common.rest_client [req-1d03dbf4-4597-41d4-87d4-8f52288fef99 req-1d03dbf4-4597-41d4-87d4-8f52288fef99 ] Request (ServersTestMultiNic:test_verify_duplicate_network_nics): 200 GET http://10.180.1.21/compute/v2.1/servers/e3b8ed45-0638-4f75-9c6f-c984702e660b 0.160s
2025-02-19 14:49:32.529 63014 INFO tempest.lib.common.rest_client [req-974b1af8-d3d7-4842-886d-8141df9bec33 req-974b1af8-d3d7-4842-886d-8141df9bec33 ] Request (ListServersNegativeTestJSON:setUpClass): 200 GET http://10.180.1.21/compute/v2.1/servers/97740935-a6d9-403a-8c2f-45350389c0e1 0.129s
2025-02-19 14:49:32.539 62996 INFO tempest.lib.common.rest_client [req-aa047600-2ec1-4103-9d03-396e05f5abcb req-aa047600-2ec1-4103-9d03-396e05f5abcb ] Request (FloatingIPsAssociationNegativeTestJSON:setUpClass): 200 GET http://10.180.1.21/compute/v2.1/servers/c6d9a643-9909-4127-a49e-24c49d4eccfd 0.096s
2025-02-19 14:49:32.581 63000 INFO tempest.lib.common.rest_client [req-c60617a7-9c23-4b5f-9fda-79f7c66d17c3 req-c60617a7-9c23-4b5f-9fda-79f7c66d17c3 ] Request (MigrationsAdminTest:test_resize_server_revert_deleted_flavor): 200 GET http://10.180.1.21/compute/v2.1/servers/1b9677be-196b-403a-8d79-7b7c694046eb 0.128s
2025-02-19 14:49:32.590 63010 INFO tempest.lib.common.rest_client [req-a795234e-afff-423c-b8b2-ee18d089bc61 req-a795234e-afff-423c-b8b2-ee18d089bc61 ] Request (ServerRescueNegativeTestJSON:setUpClass): 200 GET http://10.180.1.21/compute/v2.1/servers/9043970b-25b2-4989-baea-3cfeb11bec5d 0.093s
2025-02-19 14:49:32.629 63026 INFO tempest.lib.common.rest_client [req-ab0474b5-2464-4a8a-af00-12a0da5e9dfd req-ab0474b5-2464-4a8a-af00-12a0da5e9dfd ] Request (ServerPasswordTestJSON:setUpClass): 200 GET http://10.180.1.21/compute/v2.1/servers/3364dc58-416c-42da-8157-6efdb65e0e89 0.121s
2025-02-19 14:49:32.725 63040 INFO tempest.lib.common.rest_client [req-e77ec582-fceb-4ee3-b5d7-38166d275bc5 req-e77ec582-fceb-4ee3-b5d7-38166d275bc5 ] Request (ServerActionsTestJSON:setUpClass): 200 GET http://10.180.1.21/compute/v2.1/servers/496adcc8-14d1-4dc5-96c4-d6547e4b51e0 0.107s
2025-02-19 14:49:32.732 63040 INFO tempest.common.waiters [-] State transition "BUILD/spawning" ==> "ACTIVE/None" after 72 second wait
2025-02-19 14:49:32.746 63024 INFO tempest.lib.common.rest_client [req-fdec940b-a3a3-486b-b3c5-3857815f4632 req-fdec940b-a3a3-486b-b3c5-3857815f4632 ] Request (ListServerFiltersTestJSON:tearDownClass): 200 GET http://10.180.1.21/compute/v2.1/servers/9734221b-8ec6-4c04-bafc-d15dab9e1bc5 0.060s
2025-02-19 14:49:32.791 63040 INFO tempest.lib.common.rest_client [req-5c8427e7-6b13-4ccc-9d4a-84d4b0c324bb req-5c8427e7-6b13-4ccc-9d4a-84d4b0c324bb ] Request (ServerActionsTestJSON:setUpClass): 200 GET http://10.180.1.21/compute/v2.1/servers/496adcc8-14d1-4dc5-96c4-d6547e4b51e0/os-interface 0.059s
2025-02-19 14:49:32.794 63031 INFO tempest.lib.common.rest_client [req-2ce40615-a0b7-465e-80d6-98af16bd9ead req-2ce40615-a0b7-465e-80d6-98af16bd9ead ] Request (InstanceActionsV221TestJSON:test_get_list_deleted_instance_actions): 200 GET http://10.180.1.21/compute/v2.1/servers/6d687f06-5b33-4c65-b469-8c7c02d8a52c 0.052s
2025-02-19 14:49:32.855 63012 INFO tempest.lib.common.rest_client [req-00a667d8-ac63-43bb-bca7-441b63f47f04 req-00a667d8-ac63-43bb-bca7-441b63f47f04 ] Request (AttachInterfacesTestJSON:test_create_list_show_delete_interfaces_by_fixed_ip): 200 GET http://10.180.1.21/compute/v2.1/servers/51bce6bc-d67b-40e2-8507-e46b368837eb 0.067s
2025-02-19 14:49:32.917 63052 INFO tempest.lib.common.rest_client [req-dfc2f60c-0022-4f2b-a659-9f997b33d140 req-dfc2f60c-0022-4f2b-a659-9f997b33d140 ] Request (SecurityGroupsTestJSON:test_server_security_groups): 200 GET http://10.180.1.21/compute/v2.1/servers/20a8a0f2-b24c-4097-b231-ef82b86bdda5 0.068s
2025-02-19 14:49:32.974 63034 INFO tempest.lib.common.rest_client [req-fbed36a0-c14a-419f-901d-307137c1d1b1 req-fbed36a0-c14a-419f-901d-307137c1d1b1 ] Request (DeleteServersTestJSON:test_delete_server_while_in_attached_volume): 200 GET http://10.180.1.21/compute/v2.1/servers/b5615d78-eee6-4e84-b5f2-d9ab6ca66e1e 0.073s
2025-02-19 14:49:33.014 63038 INFO tempest.lib.common.rest_client [req-2640701b-a67c-4374-96f5-7cb96490f406 req-2640701b-a67c-4374-96f5-7cb96490f406 ] Request (ListImageFiltersTestJSON:setUpClass): 200 GET http://10.180.1.21/compute/v2.1/images/4738f0f1-668b-4c2f-8e0b-07eb990eeeb1 0.045s
2025-02-19 14:49:33.030 63006 INFO tempest.lib.common.rest_client [req-b32af886-72a1-47e3-b726-44b14eaa2dc8 req-b32af886-72a1-47e3-b726-44b14eaa2dc8 ] Request (ServerExternalEventsTest:test_create_server_external_events): 200 GET http://10.180.1.21/compute/v2.1/servers/34705cc3-12ff-496f-a5ae-7db685ab7d42 0.076s
2025-02-19 14:49:33.079 63044 INFO tempest.lib.common.rest_client [req-fe697d4c-1d38-431c-8d80-f804c7d0d363 req-fe697d4c-1d38-431c-8d80-f804c7d0d363 ] Request (ServerActionsTestOtherB:setUpClass): 200 GET http://10.180.1.21/compute/v2.1/servers/47a2f884-e89a-4114-ad54-a94ba493d07f 0.072s
2025-02-19 14:49:33.092 63036 INFO tempest.lib.common.rest_client [req-402f72d3-edfd-4a68-a566-9921557eb62f req-402f72d3-edfd-4a68-a566-9921557eb62f ] Request (ImagesOneServerNegativeTestJSON:_run_cleanups): 200 GET http://10.180.1.21/compute/v2.1/servers/16bc5eeb-8e2b-499e-a7fa-6c37a18cdf72 0.075s
2025-02-19 14:49:33.142 63016 INFO tempest.lib.common.rest_client [req-f88630b5-d696-4b04-ad0b-728227bf1101 req-f88630b5-d696-4b04-ad0b-728227bf1101 ] Request (MultipleCreateTestJSON:test_multiple_create): 200 GET http://10.180.1.21/compute/v2.1/servers/a802376d-992a-4976-a6ec-6de8c467e7c6 0.079s
2025-02-19 14:49:33.154 63020 INFO tempest.lib.common.rest_client [req-45c9a337-23bf-479b-85ff-9089f28dc591 req-45c9a337-23bf-479b-85ff-9089f28dc591 ] Request (ServerActionsV293TestJSON:setUpClass): 200 GET http://10.180.1.21/compute/v2.1/servers/5ff00e5a-676c-4d56-968e-1fb8866f79ac 0.074s
2025-02-19 14:49:33.201 63022 INFO tempest.lib.common.rest_client [req-41f6a69b-a5c9-4655-b528-80f79a377fbe req-41f6a69b-a5c9-4655-b528-80f79a377fbe ] Request (ServersAdminNegativeTestJSON:tearDownClass): 200 GET http://10.180.1.21/compute/v2.1/servers/2d550d8e-b282-4817-b754-f5d390df6aa9 0.068s
2025-02-19 14:49:33.224 63054 INFO tempest.lib.common.rest_client [req-69675d22-2b9c-49de-b49e-f5aa86e0773c req-69675d22-2b9c-49de-b49e-f5aa86e0773c ] Request (ServersAdminTestJSON:test_inject_network_info): 200 GET http://10.180.1.21/compute/v2.1/servers/54077f0d-3e5c-4aa3-98f0-2434c168ce06 0.053s
2025-02-19 14:49:33.320 63040 INFO tempest.lib.common.rest_client [req-0c9f38d1-8543-4187-8af0-7cab1db2baa5 req-0c9f38d1-8543-4187-8af0-7cab1db2baa5 ] Request (ServerActionsTestJSON:setUpClass): 200 PUT http://10.180.1.21:9696/networking/v2.0/floatingips/1f4e329a-3c51-442c-9fbf-265d5b4773f5 0.526s
2025-02-19 14:49:33.322 63040 INFO tempest.lib.common.ssh [-] Creating ssh connection to '10.180.180.201:22' as 'cirros' with public key authentication
2025-02-19 14:49:33.539 63042 INFO tempest.lib.common.rest_client [req-0f5ddb96-b5b6-425d-abd2-e8e58fea909e req-0f5ddb96-b5b6-425d-abd2-e8e58fea909e ] Request (ServersNegativeTestMultiTenantJSON:setUpClass): 200 GET http://10.180.1.21/compute/v2.1/servers/fd23c82e-4955-4be3-b034-5400270a19a3 0.061s
2025-02-19 14:49:33.571 63056 INFO tempest.lib.common.rest_client [req-110514bc-ae3c-4218-9d3c-8eeb69964959 req-110514bc-ae3c-4218-9d3c-8eeb69964959 ] Request (ImagesTestJSON:test_create_image_from_suspended_server): 200 GET http://10.180.1.21/compute/v2.1/servers/b18e9c0e-e6b8-46f6-ac8b-8003ee9121fb 0.141s
2025-02-19 14:49:33.646 63008 INFO tempest.lib.common.rest_client [req-849883a2-5969-487f-9a4a-cb5a05128158 req-849883a2-5969-487f-9a4a-cb5a05128158 ] Request (ServersTestMultiNic:test_verify_duplicate_network_nics): 200 GET http://10.180.1.21/compute/v2.1/servers/e3b8ed45-0638-4f75-9c6f-c984702e660b 0.140s
2025-02-19 14:49:33.655 63014 INFO tempest.lib.common.rest_client [req-4ffb4b87-ae2d-4122-9864-ca5c292497b3 req-4ffb4b87-ae2d-4122-9864-ca5c292497b3 ] Request (ListServersNegativeTestJSON:setUpClass): 200 GET http://10.180.1.21/compute/v2.1/servers/97740935-a6d9-403a-8c2f-45350389c0e1 0.119s
2025-02-19 14:49:33.657 63008 INFO tempest.common.waiters [-] State transition "BUILD/spawning" ==> "ACTIVE/None" after 78 second wait
2025-02-19 14:49:33.705 62996 INFO tempest.lib.common.rest_client [req-e9e2f876-e495-429a-a312-eb6bf39de82d req-e9e2f876-e495-429a-a312-eb6bf39de82d ] Request (FloatingIPsAssociationNegativeTestJSON:setUpClass): 200 GET http://10.180.1.21/compute/v2.1/servers/c6d9a643-9909-4127-a49e-24c49d4eccfd 0.158s
2025-02-19 14:49:33.716 63000 INFO tempest.lib.common.rest_client [req-4170d0b9-883e-4cee-a6e9-35a93bd478d1 req-4170d0b9-883e-4cee-a6e9-35a93bd478d1 ] Request (MigrationsAdminTest:test_resize_server_revert_deleted_flavor): 200 GET http://10.180.1.21/compute/v2.1/servers/1b9677be-196b-403a-8d79-7b7c694046eb 0.126s
2025-02-19 14:49:33.756 63010 INFO tempest.lib.common.rest_client [req-6a4c060a-77c1-4719-850c-f5a9531f6071 req-6a4c060a-77c1-4719-850c-f5a9531f6071 ] Request (ServerRescueNegativeTestJSON:setUpClass): 200 GET http://10.180.1.21/compute/v2.1/servers/9043970b-25b2-4989-baea-3cfeb11bec5d 0.158s
2025-02-19 14:49:33.776 63026 INFO tempest.lib.common.rest_client [req-d43206c0-10c9-48ce-a2e6-b56d33ec1b36 req-d43206c0-10c9-48ce-a2e6-b56d33ec1b36 ] Request (ServerPasswordTestJSON:setUpClass): 200 GET http://10.180.1.21/compute/v2.1/servers/3364dc58-416c-42da-8157-6efdb65e0e89 0.139s
2025-02-19 14:49:33.781 63008 INFO tempest.lib.common.rest_client [req-86603d43-9e1f-4bc5-a7de-b7668ed578a6 req-86603d43-9e1f-4bc5-a7de-b7668ed578a6 ] Request (ServersTestMultiNic:test_verify_duplicate_network_nics): 200 GET http://10.180.1.21/compute/v2.1/servers/e3b8ed45-0638-4f75-9c6f-c984702e660b/ips 0.123s
2025-02-19 14:49:33.857 63024 INFO tempest.lib.common.rest_client [req-c72ee8a1-3982-4589-a025-62d493e1b2e7 req-c72ee8a1-3982-4589-a025-62d493e1b2e7 ] Request (ListServerFiltersTestJSON:tearDownClass): 200 GET http://10.180.1.21/compute/v2.1/servers/9734221b-8ec6-4c04-bafc-d15dab9e1bc5 0.103s
2025-02-19 14:49:33.874 63008 INFO tempest.lib.common.rest_client [req-6434eaf0-8fc1-49bf-9914-5712eebd7e2a req-6434eaf0-8fc1-49bf-9914-5712eebd7e2a ] Request (ServersTestMultiNic:_run_cleanups): 204 DELETE http://10.180.1.21/compute/v2.1/servers/e3b8ed45-0638-4f75-9c6f-c984702e660b 0.089s
2025-02-19 14:49:33.930 63031 INFO tempest.lib.common.rest_client [req-d4ff3b49-0044-40da-b09d-30ce94fd8096 req-d4ff3b49-0044-40da-b09d-30ce94fd8096 ] Request (InstanceActionsV221TestJSON:test_get_list_deleted_instance_actions): 200 GET http://10.180.1.21/compute/v2.1/servers/6d687f06-5b33-4c65-b469-8c7c02d8a52c 0.126s
2025-02-19 14:49:34.025 63012 INFO tempest.lib.common.rest_client [req-6e043e47-4b95-44a4-a5ef-60d80abb8ffe req-6e043e47-4b95-44a4-a5ef-60d80abb8ffe ] Request (AttachInterfacesTestJSON:test_create_list_show_delete_interfaces_by_fixed_ip): 200 GET http://10.180.1.21/compute/v2.1/servers/51bce6bc-d67b-40e2-8507-e46b368837eb 0.159s
2025-02-19 14:49:34.032 63012 INFO tempest.common.waiters [-] State transition "BUILD/None" ==> "BUILD/networking" after 69 second wait
2025-02-19 14:49:34.089 63052 INFO tempest.lib.common.rest_client [req-ac5ffdae-1c05-438b-b616-6dab73378e24 req-ac5ffdae-1c05-438b-b616-6dab73378e24 ] Request (SecurityGroupsTestJSON:test_server_security_groups): 200 GET http://10.180.1.21/compute/v2.1/servers/20a8a0f2-b24c-4097-b231-ef82b86bdda5 0.162s
2025-02-19 14:49:34.116 63008 INFO tempest.lib.common.rest_client [req-20a4b52c-3cce-43f5-af8b-d03d14b1598b req-20a4b52c-3cce-43f5-af8b-d03d14b1598b ] Request (ServersTestMultiNic:_run_cleanups): 200 GET http://10.180.1.21/compute/v2.1/servers/e3b8ed45-0638-4f75-9c6f-c984702e660b 0.241s
2025-02-19 14:49:34.146 63034 INFO tempest.lib.common.rest_client [req-368cc420-e8ae-4a48-ba68-48f69e431bec req-368cc420-e8ae-4a48-ba68-48f69e431bec ] Request (DeleteServersTestJSON:test_delete_server_while_in_attached_volume): 200 GET http://10.180.1.21/compute/v2.1/servers/b5615d78-eee6-4e84-b5f2-d9ab6ca66e1e 0.162s
2025-02-19 14:49:34.150 63038 INFO tempest.lib.common.rest_client [req-dab1e617-550a-4109-abe4-a64dad0f9bdd req-dab1e617-550a-4109-abe4-a64dad0f9bdd ] Request (ListImageFiltersTestJSON:setUpClass): 200 GET http://10.180.1.21/compute/v2.1/images/4738f0f1-668b-4c2f-8e0b-07eb990eeeb1 0.132s
2025-02-19 14:49:34.210 63006 INFO tempest.lib.common.rest_client [req-cc93bfe4-4624-4df7-a5b5-24a70926b3b5 req-cc93bfe4-4624-4df7-a5b5-24a70926b3b5 ] Request (ServerExternalEventsTest:test_create_server_external_events): 200 GET http://10.180.1.21/compute/v2.1/servers/34705cc3-12ff-496f-a5ae-7db685ab7d42 0.164s
2025-02-19 14:49:34.230 63044 INFO tempest.lib.common.rest_client [req-8660d4fe-d35c-4d33-a5f9-9cdcc0f6db14 req-8660d4fe-d35c-4d33-a5f9-9cdcc0f6db14 ] Request (ServerActionsTestOtherB:setUpClass): 200 GET http://10.180.1.21/compute/v2.1/servers/47a2f884-e89a-4114-ad54-a94ba493d07f 0.141s
2025-02-19 14:49:34.239 63044 INFO tempest.common.waiters [-] State transition "BUILD/scheduling" ==> "BUILD/None" after 50 second wait
2025-02-19 14:49:34.267 63036 INFO tempest.lib.common.rest_client [req-44fc1d2c-b356-44bc-9b18-688cc1031605 req-44fc1d2c-b356-44bc-9b18-688cc1031605 ] Request (ImagesOneServerNegativeTestJSON:_run_cleanups): 200 GET http://10.180.1.21/compute/v2.1/servers/16bc5eeb-8e2b-499e-a7fa-6c37a18cdf72 0.162s
2025-02-19 14:49:34.287 63016 INFO tempest.lib.common.rest_client [req-700effbe-9de8-4ea8-8665-633a0de94bcc req-700effbe-9de8-4ea8-8665-633a0de94bcc ] Request (MultipleCreateTestJSON:test_multiple_create): 200 GET http://10.180.1.21/compute/v2.1/servers/a802376d-992a-4976-a6ec-6de8c467e7c6 0.137s
2025-02-19 14:49:34.339 63020 INFO tempest.lib.common.rest_client [req-6f4e06c3-3cfd-4979-bafb-3f2d5d658815 req-6f4e06c3-3cfd-4979-bafb-3f2d5d658815 ] Request (ServerActionsV293TestJSON:setUpClass): 200 GET http://10.180.1.21/compute/v2.1/servers/5ff00e5a-676c-4d56-968e-1fb8866f79ac 0.173s
2025-02-19 14:49:34.361 63022 INFO tempest.lib.common.rest_client [req-720ff4b1-4cde-4afc-b503-2ea56b534e2e req-720ff4b1-4cde-4afc-b503-2ea56b534e2e ] Request (ServersAdminNegativeTestJSON:tearDownClass): 200 GET http://10.180.1.21/compute/v2.1/servers/2d550d8e-b282-4817-b754-f5d390df6aa9 0.152s
2025-02-19 14:49:34.381 63054 INFO tempest.lib.common.rest_client [req-ac9a1061-4390-4783-abb5-3c3dd0295d3a req-ac9a1061-4390-4783-abb5-3c3dd0295d3a ] Request (ServersAdminTestJSON:test_inject_network_info): 200 GET http://10.180.1.21/compute/v2.1/servers/54077f0d-3e5c-4aa3-98f0-2434c168ce06 0.147s
2025-02-19 14:49:34.603 63042 INFO tempest.lib.common.rest_client [req-3860006b-628a-4def-82b9-d5552a543b5e req-3860006b-628a-4def-82b9-d5552a543b5e ] Request (ServersNegativeTestMultiTenantJSON:setUpClass): 200 GET http://10.180.1.21/compute/v2.1/servers/fd23c82e-4955-4be3-b034-5400270a19a3 0.056s
2025-02-19 14:49:34.686 63056 INFO tempest.lib.common.rest_client [req-0e0a48c0-5d3c-42e9-a64c-73f4d0664217 req-0e0a48c0-5d3c-42e9-a64c-73f4d0664217 ] Request (ImagesTestJSON:test_create_image_from_suspended_server): 200 GET http://10.180.1.21/compute/v2.1/servers/b18e9c0e-e6b8-46f6-ac8b-8003ee9121fb 0.105s
2025-02-19 14:49:34.727 63014 INFO tempest.lib.common.rest_client [req-da8858d3-73b6-4fde-b3b7-cc676833a9d3 req-da8858d3-73b6-4fde-b3b7-cc676833a9d3 ] Request (ListServersNegativeTestJSON:setUpClass): 200 GET http://10.180.1.21/compute/v2.1/servers/97740935-a6d9-403a-8c2f-45350389c0e1 0.063s
2025-02-19 14:49:34.760 62996 INFO tempest.lib.common.rest_client [req-64bcde33-dd0d-4c84-bdc8-34f5fd613a84 req-64bcde33-dd0d-4c84-bdc8-34f5fd613a84 ] Request (FloatingIPsAssociationNegativeTestJSON:setUpClass): 200 GET http://10.180.1.21/compute/v2.1/servers/c6d9a643-9909-4127-a49e-24c49d4eccfd 0.048s
2025-02-19 14:49:34.772 63000 INFO tempest.lib.common.rest_client [req-a0b4cb56-a1ad-44b0-afff-7242255509dc req-a0b4cb56-a1ad-44b0-afff-7242255509dc ] Request (MigrationsAdminTest:test_resize_server_revert_deleted_flavor): 200 GET http://10.180.1.21/compute/v2.1/servers/1b9677be-196b-403a-8d79-7b7c694046eb 0.047s
2025-02-19 14:49:34.778 63000 INFO tempest.common.waiters [-] State transition "BUILD/scheduling" ==> "BUILD/None" after 47 second wait
2025-02-19 14:49:34.812 63010 INFO tempest.lib.common.rest_client [req-0455979e-d4d8-4ddc-bcd4-60166b8b07f5 req-0455979e-d4d8-4ddc-bcd4-60166b8b07f5 ] Request (ServerRescueNegativeTestJSON:setUpClass): 200 GET http://10.180.1.21/compute/v2.1/servers/9043970b-25b2-4989-baea-3cfeb11bec5d 0.048s
2025-02-19 14:49:34.832 63026 INFO tempest.lib.common.rest_client [req-68d7a757-27f6-4f37-a8a6-428c71ac8da3 req-68d7a757-27f6-4f37-a8a6-428c71ac8da3 ] Request (ServerPasswordTestJSON:setUpClass): 200 GET http://10.180.1.21/compute/v2.1/servers/3364dc58-416c-42da-8157-6efdb65e0e89 0.048s
2025-02-19 14:49:34.931 63024 INFO tempest.lib.common.rest_client [req-b1dbdbc1-04d2-490a-8228-277ceda240b0 req-b1dbdbc1-04d2-490a-8228-277ceda240b0 ] Request (ListServerFiltersTestJSON:tearDownClass): 200 GET http://10.180.1.21/compute/v2.1/servers/9734221b-8ec6-4c04-bafc-d15dab9e1bc5 0.062s
2025-02-19 14:49:35.005 63031 INFO tempest.lib.common.rest_client [req-91aa1032-cac4-4ded-b1d1-35e2cb0bddeb req-91aa1032-cac4-4ded-b1d1-35e2cb0bddeb ] Request (InstanceActionsV221TestJSON:test_get_list_deleted_instance_actions): 200 GET http://10.180.1.21/compute/v2.1/servers/6d687f06-5b33-4c65-b469-8c7c02d8a52c 0.055s
2025-02-19 14:49:35.131 63012 INFO tempest.lib.common.rest_client [req-efd77a12-1da4-4c34-a5e1-bf7c38790d59 req-efd77a12-1da4-4c34-a5e1-bf7c38790d59 ] Request (AttachInterfacesTestJSON:test_create_list_show_delete_interfaces_by_fixed_ip): 200 GET http://10.180.1.21/compute/v2.1/servers/51bce6bc-d67b-40e2-8507-e46b368837eb 0.098s
2025-02-19 14:49:35.138 63012 INFO tempest.common.waiters [-] State transition "BUILD/networking" ==> "BUILD/spawning" after 70 second wait
2025-02-19 14:49:35.153 63052 INFO tempest.lib.common.rest_client [req-788e979b-6519-48aa-93c9-6e11e3795b33 req-788e979b-6519-48aa-93c9-6e11e3795b33 ] Request (SecurityGroupsTestJSON:test_server_security_groups): 200 GET http://10.180.1.21/compute/v2.1/servers/20a8a0f2-b24c-4097-b231-ef82b86bdda5 0.056s
2025-02-19 14:49:35.188 63038 INFO tempest.lib.common.rest_client [req-5639bd62-7f77-4bab-a7bf-e85ec404eabf req-5639bd62-7f77-4bab-a7bf-e85ec404eabf ] Request (ListImageFiltersTestJSON:setUpClass): 200 GET http://10.180.1.21/compute/v2.1/images/4738f0f1-668b-4c2f-8e0b-07eb990eeeb1 0.033s
2025-02-19 14:49:35.237 63034 INFO tempest.lib.common.rest_client [req-dd00f85e-fc8e-4e87-8d5b-e61ce322aede req-dd00f85e-fc8e-4e87-8d5b-e61ce322aede ] Request (DeleteServersTestJSON:test_delete_server_while_in_attached_volume): 200 GET http://10.180.1.21/compute/v2.1/servers/b5615d78-eee6-4e84-b5f2-d9ab6ca66e1e 0.078s
2025-02-19 14:49:35.241 63008 INFO tempest.lib.common.rest_client [req-b29ae246-3d69-4336-83db-ee74dc633f22 req-b29ae246-3d69-4336-83db-ee74dc633f22 ] Request (ServersTestMultiNic:_run_cleanups): 200 GET http://10.180.1.21/compute/v2.1/servers/e3b8ed45-0638-4f75-9c6f-c984702e660b 0.113s
2025-02-19 14:49:35.267 63038 INFO tempest.lib.common.rest_client [req-72fda3db-bf85-4de4-90a8-32007cd56789 req-72fda3db-bf85-4de4-90a8-32007cd56789 ] Request (ListImageFiltersTestJSON:setUpClass): 200 GET http://10.180.1.21/compute/v2.1/images/4738f0f1-668b-4c2f-8e0b-07eb990eeeb1 0.075s
2025-02-19 14:49:35.289 63006 INFO tempest.lib.common.rest_client [req-028f4bcf-e7b4-4621-bb51-0a1d7ff5abe4 req-028f4bcf-e7b4-4621-bb51-0a1d7ff5abe4 ] Request (ServerExternalEventsTest:test_create_server_external_events): 200 GET http://10.180.1.21/compute/v2.1/servers/34705cc3-12ff-496f-a5ae-7db685ab7d42 0.068s
2025-02-19 14:49:35.313 63044 INFO tempest.lib.common.rest_client [req-ccfebd7e-022b-4ab8-8bde-1dc793082fd5 req-ccfebd7e-022b-4ab8-8bde-1dc793082fd5 ] Request (ServerActionsTestOtherB:setUpClass): 200 GET http://10.180.1.21/compute/v2.1/servers/47a2f884-e89a-4114-ad54-a94ba493d07f 0.073s
2025-02-19 14:49:35.358 63036 INFO tempest.lib.common.rest_client [req-11001d25-c2f8-466e-8f2a-f49794b3bc65 req-11001d25-c2f8-466e-8f2a-f49794b3bc65 ] Request (ImagesOneServerNegativeTestJSON:_run_cleanups): 200 GET http://10.180.1.21/compute/v2.1/servers/16bc5eeb-8e2b-499e-a7fa-6c37a18cdf72 0.079s
2025-02-19 14:49:35.405 63016 INFO tempest.lib.common.rest_client [req-9d257a25-1836-4585-a874-ee02d8dc9abf req-9d257a25-1836-4585-a874-ee02d8dc9abf ] Request (MultipleCreateTestJSON:test_multiple_create): 200 GET http://10.180.1.21/compute/v2.1/servers/a802376d-992a-4976-a6ec-6de8c467e7c6 0.105s
2025-02-19 14:49:35.407 63038 INFO tempest.lib.common.rest_client [req-a6cebaf9-2e67-4dfe-a006-2cc360b86269 req-a6cebaf9-2e67-4dfe-a006-2cc360b86269 ] Request (ListImageFiltersTestJSON:setUpClass): 200 GET http://10.180.1.21/compute/v2.1/servers/b88bbea3-f496-4a9a-a90d-da26f4f62193 0.137s
2025-02-19 14:49:35.469 63022 INFO tempest.lib.common.rest_client [req-17c9366b-8805-4a19-ba5d-5bbbb4bd613c req-17c9366b-8805-4a19-ba5d-5bbbb4bd613c ] Request (ServersAdminNegativeTestJSON:tearDownClass): 200 GET http://10.180.1.21/compute/v2.1/servers/2d550d8e-b282-4817-b754-f5d390df6aa9 0.097s
2025-02-19 14:49:35.469 63020 INFO tempest.lib.common.rest_client [req-e86210f6-60a4-4005-a2be-24673d9e0082 req-e86210f6-60a4-4005-a2be-24673d9e0082 ] Request (ServerActionsV293TestJSON:setUpClass): 200 GET http://10.180.1.21/compute/v2.1/servers/5ff00e5a-676c-4d56-968e-1fb8866f79ac 0.119s
2025-02-19 14:49:35.517 63054 INFO tempest.lib.common.rest_client [req-1a491c26-9f14-49c8-8500-e42b5e119df2 req-1a491c26-9f14-49c8-8500-e42b5e119df2 ] Request (ServersAdminTestJSON:test_inject_network_info): 200 GET http://10.180.1.21/compute/v2.1/servers/54077f0d-3e5c-4aa3-98f0-2434c168ce06 0.128s
2025-02-19 14:49:35.674 63042 INFO tempest.lib.common.rest_client [req-b5c5f024-e823-4ace-aef4-eb6039f99875 req-b5c5f024-e823-4ace-aef4-eb6039f99875 ] Request (ServersNegativeTestMultiTenantJSON:setUpClass): 200 GET http://10.180.1.21/compute/v2.1/servers/fd23c82e-4955-4be3-b034-5400270a19a3 0.063s
2025-02-19 14:49:35.797 63014 INFO tempest.lib.common.rest_client [req-22feea95-973b-4be3-bec5-3ba7dd8c8b16 req-22feea95-973b-4be3-bec5-3ba7dd8c8b16 ] Request (ListServersNegativeTestJSON:setUpClass): 200 GET http://10.180.1.21/compute/v2.1/servers/97740935-a6d9-403a-8c2f-45350389c0e1 0.061s
2025-02-19 14:49:35.819 63056 INFO tempest.lib.common.rest_client [req-546d6338-afcb-4acc-9915-a91863abfabe req-546d6338-afcb-4acc-9915-a91863abfabe ] Request (ImagesTestJSON:test_create_image_from_suspended_server): 200 GET http://10.180.1.21/compute/v2.1/servers/b18e9c0e-e6b8-46f6-ac8b-8003ee9121fb 0.125s
2025-02-19 14:49:35.841 62996 INFO tempest.lib.common.rest_client [req-203bc3b9-6b97-402c-9238-64942a4b4c46 req-203bc3b9-6b97-402c-9238-64942a4b4c46 ] Request (FloatingIPsAssociationNegativeTestJSON:setUpClass): 200 GET http://10.180.1.21/compute/v2.1/servers/c6d9a643-9909-4127-a49e-24c49d4eccfd 0.073s
2025-02-19 14:49:35.848 62996 INFO tempest.common.waiters [-] State transition "BUILD/None" ==> "BUILD/networking" after 59 second wait
2025-02-19 14:49:35.884 63000 INFO tempest.lib.common.rest_client [req-db7bf1fa-e440-420d-ab63-b24e00d08ff4 req-db7bf1fa-e440-420d-ab63-b24e00d08ff4 ] Request (MigrationsAdminTest:test_resize_server_revert_deleted_flavor): 200 GET http://10.180.1.21/compute/v2.1/servers/1b9677be-196b-403a-8d79-7b7c694046eb 0.105s
2025-02-19 14:49:35.888 63010 INFO tempest.lib.common.rest_client [req-aff1e893-f521-4d59-9143-4d3b15ad4514 req-aff1e893-f521-4d59-9143-4d3b15ad4514 ] Request (ServerRescueNegativeTestJSON:setUpClass): 200 GET http://10.180.1.21/compute/v2.1/servers/9043970b-25b2-4989-baea-3cfeb11bec5d 0.067s
2025-02-19 14:49:35.936 63026 INFO tempest.lib.common.rest_client [req-e9f608d5-23fd-4eb8-97eb-726c107ae803 req-e9f608d5-23fd-4eb8-97eb-726c107ae803 ] Request (ServerPasswordTestJSON:setUpClass): 200 GET http://10.180.1.21/compute/v2.1/servers/3364dc58-416c-42da-8157-6efdb65e0e89 0.097s
2025-02-19 14:49:36.003 63024 INFO tempest.lib.common.rest_client [req-7b0b5a10-7057-4692-a792-23228d28f6d2 req-7b0b5a10-7057-4692-a792-23228d28f6d2 ] Request (ListServerFiltersTestJSON:tearDownClass): 200 GET http://10.180.1.21/compute/v2.1/servers/9734221b-8ec6-4c04-bafc-d15dab9e1bc5 0.063s
2025-02-19 14:49:36.068 63031 INFO tempest.lib.common.rest_client [req-be106e69-99f7-466b-80c9-6b607edffeec req-be106e69-99f7-466b-80c9-6b607edffeec ] Request (InstanceActionsV221TestJSON:test_get_list_deleted_instance_actions): 200 GET http://10.180.1.21/compute/v2.1/servers/6d687f06-5b33-4c65-b469-8c7c02d8a52c 0.054s
2025-02-19 14:49:36.242 63012 INFO tempest.lib.common.rest_client [req-db9aaefa-d7ab-4efa-bab6-69632044ba1c req-db9aaefa-d7ab-4efa-bab6-69632044ba1c ] Request (AttachInterfacesTestJSON:test_create_list_show_delete_interfaces_by_fixed_ip): 200 GET http://10.180.1.21/compute/v2.1/servers/51bce6bc-d67b-40e2-8507-e46b368837eb 0.102s
2025-02-19 14:49:36.246 63052 INFO tempest.lib.common.rest_client [req-0095c7ef-7240-4e4a-be2a-20fdf9ae32e2 req-0095c7ef-7240-4e4a-be2a-20fdf9ae32e2 ] Request (SecurityGroupsTestJSON:test_server_security_groups): 200 GET http://10.180.1.21/compute/v2.1/servers/20a8a0f2-b24c-4097-b231-ef82b86bdda5 0.084s
2025-02-19 14:49:36.303 63034 INFO tempest.lib.common.rest_client [req-dacff3f6-4aa3-4f8f-ae9c-a441261450cf req-dacff3f6-4aa3-4f8f-ae9c-a441261450cf ] Request (DeleteServersTestJSON:test_delete_server_while_in_attached_volume): 200 GET http://10.180.1.21/compute/v2.1/servers/b5615d78-eee6-4e84-b5f2-d9ab6ca66e1e 0.056s
2025-02-19 14:49:36.354 63006 INFO tempest.lib.common.rest_client [req-5394aada-21ce-4878-a2be-9fae8273fc6a req-5394aada-21ce-4878-a2be-9fae8273fc6a ] Request (ServerExternalEventsTest:test_create_server_external_events): 200 GET http://10.180.1.21/compute/v2.1/servers/34705cc3-12ff-496f-a5ae-7db685ab7d42 0.058s
2025-02-19 14:49:36.404 63044 INFO tempest.lib.common.rest_client [req-9ab36337-c70f-4bcd-8625-d8dd47486e10 req-9ab36337-c70f-4bcd-8625-d8dd47486e10 ] Request (ServerActionsTestOtherB:setUpClass): 200 GET http://10.180.1.21/compute/v2.1/servers/47a2f884-e89a-4114-ad54-a94ba493d07f 0.083s
2025-02-19 14:49:36.432 63008 INFO tempest.lib.common.rest_client [req-f21584b2-e8a0-4adf-9e84-b1a918c76341 req-f21584b2-e8a0-4adf-9e84-b1a918c76341 ] Request (ServersTestMultiNic:_run_cleanups): 200 GET http://10.180.1.21/compute/v2.1/servers/e3b8ed45-0638-4f75-9c6f-c984702e660b 0.183s
2025-02-19 14:49:36.460 63036 INFO tempest.lib.common.rest_client [req-ff469f9e-36f6-4c8f-ae19-5dd67cdf3503 req-ff469f9e-36f6-4c8f-ae19-5dd67cdf3503 ] Request (ImagesOneServerNegativeTestJSON:_run_cleanups): 200 GET http://10.180.1.21/compute/v2.1/servers/16bc5eeb-8e2b-499e-a7fa-6c37a18cdf72 0.089s
2025-02-19 14:49:36.492 63016 INFO tempest.lib.common.rest_client [req-a1c29dd5-1608-460d-9e58-98360356779a req-a1c29dd5-1608-460d-9e58-98360356779a ] Request (MultipleCreateTestJSON:test_multiple_create): 200 GET http://10.180.1.21/compute/v2.1/servers/a802376d-992a-4976-a6ec-6de8c467e7c6 0.080s
2025-02-19 14:49:36.548 63038 INFO tempest.lib.common.rest_client [req-bdf18d06-db46-4f05-804a-393e0e2ce096 req-bdf18d06-db46-4f05-804a-393e0e2ce096 ] Request (ListImageFiltersTestJSON:setUpClass): 200 GET http://10.180.1.21/compute/v2.1/servers/b88bbea3-f496-4a9a-a90d-da26f4f62193 0.131s
2025-02-19 14:49:36.555 63038 INFO tempest.common.waiters [-] State transition "ACTIVE/image_uploading" ==> "ACTIVE/None" after 1 second wait
2025-02-19 14:49:36.565 63022 INFO tempest.lib.common.rest_client [req-7e9d0ab3-fbcf-4093-87ff-c5fdd2bb3830 req-7e9d0ab3-fbcf-4093-87ff-c5fdd2bb3830 ] Request (ServersAdminNegativeTestJSON:tearDownClass): 200 GET http://10.180.1.21/compute/v2.1/servers/2d550d8e-b282-4817-b754-f5d390df6aa9 0.088s
2025-02-19 14:49:36.606 63020 INFO tempest.lib.common.rest_client [req-8c0bea49-63b3-4419-bdca-eaab252414f1 req-8c0bea49-63b3-4419-bdca-eaab252414f1 ] Request (ServerActionsV293TestJSON:setUpClass): 200 GET http://10.180.1.21/compute/v2.1/servers/5ff00e5a-676c-4d56-968e-1fb8866f79ac 0.126s
2025-02-19 14:49:36.623 63054 INFO tempest.lib.common.rest_client [req-6e7025cf-1610-46c7-9a44-90c4dcbca1f0 req-6e7025cf-1610-46c7-9a44-90c4dcbca1f0 ] Request (ServersAdminTestJSON:test_inject_network_info): 200 GET http://10.180.1.21/compute/v2.1/servers/54077f0d-3e5c-4aa3-98f0-2434c168ce06 0.098s
2025-02-19 14:49:36.773 63042 INFO tempest.lib.common.rest_client [req-cdf958b6-3b5c-4506-81cc-3dca4a3cfc3f req-cdf958b6-3b5c-4506-81cc-3dca4a3cfc3f ] Request (ServersNegativeTestMultiTenantJSON:setUpClass): 200 GET http://10.180.1.21/compute/v2.1/servers/fd23c82e-4955-4be3-b034-5400270a19a3 0.090s
2025-02-19 14:49:36.901 63014 INFO tempest.lib.common.rest_client [req-fcfff8f3-7bd2-4e57-8426-5771811e3673 req-fcfff8f3-7bd2-4e57-8426-5771811e3673 ] Request (ListServersNegativeTestJSON:setUpClass): 200 GET http://10.180.1.21/compute/v2.1/servers/97740935-a6d9-403a-8c2f-45350389c0e1 0.091s
2025-02-19 14:49:37.025 63038 INFO tempest.lib.common.rest_client [req-05995caa-1765-4163-8a8e-ac33c32d6af6 req-05995caa-1765-4163-8a8e-ac33c32d6af6 ] Request (ListImageFiltersTestJSON:setUpClass): 202 POST http://10.180.1.21/compute/v2.1/servers/e1826804-fb88-4228-9e63-d6504704ca48/action 0.470s
2025-02-19 14:49:37.087 63056 INFO tempest.lib.common.rest_client [req-5ee9d133-7d58-4bd0-aa57-60b77e84e711 req-5ee9d133-7d58-4bd0-aa57-60b77e84e711 ] Request (ImagesTestJSON:test_create_image_from_suspended_server): 200 GET http://10.180.1.21/compute/v2.1/servers/b18e9c0e-e6b8-46f6-ac8b-8003ee9121fb 0.260s
2025-02-19 14:49:37.136 62996 INFO tempest.lib.common.rest_client [req-6ec1d1ea-6371-4160-82c7-aa278cc86617 req-6ec1d1ea-6371-4160-82c7-aa278cc86617 ] Request (FloatingIPsAssociationNegativeTestJSON:setUpClass): 200 GET http://10.180.1.21/compute/v2.1/servers/c6d9a643-9909-4127-a49e-24c49d4eccfd 0.286s
2025-02-19 14:49:37.143 62996 INFO tempest.common.waiters [-] State transition "BUILD/networking" ==> "BUILD/block_device_mapping" after 61 second wait
2025-02-19 14:49:37.173 63000 INFO tempest.lib.common.rest_client [req-9c96865b-7f4b-42ed-977e-33dbf013d168 req-9c96865b-7f4b-42ed-977e-33dbf013d168 ] Request (MigrationsAdminTest:test_resize_server_revert_deleted_flavor): 200 GET http://10.180.1.21/compute/v2.1/servers/1b9677be-196b-403a-8d79-7b7c694046eb 0.280s
2025-02-19 14:49:37.197 63010 INFO tempest.lib.common.rest_client [req-c29e0b3a-b1d8-4cae-b49a-9bbe38229930 req-c29e0b3a-b1d8-4cae-b49a-9bbe38229930 ] Request (ServerRescueNegativeTestJSON:setUpClass): 200 GET http://10.180.1.21/compute/v2.1/servers/9043970b-25b2-4989-baea-3cfeb11bec5d 0.301s
2025-02-19 14:49:37.252 63024 INFO tempest.lib.common.rest_client [req-1a73f44c-7614-47a4-ac83-7c1832cc9894 req-1a73f44c-7614-47a4-ac83-7c1832cc9894 ] Request (ListServerFiltersTestJSON:tearDownClass): 200 GET http://10.180.1.21/compute/v2.1/servers/9734221b-8ec6-4c04-bafc-d15dab9e1bc5 0.241s
2025-02-19 14:49:37.257 63026 INFO tempest.lib.common.rest_client [req-157193ad-77a0-4fef-a7bd-b634e68b5405 req-157193ad-77a0-4fef-a7bd-b634e68b5405 ] Request (ServerPasswordTestJSON:setUpClass): 200 GET http://10.180.1.21/compute/v2.1/servers/3364dc58-416c-42da-8157-6efdb65e0e89 0.311s
2025-02-19 14:49:37.281 63038 INFO tempest.lib.common.rest_client [req-e1ec309d-dcf9-4a01-86e3-c0bdb0d20bc7 req-e1ec309d-dcf9-4a01-86e3-c0bdb0d20bc7 ] Request (ListImageFiltersTestJSON:setUpClass): 200 GET http://10.180.1.21/compute/v2.1/images/00aeccb5-3641-4455-aca7-0ee581a36cda 0.255s
2025-02-19 14:49:37.319 63031 INFO tempest.lib.common.rest_client [req-97d8b29c-461a-4749-a4d1-5aa382d36938 req-97d8b29c-461a-4749-a4d1-5aa382d36938 ] Request (InstanceActionsV221TestJSON:test_get_list_deleted_instance_actions): 200 GET http://10.180.1.21/compute/v2.1/servers/6d687f06-5b33-4c65-b469-8c7c02d8a52c 0.237s
2025-02-19 14:49:37.365 63012 INFO tempest.lib.common.rest_client [req-05f1eb9a-95ce-43da-8b4d-fb3be6b51570 req-05f1eb9a-95ce-43da-8b4d-fb3be6b51570 ] Request (AttachInterfacesTestJSON:test_create_list_show_delete_interfaces_by_fixed_ip): 200 GET http://10.180.1.21/compute/v2.1/servers/51bce6bc-d67b-40e2-8507-e46b368837eb 0.114s
2025-02-19 14:49:37.377 63052 INFO tempest.lib.common.rest_client [req-474059a3-7b12-4d2e-b8d2-543c9d682ad3 req-474059a3-7b12-4d2e-b8d2-543c9d682ad3 ] Request (SecurityGroupsTestJSON:test_server_security_groups): 200 GET http://10.180.1.21/compute/v2.1/servers/20a8a0f2-b24c-4097-b231-ef82b86bdda5 0.119s
2025-02-19 14:49:37.409 63034 INFO tempest.lib.common.rest_client [req-1e8f7a41-bbd4-4c4c-b3cc-060c20ca8d5a req-1e8f7a41-bbd4-4c4c-b3cc-060c20ca8d5a ] Request (DeleteServersTestJSON:test_delete_server_while_in_attached_volume): 200 GET http://10.180.1.21/compute/v2.1/servers/b5615d78-eee6-4e84-b5f2-d9ab6ca66e1e 0.097s
2025-02-19 14:49:37.426 63040 WARNING tempest.lib.common.ssh [-] Failed to establish authenticated ssh connection to cirros@10.180.180.201 ([Errno None] Unable to connect to port 22 on 10.180.180.201). Number attempts: 1. Retry after 2 seconds.: paramiko.ssh_exception.NoValidConnectionsError: [Errno None] Unable to connect to port 22 on 10.180.180.201
2025-02-19 14:49:37.434 63006 INFO tempest.lib.common.rest_client [req-8e587c84-33e6-4f2f-8907-51d08bc69736 req-8e587c84-33e6-4f2f-8907-51d08bc69736 ] Request (ServerExternalEventsTest:test_create_server_external_events): 200 GET http://10.180.1.21/compute/v2.1/servers/34705cc3-12ff-496f-a5ae-7db685ab7d42 0.071s
2025-02-19 14:49:37.471 63044 INFO tempest.lib.common.rest_client [req-b8b0bd1f-70e5-4102-8f24-e555322af3e9 req-b8b0bd1f-70e5-4102-8f24-e555322af3e9 ] Request (ServerActionsTestOtherB:setUpClass): 200 GET http://10.180.1.21/compute/v2.1/servers/47a2f884-e89a-4114-ad54-a94ba493d07f 0.055s
2025-02-19 14:49:37.524 63036 INFO tempest.lib.common.rest_client [req-900f5442-b837-432b-97cc-a38f87e69307 req-900f5442-b837-432b-97cc-a38f87e69307 ] Request (ImagesOneServerNegativeTestJSON:_run_cleanups): 200 GET http://10.180.1.21/compute/v2.1/servers/16bc5eeb-8e2b-499e-a7fa-6c37a18cdf72 0.056s
2025-02-19 14:49:37.537 63002 WARNING tempest.lib.common.ssh [-] Failed to establish authenticated ssh connection to cirros@10.180.180.246 ([Errno None] Unable to connect to port 22 on 10.180.180.246). Number attempts: 7. Retry after 8 seconds.: paramiko.ssh_exception.NoValidConnectionsError: [Errno None] Unable to connect to port 22 on 10.180.180.246
2025-02-19 14:49:37.567 63008 INFO tempest.lib.common.rest_client [req-2240c2e2-ab49-46d6-bcb2-7773f83edd69 req-2240c2e2-ab49-46d6-bcb2-7773f83edd69 ] Request (ServersTestMultiNic:_run_cleanups): 200 GET http://10.180.1.21/compute/v2.1/servers/e3b8ed45-0638-4f75-9c6f-c984702e660b 0.125s
2025-02-19 14:49:37.579 63016 INFO tempest.lib.common.rest_client [req-ae357a60-8786-46f1-a5d4-c54f3376d183 req-ae357a60-8786-46f1-a5d4-c54f3376d183 ] Request (MultipleCreateTestJSON:test_multiple_create): 200 GET http://10.180.1.21/compute/v2.1/servers/a802376d-992a-4976-a6ec-6de8c467e7c6 0.078s
2025-02-19 14:49:37.601 63050 WARNING tempest.lib.common.ssh [-] Failed to establish authenticated ssh connection to cirros@10.180.180.140 ([Errno None] Unable to connect to port 22 on 10.180.180.140). Number attempts: 9. Retry after 10 seconds.: paramiko.ssh_exception.NoValidConnectionsError: [Errno None] Unable to connect to port 22 on 10.180.180.140
2025-02-19 14:49:37.646 63022 INFO tempest.lib.common.rest_client [req-5709378e-f411-40f7-b057-aeb551ad4e6a req-5709378e-f411-40f7-b057-aeb551ad4e6a ] Request (ServersAdminNegativeTestJSON:tearDownClass): 200 GET http://10.180.1.21/compute/v2.1/servers/2d550d8e-b282-4817-b754-f5d390df6aa9 0.069s
2025-02-19 14:49:37.692 63054 INFO tempest.lib.common.rest_client [req-6d5470f6-3d52-407d-a6ce-a3bbf59da4b0 req-6d5470f6-3d52-407d-a6ce-a3bbf59da4b0 ] Request (ServersAdminTestJSON:test_inject_network_info): 200 GET http://10.180.1.21/compute/v2.1/servers/54077f0d-3e5c-4aa3-98f0-2434c168ce06 0.058s
2025-02-19 14:49:37.695 63020 INFO tempest.lib.common.rest_client [req-ff357808-d836-4455-9bd5-337e881b69ff req-ff357808-d836-4455-9bd5-337e881b69ff ] Request (ServerActionsV293TestJSON:setUpClass): 200 GET http://10.180.1.21/compute/v2.1/servers/5ff00e5a-676c-4d56-968e-1fb8866f79ac 0.077s
2025-02-19 14:49:37.835 63042 INFO tempest.lib.common.rest_client [req-37036326-321a-47bb-b26d-7ebb50277a1b req-37036326-321a-47bb-b26d-7ebb50277a1b ] Request (ServersNegativeTestMultiTenantJSON:setUpClass): 200 GET http://10.180.1.21/compute/v2.1/servers/fd23c82e-4955-4be3-b034-5400270a19a3 0.054s
2025-02-19 14:49:37.933 63014 INFO tempest.lib.common.rest_client [req-f6114003-d204-470b-8508-813bdfac8a7d req-f6114003-d204-470b-8508-813bdfac8a7d ] Request (ListServersNegativeTestJSON:setUpClass): 404 GET http://10.180.1.21/compute/v2.1/servers/97740935-a6d9-403a-8c2f-45350389c0e1 0.023s
2025-02-19 14:49:37.985 63014 INFO tempest.lib.common.rest_client [req-0fcee301-3a1b-4ca8-94bc-eefa6fa5d185 req-0fcee301-3a1b-4ca8-94bc-eefa6fa5d185 ] Request (ListServersNegativeTestJSON:test_list_servers_by_changes_since_future_date): 200 GET http://10.180.1.21/compute/v2.1/servers?changes-since=2051-01-01T12%3A34%3A00Z&status=ACTIVE 0.051s
2025-02-19 14:49:37.996 63014 INFO tempest.lib.common.rest_client [req-544fca38-48ba-4733-8f4c-9554afb4c86a req-544fca38-48ba-4733-8f4c-9554afb4c86a ] Request (ListServersNegativeTestJSON:test_list_servers_by_changes_since_invalid_date): 400 GET http://10.180.1.21/compute/v2.1/servers?changes-since=2011%2F01%2F01 0.007s
2025-02-19 14:49:38.042 63014 INFO tempest.lib.common.rest_client [req-f5ff9434-9fc7-4cb5-ad0b-5094cb39a0ac req-f5ff9434-9fc7-4cb5-ad0b-5094cb39a0ac ] Request (ListServersNegativeTestJSON:test_list_servers_by_limits_greater_than_actual_count): 200 GET http://10.180.1.21/compute/v2.1/servers 0.044s
