2025-02-19 14:47:30.552 63006 INFO tempest.lib.common.rest_client [req-0ef181b6-e0aa-4acf-ba76-22dbb9e19917 req-0ef181b6-e0aa-4acf-ba76-22dbb9e19917 ] Request (FlavorsV261TestJSON:tearDownClass): 204 DELETE http://10.180.1.21:9696/networking/v2.0/security-groups/1c9f4bf6-1c02-45e7-a582-3ae846debf71 0.425s
2025-02-19 14:47:30.557 62996 INFO tempest.common.waiters [-] State transition "BUILD/None" ==> "BUILD/block_device_mapping" after 8 second wait
2025-02-19 14:47:30.566 63026 INFO tempest.lib.common.rest_client [req-b82665f8-8260-405c-a090-7af7a612c080 req-b82665f8-8260-405c-a090-7af7a612c080 ] Request (FlavorsExtraSpecsTestJSON:test_flavor_set_get_update_show_unset_keys): 200 GET http://10.180.1.21/compute/v2.1/flavors/882035139/os-extra_specs 1.347s
2025-02-19 14:47:30.584 62994 INFO tempest.lib.common.rest_client [req-2c0183ab-e534-4eea-93e1-03ebe70ea5e5 req-2c0183ab-e534-4eea-93e1-03ebe70ea5e5 ] Request (ImagesDeleteNegativeTestJSON:test_delete_image_with_id_over_character_limit): 404 DELETE http://10.180.1.21/compute/v2.1/images/46f95ca3-a53f-45e6-bc94-8af0f49268a91 1.326s
2025-02-19 14:47:30.585 63038 INFO tempest.lib.common.rest_client [req-9995c3ca-3cea-4723-8d6a-d9c8fc3de3f1 req-9995c3ca-3cea-4723-8d6a-d9c8fc3de3f1 ] Request (FlavorsV255TestJSON:_run_cleanups): 200 GET http://10.180.1.21/compute/v2.1/flavors/detail 1.352s
2025-02-19 14:47:30.590 63046 INFO tempest.lib.common.rest_client [req-82d2a9cc-a7bd-47db-a6f8-38c9c27b8cc0 req-82d2a9cc-a7bd-47db-a6f8-38c9c27b8cc0 ] Request (HostsAdminNegativeTestJSON:test_shutdown_host_with_non_admin_user): 403 GET http://10.180.1.21/compute/v2.1/os-hosts/devstack/shutdown 1.318s
2025-02-19 14:47:30.606 63050 INFO tempest.lib.common.rest_client [req-84568a5c-3c90-47b7-a453-d07cb78d248e req-84568a5c-3c90-47b7-a453-d07cb78d248e ] Request (ServerActionsTestOtherA:setUpClass): 201 POST http://10.180.1.21:9696/networking/v2.0/routers 1.502s
2025-02-19 14:47:30.707 63006 INFO tempest.lib.common.rest_client [req-1497fc99-2c1c-4c49-ac35-758ca707e72d req-1497fc99-2c1c-4c49-ac35-758ca707e72d ] Request (FlavorsV261TestJSON:tearDownClass): 204 DELETE http://10.180.1.21/identity/v3/projects/4d244e34ca3641478cc9f051cbc53eb5 0.155s
2025-02-19 14:47:30.707 63006 INFO tempest.lib.common.dynamic_creds [-] Deleting project and security group for project: 0855729b4c7548a4b1ff42707f661fbe
2025-02-19 14:47:30.735 63004 INFO tempest.lib.common.rest_client [req-3bdc472b-9e8b-4459-9c34-3313d1f8df58 req-3bdc472b-9e8b-4459-9c34-3313d1f8df58 ] Request (ServersV294TestFqdnHostnames:setUpClass): 200 GET http://10.180.1.21/compute/v2.1/servers/09b94789-2ace-4ecc-8374-e9800e4713e1 1.297s
2025-02-19 14:47:30.762 63002 INFO tempest.lib.common.rest_client [req-7dacb6a4-6a9d-4f90-bb87-af3fcd77281f req-7dacb6a4-6a9d-4f90-bb87-af3fcd77281f ] Request (HypervisorAdminNegativeTestJSON:test_show_hypervisor_with_non_admin_user): 200 GET http://10.180.1.21/compute/v2.1/os-hypervisors 1.302s
2025-02-19 14:47:30.788 63010 INFO tempest.lib.common.rest_client [req-6d7cc790-0cc4-4f1c-9c47-9dd8b5ddec71 req-6d7cc790-0cc4-4f1c-9c47-9dd8b5ddec71 ] Request (AggregatesAdminNegativeTestJSON:test_aggregate_add_host_as_user): 200 POST http://10.180.1.21/compute/v2.1/os-aggregates 1.298s
2025-02-19 14:47:30.820 63048 INFO tempest.lib.common.rest_client [req-cd79cb1f-8ab6-4f86-a440-15ee39c78b57 req-cd79cb1f-8ab6-4f86-a440-15ee39c78b57 ] Request (QuotasAdminTestJSON:test_get_updated_quotas): 200 PUT http://10.180.1.21/compute/v2.1/os-quota-sets/352272172b064f648b310084e1ae3877 1.551s
2025-02-19 14:47:30.839 63038 INFO tempest.lib.common.rest_client [req-5bbbca42-a7ff-447c-806c-aa72960dd705 req-5bbbca42-a7ff-447c-806c-aa72960dd705 ] Request (FlavorsV255TestJSON:tearDownClass): 204 DELETE http://10.180.1.21/identity/v3/users/342c4bf61baa4764a802f288bfb042f8 0.236s
2025-02-19 14:47:30.877 63056 INFO tempest.lib.common.rest_client [req-d565f0f1-90b5-46be-b417-8f574afc2964 req-d565f0f1-90b5-46be-b417-8f574afc2964 ] Request (ImagesTestJSON:test_create_image_from_stopped_server): 200 GET http://10.180.1.21/compute/v2.1/servers/0d25425e-762a-4376-bbc2-ff7ae80c4248 1.379s
2025-02-19 14:47:30.969 63038 INFO tempest.lib.common.rest_client [req-eff2a47d-fa96-44ac-9768-5fd731df50d6 req-eff2a47d-fa96-44ac-9768-5fd731df50d6 ] Request (FlavorsV255TestJSON:tearDownClass): 204 DELETE http://10.180.1.21/identity/v3/users/3b00ddd58b294ac59b9e0155d6cac89f 0.130s
2025-02-19 14:47:30.969 63038 INFO tempest.lib.common.dynamic_creds [-] Deleting project and security group for project: af7b5deacbb34ff4aabbd96bbf93ce4c
2025-02-19 14:47:31.036 63038 INFO tempest.lib.common.rest_client [req-baee14e3-0938-47d7-afbb-9f8d7857eacb req-baee14e3-0938-47d7-afbb-9f8d7857eacb ] Request (FlavorsV255TestJSON:tearDownClass): 201 POST http://10.180.1.21/identity/v3/auth/tokens 0.067s
2025-02-19 14:47:31.116 63036 INFO tempest.lib.common.rest_client [req-16bdbc21-531b-4175-8a66-fe00bc09e5db req-16bdbc21-531b-4175-8a66-fe00bc09e5db ] Request (QuotasAdminNegativeTest:test_create_server_when_instances_quota_is_full): 403 POST http://10.180.1.21/compute/v2.1/servers 1.525s
2025-02-19 14:47:31.153 62998 INFO tempest.lib.common.rest_client [req-05c03cf1-8798-4284-9631-cef13fb59b8f req-05c03cf1-8798-4284-9631-cef13fb59b8f ] Request (VolumesAssistedSnapshotsTest:test_volume_assisted_snapshot_create_delete): 200 POST http://10.180.1.21/compute/v2.1/os-keypairs 1.461s
2025-02-19 14:47:31.155 63028 INFO tempest.lib.common.rest_client [req-bd672f4e-05c5-44b6-9d8f-270b8c31fa3a req-bd672f4e-05c5-44b6-9d8f-270b8c31fa3a ] Request (ServersWithSpecificFlavorTestJSON:test_verify_created_server_ephemeral_disk): 200 POST http://10.180.1.21/compute/v2.1/flavors/145727963/os-extra_specs 1.451s
2025-02-19 14:47:31.167 63031 INFO tempest.lib.common.rest_client [req-008badc6-062d-4125-8e75-0bc14013795d req-008badc6-062d-4125-8e75-0bc14013795d ] Request (FlavorsV2TestJSON:test_list_flavors_detailed_filter_by_min_ram): 200 GET http://10.180.1.21/compute/v2.1/flavors/42 1.421s
2025-02-19 14:47:31.171 63042 INFO tempest.lib.common.rest_client [req-46e2a8ac-d63f-4483-bcd9-e5d8675b0ee7 req-46e2a8ac-d63f-4483-bcd9-e5d8675b0ee7 ] Request (ServicesAdminNegativeV253TestJSON:test_enable_service_with_invalid_service_id): 404 PUT http://10.180.1.21/compute/v2.1/os-services/2aeebbfa-1e3f-40e9-9337-277062f61c7a 1.407s
2025-02-19 14:47:31.225 63052 INFO tempest.lib.common.rest_client [req-58534b8e-a1a1-4e00-94a1-d296070f7c12 req-58534b8e-a1a1-4e00-94a1-d296070f7c12 ] Request (SecurityGroupsTestJSON:setUpClass): 200 PUT http://10.180.1.21:9696/networking/v2.0/routers/652c56b5-fe18-4e16-b8f9-8fc394347fb2/add_router_interface 2.073s
2025-02-19 14:47:31.225 63052 INFO tempest.lib.common.dynamic_creds [-] Created isolated network resources for: credentials: Credentials: {'domain_id': 'default', 'domain_name': 'Default', 'username': 'tempest-SecurityGroupsTestJSON-623003631-project-member', 'project_domain_id': 'default', 'project_domain_name': 'Default', 'project_id': 'a926b6f255de4766b6f252ec7213cce9', 'project_name': 'tempest-SecurityGroupsTestJSON-623003631', 'tenant_id': 'a926b6f255de4766b6f252ec7213cce9', 'tenant_name': 'tempest-SecurityGroupsTestJSON-623003631', 'user_domain_id': 'default', 'user_domain_name': 'Default', 'user_id': 'e4ace8ec78f2433da31c6032ac471f52', 'system': None}, Network: {'id': 'c72e5dd6-ca76-4a47-967b-e5cb9cba90ad', 'name': 'tempest-SecurityGroupsTestJSON-756104949-network', 'tenant_id': 'a926b6f255de4766b6f252ec7213cce9', 'admin_state_up': True, 'mtu': 8950, 'status': 'ACTIVE', 'subnets': [], 'shared': False, 'project_id': 'a926b6f255de4766b6f252ec7213cce9', 'port_security_enabled': True, 'router:external': False, 'provider:network_type': 'vlan', 'provider:physical_network': 'default', 'provider:segmentation_id': 827, 'availability_zone_hints': [], 'availability_zones': [], 'ipv4_address_scope': None, 'ipv6_address_scope': None, 'description': '', 'tags': [], 'created_at': '2025-02-19T14:47:27Z', 'updated_at': '2025-02-19T14:47:27Z', 'revision_number': 1}, Subnet: {'id': '8aea5f2a-9696-4ab7-a59b-841fbcf96ca4', 'name': 'tempest-SecurityGroupsTestJSON-756104949-subnet', 'tenant_id': 'a926b6f255de4766b6f252ec7213cce9', 'network_id': 'c72e5dd6-ca76-4a47-967b-e5cb9cba90ad', 'ip_version': 4, 'subnetpool_id': None, 'enable_dhcp': True, 'ipv6_ra_mode': None, 'ipv6_address_mode': None, 'gateway_ip': '192.168.128.1', 'cidr': '192.168.128.0/28', 'allocation_pools': [{'start': '192.168.128.2', 'end': '192.168.128.14'}], 'host_routes': [], 'dns_nameservers': [], 'description': '', 'router:external': False, 'service_types': [], 'tags': [], 'created_at': '2025-02-19T14:47:27Z', 'updated_at': '2025-02-19T14:47:27Z', 'revision_number': 0, 'project_id': 'a926b6f255de4766b6f252ec7213cce9'}, Router: {'id': '652c56b5-fe18-4e16-b8f9-8fc394347fb2', 'name': 'tempest-SecurityGroupsTestJSON-756104949-router', 'tenant_id': 'a926b6f255de4766b6f252ec7213cce9', 'admin_state_up': True, 'status': 'ACTIVE', 'external_gateway_info': {'network_id': '5a99d2cc-8c90-4248-bcfb-7350e6558ae2', 'external_fixed_ips': [{'subnet_id': '92a9b299-f70e-4a2a-8e60-5f36dfe639c1', 'ip_address': '10.180.180.197'}], 'enable_snat': True}, 'description': '', 'availability_zones': [], 'distributed': False, 'ha': False, 'availability_zone_hints': [], 'routes': [], 'flavor_id': None, 'tags': [], 'created_at': '2025-02-19T14:47:27Z', 'updated_at': '2025-02-19T14:47:28Z', 'revision_number': 2, 'project_id': 'a926b6f255de4766b6f252ec7213cce9'}
2025-02-19 14:47:31.247 63006 INFO tempest.lib.common.rest_client [req-ac0195f6-edfe-46df-933c-f9723a81effa req-ac0195f6-edfe-46df-933c-f9723a81effa ] Request (FlavorsV261TestJSON:tearDownClass): 200 GET http://10.180.1.21:9696/networking/v2.0/security-groups?tenant_id=0855729b4c7548a4b1ff42707f661fbe&name=default 0.539s
2025-02-19 14:47:31.249 63020 INFO tempest.lib.common.rest_client [req-a3a39051-72d2-4690-b27b-2ff84cdfd1cc req-a3a39051-72d2-4690-b27b-2ff84cdfd1cc ] Request (ServerDiagnosticsV248Test:test_get_server_diagnostics): 200 GET http://10.180.1.21/compute/v2.1/servers/d72cb155-ff74-49df-b633-b72ac4142f74 1.144s
2025-02-19 14:47:31.269 63018 INFO tempest.lib.common.rest_client [req-14489cf4-3294-4879-969a-13de5cd11113 req-14489cf4-3294-4879-969a-13de5cd11113 ] Request (FlavorsAccessNegativeTestJSON:test_flavor_access_list_with_public_flavor): 200 POST http://10.180.1.21/compute/v2.1/flavors 1.156s
2025-02-19 14:47:31.278 63008 INFO tempest.lib.common.rest_client [req-fe041009-b8ae-4938-8e95-e340fa10e1f9 req-fe041009-b8ae-4938-8e95-e340fa10e1f9 ] Request (FlavorsExtraSpecsNegativeTestJSON:test_flavor_unset_nonexistent_key): 404 DELETE http://10.180.1.21/compute/v2.1/flavors/1543412686/os-extra_specs/hw:cpu_thread_policy 1.132s
2025-02-19 14:47:31.296 63014 INFO tempest.lib.common.rest_client [req-9ad0e492-4081-4f0b-8067-631826905482 req-9ad0e492-4081-4f0b-8067-631826905482 ] Request (FlavorsAccessTestJSON:test_flavor_access_list_with_private_flavor): 200 POST http://10.180.1.21/compute/v2.1/flavors 1.148s
2025-02-19 14:47:31.303 63052 INFO tempest.lib.common.rest_client [req-3f7a83f6-adec-4a01-9632-362867913657 req-3f7a83f6-adec-4a01-9632-362867913657 ] Request (SecurityGroupsTestJSON:setUpClass): 201 POST http://10.180.1.21/identity/v3/auth/tokens 0.075s
2025-02-19 14:47:31.354 63024 INFO tempest.lib.common.rest_client [req-968d9c0a-5f23-4c66-9ed4-9f6471db4180 req-968d9c0a-5f23-4c66-9ed4-9f6471db4180 ] Request (ListServerFiltersTestJSON:setUpClass): 200 GET http://10.180.1.21/compute/v2.1/servers/fc58a6a3-d047-49a3-b758-0f191dd23c47 1.110s
2025-02-19 14:47:31.355 63038 INFO tempest.lib.common.rest_client [req-1d0cb443-9c17-450f-8ef9-4e361aee59a3 req-1d0cb443-9c17-450f-8ef9-4e361aee59a3 ] Request (FlavorsV255TestJSON:tearDownClass): 200 GET http://10.180.1.21:9696/networking/v2.0/security-groups?tenant_id=af7b5deacbb34ff4aabbd96bbf93ce4c&name=default 0.318s
2025-02-19 14:47:31.367 63000 INFO tempest.lib.common.rest_client [req-3084693d-26b1-4f2a-9a77-b02152ae2e07 req-3084693d-26b1-4f2a-9a77-b02152ae2e07 ] Request (MigrationsAdminTest:test_list_migrations_in_flavor_resize_situation): 200 GET http://10.180.1.21/compute/v2.1/servers/7f5037bd-1a7d-444b-9cae-9a4e3d07c280 1.374s
2025-02-19 14:47:31.384 63040 INFO tempest.lib.common.rest_client [req-0edc91e0-1805-43be-aa02-5fcf04be3272 req-0edc91e0-1805-43be-aa02-5fcf04be3272 ] Request (KeyPairsV210TestJSON:_run_cleanups): 204 DELETE http://10.180.1.21/compute/v2.1/os-keypairs/tempest-keypair-1440675078?user_id=f3b714e1b8504576a232285ca484bb1d 0.833s
2025-02-19 14:47:31.415 63026 INFO tempest.lib.common.rest_client [req-c074a31c-fdc6-46e3-9c16-7b106a67c7f3 req-c074a31c-fdc6-46e3-9c16-7b106a67c7f3 ] Request (FlavorsExtraSpecsTestJSON:test_flavor_set_get_update_show_unset_keys): 200 PUT http://10.180.1.21/compute/v2.1/flavors/882035139/os-extra_specs/hw:numa_nodes 0.846s
2025-02-19 14:47:31.441 62994 INFO tempest.lib.common.rest_client [req-cdfca874-3e16-4863-9611-59f685369e53 req-cdfca874-3e16-4863-9611-59f685369e53 ] Request (ImagesDeleteNegativeTestJSON:test_delete_image_with_invalid_image_id): 404 DELETE http://10.180.1.21/compute/v2.1/images/tempest-invalid-722065938 0.851s
2025-02-19 14:47:31.452 63046 INFO tempest.lib.common.rest_client [req-3f410c3f-41ad-4b46-b711-84c14754358f req-3f410c3f-41ad-4b46-b711-84c14754358f ] Request (HostsAdminNegativeTestJSON:test_shutdown_nonexistent_host): 404 GET http://10.180.1.21/compute/v2.1/os-hosts/nonexistent_hostname/shutdown 0.858s
2025-02-19 14:47:31.453 62998 INFO tempest.lib.common.rest_client [req-0039de9f-ae2f-4305-86fa-4e2ccb7393d2 req-0039de9f-ae2f-4305-86fa-4e2ccb7393d2 ] Request (VolumesAssistedSnapshotsTest:test_volume_assisted_snapshot_create_delete): 201 POST http://10.180.1.21:9696/networking/v2.0/security-groups 0.295s
2025-02-19 14:47:31.461 63002 INFO tempest.lib.common.rest_client [req-d002e11d-0554-4b57-a322-16c677a1dfe9 req-d002e11d-0554-4b57-a322-16c677a1dfe9 ] Request (HypervisorAdminNegativeTestJSON:test_show_hypervisor_with_non_admin_user): 403 GET http://10.180.1.21/compute/v2.1/os-hypervisors/1 0.697s
2025-02-19 14:47:31.498 63040 INFO tempest.lib.common.rest_client [req-4f4367e8-0e21-403c-b64e-50cb197f8cd4 req-4f4367e8-0e21-403c-b64e-50cb197f8cd4 ] Request (KeyPairsV210TestJSON:tearDownClass): 204 DELETE http://10.180.1.21/identity/v3/users/f3b714e1b8504576a232285ca484bb1d 0.108s
2025-02-19 14:47:31.521 63006 INFO tempest.lib.common.rest_client [req-cb60c1e7-cd74-4593-a50f-ce9ecc61d545 req-cb60c1e7-cd74-4593-a50f-ce9ecc61d545 ] Request (FlavorsV261TestJSON:tearDownClass): 204 DELETE http://10.180.1.21:9696/networking/v2.0/security-groups/dcd96e87-d31f-4df6-96c8-822e3875d39e 0.273s
2025-02-19 14:47:31.594 63010 INFO tempest.lib.common.rest_client [req-09c7775f-eeb8-47c8-a822-1b49f6acda88 req-09c7775f-eeb8-47c8-a822-1b49f6acda88 ] Request (AggregatesAdminNegativeTestJSON:test_aggregate_add_host_as_user): 403 POST http://10.180.1.21/compute/v2.1/os-aggregates/2/action 0.804s
2025-02-19 14:47:31.640 63038 INFO tempest.lib.common.rest_client [req-c6717501-a65c-4ba3-a94f-8e8f7d150092 req-c6717501-a65c-4ba3-a94f-8e8f7d150092 ] Request (FlavorsV255TestJSON:tearDownClass): 204 DELETE http://10.180.1.21:9696/networking/v2.0/security-groups/9ccadedb-9b5f-43db-afcc-fb10e1a2f1bb 0.284s
2025-02-19 14:47:31.643 62998 INFO tempest.lib.common.rest_client [req-57a4b24f-2145-411d-87b8-bc8281803a4a req-57a4b24f-2145-411d-87b8-bc8281803a4a ] Request (VolumesAssistedSnapshotsTest:test_volume_assisted_snapshot_create_delete): 201 POST http://10.180.1.21:9696/networking/v2.0/security-group-rules 0.189s
2025-02-19 14:47:31.655 63040 INFO tempest.lib.common.rest_client [req-4956215f-963e-464c-9453-1fe4b2ec3717 req-4956215f-963e-464c-9453-1fe4b2ec3717 ] Request (KeyPairsV210TestJSON:tearDownClass): 204 DELETE http://10.180.1.21/identity/v3/users/8d8e95fb52f042a5af88b01eea5182ae 0.157s
2025-02-19 14:47:31.656 63040 INFO tempest.lib.common.dynamic_creds [-] Deleting project and security group for project: 79bdeb8b938b4a288691ae223f3c894d
2025-02-19 14:47:31.717 63006 INFO tempest.lib.common.rest_client [req-eb5e36e0-3710-4568-91b6-1dbc429f3d7c req-eb5e36e0-3710-4568-91b6-1dbc429f3d7c ] Request (FlavorsV261TestJSON:tearDownClass): 204 DELETE http://10.180.1.21/identity/v3/projects/0855729b4c7548a4b1ff42707f661fbe 0.196s
2025-02-19 14:47:31.777 63040 INFO tempest.lib.common.rest_client [req-e20ec483-7556-4464-b9a6-2363e368f081 req-e20ec483-7556-4464-b9a6-2363e368f081 ] Request (KeyPairsV210TestJSON:tearDownClass): 201 POST http://10.180.1.21/identity/v3/auth/tokens 0.122s
2025-02-19 14:47:31.805 62998 INFO tempest.lib.common.rest_client [req-5f85ca89-4b2e-4c9c-a452-9fe1e074fd41 req-5f85ca89-4b2e-4c9c-a452-9fe1e074fd41 ] Request (VolumesAssistedSnapshotsTest:test_volume_assisted_snapshot_create_delete): 201 POST http://10.180.1.21:9696/networking/v2.0/security-group-rules 0.162s
2025-02-19 14:47:31.816 63038 INFO tempest.lib.common.rest_client [req-f2b28be4-6ea2-4604-b4e1-292d93c1329d req-f2b28be4-6ea2-4604-b4e1-292d93c1329d ] Request (FlavorsV255TestJSON:tearDownClass): 204 DELETE http://10.180.1.21/identity/v3/projects/af7b5deacbb34ff4aabbd96bbf93ce4c 0.175s
2025-02-19 14:47:31.816 63038 INFO tempest.lib.common.dynamic_creds [-] Deleting project and security group for project: ebdddf524c404acaac6b6f8c5d9c2c67
2025-02-19 14:47:31.867 63006 INFO tempest.lib.common.rest_client [req-1c9fdc90-4412-47a8-b621-8b1e4039af8a req-1c9fdc90-4412-47a8-b621-8b1e4039af8a ] Request (HypervisorAdminV228Test:setUpClass): 201 POST http://10.180.1.21/identity/v3/auth/tokens 0.146s
2025-02-19 14:47:31.924 63006 INFO tempest.lib.common.rest_client [req-46580ff2-723f-4a81-9e0b-9e3b39382b22 req-46580ff2-723f-4a81-9e0b-9e3b39382b22 ] Request (HypervisorAdminV228Test:setUpClass): 201 POST http://10.180.1.21/identity/v3/auth/tokens 0.051s
2025-02-19 14:47:31.925 63048 INFO tempest.lib.common.rest_client [req-cad08aa4-8517-472c-b4b4-f839c5e3f629 req-cad08aa4-8517-472c-b4b4-f839c5e3f629 ] Request (QuotasAdminTestJSON:test_get_updated_quotas): 200 GET http://10.180.1.21/compute/v2.1/os-quota-sets/352272172b064f648b310084e1ae3877/detail 1.103s
2025-02-19 14:47:31.949 63006 INFO tempest.lib.common.rest_client [req-b644d919-abcc-4ccb-b119-acc0e6e9dad6 req-b644d919-abcc-4ccb-b119-acc0e6e9dad6 ] Request (HypervisorAdminV228Test:setUpClass): 200 GET http://10.180.1.21/identity/v3/domains?name=Default 0.025s
2025-02-19 14:47:31.965 63048 INFO tempest.lib.common.rest_client [req-12421fea-1a6a-4678-a865-19b74a91a402 req-12421fea-1a6a-4678-a865-19b74a91a402 ] Request (QuotasAdminTestJSON:test_get_updated_quotas): 200 GET http://10.180.1.21/identity/v3/domains?name=Default 0.035s
2025-02-19 14:47:31.979 63006 INFO tempest.lib.common.rest_client [req-ce1a79be-506e-4f20-8e20-7634f792c372 req-ce1a79be-506e-4f20-8e20-7634f792c372 ] Request (HypervisorAdminV228Test:setUpClass): 201 POST http://10.180.1.21/identity/v3/projects 0.029s
2025-02-19 14:47:31.994 63048 INFO tempest.lib.common.rest_client [req-920cc366-d438-48ae-a03b-71bd0b1d0e51 req-920cc366-d438-48ae-a03b-71bd0b1d0e51 ] Request (QuotasAdminTestJSON:test_get_updated_quotas): 201 POST http://10.180.1.21/identity/v3/users 0.028s
2025-02-19 14:47:32.005 63054 INFO tempest.lib.common.rest_client [req-084cac0f-a1a6-4334-b2d7-f92923685808 req-084cac0f-a1a6-4334-b2d7-f92923685808 ] Request (ServersAdminTestJSON:setUpClass): 200 GET http://10.180.1.21/compute/v2.1/servers/e97a5632-4c48-405b-bfba-77d08f2943fb 1.155s
2025-02-19 14:47:32.032 63006 INFO tempest.lib.common.rest_client [req-7c720c5a-064a-49d2-a541-922083c6e1c1 req-7c720c5a-064a-49d2-a541-922083c6e1c1 ] Request (HypervisorAdminV228Test:setUpClass): 201 POST http://10.180.1.21/identity/v3/users 0.052s
2025-02-19 14:47:32.049 63048 INFO tempest.lib.common.rest_client [req-50de3f7a-1037-42ae-bf1b-5c9d97df6e5a req-50de3f7a-1037-42ae-bf1b-5c9d97df6e5a ] Request (QuotasAdminTestJSON:test_get_updated_quotas): 200 GET http://10.180.1.21/identity/v3/domains?name=Default 0.055s
2025-02-19 14:47:32.051 63006 INFO tempest.lib.common.rest_client [req-4b92d2fc-11b1-49a5-ae34-1345556c232e req-4b92d2fc-11b1-49a5-ae34-1345556c232e ] Request (HypervisorAdminV228Test:setUpClass): 200 GET http://10.180.1.21/identity/v3/roles 0.019s
2025-02-19 14:47:32.096 63006 INFO tempest.lib.common.rest_client [req-4ee4d60d-3333-4df6-a80f-c2580918faf6 req-4ee4d60d-3333-4df6-a80f-c2580918faf6 ] Request (HypervisorAdminV228Test:setUpClass): 204 PUT http://10.180.1.21/identity/v3/projects/9d300c0412ca450b95c2b93229b2d60c/users/41a4f2b4924c4141b8045af5a1a06eee/roles/44f292eb10a044b3b4dd14d0926e140f 0.045s
2025-02-19 14:47:32.097 63006 INFO tempest.lib.common.dynamic_creds [-] Dynamic test user 41a4f2b4924c4141b8045af5a1a06eee is created with scope project and roles: ['member']
2025-02-19 14:47:32.097 63006 INFO tempest.lib.common.dynamic_creds [-] Acquired dynamic creds: credentials: Credentials: {'domain_id': 'default', 'domain_name': 'Default', 'username': 'tempest-HypervisorAdminV228Test-690074040-project-member', 'project_domain_id': 'default', 'project_domain_name': 'Default', 'project_id': '9d300c0412ca450b95c2b93229b2d60c', 'project_name': 'tempest-HypervisorAdminV228Test-690074040', 'tenant_id': '9d300c0412ca450b95c2b93229b2d60c', 'tenant_name': 'tempest-HypervisorAdminV228Test-690074040', 'user_domain_id': 'default', 'user_domain_name': 'Default', 'user_id': '41a4f2b4924c4141b8045af5a1a06eee', 'system': None}, Network: None, Subnet: None, Router: None
2025-02-19 14:47:32.097 63006 INFO tempest.lib.common.dynamic_creds [-] Created isolated network resources for: credentials: Credentials: {'domain_id': 'default', 'domain_name': 'Default', 'username': 'tempest-HypervisorAdminV228Test-690074040-project-member', 'project_domain_id': 'default', 'project_domain_name': 'Default', 'project_id': '9d300c0412ca450b95c2b93229b2d60c', 'project_name': 'tempest-HypervisorAdminV228Test-690074040', 'tenant_id': '9d300c0412ca450b95c2b93229b2d60c', 'tenant_name': 'tempest-HypervisorAdminV228Test-690074040', 'user_domain_id': 'default', 'user_domain_name': 'Default', 'user_id': '41a4f2b4924c4141b8045af5a1a06eee', 'system': None}, Network: None, Subnet: None, Router: None
2025-02-19 14:47:32.098 63034 INFO tempest.lib.common.rest_client [req-3b7ef500-bcc6-4f35-9c61-f0d37d91e7d9 req-3b7ef500-bcc6-4f35-9c61-f0d37d91e7d9 ] Request (DeleteServersTestJSON:test_delete_active_server): 200 GET http://10.180.1.21/compute/v2.1/servers/6cd6aa3c-32c9-4f57-ba28-1ea85271c983 1.115s
2025-02-19 14:47:32.169 63038 INFO tempest.lib.common.rest_client [req-65155032-f9ac-4a00-86dc-6b78015ae343 req-65155032-f9ac-4a00-86dc-6b78015ae343 ] Request (FlavorsV255TestJSON:tearDownClass): 200 GET http://10.180.1.21:9696/networking/v2.0/security-groups?tenant_id=ebdddf524c404acaac6b6f8c5d9c2c67&name=default 0.352s
2025-02-19 14:47:32.178 63044 INFO tempest.lib.common.rest_client [req-8e5cd18d-2bab-498d-ae2f-6f53ab629123 req-8e5cd18d-2bab-498d-ae2f-6f53ab629123 ] Request (InstanceActionsTestJSON:setUpClass): 200 GET http://10.180.1.21/compute/v2.1/servers/f96581fd-030c-47c5-9867-c1a105dd4342 1.114s
2025-02-19 14:47:32.186 63044 INFO tempest.common.waiters [-] State transition "BUILD/None" ==> "BUILD/networking" after 10 second wait
2025-02-19 14:47:32.205 63006 INFO tempest.lib.common.rest_client [req-9a93497e-79bf-4597-8301-fcb6b8ccce93 req-9a93497e-79bf-4597-8301-fcb6b8ccce93 ] Request (HypervisorAdminV228Test:setUpClass): 201 POST http://10.180.1.21/identity/v3/auth/tokens 0.103s
2025-02-19 14:47:32.282 63040 INFO tempest.lib.common.rest_client [req-e3b2f7f1-92a3-420a-8afc-0f7ac874fd5a req-e3b2f7f1-92a3-420a-8afc-0f7ac874fd5a ] Request (KeyPairsV210TestJSON:tearDownClass): 200 GET http://10.180.1.21:9696/networking/v2.0/security-groups?tenant_id=79bdeb8b938b4a288691ae223f3c894d&name=default 0.504s
2025-02-19 14:47:32.334 63006 INFO tempest.lib.common.rest_client [req-d7ecc5c5-f6f4-45bb-8039-3b776f4d0afa req-d7ecc5c5-f6f4-45bb-8039-3b776f4d0afa ] Request (HypervisorAdminV228Test:setUpClass): 201 POST http://10.180.1.21/identity/v3/projects 0.128s
2025-02-19 14:47:32.384 63036 INFO tempest.lib.common.rest_client [req-d4f5b823-7c20-4577-a4d5-b850ac8c4a40 req-d4f5b823-7c20-4577-a4d5-b850ac8c4a40 ] Request (QuotasAdminNegativeTest:_run_cleanups): 200 PUT http://10.180.1.21/compute/v2.1/os-quota-sets/dd39f89b234c4b189ea48738049fb481 1.266s
2025-02-19 14:47:32.405 63028 INFO tempest.lib.common.rest_client [req-185eff53-e6b8-4eae-90ba-ffa8e496d4e6 req-185eff53-e6b8-4eae-90ba-ffa8e496d4e6 ] Request (ServersWithSpecificFlavorTestJSON:test_verify_created_server_ephemeral_disk): 200 POST http://10.180.1.21/compute/v2.1/flavors 1.249s
2025-02-19 14:47:32.421 63006 INFO tempest.lib.common.rest_client [req-fc1cac68-ec52-48b9-969c-78e053afce98 req-fc1cac68-ec52-48b9-969c-78e053afce98 ] Request (HypervisorAdminV228Test:setUpClass): 201 POST http://10.180.1.21/identity/v3/users 0.087s
2025-02-19 14:47:32.430 63038 INFO tempest.lib.common.rest_client [req-808481ec-4ec4-4047-826f-b6452ca9adb4 req-808481ec-4ec4-4047-826f-b6452ca9adb4 ] Request (FlavorsV255TestJSON:tearDownClass): 204 DELETE http://10.180.1.21:9696/networking/v2.0/security-groups/1d84048e-f7f2-45ff-b355-b537aefcf939 0.261s
2025-02-19 14:47:32.441 63031 INFO tempest.lib.common.rest_client [req-d3b7f3f6-bc16-45dd-b183-c2a39272784e req-d3b7f3f6-bc16-45dd-b183-c2a39272784e ] Request (FlavorsV2TestJSON:test_list_flavors_detailed_filter_by_min_ram): 200 GET http://10.180.1.21/compute/v2.1/flavors/detail?minRam=193 1.272s
2025-02-19 14:47:32.463 63006 INFO tempest.lib.common.rest_client [req-c9c7da42-1b98-4743-9052-701df3a108ba req-c9c7da42-1b98-4743-9052-701df3a108ba ] Request (HypervisorAdminV228Test:setUpClass): 200 GET http://10.180.1.21/identity/v3/roles 0.041s
2025-02-19 14:47:32.465 63042 INFO tempest.lib.common.rest_client [req-a12f6374-1b3f-4bf0-9654-1ec8ac15cd65 req-a12f6374-1b3f-4bf0-9654-1ec8ac15cd65 ] Request (ServicesAdminNegativeV253TestJSON:test_get_service_by_invalid_params): 200 GET http://10.180.1.21/compute/v2.1/os-services 1.292s
2025-02-19 14:47:32.473 63018 INFO tempest.lib.common.rest_client [req-aea5ddbb-2ca4-4760-ac75-4dc7d7ee3e1e req-aea5ddbb-2ca4-4760-ac75-4dc7d7ee3e1e ] Request (FlavorsAccessNegativeTestJSON:test_flavor_access_list_with_public_flavor): 404 GET http://10.180.1.21/compute/v2.1/flavors/2011631667/os-flavor-access 1.202s
2025-02-19 14:47:32.484 63008 INFO tempest.lib.common.rest_client [req-1e04ba54-d144-4997-b161-3a7ac71eed97 req-1e04ba54-d144-4997-b161-3a7ac71eed97 ] Request (FlavorsExtraSpecsNegativeTestJSON:test_flavor_update_mismatch_key): 400 PUT http://10.180.1.21/compute/v2.1/flavors/1543412686/os-extra_specs/hw:numa_nodes 1.201s
2025-02-19 14:47:32.500 63014 INFO tempest.lib.common.rest_client [req-04905fc8-e4fa-4377-a500-391f297c4aa6 req-04905fc8-e4fa-4377-a500-391f297c4aa6 ] Request (FlavorsAccessTestJSON:test_flavor_access_list_with_private_flavor): 200 GET http://10.180.1.21/compute/v2.1/flavors/601353626/os-flavor-access 1.197s
2025-02-19 14:47:32.530 63006 INFO tempest.lib.common.rest_client [req-294da1b5-f8ce-473a-8c41-110f804216ce req-294da1b5-f8ce-473a-8c41-110f804216ce ] Request (HypervisorAdminV228Test:setUpClass): 204 PUT http://10.180.1.21/identity/v3/projects/5b9adb7940b94becb168a17354984be6/users/915f969b27db4499b852bfd6fdf2db1b/roles/479dd35198d841249af9e1f62350b158 0.067s
2025-02-19 14:47:32.565 63038 INFO tempest.lib.common.rest_client [req-a01b23e4-cf68-4229-b85b-ec007a516c27 req-a01b23e4-cf68-4229-b85b-ec007a516c27 ] Request (FlavorsV255TestJSON:tearDownClass): 204 DELETE http://10.180.1.21/identity/v3/projects/ebdddf524c404acaac6b6f8c5d9c2c67 0.134s
2025-02-19 14:47:32.630 63006 INFO tempest.lib.common.rest_client [req-b20aa6aa-2483-4220-9e56-e57635b3883b req-b20aa6aa-2483-4220-9e56-e57635b3883b ] Request (HypervisorAdminV228Test:setUpClass): 200 GET http://10.180.1.21/identity/v3/roles 0.099s
2025-02-19 14:47:32.643 63016 INFO tempest.lib.common.rest_client [req-eab5561f-c9ea-434a-a99d-ec024b9ce364 req-eab5561f-c9ea-434a-a99d-ec024b9ce364 ] Request (FloatingIPDetailsTestJSON:test_get_floating_ip_details): 200 POST http://10.180.1.21/compute/v2.1/os-floating-ips 2.172s
2025-02-19 14:47:32.658 63038 INFO tempest.lib.common.rest_client [req-5f27175b-f3c3-4075-b455-1ec0ec07456e req-5f27175b-f3c3-4075-b455-1ec0ec07456e ] Request (ServicesAdminNegativeTestJSON:setUpClass): 201 POST http://10.180.1.21/identity/v3/auth/tokens 0.091s
2025-02-19 14:47:32.661 63026 INFO tempest.lib.common.rest_client [req-69d9ab34-b1d8-4dca-8a6f-fdbed95801b3 req-69d9ab34-b1d8-4dca-8a6f-fdbed95801b3 ] Request (FlavorsExtraSpecsTestJSON:test_flavor_set_get_update_show_unset_keys): 200 GET http://10.180.1.21/compute/v2.1/flavors/882035139/os-extra_specs 1.246s
2025-02-19 14:47:32.676 63006 INFO tempest.lib.common.rest_client [req-3281a8fa-7793-41f4-a4a0-284b39833d2b req-3281a8fa-7793-41f4-a4a0-284b39833d2b ] Request (HypervisorAdminV228Test:setUpClass): 204 PUT http://10.180.1.21/identity/v3/projects/5b9adb7940b94becb168a17354984be6/users/915f969b27db4499b852bfd6fdf2db1b/roles/479dd35198d841249af9e1f62350b158 0.046s
2025-02-19 14:47:32.676 63006 INFO tempest.lib.common.dynamic_creds [-] Dynamic test user 915f969b27db4499b852bfd6fdf2db1b is created with scope project and roles: ['admin']
2025-02-19 14:47:32.676 63006 INFO tempest.lib.common.dynamic_creds [-] Acquired dynamic creds: credentials: Credentials: {'domain_id': 'default', 'domain_name': 'Default', 'username': 'tempest-HypervisorAdminV228Test-1481710902-project-admin', 'project_domain_id': 'default', 'project_domain_name': 'Default', 'project_id': '5b9adb7940b94becb168a17354984be6', 'project_name': 'tempest-HypervisorAdminV228Test-1481710902', 'tenant_id': '5b9adb7940b94becb168a17354984be6', 'tenant_name': 'tempest-HypervisorAdminV228Test-1481710902', 'user_domain_id': 'default', 'user_domain_name': 'Default', 'user_id': '915f969b27db4499b852bfd6fdf2db1b', 'system': None}, Network: None, Subnet: None, Router: None
2025-02-19 14:47:32.676 63006 INFO tempest.lib.common.dynamic_creds [-] Created isolated network resources for: credentials: Credentials: {'domain_id': 'default', 'domain_name': 'Default', 'username': 'tempest-HypervisorAdminV228Test-1481710902-project-admin', 'project_domain_id': 'default', 'project_domain_name': 'Default', 'project_id': '5b9adb7940b94becb168a17354984be6', 'project_name': 'tempest-HypervisorAdminV228Test-1481710902', 'tenant_id': '5b9adb7940b94becb168a17354984be6', 'tenant_name': 'tempest-HypervisorAdminV228Test-1481710902', 'user_domain_id': 'default', 'user_domain_name': 'Default', 'user_id': '915f969b27db4499b852bfd6fdf2db1b', 'system': None}, Network: None, Subnet: None, Router: None
2025-02-19 14:47:32.685 62994 INFO tempest.lib.common.rest_client [req-64618a3c-3b41-4202-9146-b62e48624c34 req-64618a3c-3b41-4202-9146-b62e48624c34 ] Request (ImagesDeleteNegativeTestJSON:test_delete_non_existent_image): 404 DELETE http://10.180.1.21/compute/v2.1/images/07a87fd6-caed-4ebb-8c72-368f0f5dd2d3 1.243s
2025-02-19 14:47:32.696 63046 INFO tempest.lib.common.rest_client [req-21e251bf-22e0-4836-8f16-278bd5915499 req-21e251bf-22e0-4836-8f16-278bd5915499 ] Request (HostsAdminNegativeTestJSON:test_startup_host_with_non_admin_user): 403 GET http://10.180.1.21/compute/v2.1/os-hosts/devstack/startup 1.242s
2025-02-19 14:47:32.708 63002 INFO tempest.lib.common.rest_client [req-f818d290-6d7c-4007-90ba-e823b834ba07 req-f818d290-6d7c-4007-90ba-e823b834ba07 ] Request (HypervisorAdminNegativeTestJSON:test_show_nonexistent_hypervisor): 404 GET http://10.180.1.21/compute/v2.1/os-hypervisors/546bbfb7-907b-4898-b0ee-0221e1f625b1 1.245s
2025-02-19 14:47:32.709 63040 INFO tempest.lib.common.rest_client [req-58bf6d6e-27a2-4b62-829e-a604c21b6a53 req-58bf6d6e-27a2-4b62-829e-a604c21b6a53 ] Request (KeyPairsV210TestJSON:tearDownClass): 204 DELETE http://10.180.1.21:9696/networking/v2.0/security-groups/65066699-abc4-402a-9ec1-7a4cd94a304a 0.427s
2025-02-19 14:47:32.782 63038 INFO tempest.lib.common.rest_client [req-a43650a7-9123-4b6c-a4db-74a2fcb33632 req-a43650a7-9123-4b6c-a4db-74a2fcb33632 ] Request (ServicesAdminNegativeTestJSON:setUpClass): 201 POST http://10.180.1.21/identity/v3/auth/tokens 0.122s
2025-02-19 14:47:32.799 62998 INFO tempest.lib.common.rest_client [req-9a4a21a8-5221-4329-b1cd-df7cac27cc8d req-9a4a21a8-5221-4329-b1cd-df7cac27cc8d ] Request (VolumesAssistedSnapshotsTest:test_volume_assisted_snapshot_create_delete): 201 POST http://10.180.1.21:9696/networking/v2.0/floatingips 0.992s
2025-02-19 14:47:32.849 63022 INFO tempest.lib.common.rest_client [req-9145f2c2-a8d0-4ca0-a7ec-7b6416d1f856 req-9145f2c2-a8d0-4ca0-a7ec-7b6416d1f856 ] Request (ServersAdminNegativeTestJSON:setUpClass): 200 GET http://10.180.1.21/compute/v2.1/servers/2d550d8e-b282-4817-b754-f5d390df6aa9 1.316s
2025-02-19 14:47:32.852 63006 INFO tempest.lib.common.rest_client [req-11dfd751-2d2a-4706-8596-dc05ed0a1c40 req-11dfd751-2d2a-4706-8596-dc05ed0a1c40 ] Request (HypervisorAdminV228Test:setUpClass): 201 POST http://10.180.1.21/identity/v3/auth/tokens 0.169s
2025-02-19 14:47:32.873 62994 INFO tempest.lib.common.rest_client [req-17f3ab0d-da2e-4579-9f15-165e5d36a704 req-17f3ab0d-da2e-4579-9f15-165e5d36a704 ] Request (ImagesDeleteNegativeTestJSON:tearDownClass): 204 DELETE http://10.180.1.21/identity/v3/users/501d40ed8a404d98a8e4c049b823e539 0.186s
2025-02-19 14:47:32.876 62994 INFO tempest.lib.common.dynamic_creds [-] Deleting project and security group for project: 4b3445c8414544c293867fe455feab8f
2025-02-19 14:47:32.979 62996 INFO tempest.lib.common.rest_client [req-9f7d8faa-e11a-4f62-b92d-af3c79592134 req-9f7d8faa-e11a-4f62-b92d-af3c79592134 ] Request (TenantUsagesTestJSON:setUpClass): 200 GET http://10.180.1.21/compute/v2.1/servers/28d69dc0-9b04-44f3-86d0-aa0e2742be6c 1.421s
2025-02-19 14:47:32.985 63040 INFO tempest.lib.common.rest_client [req-6240ea49-642b-4001-bae0-7f37fa31bfb0 req-6240ea49-642b-4001-bae0-7f37fa31bfb0 ] Request (KeyPairsV210TestJSON:tearDownClass): 204 DELETE http://10.180.1.21/identity/v3/projects/79bdeb8b938b4a288691ae223f3c894d 0.275s
2025-02-19 14:47:32.986 63040 INFO tempest.lib.common.dynamic_creds [-] Deleting project and security group for project: ede0f43605e748d5b8759d7a8e1dba8a
2025-02-19 14:47:32.991 62996 INFO tempest.common.waiters [-] State transition "BUILD/block_device_mapping" ==> "BUILD/spawning" after 10 second wait
2025-02-19 14:47:33.008 63010 INFO tempest.lib.common.rest_client [req-fa9bf825-5240-4cc9-a0de-4139f3146344 req-fa9bf825-5240-4cc9-a0de-4139f3146344 ] Request (AggregatesAdminNegativeTestJSON:_run_cleanups): 200 DELETE http://10.180.1.21/compute/v2.1/os-aggregates/2 1.413s
2025-02-19 14:47:33.036 63002 INFO tempest.lib.common.rest_client [req-59caee1f-c8d8-4cb8-a36b-50245f4cfaa2 req-59caee1f-c8d8-4cb8-a36b-50245f4cfaa2 ] Request (HypervisorAdminNegativeTestJSON:tearDownClass): 204 DELETE http://10.180.1.21/identity/v3/users/2fd7662734764663b95f6b9dee12feff 0.325s
2025-02-19 14:47:33.104 63038 INFO tempest.lib.common.rest_client [req-dad2c7b5-839e-4ce5-a14c-8e09d47ff52d req-dad2c7b5-839e-4ce5-a14c-8e09d47ff52d ] Request (ServicesAdminNegativeTestJSON:setUpClass): 200 GET http://10.180.1.21/identity/v3/domains?name=Default 0.321s
2025-02-19 14:47:33.105 62998 INFO tempest.lib.common.rest_client [req-162c44a9-2577-4444-bbb3-c203832c29aa req-162c44a9-2577-4444-bbb3-c203832c29aa ] Request (VolumesAssistedSnapshotsTest:test_volume_assisted_snapshot_create_delete): 201 POST http://10.180.1.21/identity/v3/auth/tokens 0.303s
2025-02-19 14:47:33.106 63050 INFO tempest.lib.common.rest_client [req-2b5596eb-b259-4dbd-a15c-487a230f6bdc req-2b5596eb-b259-4dbd-a15c-487a230f6bdc ] Request (ServerActionsTestOtherA:setUpClass): 200 PUT http://10.180.1.21:9696/networking/v2.0/routers/f46ab72b-b767-4a41-a0b8-07dff748c136/add_router_interface 2.499s
2025-02-19 14:47:33.106 62998 INFO tempest.lib.common.fixed_network [-] (VolumesAssistedSnapshotsTest:test_volume_assisted_snapshot_create_delete) Found network {'id': 'a3618e79-4aff-4fb4-9340-9e608a357da9', 'name': 'tempest-VolumesAssistedSnapshotsTest-1054804870-network', 'tenant_id': 'a05cc7a1b8fa4789be5d429aee8179f8', 'admin_state_up': True, 'mtu': 8950, 'status': 'ACTIVE', 'subnets': [], 'shared': False, 'project_id': 'a05cc7a1b8fa4789be5d429aee8179f8', 'port_security_enabled': True, 'router:external': False, 'provider:network_type': 'vlan', 'provider:physical_network': 'default', 'provider:segmentation_id': 793, 'availability_zone_hints': [], 'availability_zones': [], 'ipv4_address_scope': None, 'ipv6_address_scope': None, 'description': '', 'tags': [], 'created_at': '2025-02-19T14:47:10Z', 'updated_at': '2025-02-19T14:47:10Z', 'revision_number': 1} available for tenant
2025-02-19 14:47:33.106 63050 INFO tempest.lib.common.dynamic_creds [-] Created isolated network resources for: credentials: Credentials: {'domain_id': 'default', 'domain_name': 'Default', 'username': 'tempest-ServerActionsTestOtherA-2023198939-project-member', 'project_domain_id': 'default', 'project_domain_name': 'Default', 'project_id': 'e7a6c2821f434620a88f33810a52c0f2', 'project_name': 'tempest-ServerActionsTestOtherA-2023198939', 'tenant_id': 'e7a6c2821f434620a88f33810a52c0f2', 'tenant_name': 'tempest-ServerActionsTestOtherA-2023198939', 'user_domain_id': 'default', 'user_domain_name': 'Default', 'user_id': '289b267f1dcd466baae0392b04879888', 'system': None}, Network: {'id': '24aa4ac8-2e79-4aca-a900-35c4055105d7', 'name': 'tempest-ServerActionsTestOtherA-218019577-network', 'tenant_id': 'e7a6c2821f434620a88f33810a52c0f2', 'admin_state_up': True, 'mtu': 8950, 'status': 'ACTIVE', 'subnets': [], 'shared': False, 'project_id': 'e7a6c2821f434620a88f33810a52c0f2', 'port_security_enabled': True, 'router:external': False, 'provider:network_type': 'vlan', 'provider:physical_network': 'default', 'provider:segmentation_id': 944, 'availability_zone_hints': [], 'availability_zones': [], 'ipv4_address_scope': None, 'ipv6_address_scope': None, 'description': '', 'tags': [], 'created_at': '2025-02-19T14:47:28Z', 'updated_at': '2025-02-19T14:47:28Z', 'revision_number': 1}, Subnet: {'id': '15a74386-2ce8-4c3b-8136-29e7cf459803', 'name': 'tempest-ServerActionsTestOtherA-218019577-subnet', 'tenant_id': 'e7a6c2821f434620a88f33810a52c0f2', 'network_id': '24aa4ac8-2e79-4aca-a900-35c4055105d7', 'ip_version': 4, 'subnetpool_id': None, 'enable_dhcp': True, 'ipv6_ra_mode': None, 'ipv6_address_mode': None, 'gateway_ip': '192.168.128.1', 'cidr': '192.168.128.0/28', 'allocation_pools': [{'start': '192.168.128.2', 'end': '192.168.128.14'}], 'host_routes': [], 'dns_nameservers': [], 'description': '', 'router:external': False, 'service_types': [], 'tags': [], 'created_at': '2025-02-19T14:47:28Z', 'updated_at': '2025-02-19T14:47:28Z', 'revision_number': 0, 'project_id': 'e7a6c2821f434620a88f33810a52c0f2'}, Router: {'id': 'f46ab72b-b767-4a41-a0b8-07dff748c136', 'name': 'tempest-ServerActionsTestOtherA-218019577-router', 'tenant_id': 'e7a6c2821f434620a88f33810a52c0f2', 'admin_state_up': True, 'status': 'ACTIVE', 'external_gateway_info': {'network_id': '5a99d2cc-8c90-4248-bcfb-7350e6558ae2', 'external_fixed_ips': [{'subnet_id': '92a9b299-f70e-4a2a-8e60-5f36dfe639c1', 'ip_address': '10.180.180.220'}], 'enable_snat': True}, 'description': '', 'availability_zones': [], 'distributed': False, 'ha': False, 'availability_zone_hints': [], 'routes': [], 'flavor_id': None, 'tags': [], 'created_at': '2025-02-19T14:47:29Z', 'updated_at': '2025-02-19T14:47:29Z', 'revision_number': 2, 'project_id': 'e7a6c2821f434620a88f33810a52c0f2'}
2025-02-19 14:47:33.117 63004 INFO tempest.lib.common.rest_client [req-04e27636-c74f-4854-b75b-1520da3a07b0 req-04e27636-c74f-4854-b75b-1520da3a07b0 ] Request (ServersV294TestFqdnHostnames:setUpClass): 200 GET http://10.180.1.21/compute/v2.1/servers/09b94789-2ace-4ecc-8374-e9800e4713e1 1.363s
2025-02-19 14:47:33.128 63052 INFO tempest.lib.common.rest_client [req-7750e2eb-40a8-4430-bd71-be7e3af3acb2 req-7750e2eb-40a8-4430-bd71-be7e3af3acb2 ] Request (SecurityGroupsTestJSON:test_list_security_groups_by_server): 200 POST http://10.180.1.21/compute/v2.1/os-security-groups 1.823s
2025-02-19 14:47:33.132 63040 INFO tempest.lib.common.rest_client [req-b0d74a49-629c-4813-80a4-4726f62be04d req-b0d74a49-629c-4813-80a4-4726f62be04d ] Request (KeyPairsV210TestJSON:tearDownClass): 200 GET http://10.180.1.21:9696/networking/v2.0/security-groups?tenant_id=ede0f43605e748d5b8759d7a8e1dba8a&name=default 0.146s
2025-02-19 14:47:33.140 62994 INFO tempest.lib.common.rest_client [req-3fbdb87d-ee65-4578-b444-3f4936f89cab req-3fbdb87d-ee65-4578-b444-3f4936f89cab ] Request (ImagesDeleteNegativeTestJSON:tearDownClass): 201 POST http://10.180.1.21/identity/v3/auth/tokens 0.263s
2025-02-19 14:47:33.176 63038 INFO tempest.lib.common.rest_client [req-e08b92c7-3836-46c2-af91-a814310d620e req-e08b92c7-3836-46c2-af91-a814310d620e ] Request (ServicesAdminNegativeTestJSON:setUpClass): 201 POST http://10.180.1.21/identity/v3/projects 0.071s
2025-02-19 14:47:33.200 63056 INFO tempest.lib.common.rest_client [req-eb7c1641-16ba-42f1-8ba5-8f2cc23e77dc req-eb7c1641-16ba-42f1-8ba5-8f2cc23e77dc ] Request (ImagesTestJSON:test_create_image_from_stopped_server): 200 GET http://10.180.1.21/compute/v2.1/servers/0d25425e-762a-4376-bbc2-ff7ae80c4248 1.312s
2025-02-19 14:47:33.210 63002 INFO tempest.lib.common.rest_client [req-c8b30f02-e780-48d1-a0e8-cbe4373087d8 req-c8b30f02-e780-48d1-a0e8-cbe4373087d8 ] Request (HypervisorAdminNegativeTestJSON:tearDownClass): 204 DELETE http://10.180.1.21/identity/v3/users/ce35e87c693a4833a4f775fcd52c3f8c 0.174s
2025-02-19 14:47:33.211 63002 INFO tempest.lib.common.dynamic_creds [-] Deleting project and security group for project: aabe1671e4584424a7d39edb8299c87a
2025-02-19 14:47:33.249 63050 INFO tempest.lib.common.rest_client [req-72d0f41e-fa33-4656-8bd4-47029c30c39a req-72d0f41e-fa33-4656-8bd4-47029c30c39a ] Request (ServerActionsTestOtherA:setUpClass): 201 POST http://10.180.1.21/identity/v3/auth/tokens 0.135s
2025-02-19 14:47:33.257 63020 INFO tempest.lib.common.rest_client [req-a3db30c1-087c-483b-9664-ff778f27336b req-a3db30c1-087c-483b-9664-ff778f27336b ] Request (ServerDiagnosticsV248Test:test_get_server_diagnostics): 200 GET http://10.180.1.21/compute/v2.1/servers/d72cb155-ff74-49df-b633-b72ac4142f74 0.992s
2025-02-19 14:47:33.259 63040 INFO tempest.lib.common.rest_client [req-7077fa5f-34e3-44bc-ac51-18a7b56bcd03 req-7077fa5f-34e3-44bc-ac51-18a7b56bcd03 ] Request (KeyPairsV210TestJSON:tearDownClass): 204 DELETE http://10.180.1.21:9696/networking/v2.0/security-groups/7d772c93-2f37-485e-ab61-49d9c4d4ca19 0.126s
2025-02-19 14:47:33.329 63024 INFO tempest.lib.common.rest_client [req-be50db3a-591a-4827-98a0-5da5538833a9 req-be50db3a-591a-4827-98a0-5da5538833a9 ] Request (ListServerFiltersTestJSON:setUpClass): 200 GET http://10.180.1.21/compute/v2.1/servers/fc58a6a3-d047-49a3-b758-0f191dd23c47 0.962s
2025-02-19 14:47:33.346 63002 INFO tempest.lib.common.rest_client [req-7557f7b0-d954-411a-86e0-f75b2dac60aa req-7557f7b0-d954-411a-86e0-f75b2dac60aa ] Request (HypervisorAdminNegativeTestJSON:tearDownClass): 201 POST http://10.180.1.21/identity/v3/auth/tokens 0.135s
2025-02-19 14:47:33.354 63038 INFO tempest.lib.common.rest_client [req-b6e8ab0f-7881-492c-a9f1-e101efbefe4e req-b6e8ab0f-7881-492c-a9f1-e101efbefe4e ] Request (ServicesAdminNegativeTestJSON:setUpClass): 201 POST http://10.180.1.21/identity/v3/users 0.178s
2025-02-19 14:47:33.410 63040 INFO tempest.lib.common.rest_client [req-b45e8cb7-14e6-47f1-aa8f-8f846a774a3d req-b45e8cb7-14e6-47f1-aa8f-8f846a774a3d ] Request (KeyPairsV210TestJSON:tearDownClass): 204 DELETE http://10.180.1.21/identity/v3/projects/ede0f43605e748d5b8759d7a8e1dba8a 0.151s
2025-02-19 14:47:33.466 62994 INFO tempest.lib.common.rest_client [req-ce5a2bf2-c376-47db-972d-5cb448c1b48b req-ce5a2bf2-c376-47db-972d-5cb448c1b48b ] Request (ImagesDeleteNegativeTestJSON:tearDownClass): 200 GET http://10.180.1.21:9696/networking/v2.0/security-groups?tenant_id=4b3445c8414544c293867fe455feab8f&name=default 0.326s
2025-02-19 14:47:33.532 63000 INFO tempest.lib.common.rest_client [req-1f79c3c9-bf9f-4146-8008-3d5f8e2b05bb req-1f79c3c9-bf9f-4146-8008-3d5f8e2b05bb ] Request (MigrationsAdminTest:test_list_migrations_in_flavor_resize_situation): 200 GET http://10.180.1.21/compute/v2.1/servers/7f5037bd-1a7d-444b-9cae-9a4e3d07c280 1.154s
2025-02-19 14:47:33.533 63040 INFO tempest.lib.common.rest_client [req-f63bb01b-6291-4b30-92db-143adc160e64 req-f63bb01b-6291-4b30-92db-143adc160e64 ] Request (KeyPairsV22TestJSON:setUpClass): 201 POST http://10.180.1.21/identity/v3/auth/tokens 0.121s
2025-02-19 14:47:33.550 63038 INFO tempest.lib.common.rest_client [req-75c32987-7772-494c-aa46-58f2189d7928 req-75c32987-7772-494c-aa46-58f2189d7928 ] Request (ServicesAdminNegativeTestJSON:setUpClass): 200 GET http://10.180.1.21/identity/v3/roles 0.196s
2025-02-19 14:47:33.566 63040 INFO tempest.lib.common.rest_client [req-c828abd0-e443-40f2-8855-8c74316e60a1 req-c828abd0-e443-40f2-8855-8c74316e60a1 ] Request (KeyPairsV22TestJSON:setUpClass): 201 POST http://10.180.1.21/identity/v3/auth/tokens 0.029s
2025-02-19 14:47:33.582 63048 INFO tempest.lib.common.rest_client [req-6aa9129b-e77d-411b-b489-b48e32a51e77 req-6aa9129b-e77d-411b-b489-b48e32a51e77 ] Request (QuotasAdminTestJSON:test_get_updated_quotas): 200 PUT http://10.180.1.21/compute/v2.1/os-quota-sets/352272172b064f648b310084e1ae3877?user_id=2d978a660f4048f68466946e98176136 1.532s
2025-02-19 14:47:33.599 63038 INFO tempest.lib.common.rest_client [req-08868623-7982-447b-bc60-34aa6afbeed2 req-08868623-7982-447b-bc60-34aa6afbeed2 ] Request (ServicesAdminNegativeTestJSON:setUpClass): 204 PUT http://10.180.1.21/identity/v3/projects/4d0584a9f07140cead95a40177849943/users/6c3d18ecaba247bbad1064c84de6d6f1/roles/44f292eb10a044b3b4dd14d0926e140f 0.047s
2025-02-19 14:47:33.599 63038 INFO tempest.lib.common.dynamic_creds [-] Dynamic test user 6c3d18ecaba247bbad1064c84de6d6f1 is created with scope project and roles: ['member']
2025-02-19 14:47:33.599 63038 INFO tempest.lib.common.dynamic_creds [-] Acquired dynamic creds: credentials: Credentials: {'domain_id': 'default', 'domain_name': 'Default', 'username': 'tempest-ServicesAdminNegativeTestJSON-1616143157-project-member', 'project_domain_id': 'default', 'project_domain_name': 'Default', 'project_id': '4d0584a9f07140cead95a40177849943', 'project_name': 'tempest-ServicesAdminNegativeTestJSON-1616143157', 'tenant_id': '4d0584a9f07140cead95a40177849943', 'tenant_name': 'tempest-ServicesAdminNegativeTestJSON-1616143157', 'user_domain_id': 'default', 'user_domain_name': 'Default', 'user_id': '6c3d18ecaba247bbad1064c84de6d6f1', 'system': None}, Network: None, Subnet: None, Router: None
2025-02-19 14:47:33.599 63038 INFO tempest.lib.common.dynamic_creds [-] Created isolated network resources for: credentials: Credentials: {'domain_id': 'default', 'domain_name': 'Default', 'username': 'tempest-ServicesAdminNegativeTestJSON-1616143157-project-member', 'project_domain_id': 'default', 'project_domain_name': 'Default', 'project_id': '4d0584a9f07140cead95a40177849943', 'project_name': 'tempest-ServicesAdminNegativeTestJSON-1616143157', 'tenant_id': '4d0584a9f07140cead95a40177849943', 'tenant_name': 'tempest-ServicesAdminNegativeTestJSON-1616143157', 'user_domain_id': 'default', 'user_domain_name': 'Default', 'user_id': '6c3d18ecaba247bbad1064c84de6d6f1', 'system': None}, Network: None, Subnet: None, Router: None
2025-02-19 14:47:33.602 63028 INFO tempest.lib.common.rest_client [req-dc11f371-17a2-4d43-8bd6-966f0725c63b req-dc11f371-17a2-4d43-8bd6-966f0725c63b ] Request (ServersWithSpecificFlavorTestJSON:test_verify_created_server_ephemeral_disk): 200 GET http://10.180.1.21/compute/v2.1/flavors/42/os-extra_specs 1.193s
2025-02-19 14:47:33.619 62994 INFO tempest.lib.common.rest_client [req-14c5320a-7938-4833-8007-fc17fcead504 req-14c5320a-7938-4833-8007-fc17fcead504 ] Request (ImagesDeleteNegativeTestJSON:tearDownClass): 204 DELETE http://10.180.1.21:9696/networking/v2.0/security-groups/0816c9fb-d5d1-4ed1-b81a-52fe088cb2a3 0.152s
2025-02-19 14:47:33.640 63031 INFO tempest.lib.common.rest_client [req-162a0fa6-605f-42ae-8777-764d3359e4e8 req-162a0fa6-605f-42ae-8777-764d3359e4e8 ] Request (FlavorsV2TestJSON:test_list_flavors_detailed_limit_results): 200 GET http://10.180.1.21/compute/v2.1/flavors/detail?limit=1 1.191s
2025-02-19 14:47:33.659 63042 INFO tempest.lib.common.rest_client [req-54a92b77-63ea-45b6-b175-7dadce0a925f req-54a92b77-63ea-45b6-b175-7dadce0a925f ] Request (ServicesAdminNegativeV253TestJSON:test_get_service_by_invalid_params): 200 GET http://10.180.1.21/compute/v2.1/os-services?xxx=nova-compute 1.187s
2025-02-19 14:47:33.674 63002 INFO tempest.lib.common.rest_client [req-0289500e-517b-4150-a4c8-9470ad0147f4 req-0289500e-517b-4150-a4c8-9470ad0147f4 ] Request (HypervisorAdminNegativeTestJSON:tearDownClass): 200 GET http://10.180.1.21:9696/networking/v2.0/security-groups?tenant_id=aabe1671e4584424a7d39edb8299c87a&name=default 0.327s
2025-02-19 14:47:33.676 63040 INFO tempest.lib.common.rest_client [req-293fa183-d822-4dd7-a0a5-d4ef05c69a69 req-293fa183-d822-4dd7-a0a5-d4ef05c69a69 ] Request (KeyPairsV22TestJSON:setUpClass): 200 GET http://10.180.1.21/identity/v3/domains?name=Default 0.109s
2025-02-19 14:47:33.681 63018 INFO tempest.lib.common.rest_client [req-48711157-b89d-4029-a99b-4fc9079d9d2e req-48711157-b89d-4029-a99b-4fc9079d9d2e ] Request (FlavorsAccessNegativeTestJSON:_run_cleanups): 202 DELETE http://10.180.1.21/compute/v2.1/flavors/2011631667 1.208s
2025-02-19 14:47:33.690 63008 INFO tempest.lib.common.rest_client [req-e361da4e-2062-40f8-bc68-7e6d63c87626 req-e361da4e-2062-40f8-bc68-7e6d63c87626 ] Request (FlavorsExtraSpecsNegativeTestJSON:test_flavor_update_more_key): 400 PUT http://10.180.1.21/compute/v2.1/flavors/1543412686/os-extra_specs/hw:numa_nodes 1.205s
