2025-01-06 02:35:06.582 68737 INFO tempest.lib.common.rest_client [req-67fec555-2ae5-4409-a29a-040ab945f93d req-67fec555-2ae5-4409-a29a-040ab945f93d ] Request (ImagesMetadataNegativeTestJSON:test_update_nonexistent_image_metadata): 404 POST http://10.180.1.21/compute/v2.1/images/357d9086-2d8b-4328-8203-5e649a40ddb3/metadata 1.912s
2025-01-06 02:35:06.608 68761 INFO tempest.lib.common.rest_client [req-1731dfa8-c8e9-4a61-aa74-5cb2d9a2ccc7 req-1731dfa8-c8e9-4a61-aa74-5cb2d9a2ccc7 ] Request (ServersWithSpecificFlavorTestJSON:test_verify_created_server_ephemeral_disk): 200 GET http://10.180.1.21/compute/v2.1/flavors/42/os-extra_specs 1.913s
2025-01-06 02:35:06.612 68759 INFO tempest.lib.common.rest_client [req-9573358b-f202-4c1b-9692-4070c9c1e28a req-9573358b-f202-4c1b-9692-4070c9c1e28a ] Request (VolumesNegativeTest:test_get_volume_without_passing_volume_id): 404 GET http://10.180.1.21/compute/v2.1/os-volumes/ 1.910s
2025-01-06 02:35:06.630 68755 INFO tempest.lib.common.rest_client [req-007054bd-921e-469c-832a-6b15d19f9ef5 req-007054bd-921e-469c-832a-6b15d19f9ef5 ] Request (AggregatesAdminNegativeTestJSON:test_aggregate_create_with_existent_aggregate_name): 409 POST http://10.180.1.21/compute/v2.1/os-aggregates 1.885s
2025-01-06 02:35:06.713 68747 INFO tempest.lib.common.rest_client [req-a6628160-6359-4fc7-880a-718371ce6b6c req-a6628160-6359-4fc7-880a-718371ce6b6c ] Request (FloatingIPDetailsTestJSON:tearDownClass): 204 DELETE http://10.180.1.21/identity/v3/projects/99a1e5ee1633489aa969054261365a51 0.162s
2025-01-06 02:35:06.719 68737 INFO tempest.lib.common.rest_client [req-2dbc4c3e-4449-432d-849f-474c28a69e00 req-2dbc4c3e-4449-432d-849f-474c28a69e00 ] Request (ImagesMetadataNegativeTestJSON:tearDownClass): 204 DELETE http://10.180.1.21/identity/v3/users/bd414dd38b314896987741650a248407 0.135s
2025-01-06 02:35:06.719 68737 INFO tempest.lib.common.dynamic_creds [-] Deleting project and security group for project: 9856d0e1a42445098b6d7a5f4a3cd5d5
2025-01-06 02:35:06.782 68747 INFO tempest.lib.common.rest_client [req-7292d958-1f54-45d9-8777-49da3d8b43b9 req-7292d958-1f54-45d9-8777-49da3d8b43b9 ] Request (ServerMetadataTestJSON:setUpClass): 201 POST http://10.180.1.21/identity/v3/auth/tokens 0.067s
2025-01-06 02:35:06.787 68737 INFO tempest.lib.common.rest_client [req-d166d11e-0294-4676-9bb5-fc43be3e9a81 req-d166d11e-0294-4676-9bb5-fc43be3e9a81 ] Request (ImagesMetadataNegativeTestJSON:tearDownClass): 201 POST http://10.180.1.21/identity/v3/auth/tokens 0.067s
2025-01-06 02:35:06.791 68721 INFO tempest.lib.common.rest_client [req-95459b35-21e6-47c7-81f6-8eea7994bdb0 req-95459b35-21e6-47c7-81f6-8eea7994bdb0 ] Request (FloatingIPsTestJSON:test_delete_floating_ip): 202 DELETE http://10.180.1.21/compute/v2.1/os-floating-ips/1d14ba1d-055f-419c-8a1e-1c7fa9f20a17 2.405s
2025-01-06 02:35:06.806 68741 INFO tempest.lib.common.rest_client [req-93d700f2-2226-439d-8f19-4cae448c3c61 req-93d700f2-2226-439d-8f19-4cae448c3c61 ] Request (HypervisorAdminNegativeUnderV252Test:test_show_servers_with_nonexistent_hypervisor): 404 GET http://10.180.1.21/compute/v2.1/os-hypervisors/1ba4e61c-9e77-4cab-8a28-f2a2f51a512f/servers 1.975s
2025-01-06 02:35:06.856 68719 INFO tempest.lib.common.rest_client [req-648b0fce-dd43-4b2e-9962-9e1a5c5fec69 req-648b0fce-dd43-4b2e-9962-9e1a5c5fec69 ] Request (ListImageFiltersTestJSON:setUpClass): 200 GET http://10.180.1.21/compute/v2.1/images/8c130b99-369d-40d2-a1cb-6873da1bfbf3 1.983s
2025-01-06 02:35:06.919 68741 INFO tempest.lib.common.rest_client [req-478f5dc1-9d74-4599-a952-74c85796f2a8 req-478f5dc1-9d74-4599-a952-74c85796f2a8 ] Request (HypervisorAdminNegativeUnderV252Test:tearDownClass): 204 DELETE http://10.180.1.21/identity/v3/users/182700c42fb24b13ba3b54063f8d4ce8 0.109s
2025-01-06 02:35:06.967 68745 INFO tempest.lib.common.rest_client [req-df53fda1-c0d2-4cc1-bb42-517579fc0eda req-df53fda1-c0d2-4cc1-bb42-517579fc0eda ] Request (ServersAdmin275Test:test_rebuild_update_server_275): 200 GET http://10.180.1.21/compute/v2.1/servers/eb00fec8-9b50-4e10-a0f3-a6dcb9d5049f 1.997s
2025-01-06 02:35:06.981 68747 INFO tempest.lib.common.rest_client [req-336b4210-fe4a-4685-9bb3-25d7aad60d91 req-336b4210-fe4a-4685-9bb3-25d7aad60d91 ] Request (ServerMetadataTestJSON:setUpClass): 201 POST http://10.180.1.21/identity/v3/auth/tokens 0.133s
2025-01-06 02:35:06.982 68735 INFO tempest.lib.common.rest_client [req-3525080a-81e6-47dc-9ba3-47ec4c4040f5 req-3525080a-81e6-47dc-9ba3-47ec4c4040f5 ] Request (QuotasAdminTestV236:test_get_updated_quotas): 200 GET http://10.180.1.21/compute/v2.1/os-quota-sets/eac5226764e34171860551f9ae3f7225/detail 2.164s
2025-01-06 02:35:06.986 68737 INFO tempest.lib.common.rest_client [req-74b38109-3bdd-440d-bd3c-eec2f1a6ec10 req-74b38109-3bdd-440d-bd3c-eec2f1a6ec10 ] Request (ImagesMetadataNegativeTestJSON:tearDownClass): 200 GET http://10.180.1.21:9696/networking/v2.0/security-groups?tenant_id=9856d0e1a42445098b6d7a5f4a3cd5d5&name=default 0.199s
2025-01-06 02:35:07.039 68741 INFO tempest.lib.common.rest_client [req-842fd19f-0f64-4cc8-99b0-8e98f4454b8a req-842fd19f-0f64-4cc8-99b0-8e98f4454b8a ] Request (HypervisorAdminNegativeUnderV252Test:tearDownClass): 204 DELETE http://10.180.1.21/identity/v3/users/6c5ebdea615644b2b9f5100a38e6408e 0.120s
2025-01-06 02:35:07.040 68741 INFO tempest.lib.common.dynamic_creds [-] Deleting project and security group for project: 72d85c6256b64430bdab2f83e56c9ccd
2025-01-06 02:35:07.103 68709 INFO tempest.lib.common.rest_client [req-e9290727-59a2-41f3-8c0d-8e67f629a433 req-e9290727-59a2-41f3-8c0d-8e67f629a433 ] Request (TenantUsagesNegativeTestJSON:test_get_usage_tenant_with_empty_tenant_id): 404 GET http://10.180.1.21/compute/v2.1/os-simple-tenant-usage/?start=2025-01-05T02%3A35%3A05.021616&end=2025-01-07T02%3A35%3A05.021616 2.081s
2025-01-06 02:35:07.104 68747 INFO tempest.lib.common.rest_client [req-bfef2f34-b7d9-42c1-abda-2395fc4332d4 req-bfef2f34-b7d9-42c1-abda-2395fc4332d4 ] Request (ServerMetadataTestJSON:setUpClass): 200 GET http://10.180.1.21/identity/v3/domains?name=Default 0.122s
2025-01-06 02:35:07.128 68737 INFO tempest.lib.common.rest_client [req-e2c1477e-1a29-4bd4-b548-ce1212bc44a7 req-e2c1477e-1a29-4bd4-b548-ce1212bc44a7 ] Request (ImagesMetadataNegativeTestJSON:tearDownClass): 204 DELETE http://10.180.1.21:9696/networking/v2.0/security-groups/61404b08-fa65-44e6-8320-b45758bb00e5 0.141s
2025-01-06 02:35:07.135 68741 INFO tempest.lib.common.rest_client [req-ef5604a0-0596-4cac-9fd1-cb7e5c9d8794 req-ef5604a0-0596-4cac-9fd1-cb7e5c9d8794 ] Request (HypervisorAdminNegativeUnderV252Test:tearDownClass): 201 POST http://10.180.1.21/identity/v3/auth/tokens 0.094s
2025-01-06 02:35:07.151 68765 INFO tempest.lib.common.rest_client [req-0ecd5a25-df30-498f-b07a-0adf9fc028f3 req-0ecd5a25-df30-498f-b07a-0adf9fc028f3 ] Request (ImagesNegativeTestJSON:test_create_image_from_deleted_server): 200 GET http://10.180.1.21/compute/v2.1/servers/ab38e291-8af6-4759-a504-a5926afa3e34 1.849s
2025-01-06 02:35:07.179 68733 INFO tempest.lib.common.rest_client [req-d6a9ecf0-c94f-4640-80f6-04ee50e38cdc req-d6a9ecf0-c94f-4640-80f6-04ee50e38cdc ] Request (VolumesAssistedSnapshotsTest:test_volume_assisted_snapshot_create_delete): 200 GET http://10.180.1.21/compute/v2.1/servers/8fe84c5b-5758-4907-9578-8e9a8588088c 1.800s
2025-01-06 02:35:07.180 68747 INFO tempest.lib.common.rest_client [req-f7301dfa-e2e1-49ff-98c6-a79d182c884a req-f7301dfa-e2e1-49ff-98c6-a79d182c884a ] Request (ServerMetadataTestJSON:setUpClass): 201 POST http://10.180.1.21/identity/v3/projects 0.076s
2025-01-06 02:35:07.189 68733 INFO tempest.common.waiters [-] State transition "BUILD/None" ==> "BUILD/networking" after 9 second wait
2025-01-06 02:35:07.199 68735 INFO tempest.lib.common.rest_client [req-339625f6-9767-410b-8d8a-f8176f7208b1 req-339625f6-9767-410b-8d8a-f8176f7208b1 ] Request (QuotasAdminTestV236:test_get_updated_quotas): 200 GET http://10.180.1.21/identity/v3/domains?name=Default 0.209s
2025-01-06 02:35:07.286 68737 INFO tempest.lib.common.rest_client [req-5adcd237-62c2-441e-9e5e-c1357c94c990 req-5adcd237-62c2-441e-9e5e-c1357c94c990 ] Request (ImagesMetadataNegativeTestJSON:tearDownClass): 204 DELETE http://10.180.1.21/identity/v3/projects/9856d0e1a42445098b6d7a5f4a3cd5d5 0.158s
2025-01-06 02:35:07.354 68747 INFO tempest.lib.common.rest_client [req-62ee3728-5b3c-4f2f-beb4-ab35dc2e6e89 req-62ee3728-5b3c-4f2f-beb4-ab35dc2e6e89 ] Request (ServerMetadataTestJSON:setUpClass): 201 POST http://10.180.1.21/identity/v3/users 0.172s
2025-01-06 02:35:07.414 68751 INFO tempest.lib.common.rest_client [req-241d93fb-9ff3-4590-b170-964885f18c7e req-241d93fb-9ff3-4590-b170-964885f18c7e ] Request (ServerExternalEventsTest:test_create_server_external_events): 200 GET http://10.180.1.21/compute/v2.1/servers/9d723a61-a652-4e89-9bf7-eb544d66b24f 1.755s
2025-01-06 02:35:07.419 68737 INFO tempest.lib.common.rest_client [req-3a3511cd-167a-4e21-8d20-7bcb5ac2832d req-3a3511cd-167a-4e21-8d20-7bcb5ac2832d ] Request (ServerActionsTestJSON:setUpClass): 201 POST http://10.180.1.21/identity/v3/auth/tokens 0.131s
2025-01-06 02:35:07.428 68735 INFO tempest.lib.common.rest_client [req-93de6a65-4cfb-4534-9085-c17059869a9f req-93de6a65-4cfb-4534-9085-c17059869a9f ] Request (QuotasAdminTestV236:test_get_updated_quotas): 201 POST http://10.180.1.21/identity/v3/users 0.229s
2025-01-06 02:35:07.444 68741 INFO tempest.lib.common.rest_client [req-c192f725-3659-41dd-911d-f2ab036f08ae req-c192f725-3659-41dd-911d-f2ab036f08ae ] Request (HypervisorAdminNegativeUnderV252Test:tearDownClass): 200 GET http://10.180.1.21:9696/networking/v2.0/security-groups?tenant_id=72d85c6256b64430bdab2f83e56c9ccd&name=default 0.309s
2025-01-06 02:35:07.445 68725 INFO tempest.lib.common.rest_client [req-aff0c7e1-9502-445a-b120-f13cd4196c5b req-aff0c7e1-9502-445a-b120-f13cd4196c5b ] Request (ServersTestFqdnHostnames:test_create_server_with_fqdn_name): 200 POST http://10.180.1.21/compute/v2.1/os-keypairs 1.711s
2025-01-06 02:35:07.445 68747 INFO tempest.lib.common.rest_client [req-a4041166-2983-4775-9be0-c0dcb55291de req-a4041166-2983-4775-9be0-c0dcb55291de ] Request (ServerMetadataTestJSON:setUpClass): 200 GET http://10.180.1.21/identity/v3/roles 0.091s
2025-01-06 02:35:07.460 68737 INFO tempest.lib.common.rest_client [req-3cde3239-1297-41c9-85f7-495354b92763 req-3cde3239-1297-41c9-85f7-495354b92763 ] Request (ServerActionsTestJSON:setUpClass): 201 POST http://10.180.1.21/identity/v3/auth/tokens 0.033s
2025-01-06 02:35:07.472 68735 INFO tempest.lib.common.rest_client [req-3eef5c6f-99c8-491f-8051-027a03deb60d req-3eef5c6f-99c8-491f-8051-027a03deb60d ] Request (QuotasAdminTestV236:test_get_updated_quotas): 200 GET http://10.180.1.21/identity/v3/domains?name=Default 0.043s
2025-01-06 02:35:07.503 68747 INFO tempest.lib.common.rest_client [req-ed47c399-4594-4a7b-a7b4-1b9c5331bfb7 req-ed47c399-4594-4a7b-a7b4-1b9c5331bfb7 ] Request (ServerMetadataTestJSON:setUpClass): 204 PUT http://10.180.1.21/identity/v3/projects/1637aa2e8f824ad0aad5804bf93a4a97/users/7da690f2285747a2993f34880de218bd/roles/9d51bf75b8b441bb80d8e053e864b2d3 0.057s
2025-01-06 02:35:07.507 68747 INFO tempest.lib.common.dynamic_creds [-] Dynamic test user 7da690f2285747a2993f34880de218bd is created with scope project and roles: ['member']
2025-01-06 02:35:07.507 68747 INFO tempest.lib.common.dynamic_creds [-] Acquired dynamic creds: credentials: Credentials: {'domain_id': 'default', 'domain_name': 'Default', 'username': 'tempest-ServerMetadataTestJSON-65647725-project-member', 'project_domain_id': 'default', 'project_domain_name': 'Default', 'project_id': '1637aa2e8f824ad0aad5804bf93a4a97', 'project_name': 'tempest-ServerMetadataTestJSON-65647725', 'tenant_id': '1637aa2e8f824ad0aad5804bf93a4a97', 'tenant_name': 'tempest-ServerMetadataTestJSON-65647725', 'user_domain_id': 'default', 'user_domain_name': 'Default', 'user_id': '7da690f2285747a2993f34880de218bd', 'system': None}, Network: None, Subnet: None, Router: None
2025-01-06 02:35:07.524 68729 INFO tempest.lib.common.rest_client [req-0ed69544-a65e-4302-b539-f332e43beeed req-0ed69544-a65e-4302-b539-f332e43beeed ] Request (ImagesOneServerNegativeTestJSON:setUpClass): 200 GET http://10.180.1.21/compute/v2.1/servers/bac7ec18-8d57-45bf-901a-ad7020428158 1.610s
2025-01-06 02:35:07.549 68753 INFO tempest.lib.common.rest_client [req-68c80085-879e-4c76-be64-63ea695582ee req-68c80085-879e-4c76-be64-63ea695582ee ] Request (ServersTestBootFromVolume:setUpClass): 200 GET http://10.180.1.21/volume/v3/volumes/b91ac360-8b4e-448d-be18-9242e4d80391 0.054s
2025-01-06 02:35:07.616 68737 INFO tempest.lib.common.rest_client [req-e0c7bc32-19f8-4955-90f9-3f1f08168d15 req-e0c7bc32-19f8-4955-90f9-3f1f08168d15 ] Request (ServerActionsTestJSON:setUpClass): 200 GET http://10.180.1.21/identity/v3/domains?name=Default 0.155s
2025-01-06 02:35:07.646 68743 INFO tempest.lib.common.rest_client [req-26f5384f-6655-48a6-ad11-349e15ee5f62 req-26f5384f-6655-48a6-ad11-349e15ee5f62 ] Request (FlavorsAccessNegativeTestJSON:test_flavor_non_admin_remove): 200 POST http://10.180.1.21/compute/v2.1/flavors/1093408479/action 1.911s
2025-01-06 02:35:07.662 68737 INFO tempest.lib.common.rest_client [req-bcfa4dd6-fc5a-4755-86b9-78bd687e4543 req-bcfa4dd6-fc5a-4755-86b9-78bd687e4543 ] Request (ServerActionsTestJSON:setUpClass): 201 POST http://10.180.1.21/identity/v3/projects 0.046s
2025-01-06 02:35:07.670 68747 INFO tempest.lib.common.rest_client [req-ac36a16d-5100-413c-b9ea-44ed0a84c3ea req-ac36a16d-5100-413c-b9ea-44ed0a84c3ea ] Request (ServerMetadataTestJSON:setUpClass): 201 POST http://10.180.1.21/identity/v3/auth/tokens 0.162s
2025-01-06 02:35:07.703 68711 INFO tempest.lib.common.rest_client [req-19ef20e7-0f75-456f-a71f-adc65eabf941 req-19ef20e7-0f75-456f-a71f-adc65eabf941 ] Request (ImagesTestJSON:test_create_image_from_stopped_server): 200 GET http://10.180.1.21/compute/v2.1/images/c4aaaeea-c3b0-4daa-a676-1f5615c961c2 1.715s
2025-01-06 02:35:07.752 68737 INFO tempest.lib.common.rest_client [req-c6dc77bd-f8f3-4961-8a24-124ab5e8f9a4 req-c6dc77bd-f8f3-4961-8a24-124ab5e8f9a4 ] Request (ServerActionsTestJSON:setUpClass): 201 POST http://10.180.1.21/identity/v3/users 0.089s
2025-01-06 02:35:07.756 68741 INFO tempest.lib.common.rest_client [req-c8147cba-6bc5-4d0b-bb02-07d418f789d8 req-c8147cba-6bc5-4d0b-bb02-07d418f789d8 ] Request (HypervisorAdminNegativeUnderV252Test:tearDownClass): 204 DELETE http://10.180.1.21:9696/networking/v2.0/security-groups/79bbba57-e641-4ecf-baff-e086b6b08c34 0.309s
2025-01-06 02:35:07.764 68767 INFO tempest.lib.common.rest_client [req-2bf11e77-e041-45bf-9aee-fca53689a461 req-2bf11e77-e041-45bf-9aee-fca53689a461 ] Request (ServersAdminNegativeTestJSON:setUpClass): 200 GET http://10.180.1.21/compute/v2.1/servers/ba49ff78-a55c-4fb7-acf4-c77c53bd82e0 1.814s
2025-01-06 02:35:07.779 68737 INFO tempest.lib.common.rest_client [req-710fa09e-5b54-44e4-be21-b9e3dbefd548 req-710fa09e-5b54-44e4-be21-b9e3dbefd548 ] Request (ServerActionsTestJSON:setUpClass): 200 GET http://10.180.1.21/identity/v3/roles 0.027s
2025-01-06 02:35:07.782 68767 INFO tempest.common.waiters [-] State transition "BUILD/networking" ==> "BUILD/spawning" after 19 second wait
2025-01-06 02:35:07.796 68725 INFO tempest.lib.common.rest_client [req-be50e48b-e289-44e5-a0e1-da9127af573c req-be50e48b-e289-44e5-a0e1-da9127af573c ] Request (ServersTestFqdnHostnames:test_create_server_with_fqdn_name): 201 POST http://10.180.1.21:9696/networking/v2.0/security-groups 0.347s
2025-01-06 02:35:07.845 68741 INFO tempest.lib.common.rest_client [req-4b950385-d554-4032-80fb-916f56f8f8b0 req-4b950385-d554-4032-80fb-916f56f8f8b0 ] Request (HypervisorAdminNegativeUnderV252Test:tearDownClass): 204 DELETE http://10.180.1.21/identity/v3/projects/72d85c6256b64430bdab2f83e56c9ccd 0.089s
2025-01-06 02:35:07.845 68741 INFO tempest.lib.common.dynamic_creds [-] Deleting project and security group for project: 2cc5e0b0d3f34a9695566b39a5e5b5ac
2025-01-06 02:35:07.881 68737 INFO tempest.lib.common.rest_client [req-d717699f-e861-4a8b-a403-ff6afb15a3ef req-d717699f-e861-4a8b-a403-ff6afb15a3ef ] Request (ServerActionsTestJSON:setUpClass): 204 PUT http://10.180.1.21/identity/v3/projects/13c72624fb894462a09f2442e40c86ba/users/9c60d882dc3240ee8007f48c3aeb710c/roles/9d51bf75b8b441bb80d8e053e864b2d3 0.101s
2025-01-06 02:35:07.881 68737 INFO tempest.lib.common.dynamic_creds [-] Dynamic test user 9c60d882dc3240ee8007f48c3aeb710c is created with scope project and roles: ['member']
2025-01-06 02:35:07.881 68737 INFO tempest.lib.common.dynamic_creds [-] Acquired dynamic creds: credentials: Credentials: {'domain_id': 'default', 'domain_name': 'Default', 'username': 'tempest-ServerActionsTestJSON-591678216-project-member', 'project_domain_id': 'default', 'project_domain_name': 'Default', 'project_id': '13c72624fb894462a09f2442e40c86ba', 'project_name': 'tempest-ServerActionsTestJSON-591678216', 'tenant_id': '13c72624fb894462a09f2442e40c86ba', 'tenant_name': 'tempest-ServerActionsTestJSON-591678216', 'user_domain_id': 'default', 'user_domain_name': 'Default', 'user_id': '9c60d882dc3240ee8007f48c3aeb710c', 'system': None}, Network: None, Subnet: None, Router: None
2025-01-06 02:35:07.943 68737 INFO tempest.lib.common.rest_client [req-1b4fbf21-47ef-427b-b1d0-1211b18cbcbe req-1b4fbf21-47ef-427b-b1d0-1211b18cbcbe ] Request (ServerActionsTestJSON:setUpClass): 201 POST http://10.180.1.21/identity/v3/auth/tokens 0.061s
2025-01-06 02:35:08.036 68723 INFO tempest.lib.common.rest_client [req-5956638a-0d97-4e0f-9f78-12e3780b92e6 req-5956638a-0d97-4e0f-9f78-12e3780b92e6 ] Request (ServerDiagnosticsNegativeTest:test_get_server_diagnostics_by_non_admin): 200 GET http://10.180.1.21/compute/v2.1/servers/cd4627a3-03ee-4d91-ac3f-0eae930198be 1.876s
2025-01-06 02:35:08.043 68723 INFO tempest.common.waiters [-] State transition "BUILD/spawning" ==> "ACTIVE/None" after 29 second wait
2025-01-06 02:35:08.152 68757 INFO tempest.lib.common.rest_client [req-3bdf60bf-40bd-4c62-a92c-3157518bae9e req-3bdf60bf-40bd-4c62-a92c-3157518bae9e ] Request (ServerRescueTestJSONUnderV235:setUpClass): 201 POST http://10.180.1.21:9696/networking/v2.0/routers 2.197s
2025-01-06 02:35:08.167 68725 INFO tempest.lib.common.rest_client [req-28070a73-fee5-4f8c-98e0-3fa25531a52d req-28070a73-fee5-4f8c-98e0-3fa25531a52d ] Request (ServersTestFqdnHostnames:test_create_server_with_fqdn_name): 201 POST http://10.180.1.21:9696/networking/v2.0/security-group-rules 0.370s
2025-01-06 02:35:08.262 68741 INFO tempest.lib.common.rest_client [req-e05b7dba-c7fd-4046-a7bd-5e43f2252818 req-e05b7dba-c7fd-4046-a7bd-5e43f2252818 ] Request (HypervisorAdminNegativeUnderV252Test:tearDownClass): 200 GET http://10.180.1.21:9696/networking/v2.0/security-groups?tenant_id=2cc5e0b0d3f34a9695566b39a5e5b5ac&name=default 0.416s
2025-01-06 02:35:08.288 68727 INFO tempest.lib.common.rest_client [req-ecc07628-50f0-4b69-b3f9-1a9619639cb9 req-ecc07628-50f0-4b69-b3f9-1a9619639cb9 ] Request (ServerDiagnosticsV248Test:test_get_server_diagnostics): 200 GET http://10.180.1.21/compute/v2.1/servers/0a255d7d-7a66-4e6f-89b1-eab3c13f3516/diagnostics 2.158s
2025-01-06 02:35:08.331 68749 INFO tempest.lib.common.rest_client [req-ef4a4658-96c5-4fd7-aab7-399b34fd16ca req-ef4a4658-96c5-4fd7-aab7-399b34fd16ca ] Request (MigrationsAdminTest:test_list_migrations_in_flavor_resize_situation): 200 GET http://10.180.1.21/compute/v2.1/servers/f964b631-4f16-4ba9-b0e2-61b99b1e3bf1 2.148s
2025-01-06 02:35:08.449 68715 INFO tempest.lib.common.rest_client [req-23d5591d-a58b-405e-911f-634c751e9bc1 req-23d5591d-a58b-405e-911f-634c751e9bc1 ] Request (HostsAdminNegativeTestJSON:test_list_hosts_with_non_admin_user): 403 GET http://10.180.1.21/compute/v2.1/os-hosts 1.919s
2025-01-06 02:35:08.520 68725 INFO tempest.lib.common.rest_client [req-5286ef36-a623-4f42-9263-34f4b99a1f19 req-5286ef36-a623-4f42-9263-34f4b99a1f19 ] Request (ServersTestFqdnHostnames:test_create_server_with_fqdn_name): 201 POST http://10.180.1.21:9696/networking/v2.0/security-group-rules 0.352s
2025-01-06 02:35:08.549 68739 INFO tempest.lib.common.rest_client [req-65ce2877-df0e-474c-8c0c-1e26f2bd40c6 req-65ce2877-df0e-474c-8c0c-1e26f2bd40c6 ] Request (FloatingIPsNegativeTestJSON:tearDownClass): 200 PUT http://10.180.1.21:9696/networking/v2.0/routers/ab870854-20a6-43d6-b818-bbc633a535df/remove_router_interface 2.237s
2025-01-06 02:35:08.575 68731 INFO tempest.lib.common.rest_client [req-174c8dd2-0cbb-4e3f-90da-ac2bb5b0654a req-174c8dd2-0cbb-4e3f-90da-ac2bb5b0654a ] Request (DeleteServersAdminTestJSON:test_admin_delete_servers_of_others): 200 GET http://10.180.1.21/compute/v2.1/servers/eabb32a5-2905-403d-9ad4-cf12ecac4356 2.197s
2025-01-06 02:35:08.588 68731 INFO tempest.common.waiters [-] State transition "BUILD/spawning" ==> "ACTIVE/None" after 27 second wait
2025-01-06 02:35:08.613 68753 INFO tempest.lib.common.rest_client [req-229c445e-79b4-4a5c-aa76-225a917c2c11 req-229c445e-79b4-4a5c-aa76-225a917c2c11 ] Request (ServersTestBootFromVolume:setUpClass): 200 GET http://10.180.1.21/volume/v3/volumes/b91ac360-8b4e-448d-be18-9242e4d80391 0.052s
2025-01-06 02:35:08.628 68747 INFO tempest.lib.common.rest_client [req-9595bf41-f3f9-47ef-91e5-035738ffdf2a req-9595bf41-f3f9-47ef-91e5-035738ffdf2a ] Request (ServerMetadataTestJSON:setUpClass): 201 POST http://10.180.1.21:9696/networking/v2.0/networks 0.957s
2025-01-06 02:35:08.631 68759 INFO tempest.lib.common.rest_client [req-3a2c9061-c185-4f93-9f71-5462912fbdc0 req-3a2c9061-c185-4f93-9f71-5462912fbdc0 ] Request (VolumesNegativeTest:test_volume_delete_nonexistent_volume_id): 404 DELETE http://10.180.1.21/compute/v2.1/os-volumes/391bd54b-6067-4587-ab2d-02df02a81420 2.013s
2025-01-06 02:35:08.652 68741 INFO tempest.lib.common.rest_client [req-333fde77-46ee-4fd2-a711-13bfa45cf177 req-333fde77-46ee-4fd2-a711-13bfa45cf177 ] Request (HypervisorAdminNegativeUnderV252Test:tearDownClass): 204 DELETE http://10.180.1.21:9696/networking/v2.0/security-groups/ba559d84-57ed-43ee-92f6-eb7115e12a2b 0.390s
2025-01-06 02:35:08.666 68755 INFO tempest.lib.common.rest_client [req-6bd8a022-7fce-4c7e-8cc4-2b428a97a0be req-6bd8a022-7fce-4c7e-8cc4-2b428a97a0be ] Request (AggregatesAdminNegativeTestJSON:_run_cleanups): 200 DELETE http://10.180.1.21/compute/v2.1/os-aggregates/4 2.036s
2025-01-06 02:35:08.697 68761 INFO tempest.lib.common.rest_client [req-49f15754-4df5-446b-8e81-3e9eb50bf62c req-49f15754-4df5-446b-8e81-3e9eb50bf62c ] Request (ServersWithSpecificFlavorTestJSON:test_verify_created_server_ephemeral_disk): 200 POST http://10.180.1.21/compute/v2.1/flavors/854468921/os-extra_specs 2.088s
2025-01-06 02:35:08.749 68721 INFO tempest.lib.common.rest_client [req-c75f08be-6293-4d55-8827-6bd1352462ba req-c75f08be-6293-4d55-8827-6bd1352462ba ] Request (FloatingIPsTestJSON:test_delete_floating_ip): 404 GET http://10.180.1.21/compute/v2.1/os-floating-ips/1d14ba1d-055f-419c-8a1e-1c7fa9f20a17 1.958s
2025-01-06 02:35:08.758 68741 INFO tempest.lib.common.rest_client [req-ce76408a-df37-4ccb-add2-1339d8fb6c94 req-ce76408a-df37-4ccb-add2-1339d8fb6c94 ] Request (HypervisorAdminNegativeUnderV252Test:tearDownClass): 204 DELETE http://10.180.1.21/identity/v3/projects/2cc5e0b0d3f34a9695566b39a5e5b5ac 0.105s
2025-01-06 02:35:08.788 68719 INFO tempest.lib.common.rest_client [req-5055bbe8-2742-4123-b8b1-179689408927 req-5055bbe8-2742-4123-b8b1-179689408927 ] Request (ListImageFiltersTestJSON:setUpClass): 200 GET http://10.180.1.21/compute/v2.1/images/8c130b99-369d-40d2-a1cb-6873da1bfbf3 1.925s
2025-01-06 02:35:08.800 68737 INFO tempest.lib.common.rest_client [req-5f059710-9ba1-4076-9d66-acb70ff863cc req-5f059710-9ba1-4076-9d66-acb70ff863cc ] Request (ServerActionsTestJSON:setUpClass): 201 POST http://10.180.1.21:9696/networking/v2.0/networks 0.857s
2025-01-06 02:35:08.800 68709 INFO tempest.lib.common.rest_client [req-32ca4d42-60f9-4fea-9b5e-3b2e7bd81b03 req-32ca4d42-60f9-4fea-9b5e-3b2e7bd81b03 ] Request (TenantUsagesNegativeTestJSON:test_get_usage_tenant_with_invalid_date): 400 GET http://10.180.1.21/compute/v2.1/os-simple-tenant-usage/dee3f1535b20443f8a0191ad86e2a27f?start=2025-01-07T02%3A35%3A05.021616&end=2025-01-05T02%3A35%3A05.021616 1.694s
2025-01-06 02:35:08.817 68713 INFO tempest.lib.common.rest_client [req-80a46b7d-2d8b-4d5f-84f1-745433744722 req-80a46b7d-2d8b-4d5f-84f1-745433744722 ] Request (ServerPasswordTestJSON:tearDownClass): 200 GET http://10.180.1.21/compute/v2.1/servers/9f37120a-dd52-4f95-9a11-ae5bcf3565ba 2.094s
2025-01-06 02:35:08.829 68713 INFO tempest.common.waiters [-] State transition "ACTIVE/deleting" ==> "DELETED/None" after 3 second wait
2025-01-06 02:35:08.864 68741 INFO tempest.lib.common.rest_client [req-0913e55f-90b6-40e0-8098-27eec540dd53 req-0913e55f-90b6-40e0-8098-27eec540dd53 ] Request (ServersV294TestFqdnHostnames:setUpClass): 201 POST http://10.180.1.21/identity/v3/auth/tokens 0.104s
2025-01-06 02:35:08.875 68719 INFO tempest.lib.common.rest_client [req-b1c720a9-0d21-4d6c-bae3-c03b3f0267be req-b1c720a9-0d21-4d6c-bae3-c03b3f0267be ] Request (ListImageFiltersTestJSON:setUpClass): 201 POST http://10.180.1.21/identity/v3/auth/tokens 0.073s
2025-01-06 02:35:08.876 68719 INFO tempest.lib.common.fixed_network [-] (ListImageFiltersTestJSON:setUpClass) Found network None available for tenant
2025-01-06 02:35:08.912 68741 INFO tempest.lib.common.rest_client [req-9b6a7e60-af2e-42c6-a38c-72c06ef35d39 req-9b6a7e60-af2e-42c6-a38c-72c06ef35d39 ] Request (ServersV294TestFqdnHostnames:setUpClass): 201 POST http://10.180.1.21/identity/v3/auth/tokens 0.045s
2025-01-06 02:35:08.952 68741 INFO tempest.lib.common.rest_client [req-e7b425d7-2d80-4f5f-8d51-7efa5b481346 req-e7b425d7-2d80-4f5f-8d51-7efa5b481346 ] Request (ServersV294TestFqdnHostnames:setUpClass): 200 GET http://10.180.1.21/identity/v3/domains?name=Default 0.040s
2025-01-06 02:35:08.993 68741 INFO tempest.lib.common.rest_client [req-cc6e4c6d-9346-4878-b376-3176d1a20ac5 req-cc6e4c6d-9346-4878-b376-3176d1a20ac5 ] Request (ServersV294TestFqdnHostnames:setUpClass): 201 POST http://10.180.1.21/identity/v3/projects 0.039s
2025-01-06 02:35:09.073 68741 INFO tempest.lib.common.rest_client [req-d66e6e0b-c780-4aba-a8a3-b8396e8a8e66 req-d66e6e0b-c780-4aba-a8a3-b8396e8a8e66 ] Request (ServersV294TestFqdnHostnames:setUpClass): 201 POST http://10.180.1.21/identity/v3/users 0.079s
2025-01-06 02:35:09.105 68741 INFO tempest.lib.common.rest_client [req-326a9874-5933-468a-8e51-e820cd3695f7 req-326a9874-5933-468a-8e51-e820cd3695f7 ] Request (ServersV294TestFqdnHostnames:setUpClass): 200 GET http://10.180.1.21/identity/v3/roles 0.031s
2025-01-06 02:35:09.143 68741 INFO tempest.lib.common.rest_client [req-b9c580ca-5019-4446-a79c-3fd46643ff08 req-b9c580ca-5019-4446-a79c-3fd46643ff08 ] Request (ServersV294TestFqdnHostnames:setUpClass): 204 PUT http://10.180.1.21/identity/v3/projects/59f4938f0fdc47548c63203760cb4572/users/8ba0c7e2915e4782bd551a10667e5bc4/roles/9d51bf75b8b441bb80d8e053e864b2d3 0.038s
2025-01-06 02:35:09.144 68741 INFO tempest.lib.common.dynamic_creds [-] Dynamic test user 8ba0c7e2915e4782bd551a10667e5bc4 is created with scope project and roles: ['member']
2025-01-06 02:35:09.144 68741 INFO tempest.lib.common.dynamic_creds [-] Acquired dynamic creds: credentials: Credentials: {'domain_id': 'default', 'domain_name': 'Default', 'username': 'tempest-ServersV294TestFqdnHostnames-2139409605-project-member', 'project_domain_id': 'default', 'project_domain_name': 'Default', 'project_id': '59f4938f0fdc47548c63203760cb4572', 'project_name': 'tempest-ServersV294TestFqdnHostnames-2139409605', 'tenant_id': '59f4938f0fdc47548c63203760cb4572', 'tenant_name': 'tempest-ServersV294TestFqdnHostnames-2139409605', 'user_domain_id': 'default', 'user_domain_name': 'Default', 'user_id': '8ba0c7e2915e4782bd551a10667e5bc4', 'system': None}, Network: None, Subnet: None, Router: None
2025-01-06 02:35:09.223 68747 INFO tempest.lib.common.rest_client [req-7606bf71-83a0-40bd-a761-db3d57485fae req-7606bf71-83a0-40bd-a761-db3d57485fae ] Request (ServerMetadataTestJSON:setUpClass): 201 POST http://10.180.1.21:9696/networking/v2.0/subnets 0.593s
2025-01-06 02:35:09.241 68741 INFO tempest.lib.common.rest_client [req-6bcd5be3-e61a-46ff-b441-b4d5eb1b30ad req-6bcd5be3-e61a-46ff-b441-b4d5eb1b30ad ] Request (ServersV294TestFqdnHostnames:setUpClass): 201 POST http://10.180.1.21/identity/v3/auth/tokens 0.097s
2025-01-06 02:35:09.244 68717 INFO tempest.lib.common.rest_client [req-b749a942-3823-44b2-807f-5ad2a4b65f4c req-b749a942-3823-44b2-807f-5ad2a4b65f4c ] Request (FloatingIPsAssociationTestJSON:setUpClass): 200 GET http://10.180.1.21/compute/v2.1/servers/69eeee84-fcfd-4326-8384-79a1d5e01e9e 2.061s
2025-01-06 02:35:09.252 68717 INFO tempest.common.waiters [-] State transition "BUILD/spawning" ==> "ACTIVE/None" after 27 second wait
2025-01-06 02:35:09.313 68707 INFO tempest.lib.common.rest_client [req-b918093e-d7ff-446a-998c-0eba6c8c6d46 req-b918093e-d7ff-446a-998c-0eba6c8c6d46 ] Request (ServersTestJSON:setUpClass): 200 GET http://10.180.1.21/compute/v2.1/servers/98c625bb-3a8e-4148-87eb-88683c9995b0 2.095s
2025-01-06 02:35:09.345 68763 INFO tempest.lib.common.rest_client [req-d3212100-c821-4e7d-bed4-afee41831cb6 req-d3212100-c821-4e7d-bed4-afee41831cb6 ] Request (InstanceActionsTestJSON:setUpClass): 200 GET http://10.180.1.21/compute/v2.1/servers/93aff290-b2d9-4ef5-bc6d-0206be00253c 2.072s
2025-01-06 02:35:09.355 68743 INFO tempest.lib.common.rest_client [req-d6c110cf-1c9e-4ac6-b08e-17179b08b7bb req-d6c110cf-1c9e-4ac6-b08e-17179b08b7bb ] Request (FlavorsAccessNegativeTestJSON:test_flavor_non_admin_remove): 403 POST http://10.180.1.21/compute/v2.1/flavors/1093408479/action 1.707s
2025-01-06 02:35:09.357 68763 INFO tempest.common.waiters [-] State transition "BUILD/scheduling" ==> "BUILD/None" after 9 second wait
2025-01-06 02:35:09.442 68745 INFO tempest.lib.common.rest_client [req-1a9270f5-a6c1-4e36-8042-571882582188 req-1a9270f5-a6c1-4e36-8042-571882582188 ] Request (ServersAdmin275Test:test_rebuild_update_server_275): 200 GET http://10.180.1.21/compute/v2.1/servers/eb00fec8-9b50-4e10-a0f3-a6dcb9d5049f 1.462s
2025-01-06 02:35:09.453 68737 INFO tempest.lib.common.rest_client [req-672f2435-42d7-4009-8017-8f53bb03af97 req-672f2435-42d7-4009-8017-8f53bb03af97 ] Request (ServerActionsTestJSON:setUpClass): 201 POST http://10.180.1.21:9696/networking/v2.0/subnets 0.652s
2025-01-06 02:35:09.455 68745 INFO tempest.common.waiters [-] State transition "BUILD/None" ==> "BUILD/networking" after 9 second wait
2025-01-06 02:35:09.470 68723 INFO tempest.lib.common.rest_client [req-56ef00b9-1997-43cb-a8fe-40dc33fa4501 req-56ef00b9-1997-43cb-a8fe-40dc33fa4501 ] Request (ServerDiagnosticsNegativeTest:test_get_server_diagnostics_by_non_admin): 403 GET http://10.180.1.21/compute/v2.1/servers/cd4627a3-03ee-4d91-ac3f-0eae930198be/diagnostics 1.426s
2025-01-06 02:35:09.527 68735 INFO tempest.lib.common.rest_client [req-a98b68de-679e-40d5-8f0c-bea3a1c0f73d req-a98b68de-679e-40d5-8f0c-bea3a1c0f73d ] Request (QuotasAdminTestV236:test_get_updated_quotas): 200 PUT http://10.180.1.21/compute/v2.1/os-quota-sets/eac5226764e34171860551f9ae3f7225?user_id=731c0d1f219a4f50baf0a66ddfb62073 2.053s
2025-01-06 02:35:09.676 68753 INFO tempest.lib.common.rest_client [req-2e39dc8a-4817-464b-8d44-d4416cdd2a6e req-2e39dc8a-4817-464b-8d44-d4416cdd2a6e ] Request (ServersTestBootFromVolume:setUpClass): 200 GET http://10.180.1.21/volume/v3/volumes/b91ac360-8b4e-448d-be18-9242e4d80391 0.051s
2025-01-06 02:35:09.693 68739 INFO tempest.lib.common.rest_client [req-39bee51d-3cbc-483d-8e28-75d22c95f159 req-39bee51d-3cbc-483d-8e28-75d22c95f159 ] Request (FloatingIPsNegativeTestJSON:tearDownClass): 204 DELETE http://10.180.1.21:9696/networking/v2.0/routers/ab870854-20a6-43d6-b818-bbc633a535df 1.142s
2025-01-06 02:35:09.853 68765 INFO tempest.lib.common.rest_client [req-63da498e-dac0-4e17-984f-6c392efd4b9b req-63da498e-dac0-4e17-984f-6c392efd4b9b ] Request (ImagesNegativeTestJSON:test_create_image_from_deleted_server): 200 GET http://10.180.1.21/compute/v2.1/servers/ab38e291-8af6-4759-a504-a5926afa3e34 1.688s
2025-01-06 02:35:09.863 68765 INFO tempest.common.waiters [-] State transition "BUILD/spawning" ==> "ACTIVE/None" after 27 second wait
2025-01-06 02:35:09.885 68733 INFO tempest.lib.common.rest_client [req-54df9dc8-2c2b-492c-bbe9-16128fa48944 req-54df9dc8-2c2b-492c-bbe9-16128fa48944 ] Request (VolumesAssistedSnapshotsTest:test_volume_assisted_snapshot_create_delete): 200 GET http://10.180.1.21/compute/v2.1/servers/8fe84c5b-5758-4907-9578-8e9a8588088c 1.694s
2025-01-06 02:35:09.892 68733 INFO tempest.common.waiters [-] State transition "BUILD/networking" ==> "BUILD/spawning" after 11 second wait
2025-01-06 02:35:09.978 68727 INFO tempest.lib.common.rest_client [req-e75befcb-237b-413b-a95d-3539cb219030 req-e75befcb-237b-413b-a95d-3539cb219030 ] Request (ServerDiagnosticsV248Test:tearDownClass): 204 DELETE http://10.180.1.21/compute/v2.1/servers/0a255d7d-7a66-4e6f-89b1-eab3c13f3516 1.678s
2025-01-06 02:35:09.988 68715 INFO tempest.lib.common.rest_client [req-e68510e5-8f1a-4a32-95b6-7976dfbe301e req-e68510e5-8f1a-4a32-95b6-7976dfbe301e ] Request (HostsAdminNegativeTestJSON:test_reboot_host_with_non_admin_user): 403 GET http://10.180.1.21/compute/v2.1/os-hosts/devstack/reboot 1.533s
2025-01-06 02:35:10.055 68725 INFO tempest.lib.common.rest_client [req-c3dab9d2-e682-48b2-9be8-426ff5cb7c7f req-c3dab9d2-e682-48b2-9be8-426ff5cb7c7f ] Request (ServersTestFqdnHostnames:test_create_server_with_fqdn_name): 201 POST http://10.180.1.21:9696/networking/v2.0/floatingips 1.535s
2025-01-06 02:35:10.083 68729 INFO tempest.lib.common.rest_client [req-3c86381e-4797-4b57-83ef-56977f1468ff req-3c86381e-4797-4b57-83ef-56977f1468ff ] Request (ImagesOneServerNegativeTestJSON:setUpClass): 200 GET http://10.180.1.21/compute/v2.1/servers/bac7ec18-8d57-45bf-901a-ad7020428158 1.530s
2025-01-06 02:35:10.095 68729 INFO tempest.common.waiters [-] State transition "BUILD/scheduling" ==> "BUILD/None" after 12 second wait
2025-01-06 02:35:10.153 68751 INFO tempest.lib.common.rest_client [req-fb51a549-36e5-4c9a-aa85-a64c836c1fd3 req-fb51a549-36e5-4c9a-aa85-a64c836c1fd3 ] Request (ServerExternalEventsTest:test_create_server_external_events): 200 GET http://10.180.1.21/compute/v2.1/servers/9d723a61-a652-4e89-9bf7-eb544d66b24f 1.726s
2025-01-06 02:35:10.166 68725 INFO tempest.lib.common.rest_client [req-f6957309-d812-4c3c-b5b7-0d83f93993dd req-f6957309-d812-4c3c-b5b7-0d83f93993dd ] Request (ServersTestFqdnHostnames:test_create_server_with_fqdn_name): 201 POST http://10.180.1.21/identity/v3/auth/tokens 0.105s
2025-01-06 02:35:10.166 68725 INFO tempest.lib.common.fixed_network [-] (ServersTestFqdnHostnames:test_create_server_with_fqdn_name) Found network {'id': 'd73c827b-b278-4c42-8851-4b19fd10eaf2', 'name': 'tempest-ServersTestFqdnHostnames-1898511803-network', 'tenant_id': 'fe558c9e0dbc4dc1b048e1a8a44d87d1', 'admin_state_up': True, 'mtu': 8950, 'status': 'ACTIVE', 'subnets': [], 'shared': False, 'project_id': 'fe558c9e0dbc4dc1b048e1a8a44d87d1', 'port_security_enabled': True, 'router:external': False, 'provider:network_type': 'vlan', 'provider:physical_network': 'default', 'provider:segmentation_id': 890, 'availability_zone_hints': [], 'availability_zones': [], 'ipv4_address_scope': None, 'ipv6_address_scope': None, 'description': '', 'tags': [], 'created_at': '2025-01-06T02:35:02Z', 'updated_at': '2025-01-06T02:35:02Z', 'revision_number': 1} available for tenant
2025-01-06 02:35:10.180 68759 INFO tempest.lib.common.rest_client [req-d579bd79-bd60-4ac9-906e-20194eabf2e1 req-d579bd79-bd60-4ac9-906e-20194eabf2e1 ] Request (VolumesNegativeTest:test_volume_get_nonexistent_volume_id): 404 GET http://10.180.1.21/compute/v2.1/os-volumes/f7dfcf83-5578-44ef-9b6e-5b9680c16b5f 1.547s
2025-01-06 02:35:10.189 68741 INFO tempest.lib.common.rest_client [req-5818c71f-b86f-4af4-b6c2-bb54f3d3e5db req-5818c71f-b86f-4af4-b6c2-bb54f3d3e5db ] Request (ServersV294TestFqdnHostnames:setUpClass): 201 POST http://10.180.1.21:9696/networking/v2.0/networks 0.947s
2025-01-06 02:35:10.214 68755 INFO tempest.lib.common.rest_client [req-589a185c-a778-4143-970f-3d5995a93ef2 req-589a185c-a778-4143-970f-3d5995a93ef2 ] Request (AggregatesAdminNegativeTestJSON:test_aggregate_delete_as_user): 200 POST http://10.180.1.21/compute/v2.1/os-aggregates 1.547s
2025-01-06 02:35:10.265 68739 INFO tempest.lib.common.rest_client [req-4d8ad96a-ce93-429f-80b8-94404d3b8e10 req-4d8ad96a-ce93-429f-80b8-94404d3b8e10 ] Request (FloatingIPsNegativeTestJSON:tearDownClass): 204 DELETE http://10.180.1.21:9696/networking/v2.0/subnets/9356ff82-ab75-46fa-8cde-9384ea902d84 0.571s
2025-01-06 02:35:10.276 68761 INFO tempest.lib.common.rest_client [req-38e49977-3edf-4a57-ba5e-3c92f791cfbf req-38e49977-3edf-4a57-ba5e-3c92f791cfbf ] Request (ValidationResourcesFixture:setUp): 200 POST http://10.180.1.21/compute/v2.1/os-keypairs 1.576s
2025-01-06 02:35:10.300 68759 INFO tempest.lib.common.rest_client [req-baf736d3-6862-47f6-8562-feb17899e450 req-baf736d3-6862-47f6-8562-feb17899e450 ] Request (VolumesNegativeTest:tearDownClass): 204 DELETE http://10.180.1.21/identity/v3/users/5c5fac0ba1de459ea6197361b12413fa 0.113s
2025-01-06 02:35:10.301 68759 INFO tempest.lib.common.dynamic_creds [-] Deleting project and security group for project: cd645f76d6864d90bd1cca1b5936e509
2025-01-06 02:35:10.317 68731 INFO tempest.lib.common.rest_client [req-b299d1fc-edc6-440e-a0c1-b8e5bd41d855 req-b299d1fc-edc6-440e-a0c1-b8e5bd41d855 ] Request (DeleteServersAdminTestJSON:test_admin_delete_servers_of_others): 204 DELETE http://10.180.1.21/compute/v2.1/servers/eabb32a5-2905-403d-9ad4-cf12ecac4356 1.729s
2025-01-06 02:35:10.332 68711 INFO tempest.lib.common.rest_client [req-0d8019cd-b7b6-422b-9593-bb8ab31249de req-0d8019cd-b7b6-422b-9593-bb8ab31249de ] Request (ImagesTestJSON:test_create_image_from_stopped_server): 200 GET http://10.180.1.21/compute/v2.1/images/c4aaaeea-c3b0-4daa-a676-1f5615c961c2 1.623s
2025-01-06 02:35:10.380 68721 INFO tempest.lib.common.rest_client [req-2ee9aab7-9882-4e6c-8dbb-1721137b50c5 req-2ee9aab7-9882-4e6c-8dbb-1721137b50c5 ] Request (FloatingIPsTestJSON:_run_cleanups): 404 DELETE http://10.180.1.21/compute/v2.1/os-floating-ips/1d14ba1d-055f-419c-8a1e-1c7fa9f20a17 1.630s
2025-01-06 02:35:10.386 68759 INFO tempest.lib.common.rest_client [req-c72c7fb5-785d-4568-b899-558ddd5adb36 req-c72c7fb5-785d-4568-b899-558ddd5adb36 ] Request (VolumesNegativeTest:tearDownClass): 201 POST http://10.180.1.21/identity/v3/auth/tokens 0.085s
2025-01-06 02:35:10.495 68709 INFO tempest.lib.common.rest_client [req-edc60063-38e6-4355-990b-8c198c1587b4 req-edc60063-38e6-4355-990b-8c198c1587b4 ] Request (TenantUsagesNegativeTestJSON:test_list_usage_all_tenants_with_non_admin_user): 403 GET http://10.180.1.21/compute/v2.1/os-simple-tenant-usage?start=2025-01-05T02%3A35%3A05.021616&end=2025-01-07T02%3A35%3A05.021616&detailed=1 1.692s
2025-01-06 02:35:10.569 68709 INFO tempest.lib.common.rest_client [req-ec6a274f-431d-4a44-90f0-ea6d6ec0c724 req-ec6a274f-431d-4a44-90f0-ea6d6ec0c724 ] Request (TenantUsagesNegativeTestJSON:tearDownClass): 204 DELETE http://10.180.1.21/identity/v3/users/5dcb4675d1514a63936ddf50125abc92 0.073s
2025-01-06 02:35:10.596 68767 INFO tempest.lib.common.rest_client [req-b66da1a9-78fa-44f7-8de9-fe29500c073c req-b66da1a9-78fa-44f7-8de9-fe29500c073c ] Request (ServersAdminNegativeTestJSON:setUpClass): 200 GET http://10.180.1.21/compute/v2.1/servers/ba49ff78-a55c-4fb7-acf4-c77c53bd82e0 1.813s
2025-01-06 02:35:10.613 68761 INFO tempest.lib.common.rest_client [req-1e6c06fe-9849-48cb-929b-1b354dec94b6 req-1e6c06fe-9849-48cb-929b-1b354dec94b6 ] Request (ValidationResourcesFixture:setUp): 201 POST http://10.180.1.21:9696/networking/v2.0/security-groups 0.335s
2025-01-06 02:35:10.685 68709 INFO tempest.lib.common.rest_client [req-640c98e3-a2ea-4481-ac9c-dddb5d6837fe req-640c98e3-a2ea-4481-ac9c-dddb5d6837fe ] Request (TenantUsagesNegativeTestJSON:tearDownClass): 204 DELETE http://10.180.1.21/identity/v3/users/5264022994cb4220b9dfdb5917856114 0.115s
2025-01-06 02:35:10.685 68709 INFO tempest.lib.common.dynamic_creds [-] Deleting project and security group for project: dee3f1535b20443f8a0191ad86e2a27f
2025-01-06 02:35:10.716 68753 INFO tempest.lib.common.rest_client [req-74bdbdd1-98a4-4494-97af-a3d3734da139 req-74bdbdd1-98a4-4494-97af-a3d3734da139 ] Request (ServersTestBootFromVolume:setUpClass): 200 GET http://10.180.1.21/volume/v3/volumes/b91ac360-8b4e-448d-be18-9242e4d80391 0.030s
2025-01-06 02:35:10.761 68709 INFO tempest.lib.common.rest_client [req-bbc8a4bf-f1e8-4788-a2b9-80cf4b5c0713 req-bbc8a4bf-f1e8-4788-a2b9-80cf4b5c0713 ] Request (TenantUsagesNegativeTestJSON:tearDownClass): 201 POST http://10.180.1.21/identity/v3/auth/tokens 0.076s
2025-01-06 02:35:10.871 68739 INFO tempest.lib.common.rest_client [req-ad1eff6d-de08-480d-8efe-0bb92e0f1625 req-ad1eff6d-de08-480d-8efe-0bb92e0f1625 ] Request (FloatingIPsNegativeTestJSON:tearDownClass): 204 DELETE http://10.180.1.21:9696/networking/v2.0/networks/55ebdaa6-0a1f-49d7-8cdf-55f96bade02d 0.606s
2025-01-06 02:35:10.979 68739 INFO tempest.lib.common.rest_client [req-3e07f483-e895-458b-95ef-99eec2b84884 req-3e07f483-e895-458b-95ef-99eec2b84884 ] Request (FloatingIPsNegativeTestJSON:tearDownClass): 204 DELETE http://10.180.1.21/identity/v3/users/0ef3b3ed30f24a628decb638961a6682 0.108s
2025-01-06 02:35:10.980 68739 INFO tempest.lib.common.dynamic_creds [-] Deleting project and security group for project: c5fe7bb7b25d430e9a641335a1080cd0
2025-01-06 02:35:10.990 68759 INFO tempest.lib.common.rest_client [req-ebfd8335-cac8-4416-a993-a5947c2779b7 req-ebfd8335-cac8-4416-a993-a5947c2779b7 ] Request (VolumesNegativeTest:tearDownClass): 200 GET http://10.180.1.21:9696/networking/v2.0/security-groups?tenant_id=cd645f76d6864d90bd1cca1b5936e509&name=default 0.604s
2025-01-06 02:35:11.030 68719 INFO tempest.lib.common.rest_client [req-3bf51762-427a-459d-9730-17b99e4175f3 req-3bf51762-427a-459d-9730-17b99e4175f3 ] Request (ListImageFiltersTestJSON:setUpClass): 202 POST http://10.180.1.21/compute/v2.1/servers 2.153s
2025-01-06 02:35:11.106 68741 INFO tempest.lib.common.rest_client [req-42c5832f-52de-4d43-8a74-6b27ce978455 req-42c5832f-52de-4d43-8a74-6b27ce978455 ] Request (ServersV294TestFqdnHostnames:setUpClass): 201 POST http://10.180.1.21:9696/networking/v2.0/subnets 0.916s
2025-01-06 02:35:11.113 68719 INFO tempest.lib.common.rest_client [req-4d2681ee-7e71-47a0-81d0-fce671e135c3 req-4d2681ee-7e71-47a0-81d0-fce671e135c3 ] Request (ListImageFiltersTestJSON:setUpClass): 201 POST http://10.180.1.21/identity/v3/auth/tokens 0.077s
2025-01-06 02:35:11.114 68719 INFO tempest.lib.common.fixed_network [-] (ListImageFiltersTestJSON:setUpClass) Found network None available for tenant
2025-01-06 02:35:11.124 68739 INFO tempest.lib.common.rest_client [req-a7ea9bb2-f2b0-4822-a970-acc5a96240e5 req-a7ea9bb2-f2b0-4822-a970-acc5a96240e5 ] Request (FloatingIPsNegativeTestJSON:tearDownClass): 200 GET http://10.180.1.21:9696/networking/v2.0/security-groups?tenant_id=c5fe7bb7b25d430e9a641335a1080cd0&name=default 0.143s
2025-01-06 02:35:11.145 68761 INFO tempest.lib.common.rest_client [req-865d2f83-8970-44f9-8876-53206168e5d1 req-865d2f83-8970-44f9-8876-53206168e5d1 ] Request (ValidationResourcesFixture:setUp): 201 POST http://10.180.1.21:9696/networking/v2.0/security-group-rules 0.531s
2025-01-06 02:35:11.503 68757 INFO tempest.lib.common.rest_client [req-0ed419ee-fd02-4104-9753-b3da2ed9d97e req-0ed419ee-fd02-4104-9753-b3da2ed9d97e ] Request (ServerRescueTestJSONUnderV235:setUpClass): 200 PUT http://10.180.1.21:9696/networking/v2.0/routers/136101f3-f9d1-4702-ab78-34faefb07db9/add_router_interface 3.350s
2025-01-06 02:35:11.503 68757 INFO tempest.lib.common.dynamic_creds [-] Created isolated network resources for: credentials: Credentials: {'domain_id': 'default', 'domain_name': 'Default', 'username': 'tempest-ServerRescueTestJSONUnderV235-184269753-project-member', 'project_domain_id': 'default', 'project_domain_name': 'Default', 'project_id': '8e0a5ee50aa9492f8e144c7fa84d015e', 'project_name': 'tempest-ServerRescueTestJSONUnderV235-184269753', 'tenant_id': '8e0a5ee50aa9492f8e144c7fa84d015e', 'tenant_name': 'tempest-ServerRescueTestJSONUnderV235-184269753', 'user_domain_id': 'default', 'user_domain_name': 'Default', 'user_id': 'bf89cafde0b34f138202137b1ab6d913', 'system': None}, Network: {'id': '627d4b8c-a9db-41a2-af0c-3fa61502f932', 'name': 'tempest-ServerRescueTestJSONUnderV235-1805083929-network', 'tenant_id': '8e0a5ee50aa9492f8e144c7fa84d015e', 'admin_state_up': True, 'mtu': 8950, 'status': 'ACTIVE', 'subnets': [], 'shared': False, 'project_id': '8e0a5ee50aa9492f8e144c7fa84d015e', 'port_security_enabled': True, 'router:external': False, 'provider:network_type': 'vlan', 'provider:physical_network': 'default', 'provider:segmentation_id': 469, 'availability_zone_hints': [], 'availability_zones': [], 'ipv4_address_scope': None, 'ipv6_address_scope': None, 'description': '', 'tags': [], 'created_at': '2025-01-06T02:35:05Z', 'updated_at': '2025-01-06T02:35:05Z', 'revision_number': 1}, Subnet: {'id': '05ea93ea-aa19-4470-8188-b174f2e69a03', 'name': 'tempest-ServerRescueTestJSONUnderV235-1805083929-subnet', 'tenant_id': '8e0a5ee50aa9492f8e144c7fa84d015e', 'network_id': '627d4b8c-a9db-41a2-af0c-3fa61502f932', 'ip_version': 4, 'subnetpool_id': None, 'enable_dhcp': False, 'ipv6_ra_mode': None, 'ipv6_address_mode': None, 'gateway_ip': '192.168.128.1', 'cidr': '192.168.128.0/28', 'allocation_pools': [{'start': '192.168.128.2', 'end': '192.168.128.14'}], 'host_routes': [], 'dns_nameservers': [], 'description': '', 'router:external': False, 'service_types': [], 'tags': [], 'created_at': '2025-01-06T02:35:05Z', 'updated_at': '2025-01-06T02:35:05Z', 'revision_number': 0, 'project_id': '8e0a5ee50aa9492f8e144c7fa84d015e'}, Router: {'id': '136101f3-f9d1-4702-ab78-34faefb07db9', 'name': 'tempest-ServerRescueTestJSONUnderV235-1805083929-router', 'tenant_id': '8e0a5ee50aa9492f8e144c7fa84d015e', 'admin_state_up': True, 'status': 'ACTIVE', 'external_gateway_info': {'network_id': '4718ccf8-eed1-4b6c-8d73-8f86de2b50ba', 'external_fixed_ips': [{'subnet_id': '9cf07a13-82bc-4a56-9fc6-d0ca25bc3901', 'ip_address': '10.180.180.219'}], 'enable_snat': True}, 'description': '', 'availability_zones': [], 'distributed': False, 'ha': False, 'availability_zone_hints': [], 'routes': [], 'flavor_id': None, 'tags': [], 'created_at': '2025-01-06T02:35:06Z', 'updated_at': '2025-01-06T02:35:07Z', 'revision_number': 2, 'project_id': '8e0a5ee50aa9492f8e144c7fa84d015e'}
2025-01-06 02:35:11.567 68709 INFO tempest.lib.common.rest_client [req-46e666e5-60ba-415e-8253-67a8f4276484 req-46e666e5-60ba-415e-8253-67a8f4276484 ] Request (TenantUsagesNegativeTestJSON:tearDownClass): 200 GET http://10.180.1.21:9696/networking/v2.0/security-groups?tenant_id=dee3f1535b20443f8a0191ad86e2a27f&name=default 0.805s
2025-01-06 02:35:11.606 68757 INFO tempest.lib.common.rest_client [req-64276305-0eee-42c9-b610-d92ce4ae3c0e req-64276305-0eee-42c9-b610-d92ce4ae3c0e ] Request (ServerRescueTestJSONUnderV235:setUpClass): 201 POST http://10.180.1.21/identity/v3/auth/tokens 0.098s
2025-01-06 02:35:11.651 68757 INFO tempest.lib.common.rest_client [req-7b3b02f1-8575-451c-b3da-7ef58d0cedce req-7b3b02f1-8575-451c-b3da-7ef58d0cedce ] Request (ServerRescueTestJSONUnderV235:setUpClass): 201 POST http://10.180.1.21/identity/v3/auth/tokens 0.041s
2025-01-06 02:35:11.651 68757 INFO tempest.lib.common.fixed_network [-] (ServerRescueTestJSONUnderV235:setUpClass) Found network {'id': '627d4b8c-a9db-41a2-af0c-3fa61502f932', 'name': 'tempest-ServerRescueTestJSONUnderV235-1805083929-network', 'tenant_id': '8e0a5ee50aa9492f8e144c7fa84d015e', 'admin_state_up': True, 'mtu': 8950, 'status': 'ACTIVE', 'subnets': [], 'shared': False, 'project_id': '8e0a5ee50aa9492f8e144c7fa84d015e', 'port_security_enabled': True, 'router:external': False, 'provider:network_type': 'vlan', 'provider:physical_network': 'default', 'provider:segmentation_id': 469, 'availability_zone_hints': [], 'availability_zones': [], 'ipv4_address_scope': None, 'ipv6_address_scope': None, 'description': '', 'tags': [], 'created_at': '2025-01-06T02:35:05Z', 'updated_at': '2025-01-06T02:35:05Z', 'revision_number': 1} available for tenant
2025-01-06 02:35:11.657 68749 INFO tempest.lib.common.rest_client [req-978014b8-df8b-40af-bf01-5ee775cf31e8 req-978014b8-df8b-40af-bf01-5ee775cf31e8 ] Request (MigrationsAdminTest:test_list_migrations_in_flavor_resize_situation): 200 GET http://10.180.1.21/compute/v2.1/servers/f964b631-4f16-4ba9-b0e2-61b99b1e3bf1 2.318s
2025-01-06 02:35:11.685 68759 INFO tempest.lib.common.rest_client [req-dce2f08d-5df8-4fc3-b315-85d794dda1b1 req-dce2f08d-5df8-4fc3-b315-85d794dda1b1 ] Request (VolumesNegativeTest:tearDownClass): 204 DELETE http://10.180.1.21:9696/networking/v2.0/security-groups/b5ce114b-a794-448e-b6a5-816284b2b063 0.694s
2025-01-06 02:35:11.780 68739 INFO tempest.lib.common.rest_client [req-a57d4a93-217d-408d-8bbb-d2311e49dee1 req-a57d4a93-217d-408d-8bbb-d2311e49dee1 ] Request (FloatingIPsNegativeTestJSON:tearDownClass): 204 DELETE http://10.180.1.21:9696/networking/v2.0/security-groups/6c9d8cf3-f628-4859-8737-73973ecae3d1 0.656s
2025-01-06 02:35:11.782 68753 INFO tempest.lib.common.rest_client [req-e654ac9a-0f3a-4890-ae25-4e8ccdbc6611 req-e654ac9a-0f3a-4890-ae25-4e8ccdbc6611 ] Request (ServersTestBootFromVolume:setUpClass): 200 GET http://10.180.1.21/volume/v3/volumes/b91ac360-8b4e-448d-be18-9242e4d80391 0.056s
2025-01-06 02:35:11.789 68761 INFO tempest.lib.common.rest_client [req-3e47f69b-b14a-480e-a578-b5174500b36a req-3e47f69b-b14a-480e-a578-b5174500b36a ] Request (ValidationResourcesFixture:setUp): 201 POST http://10.180.1.21:9696/networking/v2.0/security-group-rules 0.643s
2025-01-06 02:35:11.860 68759 INFO tempest.lib.common.rest_client [req-eac98fb2-c309-4c2c-a16e-9657abd7a81d req-eac98fb2-c309-4c2c-a16e-9657abd7a81d ] Request (VolumesNegativeTest:tearDownClass): 204 DELETE http://10.180.1.21/identity/v3/projects/cd645f76d6864d90bd1cca1b5936e509 0.175s
