2025-01-06 02:34:52.384 68745 INFO tempest.lib.common.rest_client [req-f14222fd-907f-4421-95ab-4fb04091092c req-f14222fd-907f-4421-95ab-4fb04091092c ] Request (ServersAdmin275Test:setUpClass): 200 GET http://10.180.1.21/identity/v3/roles 0.066s
2025-01-06 02:34:52.404 68745 INFO tempest.lib.common.rest_client [req-40e2ccb3-f207-4ed9-8875-1b405406026f req-40e2ccb3-f207-4ed9-8875-1b405406026f ] Request (ServersAdmin275Test:setUpClass): 204 PUT http://10.180.1.21/identity/v3/projects/16c51066e8124e1784bd8bd2c09d45e9/users/b741da55151345ebaf7a85fb34a435bc/roles/4e84d966b1b44fd8a90a91947ea1c91e 0.019s
2025-01-06 02:34:52.404 68745 INFO tempest.lib.common.dynamic_creds [-] Dynamic test user b741da55151345ebaf7a85fb34a435bc is created with scope project and roles: ['admin']
2025-01-06 02:34:52.405 68745 INFO tempest.lib.common.dynamic_creds [-] Acquired dynamic creds: credentials: Credentials: {'domain_id': 'default', 'domain_name': 'Default', 'username': 'tempest-ServersAdmin275Test-744218838-project-admin', 'project_domain_id': 'default', 'project_domain_name': 'Default', 'project_id': '16c51066e8124e1784bd8bd2c09d45e9', 'project_name': 'tempest-ServersAdmin275Test-744218838', 'tenant_id': '16c51066e8124e1784bd8bd2c09d45e9', 'tenant_name': 'tempest-ServersAdmin275Test-744218838', 'user_domain_id': 'default', 'user_domain_name': 'Default', 'user_id': 'b741da55151345ebaf7a85fb34a435bc', 'system': None}, Network: None, Subnet: None, Router: None
2025-01-06 02:34:52.405 68745 INFO tempest.lib.common.dynamic_creds [-] Created isolated network resources for: credentials: Credentials: {'domain_id': 'default', 'domain_name': 'Default', 'username': 'tempest-ServersAdmin275Test-744218838-project-admin', 'project_domain_id': 'default', 'project_domain_name': 'Default', 'project_id': '16c51066e8124e1784bd8bd2c09d45e9', 'project_name': 'tempest-ServersAdmin275Test-744218838', 'tenant_id': '16c51066e8124e1784bd8bd2c09d45e9', 'tenant_name': 'tempest-ServersAdmin275Test-744218838', 'user_domain_id': 'default', 'user_domain_name': 'Default', 'user_id': 'b741da55151345ebaf7a85fb34a435bc', 'system': None}, Network: None, Subnet: None, Router: None
2025-01-06 02:34:52.455 68737 INFO tempest.lib.common.rest_client [req-61b505a7-d248-4ffb-b9ce-0e3bff6865ad req-61b505a7-d248-4ffb-b9ce-0e3bff6865ad ] Request (ImagesMetadataNegativeTestJSON:setUpClass): 201 POST http://10.180.1.21/identity/v3/auth/tokens 0.079s
2025-01-06 02:34:52.478 68737 INFO tempest.lib.common.rest_client [req-9c451e38-7224-4b2e-aed8-db3e67be7171 req-9c451e38-7224-4b2e-aed8-db3e67be7171 ] Request (ImagesMetadataNegativeTestJSON:setUpClass): 200 GET http://10.180.1.21/identity/v3/domains?name=Default 0.023s
2025-01-06 02:34:52.484 68745 INFO tempest.lib.common.rest_client [req-a73f3d20-c661-4492-9b09-2df551fc36a0 req-a73f3d20-c661-4492-9b09-2df551fc36a0 ] Request (ServersAdmin275Test:setUpClass): 201 POST http://10.180.1.21/identity/v3/auth/tokens 0.076s
2025-01-06 02:34:52.519 68729 INFO tempest.lib.common.rest_client [req-ec7da0db-d985-43e2-b0b5-bacf614c7d13 req-ec7da0db-d985-43e2-b0b5-bacf614c7d13 ] Request (ImagesOneServerNegativeTestJSON:setUpClass): 200 PUT http://10.180.1.21:9696/networking/v2.0/routers/c61628bf-d56c-484d-95f8-9305b5149ec9/add_router_interface 2.906s
2025-01-06 02:34:52.520 68729 INFO tempest.lib.common.dynamic_creds [-] Created isolated network resources for: credentials: Credentials: {'domain_id': 'default', 'domain_name': 'Default', 'username': 'tempest-ImagesOneServerNegativeTestJSON-384072812-project-member', 'project_domain_id': 'default', 'project_domain_name': 'Default', 'project_id': 'fb35ff4d44a84407a190a1e743d3c030', 'project_name': 'tempest-ImagesOneServerNegativeTestJSON-384072812', 'tenant_id': 'fb35ff4d44a84407a190a1e743d3c030', 'tenant_name': 'tempest-ImagesOneServerNegativeTestJSON-384072812', 'user_domain_id': 'default', 'user_domain_name': 'Default', 'user_id': '6691d060c2f04a189d18ab7aa4982c4c', 'system': None}, Network: {'id': 'd03f00f6-db52-4458-88ce-5e719aee9abc', 'name': 'tempest-ImagesOneServerNegativeTestJSON-2055551534-network', 'tenant_id': 'fb35ff4d44a84407a190a1e743d3c030', 'admin_state_up': True, 'mtu': 8950, 'status': 'ACTIVE', 'subnets': [], 'shared': False, 'project_id': 'fb35ff4d44a84407a190a1e743d3c030', 'port_security_enabled': True, 'router:external': False, 'provider:network_type': 'vlan', 'provider:physical_network': 'default', 'provider:segmentation_id': 232, 'availability_zone_hints': [], 'availability_zones': [], 'ipv4_address_scope': None, 'ipv6_address_scope': None, 'description': '', 'tags': [], 'created_at': '2025-01-06T02:34:46Z', 'updated_at': '2025-01-06T02:34:46Z', 'revision_number': 1}, Subnet: {'id': '94dd8fc8-0d1b-431f-a7da-5e0417442ad4', 'name': 'tempest-ImagesOneServerNegativeTestJSON-2055551534-subnet', 'tenant_id': 'fb35ff4d44a84407a190a1e743d3c030', 'network_id': 'd03f00f6-db52-4458-88ce-5e719aee9abc', 'ip_version': 4, 'subnetpool_id': None, 'enable_dhcp': True, 'ipv6_ra_mode': None, 'ipv6_address_mode': None, 'gateway_ip': '192.168.128.1', 'cidr': '192.168.128.0/28', 'allocation_pools': [{'start': '192.168.128.2', 'end': '192.168.128.14'}], 'host_routes': [], 'dns_nameservers': [], 'description': '', 'router:external': False, 'service_types': [], 'tags': [], 'created_at': '2025-01-06T02:34:46Z', 'updated_at': '2025-01-06T02:34:46Z', 'revision_number': 0, 'project_id': 'fb35ff4d44a84407a190a1e743d3c030'}, Router: {'id': 'c61628bf-d56c-484d-95f8-9305b5149ec9', 'name': 'tempest-ImagesOneServerNegativeTestJSON-2055551534-router', 'tenant_id': 'fb35ff4d44a84407a190a1e743d3c030', 'admin_state_up': True, 'status': 'ACTIVE', 'external_gateway_info': {'network_id': '4718ccf8-eed1-4b6c-8d73-8f86de2b50ba', 'external_fixed_ips': [{'subnet_id': '9cf07a13-82bc-4a56-9fc6-d0ca25bc3901', 'ip_address': '10.180.180.193'}], 'enable_snat': True}, 'description': '', 'availability_zones': [], 'distributed': False, 'ha': False, 'availability_zone_hints': [], 'routes': [], 'flavor_id': None, 'tags': [], 'created_at': '2025-01-06T02:34:47Z', 'updated_at': '2025-01-06T02:34:48Z', 'revision_number': 2, 'project_id': 'fb35ff4d44a84407a190a1e743d3c030'}
2025-01-06 02:34:52.520 68737 INFO tempest.lib.common.rest_client [req-70fc62ca-d67b-431a-8b38-67acfd41ff06 req-70fc62ca-d67b-431a-8b38-67acfd41ff06 ] Request (ImagesMetadataNegativeTestJSON:setUpClass): 201 POST http://10.180.1.21/identity/v3/projects 0.040s
2025-01-06 02:34:52.565 68745 INFO tempest.lib.common.rest_client [req-6786c82d-98a1-42e5-9752-aa96ce813f20 req-6786c82d-98a1-42e5-9752-aa96ce813f20 ] Request (ServersAdmin275Test:test_rebuild_update_server_275): 201 POST http://10.180.1.21/identity/v3/auth/tokens 0.077s
2025-01-06 02:34:52.565 68745 INFO tempest.lib.common.fixed_network [-] (ServersAdmin275Test:test_rebuild_update_server_275) Found network None available for tenant
2025-01-06 02:34:52.595 68725 INFO tempest.lib.common.rest_client [req-dccc12d3-f24f-47a8-a3f0-c607a778b869 req-dccc12d3-f24f-47a8-a3f0-c607a778b869 ] Request (HostsAdminTestJSON:tearDownClass): 200 GET http://10.180.1.21:9696/networking/v2.0/security-groups?tenant_id=e684886006dd48f6b77fd2f7196edf1a&name=default 0.630s
2025-01-06 02:34:52.597 68737 INFO tempest.lib.common.rest_client [req-d9831e5b-640d-4bed-8acb-a790609c7aeb req-d9831e5b-640d-4bed-8acb-a790609c7aeb ] Request (ImagesMetadataNegativeTestJSON:setUpClass): 201 POST http://10.180.1.21/identity/v3/users 0.074s
2025-01-06 02:34:52.624 68737 INFO tempest.lib.common.rest_client [req-1f9c6b31-7b74-4a44-b18d-af6b7b2dec43 req-1f9c6b31-7b74-4a44-b18d-af6b7b2dec43 ] Request (ImagesMetadataNegativeTestJSON:setUpClass): 200 GET http://10.180.1.21/identity/v3/roles 0.026s
2025-01-06 02:34:52.639 68741 INFO tempest.lib.common.rest_client [req-d72efc28-0354-4d15-a1dc-05ec35c3a369 req-d72efc28-0354-4d15-a1dc-05ec35c3a369 ] Request (HypervisorAdminNegativeTestJSON:tearDownClass): 200 GET http://10.180.1.21:9696/networking/v2.0/security-groups?tenant_id=d0c232f5d4cb4a0691453fdeace096ca&name=default 0.490s
2025-01-06 02:34:52.643 68729 INFO tempest.lib.common.rest_client [req-126cc3a5-44e8-46d9-a93e-5ed18c980d92 req-126cc3a5-44e8-46d9-a93e-5ed18c980d92 ] Request (ImagesOneServerNegativeTestJSON:setUpClass): 201 POST http://10.180.1.21/identity/v3/auth/tokens 0.117s
2025-01-06 02:34:52.652 68737 INFO tempest.lib.common.rest_client [req-005e4a1d-1f9e-4874-8b9a-85455582ce38 req-005e4a1d-1f9e-4874-8b9a-85455582ce38 ] Request (ImagesMetadataNegativeTestJSON:setUpClass): 204 PUT http://10.180.1.21/identity/v3/projects/9856d0e1a42445098b6d7a5f4a3cd5d5/users/bd414dd38b314896987741650a248407/roles/9d51bf75b8b441bb80d8e053e864b2d3 0.028s
2025-01-06 02:34:52.652 68737 INFO tempest.lib.common.dynamic_creds [-] Dynamic test user bd414dd38b314896987741650a248407 is created with scope project and roles: ['member']
2025-01-06 02:34:52.652 68737 INFO tempest.lib.common.dynamic_creds [-] Acquired dynamic creds: credentials: Credentials: {'domain_id': 'default', 'domain_name': 'Default', 'username': 'tempest-ImagesMetadataNegativeTestJSON-1107966287-project-member', 'project_domain_id': 'default', 'project_domain_name': 'Default', 'project_id': '9856d0e1a42445098b6d7a5f4a3cd5d5', 'project_name': 'tempest-ImagesMetadataNegativeTestJSON-1107966287', 'tenant_id': '9856d0e1a42445098b6d7a5f4a3cd5d5', 'tenant_name': 'tempest-ImagesMetadataNegativeTestJSON-1107966287', 'user_domain_id': 'default', 'user_domain_name': 'Default', 'user_id': 'bd414dd38b314896987741650a248407', 'system': None}, Network: None, Subnet: None, Router: None
2025-01-06 02:34:52.652 68737 INFO tempest.lib.common.dynamic_creds [-] Created isolated network resources for: credentials: Credentials: {'domain_id': 'default', 'domain_name': 'Default', 'username': 'tempest-ImagesMetadataNegativeTestJSON-1107966287-project-member', 'project_domain_id': 'default', 'project_domain_name': 'Default', 'project_id': '9856d0e1a42445098b6d7a5f4a3cd5d5', 'project_name': 'tempest-ImagesMetadataNegativeTestJSON-1107966287', 'tenant_id': '9856d0e1a42445098b6d7a5f4a3cd5d5', 'tenant_name': 'tempest-ImagesMetadataNegativeTestJSON-1107966287', 'user_domain_id': 'default', 'user_domain_name': 'Default', 'user_id': 'bd414dd38b314896987741650a248407', 'system': None}, Network: None, Subnet: None, Router: None
2025-01-06 02:34:52.705 68729 INFO tempest.lib.common.rest_client [req-1328eb6a-953b-4567-b148-7cf95a909cd8 req-1328eb6a-953b-4567-b148-7cf95a909cd8 ] Request (ImagesOneServerNegativeTestJSON:setUpClass): 201 POST http://10.180.1.21/identity/v3/auth/tokens 0.057s
2025-01-06 02:34:52.706 68729 INFO tempest.lib.common.fixed_network [-] (ImagesOneServerNegativeTestJSON:setUpClass) Found network {'id': 'd03f00f6-db52-4458-88ce-5e719aee9abc', 'name': 'tempest-ImagesOneServerNegativeTestJSON-2055551534-network', 'tenant_id': 'fb35ff4d44a84407a190a1e743d3c030', 'admin_state_up': True, 'mtu': 8950, 'status': 'ACTIVE', 'subnets': [], 'shared': False, 'project_id': 'fb35ff4d44a84407a190a1e743d3c030', 'port_security_enabled': True, 'router:external': False, 'provider:network_type': 'vlan', 'provider:physical_network': 'default', 'provider:segmentation_id': 232, 'availability_zone_hints': [], 'availability_zones': [], 'ipv4_address_scope': None, 'ipv6_address_scope': None, 'description': '', 'tags': [], 'created_at': '2025-01-06T02:34:46Z', 'updated_at': '2025-01-06T02:34:46Z', 'revision_number': 1} available for tenant
2025-01-06 02:34:52.728 68737 INFO tempest.lib.common.rest_client [req-315265c0-4520-43b0-ab40-735eb4adb30b req-315265c0-4520-43b0-ab40-735eb4adb30b ] Request (ImagesMetadataNegativeTestJSON:setUpClass): 201 POST http://10.180.1.21/identity/v3/auth/tokens 0.072s
2025-01-06 02:34:52.732 68759 INFO tempest.lib.common.rest_client [req-f9bbec1d-2ff8-40ca-be73-5535b021f4f8 req-f9bbec1d-2ff8-40ca-be73-5535b021f4f8 ] Request (ServicesAdminNegativeTestJSON:tearDownClass): 200 GET http://10.180.1.21:9696/networking/v2.0/security-groups?tenant_id=be4f5f92f26b4fc5a5711f4b711621c3&name=default 0.556s
2025-01-06 02:34:52.818 68725 INFO tempest.lib.common.rest_client [req-add77fe8-9dd6-43ff-9370-c00db35e09a8 req-add77fe8-9dd6-43ff-9370-c00db35e09a8 ] Request (HostsAdminTestJSON:tearDownClass): 204 DELETE http://10.180.1.21:9696/networking/v2.0/security-groups/45291c0b-b2a2-46ff-b7ea-ef668dc4e469 0.222s
2025-01-06 02:34:52.839 68741 INFO tempest.lib.common.rest_client [req-c7067838-6a68-4e9a-9057-344622965083 req-c7067838-6a68-4e9a-9057-344622965083 ] Request (HypervisorAdminNegativeTestJSON:tearDownClass): 204 DELETE http://10.180.1.21:9696/networking/v2.0/security-groups/ca4d75f5-b62b-4ec4-86ef-07555171e623 0.199s
2025-01-06 02:34:52.922 68725 INFO tempest.lib.common.rest_client [req-a9f09609-f30b-4ce1-9577-88e3e8ae4946 req-a9f09609-f30b-4ce1-9577-88e3e8ae4946 ] Request (HostsAdminTestJSON:tearDownClass): 204 DELETE http://10.180.1.21/identity/v3/projects/e684886006dd48f6b77fd2f7196edf1a 0.103s
2025-01-06 02:34:52.923 68725 INFO tempest.lib.common.dynamic_creds [-] Deleting project and security group for project: 08184b963b1642c8bdfc8c950910979e
2025-01-06 02:34:52.925 68741 INFO tempest.lib.common.rest_client [req-901c0312-c96c-48e6-b0ac-4b88641095a9 req-901c0312-c96c-48e6-b0ac-4b88641095a9 ] Request (HypervisorAdminNegativeTestJSON:tearDownClass): 204 DELETE http://10.180.1.21/identity/v3/projects/d0c232f5d4cb4a0691453fdeace096ca 0.086s
2025-01-06 02:34:52.984 68741 INFO tempest.lib.common.rest_client [req-e660df94-0434-4924-8641-c6234f30b776 req-e660df94-0434-4924-8641-c6234f30b776 ] Request (HypervisorAdminNegativeUnderV252Test:setUpClass): 201 POST http://10.180.1.21/identity/v3/auth/tokens 0.057s
2025-01-06 02:34:53.021 68741 INFO tempest.lib.common.rest_client [req-db92b7d2-fe72-493e-89f7-43c0ab09a5ee req-db92b7d2-fe72-493e-89f7-43c0ab09a5ee ] Request (HypervisorAdminNegativeUnderV252Test:setUpClass): 201 POST http://10.180.1.21/identity/v3/auth/tokens 0.034s
2025-01-06 02:34:53.023 68725 INFO tempest.lib.common.rest_client [req-44536e70-2843-4c18-94cc-cb58493b5e49 req-44536e70-2843-4c18-94cc-cb58493b5e49 ] Request (HostsAdminTestJSON:tearDownClass): 200 GET http://10.180.1.21:9696/networking/v2.0/security-groups?tenant_id=08184b963b1642c8bdfc8c950910979e&name=default 0.100s
2025-01-06 02:34:53.050 68741 INFO tempest.lib.common.rest_client [req-fb5632c0-fbad-4691-b7ed-3edaf55ddbc6 req-fb5632c0-fbad-4691-b7ed-3edaf55ddbc6 ] Request (HypervisorAdminNegativeUnderV252Test:setUpClass): 200 GET http://10.180.1.21/identity/v3/domains?name=Default 0.029s
2025-01-06 02:34:53.060 68717 INFO tempest.lib.common.rest_client [req-d6af5527-fcea-4dff-aa0b-40be2a26face req-d6af5527-fcea-4dff-aa0b-40be2a26face ] Request (FloatingIPsAssociationTestJSON:setUpClass): 200 GET http://10.180.1.21/compute/v2.1/servers/69eeee84-fcfd-4326-8384-79a1d5e01e9e 2.620s
2025-01-06 02:34:53.069 68717 INFO tempest.common.waiters [-] State transition "BUILD/None" ==> "BUILD/spawning" after 11 second wait
2025-01-06 02:34:53.108 68741 INFO tempest.lib.common.rest_client [req-d2cbe911-5f8f-4b34-b840-a2b3715505bd req-d2cbe911-5f8f-4b34-b840-a2b3715505bd ] Request (HypervisorAdminNegativeUnderV252Test:setUpClass): 201 POST http://10.180.1.21/identity/v3/projects 0.057s
2025-01-06 02:34:53.116 68725 INFO tempest.lib.common.rest_client [req-79058672-3343-4b56-99a8-1dbc813770e8 req-79058672-3343-4b56-99a8-1dbc813770e8 ] Request (HostsAdminTestJSON:tearDownClass): 204 DELETE http://10.180.1.21:9696/networking/v2.0/security-groups/0a1ba865-7ed1-4e1d-b5a9-27740ba12010 0.093s
2025-01-06 02:34:53.141 68759 INFO tempest.lib.common.rest_client [req-1d39856c-c251-452a-a97a-d1ce0f313cb2 req-1d39856c-c251-452a-a97a-d1ce0f313cb2 ] Request (ServicesAdminNegativeTestJSON:tearDownClass): 204 DELETE http://10.180.1.21:9696/networking/v2.0/security-groups/7e191d0b-10c5-465f-a81d-71ab83de7e0a 0.408s
2025-01-06 02:34:53.167 68707 INFO tempest.lib.common.rest_client [req-b83c1c0d-87bd-42e3-9e3f-e5df2bda17bb req-b83c1c0d-87bd-42e3-9e3f-e5df2bda17bb ] Request (ServersTestJSON:setUpClass): 200 GET http://10.180.1.21/compute/v2.1/servers/98c625bb-3a8e-4148-87eb-88683c9995b0 2.726s
2025-01-06 02:34:53.174 68741 INFO tempest.lib.common.rest_client [req-80acb85b-1f6e-4fd4-adb3-fc6ddf9b7c3d req-80acb85b-1f6e-4fd4-adb3-fc6ddf9b7c3d ] Request (HypervisorAdminNegativeUnderV252Test:setUpClass): 201 POST http://10.180.1.21/identity/v3/users 0.065s
2025-01-06 02:34:53.212 68725 INFO tempest.lib.common.rest_client [req-60247025-c5be-4c5d-b1e7-a2cf146045ae req-60247025-c5be-4c5d-b1e7-a2cf146045ae ] Request (HostsAdminTestJSON:tearDownClass): 204 DELETE http://10.180.1.21/identity/v3/projects/08184b963b1642c8bdfc8c950910979e 0.096s
2025-01-06 02:34:53.214 68725 INFO tempest.test [-] raised in LiveMigrationNegativeTest.setUpClass. Invoking tearDownClass.
2025-01-06 02:34:53.235 68759 INFO tempest.lib.common.rest_client [req-6a5316e1-565c-4abd-ace6-e4ca5bf9711b req-6a5316e1-565c-4abd-ace6-e4ca5bf9711b ] Request (ServicesAdminNegativeTestJSON:tearDownClass): 204 DELETE http://10.180.1.21/identity/v3/projects/be4f5f92f26b4fc5a5711f4b711621c3 0.093s
2025-01-06 02:34:53.235 68759 INFO tempest.lib.common.dynamic_creds [-] Deleting project and security group for project: e18e2793f6654054a87b6beb4cf24370
2025-01-06 02:34:53.293 68741 INFO tempest.lib.common.rest_client [req-7af3be48-1f66-4bc0-939a-7798614d01f5 req-7af3be48-1f66-4bc0-939a-7798614d01f5 ] Request (HypervisorAdminNegativeUnderV252Test:setUpClass): 200 GET http://10.180.1.21/identity/v3/roles 0.117s
2025-01-06 02:34:53.318 68725 INFO tempest.lib.common.rest_client [req-d0ae495f-20ad-43d0-b98e-6fa37663c84b req-d0ae495f-20ad-43d0-b98e-6fa37663c84b ] Request (FlavorsV2NegativeTest:setUpClass): 201 POST http://10.180.1.21/identity/v3/auth/tokens 0.102s
2025-01-06 02:34:53.338 68759 INFO tempest.lib.common.rest_client [req-abe5fe2d-4cd2-4c87-9792-e753fbbd37fd req-abe5fe2d-4cd2-4c87-9792-e753fbbd37fd ] Request (ServicesAdminNegativeTestJSON:tearDownClass): 200 GET http://10.180.1.21:9696/networking/v2.0/security-groups?tenant_id=e18e2793f6654054a87b6beb4cf24370&name=default 0.102s
2025-01-06 02:34:53.347 68741 INFO tempest.lib.common.rest_client [req-e82379e5-ec5f-4a6c-9207-71a9a1bd1131 req-e82379e5-ec5f-4a6c-9207-71a9a1bd1131 ] Request (HypervisorAdminNegativeUnderV252Test:setUpClass): 204 PUT http://10.180.1.21/identity/v3/projects/2cc5e0b0d3f34a9695566b39a5e5b5ac/users/182700c42fb24b13ba3b54063f8d4ce8/roles/9d51bf75b8b441bb80d8e053e864b2d3 0.054s
2025-01-06 02:34:53.348 68741 INFO tempest.lib.common.dynamic_creds [-] Dynamic test user 182700c42fb24b13ba3b54063f8d4ce8 is created with scope project and roles: ['member']
2025-01-06 02:34:53.348 68741 INFO tempest.lib.common.dynamic_creds [-] Acquired dynamic creds: credentials: Credentials: {'domain_id': 'default', 'domain_name': 'Default', 'username': 'tempest-HypervisorAdminNegativeUnderV252Test-115329560-project-member', 'project_domain_id': 'default', 'project_domain_name': 'Default', 'project_id': '2cc5e0b0d3f34a9695566b39a5e5b5ac', 'project_name': 'tempest-HypervisorAdminNegativeUnderV252Test-115329560', 'tenant_id': '2cc5e0b0d3f34a9695566b39a5e5b5ac', 'tenant_name': 'tempest-HypervisorAdminNegativeUnderV252Test-115329560', 'user_domain_id': 'default', 'user_domain_name': 'Default', 'user_id': '182700c42fb24b13ba3b54063f8d4ce8', 'system': None}, Network: None, Subnet: None, Router: None
2025-01-06 02:34:53.348 68741 INFO tempest.lib.common.dynamic_creds [-] Created isolated network resources for: credentials: Credentials: {'domain_id': 'default', 'domain_name': 'Default', 'username': 'tempest-HypervisorAdminNegativeUnderV252Test-115329560-project-member', 'project_domain_id': 'default', 'project_domain_name': 'Default', 'project_id': '2cc5e0b0d3f34a9695566b39a5e5b5ac', 'project_name': 'tempest-HypervisorAdminNegativeUnderV252Test-115329560', 'tenant_id': '2cc5e0b0d3f34a9695566b39a5e5b5ac', 'tenant_name': 'tempest-HypervisorAdminNegativeUnderV252Test-115329560', 'user_domain_id': 'default', 'user_domain_name': 'Default', 'user_id': '182700c42fb24b13ba3b54063f8d4ce8', 'system': None}, Network: None, Subnet: None, Router: None
2025-01-06 02:34:53.349 68739 INFO tempest.lib.common.rest_client [req-fd2ec0f1-3644-4925-abbe-bfd1c9c1d72e req-fd2ec0f1-3644-4925-abbe-bfd1c9c1d72e ] Request (ServicesAdminNegativeV253TestJSON:test_list_services_with_non_admin_user): 403 GET http://10.180.1.21/compute/v2.1/os-services 2.866s
2025-01-06 02:34:53.373 68735 INFO tempest.lib.common.rest_client [req-bc71b8c7-40a9-4fcb-9b70-de3d56552780 req-bc71b8c7-40a9-4fcb-9b70-de3d56552780 ] Request (FlavorsAccessTestJSON:_run_cleanups): 202 DELETE http://10.180.1.21/compute/v2.1/flavors/373436303 2.875s
2025-01-06 02:34:53.401 68725 INFO tempest.lib.common.rest_client [req-20d9e092-290b-4300-9fce-c29dfbd61d5d req-20d9e092-290b-4300-9fce-c29dfbd61d5d ] Request (FlavorsV2NegativeTest:setUpClass): 201 POST http://10.180.1.21/identity/v3/auth/tokens 0.080s
2025-01-06 02:34:53.421 68719 INFO tempest.lib.common.rest_client [req-5e1e7594-8a9f-4846-a1da-83279082d6de req-5e1e7594-8a9f-4846-a1da-83279082d6de ] Request (ListImageFiltersTestJSON:setUpClass): 200 GET http://10.180.1.21/compute/v2.1/images/1d2ad819-6bc5-4383-af4e-5624f656d0f3 2.883s
2025-01-06 02:34:53.428 68759 INFO tempest.lib.common.rest_client [req-a09cb4a0-d89b-47f3-a403-bc3a2f358501 req-a09cb4a0-d89b-47f3-a403-bc3a2f358501 ] Request (ServicesAdminNegativeTestJSON:tearDownClass): 204 DELETE http://10.180.1.21:9696/networking/v2.0/security-groups/3fa5ed69-ba4a-46c9-93ec-26980a63f4ed 0.090s
2025-01-06 02:34:53.452 68761 INFO tempest.lib.common.rest_client [req-680154b7-b04f-4677-95d5-4bdcb3e4e4ae req-680154b7-b04f-4677-95d5-4bdcb3e4e4ae ] Request (ServersWithSpecificFlavorTestJSON:setUpClass): 200 PUT http://10.180.1.21:9696/networking/v2.0/routers/c40dbe1f-8e4a-46f7-9526-2f31cfd20136/add_router_interface 4.696s
2025-01-06 02:34:53.452 68761 INFO tempest.lib.common.dynamic_creds [-] Created isolated network resources for: credentials: Credentials: {'domain_id': 'default', 'domain_name': 'Default', 'username': 'tempest-ServersWithSpecificFlavorTestJSON-472337158-project-admin', 'project_domain_id': 'default', 'project_domain_name': 'Default', 'project_id': '08952de81aa843179e2bc5024d2a1278', 'project_name': 'tempest-ServersWithSpecificFlavorTestJSON-472337158', 'tenant_id': '08952de81aa843179e2bc5024d2a1278', 'tenant_name': 'tempest-ServersWithSpecificFlavorTestJSON-472337158', 'user_domain_id': 'default', 'user_domain_name': 'Default', 'user_id': '192ebf8d532c407b977e514ec5782d17', 'system': None}, Network: {'id': 'bd5edea6-f565-46d3-8622-8a6c499d33a0', 'name': 'tempest-ServersWithSpecificFlavorTestJSON-996480174-network', 'tenant_id': '08952de81aa843179e2bc5024d2a1278', 'admin_state_up': True, 'mtu': 8950, 'status': 'ACTIVE', 'subnets': [], 'shared': False, 'project_id': '08952de81aa843179e2bc5024d2a1278', 'port_security_enabled': True, 'router:external': False, 'provider:network_type': 'vlan', 'provider:physical_network': 'default', 'provider:segmentation_id': 548, 'availability_zone_hints': [], 'availability_zones': [], 'ipv4_address_scope': None, 'ipv6_address_scope': None, 'description': '', 'tags': [], 'created_at': '2025-01-06T02:34:46Z', 'updated_at': '2025-01-06T02:34:46Z', 'revision_number': 1}, Subnet: {'id': '07249e1d-febc-467f-883f-ad0a1e6d1c73', 'name': 'tempest-ServersWithSpecificFlavorTestJSON-996480174-subnet', 'tenant_id': '08952de81aa843179e2bc5024d2a1278', 'network_id': 'bd5edea6-f565-46d3-8622-8a6c499d33a0', 'ip_version': 4, 'subnetpool_id': None, 'enable_dhcp': True, 'ipv6_ra_mode': None, 'ipv6_address_mode': None, 'gateway_ip': '192.168.128.1', 'cidr': '192.168.128.0/28', 'allocation_pools': [{'start': '192.168.128.2', 'end': '192.168.128.14'}], 'host_routes': [], 'dns_nameservers': [], 'description': '', 'router:external': False, 'service_types': [], 'tags': [], 'created_at': '2025-01-06T02:34:46Z', 'updated_at': '2025-01-06T02:34:46Z', 'revision_number': 0, 'project_id': '08952de81aa843179e2bc5024d2a1278'}, Router: {'id': 'c40dbe1f-8e4a-46f7-9526-2f31cfd20136', 'name': 'tempest-ServersWithSpecificFlavorTestJSON-996480174-router', 'tenant_id': '08952de81aa843179e2bc5024d2a1278', 'admin_state_up': True, 'status': 'ACTIVE', 'external_gateway_info': {'network_id': '4718ccf8-eed1-4b6c-8d73-8f86de2b50ba', 'external_fixed_ips': [{'subnet_id': '9cf07a13-82bc-4a56-9fc6-d0ca25bc3901', 'ip_address': '10.180.180.139'}], 'enable_snat': True}, 'description': '', 'availability_zones': [], 'distributed': False, 'ha': False, 'availability_zone_hints': [], 'routes': [], 'flavor_id': None, 'tags': [], 'created_at': '2025-01-06T02:34:46Z', 'updated_at': '2025-01-06T02:34:47Z', 'revision_number': 2, 'project_id': '08952de81aa843179e2bc5024d2a1278'}
2025-01-06 02:34:53.475 68739 INFO tempest.lib.common.rest_client [req-bd15cb00-1da2-483a-b402-6ab650ec3e7b req-bd15cb00-1da2-483a-b402-6ab650ec3e7b ] Request (ServicesAdminNegativeV253TestJSON:tearDownClass): 204 DELETE http://10.180.1.21/identity/v3/users/5dd625dc97d248158b19a00b730e0488 0.125s
2025-01-06 02:34:53.491 68741 INFO tempest.lib.common.rest_client [req-18e63149-1038-4759-97fd-1b48d0e73159 req-18e63149-1038-4759-97fd-1b48d0e73159 ] Request (HypervisorAdminNegativeUnderV252Test:setUpClass): 201 POST http://10.180.1.21/identity/v3/auth/tokens 0.134s
2025-01-06 02:34:53.536 68725 INFO tempest.lib.common.rest_client [req-b42e07e6-895e-4cc7-a832-ea1e702c7ee0 req-b42e07e6-895e-4cc7-a832-ea1e702c7ee0 ] Request (FlavorsV2NegativeTest:setUpClass): 200 GET http://10.180.1.21/identity/v3/domains?name=Default 0.135s
2025-01-06 02:34:53.546 68765 INFO tempest.lib.common.rest_client [req-a6b87ffe-54ec-4216-8690-e9639a312ad3 req-a6b87ffe-54ec-4216-8690-e9639a312ad3 ] Request (ImagesNegativeTestJSON:test_create_image_from_deleted_server): 200 GET http://10.180.1.21/compute/v2.1/servers/ab38e291-8af6-4759-a504-a5926afa3e34 2.986s
2025-01-06 02:34:53.557 68765 INFO tempest.common.waiters [-] State transition "BUILD/None" ==> "BUILD/networking" after 11 second wait
2025-01-06 02:34:53.628 68761 INFO tempest.lib.common.rest_client [req-1500b39c-3ed9-4a80-8c67-eafa195a6751 req-1500b39c-3ed9-4a80-8c67-eafa195a6751 ] Request (ServersWithSpecificFlavorTestJSON:setUpClass): 201 POST http://10.180.1.21/identity/v3/auth/tokens 0.169s
2025-01-06 02:34:53.637 68759 INFO tempest.lib.common.rest_client [req-8e6d205b-1085-4ffb-918a-d00f889ea874 req-8e6d205b-1085-4ffb-918a-d00f889ea874 ] Request (ServicesAdminNegativeTestJSON:tearDownClass): 204 DELETE http://10.180.1.21/identity/v3/projects/e18e2793f6654054a87b6beb4cf24370 0.207s
2025-01-06 02:34:53.639 68759 INFO tempest.test [-] raised in ServerStableDeviceRescueTestIDE.setUpClass. Invoking tearDownClass.
2025-01-06 02:34:53.706 68741 INFO tempest.lib.common.rest_client [req-6af4a30f-123f-48b3-9280-04dc574f04da req-6af4a30f-123f-48b3-9280-04dc574f04da ] Request (HypervisorAdminNegativeUnderV252Test:setUpClass): 201 POST http://10.180.1.21/identity/v3/projects 0.215s
2025-01-06 02:34:53.722 68739 INFO tempest.lib.common.rest_client [req-bb7a7745-f3e6-463d-90af-f41ccc06ce4f req-bb7a7745-f3e6-463d-90af-f41ccc06ce4f ] Request (ServicesAdminNegativeV253TestJSON:tearDownClass): 204 DELETE http://10.180.1.21/identity/v3/users/6ce2b58b34b141f5823263945707f87d 0.246s
2025-01-06 02:34:53.722 68739 INFO tempest.lib.common.dynamic_creds [-] Deleting project and security group for project: 746e65d9c79a44d1aa789c6eab423f20
2025-01-06 02:34:53.779 68759 INFO tempest.lib.common.rest_client [req-8a7ecbd1-11cc-4369-81fb-f4b66f09fe30 req-8a7ecbd1-11cc-4369-81fb-f4b66f09fe30 ] Request (VolumesNegativeTest:setUpClass): 201 POST http://10.180.1.21/identity/v3/auth/tokens 0.137s
2025-01-06 02:34:53.810 68741 INFO tempest.lib.common.rest_client [req-6c87c478-e37a-438c-98d3-155f8fd7dcac req-6c87c478-e37a-438c-98d3-155f8fd7dcac ] Request (HypervisorAdminNegativeUnderV252Test:setUpClass): 201 POST http://10.180.1.21/identity/v3/users 0.103s
2025-01-06 02:34:53.824 68725 INFO tempest.lib.common.rest_client [req-1125b53e-2348-402f-ad67-07cf1c34f791 req-1125b53e-2348-402f-ad67-07cf1c34f791 ] Request (FlavorsV2NegativeTest:setUpClass): 201 POST http://10.180.1.21/identity/v3/projects 0.287s
2025-01-06 02:34:53.865 68739 INFO tempest.lib.common.rest_client [req-7c9ac318-d98b-4587-be47-9264f5d740f4 req-7c9ac318-d98b-4587-be47-9264f5d740f4 ] Request (ServicesAdminNegativeV253TestJSON:tearDownClass): 201 POST http://10.180.1.21/identity/v3/auth/tokens 0.143s
2025-01-06 02:34:53.876 68759 INFO tempest.lib.common.rest_client [req-c45dc21d-3f23-4afd-8855-cb6babb6c7e3 req-c45dc21d-3f23-4afd-8855-cb6babb6c7e3 ] Request (VolumesNegativeTest:setUpClass): 201 POST http://10.180.1.21/identity/v3/auth/tokens 0.095s
2025-01-06 02:34:53.885 68741 INFO tempest.lib.common.rest_client [req-ae5650e9-b901-4475-9175-b17a12157f71 req-ae5650e9-b901-4475-9175-b17a12157f71 ] Request (HypervisorAdminNegativeUnderV252Test:setUpClass): 200 GET http://10.180.1.21/identity/v3/roles 0.074s
2025-01-06 02:34:53.907 68725 INFO tempest.lib.common.rest_client [req-192ae36f-7182-4260-bb8a-9be985248fa5 req-192ae36f-7182-4260-bb8a-9be985248fa5 ] Request (FlavorsV2NegativeTest:setUpClass): 201 POST http://10.180.1.21/identity/v3/users 0.082s
2025-01-06 02:34:53.931 68759 INFO tempest.lib.common.rest_client [req-40d3fd58-c17b-467a-9833-5bd384e100b5 req-40d3fd58-c17b-467a-9833-5bd384e100b5 ] Request (VolumesNegativeTest:setUpClass): 200 GET http://10.180.1.21/identity/v3/domains?name=Default 0.054s
2025-01-06 02:34:53.946 68725 INFO tempest.lib.common.rest_client [req-acb6d269-64e5-4571-84be-5fccbab49dd3 req-acb6d269-64e5-4571-84be-5fccbab49dd3 ] Request (FlavorsV2NegativeTest:setUpClass): 200 GET http://10.180.1.21/identity/v3/roles 0.038s
2025-01-06 02:34:53.958 68741 INFO tempest.lib.common.rest_client [req-01523901-fe37-4533-b5d8-3577ff518b6d req-01523901-fe37-4533-b5d8-3577ff518b6d ] Request (HypervisorAdminNegativeUnderV252Test:setUpClass): 204 PUT http://10.180.1.21/identity/v3/projects/72d85c6256b64430bdab2f83e56c9ccd/users/6c5ebdea615644b2b9f5100a38e6408e/roles/4e84d966b1b44fd8a90a91947ea1c91e 0.073s
2025-01-06 02:34:53.972 68759 INFO tempest.lib.common.rest_client [req-966ace66-ffe9-471a-b0cb-4f90fd52ae07 req-966ace66-ffe9-471a-b0cb-4f90fd52ae07 ] Request (VolumesNegativeTest:setUpClass): 201 POST http://10.180.1.21/identity/v3/projects 0.040s
2025-01-06 02:34:54.018 68741 INFO tempest.lib.common.rest_client [req-aca28f8b-94a1-4cad-8385-6d439bfc02a5 req-aca28f8b-94a1-4cad-8385-6d439bfc02a5 ] Request (HypervisorAdminNegativeUnderV252Test:setUpClass): 200 GET http://10.180.1.21/identity/v3/roles 0.059s
2025-01-06 02:34:54.046 68759 INFO tempest.lib.common.rest_client [req-9e4bc0a2-431e-4d58-b168-52383361fbc9 req-9e4bc0a2-431e-4d58-b168-52383361fbc9 ] Request (VolumesNegativeTest:setUpClass): 201 POST http://10.180.1.21/identity/v3/users 0.073s
2025-01-06 02:34:54.050 68725 INFO tempest.lib.common.rest_client [req-2a6c2209-25b0-40d7-ae9b-fb0c40e2f776 req-2a6c2209-25b0-40d7-ae9b-fb0c40e2f776 ] Request (FlavorsV2NegativeTest:setUpClass): 204 PUT http://10.180.1.21/identity/v3/projects/fd917416ae014fc8ab8ab2fd60bf4893/users/ba5c0406cd2f4da39c79d824fd2b8546/roles/9d51bf75b8b441bb80d8e053e864b2d3 0.102s
2025-01-06 02:34:54.050 68725 INFO tempest.lib.common.dynamic_creds [-] Dynamic test user ba5c0406cd2f4da39c79d824fd2b8546 is created with scope project and roles: ['member']
2025-01-06 02:34:54.050 68725 INFO tempest.lib.common.dynamic_creds [-] Acquired dynamic creds: credentials: Credentials: {'domain_id': 'default', 'domain_name': 'Default', 'username': 'tempest-FlavorsV2NegativeTest-177184040-project-member', 'project_domain_id': 'default', 'project_domain_name': 'Default', 'project_id': 'fd917416ae014fc8ab8ab2fd60bf4893', 'project_name': 'tempest-FlavorsV2NegativeTest-177184040', 'tenant_id': 'fd917416ae014fc8ab8ab2fd60bf4893', 'tenant_name': 'tempest-FlavorsV2NegativeTest-177184040', 'user_domain_id': 'default', 'user_domain_name': 'Default', 'user_id': 'ba5c0406cd2f4da39c79d824fd2b8546', 'system': None}, Network: None, Subnet: None, Router: None
2025-01-06 02:34:54.051 68725 INFO tempest.lib.common.dynamic_creds [-] Created isolated network resources for: credentials: Credentials: {'domain_id': 'default', 'domain_name': 'Default', 'username': 'tempest-FlavorsV2NegativeTest-177184040-project-member', 'project_domain_id': 'default', 'project_domain_name': 'Default', 'project_id': 'fd917416ae014fc8ab8ab2fd60bf4893', 'project_name': 'tempest-FlavorsV2NegativeTest-177184040', 'tenant_id': 'fd917416ae014fc8ab8ab2fd60bf4893', 'tenant_name': 'tempest-FlavorsV2NegativeTest-177184040', 'user_domain_id': 'default', 'user_domain_name': 'Default', 'user_id': 'ba5c0406cd2f4da39c79d824fd2b8546', 'system': None}, Network: None, Subnet: None, Router: None
2025-01-06 02:34:54.105 68759 INFO tempest.lib.common.rest_client [req-2d701a12-4a0f-4b32-856a-17855ef246a0 req-2d701a12-4a0f-4b32-856a-17855ef246a0 ] Request (VolumesNegativeTest:setUpClass): 200 GET http://10.180.1.21/identity/v3/roles 0.058s
2025-01-06 02:34:54.119 68713 INFO tempest.lib.common.rest_client [req-12aba242-c2f0-40bb-9ad0-cd5a2c93ab95 req-12aba242-c2f0-40bb-9ad0-cd5a2c93ab95 ] Request (ServerPasswordTestJSON:setUpClass): 200 GET http://10.180.1.21/compute/v2.1/servers/9f37120a-dd52-4f95-9a11-ae5bcf3565ba 3.258s
2025-01-06 02:34:54.125 68741 INFO tempest.lib.common.rest_client [req-b0668366-38e0-4dda-8d11-c399a43b1659 req-b0668366-38e0-4dda-8d11-c399a43b1659 ] Request (HypervisorAdminNegativeUnderV252Test:setUpClass): 204 PUT http://10.180.1.21/identity/v3/projects/72d85c6256b64430bdab2f83e56c9ccd/users/6c5ebdea615644b2b9f5100a38e6408e/roles/4e84d966b1b44fd8a90a91947ea1c91e 0.106s
2025-01-06 02:34:54.125 68741 INFO tempest.lib.common.dynamic_creds [-] Dynamic test user 6c5ebdea615644b2b9f5100a38e6408e is created with scope project and roles: ['admin']
2025-01-06 02:34:54.125 68741 INFO tempest.lib.common.dynamic_creds [-] Acquired dynamic creds: credentials: Credentials: {'domain_id': 'default', 'domain_name': 'Default', 'username': 'tempest-HypervisorAdminNegativeUnderV252Test-256955664-project-admin', 'project_domain_id': 'default', 'project_domain_name': 'Default', 'project_id': '72d85c6256b64430bdab2f83e56c9ccd', 'project_name': 'tempest-HypervisorAdminNegativeUnderV252Test-256955664', 'tenant_id': '72d85c6256b64430bdab2f83e56c9ccd', 'tenant_name': 'tempest-HypervisorAdminNegativeUnderV252Test-256955664', 'user_domain_id': 'default', 'user_domain_name': 'Default', 'user_id': '6c5ebdea615644b2b9f5100a38e6408e', 'system': None}, Network: None, Subnet: None, Router: None
2025-01-06 02:34:54.126 68741 INFO tempest.lib.common.dynamic_creds [-] Created isolated network resources for: credentials: Credentials: {'domain_id': 'default', 'domain_name': 'Default', 'username': 'tempest-HypervisorAdminNegativeUnderV252Test-256955664-project-admin', 'project_domain_id': 'default', 'project_domain_name': 'Default', 'project_id': '72d85c6256b64430bdab2f83e56c9ccd', 'project_name': 'tempest-HypervisorAdminNegativeUnderV252Test-256955664', 'tenant_id': '72d85c6256b64430bdab2f83e56c9ccd', 'tenant_name': 'tempest-HypervisorAdminNegativeUnderV252Test-256955664', 'user_domain_id': 'default', 'user_domain_name': 'Default', 'user_id': '6c5ebdea615644b2b9f5100a38e6408e', 'system': None}, Network: None, Subnet: None, Router: None
2025-01-06 02:34:54.173 68725 INFO tempest.lib.common.rest_client [req-0fbd088c-bee5-4064-bba1-9813b154e6bd req-0fbd088c-bee5-4064-bba1-9813b154e6bd ] Request (FlavorsV2NegativeTest:setUpClass): 201 POST http://10.180.1.21/identity/v3/auth/tokens 0.118s
2025-01-06 02:34:54.186 68759 INFO tempest.lib.common.rest_client [req-ef5d123a-95c7-4d30-859d-e7af2caaa784 req-ef5d123a-95c7-4d30-859d-e7af2caaa784 ] Request (VolumesNegativeTest:setUpClass): 204 PUT http://10.180.1.21/identity/v3/projects/cd645f76d6864d90bd1cca1b5936e509/users/5c5fac0ba1de459ea6197361b12413fa/roles/9d51bf75b8b441bb80d8e053e864b2d3 0.081s
2025-01-06 02:34:54.186 68759 INFO tempest.lib.common.dynamic_creds [-] Dynamic test user 5c5fac0ba1de459ea6197361b12413fa is created with scope project and roles: ['member']
2025-01-06 02:34:54.186 68759 INFO tempest.lib.common.dynamic_creds [-] Acquired dynamic creds: credentials: Credentials: {'domain_id': 'default', 'domain_name': 'Default', 'username': 'tempest-VolumesNegativeTest-399235999-project-member', 'project_domain_id': 'default', 'project_domain_name': 'Default', 'project_id': 'cd645f76d6864d90bd1cca1b5936e509', 'project_name': 'tempest-VolumesNegativeTest-399235999', 'tenant_id': 'cd645f76d6864d90bd1cca1b5936e509', 'tenant_name': 'tempest-VolumesNegativeTest-399235999', 'user_domain_id': 'default', 'user_domain_name': 'Default', 'user_id': '5c5fac0ba1de459ea6197361b12413fa', 'system': None}, Network: None, Subnet: None, Router: None
2025-01-06 02:34:54.186 68759 INFO tempest.lib.common.dynamic_creds [-] Created isolated network resources for: credentials: Credentials: {'domain_id': 'default', 'domain_name': 'Default', 'username': 'tempest-VolumesNegativeTest-399235999-project-member', 'project_domain_id': 'default', 'project_domain_name': 'Default', 'project_id': 'cd645f76d6864d90bd1cca1b5936e509', 'project_name': 'tempest-VolumesNegativeTest-399235999', 'tenant_id': 'cd645f76d6864d90bd1cca1b5936e509', 'tenant_name': 'tempest-VolumesNegativeTest-399235999', 'user_domain_id': 'default', 'user_domain_name': 'Default', 'user_id': '5c5fac0ba1de459ea6197361b12413fa', 'system': None}, Network: None, Subnet: None, Router: None
2025-01-06 02:34:54.235 68739 INFO tempest.lib.common.rest_client [req-8c3f4123-f49c-4229-a33c-acfceed579b6 req-8c3f4123-f49c-4229-a33c-acfceed579b6 ] Request (ServicesAdminNegativeV253TestJSON:tearDownClass): 200 GET http://10.180.1.21:9696/networking/v2.0/security-groups?tenant_id=746e65d9c79a44d1aa789c6eab423f20&name=default 0.369s
2025-01-06 02:34:54.252 68741 INFO tempest.lib.common.rest_client [req-be6ee919-12eb-49e5-8b09-8696ceca416b req-be6ee919-12eb-49e5-8b09-8696ceca416b ] Request (HypervisorAdminNegativeUnderV252Test:setUpClass): 201 POST http://10.180.1.21/identity/v3/auth/tokens 0.119s
2025-01-06 02:34:54.271 68759 INFO tempest.lib.common.rest_client [req-bc3ba214-81f7-4c90-a39c-c899cd45a49b req-bc3ba214-81f7-4c90-a39c-c899cd45a49b ] Request (VolumesNegativeTest:setUpClass): 201 POST http://10.180.1.21/identity/v3/auth/tokens 0.078s
2025-01-06 02:34:54.332 68721 INFO tempest.lib.common.rest_client [req-1c63cde6-bb20-40c0-b3a2-04d13323ff2e req-1c63cde6-bb20-40c0-b3a2-04d13323ff2e ] Request (FloatingIPsTestJSON:test_allocate_floating_ip): 200 POST http://10.180.1.21/compute/v2.1/os-floating-ips 4.692s
2025-01-06 02:34:54.432 68739 INFO tempest.lib.common.rest_client [req-d5925f93-306c-4de3-85be-7357b438c0a8 req-d5925f93-306c-4de3-85be-7357b438c0a8 ] Request (ServicesAdminNegativeV253TestJSON:tearDownClass): 204 DELETE http://10.180.1.21:9696/networking/v2.0/security-groups/90ef6c2e-f621-4c64-a1f8-f6332a9adf1a 0.196s
2025-01-06 02:34:54.480 68709 INFO tempest.lib.common.rest_client [req-caa978c6-75a1-49b5-bd56-9dbf71dab021 req-caa978c6-75a1-49b5-bd56-9dbf71dab021 ] Request (QuotasAdminTestJSON:test_get_updated_quotas): 200 GET http://10.180.1.21/compute/v2.1/os-quota-sets/cf7a15aba21b4d9aa19ba8bb1621d303?user_id=6602b364745b4ccf8c355ba63fa3a02c 3.565s
2025-01-06 02:34:54.512 68755 INFO tempest.lib.common.rest_client [req-1942beb0-f2fa-4b21-b337-417b19d56a59 req-1942beb0-f2fa-4b21-b337-417b19d56a59 ] Request (AggregatesAdminNegativeTestJSON:test_aggregate_add_non_exist_host): 404 POST http://10.180.1.21/compute/v2.1/os-aggregates/3/action 3.568s
2025-01-06 02:34:54.568 68709 INFO tempest.lib.common.rest_client [req-91f34191-1922-458f-8cd5-d1e3159d3322 req-91f34191-1922-458f-8cd5-d1e3159d3322 ] Request (QuotasAdminTestJSON:_run_cleanups): 204 DELETE http://10.180.1.21/identity/v3/users/6602b364745b4ccf8c355ba63fa3a02c 0.085s
2025-01-06 02:34:54.577 68739 INFO tempest.lib.common.rest_client [req-5e60529c-9afa-4996-8c3b-7dc333d79f48 req-5e60529c-9afa-4996-8c3b-7dc333d79f48 ] Request (ServicesAdminNegativeV253TestJSON:tearDownClass): 204 DELETE http://10.180.1.21/identity/v3/projects/746e65d9c79a44d1aa789c6eab423f20 0.145s
2025-01-06 02:34:54.578 68739 INFO tempest.lib.common.dynamic_creds [-] Deleting project and security group for project: 415ffc39491544d5972ee07bdb2a97ba
2025-01-06 02:34:54.619 68751 INFO tempest.lib.common.rest_client [req-e15f18d2-acfa-496e-9a6b-6655826c0fd2 req-e15f18d2-acfa-496e-9a6b-6655826c0fd2 ] Request (ServerExternalEventsTest:test_create_server_external_events): 200 GET http://10.180.1.21/compute/v2.1/servers/9d723a61-a652-4e89-9bf7-eb544d66b24f 3.655s
2025-01-06 02:34:54.678 68709 INFO tempest.lib.common.rest_client [req-f319d11d-0e33-431a-97ac-2886723784d8 req-f319d11d-0e33-431a-97ac-2886723784d8 ] Request (QuotasAdminTestJSON:_run_cleanups): 204 DELETE http://10.180.1.21/identity/v3/projects/cf7a15aba21b4d9aa19ba8bb1621d303 0.109s
2025-01-06 02:34:54.722 68739 INFO tempest.lib.common.rest_client [req-2cd3112e-4927-43f4-b82d-313c0400a40b req-2cd3112e-4927-43f4-b82d-313c0400a40b ] Request (ServicesAdminNegativeV253TestJSON:tearDownClass): 200 GET http://10.180.1.21:9696/networking/v2.0/security-groups?tenant_id=415ffc39491544d5972ee07bdb2a97ba&name=default 0.144s
2025-01-06 02:34:54.795 68739 INFO tempest.lib.common.rest_client [req-20808fcb-a84c-44f9-bbdf-c85a85b51258 req-20808fcb-a84c-44f9-bbdf-c85a85b51258 ] Request (ServicesAdminNegativeV253TestJSON:tearDownClass): 204 DELETE http://10.180.1.21:9696/networking/v2.0/security-groups/166361be-17fa-43e1-beb0-779f98ebbe30 0.073s
2025-01-06 02:34:54.932 68739 INFO tempest.lib.common.rest_client [req-18b68712-5e22-4612-914b-86ad08bf7bf7 req-18b68712-5e22-4612-914b-86ad08bf7bf7 ] Request (ServicesAdminNegativeV253TestJSON:tearDownClass): 204 DELETE http://10.180.1.21/identity/v3/projects/415ffc39491544d5972ee07bdb2a97ba 0.136s
2025-01-06 02:34:54.972 68747 INFO tempest.lib.common.rest_client [req-9a60b601-bc4e-4113-a861-009cd4f5206d req-9a60b601-bc4e-4113-a861-009cd4f5206d ] Request (FloatingIPDetailsTestJSON:test_list_floating_ips): 200 GET http://10.180.1.21/compute/v2.1/os-floating-ips 3.601s
2025-01-06 02:34:55.005 68739 INFO tempest.lib.common.rest_client [req-fb8c8056-a79c-4f94-9bac-78e03019eec9 req-fb8c8056-a79c-4f94-9bac-78e03019eec9 ] Request (FloatingIPsNegativeTestJSON:setUpClass): 201 POST http://10.180.1.21/identity/v3/auth/tokens 0.072s
2025-01-06 02:34:55.015 68715 INFO tempest.lib.common.rest_client [req-963caf50-506a-44fc-80cc-cfb2177e740b req-963caf50-506a-44fc-80cc-cfb2177e740b ] Request (FlavorsExtraSpecsTestJSON:test_flavor_set_get_update_show_unset_keys): 200 DELETE http://10.180.1.21/compute/v2.1/flavors/1913954068/os-extra_specs/hw:cpu_policy 3.630s
2025-01-06 02:34:55.046 68739 INFO tempest.lib.common.rest_client [req-a1b5f908-7e62-45ef-a0e7-10c0f5de9ef9 req-a1b5f908-7e62-45ef-a0e7-10c0f5de9ef9 ] Request (FloatingIPsNegativeTestJSON:setUpClass): 201 POST http://10.180.1.21/identity/v3/auth/tokens 0.035s
2025-01-06 02:34:55.083 68739 INFO tempest.lib.common.rest_client [req-780505dc-861f-4062-8e58-5bf195e10269 req-780505dc-861f-4062-8e58-5bf195e10269 ] Request (FloatingIPsNegativeTestJSON:setUpClass): 200 GET http://10.180.1.21/identity/v3/domains?name=Default 0.037s
2025-01-06 02:34:55.115 68739 INFO tempest.lib.common.rest_client [req-24c47b27-cab3-40f1-970e-a7da456320bc req-24c47b27-cab3-40f1-970e-a7da456320bc ] Request (FloatingIPsNegativeTestJSON:setUpClass): 201 POST http://10.180.1.21/identity/v3/projects 0.031s
2025-01-06 02:34:55.179 68739 INFO tempest.lib.common.rest_client [req-365608c1-bc8b-4692-8904-4e659443b0d7 req-365608c1-bc8b-4692-8904-4e659443b0d7 ] Request (FloatingIPsNegativeTestJSON:setUpClass): 201 POST http://10.180.1.21/identity/v3/users 0.063s
2025-01-06 02:34:55.203 68739 INFO tempest.lib.common.rest_client [req-7051f929-0f08-4c0d-8622-1e3ee6134f21 req-7051f929-0f08-4c0d-8622-1e3ee6134f21 ] Request (FloatingIPsNegativeTestJSON:setUpClass): 200 GET http://10.180.1.21/identity/v3/roles 0.023s
2025-01-06 02:34:55.240 68739 INFO tempest.lib.common.rest_client [req-f6addc9e-461b-4533-97d4-5828cba65e8d req-f6addc9e-461b-4533-97d4-5828cba65e8d ] Request (FloatingIPsNegativeTestJSON:setUpClass): 204 PUT http://10.180.1.21/identity/v3/projects/c5fe7bb7b25d430e9a641335a1080cd0/users/0ef3b3ed30f24a628decb638961a6682/roles/9d51bf75b8b441bb80d8e053e864b2d3 0.036s
2025-01-06 02:34:55.240 68739 INFO tempest.lib.common.dynamic_creds [-] Dynamic test user 0ef3b3ed30f24a628decb638961a6682 is created with scope project and roles: ['member']
2025-01-06 02:34:55.240 68739 INFO tempest.lib.common.dynamic_creds [-] Acquired dynamic creds: credentials: Credentials: {'domain_id': 'default', 'domain_name': 'Default', 'username': 'tempest-FloatingIPsNegativeTestJSON-571261128-project-member', 'project_domain_id': 'default', 'project_domain_name': 'Default', 'project_id': 'c5fe7bb7b25d430e9a641335a1080cd0', 'project_name': 'tempest-FloatingIPsNegativeTestJSON-571261128', 'tenant_id': 'c5fe7bb7b25d430e9a641335a1080cd0', 'tenant_name': 'tempest-FloatingIPsNegativeTestJSON-571261128', 'user_domain_id': 'default', 'user_domain_name': 'Default', 'user_id': '0ef3b3ed30f24a628decb638961a6682', 'system': None}, Network: None, Subnet: None, Router: None
2025-01-06 02:34:55.264 68763 INFO tempest.lib.common.rest_client [req-3a6ac192-8d5d-478a-a3d7-0f4df68bb9e2 req-3a6ac192-8d5d-478a-a3d7-0f4df68bb9e2 ] Request (InstanceActionsTestJSON:setUpClass): 200 PUT http://10.180.1.21:9696/networking/v2.0/routers/002f6dff-a9ad-4c16-805d-4f71afac5dc4/add_router_interface 4.558s
2025-01-06 02:34:55.264 68763 INFO tempest.lib.common.dynamic_creds [-] Created isolated network resources for: credentials: Credentials: {'domain_id': 'default', 'domain_name': 'Default', 'username': 'tempest-InstanceActionsTestJSON-1270171382-project-member', 'project_domain_id': 'default', 'project_domain_name': 'Default', 'project_id': '64109b684fb7467384b1f7bb8375e363', 'project_name': 'tempest-InstanceActionsTestJSON-1270171382', 'tenant_id': '64109b684fb7467384b1f7bb8375e363', 'tenant_name': 'tempest-InstanceActionsTestJSON-1270171382', 'user_domain_id': 'default', 'user_domain_name': 'Default', 'user_id': 'ff04e835d76845d38b9402a6a86601a2', 'system': None}, Network: {'id': '08d302b2-3489-4524-af97-4bc344a20a03', 'name': 'tempest-InstanceActionsTestJSON-1603278405-network', 'tenant_id': '64109b684fb7467384b1f7bb8375e363', 'admin_state_up': True, 'mtu': 8950, 'status': 'ACTIVE', 'subnets': [], 'shared': False, 'project_id': '64109b684fb7467384b1f7bb8375e363', 'port_security_enabled': True, 'router:external': False, 'provider:network_type': 'vlan', 'provider:physical_network': 'default', 'provider:segmentation_id': 580, 'availability_zone_hints': [], 'availability_zones': [], 'ipv4_address_scope': None, 'ipv6_address_scope': None, 'description': '', 'tags': [], 'created_at': '2025-01-06T02:34:47Z', 'updated_at': '2025-01-06T02:34:47Z', 'revision_number': 1}, Subnet: {'id': '1c81ff15-8689-4241-8195-1cd172ea3476', 'name': 'tempest-InstanceActionsTestJSON-1603278405-subnet', 'tenant_id': '64109b684fb7467384b1f7bb8375e363', 'network_id': '08d302b2-3489-4524-af97-4bc344a20a03', 'ip_version': 4, 'subnetpool_id': None, 'enable_dhcp': True, 'ipv6_ra_mode': None, 'ipv6_address_mode': None, 'gateway_ip': '192.168.128.1', 'cidr': '192.168.128.0/28', 'allocation_pools': [{'start': '192.168.128.2', 'end': '192.168.128.14'}], 'host_routes': [], 'dns_nameservers': [], 'description': '', 'router:external': False, 'service_types': [], 'tags': [], 'created_at': '2025-01-06T02:34:47Z', 'updated_at': '2025-01-06T02:34:47Z', 'revision_number': 0, 'project_id': '64109b684fb7467384b1f7bb8375e363'}, Router: {'id': '002f6dff-a9ad-4c16-805d-4f71afac5dc4', 'name': 'tempest-InstanceActionsTestJSON-1603278405-router', 'tenant_id': '64109b684fb7467384b1f7bb8375e363', 'admin_state_up': True, 'status': 'ACTIVE', 'external_gateway_info': {'network_id': '4718ccf8-eed1-4b6c-8d73-8f86de2b50ba', 'external_fixed_ips': [{'subnet_id': '9cf07a13-82bc-4a56-9fc6-d0ca25bc3901', 'ip_address': '10.180.180.159'}], 'enable_snat': True}, 'description': '', 'availability_zones': [], 'distributed': False, 'ha': False, 'availability_zone_hints': [], 'routes': [], 'flavor_id': None, 'tags': [], 'created_at': '2025-01-06T02:34:48Z', 'updated_at': '2025-01-06T02:34:49Z', 'revision_number': 2, 'project_id': '64109b684fb7467384b1f7bb8375e363'}
2025-01-06 02:34:55.300 68739 INFO tempest.lib.common.rest_client [req-9afb922e-6929-4e88-95e6-2828e05bb3c2 req-9afb922e-6929-4e88-95e6-2828e05bb3c2 ] Request (FloatingIPsNegativeTestJSON:setUpClass): 201 POST http://10.180.1.21/identity/v3/auth/tokens 0.059s
2025-01-06 02:34:55.345 68753 INFO tempest.lib.common.rest_client [req-54bae9f8-7f09-49c0-a9f2-3c13c983bbaf req-54bae9f8-7f09-49c0-a9f2-3c13c983bbaf ] Request (ServersTestBootFromVolume:setUpClass): 201 POST http://10.180.1.21:9696/networking/v2.0/routers 3.212s
2025-01-06 02:34:55.354 68763 INFO tempest.lib.common.rest_client [req-16afe7ec-9df6-4795-b257-f99220b6ba2d req-16afe7ec-9df6-4795-b257-f99220b6ba2d ] Request (InstanceActionsTestJSON:setUpClass): 201 POST http://10.180.1.21/identity/v3/auth/tokens 0.085s
2025-01-06 02:34:55.364 68723 INFO tempest.lib.common.rest_client [req-64dd0308-e904-489d-82b9-6a7772663b48 req-64dd0308-e904-489d-82b9-6a7772663b48 ] Request (ServerDiagnosticsNegativeTest:test_get_server_diagnostics_by_non_admin): 200 GET http://10.180.1.21/compute/v2.1/servers/cd4627a3-03ee-4d91-ac3f-0eae930198be 3.920s
2025-01-06 02:34:55.406 68757 INFO tempest.lib.common.rest_client [req-4c585143-ca0c-40eb-bee6-1bf202303db5 req-4c585143-ca0c-40eb-bee6-1bf202303db5 ] Request (KeyPairsV2TestJSON:test_keypairs_create_list_delete): 200 POST http://10.180.1.21/compute/v2.1/os-keypairs 3.572s
