2025-01-06 02:34:47.993 68733 INFO tempest.lib.common.rest_client [req-47953910-aa1d-440e-8a97-a6159c15afe8 req-47953910-aa1d-440e-8a97-a6159c15afe8 ] Request (VolumesAssistedSnapshotsTest:test_volume_assisted_snapshot_create_delete): 201 POST http://10.180.1.21:9696/networking/v2.0/security-group-rules 0.393s
2025-01-06 02:34:48.021 68719 INFO tempest.lib.common.rest_client [req-33fe3bea-5374-4856-9aa8-e9687abfec5b req-33fe3bea-5374-4856-9aa8-e9687abfec5b ] Request (ListImageFiltersTestJSON:setUpClass): 201 POST http://10.180.1.21/identity/v3/projects 0.058s
2025-01-06 02:34:48.028 68713 INFO tempest.lib.common.rest_client [req-4734e1ce-e06a-4a15-b7d1-a95ee9ebdff9 req-4734e1ce-e06a-4a15-b7d1-a95ee9ebdff9 ] Request (ServerPasswordTestJSON:setUpClass): 200 GET http://10.180.1.21/compute/v2.1/servers/9f37120a-dd52-4f95-9a11-ae5bcf3565ba 1.828s
2025-01-06 02:34:48.036 68713 INFO tempest.common.waiters [-] State transition "BUILD/block_device_mapping" ==> "BUILD/spawning" after 11 second wait
2025-01-06 02:34:48.042 68715 INFO tempest.lib.common.rest_client [req-784e7921-bbf7-4ff9-bf12-6a8d235f7611 req-784e7921-bbf7-4ff9-bf12-6a8d235f7611 ] Request (FlavorsExtraSpecsTestJSON:test_flavor_set_get_update_show_unset_keys): 200 GET http://10.180.1.21/compute/v2.1/flavors/1913954068/os-extra_specs 1.665s
2025-01-06 02:34:48.046 68753 INFO tempest.lib.common.rest_client [req-d648532a-0ae0-4142-b429-48b2d4c682a8 req-d648532a-0ae0-4142-b429-48b2d4c682a8 ] Request (NetworksTest:tearDownClass): 201 POST http://10.180.1.21/identity/v3/auth/tokens 0.058s
2025-01-06 02:34:48.087 68719 INFO tempest.lib.common.rest_client [req-d05fedf8-a136-406f-8e09-c8f35349265a req-d05fedf8-a136-406f-8e09-c8f35349265a ] Request (ListImageFiltersTestJSON:setUpClass): 201 POST http://10.180.1.21/identity/v3/users 0.065s
2025-01-06 02:34:48.101 68751 INFO tempest.lib.common.rest_client [req-ca3cdd73-2213-467e-97d7-27bba89a2140 req-ca3cdd73-2213-467e-97d7-27bba89a2140 ] Request (ServerExternalEventsTest:test_create_server_external_events): 200 GET http://10.180.1.21/compute/v2.1/servers/9d723a61-a652-4e89-9bf7-eb544d66b24f 1.723s
2025-01-06 02:34:48.109 68719 INFO tempest.lib.common.rest_client [req-6402c279-0d7e-4a68-89b8-cbd7c2642add req-6402c279-0d7e-4a68-89b8-cbd7c2642add ] Request (ListImageFiltersTestJSON:setUpClass): 200 GET http://10.180.1.21/identity/v3/roles 0.021s
2025-01-06 02:34:48.128 68759 INFO tempest.lib.common.rest_client [req-51e2aaaa-816d-4a45-905d-82e855af2ed8 req-51e2aaaa-816d-4a45-905d-82e855af2ed8 ] Request (ServicesAdminNegativeTestJSON:test_get_service_by_invalid_service_and_valid_host): 200 GET http://10.180.1.21/compute/v2.1/os-services?host=devstack&binary=xxx 1.723s
2025-01-06 02:34:48.138 68719 INFO tempest.lib.common.rest_client [req-83cf73b4-3b3f-4390-9f93-21314d335482 req-83cf73b4-3b3f-4390-9f93-21314d335482 ] Request (ListImageFiltersTestJSON:setUpClass): 204 PUT http://10.180.1.21/identity/v3/projects/c838a3b104314456b4a852ac9a426971/users/50cf85cc54424a31bfd4bb32ed0cfb96/roles/9d51bf75b8b441bb80d8e053e864b2d3 0.028s
2025-01-06 02:34:48.138 68719 INFO tempest.lib.common.dynamic_creds [-] Dynamic test user 50cf85cc54424a31bfd4bb32ed0cfb96 is created with scope project and roles: ['member']
2025-01-06 02:34:48.139 68719 INFO tempest.lib.common.dynamic_creds [-] Acquired dynamic creds: credentials: Credentials: {'domain_id': 'default', 'domain_name': 'Default', 'username': 'tempest-ListImageFiltersTestJSON-1587605748-project-member', 'project_domain_id': 'default', 'project_domain_name': 'Default', 'project_id': 'c838a3b104314456b4a852ac9a426971', 'project_name': 'tempest-ListImageFiltersTestJSON-1587605748', 'tenant_id': 'c838a3b104314456b4a852ac9a426971', 'tenant_name': 'tempest-ListImageFiltersTestJSON-1587605748', 'user_domain_id': 'default', 'user_domain_name': 'Default', 'user_id': '50cf85cc54424a31bfd4bb32ed0cfb96', 'system': None}, Network: None, Subnet: None, Router: None
2025-01-06 02:34:48.139 68719 INFO tempest.lib.common.dynamic_creds [-] Created isolated network resources for: credentials: Credentials: {'domain_id': 'default', 'domain_name': 'Default', 'username': 'tempest-ListImageFiltersTestJSON-1587605748-project-member', 'project_domain_id': 'default', 'project_domain_name': 'Default', 'project_id': 'c838a3b104314456b4a852ac9a426971', 'project_name': 'tempest-ListImageFiltersTestJSON-1587605748', 'tenant_id': 'c838a3b104314456b4a852ac9a426971', 'tenant_name': 'tempest-ListImageFiltersTestJSON-1587605748', 'user_domain_id': 'default', 'user_domain_name': 'Default', 'user_id': '50cf85cc54424a31bfd4bb32ed0cfb96', 'system': None}, Network: None, Subnet: None, Router: None
2025-01-06 02:34:48.205 68719 INFO tempest.lib.common.rest_client [req-bf200100-5602-4e02-9aea-69e0d545ba49 req-bf200100-5602-4e02-9aea-69e0d545ba49 ] Request (ListImageFiltersTestJSON:setUpClass): 201 POST http://10.180.1.21/identity/v3/auth/tokens 0.064s
2025-01-06 02:34:48.292 68723 INFO tempest.lib.common.rest_client [req-5651190a-5554-43d1-a3f9-1bb1f1d3f297 req-5651190a-5554-43d1-a3f9-1bb1f1d3f297 ] Request (ServerDiagnosticsNegativeTest:test_get_server_diagnostics_by_non_admin): 200 GET http://10.180.1.21/compute/v2.1/servers/cd4627a3-03ee-4d91-ac3f-0eae930198be 1.983s
2025-01-06 02:34:48.299 68723 INFO tempest.common.waiters [-] State transition "BUILD/None" ==> "BUILD/spawning" after 9 second wait
2025-01-06 02:34:48.451 68733 INFO tempest.lib.common.rest_client [req-b697a24e-e211-4067-b868-031dc4c1e635 req-b697a24e-e211-4067-b868-031dc4c1e635 ] Request (VolumesAssistedSnapshotsTest:test_volume_assisted_snapshot_create_delete): 201 POST http://10.180.1.21:9696/networking/v2.0/security-group-rules 0.457s
2025-01-06 02:34:48.462 68709 INFO tempest.lib.common.rest_client [req-1aeb81f2-7a22-4db6-88b7-5d379ae94d76 req-1aeb81f2-7a22-4db6-88b7-5d379ae94d76 ] Request (QuotasAdminTestJSON:test_get_updated_quotas): 200 PUT http://10.180.1.21/compute/v2.1/os-quota-sets/cf7a15aba21b4d9aa19ba8bb1621d303 1.838s
2025-01-06 02:34:48.469 68753 INFO tempest.lib.common.rest_client [req-7cf26e47-59f9-4eca-9974-5b1330b1afca req-7cf26e47-59f9-4eca-9974-5b1330b1afca ] Request (NetworksTest:tearDownClass): 200 GET http://10.180.1.21:9696/networking/v2.0/security-groups?tenant_id=c75441f938f545d7b14edc85784f60d9&name=default 0.423s
2025-01-06 02:34:48.476 68711 INFO tempest.lib.common.rest_client [req-e56c9200-c3a4-4801-a49d-84b4c0f31748 req-e56c9200-c3a4-4801-a49d-84b4c0f31748 ] Request (ImagesTestJSON:test_create_image_from_stopped_server): 200 GET http://10.180.1.21/compute/v2.1/servers/d686e8e0-41bf-4e2a-964a-b6ffc09f8e58 1.896s
2025-01-06 02:34:48.481 68763 INFO tempest.lib.common.rest_client [req-bc2e5399-b017-4aa1-bd93-822d8a306e3e req-bc2e5399-b017-4aa1-bd93-822d8a306e3e ] Request (InstanceActionsTestJSON:setUpClass): 201 POST http://10.180.1.21:9696/networking/v2.0/subnets 0.695s
2025-01-06 02:34:48.564 68767 INFO tempest.lib.common.rest_client [req-ee03afbc-03ad-492a-8913-545d167854dd req-ee03afbc-03ad-492a-8913-545d167854dd ] Request (ServersAdminNegativeTestJSON:setUpClass): 200 GET http://10.180.1.21/compute/v2.1/servers/ba49ff78-a55c-4fb7-acf4-c77c53bd82e0 1.568s
2025-01-06 02:34:48.570 68737 INFO tempest.lib.common.rest_client [req-3a3203e3-06ac-442b-8b07-c80a2190ee86 req-3a3203e3-06ac-442b-8b07-c80a2190ee86 ] Request (FlavorsV261TestJSON:_run_cleanups): 202 DELETE http://10.180.1.21/compute/v2.1/flavors/690893833 1.543s
2025-01-06 02:34:48.589 68745 INFO tempest.lib.common.rest_client [req-f29865b3-7ada-4141-a8f8-9b57920ac073 req-f29865b3-7ada-4141-a8f8-9b57920ac073 ] Request (FlavorsV255TestJSON:_run_cleanups): 200 GET http://10.180.1.21/compute/v2.1/flavors/detail 1.539s
2025-01-06 02:34:48.612 68757 INFO tempest.lib.common.rest_client [req-e70a6d0b-aa97-4d80-b09e-acffaa5c83cb req-e70a6d0b-aa97-4d80-b09e-acffaa5c83cb ] Request (KeyPairsV2TestJSON:test_keypair_create_with_pub_key): 200 POST http://10.180.1.21/compute/v2.1/os-keypairs 1.540s
2025-01-06 02:34:48.637 68743 INFO tempest.lib.common.rest_client [req-ef83f9b1-c8b1-42d8-a937-9323039bc714 req-ef83f9b1-c8b1-42d8-a937-9323039bc714 ] Request (FlavorsAccessNegativeTestJSON:_run_cleanups): 200 GET http://10.180.1.21/compute/v2.1/flavors/detail 1.380s
2025-01-06 02:34:48.671 68739 INFO tempest.lib.common.rest_client [req-1da4072c-a13f-4dd4-9ef5-ca6c062c7587 req-1da4072c-a13f-4dd4-9ef5-ca6c062c7587 ] Request (ServicesAdminNegativeV253TestJSON:test_get_service_by_invalid_service_and_valid_host): 200 GET http://10.180.1.21/compute/v2.1/os-services?host=devstack&binary=xxx 1.388s
2025-01-06 02:34:48.693 68735 INFO tempest.lib.common.rest_client [req-daa13bdd-56a0-49cd-88c8-a42b52802783 req-daa13bdd-56a0-49cd-88c8-a42b52802783 ] Request (FlavorsAccessTestJSON:_run_cleanups): 200 GET http://10.180.1.21/compute/v2.1/flavors/detail 1.309s
2025-01-06 02:34:48.711 68719 INFO tempest.lib.common.rest_client [req-35560d4f-58b6-4320-b513-05695c7ba4fa req-35560d4f-58b6-4320-b513-05695c7ba4fa ] Request (ListImageFiltersTestJSON:setUpClass): 201 POST http://10.180.1.21/image/v2/images 0.504s
2025-01-06 02:34:48.718 68741 INFO tempest.lib.common.rest_client [req-4cf9e3d8-e1e3-455f-8120-0d8bc1821048 req-4cf9e3d8-e1e3-455f-8120-0d8bc1821048 ] Request (HypervisorAdminNegativeTestJSON:test_show_hypervisor_with_non_admin_user): 200 GET http://10.180.1.21/compute/v2.1/os-hypervisors 1.029s
2025-01-06 02:34:48.755 68761 INFO tempest.lib.common.rest_client [req-9ed5ad6a-88e3-4888-9358-75fcdcbdbb99 req-9ed5ad6a-88e3-4888-9358-75fcdcbdbb99 ] Request (ServersWithSpecificFlavorTestJSON:setUpClass): 201 POST http://10.180.1.21:9696/networking/v2.0/routers 1.991s
2025-01-06 02:34:48.765 68749 INFO tempest.lib.common.rest_client [req-7ac757ff-20cb-4522-9c42-693437ae8ee0 req-7ac757ff-20cb-4522-9c42-693437ae8ee0 ] Request (MigrationsAdminTest:test_list_migrations_in_flavor_resize_situation): 200 GET http://10.180.1.21/compute/v2.1/servers/f964b631-4f16-4ba9-b0e2-61b99b1e3bf1 1.552s
2025-01-06 02:34:48.817 68745 INFO tempest.lib.common.rest_client [req-bbd744c1-1228-48a5-87df-9de7f5887bcb req-bbd744c1-1228-48a5-87df-9de7f5887bcb ] Request (FlavorsV255TestJSON:tearDownClass): 204 DELETE http://10.180.1.21/identity/v3/users/4616122134c745a294ac7651f3e34a6f 0.180s
2025-01-06 02:34:48.936 68745 INFO tempest.lib.common.rest_client [req-1391ac1a-87bb-4743-b730-9feed3ccc2ea req-1391ac1a-87bb-4743-b730-9feed3ccc2ea ] Request (FlavorsV255TestJSON:tearDownClass): 204 DELETE http://10.180.1.21/identity/v3/users/63a7c2119a114ce3b45f4ecfa54214eb 0.119s
2025-01-06 02:34:48.937 68745 INFO tempest.lib.common.dynamic_creds [-] Deleting project and security group for project: 578730bcf0044869b8e71f932c5d0b45
2025-01-06 02:34:48.945 68755 INFO tempest.lib.common.rest_client [req-38a96778-2388-4164-b7ec-1c1a3383f1fb req-38a96778-2388-4164-b7ec-1c1a3383f1fb ] Request (AggregatesAdminNegativeTestJSON:test_aggregate_add_host_as_user): 403 POST http://10.180.1.21/compute/v2.1/os-aggregates/2/action 1.100s
2025-01-06 02:34:48.978 68725 INFO tempest.lib.common.rest_client [req-5df867fb-a263-432e-8e52-7522ca846e01 req-5df867fb-a263-432e-8e52-7522ca846e01 ] Request (HostsAdminTestJSON:test_list_hosts_with_zone): 200 GET http://10.180.1.21/compute/v2.1/os-hosts?zone=internal 1.112s
2025-01-06 02:34:48.999 68745 INFO tempest.lib.common.rest_client [req-8d2f8f1c-bd05-4e64-be36-a8960f427f12 req-8d2f8f1c-bd05-4e64-be36-a8960f427f12 ] Request (FlavorsV255TestJSON:tearDownClass): 201 POST http://10.180.1.21/identity/v3/auth/tokens 0.062s
2025-01-06 02:34:49.010 68715 INFO tempest.lib.common.rest_client [req-aa08067f-4ff1-453f-8244-8bcf391bfbab req-aa08067f-4ff1-453f-8244-8bcf391bfbab ] Request (FlavorsExtraSpecsTestJSON:test_flavor_set_get_update_show_unset_keys): 200 PUT http://10.180.1.21/compute/v2.1/flavors/1913954068/os-extra_specs/hw:numa_nodes 0.968s
2025-01-06 02:34:49.026 68753 INFO tempest.lib.common.rest_client [req-7992d6b1-a123-410f-8614-a3fe5f6500d8 req-7992d6b1-a123-410f-8614-a3fe5f6500d8 ] Request (NetworksTest:tearDownClass): 204 DELETE http://10.180.1.21:9696/networking/v2.0/security-groups/2ac588cb-c592-4e4e-a970-e137d09aa682 0.557s
2025-01-06 02:34:49.031 68759 INFO tempest.lib.common.rest_client [req-e5f2e9b0-0c94-4d0d-ae2c-7b8064d02486 req-e5f2e9b0-0c94-4d0d-ae2c-7b8064d02486 ] Request (ServicesAdminNegativeTestJSON:test_get_service_with_valid_service_and_invalid_host): 200 GET http://10.180.1.21/compute/v2.1/os-services 0.900s
2025-01-06 02:34:49.091 68747 INFO tempest.lib.common.rest_client [req-185ba4bd-269c-4584-b8b0-9e395c694204 req-185ba4bd-269c-4584-b8b0-9e395c694204 ] Request (FloatingIPDetailsTestJSON:test_get_floating_ip_details): 200 GET http://10.180.1.21/compute/v2.1/os-floating-ips/af9286e7-14e9-4b21-8b2c-2c6dc6b771f8 1.386s
2025-01-06 02:34:49.114 68753 INFO tempest.lib.common.rest_client [req-8dd4087c-734d-48e5-8237-fc9da6787c1d req-8dd4087c-734d-48e5-8237-fc9da6787c1d ] Request (NetworksTest:tearDownClass): 204 DELETE http://10.180.1.21/identity/v3/projects/c75441f938f545d7b14edc85784f60d9 0.087s
2025-01-06 02:34:49.114 68753 INFO tempest.lib.common.dynamic_creds [-] Deleting project and security group for project: 6bbde0786dcd44a3a8d35107f69040b2
2025-01-06 02:34:49.149 68731 INFO tempest.lib.common.rest_client [req-a66757a7-de02-4cc8-8a55-db297e0fe06f req-a66757a7-de02-4cc8-8a55-db297e0fe06f ] Request (DeleteServersAdminTestJSON:test_admin_delete_servers_of_others): 200 GET http://10.180.1.21/compute/v2.1/servers/eabb32a5-2905-403d-9ad4-cf12ecac4356 0.773s
2025-01-06 02:34:49.157 68731 INFO tempest.common.waiters [-] State transition "BUILD/None" ==> "BUILD/networking" after 8 second wait
2025-01-06 02:34:49.242 68727 INFO tempest.lib.common.rest_client [req-5e361a1d-e5b5-4256-9672-93c734a24769 req-5e361a1d-e5b5-4256-9672-93c734a24769 ] Request (ServerDiagnosticsV248Test:test_get_server_diagnostics): 200 GET http://10.180.1.21/compute/v2.1/servers/0a255d7d-7a66-4e6f-89b1-eab3c13f3516 0.757s
2025-01-06 02:34:49.259 68709 INFO tempest.lib.common.rest_client [req-1307cd14-7e07-47ca-a854-352bdc8ae915 req-1307cd14-7e07-47ca-a854-352bdc8ae915 ] Request (QuotasAdminTestJSON:test_get_updated_quotas): 200 GET http://10.180.1.21/compute/v2.1/os-quota-sets/cf7a15aba21b4d9aa19ba8bb1621d303/detail 0.794s
2025-01-06 02:34:49.268 68737 INFO tempest.lib.common.rest_client [req-cc8e4a8a-2811-456a-a1a0-7b95f4ff9dc7 req-cc8e4a8a-2811-456a-a1a0-7b95f4ff9dc7 ] Request (FlavorsV261TestJSON:_run_cleanups): 200 GET http://10.180.1.21/compute/v2.1/flavors/detail 0.697s
2025-01-06 02:34:49.280 68757 INFO tempest.lib.common.rest_client [req-5c2ea93a-eab7-4349-bc4b-92c813020c86 req-5c2ea93a-eab7-4349-bc4b-92c813020c86 ] Request (KeyPairsV2TestJSON:_run_cleanups): 202 DELETE http://10.180.1.21/compute/v2.1/os-keypairs/tempest-keypair-337880240 0.666s
2025-01-06 02:34:49.287 68743 INFO tempest.lib.common.rest_client [req-3bceefd6-70ac-422f-ada4-450fd2a38c62 req-3bceefd6-70ac-422f-ada4-450fd2a38c62 ] Request (FlavorsAccessNegativeTestJSON:test_flavor_access_list_with_public_flavor): 200 POST http://10.180.1.21/compute/v2.1/flavors 0.632s
2025-01-06 02:34:49.296 68709 INFO tempest.lib.common.rest_client [req-2b5a4cf5-c0c9-4cdb-b388-b42618fc1950 req-2b5a4cf5-c0c9-4cdb-b388-b42618fc1950 ] Request (QuotasAdminTestJSON:test_get_updated_quotas): 200 GET http://10.180.1.21/identity/v3/domains?name=Default 0.029s
2025-01-06 02:34:49.309 68739 INFO tempest.lib.common.rest_client [req-72795de4-ce68-455d-a5dd-528a30ea98a8 req-72795de4-ce68-455d-a5dd-528a30ea98a8 ] Request (ServicesAdminNegativeV253TestJSON:test_get_service_with_valid_service_and_invalid_host): 200 GET http://10.180.1.21/compute/v2.1/os-services 0.635s
2025-01-06 02:34:49.315 68741 INFO tempest.lib.common.rest_client [req-6de5087f-5943-48ad-b260-29927bc34a61 req-6de5087f-5943-48ad-b260-29927bc34a61 ] Request (HypervisorAdminNegativeTestJSON:test_show_hypervisor_with_non_admin_user): 403 GET http://10.180.1.21/compute/v2.1/os-hypervisors/1 0.595s
2025-01-06 02:34:49.316 68735 INFO tempest.lib.common.rest_client [req-0ac1853b-a9c4-4fce-b079-ad4ef300d48e req-0ac1853b-a9c4-4fce-b079-ad4ef300d48e ] Request (FlavorsAccessTestJSON:test_flavor_access_list_with_private_flavor): 200 POST http://10.180.1.21/compute/v2.1/flavors 0.609s
2025-01-06 02:34:49.344 68709 INFO tempest.lib.common.rest_client [req-9783b300-7ea9-44af-8ce8-4e918d0a1265 req-9783b300-7ea9-44af-8ce8-4e918d0a1265 ] Request (QuotasAdminTestJSON:test_get_updated_quotas): 201 POST http://10.180.1.21/identity/v3/users 0.047s
2025-01-06 02:34:49.373 68709 INFO tempest.lib.common.rest_client [req-563dc876-2741-4cf8-8468-62574eedd759 req-563dc876-2741-4cf8-8468-62574eedd759 ] Request (QuotasAdminTestJSON:test_get_updated_quotas): 200 GET http://10.180.1.21/identity/v3/domains?name=Default 0.028s
2025-01-06 02:34:49.409 68737 INFO tempest.lib.common.rest_client [req-16a57f06-1bad-426b-9bb6-ad9577f05755 req-16a57f06-1bad-426b-9bb6-ad9577f05755 ] Request (FlavorsV261TestJSON:tearDownClass): 204 DELETE http://10.180.1.21/identity/v3/users/c1cb2ac015574efcb4433a1c44213932 0.067s
2025-01-06 02:34:49.424 68707 INFO tempest.lib.common.rest_client [req-d9a688e0-4c87-4fdf-a270-8e0188a04e98 req-d9a688e0-4c87-4fdf-a270-8e0188a04e98 ] Request (ServersTestJSON:setUpClass): 200 GET http://10.180.1.21/compute/v2.1/servers/98c625bb-3a8e-4148-87eb-88683c9995b0 0.602s
2025-01-06 02:34:49.426 68717 INFO tempest.lib.common.rest_client [req-82674041-158b-4eb7-b3f9-c835957a09b4 req-82674041-158b-4eb7-b3f9-c835957a09b4 ] Request (FloatingIPsAssociationTestJSON:setUpClass): 200 GET http://10.180.1.21/compute/v2.1/servers/69eeee84-fcfd-4326-8384-79a1d5e01e9e 0.623s
2025-01-06 02:34:49.460 68755 INFO tempest.lib.common.rest_client [req-1d076b5a-5358-455f-ac9b-5d7fe59bac5f req-1d076b5a-5358-455f-ac9b-5d7fe59bac5f ] Request (AggregatesAdminNegativeTestJSON:_run_cleanups): 200 DELETE http://10.180.1.21/compute/v2.1/os-aggregates/2 0.514s
2025-01-06 02:34:49.489 68725 INFO tempest.lib.common.rest_client [req-950ea84c-07eb-450e-b1e2-eae9b7f19330 req-950ea84c-07eb-450e-b1e2-eae9b7f19330 ] Request (HostsAdminTestJSON:test_show_host_detail): 200 GET http://10.180.1.21/compute/v2.1/os-hosts 0.509s
2025-01-06 02:34:49.502 68721 INFO tempest.lib.common.rest_client [req-7f65a867-6393-435d-a8cb-11e8f4ced022 req-7f65a867-6393-435d-a8cb-11e8f4ced022 ] Request (FloatingIPsTestJSON:setUpClass): 200 PUT http://10.180.1.21:9696/networking/v2.0/routers/ebb8cdaa-482a-4ae4-b2e6-b765b10490b2/add_router_interface 3.633s
2025-01-06 02:34:49.502 68721 INFO tempest.lib.common.dynamic_creds [-] Created isolated network resources for: credentials: Credentials: {'domain_id': 'default', 'domain_name': 'Default', 'username': 'tempest-FloatingIPsTestJSON-1174190740-project-member', 'project_domain_id': 'default', 'project_domain_name': 'Default', 'project_id': '0ee8406b01bb45018c97d94c40f3e742', 'project_name': 'tempest-FloatingIPsTestJSON-1174190740', 'tenant_id': '0ee8406b01bb45018c97d94c40f3e742', 'tenant_name': 'tempest-FloatingIPsTestJSON-1174190740', 'user_domain_id': 'default', 'user_domain_name': 'Default', 'user_id': '5f3a89ca600c4de5849cb3eca0dbf9e1', 'system': None}, Network: {'id': '0868f48e-7a21-4473-8d16-31aeefcb7d12', 'name': 'tempest-FloatingIPsTestJSON-1284945141-network', 'tenant_id': '0ee8406b01bb45018c97d94c40f3e742', 'admin_state_up': True, 'mtu': 8950, 'status': 'ACTIVE', 'subnets': [], 'shared': False, 'project_id': '0ee8406b01bb45018c97d94c40f3e742', 'port_security_enabled': True, 'router:external': False, 'provider:network_type': 'vlan', 'provider:physical_network': 'default', 'provider:segmentation_id': 864, 'availability_zone_hints': [], 'availability_zones': [], 'ipv4_address_scope': None, 'ipv6_address_scope': None, 'description': '', 'tags': [], 'created_at': '2025-01-06T02:34:44Z', 'updated_at': '2025-01-06T02:34:44Z', 'revision_number': 1}, Subnet: {'id': '988200d9-8e36-4a1f-8a42-16bc3b58f03e', 'name': 'tempest-FloatingIPsTestJSON-1284945141-subnet', 'tenant_id': '0ee8406b01bb45018c97d94c40f3e742', 'network_id': '0868f48e-7a21-4473-8d16-31aeefcb7d12', 'ip_version': 4, 'subnetpool_id': None, 'enable_dhcp': True, 'ipv6_ra_mode': None, 'ipv6_address_mode': None, 'gateway_ip': '192.168.128.1', 'cidr': '192.168.128.0/28', 'allocation_pools': [{'start': '192.168.128.2', 'end': '192.168.128.14'}], 'host_routes': [], 'dns_nameservers': [], 'description': '', 'router:external': False, 'service_types': [], 'tags': [], 'created_at': '2025-01-06T02:34:44Z', 'updated_at': '2025-01-06T02:34:44Z', 'revision_number': 0, 'project_id': '0ee8406b01bb45018c97d94c40f3e742'}, Router: {'id': 'ebb8cdaa-482a-4ae4-b2e6-b765b10490b2', 'name': 'tempest-FloatingIPsTestJSON-1284945141-router', 'tenant_id': '0ee8406b01bb45018c97d94c40f3e742', 'admin_state_up': True, 'status': 'ACTIVE', 'external_gateway_info': {'network_id': '4718ccf8-eed1-4b6c-8d73-8f86de2b50ba', 'external_fixed_ips': [{'subnet_id': '9cf07a13-82bc-4a56-9fc6-d0ca25bc3901', 'ip_address': '10.180.180.253'}], 'enable_snat': True}, 'description': '', 'availability_zones': [], 'distributed': False, 'ha': False, 'availability_zone_hints': [], 'routes': [], 'flavor_id': None, 'tags': [], 'created_at': '2025-01-06T02:34:45Z', 'updated_at': '2025-01-06T02:34:45Z', 'revision_number': 2, 'project_id': '0ee8406b01bb45018c97d94c40f3e742'}
2025-01-06 02:34:49.508 68715 INFO tempest.lib.common.rest_client [req-86f635c2-a194-4ac4-a4d6-3b43046b0d83 req-86f635c2-a194-4ac4-a4d6-3b43046b0d83 ] Request (FlavorsExtraSpecsTestJSON:test_flavor_set_get_update_show_unset_keys): 200 GET http://10.180.1.21/compute/v2.1/flavors/1913954068/os-extra_specs 0.493s
2025-01-06 02:34:49.533 68759 INFO tempest.lib.common.rest_client [req-9968b787-f45c-4966-a193-2ac5aeb91288 req-9968b787-f45c-4966-a193-2ac5aeb91288 ] Request (ServicesAdminNegativeTestJSON:test_get_service_with_valid_service_and_invalid_host): 200 GET http://10.180.1.21/compute/v2.1/os-services?host=xxx&binary=nova-scheduler 0.500s
2025-01-06 02:34:49.534 68753 INFO tempest.lib.common.rest_client [req-8475bc90-7065-49d2-b1d6-4bf549212184 req-8475bc90-7065-49d2-b1d6-4bf549212184 ] Request (NetworksTest:tearDownClass): 200 GET http://10.180.1.21:9696/networking/v2.0/security-groups?tenant_id=6bbde0786dcd44a3a8d35107f69040b2&name=default 0.419s
2025-01-06 02:34:49.547 68765 INFO tempest.lib.common.rest_client [req-87aaf2c4-3125-41ac-9312-7f4dc5344515 req-87aaf2c4-3125-41ac-9312-7f4dc5344515 ] Request (ImagesNegativeTestJSON:test_create_image_from_deleted_server): 200 GET http://10.180.1.21/compute/v2.1/servers/ab38e291-8af6-4759-a504-a5926afa3e34 0.588s
2025-01-06 02:34:49.577 68737 INFO tempest.lib.common.rest_client [req-1e39999e-ef90-4efd-902f-7f7cf0f76ff1 req-1e39999e-ef90-4efd-902f-7f7cf0f76ff1 ] Request (FlavorsV261TestJSON:tearDownClass): 204 DELETE http://10.180.1.21/identity/v3/users/4c9fb3e1efb8450ebf4a48a13b8bff2b 0.167s
2025-01-06 02:34:49.577 68737 INFO tempest.lib.common.dynamic_creds [-] Deleting project and security group for project: ee8744a96261440786b134c80a1f6f94
2025-01-06 02:34:49.581 68745 INFO tempest.lib.common.rest_client [req-fb738067-0440-41bf-8914-e4dc2b028c64 req-fb738067-0440-41bf-8914-e4dc2b028c64 ] Request (FlavorsV255TestJSON:tearDownClass): 200 GET http://10.180.1.21:9696/networking/v2.0/security-groups?tenant_id=578730bcf0044869b8e71f932c5d0b45&name=default 0.581s
2025-01-06 02:34:49.613 68729 INFO tempest.lib.common.rest_client [req-9968e74e-efd0-4caa-abeb-560744b9523f req-9968e74e-efd0-4caa-abeb-560744b9523f ] Request (ImagesOneServerNegativeTestJSON:setUpClass): 201 POST http://10.180.1.21:9696/networking/v2.0/routers 2.183s
2025-01-06 02:34:49.639 68721 INFO tempest.lib.common.rest_client [req-a6fe9b6a-2013-4d2e-8323-7bef999ff876 req-a6fe9b6a-2013-4d2e-8323-7bef999ff876 ] Request (FloatingIPsTestJSON:setUpClass): 201 POST http://10.180.1.21/identity/v3/auth/tokens 0.132s
2025-01-06 02:34:49.655 68737 INFO tempest.lib.common.rest_client [req-0d67ab38-cb13-4b6e-8ab0-a98c36bef7a0 req-0d67ab38-cb13-4b6e-8ab0-a98c36bef7a0 ] Request (FlavorsV261TestJSON:tearDownClass): 201 POST http://10.180.1.21/identity/v3/auth/tokens 0.077s
2025-01-06 02:34:49.853 68713 INFO tempest.lib.common.rest_client [req-a6e2e871-27c9-4135-b6dc-bb6b80ae663c req-a6e2e871-27c9-4135-b6dc-bb6b80ae663c ] Request (ServerPasswordTestJSON:setUpClass): 200 GET http://10.180.1.21/compute/v2.1/servers/9f37120a-dd52-4f95-9a11-ae5bcf3565ba 0.815s
2025-01-06 02:34:49.954 68751 INFO tempest.lib.common.rest_client [req-ffc5f4ff-8fb6-40cb-bb33-59272fbc94fb req-ffc5f4ff-8fb6-40cb-bb33-59272fbc94fb ] Request (ServerExternalEventsTest:test_create_server_external_events): 200 GET http://10.180.1.21/compute/v2.1/servers/9d723a61-a652-4e89-9bf7-eb544d66b24f 0.846s
2025-01-06 02:34:49.995 68757 INFO tempest.lib.common.rest_client [req-79851f69-2719-43d1-9f7f-245916330483 req-79851f69-2719-43d1-9f7f-245916330483 ] Request (KeyPairsV2TestJSON:test_keypairs_create_list_delete): 200 POST http://10.180.1.21/compute/v2.1/os-keypairs 0.711s
2025-01-06 02:34:50.009 68743 INFO tempest.lib.common.rest_client [req-b1739a72-e0cf-4f78-870b-5182bfabf3a6 req-b1739a72-e0cf-4f78-870b-5182bfabf3a6 ] Request (FlavorsAccessNegativeTestJSON:test_flavor_access_list_with_public_flavor): 404 GET http://10.180.1.21/compute/v2.1/flavors/1788921424/os-flavor-access 0.715s
2025-01-06 02:34:50.068 68753 INFO tempest.lib.common.rest_client [req-52360d1e-a204-4ef0-aabe-693e957d95c9 req-52360d1e-a204-4ef0-aabe-693e957d95c9 ] Request (NetworksTest:tearDownClass): 204 DELETE http://10.180.1.21:9696/networking/v2.0/security-groups/db7f2334-8718-4fa6-b004-c8033f3ce9e0 0.533s
2025-01-06 02:34:50.071 68745 INFO tempest.lib.common.rest_client [req-11ff2f3b-0fbc-47d0-a8e6-cf914a7a33f5 req-11ff2f3b-0fbc-47d0-a8e6-cf914a7a33f5 ] Request (FlavorsV255TestJSON:tearDownClass): 204 DELETE http://10.180.1.21:9696/networking/v2.0/security-groups/b0f55085-1949-4b86-bd61-356d337d5625 0.490s
2025-01-06 02:34:50.143 68753 INFO tempest.lib.common.rest_client [req-010c6b2d-2ccd-407b-b6a1-fa1618039145 req-010c6b2d-2ccd-407b-b6a1-fa1618039145 ] Request (NetworksTest:tearDownClass): 204 DELETE http://10.180.1.21/identity/v3/projects/6bbde0786dcd44a3a8d35107f69040b2 0.075s
2025-01-06 02:34:50.145 68753 INFO tempest.test [-] raised in ServersOnMultiNodesTest.setUpClass. Invoking tearDownClass.
2025-01-06 02:34:50.220 68745 INFO tempest.lib.common.rest_client [req-afdb95f2-89c4-4c74-8569-28b16d140697 req-afdb95f2-89c4-4c74-8569-28b16d140697 ] Request (FlavorsV255TestJSON:tearDownClass): 204 DELETE http://10.180.1.21/identity/v3/projects/578730bcf0044869b8e71f932c5d0b45 0.149s
2025-01-06 02:34:50.221 68745 INFO tempest.lib.common.dynamic_creds [-] Deleting project and security group for project: 73b5481a575c41b9a8cdee163f299b64
2025-01-06 02:34:50.285 68753 INFO tempest.lib.common.rest_client [req-3e911c0e-19a6-49ea-824a-35207bef2a8f req-3e911c0e-19a6-49ea-824a-35207bef2a8f ] Request (ServersTestBootFromVolume:setUpClass): 201 POST http://10.180.1.21/identity/v3/auth/tokens 0.136s
2025-01-06 02:34:50.345 68753 INFO tempest.lib.common.rest_client [req-d2465b2f-99de-4406-bf14-33ace7c9a2ea req-d2465b2f-99de-4406-bf14-33ace7c9a2ea ] Request (ServersTestBootFromVolume:setUpClass): 201 POST http://10.180.1.21/identity/v3/auth/tokens 0.052s
2025-01-06 02:34:50.376 68737 INFO tempest.lib.common.rest_client [req-fe515eed-808d-4e29-836d-c5cabe53c2d9 req-fe515eed-808d-4e29-836d-c5cabe53c2d9 ] Request (FlavorsV261TestJSON:tearDownClass): 200 GET http://10.180.1.21:9696/networking/v2.0/security-groups?tenant_id=ee8744a96261440786b134c80a1f6f94&name=default 0.721s
2025-01-06 02:34:50.378 68753 INFO tempest.lib.common.rest_client [req-53903f89-d518-4cd7-b4a5-700252c650ea req-53903f89-d518-4cd7-b4a5-700252c650ea ] Request (ServersTestBootFromVolume:setUpClass): 200 GET http://10.180.1.21/identity/v3/domains?name=Default 0.033s
2025-01-06 02:34:50.418 68753 INFO tempest.lib.common.rest_client [req-a497e912-6e5a-4e20-9762-fd12f0b3c6b5 req-a497e912-6e5a-4e20-9762-fd12f0b3c6b5 ] Request (ServersTestBootFromVolume:setUpClass): 201 POST http://10.180.1.21/identity/v3/projects 0.039s
2025-01-06 02:34:50.432 68723 INFO tempest.lib.common.rest_client [req-fd394230-3f03-4139-a7b1-d8a5f49bde40 req-fd394230-3f03-4139-a7b1-d8a5f49bde40 ] Request (ServerDiagnosticsNegativeTest:test_get_server_diagnostics_by_non_admin): 200 GET http://10.180.1.21/compute/v2.1/servers/cd4627a3-03ee-4d91-ac3f-0eae930198be 1.129s
2025-01-06 02:34:50.443 68741 INFO tempest.lib.common.rest_client [req-be6eae3e-d633-4365-a5a3-46fdab086311 req-be6eae3e-d633-4365-a5a3-46fdab086311 ] Request (HypervisorAdminNegativeTestJSON:test_show_nonexistent_hypervisor): 404 GET http://10.180.1.21/compute/v2.1/os-hypervisors/2e3b53c0-b8bd-4179-816f-cd662ca76505 1.127s
2025-01-06 02:34:50.479 68739 INFO tempest.lib.common.rest_client [req-c6a407f3-ada9-48eb-b3e2-137b81336d2b req-c6a407f3-ada9-48eb-b3e2-137b81336d2b ] Request (ServicesAdminNegativeV253TestJSON:test_get_service_with_valid_service_and_invalid_host): 200 GET http://10.180.1.21/compute/v2.1/os-services?host=xxx&binary=nova-scheduler 1.167s
2025-01-06 02:34:50.492 68753 INFO tempest.lib.common.rest_client [req-a5546108-9517-45c5-a421-cf4d46cda422 req-a5546108-9517-45c5-a421-cf4d46cda422 ] Request (ServersTestBootFromVolume:setUpClass): 201 POST http://10.180.1.21/identity/v3/users 0.073s
2025-01-06 02:34:50.497 68735 INFO tempest.lib.common.rest_client [req-c80ebe94-da2d-4af2-ab7a-6b712e960372 req-c80ebe94-da2d-4af2-ab7a-6b712e960372 ] Request (FlavorsAccessTestJSON:test_flavor_access_list_with_private_flavor): 200 GET http://10.180.1.21/compute/v2.1/flavors/373436303/os-flavor-access 1.173s
2025-01-06 02:34:50.533 68753 INFO tempest.lib.common.rest_client [req-0c8dc55e-ccbc-4ac9-9c03-91d818f53643 req-0c8dc55e-ccbc-4ac9-9c03-91d818f53643 ] Request (ServersTestBootFromVolume:setUpClass): 200 GET http://10.180.1.21/identity/v3/roles 0.041s
2025-01-06 02:34:50.537 68719 INFO tempest.lib.common.rest_client [req-968e59b4-d840-4ac4-b912-e4282b92da4e req-968e59b4-d840-4ac4-b912-e4282b92da4e ] Request (ListImageFiltersTestJSON:setUpClass): 204 PUT http://10.180.1.21/image/v2/images/1d2ad819-6bc5-4383-af4e-5624f656d0f3/file 0.823s
2025-01-06 02:34:50.572 68753 INFO tempest.lib.common.rest_client [req-ddb71b38-6efe-4ff4-9edd-a3313442324d req-ddb71b38-6efe-4ff4-9edd-a3313442324d ] Request (ServersTestBootFromVolume:setUpClass): 204 PUT http://10.180.1.21/identity/v3/projects/c3cec521bc6149ebb5d1ade9791ac3b0/users/b47d155012464658b0641ae18c1bcd0d/roles/9d51bf75b8b441bb80d8e053e864b2d3 0.038s
2025-01-06 02:34:50.572 68753 INFO tempest.lib.common.dynamic_creds [-] Dynamic test user b47d155012464658b0641ae18c1bcd0d is created with scope project and roles: ['member']
2025-01-06 02:34:50.573 68753 INFO tempest.lib.common.dynamic_creds [-] Acquired dynamic creds: credentials: Credentials: {'domain_id': 'default', 'domain_name': 'Default', 'username': 'tempest-ServersTestBootFromVolume-1799302222-project-member', 'project_domain_id': 'default', 'project_domain_name': 'Default', 'project_id': 'c3cec521bc6149ebb5d1ade9791ac3b0', 'project_name': 'tempest-ServersTestBootFromVolume-1799302222', 'tenant_id': 'c3cec521bc6149ebb5d1ade9791ac3b0', 'tenant_name': 'tempest-ServersTestBootFromVolume-1799302222', 'user_domain_id': 'default', 'user_domain_name': 'Default', 'user_id': 'b47d155012464658b0641ae18c1bcd0d', 'system': None}, Network: None, Subnet: None, Router: None
2025-01-06 02:34:50.583 68741 INFO tempest.lib.common.rest_client [req-010f0a48-8e63-42fc-a106-1289d7da3230 req-010f0a48-8e63-42fc-a106-1289d7da3230 ] Request (HypervisorAdminNegativeTestJSON:tearDownClass): 204 DELETE http://10.180.1.21/identity/v3/users/af5aca6cddd541218cd8772b0b779024 0.138s
2025-01-06 02:34:50.649 68753 INFO tempest.lib.common.rest_client [req-0c8c7e53-f00b-4a6a-ba32-88e68d08413b req-0c8c7e53-f00b-4a6a-ba32-88e68d08413b ] Request (ServersTestBootFromVolume:setUpClass): 201 POST http://10.180.1.21/identity/v3/auth/tokens 0.076s
2025-01-06 02:34:50.661 68745 INFO tempest.lib.common.rest_client [req-0030cb97-a7e5-4917-ae05-454e1cfd7abe req-0030cb97-a7e5-4917-ae05-454e1cfd7abe ] Request (FlavorsV255TestJSON:tearDownClass): 200 GET http://10.180.1.21:9696/networking/v2.0/security-groups?tenant_id=73b5481a575c41b9a8cdee163f299b64&name=default 0.440s
2025-01-06 02:34:50.705 68763 INFO tempest.lib.common.rest_client [req-0782ae49-8082-4f01-80a8-d76072c6b2c4 req-0782ae49-8082-4f01-80a8-d76072c6b2c4 ] Request (InstanceActionsTestJSON:setUpClass): 201 POST http://10.180.1.21:9696/networking/v2.0/routers 2.224s
2025-01-06 02:34:50.749 68733 INFO tempest.lib.common.rest_client [req-0c4c6335-a4d3-4801-b385-c20d97d3a4d3 req-0c4c6335-a4d3-4801-b385-c20d97d3a4d3 ] Request (VolumesAssistedSnapshotsTest:test_volume_assisted_snapshot_create_delete): 201 POST http://10.180.1.21:9696/networking/v2.0/floatingips 2.297s
2025-01-06 02:34:50.764 68741 INFO tempest.lib.common.rest_client [req-351e8d66-f91a-49c7-8905-2ce6011ba21a req-351e8d66-f91a-49c7-8905-2ce6011ba21a ] Request (HypervisorAdminNegativeTestJSON:tearDownClass): 204 DELETE http://10.180.1.21/identity/v3/users/6872373e0f744cbe9c2566acc8107da1 0.181s
2025-01-06 02:34:50.765 68741 INFO tempest.lib.common.dynamic_creds [-] Deleting project and security group for project: 97bad70ab02548f0889965ba9bd25dbf
2025-01-06 02:34:50.766 68737 INFO tempest.lib.common.rest_client [req-0c14846b-ea1f-4027-ad90-2a2684840fc8 req-0c14846b-ea1f-4027-ad90-2a2684840fc8 ] Request (FlavorsV261TestJSON:tearDownClass): 204 DELETE http://10.180.1.21:9696/networking/v2.0/security-groups/77aa6af8-7327-4597-b99c-4fc4e79715c8 0.389s
2025-01-06 02:34:50.863 68733 INFO tempest.lib.common.rest_client [req-10b7b609-ab30-488f-a140-e17260b1cb08 req-10b7b609-ab30-488f-a140-e17260b1cb08 ] Request (VolumesAssistedSnapshotsTest:test_volume_assisted_snapshot_create_delete): 201 POST http://10.180.1.21/identity/v3/auth/tokens 0.110s
2025-01-06 02:34:50.863 68733 INFO tempest.lib.common.fixed_network [-] (VolumesAssistedSnapshotsTest:test_volume_assisted_snapshot_create_delete) Found network {'id': '6ffe0af5-088f-4adb-98db-333af5d38bed', 'name': 'tempest-VolumesAssistedSnapshotsTest-1821198798-network', 'tenant_id': 'ced294486434485a8664ea79dd870d09', 'admin_state_up': True, 'mtu': 8950, 'status': 'ACTIVE', 'subnets': [], 'shared': False, 'project_id': 'ced294486434485a8664ea79dd870d09', 'port_security_enabled': True, 'router:external': False, 'provider:network_type': 'vlan', 'provider:physical_network': 'default', 'provider:segmentation_id': 96, 'availability_zone_hints': [], 'availability_zones': [], 'ipv4_address_scope': None, 'ipv6_address_scope': None, 'description': '', 'tags': [], 'created_at': '2025-01-06T02:34:33Z', 'updated_at': '2025-01-06T02:34:33Z', 'revision_number': 1} available for tenant
2025-01-06 02:34:50.893 68741 INFO tempest.lib.common.rest_client [req-5c824e9c-d423-43ab-948c-93ab67158a7b req-5c824e9c-d423-43ab-948c-93ab67158a7b ] Request (HypervisorAdminNegativeTestJSON:tearDownClass): 201 POST http://10.180.1.21/identity/v3/auth/tokens 0.127s
2025-01-06 02:34:50.914 68709 INFO tempest.lib.common.rest_client [req-4e8226f7-b9da-4220-a6e5-42aed3f83b08 req-4e8226f7-b9da-4220-a6e5-42aed3f83b08 ] Request (QuotasAdminTestJSON:test_get_updated_quotas): 200 PUT http://10.180.1.21/compute/v2.1/os-quota-sets/cf7a15aba21b4d9aa19ba8bb1621d303?user_id=6602b364745b4ccf8c355ba63fa3a02c 1.540s
2025-01-06 02:34:50.943 68755 INFO tempest.lib.common.rest_client [req-35eb0d93-714d-4354-8ee8-6b0be6528ce6 req-35eb0d93-714d-4354-8ee8-6b0be6528ce6 ] Request (AggregatesAdminNegativeTestJSON:test_aggregate_add_non_exist_host): 200 POST http://10.180.1.21/compute/v2.1/os-aggregates 1.481s
2025-01-06 02:34:50.942 68737 INFO tempest.lib.common.rest_client [req-cc002a6c-f8c0-4aa7-bcd1-6c54f4446a74 req-cc002a6c-f8c0-4aa7-bcd1-6c54f4446a74 ] Request (FlavorsV261TestJSON:tearDownClass): 204 DELETE http://10.180.1.21/identity/v3/projects/ee8744a96261440786b134c80a1f6f94 0.176s
2025-01-06 02:34:50.944 68737 INFO tempest.lib.common.dynamic_creds [-] Deleting project and security group for project: 221479188bee4250b31038375582a0cc
2025-01-06 02:34:50.982 68745 INFO tempest.lib.common.rest_client [req-8a6598bb-32bb-4e99-a42e-16e9474d1cb5 req-8a6598bb-32bb-4e99-a42e-16e9474d1cb5 ] Request (FlavorsV255TestJSON:tearDownClass): 204 DELETE http://10.180.1.21:9696/networking/v2.0/security-groups/84f21829-e154-4c60-bd73-7215017badd9 0.320s
2025-01-06 02:34:51.125 68745 INFO tempest.lib.common.rest_client [req-e44cae9d-86be-4926-b840-c28e1d1dcc37 req-e44cae9d-86be-4926-b840-c28e1d1dcc37 ] Request (FlavorsV255TestJSON:tearDownClass): 204 DELETE http://10.180.1.21/identity/v3/projects/73b5481a575c41b9a8cdee163f299b64 0.142s
2025-01-06 02:34:51.206 68745 INFO tempest.lib.common.rest_client [req-4cb39d62-4ee0-4e86-b430-2ba5b994d59e req-4cb39d62-4ee0-4e86-b430-2ba5b994d59e ] Request (ServersAdmin275Test:setUpClass): 201 POST http://10.180.1.21/identity/v3/auth/tokens 0.079s
2025-01-06 02:34:51.242 68745 INFO tempest.lib.common.rest_client [req-cc6d16ab-265b-4eba-b0d1-2efb32db4b4d req-cc6d16ab-265b-4eba-b0d1-2efb32db4b4d ] Request (ServersAdmin275Test:setUpClass): 201 POST http://10.180.1.21/identity/v3/auth/tokens 0.034s
2025-01-06 02:34:51.275 68745 INFO tempest.lib.common.rest_client [req-92a224cc-4f31-4dad-9145-f7793c32c97e req-92a224cc-4f31-4dad-9145-f7793c32c97e ] Request (ServersAdmin275Test:setUpClass): 200 GET http://10.180.1.21/identity/v3/domains?name=Default 0.032s
2025-01-06 02:34:51.311 68745 INFO tempest.lib.common.rest_client [req-5c76b899-cefe-49e8-a482-668fa6d22e06 req-5c76b899-cefe-49e8-a482-668fa6d22e06 ] Request (ServersAdmin275Test:setUpClass): 201 POST http://10.180.1.21/identity/v3/projects 0.035s
2025-01-06 02:34:51.312 68711 INFO tempest.lib.common.rest_client [req-277ef37f-f9a3-469d-b9c8-44903dcb8066 req-277ef37f-f9a3-469d-b9c8-44903dcb8066 ] Request (ImagesTestJSON:test_create_image_from_stopped_server): 200 GET http://10.180.1.21/compute/v2.1/servers/d686e8e0-41bf-4e2a-964a-b6ffc09f8e58 1.826s
2025-01-06 02:34:51.357 68725 INFO tempest.lib.common.rest_client [req-da0e94b5-d27f-4962-b825-7b653e85920b req-da0e94b5-d27f-4962-b825-7b653e85920b ] Request (HostsAdminTestJSON:test_show_host_detail): 200 GET http://10.180.1.21/compute/v2.1/os-hosts/cpu-1 1.866s
2025-01-06 02:34:51.362 68747 INFO tempest.lib.common.rest_client [req-75702779-b4b1-4aac-9311-b28b4b98d0b1 req-75702779-b4b1-4aac-9311-b28b4b98d0b1 ] Request (FloatingIPDetailsTestJSON:_run_cleanups): 202 DELETE http://10.180.1.21/compute/v2.1/os-floating-ips/af9286e7-14e9-4b21-8b2c-2c6dc6b771f8 2.268s
2025-01-06 02:34:51.384 68715 INFO tempest.lib.common.rest_client [req-1db5efbc-a9d9-4ae7-a607-8d297cdf6e0e req-1db5efbc-a9d9-4ae7-a607-8d297cdf6e0e ] Request (FlavorsExtraSpecsTestJSON:test_flavor_set_get_update_show_unset_keys): 200 DELETE http://10.180.1.21/compute/v2.1/flavors/1913954068/os-extra_specs/hw:numa_nodes 1.873s
2025-01-06 02:34:51.398 68745 INFO tempest.lib.common.rest_client [req-00461046-becd-4d95-968c-a352253f9a58 req-00461046-becd-4d95-968c-a352253f9a58 ] Request (ServersAdmin275Test:setUpClass): 201 POST http://10.180.1.21/identity/v3/users 0.086s
2025-01-06 02:34:51.408 68741 INFO tempest.lib.common.rest_client [req-cdb3ce99-8b30-48ec-8af5-cafbb10a21ad req-cdb3ce99-8b30-48ec-8af5-cafbb10a21ad ] Request (HypervisorAdminNegativeTestJSON:tearDownClass): 200 GET http://10.180.1.21:9696/networking/v2.0/security-groups?tenant_id=97bad70ab02548f0889965ba9bd25dbf&name=default 0.514s
2025-01-06 02:34:51.443 68737 INFO tempest.lib.common.rest_client [req-792341ad-ff97-44e6-bede-83a849f4a0f2 req-792341ad-ff97-44e6-bede-83a849f4a0f2 ] Request (FlavorsV261TestJSON:tearDownClass): 200 GET http://10.180.1.21:9696/networking/v2.0/security-groups?tenant_id=221479188bee4250b31038375582a0cc&name=default 0.499s
2025-01-06 02:34:51.481 68767 INFO tempest.lib.common.rest_client [req-0d17259e-0853-4383-bedf-8bd6ee56c968 req-0d17259e-0853-4383-bedf-8bd6ee56c968 ] Request (ServersAdminNegativeTestJSON:setUpClass): 200 GET http://10.180.1.21/compute/v2.1/servers/ba49ff78-a55c-4fb7-acf4-c77c53bd82e0 1.908s
2025-01-06 02:34:51.523 68725 INFO tempest.lib.common.rest_client [req-99c72299-a3da-4d25-8a49-30b28ab55b6e req-99c72299-a3da-4d25-8a49-30b28ab55b6e ] Request (HostsAdminTestJSON:tearDownClass): 204 DELETE http://10.180.1.21/identity/v3/users/5d411012d693429488bb247d7137c0a4 0.164s
2025-01-06 02:34:51.585 68745 INFO tempest.lib.common.rest_client [req-b6b86c8e-daef-441e-8b82-58c878a008b3 req-b6b86c8e-daef-441e-8b82-58c878a008b3 ] Request (ServersAdmin275Test:setUpClass): 200 GET http://10.180.1.21/identity/v3/roles 0.186s
2025-01-06 02:34:51.614 68753 INFO tempest.lib.common.rest_client [req-cd3f9bd7-0457-4414-be62-f8e11d535be2 req-cd3f9bd7-0457-4414-be62-f8e11d535be2 ] Request (ServersTestBootFromVolume:setUpClass): 201 POST http://10.180.1.21:9696/networking/v2.0/networks 0.964s
2025-01-06 02:34:51.620 68759 INFO tempest.lib.common.rest_client [req-929461ab-4b9e-4710-bdde-7d3da456bd77 req-929461ab-4b9e-4710-bdde-7d3da456bd77 ] Request (ServicesAdminNegativeTestJSON:test_list_services_with_non_admin_user): 403 GET http://10.180.1.21/compute/v2.1/os-services 2.081s
2025-01-06 02:34:51.751 68745 INFO tempest.lib.common.rest_client [req-e3a77e10-0875-43a1-91a2-134d8e0d2a16 req-e3a77e10-0875-43a1-91a2-134d8e0d2a16 ] Request (ServersAdmin275Test:setUpClass): 204 PUT http://10.180.1.21/identity/v3/projects/154bab8fc4cd4d419c81fdd6062366d0/users/c7f9140722354959b767df15b02e457d/roles/9d51bf75b8b441bb80d8e053e864b2d3 0.166s
2025-01-06 02:34:51.751 68745 INFO tempest.lib.common.dynamic_creds [-] Dynamic test user c7f9140722354959b767df15b02e457d is created with scope project and roles: ['member']
2025-01-06 02:34:51.752 68745 INFO tempest.lib.common.dynamic_creds [-] Acquired dynamic creds: credentials: Credentials: {'domain_id': 'default', 'domain_name': 'Default', 'username': 'tempest-ServersAdmin275Test-1137017841-project-member', 'project_domain_id': 'default', 'project_domain_name': 'Default', 'project_id': '154bab8fc4cd4d419c81fdd6062366d0', 'project_name': 'tempest-ServersAdmin275Test-1137017841', 'tenant_id': '154bab8fc4cd4d419c81fdd6062366d0', 'tenant_name': 'tempest-ServersAdmin275Test-1137017841', 'user_domain_id': 'default', 'user_domain_name': 'Default', 'user_id': 'c7f9140722354959b767df15b02e457d', 'system': None}, Network: None, Subnet: None, Router: None
2025-01-06 02:34:51.752 68745 INFO tempest.lib.common.dynamic_creds [-] Created isolated network resources for: credentials: Credentials: {'domain_id': 'default', 'domain_name': 'Default', 'username': 'tempest-ServersAdmin275Test-1137017841-project-member', 'project_domain_id': 'default', 'project_domain_name': 'Default', 'project_id': '154bab8fc4cd4d419c81fdd6062366d0', 'project_name': 'tempest-ServersAdmin275Test-1137017841', 'tenant_id': '154bab8fc4cd4d419c81fdd6062366d0', 'tenant_name': 'tempest-ServersAdmin275Test-1137017841', 'user_domain_id': 'default', 'user_domain_name': 'Default', 'user_id': 'c7f9140722354959b767df15b02e457d', 'system': None}, Network: None, Subnet: None, Router: None
2025-01-06 02:34:51.786 68749 INFO tempest.lib.common.rest_client [req-f61f6716-55d9-4d27-812b-768c123a0bda req-f61f6716-55d9-4d27-812b-768c123a0bda ] Request (MigrationsAdminTest:test_list_migrations_in_flavor_resize_situation): 200 GET http://10.180.1.21/compute/v2.1/servers/f964b631-4f16-4ba9-b0e2-61b99b1e3bf1 2.011s
2025-01-06 02:34:51.803 68725 INFO tempest.lib.common.rest_client [req-603081bf-0cd6-4426-b745-61385d044f12 req-603081bf-0cd6-4426-b745-61385d044f12 ] Request (HostsAdminTestJSON:tearDownClass): 204 DELETE http://10.180.1.21/identity/v3/users/6a23fde18208474ba73f1f755aa1969c 0.280s
2025-01-06 02:34:51.803 68725 INFO tempest.lib.common.dynamic_creds [-] Deleting project and security group for project: e684886006dd48f6b77fd2f7196edf1a
2025-01-06 02:34:51.831 68757 INFO tempest.lib.common.rest_client [req-4de66183-cbe9-4e6b-86b1-9b5d40350416 req-4de66183-cbe9-4e6b-86b1-9b5d40350416 ] Request (KeyPairsV2TestJSON:test_keypairs_create_list_delete): 200 POST http://10.180.1.21/compute/v2.1/os-keypairs 1.835s
2025-01-06 02:34:51.850 68743 INFO tempest.lib.common.rest_client [req-af63a560-cff3-48c1-9b3d-918c0c3802fb req-af63a560-cff3-48c1-9b3d-918c0c3802fb ] Request (FlavorsAccessNegativeTestJSON:_run_cleanups): 202 DELETE http://10.180.1.21/compute/v2.1/flavors/1788921424 1.840s
2025-01-06 02:34:51.890 68745 INFO tempest.lib.common.rest_client [req-aa0f6ee6-9e6c-4ec3-8bc3-d92f49cf55c2 req-aa0f6ee6-9e6c-4ec3-8bc3-d92f49cf55c2 ] Request (ServersAdmin275Test:setUpClass): 201 POST http://10.180.1.21/identity/v3/auth/tokens 0.133s
2025-01-06 02:34:51.897 68759 INFO tempest.lib.common.rest_client [req-124dcb98-3f27-4699-925b-0130af088fcc req-124dcb98-3f27-4699-925b-0130af088fcc ] Request (ServicesAdminNegativeTestJSON:tearDownClass): 204 DELETE http://10.180.1.21/identity/v3/users/6d09e2b4b4db4e1f8f1b92cf13dc6333 0.273s
2025-01-06 02:34:51.956 68745 INFO tempest.lib.common.rest_client [req-fceba076-7038-4a66-84f2-84f096e92356 req-fceba076-7038-4a66-84f2-84f096e92356 ] Request (ServersAdmin275Test:setUpClass): 201 POST http://10.180.1.21/identity/v3/projects 0.065s
2025-01-06 02:34:51.965 68725 INFO tempest.lib.common.rest_client [req-a4800816-4dab-4c3f-9016-b700e15b1ef6 req-a4800816-4dab-4c3f-9016-b700e15b1ef6 ] Request (HostsAdminTestJSON:tearDownClass): 201 POST http://10.180.1.21/identity/v3/auth/tokens 0.161s
2025-01-06 02:34:51.994 68741 INFO tempest.lib.common.rest_client [req-43a96b42-1596-4915-a0a7-55463d124329 req-43a96b42-1596-4915-a0a7-55463d124329 ] Request (HypervisorAdminNegativeTestJSON:tearDownClass): 204 DELETE http://10.180.1.21:9696/networking/v2.0/security-groups/dfe18d9d-57f6-46ca-b58f-311b14f043b2 0.585s
2025-01-06 02:34:52.039 68745 INFO tempest.lib.common.rest_client [req-4bb6f1fd-697b-4530-ac8d-a1919af59e29 req-4bb6f1fd-697b-4530-ac8d-a1919af59e29 ] Request (ServersAdmin275Test:setUpClass): 201 POST http://10.180.1.21/identity/v3/users 0.082s
2025-01-06 02:34:52.041 68759 INFO tempest.lib.common.rest_client [req-9995b7d3-1997-4861-ab8c-957c8e696262 req-9995b7d3-1997-4861-ab8c-957c8e696262 ] Request (ServicesAdminNegativeTestJSON:tearDownClass): 204 DELETE http://10.180.1.21/identity/v3/users/2e7b42a0fad140b5921b9114eb888947 0.144s
2025-01-06 02:34:52.042 68759 INFO tempest.lib.common.dynamic_creds [-] Deleting project and security group for project: be4f5f92f26b4fc5a5711f4b711621c3
2025-01-06 02:34:52.043 68737 INFO tempest.lib.common.rest_client [req-8a8f6e83-1641-4640-9b52-20a8dc34d04e req-8a8f6e83-1641-4640-9b52-20a8dc34d04e ] Request (FlavorsV261TestJSON:tearDownClass): 204 DELETE http://10.180.1.21:9696/networking/v2.0/security-groups/fd210879-160b-4d10-b20a-0a3dddaf037a 0.600s
2025-01-06 02:34:52.132 68753 INFO tempest.lib.common.rest_client [req-590db296-a920-483a-952a-24041dc4e0d0 req-590db296-a920-483a-952a-24041dc4e0d0 ] Request (ServersTestBootFromVolume:setUpClass): 201 POST http://10.180.1.21:9696/networking/v2.0/subnets 0.517s
2025-01-06 02:34:52.148 68741 INFO tempest.lib.common.rest_client [req-7e04b283-a6cc-4f98-a336-f172b725e146 req-7e04b283-a6cc-4f98-a336-f172b725e146 ] Request (HypervisorAdminNegativeTestJSON:tearDownClass): 204 DELETE http://10.180.1.21/identity/v3/projects/97bad70ab02548f0889965ba9bd25dbf 0.152s
2025-01-06 02:34:52.148 68741 INFO tempest.lib.common.dynamic_creds [-] Deleting project and security group for project: d0c232f5d4cb4a0691453fdeace096ca
2025-01-06 02:34:52.175 68759 INFO tempest.lib.common.rest_client [req-6be9b7be-90dc-4118-a53b-fa5056d4bc40 req-6be9b7be-90dc-4118-a53b-fa5056d4bc40 ] Request (ServicesAdminNegativeTestJSON:tearDownClass): 201 POST http://10.180.1.21/identity/v3/auth/tokens 0.133s
2025-01-06 02:34:52.202 68745 INFO tempest.lib.common.rest_client [req-1cfc1e0c-78fc-4e1f-8f35-2534315b9aa5 req-1cfc1e0c-78fc-4e1f-8f35-2534315b9aa5 ] Request (ServersAdmin275Test:setUpClass): 200 GET http://10.180.1.21/identity/v3/roles 0.162s
2025-01-06 02:34:52.249 68737 INFO tempest.lib.common.rest_client [req-04a89a44-a386-41cc-83e8-4646d1777af2 req-04a89a44-a386-41cc-83e8-4646d1777af2 ] Request (FlavorsV261TestJSON:tearDownClass): 204 DELETE http://10.180.1.21/identity/v3/projects/221479188bee4250b31038375582a0cc 0.205s
2025-01-06 02:34:52.263 68731 INFO tempest.lib.common.rest_client [req-73fad351-d326-4c0b-bca3-afa65d74c423 req-73fad351-d326-4c0b-bca3-afa65d74c423 ] Request (DeleteServersAdminTestJSON:test_admin_delete_servers_of_others): 200 GET http://10.180.1.21/compute/v2.1/servers/eabb32a5-2905-403d-9ad4-cf12ecac4356 2.104s
2025-01-06 02:34:52.274 68731 INFO tempest.common.waiters [-] State transition "BUILD/networking" ==> "BUILD/spawning" after 11 second wait
2025-01-06 02:34:52.318 68745 INFO tempest.lib.common.rest_client [req-c2ea618f-4794-4dc2-846a-364e84b62151 req-c2ea618f-4794-4dc2-846a-364e84b62151 ] Request (ServersAdmin275Test:setUpClass): 204 PUT http://10.180.1.21/identity/v3/projects/16c51066e8124e1784bd8bd2c09d45e9/users/b741da55151345ebaf7a85fb34a435bc/roles/4e84d966b1b44fd8a90a91947ea1c91e 0.115s
2025-01-06 02:34:52.356 68727 INFO tempest.lib.common.rest_client [req-daa29075-800f-4832-985e-f04d13e50bd7 req-daa29075-800f-4832-985e-f04d13e50bd7 ] Request (ServerDiagnosticsV248Test:test_get_server_diagnostics): 200 GET http://10.180.1.21/compute/v2.1/servers/0a255d7d-7a66-4e6f-89b1-eab3c13f3516 2.105s
2025-01-06 02:34:52.367 68727 INFO tempest.common.waiters [-] State transition "BUILD/spawning" ==> "ACTIVE/None" after 15 second wait
2025-01-06 02:34:52.373 68737 INFO tempest.lib.common.rest_client [req-39eb7aff-a34d-4146-8c09-0a8c982f0a0a req-39eb7aff-a34d-4146-8c09-0a8c982f0a0a ] Request (ImagesMetadataNegativeTestJSON:setUpClass): 201 POST http://10.180.1.21/identity/v3/auth/tokens 0.121s
