2025-01-06 02:36:54.048 68731 INFO tempest.lib.common.rest_client [req-48adcfde-186f-4ee8-a9f6-fa44dd946fb6 req-48adcfde-186f-4ee8-a9f6-fa44dd946fb6 ] Request (DeleteServersAdminTestJSON:tearDownClass): 404 DELETE http://10.180.1.21/compute/v2.1/servers/1407dcbc-362b-443b-955d-153fbd034127 0.104s
2025-01-06 02:36:54.087 68747 INFO tempest.lib.common.rest_client [req-25799f9e-3578-42a6-b9a7-3e07969a361d req-25799f9e-3578-42a6-b9a7-3e07969a361d ] Request (ServerMetadataTestJSON:tearDownClass): 200 GET http://10.180.1.21/compute/v2.1/servers/ac23fcd3-6f7c-4c50-90bf-7ff128e9aea1 0.238s
2025-01-06 02:36:54.120 68709 INFO tempest.lib.common.rest_client [req-d2beaa88-782b-4bb7-acb7-ba4ece242592 req-d2beaa88-782b-4bb7-acb7-ba4ece242592 ] Request (ServerAddressesNegativeTestJSON:tearDownClass): 200 GET http://10.180.1.21/compute/v2.1/servers/ee8dddb0-4028-4718-9644-701b27dafd1a 0.171s
2025-01-06 02:36:54.169 68757 INFO tempest.lib.common.rest_client [req-1e6ca986-64ba-4ab1-9941-cd645c0b1d09 req-1e6ca986-64ba-4ab1-9941-cd645c0b1d09 ] Request (AttachVolumeNegativeTest:setUpClass): 200 PUT http://10.180.1.21:9696/networking/v2.0/routers/aebcd922-bc81-45ba-99f4-3a2261546cb8/add_router_interface 1.051s
2025-01-06 02:36:54.169 68757 INFO tempest.lib.common.dynamic_creds [-] Created isolated network resources for: credentials: Credentials: {'domain_id': 'default', 'domain_name': 'Default', 'username': 'tempest-AttachVolumeNegativeTest-1264337012-project-member', 'project_domain_id': 'default', 'project_domain_name': 'Default', 'project_id': '3b4bdd51702e41f09e96d77d095278aa', 'project_name': 'tempest-AttachVolumeNegativeTest-1264337012', 'tenant_id': '3b4bdd51702e41f09e96d77d095278aa', 'tenant_name': 'tempest-AttachVolumeNegativeTest-1264337012', 'user_domain_id': 'default', 'user_domain_name': 'Default', 'user_id': '16ba79e4ef3f498c8543b25f329c8e3b', 'system': None}, Network: {'id': '5fe84792-f4cc-42e7-95cf-a5a63377aa06', 'name': 'tempest-AttachVolumeNegativeTest-1765097115-network', 'tenant_id': '3b4bdd51702e41f09e96d77d095278aa', 'admin_state_up': True, 'mtu': 8950, 'status': 'ACTIVE', 'subnets': [], 'shared': False, 'project_id': '3b4bdd51702e41f09e96d77d095278aa', 'port_security_enabled': True, 'router:external': False, 'provider:network_type': 'vlan', 'provider:physical_network': 'default', 'provider:segmentation_id': 572, 'availability_zone_hints': [], 'availability_zones': [], 'ipv4_address_scope': None, 'ipv6_address_scope': None, 'description': '', 'tags': [], 'created_at': '2025-01-06T02:36:51Z', 'updated_at': '2025-01-06T02:36:51Z', 'revision_number': 1}, Subnet: {'id': '1c580d16-6e85-4874-860a-9f126510e4a0', 'name': 'tempest-AttachVolumeNegativeTest-1765097115-subnet', 'tenant_id': '3b4bdd51702e41f09e96d77d095278aa', 'network_id': '5fe84792-f4cc-42e7-95cf-a5a63377aa06', 'ip_version': 4, 'subnetpool_id': None, 'enable_dhcp': True, 'ipv6_ra_mode': None, 'ipv6_address_mode': None, 'gateway_ip': '192.168.128.1', 'cidr': '192.168.128.0/28', 'allocation_pools': [{'start': '192.168.128.2', 'end': '192.168.128.14'}], 'host_routes': [], 'dns_nameservers': [], 'description': '', 'router:external': False, 'service_types': [], 'tags': [], 'created_at': '2025-01-06T02:36:52Z', 'updated_at': '2025-01-06T02:36:52Z', 'revision_number': 0, 'project_id': '3b4bdd51702e41f09e96d77d095278aa'}, Router: {'id': 'aebcd922-bc81-45ba-99f4-3a2261546cb8', 'name': 'tempest-AttachVolumeNegativeTest-1765097115-router', 'tenant_id': '3b4bdd51702e41f09e96d77d095278aa', 'admin_state_up': True, 'status': 'ACTIVE', 'external_gateway_info': {'network_id': '4718ccf8-eed1-4b6c-8d73-8f86de2b50ba', 'external_fixed_ips': [{'subnet_id': '9cf07a13-82bc-4a56-9fc6-d0ca25bc3901', 'ip_address': '10.180.180.160'}], 'enable_snat': True}, 'description': '', 'availability_zones': [], 'distributed': False, 'ha': False, 'availability_zone_hints': [], 'routes': [], 'flavor_id': None, 'tags': [], 'created_at': '2025-01-06T02:36:52Z', 'updated_at': '2025-01-06T02:36:52Z', 'revision_number': 2, 'project_id': '3b4bdd51702e41f09e96d77d095278aa'}
2025-01-06 02:36:54.243 68717 INFO tempest.lib.common.rest_client [req-04584f18-f06b-421c-8066-e21c05f4a4ae req-04584f18-f06b-421c-8066-e21c05f4a4ae ] Request (FloatingIPsAssociationTestJSON:tearDownClass): 200 GET http://10.180.1.21/compute/v2.1/servers/69eeee84-fcfd-4326-8384-79a1d5e01e9e 0.224s
2025-01-06 02:36:54.273 68731 INFO tempest.lib.common.rest_client [req-be815b3b-ef43-4d95-86ed-b3b74fd6bad7 req-be815b3b-ef43-4d95-86ed-b3b74fd6bad7 ] Request (DeleteServersAdminTestJSON:tearDownClass): 404 GET http://10.180.1.21/compute/v2.1/servers/1407dcbc-362b-443b-955d-153fbd034127 0.224s
2025-01-06 02:36:54.290 68757 INFO tempest.lib.common.rest_client [req-f8309841-95c1-4f94-b01c-b25cb2aec57f req-f8309841-95c1-4f94-b01c-b25cb2aec57f ] Request (AttachVolumeNegativeTest:setUpClass): 201 POST http://10.180.1.21/identity/v3/auth/tokens 0.117s
2025-01-06 02:36:54.305 68719 INFO tempest.lib.common.rest_client [req-fe495462-effc-42ff-9a76-b8ea9850fbf8 req-fe495462-effc-42ff-9a76-b8ea9850fbf8 ] Request (ListImageFiltersTestJSON:tearDownClass): 200 GET http://10.180.1.21/compute/v2.1/servers/9d2c0789-1ee9-409a-b8da-17b8a776c067 0.351s
2025-01-06 02:36:54.343 68749 INFO tempest.lib.common.rest_client [req-394c1982-2f27-4302-b6b3-7fc74854445a req-394c1982-2f27-4302-b6b3-7fc74854445a ] Request (MigrationsAdminTest:test_resize_server_revert_deleted_flavor): 200 GET http://10.180.1.21/compute/v2.1/servers/36970daf-9b81-47f3-94fe-963dd71f90d6 0.279s
2025-01-06 02:36:54.372 68745 INFO tempest.lib.common.rest_client [req-80ae3ec6-950d-48fa-a25b-c7db3fcf79c4 req-80ae3ec6-950d-48fa-a25b-c7db3fcf79c4 ] Request (FloatingIPsAssociationNegativeTestJSON:setUpClass): 200 GET http://10.180.1.21/compute/v2.1/servers/acd9ee2a-a75f-4de3-a257-0d1b9ffcc05a 0.255s
2025-01-06 02:36:54.443 68763 INFO tempest.lib.common.rest_client [req-1d021f2e-01ea-4ea9-8618-5e580e1c3f4b req-1d021f2e-01ea-4ea9-8618-5e580e1c3f4b ] Request (ServerActionsV293TestJSON:setUpClass): 200 GET http://10.180.1.21/compute/v2.1/servers/7eb1dedb-6e22-4636-ad5a-81b7ad2b1a6e 0.249s
2025-01-06 02:36:54.498 68769 INFO tempest.lib.common.rest_client [req-f09ce98f-1731-480e-8610-60a900f5603f req-f09ce98f-1731-480e-8610-60a900f5603f ] Request (SecurityGroupsTestJSON:test_server_security_groups): 200 GET http://10.180.1.21/compute/v2.1/servers/0d5887f8-cf88-4716-a333-e6cb58ce7f40 0.268s
2025-01-06 02:36:54.548 68723 INFO tempest.lib.common.rest_client [req-677422c1-bee4-46de-bdea-081a8621332a req-677422c1-bee4-46de-bdea-081a8621332a ] Request (ServerActionsTestOtherB:setUpClass): 200 GET http://10.180.1.21/compute/v2.1/servers/32d353bc-25df-44fe-a0f6-d8f85ada7da9 0.386s
2025-01-06 02:36:54.568 68751 INFO tempest.lib.common.rest_client [req-4012077a-026e-418d-b9dd-d2bbf41559bd req-4012077a-026e-418d-b9dd-d2bbf41559bd ] Request (ServerTagsTestJSON:setUpClass): 200 GET http://10.180.1.21/compute/v2.1/servers/f22cd326-edcd-4922-b377-4a7c9c8c5d16 0.307s
2025-01-06 02:36:54.574 68731 INFO tempest.lib.common.rest_client [req-c240b987-a692-4d39-b97b-1e1a034eba79 req-c240b987-a692-4d39-b97b-1e1a034eba79 ] Request (DeleteServersAdminTestJSON:tearDownClass): 404 DELETE http://10.180.1.21/compute/v2.1/servers/eabb32a5-2905-403d-9ad4-cf12ecac4356 0.300s
2025-01-06 02:36:54.626 68731 INFO tempest.lib.common.rest_client [req-8c5cd6d1-358d-4f6e-9a06-3442d0677401 req-8c5cd6d1-358d-4f6e-9a06-3442d0677401 ] Request (DeleteServersAdminTestJSON:tearDownClass): 404 GET http://10.180.1.21/compute/v2.1/servers/eabb32a5-2905-403d-9ad4-cf12ecac4356 0.051s
2025-01-06 02:36:54.668 68757 INFO tempest.lib.common.rest_client [req-871c793a-7160-4f7a-996e-47f939831f75 req-871c793a-7160-4f7a-996e-47f939831f75 ] Request (ValidationResourcesFixture:setUp): 200 POST http://10.180.1.21/compute/v2.1/os-keypairs 0.376s
2025-01-06 02:36:54.734 68731 INFO tempest.lib.common.rest_client [req-e57fda39-a1ee-49d3-8561-08844c9509ee req-e57fda39-a1ee-49d3-8561-08844c9509ee ] Request (DeleteServersAdminTestJSON:tearDownClass): 204 DELETE http://10.180.1.21/identity/v3/users/8328d30787e04d28a65598cc556f7db2 0.108s
2025-01-06 02:36:54.784 68711 INFO tempest.lib.common.rest_client [req-97b85ee5-e2cc-4a81-98d0-904c56302268 req-97b85ee5-e2cc-4a81-98d0-904c56302268 ] Request (ImagesTestJSON:test_create_image_from_suspended_server): 200 GET http://10.180.1.21/compute/v2.1/images/4d35e42a-b74e-49a7-972b-ab0f86c25ba9 0.067s
2025-01-06 02:36:54.825 68757 INFO tempest.lib.common.rest_client [req-765111ad-42a7-4dc9-a9de-21897a950462 req-765111ad-42a7-4dc9-a9de-21897a950462 ] Request (ValidationResourcesFixture:setUp): 201 POST http://10.180.1.21:9696/networking/v2.0/security-groups 0.156s
2025-01-06 02:36:54.840 68767 INFO tempest.lib.common.rest_client [req-69d48841-3a58-488e-beb7-39bae42f5a9d req-69d48841-3a58-488e-beb7-39bae42f5a9d ] Request (ServersAdminNegativeTestJSON:tearDownClass): 200 GET http://10.180.1.21/compute/v2.1/servers/e97cf19f-7937-4237-b611-8742c17751e1 0.108s
2025-01-06 02:36:54.892 68727 INFO tempest.lib.common.rest_client [req-6c73a084-66f0-4f03-9d65-13c4a7ee0935 req-6c73a084-66f0-4f03-9d65-13c4a7ee0935 ] Request (VolumesAdminNegativeTest:test_update_attached_volume_with_nonexistent_volume_in_body): 200 PUT http://10.180.1.21:9696/networking/v2.0/floatingips/57896273-0260-444e-8410-ff87a5511d44 0.971s
2025-01-06 02:36:54.894 68727 INFO tempest.lib.common.ssh [-] Creating ssh connection to '10.180.180.131:22' as 'cirros' with public key authentication
2025-01-06 02:36:54.896 68731 INFO tempest.lib.common.rest_client [req-5fe48e79-7cd5-4761-abf3-4199ce8800e7 req-5fe48e79-7cd5-4761-abf3-4199ce8800e7 ] Request (DeleteServersAdminTestJSON:tearDownClass): 204 DELETE http://10.180.1.21/identity/v3/users/2dda9b6584cf485ab467cb55621f6cde 0.161s
2025-01-06 02:36:54.896 68731 INFO tempest.lib.common.dynamic_creds [-] Deleting project and security group for project: 6ad493d680734f3f920f318ace57d933
2025-01-06 02:36:54.939 68757 INFO tempest.lib.common.rest_client [req-95037679-38b6-41ba-984c-635bceb76a9c req-95037679-38b6-41ba-984c-635bceb76a9c ] Request (ValidationResourcesFixture:setUp): 201 POST http://10.180.1.21:9696/networking/v2.0/security-group-rules 0.113s
2025-01-06 02:36:54.986 68731 INFO tempest.lib.common.rest_client [req-2ea4f6b8-48eb-4402-a77f-c1666a991330 req-2ea4f6b8-48eb-4402-a77f-c1666a991330 ] Request (DeleteServersAdminTestJSON:tearDownClass): 201 POST http://10.180.1.21/identity/v3/auth/tokens 0.090s
2025-01-06 02:36:55.059 68757 INFO tempest.lib.common.rest_client [req-c9c84d67-9e9e-4cba-9ce4-70f4a440ff6c req-c9c84d67-9e9e-4cba-9ce4-70f4a440ff6c ] Request (ValidationResourcesFixture:setUp): 201 POST http://10.180.1.21:9696/networking/v2.0/security-group-rules 0.119s
2025-01-06 02:36:55.077 68765 INFO tempest.lib.common.rest_client [req-370480a0-acbd-4320-8153-615db9a91490 req-370480a0-acbd-4320-8153-615db9a91490 ] Request (AttachInterfacesV270Test:test_create_get_list_interfaces): 200 GET http://10.180.1.21/compute/v2.1/servers/ac18bd52-7b11-4e63-ba7c-8ebacdeaa062 0.160s
2025-01-06 02:36:55.080 68729 INFO tempest.lib.common.rest_client [req-56873b60-1efd-4c4c-b967-40363e333230 req-56873b60-1efd-4c4c-b967-40363e333230 ] Request (ImagesOneServerNegativeTestJSON:_run_cleanups): 200 GET http://10.180.1.21/compute/v2.1/servers/bd7cc2b2-d9da-416a-86c1-ea67330c3bed 0.079s
2025-01-06 02:36:55.171 68715 INFO tempest.lib.common.rest_client [req-ba61644f-d1a9-459e-8814-edb67c9976b2 req-ba61644f-d1a9-459e-8814-edb67c9976b2 ] Request (ListServersNegativeTestJSON:setUpClass): 200 GET http://10.180.1.21/compute/v2.1/servers/4a57ba32-af4f-40ae-adfa-44a392db196c 0.136s
2025-01-06 02:36:55.197 68747 INFO tempest.lib.common.rest_client [req-8512f05b-b3f0-4129-9acb-352265daaaf5 req-8512f05b-b3f0-4129-9acb-352265daaaf5 ] Request (ServerMetadataTestJSON:tearDownClass): 200 GET http://10.180.1.21/compute/v2.1/servers/ac23fcd3-6f7c-4c50-90bf-7ff128e9aea1 0.102s
2025-01-06 02:36:55.248 68709 INFO tempest.lib.common.rest_client [req-31ceff24-6022-4965-8dc2-b84572ded17e req-31ceff24-6022-4965-8dc2-b84572ded17e ] Request (ServerAddressesNegativeTestJSON:tearDownClass): 200 GET http://10.180.1.21/compute/v2.1/servers/ee8dddb0-4028-4718-9644-701b27dafd1a 0.118s
2025-01-06 02:36:55.341 68731 INFO tempest.lib.common.rest_client [req-f5f27d4d-fd1c-428f-a804-c70d9cce0d88 req-f5f27d4d-fd1c-428f-a804-c70d9cce0d88 ] Request (DeleteServersAdminTestJSON:tearDownClass): 200 GET http://10.180.1.21:9696/networking/v2.0/security-groups?tenant_id=6ad493d680734f3f920f318ace57d933&name=default 0.355s
2025-01-06 02:36:55.354 68717 INFO tempest.lib.common.rest_client [req-b97c48d1-e3a3-4ecb-82fc-dacfc4484a75 req-b97c48d1-e3a3-4ecb-82fc-dacfc4484a75 ] Request (FloatingIPsAssociationTestJSON:tearDownClass): 200 GET http://10.180.1.21/compute/v2.1/servers/69eeee84-fcfd-4326-8384-79a1d5e01e9e 0.098s
2025-01-06 02:36:55.401 68719 INFO tempest.lib.common.rest_client [req-06b27dd6-7aa0-4093-ab21-e37e727a1a91 req-06b27dd6-7aa0-4093-ab21-e37e727a1a91 ] Request (ListImageFiltersTestJSON:tearDownClass): 200 GET http://10.180.1.21/compute/v2.1/servers/9d2c0789-1ee9-409a-b8da-17b8a776c067 0.088s
2025-01-06 02:36:55.411 68719 INFO tempest.common.waiters [-] State transition "ACTIVE/deleting" ==> "DELETED/None" after 4 second wait
2025-01-06 02:36:55.422 68749 INFO tempest.lib.common.rest_client [req-7342258f-c16e-40db-91db-ea0e95aff420 req-7342258f-c16e-40db-91db-ea0e95aff420 ] Request (MigrationsAdminTest:test_resize_server_revert_deleted_flavor): 200 GET http://10.180.1.21/compute/v2.1/servers/36970daf-9b81-47f3-94fe-963dd71f90d6 0.070s
2025-01-06 02:36:55.457 68745 INFO tempest.lib.common.rest_client [req-7ea78b68-cda4-4f1b-88b6-8f7bb3a89241 req-7ea78b68-cda4-4f1b-88b6-8f7bb3a89241 ] Request (FloatingIPsAssociationNegativeTestJSON:setUpClass): 200 GET http://10.180.1.21/compute/v2.1/servers/acd9ee2a-a75f-4de3-a257-0d1b9ffcc05a 0.074s
2025-01-06 02:36:55.516 68763 INFO tempest.lib.common.rest_client [req-14c47bad-95b3-42cb-9671-c3a895d572a9 req-14c47bad-95b3-42cb-9671-c3a895d572a9 ] Request (ServerActionsV293TestJSON:setUpClass): 200 GET http://10.180.1.21/compute/v2.1/servers/7eb1dedb-6e22-4636-ad5a-81b7ad2b1a6e 0.065s
2025-01-06 02:36:55.528 68731 INFO tempest.lib.common.rest_client [req-e5e33c4f-21a4-4e5f-b6f1-55bf10e31c4a req-e5e33c4f-21a4-4e5f-b6f1-55bf10e31c4a ] Request (DeleteServersAdminTestJSON:tearDownClass): 204 DELETE http://10.180.1.21:9696/networking/v2.0/security-groups/123ed739-e4da-4158-9079-9aec8ca82049 0.185s
2025-01-06 02:36:55.581 68769 INFO tempest.lib.common.rest_client [req-a3071db3-ed34-47fd-bc4c-8e82ef10a7fe req-a3071db3-ed34-47fd-bc4c-8e82ef10a7fe ] Request (SecurityGroupsTestJSON:test_server_security_groups): 200 GET http://10.180.1.21/compute/v2.1/servers/0d5887f8-cf88-4716-a333-e6cb58ce7f40 0.075s
2025-01-06 02:36:55.652 68757 INFO tempest.lib.common.rest_client [req-23c85afa-8c1e-43f2-92a2-cb8dd6b94419 req-23c85afa-8c1e-43f2-92a2-cb8dd6b94419 ] Request (ValidationResourcesFixture:setUp): 201 POST http://10.180.1.21:9696/networking/v2.0/floatingips 0.593s
2025-01-06 02:36:55.655 68731 INFO tempest.lib.common.rest_client [req-37a9d2cd-0f71-4839-a137-a09d0e23c922 req-37a9d2cd-0f71-4839-a137-a09d0e23c922 ] Request (DeleteServersAdminTestJSON:tearDownClass): 204 DELETE http://10.180.1.21/identity/v3/projects/6ad493d680734f3f920f318ace57d933 0.127s
2025-01-06 02:36:55.655 68731 INFO tempest.lib.common.dynamic_creds [-] Deleting project and security group for project: ba9ed06e46c243b0a25d80e07eaa350b
2025-01-06 02:36:55.678 68751 INFO tempest.lib.common.rest_client [req-c126b70d-aca6-43c5-b326-e13200e8fe8b req-c126b70d-aca6-43c5-b326-e13200e8fe8b ] Request (ServerTagsTestJSON:setUpClass): 200 GET http://10.180.1.21/compute/v2.1/servers/f22cd326-edcd-4922-b377-4a7c9c8c5d16 0.092s
2025-01-06 02:36:55.706 68731 INFO tempest.lib.common.rest_client [req-db0c3ba4-c9eb-4003-baa0-04a1777ff935 req-db0c3ba4-c9eb-4003-baa0-04a1777ff935 ] Request (DeleteServersAdminTestJSON:tearDownClass): 200 GET http://10.180.1.21:9696/networking/v2.0/security-groups?tenant_id=ba9ed06e46c243b0a25d80e07eaa350b&name=default 0.051s
2025-01-06 02:36:55.741 68757 INFO tempest.lib.common.rest_client [req-d70aa869-a976-4e7d-b287-3e27a8dbddeb req-d70aa869-a976-4e7d-b287-3e27a8dbddeb ] Request (AttachVolumeNegativeTest:test_attach_attached_volume_to_different_server): 201 POST http://10.180.1.21/identity/v3/auth/tokens 0.084s
2025-01-06 02:36:55.741 68757 INFO tempest.lib.common.fixed_network [-] (AttachVolumeNegativeTest:test_attach_attached_volume_to_different_server) Found network {'id': '5fe84792-f4cc-42e7-95cf-a5a63377aa06', 'name': 'tempest-AttachVolumeNegativeTest-1765097115-network', 'tenant_id': '3b4bdd51702e41f09e96d77d095278aa', 'admin_state_up': True, 'mtu': 8950, 'status': 'ACTIVE', 'subnets': [], 'shared': False, 'project_id': '3b4bdd51702e41f09e96d77d095278aa', 'port_security_enabled': True, 'router:external': False, 'provider:network_type': 'vlan', 'provider:physical_network': 'default', 'provider:segmentation_id': 572, 'availability_zone_hints': [], 'availability_zones': [], 'ipv4_address_scope': None, 'ipv6_address_scope': None, 'description': '', 'tags': [], 'created_at': '2025-01-06T02:36:51Z', 'updated_at': '2025-01-06T02:36:51Z', 'revision_number': 1} available for tenant
2025-01-06 02:36:55.773 68723 INFO tempest.lib.common.rest_client [req-b5706fb8-0348-40ee-8fb1-cb0e5480fc43 req-b5706fb8-0348-40ee-8fb1-cb0e5480fc43 ] Request (ServerActionsTestOtherB:setUpClass): 200 GET http://10.180.1.21/compute/v2.1/servers/32d353bc-25df-44fe-a0f6-d8f85ada7da9 0.217s
2025-01-06 02:36:55.786 68723 INFO tempest.common.waiters [-] State transition "BUILD/spawning" ==> "ACTIVE/None" after 51 second wait
2025-01-06 02:36:55.815 68731 INFO tempest.lib.common.rest_client [req-659a4ff8-9b26-42a6-897c-eb7fcceb6965 req-659a4ff8-9b26-42a6-897c-eb7fcceb6965 ] Request (DeleteServersAdminTestJSON:tearDownClass): 204 DELETE http://10.180.1.21:9696/networking/v2.0/security-groups/8701731e-f33a-4950-983d-fb70ebc84441 0.108s
2025-01-06 02:36:55.954 68731 INFO tempest.lib.common.rest_client [req-2e48c231-a0c7-4fab-994d-d0b7142f0af4 req-2e48c231-a0c7-4fab-994d-d0b7142f0af4 ] Request (DeleteServersAdminTestJSON:tearDownClass): 204 DELETE http://10.180.1.21/identity/v3/projects/ba9ed06e46c243b0a25d80e07eaa350b 0.138s
2025-01-06 02:36:55.999 68723 INFO tempest.lib.common.rest_client [req-b711f6af-219c-49e4-83da-7e5d2ea55edb req-b711f6af-219c-49e4-83da-7e5d2ea55edb ] Request (ServerActionsTestOtherB:setUpClass): 200 GET http://10.180.1.21/compute/v2.1/servers/32d353bc-25df-44fe-a0f6-d8f85ada7da9/os-interface 0.212s
2025-01-06 02:36:56.036 68731 INFO tempest.lib.common.rest_client [req-1c9735a3-988a-495b-ab90-d8c04c906814 req-1c9735a3-988a-495b-ab90-d8c04c906814 ] Request (QuotasAdminTestV257:setUpClass): 201 POST http://10.180.1.21/identity/v3/auth/tokens 0.080s
2025-01-06 02:36:56.040 68711 INFO tempest.lib.common.rest_client [req-13f2fda8-0afe-438f-bdaa-6918934fbe56 req-13f2fda8-0afe-438f-bdaa-6918934fbe56 ] Request (ImagesTestJSON:test_create_image_from_suspended_server): 200 GET http://10.180.1.21/compute/v2.1/images/4d35e42a-b74e-49a7-972b-ab0f86c25ba9 0.251s
2025-01-06 02:36:56.077 68731 INFO tempest.lib.common.rest_client [req-c629db17-b948-4edf-87f9-1dce8bdb4c75 req-c629db17-b948-4edf-87f9-1dce8bdb4c75 ] Request (QuotasAdminTestV257:setUpClass): 201 POST http://10.180.1.21/identity/v3/auth/tokens 0.039s
2025-01-06 02:36:56.118 68731 INFO tempest.lib.common.rest_client [req-c94b4783-009a-4673-b5f0-898ffff32c8d req-c94b4783-009a-4673-b5f0-898ffff32c8d ] Request (QuotasAdminTestV257:setUpClass): 200 GET http://10.180.1.21/identity/v3/domains?name=Default 0.041s
2025-01-06 02:36:56.120 68767 INFO tempest.lib.common.rest_client [req-da294e61-76a9-4805-80c8-ec19761f9973 req-da294e61-76a9-4805-80c8-ec19761f9973 ] Request (ServersAdminNegativeTestJSON:tearDownClass): 200 GET http://10.180.1.21/compute/v2.1/servers/e97cf19f-7937-4237-b611-8742c17751e1 0.270s
2025-01-06 02:36:56.151 68731 INFO tempest.lib.common.rest_client [req-571ef009-c156-4495-9c9e-8275b159eedd req-571ef009-c156-4495-9c9e-8275b159eedd ] Request (QuotasAdminTestV257:setUpClass): 201 POST http://10.180.1.21/identity/v3/projects 0.032s
2025-01-06 02:36:56.170 68729 INFO tempest.lib.common.rest_client [req-9d794157-d75e-4e84-9932-eaec765b0abe req-9d794157-d75e-4e84-9932-eaec765b0abe ] Request (ImagesOneServerNegativeTestJSON:_run_cleanups): 200 GET http://10.180.1.21/compute/v2.1/servers/bd7cc2b2-d9da-416a-86c1-ea67330c3bed 0.082s
2025-01-06 02:36:56.220 68731 INFO tempest.lib.common.rest_client [req-fe62bde2-0dd4-48ae-a5b2-8c08badedf14 req-fe62bde2-0dd4-48ae-a5b2-8c08badedf14 ] Request (QuotasAdminTestV257:setUpClass): 201 POST http://10.180.1.21/identity/v3/users 0.069s
2025-01-06 02:36:56.245 68731 INFO tempest.lib.common.rest_client [req-6d47ee45-876b-46b6-b069-ce368b4b224d req-6d47ee45-876b-46b6-b069-ce368b4b224d ] Request (QuotasAdminTestV257:setUpClass): 200 GET http://10.180.1.21/identity/v3/roles 0.023s
2025-01-06 02:36:56.272 68731 INFO tempest.lib.common.rest_client [req-d0e480e5-b309-4826-934d-6846544b50f6 req-d0e480e5-b309-4826-934d-6846544b50f6 ] Request (QuotasAdminTestV257:setUpClass): 204 PUT http://10.180.1.21/identity/v3/projects/4217272a5230467d90b59db159d7976e/users/ae4eb34ea6fc4a83a11919d41f362d33/roles/9d51bf75b8b441bb80d8e053e864b2d3 0.026s
2025-01-06 02:36:56.272 68731 INFO tempest.lib.common.dynamic_creds [-] Dynamic test user ae4eb34ea6fc4a83a11919d41f362d33 is created with scope project and roles: ['member']
2025-01-06 02:36:56.272 68731 INFO tempest.lib.common.dynamic_creds [-] Acquired dynamic creds: credentials: Credentials: {'domain_id': 'default', 'domain_name': 'Default', 'username': 'tempest-QuotasAdminTestV257-220643118-project-member', 'project_domain_id': 'default', 'project_domain_name': 'Default', 'project_id': '4217272a5230467d90b59db159d7976e', 'project_name': 'tempest-QuotasAdminTestV257-220643118', 'tenant_id': '4217272a5230467d90b59db159d7976e', 'tenant_name': 'tempest-QuotasAdminTestV257-220643118', 'user_domain_id': 'default', 'user_domain_name': 'Default', 'user_id': 'ae4eb34ea6fc4a83a11919d41f362d33', 'system': None}, Network: None, Subnet: None, Router: None
2025-01-06 02:36:56.272 68731 INFO tempest.lib.common.dynamic_creds [-] Created isolated network resources for: credentials: Credentials: {'domain_id': 'default', 'domain_name': 'Default', 'username': 'tempest-QuotasAdminTestV257-220643118-project-member', 'project_domain_id': 'default', 'project_domain_name': 'Default', 'project_id': '4217272a5230467d90b59db159d7976e', 'project_name': 'tempest-QuotasAdminTestV257-220643118', 'tenant_id': '4217272a5230467d90b59db159d7976e', 'tenant_name': 'tempest-QuotasAdminTestV257-220643118', 'user_domain_id': 'default', 'user_domain_name': 'Default', 'user_id': 'ae4eb34ea6fc4a83a11919d41f362d33', 'system': None}, Network: None, Subnet: None, Router: None
2025-01-06 02:36:56.285 68765 INFO tempest.lib.common.rest_client [req-4b0abffc-1d86-49e0-a186-c076a7275f0f req-4b0abffc-1d86-49e0-a186-c076a7275f0f ] Request (AttachInterfacesV270Test:test_create_get_list_interfaces): 200 GET http://10.180.1.21/compute/v2.1/servers/ac18bd52-7b11-4e63-ba7c-8ebacdeaa062 0.195s
2025-01-06 02:36:56.309 68757 INFO tempest.lib.common.rest_client [req-1d03da9a-15d7-471a-9bd2-d728f753e0e8 req-1d03da9a-15d7-471a-9bd2-d728f753e0e8 ] Request (AttachVolumeNegativeTest:test_attach_attached_volume_to_different_server): 202 POST http://10.180.1.21/compute/v2.1/servers 0.567s
2025-01-06 02:36:56.373 68715 INFO tempest.lib.common.rest_client [req-85f0ffc3-5133-467d-a478-22719de6acf3 req-85f0ffc3-5133-467d-a478-22719de6acf3 ] Request (ListServersNegativeTestJSON:setUpClass): 200 GET http://10.180.1.21/compute/v2.1/servers/4a57ba32-af4f-40ae-adfa-44a392db196c 0.192s
2025-01-06 02:36:56.374 68731 INFO tempest.lib.common.rest_client [req-9e6f23f2-1cbc-495e-b73f-4ec00a4f5c37 req-9e6f23f2-1cbc-495e-b73f-4ec00a4f5c37 ] Request (QuotasAdminTestV257:setUpClass): 201 POST http://10.180.1.21/identity/v3/auth/tokens 0.097s
2025-01-06 02:36:56.397 68709 INFO tempest.lib.common.rest_client [req-29731058-720e-4d04-9e30-678848cabd0f req-29731058-720e-4d04-9e30-678848cabd0f ] Request (ServerAddressesNegativeTestJSON:tearDownClass): 404 GET http://10.180.1.21/compute/v2.1/servers/ee8dddb0-4028-4718-9644-701b27dafd1a 0.139s
2025-01-06 02:36:56.469 68757 INFO tempest.lib.common.rest_client [req-aac94cde-3606-469b-9896-9a98c37da587 req-aac94cde-3606-469b-9896-9a98c37da587 ] Request (AttachVolumeNegativeTest:test_attach_attached_volume_to_different_server): 200 GET http://10.180.1.21/compute/v2.1/servers/3550d32c-b873-462a-a7a1-afc3eb3251ab 0.159s
2025-01-06 02:36:56.474 68731 INFO tempest.lib.common.rest_client [req-2a6230da-ceba-4dec-a29a-5119394aa68a req-2a6230da-ceba-4dec-a29a-5119394aa68a ] Request (QuotasAdminTestV257:setUpClass): 201 POST http://10.180.1.21/identity/v3/projects 0.099s
2025-01-06 02:36:56.526 68737 WARNING tempest.lib.common.ssh [-] Failed to establish authenticated ssh connection to cirros@10.180.180.210 ([Errno None] Unable to connect to port 22 on 10.180.180.210). Number attempts: 5. Retry after 6 seconds.: paramiko.ssh_exception.NoValidConnectionsError: [Errno None] Unable to connect to port 22 on 10.180.180.210
2025-01-06 02:36:56.540 68731 INFO tempest.lib.common.rest_client [req-ae902ec1-7d6a-4d21-bef4-f70014635f9a req-ae902ec1-7d6a-4d21-bef4-f70014635f9a ] Request (QuotasAdminTestV257:setUpClass): 201 POST http://10.180.1.21/identity/v3/users 0.065s
2025-01-06 02:36:56.547 68717 INFO tempest.lib.common.rest_client [req-05fb0e68-912c-4cd8-8e94-48833b02ea14 req-05fb0e68-912c-4cd8-8e94-48833b02ea14 ] Request (FloatingIPsAssociationTestJSON:tearDownClass): 200 GET http://10.180.1.21/compute/v2.1/servers/69eeee84-fcfd-4326-8384-79a1d5e01e9e 0.184s
2025-01-06 02:36:56.573 68731 INFO tempest.lib.common.rest_client [req-7d5097e6-4e40-4b90-b050-faa694fa6840 req-7d5097e6-4e40-4b90-b050-faa694fa6840 ] Request (QuotasAdminTestV257:setUpClass): 200 GET http://10.180.1.21/identity/v3/roles 0.033s
2025-01-06 02:36:56.620 68731 INFO tempest.lib.common.rest_client [req-cf2ccdf5-6786-4633-8778-bf4e4cb62f51 req-cf2ccdf5-6786-4633-8778-bf4e4cb62f51 ] Request (QuotasAdminTestV257:setUpClass): 204 PUT http://10.180.1.21/identity/v3/projects/7046712e7c5145999d592f65c57e2fd1/users/b13c534fcbf04bf8932f3171dede72b5/roles/4e84d966b1b44fd8a90a91947ea1c91e 0.047s
2025-01-06 02:36:56.667 68747 INFO tempest.lib.common.rest_client [req-78e105ea-c18d-4c6b-ae0a-e186ab1f725a req-78e105ea-c18d-4c6b-ae0a-e186ab1f725a ] Request (ServerMetadataTestJSON:tearDownClass): 200 GET http://10.180.1.21/compute/v2.1/servers/ac23fcd3-6f7c-4c50-90bf-7ff128e9aea1 0.461s
2025-01-06 02:36:56.685 68719 INFO tempest.lib.common.rest_client [req-eec8834a-b713-43fc-a3a1-d74c4d0da97b req-eec8834a-b713-43fc-a3a1-d74c4d0da97b ] Request (ListImageFiltersTestJSON:tearDownClass): 200 GET http://10.180.1.21/compute/v2.1/servers/9d2c0789-1ee9-409a-b8da-17b8a776c067 0.273s
2025-01-06 02:36:56.689 68731 INFO tempest.lib.common.rest_client [req-d60b6d2a-5010-4b9b-a065-3e043e2af46f req-d60b6d2a-5010-4b9b-a065-3e043e2af46f ] Request (QuotasAdminTestV257:setUpClass): 200 GET http://10.180.1.21/identity/v3/roles 0.068s
2025-01-06 02:36:56.713 68731 INFO tempest.lib.common.rest_client [req-65d3b85d-dfd1-44ab-91b7-cc9e367b2120 req-65d3b85d-dfd1-44ab-91b7-cc9e367b2120 ] Request (QuotasAdminTestV257:setUpClass): 204 PUT http://10.180.1.21/identity/v3/projects/7046712e7c5145999d592f65c57e2fd1/users/b13c534fcbf04bf8932f3171dede72b5/roles/4e84d966b1b44fd8a90a91947ea1c91e 0.023s
2025-01-06 02:36:56.713 68731 INFO tempest.lib.common.dynamic_creds [-] Dynamic test user b13c534fcbf04bf8932f3171dede72b5 is created with scope project and roles: ['admin']
2025-01-06 02:36:56.713 68731 INFO tempest.lib.common.dynamic_creds [-] Acquired dynamic creds: credentials: Credentials: {'domain_id': 'default', 'domain_name': 'Default', 'username': 'tempest-QuotasAdminTestV257-2050243673-project-admin', 'project_domain_id': 'default', 'project_domain_name': 'Default', 'project_id': '7046712e7c5145999d592f65c57e2fd1', 'project_name': 'tempest-QuotasAdminTestV257-2050243673', 'tenant_id': '7046712e7c5145999d592f65c57e2fd1', 'tenant_name': 'tempest-QuotasAdminTestV257-2050243673', 'user_domain_id': 'default', 'user_domain_name': 'Default', 'user_id': 'b13c534fcbf04bf8932f3171dede72b5', 'system': None}, Network: None, Subnet: None, Router: None
2025-01-06 02:36:56.713 68731 INFO tempest.lib.common.dynamic_creds [-] Created isolated network resources for: credentials: Credentials: {'domain_id': 'default', 'domain_name': 'Default', 'username': 'tempest-QuotasAdminTestV257-2050243673-project-admin', 'project_domain_id': 'default', 'project_domain_name': 'Default', 'project_id': '7046712e7c5145999d592f65c57e2fd1', 'project_name': 'tempest-QuotasAdminTestV257-2050243673', 'tenant_id': '7046712e7c5145999d592f65c57e2fd1', 'tenant_name': 'tempest-QuotasAdminTestV257-2050243673', 'user_domain_id': 'default', 'user_domain_name': 'Default', 'user_id': 'b13c534fcbf04bf8932f3171dede72b5', 'system': None}, Network: None, Subnet: None, Router: None
2025-01-06 02:36:56.714 68723 INFO tempest.lib.common.rest_client [req-6b95c1fe-879d-4588-9560-a0aef8c4cae2 req-6b95c1fe-879d-4588-9560-a0aef8c4cae2 ] Request (ServerActionsTestOtherB:setUpClass): 200 PUT http://10.180.1.21:9696/networking/v2.0/floatingips/535c980c-acaa-4fe0-a0b4-c99f76fccb42 0.711s
2025-01-06 02:36:56.715 68723 INFO tempest.lib.common.ssh [-] Creating ssh connection to '10.180.180.156:22' as 'cirros' with public key authentication
2025-01-06 02:36:56.748 68749 INFO tempest.lib.common.rest_client [req-57df1c83-d1fe-49ea-a4c2-4114bbeddc02 req-57df1c83-d1fe-49ea-a4c2-4114bbeddc02 ] Request (MigrationsAdminTest:test_resize_server_revert_deleted_flavor): 200 GET http://10.180.1.21/compute/v2.1/servers/36970daf-9b81-47f3-94fe-963dd71f90d6 0.318s
2025-01-06 02:36:56.766 68745 INFO tempest.lib.common.rest_client [req-7cef8a4a-8350-4892-8377-de4628690bad req-7cef8a4a-8350-4892-8377-de4628690bad ] Request (FloatingIPsAssociationNegativeTestJSON:setUpClass): 200 GET http://10.180.1.21/compute/v2.1/servers/acd9ee2a-a75f-4de3-a257-0d1b9ffcc05a 0.297s
2025-01-06 02:36:56.807 68731 INFO tempest.lib.common.rest_client [req-37c6ad68-e893-4ccb-a6b1-fc084341aed8 req-37c6ad68-e893-4ccb-a6b1-fc084341aed8 ] Request (QuotasAdminTestV257:setUpClass): 201 POST http://10.180.1.21/identity/v3/auth/tokens 0.090s
2025-01-06 02:36:56.809 68731 WARNING tempest.lib.common.rest_client [-] Deprecated: "tenant_id" property is deprecated for removal, use "project_id" instead
2025-01-06 02:36:56.820 68763 INFO tempest.lib.common.rest_client [req-7341f855-8d66-4777-84e0-cc049f5f3c9b req-7341f855-8d66-4777-84e0-cc049f5f3c9b ] Request (ServerActionsV293TestJSON:setUpClass): 200 GET http://10.180.1.21/compute/v2.1/servers/7eb1dedb-6e22-4636-ad5a-81b7ad2b1a6e 0.293s
2025-01-06 02:36:56.834 68769 INFO tempest.lib.common.rest_client [req-59687a3c-f510-4b6b-a7da-6884754f6625 req-59687a3c-f510-4b6b-a7da-6884754f6625 ] Request (SecurityGroupsTestJSON:test_server_security_groups): 200 GET http://10.180.1.21/compute/v2.1/servers/0d5887f8-cf88-4716-a333-e6cb58ce7f40 0.239s
2025-01-06 02:36:56.863 68731 INFO tempest.lib.common.rest_client [req-017fac3a-3ef9-418a-84be-93f0849541ad req-017fac3a-3ef9-418a-84be-93f0849541ad ] Request (QuotasAdminTestV257:test_get_updated_quotas): 200 GET http://10.180.1.21/identity/v3/domains?name=Default 0.052s
2025-01-06 02:36:56.903 68731 INFO tempest.lib.common.rest_client [req-4441ba27-5efc-424a-bc1c-3aabaa4feb3c req-4441ba27-5efc-424a-bc1c-3aabaa4feb3c ] Request (QuotasAdminTestV257:test_get_updated_quotas): 201 POST http://10.180.1.21/identity/v3/projects 0.039s
2025-01-06 02:36:56.917 68751 INFO tempest.lib.common.rest_client [req-74b8bfc3-b093-48bb-b52a-be24b0ddb028 req-74b8bfc3-b093-48bb-b52a-be24b0ddb028 ] Request (ServerTagsTestJSON:setUpClass): 200 GET http://10.180.1.21/compute/v2.1/servers/f22cd326-edcd-4922-b377-4a7c9c8c5d16 0.228s
2025-01-06 02:36:56.978 68731 INFO tempest.lib.common.rest_client [req-2bd58412-3f63-4357-bdff-1b7621400a71 req-2bd58412-3f63-4357-bdff-1b7621400a71 ] Request (QuotasAdminTestV257:test_get_updated_quotas): 200 GET http://10.180.1.21/identity/v3/domains?name=Default 0.074s
2025-01-06 02:36:57.087 68711 INFO tempest.lib.common.rest_client [req-b370e2cb-916d-4e46-bb6a-a47a0e146a69 req-b370e2cb-916d-4e46-bb6a-a47a0e146a69 ] Request (ImagesTestJSON:test_create_image_from_suspended_server): 200 GET http://10.180.1.21/compute/v2.1/images/4d35e42a-b74e-49a7-972b-ab0f86c25ba9 0.044s
2025-01-06 02:36:57.135 68731 INFO tempest.lib.common.rest_client [req-cb5a469b-bb0d-4494-978a-9e962a391985 req-cb5a469b-bb0d-4494-978a-9e962a391985 ] Request (QuotasAdminTestV257:test_get_updated_quotas): 200 PUT http://10.180.1.21/compute/v2.1/os-quota-sets/2f720bfccace4e97a4d6331894c433a4 0.156s
2025-01-06 02:36:57.191 68731 INFO tempest.lib.common.rest_client [req-8631591a-654d-4851-8cbe-3312411734a2 req-8631591a-654d-4851-8cbe-3312411734a2 ] Request (QuotasAdminTestV257:test_get_updated_quotas): 200 GET http://10.180.1.21/compute/v2.1/os-quota-sets/2f720bfccace4e97a4d6331894c433a4/detail 0.055s
2025-01-06 02:36:57.214 68767 INFO tempest.lib.common.rest_client [req-a364f36f-6da0-4770-9659-c21e632490c3 req-a364f36f-6da0-4770-9659-c21e632490c3 ] Request (ServersAdminNegativeTestJSON:tearDownClass): 200 GET http://10.180.1.21/compute/v2.1/servers/e97cf19f-7937-4237-b611-8742c17751e1 0.087s
2025-01-06 02:36:57.231 68731 INFO tempest.lib.common.rest_client [req-a2a33b55-d19b-40fc-9a2a-b3873888f4e1 req-a2a33b55-d19b-40fc-9a2a-b3873888f4e1 ] Request (QuotasAdminTestV257:test_get_updated_quotas): 200 GET http://10.180.1.21/identity/v3/domains?name=Default 0.037s
2025-01-06 02:36:57.247 68729 INFO tempest.lib.common.rest_client [req-582d18ee-11e1-4997-91e7-616bf892f7be req-582d18ee-11e1-4997-91e7-616bf892f7be ] Request (ImagesOneServerNegativeTestJSON:_run_cleanups): 200 GET http://10.180.1.21/compute/v2.1/servers/bd7cc2b2-d9da-416a-86c1-ea67330c3bed 0.068s
2025-01-06 02:36:57.260 68731 INFO tempest.lib.common.rest_client [req-f6688080-dbeb-4ab0-a271-703fe23dfe3d req-f6688080-dbeb-4ab0-a271-703fe23dfe3d ] Request (QuotasAdminTestV257:test_get_updated_quotas): 201 POST http://10.180.1.21/identity/v3/users 0.028s
2025-01-06 02:36:57.290 68731 INFO tempest.lib.common.rest_client [req-4fb26fba-c832-465e-abd1-3c748626bb01 req-4fb26fba-c832-465e-abd1-3c748626bb01 ] Request (QuotasAdminTestV257:test_get_updated_quotas): 200 GET http://10.180.1.21/identity/v3/domains?name=Default 0.030s
2025-01-06 02:36:57.304 68709 INFO tempest.lib.common.rest_client [req-aaf924eb-bb9d-41f0-8f35-b9f908bf9435 req-aaf924eb-bb9d-41f0-8f35-b9f908bf9435 ] Request (ServerAddressesNegativeTestJSON:tearDownClass): 200 PUT http://10.180.1.21:9696/networking/v2.0/routers/34f9d4a9-0c46-4063-97c9-2b7304798367/remove_router_interface 0.906s
2025-01-06 02:36:57.414 68731 INFO tempest.lib.common.rest_client [req-bc264193-3704-4a53-8ea0-7c28a2d24ac6 req-bc264193-3704-4a53-8ea0-7c28a2d24ac6 ] Request (QuotasAdminTestV257:test_get_updated_quotas): 200 PUT http://10.180.1.21/compute/v2.1/os-quota-sets/2f720bfccace4e97a4d6331894c433a4?user_id=10d30831963049d89664019c3a050818 0.123s
2025-01-06 02:36:57.603 68715 INFO tempest.lib.common.rest_client [req-51623857-93c7-4959-9ef8-2fdcd61089ff req-51623857-93c7-4959-9ef8-2fdcd61089ff ] Request (ListServersNegativeTestJSON:setUpClass): 200 GET http://10.180.1.21/compute/v2.1/servers/4a57ba32-af4f-40ae-adfa-44a392db196c 0.220s
2025-01-06 02:36:57.657 68731 INFO tempest.lib.common.rest_client [req-cd98755f-f3c7-4793-92f6-8c9a43ddd95a req-cd98755f-f3c7-4793-92f6-8c9a43ddd95a ] Request (QuotasAdminTestV257:test_get_updated_quotas): 200 GET http://10.180.1.21/compute/v2.1/os-quota-sets/2f720bfccace4e97a4d6331894c433a4?user_id=10d30831963049d89664019c3a050818 0.241s
2025-01-06 02:36:57.735 68757 INFO tempest.lib.common.rest_client [req-95717308-96b8-4c42-b612-1776c9ffd70e req-95717308-96b8-4c42-b612-1776c9ffd70e ] Request (AttachVolumeNegativeTest:test_attach_attached_volume_to_different_server): 200 GET http://10.180.1.21/compute/v2.1/servers/3550d32c-b873-462a-a7a1-afc3eb3251ab 0.254s
2025-01-06 02:36:57.746 68757 INFO tempest.common.waiters [-] State transition "BUILD/scheduling" ==> "BUILD/None" after 1 second wait
2025-01-06 02:36:57.765 68731 INFO tempest.lib.common.rest_client [req-a704fbd1-2f55-4fa0-903a-b65aa4b66056 req-a704fbd1-2f55-4fa0-903a-b65aa4b66056 ] Request (QuotasAdminTestV257:_run_cleanups): 204 DELETE http://10.180.1.21/identity/v3/users/10d30831963049d89664019c3a050818 0.105s
2025-01-06 02:36:57.821 68717 INFO tempest.lib.common.rest_client [req-198b34be-e2a3-453a-a489-079c3e5d3a43 req-198b34be-e2a3-453a-a489-079c3e5d3a43 ] Request (FloatingIPsAssociationTestJSON:tearDownClass): 200 GET http://10.180.1.21/compute/v2.1/servers/69eeee84-fcfd-4326-8384-79a1d5e01e9e 0.265s
2025-01-06 02:36:57.837 68765 INFO tempest.lib.common.rest_client [req-5a25a27a-15cf-4e02-a41a-2d61448c3d74 req-5a25a27a-15cf-4e02-a41a-2d61448c3d74 ] Request (AttachInterfacesV270Test:test_create_get_list_interfaces): 200 GET http://10.180.1.21/compute/v2.1/servers/ac18bd52-7b11-4e63-ba7c-8ebacdeaa062 0.536s
2025-01-06 02:36:57.853 68747 INFO tempest.lib.common.rest_client [req-f453208d-116f-4264-9013-4494d5fbdcce req-f453208d-116f-4264-9013-4494d5fbdcce ] Request (ServerMetadataTestJSON:tearDownClass): 404 GET http://10.180.1.21/compute/v2.1/servers/ac23fcd3-6f7c-4c50-90bf-7ff128e9aea1 0.170s
2025-01-06 02:36:57.887 68731 INFO tempest.lib.common.rest_client [req-ad03cbaa-8825-4b0f-b9e9-e6fd6541bc14 req-ad03cbaa-8825-4b0f-b9e9-e6fd6541bc14 ] Request (QuotasAdminTestV257:_run_cleanups): 204 DELETE http://10.180.1.21/identity/v3/projects/2f720bfccace4e97a4d6331894c433a4 0.121s
2025-01-06 02:36:57.933 68719 INFO tempest.lib.common.rest_client [req-cce67d5a-b85c-44d7-a0f5-05d297ca9bb2 req-cce67d5a-b85c-44d7-a0f5-05d297ca9bb2 ] Request (ListImageFiltersTestJSON:tearDownClass): 200 GET http://10.180.1.21/compute/v2.1/servers/9d2c0789-1ee9-409a-b8da-17b8a776c067 0.238s
2025-01-06 02:36:57.933 68749 INFO tempest.lib.common.rest_client [req-18333734-291a-414c-a83f-ecfa65c37209 req-18333734-291a-414c-a83f-ecfa65c37209 ] Request (MigrationsAdminTest:test_resize_server_revert_deleted_flavor): 200 GET http://10.180.1.21/compute/v2.1/servers/36970daf-9b81-47f3-94fe-963dd71f90d6 0.173s
2025-01-06 02:36:58.013 68763 INFO tempest.lib.common.rest_client [req-59c40a7b-4b00-4337-ab41-3dc4b11bfd02 req-59c40a7b-4b00-4337-ab41-3dc4b11bfd02 ] Request (ServerActionsV293TestJSON:setUpClass): 200 GET http://10.180.1.21/compute/v2.1/servers/7eb1dedb-6e22-4636-ad5a-81b7ad2b1a6e 0.178s
2025-01-06 02:36:58.022 68745 INFO tempest.lib.common.rest_client [req-9e52797f-bc7c-40ea-af69-832ebf7fc663 req-9e52797f-bc7c-40ea-af69-832ebf7fc663 ] Request (FloatingIPsAssociationNegativeTestJSON:setUpClass): 200 GET http://10.180.1.21/compute/v2.1/servers/acd9ee2a-a75f-4de3-a257-0d1b9ffcc05a 0.247s
2025-01-06 02:36:58.037 68731 INFO tempest.lib.common.rest_client [req-63445145-d04b-4e3e-be18-017163d39384 req-63445145-d04b-4e3e-be18-017163d39384 ] Request (QuotasAdminTestV257:tearDownClass): 204 DELETE http://10.180.1.21/identity/v3/users/ae4eb34ea6fc4a83a11919d41f362d33 0.147s
2025-01-06 02:36:58.077 68769 INFO tempest.lib.common.rest_client [req-61190848-749e-4de6-b056-b8b6820ee85b req-61190848-749e-4de6-b056-b8b6820ee85b ] Request (SecurityGroupsTestJSON:test_server_security_groups): 200 GET http://10.180.1.21/compute/v2.1/servers/0d5887f8-cf88-4716-a333-e6cb58ce7f40 0.234s
2025-01-06 02:36:58.087 68751 INFO tempest.lib.common.rest_client [req-6b135747-0ff0-4c63-9e9b-194c6c3b8840 req-6b135747-0ff0-4c63-9e9b-194c6c3b8840 ] Request (ServerTagsTestJSON:setUpClass): 200 GET http://10.180.1.21/compute/v2.1/servers/f22cd326-edcd-4922-b377-4a7c9c8c5d16 0.159s
2025-01-06 02:36:58.144 68711 INFO tempest.lib.common.rest_client [req-9e38284f-f588-4dee-9529-2f9e3a02aef5 req-9e38284f-f588-4dee-9529-2f9e3a02aef5 ] Request (ImagesTestJSON:test_create_image_from_suspended_server): 200 GET http://10.180.1.21/compute/v2.1/images/4d35e42a-b74e-49a7-972b-ab0f86c25ba9 0.051s
2025-01-06 02:36:58.154 68753 WARNING tempest.lib.common.ssh [-] Failed to establish authenticated ssh connection to cirros@10.180.180.206 ([Errno None] Unable to connect to port 22 on 10.180.180.206). Number attempts: 7. Retry after 8 seconds.: paramiko.ssh_exception.NoValidConnectionsError: [Errno None] Unable to connect to port 22 on 10.180.180.206
2025-01-06 02:36:58.174 68731 INFO tempest.lib.common.rest_client [req-5b232e16-6249-4d5c-b4dd-a2e1f97c8d35 req-5b232e16-6249-4d5c-b4dd-a2e1f97c8d35 ] Request (QuotasAdminTestV257:tearDownClass): 204 DELETE http://10.180.1.21/identity/v3/users/b13c534fcbf04bf8932f3171dede72b5 0.136s
2025-01-06 02:36:58.174 68731 INFO tempest.lib.common.dynamic_creds [-] Deleting project and security group for project: 4217272a5230467d90b59db159d7976e
2025-01-06 02:36:58.246 68709 INFO tempest.lib.common.rest_client [req-801fed98-3e77-4857-af8f-dcd1acb3961c req-801fed98-3e77-4857-af8f-dcd1acb3961c ] Request (ServerAddressesNegativeTestJSON:tearDownClass): 204 DELETE http://10.180.1.21:9696/networking/v2.0/routers/34f9d4a9-0c46-4063-97c9-2b7304798367 0.941s
2025-01-06 02:36:58.249 68731 INFO tempest.lib.common.rest_client [req-ab5589ca-79ed-4227-b1ae-b3ef683a0447 req-ab5589ca-79ed-4227-b1ae-b3ef683a0447 ] Request (QuotasAdminTestV257:tearDownClass): 201 POST http://10.180.1.21/identity/v3/auth/tokens 0.075s
2025-01-06 02:36:58.312 68767 INFO tempest.lib.common.rest_client [req-65adf675-90cd-4aed-bc56-135afe2c735e req-65adf675-90cd-4aed-bc56-135afe2c735e ] Request (ServersAdminNegativeTestJSON:tearDownClass): 200 GET http://10.180.1.21/compute/v2.1/servers/e97cf19f-7937-4237-b611-8742c17751e1 0.088s
2025-01-06 02:36:58.318 68729 INFO tempest.lib.common.rest_client [req-53d66bc0-ae89-4d68-8d4c-f08ec0d878ea req-53d66bc0-ae89-4d68-8d4c-f08ec0d878ea ] Request (ImagesOneServerNegativeTestJSON:_run_cleanups): 200 GET http://10.180.1.21/compute/v2.1/servers/bd7cc2b2-d9da-416a-86c1-ea67330c3bed 0.064s
2025-01-06 02:36:58.444 68731 INFO tempest.lib.common.rest_client [req-87b0ab58-f898-448a-9c92-660127057b98 req-87b0ab58-f898-448a-9c92-660127057b98 ] Request (QuotasAdminTestV257:tearDownClass): 200 GET http://10.180.1.21:9696/networking/v2.0/security-groups?tenant_id=4217272a5230467d90b59db159d7976e&name=default 0.194s
2025-01-06 02:36:58.449 68709 INFO tempest.lib.common.rest_client [req-ebc8e521-8426-476a-beec-f1a1a8d81e19 req-ebc8e521-8426-476a-beec-f1a1a8d81e19 ] Request (ServerAddressesNegativeTestJSON:tearDownClass): 204 DELETE http://10.180.1.21:9696/networking/v2.0/subnets/7f9c4905-7396-423c-a6d7-697918ce78ab 0.202s
2025-01-06 02:36:58.591 68731 INFO tempest.lib.common.rest_client [req-484a9ea5-64c3-49fa-b82e-88670b9bf4d5 req-484a9ea5-64c3-49fa-b82e-88670b9bf4d5 ] Request (QuotasAdminTestV257:tearDownClass): 204 DELETE http://10.180.1.21:9696/networking/v2.0/security-groups/752a203f-9423-4bfe-81ae-18f0bc8f2da2 0.147s
2025-01-06 02:36:58.663 68731 INFO tempest.lib.common.rest_client [req-6d0eb0d3-345a-4e2e-b62e-2f3afdd23988 req-6d0eb0d3-345a-4e2e-b62e-2f3afdd23988 ] Request (QuotasAdminTestV257:tearDownClass): 204 DELETE http://10.180.1.21/identity/v3/projects/4217272a5230467d90b59db159d7976e 0.071s
2025-01-06 02:36:58.663 68731 INFO tempest.lib.common.dynamic_creds [-] Deleting project and security group for project: 7046712e7c5145999d592f65c57e2fd1
2025-01-06 02:36:58.705 68715 INFO tempest.lib.common.rest_client [req-7c39307a-0a71-4a17-9fd8-45367e50b466 req-7c39307a-0a71-4a17-9fd8-45367e50b466 ] Request (ListServersNegativeTestJSON:setUpClass): 200 GET http://10.180.1.21/compute/v2.1/servers/4a57ba32-af4f-40ae-adfa-44a392db196c 0.092s
2025-01-06 02:36:58.729 68707 INFO paramiko.transport [-] Connected (version 2.0, client dropbear_2020.81)
2025-01-06 02:36:58.783 68747 INFO tempest.lib.common.rest_client [req-fc6178e7-d2d7-4bb1-bb14-0acd94d07cce req-fc6178e7-d2d7-4bb1-bb14-0acd94d07cce ] Request (ServerMetadataTestJSON:tearDownClass): 200 PUT http://10.180.1.21:9696/networking/v2.0/routers/4810e174-998d-4c9b-9106-b6dfc4e822a4/remove_router_interface 0.929s
2025-01-06 02:36:58.790 68709 INFO tempest.lib.common.rest_client [req-bdcaf9f3-9bff-4015-ab20-9ab0a698bc72 req-bdcaf9f3-9bff-4015-ab20-9ab0a698bc72 ] Request (ServerAddressesNegativeTestJSON:tearDownClass): 204 DELETE http://10.180.1.21:9696/networking/v2.0/networks/e9523907-a6bf-465d-8015-47cb640f687d 0.340s
2025-01-06 02:36:58.821 68757 INFO tempest.lib.common.rest_client [req-9cca2e69-d697-4cb5-90ed-dd8d1110f0df req-9cca2e69-d697-4cb5-90ed-dd8d1110f0df ] Request (AttachVolumeNegativeTest:test_attach_attached_volume_to_different_server): 200 GET http://10.180.1.21/compute/v2.1/servers/3550d32c-b873-462a-a7a1-afc3eb3251ab 0.073s
2025-01-06 02:36:58.828 68731 INFO tempest.lib.common.rest_client [req-1716128c-0f6c-463d-9dcc-ef9e08121cca req-1716128c-0f6c-463d-9dcc-ef9e08121cca ] Request (QuotasAdminTestV257:tearDownClass): 200 GET http://10.180.1.21:9696/networking/v2.0/security-groups?tenant_id=7046712e7c5145999d592f65c57e2fd1&name=default 0.164s
2025-01-06 02:36:58.892 68707 INFO paramiko.transport [-] Authentication (publickey) successful!
2025-01-06 02:36:58.893 68707 INFO tempest.lib.common.ssh [-] ssh connection to cirros@10.180.180.157 successfully created
2025-01-06 02:36:58.930 68717 INFO tempest.lib.common.rest_client [req-06338991-4cb8-4da3-b322-ae1411870d5c req-06338991-4cb8-4da3-b322-ae1411870d5c ] Request (FloatingIPsAssociationTestJSON:tearDownClass): 200 GET http://10.180.1.21/compute/v2.1/servers/69eeee84-fcfd-4326-8384-79a1d5e01e9e 0.096s
2025-01-06 02:36:58.935 68731 INFO tempest.lib.common.rest_client [req-97af034c-453d-4ffb-ac37-b7caf5c7d80c req-97af034c-453d-4ffb-ac37-b7caf5c7d80c ] Request (QuotasAdminTestV257:tearDownClass): 204 DELETE http://10.180.1.21:9696/networking/v2.0/security-groups/90b99f22-c9ef-4c8f-8645-892af62e1083 0.107s
2025-01-06 02:36:58.943 68709 INFO tempest.lib.common.rest_client [req-9938cf40-241f-46cc-8724-a456f052fe58 req-9938cf40-241f-46cc-8724-a456f052fe58 ] Request (ServerAddressesNegativeTestJSON:tearDownClass): 204 DELETE http://10.180.1.21/identity/v3/users/bc971359e94a485bab5442807deeebd5 0.152s
2025-01-06 02:36:58.943 68709 INFO tempest.lib.common.dynamic_creds [-] Deleting project and security group for project: 4a02f3a8234240369bda27de85207ca3
2025-01-06 02:36:58.988 68709 INFO tempest.lib.common.rest_client [req-c5e18690-41e3-4a57-aa68-d3e3c2495b67 req-c5e18690-41e3-4a57-aa68-d3e3c2495b67 ] Request (ServerAddressesNegativeTestJSON:tearDownClass): 200 GET http://10.180.1.21:9696/networking/v2.0/security-groups?tenant_id=4a02f3a8234240369bda27de85207ca3&name=default 0.045s
2025-01-06 02:36:58.992 68727 WARNING tempest.lib.common.ssh [-] Failed to establish authenticated ssh connection to cirros@10.180.180.131 ([Errno None] Unable to connect to port 22 on 10.180.180.131). Number attempts: 1. Retry after 2 seconds.: paramiko.ssh_exception.NoValidConnectionsError: [Errno None] Unable to connect to port 22 on 10.180.180.131
2025-01-06 02:36:59.007 68765 INFO tempest.lib.common.rest_client [req-ee29c56c-0ca5-4752-a6af-5fbc6385bf3c req-ee29c56c-0ca5-4752-a6af-5fbc6385bf3c ] Request (AttachInterfacesV270Test:test_create_get_list_interfaces): 200 GET http://10.180.1.21/compute/v2.1/servers/ac18bd52-7b11-4e63-ba7c-8ebacdeaa062 0.152s
2025-01-06 02:36:59.055 68707 INFO tempest.lib.common.rest_client [req-aa1d0263-267b-4744-9aab-e45f0e9cc868 req-aa1d0263-267b-4744-9aab-e45f0e9cc868 ] Request (ServersTestJSON:test_list_servers): 200 GET http://10.180.1.21/compute/v2.1/servers 0.151s
2025-01-06 02:36:59.072 68731 INFO tempest.lib.common.rest_client [req-be0f0c07-7b25-4804-bfde-58130afb3e18 req-be0f0c07-7b25-4804-bfde-58130afb3e18 ] Request (QuotasAdminTestV257:tearDownClass): 204 DELETE http://10.180.1.21/identity/v3/projects/7046712e7c5145999d592f65c57e2fd1 0.136s
2025-01-06 02:36:59.075 68719 INFO tempest.lib.common.rest_client [req-1bc090a9-2a0b-4e11-b0c2-0f4720b38e65 req-1bc090a9-2a0b-4e11-b0c2-0f4720b38e65 ] Request (ListImageFiltersTestJSON:tearDownClass): 200 GET http://10.180.1.21/compute/v2.1/servers/9d2c0789-1ee9-409a-b8da-17b8a776c067 0.134s
2025-01-06 02:36:59.115 68749 INFO tempest.lib.common.rest_client [req-01c7ad28-ca3e-49ee-bcc5-1783a62321c7 req-01c7ad28-ca3e-49ee-bcc5-1783a62321c7 ] Request (MigrationsAdminTest:test_resize_server_revert_deleted_flavor): 200 GET http://10.180.1.21/compute/v2.1/servers/36970daf-9b81-47f3-94fe-963dd71f90d6 0.167s
2025-01-06 02:36:59.149 68763 INFO tempest.lib.common.rest_client [req-7c892564-c7f6-41cd-a29f-afb37dfe5b70 req-7c892564-c7f6-41cd-a29f-afb37dfe5b70 ] Request (ServerActionsV293TestJSON:setUpClass): 200 GET http://10.180.1.21/compute/v2.1/servers/7eb1dedb-6e22-4636-ad5a-81b7ad2b1a6e 0.124s
2025-01-06 02:36:59.164 68731 INFO tempest.lib.common.rest_client [req-b90e77ca-530b-4057-97df-5fe1e0bc1509 req-b90e77ca-530b-4057-97df-5fe1e0bc1509 ] Request (ServerGroup264TestJSON:setUpClass): 201 POST http://10.180.1.21/identity/v3/auth/tokens 0.091s
2025-01-06 02:36:59.167 68709 INFO tempest.lib.common.rest_client [req-541a95a8-f1b3-4590-ad22-c96be2c991cc req-541a95a8-f1b3-4590-ad22-c96be2c991cc ] Request (ServerAddressesNegativeTestJSON:tearDownClass): 204 DELETE http://10.180.1.21:9696/networking/v2.0/security-groups/7fb94653-4f79-4b5b-9f9c-6a3338c96bcf 0.179s
2025-01-06 02:36:59.206 68731 INFO tempest.lib.common.rest_client [req-b0a0a1d0-978c-48d6-a967-2cd64dee9da3 req-b0a0a1d0-978c-48d6-a967-2cd64dee9da3 ] Request (ServerGroup264TestJSON:setUpClass): 201 POST http://10.180.1.21/identity/v3/auth/tokens 0.036s
