2025-01-06 02:35:24.736 68727 INFO tempest.lib.common.dynamic_creds [-] Deleting project and security group for project: d7000a3049c74ed6a53c6e105411bd2e
2025-01-06 02:35:24.760 68767 INFO tempest.lib.common.rest_client [req-c843d48f-b188-44c8-8067-fa5bb84b9e14 req-c843d48f-b188-44c8-8067-fa5bb84b9e14 ] Request (ServersAdminNegativeTestJSON:test_migrate_server_invalid_state): 202 POST http://10.180.1.21/compute/v2.1/servers 2.138s
2025-01-06 02:35:24.840 68769 INFO tempest.lib.common.rest_client [req-33b2f030-ffdb-42cf-86f0-dc2280f5b530 req-33b2f030-ffdb-42cf-86f0-dc2280f5b530 ] Request (QuotaClassesAdminTestJSON:tearDownClass): 200 GET http://10.180.1.21:9696/networking/v2.0/security-groups?tenant_id=c52d54b73d0f44e8be6e017d1026cd9c&name=default 0.229s
2025-01-06 02:35:24.887 68725 INFO tempest.lib.common.rest_client [req-aade8814-ba83-426d-a2f7-72a39c96e554 req-aade8814-ba83-426d-a2f7-72a39c96e554 ] Request (ServersTestFqdnHostnames:test_create_server_with_fqdn_name): 200 GET http://10.180.1.21/compute/v2.1/servers/b145eddf-c0e7-4a82-936b-1e929500929e 1.687s
2025-01-06 02:35:24.954 68769 INFO tempest.lib.common.rest_client [req-80081d52-77f3-45f1-8c0c-e9ef3b87d7a6 req-80081d52-77f3-45f1-8c0c-e9ef3b87d7a6 ] Request (QuotaClassesAdminTestJSON:tearDownClass): 204 DELETE http://10.180.1.21:9696/networking/v2.0/security-groups/ff4a78b7-ea88-47d8-8ece-2ba9fc97183c 0.113s
2025-01-06 02:35:24.975 68727 INFO tempest.lib.common.rest_client [req-ab1515c9-80f2-4084-a604-523c85f185e3 req-ab1515c9-80f2-4084-a604-523c85f185e3 ] Request (ServerDiagnosticsV248Test:tearDownClass): 200 GET http://10.180.1.21:9696/networking/v2.0/security-groups?tenant_id=d7000a3049c74ed6a53c6e105411bd2e&name=default 0.239s
2025-01-06 02:35:24.997 68733 INFO tempest.lib.common.rest_client [req-acd1e0c8-167a-4fcb-9aef-e0a9783c50a9 req-acd1e0c8-167a-4fcb-9aef-e0a9783c50a9 ] Request (VolumesAssistedSnapshotsTest:test_volume_assisted_snapshot_create_delete): 200 GET http://10.180.1.21/compute/v2.1/servers/8fe84c5b-5758-4907-9578-8e9a8588088c/os-interface 1.692s
2025-01-06 02:35:25.076 68727 INFO tempest.lib.common.rest_client [req-e63aafd9-99ad-4802-8f47-eb4c4947de6f req-e63aafd9-99ad-4802-8f47-eb4c4947de6f ] Request (ServerDiagnosticsV248Test:tearDownClass): 204 DELETE http://10.180.1.21:9696/networking/v2.0/security-groups/d6e5203b-6a6a-42cc-95cd-d009caa45aab 0.101s
2025-01-06 02:35:25.076 68769 INFO tempest.lib.common.rest_client [req-8009ebb7-5332-411e-8385-c65730e9ffb2 req-8009ebb7-5332-411e-8385-c65730e9ffb2 ] Request (QuotaClassesAdminTestJSON:tearDownClass): 204 DELETE http://10.180.1.21/identity/v3/projects/c52d54b73d0f44e8be6e017d1026cd9c 0.121s
2025-01-06 02:35:25.077 68769 INFO tempest.lib.common.dynamic_creds [-] Deleting project and security group for project: 90a53c05dfaf414ba7c484882a085224
2025-01-06 02:35:25.208 68769 INFO tempest.lib.common.rest_client [req-1413fbde-5042-4d96-93f4-3c73e453a06f req-1413fbde-5042-4d96-93f4-3c73e453a06f ] Request (QuotaClassesAdminTestJSON:tearDownClass): 200 GET http://10.180.1.21:9696/networking/v2.0/security-groups?tenant_id=90a53c05dfaf414ba7c484882a085224&name=default 0.130s
2025-01-06 02:35:25.223 68727 INFO tempest.lib.common.rest_client [req-a5f6fe24-3f81-445f-ba68-7c5230abd00c req-a5f6fe24-3f81-445f-ba68-7c5230abd00c ] Request (ServerDiagnosticsV248Test:tearDownClass): 204 DELETE http://10.180.1.21/identity/v3/projects/d7000a3049c74ed6a53c6e105411bd2e 0.146s
2025-01-06 02:35:25.290 68769 INFO tempest.lib.common.rest_client [req-a3ee5b79-3353-4d36-a83c-72f1a140af81 req-a3ee5b79-3353-4d36-a83c-72f1a140af81 ] Request (QuotaClassesAdminTestJSON:tearDownClass): 204 DELETE http://10.180.1.21:9696/networking/v2.0/security-groups/5993b301-d254-4188-b77d-c8481faa9a00 0.081s
2025-01-06 02:35:25.300 68727 INFO tempest.lib.common.rest_client [req-d365470e-7ba7-4573-9111-3e5fa83e6a30 req-d365470e-7ba7-4573-9111-3e5fa83e6a30 ] Request (ServicesAdminTestJSON:setUpClass): 201 POST http://10.180.1.21/identity/v3/auth/tokens 0.073s
2025-01-06 02:35:25.305 68739 INFO tempest.lib.common.rest_client [req-2c1db70c-2d28-4fd3-9807-988091474cfb req-2c1db70c-2d28-4fd3-9807-988091474cfb ] Request (SecurityGroupRulesTestJSON:test_security_group_rules_create): 200 POST http://10.180.1.21/compute/v2.1/os-security-groups 2.572s
2025-01-06 02:35:25.330 68727 INFO tempest.lib.common.rest_client [req-b2bf8fb7-520c-46d6-9282-99298db6377e req-b2bf8fb7-520c-46d6-9282-99298db6377e ] Request (ServicesAdminTestJSON:setUpClass): 201 POST http://10.180.1.21/identity/v3/auth/tokens 0.027s
2025-01-06 02:35:25.362 68769 INFO tempest.lib.common.rest_client [req-5523e688-ca9a-49f7-926c-53b534e9c8f5 req-5523e688-ca9a-49f7-926c-53b534e9c8f5 ] Request (QuotaClassesAdminTestJSON:tearDownClass): 204 DELETE http://10.180.1.21/identity/v3/projects/90a53c05dfaf414ba7c484882a085224 0.072s
2025-01-06 02:35:25.364 68769 INFO tempest.test [-] raised in TestMultiAttachVolumeSwap.setUpClass. Invoking tearDownClass.
2025-01-06 02:35:25.431 68727 INFO tempest.lib.common.rest_client [req-bbaaafc7-ff09-4656-84e8-2acc29de8a6d req-bbaaafc7-ff09-4656-84e8-2acc29de8a6d ] Request (ServicesAdminTestJSON:setUpClass): 200 GET http://10.180.1.21/identity/v3/domains?name=Default 0.101s
2025-01-06 02:35:25.448 68707 INFO tempest.lib.common.rest_client [req-6dcb4385-9849-4dd4-bea8-6f99666e2d2d req-6dcb4385-9849-4dd4-bea8-6f99666e2d2d ] Request (ServersTestJSON:setUpClass): 200 GET http://10.180.1.21/compute/v2.1/servers/98c625bb-3a8e-4148-87eb-88683c9995b0 2.064s
2025-01-06 02:35:25.456 68707 INFO tempest.lib.common.ssh [-] Creating ssh connection to '10.180.180.157:22' as 'cirros' with public key authentication
2025-01-06 02:35:25.469 68769 INFO tempest.lib.common.rest_client [req-4fe50bf4-b552-45c2-b60a-b70511759e66 req-4fe50bf4-b552-45c2-b60a-b70511759e66 ] Request (SecurityGroupsTestJSON:setUpClass): 201 POST http://10.180.1.21/identity/v3/auth/tokens 0.101s
2025-01-06 02:35:25.494 68727 INFO tempest.lib.common.rest_client [req-4797f71c-16c9-4849-a4fd-7040b28215ab req-4797f71c-16c9-4849-a4fd-7040b28215ab ] Request (ServicesAdminTestJSON:setUpClass): 201 POST http://10.180.1.21/identity/v3/projects 0.062s
2025-01-06 02:35:25.533 68769 INFO tempest.lib.common.rest_client [req-ef4c1f6d-23a9-42bc-a466-f4ffd56ba1cb req-ef4c1f6d-23a9-42bc-a466-f4ffd56ba1cb ] Request (SecurityGroupsTestJSON:setUpClass): 201 POST http://10.180.1.21/identity/v3/auth/tokens 0.062s
2025-01-06 02:35:25.554 68727 INFO tempest.lib.common.rest_client [req-eb2442d3-9ba3-427f-b958-bf35e6b4092a req-eb2442d3-9ba3-427f-b958-bf35e6b4092a ] Request (ServicesAdminTestJSON:setUpClass): 201 POST http://10.180.1.21/identity/v3/users 0.059s
2025-01-06 02:35:25.557 68719 INFO tempest.lib.common.rest_client [req-4616ad3c-e0e4-4f57-98ef-3212649011cc req-4616ad3c-e0e4-4f57-98ef-3212649011cc ] Request (ListImageFiltersTestJSON:setUpClass): 200 GET http://10.180.1.21/compute/v2.1/servers/9d2c0789-1ee9-409a-b8da-17b8a776c067 1.883s
2025-01-06 02:35:25.562 68769 INFO tempest.lib.common.rest_client [req-2b47683c-a3bc-4d14-b43b-4495dcc1bf0a req-2b47683c-a3bc-4d14-b43b-4495dcc1bf0a ] Request (SecurityGroupsTestJSON:setUpClass): 200 GET http://10.180.1.21/identity/v3/domains?name=Default 0.029s
2025-01-06 02:35:25.580 68727 INFO tempest.lib.common.rest_client [req-0c40a143-a78d-4ba3-bf9b-7d992914c7ca req-0c40a143-a78d-4ba3-bf9b-7d992914c7ca ] Request (ServicesAdminTestJSON:setUpClass): 200 GET http://10.180.1.21/identity/v3/roles 0.026s
2025-01-06 02:35:25.604 68769 INFO tempest.lib.common.rest_client [req-18d73fc1-02ff-4645-8576-631eee0c3e69 req-18d73fc1-02ff-4645-8576-631eee0c3e69 ] Request (SecurityGroupsTestJSON:setUpClass): 201 POST http://10.180.1.21/identity/v3/projects 0.041s
2025-01-06 02:35:25.617 68727 INFO tempest.lib.common.rest_client [req-5dd2f6b0-698a-4108-9eed-63bdd934ee75 req-5dd2f6b0-698a-4108-9eed-63bdd934ee75 ] Request (ServicesAdminTestJSON:setUpClass): 204 PUT http://10.180.1.21/identity/v3/projects/b65c3f865a78416dad889a83854ef14c/users/699df593c74f4666a3c1370909916792/roles/9d51bf75b8b441bb80d8e053e864b2d3 0.036s
2025-01-06 02:35:25.617 68727 INFO tempest.lib.common.dynamic_creds [-] Dynamic test user 699df593c74f4666a3c1370909916792 is created with scope project and roles: ['member']
2025-01-06 02:35:25.618 68727 INFO tempest.lib.common.dynamic_creds [-] Acquired dynamic creds: credentials: Credentials: {'domain_id': 'default', 'domain_name': 'Default', 'username': 'tempest-ServicesAdminTestJSON-545901808-project-member', 'project_domain_id': 'default', 'project_domain_name': 'Default', 'project_id': 'b65c3f865a78416dad889a83854ef14c', 'project_name': 'tempest-ServicesAdminTestJSON-545901808', 'tenant_id': 'b65c3f865a78416dad889a83854ef14c', 'tenant_name': 'tempest-ServicesAdminTestJSON-545901808', 'user_domain_id': 'default', 'user_domain_name': 'Default', 'user_id': '699df593c74f4666a3c1370909916792', 'system': None}, Network: None, Subnet: None, Router: None
2025-01-06 02:35:25.618 68727 INFO tempest.lib.common.dynamic_creds [-] Created isolated network resources for: credentials: Credentials: {'domain_id': 'default', 'domain_name': 'Default', 'username': 'tempest-ServicesAdminTestJSON-545901808-project-member', 'project_domain_id': 'default', 'project_domain_name': 'Default', 'project_id': 'b65c3f865a78416dad889a83854ef14c', 'project_name': 'tempest-ServicesAdminTestJSON-545901808', 'tenant_id': 'b65c3f865a78416dad889a83854ef14c', 'tenant_name': 'tempest-ServicesAdminTestJSON-545901808', 'user_domain_id': 'default', 'user_domain_name': 'Default', 'user_id': '699df593c74f4666a3c1370909916792', 'system': None}, Network: None, Subnet: None, Router: None
2025-01-06 02:35:25.700 68727 INFO tempest.lib.common.rest_client [req-a676e3b3-a417-4f0b-a6b3-9e5c5f1581e9 req-a676e3b3-a417-4f0b-a6b3-9e5c5f1581e9 ] Request (ServicesAdminTestJSON:setUpClass): 201 POST http://10.180.1.21/identity/v3/auth/tokens 0.073s
2025-01-06 02:35:25.715 68769 INFO tempest.lib.common.rest_client [req-267e320e-9002-4c37-9ef2-0178e799b794 req-267e320e-9002-4c37-9ef2-0178e799b794 ] Request (SecurityGroupsTestJSON:setUpClass): 201 POST http://10.180.1.21/identity/v3/users 0.110s
2025-01-06 02:35:25.728 68727 INFO tempest.lib.common.rest_client [req-68704049-f8a6-4720-8717-28162aab4b3c req-68704049-f8a6-4720-8717-28162aab4b3c ] Request (ServicesAdminTestJSON:setUpClass): 201 POST http://10.180.1.21/identity/v3/projects 0.028s
2025-01-06 02:35:25.736 68769 INFO tempest.lib.common.rest_client [req-ae7e0f56-761a-4912-8d3e-83d732d4e16a req-ae7e0f56-761a-4912-8d3e-83d732d4e16a ] Request (SecurityGroupsTestJSON:setUpClass): 200 GET http://10.180.1.21/identity/v3/roles 0.020s
2025-01-06 02:35:25.791 68727 INFO tempest.lib.common.rest_client [req-8aaf1183-07da-431d-adb5-e2598c1a8370 req-8aaf1183-07da-431d-adb5-e2598c1a8370 ] Request (ServicesAdminTestJSON:setUpClass): 201 POST http://10.180.1.21/identity/v3/users 0.062s
2025-01-06 02:35:25.805 68769 INFO tempest.lib.common.rest_client [req-0c64c174-6eee-4f04-a586-d75c94e25a03 req-0c64c174-6eee-4f04-a586-d75c94e25a03 ] Request (SecurityGroupsTestJSON:setUpClass): 204 PUT http://10.180.1.21/identity/v3/projects/a4cc622cc31f4571a2ef5e264046ed92/users/ac70e1b7fde44b049cac6759bd6e3154/roles/9d51bf75b8b441bb80d8e053e864b2d3 0.069s
2025-01-06 02:35:25.806 68769 INFO tempest.lib.common.dynamic_creds [-] Dynamic test user ac70e1b7fde44b049cac6759bd6e3154 is created with scope project and roles: ['member']
2025-01-06 02:35:25.806 68769 INFO tempest.lib.common.dynamic_creds [-] Acquired dynamic creds: credentials: Credentials: {'domain_id': 'default', 'domain_name': 'Default', 'username': 'tempest-SecurityGroupsTestJSON-467298319-project-member', 'project_domain_id': 'default', 'project_domain_name': 'Default', 'project_id': 'a4cc622cc31f4571a2ef5e264046ed92', 'project_name': 'tempest-SecurityGroupsTestJSON-467298319', 'tenant_id': 'a4cc622cc31f4571a2ef5e264046ed92', 'tenant_name': 'tempest-SecurityGroupsTestJSON-467298319', 'user_domain_id': 'default', 'user_domain_name': 'Default', 'user_id': 'ac70e1b7fde44b049cac6759bd6e3154', 'system': None}, Network: None, Subnet: None, Router: None
2025-01-06 02:35:25.812 68727 INFO tempest.lib.common.rest_client [req-b37d7da9-2b04-40bb-bb74-4faf5368d58f req-b37d7da9-2b04-40bb-bb74-4faf5368d58f ] Request (ServicesAdminTestJSON:setUpClass): 200 GET http://10.180.1.21/identity/v3/roles 0.021s
2025-01-06 02:35:25.871 68727 INFO tempest.lib.common.rest_client [req-bc7a791d-137c-4798-beb4-e3f8f0a4a06b req-bc7a791d-137c-4798-beb4-e3f8f0a4a06b ] Request (ServicesAdminTestJSON:setUpClass): 204 PUT http://10.180.1.21/identity/v3/projects/337341b1b67a4235bedac7df41a00065/users/91bbe6e9c30248448055c5b2a95a0416/roles/4e84d966b1b44fd8a90a91947ea1c91e 0.058s
2025-01-06 02:35:25.871 68769 INFO tempest.lib.common.rest_client [req-46f8fabe-ef0d-4e90-8dc3-1a5af1ceb8a9 req-46f8fabe-ef0d-4e90-8dc3-1a5af1ceb8a9 ] Request (SecurityGroupsTestJSON:setUpClass): 201 POST http://10.180.1.21/identity/v3/auth/tokens 0.065s
2025-01-06 02:35:25.927 68727 INFO tempest.lib.common.rest_client [req-51832c48-afca-41a0-b52e-cd3dd4601e61 req-51832c48-afca-41a0-b52e-cd3dd4601e61 ] Request (ServicesAdminTestJSON:setUpClass): 200 GET http://10.180.1.21/identity/v3/roles 0.055s
2025-01-06 02:35:25.945 68727 INFO tempest.lib.common.rest_client [req-53c05a1d-b719-4c7a-9d61-7b6bebba3a7b req-53c05a1d-b719-4c7a-9d61-7b6bebba3a7b ] Request (ServicesAdminTestJSON:setUpClass): 204 PUT http://10.180.1.21/identity/v3/projects/337341b1b67a4235bedac7df41a00065/users/91bbe6e9c30248448055c5b2a95a0416/roles/4e84d966b1b44fd8a90a91947ea1c91e 0.018s
2025-01-06 02:35:25.945 68727 INFO tempest.lib.common.dynamic_creds [-] Dynamic test user 91bbe6e9c30248448055c5b2a95a0416 is created with scope project and roles: ['admin']
2025-01-06 02:35:25.945 68727 INFO tempest.lib.common.dynamic_creds [-] Acquired dynamic creds: credentials: Credentials: {'domain_id': 'default', 'domain_name': 'Default', 'username': 'tempest-ServicesAdminTestJSON-840152169-project-admin', 'project_domain_id': 'default', 'project_domain_name': 'Default', 'project_id': '337341b1b67a4235bedac7df41a00065', 'project_name': 'tempest-ServicesAdminTestJSON-840152169', 'tenant_id': '337341b1b67a4235bedac7df41a00065', 'tenant_name': 'tempest-ServicesAdminTestJSON-840152169', 'user_domain_id': 'default', 'user_domain_name': 'Default', 'user_id': '91bbe6e9c30248448055c5b2a95a0416', 'system': None}, Network: None, Subnet: None, Router: None
2025-01-06 02:35:25.945 68727 INFO tempest.lib.common.dynamic_creds [-] Created isolated network resources for: credentials: Credentials: {'domain_id': 'default', 'domain_name': 'Default', 'username': 'tempest-ServicesAdminTestJSON-840152169-project-admin', 'project_domain_id': 'default', 'project_domain_name': 'Default', 'project_id': '337341b1b67a4235bedac7df41a00065', 'project_name': 'tempest-ServicesAdminTestJSON-840152169', 'tenant_id': '337341b1b67a4235bedac7df41a00065', 'tenant_name': 'tempest-ServicesAdminTestJSON-840152169', 'user_domain_id': 'default', 'user_domain_name': 'Default', 'user_id': '91bbe6e9c30248448055c5b2a95a0416', 'system': None}, Network: None, Subnet: None, Router: None
2025-01-06 02:35:26.015 68727 INFO tempest.lib.common.rest_client [req-86d4c414-b055-4376-8a8d-dba4a4971909 req-86d4c414-b055-4376-8a8d-dba4a4971909 ] Request (ServicesAdminTestJSON:setUpClass): 201 POST http://10.180.1.21/identity/v3/auth/tokens 0.067s
2025-01-06 02:35:26.239 68769 INFO tempest.lib.common.rest_client [req-18b91430-fc24-4f49-a9ef-1f2e915be640 req-18b91430-fc24-4f49-a9ef-1f2e915be640 ] Request (SecurityGroupsTestJSON:setUpClass): 201 POST http://10.180.1.21:9696/networking/v2.0/networks 0.368s
2025-01-06 02:35:26.655 68709 INFO tempest.lib.common.rest_client [req-55972c59-9068-46cf-b9cf-41933e23be88 req-55972c59-9068-46cf-b9cf-41933e23be88 ] Request (ServerAddressesNegativeTestJSON:setUpClass): 202 POST http://10.180.1.21/compute/v2.1/servers 3.052s
2025-01-06 02:35:26.780 68737 INFO tempest.lib.common.rest_client [req-c5dc074d-de5b-4cd1-95aa-069b7daa4f53 req-c5dc074d-de5b-4cd1-95aa-069b7daa4f53 ] Request (ServerActionsTestJSON:setUpClass): 202 POST http://10.180.1.21/compute/v2.1/servers 3.097s
2025-01-06 02:35:26.917 68733 INFO tempest.lib.common.rest_client [req-832ae7e3-e463-42ac-885e-bc6b8ab0ad3c req-832ae7e3-e463-42ac-885e-bc6b8ab0ad3c ] Request (VolumesAssistedSnapshotsTest:test_volume_assisted_snapshot_create_delete): 200 PUT http://10.180.1.21:9696/networking/v2.0/floatingips/1f7c3220-a2a0-48e3-97eb-5995f32ff049 1.917s
2025-01-06 02:35:26.918 68733 INFO tempest.lib.common.ssh [-] Creating ssh connection to '10.180.180.164:22' as 'cirros' with public key authentication
2025-01-06 02:35:26.945 68769 INFO tempest.lib.common.rest_client [req-1935e567-f1c7-46f1-9f59-02e9fed4b7b5 req-1935e567-f1c7-46f1-9f59-02e9fed4b7b5 ] Request (SecurityGroupsTestJSON:setUpClass): 201 POST http://10.180.1.21:9696/networking/v2.0/subnets 0.705s
2025-01-06 02:35:26.974 68763 INFO tempest.lib.common.rest_client [req-4d092b76-e4f6-42da-97bf-115b2c7f27b5 req-4d092b76-e4f6-42da-97bf-115b2c7f27b5 ] Request (InstanceActionsTestJSON:setUpClass): 200 GET http://10.180.1.21/compute/v2.1/servers/93aff290-b2d9-4ef5-bc6d-0206be00253c 3.115s
2025-01-06 02:35:27.184 68749 INFO tempest.lib.common.rest_client [req-c84cbbce-eb65-42eb-bd20-008bd5bf77e8 req-c84cbbce-eb65-42eb-bd20-008bd5bf77e8 ] Request (MigrationsAdminTest:test_list_migrations_in_flavor_resize_situation): 200 GET http://10.180.1.21/compute/v2.1/servers/f964b631-4f16-4ba9-b0e2-61b99b1e3bf1 3.203s
2025-01-06 02:35:27.232 68711 INFO tempest.lib.common.rest_client [req-95aea9fb-eeb7-427d-ae68-ed8e99801aba req-95aea9fb-eeb7-427d-ae68-ed8e99801aba ] Request (ImagesTestJSON:test_create_image_from_stopped_server): 200 GET http://10.180.1.21/compute/v2.1/images/c4aaaeea-c3b0-4daa-a676-1f5615c961c2 3.215s
2025-01-06 02:35:27.296 68741 INFO tempest.lib.common.rest_client [req-49374851-4219-4ba8-819e-07f09d0aa822 req-49374851-4219-4ba8-819e-07f09d0aa822 ] Request (ServersV294TestFqdnHostnames:setUpClass): 202 POST http://10.180.1.21/compute/v2.1/servers 3.345s
2025-01-06 02:35:27.365 68735 INFO tempest.lib.common.rest_client [req-51d299fb-5156-4168-917b-ba5fb5e2ec8d req-51d299fb-5156-4168-917b-ba5fb5e2ec8d ] Request (TenantUsagesTestJSON:setUpClass): 200 GET http://10.180.1.21/compute/v2.1/servers/00bd8ea9-349c-493d-8f54-85856c566ad8 3.242s
2025-01-06 02:35:27.399 68729 INFO tempest.lib.common.rest_client [req-6b2b963e-4e80-40c6-81c4-85c9ff319812 req-6b2b963e-4e80-40c6-81c4-85c9ff319812 ] Request (ImagesOneServerNegativeTestJSON:setUpClass): 200 GET http://10.180.1.21/compute/v2.1/servers/bac7ec18-8d57-45bf-901a-ad7020428158 3.329s
2025-01-06 02:35:27.411 68715 INFO tempest.lib.common.rest_client [req-592a7480-315f-4909-a3fe-f12552b508a1 req-592a7480-315f-4909-a3fe-f12552b508a1 ] Request (HostsAdminNegativeTestJSON:test_startup_host_with_non_admin_user): 403 GET http://10.180.1.21/compute/v2.1/os-hosts/devstack/startup 3.166s
2025-01-06 02:35:27.425 68753 INFO tempest.lib.common.rest_client [req-db487c99-b815-4117-a93f-a14436b02acd req-db487c99-b815-4117-a93f-a14436b02acd ] Request (ServersTestBootFromVolume:setUpClass): 200 GET http://10.180.1.21/compute/v2.1/servers/c731cd74-f289-409c-a8aa-6faa7cf6bb2b 3.195s
2025-01-06 02:35:27.451 68743 INFO tempest.lib.common.rest_client [req-5f00c2cb-4828-4bda-b283-08047b902c9b req-5f00c2cb-4828-4bda-b283-08047b902c9b ] Request (FlavorsAccessNegativeTestJSON:_run_cleanups): 202 DELETE http://10.180.1.21/compute/v2.1/flavors/1924056506 3.099s
2025-01-06 02:35:27.509 68757 INFO tempest.lib.common.rest_client [req-6acb233e-1b61-4331-824a-867577d09dfc req-6acb233e-1b61-4331-824a-867577d09dfc ] Request (ServerRescueTestJSONUnderV235:setUpClass): 200 GET http://10.180.1.21/compute/v2.1/servers/f4ee9c60-8bc1-4397-8c5b-9b94f2318db0 3.104s
2025-01-06 02:35:27.533 68755 INFO tempest.lib.common.rest_client [req-7198ebc8-5209-432b-8bb5-af70d8a3c534 req-7198ebc8-5209-432b-8bb5-af70d8a3c534 ] Request (AggregatesAdminNegativeTestJSON:_run_cleanups): 200 DELETE http://10.180.1.21/compute/v2.1/os-aggregates/6 3.098s
2025-01-06 02:35:27.588 68731 INFO tempest.lib.common.rest_client [req-870d1f4e-672c-4765-b881-edb65d03eb76 req-870d1f4e-672c-4765-b881-edb65d03eb76 ] Request (DeleteServersAdminTestJSON:test_delete_server_while_in_error_state): 200 GET http://10.180.1.21/compute/v2.1/servers/1407dcbc-362b-443b-955d-153fbd034127 2.870s
2025-01-06 02:35:27.592 68721 INFO tempest.lib.common.rest_client [req-13286061-1ab3-4d80-98a3-06cbe7975cd0 req-13286061-1ab3-4d80-98a3-06cbe7975cd0 ] Request (QuotasTestJSON:test_compare_tenant_quotas_with_default_quotas): 200 GET http://10.180.1.21/compute/v2.1/os-quota-sets/d55053e225f74e39a9bda02a7cb58c40/defaults 3.274s
2025-01-06 02:35:27.664 68723 INFO tempest.lib.common.rest_client [req-87bbffc4-b331-4a4a-8f59-d25e86f0ef03 req-87bbffc4-b331-4a4a-8f59-d25e86f0ef03 ] Request (ServerDiagnosticsNegativeTest:tearDownClass): 200 GET http://10.180.1.21/compute/v2.1/servers/cd4627a3-03ee-4d91-ac3f-0eae930198be 2.936s
2025-01-06 02:35:27.664 68767 INFO tempest.lib.common.rest_client [req-41e2666b-25b7-48ef-9e2b-3c014e52ff4e req-41e2666b-25b7-48ef-9e2b-3c014e52ff4e ] Request (ServersAdminNegativeTestJSON:test_migrate_server_invalid_state): 200 GET http://10.180.1.21/compute/v2.1/servers/e97cf19f-7937-4237-b611-8742c17751e1 2.902s
2025-01-06 02:35:27.732 68745 INFO tempest.lib.common.rest_client [req-a300132b-a9a3-4efb-800f-5da2c833f12e req-a300132b-a9a3-4efb-800f-5da2c833f12e ] Request (ServersAdmin275Test:test_rebuild_update_server_275): 200 GET http://10.180.1.21/compute/v2.1/servers/eb00fec8-9b50-4e10-a0f3-a6dcb9d5049f 2.802s
2025-01-06 02:35:27.742 68745 INFO tempest.common.waiters [-] State transition "REBUILD/rebuilding" ==> "REBUILD/rebuild_spawning" after 4 second wait
2025-01-06 02:35:27.742 68765 INFO tempest.lib.common.rest_client [req-4abd506a-5a65-422e-85b9-fd93fb3ff502 req-4abd506a-5a65-422e-85b9-fd93fb3ff502 ] Request (ImagesNegativeTestJSON:test_create_image_from_deleted_server): 200 GET http://10.180.1.21/compute/v2.1/servers/ab38e291-8af6-4759-a504-a5926afa3e34 2.908s
2025-01-06 02:35:27.787 68713 INFO tempest.lib.common.rest_client [req-3e8b3138-cd1e-4249-b93e-c80e5b4624c4 req-3e8b3138-cd1e-4249-b93e-c80e5b4624c4 ] Request (ServerShowV254Test:test_rebuild_server): 200 GET http://10.180.1.21/compute/v2.1/servers/f6c71ec2-3470-484e-9371-6c166bcf07a6 2.755s
2025-01-06 02:35:27.802 68751 INFO tempest.lib.common.rest_client [req-ea7b712b-2d55-40b9-a91a-3f1e7693b729 req-ea7b712b-2d55-40b9-a91a-3f1e7693b729 ] Request (ServerExternalEventsTest:tearDownClass): 200 GET http://10.180.1.21/compute/v2.1/servers/9d723a61-a652-4e89-9bf7-eb544d66b24f 2.606s
2025-01-06 02:35:27.808 68769 INFO tempest.lib.common.rest_client [req-4b2e7123-7827-4812-bcee-229bb3edb8af req-4b2e7123-7827-4812-bcee-229bb3edb8af ] Request (SecurityGroupsTestJSON:setUpClass): 201 POST http://10.180.1.21:9696/networking/v2.0/routers 0.862s
2025-01-06 02:35:27.810 68751 INFO tempest.common.waiters [-] State transition "ACTIVE/deleting" ==> "DELETED/None" after 3 second wait
2025-01-06 02:35:27.882 68717 INFO tempest.lib.common.rest_client [req-e58a39f9-cdad-4088-8d4f-d453d8a5ea47 req-e58a39f9-cdad-4088-8d4f-d453d8a5ea47 ] Request (FloatingIPsAssociationTestJSON:test_associate_already_associated_floating_ip): 200 GET http://10.180.1.21/compute/v2.1/servers/b55b19a2-4be9-47ac-bdb9-64789756f862 2.526s
2025-01-06 02:35:27.943 68761 INFO tempest.lib.common.rest_client [req-ca6bd5a7-9d1b-4b4e-8633-19ebb1819305 req-ca6bd5a7-9d1b-4b4e-8633-19ebb1819305 ] Request (ServersWithSpecificFlavorTestJSON:test_verify_created_server_ephemeral_disk): 200 GET http://10.180.1.21/compute/v2.1/servers/d405bcd4-e175-4c22-b7ab-6a03b44bac42 2.511s
2025-01-06 02:35:27.968 68739 INFO tempest.lib.common.rest_client [req-203469a4-fa0c-49d2-8c50-01960685832e req-203469a4-fa0c-49d2-8c50-01960685832e ] Request (SecurityGroupRulesTestJSON:test_security_group_rules_create): 200 POST http://10.180.1.21/compute/v2.1/os-security-group-rules 2.658s
2025-01-06 02:35:27.992 68747 INFO tempest.lib.common.rest_client [req-330d5764-768b-4569-a770-1bfd486e65d0 req-330d5764-768b-4569-a770-1bfd486e65d0 ] Request (ServerMetadataTestJSON:setUpClass): 200 GET http://10.180.1.21/compute/v2.1/servers/ac23fcd3-6f7c-4c50-90bf-7ff128e9aea1 2.560s
2025-01-06 02:35:28.057 68727 INFO tempest.lib.common.rest_client [req-e0f4293f-acad-4e13-834b-c94f95fea96d req-e0f4293f-acad-4e13-834b-c94f95fea96d ] Request (ServicesAdminTestJSON:test_get_service_by_host_name): 200 GET http://10.180.1.21/compute/v2.1/os-services 2.041s
2025-01-06 02:35:28.116 68725 INFO tempest.lib.common.rest_client [req-c3331710-4163-4fbb-be51-5db24cc0cbe8 req-c3331710-4163-4fbb-be51-5db24cc0cbe8 ] Request (ServersTestFqdnHostnames:test_create_server_with_fqdn_name): 200 GET http://10.180.1.21/compute/v2.1/servers/b145eddf-c0e7-4a82-936b-1e929500929e 2.222s
2025-01-06 02:35:28.123 68725 INFO tempest.common.waiters [-] State transition "BUILD/None" ==> "BUILD/spawning" after 10 second wait
2025-01-06 02:35:28.129 68719 INFO tempest.lib.common.rest_client [req-f3be5f3e-41ce-49c1-80bb-6aacf0279cfe req-f3be5f3e-41ce-49c1-80bb-6aacf0279cfe ] Request (ListImageFiltersTestJSON:setUpClass): 200 GET http://10.180.1.21/compute/v2.1/servers/9d2c0789-1ee9-409a-b8da-17b8a776c067 1.563s
2025-01-06 02:35:28.135 68719 INFO tempest.common.waiters [-] State transition "BUILD/None" ==> "BUILD/networking" after 9 second wait
2025-01-06 02:35:28.183 68709 INFO tempest.lib.common.rest_client [req-9a5c57af-db77-4bce-96d3-077109f9c6ba req-9a5c57af-db77-4bce-96d3-077109f9c6ba ] Request (ServerAddressesNegativeTestJSON:setUpClass): 200 GET http://10.180.1.21/compute/v2.1/servers/ee8dddb0-4028-4718-9644-701b27dafd1a 1.526s
2025-01-06 02:35:28.184 68737 INFO tempest.lib.common.rest_client [req-82777225-ed42-44cd-89e8-b08cc967d934 req-82777225-ed42-44cd-89e8-b08cc967d934 ] Request (ServerActionsTestJSON:setUpClass): 200 GET http://10.180.1.21/compute/v2.1/servers/9cabacaf-16ed-4b57-8b1c-b90756c9be4c 1.403s
2025-01-06 02:35:28.238 68711 INFO tempest.lib.common.rest_client [req-6672dd41-3906-4987-9c95-c57948052aee req-6672dd41-3906-4987-9c95-c57948052aee ] Request (ImagesTestJSON:test_create_image_from_stopped_server): 200 GET http://10.180.1.21/compute/v2.1/images/c4aaaeea-c3b0-4daa-a676-1f5615c961c2 1.002s
2025-01-06 02:35:28.251 68715 INFO tempest.lib.common.rest_client [req-50a151c8-b987-4300-9d05-3a8cd5d01770 req-50a151c8-b987-4300-9d05-3a8cd5d01770 ] Request (HostsAdminNegativeTestJSON:test_startup_nonexistent_host): 404 GET http://10.180.1.21/compute/v2.1/os-hosts/nonexistent_hostname/startup 0.839s
2025-01-06 02:35:28.279 68743 INFO tempest.lib.common.rest_client [req-ea4b41af-b017-4ce8-9352-5f7d06cefa7f req-ea4b41af-b017-4ce8-9352-5f7d06cefa7f ] Request (FlavorsAccessNegativeTestJSON:_run_cleanups): 200 GET http://10.180.1.21/compute/v2.1/flavors/detail 0.827s
2025-01-06 02:35:28.282 68711 INFO tempest.lib.common.rest_client [req-8b770da5-6d34-42dd-9b0b-2bb0eba03f05 req-8b770da5-6d34-42dd-9b0b-2bb0eba03f05 ] Request (ImagesTestJSON:test_create_image_from_stopped_server): 200 GET http://10.180.1.21/image/v2/images/c4aaaeea-c3b0-4daa-a676-1f5615c961c2/tasks 0.040s
2025-01-06 02:35:28.290 68755 INFO tempest.lib.common.rest_client [req-336e1a4f-8c76-4210-901a-aa98fe9d4977 req-336e1a4f-8c76-4210-901a-aa98fe9d4977 ] Request (AggregatesAdminNegativeTestJSON:test_aggregate_get_details_with_invalid_id): 404 GET http://10.180.1.21/compute/v2.1/os-aggregates/-1 0.752s
2025-01-06 02:35:28.290 68741 INFO tempest.lib.common.rest_client [req-c1db093d-5ca9-4301-8072-a02a58e10079 req-c1db093d-5ca9-4301-8072-a02a58e10079 ] Request (ServersV294TestFqdnHostnames:setUpClass): 200 GET http://10.180.1.21/compute/v2.1/servers/2cee836f-dda6-4be0-9b44-70e207bdc9a3 0.992s
2025-01-06 02:35:28.348 68721 INFO tempest.lib.common.rest_client [req-9a3c73cc-2f7e-488d-a0c3-db5bc7f75ebe req-9a3c73cc-2f7e-488d-a0c3-db5bc7f75ebe ] Request (QuotasTestJSON:test_compare_tenant_quotas_with_default_quotas): 200 GET http://10.180.1.21/compute/v2.1/os-quota-sets/d55053e225f74e39a9bda02a7cb58c40 0.754s
2025-01-06 02:35:28.443 68743 INFO tempest.lib.common.rest_client [req-4c916b1a-5f3d-4549-a5c7-0767712ae2a0 req-4c916b1a-5f3d-4549-a5c7-0767712ae2a0 ] Request (FlavorsAccessNegativeTestJSON:tearDownClass): 204 DELETE http://10.180.1.21/identity/v3/users/2a4c5e2365984aafab7e4598e2c8e7be 0.153s
2025-01-06 02:35:28.489 68739 INFO tempest.lib.common.rest_client [req-8fe24782-636c-4d9e-b753-8024af496bad req-8fe24782-636c-4d9e-b753-8024af496bad ] Request (SecurityGroupRulesTestJSON:test_security_group_rules_create_with_optional_cidr): 200 POST http://10.180.1.21/compute/v2.1/os-security-groups 0.516s
2025-01-06 02:35:28.502 68763 INFO tempest.lib.common.rest_client [req-1d91140b-0932-4579-9427-2b06987566ed req-1d91140b-0932-4579-9427-2b06987566ed ] Request (InstanceActionsTestJSON:setUpClass): 200 GET http://10.180.1.21/compute/v2.1/servers/93aff290-b2d9-4ef5-bc6d-0206be00253c 0.519s
2025-01-06 02:35:28.522 68727 INFO tempest.lib.common.rest_client [req-89ab9126-bd1e-4281-8d11-a67736bd4bde req-89ab9126-bd1e-4281-8d11-a67736bd4bde ] Request (ServicesAdminTestJSON:test_get_service_by_host_name): 200 GET http://10.180.1.21/compute/v2.1/os-services?host=devstack 0.462s
2025-01-06 02:35:28.531 68715 INFO tempest.lib.common.rest_client [req-93fa2dea-8d6d-4ee6-b6ca-0be7d587fe94 req-93fa2dea-8d6d-4ee6-b6ca-0be7d587fe94 ] Request (HostsAdminNegativeTestJSON:test_update_host_with_invalid_maintenance_mode): 400 PUT http://10.180.1.21/compute/v2.1/os-hosts/devstack 0.278s
2025-01-06 02:35:28.571 68743 INFO tempest.lib.common.rest_client [req-81e449e6-10c0-4543-83d0-a9cc0f72bc44 req-81e449e6-10c0-4543-83d0-a9cc0f72bc44 ] Request (FlavorsAccessNegativeTestJSON:tearDownClass): 204 DELETE http://10.180.1.21/identity/v3/users/fd1551b0419a42d4b35877b154da48e2 0.127s
2025-01-06 02:35:28.671 68711 INFO tempest.lib.common.rest_client [req-9fb328f6-2338-4621-a59a-857f43a84082 req-9fb328f6-2338-4621-a59a-857f43a84082 ] Request (ImagesTestJSON:_run_cleanups): 204 DELETE http://10.180.1.21/compute/v2.1/images/c4aaaeea-c3b0-4daa-a676-1f5615c961c2 0.388s
2025-01-06 02:35:28.677 68755 INFO tempest.lib.common.rest_client [req-2db64d26-37f1-4158-ba41-c4ba654f93ae req-2db64d26-37f1-4158-ba41-c4ba654f93ae ] Request (AggregatesAdminNegativeTestJSON:test_aggregate_list_as_user): 403 GET http://10.180.1.21/compute/v2.1/os-aggregates 0.384s
2025-01-06 02:35:28.678 68749 INFO tempest.lib.common.rest_client [req-9a8811bc-87b9-4ade-9e0c-05a3e137a52d req-9a8811bc-87b9-4ade-9e0c-05a3e137a52d ] Request (MigrationsAdminTest:test_list_migrations_in_flavor_resize_situation): 200 GET http://10.180.1.21/compute/v2.1/servers/f964b631-4f16-4ba9-b0e2-61b99b1e3bf1 0.487s
2025-01-06 02:35:28.690 68743 INFO tempest.lib.common.rest_client [req-0433a329-785a-48f6-b0d2-1bfd9773c285 req-0433a329-785a-48f6-b0d2-1bfd9773c285 ] Request (FlavorsAccessNegativeTestJSON:tearDownClass): 204 DELETE http://10.180.1.21/identity/v3/users/c6591e5a6a974710a124a391ebc849d6 0.119s
2025-01-06 02:35:28.690 68743 INFO tempest.lib.common.dynamic_creds [-] Deleting project and security group for project: beae19e21a374b90937be78c4f54fdd3
2025-01-06 02:35:28.757 68743 INFO tempest.lib.common.rest_client [req-f14f9095-f014-4946-bb2b-6405111ba269 req-f14f9095-f014-4946-bb2b-6405111ba269 ] Request (FlavorsAccessNegativeTestJSON:tearDownClass): 201 POST http://10.180.1.21/identity/v3/auth/tokens 0.066s
2025-01-06 02:35:28.772 68735 INFO tempest.lib.common.rest_client [req-4eaff1ef-cfe0-407a-a0d9-d2f3980db84f req-4eaff1ef-cfe0-407a-a0d9-d2f3980db84f ] Request (TenantUsagesTestJSON:setUpClass): 200 GET http://10.180.1.21/compute/v2.1/servers/00bd8ea9-349c-493d-8f54-85856c566ad8 0.397s
2025-01-06 02:35:28.833 68721 INFO tempest.lib.common.rest_client [req-fe26e005-7996-4ae5-87a7-881943ae1a46 req-fe26e005-7996-4ae5-87a7-881943ae1a46 ] Request (QuotasTestJSON:test_get_default_quotas): 200 GET http://10.180.1.21/compute/v2.1/os-quota-sets/d55053e225f74e39a9bda02a7cb58c40/defaults 0.479s
2025-01-06 02:35:28.891 68753 INFO tempest.lib.common.rest_client [req-696a8d2f-9259-46be-9b84-b806e7fbe077 req-696a8d2f-9259-46be-9b84-b806e7fbe077 ] Request (ServersTestBootFromVolume:setUpClass): 200 GET http://10.180.1.21/compute/v2.1/servers/c731cd74-f289-409c-a8aa-6faa7cf6bb2b 0.455s
2025-01-06 02:35:28.978 68729 INFO tempest.lib.common.rest_client [req-13d30550-53da-4b73-afc3-67e9c9acdb7a req-13d30550-53da-4b73-afc3-67e9c9acdb7a ] Request (ImagesOneServerNegativeTestJSON:setUpClass): 200 GET http://10.180.1.21/compute/v2.1/servers/bac7ec18-8d57-45bf-901a-ad7020428158 0.568s
2025-01-06 02:35:28.987 68729 INFO tempest.common.waiters [-] State transition "BUILD/spawning" ==> "ACTIVE/None" after 30 second wait
2025-01-06 02:35:29.070 68757 INFO tempest.lib.common.rest_client [req-e5201e1e-4976-4b49-8da9-27280f4cf8a5 req-e5201e1e-4976-4b49-8da9-27280f4cf8a5 ] Request (ServerRescueTestJSONUnderV235:setUpClass): 200 GET http://10.180.1.21/compute/v2.1/servers/f4ee9c60-8bc1-4397-8c5b-9b94f2318db0 0.551s
2025-01-06 02:35:29.094 68727 INFO tempest.lib.common.rest_client [req-655d96d2-622f-46da-9fb2-75ee9011b247 req-655d96d2-622f-46da-9fb2-75ee9011b247 ] Request (ServicesAdminTestJSON:test_get_service_by_service_binary_name): 200 GET http://10.180.1.21/compute/v2.1/os-services?binary=nova-compute 0.569s
2025-01-06 02:35:29.101 68715 INFO tempest.lib.common.rest_client [req-cba38e52-6112-4917-9379-096fbba2a62a req-cba38e52-6112-4917-9379-096fbba2a62a ] Request (HostsAdminNegativeTestJSON:test_update_host_with_invalid_status): 400 PUT http://10.180.1.21/compute/v2.1/os-hosts/devstack 0.569s
2025-01-06 02:35:29.103 68769 INFO tempest.lib.common.rest_client [req-4bdb9a29-2c45-4e2e-a411-0d0b1b050310 req-4bdb9a29-2c45-4e2e-a411-0d0b1b050310 ] Request (SecurityGroupsTestJSON:setUpClass): 200 PUT http://10.180.1.21:9696/networking/v2.0/routers/7a7a25f1-9c1a-40cc-8c88-477b974cb85e/add_router_interface 1.294s
2025-01-06 02:35:29.103 68769 INFO tempest.lib.common.dynamic_creds [-] Created isolated network resources for: credentials: Credentials: {'domain_id': 'default', 'domain_name': 'Default', 'username': 'tempest-SecurityGroupsTestJSON-467298319-project-member', 'project_domain_id': 'default', 'project_domain_name': 'Default', 'project_id': 'a4cc622cc31f4571a2ef5e264046ed92', 'project_name': 'tempest-SecurityGroupsTestJSON-467298319', 'tenant_id': 'a4cc622cc31f4571a2ef5e264046ed92', 'tenant_name': 'tempest-SecurityGroupsTestJSON-467298319', 'user_domain_id': 'default', 'user_domain_name': 'Default', 'user_id': 'ac70e1b7fde44b049cac6759bd6e3154', 'system': None}, Network: {'id': 'b4fda787-9307-49f1-84c3-35e385b4aec6', 'name': 'tempest-SecurityGroupsTestJSON-182461093-network', 'tenant_id': 'a4cc622cc31f4571a2ef5e264046ed92', 'admin_state_up': True, 'mtu': 8950, 'status': 'ACTIVE', 'subnets': [], 'shared': False, 'project_id': 'a4cc622cc31f4571a2ef5e264046ed92', 'port_security_enabled': True, 'router:external': False, 'provider:network_type': 'vlan', 'provider:physical_network': 'default', 'provider:segmentation_id': 692, 'availability_zone_hints': [], 'availability_zones': [], 'ipv4_address_scope': None, 'ipv6_address_scope': None, 'description': '', 'tags': [], 'created_at': '2025-01-06T02:35:26Z', 'updated_at': '2025-01-06T02:35:26Z', 'revision_number': 1}, Subnet: {'id': '545b0646-3584-46e4-ab65-6386feb58612', 'name': 'tempest-SecurityGroupsTestJSON-182461093-subnet', 'tenant_id': 'a4cc622cc31f4571a2ef5e264046ed92', 'network_id': 'b4fda787-9307-49f1-84c3-35e385b4aec6', 'ip_version': 4, 'subnetpool_id': None, 'enable_dhcp': True, 'ipv6_ra_mode': None, 'ipv6_address_mode': None, 'gateway_ip': '192.168.128.1', 'cidr': '192.168.128.0/28', 'allocation_pools': [{'start': '192.168.128.2', 'end': '192.168.128.14'}], 'host_routes': [], 'dns_nameservers': [], 'description': '', 'router:external': False, 'service_types': [], 'tags': [], 'created_at': '2025-01-06T02:35:26Z', 'updated_at': '2025-01-06T02:35:26Z', 'revision_number': 0, 'project_id': 'a4cc622cc31f4571a2ef5e264046ed92'}, Router: {'id': '7a7a25f1-9c1a-40cc-8c88-477b974cb85e', 'name': 'tempest-SecurityGroupsTestJSON-182461093-router', 'tenant_id': 'a4cc622cc31f4571a2ef5e264046ed92', 'admin_state_up': True, 'status': 'ACTIVE', 'external_gateway_info': {'network_id': '4718ccf8-eed1-4b6c-8d73-8f86de2b50ba', 'external_fixed_ips': [{'subnet_id': '9cf07a13-82bc-4a56-9fc6-d0ca25bc3901', 'ip_address': '10.180.180.212'}], 'enable_snat': True}, 'description': '', 'availability_zones': [], 'distributed': False, 'ha': False, 'availability_zone_hints': [], 'routes': [], 'flavor_id': None, 'tags': [], 'created_at': '2025-01-06T02:35:26Z', 'updated_at': '2025-01-06T02:35:27Z', 'revision_number': 2, 'project_id': 'a4cc622cc31f4571a2ef5e264046ed92'}
2025-01-06 02:35:29.190 68743 INFO tempest.lib.common.rest_client [req-cc0b5d9f-9801-4491-8f97-ce2289e1661c req-cc0b5d9f-9801-4491-8f97-ce2289e1661c ] Request (FlavorsAccessNegativeTestJSON:tearDownClass): 200 GET http://10.180.1.21:9696/networking/v2.0/security-groups?tenant_id=beae19e21a374b90937be78c4f54fdd3&name=default 0.433s
2025-01-06 02:35:29.192 68731 INFO tempest.lib.common.rest_client [req-db61d8fc-6101-4685-86d1-609dfa3b3146 req-db61d8fc-6101-4685-86d1-609dfa3b3146 ] Request (DeleteServersAdminTestJSON:test_delete_server_while_in_error_state): 200 GET http://10.180.1.21/compute/v2.1/servers/1407dcbc-362b-443b-955d-153fbd034127 0.596s
2025-01-06 02:35:29.193 68769 INFO tempest.lib.common.rest_client [req-432ea15e-a88d-4f16-8d08-89c5c4900bd1 req-432ea15e-a88d-4f16-8d08-89c5c4900bd1 ] Request (SecurityGroupsTestJSON:setUpClass): 201 POST http://10.180.1.21/identity/v3/auth/tokens 0.081s
2025-01-06 02:35:29.264 68739 INFO tempest.lib.common.rest_client [req-3ab5e513-a215-47cb-9ae8-d88a580e92c9 req-3ab5e513-a215-47cb-9ae8-d88a580e92c9 ] Request (SecurityGroupRulesTestJSON:test_security_group_rules_create_with_optional_cidr): 200 POST http://10.180.1.21/compute/v2.1/os-security-group-rules 0.770s
2025-01-06 02:35:29.304 68711 INFO tempest.lib.common.rest_client [req-4e6eead0-3923-43a3-837f-a726d8f3845a req-4e6eead0-3923-43a3-837f-a726d8f3845a ] Request (ImagesTestJSON:_run_cleanups): 204 DELETE http://10.180.1.21/compute/v2.1/servers/d686e8e0-41bf-4e2a-964a-b6ffc09f8e58 0.633s
2025-01-06 02:35:29.331 68743 INFO tempest.lib.common.rest_client [req-f96da756-534b-41c1-a91f-b4abc76c0868 req-f96da756-534b-41c1-a91f-b4abc76c0868 ] Request (FlavorsAccessNegativeTestJSON:tearDownClass): 204 DELETE http://10.180.1.21:9696/networking/v2.0/security-groups/1acd4dd8-2da0-4cb3-ba3f-34e35c8dfa8e 0.140s
2025-01-06 02:35:29.361 68723 INFO tempest.lib.common.rest_client [req-8157edd2-0b3e-4695-8cbc-76af029c7f67 req-8157edd2-0b3e-4695-8cbc-76af029c7f67 ] Request (ServerDiagnosticsNegativeTest:tearDownClass): 200 GET http://10.180.1.21/compute/v2.1/servers/cd4627a3-03ee-4d91-ac3f-0eae930198be 0.686s
2025-01-06 02:35:29.381 68767 INFO tempest.lib.common.rest_client [req-1448eb2a-a533-4e6a-a1e6-c1f1adabac3a req-1448eb2a-a533-4e6a-a1e6-c1f1adabac3a ] Request (ServersAdminNegativeTestJSON:test_migrate_server_invalid_state): 200 GET http://10.180.1.21/compute/v2.1/servers/e97cf19f-7937-4237-b611-8742c17751e1 0.703s
2025-01-06 02:35:29.400 68755 INFO tempest.lib.common.rest_client [req-8038a281-1e45-4c44-8df0-ce0df0caf1c2 req-8038a281-1e45-4c44-8df0-ce0df0caf1c2 ] Request (AggregatesAdminNegativeTestJSON:test_aggregate_remove_host_as_user): 200 POST http://10.180.1.21/compute/v2.1/os-aggregates 0.720s
2025-01-06 02:35:29.404 68711 INFO tempest.lib.common.rest_client [req-07ecbd10-8975-4fa5-9787-36477213a4b4 req-07ecbd10-8975-4fa5-9787-36477213a4b4 ] Request (ImagesTestJSON:test_create_image_from_suspended_server): 201 POST http://10.180.1.21/identity/v3/auth/tokens 0.091s
2025-01-06 02:35:29.404 68711 INFO tempest.lib.common.fixed_network [-] (ImagesTestJSON:test_create_image_from_suspended_server) Found network {'id': 'd8db0652-40ca-4962-b22c-4094827b7de1', 'name': 'tempest-ImagesTestJSON-1752680112-network', 'tenant_id': '612f13e93f12469ca1e1a961bde003c5', 'admin_state_up': True, 'mtu': 8950, 'status': 'ACTIVE', 'subnets': [], 'shared': False, 'project_id': '612f13e93f12469ca1e1a961bde003c5', 'port_security_enabled': True, 'router:external': False, 'provider:network_type': 'vlan', 'provider:physical_network': 'default', 'provider:segmentation_id': 769, 'availability_zone_hints': [], 'availability_zones': [], 'ipv4_address_scope': None, 'ipv6_address_scope': None, 'description': '', 'tags': [], 'created_at': '2025-01-06T02:34:25Z', 'updated_at': '2025-01-06T02:34:25Z', 'revision_number': 1} available for tenant
2025-01-06 02:35:29.429 68743 INFO tempest.lib.common.rest_client [req-dad4c9c2-ddad-40af-8d05-14960014d489 req-dad4c9c2-ddad-40af-8d05-14960014d489 ] Request (FlavorsAccessNegativeTestJSON:tearDownClass): 204 DELETE http://10.180.1.21/identity/v3/projects/beae19e21a374b90937be78c4f54fdd3 0.098s
2025-01-06 02:35:29.429 68743 INFO tempest.lib.common.dynamic_creds [-] Deleting project and security group for project: 6d9e8282367d41a3ba2477e8b2696004
2025-01-06 02:35:29.442 68745 INFO tempest.lib.common.rest_client [req-c78c874c-25db-4e1f-baa4-45bd2996831f req-c78c874c-25db-4e1f-baa4-45bd2996831f ] Request (ServersAdmin275Test:test_rebuild_update_server_275): 200 GET http://10.180.1.21/compute/v2.1/servers/eb00fec8-9b50-4e10-a0f3-a6dcb9d5049f 0.698s
2025-01-06 02:35:29.468 68765 INFO tempest.lib.common.rest_client [req-6c5bbadc-0abd-4eb6-a0d0-0e888b59769b req-6c5bbadc-0abd-4eb6-a0d0-0e888b59769b ] Request (ImagesNegativeTestJSON:test_create_image_from_deleted_server): 200 GET http://10.180.1.21/compute/v2.1/servers/ab38e291-8af6-4759-a504-a5926afa3e34 0.715s
2025-01-06 02:35:29.502 68713 INFO tempest.lib.common.rest_client [req-81b58b96-0471-4b5a-a0eb-dce30dcc7e2b req-81b58b96-0471-4b5a-a0eb-dce30dcc7e2b ] Request (ServerShowV254Test:test_rebuild_server): 200 GET http://10.180.1.21/compute/v2.1/servers/f6c71ec2-3470-484e-9371-6c166bcf07a6 0.702s
2025-01-06 02:35:29.525 68751 INFO tempest.lib.common.rest_client [req-6c314ef4-1d31-49f0-b17b-a88448bbd091 req-6c314ef4-1d31-49f0-b17b-a88448bbd091 ] Request (ServerExternalEventsTest:tearDownClass): 200 GET http://10.180.1.21/compute/v2.1/servers/9d723a61-a652-4e89-9bf7-eb544d66b24f 0.709s
2025-01-06 02:35:29.583 68717 INFO tempest.lib.common.rest_client [req-92bdfc97-44e8-405f-817b-5d94840ce090 req-92bdfc97-44e8-405f-817b-5d94840ce090 ] Request (FloatingIPsAssociationTestJSON:test_associate_already_associated_floating_ip): 200 GET http://10.180.1.21/compute/v2.1/servers/b55b19a2-4be9-47ac-bdb9-64789756f862 0.694s
2025-01-06 02:35:29.585 68707 WARNING tempest.lib.common.ssh [-] Failed to establish authenticated ssh connection to cirros@10.180.180.157 ([Errno None] Unable to connect to port 22 on 10.180.180.157). Number attempts: 1. Retry after 2 seconds.: paramiko.ssh_exception.NoValidConnectionsError: [Errno None] Unable to connect to port 22 on 10.180.180.157
2025-01-06 02:35:29.591 68743 INFO tempest.lib.common.rest_client [req-26daf4b4-652f-4640-b6bb-e083a7da8550 req-26daf4b4-652f-4640-b6bb-e083a7da8550 ] Request (FlavorsAccessNegativeTestJSON:tearDownClass): 200 GET http://10.180.1.21:9696/networking/v2.0/security-groups?tenant_id=6d9e8282367d41a3ba2477e8b2696004&name=default 0.162s
2025-01-06 02:35:29.626 68721 INFO tempest.lib.common.rest_client [req-2789be8b-1fef-40e5-9e8b-e1262227270a req-2789be8b-1fef-40e5-9e8b-e1262227270a ] Request (QuotasTestJSON:test_get_quotas): 200 GET http://10.180.1.21/compute/v2.1/os-quota-sets/d55053e225f74e39a9bda02a7cb58c40 0.788s
2025-01-06 02:35:29.644 68761 INFO tempest.lib.common.rest_client [req-bb4ac922-a538-4b4f-af3d-9704fd8c831c req-bb4ac922-a538-4b4f-af3d-9704fd8c831c ] Request (ServersWithSpecificFlavorTestJSON:test_verify_created_server_ephemeral_disk): 200 GET http://10.180.1.21/compute/v2.1/servers/d405bcd4-e175-4c22-b7ab-6a03b44bac42 0.692s
2025-01-06 02:35:29.701 68747 INFO tempest.lib.common.rest_client [req-232cd1d7-35b2-4e83-a684-fc27538679fb req-232cd1d7-35b2-4e83-a684-fc27538679fb ] Request (ServerMetadataTestJSON:setUpClass): 200 GET http://10.180.1.21/compute/v2.1/servers/ac23fcd3-6f7c-4c50-90bf-7ff128e9aea1 0.687s
2025-01-06 02:35:29.725 68727 INFO tempest.lib.common.rest_client [req-53b23510-13b8-4d06-ae9e-39f0cbccbde9 req-53b23510-13b8-4d06-ae9e-39f0cbccbde9 ] Request (ServicesAdminTestJSON:test_list_services): 200 GET http://10.180.1.21/compute/v2.1/os-services 0.626s
2025-01-06 02:35:29.731 68743 INFO tempest.lib.common.rest_client [req-ea21c39d-d1e0-4794-81ce-05cbaa4129b6 req-ea21c39d-d1e0-4794-81ce-05cbaa4129b6 ] Request (FlavorsAccessNegativeTestJSON:tearDownClass): 204 DELETE http://10.180.1.21:9696/networking/v2.0/security-groups/38c1bb2e-3b5a-4ce4-a402-71643bd56821 0.139s
2025-01-06 02:35:29.732 68715 INFO tempest.lib.common.rest_client [req-fbb4ec75-9e8f-4d57-96ac-76dd95a846bf req-fbb4ec75-9e8f-4d57-96ac-76dd95a846bf ] Request (HostsAdminNegativeTestJSON:test_update_host_with_non_admin_user): 403 PUT http://10.180.1.21/compute/v2.1/os-hosts/devstack 0.629s
2025-01-06 02:35:29.760 68729 INFO tempest.lib.common.rest_client [req-a1ff176d-ad37-41aa-aa35-d97e844cfa0a req-a1ff176d-ad37-41aa-aa35-d97e844cfa0a ] Request (ImagesOneServerNegativeTestJSON:setUp): 200 GET http://10.180.1.21/compute/v2.1/servers/bac7ec18-8d57-45bf-901a-ad7020428158 0.771s
2025-01-06 02:35:29.860 68725 INFO tempest.lib.common.rest_client [req-b1fcfe7e-23fd-4c6d-9346-2cb20b5a74db req-b1fcfe7e-23fd-4c6d-9346-2cb20b5a74db ] Request (ServersTestFqdnHostnames:test_create_server_with_fqdn_name): 200 GET http://10.180.1.21/compute/v2.1/servers/b145eddf-c0e7-4a82-936b-1e929500929e 0.735s
2025-01-06 02:35:29.863 68743 INFO tempest.lib.common.rest_client [req-077b8b5e-09fd-4406-a51c-0ff7329fd1ba req-077b8b5e-09fd-4406-a51c-0ff7329fd1ba ] Request (FlavorsAccessNegativeTestJSON:tearDownClass): 204 DELETE http://10.180.1.21/identity/v3/projects/6d9e8282367d41a3ba2477e8b2696004 0.132s
2025-01-06 02:35:29.863 68743 INFO tempest.lib.common.dynamic_creds [-] Deleting project and security group for project: 2c0932f25dd74ee080d2a6bac28741a2
2025-01-06 02:35:29.890 68727 INFO tempest.lib.common.rest_client [req-f4ecae89-f124-4cf6-8a26-f40e229172fb req-f4ecae89-f124-4cf6-8a26-f40e229172fb ] Request (ServicesAdminTestJSON:tearDownClass): 204 DELETE http://10.180.1.21/identity/v3/users/699df593c74f4666a3c1370909916792 0.162s
2025-01-06 02:35:29.894 68719 INFO tempest.lib.common.rest_client [req-4115ff19-0fe0-4e4f-beb9-c7ff26564fe1 req-4115ff19-0fe0-4e4f-beb9-c7ff26564fe1 ] Request (ListImageFiltersTestJSON:setUpClass): 200 GET http://10.180.1.21/compute/v2.1/servers/9d2c0789-1ee9-409a-b8da-17b8a776c067 0.758s
2025-01-06 02:35:29.900 68719 INFO tempest.common.waiters [-] State transition "BUILD/networking" ==> "BUILD/spawning" after 10 second wait
2025-01-06 02:35:29.925 68737 INFO tempest.lib.common.rest_client [req-9a9379d6-4fd6-4e31-9341-8fd576a62d27 req-9a9379d6-4fd6-4e31-9341-8fd576a62d27 ] Request (ServerActionsTestJSON:setUpClass): 200 GET http://10.180.1.21/compute/v2.1/servers/9cabacaf-16ed-4b57-8b1c-b90756c9be4c 0.731s
2025-01-06 02:35:29.982 68709 INFO tempest.lib.common.rest_client [req-395d4111-35b7-4e30-8fb1-d8e5c5d771e1 req-395d4111-35b7-4e30-8fb1-d8e5c5d771e1 ] Request (ServerAddressesNegativeTestJSON:setUpClass): 200 GET http://10.180.1.21/compute/v2.1/servers/ee8dddb0-4028-4718-9644-701b27dafd1a 0.785s
2025-01-06 02:35:29.986 68743 INFO tempest.lib.common.rest_client [req-f1189f0d-6390-4e0c-a92d-ba469fd3f76d req-f1189f0d-6390-4e0c-a92d-ba469fd3f76d ] Request (FlavorsAccessNegativeTestJSON:tearDownClass): 200 GET http://10.180.1.21:9696/networking/v2.0/security-groups?tenant_id=2c0932f25dd74ee080d2a6bac28741a2&name=default 0.122s
2025-01-06 02:35:30.042 68727 INFO tempest.lib.common.rest_client [req-154bb960-9061-4b34-a859-b60eb43e69b5 req-154bb960-9061-4b34-a859-b60eb43e69b5 ] Request (ServicesAdminTestJSON:tearDownClass): 204 DELETE http://10.180.1.21/identity/v3/users/91bbe6e9c30248448055c5b2a95a0416 0.151s
2025-01-06 02:35:30.042 68727 INFO tempest.lib.common.dynamic_creds [-] Deleting project and security group for project: 337341b1b67a4235bedac7df41a00065
2025-01-06 02:35:30.127 68727 INFO tempest.lib.common.rest_client [req-cd82a0b0-3138-440e-9899-222ff437d3c4 req-cd82a0b0-3138-440e-9899-222ff437d3c4 ] Request (ServicesAdminTestJSON:tearDownClass): 201 POST http://10.180.1.21/identity/v3/auth/tokens 0.084s
2025-01-06 02:35:30.196 68743 INFO tempest.lib.common.rest_client [req-99427b9c-7411-4b16-ab07-11758d879700 req-99427b9c-7411-4b16-ab07-11758d879700 ] Request (FlavorsAccessNegativeTestJSON:tearDownClass): 204 DELETE http://10.180.1.21:9696/networking/v2.0/security-groups/78fe0cef-4a08-4e60-b7a7-4e9c480b21f6 0.210s
2025-01-06 02:35:30.232 68739 INFO tempest.lib.common.rest_client [req-0cd7359b-d74f-4e11-86bd-504fd40fa795 req-0cd7359b-d74f-4e11-86bd-504fd40fa795 ] Request (SecurityGroupRulesTestJSON:test_security_group_rules_create_with_optional_group_id): 200 POST http://10.180.1.21/compute/v2.1/os-security-groups 0.964s
2025-01-06 02:35:30.236 68769 INFO tempest.lib.common.rest_client [req-b4934e7b-8d85-4449-9cc6-8ac610500b85 req-b4934e7b-8d85-4449-9cc6-8ac610500b85 ] Request (SecurityGroupsTestJSON:test_list_security_groups_by_server): 200 POST http://10.180.1.21/compute/v2.1/os-security-groups 1.041s
2025-01-06 02:35:30.269 68743 INFO tempest.lib.common.rest_client [req-b2e10a27-3d33-4ca7-852a-519427b19ba8 req-b2e10a27-3d33-4ca7-852a-519427b19ba8 ] Request (FlavorsAccessNegativeTestJSON:tearDownClass): 204 DELETE http://10.180.1.21/identity/v3/projects/2c0932f25dd74ee080d2a6bac28741a2 0.072s
