2025-01-07 02:09:58.014 67508 INFO tempest.lib.common.rest_client [req-a1313634-88cd-4ce4-a9e3-4332f3d7bc94 req-a1313634-88cd-4ce4-a9e3-4332f3d7bc94 ] Request (ServersTestMultiNic:_run_cleanups): 200 GET http://10.180.1.21/compute/v2.1/servers/7d040a2f-df58-48ee-bb68-8a9e59e97364 0.411s
2025-01-07 02:09:58.037 67492 INFO tempest.lib.common.rest_client [req-b7042267-de55-4800-bee0-6253e8c9b86e req-b7042267-de55-4800-bee0-6253e8c9b86e ] Request (ServersAdminNegativeTestJSON:test_migrate_server_invalid_state): 200 GET http://10.180.1.21/compute/v2.1/servers/644f7138-3c47-46fe-87e6-caad565d3542 0.447s
2025-01-07 02:09:58.076 67526 INFO tempest.lib.common.rest_client [req-e9310e39-990f-400d-8127-edf0a17fea48 req-e9310e39-990f-400d-8127-edf0a17fea48 ] Request (ServerAddressesTestJSON:tearDownClass): 200 GET http://10.180.1.21/compute/v2.1/servers/1aff8092-0b9e-4eb3-9a0e-7ae7a95c0e5c 0.430s
2025-01-07 02:09:58.111 67474 INFO tempest.lib.common.rest_client [req-b71a97cd-a314-48ec-8e0e-d01f7eda71f1 req-b71a97cd-a314-48ec-8e0e-d01f7eda71f1 ] Request (ServersAdmin275Test:test_rebuild_update_server_275): 200 GET http://10.180.1.21/compute/v2.1/servers/da50c4b4-e9b4-447f-95f4-479356451a22 0.451s
2025-01-07 02:09:58.173 67514 INFO tempest.lib.common.rest_client [req-c36e3862-6b83-4ce2-b521-ea1527d6c08e req-c36e3862-6b83-4ce2-b521-ea1527d6c08e ] Request (VolumesAssistedSnapshotsTest:tearDownClass): 200 GET http://10.180.1.21/compute/v2.1/servers/a2c388fa-17da-4d92-95f5-e5edc7dfc92d 0.469s
2025-01-07 02:09:58.193 67490 INFO tempest.lib.common.rest_client [req-93859c42-ae54-409a-a644-979e745c1a91 req-93859c42-ae54-409a-a644-979e745c1a91 ] Request (MultipleCreateTestJSON:tearDownClass): 404 GET http://10.180.1.21/compute/v2.1/servers/edab7482-65e5-4141-aa17-08c348f76bbe 0.393s
2025-01-07 02:09:58.267 67478 INFO tempest.lib.common.rest_client [req-3df9b87a-97f7-44c0-85dc-6189b0c47e48 req-3df9b87a-97f7-44c0-85dc-6189b0c47e48 ] Request (VolumesAdminNegativeTest:test_update_attached_volume_with_nonexistent_volume_in_body): 400 PUT http://10.180.1.21/compute/v2.1/servers/c87cc4a6-32b6-46bf-a4a8-d6b37ae397dd/os-volume_attachments/d59e6763-9010-49b6-9bb1-ca65743639b8 0.582s
2025-01-07 02:09:58.286 67476 INFO tempest.lib.common.rest_client [req-4300a549-94f1-4dc0-88f7-364099acac07 req-4300a549-94f1-4dc0-88f7-364099acac07 ] Request (MigrationsAdminTest:test_resize_server_revert_deleted_flavor): 200 GET http://10.180.1.21/compute/v2.1/servers/7b70aac3-1fd6-4956-8849-ebe6def4305e 0.437s
2025-01-07 02:09:58.296 67478 INFO tempest.lib.common.rest_client [req-07a81930-f9ef-44bc-b52f-7fabe283d9ca req-07a81930-f9ef-44bc-b52f-7fabe283d9ca ] Request (VolumesAdminNegativeTest:_run_cleanups): 200 GET http://10.180.1.21/volume/v3/volumes/d59e6763-9010-49b6-9bb1-ca65743639b8 0.028s
2025-01-07 02:09:58.324 67522 INFO tempest.lib.common.rest_client [req-82b57f15-3b40-4b2d-b855-41296bc6afc9 req-82b57f15-3b40-4b2d-b855-41296bc6afc9 ] Request (ServersTestBootFromVolume:tearDownClass): 200 GET http://10.180.1.21/compute/v2.1/servers/60fcf9af-55c5-4146-bcb4-40d30633a64f 0.448s
2025-01-07 02:09:58.352 67480 INFO tempest.lib.common.rest_client [req-1bced2e1-9ddc-41c5-af5f-6de021cc6f5a req-1bced2e1-9ddc-41c5-af5f-6de021cc6f5a ] Request (AttachInterfacesTestJSON:test_create_list_show_delete_interfaces_by_fixed_ip): 200 GET http://10.180.1.21/compute/v2.1/servers/b97cf9f5-fabe-40e8-99f8-30207d7f87a6/os-interface 0.389s
2025-01-07 02:09:58.374 67480 INFO tempest.lib.common.rest_client [req-bda80687-e71b-4687-bbe7-95b46e551b60 req-bda80687-e71b-4687-bbe7-95b46e551b60 ] Request (AttachInterfacesTestJSON:_run_cleanups): 404 DELETE http://10.180.1.21:9696/networking/v2.0/ports/f9b415eb-b185-48f8-ab2c-3aa82e8bd066 0.020s
2025-01-07 02:09:58.412 67482 INFO tempest.lib.common.rest_client [req-a4d17925-e6d6-4df9-a53a-caa75e66a8ba req-a4d17925-e6d6-4df9-a53a-caa75e66a8ba ] Request (ImagesTestJSON:test_create_image_from_suspended_server): 200 GET http://10.180.1.21/compute/v2.1/servers/b2312aa2-a236-4928-8204-dee877cc217f 0.393s
2025-01-07 02:09:58.443 67500 INFO tempest.lib.common.rest_client [req-d90f5c71-efe6-468c-afcf-e198985d4d66 req-d90f5c71-efe6-468c-afcf-e198985d4d66 ] Request (ServersAdminTestJSON:tearDownClass): 200 GET http://10.180.1.21/compute/v2.1/servers/14f1c8b1-77f4-46f1-ba73-5ae24e9cc721 0.442s
2025-01-07 02:09:58.464 67472 INFO tempest.lib.common.rest_client [req-f1d44f13-824d-4eb9-9ab4-29066122a682 req-f1d44f13-824d-4eb9-9ab4-29066122a682 ] Request (ServerShowV257Test:test_rebuild_server): 200 GET http://10.180.1.21/compute/v2.1/servers/face7e9c-6a8b-4bae-ab99-c8601b2cb358 0.357s
2025-01-07 02:09:58.483 67490 INFO tempest.lib.common.rest_client [req-9ee261a8-aa6e-4506-9577-522f2f164af8 req-9ee261a8-aa6e-4506-9577-522f2f164af8 ] Request (MultipleCreateTestJSON:tearDownClass): 404 GET http://10.180.1.21/compute/v2.1/servers/1993cbe1-7d91-42d7-85ab-fae419cedef7 0.290s
2025-01-07 02:09:58.623 67494 INFO tempest.lib.common.rest_client [req-c782cce6-27ca-4aa5-928d-785fe0086e72 req-c782cce6-27ca-4aa5-928d-785fe0086e72 ] Request (ServerRescueNegativeTestJSON:setUpClass): 200 GET http://10.180.1.21/compute/v2.1/servers/a7992c09-2881-4d70-b5a8-5071eb619d12 0.365s
2025-01-07 02:09:58.641 67487 INFO tempest.lib.common.rest_client [req-7b3c7ea9-c572-4c4d-aa5f-31ef0840f1b0 req-7b3c7ea9-c572-4c4d-aa5f-31ef0840f1b0 ] Request (ImagesOneServerNegativeTestJSON:_run_cleanups): 200 GET http://10.180.1.21/compute/v2.1/servers/c2f23eee-2b74-4839-9697-439a2d26ad64 0.510s
2025-01-07 02:09:58.649 67487 INFO tempest.common.waiters [-] State transition "BUILD/spawning" ==> "ACTIVE/None" after 67 second wait
2025-01-07 02:09:58.676 67518 WARNING tempest.lib.common.ssh [-] Failed to establish authenticated ssh connection to cirros@10.180.180.131 ([Errno None] Unable to connect to port 22 on 10.180.180.131). Number attempts: 4. Retry after 5 seconds.: paramiko.ssh_exception.NoValidConnectionsError: [Errno None] Unable to connect to port 22 on 10.180.180.131
2025-01-07 02:09:58.720 67516 INFO tempest.lib.common.rest_client [req-f4000773-25d2-4644-8723-132f5fc6adf4 req-f4000773-25d2-4644-8723-132f5fc6adf4 ] Request (ServerActionsV293TestJSON:setUpClass): 200 GET http://10.180.1.21/compute/v2.1/servers/9cc7b7db-d113-4fa3-b3f2-b01e0075ba3a 0.409s
2025-01-07 02:09:58.848 67480 INFO tempest.lib.common.rest_client [req-e2207552-ef5e-40d0-98b8-1ada75a0fff7 req-e2207552-ef5e-40d0-98b8-1ada75a0fff7 ] Request (AttachInterfacesTestJSON:_run_cleanups): 204 DELETE http://10.180.1.21/compute/v2.1/servers/b97cf9f5-fabe-40e8-99f8-30207d7f87a6 0.473s
2025-01-07 02:09:58.925 67470 INFO tempest.lib.common.rest_client [req-8f041ddb-39bd-4b8c-855b-7c3b9f8dfb56 req-8f041ddb-39bd-4b8c-855b-7c3b9f8dfb56 ] Request (ListImageFiltersTestJSON:tearDownClass): 200 GET http://10.180.1.21/compute/v2.1/servers/0edf63bc-072d-416f-abee-8c4311c53924 0.459s
2025-01-07 02:09:58.932 67470 INFO tempest.common.waiters [-] State transition "ACTIVE/deleting" ==> "DELETED/None" after 5 second wait
2025-01-07 02:09:58.984 67528 INFO tempest.lib.common.rest_client [req-5d81a545-f89b-4413-ad95-ba1e0375daf8 req-5d81a545-f89b-4413-ad95-ba1e0375daf8 ] Request (ImagesOneServerTestJSON:tearDownClass): 200 GET http://10.180.1.21/compute/v2.1/servers/049f2126-5f66-4e66-a334-13e33b27b152 0.455s
2025-01-07 02:09:59.041 67468 INFO tempest.lib.common.rest_client [req-f4bc18da-2d60-4784-b158-ec3d51389669 req-f4bc18da-2d60-4784-b158-ec3d51389669 ] Request (AttachVolumeTestJSON:test_attach_detach_volume): 200 GET http://10.180.1.21/compute/v2.1/servers/3e2e4d7b-d042-4c3b-9bbd-5a4492e5cfef 0.479s
2025-01-07 02:09:59.093 67478 INFO tempest.lib.common.rest_client [req-e67134ea-5c4a-40ab-993d-eb389b55fd38 req-e67134ea-5c4a-40ab-993d-eb389b55fd38 ] Request (VolumesAdminNegativeTest:_run_cleanups): 202 DELETE http://10.180.1.21/compute/v2.1/servers/c87cc4a6-32b6-46bf-a4a8-d6b37ae397dd/os-volume_attachments/d59e6763-9010-49b6-9bb1-ca65743639b8 0.791s
2025-01-07 02:09:59.226 67487 INFO tempest.lib.common.rest_client [req-8e4710f6-0961-4c76-8736-a0c7e4000346 req-8e4710f6-0961-4c76-8736-a0c7e4000346 ] Request (ImagesOneServerNegativeTestJSON:setUp): 200 GET http://10.180.1.21/compute/v2.1/servers/c2f23eee-2b74-4839-9697-439a2d26ad64 0.575s
2025-01-07 02:09:59.279 67490 INFO tempest.lib.common.rest_client [req-e57a9071-cdb8-4822-924b-04fe0f7b51d1 req-e57a9071-cdb8-4822-924b-04fe0f7b51d1 ] Request (MultipleCreateTestJSON:tearDownClass): 200 PUT http://10.180.1.21:9696/networking/v2.0/routers/9678edbc-7d69-4845-82e9-b6aacb5aa048/remove_router_interface 0.796s
2025-01-07 02:09:59.286 67510 INFO tempest.lib.common.rest_client [req-1eadccad-7ab0-490d-b0dc-9a6020e2ec31 req-1eadccad-7ab0-490d-b0dc-9a6020e2ec31 ] Request (DeleteServersTestJSON:test_delete_server_while_in_attached_volume): 200 GET http://10.180.1.21/compute/v2.1/servers/3cca6a42-488d-4dbd-87ab-65938ab5491f 0.424s
2025-01-07 02:09:59.305 67480 INFO tempest.lib.common.rest_client [req-1f3bc15c-30f3-46c9-8cc2-2e4ca1e67cdb req-1f3bc15c-30f3-46c9-8cc2-2e4ca1e67cdb ] Request (AttachInterfacesTestJSON:_run_cleanups): 200 GET http://10.180.1.21/compute/v2.1/servers/b97cf9f5-fabe-40e8-99f8-30207d7f87a6 0.457s
2025-01-07 02:09:59.375 67508 INFO tempest.lib.common.rest_client [req-8eb0bc90-3eb8-4221-9167-f74784a2dc63 req-8eb0bc90-3eb8-4221-9167-f74784a2dc63 ] Request (ServersTestMultiNic:_run_cleanups): 200 GET http://10.180.1.21/compute/v2.1/servers/7d040a2f-df58-48ee-bb68-8a9e59e97364 0.351s
2025-01-07 02:09:59.449 67498 INFO tempest.lib.common.rest_client [req-14e028d9-94d1-4d1b-8df5-d89b2d4988a4 req-14e028d9-94d1-4d1b-8df5-d89b2d4988a4 ] Request (ServerRescueTestJSON:tearDownClass): 200 GET http://10.180.1.21/compute/v2.1/servers/da9910e3-317e-4ca6-9a8c-478232b8d7dc 0.499s
2025-01-07 02:09:59.527 67526 INFO tempest.lib.common.rest_client [req-d35276f3-ca3c-4ef9-be50-4375ecbd9509 req-d35276f3-ca3c-4ef9-be50-4375ecbd9509 ] Request (ServerAddressesTestJSON:tearDownClass): 200 GET http://10.180.1.21/compute/v2.1/servers/1aff8092-0b9e-4eb3-9a0e-7ae7a95c0e5c 0.440s
2025-01-07 02:09:59.545 67492 INFO tempest.lib.common.rest_client [req-81eb26c5-4f75-41fe-b0dd-dcbe66c26a5c req-81eb26c5-4f75-41fe-b0dd-dcbe66c26a5c ] Request (ServersAdminNegativeTestJSON:test_migrate_server_invalid_state): 200 GET http://10.180.1.21/compute/v2.1/servers/644f7138-3c47-46fe-87e6-caad565d3542 0.499s
2025-01-07 02:09:59.565 67478 INFO tempest.lib.common.rest_client [req-e7816df7-ef6b-43b6-8893-cba1da002731 req-e7816df7-ef6b-43b6-8893-cba1da002731 ] Request (VolumesAdminNegativeTest:_run_cleanups): 200 GET http://10.180.1.21/compute/v2.1/servers/c87cc4a6-32b6-46bf-a4a8-d6b37ae397dd/os-volume_attachments 0.471s
2025-01-07 02:09:59.616 67474 INFO tempest.lib.common.rest_client [req-2e07c2fb-04d1-4cb8-ac5c-2811004f6b4b req-2e07c2fb-04d1-4cb8-ac5c-2811004f6b4b ] Request (ServersAdmin275Test:test_rebuild_update_server_275): 200 GET http://10.180.1.21/compute/v2.1/servers/da50c4b4-e9b4-447f-95f4-479356451a22 0.489s
2025-01-07 02:09:59.633 67514 INFO tempest.lib.common.rest_client [req-1b869ba1-09bb-477f-911c-a05d9584e2ae req-1b869ba1-09bb-477f-911c-a05d9584e2ae ] Request (VolumesAssistedSnapshotsTest:tearDownClass): 200 GET http://10.180.1.21/compute/v2.1/servers/a2c388fa-17da-4d92-95f5-e5edc7dfc92d 0.453s
2025-01-07 02:09:59.652 67490 INFO tempest.lib.common.rest_client [req-f797da04-41b4-4dea-bf0e-4499f86e3c92 req-f797da04-41b4-4dea-bf0e-4499f86e3c92 ] Request (MultipleCreateTestJSON:tearDownClass): 204 DELETE http://10.180.1.21:9696/networking/v2.0/routers/9678edbc-7d69-4845-82e9-b6aacb5aa048 0.372s
2025-01-07 02:09:59.828 67476 INFO tempest.lib.common.rest_client [req-7498329f-2b91-4da6-bf2f-a9f19a571d65 req-7498329f-2b91-4da6-bf2f-a9f19a571d65 ] Request (MigrationsAdminTest:test_resize_server_revert_deleted_flavor): 200 GET http://10.180.1.21/compute/v2.1/servers/7b70aac3-1fd6-4956-8849-ebe6def4305e 0.534s
2025-01-07 02:09:59.937 67522 INFO tempest.lib.common.rest_client [req-67ca3883-dd9e-405d-aa53-ca336e19824e req-67ca3883-dd9e-405d-aa53-ca336e19824e ] Request (ServersTestBootFromVolume:tearDownClass): 200 GET http://10.180.1.21/compute/v2.1/servers/60fcf9af-55c5-4146-bcb4-40d30633a64f 0.604s
2025-01-07 02:10:00.003 67482 INFO tempest.lib.common.rest_client [req-d8464e82-85cc-4640-8b83-ada319e71985 req-d8464e82-85cc-4640-8b83-ada319e71985 ] Request (ImagesTestJSON:test_create_image_from_suspended_server): 200 GET http://10.180.1.21/compute/v2.1/servers/b2312aa2-a236-4928-8204-dee877cc217f 0.582s
2025-01-07 02:10:00.038 67490 INFO tempest.lib.common.rest_client [req-697f192f-13e7-4036-8214-78a4730a6c2c req-697f192f-13e7-4036-8214-78a4730a6c2c ] Request (MultipleCreateTestJSON:tearDownClass): 204 DELETE http://10.180.1.21:9696/networking/v2.0/subnets/2c76263f-61e9-4f4f-b619-fb9a42a01fc7 0.385s
2025-01-07 02:10:00.083 67500 INFO tempest.lib.common.rest_client [req-045fc35d-9a8b-4af1-b771-4db4269f63ec req-045fc35d-9a8b-4af1-b771-4db4269f63ec ] Request (ServersAdminTestJSON:tearDownClass): 200 GET http://10.180.1.21/compute/v2.1/servers/14f1c8b1-77f4-46f1-ba73-5ae24e9cc721 0.633s
2025-01-07 02:10:00.166 67472 INFO tempest.lib.common.rest_client [req-fcbe63ce-84ff-45c7-932f-dd844378fe23 req-fcbe63ce-84ff-45c7-932f-dd844378fe23 ] Request (ServerShowV257Test:test_rebuild_server): 200 GET http://10.180.1.21/compute/v2.1/servers/face7e9c-6a8b-4bae-ab99-c8601b2cb358 0.684s
2025-01-07 02:10:00.210 67487 INFO tempest.lib.common.rest_client [req-4d2a1262-c8b8-42be-89be-488664e61e99 req-4d2a1262-c8b8-42be-89be-488664e61e99 ] Request (ImagesOneServerNegativeTestJSON:test_delete_image_that_is_not_yet_active): 202 POST http://10.180.1.21/compute/v2.1/servers/c2f23eee-2b74-4839-9697-439a2d26ad64/action 0.975s
2025-01-07 02:10:00.269 67516 INFO tempest.lib.common.rest_client [req-2975803b-28bd-4931-9f26-8004e82c4d9a req-2975803b-28bd-4931-9f26-8004e82c4d9a ] Request (ServerActionsV293TestJSON:setUpClass): 200 GET http://10.180.1.21/compute/v2.1/servers/9cc7b7db-d113-4fa3-b3f2-b01e0075ba3a 0.539s
2025-01-07 02:10:00.346 67494 INFO tempest.lib.common.rest_client [req-ae774552-80a3-46e6-aca0-82a40de6fac5 req-ae774552-80a3-46e6-aca0-82a40de6fac5 ] Request (ServerRescueNegativeTestJSON:setUpClass): 200 GET http://10.180.1.21/compute/v2.1/servers/a7992c09-2881-4d70-b5a8-5071eb619d12 0.716s
2025-01-07 02:10:00.348 67470 INFO tempest.lib.common.rest_client [req-4e22ef47-6ccb-4c49-8484-dcc9e74a60cd req-4e22ef47-6ccb-4c49-8484-dcc9e74a60cd ] Request (ListImageFiltersTestJSON:tearDownClass): 200 GET http://10.180.1.21/compute/v2.1/servers/0edf63bc-072d-416f-abee-8c4311c53924 0.412s
2025-01-07 02:10:00.413 67490 INFO tempest.lib.common.rest_client [req-71429160-dc17-48ff-a9fe-8efd68263674 req-71429160-dc17-48ff-a9fe-8efd68263674 ] Request (MultipleCreateTestJSON:tearDownClass): 204 DELETE http://10.180.1.21:9696/networking/v2.0/networks/a20b52e0-ae0e-42db-8330-4ce30755c4d4 0.375s
2025-01-07 02:10:00.418 67468 INFO tempest.lib.common.rest_client [req-0cae0b05-a5f8-4e63-a3e3-59c1eb642320 req-0cae0b05-a5f8-4e63-a3e3-59c1eb642320 ] Request (AttachVolumeTestJSON:test_attach_detach_volume): 200 GET http://10.180.1.21/compute/v2.1/servers/3e2e4d7b-d042-4c3b-9bbd-5a4492e5cfef 0.370s
2025-01-07 02:10:00.422 67528 INFO tempest.lib.common.rest_client [req-5d2a5262-b773-4193-8ad1-64208c8478a5 req-5d2a5262-b773-4193-8ad1-64208c8478a5 ] Request (ImagesOneServerTestJSON:tearDownClass): 200 GET http://10.180.1.21/compute/v2.1/servers/049f2126-5f66-4e66-a334-13e33b27b152 0.427s
2025-01-07 02:10:00.473 67510 INFO tempest.lib.common.rest_client [req-259d26c2-36b5-40f4-a715-d967073efb56 req-259d26c2-36b5-40f4-a715-d967073efb56 ] Request (DeleteServersTestJSON:test_delete_server_while_in_attached_volume): 200 GET http://10.180.1.21/compute/v2.1/servers/3cca6a42-488d-4dbd-87ab-65938ab5491f 0.175s
2025-01-07 02:10:00.516 67487 INFO tempest.lib.common.rest_client [req-b83e6329-9caa-476f-8a94-08351b61e698 req-b83e6329-9caa-476f-8a94-08351b61e698 ] Request (ImagesOneServerNegativeTestJSON:test_delete_image_that_is_not_yet_active): 204 DELETE http://10.180.1.21/compute/v2.1/images/7c80e91e-7daf-4e3f-8e6c-ae2742eb1df9 0.304s
2025-01-07 02:10:00.571 67490 INFO tempest.lib.common.rest_client [req-229f97ab-de10-4e12-b056-1b8b1987dcd6 req-229f97ab-de10-4e12-b056-1b8b1987dcd6 ] Request (MultipleCreateTestJSON:tearDownClass): 204 DELETE http://10.180.1.21/identity/v3/users/db3945d998734a20bf23512127e804fd 0.158s
2025-01-07 02:10:00.573 67490 INFO tempest.lib.common.dynamic_creds [-] Deleting project and security group for project: 59c080b530d64744acf7122498bdd5ff
2025-01-07 02:10:00.591 67508 INFO tempest.lib.common.rest_client [req-a66f8746-14f8-4ea8-9b9d-8293416b15af req-a66f8746-14f8-4ea8-9b9d-8293416b15af ] Request (ServersTestMultiNic:_run_cleanups): 200 GET http://10.180.1.21/compute/v2.1/servers/7d040a2f-df58-48ee-bb68-8a9e59e97364 0.209s
2025-01-07 02:10:00.612 67490 INFO tempest.lib.common.rest_client [req-14442457-85b9-4807-8c10-e3903070b846 req-14442457-85b9-4807-8c10-e3903070b846 ] Request (MultipleCreateTestJSON:tearDownClass): 200 GET http://10.180.1.21:9696/networking/v2.0/security-groups?tenant_id=59c080b530d64744acf7122498bdd5ff&name=default 0.038s
2025-01-07 02:10:00.647 67498 INFO tempest.lib.common.rest_client [req-3766f737-abfa-4f9e-8110-bc45a5fa8db5 req-3766f737-abfa-4f9e-8110-bc45a5fa8db5 ] Request (ServerRescueTestJSON:tearDownClass): 200 GET http://10.180.1.21/compute/v2.1/servers/da9910e3-317e-4ca6-9a8c-478232b8d7dc 0.187s
2025-01-07 02:10:00.651 67480 INFO tempest.lib.common.rest_client [req-3e31a13e-81fa-4cab-9f43-f75d07de3a9c req-3e31a13e-81fa-4cab-9f43-f75d07de3a9c ] Request (AttachInterfacesTestJSON:_run_cleanups): 200 GET http://10.180.1.21/compute/v2.1/servers/b97cf9f5-fabe-40e8-99f8-30207d7f87a6 0.333s
2025-01-07 02:10:00.670 67487 INFO tempest.lib.common.rest_client [req-71c2f4b3-3154-4ff7-b6f2-b0cce8f6bb0e req-71c2f4b3-3154-4ff7-b6f2-b0cce8f6bb0e ] Request (ImagesOneServerNegativeTestJSON:test_delete_image_that_is_not_yet_active): 404 GET http://10.180.1.21/compute/v2.1/images/7c80e91e-7daf-4e3f-8e6c-ae2742eb1df9 0.154s
2025-01-07 02:10:00.718 67490 INFO tempest.lib.common.rest_client [req-79104c26-17c3-4a40-9c4b-05fcbfaa7c6d req-79104c26-17c3-4a40-9c4b-05fcbfaa7c6d ] Request (MultipleCreateTestJSON:tearDownClass): 204 DELETE http://10.180.1.21:9696/networking/v2.0/security-groups/2db3a06a-64c7-48ac-b970-895fda538ca8 0.106s
2025-01-07 02:10:00.729 67526 INFO tempest.lib.common.rest_client [req-21748fe0-7cbd-4d12-90b1-8e1fe5826fd3 req-21748fe0-7cbd-4d12-90b1-8e1fe5826fd3 ] Request (ServerAddressesTestJSON:tearDownClass): 200 GET http://10.180.1.21/compute/v2.1/servers/1aff8092-0b9e-4eb3-9a0e-7ae7a95c0e5c 0.191s
2025-01-07 02:10:00.767 67478 INFO tempest.lib.common.rest_client [req-a5b3bc07-e8a1-4006-af23-07d37333d026 req-a5b3bc07-e8a1-4006-af23-07d37333d026 ] Request (VolumesAdminNegativeTest:_run_cleanups): 200 GET http://10.180.1.21/compute/v2.1/servers/c87cc4a6-32b6-46bf-a4a8-d6b37ae397dd/os-volume_attachments 0.200s
2025-01-07 02:10:00.799 67492 INFO tempest.lib.common.rest_client [req-d44512f7-379d-4af7-b265-5b4a33aaa256 req-d44512f7-379d-4af7-b265-5b4a33aaa256 ] Request (ServersAdminNegativeTestJSON:test_migrate_server_invalid_state): 200 GET http://10.180.1.21/compute/v2.1/servers/644f7138-3c47-46fe-87e6-caad565d3542 0.244s
2025-01-07 02:10:00.821 67514 INFO tempest.lib.common.rest_client [req-c776d02c-42de-48f9-9967-cf7c97dfbd75 req-c776d02c-42de-48f9-9967-cf7c97dfbd75 ] Request (VolumesAssistedSnapshotsTest:tearDownClass): 404 GET http://10.180.1.21/compute/v2.1/servers/a2c388fa-17da-4d92-95f5-e5edc7dfc92d 0.181s
2025-01-07 02:10:00.840 67490 INFO tempest.lib.common.rest_client [req-c621a1a1-4b6b-49b0-974d-f010d80927b1 req-c621a1a1-4b6b-49b0-974d-f010d80927b1 ] Request (MultipleCreateTestJSON:tearDownClass): 204 DELETE http://10.180.1.21/identity/v3/projects/59c080b530d64744acf7122498bdd5ff 0.122s
2025-01-07 02:10:00.850 67474 INFO tempest.lib.common.rest_client [req-436676cb-8a22-4bf1-9029-4bc6d95ef5bb req-436676cb-8a22-4bf1-9029-4bc6d95ef5bb ] Request (ServersAdmin275Test:test_rebuild_update_server_275): 200 GET http://10.180.1.21/compute/v2.1/servers/da50c4b4-e9b4-447f-95f4-479356451a22 0.222s
2025-01-07 02:10:00.859 67474 INFO tempest.common.waiters [-] State transition "BUILD/spawning" ==> "ACTIVE/None" after 63 second wait
2025-01-07 02:10:00.865 67514 INFO tempest.lib.common.rest_client [req-13a6e028-9d90-4239-a197-5d3dc1dbc859 req-13a6e028-9d90-4239-a197-5d3dc1dbc859 ] Request (VolumesAssistedSnapshotsTest:tearDownClass): 202 DELETE http://10.180.1.21/compute/v2.1/os-keypairs/tempest-keypair-1994330378 0.043s
2025-01-07 02:10:00.905 67490 INFO tempest.lib.common.rest_client [req-b207fff1-48dd-4229-aaee-88cd7c97376c req-b207fff1-48dd-4229-aaee-88cd7c97376c ] Request (ServerMetadataTestJSON:setUpClass): 201 POST http://10.180.1.21/identity/v3/auth/tokens 0.063s
2025-01-07 02:10:00.938 67490 INFO tempest.lib.common.rest_client [req-97594dea-a41a-40fe-b7e5-2d460293b1e4 req-97594dea-a41a-40fe-b7e5-2d460293b1e4 ] Request (ServerMetadataTestJSON:setUpClass): 201 POST http://10.180.1.21/identity/v3/auth/tokens 0.031s
2025-01-07 02:10:00.951 67487 INFO tempest.lib.common.rest_client [req-9bde4987-4d32-4801-8c42-ca2af1170470 req-9bde4987-4d32-4801-8c42-ca2af1170470 ] Request (ImagesOneServerNegativeTestJSON:tearDown): 200 GET http://10.180.1.21/compute/v2.1/servers/c2f23eee-2b74-4839-9697-439a2d26ad64 0.280s
2025-01-07 02:10:00.961 67514 INFO tempest.lib.common.rest_client [req-34130b1c-2cb5-4564-8b35-fc3a77a8504c req-34130b1c-2cb5-4564-8b35-fc3a77a8504c ] Request (VolumesAssistedSnapshotsTest:tearDownClass): 204 DELETE http://10.180.1.21:9696/networking/v2.0/security-groups/b9f00018-b63c-4ea4-b80b-c7cd8b2552a7 0.095s
2025-01-07 02:10:00.966 67490 INFO tempest.lib.common.rest_client [req-709c76d7-dd77-4fc1-8f19-9788f59a45df req-709c76d7-dd77-4fc1-8f19-9788f59a45df ] Request (ServerMetadataTestJSON:setUpClass): 200 GET http://10.180.1.21/identity/v3/domains?name=Default 0.027s
2025-01-07 02:10:00.970 67514 INFO tempest.lib.common.rest_client [req-ec050cc4-7ac9-478c-8566-1f3f6c0a0bf8 req-ec050cc4-7ac9-478c-8566-1f3f6c0a0bf8 ] Request (VolumesAssistedSnapshotsTest:tearDownClass): 404 GET http://10.180.1.21:9696/networking/v2.0/security-groups/b9f00018-b63c-4ea4-b80b-c7cd8b2552a7 0.009s
2025-01-07 02:10:00.980 67476 INFO tempest.lib.common.rest_client [req-505efbe2-a7cc-48cb-9aee-f7f8768a8d23 req-505efbe2-a7cc-48cb-9aee-f7f8768a8d23 ] Request (MigrationsAdminTest:test_resize_server_revert_deleted_flavor): 200 GET http://10.180.1.21/compute/v2.1/servers/7b70aac3-1fd6-4956-8849-ebe6def4305e 0.144s
2025-01-07 02:10:00.996 67490 INFO tempest.lib.common.rest_client [req-bcc952ac-8fe7-47de-8431-5669796e5ca2 req-bcc952ac-8fe7-47de-8431-5669796e5ca2 ] Request (ServerMetadataTestJSON:setUpClass): 201 POST http://10.180.1.21/identity/v3/projects 0.030s
2025-01-07 02:10:01.041 67522 INFO tempest.lib.common.rest_client [req-68e320d5-dbcd-46b3-8c4d-b45b3e3288d2 req-68e320d5-dbcd-46b3-8c4d-b45b3e3288d2 ] Request (ServersTestBootFromVolume:tearDownClass): 200 GET http://10.180.1.21/compute/v2.1/servers/60fcf9af-55c5-4146-bcb4-40d30633a64f 0.090s
2025-01-07 02:10:01.076 67490 INFO tempest.lib.common.rest_client [req-99617e72-ad5a-4303-b6a3-b8ffbf1eae9e req-99617e72-ad5a-4303-b6a3-b8ffbf1eae9e ] Request (ServerMetadataTestJSON:setUpClass): 201 POST http://10.180.1.21/identity/v3/users 0.080s
2025-01-07 02:10:01.090 67482 INFO tempest.lib.common.rest_client [req-1079cd4e-ca4d-464e-b7cf-25fcc74f74f6 req-1079cd4e-ca4d-464e-b7cf-25fcc74f74f6 ] Request (ImagesTestJSON:test_create_image_from_suspended_server): 200 GET http://10.180.1.21/compute/v2.1/servers/b2312aa2-a236-4928-8204-dee877cc217f 0.076s
2025-01-07 02:10:01.117 67490 INFO tempest.lib.common.rest_client [req-a74caf24-0b13-4d95-989d-e808aebfbc01 req-a74caf24-0b13-4d95-989d-e808aebfbc01 ] Request (ServerMetadataTestJSON:setUpClass): 200 GET http://10.180.1.21/identity/v3/roles 0.039s
2025-01-07 02:10:01.169 67490 INFO tempest.lib.common.rest_client [req-413d7237-a54d-43dd-87ac-e02c21d98d93 req-413d7237-a54d-43dd-87ac-e02c21d98d93 ] Request (ServerMetadataTestJSON:setUpClass): 204 PUT http://10.180.1.21/identity/v3/projects/b4eebe02c3654deba1f1d0d433db16b5/users/66f148f816df48579596b5759075ac2a/roles/2a94559af65d4bc9aefd5a790849559b 0.049s
2025-01-07 02:10:01.169 67490 INFO tempest.lib.common.dynamic_creds [-] Dynamic test user 66f148f816df48579596b5759075ac2a is created with scope project and roles: ['member']
2025-01-07 02:10:01.169 67490 INFO tempest.lib.common.dynamic_creds [-] Acquired dynamic creds: credentials: Credentials: {'domain_id': 'default', 'domain_name': 'Default', 'username': 'tempest-ServerMetadataTestJSON-1012425454-project-member', 'project_domain_id': 'default', 'project_domain_name': 'Default', 'project_id': 'b4eebe02c3654deba1f1d0d433db16b5', 'project_name': 'tempest-ServerMetadataTestJSON-1012425454', 'tenant_id': 'b4eebe02c3654deba1f1d0d433db16b5', 'tenant_name': 'tempest-ServerMetadataTestJSON-1012425454', 'user_domain_id': 'default', 'user_domain_name': 'Default', 'user_id': '66f148f816df48579596b5759075ac2a', 'system': None}, Network: None, Subnet: None, Router: None
2025-01-07 02:10:01.178 67500 INFO tempest.lib.common.rest_client [req-1cf01ecf-73db-4d19-9144-5ea99877486c req-1cf01ecf-73db-4d19-9144-5ea99877486c ] Request (ServersAdminTestJSON:tearDownClass): 200 GET http://10.180.1.21/compute/v2.1/servers/14f1c8b1-77f4-46f1-ba73-5ae24e9cc721 0.084s
2025-01-07 02:10:01.190 67500 INFO tempest.common.waiters [-] State transition "ACTIVE/deleting" ==> "DELETED/None" after 4 second wait
2025-01-07 02:10:01.205 67474 INFO tempest.lib.common.rest_client [req-0936ff2b-eae7-4e03-8ee4-b0842ad1fb6a req-0936ff2b-eae7-4e03-8ee4-b0842ad1fb6a ] Request (ServersAdmin275Test:test_rebuild_update_server_275): 202 POST http://10.180.1.21/compute/v2.1/servers/da50c4b4-e9b4-447f-95f4-479356451a22/action 0.345s
2025-01-07 02:10:01.240 67490 INFO tempest.lib.common.rest_client [req-6403e015-6056-4188-b5cf-b2905ce940d8 req-6403e015-6056-4188-b5cf-b2905ce940d8 ] Request (ServerMetadataTestJSON:setUpClass): 201 POST http://10.180.1.21/identity/v3/auth/tokens 0.070s
2025-01-07 02:10:01.262 67472 INFO tempest.lib.common.rest_client [req-0f37450f-c203-42b7-8275-64d69f994c36 req-0f37450f-c203-42b7-8275-64d69f994c36 ] Request (ServerShowV257Test:test_rebuild_server): 200 GET http://10.180.1.21/compute/v2.1/servers/face7e9c-6a8b-4bae-ab99-c8601b2cb358 0.087s
2025-01-07 02:10:01.307 67474 INFO tempest.lib.common.rest_client [req-aec73fb7-03ee-4f4e-8834-e7e3f89c97cc req-aec73fb7-03ee-4f4e-8834-e7e3f89c97cc ] Request (ServersAdmin275Test:test_rebuild_update_server_275): 200 GET http://10.180.1.21/compute/v2.1/servers/da50c4b4-e9b4-447f-95f4-479356451a22 0.085s
2025-01-07 02:10:01.341 67516 INFO tempest.lib.common.rest_client [req-accab7e8-7d46-4d46-aaa8-b5f2a4ebb7be req-accab7e8-7d46-4d46-aaa8-b5f2a4ebb7be ] Request (ServerActionsV293TestJSON:setUpClass): 200 GET http://10.180.1.21/compute/v2.1/servers/9cc7b7db-d113-4fa3-b3f2-b01e0075ba3a 0.060s
2025-01-07 02:10:01.381 67514 INFO tempest.lib.common.rest_client [req-aa0b5192-4cd0-47ae-986b-0d7a5b281838 req-aa0b5192-4cd0-47ae-986b-0d7a5b281838 ] Request (VolumesAssistedSnapshotsTest:tearDownClass): 204 DELETE http://10.180.1.21:9696/networking/v2.0/floatingips/d71c8592-b94b-47c0-ba85-735b460fbefe 0.411s
2025-01-07 02:10:01.399 67514 INFO tempest.lib.common.rest_client [req-24c1eb27-c442-4e0d-b52f-4fc5e9096ce8 req-24c1eb27-c442-4e0d-b52f-4fc5e9096ce8 ] Request (VolumesAssistedSnapshotsTest:tearDownClass): 404 DELETE http://10.180.1.21/volume/v3/volumes/51a8c5b5-7682-483e-a053-5d922f8b03be 0.017s
2025-01-07 02:10:01.417 67514 INFO tempest.lib.common.rest_client [req-1f0ec8eb-ff56-4f31-8a4d-e46bbd10723a req-1f0ec8eb-ff56-4f31-8a4d-e46bbd10723a ] Request (VolumesAssistedSnapshotsTest:tearDownClass): 404 GET http://10.180.1.21/volume/v3/volumes/51a8c5b5-7682-483e-a053-5d922f8b03be 0.017s
2025-01-07 02:10:01.428 67470 INFO tempest.lib.common.rest_client [req-b03aa30f-7637-44e8-b452-2819d7811693 req-b03aa30f-7637-44e8-b452-2819d7811693 ] Request (ListImageFiltersTestJSON:tearDownClass): 200 GET http://10.180.1.21/compute/v2.1/servers/0edf63bc-072d-416f-abee-8c4311c53924 0.073s
2025-01-07 02:10:01.491 67468 INFO tempest.lib.common.rest_client [req-d0533368-aba0-4de9-a959-32e3b55fc696 req-d0533368-aba0-4de9-a959-32e3b55fc696 ] Request (AttachVolumeTestJSON:test_attach_detach_volume): 200 GET http://10.180.1.21/compute/v2.1/servers/3e2e4d7b-d042-4c3b-9bbd-5a4492e5cfef 0.066s
2025-01-07 02:10:01.499 67494 INFO tempest.lib.common.rest_client [req-ff066fb9-8929-4390-bb4c-dff4e165d9cc req-ff066fb9-8929-4390-bb4c-dff4e165d9cc ] Request (ServerRescueNegativeTestJSON:setUpClass): 200 GET http://10.180.1.21/compute/v2.1/servers/a7992c09-2881-4d70-b5a8-5071eb619d12 0.146s
2025-01-07 02:10:01.516 67494 INFO tempest.common.waiters [-] State transition "ACTIVE/rescuing" ==> "RESCUE/None" after 9 second wait
2025-01-07 02:10:01.560 67510 INFO tempest.lib.common.rest_client [req-e776536b-a30a-4d1f-b75d-50e7fe6389eb req-e776536b-a30a-4d1f-b75d-50e7fe6389eb ] Request (DeleteServersTestJSON:test_delete_server_while_in_attached_volume): 200 GET http://10.180.1.21/compute/v2.1/servers/3cca6a42-488d-4dbd-87ab-65938ab5491f 0.078s
2025-01-07 02:10:01.580 67528 INFO tempest.lib.common.rest_client [req-5668e6af-e066-453f-8b36-d35ff3ce30b3 req-5668e6af-e066-453f-8b36-d35ff3ce30b3 ] Request (ImagesOneServerTestJSON:tearDownClass): 200 GET http://10.180.1.21/compute/v2.1/servers/049f2126-5f66-4e66-a334-13e33b27b152 0.148s
2025-01-07 02:10:01.669 67508 INFO tempest.lib.common.rest_client [req-dc3cea56-ff34-46c2-92ff-bac45b1a2d33 req-dc3cea56-ff34-46c2-92ff-bac45b1a2d33 ] Request (ServersTestMultiNic:_run_cleanups): 200 GET http://10.180.1.21/compute/v2.1/servers/7d040a2f-df58-48ee-bb68-8a9e59e97364 0.071s
2025-01-07 02:10:01.679 67494 INFO tempest.lib.common.rest_client [req-ad187a60-6d58-4185-88f0-cffdc1352c49 req-ad187a60-6d58-4185-88f0-cffdc1352c49 ] Request (ServerRescueNegativeTestJSON:setUpClass): 200 GET http://10.180.1.21/compute/v2.1/servers/50a7a45d-3187-4baa-9937-79f05882da01 0.162s
2025-01-07 02:10:01.758 67480 INFO tempest.lib.common.rest_client [req-49d92aa0-5652-407a-88b5-e91efc225e47 req-49d92aa0-5652-407a-88b5-e91efc225e47 ] Request (AttachInterfacesTestJSON:_run_cleanups): 200 GET http://10.180.1.21/compute/v2.1/servers/b97cf9f5-fabe-40e8-99f8-30207d7f87a6 0.099s
2025-01-07 02:10:01.760 67498 INFO tempest.lib.common.rest_client [req-037bdf65-f34a-4fbb-a1d5-8fbf29ff6156 req-037bdf65-f34a-4fbb-a1d5-8fbf29ff6156 ] Request (ServerRescueTestJSON:tearDownClass): 200 GET http://10.180.1.21/compute/v2.1/servers/da9910e3-317e-4ca6-9a8c-478232b8d7dc 0.099s
2025-01-07 02:10:01.762 67490 INFO tempest.lib.common.rest_client [req-e7f5a366-1e9e-42e0-9b89-497204620aee req-e7f5a366-1e9e-42e0-9b89-497204620aee ] Request (ServerMetadataTestJSON:setUpClass): 201 POST http://10.180.1.21:9696/networking/v2.0/networks 0.522s
2025-01-07 02:10:01.773 67498 INFO tempest.common.waiters [-] State transition "ACTIVE/deleting" ==> "DELETED/None" after 4 second wait
2025-01-07 02:10:01.776 67494 INFO tempest.lib.common.rest_client [req-8db7c122-57e3-4e6e-8e62-c05d8545908b req-8db7c122-57e3-4e6e-8e62-c05d8545908b ] Request (ServerRescueNegativeTestJSON:test_rescue_non_existent_server): 404 POST http://10.180.1.21/compute/v2.1/servers/b8409e98-51a5-4c2f-80b4-1b21b55662a0/action 0.087s
2025-01-07 02:10:01.830 67478 INFO tempest.lib.common.rest_client [req-4ea552ef-3237-4c03-a679-2f581986a803 req-4ea552ef-3237-4c03-a679-2f581986a803 ] Request (VolumesAdminNegativeTest:_run_cleanups): 200 GET http://10.180.1.21/compute/v2.1/servers/c87cc4a6-32b6-46bf-a4a8-d6b37ae397dd/os-volume_attachments 0.061s
2025-01-07 02:10:01.846 67526 INFO tempest.lib.common.rest_client [req-7f3c11c7-10d7-414c-834c-50b0b39134c8 req-7f3c11c7-10d7-414c-834c-50b0b39134c8 ] Request (ServerAddressesTestJSON:tearDownClass): 200 GET http://10.180.1.21/compute/v2.1/servers/1aff8092-0b9e-4eb3-9a0e-7ae7a95c0e5c 0.109s
2025-01-07 02:10:01.946 67494 INFO tempest.lib.common.rest_client [req-cad7fdd0-2e66-4393-9a34-2460276d9bf5 req-cad7fdd0-2e66-4393-9a34-2460276d9bf5 ] Request (ServerRescueNegativeTestJSON:test_rescued_vm_attach_volume): 202 POST http://10.180.1.21/volume/v3/volumes 0.168s
2025-01-07 02:10:01.957 67492 INFO tempest.lib.common.rest_client [req-9eeb2c36-8160-478e-998a-b67b49e404eb req-9eeb2c36-8160-478e-998a-b67b49e404eb ] Request (ServersAdminNegativeTestJSON:test_migrate_server_invalid_state): 200 GET http://10.180.1.21/compute/v2.1/servers/644f7138-3c47-46fe-87e6-caad565d3542 0.148s
2025-01-07 02:10:01.994 67494 INFO tempest.lib.common.rest_client [req-723771c1-d630-42ce-a3bb-a2c38e0f611a req-723771c1-d630-42ce-a3bb-a2c38e0f611a ] Request (ServerRescueNegativeTestJSON:test_rescued_vm_attach_volume): 200 GET http://10.180.1.21/volume/v3/volumes/c10e858b-c086-45d2-b160-a0aebcf78c60 0.041s
2025-01-07 02:10:02.110 67487 INFO tempest.lib.common.rest_client [req-e5d49175-1586-45be-bc49-b242c44eb8b6 req-e5d49175-1586-45be-bc49-b242c44eb8b6 ] Request (ImagesOneServerNegativeTestJSON:tearDown): 200 GET http://10.180.1.21/compute/v2.1/servers/c2f23eee-2b74-4839-9697-439a2d26ad64 0.148s
2025-01-07 02:10:02.124 67487 INFO tempest.common.waiters [-] State transition "ACTIVE/image_snapshot" ==> "ACTIVE/image_pending_upload" after 2 second wait
2025-01-07 02:10:02.137 67476 INFO tempest.lib.common.rest_client [req-4e216b52-0924-4a52-9450-fdd296cde6ad req-4e216b52-0924-4a52-9450-fdd296cde6ad ] Request (MigrationsAdminTest:test_resize_server_revert_deleted_flavor): 200 GET http://10.180.1.21/compute/v2.1/servers/7b70aac3-1fd6-4956-8849-ebe6def4305e 0.149s
2025-01-07 02:10:02.175 67490 INFO tempest.lib.common.rest_client [req-5192071a-f68d-4f07-a51a-3967340227e2 req-5192071a-f68d-4f07-a51a-3967340227e2 ] Request (ServerMetadataTestJSON:setUpClass): 201 POST http://10.180.1.21:9696/networking/v2.0/subnets 0.411s
2025-01-07 02:10:02.201 67482 INFO tempest.lib.common.rest_client [req-8f3f8197-f66e-42ac-90fe-1c59905f44eb req-8f3f8197-f66e-42ac-90fe-1c59905f44eb ] Request (ImagesTestJSON:test_create_image_from_suspended_server): 200 GET http://10.180.1.21/compute/v2.1/servers/b2312aa2-a236-4928-8204-dee877cc217f 0.100s
2025-01-07 02:10:02.208 67522 INFO tempest.lib.common.rest_client [req-b995bc11-74b4-479f-b7ff-ff8346813219 req-b995bc11-74b4-479f-b7ff-ff8346813219 ] Request (ServersTestBootFromVolume:tearDownClass): 200 GET http://10.180.1.21/compute/v2.1/servers/60fcf9af-55c5-4146-bcb4-40d30633a64f 0.156s
2025-01-07 02:10:02.262 67500 INFO tempest.lib.common.rest_client [req-08e35060-39a0-40ec-883e-71553e0ff4b4 req-08e35060-39a0-40ec-883e-71553e0ff4b4 ] Request (ServersAdminTestJSON:tearDownClass): 200 GET http://10.180.1.21/compute/v2.1/servers/14f1c8b1-77f4-46f1-ba73-5ae24e9cc721 0.070s
2025-01-07 02:10:02.339 67472 INFO tempest.lib.common.rest_client [req-0b9bf462-8d0e-4e17-8006-b70a42ec8956 req-0b9bf462-8d0e-4e17-8006-b70a42ec8956 ] Request (ServerShowV257Test:test_rebuild_server): 200 GET http://10.180.1.21/compute/v2.1/servers/face7e9c-6a8b-4bae-ab99-c8601b2cb358 0.063s
2025-01-07 02:10:02.397 67474 INFO tempest.lib.common.rest_client [req-12424048-b9a5-42ba-b6c9-89184be09646 req-12424048-b9a5-42ba-b6c9-89184be09646 ] Request (ServersAdmin275Test:test_rebuild_update_server_275): 200 GET http://10.180.1.21/compute/v2.1/servers/da50c4b4-e9b4-447f-95f4-479356451a22 0.076s
2025-01-07 02:10:02.417 67516 INFO tempest.lib.common.rest_client [req-be9c5b07-000c-4b07-8286-9688c3328757 req-be9c5b07-000c-4b07-8286-9688c3328757 ] Request (ServerActionsV293TestJSON:setUpClass): 200 GET http://10.180.1.21/compute/v2.1/servers/9cc7b7db-d113-4fa3-b3f2-b01e0075ba3a 0.067s
2025-01-07 02:10:02.497 67470 INFO tempest.lib.common.rest_client [req-a1b38d45-19c5-4168-940f-a2a8c8716085 req-a1b38d45-19c5-4168-940f-a2a8c8716085 ] Request (ListImageFiltersTestJSON:tearDownClass): 200 GET http://10.180.1.21/compute/v2.1/servers/0edf63bc-072d-416f-abee-8c4311c53924 0.060s
2025-01-07 02:10:02.563 67468 INFO tempest.lib.common.rest_client [req-8e4b23d3-f21f-48c0-86b5-6c05ab87f5b8 req-8e4b23d3-f21f-48c0-86b5-6c05ab87f5b8 ] Request (AttachVolumeTestJSON:test_attach_detach_volume): 200 GET http://10.180.1.21/compute/v2.1/servers/3e2e4d7b-d042-4c3b-9bbd-5a4492e5cfef 0.057s
2025-01-07 02:10:02.636 67510 INFO tempest.lib.common.rest_client [req-f0a37663-bca8-4efc-93ff-3299d33abcf3 req-f0a37663-bca8-4efc-93ff-3299d33abcf3 ] Request (DeleteServersTestJSON:test_delete_server_while_in_attached_volume): 200 GET http://10.180.1.21/compute/v2.1/servers/3cca6a42-488d-4dbd-87ab-65938ab5491f 0.066s
2025-01-07 02:10:02.654 67528 INFO tempest.lib.common.rest_client [req-6b0f1c54-cb31-47a8-8134-1729355a2227 req-6b0f1c54-cb31-47a8-8134-1729355a2227 ] Request (ImagesOneServerTestJSON:tearDownClass): 200 GET http://10.180.1.21/compute/v2.1/servers/049f2126-5f66-4e66-a334-13e33b27b152 0.064s
2025-01-07 02:10:02.754 67508 INFO tempest.lib.common.rest_client [req-414f2b5f-1b56-403c-bcd1-9eaa3bc8f495 req-414f2b5f-1b56-403c-bcd1-9eaa3bc8f495 ] Request (ServersTestMultiNic:_run_cleanups): 200 GET http://10.180.1.21/compute/v2.1/servers/7d040a2f-df58-48ee-bb68-8a9e59e97364 0.075s
2025-01-07 02:10:02.808 67514 INFO tempest.lib.common.rest_client [req-a4891add-828a-4a88-a26f-63c4644a09d9 req-a4891add-828a-4a88-a26f-63c4644a09d9 ] Request (VolumesAssistedSnapshotsTest:tearDownClass): 200 PUT http://10.180.1.21:9696/networking/v2.0/routers/59337927-c729-4c18-b394-067f2187e083/remove_router_interface 1.391s
2025-01-07 02:10:02.861 67498 INFO tempest.lib.common.rest_client [req-c5586efd-c750-43aa-ae94-2e60457dcaa5 req-c5586efd-c750-43aa-ae94-2e60457dcaa5 ] Request (ServerRescueTestJSON:tearDownClass): 200 GET http://10.180.1.21/compute/v2.1/servers/da9910e3-317e-4ca6-9a8c-478232b8d7dc 0.087s
2025-01-07 02:10:02.862 67480 INFO tempest.lib.common.rest_client [req-ac9532a9-e476-4fe6-9d1c-97f82f36631c req-ac9532a9-e476-4fe6-9d1c-97f82f36631c ] Request (AttachInterfacesTestJSON:_run_cleanups): 200 GET http://10.180.1.21/compute/v2.1/servers/b97cf9f5-fabe-40e8-99f8-30207d7f87a6 0.093s
2025-01-07 02:10:02.894 67478 INFO tempest.lib.common.rest_client [req-3c681724-e049-40d9-a979-a0cc4ba8ff36 req-3c681724-e049-40d9-a979-a0cc4ba8ff36 ] Request (VolumesAdminNegativeTest:_run_cleanups): 200 GET http://10.180.1.21/compute/v2.1/servers/c87cc4a6-32b6-46bf-a4a8-d6b37ae397dd/os-volume_attachments 0.057s
2025-01-07 02:10:02.941 67526 INFO tempest.lib.common.rest_client [req-b0560a65-9645-4ce4-90c8-b36d7e229269 req-b0560a65-9645-4ce4-90c8-b36d7e229269 ] Request (ServerAddressesTestJSON:tearDownClass): 200 GET http://10.180.1.21/compute/v2.1/servers/1aff8092-0b9e-4eb3-9a0e-7ae7a95c0e5c 0.088s
2025-01-07 02:10:03.035 67494 INFO tempest.lib.common.rest_client [req-157ea030-a184-4e9d-9674-3055e9b7354a req-157ea030-a184-4e9d-9674-3055e9b7354a ] Request (ServerRescueNegativeTestJSON:test_rescued_vm_attach_volume): 200 GET http://10.180.1.21/volume/v3/volumes/c10e858b-c086-45d2-b160-a0aebcf78c60 0.034s
2025-01-07 02:10:03.042 67494 INFO tempest.common.waiters [-] volume c10e858b-c086-45d2-b160-a0aebcf78c60 reached available after waiting for 1.042919 seconds
2025-01-07 02:10:03.110 67492 INFO tempest.lib.common.rest_client [req-1a3c84a3-d273-44ff-a8c5-b18e830d4dce req-1a3c84a3-d273-44ff-a8c5-b18e830d4dce ] Request (ServersAdminNegativeTestJSON:test_migrate_server_invalid_state): 200 GET http://10.180.1.21/compute/v2.1/servers/644f7138-3c47-46fe-87e6-caad565d3542 0.145s
2025-01-07 02:10:03.144 67494 INFO tempest.lib.common.rest_client [req-f66834ce-c953-4bee-8406-de17f9431623 req-f66834ce-c953-4bee-8406-de17f9431623 ] Request (ServerRescueNegativeTestJSON:test_rescued_vm_attach_volume): 200 POST http://10.180.1.21/compute/v2.1/servers/50a7a45d-3187-4baa-9937-79f05882da01/action 0.101s
2025-01-07 02:10:03.291 67490 INFO tempest.lib.common.rest_client [req-22b51c2e-ee3c-4e38-880a-22fb3638e4b6 req-22b51c2e-ee3c-4e38-880a-22fb3638e4b6 ] Request (ServerMetadataTestJSON:setUpClass): 201 POST http://10.180.1.21:9696/networking/v2.0/routers 1.116s
2025-01-07 02:10:03.307 67487 INFO tempest.lib.common.rest_client [req-3278df5c-e571-4c23-8096-65e1cfeb79bb req-3278df5c-e571-4c23-8096-65e1cfeb79bb ] Request (ImagesOneServerNegativeTestJSON:tearDown): 200 GET http://10.180.1.21/compute/v2.1/servers/c2f23eee-2b74-4839-9697-439a2d26ad64 0.182s
2025-01-07 02:10:03.333 67476 INFO tempest.lib.common.rest_client [req-acb0d61e-2e2e-4013-ac03-5a5af81b99b4 req-acb0d61e-2e2e-4013-ac03-5a5af81b99b4 ] Request (MigrationsAdminTest:test_resize_server_revert_deleted_flavor): 200 GET http://10.180.1.21/compute/v2.1/servers/7b70aac3-1fd6-4956-8849-ebe6def4305e 0.189s
2025-01-07 02:10:03.421 67482 INFO tempest.lib.common.rest_client [req-4a3ac56d-9abc-417e-af24-c4f0f0991ddb req-4a3ac56d-9abc-417e-af24-c4f0f0991ddb ] Request (ImagesTestJSON:test_create_image_from_suspended_server): 200 GET http://10.180.1.21/compute/v2.1/servers/b2312aa2-a236-4928-8204-dee877cc217f 0.213s
2025-01-07 02:10:03.423 67514 INFO tempest.lib.common.rest_client [req-30ddab48-b89b-466e-8c2d-741268d243e0 req-30ddab48-b89b-466e-8c2d-741268d243e0 ] Request (VolumesAssistedSnapshotsTest:tearDownClass): 204 DELETE http://10.180.1.21:9696/networking/v2.0/routers/59337927-c729-4c18-b394-067f2187e083 0.614s
2025-01-07 02:10:03.427 67482 INFO tempest.common.waiters [-] State transition "BUILD/None" ==> "BUILD/networking" after 42 second wait
2025-01-07 02:10:03.461 67494 INFO tempest.lib.common.rest_client [req-ba48744d-a314-40f1-96e1-e687494c99be req-ba48744d-a314-40f1-96e1-e687494c99be ] Request (ServerRescueNegativeTestJSON:test_rescued_vm_attach_volume): 200 GET http://10.180.1.21/compute/v2.1/servers/50a7a45d-3187-4baa-9937-79f05882da01 0.316s
2025-01-07 02:10:03.513 67522 INFO tempest.lib.common.rest_client [req-cf829757-1579-4a2d-8993-f3e0b530a55a req-cf829757-1579-4a2d-8993-f3e0b530a55a ] Request (ServersTestBootFromVolume:tearDownClass): 200 GET http://10.180.1.21/compute/v2.1/servers/60fcf9af-55c5-4146-bcb4-40d30633a64f 0.293s
2025-01-07 02:10:03.545 67500 INFO tempest.lib.common.rest_client [req-5c833a82-146e-44f9-a79f-024500627355 req-5c833a82-146e-44f9-a79f-024500627355 ] Request (ServersAdminTestJSON:tearDownClass): 200 GET http://10.180.1.21/compute/v2.1/servers/14f1c8b1-77f4-46f1-ba73-5ae24e9cc721 0.275s
2025-01-07 02:10:03.581 67472 INFO tempest.lib.common.rest_client [req-814d2f37-5908-422b-a2a5-e972924e4321 req-814d2f37-5908-422b-a2a5-e972924e4321 ] Request (ServerShowV257Test:test_rebuild_server): 200 GET http://10.180.1.21/compute/v2.1/servers/face7e9c-6a8b-4bae-ab99-c8601b2cb358 0.232s
2025-01-07 02:10:03.598 67514 INFO tempest.lib.common.rest_client [req-dcfd38d0-d610-435b-a970-3e52191f04e2 req-dcfd38d0-d610-435b-a970-3e52191f04e2 ] Request (VolumesAssistedSnapshotsTest:tearDownClass): 204 DELETE http://10.180.1.21:9696/networking/v2.0/subnets/1c6b7b65-b986-4b6e-add5-7fe537cc1b41 0.174s
2025-01-07 02:10:03.613 67474 INFO tempest.lib.common.rest_client [req-ecf50a8d-676e-4290-b893-7974f69d690e req-ecf50a8d-676e-4290-b893-7974f69d690e ] Request (ServersAdmin275Test:test_rebuild_update_server_275): 200 GET http://10.180.1.21/compute/v2.1/servers/da50c4b4-e9b4-447f-95f4-479356451a22 0.205s
2025-01-07 02:10:03.650 67516 INFO tempest.lib.common.rest_client [req-da9ae6ef-a033-4680-bedc-550927bbfb08 req-da9ae6ef-a033-4680-bedc-550927bbfb08 ] Request (ServerActionsV293TestJSON:setUpClass): 200 GET http://10.180.1.21/compute/v2.1/servers/9cc7b7db-d113-4fa3-b3f2-b01e0075ba3a 0.222s
2025-01-07 02:10:03.714 67470 INFO tempest.lib.common.rest_client [req-58ca3f8f-9092-4977-bac7-7dd86900b0c6 req-58ca3f8f-9092-4977-bac7-7dd86900b0c6 ] Request (ListImageFiltersTestJSON:tearDownClass): 200 GET http://10.180.1.21/compute/v2.1/servers/0edf63bc-072d-416f-abee-8c4311c53924 0.208s
2025-01-07 02:10:03.721 67468 INFO tempest.lib.common.rest_client [req-50f3f5b2-6c56-4427-beb7-287a508eac69 req-50f3f5b2-6c56-4427-beb7-287a508eac69 ] Request (AttachVolumeTestJSON:test_attach_detach_volume): 200 GET http://10.180.1.21/compute/v2.1/servers/3e2e4d7b-d042-4c3b-9bbd-5a4492e5cfef 0.150s
2025-01-07 02:10:03.797 67510 INFO tempest.lib.common.rest_client [req-da06db4c-de3b-49f2-8143-c7f31a4c93f6 req-da06db4c-de3b-49f2-8143-c7f31a4c93f6 ] Request (DeleteServersTestJSON:test_delete_server_while_in_attached_volume): 200 GET http://10.180.1.21/compute/v2.1/servers/3cca6a42-488d-4dbd-87ab-65938ab5491f 0.152s
2025-01-07 02:10:03.813 67528 INFO tempest.lib.common.rest_client [req-d4156925-d75c-4be2-ac52-c12e01ed63d7 req-d4156925-d75c-4be2-ac52-c12e01ed63d7 ] Request (ImagesOneServerTestJSON:tearDownClass): 200 GET http://10.180.1.21/compute/v2.1/servers/049f2126-5f66-4e66-a334-13e33b27b152 0.152s
2025-01-07 02:10:03.877 67508 INFO tempest.lib.common.rest_client [req-380fdb74-bc1f-4d75-a787-ab635bbee7a6 req-380fdb74-bc1f-4d75-a787-ab635bbee7a6 ] Request (ServersTestMultiNic:_run_cleanups): 200 GET http://10.180.1.21/compute/v2.1/servers/7d040a2f-df58-48ee-bb68-8a9e59e97364 0.116s
2025-01-07 02:10:03.957 67498 INFO tempest.lib.common.rest_client [req-c0e247b1-736b-4009-80ad-615ef90709a5 req-c0e247b1-736b-4009-80ad-615ef90709a5 ] Request (ServerRescueTestJSON:tearDownClass): 200 GET http://10.180.1.21/compute/v2.1/servers/da9910e3-317e-4ca6-9a8c-478232b8d7dc 0.089s
2025-01-07 02:10:03.969 67480 INFO tempest.lib.common.rest_client [req-48933bc2-3fb7-4ccd-9efd-00bfcf5c6996 req-48933bc2-3fb7-4ccd-9efd-00bfcf5c6996 ] Request (AttachInterfacesTestJSON:_run_cleanups): 200 GET http://10.180.1.21/compute/v2.1/servers/b97cf9f5-fabe-40e8-99f8-30207d7f87a6 0.097s
2025-01-07 02:10:03.980 67480 INFO tempest.common.waiters [-] State transition "ACTIVE/deleting" ==> "DELETED/None" after 4 second wait
2025-01-07 02:10:03.991 67478 INFO tempest.lib.common.rest_client [req-35e271fc-dc65-4c93-a54a-31ff0d091e1a req-35e271fc-dc65-4c93-a54a-31ff0d091e1a ] Request (VolumesAdminNegativeTest:_run_cleanups): 200 GET http://10.180.1.21/compute/v2.1/servers/c87cc4a6-32b6-46bf-a4a8-d6b37ae397dd/os-volume_attachments 0.092s
2025-01-07 02:10:04.035 67514 INFO tempest.lib.common.rest_client [req-e04a4301-b288-4f4e-b654-01b5b644fe26 req-e04a4301-b288-4f4e-b654-01b5b644fe26 ] Request (VolumesAssistedSnapshotsTest:tearDownClass): 204 DELETE http://10.180.1.21:9696/networking/v2.0/networks/85e43259-9080-4dad-9f7c-b35b8c4450cf 0.437s
2025-01-07 02:10:04.040 67478 INFO tempest.lib.common.rest_client [req-dbde7e56-47f2-4c79-83bb-b76e689b6e72 req-dbde7e56-47f2-4c79-83bb-b76e689b6e72 ] Request (VolumesAdminNegativeTest:_run_cleanups): 200 GET http://10.180.1.21/volume/v3/volumes/d59e6763-9010-49b6-9bb1-ca65743639b8 0.047s
2025-01-07 02:10:04.047 67478 INFO tempest.common.waiters [-] volume d59e6763-9010-49b6-9bb1-ca65743639b8 reached available after waiting for 0.046969 seconds
2025-01-07 02:10:04.059 67526 INFO tempest.lib.common.rest_client [req-63be2de0-7453-4f83-a1cc-6b0a98e05b46 req-63be2de0-7453-4f83-a1cc-6b0a98e05b46 ] Request (ServerAddressesTestJSON:tearDownClass): 200 GET http://10.180.1.21/compute/v2.1/servers/1aff8092-0b9e-4eb3-9a0e-7ae7a95c0e5c 0.111s
2025-01-07 02:10:04.129 67478 INFO tempest.lib.common.rest_client [req-7db924c6-028c-419d-82c7-e0bfeb383c22 req-7db924c6-028c-419d-82c7-e0bfeb383c22 ] Request (VolumesAdminNegativeTest:test_update_attached_volume_with_nonexistent_volume_in_uri): 201 POST http://10.180.1.21/identity/v3/auth/tokens 0.077s
2025-01-07 02:10:04.130 67478 INFO tempest.lib.common.fixed_network [-] (VolumesAdminNegativeTest:test_update_attached_volume_with_nonexistent_volume_in_uri) Found network {'id': '8ba195c0-dfc6-4c77-ad01-1aa9d6b67312', 'name': 'tempest-VolumesAdminNegativeTest-1051762696-network', 'tenant_id': '1a05629293b048ca9ee9649a383b63b8', 'admin_state_up': True, 'mtu': 8950, 'status': 'ACTIVE', 'subnets': [], 'shared': False, 'project_id': '1a05629293b048ca9ee9649a383b63b8', 'port_security_enabled': True, 'router:external': False, 'provider:network_type': 'vlan', 'provider:physical_network': 'default', 'provider:segmentation_id': 576, 'availability_zone_hints': [], 'availability_zones': [], 'ipv4_address_scope': None, 'ipv6_address_scope': None, 'description': '', 'tags': [], 'created_at': '2025-01-07T02:06:50Z', 'updated_at': '2025-01-07T02:06:50Z', 'revision_number': 1} available for tenant
2025-01-07 02:10:04.302 67492 INFO tempest.lib.common.rest_client [req-05c56a9c-705c-4cc1-9b2a-d5125635510a req-05c56a9c-705c-4cc1-9b2a-d5125635510a ] Request (ServersAdminNegativeTestJSON:test_migrate_server_invalid_state): 200 GET http://10.180.1.21/compute/v2.1/servers/644f7138-3c47-46fe-87e6-caad565d3542 0.185s
2025-01-07 02:10:04.572 67487 INFO tempest.lib.common.rest_client [req-7963b865-acae-40ae-8687-f041269cb5fa req-7963b865-acae-40ae-8687-f041269cb5fa ] Request (ImagesOneServerNegativeTestJSON:tearDown): 200 GET http://10.180.1.21/compute/v2.1/servers/c2f23eee-2b74-4839-9697-439a2d26ad64 0.255s
2025-01-07 02:10:04.578 67487 INFO tempest.common.waiters [-] State transition "ACTIVE/image_pending_upload" ==> "ACTIVE/image_uploading" after 4 second wait
2025-01-07 02:10:04.693 67478 INFO tempest.lib.common.rest_client [req-c5aa73e8-2928-447b-b276-4f2256ea1741 req-c5aa73e8-2928-447b-b276-4f2256ea1741 ] Request (VolumesAdminNegativeTest:test_update_attached_volume_with_nonexistent_volume_in_uri): 202 POST http://10.180.1.21/compute/v2.1/servers 0.562s
2025-01-07 02:10:04.718 67476 INFO tempest.lib.common.rest_client [req-bdef688c-a87b-4084-9776-f532a4f6fc10 req-bdef688c-a87b-4084-9776-f532a4f6fc10 ] Request (MigrationsAdminTest:test_resize_server_revert_deleted_flavor): 200 GET http://10.180.1.21/compute/v2.1/servers/7b70aac3-1fd6-4956-8849-ebe6def4305e 0.370s
