2025-01-07 02:09:30.956 67468 INFO tempest.lib.common.dynamic_creds [-] Created isolated network resources for: credentials: Credentials: {'domain_id': 'default', 'domain_name': 'Default', 'username': 'tempest-AttachVolumeTestJSON-1439972165-project-member', 'project_domain_id': 'default', 'project_domain_name': 'Default', 'project_id': 'a649c3652b724ef0a0295ea9dee7ada4', 'project_name': 'tempest-AttachVolumeTestJSON-1439972165', 'tenant_id': 'a649c3652b724ef0a0295ea9dee7ada4', 'tenant_name': 'tempest-AttachVolumeTestJSON-1439972165', 'user_domain_id': 'default', 'user_domain_name': 'Default', 'user_id': '09aafec0b1c84cd6bc343e0c8d1153dc', 'system': None}, Network: {'id': '7e25fcfc-123d-428e-8f65-197d1a36ab92', 'name': 'tempest-AttachVolumeTestJSON-1731505294-network', 'tenant_id': 'a649c3652b724ef0a0295ea9dee7ada4', 'admin_state_up': True, 'mtu': 8950, 'status': 'ACTIVE', 'subnets': [], 'shared': False, 'project_id': 'a649c3652b724ef0a0295ea9dee7ada4', 'port_security_enabled': True, 'router:external': False, 'provider:network_type': 'vlan', 'provider:physical_network': 'default', 'provider:segmentation_id': 866, 'availability_zone_hints': [], 'availability_zones': [], 'ipv4_address_scope': None, 'ipv6_address_scope': None, 'description': '', 'tags': [], 'created_at': '2025-01-07T02:09:27Z', 'updated_at': '2025-01-07T02:09:27Z', 'revision_number': 1}, Subnet: {'id': '5efb32f2-92d7-4a87-9565-0771c5ea6ff3', 'name': 'tempest-AttachVolumeTestJSON-1731505294-subnet', 'tenant_id': 'a649c3652b724ef0a0295ea9dee7ada4', 'network_id': '7e25fcfc-123d-428e-8f65-197d1a36ab92', 'ip_version': 4, 'subnetpool_id': None, 'enable_dhcp': True, 'ipv6_ra_mode': None, 'ipv6_address_mode': None, 'gateway_ip': '192.168.128.1', 'cidr': '192.168.128.0/28', 'allocation_pools': [{'start': '192.168.128.2', 'end': '192.168.128.14'}], 'host_routes': [], 'dns_nameservers': [], 'description': '', 'router:external': False, 'service_types': [], 'tags': [], 'created_at': '2025-01-07T02:09:27Z', 'updated_at': '2025-01-07T02:09:27Z', 'revision_number': 0, 'project_id': 'a649c3652b724ef0a0295ea9dee7ada4'}, Router: {'id': '1ce4b434-2fbf-426f-b101-fc746e4f0f74', 'name': 'tempest-AttachVolumeTestJSON-1731505294-router', 'tenant_id': 'a649c3652b724ef0a0295ea9dee7ada4', 'admin_state_up': True, 'status': 'ACTIVE', 'external_gateway_info': {'network_id': '28104680-4dd6-4234-9bcd-3b8167665ec0', 'external_fixed_ips': [{'subnet_id': '956e9051-fe66-4539-a2b3-7384f09ad946', 'ip_address': '10.180.180.143'}], 'enable_snat': True}, 'description': '', 'availability_zones': [], 'distributed': False, 'ha': False, 'availability_zone_hints': [], 'routes': [], 'flavor_id': None, 'tags': [], 'created_at': '2025-01-07T02:09:28Z', 'updated_at': '2025-01-07T02:09:28Z', 'revision_number': 2, 'project_id': 'a649c3652b724ef0a0295ea9dee7ada4'}
2025-01-07 02:09:31.021 67487 INFO tempest.lib.common.rest_client [req-4d91bb2a-25da-41e0-9920-8d3e8a56b37a req-4d91bb2a-25da-41e0-9920-8d3e8a56b37a ] Request (ImagesOneServerNegativeTestJSON:_run_cleanups): 200 GET http://10.180.1.21/compute/v2.1/servers/c2f23eee-2b74-4839-9697-439a2d26ad64 0.556s
2025-01-07 02:09:31.022 67484 INFO tempest.lib.common.rest_client [req-f95574de-fa71-4ed1-8559-9a01baba1d4e req-f95574de-fa71-4ed1-8559-9a01baba1d4e ] Request (KeyPairsV2TestJSON:setUpClass): 201 POST http://10.180.1.21/identity/v3/users 0.072s
2025-01-07 02:09:31.051 67468 INFO tempest.lib.common.rest_client [req-278daab0-dae9-4633-9b1d-76d3b973ed13 req-278daab0-dae9-4633-9b1d-76d3b973ed13 ] Request (AttachVolumeTestJSON:setUpClass): 201 POST http://10.180.1.21/identity/v3/auth/tokens 0.089s
2025-01-07 02:09:31.072 67484 INFO tempest.lib.common.rest_client [req-2da794b4-29b9-46be-adc3-de93a398c4d1 req-2da794b4-29b9-46be-adc3-de93a398c4d1 ] Request (KeyPairsV2TestJSON:setUpClass): 200 GET http://10.180.1.21/identity/v3/roles 0.048s
2025-01-07 02:09:31.095 67522 INFO tempest.lib.common.rest_client [req-2b1b7cce-ad05-40c2-98b0-af443f3b7b3f req-2b1b7cce-ad05-40c2-98b0-af443f3b7b3f ] Request (ServersTestBootFromVolume:test_list_servers): 200 GET http://10.180.1.21/compute/v2.1/servers 0.528s
2025-01-07 02:09:31.101 67484 INFO tempest.lib.common.rest_client [req-d1876ed3-cc3c-4bdb-8cfd-d21f19310b93 req-d1876ed3-cc3c-4bdb-8cfd-d21f19310b93 ] Request (KeyPairsV2TestJSON:setUpClass): 204 PUT http://10.180.1.21/identity/v3/projects/3b6f487f3f904fd1b238b78db148540a/users/282fbd4af1fc414babc7af28fa092d7d/roles/2a94559af65d4bc9aefd5a790849559b 0.029s
2025-01-07 02:09:31.101 67484 INFO tempest.lib.common.dynamic_creds [-] Dynamic test user 282fbd4af1fc414babc7af28fa092d7d is created with scope project and roles: ['member']
2025-01-07 02:09:31.102 67484 INFO tempest.lib.common.dynamic_creds [-] Acquired dynamic creds: credentials: Credentials: {'domain_id': 'default', 'domain_name': 'Default', 'username': 'tempest-KeyPairsV2TestJSON-937920626-project-member', 'project_domain_id': 'default', 'project_domain_name': 'Default', 'project_id': '3b6f487f3f904fd1b238b78db148540a', 'project_name': 'tempest-KeyPairsV2TestJSON-937920626', 'tenant_id': '3b6f487f3f904fd1b238b78db148540a', 'tenant_name': 'tempest-KeyPairsV2TestJSON-937920626', 'user_domain_id': 'default', 'user_domain_name': 'Default', 'user_id': '282fbd4af1fc414babc7af28fa092d7d', 'system': None}, Network: None, Subnet: None, Router: None
2025-01-07 02:09:31.102 67484 INFO tempest.lib.common.dynamic_creds [-] Created isolated network resources for: credentials: Credentials: {'domain_id': 'default', 'domain_name': 'Default', 'username': 'tempest-KeyPairsV2TestJSON-937920626-project-member', 'project_domain_id': 'default', 'project_domain_name': 'Default', 'project_id': '3b6f487f3f904fd1b238b78db148540a', 'project_name': 'tempest-KeyPairsV2TestJSON-937920626', 'tenant_id': '3b6f487f3f904fd1b238b78db148540a', 'tenant_name': 'tempest-KeyPairsV2TestJSON-937920626', 'user_domain_id': 'default', 'user_domain_name': 'Default', 'user_id': '282fbd4af1fc414babc7af28fa092d7d', 'system': None}, Network: None, Subnet: None, Router: None
2025-01-07 02:09:31.143 67470 INFO tempest.lib.common.rest_client [req-49812633-ddc1-4975-aafa-baa27c461393 req-49812633-ddc1-4975-aafa-baa27c461393 ] Request (ListImageFiltersTestJSON:setUpClass): 200 GET http://10.180.1.21/compute/v2.1/images/80fcf2e8-e32a-48d3-a665-fbaa1786de74 0.418s
2025-01-07 02:09:31.182 67484 INFO tempest.lib.common.rest_client [req-48d41dd8-6ee7-43f8-80ed-32c5c8a5f24f req-48d41dd8-6ee7-43f8-80ed-32c5c8a5f24f ] Request (KeyPairsV2TestJSON:setUpClass): 201 POST http://10.180.1.21/identity/v3/auth/tokens 0.077s
2025-01-07 02:09:31.219 67476 INFO tempest.lib.common.rest_client [req-e693806d-3fd5-426e-87a4-460968104955 req-e693806d-3fd5-426e-87a4-460968104955 ] Request (MigrationsAdminTest:test_resize_server_revert_deleted_flavor): 200 GET http://10.180.1.21/compute/v2.1/servers/7b70aac3-1fd6-4956-8849-ebe6def4305e 0.762s
2025-01-07 02:09:31.227 67476 INFO tempest.common.waiters [-] State transition "BUILD/networking" ==> "BUILD/spawning" after 68 second wait
2025-01-07 02:09:31.296 67472 INFO tempest.lib.common.rest_client [req-7010d821-f753-4475-a9f5-fb7c5e07a969 req-7010d821-f753-4475-a9f5-fb7c5e07a969 ] Request (ServerAddressesNegativeTestJSON:tearDownClass): 200 PUT http://10.180.1.21:9696/networking/v2.0/routers/658a6017-968d-46e6-97d3-7fc752d577dc/remove_router_interface 1.814s
2025-01-07 02:09:31.359 67518 INFO tempest.lib.common.rest_client [req-0fb22bca-64e8-4bc2-b088-60c1b3548dd2 req-0fb22bca-64e8-4bc2-b088-60c1b3548dd2 ] Request (ServerActionsTestJSON:setUpClass): 200 GET http://10.180.1.21/compute/v2.1/servers/efe841ea-ce8a-4b9a-98de-5533729488dd 0.632s
2025-01-07 02:09:31.428 67468 INFO tempest.lib.common.rest_client [req-1a0c2e85-243d-4c54-b5d9-5736f8d3f4e4 req-1a0c2e85-243d-4c54-b5d9-5736f8d3f4e4 ] Request (ValidationResourcesFixture:setUp): 200 POST http://10.180.1.21/compute/v2.1/os-keypairs 0.375s
2025-01-07 02:09:31.466 67516 INFO tempest.lib.common.rest_client [req-6d47f07b-a0cf-4c9c-b2d3-6ed9bd71317f req-6d47f07b-a0cf-4c9c-b2d3-6ed9bd71317f ] Request (ServerActionsV293TestJSON:setUpClass): 200 GET http://10.180.1.21/volume/v3/volumes/7fe0006a-b1c7-4ad2-bc9f-c0c63dfb9b00 0.039s
2025-01-07 02:09:31.528 67500 INFO tempest.lib.common.rest_client [req-7677181a-dd4f-45dd-93d0-a9debd9bdd84 req-7677181a-dd4f-45dd-93d0-a9debd9bdd84 ] Request (ServersAdminTestJSON:test_rebuild_server_in_error_state): 200 GET http://10.180.1.21/compute/v2.1/servers/76990b8d-ff61-454d-9dee-33bfe27f9665 0.466s
2025-01-07 02:09:31.605 67482 INFO tempest.lib.common.rest_client [req-b6b73d85-4d58-47b9-bdf4-fa45e171867c req-b6b73d85-4d58-47b9-bdf4-fa45e171867c ] Request (ImagesTestJSON:test_create_image_from_suspended_server): 200 GET http://10.180.1.21/compute/v2.1/servers/b2312aa2-a236-4928-8204-dee877cc217f 0.475s
2025-01-07 02:09:31.675 67468 INFO tempest.lib.common.rest_client [req-dd1caddd-a1f5-4df3-bbf4-6ffb219fe1f9 req-dd1caddd-a1f5-4df3-bbf4-6ffb219fe1f9 ] Request (ValidationResourcesFixture:setUp): 201 POST http://10.180.1.21:9696/networking/v2.0/security-groups 0.245s
2025-01-07 02:09:31.688 67484 INFO tempest.lib.common.rest_client [req-83636920-e78e-4be3-bf9f-517313fd1829 req-83636920-e78e-4be3-bf9f-517313fd1829 ] Request (KeyPairsV2TestJSON:test_get_keypair_detail): 200 POST http://10.180.1.21/compute/v2.1/os-keypairs 0.503s
2025-01-07 02:09:31.705 67522 INFO tempest.lib.common.rest_client [req-aa1a2910-1c2a-408e-be62-97c87693844c req-aa1a2910-1c2a-408e-be62-97c87693844c ] Request (ServersTestBootFromVolume:test_list_servers_with_detail): 200 GET http://10.180.1.21/compute/v2.1/servers/detail 0.603s
2025-01-07 02:09:31.735 67506 WARNING tempest.lib.common.ssh [-] Failed to establish authenticated ssh connection to cirros@10.180.180.178 ([Errno None] Unable to connect to port 22 on 10.180.180.178). Number attempts: 12. Retry after 13 seconds.: paramiko.ssh_exception.NoValidConnectionsError: [Errno None] Unable to connect to port 22 on 10.180.180.178
2025-01-07 02:09:31.779 67492 INFO tempest.lib.common.rest_client [req-2768a9f7-3e26-447d-b178-6643b6c04205 req-2768a9f7-3e26-447d-b178-6643b6c04205 ] Request (ServersAdminNegativeTestJSON:test_migrate_server_invalid_state): 200 GET http://10.180.1.21/compute/v2.1/servers/644f7138-3c47-46fe-87e6-caad565d3542 0.449s
2025-01-07 02:09:31.808 67472 INFO tempest.lib.common.rest_client [req-a5decfe0-1018-4f43-9f02-2ee110c4b8e6 req-a5decfe0-1018-4f43-9f02-2ee110c4b8e6 ] Request (ServerAddressesNegativeTestJSON:tearDownClass): 204 DELETE http://10.180.1.21:9696/networking/v2.0/routers/658a6017-968d-46e6-97d3-7fc752d577dc 0.512s
2025-01-07 02:09:31.820 67498 INFO tempest.lib.common.rest_client [req-90f79a12-9fe4-49ea-be65-1fd2f9899231 req-90f79a12-9fe4-49ea-be65-1fd2f9899231 ] Request (ServerRescueTestJSON:test_rescue_unrescue_instance): 200 GET http://10.180.1.21/compute/v2.1/servers/da9910e3-317e-4ca6-9a8c-478232b8d7dc 0.496s
2025-01-07 02:09:31.844 67494 INFO tempest.lib.common.rest_client [req-e34e0a06-150f-46c4-94a9-fbc3ba8007c7 req-e34e0a06-150f-46c4-94a9-fbc3ba8007c7 ] Request (ServerRescueNegativeTestJSON:setUpClass): 200 GET http://10.180.1.21/compute/v2.1/servers/a7992c09-2881-4d70-b5a8-5071eb619d12 0.344s
2025-01-07 02:09:31.880 67468 INFO tempest.lib.common.rest_client [req-3ace0557-11b4-43c5-af6c-e290d02bdb5a req-3ace0557-11b4-43c5-af6c-e290d02bdb5a ] Request (ValidationResourcesFixture:setUp): 201 POST http://10.180.1.21:9696/networking/v2.0/security-group-rules 0.204s
2025-01-07 02:09:31.906 67510 INFO tempest.lib.common.rest_client [req-a8eb08ef-c6b6-49ed-a626-f8452f83f36f req-a8eb08ef-c6b6-49ed-a626-f8452f83f36f ] Request (DeleteServersTestJSON:test_delete_active_server): 200 GET http://10.180.1.21/compute/v2.1/servers/d37200db-e945-461a-84f5-beb632e9b4bd 0.390s
2025-01-07 02:09:31.906 67526 INFO tempest.lib.common.rest_client [req-cdaf35fa-a266-49e5-9889-90eaae26f636 req-cdaf35fa-a266-49e5-9889-90eaae26f636 ] Request (ServerAddressesTestJSON:setUpClass): 200 GET http://10.180.1.21/compute/v2.1/servers/1aff8092-0b9e-4eb3-9a0e-7ae7a95c0e5c 0.274s
2025-01-07 02:09:31.958 67528 INFO tempest.lib.common.rest_client [req-56feef6d-1d04-4751-a497-c07d2621615f req-56feef6d-1d04-4751-a497-c07d2621615f ] Request (ImagesOneServerTestJSON:test_create_image_specify_multibyte_character_image_name): 200 GET http://10.180.1.21/compute/v2.1/images/4895ec34-1953-487d-a91c-69d81923f7e1 0.274s
2025-01-07 02:09:31.970 67484 INFO tempest.lib.common.rest_client [req-ed70ec28-ec31-419c-acf7-fa497d9d72b9 req-ed70ec28-ec31-419c-acf7-fa497d9d72b9 ] Request (KeyPairsV2TestJSON:test_get_keypair_detail): 200 GET http://10.180.1.21/compute/v2.1/os-keypairs/tempest-keypair-838920424 0.280s
2025-01-07 02:09:31.986 67522 INFO tempest.lib.common.rest_client [req-72a97ea3-7c19-4880-856e-9469a9fbab2f req-72a97ea3-7c19-4880-856e-9469a9fbab2f ] Request (ServersTestBootFromVolume:test_verify_created_server_vcpus): 200 GET http://10.180.1.21/compute/v2.1/flavors/42 0.271s
2025-01-07 02:09:31.993 67522 INFO tempest.lib.common.ssh [-] Creating ssh connection to '10.180.180.145:22' as 'cirros' with public key authentication
2025-01-07 02:09:31.996 67508 INFO tempest.lib.common.rest_client [req-2790e136-77ed-4c2c-962c-ef096bd68440 req-2790e136-77ed-4c2c-962c-ef096bd68440 ] Request (ServersTestMultiNic:test_verify_multiple_nics_order): 200 GET http://10.180.1.21/compute/v2.1/servers/7d040a2f-df58-48ee-bb68-8a9e59e97364 0.365s
2025-01-07 02:09:31.997 67522 INFO paramiko.transport [-] Connected (version 2.0, client dropbear_2020.81)
2025-01-07 02:09:32.074 67474 INFO tempest.lib.common.rest_client [req-e275eaea-9591-4ba8-a269-34a60a8ca9a1 req-e275eaea-9591-4ba8-a269-34a60a8ca9a1 ] Request (ServersAdmin275Test:test_rebuild_update_server_275): 200 GET http://10.180.1.21/compute/v2.1/servers/da50c4b4-e9b4-447f-95f4-479356451a22 0.250s
2025-01-07 02:09:32.077 67514 INFO tempest.lib.common.rest_client [req-f0380606-f46c-44c5-8cbc-3756156fd32b req-f0380606-f46c-44c5-8cbc-3756156fd32b ] Request (VolumesAssistedSnapshotsTest:tearDownClass): 200 GET http://10.180.1.21/compute/v2.1/servers/a2c388fa-17da-4d92-95f5-e5edc7dfc92d 0.334s
2025-01-07 02:09:32.099 67503 INFO tempest.lib.common.rest_client [req-440ab7a6-4dae-4276-a4d3-4e35b772f1f2 req-440ab7a6-4dae-4276-a4d3-4e35b772f1f2 ] Request (InstanceActionsTestJSON:tearDownClass): 404 GET http://10.180.1.21/compute/v2.1/servers/8f3d1be0-6146-4455-a6f8-55ab6a96a077 0.165s
2025-01-07 02:09:32.105 67522 INFO paramiko.transport [-] Authentication (publickey) successful!
2025-01-07 02:09:32.106 67522 INFO tempest.lib.common.ssh [-] ssh connection to cirros@10.180.180.145 successfully created
2025-01-07 02:09:32.108 67468 INFO tempest.lib.common.rest_client [req-0a09713e-a540-403b-b494-3f31c617452c req-0a09713e-a540-403b-b494-3f31c617452c ] Request (ValidationResourcesFixture:setUp): 201 POST http://10.180.1.21:9696/networking/v2.0/security-group-rules 0.227s
2025-01-07 02:09:32.122 67484 INFO tempest.lib.common.rest_client [req-49bd37ba-3791-4bcf-853c-ae29fba8939d req-49bd37ba-3791-4bcf-853c-ae29fba8939d ] Request (KeyPairsV2TestJSON:_run_cleanups): 202 DELETE http://10.180.1.21/compute/v2.1/os-keypairs/tempest-keypair-838920424 0.150s
2025-01-07 02:09:32.126 67472 INFO tempest.lib.common.rest_client [req-76b6b0fd-7dce-4414-9e5a-9045db19f766 req-76b6b0fd-7dce-4414-9e5a-9045db19f766 ] Request (ServerAddressesNegativeTestJSON:tearDownClass): 204 DELETE http://10.180.1.21:9696/networking/v2.0/subnets/89b89fd4-713a-4f70-addf-127f632ad1be 0.318s
2025-01-07 02:09:32.160 67490 INFO tempest.lib.common.rest_client [req-a1b030a0-d193-4ad2-9202-9e03ff3c4ae7 req-a1b030a0-d193-4ad2-9202-9e03ff3c4ae7 ] Request (MultipleCreateTestJSON:tearDownClass): 200 GET http://10.180.1.21/compute/v2.1/servers/edab7482-65e5-4141-aa17-08c348f76bbe 0.228s
2025-01-07 02:09:32.213 67487 INFO tempest.lib.common.rest_client [req-ab539756-b570-415a-9ccd-3116abf25578 req-ab539756-b570-415a-9ccd-3116abf25578 ] Request (ImagesOneServerNegativeTestJSON:_run_cleanups): 200 GET http://10.180.1.21/compute/v2.1/servers/c2f23eee-2b74-4839-9697-439a2d26ad64 0.180s
2025-01-07 02:09:32.240 67522 INFO tempest.lib.common.rest_client [req-6f32962c-4a7f-4fae-bdac-43996382df12 req-6f32962c-4a7f-4fae-bdac-43996382df12 ] Request (ServersTestBootFromVolume:tearDownClass): 204 DELETE http://10.180.1.21/compute/v2.1/servers/60fcf9af-55c5-4146-bcb4-40d30633a64f 0.125s
2025-01-07 02:09:32.252 67484 INFO tempest.lib.common.rest_client [req-0e193304-0335-4ec2-bd7c-e4a58b31ac01 req-0e193304-0335-4ec2-bd7c-e4a58b31ac01 ] Request (KeyPairsV2TestJSON:test_keypair_create_delete): 200 POST http://10.180.1.21/compute/v2.1/os-keypairs 0.128s
2025-01-07 02:09:32.281 67470 INFO tempest.lib.common.rest_client [req-94a72e05-f198-4b2a-9b4d-41f24ab77140 req-94a72e05-f198-4b2a-9b4d-41f24ab77140 ] Request (ListImageFiltersTestJSON:setUpClass): 200 GET http://10.180.1.21/compute/v2.1/images/80fcf2e8-e32a-48d3-a665-fbaa1786de74 0.133s
2025-01-07 02:09:32.483 67472 INFO tempest.lib.common.rest_client [req-9475e9d5-9f7a-452a-9eb4-04a410dd5536 req-9475e9d5-9f7a-452a-9eb4-04a410dd5536 ] Request (ServerAddressesNegativeTestJSON:tearDownClass): 204 DELETE http://10.180.1.21:9696/networking/v2.0/networks/59edb8ac-2282-4d60-9dbd-9f80a914954b 0.357s
2025-01-07 02:09:32.511 67516 INFO tempest.lib.common.rest_client [req-a03dcc5d-a84f-4217-8294-4fced3a43df3 req-a03dcc5d-a84f-4217-8294-4fced3a43df3 ] Request (ServerActionsV293TestJSON:setUpClass): 200 GET http://10.180.1.21/volume/v3/volumes/7fe0006a-b1c7-4ad2-bc9f-c0c63dfb9b00 0.036s
2025-01-07 02:09:32.631 67472 INFO tempest.lib.common.rest_client [req-2b91ae35-3416-44e2-9152-e7c65834b933 req-2b91ae35-3416-44e2-9152-e7c65834b933 ] Request (ServerAddressesNegativeTestJSON:tearDownClass): 204 DELETE http://10.180.1.21/identity/v3/users/b426cf786ffb4882b309e7015460d072 0.147s
2025-01-07 02:09:32.632 67472 INFO tempest.lib.common.dynamic_creds [-] Deleting project and security group for project: 3f0640e167f049cd9821677b54e30417
2025-01-07 02:09:32.685 67472 INFO tempest.lib.common.rest_client [req-7fb36734-50f7-471e-8c0e-4c83f223ff51 req-7fb36734-50f7-471e-8c0e-4c83f223ff51 ] Request (ServerAddressesNegativeTestJSON:tearDownClass): 200 GET http://10.180.1.21:9696/networking/v2.0/security-groups?tenant_id=3f0640e167f049cd9821677b54e30417&name=default 0.053s
2025-01-07 02:09:32.723 67522 INFO tempest.lib.common.rest_client [req-be465a74-bf66-4c73-b175-d4fce08658bb req-be465a74-bf66-4c73-b175-d4fce08658bb ] Request (ServersTestBootFromVolume:tearDownClass): 200 GET http://10.180.1.21/compute/v2.1/servers/60fcf9af-55c5-4146-bcb4-40d30633a64f 0.481s
2025-01-07 02:09:32.731 67476 INFO tempest.lib.common.rest_client [req-73dd4018-56d6-47af-9537-8eaef8f595e5 req-73dd4018-56d6-47af-9537-8eaef8f595e5 ] Request (MigrationsAdminTest:test_resize_server_revert_deleted_flavor): 200 GET http://10.180.1.21/compute/v2.1/servers/7b70aac3-1fd6-4956-8849-ebe6def4305e 0.503s
2025-01-07 02:09:32.757 67484 INFO tempest.lib.common.rest_client [req-5d769be1-e51b-419b-bb1c-ea01c7fddaec req-5d769be1-e51b-419b-bb1c-ea01c7fddaec ] Request (KeyPairsV2TestJSON:_run_cleanups): 202 DELETE http://10.180.1.21/compute/v2.1/os-keypairs/tempest-keypair-1454642972 0.503s
2025-01-07 02:09:32.826 67472 INFO tempest.lib.common.rest_client [req-930c1632-3a8d-40f5-8029-d645392724fb req-930c1632-3a8d-40f5-8029-d645392724fb ] Request (ServerAddressesNegativeTestJSON:tearDownClass): 204 DELETE http://10.180.1.21:9696/networking/v2.0/security-groups/0c76c7d3-ec12-498e-8650-87118e881e83 0.140s
2025-01-07 02:09:32.939 67478 WARNING tempest.lib.common.ssh [-] Failed to establish authenticated ssh connection to cirros@10.180.180.252 ([Errno None] Unable to connect to port 22 on 10.180.180.252). Number attempts: 11. Retry after 12 seconds.: paramiko.ssh_exception.NoValidConnectionsError: [Errno None] Unable to connect to port 22 on 10.180.180.252
2025-01-07 02:09:32.960 67472 INFO tempest.lib.common.rest_client [req-9a31f19f-c685-4242-ac82-27c8d30a8d82 req-9a31f19f-c685-4242-ac82-27c8d30a8d82 ] Request (ServerAddressesNegativeTestJSON:tearDownClass): 204 DELETE http://10.180.1.21/identity/v3/projects/3f0640e167f049cd9821677b54e30417 0.134s
2025-01-07 02:09:33.011 67518 INFO tempest.lib.common.rest_client [req-6226552b-93fc-41c2-9b36-2905167cc3a4 req-6226552b-93fc-41c2-9b36-2905167cc3a4 ] Request (ServerActionsTestJSON:setUpClass): 200 GET http://10.180.1.21/compute/v2.1/servers/efe841ea-ce8a-4b9a-98de-5533729488dd 0.640s
2025-01-07 02:09:33.043 67500 INFO tempest.lib.common.rest_client [req-2282c3ab-045c-4b60-a170-a59476c9b6e5 req-2282c3ab-045c-4b60-a170-a59476c9b6e5 ] Request (ServersAdminTestJSON:test_rebuild_server_in_error_state): 200 GET http://10.180.1.21/compute/v2.1/servers/76990b8d-ff61-454d-9dee-33bfe27f9665 0.505s
2025-01-07 02:09:33.047 67472 INFO tempest.lib.common.rest_client [req-e836318a-ba5e-4bad-ae1d-e72d16f81ec9 req-e836318a-ba5e-4bad-ae1d-e72d16f81ec9 ] Request (ServerShowV257Test:setUpClass): 201 POST http://10.180.1.21/identity/v3/auth/tokens 0.084s
2025-01-07 02:09:33.093 67472 INFO tempest.lib.common.rest_client [req-ec5fe2eb-8c5a-40af-8417-5dfca324f989 req-ec5fe2eb-8c5a-40af-8417-5dfca324f989 ] Request (ServerShowV257Test:setUpClass): 201 POST http://10.180.1.21/identity/v3/auth/tokens 0.040s
2025-01-07 02:09:33.095 67484 INFO tempest.lib.common.rest_client [req-a440f3ff-dc63-4bf7-a055-aec65d90320c req-a440f3ff-dc63-4bf7-a055-aec65d90320c ] Request (KeyPairsV2TestJSON:test_keypair_create_with_pub_key): 200 POST http://10.180.1.21/compute/v2.1/os-keypairs 0.336s
2025-01-07 02:09:33.110 67482 INFO tempest.lib.common.rest_client [req-b2314bb6-02c3-484a-8269-03fb10a54960 req-b2314bb6-02c3-484a-8269-03fb10a54960 ] Request (ImagesTestJSON:test_create_image_from_suspended_server): 200 GET http://10.180.1.21/compute/v2.1/servers/b2312aa2-a236-4928-8204-dee877cc217f 0.491s
2025-01-07 02:09:33.134 67472 INFO tempest.lib.common.rest_client [req-239b33b0-e7cd-4929-ba65-ad2eb386a001 req-239b33b0-e7cd-4929-ba65-ad2eb386a001 ] Request (ServerShowV257Test:setUpClass): 200 GET http://10.180.1.21/identity/v3/domains?name=Default 0.040s
2025-01-07 02:09:33.179 67492 INFO tempest.lib.common.rest_client [req-4cbabb34-68f3-498b-93d2-7ecbfe9f3251 req-4cbabb34-68f3-498b-93d2-7ecbfe9f3251 ] Request (ServersAdminNegativeTestJSON:test_migrate_server_invalid_state): 200 GET http://10.180.1.21/compute/v2.1/servers/644f7138-3c47-46fe-87e6-caad565d3542 0.388s
2025-01-07 02:09:33.182 67472 INFO tempest.lib.common.rest_client [req-01dfb05e-0407-4287-b686-672f977ea626 req-01dfb05e-0407-4287-b686-672f977ea626 ] Request (ServerShowV257Test:setUpClass): 201 POST http://10.180.1.21/identity/v3/projects 0.048s
2025-01-07 02:09:33.265 67472 INFO tempest.lib.common.rest_client [req-efb32880-d26c-47a3-979a-84cc7d7ebfd6 req-efb32880-d26c-47a3-979a-84cc7d7ebfd6 ] Request (ServerShowV257Test:setUpClass): 201 POST http://10.180.1.21/identity/v3/users 0.082s
2025-01-07 02:09:33.272 67494 INFO tempest.lib.common.rest_client [req-d16ec83e-86a0-430a-b9b9-4416f5446a9e req-d16ec83e-86a0-430a-b9b9-4416f5446a9e ] Request (ServerRescueNegativeTestJSON:setUpClass): 200 GET http://10.180.1.21/compute/v2.1/servers/a7992c09-2881-4d70-b5a8-5071eb619d12 0.419s
2025-01-07 02:09:33.295 67472 INFO tempest.lib.common.rest_client [req-fa254ba1-6d8d-42ec-bc6c-8b1f8a55055b req-fa254ba1-6d8d-42ec-bc6c-8b1f8a55055b ] Request (ServerShowV257Test:setUpClass): 200 GET http://10.180.1.21/identity/v3/roles 0.030s
2025-01-07 02:09:33.338 67472 INFO tempest.lib.common.rest_client [req-78eecc75-110b-4fb8-817a-474d6bbe88cd req-78eecc75-110b-4fb8-817a-474d6bbe88cd ] Request (ServerShowV257Test:setUpClass): 204 PUT http://10.180.1.21/identity/v3/projects/31d45cf4b5cc440ab76d0323f8ff774c/users/8a67e7854445451390a0c2b3acb8ada6/roles/2a94559af65d4bc9aefd5a790849559b 0.042s
2025-01-07 02:09:33.339 67472 INFO tempest.lib.common.dynamic_creds [-] Dynamic test user 8a67e7854445451390a0c2b3acb8ada6 is created with scope project and roles: ['member']
2025-01-07 02:09:33.339 67472 INFO tempest.lib.common.dynamic_creds [-] Acquired dynamic creds: credentials: Credentials: {'domain_id': 'default', 'domain_name': 'Default', 'username': 'tempest-ServerShowV257Test-1391376598-project-member', 'project_domain_id': 'default', 'project_domain_name': 'Default', 'project_id': '31d45cf4b5cc440ab76d0323f8ff774c', 'project_name': 'tempest-ServerShowV257Test-1391376598', 'tenant_id': '31d45cf4b5cc440ab76d0323f8ff774c', 'tenant_name': 'tempest-ServerShowV257Test-1391376598', 'user_domain_id': 'default', 'user_domain_name': 'Default', 'user_id': '8a67e7854445451390a0c2b3acb8ada6', 'system': None}, Network: None, Subnet: None, Router: None
2025-01-07 02:09:33.339 67472 INFO tempest.lib.common.dynamic_creds [-] Created isolated network resources for: credentials: Credentials: {'domain_id': 'default', 'domain_name': 'Default', 'username': 'tempest-ServerShowV257Test-1391376598-project-member', 'project_domain_id': 'default', 'project_domain_name': 'Default', 'project_id': '31d45cf4b5cc440ab76d0323f8ff774c', 'project_name': 'tempest-ServerShowV257Test-1391376598', 'tenant_id': '31d45cf4b5cc440ab76d0323f8ff774c', 'tenant_name': 'tempest-ServerShowV257Test-1391376598', 'user_domain_id': 'default', 'user_domain_name': 'Default', 'user_id': '8a67e7854445451390a0c2b3acb8ada6', 'system': None}, Network: None, Subnet: None, Router: None
2025-01-07 02:09:33.371 67510 INFO tempest.lib.common.rest_client [req-f04a19e5-24ee-4ae1-88b2-e0d982b74ff9 req-f04a19e5-24ee-4ae1-88b2-e0d982b74ff9 ] Request (DeleteServersTestJSON:test_delete_active_server): 200 GET http://10.180.1.21/compute/v2.1/servers/d37200db-e945-461a-84f5-beb632e9b4bd 0.454s
2025-01-07 02:09:33.434 67472 INFO tempest.lib.common.rest_client [req-2eeb6d98-cba1-4f2b-9aa5-6536e822a9a6 req-2eeb6d98-cba1-4f2b-9aa5-6536e822a9a6 ] Request (ServerShowV257Test:setUpClass): 201 POST http://10.180.1.21/identity/v3/auth/tokens 0.091s
2025-01-07 02:09:33.480 67472 INFO tempest.lib.common.rest_client [req-658d7ad5-5a29-4020-bd43-47c4f9eb9081 req-658d7ad5-5a29-4020-bd43-47c4f9eb9081 ] Request (ServerShowV257Test:test_rebuild_server): 201 POST http://10.180.1.21/identity/v3/auth/tokens 0.036s
2025-01-07 02:09:33.480 67472 INFO tempest.lib.common.fixed_network [-] (ServerShowV257Test:test_rebuild_server) Found network None available for tenant
2025-01-07 02:09:33.485 67498 INFO tempest.lib.common.rest_client [req-1ab46ed0-52e7-4454-924f-83a464b7f638 req-1ab46ed0-52e7-4454-924f-83a464b7f638 ] Request (ServerRescueTestJSON:test_rescue_unrescue_instance): 200 GET http://10.180.1.21/compute/v2.1/servers/da9910e3-317e-4ca6-9a8c-478232b8d7dc 0.655s
2025-01-07 02:09:33.544 67528 INFO tempest.lib.common.rest_client [req-2ae6666d-1b1d-4d51-b21d-3c061c34e558 req-2ae6666d-1b1d-4d51-b21d-3c061c34e558 ] Request (ImagesOneServerTestJSON:test_create_image_specify_multibyte_character_image_name): 200 GET http://10.180.1.21/compute/v2.1/images/4895ec34-1953-487d-a91c-69d81923f7e1 0.578s
2025-01-07 02:09:33.559 67516 INFO tempest.lib.common.rest_client [req-2483b31e-d9c2-412e-a7dc-eaa0855b81c8 req-2483b31e-d9c2-412e-a7dc-eaa0855b81c8 ] Request (ServerActionsV293TestJSON:setUpClass): 200 GET http://10.180.1.21/volume/v3/volumes/7fe0006a-b1c7-4ad2-bc9f-c0c63dfb9b00 0.039s
2025-01-07 02:09:33.639 67508 INFO tempest.lib.common.rest_client [req-608fb441-dfb7-4034-a6c3-954c8942c595 req-608fb441-dfb7-4034-a6c3-954c8942c595 ] Request (ServersTestMultiNic:test_verify_multiple_nics_order): 200 GET http://10.180.1.21/compute/v2.1/servers/7d040a2f-df58-48ee-bb68-8a9e59e97364 0.623s
2025-01-07 02:09:33.744 67474 INFO tempest.lib.common.rest_client [req-94036947-0732-402a-bae4-866584931948 req-94036947-0732-402a-bae4-866584931948 ] Request (ServersAdmin275Test:test_rebuild_update_server_275): 200 GET http://10.180.1.21/compute/v2.1/servers/da50c4b4-e9b4-447f-95f4-479356451a22 0.658s
2025-01-07 02:09:33.764 67526 INFO tempest.lib.common.rest_client [req-8503f434-5212-4f84-a605-213ad8486bee req-8503f434-5212-4f84-a605-213ad8486bee ] Request (ServerAddressesTestJSON:setUpClass): 200 GET http://10.180.1.21/compute/v2.1/servers/1aff8092-0b9e-4eb3-9a0e-7ae7a95c0e5c 0.845s
2025-01-07 02:09:33.771 67526 INFO tempest.common.waiters [-] State transition "BUILD/None" ==> "BUILD/block_device_mapping" after 67 second wait
2025-01-07 02:09:33.783 67484 INFO tempest.lib.common.rest_client [req-663df4f5-05d6-4c68-8699-9f301cf8ac68 req-663df4f5-05d6-4c68-8699-9f301cf8ac68 ] Request (KeyPairsV2TestJSON:_run_cleanups): 202 DELETE http://10.180.1.21/compute/v2.1/os-keypairs/tempest-keypair-736530655 0.686s
2025-01-07 02:09:33.837 67514 INFO tempest.lib.common.rest_client [req-b3e168a5-9a23-42b0-9ff8-5027b8906e12 req-b3e168a5-9a23-42b0-9ff8-5027b8906e12 ] Request (VolumesAssistedSnapshotsTest:tearDownClass): 200 GET http://10.180.1.21/compute/v2.1/servers/a2c388fa-17da-4d92-95f5-e5edc7dfc92d 0.749s
2025-01-07 02:09:33.867 67490 INFO tempest.lib.common.rest_client [req-115e2e7e-c582-416f-936b-177c1ba50749 req-115e2e7e-c582-416f-936b-177c1ba50749 ] Request (MultipleCreateTestJSON:tearDownClass): 200 GET http://10.180.1.21/compute/v2.1/servers/edab7482-65e5-4141-aa17-08c348f76bbe 0.699s
2025-01-07 02:09:33.906 67470 INFO tempest.lib.common.rest_client [req-ce529917-a769-4460-a7d0-e7cb128dc3f5 req-ce529917-a769-4460-a7d0-e7cb128dc3f5 ] Request (ListImageFiltersTestJSON:setUpClass): 200 GET http://10.180.1.21/compute/v2.1/images/80fcf2e8-e32a-48d3-a665-fbaa1786de74 0.622s
2025-01-07 02:09:33.913 67487 INFO tempest.lib.common.rest_client [req-247f90e4-ce38-48c1-ba51-46c3ad8a54eb req-247f90e4-ce38-48c1-ba51-46c3ad8a54eb ] Request (ImagesOneServerNegativeTestJSON:_run_cleanups): 200 GET http://10.180.1.21/compute/v2.1/servers/c2f23eee-2b74-4839-9697-439a2d26ad64 0.693s
2025-01-07 02:09:33.916 67468 INFO tempest.lib.common.rest_client [req-c26dd52e-1d13-4473-9ec5-9863aa62c4f8 req-c26dd52e-1d13-4473-9ec5-9863aa62c4f8 ] Request (ValidationResourcesFixture:setUp): 201 POST http://10.180.1.21:9696/networking/v2.0/floatingips 1.807s
2025-01-07 02:09:33.999 67468 INFO tempest.lib.common.rest_client [req-d35b5b2b-ce3f-41ad-abe4-f3f31fbf8d78 req-d35b5b2b-ce3f-41ad-abe4-f3f31fbf8d78 ] Request (AttachVolumeTestJSON:test_attach_detach_volume): 201 POST http://10.180.1.21/identity/v3/auth/tokens 0.077s
2025-01-07 02:09:34.002 67468 INFO tempest.lib.common.fixed_network [-] (AttachVolumeTestJSON:test_attach_detach_volume) Found network {'id': '7e25fcfc-123d-428e-8f65-197d1a36ab92', 'name': 'tempest-AttachVolumeTestJSON-1731505294-network', 'tenant_id': 'a649c3652b724ef0a0295ea9dee7ada4', 'admin_state_up': True, 'mtu': 8950, 'status': 'ACTIVE', 'subnets': [], 'shared': False, 'project_id': 'a649c3652b724ef0a0295ea9dee7ada4', 'port_security_enabled': True, 'router:external': False, 'provider:network_type': 'vlan', 'provider:physical_network': 'default', 'provider:segmentation_id': 866, 'availability_zone_hints': [], 'availability_zones': [], 'ipv4_address_scope': None, 'ipv6_address_scope': None, 'description': '', 'tags': [], 'created_at': '2025-01-07T02:09:27Z', 'updated_at': '2025-01-07T02:09:27Z', 'revision_number': 1} available for tenant
2025-01-07 02:09:34.081 67522 INFO tempest.lib.common.rest_client [req-7ff634d6-0013-41ff-9d6c-b7a86c33b5cf req-7ff634d6-0013-41ff-9d6c-b7a86c33b5cf ] Request (ServersTestBootFromVolume:tearDownClass): 200 GET http://10.180.1.21/compute/v2.1/servers/60fcf9af-55c5-4146-bcb4-40d30633a64f 0.343s
2025-01-07 02:09:34.138 67472 INFO tempest.lib.common.rest_client [req-eed35822-c80f-4034-8bf1-c14410efe22a req-eed35822-c80f-4034-8bf1-c14410efe22a ] Request (ServerShowV257Test:test_rebuild_server): 202 POST http://10.180.1.21/compute/v2.1/servers 0.656s
2025-01-07 02:09:34.181 67484 INFO tempest.lib.common.rest_client [req-c401b366-72e1-4241-84ec-eaa55f8d4616 req-c401b366-72e1-4241-84ec-eaa55f8d4616 ] Request (KeyPairsV2TestJSON:test_keypairs_create_list_delete): 200 POST http://10.180.1.21/compute/v2.1/os-keypairs 0.396s
2025-01-07 02:09:34.214 67476 INFO tempest.lib.common.rest_client [req-fcbe5bdb-720d-4841-b439-6ac59a819ffa req-fcbe5bdb-720d-4841-b439-6ac59a819ffa ] Request (MigrationsAdminTest:test_resize_server_revert_deleted_flavor): 200 GET http://10.180.1.21/compute/v2.1/servers/7b70aac3-1fd6-4956-8849-ebe6def4305e 0.462s
2025-01-07 02:09:34.350 67503 INFO tempest.lib.common.rest_client [req-3de8864c-0229-4c05-9237-556eb2b8c62a req-3de8864c-0229-4c05-9237-556eb2b8c62a ] Request (InstanceActionsTestJSON:tearDownClass): 200 PUT http://10.180.1.21:9696/networking/v2.0/routers/ac6cb946-bd6b-4797-9190-f6c9429f917d/remove_router_interface 2.250s
2025-01-07 02:09:34.380 67518 INFO tempest.lib.common.rest_client [req-35b94bcb-9216-41c9-8afb-2e3c3464b5cf req-35b94bcb-9216-41c9-8afb-2e3c3464b5cf ] Request (ServerActionsTestJSON:setUpClass): 200 GET http://10.180.1.21/compute/v2.1/servers/efe841ea-ce8a-4b9a-98de-5533729488dd 0.359s
2025-01-07 02:09:34.389 67518 INFO tempest.common.waiters [-] State transition "BUILD/spawning" ==> "ACTIVE/None" after 82 second wait
2025-01-07 02:09:34.527 67500 INFO tempest.lib.common.rest_client [req-c7ae7977-9ec1-4dfd-a2e6-fba36afc0251 req-c7ae7977-9ec1-4dfd-a2e6-fba36afc0251 ] Request (ServersAdminTestJSON:test_rebuild_server_in_error_state): 200 GET http://10.180.1.21/compute/v2.1/servers/76990b8d-ff61-454d-9dee-33bfe27f9665 0.469s
2025-01-07 02:09:34.539 67500 INFO tempest.common.waiters [-] State transition "REBUILD/rebuilding" ==> "REBUILD/rebuild_spawning" after 4 second wait
2025-01-07 02:09:34.594 67482 INFO tempest.lib.common.rest_client [req-fc8f0e52-ba74-48be-ad4e-91efb8ef6eac req-fc8f0e52-ba74-48be-ad4e-91efb8ef6eac ] Request (ImagesTestJSON:test_create_image_from_suspended_server): 200 GET http://10.180.1.21/compute/v2.1/servers/b2312aa2-a236-4928-8204-dee877cc217f 0.475s
2025-01-07 02:09:34.611 67516 INFO tempest.lib.common.rest_client [req-4dee2945-6c4c-4565-9478-7f10c599b3f5 req-4dee2945-6c4c-4565-9478-7f10c599b3f5 ] Request (ServerActionsV293TestJSON:setUpClass): 200 GET http://10.180.1.21/volume/v3/volumes/7fe0006a-b1c7-4ad2-bc9f-c0c63dfb9b00 0.045s
2025-01-07 02:09:34.638 67472 INFO tempest.lib.common.rest_client [req-a471bb27-6bd6-4147-adbe-afa225168cf8 req-a471bb27-6bd6-4147-adbe-afa225168cf8 ] Request (ServerShowV257Test:test_rebuild_server): 200 GET http://10.180.1.21/compute/v2.1/servers/face7e9c-6a8b-4bae-ab99-c8601b2cb358 0.498s
2025-01-07 02:09:34.686 67484 INFO tempest.lib.common.rest_client [req-bf41325d-ad16-48ad-a5d8-00c1b7833928 req-bf41325d-ad16-48ad-a5d8-00c1b7833928 ] Request (KeyPairsV2TestJSON:test_keypairs_create_list_delete): 200 POST http://10.180.1.21/compute/v2.1/os-keypairs 0.503s
2025-01-07 02:09:34.699 67468 INFO tempest.lib.common.rest_client [req-92e62ef1-ff36-4867-b31e-f60cbbf5574d req-92e62ef1-ff36-4867-b31e-f60cbbf5574d ] Request (AttachVolumeTestJSON:test_attach_detach_volume): 202 POST http://10.180.1.21/compute/v2.1/servers 0.696s
2025-01-07 02:09:34.772 67492 INFO tempest.lib.common.rest_client [req-4b56e90e-77e1-4286-a631-0bc3e29c5472 req-4b56e90e-77e1-4286-a631-0bc3e29c5472 ] Request (ServersAdminNegativeTestJSON:test_migrate_server_invalid_state): 200 GET http://10.180.1.21/compute/v2.1/servers/644f7138-3c47-46fe-87e6-caad565d3542 0.580s
2025-01-07 02:09:34.782 67494 INFO tempest.lib.common.rest_client [req-31de8786-9e48-4a66-9f4a-0ac14ab2bfa6 req-31de8786-9e48-4a66-9f4a-0ac14ab2bfa6 ] Request (ServerRescueNegativeTestJSON:setUpClass): 200 GET http://10.180.1.21/compute/v2.1/servers/a7992c09-2881-4d70-b5a8-5071eb619d12 0.502s
2025-01-07 02:09:34.868 67510 INFO tempest.lib.common.rest_client [req-0210af7a-b782-4d8d-b23c-1d49ede83af9 req-0210af7a-b782-4d8d-b23c-1d49ede83af9 ] Request (DeleteServersTestJSON:test_delete_active_server): 200 GET http://10.180.1.21/compute/v2.1/servers/d37200db-e945-461a-84f5-beb632e9b4bd 0.485s
2025-01-07 02:09:34.881 67518 INFO tempest.lib.common.rest_client [req-3866fefe-72b5-45e1-9651-1f19c337b200 req-3866fefe-72b5-45e1-9651-1f19c337b200 ] Request (ServerActionsTestJSON:setUpClass): 200 GET http://10.180.1.21/compute/v2.1/servers/efe841ea-ce8a-4b9a-98de-5533729488dd/os-interface 0.487s
2025-01-07 02:09:34.946 67528 INFO tempest.lib.common.rest_client [req-6291a77f-9d53-4f87-8e81-6bfee8fd360d req-6291a77f-9d53-4f87-8e81-6bfee8fd360d ] Request (ImagesOneServerTestJSON:test_create_image_specify_multibyte_character_image_name): 200 GET http://10.180.1.21/compute/v2.1/images/4895ec34-1953-487d-a91c-69d81923f7e1 0.398s
2025-01-07 02:09:35.015 67508 INFO tempest.lib.common.rest_client [req-f63b3c66-23cd-4b07-8d49-f6a330ec6b76 req-f63b3c66-23cd-4b07-8d49-f6a330ec6b76 ] Request (ServersTestMultiNic:test_verify_multiple_nics_order): 200 GET http://10.180.1.21/compute/v2.1/servers/7d040a2f-df58-48ee-bb68-8a9e59e97364 0.361s
2025-01-07 02:09:35.027 67508 INFO tempest.common.waiters [-] State transition "BUILD/None" ==> "BUILD/networking" after 63 second wait
2025-01-07 02:09:35.040 67503 INFO tempest.lib.common.rest_client [req-3cd32f35-642b-485e-afe5-0bd43491da1d req-3cd32f35-642b-485e-afe5-0bd43491da1d ] Request (InstanceActionsTestJSON:tearDownClass): 204 DELETE http://10.180.1.21:9696/networking/v2.0/routers/ac6cb946-bd6b-4797-9190-f6c9429f917d 0.689s
2025-01-07 02:09:35.049 67484 INFO tempest.lib.common.rest_client [req-dd3f9bb4-4d03-4e22-a156-d784ac637ca4 req-dd3f9bb4-4d03-4e22-a156-d784ac637ca4 ] Request (KeyPairsV2TestJSON:test_keypairs_create_list_delete): 200 POST http://10.180.1.21/compute/v2.1/os-keypairs 0.362s
2025-01-07 02:09:35.055 67498 INFO tempest.lib.common.rest_client [req-ae9f2960-98bb-4f04-8008-bc9eb85a7a38 req-ae9f2960-98bb-4f04-8008-bc9eb85a7a38 ] Request (ServerRescueTestJSON:test_rescue_unrescue_instance): 200 GET http://10.180.1.21/compute/v2.1/servers/da9910e3-317e-4ca6-9a8c-478232b8d7dc 0.549s
2025-01-07 02:09:35.124 67468 INFO tempest.lib.common.rest_client [req-5fb0c487-cbf7-435a-9bb0-b3ea13918363 req-5fb0c487-cbf7-435a-9bb0-b3ea13918363 ] Request (AttachVolumeTestJSON:test_attach_detach_volume): 200 GET http://10.180.1.21/compute/v2.1/servers/3e2e4d7b-d042-4c3b-9bbd-5a4492e5cfef 0.422s
2025-01-07 02:09:35.132 67474 INFO tempest.lib.common.rest_client [req-83136e2c-02a2-4a88-9719-9d9502fae932 req-83136e2c-02a2-4a88-9719-9d9502fae932 ] Request (ServersAdmin275Test:test_rebuild_update_server_275): 200 GET http://10.180.1.21/compute/v2.1/servers/da50c4b4-e9b4-447f-95f4-479356451a22 0.375s
2025-01-07 02:09:35.206 67503 INFO tempest.lib.common.rest_client [req-a3a41bc6-f130-4638-a33d-73bf278d3740 req-a3a41bc6-f130-4638-a33d-73bf278d3740 ] Request (InstanceActionsTestJSON:tearDownClass): 204 DELETE http://10.180.1.21:9696/networking/v2.0/subnets/8e9fbb13-57f8-4ac2-b7c3-006038b8da93 0.166s
2025-01-07 02:09:35.223 67514 INFO tempest.lib.common.rest_client [req-39e7f8b4-b936-4d16-8d1b-2df3c6e73703 req-39e7f8b4-b936-4d16-8d1b-2df3c6e73703 ] Request (VolumesAssistedSnapshotsTest:tearDownClass): 200 GET http://10.180.1.21/compute/v2.1/servers/a2c388fa-17da-4d92-95f5-e5edc7dfc92d 0.377s
2025-01-07 02:09:35.310 67490 INFO tempest.lib.common.rest_client [req-a7788324-a83d-4459-9273-9dfe666c1bc9 req-a7788324-a83d-4459-9273-9dfe666c1bc9 ] Request (MultipleCreateTestJSON:tearDownClass): 200 GET http://10.180.1.21/compute/v2.1/servers/edab7482-65e5-4141-aa17-08c348f76bbe 0.435s
2025-01-07 02:09:35.314 67526 INFO tempest.lib.common.rest_client [req-dad1121a-84b5-4934-8103-2e5a7e976db8 req-dad1121a-84b5-4934-8103-2e5a7e976db8 ] Request (ServerAddressesTestJSON:setUpClass): 200 GET http://10.180.1.21/compute/v2.1/servers/1aff8092-0b9e-4eb3-9a0e-7ae7a95c0e5c 0.541s
2025-01-07 02:09:35.323 67526 INFO tempest.common.waiters [-] State transition "BUILD/block_device_mapping" ==> "BUILD/spawning" after 69 second wait
2025-01-07 02:09:35.354 67470 INFO tempest.lib.common.rest_client [req-ab803849-8e1d-4da6-bc50-362d2c33bff4 req-ab803849-8e1d-4da6-bc50-362d2c33bff4 ] Request (ListImageFiltersTestJSON:setUpClass): 200 GET http://10.180.1.21/compute/v2.1/images/80fcf2e8-e32a-48d3-a665-fbaa1786de74 0.442s
2025-01-07 02:09:35.365 67484 INFO tempest.lib.common.rest_client [req-6ce9498e-dd88-495c-a314-db83d2d5fbaa req-6ce9498e-dd88-495c-a314-db83d2d5fbaa ] Request (KeyPairsV2TestJSON:test_keypairs_create_list_delete): 200 GET http://10.180.1.21/compute/v2.1/os-keypairs 0.313s
2025-01-07 02:09:35.365 67487 INFO tempest.lib.common.rest_client [req-e059092b-0103-4bb6-aaa3-8a7981986ad5 req-e059092b-0103-4bb6-aaa3-8a7981986ad5 ] Request (ImagesOneServerNegativeTestJSON:_run_cleanups): 200 GET http://10.180.1.21/compute/v2.1/servers/c2f23eee-2b74-4839-9697-439a2d26ad64 0.440s
2025-01-07 02:09:35.654 67503 INFO tempest.lib.common.rest_client [req-173b1aa4-4143-4b68-8e57-223146c416f5 req-173b1aa4-4143-4b68-8e57-223146c416f5 ] Request (InstanceActionsTestJSON:tearDownClass): 204 DELETE http://10.180.1.21:9696/networking/v2.0/networks/816d6666-6e39-405f-84b9-c8de58c38932 0.447s
2025-01-07 02:09:35.655 67516 INFO tempest.lib.common.rest_client [req-3666b47a-2178-49d6-9097-f354bc294e3f req-3666b47a-2178-49d6-9097-f354bc294e3f ] Request (ServerActionsV293TestJSON:setUpClass): 200 GET http://10.180.1.21/volume/v3/volumes/7fe0006a-b1c7-4ad2-bc9f-c0c63dfb9b00 0.034s
2025-01-07 02:09:35.797 67503 INFO tempest.lib.common.rest_client [req-72a1db60-0cd7-4b9b-bfb7-4ab6aa850ad0 req-72a1db60-0cd7-4b9b-bfb7-4ab6aa850ad0 ] Request (InstanceActionsTestJSON:tearDownClass): 204 DELETE http://10.180.1.21/identity/v3/users/1825419cbb2a423badd4386d3b440278 0.142s
2025-01-07 02:09:35.797 67503 INFO tempest.lib.common.dynamic_creds [-] Deleting project and security group for project: 517e4e79e5dc4a11b3e531dcfded3eec
2025-01-07 02:09:35.870 67476 INFO tempest.lib.common.rest_client [req-953038b9-cf2f-4f1b-a2c4-20ce42db9183 req-953038b9-cf2f-4f1b-a2c4-20ce42db9183 ] Request (MigrationsAdminTest:test_resize_server_revert_deleted_flavor): 200 GET http://10.180.1.21/compute/v2.1/servers/7b70aac3-1fd6-4956-8849-ebe6def4305e 0.642s
2025-01-07 02:09:35.895 67484 INFO tempest.lib.common.rest_client [req-e20bcef9-4ff2-47b2-bfbe-b7668c6abe96 req-e20bcef9-4ff2-47b2-bfbe-b7668c6abe96 ] Request (KeyPairsV2TestJSON:_run_cleanups): 202 DELETE http://10.180.1.21/compute/v2.1/os-keypairs/tempest-KeyPairsV2TestJSON-keypair-462187253 0.529s
2025-01-07 02:09:35.938 67522 INFO tempest.lib.common.rest_client [req-511694d2-0868-48e4-b0d9-3c3d3d08d38d req-511694d2-0868-48e4-b0d9-3c3d3d08d38d ] Request (ServersTestBootFromVolume:tearDownClass): 200 GET http://10.180.1.21/compute/v2.1/servers/60fcf9af-55c5-4146-bcb4-40d30633a64f 0.850s
2025-01-07 02:09:35.980 67503 INFO tempest.lib.common.rest_client [req-2d55fef8-a3b1-42d8-96fc-56f16deb4302 req-2d55fef8-a3b1-42d8-96fc-56f16deb4302 ] Request (InstanceActionsTestJSON:tearDownClass): 200 GET http://10.180.1.21:9696/networking/v2.0/security-groups?tenant_id=517e4e79e5dc4a11b3e531dcfded3eec&name=default 0.183s
2025-01-07 02:09:36.030 67482 INFO tempest.lib.common.rest_client [req-697ee56d-458b-44b7-af49-cbd7fad9ee98 req-697ee56d-458b-44b7-af49-cbd7fad9ee98 ] Request (ImagesTestJSON:test_create_image_from_suspended_server): 200 GET http://10.180.1.21/compute/v2.1/servers/b2312aa2-a236-4928-8204-dee877cc217f 0.424s
2025-01-07 02:09:36.037 67482 INFO tempest.common.waiters [-] State transition "BUILD/scheduling" ==> "BUILD/None" after 15 second wait
2025-01-07 02:09:36.119 67472 INFO tempest.lib.common.rest_client [req-04048b1a-a892-4155-a50e-62153d851c6c req-04048b1a-a892-4155-a50e-62153d851c6c ] Request (ServerShowV257Test:test_rebuild_server): 200 GET http://10.180.1.21/compute/v2.1/servers/face7e9c-6a8b-4bae-ab99-c8601b2cb358 0.465s
2025-01-07 02:09:36.128 67503 INFO tempest.lib.common.rest_client [req-242dc474-9113-4691-a218-ce024e0a914d req-242dc474-9113-4691-a218-ce024e0a914d ] Request (InstanceActionsTestJSON:tearDownClass): 204 DELETE http://10.180.1.21:9696/networking/v2.0/security-groups/b7fec3aa-2a21-4b07-b38d-d45d4d8819c4 0.147s
2025-01-07 02:09:36.217 67492 INFO tempest.lib.common.rest_client [req-aa4ffd06-07ee-4400-b135-73e35616a482 req-aa4ffd06-07ee-4400-b135-73e35616a482 ] Request (ServersAdminNegativeTestJSON:test_migrate_server_invalid_state): 200 GET http://10.180.1.21/compute/v2.1/servers/644f7138-3c47-46fe-87e6-caad565d3542 0.428s
2025-01-07 02:09:36.232 67480 INFO paramiko.transport [-] Connected (version 2.0, client dropbear_2020.81)
2025-01-07 02:09:36.262 67503 INFO tempest.lib.common.rest_client [req-a05d96ee-ff6a-4474-8a68-edcca46f4bbd req-a05d96ee-ff6a-4474-8a68-edcca46f4bbd ] Request (InstanceActionsTestJSON:tearDownClass): 204 DELETE http://10.180.1.21/identity/v3/projects/517e4e79e5dc4a11b3e531dcfded3eec 0.132s
2025-01-07 02:09:36.277 67500 INFO tempest.lib.common.rest_client [req-33fc6251-88f7-4689-8411-e77d770463e1 req-33fc6251-88f7-4689-8411-e77d770463e1 ] Request (ServersAdminTestJSON:test_rebuild_server_in_error_state): 200 GET http://10.180.1.21/compute/v2.1/servers/76990b8d-ff61-454d-9dee-33bfe27f9665 0.737s
2025-01-07 02:09:36.289 67488 WARNING tempest.lib.common.ssh [-] Failed to establish authenticated ssh connection to cirros@10.180.180.227 ([Errno None] Unable to connect to port 22 on 10.180.180.227). Number attempts: 13. Retry after 14 seconds.: paramiko.ssh_exception.NoValidConnectionsError: [Errno None] Unable to connect to port 22 on 10.180.180.227
2025-01-07 02:09:36.291 67518 INFO tempest.lib.common.rest_client [req-78161c2d-4add-4da9-9b2b-09b1c2287d3e req-78161c2d-4add-4da9-9b2b-09b1c2287d3e ] Request (ServerActionsTestJSON:setUpClass): 200 PUT http://10.180.1.21:9696/networking/v2.0/floatingips/081f7014-63b6-4bdc-a3d1-2fcff7a60d01 1.408s
2025-01-07 02:09:36.292 67518 INFO tempest.lib.common.ssh [-] Creating ssh connection to '10.180.180.131:22' as 'cirros' with public key authentication
2025-01-07 02:09:36.300 67494 INFO tempest.lib.common.rest_client [req-0d87238a-6423-4226-b2a1-980449b962e9 req-0d87238a-6423-4226-b2a1-980449b962e9 ] Request (ServerRescueNegativeTestJSON:setUpClass): 200 GET http://10.180.1.21/compute/v2.1/servers/a7992c09-2881-4d70-b5a8-5071eb619d12 0.505s
2025-01-07 02:09:36.340 67480 INFO paramiko.transport [-] Authentication (publickey) successful!
2025-01-07 02:09:36.340 67480 INFO tempest.lib.common.ssh [-] ssh connection to cirros@10.180.180.194 successfully created
2025-01-07 02:09:36.342 67484 INFO tempest.lib.common.rest_client [req-cd81dce1-a801-4b44-9346-869d0bd8abd3 req-cd81dce1-a801-4b44-9346-869d0bd8abd3 ] Request (KeyPairsV2TestJSON:_run_cleanups): 202 DELETE http://10.180.1.21/compute/v2.1/os-keypairs/tempest-KeyPairsV2TestJSON-keypair-1421584291 0.447s
2025-01-07 02:09:36.383 67510 INFO tempest.lib.common.rest_client [req-38e7b590-1d34-4125-bbb4-9a29e523c232 req-38e7b590-1d34-4125-bbb4-9a29e523c232 ] Request (DeleteServersTestJSON:test_delete_active_server): 200 GET http://10.180.1.21/compute/v2.1/servers/d37200db-e945-461a-84f5-beb632e9b4bd 0.502s
2025-01-07 02:09:36.408 67528 INFO tempest.lib.common.rest_client [req-60cb539e-4349-476d-aaf4-1c71c72ae9c5 req-60cb539e-4349-476d-aaf4-1c71c72ae9c5 ] Request (ImagesOneServerTestJSON:test_create_image_specify_multibyte_character_image_name): 200 GET http://10.180.1.21/compute/v2.1/images/4895ec34-1953-487d-a91c-69d81923f7e1 0.455s
2025-01-07 02:09:36.570 67498 INFO tempest.lib.common.rest_client [req-e3e34e3b-558a-4837-8ac9-b695938ab68e req-e3e34e3b-558a-4837-8ac9-b695938ab68e ] Request (ServerRescueTestJSON:test_rescue_unrescue_instance): 200 GET http://10.180.1.21/compute/v2.1/servers/da9910e3-317e-4ca6-9a8c-478232b8d7dc 0.505s
2025-01-07 02:09:36.644 67468 INFO tempest.lib.common.rest_client [req-8dcd43ad-6881-4f19-bd9a-5a62a8b88ebf req-8dcd43ad-6881-4f19-bd9a-5a62a8b88ebf ] Request (AttachVolumeTestJSON:test_attach_detach_volume): 200 GET http://10.180.1.21/compute/v2.1/servers/3e2e4d7b-d042-4c3b-9bbd-5a4492e5cfef 0.508s
2025-01-07 02:09:36.668 67508 INFO tempest.lib.common.rest_client [req-bfba0c61-684f-45b4-b5b3-14d6d865f24c req-bfba0c61-684f-45b4-b5b3-14d6d865f24c ] Request (ServersTestMultiNic:test_verify_multiple_nics_order): 200 GET http://10.180.1.21/compute/v2.1/servers/7d040a2f-df58-48ee-bb68-8a9e59e97364 0.637s
2025-01-07 02:09:36.677 67508 INFO tempest.common.waiters [-] State transition "BUILD/networking" ==> "BUILD/spawning" after 64 second wait
2025-01-07 02:09:36.701 67516 INFO tempest.lib.common.rest_client [req-84b051f6-d454-40bc-9e68-225cdc52c9fc req-84b051f6-d454-40bc-9e68-225cdc52c9fc ] Request (ServerActionsV293TestJSON:setUpClass): 200 GET http://10.180.1.21/volume/v3/volumes/7fe0006a-b1c7-4ad2-bc9f-c0c63dfb9b00 0.038s
2025-01-07 02:09:36.718 67474 INFO tempest.lib.common.rest_client [req-3b3b16b9-c4f0-4762-9d0d-32b40a0f8afc req-3b3b16b9-c4f0-4762-9d0d-32b40a0f8afc ] Request (ServersAdmin275Test:test_rebuild_update_server_275): 200 GET http://10.180.1.21/compute/v2.1/servers/da50c4b4-e9b4-447f-95f4-479356451a22 0.571s
2025-01-07 02:09:36.764 67514 INFO tempest.lib.common.rest_client [req-58467ae7-fdbc-475b-9f9f-0d80e7475565 req-58467ae7-fdbc-475b-9f9f-0d80e7475565 ] Request (VolumesAssistedSnapshotsTest:tearDownClass): 200 GET http://10.180.1.21/compute/v2.1/servers/a2c388fa-17da-4d92-95f5-e5edc7dfc92d 0.525s
2025-01-07 02:09:36.822 67490 INFO tempest.lib.common.rest_client [req-9495f4a3-8817-489b-9a93-db9cdc9216c6 req-9495f4a3-8817-489b-9a93-db9cdc9216c6 ] Request (MultipleCreateTestJSON:tearDownClass): 200 GET http://10.180.1.21/compute/v2.1/servers/edab7482-65e5-4141-aa17-08c348f76bbe 0.503s
2025-01-07 02:09:37.002 67526 INFO tempest.lib.common.rest_client [req-d8d082f8-17ea-46cb-a5e9-1d62847deb48 req-d8d082f8-17ea-46cb-a5e9-1d62847deb48 ] Request (ServerAddressesTestJSON:setUpClass): 200 GET http://10.180.1.21/compute/v2.1/servers/1aff8092-0b9e-4eb3-9a0e-7ae7a95c0e5c 0.678s
