2025-01-07 02:07:50.756 67480 INFO tempest.lib.common.rest_client [req-ad6d42d9-4af2-4c65-ab7a-2025055d2708 req-ad6d42d9-4af2-4c65-ab7a-2025055d2708 ] Request (AttachInterfacesTestJSON:test_create_list_show_delete_interfaces_by_fixed_ip): 200 PUT http://10.180.1.21:9696/networking/v2.0/floatingips/523735c9-9857-4743-89b5-dba55258c8d2 0.648s
2025-01-07 02:07:50.825 67498 INFO tempest.lib.common.rest_client [req-e7749d1e-5b12-47a3-972b-e520b24601a9 req-e7749d1e-5b12-47a3-972b-e520b24601a9 ] Request (ServerRescueTestJSON:setUpClass): 200 GET http://10.180.1.21/compute/v2.1/servers/dcf337a9-de54-4fcf-abe8-4c7ed2ec4333 0.394s
2025-01-07 02:07:50.840 67492 INFO tempest.lib.common.rest_client [req-54f24f1e-8b40-4baf-a918-f92d3b1d61c6 req-54f24f1e-8b40-4baf-a918-f92d3b1d61c6 ] Request (ServerExternalEventsTest:tearDownClass): 204 DELETE http://10.180.1.21/identity/v3/projects/5b6514f0061b44b6b3e8c80d05da483b 0.089s
2025-01-07 02:07:50.840 67492 INFO tempest.lib.common.dynamic_creds [-] Deleting project and security group for project: 2212951c7e6743e69c98977531dc51af
2025-01-07 02:07:50.913 67508 INFO tempest.lib.common.rest_client [req-a5b60456-53cb-4655-85f8-a9022752638f req-a5b60456-53cb-4655-85f8-a9022752638f ] Request (ServersTestMultiNic:_run_cleanups): 204 DELETE http://10.180.1.21/compute/v2.1/servers/6c1b3fe7-08d1-4ebc-804f-0199697b94dc 0.463s
2025-01-07 02:07:50.944 67492 INFO tempest.lib.common.rest_client [req-e594dd7a-3134-440a-94b4-bc0be6180423 req-e594dd7a-3134-440a-94b4-bc0be6180423 ] Request (ServerExternalEventsTest:tearDownClass): 200 GET http://10.180.1.21:9696/networking/v2.0/security-groups?tenant_id=2212951c7e6743e69c98977531dc51af&name=default 0.104s
2025-01-07 02:07:50.986 67518 INFO tempest.lib.common.rest_client [req-8d7dd0bb-f224-4a1d-a92e-8cf858b846a4 req-8d7dd0bb-f224-4a1d-a92e-8cf858b846a4 ] Request (AttachInterfacesV270Test:tearDownClass): 200 GET http://10.180.1.21/compute/v2.1/servers/7e52d25f-9a50-4a15-b296-c156d9f3b785 0.470s
2025-01-07 02:07:51.007 67528 INFO tempest.lib.common.rest_client [req-e80b660f-841e-4944-ac95-a305a7081eb0 req-e80b660f-841e-4944-ac95-a305a7081eb0 ] Request (ImagesOneServerTestJSON:setUpClass): 202 POST http://10.180.1.21/compute/v2.1/servers 1.369s
2025-01-07 02:07:51.028 67492 INFO tempest.lib.common.rest_client [req-caf76984-454e-4165-abb8-8ae9480ecab2 req-caf76984-454e-4165-abb8-8ae9480ecab2 ] Request (ServerExternalEventsTest:tearDownClass): 204 DELETE http://10.180.1.21:9696/networking/v2.0/security-groups/3c90a16d-f3e7-4190-b9c8-9fdab7ce1bcb 0.080s
2025-01-07 02:07:51.098 67530 INFO tempest.lib.common.rest_client [req-5069292c-b500-422e-9a84-9f8a07077f15 req-5069292c-b500-422e-9a84-9f8a07077f15 ] Request (ServerDiagnosticsTest:test_get_server_diagnostics): 200 GET http://10.180.1.21/compute/v2.1/servers/93e02b4d-b5b1-454e-89a4-f5f735cef950 0.490s
2025-01-07 02:07:51.147 67492 INFO tempest.lib.common.rest_client [req-f9ef0045-5978-4d40-a452-07c35ee778d5 req-f9ef0045-5978-4d40-a452-07c35ee778d5 ] Request (ServerExternalEventsTest:tearDownClass): 204 DELETE http://10.180.1.21/identity/v3/projects/2212951c7e6743e69c98977531dc51af 0.119s
2025-01-07 02:07:51.148 67492 INFO tempest.lib.common.dynamic_creds [-] Deleting project and security group for project: 6cab03e93b4b42439fd60368e2147e71
2025-01-07 02:07:51.183 67492 INFO tempest.lib.common.rest_client [req-edd71f6e-34b1-4988-8c73-60d81ffb9f59 req-edd71f6e-34b1-4988-8c73-60d81ffb9f59 ] Request (ServerExternalEventsTest:tearDownClass): 200 GET http://10.180.1.21:9696/networking/v2.0/security-groups?tenant_id=6cab03e93b4b42439fd60368e2147e71&name=default 0.034s
2025-01-07 02:07:51.186 67500 INFO tempest.lib.common.rest_client [req-cafe1bf7-a644-4b2a-bff2-13d5230ef8e1 req-cafe1bf7-a644-4b2a-bff2-13d5230ef8e1 ] Request (ServersAdminTestJSON:test_create_server_with_scheduling_hint): 200 GET http://10.180.1.21/compute/v2.1/servers/4a29c478-1e93-4d58-b8b2-88e087d5f656 0.625s
2025-01-07 02:07:51.260 67487 INFO tempest.lib.common.rest_client [req-1a70942e-f2f1-4cce-aa3e-a31e9f58a1d6 req-1a70942e-f2f1-4cce-aa3e-a31e9f58a1d6 ] Request (ImagesOneServerNegativeTestJSON:setUpClass): 200 GET http://10.180.1.21/compute/v2.1/servers/79246857-aa34-4b46-ae7c-1899f9c107c4 0.573s
2025-01-07 02:07:51.261 67478 INFO tempest.lib.common.rest_client [req-ccb7b06c-dcac-4f5a-a88f-2ae51142e42f req-ccb7b06c-dcac-4f5a-a88f-2ae51142e42f ] Request (VolumesAdminNegativeTest:test_update_attached_volume_with_nonexistent_volume_in_body): 200 GET http://10.180.1.21/compute/v2.1/servers/c87cc4a6-32b6-46bf-a4a8-d6b37ae397dd 0.586s
2025-01-07 02:07:51.286 67492 INFO tempest.lib.common.rest_client [req-7656d9b0-7797-4eb4-85d7-d10ade9e611d req-7656d9b0-7797-4eb4-85d7-d10ade9e611d ] Request (ServerExternalEventsTest:tearDownClass): 204 DELETE http://10.180.1.21:9696/networking/v2.0/security-groups/944d421d-aa13-4ee0-a9c4-c671afca371f 0.101s
2025-01-07 02:07:51.372 67468 INFO tempest.lib.common.rest_client [req-3b39a7ea-47f8-4073-91fd-f1428bf16de6 req-3b39a7ea-47f8-4073-91fd-f1428bf16de6 ] Request (TenantUsagesTestJSON:setUpClass): 200 GET http://10.180.1.21/compute/v2.1/servers/86cedaef-793d-47ea-a77e-67da0776a0e6 0.613s
2025-01-07 02:07:51.378 67468 INFO tempest.common.waiters [-] State transition "BUILD/scheduling" ==> "BUILD/None" after 25 second wait
2025-01-07 02:07:51.398 67492 INFO tempest.lib.common.rest_client [req-ce1eadd7-d960-4e90-8832-f9dcaf6061ca req-ce1eadd7-d960-4e90-8832-f9dcaf6061ca ] Request (ServerExternalEventsTest:tearDownClass): 204 DELETE http://10.180.1.21/identity/v3/projects/6cab03e93b4b42439fd60368e2147e71 0.112s
2025-01-07 02:07:51.443 67484 INFO tempest.lib.common.rest_client [req-c4500f91-baa3-459c-92bd-810b044f11b2 req-c4500f91-baa3-459c-92bd-810b044f11b2 ] Request (ServerDiagnosticsV248Test:test_get_server_diagnostics): 200 GET http://10.180.1.21/compute/v2.1/servers/33c1ec6e-a5a5-459e-a89f-a5198d0f9c78 0.663s
2025-01-07 02:07:51.459 67480 INFO tempest.lib.common.rest_client [req-77a728dd-1f00-4a26-b8b1-d0f6cdf06d3b req-77a728dd-1f00-4a26-b8b1-d0f6cdf06d3b ] Request (AttachInterfacesTestJSON:test_create_list_show_delete_interfaces_by_fixed_ip): 200 GET http://10.180.1.21/compute/v2.1/servers/b97cf9f5-fabe-40e8-99f8-30207d7f87a6 0.702s
2025-01-07 02:07:51.472 67480 INFO tempest.lib.common.ssh [-] Creating ssh connection to '10.180.180.194:22' as 'cirros' with public key authentication
2025-01-07 02:07:51.484 67492 INFO tempest.lib.common.rest_client [req-bd8dd07e-ecac-48c2-88a6-16a8ed562d70 req-bd8dd07e-ecac-48c2-88a6-16a8ed562d70 ] Request (ServersAdminNegativeTestJSON:setUpClass): 201 POST http://10.180.1.21/identity/v3/auth/tokens 0.084s
2025-01-07 02:07:51.514 67492 INFO tempest.lib.common.rest_client [req-dd5015cb-423b-417f-8ea9-c0295b3aa87c req-dd5015cb-423b-417f-8ea9-c0295b3aa87c ] Request (ServersAdminNegativeTestJSON:setUpClass): 201 POST http://10.180.1.21/identity/v3/auth/tokens 0.028s
2025-01-07 02:07:51.516 67526 INFO tempest.lib.common.rest_client [req-8b61025f-67d3-43fa-83d4-f617a8af1f64 req-8b61025f-67d3-43fa-83d4-f617a8af1f64 ] Request (FloatingIPsAssociationNegativeTestJSON:tearDownClass): 200 GET http://10.180.1.21/compute/v2.1/servers/c6996d2e-dfbe-4eb8-97a8-19b3ab9420e4 0.679s
2025-01-07 02:07:51.543 67492 INFO tempest.lib.common.rest_client [req-e774100d-bc75-4fad-9205-962660dc2ebf req-e774100d-bc75-4fad-9205-962660dc2ebf ] Request (ServersAdminNegativeTestJSON:setUpClass): 200 GET http://10.180.1.21/identity/v3/domains?name=Default 0.028s
2025-01-07 02:07:51.575 67492 INFO tempest.lib.common.rest_client [req-981f23cd-e2ce-42e4-a058-4f1097977f1e req-981f23cd-e2ce-42e4-a058-4f1097977f1e ] Request (ServersAdminNegativeTestJSON:setUpClass): 201 POST http://10.180.1.21/identity/v3/projects 0.031s
2025-01-07 02:07:51.643 67492 INFO tempest.lib.common.rest_client [req-3b73eb7c-be45-499d-8d1c-abc5aa4d2029 req-3b73eb7c-be45-499d-8d1c-abc5aa4d2029 ] Request (ServersAdminNegativeTestJSON:setUpClass): 201 POST http://10.180.1.21/identity/v3/users 0.067s
2025-01-07 02:07:51.667 67492 INFO tempest.lib.common.rest_client [req-ee39b977-a6ab-4e81-8cd9-4657b331f734 req-ee39b977-a6ab-4e81-8cd9-4657b331f734 ] Request (ServersAdminNegativeTestJSON:setUpClass): 200 GET http://10.180.1.21/identity/v3/roles 0.023s
2025-01-07 02:07:51.711 67492 INFO tempest.lib.common.rest_client [req-bf661e5e-05c8-415e-8a90-41e13e701e26 req-bf661e5e-05c8-415e-8a90-41e13e701e26 ] Request (ServersAdminNegativeTestJSON:setUpClass): 204 PUT http://10.180.1.21/identity/v3/projects/046c6db84165408084ad597328d079d5/users/51856ea7c51446eea638abd2a3a115d4/roles/2a94559af65d4bc9aefd5a790849559b 0.044s
2025-01-07 02:07:51.712 67492 INFO tempest.lib.common.dynamic_creds [-] Dynamic test user 51856ea7c51446eea638abd2a3a115d4 is created with scope project and roles: ['member']
2025-01-07 02:07:51.712 67492 INFO tempest.lib.common.dynamic_creds [-] Acquired dynamic creds: credentials: Credentials: {'domain_id': 'default', 'domain_name': 'Default', 'username': 'tempest-ServersAdminNegativeTestJSON-1829563459-project-member', 'project_domain_id': 'default', 'project_domain_name': 'Default', 'project_id': '046c6db84165408084ad597328d079d5', 'project_name': 'tempest-ServersAdminNegativeTestJSON-1829563459', 'tenant_id': '046c6db84165408084ad597328d079d5', 'tenant_name': 'tempest-ServersAdminNegativeTestJSON-1829563459', 'user_domain_id': 'default', 'user_domain_name': 'Default', 'user_id': '51856ea7c51446eea638abd2a3a115d4', 'system': None}, Network: None, Subnet: None, Router: None
2025-01-07 02:07:51.713 67492 INFO tempest.lib.common.dynamic_creds [-] Created isolated network resources for: credentials: Credentials: {'domain_id': 'default', 'domain_name': 'Default', 'username': 'tempest-ServersAdminNegativeTestJSON-1829563459-project-member', 'project_domain_id': 'default', 'project_domain_name': 'Default', 'project_id': '046c6db84165408084ad597328d079d5', 'project_name': 'tempest-ServersAdminNegativeTestJSON-1829563459', 'tenant_id': '046c6db84165408084ad597328d079d5', 'tenant_name': 'tempest-ServersAdminNegativeTestJSON-1829563459', 'user_domain_id': 'default', 'user_domain_name': 'Default', 'user_id': '51856ea7c51446eea638abd2a3a115d4', 'system': None}, Network: None, Subnet: None, Router: None
2025-01-07 02:07:51.756 67472 INFO tempest.lib.common.rest_client [req-0c612277-9a60-46bb-b4e0-ebacb535d872 req-0c612277-9a60-46bb-b4e0-ebacb535d872 ] Request (ServerAddressesNegativeTestJSON:setUpClass): 200 GET http://10.180.1.21/compute/v2.1/servers/00c37acb-b074-4eaf-8d07-061c3d0c6790 0.910s
2025-01-07 02:07:51.796 67492 INFO tempest.lib.common.rest_client [req-fcc5f6d6-090d-4964-bea3-f0cbb4e3aea7 req-fcc5f6d6-090d-4964-bea3-f0cbb4e3aea7 ] Request (ServersAdminNegativeTestJSON:setUpClass): 201 POST http://10.180.1.21/identity/v3/auth/tokens 0.079s
2025-01-07 02:07:51.819 67522 INFO tempest.lib.common.rest_client [req-e096c0ae-b503-4e59-9b98-fa431c05a0f5 req-e096c0ae-b503-4e59-9b98-fa431c05a0f5 ] Request (ServersTestBootFromVolume:setUpClass): 200 GET http://10.180.1.21/compute/v2.1/servers/60fcf9af-55c5-4146-bcb4-40d30633a64f 0.902s
2025-01-07 02:07:51.876 67492 INFO tempest.lib.common.rest_client [req-24fa50d3-f190-4254-9370-d363b7139980 req-24fa50d3-f190-4254-9370-d363b7139980 ] Request (ServersAdminNegativeTestJSON:setUpClass): 201 POST http://10.180.1.21/identity/v3/projects 0.079s
2025-01-07 02:07:51.890 67508 INFO tempest.lib.common.rest_client [req-4a216598-d643-4b0a-a8a9-356241145384 req-4a216598-d643-4b0a-a8a9-356241145384 ] Request (ServersTestMultiNic:_run_cleanups): 200 GET http://10.180.1.21/compute/v2.1/servers/6c1b3fe7-08d1-4ebc-804f-0199697b94dc 0.976s
2025-01-07 02:07:51.923 67490 INFO tempest.lib.common.rest_client [req-87dacad4-8d77-4966-aac1-674ba7ee8425 req-87dacad4-8d77-4966-aac1-674ba7ee8425 ] Request (MultipleCreateTestJSON:_run_cleanups): 200 GET http://10.180.1.21/compute/v2.1/servers/f7a6e3b6-3a2f-4246-a0e6-8538f1c8e953 0.999s
2025-01-07 02:07:51.941 67492 INFO tempest.lib.common.rest_client [req-a4b1d77e-c3c6-4136-afa7-4a8be2ab837e req-a4b1d77e-c3c6-4136-afa7-4a8be2ab837e ] Request (ServersAdminNegativeTestJSON:setUpClass): 201 POST http://10.180.1.21/identity/v3/users 0.064s
2025-01-07 02:07:51.961 67492 INFO tempest.lib.common.rest_client [req-36f15ba0-1f38-47d8-add4-d97706509505 req-36f15ba0-1f38-47d8-add4-d97706509505 ] Request (ServersAdminNegativeTestJSON:setUpClass): 200 GET http://10.180.1.21/identity/v3/roles 0.019s
2025-01-07 02:07:51.963 67503 INFO tempest.lib.common.rest_client [req-672bf66d-b0fc-4978-b261-07aa48a90156 req-672bf66d-b0fc-4978-b261-07aa48a90156 ] Request (InstanceActionsTestJSON:setUpClass): 200 GET http://10.180.1.21/compute/v2.1/servers/8f3d1be0-6146-4455-a6f8-55ab6a96a077 0.960s
2025-01-07 02:07:51.984 67482 INFO tempest.lib.common.rest_client [req-d5dc2608-e386-4826-ba71-6ea6810a4f4d req-d5dc2608-e386-4826-ba71-6ea6810a4f4d ] Request (ImagesTestJSON:test_create_image_from_stopped_server): 200 GET http://10.180.1.21/compute/v2.1/servers/ac966fff-88e8-4fd3-925f-0e6195c1c940 0.977s
2025-01-07 02:07:51.995 67492 INFO tempest.lib.common.rest_client [req-79a40fb0-74e1-4fca-9095-14afc679d8fc req-79a40fb0-74e1-4fca-9095-14afc679d8fc ] Request (ServersAdminNegativeTestJSON:setUpClass): 204 PUT http://10.180.1.21/identity/v3/projects/0c53e2e5017f4f80ab17b8abbab1be11/users/d0bd3dedce2046708ce566a01b41007a/roles/b7feedf4b7ad49248864cb7c0ef58e09 0.034s
2025-01-07 02:07:52.037 67528 INFO tempest.lib.common.rest_client [req-192d18f4-95fd-43b8-9b6f-4ee9b53470d4 req-192d18f4-95fd-43b8-9b6f-4ee9b53470d4 ] Request (ImagesOneServerTestJSON:setUpClass): 200 GET http://10.180.1.21/compute/v2.1/servers/049f2126-5f66-4e66-a334-13e33b27b152 1.028s
2025-01-07 02:07:52.059 67492 INFO tempest.lib.common.rest_client [req-eb6e2b42-6da2-4ee9-b264-325b1e72e72e req-eb6e2b42-6da2-4ee9-b264-325b1e72e72e ] Request (ServersAdminNegativeTestJSON:setUpClass): 200 GET http://10.180.1.21/identity/v3/roles 0.063s
2025-01-07 02:07:52.076 67492 INFO tempest.lib.common.rest_client [req-c40893a3-889c-437b-8a9f-f92016ea9acc req-c40893a3-889c-437b-8a9f-f92016ea9acc ] Request (ServersAdminNegativeTestJSON:setUpClass): 204 PUT http://10.180.1.21/identity/v3/projects/0c53e2e5017f4f80ab17b8abbab1be11/users/d0bd3dedce2046708ce566a01b41007a/roles/b7feedf4b7ad49248864cb7c0ef58e09 0.017s
2025-01-07 02:07:52.077 67492 INFO tempest.lib.common.dynamic_creds [-] Dynamic test user d0bd3dedce2046708ce566a01b41007a is created with scope project and roles: ['admin']
2025-01-07 02:07:52.077 67492 INFO tempest.lib.common.dynamic_creds [-] Acquired dynamic creds: credentials: Credentials: {'domain_id': 'default', 'domain_name': 'Default', 'username': 'tempest-ServersAdminNegativeTestJSON-2119801708-project-admin', 'project_domain_id': 'default', 'project_domain_name': 'Default', 'project_id': '0c53e2e5017f4f80ab17b8abbab1be11', 'project_name': 'tempest-ServersAdminNegativeTestJSON-2119801708', 'tenant_id': '0c53e2e5017f4f80ab17b8abbab1be11', 'tenant_name': 'tempest-ServersAdminNegativeTestJSON-2119801708', 'user_domain_id': 'default', 'user_domain_name': 'Default', 'user_id': 'd0bd3dedce2046708ce566a01b41007a', 'system': None}, Network: None, Subnet: None, Router: None
2025-01-07 02:07:52.077 67492 INFO tempest.lib.common.dynamic_creds [-] Created isolated network resources for: credentials: Credentials: {'domain_id': 'default', 'domain_name': 'Default', 'username': 'tempest-ServersAdminNegativeTestJSON-2119801708-project-admin', 'project_domain_id': 'default', 'project_domain_name': 'Default', 'project_id': '0c53e2e5017f4f80ab17b8abbab1be11', 'project_name': 'tempest-ServersAdminNegativeTestJSON-2119801708', 'tenant_id': '0c53e2e5017f4f80ab17b8abbab1be11', 'tenant_name': 'tempest-ServersAdminNegativeTestJSON-2119801708', 'user_domain_id': 'default', 'user_domain_name': 'Default', 'user_id': 'd0bd3dedce2046708ce566a01b41007a', 'system': None}, Network: None, Subnet: None, Router: None
2025-01-07 02:07:52.114 67474 INFO tempest.lib.common.rest_client [req-9946d21a-1a13-48cc-8927-c4e9193728ae req-9946d21a-1a13-48cc-8927-c4e9193728ae ] Request (DeleteServersAdminTestJSON:test_delete_server_while_in_error_state): 200 GET http://10.180.1.21/compute/v2.1/servers/5a44d799-ec90-4bba-8033-af5ab51cb201 0.813s
2025-01-07 02:07:52.130 67510 INFO tempest.lib.common.rest_client [req-a2c09bc5-de7d-4316-9be0-e89a5fc3ea59 req-a2c09bc5-de7d-4316-9be0-e89a5fc3ea59 ] Request (ImagesNegativeTestJSON:tearDownClass): 200 PUT http://10.180.1.21:9696/networking/v2.0/routers/3b04ce07-c42b-4d31-958e-a8a5678b9e5d/remove_router_interface 1.805s
2025-01-07 02:07:52.157 67492 INFO tempest.lib.common.rest_client [req-7f01a224-cf9c-4143-828f-eed778af75b3 req-7f01a224-cf9c-4143-828f-eed778af75b3 ] Request (ServersAdminNegativeTestJSON:setUpClass): 201 POST http://10.180.1.21/identity/v3/auth/tokens 0.077s
2025-01-07 02:07:52.158 67492 WARNING tempest.lib.common.rest_client [-] Deprecated: "tenant_id" property is deprecated for removal, use "project_id" instead
2025-01-07 02:07:52.190 67494 INFO tempest.lib.common.rest_client [req-64ccd330-3357-494b-8dca-5a37fc41db4a req-64ccd330-3357-494b-8dca-5a37fc41db4a ] Request (ServersAaction247Test:test_create_backup): 200 GET http://10.180.1.21/compute/v2.1/servers/e74c419d-78d4-4fdb-b1c6-9ff750272761 0.757s
2025-01-07 02:07:52.219 67516 INFO tempest.lib.common.rest_client [req-9c4d0bbc-b779-448b-b74b-e3695fc7265c req-9c4d0bbc-b779-448b-b74b-e3695fc7265c ] Request (FloatingIPsAssociationTestJSON:test_associate_already_associated_floating_ip): 200 GET http://10.180.1.21/compute/v2.1/servers/ff68de27-4ac7-456a-9946-768d07738a18 1.060s
2025-01-07 02:07:52.236 67492 INFO tempest.lib.common.rest_client [req-0136dc0c-abc4-4e9b-b8be-849b204ef7a8 req-0136dc0c-abc4-4e9b-b8be-849b204ef7a8 ] Request (ServersAdminNegativeTestJSON:setUpClass): 201 POST http://10.180.1.21/identity/v3/auth/tokens 0.072s
2025-01-07 02:07:52.236 67492 INFO tempest.lib.common.fixed_network [-] (ServersAdminNegativeTestJSON:setUpClass) Found network None available for tenant
2025-01-07 02:07:52.251 67470 INFO tempest.lib.common.rest_client [req-1982aaf3-57e7-43a8-96dd-1790ab0ac7ee req-1982aaf3-57e7-43a8-96dd-1790ab0ac7ee ] Request (ListImageFiltersTestJSON:setUpClass): 200 GET http://10.180.1.21/compute/v2.1/servers/0edf63bc-072d-416f-abee-8c4311c53924 0.716s
2025-01-07 02:07:52.312 67498 INFO tempest.lib.common.rest_client [req-a1dea09b-d1d2-421c-b3a7-a6dd8e0f6e3f req-a1dea09b-d1d2-421c-b3a7-a6dd8e0f6e3f ] Request (ServerRescueTestJSON:setUpClass): 200 GET http://10.180.1.21/compute/v2.1/servers/dcf337a9-de54-4fcf-abe8-4c7ed2ec4333 0.478s
2025-01-07 02:07:52.360 67476 INFO tempest.lib.common.rest_client [req-4e3defc7-62b0-4d0d-90c8-37b439ab753d req-4e3defc7-62b0-4d0d-90c8-37b439ab753d ] Request (MigrationsAdminTest:test_list_migrations_in_flavor_resize_situation): 200 GET http://10.180.1.21/compute/v2.1/servers/f1884230-e972-4c99-a81b-1ecf9b5d7875 0.596s
2025-01-07 02:07:52.387 67518 INFO tempest.lib.common.rest_client [req-8823bc55-5ab9-4152-aae0-9df9ab83af22 req-8823bc55-5ab9-4152-aae0-9df9ab83af22 ] Request (AttachInterfacesV270Test:tearDownClass): 200 GET http://10.180.1.21/compute/v2.1/servers/7e52d25f-9a50-4a15-b296-c156d9f3b785 0.392s
2025-01-07 02:07:52.421 67530 INFO tempest.lib.common.rest_client [req-3ae9d772-d01c-4b90-9e31-aeedb2b9a1ce req-3ae9d772-d01c-4b90-9e31-aeedb2b9a1ce ] Request (ServerDiagnosticsTest:test_get_server_diagnostics): 200 GET http://10.180.1.21/compute/v2.1/servers/93e02b4d-b5b1-454e-89a4-f5f735cef950 0.313s
2025-01-07 02:07:52.487 67500 INFO tempest.lib.common.rest_client [req-8243fa33-db11-4565-9a94-18c5c1bb8cec req-8243fa33-db11-4565-9a94-18c5c1bb8cec ] Request (ServersAdminTestJSON:test_create_server_with_scheduling_hint): 200 GET http://10.180.1.21/compute/v2.1/servers/4a29c478-1e93-4d58-b8b2-88e087d5f656 0.286s
2025-01-07 02:07:52.504 67510 INFO tempest.lib.common.rest_client [req-21e8e426-f64b-441f-9eb9-2068806af9d4 req-21e8e426-f64b-441f-9eb9-2068806af9d4 ] Request (ImagesNegativeTestJSON:tearDownClass): 204 DELETE http://10.180.1.21:9696/networking/v2.0/routers/3b04ce07-c42b-4d31-958e-a8a5678b9e5d 0.371s
2025-01-07 02:07:52.643 67510 INFO tempest.lib.common.rest_client [req-b4469b7a-c231-4a71-afdb-2b4c3acd1054 req-b4469b7a-c231-4a71-afdb-2b4c3acd1054 ] Request (ImagesNegativeTestJSON:tearDownClass): 204 DELETE http://10.180.1.21:9696/networking/v2.0/subnets/ddcce3e2-d86e-4396-99bf-eeae8549cf84 0.139s
2025-01-07 02:07:52.699 67478 INFO tempest.lib.common.rest_client [req-b0c7353e-ced2-4c80-9549-50b6fe269551 req-b0c7353e-ced2-4c80-9549-50b6fe269551 ] Request (VolumesAdminNegativeTest:test_update_attached_volume_with_nonexistent_volume_in_body): 200 GET http://10.180.1.21/compute/v2.1/servers/c87cc4a6-32b6-46bf-a4a8-d6b37ae397dd 0.430s
2025-01-07 02:07:52.809 67487 INFO tempest.lib.common.rest_client [req-ae5a9306-dd43-4adf-9d2a-63ea4a2b8054 req-ae5a9306-dd43-4adf-9d2a-63ea4a2b8054 ] Request (ImagesOneServerNegativeTestJSON:setUpClass): 200 GET http://10.180.1.21/compute/v2.1/servers/79246857-aa34-4b46-ae7c-1899f9c107c4 0.537s
2025-01-07 02:07:52.865 67492 INFO tempest.lib.common.rest_client [req-ee44b221-6e2c-4af7-ad1b-6a5997956355 req-ee44b221-6e2c-4af7-ad1b-6a5997956355 ] Request (ServersAdminNegativeTestJSON:setUpClass): 202 POST http://10.180.1.21/compute/v2.1/servers 0.628s
2025-01-07 02:07:52.874 67468 INFO tempest.lib.common.rest_client [req-cd117c58-6d33-42e4-9cdf-d3b53f1dce21 req-cd117c58-6d33-42e4-9cdf-d3b53f1dce21 ] Request (TenantUsagesTestJSON:setUpClass): 200 GET http://10.180.1.21/compute/v2.1/servers/86cedaef-793d-47ea-a77e-67da0776a0e6 0.494s
2025-01-07 02:07:52.933 67484 INFO tempest.lib.common.rest_client [req-4876dc6e-81fc-4874-9c83-9c2439776a30 req-4876dc6e-81fc-4874-9c83-9c2439776a30 ] Request (ServerDiagnosticsV248Test:test_get_server_diagnostics): 200 GET http://10.180.1.21/compute/v2.1/servers/33c1ec6e-a5a5-459e-a89f-a5198d0f9c78 0.481s
2025-01-07 02:07:52.957 67526 INFO tempest.lib.common.rest_client [req-ebfe3a19-5b10-48b3-915c-93da326479bb req-ebfe3a19-5b10-48b3-915c-93da326479bb ] Request (FloatingIPsAssociationNegativeTestJSON:tearDownClass): 200 GET http://10.180.1.21/compute/v2.1/servers/c6996d2e-dfbe-4eb8-97a8-19b3ab9420e4 0.430s
2025-01-07 02:07:52.967 67510 INFO tempest.lib.common.rest_client [req-ae1fc357-267c-43a2-9fb3-91da7b2b005d req-ae1fc357-267c-43a2-9fb3-91da7b2b005d ] Request (ImagesNegativeTestJSON:tearDownClass): 204 DELETE http://10.180.1.21:9696/networking/v2.0/networks/0b997da2-929a-4994-bc3d-8bb1044baeb4 0.323s
2025-01-07 02:07:52.990 67472 INFO tempest.lib.common.rest_client [req-67d996b7-0a7c-4e10-ba8c-1ab684bda37f req-67d996b7-0a7c-4e10-ba8c-1ab684bda37f ] Request (ServerAddressesNegativeTestJSON:setUpClass): 200 GET http://10.180.1.21/compute/v2.1/servers/00c37acb-b074-4eaf-8d07-061c3d0c6790 0.221s
2025-01-07 02:07:53.022 67522 INFO tempest.lib.common.rest_client [req-567a10cd-8ad2-4e63-b372-ee172724d973 req-567a10cd-8ad2-4e63-b372-ee172724d973 ] Request (ServersTestBootFromVolume:setUpClass): 200 GET http://10.180.1.21/compute/v2.1/servers/60fcf9af-55c5-4146-bcb4-40d30633a64f 0.193s
2025-01-07 02:07:53.029 67492 INFO tempest.lib.common.rest_client [req-29296c92-8952-419e-8359-e0ea85f45c97 req-29296c92-8952-419e-8359-e0ea85f45c97 ] Request (ServersAdminNegativeTestJSON:setUpClass): 200 GET http://10.180.1.21/compute/v2.1/servers/72d8c1c0-5d25-4619-8f1e-5fe06787a845 0.161s
2025-01-07 02:07:53.103 67490 INFO tempest.lib.common.rest_client [req-58a6f23d-6fee-43ca-8620-eb2e07c6825b req-58a6f23d-6fee-43ca-8620-eb2e07c6825b ] Request (MultipleCreateTestJSON:_run_cleanups): 200 GET http://10.180.1.21/compute/v2.1/servers/f7a6e3b6-3a2f-4246-a0e6-8538f1c8e953 0.172s
2025-01-07 02:07:53.104 67510 INFO tempest.lib.common.rest_client [req-bebc2bae-a441-4da2-830f-8b4d41f5e957 req-bebc2bae-a441-4da2-830f-8b4d41f5e957 ] Request (ImagesNegativeTestJSON:tearDownClass): 204 DELETE http://10.180.1.21/identity/v3/users/1ee652c70c0b45fbb2b0b27228b55512 0.136s
2025-01-07 02:07:53.104 67510 INFO tempest.lib.common.dynamic_creds [-] Deleting project and security group for project: c3eda561ede148648243b150debbca6e
2025-01-07 02:07:53.169 67510 INFO tempest.lib.common.rest_client [req-690d302a-c0af-405f-b46e-62ef79eec871 req-690d302a-c0af-405f-b46e-62ef79eec871 ] Request (ImagesNegativeTestJSON:tearDownClass): 200 GET http://10.180.1.21:9696/networking/v2.0/security-groups?tenant_id=c3eda561ede148648243b150debbca6e&name=default 0.065s
2025-01-07 02:07:53.175 67503 INFO tempest.lib.common.rest_client [req-f026f1d5-8816-4c85-8b74-7756793401e6 req-f026f1d5-8816-4c85-8b74-7756793401e6 ] Request (InstanceActionsTestJSON:setUpClass): 200 GET http://10.180.1.21/compute/v2.1/servers/8f3d1be0-6146-4455-a6f8-55ab6a96a077 0.197s
2025-01-07 02:07:53.234 67482 INFO tempest.lib.common.rest_client [req-bd8cbd2b-4966-41fd-aafa-5f87e2c8bec6 req-bd8cbd2b-4966-41fd-aafa-5f87e2c8bec6 ] Request (ImagesTestJSON:test_create_image_from_stopped_server): 200 GET http://10.180.1.21/compute/v2.1/servers/ac966fff-88e8-4fd3-925f-0e6195c1c940 0.239s
2025-01-07 02:07:53.266 67508 INFO tempest.lib.common.rest_client [req-f7bf0e08-b441-4d3e-ba4a-39e3e1bbe818 req-f7bf0e08-b441-4d3e-ba4a-39e3e1bbe818 ] Request (ServersTestMultiNic:_run_cleanups): 200 GET http://10.180.1.21/compute/v2.1/servers/6c1b3fe7-08d1-4ebc-804f-0199697b94dc 0.363s
2025-01-07 02:07:53.285 67528 INFO tempest.lib.common.rest_client [req-8ebe3bfc-764a-4ef9-a393-fe4ae90fa151 req-8ebe3bfc-764a-4ef9-a393-fe4ae90fa151 ] Request (ImagesOneServerTestJSON:setUpClass): 200 GET http://10.180.1.21/compute/v2.1/servers/049f2126-5f66-4e66-a334-13e33b27b152 0.240s
2025-01-07 02:07:53.322 67474 INFO tempest.lib.common.rest_client [req-971326e6-3f97-402b-a52d-30484e05d693 req-971326e6-3f97-402b-a52d-30484e05d693 ] Request (DeleteServersAdminTestJSON:test_delete_server_while_in_error_state): 200 GET http://10.180.1.21/compute/v2.1/servers/5a44d799-ec90-4bba-8033-af5ab51cb201 0.200s
2025-01-07 02:07:53.334 67510 INFO tempest.lib.common.rest_client [req-4edb38f1-ced3-4446-9726-ed19e4c696e5 req-4edb38f1-ced3-4446-9726-ed19e4c696e5 ] Request (ImagesNegativeTestJSON:tearDownClass): 204 DELETE http://10.180.1.21:9696/networking/v2.0/security-groups/219c35d2-4220-4b3c-b220-8bf4b6cb7f74 0.164s
2025-01-07 02:07:53.340 67494 INFO tempest.lib.common.rest_client [req-0bd80dfe-0192-4dac-8d77-861e35884d44 req-0bd80dfe-0192-4dac-8d77-861e35884d44 ] Request (ServersAaction247Test:test_create_backup): 200 GET http://10.180.1.21/compute/v2.1/servers/e74c419d-78d4-4fdb-b1c6-9ff750272761 0.132s
2025-01-07 02:07:53.348 67494 INFO tempest.common.waiters [-] State transition "BUILD/None" ==> "BUILD/networking" after 40 second wait
2025-01-07 02:07:53.402 67470 INFO tempest.lib.common.rest_client [req-91d1b453-6806-4338-99ee-b22e123fd7f6 req-91d1b453-6806-4338-99ee-b22e123fd7f6 ] Request (ListImageFiltersTestJSON:setUpClass): 200 GET http://10.180.1.21/compute/v2.1/servers/0edf63bc-072d-416f-abee-8c4311c53924 0.141s
2025-01-07 02:07:53.459 67510 INFO tempest.lib.common.rest_client [req-428d2b41-ce44-4d29-af9a-56f0e1f4791a req-428d2b41-ce44-4d29-af9a-56f0e1f4791a ] Request (ImagesNegativeTestJSON:tearDownClass): 204 DELETE http://10.180.1.21/identity/v3/projects/c3eda561ede148648243b150debbca6e 0.124s
2025-01-07 02:07:53.475 67516 INFO tempest.lib.common.rest_client [req-767a29e9-1f1c-49bd-909d-50adff5ad44b req-767a29e9-1f1c-49bd-909d-50adff5ad44b ] Request (FloatingIPsAssociationTestJSON:test_associate_already_associated_floating_ip): 200 GET http://10.180.1.21/compute/v2.1/servers/ff68de27-4ac7-456a-9946-768d07738a18 0.245s
2025-01-07 02:07:53.481 67498 INFO tempest.lib.common.rest_client [req-0b390999-9ae1-4b7a-9d37-9e3f6583d50b req-0b390999-9ae1-4b7a-9d37-9e3f6583d50b ] Request (ServerRescueTestJSON:setUpClass): 200 GET http://10.180.1.21/compute/v2.1/servers/dcf337a9-de54-4fcf-abe8-4c7ed2ec4333 0.159s
2025-01-07 02:07:53.483 67516 INFO tempest.common.waiters [-] State transition "BUILD/spawning" ==> "ACTIVE/None" after 46 second wait
2025-01-07 02:07:53.538 67510 INFO tempest.lib.common.rest_client [req-4b6d3f1d-4828-4469-8d2e-fb61b6ebd63a req-4b6d3f1d-4828-4469-8d2e-fb61b6ebd63a ] Request (DeleteServersTestJSON:setUpClass): 201 POST http://10.180.1.21/identity/v3/auth/tokens 0.077s
2025-01-07 02:07:53.545 67518 INFO tempest.lib.common.rest_client [req-31dd738c-d70b-4916-834a-8b2ea0834f8f req-31dd738c-d70b-4916-834a-8b2ea0834f8f ] Request (AttachInterfacesV270Test:tearDownClass): 200 GET http://10.180.1.21/compute/v2.1/servers/7e52d25f-9a50-4a15-b296-c156d9f3b785 0.146s
2025-01-07 02:07:53.556 67504 WARNING tempest.lib.common.ssh [-] Failed to establish authenticated ssh connection to cirros@10.180.180.244 ([Errno None] Unable to connect to port 22 on 10.180.180.244). Number attempts: 3. Retry after 4 seconds.: paramiko.ssh_exception.NoValidConnectionsError: [Errno None] Unable to connect to port 22 on 10.180.180.244
2025-01-07 02:07:53.580 67510 INFO tempest.lib.common.rest_client [req-b37fc827-1ea9-4dab-8173-642312e13417 req-b37fc827-1ea9-4dab-8173-642312e13417 ] Request (DeleteServersTestJSON:setUpClass): 201 POST http://10.180.1.21/identity/v3/auth/tokens 0.040s
2025-01-07 02:07:53.599 67476 INFO tempest.lib.common.rest_client [req-485e0abf-16a6-41ac-a680-a300b73d93a8 req-485e0abf-16a6-41ac-a680-a300b73d93a8 ] Request (MigrationsAdminTest:test_list_migrations_in_flavor_resize_situation): 200 GET http://10.180.1.21/compute/v2.1/servers/f1884230-e972-4c99-a81b-1ecf9b5d7875 0.229s
2025-01-07 02:07:53.624 67510 INFO tempest.lib.common.rest_client [req-7cce8b2a-ab15-4ba5-83f1-2ea4398ffdb7 req-7cce8b2a-ab15-4ba5-83f1-2ea4398ffdb7 ] Request (DeleteServersTestJSON:setUpClass): 200 GET http://10.180.1.21/identity/v3/domains?name=Default 0.042s
2025-01-07 02:07:53.662 67510 INFO tempest.lib.common.rest_client [req-1c123bc5-15dd-4c52-bef0-dc517551af43 req-1c123bc5-15dd-4c52-bef0-dc517551af43 ] Request (DeleteServersTestJSON:setUpClass): 201 POST http://10.180.1.21/identity/v3/projects 0.038s
2025-01-07 02:07:53.721 67510 INFO tempest.lib.common.rest_client [req-2b626a9a-dd4e-4f4a-80b9-726eeade28c4 req-2b626a9a-dd4e-4f4a-80b9-726eeade28c4 ] Request (DeleteServersTestJSON:setUpClass): 201 POST http://10.180.1.21/identity/v3/users 0.058s
2025-01-07 02:07:53.745 67510 INFO tempest.lib.common.rest_client [req-06960a11-1592-43b5-9e9b-19da8748c824 req-06960a11-1592-43b5-9e9b-19da8748c824 ] Request (DeleteServersTestJSON:setUpClass): 200 GET http://10.180.1.21/identity/v3/roles 0.023s
2025-01-07 02:07:53.771 67510 INFO tempest.lib.common.rest_client [req-9f09f3d2-759c-4ce5-be6a-74c1386e263b req-9f09f3d2-759c-4ce5-be6a-74c1386e263b ] Request (DeleteServersTestJSON:setUpClass): 204 PUT http://10.180.1.21/identity/v3/projects/2e12bb11b9e548798618c073b9b30454/users/b709d7bebdbd4d91b15f3f2e08415cd4/roles/2a94559af65d4bc9aefd5a790849559b 0.026s
2025-01-07 02:07:53.772 67510 INFO tempest.lib.common.dynamic_creds [-] Dynamic test user b709d7bebdbd4d91b15f3f2e08415cd4 is created with scope project and roles: ['member']
2025-01-07 02:07:53.772 67510 INFO tempest.lib.common.dynamic_creds [-] Acquired dynamic creds: credentials: Credentials: {'domain_id': 'default', 'domain_name': 'Default', 'username': 'tempest-DeleteServersTestJSON-1074805032-project-member', 'project_domain_id': 'default', 'project_domain_name': 'Default', 'project_id': '2e12bb11b9e548798618c073b9b30454', 'project_name': 'tempest-DeleteServersTestJSON-1074805032', 'tenant_id': '2e12bb11b9e548798618c073b9b30454', 'tenant_name': 'tempest-DeleteServersTestJSON-1074805032', 'user_domain_id': 'default', 'user_domain_name': 'Default', 'user_id': 'b709d7bebdbd4d91b15f3f2e08415cd4', 'system': None}, Network: None, Subnet: None, Router: None
2025-01-07 02:07:53.825 67530 INFO tempest.lib.common.rest_client [req-392ca7b4-d8e0-470c-bea2-345c96018c8f req-392ca7b4-d8e0-470c-bea2-345c96018c8f ] Request (ServerDiagnosticsTest:test_get_server_diagnostics): 200 GET http://10.180.1.21/compute/v2.1/servers/93e02b4d-b5b1-454e-89a4-f5f735cef950 0.393s
2025-01-07 02:07:53.842 67510 INFO tempest.lib.common.rest_client [req-d562fa37-cbaa-4f24-b77a-a27addf9ddcd req-d562fa37-cbaa-4f24-b77a-a27addf9ddcd ] Request (DeleteServersTestJSON:setUpClass): 201 POST http://10.180.1.21/identity/v3/auth/tokens 0.070s
2025-01-07 02:07:53.978 67500 INFO tempest.lib.common.rest_client [req-1fd0be93-108f-4039-9d7b-7b2d8c2aaa07 req-1fd0be93-108f-4039-9d7b-7b2d8c2aaa07 ] Request (ServersAdminTestJSON:test_create_server_with_scheduling_hint): 200 GET http://10.180.1.21/compute/v2.1/servers/4a29c478-1e93-4d58-b8b2-88e087d5f656 0.481s
2025-01-07 02:07:54.162 67478 INFO tempest.lib.common.rest_client [req-201d4005-9109-4ef6-bfca-6d6359818fe7 req-201d4005-9109-4ef6-bfca-6d6359818fe7 ] Request (VolumesAdminNegativeTest:test_update_attached_volume_with_nonexistent_volume_in_body): 200 GET http://10.180.1.21/compute/v2.1/servers/c87cc4a6-32b6-46bf-a4a8-d6b37ae397dd 0.454s
2025-01-07 02:07:54.220 67487 INFO tempest.lib.common.rest_client [req-f6863243-14ca-4fb8-8a92-aaa66a0bd80f req-f6863243-14ca-4fb8-8a92-aaa66a0bd80f ] Request (ImagesOneServerNegativeTestJSON:setUpClass): 200 GET http://10.180.1.21/compute/v2.1/servers/79246857-aa34-4b46-ae7c-1899f9c107c4 0.402s
2025-01-07 02:07:54.270 67468 INFO tempest.lib.common.rest_client [req-9008378b-98cb-4246-9e43-7d8cf7baf389 req-9008378b-98cb-4246-9e43-7d8cf7baf389 ] Request (TenantUsagesTestJSON:setUpClass): 200 GET http://10.180.1.21/compute/v2.1/servers/86cedaef-793d-47ea-a77e-67da0776a0e6 0.382s
2025-01-07 02:07:54.340 67484 INFO tempest.lib.common.rest_client [req-6890e0ae-5fe3-4263-8997-ccad4da12e63 req-6890e0ae-5fe3-4263-8997-ccad4da12e63 ] Request (ServerDiagnosticsV248Test:test_get_server_diagnostics): 200 GET http://10.180.1.21/compute/v2.1/servers/33c1ec6e-a5a5-459e-a89f-a5198d0f9c78 0.392s
2025-01-07 02:07:54.411 67510 INFO tempest.lib.common.rest_client [req-c351bb2e-0a2d-4e85-b6f5-08a536e43d56 req-c351bb2e-0a2d-4e85-b6f5-08a536e43d56 ] Request (DeleteServersTestJSON:setUpClass): 201 POST http://10.180.1.21:9696/networking/v2.0/networks 0.568s
2025-01-07 02:07:54.418 67526 INFO tempest.lib.common.rest_client [req-3c2d33ec-cf41-4a9c-8012-11980b9e6871 req-3c2d33ec-cf41-4a9c-8012-11980b9e6871 ] Request (FloatingIPsAssociationNegativeTestJSON:tearDownClass): 200 GET http://10.180.1.21/compute/v2.1/servers/c6996d2e-dfbe-4eb8-97a8-19b3ab9420e4 0.453s
2025-01-07 02:07:54.494 67472 INFO tempest.lib.common.rest_client [req-ea71a54d-55bf-4c75-a935-50d2d1c7d51e req-ea71a54d-55bf-4c75-a935-50d2d1c7d51e ] Request (ServerAddressesNegativeTestJSON:setUpClass): 200 GET http://10.180.1.21/compute/v2.1/servers/00c37acb-b074-4eaf-8d07-061c3d0c6790 0.492s
2025-01-07 02:07:54.552 67522 INFO tempest.lib.common.rest_client [req-0dc73cf0-b833-460d-9dda-89ced58688a1 req-0dc73cf0-b833-460d-9dda-89ced58688a1 ] Request (ServersTestBootFromVolume:setUpClass): 200 GET http://10.180.1.21/compute/v2.1/servers/60fcf9af-55c5-4146-bcb4-40d30633a64f 0.522s
2025-01-07 02:07:54.556 67510 INFO tempest.lib.common.rest_client [req-46b0c02a-958f-467a-8d0d-17be5b9963be req-46b0c02a-958f-467a-8d0d-17be5b9963be ] Request (DeleteServersTestJSON:setUpClass): 201 POST http://10.180.1.21:9696/networking/v2.0/subnets 0.144s
2025-01-07 02:07:54.582 67480 WARNING tempest.lib.common.ssh [-] Failed to establish authenticated ssh connection to cirros@10.180.180.194 ([Errno None] Unable to connect to port 22 on 10.180.180.194). Number attempts: 1. Retry after 2 seconds.: paramiko.ssh_exception.NoValidConnectionsError: [Errno None] Unable to connect to port 22 on 10.180.180.194
2025-01-07 02:07:54.618 67492 INFO tempest.lib.common.rest_client [req-82868f75-489a-49b3-b4bd-2e2a4f1afa00 req-82868f75-489a-49b3-b4bd-2e2a4f1afa00 ] Request (ServersAdminNegativeTestJSON:setUpClass): 200 GET http://10.180.1.21/compute/v2.1/servers/72d8c1c0-5d25-4619-8f1e-5fe06787a845 0.582s
2025-01-07 02:07:54.644 67488 WARNING tempest.lib.common.ssh [-] Failed to establish authenticated ssh connection to cirros@10.180.180.227 ([Errno None] Unable to connect to port 22 on 10.180.180.227). Number attempts: 5. Retry after 6 seconds.: paramiko.ssh_exception.NoValidConnectionsError: [Errno None] Unable to connect to port 22 on 10.180.180.227
2025-01-07 02:07:54.695 67490 INFO tempest.lib.common.rest_client [req-85d9fe30-6b40-4bb3-b333-d6def50b974e req-85d9fe30-6b40-4bb3-b333-d6def50b974e ] Request (MultipleCreateTestJSON:_run_cleanups): 200 GET http://10.180.1.21/compute/v2.1/servers/f7a6e3b6-3a2f-4246-a0e6-8538f1c8e953 0.585s
2025-01-07 02:07:54.706 67516 INFO tempest.lib.common.rest_client [req-8169843a-b523-4760-b8ad-72bfb7ed01c6 req-8169843a-b523-4760-b8ad-72bfb7ed01c6 ] Request (FloatingIPsAssociationTestJSON:test_associate_already_associated_floating_ip): 202 POST http://10.180.1.21/compute/v2.1/servers/14dbda85-7017-4a43-87a8-36e96f048b49/action 1.221s
2025-01-07 02:07:54.744 67503 INFO tempest.lib.common.rest_client [req-ca2859c9-5a2a-4b44-b2e4-4cd8050177b1 req-ca2859c9-5a2a-4b44-b2e4-4cd8050177b1 ] Request (InstanceActionsTestJSON:setUpClass): 200 GET http://10.180.1.21/compute/v2.1/servers/8f3d1be0-6146-4455-a6f8-55ab6a96a077 0.557s
2025-01-07 02:07:54.764 67482 INFO tempest.lib.common.rest_client [req-d5630b82-1461-4ba1-9e0f-75698d0fd669 req-d5630b82-1461-4ba1-9e0f-75698d0fd669 ] Request (ImagesTestJSON:test_create_image_from_stopped_server): 200 GET http://10.180.1.21/compute/v2.1/servers/ac966fff-88e8-4fd3-925f-0e6195c1c940 0.523s
2025-01-07 02:07:54.798 67508 INFO tempest.lib.common.rest_client [req-1dac35ee-7d9b-434a-90fa-bc26b9718d32 req-1dac35ee-7d9b-434a-90fa-bc26b9718d32 ] Request (ServersTestMultiNic:_run_cleanups): 200 GET http://10.180.1.21/compute/v2.1/servers/6c1b3fe7-08d1-4ebc-804f-0199697b94dc 0.524s
2025-01-07 02:07:54.811 67528 INFO tempest.lib.common.rest_client [req-84174508-2802-47df-818c-f76fce261e98 req-84174508-2802-47df-818c-f76fce261e98 ] Request (ImagesOneServerTestJSON:setUpClass): 200 GET http://10.180.1.21/compute/v2.1/servers/049f2126-5f66-4e66-a334-13e33b27b152 0.511s
2025-01-07 02:07:54.844 67474 INFO tempest.lib.common.rest_client [req-f02c44c3-d62e-4374-995e-c8604cf0c9e8 req-f02c44c3-d62e-4374-995e-c8604cf0c9e8 ] Request (DeleteServersAdminTestJSON:test_delete_server_while_in_error_state): 200 GET http://10.180.1.21/compute/v2.1/servers/5a44d799-ec90-4bba-8033-af5ab51cb201 0.508s
2025-01-07 02:07:54.860 67494 INFO tempest.lib.common.rest_client [req-192b7f3e-874d-4eb7-a459-648e69f93b51 req-192b7f3e-874d-4eb7-a459-648e69f93b51 ] Request (ServersAaction247Test:test_create_backup): 200 GET http://10.180.1.21/compute/v2.1/servers/e74c419d-78d4-4fdb-b1c6-9ff750272761 0.510s
2025-01-07 02:07:54.869 67494 INFO tempest.common.waiters [-] State transition "BUILD/networking" ==> "BUILD/spawning" after 41 second wait
2025-01-07 02:07:54.923 67470 INFO tempest.lib.common.rest_client [req-db26f277-17ca-4104-b5d1-0be6c5ccccf7 req-db26f277-17ca-4104-b5d1-0be6c5ccccf7 ] Request (ListImageFiltersTestJSON:setUpClass): 200 GET http://10.180.1.21/compute/v2.1/servers/0edf63bc-072d-416f-abee-8c4311c53924 0.512s
2025-01-07 02:07:54.924 67498 INFO tempest.lib.common.rest_client [req-d9eeba6f-74ca-4e05-b651-18d5204d12a9 req-d9eeba6f-74ca-4e05-b651-18d5204d12a9 ] Request (ServerRescueTestJSON:setUpClass): 200 GET http://10.180.1.21/compute/v2.1/servers/dcf337a9-de54-4fcf-abe8-4c7ed2ec4333 0.430s
2025-01-07 02:07:54.929 67470 INFO tempest.common.waiters [-] State transition "BUILD/scheduling" ==> "BUILD/None" after 27 second wait
2025-01-07 02:07:54.993 67518 INFO tempest.lib.common.rest_client [req-56a58d72-ce2c-4282-918e-503e495c2233 req-56a58d72-ce2c-4282-918e-503e495c2233 ] Request (AttachInterfacesV270Test:tearDownClass): 200 GET http://10.180.1.21/compute/v2.1/servers/7e52d25f-9a50-4a15-b296-c156d9f3b785 0.437s
2025-01-07 02:07:55.031 67506 WARNING tempest.lib.common.ssh [-] Failed to establish authenticated ssh connection to cirros@10.180.180.178 ([Errno None] Unable to connect to port 22 on 10.180.180.178). Number attempts: 4. Retry after 5 seconds.: paramiko.ssh_exception.NoValidConnectionsError: [Errno None] Unable to connect to port 22 on 10.180.180.178
2025-01-07 02:07:55.100 67476 INFO tempest.lib.common.rest_client [req-89a6f649-722f-45fb-943b-7b9eeb176656 req-89a6f649-722f-45fb-943b-7b9eeb176656 ] Request (MigrationsAdminTest:test_list_migrations_in_flavor_resize_situation): 200 GET http://10.180.1.21/compute/v2.1/servers/f1884230-e972-4c99-a81b-1ecf9b5d7875 0.494s
2025-01-07 02:07:55.168 67530 INFO tempest.lib.common.rest_client [req-8e7c6e4c-5bb1-4083-9426-be094f74f755 req-8e7c6e4c-5bb1-4083-9426-be094f74f755 ] Request (ServerDiagnosticsTest:test_get_server_diagnostics): 200 GET http://10.180.1.21/compute/v2.1/servers/93e02b4d-b5b1-454e-89a4-f5f735cef950 0.333s
2025-01-07 02:07:55.186 67510 INFO tempest.lib.common.rest_client [req-23668ef0-49a9-4019-8aff-11f56a85e90c req-23668ef0-49a9-4019-8aff-11f56a85e90c ] Request (DeleteServersTestJSON:setUpClass): 201 POST http://10.180.1.21:9696/networking/v2.0/routers 0.630s
2025-01-07 02:07:55.386 67500 INFO tempest.lib.common.rest_client [req-4a1ca467-f164-4827-bf1a-98eba8ef88d2 req-4a1ca467-f164-4827-bf1a-98eba8ef88d2 ] Request (ServersAdminTestJSON:test_create_server_with_scheduling_hint): 200 GET http://10.180.1.21/compute/v2.1/servers/4a29c478-1e93-4d58-b8b2-88e087d5f656 0.400s
2025-01-07 02:07:55.732 67520 WARNING tempest.lib.common.ssh [-] Failed to establish authenticated ssh connection to cirros@10.180.180.209 ([Errno None] Unable to connect to port 22 on 10.180.180.209). Number attempts: 5. Retry after 6 seconds.: paramiko.ssh_exception.NoValidConnectionsError: [Errno None] Unable to connect to port 22 on 10.180.180.209
2025-01-07 02:07:55.808 67478 INFO tempest.lib.common.rest_client [req-c1a75451-ecc2-4890-b6f7-c8edae8f2674 req-c1a75451-ecc2-4890-b6f7-c8edae8f2674 ] Request (VolumesAdminNegativeTest:test_update_attached_volume_with_nonexistent_volume_in_body): 200 GET http://10.180.1.21/compute/v2.1/servers/c87cc4a6-32b6-46bf-a4a8-d6b37ae397dd 0.636s
2025-01-07 02:07:55.884 67487 INFO tempest.lib.common.rest_client [req-776c153d-792a-4982-b6af-9d5db3c975b6 req-776c153d-792a-4982-b6af-9d5db3c975b6 ] Request (ImagesOneServerNegativeTestJSON:setUpClass): 200 GET http://10.180.1.21/compute/v2.1/servers/79246857-aa34-4b46-ae7c-1899f9c107c4 0.655s
2025-01-07 02:07:55.937 67468 INFO tempest.lib.common.rest_client [req-8668e486-620e-4790-beb8-c04ed97b35b1 req-8668e486-620e-4790-beb8-c04ed97b35b1 ] Request (TenantUsagesTestJSON:setUpClass): 200 GET http://10.180.1.21/compute/v2.1/servers/86cedaef-793d-47ea-a77e-67da0776a0e6 0.655s
2025-01-07 02:07:55.989 67484 INFO tempest.lib.common.rest_client [req-4333375b-71a3-4517-b97d-2c461f71f2b3 req-4333375b-71a3-4517-b97d-2c461f71f2b3 ] Request (ServerDiagnosticsV248Test:test_get_server_diagnostics): 200 GET http://10.180.1.21/compute/v2.1/servers/33c1ec6e-a5a5-459e-a89f-a5198d0f9c78 0.632s
2025-01-07 02:07:56.072 67526 INFO tempest.lib.common.rest_client [req-e1c0eee0-7a57-4dd9-997a-800ba8f9003a req-e1c0eee0-7a57-4dd9-997a-800ba8f9003a ] Request (FloatingIPsAssociationNegativeTestJSON:tearDownClass): 200 GET http://10.180.1.21/compute/v2.1/servers/c6996d2e-dfbe-4eb8-97a8-19b3ab9420e4 0.644s
2025-01-07 02:07:56.116 67514 WARNING tempest.lib.common.ssh [-] Failed to establish authenticated ssh connection to cirros@10.180.180.207 ([Errno None] Unable to connect to port 22 on 10.180.180.207). Number attempts: 5. Retry after 6 seconds.: paramiko.ssh_exception.NoValidConnectionsError: [Errno None] Unable to connect to port 22 on 10.180.180.207
2025-01-07 02:07:56.123 67472 INFO tempest.lib.common.rest_client [req-5ade7181-5b1a-41bf-864a-a65fd7256e7c req-5ade7181-5b1a-41bf-864a-a65fd7256e7c ] Request (ServerAddressesNegativeTestJSON:setUpClass): 200 GET http://10.180.1.21/compute/v2.1/servers/00c37acb-b074-4eaf-8d07-061c3d0c6790 0.618s
2025-01-07 02:07:56.175 67522 INFO tempest.lib.common.rest_client [req-59d47d7b-5883-4c58-bb40-6eaf19f918a3 req-59d47d7b-5883-4c58-bb40-6eaf19f918a3 ] Request (ServersTestBootFromVolume:setUpClass): 200 GET http://10.180.1.21/compute/v2.1/servers/60fcf9af-55c5-4146-bcb4-40d30633a64f 0.616s
2025-01-07 02:07:56.239 67492 INFO tempest.lib.common.rest_client [req-18fe1f6d-96ad-4603-a035-46c85585dbc3 req-18fe1f6d-96ad-4603-a035-46c85585dbc3 ] Request (ServersAdminNegativeTestJSON:setUpClass): 200 GET http://10.180.1.21/compute/v2.1/servers/72d8c1c0-5d25-4619-8f1e-5fe06787a845 0.613s
2025-01-07 02:07:56.261 67490 INFO tempest.lib.common.rest_client [req-d348b613-a80a-46a5-8fa7-3d436816d289 req-d348b613-a80a-46a5-8fa7-3d436816d289 ] Request (MultipleCreateTestJSON:_run_cleanups): 404 GET http://10.180.1.21/compute/v2.1/servers/f7a6e3b6-3a2f-4246-a0e6-8538f1c8e953 0.558s
2025-01-07 02:07:56.262 67510 INFO tempest.lib.common.rest_client [req-f4bac59a-2dae-43a1-a108-e09255f13bc5 req-f4bac59a-2dae-43a1-a108-e09255f13bc5 ] Request (DeleteServersTestJSON:setUpClass): 200 PUT http://10.180.1.21:9696/networking/v2.0/routers/20c4e830-556b-47b8-bdd9-f0a384a28996/add_router_interface 1.076s
2025-01-07 02:07:56.262 67510 INFO tempest.lib.common.dynamic_creds [-] Created isolated network resources for: credentials: Credentials: {'domain_id': 'default', 'domain_name': 'Default', 'username': 'tempest-DeleteServersTestJSON-1074805032-project-member', 'project_domain_id': 'default', 'project_domain_name': 'Default', 'project_id': '2e12bb11b9e548798618c073b9b30454', 'project_name': 'tempest-DeleteServersTestJSON-1074805032', 'tenant_id': '2e12bb11b9e548798618c073b9b30454', 'tenant_name': 'tempest-DeleteServersTestJSON-1074805032', 'user_domain_id': 'default', 'user_domain_name': 'Default', 'user_id': 'b709d7bebdbd4d91b15f3f2e08415cd4', 'system': None}, Network: {'id': 'f60cbb13-de5a-4273-9dce-9347f05a8c64', 'name': 'tempest-DeleteServersTestJSON-361624700-network', 'tenant_id': '2e12bb11b9e548798618c073b9b30454', 'admin_state_up': True, 'mtu': 8950, 'status': 'ACTIVE', 'subnets': [], 'shared': False, 'project_id': '2e12bb11b9e548798618c073b9b30454', 'port_security_enabled': True, 'router:external': False, 'provider:network_type': 'vlan', 'provider:physical_network': 'default', 'provider:segmentation_id': 815, 'availability_zone_hints': [], 'availability_zones': [], 'ipv4_address_scope': None, 'ipv6_address_scope': None, 'description': '', 'tags': [], 'created_at': '2025-01-07T02:07:54Z', 'updated_at': '2025-01-07T02:07:54Z', 'revision_number': 1}, Subnet: {'id': '25348073-ccc3-44f9-b574-46c5dfbf6420', 'name': 'tempest-DeleteServersTestJSON-361624700-subnet', 'tenant_id': '2e12bb11b9e548798618c073b9b30454', 'network_id': 'f60cbb13-de5a-4273-9dce-9347f05a8c64', 'ip_version': 4, 'subnetpool_id': None, 'enable_dhcp': True, 'ipv6_ra_mode': None, 'ipv6_address_mode': None, 'gateway_ip': '192.168.128.1', 'cidr': '192.168.128.0/28', 'allocation_pools': [{'start': '192.168.128.2', 'end': '192.168.128.14'}], 'host_routes': [], 'dns_nameservers': [], 'description': '', 'router:external': False, 'service_types': [], 'tags': [], 'created_at': '2025-01-07T02:07:54Z', 'updated_at': '2025-01-07T02:07:54Z', 'revision_number': 0, 'project_id': '2e12bb11b9e548798618c073b9b30454'}, Router: {'id': '20c4e830-556b-47b8-bdd9-f0a384a28996', 'name': 'tempest-DeleteServersTestJSON-361624700-router', 'tenant_id': '2e12bb11b9e548798618c073b9b30454', 'admin_state_up': True, 'status': 'ACTIVE', 'external_gateway_info': {'network_id': '28104680-4dd6-4234-9bcd-3b8167665ec0', 'external_fixed_ips': [{'subnet_id': '956e9051-fe66-4539-a2b3-7384f09ad946', 'ip_address': '10.180.180.216'}], 'enable_snat': True}, 'description': '', 'availability_zones': [], 'distributed': False, 'ha': False, 'availability_zone_hints': [], 'routes': [], 'flavor_id': None, 'tags': [], 'created_at': '2025-01-07T02:07:54Z', 'updated_at': '2025-01-07T02:07:54Z', 'revision_number': 2, 'project_id': '2e12bb11b9e548798618c073b9b30454'}
2025-01-07 02:07:56.313 67503 INFO tempest.lib.common.rest_client [req-668aa7dc-f2a5-46f7-b5b6-7deb3b75847e req-668aa7dc-f2a5-46f7-b5b6-7deb3b75847e ] Request (InstanceActionsTestJSON:setUpClass): 200 GET http://10.180.1.21/compute/v2.1/servers/8f3d1be0-6146-4455-a6f8-55ab6a96a077 0.562s
2025-01-07 02:07:56.373 67482 INFO tempest.lib.common.rest_client [req-269e2e7d-e344-468b-86d0-c03e24444049 req-269e2e7d-e344-468b-86d0-c03e24444049 ] Request (ImagesTestJSON:test_create_image_from_stopped_server): 200 GET http://10.180.1.21/compute/v2.1/servers/ac966fff-88e8-4fd3-925f-0e6195c1c940 0.598s
2025-01-07 02:07:56.396 67510 INFO tempest.lib.common.rest_client [req-0ed249aa-1d2e-495d-8023-b38f06085414 req-0ed249aa-1d2e-495d-8023-b38f06085414 ] Request (DeleteServersTestJSON:setUpClass): 201 POST http://10.180.1.21/identity/v3/auth/tokens 0.130s
2025-01-07 02:07:56.435 67510 INFO tempest.lib.common.rest_client [req-05fcda67-6d6a-4a89-b309-b497982f879a req-05fcda67-6d6a-4a89-b309-b497982f879a ] Request (DeleteServersTestJSON:test_delete_active_server): 201 POST http://10.180.1.21/identity/v3/auth/tokens 0.033s
2025-01-07 02:07:56.435 67510 INFO tempest.lib.common.fixed_network [-] (DeleteServersTestJSON:test_delete_active_server) Found network {'id': 'f60cbb13-de5a-4273-9dce-9347f05a8c64', 'name': 'tempest-DeleteServersTestJSON-361624700-network', 'tenant_id': '2e12bb11b9e548798618c073b9b30454', 'admin_state_up': True, 'mtu': 8950, 'status': 'ACTIVE', 'subnets': [], 'shared': False, 'project_id': '2e12bb11b9e548798618c073b9b30454', 'port_security_enabled': True, 'router:external': False, 'provider:network_type': 'vlan', 'provider:physical_network': 'default', 'provider:segmentation_id': 815, 'availability_zone_hints': [], 'availability_zones': [], 'ipv4_address_scope': None, 'ipv6_address_scope': None, 'description': '', 'tags': [], 'created_at': '2025-01-07T02:07:54Z', 'updated_at': '2025-01-07T02:07:54Z', 'revision_number': 1} available for tenant
