2025-01-07 02:08:53.479 67526 INFO tempest.lib.common.rest_client [req-0de7350d-5d2b-4355-8d11-e14392f0a490 req-0de7350d-5d2b-4355-8d11-e14392f0a490 ] Request (ServerAddressesTestJSON:setUpClass): 200 GET http://10.180.1.21/compute/v2.1/servers/1aff8092-0b9e-4eb3-9a0e-7ae7a95c0e5c 0.313s
2025-01-07 02:08:53.519 67494 INFO tempest.lib.common.rest_client [req-eabacc24-641f-469c-b343-797d4385feb0 req-eabacc24-641f-469c-b343-797d4385feb0 ] Request (ServerRescueNegativeTestJSON:setUpClass): 200 GET http://10.180.1.21/compute/v2.1/servers/a7992c09-2881-4d70-b5a8-5071eb619d12 0.307s
2025-01-07 02:08:53.542 67468 INFO tempest.lib.common.rest_client [req-58191dce-84aa-4c91-9f17-7fa1eba57e34 req-58191dce-84aa-4c91-9f17-7fa1eba57e34 ] Request (TenantUsagesTestJSON:tearDownClass): 200 GET http://10.180.1.21/compute/v2.1/servers/86cedaef-793d-47ea-a77e-67da0776a0e6 0.318s
2025-01-07 02:08:53.570 67490 INFO tempest.lib.common.rest_client [req-8e773447-cd4a-4a21-ab06-1f549d3f7188 req-8e773447-cd4a-4a21-ab06-1f549d3f7188 ] Request (MultipleCreateTestJSON:test_multiple_create_with_reservation_return): 200 GET http://10.180.1.21/compute/v2.1/servers/1993cbe1-7d91-42d7-85ab-fae419cedef7 0.307s
2025-01-07 02:08:53.597 67508 INFO tempest.lib.common.rest_client [req-2a4ff7e4-5bab-4206-95c4-1d88d24d8b48 req-2a4ff7e4-5bab-4206-95c4-1d88d24d8b48 ] Request (ServersTestMultiNic:test_verify_multiple_nics_order): 200 GET http://10.180.1.21/compute/v2.1/servers/7d040a2f-df58-48ee-bb68-8a9e59e97364 0.323s
2025-01-07 02:08:53.638 67516 INFO tempest.lib.common.rest_client [req-7cff7236-15c5-46eb-bfc6-2194a602598f req-7cff7236-15c5-46eb-bfc6-2194a602598f ] Request (FloatingIPsAssociationTestJSON:tearDownClass): 200 GET http://10.180.1.21/compute/v2.1/servers/14dbda85-7017-4a43-87a8-36e96f048b49 0.298s
2025-01-07 02:08:53.652 67520 WARNING tempest.lib.common.ssh [-] Failed to establish authenticated ssh connection to cirros@10.180.180.209 ([Errno None] Unable to connect to port 22 on 10.180.180.209). Number attempts: 10. Retry after 11 seconds.: paramiko.ssh_exception.NoValidConnectionsError: [Errno None] Unable to connect to port 22 on 10.180.180.209
2025-01-07 02:08:53.669 67474 INFO tempest.lib.common.rest_client [req-74c01905-43c3-4a57-a4f3-826fd507a1dc req-74c01905-43c3-4a57-a4f3-826fd507a1dc ] Request (DeleteServersAdminTestJSON:test_delete_server_while_in_error_state): 200 GET http://10.180.1.21/compute/v2.1/servers/5a44d799-ec90-4bba-8033-af5ab51cb201 0.196s
2025-01-07 02:08:53.710 67530 INFO tempest.lib.common.rest_client [req-72bbe4df-34bf-461f-8b90-776b30fe5e3d req-72bbe4df-34bf-461f-8b90-776b30fe5e3d ] Request (ServerDiagnosticsTest:tearDownClass): 200 GET http://10.180.1.21/compute/v2.1/servers/93e02b4d-b5b1-454e-89a4-f5f735cef950 0.183s
2025-01-07 02:08:53.799 67487 INFO tempest.lib.common.rest_client [req-88ba1a82-9590-4089-a876-da3ab8fd280d req-88ba1a82-9590-4089-a876-da3ab8fd280d ] Request (ImagesOneServerNegativeTestJSON:_run_cleanups): 200 GET http://10.180.1.21/compute/v2.1/servers/c2f23eee-2b74-4839-9697-439a2d26ad64 0.061s
2025-01-07 02:08:54.100 67504 WARNING tempest.lib.common.ssh [-] Failed to establish authenticated ssh connection to cirros@10.180.180.244 ([Errno None] Unable to connect to port 22 on 10.180.180.244). Number attempts: 9. Retry after 10 seconds.: paramiko.ssh_exception.NoValidConnectionsError: [Errno None] Unable to connect to port 22 on 10.180.180.244
2025-01-07 02:08:54.192 67472 INFO tempest.lib.common.rest_client [req-1339bd87-162e-4079-9ff2-38b4da6cdb29 req-1339bd87-162e-4079-9ff2-38b4da6cdb29 ] Request (ServerAddressesNegativeTestJSON:tearDownClass): 200 GET http://10.180.1.21/compute/v2.1/servers/00c37acb-b074-4eaf-8d07-061c3d0c6790 0.139s
2025-01-07 02:08:54.194 67503 INFO tempest.lib.common.rest_client [req-d9bbaa4f-7e3f-40fb-b76f-dd6d46b661a5 req-d9bbaa4f-7e3f-40fb-b76f-dd6d46b661a5 ] Request (InstanceActionsTestJSON:setUpClass): 200 GET http://10.180.1.21/compute/v2.1/servers/8f3d1be0-6146-4455-a6f8-55ab6a96a077 0.138s
2025-01-07 02:08:54.200 67503 INFO tempest.common.waiters [-] State transition "BUILD/spawning" ==> "ACTIVE/None" after 64 second wait
2025-01-07 02:08:54.247 67476 INFO tempest.lib.common.rest_client [req-8a1a7b93-aba8-4f7b-9601-4a2c7b92484c req-8a1a7b93-aba8-4f7b-9601-4a2c7b92484c ] Request (MigrationsAdminTest:test_resize_server_revert_deleted_flavor): 200 GET http://10.180.1.21/compute/v2.1/servers/7b70aac3-1fd6-4956-8849-ebe6def4305e 0.066s
2025-01-07 02:08:54.248 67492 INFO tempest.lib.common.rest_client [req-f1aace85-bad9-413d-b55f-2ac7f95233e2 req-f1aace85-bad9-413d-b55f-2ac7f95233e2 ] Request (ServersAdminNegativeTestJSON:setUpClass): 200 GET http://10.180.1.21/compute/v2.1/servers/72d8c1c0-5d25-4619-8f1e-5fe06787a845 0.129s
2025-01-07 02:08:54.275 67503 INFO tempest.lib.common.rest_client [req-0d98cee2-5225-4071-b7e7-b72fd04e8c64 req-0d98cee2-5225-4071-b7e7-b72fd04e8c64 ] Request (InstanceActionsTestJSON:test_get_instance_action): 200 GET http://10.180.1.21/compute/v2.1/servers/8f3d1be0-6146-4455-a6f8-55ab6a96a077/os-instance-actions/req-5f338821-ddbd-4523-bcbd-c63df7e02293 0.073s
2025-01-07 02:08:54.295 67510 INFO tempest.lib.common.rest_client [req-2b096ee0-6469-4dc7-8142-5d65067e6479 req-2b096ee0-6469-4dc7-8142-5d65067e6479 ] Request (DeleteServersTestJSON:test_delete_active_server): 200 GET http://10.180.1.21/compute/v2.1/servers/d37200db-e945-461a-84f5-beb632e9b4bd 0.078s
2025-01-07 02:08:54.323 67498 INFO tempest.lib.common.rest_client [req-33de0cfc-f3f3-4cd0-bcdc-e48cb341a92e req-33de0cfc-f3f3-4cd0-bcdc-e48cb341a92e ] Request (ServerRescueTestJSON:test_rescue_unrescue_instance): 200 GET http://10.180.1.21/compute/v2.1/servers/da9910e3-317e-4ca6-9a8c-478232b8d7dc 0.088s
2025-01-07 02:08:54.387 67503 INFO tempest.lib.common.rest_client [req-5e7f9a7b-f244-477f-bc99-5e46e060358c req-5e7f9a7b-f244-477f-bc99-5e46e060358c ] Request (InstanceActionsTestJSON:test_list_instance_actions): 202 POST http://10.180.1.21/compute/v2.1/servers/8f3d1be0-6146-4455-a6f8-55ab6a96a077/action 0.109s
2025-01-07 02:08:54.415 67528 INFO tempest.lib.common.rest_client [req-ad2b9aa6-3669-404d-85d5-9b4474f1926f req-ad2b9aa6-3669-404d-85d5-9b4474f1926f ] Request (ImagesOneServerTestJSON:setUpClass): 200 GET http://10.180.1.21/compute/v2.1/servers/049f2126-5f66-4e66-a334-13e33b27b152 0.140s
2025-01-07 02:08:54.421 67528 INFO tempest.common.waiters [-] State transition "BUILD/networking" ==> "BUILD/spawning" after 62 second wait
2025-01-07 02:08:54.436 67518 INFO tempest.lib.common.rest_client [req-485c1910-e9e4-495d-b3af-ed83329e8573 req-485c1910-e9e4-495d-b3af-ed83329e8573 ] Request (ServerActionsTestJSON:setUpClass): 200 GET http://10.180.1.21/compute/v2.1/servers/efe841ea-ce8a-4b9a-98de-5533729488dd 0.141s
2025-01-07 02:08:54.461 67500 INFO tempest.lib.common.rest_client [req-9514f55b-2471-4413-916c-08705e209ccb req-9514f55b-2471-4413-916c-08705e209ccb ] Request (ServersAdminTestJSON:test_inject_network_info): 200 GET http://10.180.1.21/compute/v2.1/servers/14f1c8b1-77f4-46f1-ba73-5ae24e9cc721 0.096s
2025-01-07 02:08:54.516 67484 INFO tempest.lib.common.rest_client [req-8d94b8ab-1540-48db-8efc-f36bfdc88a28 req-8d94b8ab-1540-48db-8efc-f36bfdc88a28 ] Request (ServerDiagnosticsV248Test:tearDownClass): 200 GET http://10.180.1.21/compute/v2.1/servers/33c1ec6e-a5a5-459e-a89f-a5198d0f9c78 0.082s
2025-01-07 02:08:54.538 67503 INFO tempest.lib.common.rest_client [req-c31e4fd5-598b-4463-bd60-8d1d3adfe6b3 req-c31e4fd5-598b-4463-bd60-8d1d3adfe6b3 ] Request (InstanceActionsTestJSON:test_list_instance_actions): 200 GET http://10.180.1.21/compute/v2.1/servers/8f3d1be0-6146-4455-a6f8-55ab6a96a077 0.150s
2025-01-07 02:08:54.573 67470 INFO tempest.lib.common.rest_client [req-26e6e679-4cf6-4fdd-96d0-e2355f247469 req-26e6e679-4cf6-4fdd-96d0-e2355f247469 ] Request (ListImageFiltersTestJSON:setUpClass): 200 GET http://10.180.1.21/compute/v2.1/images/071e1982-f439-4661-9a7c-a4a1e1413cf8 0.112s
2025-01-07 02:08:54.620 67526 INFO tempest.lib.common.rest_client [req-779b32ee-34cd-4577-8ee3-e21688607288 req-779b32ee-34cd-4577-8ee3-e21688607288 ] Request (ServerAddressesTestJSON:setUpClass): 200 GET http://10.180.1.21/compute/v2.1/servers/1aff8092-0b9e-4eb3-9a0e-7ae7a95c0e5c 0.134s
2025-01-07 02:08:54.659 67482 INFO tempest.lib.common.rest_client [req-c0631732-f53a-4f0e-9b0c-793d2067855f req-c0631732-f53a-4f0e-9b0c-793d2067855f ] Request (ImagesTestJSON:test_create_image_from_stopped_server): 200 GET http://10.180.1.21/compute/v2.1/servers/ac966fff-88e8-4fd3-925f-0e6195c1c940 0.223s
2025-01-07 02:08:54.674 67494 INFO tempest.lib.common.rest_client [req-54ecd804-c54b-4c87-bf7f-55e8c7a84bb4 req-54ecd804-c54b-4c87-bf7f-55e8c7a84bb4 ] Request (ServerRescueNegativeTestJSON:setUpClass): 200 GET http://10.180.1.21/compute/v2.1/servers/a7992c09-2881-4d70-b5a8-5071eb619d12 0.145s
2025-01-07 02:08:54.728 67468 INFO tempest.lib.common.rest_client [req-fcef7ed1-3962-4910-b6d4-8d3c8652c2f8 req-fcef7ed1-3962-4910-b6d4-8d3c8652c2f8 ] Request (TenantUsagesTestJSON:tearDownClass): 200 GET http://10.180.1.21/compute/v2.1/servers/86cedaef-793d-47ea-a77e-67da0776a0e6 0.179s
2025-01-07 02:08:54.729 67490 INFO tempest.lib.common.rest_client [req-6006244f-cf63-486f-95e7-744680ecf0eb req-6006244f-cf63-486f-95e7-744680ecf0eb ] Request (MultipleCreateTestJSON:test_multiple_create_with_reservation_return): 200 GET http://10.180.1.21/compute/v2.1/servers/1993cbe1-7d91-42d7-85ab-fae419cedef7 0.152s
2025-01-07 02:08:54.783 67508 INFO tempest.lib.common.rest_client [req-84d7567b-d4a8-4117-a5f8-b04da7451fa4 req-84d7567b-d4a8-4117-a5f8-b04da7451fa4 ] Request (ServersTestMultiNic:test_verify_multiple_nics_order): 200 GET http://10.180.1.21/compute/v2.1/servers/7d040a2f-df58-48ee-bb68-8a9e59e97364 0.178s
2025-01-07 02:08:54.788 67516 INFO tempest.lib.common.rest_client [req-992f29f4-2516-4732-b454-d423a35f600c req-992f29f4-2516-4732-b454-d423a35f600c ] Request (FloatingIPsAssociationTestJSON:tearDownClass): 200 GET http://10.180.1.21/compute/v2.1/servers/14dbda85-7017-4a43-87a8-36e96f048b49 0.142s
2025-01-07 02:08:54.804 67474 INFO tempest.lib.common.rest_client [req-313bd99b-355b-4ad4-8909-8572f2cc1cd3 req-313bd99b-355b-4ad4-8909-8572f2cc1cd3 ] Request (DeleteServersAdminTestJSON:test_delete_server_while_in_error_state): 404 GET http://10.180.1.21/compute/v2.1/servers/5a44d799-ec90-4bba-8033-af5ab51cb201 0.128s
2025-01-07 02:08:54.825 67474 INFO tempest.lib.common.rest_client [req-702a183b-bf89-48d6-9d07-cf4903463250 req-702a183b-bf89-48d6-9d07-cf4903463250 ] Request (DeleteServersAdminTestJSON:tearDownClass): 404 DELETE http://10.180.1.21/compute/v2.1/servers/5a44d799-ec90-4bba-8033-af5ab51cb201 0.019s
2025-01-07 02:08:54.847 67530 INFO tempest.lib.common.rest_client [req-d8640907-94f3-49da-b928-40309296b66a req-d8640907-94f3-49da-b928-40309296b66a ] Request (ServerDiagnosticsTest:tearDownClass): 200 GET http://10.180.1.21/compute/v2.1/servers/93e02b4d-b5b1-454e-89a4-f5f735cef950 0.129s
2025-01-07 02:08:54.871 67474 INFO tempest.lib.common.rest_client [req-2089f4b0-e46e-4ab1-9fd1-ae75fe581a62 req-2089f4b0-e46e-4ab1-9fd1-ae75fe581a62 ] Request (DeleteServersAdminTestJSON:tearDownClass): 404 GET http://10.180.1.21/compute/v2.1/servers/5a44d799-ec90-4bba-8033-af5ab51cb201 0.046s
2025-01-07 02:08:54.875 67487 INFO tempest.lib.common.rest_client [req-738865b9-dea9-45d9-aec7-b0f7b944f1da req-738865b9-dea9-45d9-aec7-b0f7b944f1da ] Request (ImagesOneServerNegativeTestJSON:_run_cleanups): 200 GET http://10.180.1.21/compute/v2.1/servers/c2f23eee-2b74-4839-9697-439a2d26ad64 0.069s
2025-01-07 02:08:54.894 67474 INFO tempest.lib.common.rest_client [req-af3a473c-6bc4-4d16-8643-98bad47e1055 req-af3a473c-6bc4-4d16-8643-98bad47e1055 ] Request (DeleteServersAdminTestJSON:tearDownClass): 404 DELETE http://10.180.1.21/compute/v2.1/servers/7b12acc4-d184-4130-980a-0c84c4c28617 0.022s
2025-01-07 02:08:54.916 67474 INFO tempest.lib.common.rest_client [req-d3dd049b-3f24-4e82-8973-557ad560d17d req-d3dd049b-3f24-4e82-8973-557ad560d17d ] Request (DeleteServersAdminTestJSON:tearDownClass): 404 GET http://10.180.1.21/compute/v2.1/servers/7b12acc4-d184-4130-980a-0c84c4c28617 0.021s
2025-01-07 02:08:54.988 67474 INFO tempest.lib.common.rest_client [req-9cf89f27-2133-4291-bdf0-54bc281009e9 req-9cf89f27-2133-4291-bdf0-54bc281009e9 ] Request (DeleteServersAdminTestJSON:tearDownClass): 204 DELETE http://10.180.1.21/identity/v3/users/af2439f1ce9547488cbcf4e49565f4f8 0.071s
2025-01-07 02:08:55.086 67474 INFO tempest.lib.common.rest_client [req-d153e768-6588-4b80-bb64-787c7314daaa req-d153e768-6588-4b80-bb64-787c7314daaa ] Request (DeleteServersAdminTestJSON:tearDownClass): 204 DELETE http://10.180.1.21/identity/v3/users/c0737571b6ba469184e1014c0dc0858c 0.098s
2025-01-07 02:08:55.086 67474 INFO tempest.lib.common.dynamic_creds [-] Deleting project and security group for project: 2f762635d92b47d6b4d51ec6385e7590
2025-01-07 02:08:55.152 67474 INFO tempest.lib.common.rest_client [req-9bc45944-7c61-44c2-a84d-7900c8c99c04 req-9bc45944-7c61-44c2-a84d-7900c8c99c04 ] Request (DeleteServersAdminTestJSON:tearDownClass): 201 POST http://10.180.1.21/identity/v3/auth/tokens 0.065s
2025-01-07 02:08:55.337 67472 INFO tempest.lib.common.rest_client [req-e5c1d998-3ab3-4866-a32a-08e8575cc36a req-e5c1d998-3ab3-4866-a32a-08e8575cc36a ] Request (ServerAddressesNegativeTestJSON:tearDownClass): 200 GET http://10.180.1.21/compute/v2.1/servers/00c37acb-b074-4eaf-8d07-061c3d0c6790 0.138s
2025-01-07 02:08:55.345 67476 INFO tempest.lib.common.rest_client [req-2d99d3e8-1b3d-4ddb-a17e-8cc72224d08d req-2d99d3e8-1b3d-4ddb-a17e-8cc72224d08d ] Request (MigrationsAdminTest:test_resize_server_revert_deleted_flavor): 200 GET http://10.180.1.21/compute/v2.1/servers/7b70aac3-1fd6-4956-8849-ebe6def4305e 0.090s
2025-01-07 02:08:55.352 67476 INFO tempest.common.waiters [-] State transition "BUILD/scheduling" ==> "BUILD/None" after 32 second wait
2025-01-07 02:08:55.401 67474 INFO tempest.lib.common.rest_client [req-27972e53-76c4-4025-8688-3d858a814784 req-27972e53-76c4-4025-8688-3d858a814784 ] Request (DeleteServersAdminTestJSON:tearDownClass): 200 GET http://10.180.1.21:9696/networking/v2.0/security-groups?tenant_id=2f762635d92b47d6b4d51ec6385e7590&name=default 0.249s
2025-01-07 02:08:55.403 67492 INFO tempest.lib.common.rest_client [req-0fd33a88-bc11-4b19-b36c-a98698f0eedb req-0fd33a88-bc11-4b19-b36c-a98698f0eedb ] Request (ServersAdminNegativeTestJSON:setUpClass): 200 GET http://10.180.1.21/compute/v2.1/servers/72d8c1c0-5d25-4619-8f1e-5fe06787a845 0.148s
2025-01-07 02:08:55.415 67510 INFO tempest.lib.common.rest_client [req-1de7dc5c-5cac-4e9f-bd32-785fa00484fd req-1de7dc5c-5cac-4e9f-bd32-785fa00484fd ] Request (DeleteServersTestJSON:test_delete_active_server): 200 GET http://10.180.1.21/compute/v2.1/servers/d37200db-e945-461a-84f5-beb632e9b4bd 0.113s
2025-01-07 02:08:55.465 67498 INFO tempest.lib.common.rest_client [req-6c1413c1-470c-4425-83c9-eb1fb6620d49 req-6c1413c1-470c-4425-83c9-eb1fb6620d49 ] Request (ServerRescueTestJSON:test_rescue_unrescue_instance): 200 GET http://10.180.1.21/compute/v2.1/servers/da9910e3-317e-4ca6-9a8c-478232b8d7dc 0.134s
2025-01-07 02:08:55.527 67518 INFO tempest.lib.common.rest_client [req-58332134-2c1d-482e-b910-ef49a4d5b55a req-58332134-2c1d-482e-b910-ef49a4d5b55a ] Request (ServerActionsTestJSON:setUpClass): 200 GET http://10.180.1.21/compute/v2.1/servers/efe841ea-ce8a-4b9a-98de-5533729488dd 0.085s
2025-01-07 02:08:55.553 67474 INFO tempest.lib.common.rest_client [req-5ba0d55c-611c-4e9d-bcbf-eb256fa86700 req-5ba0d55c-611c-4e9d-bcbf-eb256fa86700 ] Request (DeleteServersAdminTestJSON:tearDownClass): 204 DELETE http://10.180.1.21:9696/networking/v2.0/security-groups/cf8caaef-5929-4191-aa12-3df84312d4dc 0.151s
2025-01-07 02:08:55.586 67528 INFO tempest.lib.common.rest_client [req-0c7f76a8-c1e4-4f1e-ad2e-9c70c9f20d1b req-0c7f76a8-c1e4-4f1e-ad2e-9c70c9f20d1b ] Request (ImagesOneServerTestJSON:setUpClass): 200 GET http://10.180.1.21/compute/v2.1/servers/049f2126-5f66-4e66-a334-13e33b27b152 0.164s
2025-01-07 02:08:55.613 67500 INFO tempest.lib.common.rest_client [req-ec70fcf7-bf60-47ad-bc22-8bce279665e8 req-ec70fcf7-bf60-47ad-bc22-8bce279665e8 ] Request (ServersAdminTestJSON:test_inject_network_info): 200 GET http://10.180.1.21/compute/v2.1/servers/14f1c8b1-77f4-46f1-ba73-5ae24e9cc721 0.144s
2025-01-07 02:08:55.640 67474 INFO tempest.lib.common.rest_client [req-f12ac19c-2452-4ba2-a473-e13198cccdb6 req-f12ac19c-2452-4ba2-a473-e13198cccdb6 ] Request (DeleteServersAdminTestJSON:tearDownClass): 204 DELETE http://10.180.1.21/identity/v3/projects/2f762635d92b47d6b4d51ec6385e7590 0.086s
2025-01-07 02:08:55.640 67474 INFO tempest.lib.common.dynamic_creds [-] Deleting project and security group for project: 22be589020e945b2989f2b42dcf7c269
2025-01-07 02:08:55.647 67484 INFO tempest.lib.common.rest_client [req-e8cdec13-9462-4c39-8d5c-b5971a956b14 req-e8cdec13-9462-4c39-8d5c-b5971a956b14 ] Request (ServerDiagnosticsV248Test:tearDownClass): 200 GET http://10.180.1.21/compute/v2.1/servers/33c1ec6e-a5a5-459e-a89f-a5198d0f9c78 0.122s
2025-01-07 02:08:55.686 67474 INFO tempest.lib.common.rest_client [req-d7cbed93-8669-464d-a1d1-e973cf0b7f73 req-d7cbed93-8669-464d-a1d1-e973cf0b7f73 ] Request (DeleteServersAdminTestJSON:tearDownClass): 200 GET http://10.180.1.21:9696/networking/v2.0/security-groups?tenant_id=22be589020e945b2989f2b42dcf7c269&name=default 0.046s
2025-01-07 02:08:55.689 67470 INFO tempest.lib.common.rest_client [req-cc73f866-6f67-4a81-90d6-ea7638c9e398 req-cc73f866-6f67-4a81-90d6-ea7638c9e398 ] Request (ListImageFiltersTestJSON:setUpClass): 200 GET http://10.180.1.21/compute/v2.1/images/071e1982-f439-4661-9a7c-a4a1e1413cf8 0.111s
2025-01-07 02:08:55.756 67526 INFO tempest.lib.common.rest_client [req-29e8eec3-82cc-40cd-aeef-852397deb1d0 req-29e8eec3-82cc-40cd-aeef-852397deb1d0 ] Request (ServerAddressesTestJSON:setUpClass): 200 GET http://10.180.1.21/compute/v2.1/servers/1aff8092-0b9e-4eb3-9a0e-7ae7a95c0e5c 0.128s
2025-01-07 02:08:55.759 67503 INFO tempest.lib.common.rest_client [req-ca7f459d-963f-4177-9cda-f98ccadbeb5e req-ca7f459d-963f-4177-9cda-f98ccadbeb5e ] Request (InstanceActionsTestJSON:test_list_instance_actions): 200 GET http://10.180.1.21/compute/v2.1/servers/8f3d1be0-6146-4455-a6f8-55ab6a96a077 0.212s
2025-01-07 02:08:55.801 67474 INFO tempest.lib.common.rest_client [req-e03a40b4-1170-40a0-bf00-fbeeda514905 req-e03a40b4-1170-40a0-bf00-fbeeda514905 ] Request (DeleteServersAdminTestJSON:tearDownClass): 204 DELETE http://10.180.1.21:9696/networking/v2.0/security-groups/9325aa34-de76-4ec1-953c-e4e11d28364f 0.114s
2025-01-07 02:08:55.824 67494 INFO tempest.lib.common.rest_client [req-861e9ec6-935a-461c-8ef1-7a8f9cc5396d req-861e9ec6-935a-461c-8ef1-7a8f9cc5396d ] Request (ServerRescueNegativeTestJSON:setUpClass): 200 GET http://10.180.1.21/compute/v2.1/servers/a7992c09-2881-4d70-b5a8-5071eb619d12 0.143s
2025-01-07 02:08:55.893 67468 INFO tempest.lib.common.rest_client [req-5306fbfa-f38e-47a9-bffe-f92f657ead6f req-5306fbfa-f38e-47a9-bffe-f92f657ead6f ] Request (TenantUsagesTestJSON:tearDownClass): 200 GET http://10.180.1.21/compute/v2.1/servers/86cedaef-793d-47ea-a77e-67da0776a0e6 0.158s
2025-01-07 02:08:55.896 67482 INFO tempest.lib.common.rest_client [req-a9d3b986-c2ea-4545-9229-2a5f3310038e req-a9d3b986-c2ea-4545-9229-2a5f3310038e ] Request (ImagesTestJSON:test_create_image_from_stopped_server): 200 GET http://10.180.1.21/compute/v2.1/servers/ac966fff-88e8-4fd3-925f-0e6195c1c940 0.229s
2025-01-07 02:08:55.920 67474 INFO tempest.lib.common.rest_client [req-a5d60e3e-f509-4988-84fc-0652bf50643c req-a5d60e3e-f509-4988-84fc-0652bf50643c ] Request (DeleteServersAdminTestJSON:tearDownClass): 204 DELETE http://10.180.1.21/identity/v3/projects/22be589020e945b2989f2b42dcf7c269 0.118s
2025-01-07 02:08:55.954 67508 INFO tempest.lib.common.rest_client [req-4b9f1af1-7060-4809-8045-0e1146ff417c req-4b9f1af1-7060-4809-8045-0e1146ff417c ] Request (ServersTestMultiNic:test_verify_multiple_nics_order): 200 GET http://10.180.1.21/compute/v2.1/servers/7d040a2f-df58-48ee-bb68-8a9e59e97364 0.164s
2025-01-07 02:08:55.963 67490 INFO tempest.lib.common.rest_client [req-045536a0-7766-4298-984a-f74010076f27 req-045536a0-7766-4298-984a-f74010076f27 ] Request (MultipleCreateTestJSON:test_multiple_create_with_reservation_return): 200 GET http://10.180.1.21/compute/v2.1/servers/1993cbe1-7d91-42d7-85ab-fae419cedef7 0.227s
2025-01-07 02:08:55.998 67474 INFO tempest.lib.common.rest_client [req-cbb0bc0f-1464-4fea-aa2e-0b2ffdb69e4e req-cbb0bc0f-1464-4fea-aa2e-0b2ffdb69e4e ] Request (ServersAdmin275Test:setUpClass): 201 POST http://10.180.1.21/identity/v3/auth/tokens 0.076s
2025-01-07 02:08:56.027 67516 INFO tempest.lib.common.rest_client [req-a9653b95-6ce9-480e-9bae-5640b270553a req-a9653b95-6ce9-480e-9bae-5640b270553a ] Request (FloatingIPsAssociationTestJSON:tearDownClass): 200 GET http://10.180.1.21/compute/v2.1/servers/14dbda85-7017-4a43-87a8-36e96f048b49 0.232s
2025-01-07 02:08:56.027 67530 INFO tempest.lib.common.rest_client [req-b113e794-7f41-48c7-824b-a13452abd2cf req-b113e794-7f41-48c7-824b-a13452abd2cf ] Request (ServerDiagnosticsTest:tearDownClass): 200 GET http://10.180.1.21/compute/v2.1/servers/93e02b4d-b5b1-454e-89a4-f5f735cef950 0.173s
2025-01-07 02:08:56.043 67474 INFO tempest.lib.common.rest_client [req-ac7ee18a-4a03-41a1-b88a-7e9bbcbe34d9 req-ac7ee18a-4a03-41a1-b88a-7e9bbcbe34d9 ] Request (ServersAdmin275Test:setUpClass): 201 POST http://10.180.1.21/identity/v3/auth/tokens 0.043s
2025-01-07 02:08:56.067 67474 INFO tempest.lib.common.rest_client [req-e160b701-be9a-4828-83e0-2e101d71f36a req-e160b701-be9a-4828-83e0-2e101d71f36a ] Request (ServersAdmin275Test:setUpClass): 200 GET http://10.180.1.21/identity/v3/domains?name=Default 0.024s
2025-01-07 02:08:56.074 67487 INFO tempest.lib.common.rest_client [req-87cf412f-17a4-46a0-a76d-b89665a3c0f7 req-87cf412f-17a4-46a0-a76d-b89665a3c0f7 ] Request (ImagesOneServerNegativeTestJSON:_run_cleanups): 200 GET http://10.180.1.21/compute/v2.1/servers/c2f23eee-2b74-4839-9697-439a2d26ad64 0.193s
2025-01-07 02:08:56.094 67474 INFO tempest.lib.common.rest_client [req-f6d95862-b458-4be6-a0df-70a0d2eeae27 req-f6d95862-b458-4be6-a0df-70a0d2eeae27 ] Request (ServersAdmin275Test:setUpClass): 201 POST http://10.180.1.21/identity/v3/projects 0.026s
2025-01-07 02:08:56.149 67474 INFO tempest.lib.common.rest_client [req-2bd2b2f2-9b54-43c9-bcbd-d0596d2872ef req-2bd2b2f2-9b54-43c9-bcbd-d0596d2872ef ] Request (ServersAdmin275Test:setUpClass): 201 POST http://10.180.1.21/identity/v3/users 0.054s
2025-01-07 02:08:56.173 67474 INFO tempest.lib.common.rest_client [req-53c17b98-84d5-475e-bf9d-a4fadcdb2d96 req-53c17b98-84d5-475e-bf9d-a4fadcdb2d96 ] Request (ServersAdmin275Test:setUpClass): 200 GET http://10.180.1.21/identity/v3/roles 0.024s
2025-01-07 02:08:56.202 67474 INFO tempest.lib.common.rest_client [req-d9fdffcc-ea95-431a-888f-d873439c6591 req-d9fdffcc-ea95-431a-888f-d873439c6591 ] Request (ServersAdmin275Test:setUpClass): 204 PUT http://10.180.1.21/identity/v3/projects/306475c28df345c399a6df3322a2b392/users/83b676dd86084c5c8590434955d2185a/roles/2a94559af65d4bc9aefd5a790849559b 0.029s
2025-01-07 02:08:56.203 67474 INFO tempest.lib.common.dynamic_creds [-] Dynamic test user 83b676dd86084c5c8590434955d2185a is created with scope project and roles: ['member']
2025-01-07 02:08:56.203 67474 INFO tempest.lib.common.dynamic_creds [-] Acquired dynamic creds: credentials: Credentials: {'domain_id': 'default', 'domain_name': 'Default', 'username': 'tempest-ServersAdmin275Test-2028993539-project-member', 'project_domain_id': 'default', 'project_domain_name': 'Default', 'project_id': '306475c28df345c399a6df3322a2b392', 'project_name': 'tempest-ServersAdmin275Test-2028993539', 'tenant_id': '306475c28df345c399a6df3322a2b392', 'tenant_name': 'tempest-ServersAdmin275Test-2028993539', 'user_domain_id': 'default', 'user_domain_name': 'Default', 'user_id': '83b676dd86084c5c8590434955d2185a', 'system': None}, Network: None, Subnet: None, Router: None
2025-01-07 02:08:56.203 67474 INFO tempest.lib.common.dynamic_creds [-] Created isolated network resources for: credentials: Credentials: {'domain_id': 'default', 'domain_name': 'Default', 'username': 'tempest-ServersAdmin275Test-2028993539-project-member', 'project_domain_id': 'default', 'project_domain_name': 'Default', 'project_id': '306475c28df345c399a6df3322a2b392', 'project_name': 'tempest-ServersAdmin275Test-2028993539', 'tenant_id': '306475c28df345c399a6df3322a2b392', 'tenant_name': 'tempest-ServersAdmin275Test-2028993539', 'user_domain_id': 'default', 'user_domain_name': 'Default', 'user_id': '83b676dd86084c5c8590434955d2185a', 'system': None}, Network: None, Subnet: None, Router: None
2025-01-07 02:08:56.268 67474 INFO tempest.lib.common.rest_client [req-597b6b4d-c3cf-4c1f-9991-d81863796b31 req-597b6b4d-c3cf-4c1f-9991-d81863796b31 ] Request (ServersAdmin275Test:setUpClass): 201 POST http://10.180.1.21/identity/v3/auth/tokens 0.061s
2025-01-07 02:08:56.324 67474 INFO tempest.lib.common.rest_client [req-22b688fd-8a1c-4646-b476-7eec27ed6541 req-22b688fd-8a1c-4646-b476-7eec27ed6541 ] Request (ServersAdmin275Test:setUpClass): 201 POST http://10.180.1.21/identity/v3/projects 0.056s
2025-01-07 02:08:56.387 67474 INFO tempest.lib.common.rest_client [req-246e431b-c6f9-459e-b690-26b52327c6c9 req-246e431b-c6f9-459e-b690-26b52327c6c9 ] Request (ServersAdmin275Test:setUpClass): 201 POST http://10.180.1.21/identity/v3/users 0.062s
2025-01-07 02:08:56.397 67472 INFO tempest.lib.common.rest_client [req-3bf98135-a6c3-4d35-b5f4-412b395730d0 req-3bf98135-a6c3-4d35-b5f4-412b395730d0 ] Request (ServerAddressesNegativeTestJSON:tearDownClass): 200 GET http://10.180.1.21/compute/v2.1/servers/00c37acb-b074-4eaf-8d07-061c3d0c6790 0.052s
2025-01-07 02:08:56.406 67474 INFO tempest.lib.common.rest_client [req-6dcb4617-6065-4184-bbd9-5a5c1e19ae35 req-6dcb4617-6065-4184-bbd9-5a5c1e19ae35 ] Request (ServersAdmin275Test:setUpClass): 200 GET http://10.180.1.21/identity/v3/roles 0.019s
2025-01-07 02:08:56.407 67476 INFO tempest.lib.common.rest_client [req-2087d2f8-4a6c-416b-9049-05f15ef12df9 req-2087d2f8-4a6c-416b-9049-05f15ef12df9 ] Request (MigrationsAdminTest:test_resize_server_revert_deleted_flavor): 200 GET http://10.180.1.21/compute/v2.1/servers/7b70aac3-1fd6-4956-8849-ebe6def4305e 0.053s
2025-01-07 02:08:56.432 67474 INFO tempest.lib.common.rest_client [req-c9d9f651-b0f1-45ba-ba09-60a21aa14a33 req-c9d9f651-b0f1-45ba-ba09-60a21aa14a33 ] Request (ServersAdmin275Test:setUpClass): 204 PUT http://10.180.1.21/identity/v3/projects/3ed539b2d3ad42efb6d10d55cd81bb45/users/038fbe0152594150bd8b85f370854945/roles/b7feedf4b7ad49248864cb7c0ef58e09 0.025s
2025-01-07 02:08:56.463 67492 INFO tempest.lib.common.rest_client [req-8b3f543b-9c46-47bc-957e-1c079dbc8ef1 req-8b3f543b-9c46-47bc-957e-1c079dbc8ef1 ] Request (ServersAdminNegativeTestJSON:setUpClass): 200 GET http://10.180.1.21/compute/v2.1/servers/72d8c1c0-5d25-4619-8f1e-5fe06787a845 0.051s
2025-01-07 02:08:56.481 67510 INFO tempest.lib.common.rest_client [req-edc66d7c-ea01-4e71-8642-193262f5c3bb req-edc66d7c-ea01-4e71-8642-193262f5c3bb ] Request (DeleteServersTestJSON:test_delete_active_server): 200 GET http://10.180.1.21/compute/v2.1/servers/d37200db-e945-461a-84f5-beb632e9b4bd 0.049s
2025-01-07 02:08:56.483 67474 INFO tempest.lib.common.rest_client [req-bedc8102-6324-47c6-99c6-5d5d3c7f5e32 req-bedc8102-6324-47c6-99c6-5d5d3c7f5e32 ] Request (ServersAdmin275Test:setUpClass): 200 GET http://10.180.1.21/identity/v3/roles 0.051s
2025-01-07 02:08:56.502 67474 INFO tempest.lib.common.rest_client [req-3fe77ff8-843b-48da-a483-6da1c4d3c0d5 req-3fe77ff8-843b-48da-a483-6da1c4d3c0d5 ] Request (ServersAdmin275Test:setUpClass): 204 PUT http://10.180.1.21/identity/v3/projects/3ed539b2d3ad42efb6d10d55cd81bb45/users/038fbe0152594150bd8b85f370854945/roles/b7feedf4b7ad49248864cb7c0ef58e09 0.019s
2025-01-07 02:08:56.502 67474 INFO tempest.lib.common.dynamic_creds [-] Dynamic test user 038fbe0152594150bd8b85f370854945 is created with scope project and roles: ['admin']
2025-01-07 02:08:56.503 67474 INFO tempest.lib.common.dynamic_creds [-] Acquired dynamic creds: credentials: Credentials: {'domain_id': 'default', 'domain_name': 'Default', 'username': 'tempest-ServersAdmin275Test-1692451999-project-admin', 'project_domain_id': 'default', 'project_domain_name': 'Default', 'project_id': '3ed539b2d3ad42efb6d10d55cd81bb45', 'project_name': 'tempest-ServersAdmin275Test-1692451999', 'tenant_id': '3ed539b2d3ad42efb6d10d55cd81bb45', 'tenant_name': 'tempest-ServersAdmin275Test-1692451999', 'user_domain_id': 'default', 'user_domain_name': 'Default', 'user_id': '038fbe0152594150bd8b85f370854945', 'system': None}, Network: None, Subnet: None, Router: None
2025-01-07 02:08:56.503 67474 INFO tempest.lib.common.dynamic_creds [-] Created isolated network resources for: credentials: Credentials: {'domain_id': 'default', 'domain_name': 'Default', 'username': 'tempest-ServersAdmin275Test-1692451999-project-admin', 'project_domain_id': 'default', 'project_domain_name': 'Default', 'project_id': '3ed539b2d3ad42efb6d10d55cd81bb45', 'project_name': 'tempest-ServersAdmin275Test-1692451999', 'tenant_id': '3ed539b2d3ad42efb6d10d55cd81bb45', 'tenant_name': 'tempest-ServersAdmin275Test-1692451999', 'user_domain_id': 'default', 'user_domain_name': 'Default', 'user_id': '038fbe0152594150bd8b85f370854945', 'system': None}, Network: None, Subnet: None, Router: None
2025-01-07 02:08:56.523 67498 INFO tempest.lib.common.rest_client [req-c1e2ea3f-4889-4afa-8294-2f7939778082 req-c1e2ea3f-4889-4afa-8294-2f7939778082 ] Request (ServerRescueTestJSON:test_rescue_unrescue_instance): 200 GET http://10.180.1.21/compute/v2.1/servers/da9910e3-317e-4ca6-9a8c-478232b8d7dc 0.050s
2025-01-07 02:08:56.570 67474 INFO tempest.lib.common.rest_client [req-5e5e3240-68bb-4944-81a2-3471388e17b5 req-5e5e3240-68bb-4944-81a2-3471388e17b5 ] Request (ServersAdmin275Test:setUpClass): 201 POST http://10.180.1.21/identity/v3/auth/tokens 0.063s
2025-01-07 02:08:56.585 67518 INFO tempest.lib.common.rest_client [req-c053c413-35e3-4a9f-a7ab-53f945e1ee8d req-c053c413-35e3-4a9f-a7ab-53f945e1ee8d ] Request (ServerActionsTestJSON:setUpClass): 200 GET http://10.180.1.21/compute/v2.1/servers/efe841ea-ce8a-4b9a-98de-5533729488dd 0.050s
2025-01-07 02:08:56.623 67474 INFO tempest.lib.common.rest_client [req-f1955ee5-b099-403b-ac33-4ff1760c28bd req-f1955ee5-b099-403b-ac33-4ff1760c28bd ] Request (ServersAdmin275Test:test_rebuild_update_server_275): 201 POST http://10.180.1.21/identity/v3/auth/tokens 0.049s
2025-01-07 02:08:56.624 67474 INFO tempest.lib.common.fixed_network [-] (ServersAdmin275Test:test_rebuild_update_server_275) Found network None available for tenant
2025-01-07 02:08:56.687 67500 INFO tempest.lib.common.rest_client [req-7bf44569-3492-41fc-8a09-829fcfd7339d req-7bf44569-3492-41fc-8a09-829fcfd7339d ] Request (ServersAdminTestJSON:test_inject_network_info): 200 GET http://10.180.1.21/compute/v2.1/servers/14f1c8b1-77f4-46f1-ba73-5ae24e9cc721 0.066s
2025-01-07 02:08:56.703 67528 INFO tempest.lib.common.rest_client [req-cd3b2b6c-75b8-4dbe-ad36-efe4bd9dfd9b req-cd3b2b6c-75b8-4dbe-ad36-efe4bd9dfd9b ] Request (ImagesOneServerTestJSON:setUpClass): 200 GET http://10.180.1.21/compute/v2.1/servers/049f2126-5f66-4e66-a334-13e33b27b152 0.107s
2025-01-07 02:08:56.761 67484 INFO tempest.lib.common.rest_client [req-c71cfaab-80b4-4ab6-b344-eb069f0263f5 req-c71cfaab-80b4-4ab6-b344-eb069f0263f5 ] Request (ServerDiagnosticsV248Test:tearDownClass): 200 GET http://10.180.1.21/compute/v2.1/servers/33c1ec6e-a5a5-459e-a89f-a5198d0f9c78 0.103s
2025-01-07 02:08:56.789 67522 WARNING tempest.lib.common.ssh [-] Failed to establish authenticated ssh connection to cirros@10.180.180.145 ([Errno None] Unable to connect to port 22 on 10.180.180.145). Number attempts: 1. Retry after 2 seconds.: paramiko.ssh_exception.NoValidConnectionsError: [Errno None] Unable to connect to port 22 on 10.180.180.145
2025-01-07 02:08:56.805 67470 INFO tempest.lib.common.rest_client [req-c224a510-3b1b-4e24-9cda-afac86a946df req-c224a510-3b1b-4e24-9cda-afac86a946df ] Request (ListImageFiltersTestJSON:setUpClass): 200 GET http://10.180.1.21/compute/v2.1/images/071e1982-f439-4661-9a7c-a4a1e1413cf8 0.113s
2025-01-07 02:08:56.855 67526 INFO tempest.lib.common.rest_client [req-40669a2d-ff6d-4b9b-a4c0-2644cd0e776f req-40669a2d-ff6d-4b9b-a4c0-2644cd0e776f ] Request (ServerAddressesTestJSON:setUpClass): 200 GET http://10.180.1.21/compute/v2.1/servers/1aff8092-0b9e-4eb3-9a0e-7ae7a95c0e5c 0.090s
2025-01-07 02:08:56.873 67474 INFO tempest.lib.common.rest_client [req-bbe4733c-e3a6-4e4e-a4e7-6717ce15fe88 req-bbe4733c-e3a6-4e4e-a4e7-6717ce15fe88 ] Request (ServersAdmin275Test:test_rebuild_update_server_275): 202 POST http://10.180.1.21/compute/v2.1/servers 0.248s
2025-01-07 02:08:56.942 67494 INFO tempest.lib.common.rest_client [req-cafbd384-d945-4576-89d9-ac083d793921 req-cafbd384-d945-4576-89d9-ac083d793921 ] Request (ServerRescueNegativeTestJSON:setUpClass): 200 GET http://10.180.1.21/compute/v2.1/servers/a7992c09-2881-4d70-b5a8-5071eb619d12 0.105s
2025-01-07 02:08:56.975 67503 INFO tempest.lib.common.rest_client [req-16a718fc-cb78-4d1f-ae39-66b66a2f60fe req-16a718fc-cb78-4d1f-ae39-66b66a2f60fe ] Request (InstanceActionsTestJSON:test_list_instance_actions): 200 GET http://10.180.1.21/compute/v2.1/servers/8f3d1be0-6146-4455-a6f8-55ab6a96a077 0.208s
2025-01-07 02:08:57.000 67474 INFO tempest.lib.common.rest_client [req-66055649-c3e0-470a-aace-08e837e58b66 req-66055649-c3e0-470a-aace-08e837e58b66 ] Request (ServersAdmin275Test:test_rebuild_update_server_275): 200 PUT http://10.180.1.21/compute/v2.1/servers/da50c4b4-e9b4-447f-95f4-479356451a22 0.125s
2025-01-07 02:08:57.038 67468 INFO tempest.lib.common.rest_client [req-371fc536-43ae-48ab-8b32-0e317243f55d req-371fc536-43ae-48ab-8b32-0e317243f55d ] Request (TenantUsagesTestJSON:tearDownClass): 200 GET http://10.180.1.21/compute/v2.1/servers/86cedaef-793d-47ea-a77e-67da0776a0e6 0.138s
2025-01-07 02:08:57.096 67508 INFO tempest.lib.common.rest_client [req-b9b3fc08-5902-415b-9409-490beec3fb89 req-b9b3fc08-5902-415b-9409-490beec3fb89 ] Request (ServersTestMultiNic:test_verify_multiple_nics_order): 200 GET http://10.180.1.21/compute/v2.1/servers/7d040a2f-df58-48ee-bb68-8a9e59e97364 0.134s
2025-01-07 02:08:57.106 67482 INFO tempest.lib.common.rest_client [req-ec64f225-3e8c-43a4-bd73-6498eb7fb3c5 req-ec64f225-3e8c-43a4-bd73-6498eb7fb3c5 ] Request (ImagesTestJSON:test_create_image_from_stopped_server): 200 GET http://10.180.1.21/compute/v2.1/servers/ac966fff-88e8-4fd3-925f-0e6195c1c940 0.203s
2025-01-07 02:08:57.156 67490 INFO tempest.lib.common.rest_client [req-b08f632d-7a00-4b2d-bd06-80f1761b466f req-b08f632d-7a00-4b2d-bd06-80f1761b466f ] Request (MultipleCreateTestJSON:test_multiple_create_with_reservation_return): 200 GET http://10.180.1.21/compute/v2.1/servers/1993cbe1-7d91-42d7-85ab-fae419cedef7 0.186s
2025-01-07 02:08:57.158 67474 INFO tempest.lib.common.rest_client [req-efc23ca7-6dca-411e-acf8-ecfde6f96b14 req-efc23ca7-6dca-411e-acf8-ecfde6f96b14 ] Request (ServersAdmin275Test:test_rebuild_update_server_275): 200 GET http://10.180.1.21/compute/v2.1/servers/da50c4b4-e9b4-447f-95f4-479356451a22 0.149s
2025-01-07 02:08:57.217 67516 INFO tempest.lib.common.rest_client [req-4f0b0f8f-f24c-46d3-9ea8-76c8b63e5aeb req-4f0b0f8f-f24c-46d3-9ea8-76c8b63e5aeb ] Request (FloatingIPsAssociationTestJSON:tearDownClass): 200 GET http://10.180.1.21/compute/v2.1/servers/14dbda85-7017-4a43-87a8-36e96f048b49 0.183s
2025-01-07 02:08:57.236 67530 INFO tempest.lib.common.rest_client [req-a0e1d61a-350e-4e0c-9506-c5f2f510264a req-a0e1d61a-350e-4e0c-9506-c5f2f510264a ] Request (ServerDiagnosticsTest:tearDownClass): 200 GET http://10.180.1.21/compute/v2.1/servers/93e02b4d-b5b1-454e-89a4-f5f735cef950 0.201s
2025-01-07 02:08:57.265 67487 INFO tempest.lib.common.rest_client [req-d747f8da-c0cc-4098-9fb3-d97392ba2c92 req-d747f8da-c0cc-4098-9fb3-d97392ba2c92 ] Request (ImagesOneServerNegativeTestJSON:_run_cleanups): 200 GET http://10.180.1.21/compute/v2.1/servers/c2f23eee-2b74-4839-9697-439a2d26ad64 0.184s
2025-01-07 02:08:57.473 67476 INFO tempest.lib.common.rest_client [req-861cb525-35ef-4e4f-984f-b7d467a55ad0 req-861cb525-35ef-4e4f-984f-b7d467a55ad0 ] Request (MigrationsAdminTest:test_resize_server_revert_deleted_flavor): 200 GET http://10.180.1.21/compute/v2.1/servers/7b70aac3-1fd6-4956-8849-ebe6def4305e 0.059s
2025-01-07 02:08:57.475 67472 INFO tempest.lib.common.rest_client [req-a558ef24-7c0a-466c-9fa9-c2a456c3a205 req-a558ef24-7c0a-466c-9fa9-c2a456c3a205 ] Request (ServerAddressesNegativeTestJSON:tearDownClass): 200 GET http://10.180.1.21/compute/v2.1/servers/00c37acb-b074-4eaf-8d07-061c3d0c6790 0.071s
2025-01-07 02:08:57.482 67472 INFO tempest.common.waiters [-] State transition "ACTIVE/deleting" ==> "DELETED/None" after 4 second wait
2025-01-07 02:08:57.520 67492 INFO tempest.lib.common.rest_client [req-c5e76a4d-df29-4d4c-97b0-1fabb6361610 req-c5e76a4d-df29-4d4c-97b0-1fabb6361610 ] Request (ServersAdminNegativeTestJSON:setUpClass): 200 GET http://10.180.1.21/compute/v2.1/servers/72d8c1c0-5d25-4619-8f1e-5fe06787a845 0.050s
2025-01-07 02:08:57.527 67492 INFO tempest.common.waiters [-] State transition "BUILD/None" ==> "BUILD/networking" after 64 second wait
2025-01-07 02:08:57.538 67510 INFO tempest.lib.common.rest_client [req-6b504c9b-c342-4cfd-ad64-1a2734a68134 req-6b504c9b-c342-4cfd-ad64-1a2734a68134 ] Request (DeleteServersTestJSON:test_delete_active_server): 200 GET http://10.180.1.21/compute/v2.1/servers/d37200db-e945-461a-84f5-beb632e9b4bd 0.050s
2025-01-07 02:08:57.582 67498 INFO tempest.lib.common.rest_client [req-689e5d1f-d639-46e6-a323-ca0726eb2bc3 req-689e5d1f-d639-46e6-a323-ca0726eb2bc3 ] Request (ServerRescueTestJSON:test_rescue_unrescue_instance): 200 GET http://10.180.1.21/compute/v2.1/servers/da9910e3-317e-4ca6-9a8c-478232b8d7dc 0.048s
2025-01-07 02:08:57.639 67518 INFO tempest.lib.common.rest_client [req-70af9c99-e173-4cf1-a558-1816087101c4 req-70af9c99-e173-4cf1-a558-1816087101c4 ] Request (ServerActionsTestJSON:setUpClass): 200 GET http://10.180.1.21/compute/v2.1/servers/efe841ea-ce8a-4b9a-98de-5533729488dd 0.048s
2025-01-07 02:08:57.756 67500 INFO tempest.lib.common.rest_client [req-efc1cdc5-9150-492e-b2d6-ced650c47805 req-efc1cdc5-9150-492e-b2d6-ced650c47805 ] Request (ServersAdminTestJSON:test_inject_network_info): 200 GET http://10.180.1.21/compute/v2.1/servers/14f1c8b1-77f4-46f1-ba73-5ae24e9cc721 0.062s
2025-01-07 02:08:57.854 67484 INFO tempest.lib.common.rest_client [req-dca7a8f2-7913-46cf-b707-46f0ad5058b5 req-dca7a8f2-7913-46cf-b707-46f0ad5058b5 ] Request (ServerDiagnosticsV248Test:tearDownClass): 200 GET http://10.180.1.21/compute/v2.1/servers/33c1ec6e-a5a5-459e-a89f-a5198d0f9c78 0.084s
2025-01-07 02:08:57.862 67484 INFO tempest.common.waiters [-] State transition "ACTIVE/deleting" ==> "DELETED/None" after 4 second wait
2025-01-07 02:08:57.891 67470 INFO tempest.lib.common.rest_client [req-970a5f86-f73f-4ef8-8370-9cb82511965a req-970a5f86-f73f-4ef8-8370-9cb82511965a ] Request (ListImageFiltersTestJSON:setUpClass): 200 GET http://10.180.1.21/compute/v2.1/images/071e1982-f439-4661-9a7c-a4a1e1413cf8 0.082s
2025-01-07 02:08:57.900 67528 INFO tempest.lib.common.rest_client [req-0f8a9e83-82f9-41df-b73c-34a1efc0814f req-0f8a9e83-82f9-41df-b73c-34a1efc0814f ] Request (ImagesOneServerTestJSON:setUpClass): 200 GET http://10.180.1.21/compute/v2.1/servers/049f2126-5f66-4e66-a334-13e33b27b152 0.190s
2025-01-07 02:08:57.945 67470 INFO tempest.lib.common.rest_client [req-a5e4b5d5-29da-46df-b27a-8149d3f2c113 req-a5e4b5d5-29da-46df-b27a-8149d3f2c113 ] Request (ListImageFiltersTestJSON:setUpClass): 200 GET http://10.180.1.21/compute/v2.1/images/071e1982-f439-4661-9a7c-a4a1e1413cf8 0.048s
2025-01-07 02:08:57.947 67526 INFO tempest.lib.common.rest_client [req-d5037143-1299-414a-bf97-4985d86c789f req-d5037143-1299-414a-bf97-4985d86c789f ] Request (ServerAddressesTestJSON:setUpClass): 200 GET http://10.180.1.21/compute/v2.1/servers/1aff8092-0b9e-4eb3-9a0e-7ae7a95c0e5c 0.085s
2025-01-07 02:08:58.019 67494 INFO tempest.lib.common.rest_client [req-1efcc361-2190-4b55-a308-17a7729b2ee8 req-1efcc361-2190-4b55-a308-17a7729b2ee8 ] Request (ServerRescueNegativeTestJSON:setUpClass): 200 GET http://10.180.1.21/compute/v2.1/servers/a7992c09-2881-4d70-b5a8-5071eb619d12 0.069s
2025-01-07 02:08:58.180 67470 INFO tempest.lib.common.rest_client [req-b8412ed7-fda6-46b3-bb09-ae7feb740578 req-b8412ed7-fda6-46b3-bb09-ae7feb740578 ] Request (ListImageFiltersTestJSON:setUpClass): 200 GET http://10.180.1.21/compute/v2.1/servers/bef0ccb3-04e4-450e-8042-a433504278b2 0.231s
2025-01-07 02:08:58.243 67468 INFO tempest.lib.common.rest_client [req-1e9910ad-ea89-4f4e-a448-3dca72ffd8f6 req-1e9910ad-ea89-4f4e-a448-3dca72ffd8f6 ] Request (TenantUsagesTestJSON:tearDownClass): 200 GET http://10.180.1.21/compute/v2.1/servers/86cedaef-793d-47ea-a77e-67da0776a0e6 0.198s
2025-01-07 02:08:58.248 67503 INFO tempest.lib.common.rest_client [req-d24ba580-25d5-4233-8037-e27b0007da3c req-d24ba580-25d5-4233-8037-e27b0007da3c ] Request (InstanceActionsTestJSON:test_list_instance_actions): 200 GET http://10.180.1.21/compute/v2.1/servers/8f3d1be0-6146-4455-a6f8-55ab6a96a077 0.264s
2025-01-07 02:08:58.254 67503 INFO tempest.common.waiters [-] State transition "HARD_REBOOT/rebooting_hard" ==> "HARD_REBOOT/reboot_started_hard" after 4 second wait
2025-01-07 02:08:58.310 67508 INFO tempest.lib.common.rest_client [req-beb2c194-bf46-4992-a07d-12734e2703e7 req-beb2c194-bf46-4992-a07d-12734e2703e7 ] Request (ServersTestMultiNic:test_verify_multiple_nics_order): 200 GET http://10.180.1.21/compute/v2.1/servers/7d040a2f-df58-48ee-bb68-8a9e59e97364 0.207s
2025-01-07 02:08:58.364 67490 INFO tempest.lib.common.rest_client [req-fcd15339-2f92-468f-99e3-da8b6bf5e117 req-fcd15339-2f92-468f-99e3-da8b6bf5e117 ] Request (MultipleCreateTestJSON:test_multiple_create_with_reservation_return): 200 GET http://10.180.1.21/compute/v2.1/servers/1993cbe1-7d91-42d7-85ab-fae419cedef7 0.202s
2025-01-07 02:08:58.394 67482 INFO tempest.lib.common.rest_client [req-098b52b9-fe80-4c72-9c93-dc7a9f41238f req-098b52b9-fe80-4c72-9c93-dc7a9f41238f ] Request (ImagesTestJSON:test_create_image_from_stopped_server): 200 GET http://10.180.1.21/compute/v2.1/servers/ac966fff-88e8-4fd3-925f-0e6195c1c940 0.281s
2025-01-07 02:08:58.429 67474 INFO tempest.lib.common.rest_client [req-d1169702-c9a0-41a6-8681-bac538e7db23 req-d1169702-c9a0-41a6-8681-bac538e7db23 ] Request (ServersAdmin275Test:test_rebuild_update_server_275): 200 GET http://10.180.1.21/compute/v2.1/servers/da50c4b4-e9b4-447f-95f4-479356451a22 0.261s
2025-01-07 02:08:58.458 67516 INFO tempest.lib.common.rest_client [req-40c81129-3264-4c61-9945-a55b9c858a1c req-40c81129-3264-4c61-9945-a55b9c858a1c ] Request (FloatingIPsAssociationTestJSON:tearDownClass): 200 GET http://10.180.1.21/compute/v2.1/servers/14dbda85-7017-4a43-87a8-36e96f048b49 0.233s
2025-01-07 02:08:58.502 67530 INFO tempest.lib.common.rest_client [req-e93b7591-8e0e-492f-aa16-3f2489030e66 req-e93b7591-8e0e-492f-aa16-3f2489030e66 ] Request (ServerDiagnosticsTest:tearDownClass): 200 GET http://10.180.1.21/compute/v2.1/servers/93e02b4d-b5b1-454e-89a4-f5f735cef950 0.259s
2025-01-07 02:08:58.514 67487 INFO tempest.lib.common.rest_client [req-6421ca91-af43-4117-b3e5-a360d89e348b req-6421ca91-af43-4117-b3e5-a360d89e348b ] Request (ImagesOneServerNegativeTestJSON:_run_cleanups): 200 GET http://10.180.1.21/compute/v2.1/servers/c2f23eee-2b74-4839-9697-439a2d26ad64 0.241s
2025-01-07 02:08:58.561 67476 INFO tempest.lib.common.rest_client [req-3814752c-50a2-4ac8-8d5f-15685a5fac0b req-3814752c-50a2-4ac8-8d5f-15685a5fac0b ] Request (MigrationsAdminTest:test_resize_server_revert_deleted_flavor): 200 GET http://10.180.1.21/compute/v2.1/servers/7b70aac3-1fd6-4956-8849-ebe6def4305e 0.081s
2025-01-07 02:08:58.578 67472 INFO tempest.lib.common.rest_client [req-9e8b2028-e419-460b-a9fb-7e2cc274806a req-9e8b2028-e419-460b-a9fb-7e2cc274806a ] Request (ServerAddressesNegativeTestJSON:tearDownClass): 200 GET http://10.180.1.21/compute/v2.1/servers/00c37acb-b074-4eaf-8d07-061c3d0c6790 0.095s
2025-01-07 02:08:58.653 67510 INFO tempest.lib.common.rest_client [req-c38aa4f0-e96a-482e-b441-1c7032157185 req-c38aa4f0-e96a-482e-b441-1c7032157185 ] Request (DeleteServersTestJSON:test_delete_active_server): 200 GET http://10.180.1.21/compute/v2.1/servers/d37200db-e945-461a-84f5-beb632e9b4bd 0.108s
2025-01-07 02:08:58.899 67498 INFO tempest.lib.common.rest_client [req-4e07b927-ec6c-4579-96f6-ca51f836e43c req-4e07b927-ec6c-4579-96f6-ca51f836e43c ] Request (ServerRescueTestJSON:test_rescue_unrescue_instance): 200 GET http://10.180.1.21/compute/v2.1/servers/da9910e3-317e-4ca6-9a8c-478232b8d7dc 0.309s
2025-01-07 02:08:58.919 67492 INFO tempest.lib.common.rest_client [req-fc5b2896-b8a6-448b-a86b-5ad583ea4708 req-fc5b2896-b8a6-448b-a86b-5ad583ea4708 ] Request (ServersAdminNegativeTestJSON:setUpClass): 200 GET http://10.180.1.21/compute/v2.1/servers/72d8c1c0-5d25-4619-8f1e-5fe06787a845 0.391s
2025-01-07 02:08:58.928 67492 INFO tempest.common.waiters [-] State transition "BUILD/networking" ==> "BUILD/block_device_mapping" after 65 second wait
2025-01-07 02:08:58.956 67518 INFO tempest.lib.common.rest_client [req-fb50a2c0-ef49-4a13-bb76-596cf863f203 req-fb50a2c0-ef49-4a13-bb76-596cf863f203 ] Request (ServerActionsTestJSON:setUpClass): 200 GET http://10.180.1.21/compute/v2.1/servers/efe841ea-ce8a-4b9a-98de-5533729488dd 0.309s
2025-01-07 02:08:58.985 67500 INFO tempest.lib.common.rest_client [req-babf5f6d-8666-4796-8d24-6bf06abcb5b7 req-babf5f6d-8666-4796-8d24-6bf06abcb5b7 ] Request (ServersAdminTestJSON:test_inject_network_info): 200 GET http://10.180.1.21/compute/v2.1/servers/14f1c8b1-77f4-46f1-ba73-5ae24e9cc721 0.221s
2025-01-07 02:08:59.036 67484 INFO tempest.lib.common.rest_client [req-18508a45-4a25-4479-b039-6d132a584148 req-18508a45-4a25-4479-b039-6d132a584148 ] Request (ServerDiagnosticsV248Test:tearDownClass): 200 GET http://10.180.1.21/compute/v2.1/servers/33c1ec6e-a5a5-459e-a89f-a5198d0f9c78 0.173s
2025-01-07 02:08:59.099 67526 INFO tempest.lib.common.rest_client [req-65f8a966-22e5-488a-803d-27bee19769e0 req-65f8a966-22e5-488a-803d-27bee19769e0 ] Request (ServerAddressesTestJSON:setUpClass): 200 GET http://10.180.1.21/compute/v2.1/servers/1aff8092-0b9e-4eb3-9a0e-7ae7a95c0e5c 0.142s
2025-01-07 02:08:59.112 67528 INFO tempest.lib.common.rest_client [req-0419db2b-cc7c-4ced-aabf-2d253ca0f574 req-0419db2b-cc7c-4ced-aabf-2d253ca0f574 ] Request (ImagesOneServerTestJSON:setUpClass): 200 GET http://10.180.1.21/compute/v2.1/servers/049f2126-5f66-4e66-a334-13e33b27b152 0.198s
2025-01-07 02:08:59.159 67494 INFO tempest.lib.common.rest_client [req-7c5f53ca-9920-4529-842d-f176d84d06ec req-7c5f53ca-9920-4529-842d-f176d84d06ec ] Request (ServerRescueNegativeTestJSON:setUpClass): 200 GET http://10.180.1.21/compute/v2.1/servers/a7992c09-2881-4d70-b5a8-5071eb619d12 0.132s
2025-01-07 02:08:59.279 67470 INFO tempest.lib.common.rest_client [req-a5487772-7356-447a-8ee7-8624394e4ec8 req-a5487772-7356-447a-8ee7-8624394e4ec8 ] Request (ListImageFiltersTestJSON:setUpClass): 200 GET http://10.180.1.21/compute/v2.1/servers/bef0ccb3-04e4-450e-8042-a433504278b2 0.092s
2025-01-07 02:08:59.318 67468 INFO tempest.lib.common.rest_client [req-cafe83d2-8696-4e70-b663-8317bc20a3fd req-cafe83d2-8696-4e70-b663-8317bc20a3fd ] Request (TenantUsagesTestJSON:tearDownClass): 200 GET http://10.180.1.21/compute/v2.1/servers/86cedaef-793d-47ea-a77e-67da0776a0e6 0.068s
2025-01-07 02:08:59.378 67508 INFO tempest.lib.common.rest_client [req-4f64db85-ca99-4aee-b9a9-db5cd724cdac req-4f64db85-ca99-4aee-b9a9-db5cd724cdac ] Request (ServersTestMultiNic:test_verify_multiple_nics_order): 200 GET http://10.180.1.21/compute/v2.1/servers/7d040a2f-df58-48ee-bb68-8a9e59e97364 0.058s
2025-01-07 02:08:59.389 67503 INFO tempest.lib.common.rest_client [req-65cdd6c8-e044-4c26-8a25-ed437c9ebeac req-65cdd6c8-e044-4c26-8a25-ed437c9ebeac ] Request (InstanceActionsTestJSON:test_list_instance_actions): 200 GET http://10.180.1.21/compute/v2.1/servers/8f3d1be0-6146-4455-a6f8-55ab6a96a077 0.134s
2025-01-07 02:08:59.392 67514 INFO paramiko.transport [-] Connected (version 2.0, client dropbear_2020.81)
2025-01-07 02:08:59.395 67503 INFO tempest.common.waiters [-] State transition "HARD_REBOOT/reboot_started_hard" ==> "ACTIVE/None" after 5 second wait
2025-01-07 02:08:59.421 67490 INFO tempest.lib.common.rest_client [req-2f796d02-4b6b-4d7e-96eb-f03fcde30198 req-2f796d02-4b6b-4d7e-96eb-f03fcde30198 ] Request (MultipleCreateTestJSON:test_multiple_create_with_reservation_return): 200 GET http://10.180.1.21/compute/v2.1/servers/1993cbe1-7d91-42d7-85ab-fae419cedef7 0.048s
2025-01-07 02:08:59.423 67503 INFO tempest.lib.common.rest_client [req-89853f2d-b8e0-44c1-8179-33e287997e98 req-89853f2d-b8e0-44c1-8179-33e287997e98 ] Request (InstanceActionsTestJSON:test_list_instance_actions): 200 GET http://10.180.1.21/compute/v2.1/servers/8f3d1be0-6146-4455-a6f8-55ab6a96a077/os-instance-actions 0.027s
2025-01-07 02:08:59.452 67514 INFO paramiko.transport [-] Authentication (publickey) successful!
2025-01-07 02:08:59.452 67514 INFO tempest.lib.common.ssh [-] ssh connection to cirros@10.180.180.207 successfully created
2025-01-07 02:08:59.497 67503 INFO tempest.lib.common.rest_client [req-f5c8a7f3-2c03-4790-9b90-b36602671c74 req-f5c8a7f3-2c03-4790-9b90-b36602671c74 ] Request (InstanceActionsTestJSON:tearDownClass): 204 DELETE http://10.180.1.21/compute/v2.1/servers/8f3d1be0-6146-4455-a6f8-55ab6a96a077 0.067s
2025-01-07 02:08:59.514 67482 INFO tempest.lib.common.rest_client [req-7e33d2f7-5837-4399-851b-f8260dba88f5 req-7e33d2f7-5837-4399-851b-f8260dba88f5 ] Request (ImagesTestJSON:test_create_image_from_stopped_server): 200 GET http://10.180.1.21/compute/v2.1/servers/ac966fff-88e8-4fd3-925f-0e6195c1c940 0.113s
