2025-01-07 02:06:33.010 67490 INFO tempest.lib.common.rest_client [req-1f7e222c-555d-4f0d-b137-59a2948fb544 req-1f7e222c-555d-4f0d-b137-59a2948fb544 ] Request (AggregatesAdminNegativeTestJSON:test_aggregate_remove_nonexistent_host): 404 POST http://10.180.1.21/compute/v2.1/os-aggregates/8/action 2.498s
2025-01-07 02:06:33.052 67480 INFO tempest.lib.common.rest_client [req-db48dc0d-b913-4c20-9a17-418b7a91f5b5 req-db48dc0d-b913-4c20-9a17-418b7a91f5b5 ] Request (KeyPairsNegativeTestJSON:test_keypair_create_with_invalid_pub_key): 400 POST http://10.180.1.21/compute/v2.1/os-keypairs 2.527s
2025-01-07 02:06:33.060 67498 INFO tempest.lib.common.rest_client [req-da28fd9a-5460-4f82-97b4-c2b0894ba662 req-da28fd9a-5460-4f82-97b4-c2b0894ba662 ] Request (FlavorsExtraSpecsNegativeTestJSON:test_flavor_non_admin_set_keys): 403 POST http://10.180.1.21/compute/v2.1/flavors/799767007/os-extra_specs 2.529s
2025-01-07 02:06:33.061 67512 INFO tempest.lib.common.rest_client [req-cd7c91fa-7073-49a5-831d-c4b06ca49494 req-cd7c91fa-7073-49a5-831d-c4b06ca49494 ] Request (ServerDiagnosticsNegativeTest:test_get_server_diagnostics_by_non_admin): 200 GET http://10.180.1.21/compute/v2.1/servers/ea5fe526-e497-4803-b6f3-0f4d7be0ada5 2.673s
2025-01-07 02:06:33.062 67514 INFO tempest.lib.common.rest_client [req-e843984b-2155-4f56-83b3-73cde222d432 req-e843984b-2155-4f56-83b3-73cde222d432 ] Request (VolumesAssistedSnapshotsTest:setUpClass): 201 POST http://10.180.1.21/identity/v3/projects 0.100s
2025-01-07 02:06:33.080 67492 INFO tempest.lib.common.rest_client [req-2b8d53bd-228a-4562-ba3b-2ea8aaaa7a44 req-2b8d53bd-228a-4562-ba3b-2ea8aaaa7a44 ] Request (HypervisorAdminNegativeUnderV252Test:test_show_servers_with_non_admin_user): 200 GET http://10.180.1.21/compute/v2.1/os-hypervisors 2.539s
2025-01-07 02:06:33.098 67488 INFO tempest.lib.common.rest_client [req-ece3dfa2-e3bb-4991-9104-d9570f792b36 req-ece3dfa2-e3bb-4991-9104-d9570f792b36 ] Request (NetworksTest:tearDownClass): 204 DELETE http://10.180.1.21/identity/v3/projects/ff58e03b454f4e20b0103f41580d17ff 0.176s
2025-01-07 02:06:33.123 67514 INFO tempest.lib.common.rest_client [req-f5cfba62-96ee-4b72-846a-a4146ef562ec req-f5cfba62-96ee-4b72-846a-a4146ef562ec ] Request (VolumesAssistedSnapshotsTest:setUpClass): 201 POST http://10.180.1.21/identity/v3/users 0.061s
2025-01-07 02:06:33.178 67510 INFO tempest.lib.common.rest_client [req-73c31909-cc91-4eb5-bebe-aac7e3a2e57d req-73c31909-cc91-4eb5-bebe-aac7e3a2e57d ] Request (ImagesNegativeTestJSON:setUpClass): 201 POST http://10.180.1.21:9696/networking/v2.0/subnets 0.185s
2025-01-07 02:06:33.228 67488 INFO tempest.lib.common.rest_client [req-2fee23be-7aa2-4717-805a-6b61b39a43be req-2fee23be-7aa2-4717-805a-6b61b39a43be ] Request (ServersV294TestFqdnHostnames:setUpClass): 201 POST http://10.180.1.21/identity/v3/auth/tokens 0.128s
2025-01-07 02:06:33.234 67528 INFO tempest.lib.common.rest_client [req-bba08b6c-ce3d-44b8-bc0c-1d9cc872996b req-bba08b6c-ce3d-44b8-bc0c-1d9cc872996b ] Request (FlavorsAccessTestJSON:test_flavor_access_add_remove): 200 GET http://10.180.1.21/compute/v2.1/flavors/detail 2.419s
2025-01-07 02:06:33.236 67514 INFO tempest.lib.common.rest_client [req-a0105e2a-06ab-4ade-b0cc-ded8a84ac484 req-a0105e2a-06ab-4ade-b0cc-ded8a84ac484 ] Request (VolumesAssistedSnapshotsTest:setUpClass): 200 GET http://10.180.1.21/identity/v3/roles 0.112s
2025-01-07 02:06:33.259 67488 INFO tempest.lib.common.rest_client [req-d22cbeee-a617-49f4-9ff4-f1530f3d8cce req-d22cbeee-a617-49f4-9ff4-f1530f3d8cce ] Request (ServersV294TestFqdnHostnames:setUpClass): 201 POST http://10.180.1.21/identity/v3/auth/tokens 0.028s
2025-01-07 02:06:33.284 67514 INFO tempest.lib.common.rest_client [req-734444e7-97d6-4c4d-aa8c-22f1881b39d2 req-734444e7-97d6-4c4d-aa8c-22f1881b39d2 ] Request (VolumesAssistedSnapshotsTest:setUpClass): 204 PUT http://10.180.1.21/identity/v3/projects/82199cddfd0d442d836a2b77ffb72f73/users/6e65dc87f90c469c928618a0b1d9b434/roles/b7feedf4b7ad49248864cb7c0ef58e09 0.047s
2025-01-07 02:06:33.317 67506 INFO tempest.lib.common.rest_client [req-ef548637-4466-44a8-ab8a-48d46db1d6fc req-ef548637-4466-44a8-ab8a-48d46db1d6fc ] Request (ServersWithSpecificFlavorTestJSON:test_verify_created_server_ephemeral_disk): 200 POST http://10.180.1.21/compute/v2.1/flavors 2.360s
2025-01-07 02:06:33.334 67488 INFO tempest.lib.common.rest_client [req-6a42eeb7-2834-42c0-8b73-2e3eb7a1484a req-6a42eeb7-2834-42c0-8b73-2e3eb7a1484a ] Request (ServersV294TestFqdnHostnames:setUpClass): 200 GET http://10.180.1.21/identity/v3/domains?name=Default 0.075s
2025-01-07 02:06:33.361 67514 INFO tempest.lib.common.rest_client [req-a29360dd-0bd5-4da4-80d8-f12538352932 req-a29360dd-0bd5-4da4-80d8-f12538352932 ] Request (VolumesAssistedSnapshotsTest:setUpClass): 200 GET http://10.180.1.21/identity/v3/roles 0.077s
2025-01-07 02:06:33.386 67488 INFO tempest.lib.common.rest_client [req-431d03ac-1486-479d-b20e-994212bce0a8 req-431d03ac-1486-479d-b20e-994212bce0a8 ] Request (ServersV294TestFqdnHostnames:setUpClass): 201 POST http://10.180.1.21/identity/v3/projects 0.052s
2025-01-07 02:06:33.443 67514 INFO tempest.lib.common.rest_client [req-f2b18f1d-853b-46ca-8e06-430933fdd202 req-f2b18f1d-853b-46ca-8e06-430933fdd202 ] Request (VolumesAssistedSnapshotsTest:setUpClass): 204 PUT http://10.180.1.21/identity/v3/projects/82199cddfd0d442d836a2b77ffb72f73/users/6e65dc87f90c469c928618a0b1d9b434/roles/675d9f3e8891444786ab5f62d9ec20bd 0.082s
2025-01-07 02:06:33.444 67514 INFO tempest.lib.common.dynamic_creds [-] Dynamic test user 6e65dc87f90c469c928618a0b1d9b434 is created with scope project and roles: ['admin', 'service']
2025-01-07 02:06:33.444 67514 INFO tempest.lib.common.dynamic_creds [-] Acquired dynamic creds: credentials: Credentials: {'domain_id': 'default', 'domain_name': 'Default', 'username': 'tempest-VolumesAssistedSnapshotsTest-116963948-project', 'project_domain_id': 'default', 'project_domain_name': 'Default', 'project_id': '82199cddfd0d442d836a2b77ffb72f73', 'project_name': 'tempest-VolumesAssistedSnapshotsTest-116963948', 'tenant_id': '82199cddfd0d442d836a2b77ffb72f73', 'tenant_name': 'tempest-VolumesAssistedSnapshotsTest-116963948', 'user_domain_id': 'default', 'user_domain_name': 'Default', 'user_id': '6e65dc87f90c469c928618a0b1d9b434', 'system': None}, Network: None, Subnet: None, Router: None
2025-01-07 02:06:33.472 67488 INFO tempest.lib.common.rest_client [req-e1bd0be3-2e4e-4670-bc90-cb36b4a1f469 req-e1bd0be3-2e4e-4670-bc90-cb36b4a1f469 ] Request (ServersV294TestFqdnHostnames:setUpClass): 201 POST http://10.180.1.21/identity/v3/users 0.085s
2025-01-07 02:06:33.536 67488 INFO tempest.lib.common.rest_client [req-49bf02af-3fe8-4adf-b34b-52595b18db74 req-49bf02af-3fe8-4adf-b34b-52595b18db74 ] Request (ServersV294TestFqdnHostnames:setUpClass): 200 GET http://10.180.1.21/identity/v3/roles 0.064s
2025-01-07 02:06:33.581 67488 INFO tempest.lib.common.rest_client [req-ef1b5444-149c-4966-a162-00c41b27c473 req-ef1b5444-149c-4966-a162-00c41b27c473 ] Request (ServersV294TestFqdnHostnames:setUpClass): 204 PUT http://10.180.1.21/identity/v3/projects/7be4ba51186f40cda4c038ab93bb6138/users/23615d325bcd4a33a9f1d3b8b90e54d5/roles/2a94559af65d4bc9aefd5a790849559b 0.044s
2025-01-07 02:06:33.582 67488 INFO tempest.lib.common.dynamic_creds [-] Dynamic test user 23615d325bcd4a33a9f1d3b8b90e54d5 is created with scope project and roles: ['member']
2025-01-07 02:06:33.583 67488 INFO tempest.lib.common.dynamic_creds [-] Acquired dynamic creds: credentials: Credentials: {'domain_id': 'default', 'domain_name': 'Default', 'username': 'tempest-ServersV294TestFqdnHostnames-1432014047-project-member', 'project_domain_id': 'default', 'project_domain_name': 'Default', 'project_id': '7be4ba51186f40cda4c038ab93bb6138', 'project_name': 'tempest-ServersV294TestFqdnHostnames-1432014047', 'tenant_id': '7be4ba51186f40cda4c038ab93bb6138', 'tenant_name': 'tempest-ServersV294TestFqdnHostnames-1432014047', 'user_domain_id': 'default', 'user_domain_name': 'Default', 'user_id': '23615d325bcd4a33a9f1d3b8b90e54d5', 'system': None}, Network: None, Subnet: None, Router: None
2025-01-07 02:06:33.644 67520 INFO tempest.lib.common.rest_client [req-136be33f-33df-4640-bf9e-30d6bf3364de req-136be33f-33df-4640-bf9e-30d6bf3364de ] Request (AttachInterfacesUnderV243Test:setUpClass): 201 POST http://10.180.1.21:9696/networking/v2.0/networks 0.810s
2025-01-07 02:06:33.647 67488 INFO tempest.lib.common.rest_client [req-7c843938-945f-4924-8175-a83eaef4db3b req-7c843938-945f-4924-8175-a83eaef4db3b ] Request (ServersV294TestFqdnHostnames:setUpClass): 201 POST http://10.180.1.21/identity/v3/auth/tokens 0.064s
2025-01-07 02:06:34.021 67520 INFO tempest.lib.common.rest_client [req-df749c36-78b7-4772-b81d-f55da247fb55 req-df749c36-78b7-4772-b81d-f55da247fb55 ] Request (AttachInterfacesUnderV243Test:setUpClass): 201 POST http://10.180.1.21:9696/networking/v2.0/subnets 0.377s
2025-01-07 02:06:34.114 67514 INFO tempest.lib.common.rest_client [req-c11c7f8a-9cb8-44f7-9044-8377100164ed req-c11c7f8a-9cb8-44f7-9044-8377100164ed ] Request (VolumesAssistedSnapshotsTest:setUpClass): 201 POST http://10.180.1.21:9696/networking/v2.0/networks 0.670s
2025-01-07 02:06:34.130 67472 INFO tempest.lib.common.rest_client [req-80d66709-9a25-4ebc-ab17-e8994faf8d17 req-80d66709-9a25-4ebc-ab17-e8994faf8d17 ] Request (InstanceActionsV221TestJSON:test_get_list_deleted_instance_actions): 202 POST http://10.180.1.21/compute/v2.1/servers 3.572s
2025-01-07 02:06:34.155 67504 INFO tempest.lib.common.rest_client [req-ef82e750-05f9-473b-bb83-c2fbea865ffa req-ef82e750-05f9-473b-bb83-c2fbea865ffa ] Request (HostsAdminTestJSON:test_list_hosts_with_zone): 200 GET http://10.180.1.21/compute/v2.1/os-hosts 3.092s
2025-01-07 02:06:34.184 67484 INFO tempest.lib.common.rest_client [req-1e5f6387-da3e-4ee8-801e-09013cf3668b req-1e5f6387-da3e-4ee8-801e-09013cf3668b ] Request (FlavorsExtraSpecsTestJSON:test_flavor_non_admin_get_specific_key): 200 POST http://10.180.1.21/compute/v2.1/flavors/633605129/os-extra_specs 3.000s
2025-01-07 02:06:34.210 67526 INFO tempest.lib.common.rest_client [req-c6484d9a-730a-4fcc-a9ae-fde173009bf3 req-c6484d9a-730a-4fcc-a9ae-fde173009bf3 ] Request (HypervisorAdminUnderV252Test:test_search_hypervisor): 200 GET http://10.180.1.21/compute/v2.1/os-hypervisors/domain-c8.fc996f14-c53b-4953-92e3-bdfa48f5cc28/search 2.856s
2025-01-07 02:06:34.233 67482 INFO tempest.lib.common.rest_client [req-ef67961e-aab8-4411-9a36-397cb654b53c req-ef67961e-aab8-4411-9a36-397cb654b53c ] Request (FlavorsAdminTestJSON:test_create_flavor_verify_entry_in_list_details): 200 GET http://10.180.1.21/compute/v2.1/flavors/detail 2.862s
2025-01-07 02:06:34.250 67503 INFO tempest.lib.common.rest_client [req-b864af4f-d339-4c52-beb8-12b0a26f692c req-b864af4f-d339-4c52-beb8-12b0a26f692c ] Request (ServicesAdminTestJSON:test_list_services): 200 GET http://10.180.1.21/compute/v2.1/os-services 2.851s
2025-01-07 02:06:34.258 67488 INFO tempest.lib.common.rest_client [req-7acc3dab-b957-4f68-b018-92a7f47b12c4 req-7acc3dab-b957-4f68-b018-92a7f47b12c4 ] Request (ServersV294TestFqdnHostnames:setUpClass): 201 POST http://10.180.1.21:9696/networking/v2.0/networks 0.611s
2025-01-07 02:06:34.274 67524 INFO tempest.lib.common.rest_client [req-4e40e98e-68d6-468e-9191-f50cb6233865 req-4e40e98e-68d6-468e-9191-f50cb6233865 ] Request (FlavorMetadataValidation:_run_cleanups): 200 GET http://10.180.1.21/compute/v2.1/flavors/detail 2.863s
2025-01-07 02:06:34.291 67530 INFO tempest.lib.common.rest_client [req-b65d19b9-50f1-44a6-89c7-67d2277b3c8e req-b65d19b9-50f1-44a6-89c7-67d2277b3c8e ] Request (HostsAdminNegativeTestJSON:test_reboot_nonexistent_host): 404 GET http://10.180.1.21/compute/v2.1/os-hosts/nonexistent_hostname/reboot 2.869s
2025-01-07 02:06:34.320 67496 INFO tempest.lib.common.rest_client [req-2b9f1a39-d5a0-413b-948b-d796b167be0d req-2b9f1a39-d5a0-413b-948b-d796b167be0d ] Request (FloatingIPsNegativeTestJSON:tearDownClass): 200 PUT http://10.180.1.21:9696/networking/v2.0/routers/1dcc46c9-4f63-4702-b331-a010c2b3a6f6/remove_router_interface 2.812s
2025-01-07 02:06:34.322 67518 INFO tempest.lib.common.rest_client [req-f008aca5-5666-4625-9c36-68a32d346748 req-f008aca5-5666-4625-9c36-68a32d346748 ] Request (FlavorsV261TestJSON:test_crud_flavor): 200 GET http://10.180.1.21/compute/v2.1/flavors/detail 2.871s
2025-01-07 02:06:34.368 67526 INFO tempest.lib.common.rest_client [req-e732c70a-5f8c-4194-b7e4-97db0f8e81de req-e732c70a-5f8c-4194-b7e4-97db0f8e81de ] Request (HypervisorAdminUnderV252Test:tearDownClass): 204 DELETE http://10.180.1.21/identity/v3/users/32bf4bb6570e404599b3b5374ecf3125 0.156s
2025-01-07 02:06:34.372 67500 INFO tempest.lib.common.rest_client [req-a414bb1d-2c60-4390-8453-8c3136b0180e req-a414bb1d-2c60-4390-8453-8c3136b0180e ] Request (ServersAdminTestJSON:setUpClass): 202 POST http://10.180.1.21/compute/v2.1/servers 3.383s
2025-01-07 02:06:34.390 67503 INFO tempest.lib.common.rest_client [req-c7500819-7138-407c-ab9f-316de879b5fc req-c7500819-7138-407c-ab9f-316de879b5fc ] Request (ServicesAdminTestJSON:tearDownClass): 204 DELETE http://10.180.1.21/identity/v3/users/b5d99aedbb594e188cbcb0850c3694e6 0.135s
2025-01-07 02:06:34.397 67508 INFO tempest.lib.common.rest_client [req-b7c8cbf8-903e-4ae9-929c-e82c908d88c7 req-b7c8cbf8-903e-4ae9-929c-e82c908d88c7 ] Request (ServicesAdminNegativeTestJSON:test_get_service_by_invalid_service_and_valid_host): 200 GET http://10.180.1.21/compute/v2.1/os-services 2.852s
2025-01-07 02:06:34.519 67526 INFO tempest.lib.common.rest_client [req-dd7ee60a-3bee-418c-8fff-0d5c261d1b1b req-dd7ee60a-3bee-418c-8fff-0d5c261d1b1b ] Request (HypervisorAdminUnderV252Test:tearDownClass): 204 DELETE http://10.180.1.21/identity/v3/users/c5e66cf5d9b94c8cbe8e6dcd58ffe399 0.149s
2025-01-07 02:06:34.519 67526 INFO tempest.lib.common.dynamic_creds [-] Deleting project and security group for project: eed38f78e2e046e2b85bbb431edde6e7
2025-01-07 02:06:34.555 67524 INFO tempest.lib.common.rest_client [req-6f21977c-3f7e-4db4-9ae7-14829e140187 req-6f21977c-3f7e-4db4-9ae7-14829e140187 ] Request (FlavorMetadataValidation:tearDownClass): 204 DELETE http://10.180.1.21/identity/v3/users/42c0b1b0796a41c481012321187916a9 0.204s
2025-01-07 02:06:34.629 67500 INFO tempest.lib.common.rest_client [req-4589a61b-a458-4f46-9d75-03b7f8d4c5b9 req-4589a61b-a458-4f46-9d75-03b7f8d4c5b9 ] Request (ServersAdminTestJSON:setUpClass): 201 POST http://10.180.1.21/identity/v3/auth/tokens 0.252s
2025-01-07 02:06:34.629 67500 INFO tempest.lib.common.fixed_network [-] (ServersAdminTestJSON:setUpClass) Found network {'id': 'd5f1d527-c4ee-43d8-9626-eecf29c8ef61', 'name': 'tempest-ServersAdminTestJSON-607891245-network', 'tenant_id': '9b3531ea2e2b40fb912cdca256a6c579', 'admin_state_up': True, 'mtu': 8950, 'status': 'ACTIVE', 'subnets': [], 'shared': False, 'project_id': '9b3531ea2e2b40fb912cdca256a6c579', 'port_security_enabled': True, 'router:external': False, 'provider:network_type': 'vlan', 'provider:physical_network': 'default', 'provider:segmentation_id': 325, 'availability_zone_hints': [], 'availability_zones': [], 'ipv4_address_scope': None, 'ipv6_address_scope': None, 'description': '', 'tags': [], 'created_at': '2025-01-07T02:06:20Z', 'updated_at': '2025-01-07T02:06:20Z', 'revision_number': 1} available for tenant
2025-01-07 02:06:34.634 67510 INFO tempest.lib.common.rest_client [req-09fcfd62-a35c-42af-9e92-c3c2ad2f2f25 req-09fcfd62-a35c-42af-9e92-c3c2ad2f2f25 ] Request (ImagesNegativeTestJSON:setUpClass): 201 POST http://10.180.1.21:9696/networking/v2.0/routers 1.455s
2025-01-07 02:06:34.654 67516 INFO tempest.lib.common.rest_client [req-4d295172-3351-4e40-86dd-fc0f584c2d41 req-4d295172-3351-4e40-86dd-fc0f584c2d41 ] Request (FloatingIPsAssociationTestJSON:setUpClass): 200 GET http://10.180.1.21/compute/v2.1/servers/14dbda85-7017-4a43-87a8-36e96f048b49 2.603s
2025-01-07 02:06:34.660 67516 INFO tempest.common.waiters [-] State transition "BUILD/None" ==> "BUILD/block_device_mapping" after 3 second wait
2025-01-07 02:06:34.709 67522 INFO tempest.lib.common.rest_client [req-8c7e5f2b-d322-4d85-aa95-a617a83ec03c req-8c7e5f2b-d322-4d85-aa95-a617a83ec03c ] Request (QuotasAdminTestJSON:test_delete_quota): 200 GET http://10.180.1.21/compute/v2.1/os-quota-sets/a882b193b2344d5f87dee50645c827fe 3.188s
2025-01-07 02:06:34.752 67503 INFO tempest.lib.common.rest_client [req-8a199802-28df-4618-875b-4dee8f709e91 req-8a199802-28df-4618-875b-4dee8f709e91 ] Request (ServicesAdminTestJSON:tearDownClass): 204 DELETE http://10.180.1.21/identity/v3/users/05ad8778e15b4ea7b3e5d77d48fb38f9 0.361s
2025-01-07 02:06:34.752 67526 INFO tempest.lib.common.rest_client [req-6c940453-fb4c-458f-8a12-37b4ad6467ae req-6c940453-fb4c-458f-8a12-37b4ad6467ae ] Request (HypervisorAdminUnderV252Test:tearDownClass): 201 POST http://10.180.1.21/identity/v3/auth/tokens 0.233s
2025-01-07 02:06:34.753 67503 INFO tempest.lib.common.dynamic_creds [-] Deleting project and security group for project: b521c9cb23a346d7bc665df990a13f5c
2025-01-07 02:06:34.837 67524 INFO tempest.lib.common.rest_client [req-38b95c38-72d4-453a-b3e3-f1bc86ae591a req-38b95c38-72d4-453a-b3e3-f1bc86ae591a ] Request (FlavorMetadataValidation:tearDownClass): 204 DELETE http://10.180.1.21/identity/v3/users/f625483a95254b69a26a3aa437bafcfb 0.281s
2025-01-07 02:06:34.838 67524 INFO tempest.lib.common.dynamic_creds [-] Deleting project and security group for project: 0206b56ae0d14f42a3650165f186e845
2025-01-07 02:06:34.844 67488 INFO tempest.lib.common.rest_client [req-ebcebbf3-fd77-44b3-a031-ed74131f1443 req-ebcebbf3-fd77-44b3-a031-ed74131f1443 ] Request (ServersV294TestFqdnHostnames:setUpClass): 201 POST http://10.180.1.21:9696/networking/v2.0/subnets 0.585s
2025-01-07 02:06:34.874 67522 INFO tempest.lib.common.rest_client [req-f6246b18-d951-4e40-930b-2db4b8a275ea req-f6246b18-d951-4e40-930b-2db4b8a275ea ] Request (QuotasAdminTestJSON:_run_cleanups): 204 DELETE http://10.180.1.21/identity/v3/projects/a882b193b2344d5f87dee50645c827fe 0.162s
2025-01-07 02:06:34.890 67503 INFO tempest.lib.common.rest_client [req-759f7257-02d7-471f-add9-4bd57605bdc7 req-759f7257-02d7-471f-add9-4bd57605bdc7 ] Request (ServicesAdminTestJSON:tearDownClass): 201 POST http://10.180.1.21/identity/v3/auth/tokens 0.137s
2025-01-07 02:06:34.912 67524 INFO tempest.lib.common.rest_client [req-c84a40ad-8105-4de7-9ce1-82a0d52d6de1 req-c84a40ad-8105-4de7-9ce1-82a0d52d6de1 ] Request (FlavorMetadataValidation:tearDownClass): 201 POST http://10.180.1.21/identity/v3/auth/tokens 0.074s
2025-01-07 02:06:35.083 67514 INFO tempest.lib.common.rest_client [req-3dfccff9-c2b0-42ed-be8d-f3643a4cad05 req-3dfccff9-c2b0-42ed-be8d-f3643a4cad05 ] Request (VolumesAssistedSnapshotsTest:setUpClass): 201 POST http://10.180.1.21:9696/networking/v2.0/subnets 0.968s
2025-01-07 02:06:35.265 67487 INFO tempest.lib.common.rest_client [req-c6576ce2-4a44-4e0a-b4c9-c8fabf544578 req-c6576ce2-4a44-4e0a-b4c9-c8fabf544578 ] Request (SecurityGroupsTestAdminJSON:test_list_security_groups_list_all_tenants_filter): 200 POST http://10.180.1.21/compute/v2.1/os-security-groups 2.714s
2025-01-07 02:06:35.303 67503 INFO tempest.lib.common.rest_client [req-6ce0c615-d786-47dd-aaa9-65e480373e9c req-6ce0c615-d786-47dd-aaa9-65e480373e9c ] Request (ServicesAdminTestJSON:tearDownClass): 200 GET http://10.180.1.21:9696/networking/v2.0/security-groups?tenant_id=b521c9cb23a346d7bc665df990a13f5c&name=default 0.413s
2025-01-07 02:06:35.501 67470 INFO tempest.lib.common.rest_client [req-611caa0b-830c-4698-9fc0-9f00b00da361 req-611caa0b-830c-4698-9fc0-9f00b00da361 ] Request (KeyPairsV210TestJSON:test_admin_manage_keypairs_for_other_users): 201 POST http://10.180.1.21/compute/v2.1/os-keypairs 2.512s
2025-01-07 02:06:35.528 67490 INFO tempest.lib.common.rest_client [req-3e02ea89-37e9-446c-a527-7db0f8933566 req-3e02ea89-37e9-446c-a527-7db0f8933566 ] Request (AggregatesAdminNegativeTestJSON:_run_cleanups): 200 DELETE http://10.180.1.21/compute/v2.1/os-aggregates/8 2.517s
2025-01-07 02:06:35.543 67480 INFO tempest.lib.common.rest_client [req-fd59616a-84f7-448e-a46e-549fb5a43c28 req-fd59616a-84f7-448e-a46e-549fb5a43c28 ] Request (KeyPairsNegativeTestJSON:test_keypair_delete_nonexistent_key): 404 DELETE http://10.180.1.21/compute/v2.1/os-keypairs/tempest-keypair-non-existent-1983213417 2.490s
2025-01-07 02:06:35.547 67503 INFO tempest.lib.common.rest_client [req-856e157e-29df-466d-a545-cd0d22b0fcc1 req-856e157e-29df-466d-a545-cd0d22b0fcc1 ] Request (ServicesAdminTestJSON:tearDownClass): 204 DELETE http://10.180.1.21:9696/networking/v2.0/security-groups/5620bb1e-28d6-4089-8f07-464737f430aa 0.243s
2025-01-07 02:06:35.583 67498 INFO tempest.lib.common.rest_client [req-a0f3d30f-b507-4000-89ba-459789217c29 req-a0f3d30f-b507-4000-89ba-459789217c29 ] Request (FlavorsExtraSpecsNegativeTestJSON:test_flavor_non_admin_unset_keys): 200 POST http://10.180.1.21/compute/v2.1/flavors/799767007/os-extra_specs 2.522s
2025-01-07 02:06:35.591 67492 INFO tempest.lib.common.rest_client [req-85f2ea0d-2acf-4611-a327-8286f531b4a3 req-85f2ea0d-2acf-4611-a327-8286f531b4a3 ] Request (HypervisorAdminNegativeUnderV252Test:test_show_servers_with_non_admin_user): 403 GET http://10.180.1.21/compute/v2.1/os-hypervisors/1/servers 2.509s
2025-01-07 02:06:35.624 67490 INFO tempest.lib.common.rest_client [req-2861bd5f-f12b-4a73-9a23-23d352b57813 req-2861bd5f-f12b-4a73-9a23-23d352b57813 ] Request (AggregatesAdminNegativeTestJSON:tearDownClass): 204 DELETE http://10.180.1.21/identity/v3/users/f3b0ffed0e764acca50238cc7879d408 0.093s
2025-01-07 02:06:35.626 67480 INFO tempest.lib.common.rest_client [req-b7de89f6-fbf1-4238-b5ec-7394671325c2 req-b7de89f6-fbf1-4238-b5ec-7394671325c2 ] Request (KeyPairsNegativeTestJSON:tearDownClass): 204 DELETE http://10.180.1.21/identity/v3/users/706cd94e4da64dafa1b7bfdb40db5089 0.081s
2025-01-07 02:06:35.627 67480 INFO tempest.lib.common.dynamic_creds [-] Deleting project and security group for project: 9e25e6ee5660449da0df2987e60292d4
2025-01-07 02:06:35.640 67526 INFO tempest.lib.common.rest_client [req-161fbdf2-028c-4ce9-8cd8-ad9313adb851 req-161fbdf2-028c-4ce9-8cd8-ad9313adb851 ] Request (HypervisorAdminUnderV252Test:tearDownClass): 200 GET http://10.180.1.21:9696/networking/v2.0/security-groups?tenant_id=eed38f78e2e046e2b85bbb431edde6e7&name=default 0.888s
2025-01-07 02:06:35.721 67503 INFO tempest.lib.common.rest_client [req-faf08051-be9b-4435-9560-9e756c624034 req-faf08051-be9b-4435-9560-9e756c624034 ] Request (ServicesAdminTestJSON:tearDownClass): 204 DELETE http://10.180.1.21/identity/v3/projects/b521c9cb23a346d7bc665df990a13f5c 0.173s
2025-01-07 02:06:35.721 67503 INFO tempest.lib.common.dynamic_creds [-] Deleting project and security group for project: c7c3df68729940d38c917b8b2bfa6e2a
2025-01-07 02:06:35.728 67490 INFO tempest.lib.common.rest_client [req-230e1d65-ff40-4e6e-badf-d505231c3166 req-230e1d65-ff40-4e6e-badf-d505231c3166 ] Request (AggregatesAdminNegativeTestJSON:tearDownClass): 204 DELETE http://10.180.1.21/identity/v3/users/0141642621c84132b35620606c94388f 0.103s
2025-01-07 02:06:35.728 67490 INFO tempest.lib.common.dynamic_creds [-] Deleting project and security group for project: 9c2f616872654a59959915d673dea3a8
2025-01-07 02:06:35.730 67524 INFO tempest.lib.common.rest_client [req-6ec5110f-0bb0-419a-9b2e-77ee3f4e980b req-6ec5110f-0bb0-419a-9b2e-77ee3f4e980b ] Request (FlavorMetadataValidation:tearDownClass): 200 GET http://10.180.1.21:9696/networking/v2.0/security-groups?tenant_id=0206b56ae0d14f42a3650165f186e845&name=default 0.817s
2025-01-07 02:06:35.779 67480 INFO tempest.lib.common.rest_client [req-20d6d6cb-f214-423f-bca4-781a50f79fc4 req-20d6d6cb-f214-423f-bca4-781a50f79fc4 ] Request (KeyPairsNegativeTestJSON:tearDownClass): 201 POST http://10.180.1.21/identity/v3/auth/tokens 0.151s
2025-01-07 02:06:35.800 67490 INFO tempest.lib.common.rest_client [req-9e657f30-b217-4fd0-8d8b-280042d1ccfa req-9e657f30-b217-4fd0-8d8b-280042d1ccfa ] Request (AggregatesAdminNegativeTestJSON:tearDownClass): 201 POST http://10.180.1.21/identity/v3/auth/tokens 0.072s
2025-01-07 02:06:35.858 67528 INFO tempest.lib.common.rest_client [req-2dd2e4b7-87af-4df0-946c-5edda8a88736 req-2dd2e4b7-87af-4df0-946c-5edda8a88736 ] Request (FlavorsAccessTestJSON:test_flavor_access_add_remove): 200 POST http://10.180.1.21/compute/v2.1/flavors/238463670/action 2.613s
2025-01-07 02:06:35.876 67506 INFO tempest.lib.common.rest_client [req-82523202-b475-4010-b0fe-b6f2d763d4c9 req-82523202-b475-4010-b0fe-b6f2d763d4c9 ] Request (ServersWithSpecificFlavorTestJSON:test_verify_created_server_ephemeral_disk): 200 GET http://10.180.1.21/compute/v2.1/flavors/42/os-extra_specs 2.557s
2025-01-07 02:06:35.971 67496 INFO tempest.lib.common.rest_client [req-a7f21e07-83ce-4ba8-9006-95c53029ed13 req-a7f21e07-83ce-4ba8-9006-95c53029ed13 ] Request (FloatingIPsNegativeTestJSON:tearDownClass): 204 DELETE http://10.180.1.21:9696/networking/v2.0/routers/1dcc46c9-4f63-4702-b331-a010c2b3a6f6 1.651s
2025-01-07 02:06:36.048 67526 INFO tempest.lib.common.rest_client [req-75414ca1-32fd-4835-a467-93caec2f6a97 req-75414ca1-32fd-4835-a467-93caec2f6a97 ] Request (HypervisorAdminUnderV252Test:tearDownClass): 204 DELETE http://10.180.1.21:9696/networking/v2.0/security-groups/d07c57e4-777d-40d8-b2cb-b3d9d3bf7a97 0.407s
2025-01-07 02:06:36.114 67526 INFO tempest.lib.common.rest_client [req-d1d0f367-c116-4728-aaa0-aae4f34bf7b8 req-d1d0f367-c116-4728-aaa0-aae4f34bf7b8 ] Request (HypervisorAdminUnderV252Test:tearDownClass): 204 DELETE http://10.180.1.21/identity/v3/projects/eed38f78e2e046e2b85bbb431edde6e7 0.065s
2025-01-07 02:06:36.114 67526 INFO tempest.lib.common.dynamic_creds [-] Deleting project and security group for project: b1714205954d403999cba791b89e1547
2025-01-07 02:06:36.172 67524 INFO tempest.lib.common.rest_client [req-ed2532e1-a182-41c6-9f72-6042c9fa5594 req-ed2532e1-a182-41c6-9f72-6042c9fa5594 ] Request (FlavorMetadataValidation:tearDownClass): 204 DELETE http://10.180.1.21:9696/networking/v2.0/security-groups/8f276227-45a7-4592-ba7e-19890eaa024a 0.442s
2025-01-07 02:06:36.276 67524 INFO tempest.lib.common.rest_client [req-ca9975a5-bf8c-416f-9efe-114ab5a20c6e req-ca9975a5-bf8c-416f-9efe-114ab5a20c6e ] Request (FlavorMetadataValidation:tearDownClass): 204 DELETE http://10.180.1.21/identity/v3/projects/0206b56ae0d14f42a3650165f186e845 0.103s
2025-01-07 02:06:36.276 67524 INFO tempest.lib.common.dynamic_creds [-] Deleting project and security group for project: 7b6994032cff45ed9ac21e06ffb8f212
2025-01-07 02:06:36.297 67474 INFO tempest.lib.common.rest_client [req-f69c6af2-4fd0-49f5-ba4d-60f1eb793a48 req-f69c6af2-4fd0-49f5-ba4d-60f1eb793a48 ] Request (DeleteServersAdminTestJSON:test_admin_delete_servers_of_others): 200 GET http://10.180.1.21/compute/v2.1/servers/7b12acc4-d184-4130-980a-0c84c4c28617 2.312s
2025-01-07 02:06:36.387 67490 INFO tempest.lib.common.rest_client [req-66224802-b659-4ad8-8c82-7b3d0b94551e req-66224802-b659-4ad8-8c82-7b3d0b94551e ] Request (AggregatesAdminNegativeTestJSON:tearDownClass): 200 GET http://10.180.1.21:9696/networking/v2.0/security-groups?tenant_id=9c2f616872654a59959915d673dea3a8&name=default 0.586s
2025-01-07 02:06:36.446 67503 INFO tempest.lib.common.rest_client [req-ed64a09d-0ad4-431f-a928-79bb12f083ed req-ed64a09d-0ad4-431f-a928-79bb12f083ed ] Request (ServicesAdminTestJSON:tearDownClass): 200 GET http://10.180.1.21:9696/networking/v2.0/security-groups?tenant_id=c7c3df68729940d38c917b8b2bfa6e2a&name=default 0.724s
2025-01-07 02:06:36.531 67526 INFO tempest.lib.common.rest_client [req-cc3c3b28-a141-473a-a235-c9a5a2674929 req-cc3c3b28-a141-473a-a235-c9a5a2674929 ] Request (HypervisorAdminUnderV252Test:tearDownClass): 200 GET http://10.180.1.21:9696/networking/v2.0/security-groups?tenant_id=b1714205954d403999cba791b89e1547&name=default 0.417s
2025-01-07 02:06:36.534 67480 INFO tempest.lib.common.rest_client [req-c4ebdd73-936a-4a36-b0c1-8f239e79cee2 req-c4ebdd73-936a-4a36-b0c1-8f239e79cee2 ] Request (KeyPairsNegativeTestJSON:tearDownClass): 200 GET http://10.180.1.21:9696/networking/v2.0/security-groups?tenant_id=9e25e6ee5660449da0df2987e60292d4&name=default 0.754s
2025-01-07 02:06:36.561 67520 INFO tempest.lib.common.rest_client [req-37a109fc-3aae-4199-aa89-42a261b411f1 req-37a109fc-3aae-4199-aa89-42a261b411f1 ] Request (AttachInterfacesUnderV243Test:setUpClass): 201 POST http://10.180.1.21:9696/networking/v2.0/routers 2.539s
2025-01-07 02:06:36.648 67496 INFO tempest.lib.common.rest_client [req-3bc36053-22fa-46d2-b249-a4e8a0fd242d req-3bc36053-22fa-46d2-b249-a4e8a0fd242d ] Request (FloatingIPsNegativeTestJSON:tearDownClass): 204 DELETE http://10.180.1.21:9696/networking/v2.0/subnets/2f25fefc-92fe-4f1b-90da-9fea805a9566 0.676s
2025-01-07 02:06:36.663 67476 INFO tempest.lib.common.rest_client [req-809ee15d-5187-4606-907b-122c312af983 req-809ee15d-5187-4606-907b-122c312af983 ] Request (MigrationsAdminTest:test_list_migrations_in_flavor_resize_situation): 200 GET http://10.180.1.21/compute/v2.1/servers/f1884230-e972-4c99-a81b-1ecf9b5d7875 2.671s
2025-01-07 02:06:36.751 67524 INFO tempest.lib.common.rest_client [req-fe27baff-0da0-4066-a013-4d6ec44998d3 req-fe27baff-0da0-4066-a013-4d6ec44998d3 ] Request (FlavorMetadataValidation:tearDownClass): 200 GET http://10.180.1.21:9696/networking/v2.0/security-groups?tenant_id=7b6994032cff45ed9ac21e06ffb8f212&name=default 0.473s
2025-01-07 02:06:36.822 67490 INFO tempest.lib.common.rest_client [req-2b9a7969-93b3-41d3-8fb7-cf15760dffef req-2b9a7969-93b3-41d3-8fb7-cf15760dffef ] Request (AggregatesAdminNegativeTestJSON:tearDownClass): 204 DELETE http://10.180.1.21:9696/networking/v2.0/security-groups/2eefd309-e730-4bba-9d3e-a7c94bbf88eb 0.434s
2025-01-07 02:06:36.897 67512 INFO tempest.lib.common.rest_client [req-f9a681d5-e6b1-46a3-8712-b8ec9cd84f4c req-f9a681d5-e6b1-46a3-8712-b8ec9cd84f4c ] Request (ServerDiagnosticsNegativeTest:test_get_server_diagnostics_by_non_admin): 200 GET http://10.180.1.21/compute/v2.1/servers/ea5fe526-e497-4803-b6f3-0f4d7be0ada5 2.828s
2025-01-07 02:06:36.910 67512 INFO tempest.common.waiters [-] State transition "BUILD/None" ==> "BUILD/block_device_mapping" after 3 second wait
2025-01-07 02:06:36.959 67526 INFO tempest.lib.common.rest_client [req-09dafe1b-f6c6-413d-82c3-b4ed12c8db8e req-09dafe1b-f6c6-413d-82c3-b4ed12c8db8e ] Request (HypervisorAdminUnderV252Test:tearDownClass): 204 DELETE http://10.180.1.21:9696/networking/v2.0/security-groups/f7ceee37-400e-49d9-94fe-055efb3b018a 0.427s
2025-01-07 02:06:36.982 67480 INFO tempest.lib.common.rest_client [req-5cd06362-fba8-4e23-aaa7-56a39203eb00 req-5cd06362-fba8-4e23-aaa7-56a39203eb00 ] Request (KeyPairsNegativeTestJSON:tearDownClass): 204 DELETE http://10.180.1.21:9696/networking/v2.0/security-groups/91946dfd-52e8-4f08-9069-893e9163c4ef 0.448s
2025-01-07 02:06:36.993 67490 INFO tempest.lib.common.rest_client [req-b292fce4-a4ff-493b-9b1b-2d0bef84ac0f req-b292fce4-a4ff-493b-9b1b-2d0bef84ac0f ] Request (AggregatesAdminNegativeTestJSON:tearDownClass): 204 DELETE http://10.180.1.21/identity/v3/projects/9c2f616872654a59959915d673dea3a8 0.170s
2025-01-07 02:06:36.993 67490 INFO tempest.lib.common.dynamic_creds [-] Deleting project and security group for project: b5637e9274974c13bc3824d237efeb63
2025-01-07 02:06:37.032 67472 INFO tempest.lib.common.rest_client [req-0f707d10-54d4-4610-ba9d-bcac55b9abfd req-0f707d10-54d4-4610-ba9d-bcac55b9abfd ] Request (InstanceActionsV221TestJSON:test_get_list_deleted_instance_actions): 200 GET http://10.180.1.21/compute/v2.1/servers/9ab7f0d9-d6d1-4bd0-a14c-de5f9bd7ad7a 2.901s
2025-01-07 02:06:37.060 67504 INFO tempest.lib.common.rest_client [req-8d7c4668-17bc-44a0-b162-4caf46e70e29 req-8d7c4668-17bc-44a0-b162-4caf46e70e29 ] Request (HostsAdminTestJSON:test_list_hosts_with_zone): 200 GET http://10.180.1.21/compute/v2.1/os-hosts?zone=internal 2.904s
2025-01-07 02:06:37.078 67484 INFO tempest.lib.common.rest_client [req-63555693-6e34-4fea-85d1-c9783420641b req-63555693-6e34-4fea-85d1-c9783420641b ] Request (FlavorsExtraSpecsTestJSON:test_flavor_non_admin_get_specific_key): 200 GET http://10.180.1.21/compute/v2.1/flavors/633605129/os-extra_specs/hw:numa_nodes 2.893s
2025-01-07 02:06:37.097 67482 INFO tempest.lib.common.rest_client [req-31227df7-f094-4a0c-b1af-9bd52079b0f8 req-31227df7-f094-4a0c-b1af-9bd52079b0f8 ] Request (FlavorsAdminTestJSON:_run_cleanups): 202 DELETE http://10.180.1.21/compute/v2.1/flavors/1817498728 2.854s
2025-01-07 02:06:37.099 67488 INFO tempest.lib.common.rest_client [req-24560843-9ac9-4f3a-9cbe-f9cbcde6d61c req-24560843-9ac9-4f3a-9cbe-f9cbcde6d61c ] Request (ServersV294TestFqdnHostnames:setUpClass): 201 POST http://10.180.1.21:9696/networking/v2.0/routers 2.254s
2025-01-07 02:06:37.103 67530 INFO tempest.lib.common.rest_client [req-997c091e-63bb-48df-a5f5-2ba2cb7c1e0e req-997c091e-63bb-48df-a5f5-2ba2cb7c1e0e ] Request (HostsAdminNegativeTestJSON:test_show_host_detail_with_non_admin_user): 403 GET http://10.180.1.21/compute/v2.1/os-hosts/devstack 2.811s
2025-01-07 02:06:37.121 67526 INFO tempest.lib.common.rest_client [req-8c0c63ff-1e1a-42b5-ba58-8518b1dc49a0 req-8c0c63ff-1e1a-42b5-ba58-8518b1dc49a0 ] Request (HypervisorAdminUnderV252Test:tearDownClass): 204 DELETE http://10.180.1.21/identity/v3/projects/b1714205954d403999cba791b89e1547 0.161s
2025-01-07 02:06:37.122 67526 INFO tempest.test [-] raised in LiveMigrationRemoteConsolesV26Test.setUpClass. Invoking tearDownClass.
2025-01-07 02:06:37.128 67518 INFO tempest.lib.common.rest_client [req-f84b3f85-c8c5-437d-8633-019880c8fc9b req-f84b3f85-c8c5-437d-8633-019880c8fc9b ] Request (FlavorsV261TestJSON:test_crud_flavor): 200 GET http://10.180.1.21/compute/v2.1/flavors 2.797s
2025-01-07 02:06:37.147 67508 INFO tempest.lib.common.rest_client [req-6790db1d-9e09-4483-a639-ebddcab1c703 req-6790db1d-9e09-4483-a639-ebddcab1c703 ] Request (ServicesAdminNegativeTestJSON:test_get_service_by_invalid_service_and_valid_host): 200 GET http://10.180.1.21/compute/v2.1/os-services?host=devstack&binary=xxx 2.745s
2025-01-07 02:06:37.154 67503 INFO tempest.lib.common.rest_client [req-c5c0802e-ef27-4ad1-925b-4a33f6d1763f req-c5c0802e-ef27-4ad1-925b-4a33f6d1763f ] Request (ServicesAdminTestJSON:tearDownClass): 204 DELETE http://10.180.1.21:9696/networking/v2.0/security-groups/94eb0030-c7ad-4690-afca-4ae7a67a7f2e 0.707s
2025-01-07 02:06:37.183 67480 INFO tempest.lib.common.rest_client [req-a76e3c66-a71b-44b5-9a96-70cb42b60eae req-a76e3c66-a71b-44b5-9a96-70cb42b60eae ] Request (KeyPairsNegativeTestJSON:tearDownClass): 204 DELETE http://10.180.1.21/identity/v3/projects/9e25e6ee5660449da0df2987e60292d4 0.200s
2025-01-07 02:06:37.209 67526 INFO tempest.lib.common.rest_client [req-ebea2af2-0b6f-46d6-88c5-aebe9669191b req-ebea2af2-0b6f-46d6-88c5-aebe9669191b ] Request (FloatingIPsAssociationNegativeTestJSON:setUpClass): 201 POST http://10.180.1.21/identity/v3/auth/tokens 0.085s
2025-01-07 02:06:37.219 67524 INFO tempest.lib.common.rest_client [req-bc16243d-07c5-45ac-8cfd-5d87d2e015ad req-bc16243d-07c5-45ac-8cfd-5d87d2e015ad ] Request (FlavorMetadataValidation:tearDownClass): 204 DELETE http://10.180.1.21:9696/networking/v2.0/security-groups/12d3b9d5-0bbb-451d-9874-1b60158f74aa 0.467s
2025-01-07 02:06:37.232 67480 INFO tempest.lib.common.rest_client [req-5f883da5-3a20-48dd-bf07-7f09a5ba2f0b req-5f883da5-3a20-48dd-bf07-7f09a5ba2f0b ] Request (AbsoluteLimitsTestJSON:setUpClass): 201 POST http://10.180.1.21/identity/v3/auth/tokens 0.047s
2025-01-07 02:06:37.266 67526 INFO tempest.lib.common.rest_client [req-ae880e28-a4bd-4923-860d-8f153c2e749b req-ae880e28-a4bd-4923-860d-8f153c2e749b ] Request (FloatingIPsAssociationNegativeTestJSON:setUpClass): 201 POST http://10.180.1.21/identity/v3/auth/tokens 0.050s
2025-01-07 02:06:37.282 67490 INFO tempest.lib.common.rest_client [req-1e2c8aea-e153-4592-bf75-24f5bcc8db5d req-1e2c8aea-e153-4592-bf75-24f5bcc8db5d ] Request (AggregatesAdminNegativeTestJSON:tearDownClass): 200 GET http://10.180.1.21:9696/networking/v2.0/security-groups?tenant_id=b5637e9274974c13bc3824d237efeb63&name=default 0.287s
2025-01-07 02:06:37.320 67503 INFO tempest.lib.common.rest_client [req-569c79c9-fad6-4052-91aa-37974fdbef59 req-569c79c9-fad6-4052-91aa-37974fdbef59 ] Request (ServicesAdminTestJSON:tearDownClass): 204 DELETE http://10.180.1.21/identity/v3/projects/c7c3df68729940d38c917b8b2bfa6e2a 0.164s
2025-01-07 02:06:37.321 67524 INFO tempest.lib.common.rest_client [req-db96d249-6c7b-4cd4-84c9-620fdde6c96f req-db96d249-6c7b-4cd4-84c9-620fdde6c96f ] Request (FlavorMetadataValidation:tearDownClass): 204 DELETE http://10.180.1.21/identity/v3/projects/7b6994032cff45ed9ac21e06ffb8f212 0.102s
2025-01-07 02:06:37.376 67526 INFO tempest.lib.common.rest_client [req-592a2d8a-78ae-45e2-90ea-34a9f062b9a9 req-592a2d8a-78ae-45e2-90ea-34a9f062b9a9 ] Request (FloatingIPsAssociationNegativeTestJSON:setUpClass): 200 GET http://10.180.1.21/identity/v3/domains?name=Default 0.109s
2025-01-07 02:06:37.406 67524 INFO tempest.lib.common.rest_client [req-7e86c7d4-5ad0-4f20-8270-f6988ca59c7f req-7e86c7d4-5ad0-4f20-8270-f6988ca59c7f ] Request (HypervisorAdminNegativeTestJSON:setUpClass): 201 POST http://10.180.1.21/identity/v3/auth/tokens 0.083s
2025-01-07 02:06:37.415 67480 INFO tempest.lib.common.rest_client [req-8ffa2605-75e8-41f7-b0e1-f48ba02b2ab0 req-8ffa2605-75e8-41f7-b0e1-f48ba02b2ab0 ] Request (AbsoluteLimitsTestJSON:setUpClass): 201 POST http://10.180.1.21/identity/v3/auth/tokens 0.134s
2025-01-07 02:06:37.429 67503 INFO tempest.lib.common.rest_client [req-f95de491-6ec4-45be-9ea7-df8a2252683e req-f95de491-6ec4-45be-9ea7-df8a2252683e ] Request (SecurityGroupRulesNegativeTestJSON:setUpClass): 201 POST http://10.180.1.21/identity/v3/auth/tokens 0.105s
2025-01-07 02:06:37.454 67524 INFO tempest.lib.common.rest_client [req-a6289191-1c99-4b56-af98-4a2dc0dab38e req-a6289191-1c99-4b56-af98-4a2dc0dab38e ] Request (HypervisorAdminNegativeTestJSON:setUpClass): 201 POST http://10.180.1.21/identity/v3/auth/tokens 0.045s
2025-01-07 02:06:37.457 67526 INFO tempest.lib.common.rest_client [req-8a0e7014-98a6-4372-9960-35bb92fec824 req-8a0e7014-98a6-4372-9960-35bb92fec824 ] Request (FloatingIPsAssociationNegativeTestJSON:setUpClass): 201 POST http://10.180.1.21/identity/v3/projects 0.080s
2025-01-07 02:06:37.524 67503 INFO tempest.lib.common.rest_client [req-f6e1ddaa-723e-4245-974d-79fa1c45171d req-f6e1ddaa-723e-4245-974d-79fa1c45171d ] Request (SecurityGroupRulesNegativeTestJSON:setUpClass): 201 POST http://10.180.1.21/identity/v3/auth/tokens 0.091s
2025-01-07 02:06:37.526 67480 INFO tempest.lib.common.rest_client [req-cc1d374d-0b13-4936-9684-840f1d045e81 req-cc1d374d-0b13-4936-9684-840f1d045e81 ] Request (AbsoluteLimitsTestJSON:setUpClass): 200 GET http://10.180.1.21/identity/v3/domains?name=Default 0.110s
2025-01-07 02:06:37.558 67524 INFO tempest.lib.common.rest_client [req-a76f8db2-3143-4c90-b9dc-edb8afa06599 req-a76f8db2-3143-4c90-b9dc-edb8afa06599 ] Request (HypervisorAdminNegativeTestJSON:setUpClass): 200 GET http://10.180.1.21/identity/v3/domains?name=Default 0.104s
2025-01-07 02:06:37.562 67526 INFO tempest.lib.common.rest_client [req-bafefdeb-3275-4bf5-b34d-8265aca7c1cd req-bafefdeb-3275-4bf5-b34d-8265aca7c1cd ] Request (FloatingIPsAssociationNegativeTestJSON:setUpClass): 201 POST http://10.180.1.21/identity/v3/users 0.105s
2025-01-07 02:06:37.596 67480 INFO tempest.lib.common.rest_client [req-26131f2c-8a5f-4163-a8d0-9892bfe41a00 req-26131f2c-8a5f-4163-a8d0-9892bfe41a00 ] Request (AbsoluteLimitsTestJSON:setUpClass): 201 POST http://10.180.1.21/identity/v3/projects 0.069s
2025-01-07 02:06:37.605 67503 INFO tempest.lib.common.rest_client [req-7c27004d-edd0-4f19-9b32-58bbf37c718d req-7c27004d-edd0-4f19-9b32-58bbf37c718d ] Request (SecurityGroupRulesNegativeTestJSON:setUpClass): 200 GET http://10.180.1.21/identity/v3/domains?name=Default 0.080s
2025-01-07 02:06:37.659 67490 INFO tempest.lib.common.rest_client [req-ea8fff31-27d2-49a9-9c2e-8ac38512ab37 req-ea8fff31-27d2-49a9-9c2e-8ac38512ab37 ] Request (AggregatesAdminNegativeTestJSON:tearDownClass): 204 DELETE http://10.180.1.21:9696/networking/v2.0/security-groups/634a8905-254d-4707-926c-af42f61b0ee6 0.377s
2025-01-07 02:06:37.668 67524 INFO tempest.lib.common.rest_client [req-c9cb8a00-14a4-41f0-bb52-7be420667ead req-c9cb8a00-14a4-41f0-bb52-7be420667ead ] Request (HypervisorAdminNegativeTestJSON:setUpClass): 201 POST http://10.180.1.21/identity/v3/projects 0.109s
2025-01-07 02:06:37.670 67526 INFO tempest.lib.common.rest_client [req-f5b34174-4746-4b7f-890b-cde5aedf1c09 req-f5b34174-4746-4b7f-890b-cde5aedf1c09 ] Request (FloatingIPsAssociationNegativeTestJSON:setUpClass): 200 GET http://10.180.1.21/identity/v3/roles 0.107s
2025-01-07 02:06:37.720 67480 INFO tempest.lib.common.rest_client [req-d984a04f-6e8e-485d-a6f1-67d21254cf71 req-d984a04f-6e8e-485d-a6f1-67d21254cf71 ] Request (AbsoluteLimitsTestJSON:setUpClass): 201 POST http://10.180.1.21/identity/v3/users 0.124s
2025-01-07 02:06:37.739 67503 INFO tempest.lib.common.rest_client [req-2a46bba4-d1e7-47a7-88dd-5622466e9319 req-2a46bba4-d1e7-47a7-88dd-5622466e9319 ] Request (SecurityGroupRulesNegativeTestJSON:setUpClass): 201 POST http://10.180.1.21/identity/v3/projects 0.133s
2025-01-07 02:06:37.786 67490 INFO tempest.lib.common.rest_client [req-077020f8-6d74-45f2-be4a-0ec65053c121 req-077020f8-6d74-45f2-be4a-0ec65053c121 ] Request (AggregatesAdminNegativeTestJSON:tearDownClass): 204 DELETE http://10.180.1.21/identity/v3/projects/b5637e9274974c13bc3824d237efeb63 0.126s
2025-01-07 02:06:37.840 67524 INFO tempest.lib.common.rest_client [req-6d469ddd-7176-47f7-a893-3da7c7327603 req-6d469ddd-7176-47f7-a893-3da7c7327603 ] Request (HypervisorAdminNegativeTestJSON:setUpClass): 201 POST http://10.180.1.21/identity/v3/users 0.171s
2025-01-07 02:06:37.860 67494 INFO tempest.lib.common.rest_client [req-947b7cf3-5455-444e-a20a-65011ae633f5 req-947b7cf3-5455-444e-a20a-65011ae633f5 ] Request (FloatingIPDetailsTestJSON:setUpClass): 200 POST http://10.180.1.21/compute/v2.1/os-floating-ips 5.287s
2025-01-07 02:06:37.865 67526 INFO tempest.lib.common.rest_client [req-7aaaee96-7c0a-4e2c-a6f2-e6063b94ea7f req-7aaaee96-7c0a-4e2c-a6f2-e6063b94ea7f ] Request (FloatingIPsAssociationNegativeTestJSON:setUpClass): 204 PUT http://10.180.1.21/identity/v3/projects/c15cb6deafcd458e906559e496ef17e2/users/11b87a5ca0914c9788bd33198cdd523f/roles/2a94559af65d4bc9aefd5a790849559b 0.194s
2025-01-07 02:06:37.865 67526 INFO tempest.lib.common.dynamic_creds [-] Dynamic test user 11b87a5ca0914c9788bd33198cdd523f is created with scope project and roles: ['member']
2025-01-07 02:06:37.865 67526 INFO tempest.lib.common.dynamic_creds [-] Acquired dynamic creds: credentials: Credentials: {'domain_id': 'default', 'domain_name': 'Default', 'username': 'tempest-FloatingIPsAssociationNegativeTestJSON-121011120-project-member', 'project_domain_id': 'default', 'project_domain_name': 'Default', 'project_id': 'c15cb6deafcd458e906559e496ef17e2', 'project_name': 'tempest-FloatingIPsAssociationNegativeTestJSON-121011120', 'tenant_id': 'c15cb6deafcd458e906559e496ef17e2', 'tenant_name': 'tempest-FloatingIPsAssociationNegativeTestJSON-121011120', 'user_domain_id': 'default', 'user_domain_name': 'Default', 'user_id': '11b87a5ca0914c9788bd33198cdd523f', 'system': None}, Network: None, Subnet: None, Router: None
2025-01-07 02:06:37.879 67480 INFO tempest.lib.common.rest_client [req-7c03b740-0920-44ff-9de0-c7816ce05e50 req-7c03b740-0920-44ff-9de0-c7816ce05e50 ] Request (AbsoluteLimitsTestJSON:setUpClass): 200 GET http://10.180.1.21/identity/v3/roles 0.158s
2025-01-07 02:06:37.915 67490 INFO tempest.lib.common.rest_client [req-06f1cb9a-80b1-447d-b8ec-1664eb069a61 req-06f1cb9a-80b1-447d-b8ec-1664eb069a61 ] Request (MultipleCreateTestJSON:setUpClass): 201 POST http://10.180.1.21/identity/v3/auth/tokens 0.127s
2025-01-07 02:06:37.935 67503 INFO tempest.lib.common.rest_client [req-089b9d27-b544-48ed-8746-bf74ee308fef req-089b9d27-b544-48ed-8746-bf74ee308fef ] Request (SecurityGroupRulesNegativeTestJSON:setUpClass): 201 POST http://10.180.1.21/identity/v3/users 0.195s
2025-01-07 02:06:37.961 67524 INFO tempest.lib.common.rest_client [req-61c7e26d-3942-4a78-8dfc-133b958ba4a5 req-61c7e26d-3942-4a78-8dfc-133b958ba4a5 ] Request (HypervisorAdminNegativeTestJSON:setUpClass): 200 GET http://10.180.1.21/identity/v3/roles 0.119s
2025-01-07 02:06:37.989 67526 INFO tempest.lib.common.rest_client [req-e6911ecb-5370-4568-b183-8faad3b1eabe req-e6911ecb-5370-4568-b183-8faad3b1eabe ] Request (FloatingIPsAssociationNegativeTestJSON:setUpClass): 201 POST http://10.180.1.21/identity/v3/auth/tokens 0.123s
2025-01-07 02:06:38.028 67480 INFO tempest.lib.common.rest_client [req-4c0679b5-ee5d-4037-af2a-3ab112ce3742 req-4c0679b5-ee5d-4037-af2a-3ab112ce3742 ] Request (AbsoluteLimitsTestJSON:setUpClass): 204 PUT http://10.180.1.21/identity/v3/projects/0ff03d1491f84c8caa1c64b799852d52/users/827399eb7989485cba04fe444aede09f/roles/2a94559af65d4bc9aefd5a790849559b 0.149s
2025-01-07 02:06:38.029 67480 INFO tempest.lib.common.dynamic_creds [-] Dynamic test user 827399eb7989485cba04fe444aede09f is created with scope project and roles: ['member']
2025-01-07 02:06:38.029 67480 INFO tempest.lib.common.dynamic_creds [-] Acquired dynamic creds: credentials: Credentials: {'domain_id': 'default', 'domain_name': 'Default', 'username': 'tempest-AbsoluteLimitsTestJSON-973363458-project-member', 'project_domain_id': 'default', 'project_domain_name': 'Default', 'project_id': '0ff03d1491f84c8caa1c64b799852d52', 'project_name': 'tempest-AbsoluteLimitsTestJSON-973363458', 'tenant_id': '0ff03d1491f84c8caa1c64b799852d52', 'tenant_name': 'tempest-AbsoluteLimitsTestJSON-973363458', 'user_domain_id': 'default', 'user_domain_name': 'Default', 'user_id': '827399eb7989485cba04fe444aede09f', 'system': None}, Network: None, Subnet: None, Router: None
2025-01-07 02:06:38.029 67480 INFO tempest.lib.common.dynamic_creds [-] Created isolated network resources for: credentials: Credentials: {'domain_id': 'default', 'domain_name': 'Default', 'username': 'tempest-AbsoluteLimitsTestJSON-973363458-project-member', 'project_domain_id': 'default', 'project_domain_name': 'Default', 'project_id': '0ff03d1491f84c8caa1c64b799852d52', 'project_name': 'tempest-AbsoluteLimitsTestJSON-973363458', 'tenant_id': '0ff03d1491f84c8caa1c64b799852d52', 'tenant_name': 'tempest-AbsoluteLimitsTestJSON-973363458', 'user_domain_id': 'default', 'user_domain_name': 'Default', 'user_id': '827399eb7989485cba04fe444aede09f', 'system': None}, Network: None, Subnet: None, Router: None
2025-01-07 02:06:38.052 67478 INFO tempest.lib.common.rest_client [req-4bbcad34-95c1-44ab-9e88-6089e6a40090 req-4bbcad34-95c1-44ab-9e88-6089e6a40090 ] Request (QuotaClassesAdminTestJSON:test_update_default_quotas): 200 GET http://10.180.1.21/compute/v2.1/os-quota-class-sets/default 3.168s
2025-01-07 02:06:38.078 67490 INFO tempest.lib.common.rest_client [req-396bc8e3-6d3f-420b-a948-e9505c8697f7 req-396bc8e3-6d3f-420b-a948-e9505c8697f7 ] Request (MultipleCreateTestJSON:setUpClass): 201 POST http://10.180.1.21/identity/v3/auth/tokens 0.157s
2025-01-07 02:06:38.080 67503 INFO tempest.lib.common.rest_client [req-74794405-f686-4e98-a091-ad6669fc3004 req-74794405-f686-4e98-a091-ad6669fc3004 ] Request (SecurityGroupRulesNegativeTestJSON:setUpClass): 200 GET http://10.180.1.21/identity/v3/roles 0.144s
2025-01-07 02:06:38.105 67524 INFO tempest.lib.common.rest_client [req-4979a49b-54f4-4011-8d94-b205ffa00b9c req-4979a49b-54f4-4011-8d94-b205ffa00b9c ] Request (HypervisorAdminNegativeTestJSON:setUpClass): 204 PUT http://10.180.1.21/identity/v3/projects/ca5be4e8304344d9997c878af2ba1a28/users/92564bcb4be9402c99bcb40d5331e2a5/roles/2a94559af65d4bc9aefd5a790849559b 0.144s
2025-01-07 02:06:38.106 67524 INFO tempest.lib.common.dynamic_creds [-] Dynamic test user 92564bcb4be9402c99bcb40d5331e2a5 is created with scope project and roles: ['member']
2025-01-07 02:06:38.106 67524 INFO tempest.lib.common.dynamic_creds [-] Acquired dynamic creds: credentials: Credentials: {'domain_id': 'default', 'domain_name': 'Default', 'username': 'tempest-HypervisorAdminNegativeTestJSON-550298443-project-member', 'project_domain_id': 'default', 'project_domain_name': 'Default', 'project_id': 'ca5be4e8304344d9997c878af2ba1a28', 'project_name': 'tempest-HypervisorAdminNegativeTestJSON-550298443', 'tenant_id': 'ca5be4e8304344d9997c878af2ba1a28', 'tenant_name': 'tempest-HypervisorAdminNegativeTestJSON-550298443', 'user_domain_id': 'default', 'user_domain_name': 'Default', 'user_id': '92564bcb4be9402c99bcb40d5331e2a5', 'system': None}, Network: None, Subnet: None, Router: None
2025-01-07 02:06:38.106 67524 INFO tempest.lib.common.dynamic_creds [-] Created isolated network resources for: credentials: Credentials: {'domain_id': 'default', 'domain_name': 'Default', 'username': 'tempest-HypervisorAdminNegativeTestJSON-550298443-project-member', 'project_domain_id': 'default', 'project_domain_name': 'Default', 'project_id': 'ca5be4e8304344d9997c878af2ba1a28', 'project_name': 'tempest-HypervisorAdminNegativeTestJSON-550298443', 'tenant_id': 'ca5be4e8304344d9997c878af2ba1a28', 'tenant_name': 'tempest-HypervisorAdminNegativeTestJSON-550298443', 'user_domain_id': 'default', 'user_domain_name': 'Default', 'user_id': '92564bcb4be9402c99bcb40d5331e2a5', 'system': None}, Network: None, Subnet: None, Router: None
2025-01-07 02:06:38.176 67480 INFO tempest.lib.common.rest_client [req-af1481ac-89d1-4554-bb61-1ceca459ae99 req-af1481ac-89d1-4554-bb61-1ceca459ae99 ] Request (AbsoluteLimitsTestJSON:setUpClass): 201 POST http://10.180.1.21/identity/v3/auth/tokens 0.140s
2025-01-07 02:06:38.199 67500 INFO tempest.lib.common.rest_client [req-8196bef3-c20b-4d73-8db3-aa279640751b req-8196bef3-c20b-4d73-8db3-aa279640751b ] Request (ServersAdminTestJSON:setUpClass): 202 POST http://10.180.1.21/compute/v2.1/servers 3.570s
