2025-02-18 08:42:09.543 63738 INFO tempest.lib.common.dynamic_creds [-] Created isolated network resources for: credentials: Credentials: {'domain_id': 'default', 'domain_name': 'Default', 'username': 'tempest-FlavorsAccessTestJSON-1682974201-project-admin', 'project_domain_id': 'default', 'project_domain_name': 'Default', 'project_id': 'a762d0cb81954a27b96fcf18e1ab0f2e', 'project_name': 'tempest-FlavorsAccessTestJSON-1682974201', 'tenant_id': 'a762d0cb81954a27b96fcf18e1ab0f2e', 'tenant_name': 'tempest-FlavorsAccessTestJSON-1682974201', 'user_domain_id': 'default', 'user_domain_name': 'Default', 'user_id': '83d38f3338d94f89bbec94bf2099db9f', 'system': None}, Network: None, Subnet: None, Router: None
2025-02-18 08:42:09.553 63770 INFO tempest.lib.common.rest_client [req-a233d3da-0340-40bf-b802-7dcdfb488dae req-a233d3da-0340-40bf-b802-7dcdfb488dae ] Request (InstanceUsageAuditLogTestJSON:setUpClass): 204 PUT http://10.180.1.21/identity/v3/projects/57e7146ffaf745d893f08ac516b7f18a/users/421d81dc4d6943ec95808845b2d89439/roles/546ec793367b4e68b5e08df0905a267a 0.573s
2025-02-18 08:42:09.553 63770 INFO tempest.lib.common.dynamic_creds [-] Dynamic test user 421d81dc4d6943ec95808845b2d89439 is created with scope project and roles: ['admin']
2025-02-18 08:42:09.553 63770 INFO tempest.lib.common.dynamic_creds [-] Acquired dynamic creds: credentials: Credentials: {'domain_id': 'default', 'domain_name': 'Default', 'username': 'tempest-InstanceUsageAuditLogTestJSON-537848828-project-admin', 'project_domain_id': 'default', 'project_domain_name': 'Default', 'project_id': '57e7146ffaf745d893f08ac516b7f18a', 'project_name': 'tempest-InstanceUsageAuditLogTestJSON-537848828', 'tenant_id': '57e7146ffaf745d893f08ac516b7f18a', 'tenant_name': 'tempest-InstanceUsageAuditLogTestJSON-537848828', 'user_domain_id': 'default', 'user_domain_name': 'Default', 'user_id': '421d81dc4d6943ec95808845b2d89439', 'system': None}, Network: None, Subnet: None, Router: None
2025-02-18 08:42:09.554 63770 INFO tempest.lib.common.dynamic_creds [-] Created isolated network resources for: credentials: Credentials: {'domain_id': 'default', 'domain_name': 'Default', 'username': 'tempest-InstanceUsageAuditLogTestJSON-537848828-project-admin', 'project_domain_id': 'default', 'project_domain_name': 'Default', 'project_id': '57e7146ffaf745d893f08ac516b7f18a', 'project_name': 'tempest-InstanceUsageAuditLogTestJSON-537848828', 'tenant_id': '57e7146ffaf745d893f08ac516b7f18a', 'tenant_name': 'tempest-InstanceUsageAuditLogTestJSON-537848828', 'user_domain_id': 'default', 'user_domain_name': 'Default', 'user_id': '421d81dc4d6943ec95808845b2d89439', 'system': None}, Network: None, Subnet: None, Router: None
2025-02-18 08:42:09.606 63796 INFO tempest.lib.common.rest_client [req-f5ff965d-05fe-41d7-8d65-a839595438f7 req-f5ff965d-05fe-41d7-8d65-a839595438f7 ] Request (FlavorsAccessNegativeTestJSON:setUpClass): 204 PUT http://10.180.1.21/identity/v3/projects/fc0a9a18c9574a658c587a26db886351/users/8bc023f18e034d30bde7d9b8d5616bfe/roles/546ec793367b4e68b5e08df0905a267a 0.518s
2025-02-18 08:42:09.606 63796 INFO tempest.lib.common.dynamic_creds [-] Dynamic test user 8bc023f18e034d30bde7d9b8d5616bfe is created with scope project and roles: ['admin']
2025-02-18 08:42:09.606 63796 INFO tempest.lib.common.dynamic_creds [-] Acquired dynamic creds: credentials: Credentials: {'domain_id': 'default', 'domain_name': 'Default', 'username': 'tempest-FlavorsAccessNegativeTestJSON-1967288789-project-admin', 'project_domain_id': 'default', 'project_domain_name': 'Default', 'project_id': 'fc0a9a18c9574a658c587a26db886351', 'project_name': 'tempest-FlavorsAccessNegativeTestJSON-1967288789', 'tenant_id': 'fc0a9a18c9574a658c587a26db886351', 'tenant_name': 'tempest-FlavorsAccessNegativeTestJSON-1967288789', 'user_domain_id': 'default', 'user_domain_name': 'Default', 'user_id': '8bc023f18e034d30bde7d9b8d5616bfe', 'system': None}, Network: None, Subnet: None, Router: None
2025-02-18 08:42:09.606 63796 INFO tempest.lib.common.dynamic_creds [-] Created isolated network resources for: credentials: Credentials: {'domain_id': 'default', 'domain_name': 'Default', 'username': 'tempest-FlavorsAccessNegativeTestJSON-1967288789-project-admin', 'project_domain_id': 'default', 'project_domain_name': 'Default', 'project_id': 'fc0a9a18c9574a658c587a26db886351', 'project_name': 'tempest-FlavorsAccessNegativeTestJSON-1967288789', 'tenant_id': 'fc0a9a18c9574a658c587a26db886351', 'tenant_name': 'tempest-FlavorsAccessNegativeTestJSON-1967288789', 'user_domain_id': 'default', 'user_domain_name': 'Default', 'user_id': '8bc023f18e034d30bde7d9b8d5616bfe', 'system': None}, Network: None, Subnet: None, Router: None
2025-02-18 08:42:09.623 63764 INFO tempest.lib.common.rest_client [req-7a84f3ba-39a6-4c9f-aee7-3c973310a0dd req-7a84f3ba-39a6-4c9f-aee7-3c973310a0dd ] Request (InstanceUsageAuditLogNegativeTestJSON:setUpClass): 204 PUT http://10.180.1.21/identity/v3/projects/65a1d022df3d4bafb58100e6d58859d2/users/009cf7f4d5e14dc58684bd920c6567a3/roles/546ec793367b4e68b5e08df0905a267a 0.550s
2025-02-18 08:42:09.624 63764 INFO tempest.lib.common.dynamic_creds [-] Dynamic test user 009cf7f4d5e14dc58684bd920c6567a3 is created with scope project and roles: ['admin']
2025-02-18 08:42:09.624 63764 INFO tempest.lib.common.dynamic_creds [-] Acquired dynamic creds: credentials: Credentials: {'domain_id': 'default', 'domain_name': 'Default', 'username': 'tempest-InstanceUsageAuditLogNegativeTestJSON-447074522-project-admin', 'project_domain_id': 'default', 'project_domain_name': 'Default', 'project_id': '65a1d022df3d4bafb58100e6d58859d2', 'project_name': 'tempest-InstanceUsageAuditLogNegativeTestJSON-447074522', 'tenant_id': '65a1d022df3d4bafb58100e6d58859d2', 'tenant_name': 'tempest-InstanceUsageAuditLogNegativeTestJSON-447074522', 'user_domain_id': 'default', 'user_domain_name': 'Default', 'user_id': '009cf7f4d5e14dc58684bd920c6567a3', 'system': None}, Network: None, Subnet: None, Router: None
2025-02-18 08:42:09.624 63764 INFO tempest.lib.common.dynamic_creds [-] Created isolated network resources for: credentials: Credentials: {'domain_id': 'default', 'domain_name': 'Default', 'username': 'tempest-InstanceUsageAuditLogNegativeTestJSON-447074522-project-admin', 'project_domain_id': 'default', 'project_domain_name': 'Default', 'project_id': '65a1d022df3d4bafb58100e6d58859d2', 'project_name': 'tempest-InstanceUsageAuditLogNegativeTestJSON-447074522', 'tenant_id': '65a1d022df3d4bafb58100e6d58859d2', 'tenant_name': 'tempest-InstanceUsageAuditLogNegativeTestJSON-447074522', 'user_domain_id': 'default', 'user_domain_name': 'Default', 'user_id': '009cf7f4d5e14dc58684bd920c6567a3', 'system': None}, Network: None, Subnet: None, Router: None
2025-02-18 08:42:09.681 63786 INFO tempest.lib.common.rest_client [req-6b6b450c-2da8-4977-b0ea-3082a199cf05 req-6b6b450c-2da8-4977-b0ea-3082a199cf05 ] Request (QuotaClassesAdminTestJSON:setUpClass): 204 PUT http://10.180.1.21/identity/v3/projects/2eec16a90cd14e44af63d2166d3bff98/users/6d203a74a2cb4f859a25680c3ccc33bd/roles/546ec793367b4e68b5e08df0905a267a 0.591s
2025-02-18 08:42:09.681 63786 INFO tempest.lib.common.dynamic_creds [-] Dynamic test user 6d203a74a2cb4f859a25680c3ccc33bd is created with scope project and roles: ['admin']
2025-02-18 08:42:09.681 63786 INFO tempest.lib.common.dynamic_creds [-] Acquired dynamic creds: credentials: Credentials: {'domain_id': 'default', 'domain_name': 'Default', 'username': 'tempest-QuotaClassesAdminTestJSON-241175215-project-admin', 'project_domain_id': 'default', 'project_domain_name': 'Default', 'project_id': '2eec16a90cd14e44af63d2166d3bff98', 'project_name': 'tempest-QuotaClassesAdminTestJSON-241175215', 'tenant_id': '2eec16a90cd14e44af63d2166d3bff98', 'tenant_name': 'tempest-QuotaClassesAdminTestJSON-241175215', 'user_domain_id': 'default', 'user_domain_name': 'Default', 'user_id': '6d203a74a2cb4f859a25680c3ccc33bd', 'system': None}, Network: None, Subnet: None, Router: None
2025-02-18 08:42:09.681 63786 INFO tempest.lib.common.dynamic_creds [-] Created isolated network resources for: credentials: Credentials: {'domain_id': 'default', 'domain_name': 'Default', 'username': 'tempest-QuotaClassesAdminTestJSON-241175215-project-admin', 'project_domain_id': 'default', 'project_domain_name': 'Default', 'project_id': '2eec16a90cd14e44af63d2166d3bff98', 'project_name': 'tempest-QuotaClassesAdminTestJSON-241175215', 'tenant_id': '2eec16a90cd14e44af63d2166d3bff98', 'tenant_name': 'tempest-QuotaClassesAdminTestJSON-241175215', 'user_domain_id': 'default', 'user_domain_name': 'Default', 'user_id': '6d203a74a2cb4f859a25680c3ccc33bd', 'system': None}, Network: None, Subnet: None, Router: None
2025-02-18 08:42:09.689 63780 INFO tempest.lib.common.rest_client [req-67a3c09c-7db4-435d-9d78-e570b67feb72 req-67a3c09c-7db4-435d-9d78-e570b67feb72 ] Request (KeyPairsV210TestJSON:setUpClass): 204 PUT http://10.180.1.21/identity/v3/projects/ab82ce687a924821b21fc081b94b6cb6/users/2ef6fcbe1469472c93934aa0f62f37cf/roles/546ec793367b4e68b5e08df0905a267a 0.580s
2025-02-18 08:42:09.689 63780 INFO tempest.lib.common.dynamic_creds [-] Dynamic test user 2ef6fcbe1469472c93934aa0f62f37cf is created with scope project and roles: ['admin']
2025-02-18 08:42:09.689 63780 INFO tempest.lib.common.dynamic_creds [-] Acquired dynamic creds: credentials: Credentials: {'domain_id': 'default', 'domain_name': 'Default', 'username': 'tempest-KeyPairsV210TestJSON-201596352-project-admin', 'project_domain_id': 'default', 'project_domain_name': 'Default', 'project_id': 'ab82ce687a924821b21fc081b94b6cb6', 'project_name': 'tempest-KeyPairsV210TestJSON-201596352', 'tenant_id': 'ab82ce687a924821b21fc081b94b6cb6', 'tenant_name': 'tempest-KeyPairsV210TestJSON-201596352', 'user_domain_id': 'default', 'user_domain_name': 'Default', 'user_id': '2ef6fcbe1469472c93934aa0f62f37cf', 'system': None}, Network: None, Subnet: None, Router: None
2025-02-18 08:42:09.689 63780 INFO tempest.lib.common.dynamic_creds [-] Created isolated network resources for: credentials: Credentials: {'domain_id': 'default', 'domain_name': 'Default', 'username': 'tempest-KeyPairsV210TestJSON-201596352-project-admin', 'project_domain_id': 'default', 'project_domain_name': 'Default', 'project_id': 'ab82ce687a924821b21fc081b94b6cb6', 'project_name': 'tempest-KeyPairsV210TestJSON-201596352', 'tenant_id': 'ab82ce687a924821b21fc081b94b6cb6', 'tenant_name': 'tempest-KeyPairsV210TestJSON-201596352', 'user_domain_id': 'default', 'user_domain_name': 'Default', 'user_id': '2ef6fcbe1469472c93934aa0f62f37cf', 'system': None}, Network: None, Subnet: None, Router: None
2025-02-18 08:42:09.740 63754 INFO tempest.lib.common.rest_client [req-67b31696-afde-44c9-b99b-78aac1eadc02 req-67b31696-afde-44c9-b99b-78aac1eadc02 ] Request (ServerDiagnosticsTest:setUpClass): 204 PUT http://10.180.1.21/identity/v3/projects/0c64cc853059454bae18f83376cdbd82/users/d08ddbe5c4a34fd28cbf41b04edec5e8/roles/546ec793367b4e68b5e08df0905a267a 0.585s
2025-02-18 08:42:09.740 63754 INFO tempest.lib.common.dynamic_creds [-] Dynamic test user d08ddbe5c4a34fd28cbf41b04edec5e8 is created with scope project and roles: ['admin']
2025-02-18 08:42:09.740 63754 INFO tempest.lib.common.dynamic_creds [-] Acquired dynamic creds: credentials: Credentials: {'domain_id': 'default', 'domain_name': 'Default', 'username': 'tempest-ServerDiagnosticsTest-1014928109-project-admin', 'project_domain_id': 'default', 'project_domain_name': 'Default', 'project_id': '0c64cc853059454bae18f83376cdbd82', 'project_name': 'tempest-ServerDiagnosticsTest-1014928109', 'tenant_id': '0c64cc853059454bae18f83376cdbd82', 'tenant_name': 'tempest-ServerDiagnosticsTest-1014928109', 'user_domain_id': 'default', 'user_domain_name': 'Default', 'user_id': 'd08ddbe5c4a34fd28cbf41b04edec5e8', 'system': None}, Network: None, Subnet: None, Router: None
2025-02-18 08:42:09.740 63754 INFO tempest.lib.common.dynamic_creds [-] Created isolated network resources for: credentials: Credentials: {'domain_id': 'default', 'domain_name': 'Default', 'username': 'tempest-ServerDiagnosticsTest-1014928109-project-admin', 'project_domain_id': 'default', 'project_domain_name': 'Default', 'project_id': '0c64cc853059454bae18f83376cdbd82', 'project_name': 'tempest-ServerDiagnosticsTest-1014928109', 'tenant_id': '0c64cc853059454bae18f83376cdbd82', 'tenant_name': 'tempest-ServerDiagnosticsTest-1014928109', 'user_domain_id': 'default', 'user_domain_name': 'Default', 'user_id': 'd08ddbe5c4a34fd28cbf41b04edec5e8', 'system': None}, Network: None, Subnet: None, Router: None
2025-02-18 08:42:09.755 63762 INFO tempest.lib.common.rest_client [req-d0404480-6f4b-4276-8dd5-50adcfc4cf17 req-d0404480-6f4b-4276-8dd5-50adcfc4cf17 ] Request (HypervisorAdminNegativeUnderV252Test:setUpClass): 201 POST http://10.180.1.21/identity/v3/auth/tokens 0.606s
2025-02-18 08:42:09.800 63766 INFO tempest.lib.common.rest_client [req-4a176600-5c78-444c-8afe-0281fe9b2cbf req-4a176600-5c78-444c-8afe-0281fe9b2cbf ] Request (FlavorsV2NegativeTest:setUpClass): 201 POST http://10.180.1.21/identity/v3/auth/tokens 0.576s
2025-02-18 08:42:09.821 63774 INFO tempest.lib.common.rest_client [req-66c502b2-61f5-415e-bf02-3078f714e75f req-66c502b2-61f5-415e-bf02-3078f714e75f ] Request (ServerExternalEventsTest:setUpClass): 200 GET http://10.180.1.21/identity/v3/roles 0.483s
2025-02-18 08:42:09.853 63740 INFO tempest.lib.common.rest_client [req-3918dabc-d749-47c8-a9c9-447b66777bde req-3918dabc-d749-47c8-a9c9-447b66777bde ] Request (HypervisorAdminV228Test:test_get_list_hypervisor_details): 200 GET http://10.180.1.21/compute/v2.1/os-hypervisors 1.844s
2025-02-18 08:42:09.868 63790 INFO tempest.lib.common.rest_client [req-34081f2b-ddec-42d8-ac69-2248ff23489a req-34081f2b-ddec-42d8-ac69-2248ff23489a ] Request (ServersAdminTestJSON:setUpClass): 200 PUT http://10.180.1.21:9696/networking/v2.0/routers/5e9384cd-b9d6-4505-a9c1-550311ecb357/add_router_interface 0.721s
2025-02-18 08:42:09.869 63790 INFO tempest.lib.common.dynamic_creds [-] Created isolated network resources for: credentials: Credentials: {'domain_id': 'default', 'domain_name': 'Default', 'username': 'tempest-ServersAdminTestJSON-584836407-project-member', 'project_domain_id': 'default', 'project_domain_name': 'Default', 'project_id': '2257d2b1f55f47af9410739eecda2348', 'project_name': 'tempest-ServersAdminTestJSON-584836407', 'tenant_id': '2257d2b1f55f47af9410739eecda2348', 'tenant_name': 'tempest-ServersAdminTestJSON-584836407', 'user_domain_id': 'default', 'user_domain_name': 'Default', 'user_id': 'dd74d94c04b8406aa45451e679633fc0', 'system': None}, Network: {'id': '62224ad6-0cb3-4150-90d5-eba85ebb8167', 'name': 'tempest-ServersAdminTestJSON-668984361-network', 'tenant_id': '2257d2b1f55f47af9410739eecda2348', 'admin_state_up': True, 'mtu': 8950, 'status': 'ACTIVE', 'subnets': [], 'shared': False, 'project_id': '2257d2b1f55f47af9410739eecda2348', 'port_security_enabled': True, 'router:external': False, 'provider:network_type': 'vlan', 'provider:physical_network': 'default', 'provider:segmentation_id': 562, 'availability_zone_hints': [], 'availability_zones': [], 'ipv4_address_scope': None, 'ipv6_address_scope': None, 'description': '', 'tags': [], 'created_at': '2025-02-18T08:42:04Z', 'updated_at': '2025-02-18T08:42:04Z', 'revision_number': 1}, Subnet: {'id': '262d1ef4-fe2c-40ec-b1d0-81ba0f3d4f48', 'name': 'tempest-ServersAdminTestJSON-668984361-subnet', 'tenant_id': '2257d2b1f55f47af9410739eecda2348', 'network_id': '62224ad6-0cb3-4150-90d5-eba85ebb8167', 'ip_version': 4, 'subnetpool_id': None, 'enable_dhcp': True, 'ipv6_ra_mode': None, 'ipv6_address_mode': None, 'gateway_ip': '192.168.128.1', 'cidr': '192.168.128.0/28', 'allocation_pools': [{'start': '192.168.128.2', 'end': '192.168.128.14'}], 'host_routes': [], 'dns_nameservers': [], 'description': '', 'router:external': False, 'service_types': [], 'tags': [], 'created_at': '2025-02-18T08:42:06Z', 'updated_at': '2025-02-18T08:42:06Z', 'revision_number': 0, 'project_id': '2257d2b1f55f47af9410739eecda2348'}, Router: {'id': '5e9384cd-b9d6-4505-a9c1-550311ecb357', 'name': 'tempest-ServersAdminTestJSON-668984361-router', 'tenant_id': '2257d2b1f55f47af9410739eecda2348', 'admin_state_up': True, 'status': 'ACTIVE', 'external_gateway_info': {'network_id': 'a6df9a25-01b1-4cf6-99ab-9c6848278693', 'external_fixed_ips': [{'subnet_id': '9d1b0568-5b29-4fd5-9ca5-1f09b46e5ca0', 'ip_address': '10.180.180.128'}], 'enable_snat': True}, 'description': '', 'availability_zones': [], 'distributed': False, 'ha': False, 'availability_zone_hints': [], 'routes': [], 'flavor_id': None, 'tags': [], 'created_at': '2025-02-18T08:42:07Z', 'updated_at': '2025-02-18T08:42:07Z', 'revision_number': 2, 'project_id': '2257d2b1f55f47af9410739eecda2348'}
2025-02-18 08:42:09.871 63760 INFO tempest.lib.common.rest_client [req-71124e68-60b0-4027-b181-19354a306a28 req-71124e68-60b0-4027-b181-19354a306a28 ] Request (ServerGroup264TestJSON:test_create_get_server_group): 200 GET http://10.180.1.21/compute/v2.1/os-server-groups 1.529s
2025-02-18 08:42:09.887 63748 INFO tempest.lib.common.rest_client [req-a45d7447-65fd-4970-a5a8-c1e353a84618 req-a45d7447-65fd-4970-a5a8-c1e353a84618 ] Request (AZAdminV2TestJSON:tearDownClass): 204 DELETE http://10.180.1.21/identity/v3/users/5c47b7ee7160464c919b054751ac7b21 0.516s
2025-02-18 08:42:09.888 63748 INFO tempest.lib.common.dynamic_creds [-] Deleting project and security group for project: 823d8c3a2adb4c938f72f2950e23bcb3
2025-02-18 08:42:09.893 63782 INFO tempest.lib.common.rest_client [req-f25354f5-6a63-433f-ab45-cc3641f8bcb8 req-f25354f5-6a63-433f-ab45-cc3641f8bcb8 ] Request (ServerDiagnosticsV248Test:setUpClass): 201 POST http://10.180.1.21/identity/v3/auth/tokens 0.430s
2025-02-18 08:42:09.948 63768 INFO tempest.lib.common.rest_client [req-41b26adc-1bda-451a-95f9-4a7e0d40f8ae req-41b26adc-1bda-451a-95f9-4a7e0d40f8ae ] Request (AggregatesAdminNegativeTestJSON:setUpClass): 201 POST http://10.180.1.21/identity/v3/auth/tokens 0.412s
2025-02-18 08:42:09.949 63795 INFO tempest.lib.common.rest_client [req-bec1d9c0-1666-4d8d-83bd-c490a29476da req-bec1d9c0-1666-4d8d-83bd-c490a29476da ] Request (FlavorsAdminTestJSON:setUpClass): 201 POST http://10.180.1.21/identity/v3/auth/tokens 0.398s
2025-02-18 08:42:10.011 63738 INFO tempest.lib.common.rest_client [req-de01cf72-e953-40ab-9171-07f0d7e3ea93 req-de01cf72-e953-40ab-9171-07f0d7e3ea93 ] Request (FlavorsAccessTestJSON:setUpClass): 201 POST http://10.180.1.21/identity/v3/auth/tokens 0.424s
2025-02-18 08:42:10.012 63738 WARNING tempest.lib.common.rest_client [-] Deprecated: "tenant_id" property is deprecated for removal, use "project_id" instead
2025-02-18 08:42:10.067 63770 INFO tempest.lib.common.rest_client [req-a6131b7b-f019-48d2-8e2f-73744accb278 req-a6131b7b-f019-48d2-8e2f-73744accb278 ] Request (InstanceUsageAuditLogTestJSON:setUpClass): 201 POST http://10.180.1.21/identity/v3/auth/tokens 0.455s
2025-02-18 08:42:10.081 63796 INFO tempest.lib.common.rest_client [req-3fe406ea-cfb0-4cc6-956f-2af5385dfdb7 req-3fe406ea-cfb0-4cc6-956f-2af5385dfdb7 ] Request (FlavorsAccessNegativeTestJSON:setUpClass): 201 POST http://10.180.1.21/identity/v3/auth/tokens 0.414s
2025-02-18 08:42:10.129 63764 INFO tempest.lib.common.rest_client [req-3c426180-eb2c-4a8c-810b-8f001c2447d8 req-3c426180-eb2c-4a8c-810b-8f001c2447d8 ] Request (InstanceUsageAuditLogNegativeTestJSON:setUpClass): 201 POST http://10.180.1.21/identity/v3/auth/tokens 0.442s
2025-02-18 08:42:10.146 63786 INFO tempest.lib.common.rest_client [req-e43a476e-a3d9-4fe1-8579-33810b3335b1 req-e43a476e-a3d9-4fe1-8579-33810b3335b1 ] Request (QuotaClassesAdminTestJSON:setUpClass): 201 POST http://10.180.1.21/identity/v3/auth/tokens 0.418s
2025-02-18 08:42:10.195 63780 INFO tempest.lib.common.rest_client [req-47aa95b7-6dea-458e-910d-ddbca86ddb35 req-47aa95b7-6dea-458e-910d-ddbca86ddb35 ] Request (KeyPairsV210TestJSON:setUpClass): 201 POST http://10.180.1.21/identity/v3/auth/tokens 0.451s
2025-02-18 08:42:10.253 63766 INFO tempest.lib.common.rest_client [req-1746cb25-56c7-4818-af13-dafb86a9a33e req-1746cb25-56c7-4818-af13-dafb86a9a33e ] Request (FlavorsV2NegativeTest:setUpClass): 201 POST http://10.180.1.21/identity/v3/auth/tokens 0.450s
2025-02-18 08:42:10.266 63754 INFO tempest.lib.common.rest_client [req-fb11803e-62bc-4076-bfd2-4e3fe567f11d req-fb11803e-62bc-4076-bfd2-4e3fe567f11d ] Request (ServerDiagnosticsTest:setUpClass): 201 POST http://10.180.1.21/identity/v3/auth/tokens 0.472s
2025-02-18 08:42:10.283 63774 INFO tempest.lib.common.rest_client [req-9447e394-280d-4e51-b47d-d4e51aa986e8 req-9447e394-280d-4e51-b47d-d4e51aa986e8 ] Request (ServerExternalEventsTest:setUpClass): 204 PUT http://10.180.1.21/identity/v3/projects/7042deaefa494ad196d631e8b469d490/users/694524b53e36496883f1f0469c7aedc1/roles/fc05e7a8b52a4888ab285e0d97927999 0.460s
2025-02-18 08:42:10.341 63742 INFO tempest.lib.common.rest_client [req-d4cae573-3f06-4eff-879a-3ebecbc7da92 req-d4cae573-3f06-4eff-879a-3ebecbc7da92 ] Request (FlavorsV255TestJSON:test_crud_flavor): 200 POST http://10.180.1.21/compute/v2.1/flavors 1.975s
2025-02-18 08:42:10.343 63790 INFO tempest.lib.common.rest_client [req-366e74dd-ae4a-40cf-862e-ab0610dd2983 req-366e74dd-ae4a-40cf-862e-ab0610dd2983 ] Request (ServersAdminTestJSON:setUpClass): 201 POST http://10.180.1.21/identity/v3/auth/tokens 0.470s
2025-02-18 08:42:10.383 63748 INFO tempest.lib.common.rest_client [req-fe4c6bd2-27cd-478e-8e87-ac0d5b304c8b req-fe4c6bd2-27cd-478e-8e87-ac0d5b304c8b ] Request (AZAdminV2TestJSON:tearDownClass): 201 POST http://10.180.1.21/identity/v3/auth/tokens 0.495s
2025-02-18 08:42:10.402 63782 INFO tempest.lib.common.rest_client [req-49481381-9e1c-4db0-934a-070f484e356f req-49481381-9e1c-4db0-934a-070f484e356f ] Request (ServerDiagnosticsV248Test:test_get_server_diagnostics): 201 POST http://10.180.1.21/identity/v3/auth/tokens 0.504s
2025-02-18 08:42:10.402 63782 INFO tempest.lib.common.fixed_network [-] (ServerDiagnosticsV248Test:test_get_server_diagnostics) Found network None available for tenant
2025-02-18 08:42:10.440 63796 INFO tempest.lib.common.rest_client [req-2407ed8e-03a2-4e10-9aea-ae78b1124e41 req-2407ed8e-03a2-4e10-9aea-ae78b1124e41 ] Request (FlavorsAccessNegativeTestJSON:setUpClass): 201 POST http://10.180.1.21/identity/v3/projects 0.358s
2025-02-18 08:42:10.521 63766 INFO tempest.lib.common.rest_client [req-55897802-038e-4834-a2c0-29accfcef038 req-55897802-038e-4834-a2c0-29accfcef038 ] Request (FlavorsV2NegativeTest:setUpClass): 200 GET http://10.180.1.21/identity/v3/domains?name=Default 0.267s
2025-02-18 08:42:10.525 63756 INFO tempest.lib.common.rest_client [req-7cf6b0ea-7a1f-4c4f-acde-ab852b3cc07a req-7cf6b0ea-7a1f-4c4f-acde-ab852b3cc07a ] Request (ImagesOneServerTestJSON:setUpClass): 201 POST http://10.180.1.21:9696/networking/v2.0/routers 2.592s
2025-02-18 08:42:10.527 63798 INFO tempest.lib.common.rest_client [req-36dd190d-6337-4e1c-a745-02197b2588de req-36dd190d-6337-4e1c-a745-02197b2588de ] Request (FloatingIPDetailsTestJSON:setUpClass): 200 PUT http://10.180.1.21:9696/networking/v2.0/routers/641a1d62-e47c-45a8-a7d6-1d069c98d0cd/add_router_interface 3.112s
2025-02-18 08:42:10.527 63798 INFO tempest.lib.common.dynamic_creds [-] Created isolated network resources for: credentials: Credentials: {'domain_id': 'default', 'domain_name': 'Default', 'username': 'tempest-FloatingIPDetailsTestJSON-530872452-project-member', 'project_domain_id': 'default', 'project_domain_name': 'Default', 'project_id': '2567c94e313d4c9fad499611961724a8', 'project_name': 'tempest-FloatingIPDetailsTestJSON-530872452', 'tenant_id': '2567c94e313d4c9fad499611961724a8', 'tenant_name': 'tempest-FloatingIPDetailsTestJSON-530872452', 'user_domain_id': 'default', 'user_domain_name': 'Default', 'user_id': '7d76646403c34f64a67852f47cdef3ee', 'system': None}, Network: {'id': '439d712e-3d8a-4226-ad52-7d8d8eac3d47', 'name': 'tempest-FloatingIPDetailsTestJSON-306411394-network', 'tenant_id': '2567c94e313d4c9fad499611961724a8', 'admin_state_up': True, 'mtu': 8950, 'status': 'ACTIVE', 'subnets': [], 'shared': False, 'project_id': '2567c94e313d4c9fad499611961724a8', 'port_security_enabled': True, 'router:external': False, 'provider:network_type': 'vlan', 'provider:physical_network': 'default', 'provider:segmentation_id': 711, 'availability_zone_hints': [], 'availability_zones': [], 'ipv4_address_scope': None, 'ipv6_address_scope': None, 'description': '', 'tags': [], 'created_at': '2025-02-18T08:42:04Z', 'updated_at': '2025-02-18T08:42:04Z', 'revision_number': 1}, Subnet: {'id': '217ae457-f901-4a24-a572-74710ae36b2a', 'name': 'tempest-FloatingIPDetailsTestJSON-306411394-subnet', 'tenant_id': '2567c94e313d4c9fad499611961724a8', 'network_id': '439d712e-3d8a-4226-ad52-7d8d8eac3d47', 'ip_version': 4, 'subnetpool_id': None, 'enable_dhcp': True, 'ipv6_ra_mode': None, 'ipv6_address_mode': None, 'gateway_ip': '192.168.128.1', 'cidr': '192.168.128.0/28', 'allocation_pools': [{'start': '192.168.128.2', 'end': '192.168.128.14'}], 'host_routes': [], 'dns_nameservers': [], 'description': '', 'router:external': False, 'service_types': [], 'tags': [], 'created_at': '2025-02-18T08:42:04Z', 'updated_at': '2025-02-18T08:42:04Z', 'revision_number': 0, 'project_id': '2567c94e313d4c9fad499611961724a8'}, Router: {'id': '641a1d62-e47c-45a8-a7d6-1d069c98d0cd', 'name': 'tempest-FloatingIPDetailsTestJSON-306411394-router', 'tenant_id': '2567c94e313d4c9fad499611961724a8', 'admin_state_up': True, 'status': 'ACTIVE', 'external_gateway_info': {'network_id': 'a6df9a25-01b1-4cf6-99ab-9c6848278693', 'external_fixed_ips': [{'subnet_id': '9d1b0568-5b29-4fd5-9ca5-1f09b46e5ca0', 'ip_address': '10.180.180.151'}], 'enable_snat': True}, 'description': '', 'availability_zones': [], 'distributed': False, 'ha': False, 'availability_zone_hints': [], 'routes': [], 'flavor_id': None, 'tags': [], 'created_at': '2025-02-18T08:42:04Z', 'updated_at': '2025-02-18T08:42:06Z', 'revision_number': 2, 'project_id': '2567c94e313d4c9fad499611961724a8'}
2025-02-18 08:42:10.553 63792 INFO tempest.lib.common.rest_client [req-365ce469-2b66-4a56-9ca8-e915400920cd req-365ce469-2b66-4a56-9ca8-e915400920cd ] Request (ServersWithSpecificFlavorTestJSON:setUpClass): 201 POST http://10.180.1.21:9696/networking/v2.0/routers 2.579s
2025-02-18 08:42:10.576 63754 INFO tempest.lib.common.rest_client [req-a6602ca0-f20c-4cf0-9110-9df707d6959c req-a6602ca0-f20c-4cf0-9110-9df707d6959c ] Request (ServerDiagnosticsTest:test_get_server_diagnostics): 201 POST http://10.180.1.21/identity/v3/auth/tokens 0.305s
2025-02-18 08:42:10.576 63754 INFO tempest.lib.common.fixed_network [-] (ServerDiagnosticsTest:test_get_server_diagnostics) Found network None available for tenant
2025-02-18 08:42:10.585 63774 INFO tempest.lib.common.rest_client [req-bfc95ac1-b01f-42f3-970b-e973470be927 req-bfc95ac1-b01f-42f3-970b-e973470be927 ] Request (ServerExternalEventsTest:setUpClass): 200 GET http://10.180.1.21/identity/v3/roles 0.302s
2025-02-18 08:42:10.635 63790 INFO tempest.lib.common.rest_client [req-21a41d5a-28e5-4ff8-8f24-d11f2331adb4 req-21a41d5a-28e5-4ff8-8f24-d11f2331adb4 ] Request (ServersAdminTestJSON:setUpClass): 201 POST http://10.180.1.21/identity/v3/projects 0.291s
2025-02-18 08:42:10.652 63778 INFO tempest.lib.common.rest_client [req-baf461b4-ae07-4717-a0d9-9372b8233dfc req-baf461b4-ae07-4717-a0d9-9372b8233dfc ] Request (ServersAaction247Test:test_create_backup): 202 POST http://10.180.1.21/compute/v2.1/servers 3.718s
2025-02-18 08:42:10.744 63796 INFO tempest.lib.common.rest_client [req-61867d57-e763-4253-9b99-6bbf551e4498 req-61867d57-e763-4253-9b99-6bbf551e4498 ] Request (FlavorsAccessNegativeTestJSON:setUpClass): 201 POST http://10.180.1.21/identity/v3/users 0.303s
2025-02-18 08:42:10.744 63744 INFO tempest.lib.common.rest_client [req-0548e263-9eb8-45aa-9427-8a82a933f638 req-0548e263-9eb8-45aa-9427-8a82a933f638 ] Request (HypervisorAdminV253TestBase:test_list_show_detail_hypervisors): 200 GET http://10.180.1.21/compute/v2.1/os-hypervisors/detail?with_servers=True 2.237s
2025-02-18 08:42:10.801 63766 INFO tempest.lib.common.rest_client [req-0e09e16a-bed3-44d7-a271-c242861a8fa6 req-0e09e16a-bed3-44d7-a271-c242861a8fa6 ] Request (FlavorsV2NegativeTest:setUpClass): 201 POST http://10.180.1.21/identity/v3/projects 0.279s
2025-02-18 08:42:10.836 63784 INFO tempest.lib.common.rest_client [req-ed2fc026-cfeb-4776-97ed-d8333f1d55cf req-ed2fc026-cfeb-4776-97ed-d8333f1d55cf ] Request (ListImagesTestJSON:test_list_images): 200 GET http://10.180.1.21/compute/v2.1/images 2.013s
2025-02-18 08:42:10.849 63774 INFO tempest.lib.common.rest_client [req-e4fd5b2b-4dac-4dd0-ad4b-43f8ec07a920 req-e4fd5b2b-4dac-4dd0-ad4b-43f8ec07a920 ] Request (ServerExternalEventsTest:setUpClass): 204 PUT http://10.180.1.21/identity/v3/projects/7042deaefa494ad196d631e8b469d490/users/694524b53e36496883f1f0469c7aedc1/roles/546ec793367b4e68b5e08df0905a267a 0.263s
2025-02-18 08:42:10.849 63774 INFO tempest.lib.common.dynamic_creds [-] Dynamic test user 694524b53e36496883f1f0469c7aedc1 is created with scope project and roles: ['service', 'admin']
2025-02-18 08:42:10.849 63774 INFO tempest.lib.common.dynamic_creds [-] Acquired dynamic creds: credentials: Credentials: {'domain_id': 'default', 'domain_name': 'Default', 'username': 'tempest-ServerExternalEventsTest-694506102-project', 'project_domain_id': 'default', 'project_domain_name': 'Default', 'project_id': '7042deaefa494ad196d631e8b469d490', 'project_name': 'tempest-ServerExternalEventsTest-694506102', 'tenant_id': '7042deaefa494ad196d631e8b469d490', 'tenant_name': 'tempest-ServerExternalEventsTest-694506102', 'user_domain_id': 'default', 'user_domain_name': 'Default', 'user_id': '694524b53e36496883f1f0469c7aedc1', 'system': None}, Network: None, Subnet: None, Router: None
2025-02-18 08:42:10.849 63774 INFO tempest.lib.common.dynamic_creds [-] Created isolated network resources for: credentials: Credentials: {'domain_id': 'default', 'domain_name': 'Default', 'username': 'tempest-ServerExternalEventsTest-694506102-project', 'project_domain_id': 'default', 'project_domain_name': 'Default', 'project_id': '7042deaefa494ad196d631e8b469d490', 'project_name': 'tempest-ServerExternalEventsTest-694506102', 'tenant_id': '7042deaefa494ad196d631e8b469d490', 'tenant_name': 'tempest-ServerExternalEventsTest-694506102', 'user_domain_id': 'default', 'user_domain_name': 'Default', 'user_id': '694524b53e36496883f1f0469c7aedc1', 'system': None}, Network: None, Subnet: None, Router: None
2025-02-18 08:42:10.893 63798 INFO tempest.lib.common.rest_client [req-1e8f5d86-f0a9-44d7-b80c-68c8ee23f0d8 req-1e8f5d86-f0a9-44d7-b80c-68c8ee23f0d8 ] Request (FloatingIPDetailsTestJSON:setUpClass): 201 POST http://10.180.1.21/identity/v3/auth/tokens 0.360s
2025-02-18 08:42:10.905 63790 INFO tempest.lib.common.rest_client [req-d1fe4cf6-cacd-4838-9295-7cb660c6a1cf req-d1fe4cf6-cacd-4838-9295-7cb660c6a1cf ] Request (ServersAdminTestJSON:setUpClass): 201 POST http://10.180.1.21/identity/v3/users 0.269s
2025-02-18 08:42:11.112 63796 INFO tempest.lib.common.rest_client [req-789123b9-6414-4ae7-8935-e0f9cf58534c req-789123b9-6414-4ae7-8935-e0f9cf58534c ] Request (FlavorsAccessNegativeTestJSON:setUpClass): 200 GET http://10.180.1.21/identity/v3/roles 0.366s
2025-02-18 08:42:11.124 63800 INFO tempest.lib.common.rest_client [req-66ab5e1b-0179-4fc5-991e-d5bfe99feeca req-66ab5e1b-0179-4fc5-991e-d5bfe99feeca ] Request (VolumesAssistedSnapshotsTest:setUpClass): 201 POST http://10.180.1.21:9696/networking/v2.0/routers 2.369s
2025-02-18 08:42:11.139 63773 INFO tempest.lib.common.rest_client [req-5da1edd4-ac40-4245-8058-9942b1b2cb56 req-5da1edd4-ac40-4245-8058-9942b1b2cb56 ] Request (AZAdminNegativeTestJSON:test_get_availability_zone_list_detail_with_non_admin_user): 403 GET http://10.180.1.21/compute/v2.1/os-availability-zone/detail 2.421s
2025-02-18 08:42:11.152 63766 INFO tempest.lib.common.rest_client [req-ef3d2102-d66b-4078-aa86-a1f34a90c502 req-ef3d2102-d66b-4078-aa86-a1f34a90c502 ] Request (FlavorsV2NegativeTest:setUpClass): 201 POST http://10.180.1.21/identity/v3/users 0.351s
2025-02-18 08:42:11.193 63752 INFO tempest.lib.common.rest_client [req-635eaa69-e9c8-4504-80cd-cf3cb1282dab req-635eaa69-e9c8-4504-80cd-cf3cb1282dab ] Request (ServersTestBootFromVolume:setUpClass): 202 POST http://10.180.1.21/volume/v3/volumes 1.986s
2025-02-18 08:42:11.204 63748 INFO tempest.lib.common.rest_client [req-4d72c4ec-6806-4caa-9e47-43036e4b34df req-4d72c4ec-6806-4caa-9e47-43036e4b34df ] Request (AZAdminV2TestJSON:tearDownClass): 200 GET http://10.180.1.21:9696/networking/v2.0/security-groups?tenant_id=823d8c3a2adb4c938f72f2950e23bcb3&name=default 0.820s
2025-02-18 08:42:11.252 63746 INFO tempest.lib.common.rest_client [req-ab7855a2-3af9-4610-857b-f094d80ec443 req-ab7855a2-3af9-4610-857b-f094d80ec443 ] Request (ServicesAdminNegativeV253TestJSON:test_disable_log_reason_with_invalid_service_id): 404 PUT http://10.180.1.21/compute/v2.1/os-services/44418ecc-1db7-4ca8-ac3d-6d09c4ea5f93 2.183s
2025-02-18 08:42:11.267 63790 INFO tempest.lib.common.rest_client [req-e75091c3-8a63-427d-bbf6-44af553d7c88 req-e75091c3-8a63-427d-bbf6-44af553d7c88 ] Request (ServersAdminTestJSON:setUpClass): 200 GET http://10.180.1.21/identity/v3/roles 0.362s
2025-02-18 08:42:11.274 63752 INFO tempest.lib.common.rest_client [req-4dc7d3c8-5116-4897-b3f7-842420c00600 req-4dc7d3c8-5116-4897-b3f7-842420c00600 ] Request (ServersTestBootFromVolume:setUpClass): 200 GET http://10.180.1.21/volume/v3/volumes/77f52262-df46-4c03-966b-968af3880305 0.071s
2025-02-18 08:42:11.276 63774 INFO tempest.lib.common.rest_client [req-6a5cc745-65dd-4d4c-ba4b-a7aec28aaba6 req-6a5cc745-65dd-4d4c-ba4b-a7aec28aaba6 ] Request (ServerExternalEventsTest:setUpClass): 201 POST http://10.180.1.21/identity/v3/auth/tokens 0.419s
2025-02-18 08:42:11.323 63796 INFO tempest.lib.common.rest_client [req-6244f088-7c99-4ef9-a309-72a5ccfe84de req-6244f088-7c99-4ef9-a309-72a5ccfe84de ] Request (FlavorsAccessNegativeTestJSON:setUpClass): 204 PUT http://10.180.1.21/identity/v3/projects/363eb647e74446f98ed508f765cbb9c0/users/3bb1e77b0abd42d19aeb63c47d9c0fbe/roles/17ec6d7ce33744c1b84a70539c748c18 0.210s
2025-02-18 08:42:11.324 63796 INFO tempest.lib.common.dynamic_creds [-] Dynamic test user 3bb1e77b0abd42d19aeb63c47d9c0fbe is created with scope project and roles: ['member']
2025-02-18 08:42:11.324 63796 INFO tempest.lib.common.dynamic_creds [-] Acquired dynamic creds: credentials: Credentials: {'domain_id': 'default', 'domain_name': 'Default', 'username': 'tempest-FlavorsAccessNegativeTestJSON-1040655095-project-member', 'project_domain_id': 'default', 'project_domain_name': 'Default', 'project_id': '363eb647e74446f98ed508f765cbb9c0', 'project_name': 'tempest-FlavorsAccessNegativeTestJSON-1040655095', 'tenant_id': '363eb647e74446f98ed508f765cbb9c0', 'tenant_name': 'tempest-FlavorsAccessNegativeTestJSON-1040655095', 'user_domain_id': 'default', 'user_domain_name': 'Default', 'user_id': '3bb1e77b0abd42d19aeb63c47d9c0fbe', 'system': None}, Network: None, Subnet: None, Router: None
2025-02-18 08:42:11.324 63796 INFO tempest.lib.common.dynamic_creds [-] Created isolated network resources for: credentials: Credentials: {'domain_id': 'default', 'domain_name': 'Default', 'username': 'tempest-FlavorsAccessNegativeTestJSON-1040655095-project-member', 'project_domain_id': 'default', 'project_domain_name': 'Default', 'project_id': '363eb647e74446f98ed508f765cbb9c0', 'project_name': 'tempest-FlavorsAccessNegativeTestJSON-1040655095', 'tenant_id': '363eb647e74446f98ed508f765cbb9c0', 'tenant_name': 'tempest-FlavorsAccessNegativeTestJSON-1040655095', 'user_domain_id': 'default', 'user_domain_name': 'Default', 'user_id': '3bb1e77b0abd42d19aeb63c47d9c0fbe', 'system': None}, Network: None, Subnet: None, Router: None
2025-02-18 08:42:11.383 63776 INFO tempest.lib.common.rest_client [req-9d6be693-66b8-4be5-86a1-a20dc854d7d2 req-9d6be693-66b8-4be5-86a1-a20dc854d7d2 ] Request (FlavorsExtraSpecsTestJSON:setUpClass): 200 POST http://10.180.1.21/compute/v2.1/flavors 2.104s
2025-02-18 08:42:11.385 63766 INFO tempest.lib.common.rest_client [req-81e41447-9a66-40ed-956c-1fe01aabd015 req-81e41447-9a66-40ed-956c-1fe01aabd015 ] Request (FlavorsV2NegativeTest:setUpClass): 200 GET http://10.180.1.21/identity/v3/roles 0.232s
2025-02-18 08:42:11.431 63790 INFO tempest.lib.common.rest_client [req-34e4532f-c9ed-403a-82d0-13bbfe4f22e7 req-34e4532f-c9ed-403a-82d0-13bbfe4f22e7 ] Request (ServersAdminTestJSON:setUpClass): 204 PUT http://10.180.1.21/identity/v3/projects/859b61acd2e141f2b0032fd5fe452c63/users/a85e7768244f45229052bc75ced91397/roles/546ec793367b4e68b5e08df0905a267a 0.163s
2025-02-18 08:42:11.449 63758 INFO tempest.lib.common.rest_client [req-ea489023-fb69-4c59-a6ed-e7fa504abd82 req-ea489023-fb69-4c59-a6ed-e7fa504abd82 ] Request (QuotaClassesAdmin257Test:test_update_default_quotas): 200 PUT http://10.180.1.21/compute/v2.1/os-quota-class-sets/default 2.118s
2025-02-18 08:42:11.471 63773 INFO tempest.lib.common.rest_client [req-5e60fae1-5901-45fb-9217-f8eee4beb334 req-5e60fae1-5901-45fb-9217-f8eee4beb334 ] Request (AZAdminNegativeTestJSON:tearDownClass): 204 DELETE http://10.180.1.21/identity/v3/users/ced06b7084a541a7b9c6e5d6e4905f64 0.325s
2025-02-18 08:42:11.484 63748 INFO tempest.lib.common.rest_client [req-3c4008c6-9d87-47dd-9a28-fe48af5ff80e req-3c4008c6-9d87-47dd-9a28-fe48af5ff80e ] Request (AZAdminV2TestJSON:tearDownClass): 204 DELETE http://10.180.1.21:9696/networking/v2.0/security-groups/7fab7ae6-5f51-4497-9cd9-a4ef5d9ee530 0.280s
2025-02-18 08:42:11.488 63788 INFO tempest.lib.common.rest_client [req-97ed8c3f-c128-4b51-a6bb-1424ee4058dc req-97ed8c3f-c128-4b51-a6bb-1424ee4058dc ] Request (AttachInterfacesV270Test:setUpClass): 200 PUT http://10.180.1.21:9696/networking/v2.0/routers/36ab1401-6988-49e6-8def-a3127ad9e172/add_router_interface 2.858s
2025-02-18 08:42:11.488 63788 INFO tempest.lib.common.dynamic_creds [-] Created isolated network resources for: credentials: Credentials: {'domain_id': 'default', 'domain_name': 'Default', 'username': 'tempest-AttachInterfacesV270Test-156504701-project-member', 'project_domain_id': 'default', 'project_domain_name': 'Default', 'project_id': 'b03f664bfc21419689f2ff31f784f615', 'project_name': 'tempest-AttachInterfacesV270Test-156504701', 'tenant_id': 'b03f664bfc21419689f2ff31f784f615', 'tenant_name': 'tempest-AttachInterfacesV270Test-156504701', 'user_domain_id': 'default', 'user_domain_name': 'Default', 'user_id': 'f133e6bb7bb542b8931faf50f006f7d8', 'system': None}, Network: {'id': '64b4d58b-3e7b-4ac0-bb17-3ba9d18456ed', 'name': 'tempest-AttachInterfacesV270Test-2106493515-network', 'tenant_id': 'b03f664bfc21419689f2ff31f784f615', 'admin_state_up': True, 'mtu': 8950, 'status': 'ACTIVE', 'subnets': [], 'shared': False, 'project_id': 'b03f664bfc21419689f2ff31f784f615', 'port_security_enabled': True, 'router:external': False, 'provider:network_type': 'vlan', 'provider:physical_network': 'default', 'provider:segmentation_id': 459, 'availability_zone_hints': [], 'availability_zones': [], 'ipv4_address_scope': None, 'ipv6_address_scope': None, 'description': '', 'tags': [], 'created_at': '2025-02-18T08:42:04Z', 'updated_at': '2025-02-18T08:42:04Z', 'revision_number': 1}, Subnet: {'id': '34d4613f-f396-48b5-a9eb-f5578af6df01', 'name': 'tempest-AttachInterfacesV270Test-2106493515-subnet', 'tenant_id': 'b03f664bfc21419689f2ff31f784f615', 'network_id': '64b4d58b-3e7b-4ac0-bb17-3ba9d18456ed', 'ip_version': 4, 'subnetpool_id': None, 'enable_dhcp': True, 'ipv6_ra_mode': None, 'ipv6_address_mode': None, 'gateway_ip': '192.168.128.1', 'cidr': '192.168.128.0/28', 'allocation_pools': [{'start': '192.168.128.2', 'end': '192.168.128.14'}], 'host_routes': [], 'dns_nameservers': [], 'description': '', 'router:external': False, 'service_types': [], 'tags': [], 'created_at': '2025-02-18T08:42:06Z', 'updated_at': '2025-02-18T08:42:06Z', 'revision_number': 0, 'project_id': 'b03f664bfc21419689f2ff31f784f615'}, Router: {'id': '36ab1401-6988-49e6-8def-a3127ad9e172', 'name': 'tempest-AttachInterfacesV270Test-2106493515-router', 'tenant_id': 'b03f664bfc21419689f2ff31f784f615', 'admin_state_up': True, 'status': 'ACTIVE', 'external_gateway_info': {'network_id': 'a6df9a25-01b1-4cf6-99ab-9c6848278693', 'external_fixed_ips': [{'subnet_id': '9d1b0568-5b29-4fd5-9ca5-1f09b46e5ca0', 'ip_address': '10.180.180.226'}], 'enable_snat': True}, 'description': '', 'availability_zones': [], 'distributed': False, 'ha': False, 'availability_zone_hints': [], 'routes': [], 'flavor_id': None, 'tags': [], 'created_at': '2025-02-18T08:42:07Z', 'updated_at': '2025-02-18T08:42:07Z', 'revision_number': 2, 'project_id': 'b03f664bfc21419689f2ff31f784f615'}
2025-02-18 08:42:11.508 63774 INFO tempest.lib.common.rest_client [req-e18870cf-d84c-471c-821d-1a87deaa5c70 req-e18870cf-d84c-471c-821d-1a87deaa5c70 ] Request (ServerExternalEventsTest:test_create_server_external_events): 201 POST http://10.180.1.21/identity/v3/auth/tokens 0.227s
2025-02-18 08:42:11.508 63774 INFO tempest.lib.common.fixed_network [-] (ServerExternalEventsTest:test_create_server_external_events) Found network None available for tenant
2025-02-18 08:42:11.544 63796 INFO tempest.lib.common.rest_client [req-8798d7cd-d5cf-476e-9785-640075db191e req-8798d7cd-d5cf-476e-9785-640075db191e ] Request (FlavorsAccessNegativeTestJSON:setUpClass): 201 POST http://10.180.1.21/identity/v3/auth/tokens 0.217s
2025-02-18 08:42:11.544 63796 WARNING tempest.lib.common.rest_client [-] Deprecated: "tenant_id" property is deprecated for removal, use "project_id" instead
2025-02-18 08:42:11.604 63766 INFO tempest.lib.common.rest_client [req-565bcfa8-b543-4269-b739-8d9055437425 req-565bcfa8-b543-4269-b739-8d9055437425 ] Request (FlavorsV2NegativeTest:setUpClass): 204 PUT http://10.180.1.21/identity/v3/projects/d822ac86ccb44262a6b68e116334cb81/users/0b6adca415b34e36b8ee3905ef94afa2/roles/17ec6d7ce33744c1b84a70539c748c18 0.218s
2025-02-18 08:42:11.604 63766 INFO tempest.lib.common.dynamic_creds [-] Dynamic test user 0b6adca415b34e36b8ee3905ef94afa2 is created with scope project and roles: ['member']
2025-02-18 08:42:11.604 63766 INFO tempest.lib.common.dynamic_creds [-] Acquired dynamic creds: credentials: Credentials: {'domain_id': 'default', 'domain_name': 'Default', 'username': 'tempest-FlavorsV2NegativeTest-567944488-project-member', 'project_domain_id': 'default', 'project_domain_name': 'Default', 'project_id': 'd822ac86ccb44262a6b68e116334cb81', 'project_name': 'tempest-FlavorsV2NegativeTest-567944488', 'tenant_id': 'd822ac86ccb44262a6b68e116334cb81', 'tenant_name': 'tempest-FlavorsV2NegativeTest-567944488', 'user_domain_id': 'default', 'user_domain_name': 'Default', 'user_id': '0b6adca415b34e36b8ee3905ef94afa2', 'system': None}, Network: None, Subnet: None, Router: None
2025-02-18 08:42:11.604 63766 INFO tempest.lib.common.dynamic_creds [-] Created isolated network resources for: credentials: Credentials: {'domain_id': 'default', 'domain_name': 'Default', 'username': 'tempest-FlavorsV2NegativeTest-567944488-project-member', 'project_domain_id': 'default', 'project_domain_name': 'Default', 'project_id': 'd822ac86ccb44262a6b68e116334cb81', 'project_name': 'tempest-FlavorsV2NegativeTest-567944488', 'tenant_id': 'd822ac86ccb44262a6b68e116334cb81', 'tenant_name': 'tempest-FlavorsV2NegativeTest-567944488', 'user_domain_id': 'default', 'user_domain_name': 'Default', 'user_id': '0b6adca415b34e36b8ee3905ef94afa2', 'system': None}, Network: None, Subnet: None, Router: None
2025-02-18 08:42:11.669 63750 INFO tempest.lib.common.rest_client [req-34ac202d-0062-49f1-bccd-50a0bb5d5044 req-34ac202d-0062-49f1-bccd-50a0bb5d5044 ] Request (FlavorMetadataValidation:test_flavor_update_with_custom_namespace): 200 POST http://10.180.1.21/compute/v2.1/flavors 2.262s
2025-02-18 08:42:11.675 63790 INFO tempest.lib.common.rest_client [req-6b7931fb-1f3e-41d4-b8df-234014fa3ec9 req-6b7931fb-1f3e-41d4-b8df-234014fa3ec9 ] Request (ServersAdminTestJSON:setUpClass): 200 GET http://10.180.1.21/identity/v3/roles 0.244s
2025-02-18 08:42:11.696 63740 INFO tempest.lib.common.rest_client [req-869f3443-9416-4022-8971-fb66269778a5 req-869f3443-9416-4022-8971-fb66269778a5 ] Request (HypervisorAdminV228Test:test_get_list_hypervisor_details): 200 GET http://10.180.1.21/compute/v2.1/os-hypervisors/1 1.841s
2025-02-18 08:42:11.711 63760 INFO tempest.lib.common.rest_client [req-56c946cc-de5a-489d-8ad1-b6ac4d08750a req-56c946cc-de5a-489d-8ad1-b6ac4d08750a ] Request (ServerGroup264TestJSON:test_create_get_server_group): 200 GET http://10.180.1.21/compute/v2.1/os-server-groups/2a61c0d2-9dba-4e97-b774-ef94472fd3f0 1.838s
2025-02-18 08:42:11.811 63762 INFO tempest.lib.common.rest_client [req-65812d33-e0c8-42fd-890c-c789d88523ca req-65812d33-e0c8-42fd-890c-c789d88523ca ] Request (HypervisorAdminNegativeUnderV252Test:test_search_hypervisor_with_non_admin_user): 200 GET http://10.180.1.21/compute/v2.1/os-hypervisors 2.054s
2025-02-18 08:42:11.842 63773 INFO tempest.lib.common.rest_client [req-97911382-925a-4f22-ab26-978f9b47259b req-97911382-925a-4f22-ab26-978f9b47259b ] Request (AZAdminNegativeTestJSON:tearDownClass): 204 DELETE http://10.180.1.21/identity/v3/users/ce28f0cecee7474ba16576a0832a37e1 0.370s
2025-02-18 08:42:11.842 63773 INFO tempest.lib.common.dynamic_creds [-] Deleting project and security group for project: ce56d6b3023d49e98fa795ebb17c7be1
2025-02-18 08:42:11.889 63748 INFO tempest.lib.common.rest_client [req-49f3cd80-c67a-461b-a05f-0182b0661b7e req-49f3cd80-c67a-461b-a05f-0182b0661b7e ] Request (AZAdminV2TestJSON:tearDownClass): 204 DELETE http://10.180.1.21/identity/v3/projects/823d8c3a2adb4c938f72f2950e23bcb3 0.405s
2025-02-18 08:42:11.889 63748 INFO tempest.lib.common.dynamic_creds [-] Deleting project and security group for project: d7fe452e2d35493c815f9164aede9d0f
2025-02-18 08:42:11.914 63788 INFO tempest.lib.common.rest_client [req-9e626351-74a4-4327-9055-317ee81a05f2 req-9e626351-74a4-4327-9055-317ee81a05f2 ] Request (AttachInterfacesV270Test:setUpClass): 201 POST http://10.180.1.21/identity/v3/auth/tokens 0.421s
2025-02-18 08:42:11.979 63766 INFO tempest.lib.common.rest_client [req-3ed78ffe-55be-41d8-a0e1-f8f3621c9bde req-3ed78ffe-55be-41d8-a0e1-f8f3621c9bde ] Request (FlavorsV2NegativeTest:setUpClass): 201 POST http://10.180.1.21/identity/v3/auth/tokens 0.369s
2025-02-18 08:42:11.992 63790 INFO tempest.lib.common.rest_client [req-d7963002-d09c-4616-8020-0c713659e9ca req-d7963002-d09c-4616-8020-0c713659e9ca ] Request (ServersAdminTestJSON:setUpClass): 204 PUT http://10.180.1.21/identity/v3/projects/859b61acd2e141f2b0032fd5fe452c63/users/a85e7768244f45229052bc75ced91397/roles/546ec793367b4e68b5e08df0905a267a 0.316s
2025-02-18 08:42:11.992 63790 INFO tempest.lib.common.dynamic_creds [-] Dynamic test user a85e7768244f45229052bc75ced91397 is created with scope project and roles: ['admin']
2025-02-18 08:42:11.992 63790 INFO tempest.lib.common.dynamic_creds [-] Acquired dynamic creds: credentials: Credentials: {'domain_id': 'default', 'domain_name': 'Default', 'username': 'tempest-ServersAdminTestJSON-515476997-project-admin', 'project_domain_id': 'default', 'project_domain_name': 'Default', 'project_id': '859b61acd2e141f2b0032fd5fe452c63', 'project_name': 'tempest-ServersAdminTestJSON-515476997', 'tenant_id': '859b61acd2e141f2b0032fd5fe452c63', 'tenant_name': 'tempest-ServersAdminTestJSON-515476997', 'user_domain_id': 'default', 'user_domain_name': 'Default', 'user_id': 'a85e7768244f45229052bc75ced91397', 'system': None}, Network: None, Subnet: None, Router: None
2025-02-18 08:42:12.080 63740 INFO tempest.lib.common.rest_client [req-4b468bc7-620d-4690-94b6-d91fd62b7caf req-4b468bc7-620d-4690-94b6-d91fd62b7caf ] Request (HypervisorAdminV228Test:tearDownClass): 204 DELETE http://10.180.1.21/identity/v3/users/9b44f633b2b4490f84317b30593113ca 0.369s
2025-02-18 08:42:12.102 63748 INFO tempest.lib.common.rest_client [req-6937c339-c6dc-4d2a-b471-eaeb95182f6f req-6937c339-c6dc-4d2a-b471-eaeb95182f6f ] Request (AZAdminV2TestJSON:tearDownClass): 200 GET http://10.180.1.21:9696/networking/v2.0/security-groups?tenant_id=d7fe452e2d35493c815f9164aede9d0f&name=default 0.211s
2025-02-18 08:42:12.115 63795 INFO tempest.lib.common.rest_client [req-cd893e38-11d4-49a3-b64c-2d230b436926 req-cd893e38-11d4-49a3-b64c-2d230b436926 ] Request (FlavorsAdminTestJSON:test_create_flavor_using_string_ram): 200 POST http://10.180.1.21/compute/v2.1/flavors 2.164s
2025-02-18 08:42:12.150 63773 INFO tempest.lib.common.rest_client [req-10589381-0cf7-401a-9588-872bb43234a5 req-10589381-0cf7-401a-9588-872bb43234a5 ] Request (AZAdminNegativeTestJSON:tearDownClass): 201 POST http://10.180.1.21/identity/v3/auth/tokens 0.308s
2025-02-18 08:42:12.192 63768 INFO tempest.lib.common.rest_client [req-f13431b3-ebb3-4848-94ce-db675dbce54a req-f13431b3-ebb3-4848-94ce-db675dbce54a ] Request (AggregatesAdminNegativeTestJSON:setUpClass): 200 GET http://10.180.1.21/compute/v2.1/os-services?binary=nova-compute 2.242s
2025-02-18 08:42:12.218 63788 INFO tempest.lib.common.rest_client [req-b14f0871-40db-4e17-bddc-69fd02bc0edd req-b14f0871-40db-4e17-bddc-69fd02bc0edd ] Request (AttachInterfacesV270Test:test_create_get_list_interfaces): 201 POST http://10.180.1.21/identity/v3/auth/tokens 0.242s
