2025-02-18 08:43:12.664 63744 INFO tempest.lib.common.fixed_network [-] (ServerRescueTestJSON:test_rescue_unrescue_instance) Found network {'id': '7b9eedb8-ec36-41a0-9c8a-2a85a7888a8f', 'name': 'tempest-ServerRescueTestJSON-1937886944-network', 'tenant_id': '25e7315a921d478daeb9d33305541903', 'admin_state_up': True, 'mtu': 8950, 'status': 'ACTIVE', 'subnets': [], 'shared': False, 'project_id': '25e7315a921d478daeb9d33305541903', 'port_security_enabled': True, 'router:external': False, 'provider:network_type': 'vlan', 'provider:physical_network': 'default', 'provider:segmentation_id': 630, 'availability_zone_hints': [], 'availability_zones': [], 'ipv4_address_scope': None, 'ipv6_address_scope': None, 'description': '', 'tags': [], 'created_at': '2025-02-18T08:42:19Z', 'updated_at': '2025-02-18T08:42:19Z', 'revision_number': 1} available for tenant
2025-02-18 08:43:12.688 63773 INFO tempest.lib.common.rest_client [req-2a267c91-f47a-4b61-bb8f-26f021bc95a8 req-2a267c91-f47a-4b61-bb8f-26f021bc95a8 ] Request (ServersAdmin275Test:test_rebuild_update_server_275): 200 GET http://10.180.1.21/compute/v2.1/servers/154f2013-37a3-4e14-b377-e992a080d8f8 0.857s
2025-02-18 08:43:12.692 63774 INFO tempest.lib.common.rest_client [req-9acf6cc1-707f-42c1-bd3d-06b1769afe0e req-9acf6cc1-707f-42c1-bd3d-06b1769afe0e ] Request (ServicesAdminNegativeTestJSON:setUpClass): 200 GET http://10.180.1.21/identity/v3/domains?name=Default 0.036s
2025-02-18 08:43:12.761 63774 INFO tempest.lib.common.rest_client [req-e11441c8-a558-4228-8195-2d25eb911140 req-e11441c8-a558-4228-8195-2d25eb911140 ] Request (ServicesAdminNegativeTestJSON:setUpClass): 201 POST http://10.180.1.21/identity/v3/projects 0.068s
2025-02-18 08:43:12.843 63774 INFO tempest.lib.common.rest_client [req-98f09ff0-2881-45de-ad4f-49bc5a1e54ca req-98f09ff0-2881-45de-ad4f-49bc5a1e54ca ] Request (ServicesAdminNegativeTestJSON:setUpClass): 201 POST http://10.180.1.21/identity/v3/users 0.081s
2025-02-18 08:43:12.865 63796 INFO tempest.lib.common.rest_client [req-558de868-cee6-4d30-bd76-5e8b5df73614 req-558de868-cee6-4d30-bd76-5e8b5df73614 ] Request (InstanceActionsTestJSON:setUpClass): 201 POST http://10.180.1.21:9696/networking/v2.0/subnets 0.350s
2025-02-18 08:43:12.872 63774 INFO tempest.lib.common.rest_client [req-01231fdc-0742-4408-9d30-e0c5cb4cce4c req-01231fdc-0742-4408-9d30-e0c5cb4cce4c ] Request (ServicesAdminNegativeTestJSON:setUpClass): 200 GET http://10.180.1.21/identity/v3/roles 0.028s
2025-02-18 08:43:12.900 63774 INFO tempest.lib.common.rest_client [req-f3e3664c-334c-45ae-b9f4-0fa50de64162 req-f3e3664c-334c-45ae-b9f4-0fa50de64162 ] Request (ServicesAdminNegativeTestJSON:setUpClass): 204 PUT http://10.180.1.21/identity/v3/projects/e738f196de86449fb136f712f03702fd/users/140d91241ad44f8d922ef2227ddfebd5/roles/17ec6d7ce33744c1b84a70539c748c18 0.027s
2025-02-18 08:43:12.900 63774 INFO tempest.lib.common.dynamic_creds [-] Dynamic test user 140d91241ad44f8d922ef2227ddfebd5 is created with scope project and roles: ['member']
2025-02-18 08:43:12.900 63774 INFO tempest.lib.common.dynamic_creds [-] Acquired dynamic creds: credentials: Credentials: {'domain_id': 'default', 'domain_name': 'Default', 'username': 'tempest-ServicesAdminNegativeTestJSON-1202541788-project-member', 'project_domain_id': 'default', 'project_domain_name': 'Default', 'project_id': 'e738f196de86449fb136f712f03702fd', 'project_name': 'tempest-ServicesAdminNegativeTestJSON-1202541788', 'tenant_id': 'e738f196de86449fb136f712f03702fd', 'tenant_name': 'tempest-ServicesAdminNegativeTestJSON-1202541788', 'user_domain_id': 'default', 'user_domain_name': 'Default', 'user_id': '140d91241ad44f8d922ef2227ddfebd5', 'system': None}, Network: None, Subnet: None, Router: None
2025-02-18 08:43:12.901 63774 INFO tempest.lib.common.dynamic_creds [-] Created isolated network resources for: credentials: Credentials: {'domain_id': 'default', 'domain_name': 'Default', 'username': 'tempest-ServicesAdminNegativeTestJSON-1202541788-project-member', 'project_domain_id': 'default', 'project_domain_name': 'Default', 'project_id': 'e738f196de86449fb136f712f03702fd', 'project_name': 'tempest-ServicesAdminNegativeTestJSON-1202541788', 'tenant_id': 'e738f196de86449fb136f712f03702fd', 'tenant_name': 'tempest-ServicesAdminNegativeTestJSON-1202541788', 'user_domain_id': 'default', 'user_domain_name': 'Default', 'user_id': '140d91241ad44f8d922ef2227ddfebd5', 'system': None}, Network: None, Subnet: None, Router: None
2025-02-18 08:43:12.929 63792 INFO tempest.lib.common.rest_client [req-e71246db-0047-48b8-96df-2daf12dc5ce2 req-e71246db-0047-48b8-96df-2daf12dc5ce2 ] Request (ServersWithSpecificFlavorTestJSON:test_verify_created_server_ephemeral_disk): 200 GET http://10.180.1.21/compute/v2.1/servers/927418d6-d1f7-4dd9-802a-d71b8f799923 1.010s
2025-02-18 08:43:12.972 63756 INFO tempest.lib.common.rest_client [req-825de196-bf21-4fae-a7de-cf482dafba3b req-825de196-bf21-4fae-a7de-cf482dafba3b ] Request (ImagesOneServerTestJSON:test_create_image_specify_multibyte_character_image_name): 200 GET http://10.180.1.21/compute/v2.1/images/85dbf70f-d0ef-4d87-9138-26695736a124 0.979s
2025-02-18 08:43:13.005 63774 INFO tempest.lib.common.rest_client [req-1a552f4e-8508-4683-8ee7-74b85cb92f7d req-1a552f4e-8508-4683-8ee7-74b85cb92f7d ] Request (ServicesAdminNegativeTestJSON:setUpClass): 201 POST http://10.180.1.21/identity/v3/auth/tokens 0.102s
2025-02-18 08:43:13.054 63776 INFO tempest.lib.common.rest_client [req-126ffea5-d41a-43c5-8ca0-440644dafbd8 req-126ffea5-d41a-43c5-8ca0-440644dafbd8 ] Request (QuotasAdminTestJSON:_run_cleanups): 200 PUT http://10.180.1.21/compute/v2.1/os-quota-sets/c3d8924ce7dc49bb9889541dc917bf1a 1.177s
2025-02-18 08:43:13.063 63774 INFO tempest.lib.common.rest_client [req-d56a04cd-43de-4a7b-9f6b-1e9038cb0019 req-d56a04cd-43de-4a7b-9f6b-1e9038cb0019 ] Request (ServicesAdminNegativeTestJSON:setUpClass): 201 POST http://10.180.1.21/identity/v3/projects 0.057s
2025-02-18 08:43:13.073 63770 INFO tempest.lib.common.rest_client [req-4897a3c6-d088-4443-b529-e318b46b1c2c req-4897a3c6-d088-4443-b529-e318b46b1c2c ] Request (KeyPairsV22TestJSON:_run_cleanups): 204 DELETE http://10.180.1.21/compute/v2.1/os-keypairs/tempest-KeyPairsV22TestJSON-keypair-791441835 0.989s
2025-02-18 08:43:13.099 63795 INFO tempest.lib.common.rest_client [req-524428a5-85d4-4f7c-9a67-48ca0e1993b2 req-524428a5-85d4-4f7c-9a67-48ca0e1993b2 ] Request (FlavorsAdminTestJSON:_run_cleanups): 200 GET http://10.180.1.21/compute/v2.1/flavors/detail 0.968s
2025-02-18 08:43:13.117 63762 INFO tempest.lib.common.rest_client [req-ae7a2830-8398-4368-8b0a-fbb4160b4aad req-ae7a2830-8398-4368-8b0a-fbb4160b4aad ] Request (SecurityGroupsTestJSON:test_list_security_groups_by_server): 200 GET http://10.180.1.21/compute/v2.1/servers/1584e140-07b6-4876-8d25-b814f731d86d 1.054s
2025-02-18 08:43:13.128 63774 INFO tempest.lib.common.rest_client [req-2f7d7775-8ab7-42bf-b6cd-a9d5dc21af1c req-2f7d7775-8ab7-42bf-b6cd-a9d5dc21af1c ] Request (ServicesAdminNegativeTestJSON:setUpClass): 201 POST http://10.180.1.21/identity/v3/users 0.065s
2025-02-18 08:43:13.165 63776 INFO tempest.lib.common.rest_client [req-92d42a08-38fe-4458-9197-91202c522771 req-92d42a08-38fe-4458-9197-91202c522771 ] Request (QuotasAdminTestJSON:tearDownClass): 204 DELETE http://10.180.1.21/identity/v3/users/b4812ed584214aea9211b3ec5623de63 0.106s
2025-02-18 08:43:13.180 63798 INFO tempest.lib.common.rest_client [req-f862be21-5e47-466e-a223-9ed888464317 req-f862be21-5e47-466e-a223-9ed888464317 ] Request (ListImageFiltersTestJSON:setUpClass): 200 GET http://10.180.1.21/compute/v2.1/servers/d936eef5-f930-4b22-8162-f158afa01912 0.980s
2025-02-18 08:43:13.184 63774 INFO tempest.lib.common.rest_client [req-b4ff4cad-de0e-4a71-8a30-57ea823ed3fc req-b4ff4cad-de0e-4a71-8a30-57ea823ed3fc ] Request (ServicesAdminNegativeTestJSON:setUpClass): 200 GET http://10.180.1.21/identity/v3/roles 0.055s
2025-02-18 08:43:13.262 63774 INFO tempest.lib.common.rest_client [req-6a3a2450-04bd-4ec0-8c47-7c61589a3f4f req-6a3a2450-04bd-4ec0-8c47-7c61589a3f4f ] Request (ServicesAdminNegativeTestJSON:setUpClass): 204 PUT http://10.180.1.21/identity/v3/projects/9bf9665240d14f7d8e5a381d54f68b80/users/dc8db06046d14157a119b42828be26dc/roles/546ec793367b4e68b5e08df0905a267a 0.077s
2025-02-18 08:43:13.264 63768 INFO tempest.lib.common.rest_client [req-a01208f9-89bf-45c1-9127-72ee90a48c37 req-a01208f9-89bf-45c1-9127-72ee90a48c37 ] Request (DeleteServersAdminTestJSON:test_admin_delete_servers_of_others): 200 GET http://10.180.1.21/compute/v2.1/servers/2f45cdc6-6471-4d10-b322-d8777f35732b 0.990s
2025-02-18 08:43:13.273 63776 INFO tempest.lib.common.rest_client [req-b862a3bd-546f-460b-868b-a728ea21873e req-b862a3bd-546f-460b-868b-a728ea21873e ] Request (QuotasAdminTestJSON:tearDownClass): 204 DELETE http://10.180.1.21/identity/v3/users/390e84b071704d0997a539dd0fead0a8 0.107s
2025-02-18 08:43:13.273 63776 INFO tempest.lib.common.dynamic_creds [-] Deleting project and security group for project: 495c414ad89246bbb6923aba7aeab5e2
2025-02-18 08:43:13.290 63764 INFO tempest.lib.common.rest_client [req-a44683a8-13b3-4d4d-86c4-962daa7dcc33 req-a44683a8-13b3-4d4d-86c4-962daa7dcc33 ] Request (MigrationsAdminTest:test_list_migrations_in_flavor_resize_situation): 200 GET http://10.180.1.21/compute/v2.1/servers/b9f32509-47d3-485d-93a4-22e12490de17 1.158s
2025-02-18 08:43:13.330 63740 INFO tempest.lib.common.rest_client [req-4261085b-7413-4e92-a100-ef364cfd7a72 req-4261085b-7413-4e92-a100-ef364cfd7a72 ] Request (ServerAddressesTestJSON:tearDownClass): 200 GET http://10.180.1.21/compute/v2.1/servers/b9e17b0f-6298-48f2-849b-9971fa0cecdf 0.872s
2025-02-18 08:43:13.350 63754 INFO tempest.lib.common.rest_client [req-b5fd162f-9e2d-4397-a2d2-47d0d793235a req-b5fd162f-9e2d-4397-a2d2-47d0d793235a ] Request (ImagesOneServerNegativeTestJSON:setUpClass): 201 POST http://10.180.1.21:9696/networking/v2.0/routers 1.189s
2025-02-18 08:43:13.359 63776 INFO tempest.lib.common.rest_client [req-a5d6efac-ee95-42c7-a705-01f806f09d2e req-a5d6efac-ee95-42c7-a705-01f806f09d2e ] Request (QuotasAdminTestJSON:tearDownClass): 201 POST http://10.180.1.21/identity/v3/auth/tokens 0.086s
2025-02-18 08:43:13.364 63746 INFO tempest.lib.common.rest_client [req-dd5494b6-33c1-4b47-b283-e340d2d298d3 req-dd5494b6-33c1-4b47-b283-e340d2d298d3 ] Request (ImagesMetadataTestJSON:test_set_image_metadata): 200 GET http://10.180.1.21/compute/v2.1/images/eea51aa6-ef9e-4a4a-9ee2-f9da9bba7ec8/metadata 0.838s
2025-02-18 08:43:13.372 63774 INFO tempest.lib.common.rest_client [req-dfda8edb-b519-411b-9357-7c2f66b356fe req-dfda8edb-b519-411b-9357-7c2f66b356fe ] Request (ServicesAdminNegativeTestJSON:setUpClass): 200 GET http://10.180.1.21/identity/v3/roles 0.110s
2025-02-18 08:43:13.396 63774 INFO tempest.lib.common.rest_client [req-ecf93b8a-cce6-455c-9555-14f0b8b6d058 req-ecf93b8a-cce6-455c-9555-14f0b8b6d058 ] Request (ServicesAdminNegativeTestJSON:setUpClass): 204 PUT http://10.180.1.21/identity/v3/projects/9bf9665240d14f7d8e5a381d54f68b80/users/dc8db06046d14157a119b42828be26dc/roles/546ec793367b4e68b5e08df0905a267a 0.023s
2025-02-18 08:43:13.396 63774 INFO tempest.lib.common.dynamic_creds [-] Dynamic test user dc8db06046d14157a119b42828be26dc is created with scope project and roles: ['admin']
2025-02-18 08:43:13.396 63774 INFO tempest.lib.common.dynamic_creds [-] Acquired dynamic creds: credentials: Credentials: {'domain_id': 'default', 'domain_name': 'Default', 'username': 'tempest-ServicesAdminNegativeTestJSON-1232946137-project-admin', 'project_domain_id': 'default', 'project_domain_name': 'Default', 'project_id': '9bf9665240d14f7d8e5a381d54f68b80', 'project_name': 'tempest-ServicesAdminNegativeTestJSON-1232946137', 'tenant_id': '9bf9665240d14f7d8e5a381d54f68b80', 'tenant_name': 'tempest-ServicesAdminNegativeTestJSON-1232946137', 'user_domain_id': 'default', 'user_domain_name': 'Default', 'user_id': 'dc8db06046d14157a119b42828be26dc', 'system': None}, Network: None, Subnet: None, Router: None
2025-02-18 08:43:13.396 63774 INFO tempest.lib.common.dynamic_creds [-] Created isolated network resources for: credentials: Credentials: {'domain_id': 'default', 'domain_name': 'Default', 'username': 'tempest-ServicesAdminNegativeTestJSON-1232946137-project-admin', 'project_domain_id': 'default', 'project_domain_name': 'Default', 'project_id': '9bf9665240d14f7d8e5a381d54f68b80', 'project_name': 'tempest-ServicesAdminNegativeTestJSON-1232946137', 'tenant_id': '9bf9665240d14f7d8e5a381d54f68b80', 'tenant_name': 'tempest-ServicesAdminNegativeTestJSON-1232946137', 'user_domain_id': 'default', 'user_domain_name': 'Default', 'user_id': 'dc8db06046d14157a119b42828be26dc', 'system': None}, Network: None, Subnet: None, Router: None
2025-02-18 08:43:13.420 63750 INFO tempest.lib.common.rest_client [req-e9fe868d-8aa0-4ff7-8351-1c7e87305481 req-e9fe868d-8aa0-4ff7-8351-1c7e87305481 ] Request (ServerShowV247Test:test_update_rebuild_list_server): 200 GET http://10.180.1.21/compute/v2.1/servers/dfc89ae2-cd21-478b-94c4-94c6f06e18d0 0.888s
2025-02-18 08:43:13.486 63780 INFO tempest.lib.common.rest_client [req-a147a779-317e-4dea-96f0-11de67838b44 req-a147a779-317e-4dea-96f0-11de67838b44 ] Request (ServerActionsTestJSON:setUpClass): 200 GET http://10.180.1.21/compute/v2.1/servers/d7e1b035-942f-45f6-a94e-3a67e0cefec5 0.915s
2025-02-18 08:43:13.497 63786 INFO tempest.lib.common.rest_client [req-32a57ca5-c337-465e-b47b-1d56bce06050 req-32a57ca5-c337-465e-b47b-1d56bce06050 ] Request (ServersTestJSON:setUpClass): 200 GET http://10.180.1.21/compute/v2.1/servers/4489c2df-9894-49f3-ba4b-4a02b247bd23 0.979s
2025-02-18 08:43:13.504 63786 INFO tempest.common.waiters [-] State transition "BUILD/None" ==> "BUILD/spawning" after 26 second wait
2025-02-18 08:43:13.509 63774 INFO tempest.lib.common.rest_client [req-5669d114-b17d-4127-a49d-162de08cdfc1 req-5669d114-b17d-4127-a49d-162de08cdfc1 ] Request (ServicesAdminNegativeTestJSON:setUpClass): 201 POST http://10.180.1.21/identity/v3/auth/tokens 0.107s
2025-02-18 08:43:13.767 63776 INFO tempest.lib.common.rest_client [req-f038ff8c-a7ed-4594-b892-12d0b5faaa25 req-f038ff8c-a7ed-4594-b892-12d0b5faaa25 ] Request (QuotasAdminTestJSON:tearDownClass): 200 GET http://10.180.1.21:9696/networking/v2.0/security-groups?tenant_id=495c414ad89246bbb6923aba7aeab5e2&name=default 0.408s
2025-02-18 08:43:13.788 63752 INFO tempest.lib.common.rest_client [req-372292fe-9a4d-4417-ba9b-c3d49643af26 req-372292fe-9a4d-4417-ba9b-c3d49643af26 ] Request (ServersTestBootFromVolume:setUpClass): 200 GET http://10.180.1.21/compute/v2.1/servers/7f391b47-6f6b-44df-9d84-4001a5f04ad3 0.779s
2025-02-18 08:43:13.794 63752 INFO tempest.common.waiters [-] State transition "BUILD/spawning" ==> "ACTIVE/None" after 37 second wait
2025-02-18 08:43:13.883 63744 INFO tempest.lib.common.rest_client [req-fe2c392f-3dab-4512-8d2f-b4f394832649 req-fe2c392f-3dab-4512-8d2f-b4f394832649 ] Request (ServerRescueTestJSON:test_rescue_unrescue_instance): 202 POST http://10.180.1.21/compute/v2.1/servers 1.218s
2025-02-18 08:43:13.906 63776 INFO tempest.lib.common.rest_client [req-767915cb-56cf-4dac-b65c-9ce82e957b78 req-767915cb-56cf-4dac-b65c-9ce82e957b78 ] Request (QuotasAdminTestJSON:tearDownClass): 204 DELETE http://10.180.1.21:9696/networking/v2.0/security-groups/da12caf8-c161-43a9-88a4-edaa150cc424 0.138s
2025-02-18 08:43:13.952 63738 INFO tempest.lib.common.rest_client [req-ef0db74f-05c5-4939-a64f-b84851bcfed1 req-ef0db74f-05c5-4939-a64f-b84851bcfed1 ] Request (ServerDiagnosticsNegativeTest:test_get_server_diagnostics_by_non_admin): 200 GET http://10.180.1.21/compute/v2.1/servers/ea12ead5-69e6-49ad-ba13-d44c6b5def65 0.873s
2025-02-18 08:43:13.966 63738 INFO tempest.common.waiters [-] State transition "BUILD/scheduling" ==> "BUILD/None" after 9 second wait
2025-02-18 08:43:14.008 63770 INFO tempest.lib.common.rest_client [req-4ed41d06-a081-448f-93a8-696f4ed4d4c9 req-4ed41d06-a081-448f-93a8-696f4ed4d4c9 ] Request (KeyPairsV22TestJSON:test_keypairsv22_create_list_show): 201 POST http://10.180.1.21/compute/v2.1/os-keypairs 0.931s
2025-02-18 08:43:14.015 63776 INFO tempest.lib.common.rest_client [req-08a09142-4b19-446d-b68e-f6e34d464e06 req-08a09142-4b19-446d-b68e-f6e34d464e06 ] Request (QuotasAdminTestJSON:tearDownClass): 204 DELETE http://10.180.1.21/identity/v3/projects/495c414ad89246bbb6923aba7aeab5e2 0.109s
2025-02-18 08:43:14.015 63776 INFO tempest.lib.common.dynamic_creds [-] Deleting project and security group for project: c3d8924ce7dc49bb9889541dc917bf1a
2025-02-18 08:43:14.029 63795 INFO tempest.lib.common.rest_client [req-e1957bb0-419d-40ae-a51e-3ff15742a377 req-e1957bb0-419d-40ae-a51e-3ff15742a377 ] Request (FlavorsAdminTestJSON:test_list_public_flavor_with_other_user): 200 POST http://10.180.1.21/compute/v2.1/flavors 0.923s
2025-02-18 08:43:14.062 63760 INFO tempest.lib.common.rest_client [req-2486e8cb-1b11-47b2-97f9-207cf7860da2 req-2486e8cb-1b11-47b2-97f9-207cf7860da2 ] Request (ServerRescueTestJSONUnderV235:setUpClass): 200 GET http://10.180.1.21/compute/v2.1/servers/57df8151-b7ef-4faa-8451-4ca33d7daf39 1.053s
2025-02-18 08:43:14.129 63788 INFO tempest.lib.common.rest_client [req-11a40474-bb9a-44b7-91dd-1773c769ea02 req-11a40474-bb9a-44b7-91dd-1773c769ea02 ] Request (AttachInterfacesV270Test:tearDownClass): 200 GET http://10.180.1.21/compute/v2.1/servers/75c01ee1-1172-46df-80ad-390f2fab38ce 1.013s
2025-02-18 08:43:14.144 63784 INFO tempest.lib.common.rest_client [req-2e2b0941-1876-49ef-8206-dde11f326ac1 req-2e2b0941-1876-49ef-8206-dde11f326ac1 ] Request (DeleteServersTestJSON:test_delete_active_server): 200 GET http://10.180.1.21/compute/v2.1/servers/bc5f3770-73db-4b5a-98cd-03412048c8ca 0.962s
2025-02-18 08:43:14.209 63748 INFO tempest.lib.common.rest_client [req-4a130abc-9d12-41ae-aa40-85ff9fda74b3 req-4a130abc-9d12-41ae-aa40-85ff9fda74b3 ] Request (FloatingIPsAssociationNegativeTestJSON:setUpClass): 200 GET http://10.180.1.21/compute/v2.1/servers/7d9f4739-340e-45d3-9a48-97524a1382f6 0.949s
2025-02-18 08:43:14.219 63782 INFO tempest.lib.common.rest_client [req-f92c171e-14cd-40e6-96a9-239a14ff8669 req-f92c171e-14cd-40e6-96a9-239a14ff8669 ] Request (ServerDiagnosticsV248Test:tearDownClass): 200 GET http://10.180.1.21/compute/v2.1/servers/2d0161c6-c351-4113-a846-e769fdef4c4c 0.995s
2025-02-18 08:43:14.242 63776 INFO tempest.lib.common.rest_client [req-da6f4a70-2b7d-499b-9346-e86724c9ba1f req-da6f4a70-2b7d-499b-9346-e86724c9ba1f ] Request (QuotasAdminTestJSON:tearDownClass): 200 GET http://10.180.1.21:9696/networking/v2.0/security-groups?tenant_id=c3d8924ce7dc49bb9889541dc917bf1a&name=default 0.226s
2025-02-18 08:43:14.265 63766 INFO tempest.lib.common.rest_client [req-1b35e651-18c1-4dcb-9134-10c331787477 req-1b35e651-18c1-4dcb-9134-10c331787477 ] Request (AttachInterfacesTestJSON:test_create_list_show_delete_interfaces_by_fixed_ip): 200 GET http://10.180.1.21/compute/v2.1/servers/082f4702-6472-4952-81fb-a4e100b6cb04 0.957s
2025-02-18 08:43:14.293 63758 INFO tempest.lib.common.rest_client [req-417c1de4-0fbf-433d-87e5-bd354e505c8d req-417c1de4-0fbf-433d-87e5-bd354e505c8d ] Request (ServersTestFqdnHostnames:test_create_server_with_fqdn_name): 200 GET http://10.180.1.21/compute/v2.1/servers/6020a76d-95b3-4dec-85fc-c05cfb3d2323 0.932s
2025-02-18 08:43:14.318 63796 INFO tempest.lib.common.rest_client [req-83468163-2297-473a-a4cd-482d721ce606 req-83468163-2297-473a-a4cd-482d721ce606 ] Request (InstanceActionsTestJSON:setUpClass): 201 POST http://10.180.1.21:9696/networking/v2.0/routers 1.452s
2025-02-18 08:43:14.376 63742 INFO tempest.lib.common.rest_client [req-8150c494-9abe-411d-941d-48ca1e6cd4d0 req-8150c494-9abe-411d-941d-48ca1e6cd4d0 ] Request (ImagesNegativeTestJSON:test_create_image_from_deleted_server): 200 GET http://10.180.1.21/compute/v2.1/servers/5a8956d2-32f3-413c-89a7-0436019bc3fa 0.958s
2025-02-18 08:43:14.464 63776 INFO tempest.lib.common.rest_client [req-0947e8e2-a3f1-4b74-a51b-686767c58a83 req-0947e8e2-a3f1-4b74-a51b-686767c58a83 ] Request (QuotasAdminTestJSON:tearDownClass): 204 DELETE http://10.180.1.21:9696/networking/v2.0/security-groups/30da9bc9-8711-4cc9-810f-619f51ac0d5e 0.220s
2025-02-18 08:43:14.593 63746 INFO tempest.lib.common.rest_client [req-cfb5353d-7a11-4cec-835b-10903b5b06fb req-cfb5353d-7a11-4cec-835b-10903b5b06fb ] Request (ImagesMetadataTestJSON:setUp): 200 PUT http://10.180.1.21/compute/v2.1/images/eea51aa6-ef9e-4a4a-9ee2-f9da9bba7ec8/metadata 1.226s
2025-02-18 08:43:14.595 63776 INFO tempest.lib.common.rest_client [req-37461db4-84fd-433a-8260-6d57916deec8 req-37461db4-84fd-433a-8260-6d57916deec8 ] Request (QuotasAdminTestJSON:tearDownClass): 204 DELETE http://10.180.1.21/identity/v3/projects/c3d8924ce7dc49bb9889541dc917bf1a 0.131s
2025-02-18 08:43:14.684 63774 INFO tempest.lib.common.rest_client [req-1f9ae100-79dc-4250-946d-b7c6b7205511 req-1f9ae100-79dc-4250-946d-b7c6b7205511 ] Request (ServicesAdminNegativeTestJSON:test_get_service_by_invalid_params): 200 GET http://10.180.1.21/compute/v2.1/os-services 1.173s
2025-02-18 08:43:14.686 63776 INFO tempest.lib.common.rest_client [req-1220e988-152e-4434-a5a0-65ebad0cd59c req-1220e988-152e-4434-a5a0-65ebad0cd59c ] Request (MultipleCreateTestJSON:setUpClass): 201 POST http://10.180.1.21/identity/v3/auth/tokens 0.090s
2025-02-18 08:43:14.697 63790 INFO tempest.lib.common.rest_client [req-64fc4139-0a57-4013-a7a5-d97f3b640481 req-64fc4139-0a57-4013-a7a5-d97f3b640481 ] Request (ServersAdminTestJSON:test_create_server_with_scheduling_hint): 200 GET http://10.180.1.21/compute/v2.1/servers/0f345c27-a7f2-42f4-b60c-751276d3860b 1.081s
2025-02-18 08:43:14.750 63776 INFO tempest.lib.common.rest_client [req-32ad2de8-a4e4-4a1c-9717-4d96de588154 req-32ad2de8-a4e4-4a1c-9717-4d96de588154 ] Request (MultipleCreateTestJSON:setUpClass): 201 POST http://10.180.1.21/identity/v3/auth/tokens 0.061s
2025-02-18 08:43:14.797 63776 INFO tempest.lib.common.rest_client [req-f581c511-0307-401e-bae4-9cee83f79bc2 req-f581c511-0307-401e-bae4-9cee83f79bc2 ] Request (MultipleCreateTestJSON:setUpClass): 200 GET http://10.180.1.21/identity/v3/domains?name=Default 0.046s
2025-02-18 08:43:14.802 63773 INFO tempest.lib.common.rest_client [req-87bf3f45-171f-4a71-9356-73c361f5970c req-87bf3f45-171f-4a71-9356-73c361f5970c ] Request (ServersAdmin275Test:test_rebuild_update_server_275): 200 GET http://10.180.1.21/compute/v2.1/servers/154f2013-37a3-4e14-b377-e992a080d8f8 1.099s
2025-02-18 08:43:14.821 63773 INFO tempest.common.waiters [-] State transition "REBUILD/rebuilding" ==> "REBUILD/rebuild_block_device_mapping" after 2 second wait
2025-02-18 08:43:14.821 63778 INFO tempest.lib.common.rest_client [req-d7876d7a-0522-4c04-ba06-fefdbe35ec90 req-d7876d7a-0522-4c04-ba06-fefdbe35ec90 ] Request (ServerShowV257Test:test_rebuild_server): 200 GET http://10.180.1.21/compute/v2.1/servers/7e0b708c-30d4-4e6e-8127-9fe68dc2f193 1.152s
2025-02-18 08:43:14.848 63776 INFO tempest.lib.common.rest_client [req-e54fa81f-2778-4615-81a0-a1dd362badb5 req-e54fa81f-2778-4615-81a0-a1dd362badb5 ] Request (MultipleCreateTestJSON:setUpClass): 201 POST http://10.180.1.21/identity/v3/projects 0.051s
2025-02-18 08:43:14.912 63752 INFO tempest.lib.common.rest_client [req-8b9b8879-1541-405c-9cee-078eb540dd2b req-8b9b8879-1541-405c-9cee-078eb540dd2b ] Request (ServersTestBootFromVolume:setUpClass): 200 GET http://10.180.1.21/compute/v2.1/servers/7f391b47-6f6b-44df-9d84-4001a5f04ad3/os-interface 1.117s
2025-02-18 08:43:14.949 63744 INFO tempest.lib.common.rest_client [req-82c6e10f-229c-4d6d-92fb-83b424d86287 req-82c6e10f-229c-4d6d-92fb-83b424d86287 ] Request (ServerRescueTestJSON:test_rescue_unrescue_instance): 200 GET http://10.180.1.21/compute/v2.1/servers/e96b0ac5-39d8-4903-911a-5257757a8e23 1.063s
2025-02-18 08:43:14.974 63776 INFO tempest.lib.common.rest_client [req-c57b3a6a-4a98-4f3e-b181-26597be29e16 req-c57b3a6a-4a98-4f3e-b181-26597be29e16 ] Request (MultipleCreateTestJSON:setUpClass): 201 POST http://10.180.1.21/identity/v3/users 0.124s
2025-02-18 08:43:15.010 63776 INFO tempest.lib.common.rest_client [req-e2110dd6-4b41-4365-bd2c-ce992135f0e6 req-e2110dd6-4b41-4365-bd2c-ce992135f0e6 ] Request (MultipleCreateTestJSON:setUpClass): 200 GET http://10.180.1.21/identity/v3/roles 0.036s
2025-02-18 08:43:15.018 63756 INFO tempest.lib.common.rest_client [req-06c9a275-d7bf-4a52-8bb3-25e40302a2df req-06c9a275-d7bf-4a52-8bb3-25e40302a2df ] Request (ImagesOneServerTestJSON:test_create_image_specify_multibyte_character_image_name): 200 GET http://10.180.1.21/compute/v2.1/images/85dbf70f-d0ef-4d87-9138-26695736a124 1.037s
2025-02-18 08:43:15.042 63754 INFO tempest.lib.common.rest_client [req-aa09df1d-1357-4efc-a68c-e61befe41234 req-aa09df1d-1357-4efc-a68c-e61befe41234 ] Request (ImagesOneServerNegativeTestJSON:setUpClass): 200 PUT http://10.180.1.21:9696/networking/v2.0/routers/46caba49-fe7e-4a59-9a09-f45163fa4b0f/add_router_interface 1.691s
2025-02-18 08:43:15.042 63754 INFO tempest.lib.common.dynamic_creds [-] Created isolated network resources for: credentials: Credentials: {'domain_id': 'default', 'domain_name': 'Default', 'username': 'tempest-ImagesOneServerNegativeTestJSON-1202975490-project-member', 'project_domain_id': 'default', 'project_domain_name': 'Default', 'project_id': '1e4ec30ff14f49e1b155a6176048facb', 'project_name': 'tempest-ImagesOneServerNegativeTestJSON-1202975490', 'tenant_id': '1e4ec30ff14f49e1b155a6176048facb', 'tenant_name': 'tempest-ImagesOneServerNegativeTestJSON-1202975490', 'user_domain_id': 'default', 'user_domain_name': 'Default', 'user_id': '75de2184d4774b79a0a5107c0ebb6404', 'system': None}, Network: {'id': 'c63e8c08-2e39-47cf-ac9d-890bb2f9ff28', 'name': 'tempest-ImagesOneServerNegativeTestJSON-668871262-network', 'tenant_id': '1e4ec30ff14f49e1b155a6176048facb', 'admin_state_up': True, 'mtu': 8950, 'status': 'ACTIVE', 'subnets': [], 'shared': False, 'project_id': '1e4ec30ff14f49e1b155a6176048facb', 'port_security_enabled': True, 'router:external': False, 'provider:network_type': 'vlan', 'provider:physical_network': 'default', 'provider:segmentation_id': 747, 'availability_zone_hints': [], 'availability_zones': [], 'ipv4_address_scope': None, 'ipv6_address_scope': None, 'description': '', 'tags': [], 'created_at': '2025-02-18T08:43:11Z', 'updated_at': '2025-02-18T08:43:11Z', 'revision_number': 1}, Subnet: {'id': 'b4111085-a687-4678-a8be-f7f19387d23f', 'name': 'tempest-ImagesOneServerNegativeTestJSON-668871262-subnet', 'tenant_id': '1e4ec30ff14f49e1b155a6176048facb', 'network_id': 'c63e8c08-2e39-47cf-ac9d-890bb2f9ff28', 'ip_version': 4, 'subnetpool_id': None, 'enable_dhcp': True, 'ipv6_ra_mode': None, 'ipv6_address_mode': None, 'gateway_ip': '192.168.128.1', 'cidr': '192.168.128.0/28', 'allocation_pools': [{'start': '192.168.128.2', 'end': '192.168.128.14'}], 'host_routes': [], 'dns_nameservers': [], 'description': '', 'router:external': False, 'service_types': [], 'tags': [], 'created_at': '2025-02-18T08:43:11Z', 'updated_at': '2025-02-18T08:43:11Z', 'revision_number': 0, 'project_id': '1e4ec30ff14f49e1b155a6176048facb'}, Router: {'id': '46caba49-fe7e-4a59-9a09-f45163fa4b0f', 'name': 'tempest-ImagesOneServerNegativeTestJSON-668871262-router', 'tenant_id': '1e4ec30ff14f49e1b155a6176048facb', 'admin_state_up': True, 'status': 'ACTIVE', 'external_gateway_info': {'network_id': 'a6df9a25-01b1-4cf6-99ab-9c6848278693', 'external_fixed_ips': [{'subnet_id': '9d1b0568-5b29-4fd5-9ca5-1f09b46e5ca0', 'ip_address': '10.180.180.134'}], 'enable_snat': True}, 'description': '', 'availability_zones': [], 'distributed': False, 'ha': False, 'availability_zone_hints': [], 'routes': [], 'flavor_id': None, 'tags': [], 'created_at': '2025-02-18T08:43:12Z', 'updated_at': '2025-02-18T08:43:12Z', 'revision_number': 2, 'project_id': '1e4ec30ff14f49e1b155a6176048facb'}
2025-02-18 08:43:15.049 63770 INFO tempest.lib.common.rest_client [req-d4200591-46f9-4745-b6ce-39b088ac0c2d req-d4200591-46f9-4745-b6ce-39b088ac0c2d ] Request (KeyPairsV22TestJSON:test_keypairsv22_create_list_show): 200 GET http://10.180.1.21/compute/v2.1/os-keypairs/tempest-keypair-1540299789 1.039s
2025-02-18 08:43:15.075 63795 INFO tempest.lib.common.rest_client [req-77a4f8a3-84bc-4f7e-ab0d-9113f201e454 req-77a4f8a3-84bc-4f7e-ab0d-9113f201e454 ] Request (FlavorsAdminTestJSON:test_list_public_flavor_with_other_user): 200 GET http://10.180.1.21/compute/v2.1/flavors/detail 1.043s
2025-02-18 08:43:15.095 63776 INFO tempest.lib.common.rest_client [req-31087393-6edb-418d-8a78-32d5f15c30ea req-31087393-6edb-418d-8a78-32d5f15c30ea ] Request (MultipleCreateTestJSON:setUpClass): 204 PUT http://10.180.1.21/identity/v3/projects/02361778d16440a79c8b1cd1bd0add00/users/9221f611da36479eadf7a162f2dd0a5b/roles/17ec6d7ce33744c1b84a70539c748c18 0.084s
2025-02-18 08:43:15.096 63776 INFO tempest.lib.common.dynamic_creds [-] Dynamic test user 9221f611da36479eadf7a162f2dd0a5b is created with scope project and roles: ['member']
2025-02-18 08:43:15.096 63776 INFO tempest.lib.common.dynamic_creds [-] Acquired dynamic creds: credentials: Credentials: {'domain_id': 'default', 'domain_name': 'Default', 'username': 'tempest-MultipleCreateTestJSON-955431698-project-member', 'project_domain_id': 'default', 'project_domain_name': 'Default', 'project_id': '02361778d16440a79c8b1cd1bd0add00', 'project_name': 'tempest-MultipleCreateTestJSON-955431698', 'tenant_id': '02361778d16440a79c8b1cd1bd0add00', 'tenant_name': 'tempest-MultipleCreateTestJSON-955431698', 'user_domain_id': 'default', 'user_domain_name': 'Default', 'user_id': '9221f611da36479eadf7a162f2dd0a5b', 'system': None}, Network: None, Subnet: None, Router: None
2025-02-18 08:43:15.206 63776 INFO tempest.lib.common.rest_client [req-959e1860-196e-4ab1-8cb2-a08438030455 req-959e1860-196e-4ab1-8cb2-a08438030455 ] Request (MultipleCreateTestJSON:setUpClass): 201 POST http://10.180.1.21/identity/v3/auth/tokens 0.110s
2025-02-18 08:43:15.222 63754 INFO tempest.lib.common.rest_client [req-a3b6edc8-ccf0-437a-8a9b-a1b9fcfa2dd8 req-a3b6edc8-ccf0-437a-8a9b-a1b9fcfa2dd8 ] Request (ImagesOneServerNegativeTestJSON:setUpClass): 201 POST http://10.180.1.21/identity/v3/auth/tokens 0.170s
2025-02-18 08:43:15.279 63754 INFO tempest.lib.common.rest_client [req-75aeecb4-e0c4-4899-bb2e-ce6c0f7c15cc req-75aeecb4-e0c4-4899-bb2e-ce6c0f7c15cc ] Request (ImagesOneServerNegativeTestJSON:setUpClass): 201 POST http://10.180.1.21/identity/v3/auth/tokens 0.048s
2025-02-18 08:43:15.280 63754 INFO tempest.lib.common.fixed_network [-] (ImagesOneServerNegativeTestJSON:setUpClass) Found network {'id': 'c63e8c08-2e39-47cf-ac9d-890bb2f9ff28', 'name': 'tempest-ImagesOneServerNegativeTestJSON-668871262-network', 'tenant_id': '1e4ec30ff14f49e1b155a6176048facb', 'admin_state_up': True, 'mtu': 8950, 'status': 'ACTIVE', 'subnets': [], 'shared': False, 'project_id': '1e4ec30ff14f49e1b155a6176048facb', 'port_security_enabled': True, 'router:external': False, 'provider:network_type': 'vlan', 'provider:physical_network': 'default', 'provider:segmentation_id': 747, 'availability_zone_hints': [], 'availability_zones': [], 'ipv4_address_scope': None, 'ipv6_address_scope': None, 'description': '', 'tags': [], 'created_at': '2025-02-18T08:43:11Z', 'updated_at': '2025-02-18T08:43:11Z', 'revision_number': 1} available for tenant
2025-02-18 08:43:15.290 63792 INFO tempest.lib.common.rest_client [req-f7b6054c-a9d3-433d-ba04-aa1d7f60a2e6 req-f7b6054c-a9d3-433d-ba04-aa1d7f60a2e6 ] Request (ServersWithSpecificFlavorTestJSON:test_verify_created_server_ephemeral_disk): 200 GET http://10.180.1.21/compute/v2.1/servers/927418d6-d1f7-4dd9-802a-d71b8f799923 1.352s
2025-02-18 08:43:15.297 63762 INFO tempest.lib.common.rest_client [req-b13f2263-fd5a-434e-bee6-fde81c5d6c47 req-b13f2263-fd5a-434e-bee6-fde81c5d6c47 ] Request (SecurityGroupsTestJSON:test_list_security_groups_by_server): 200 GET http://10.180.1.21/compute/v2.1/servers/1584e140-07b6-4876-8d25-b814f731d86d 1.171s
2025-02-18 08:43:15.300 63792 INFO tempest.common.waiters [-] State transition "BUILD/spawning" ==> "ACTIVE/None" after 30 second wait
2025-02-18 08:43:15.367 63798 INFO tempest.lib.common.rest_client [req-29b895ab-f787-467b-8d38-b80f5d683b32 req-29b895ab-f787-467b-8d38-b80f5d683b32 ] Request (ListImageFiltersTestJSON:setUpClass): 200 GET http://10.180.1.21/compute/v2.1/servers/d936eef5-f930-4b22-8162-f158afa01912 1.173s
2025-02-18 08:43:15.370 63768 INFO tempest.lib.common.rest_client [req-e6a8c0f7-7acc-489d-b051-6ab628245679 req-e6a8c0f7-7acc-489d-b051-6ab628245679 ] Request (DeleteServersAdminTestJSON:test_admin_delete_servers_of_others): 200 GET http://10.180.1.21/compute/v2.1/servers/2f45cdc6-6471-4d10-b322-d8777f35732b 1.093s
2025-02-18 08:43:15.447 63740 INFO tempest.lib.common.rest_client [req-2a69a15f-198b-4e54-94ee-bdd47e586200 req-2a69a15f-198b-4e54-94ee-bdd47e586200 ] Request (ServerAddressesTestJSON:tearDownClass): 200 GET http://10.180.1.21/compute/v2.1/servers/b9e17b0f-6298-48f2-849b-9971fa0cecdf 1.103s
2025-02-18 08:43:15.507 63750 INFO tempest.lib.common.rest_client [req-03654056-f643-4040-a3f4-5485df72f02f req-03654056-f643-4040-a3f4-5485df72f02f ] Request (ServerShowV247Test:test_update_rebuild_list_server): 200 GET http://10.180.1.21/compute/v2.1/servers/dfc89ae2-cd21-478b-94c4-94c6f06e18d0 1.073s
2025-02-18 08:43:15.602 63780 INFO tempest.lib.common.rest_client [req-5e04f7aa-5b15-444c-9505-b1427e182ef0 req-5e04f7aa-5b15-444c-9505-b1427e182ef0 ] Request (ServerActionsTestJSON:setUpClass): 200 GET http://10.180.1.21/compute/v2.1/servers/d7e1b035-942f-45f6-a94e-3a67e0cefec5 1.106s
2025-02-18 08:43:15.623 63776 INFO tempest.lib.common.rest_client [req-b9171697-b2cd-4ea0-b2e2-6390d0cf4ba5 req-b9171697-b2cd-4ea0-b2e2-6390d0cf4ba5 ] Request (MultipleCreateTestJSON:setUpClass): 201 POST http://10.180.1.21:9696/networking/v2.0/networks 0.417s
2025-02-18 08:43:15.746 63786 INFO tempest.lib.common.rest_client [req-1fb5f693-b013-4701-abf7-270e6b4ebf02 req-1fb5f693-b013-4701-abf7-270e6b4ebf02 ] Request (ServersTestJSON:setUpClass): 200 GET http://10.180.1.21/compute/v2.1/servers/4489c2df-9894-49f3-ba4b-4a02b247bd23 1.240s
2025-02-18 08:43:15.858 63776 INFO tempest.lib.common.rest_client [req-f6693c5e-da3e-422d-a669-81a304cf70c7 req-f6693c5e-da3e-422d-a669-81a304cf70c7 ] Request (MultipleCreateTestJSON:setUpClass): 201 POST http://10.180.1.21:9696/networking/v2.0/subnets 0.234s
2025-02-18 08:43:15.943 63764 INFO tempest.lib.common.rest_client [req-76b9af60-9657-4c0c-8f6d-c833a16ef3e2 req-76b9af60-9657-4c0c-8f6d-c833a16ef3e2 ] Request (MigrationsAdminTest:test_list_migrations_in_flavor_resize_situation): 200 GET http://10.180.1.21/compute/v2.1/servers/b9f32509-47d3-485d-93a4-22e12490de17 1.638s
2025-02-18 08:43:16.017 63774 INFO tempest.lib.common.rest_client [req-a88c5302-a424-4785-8475-0626ab7ca37b req-a88c5302-a424-4785-8475-0626ab7ca37b ] Request (ServicesAdminNegativeTestJSON:test_get_service_by_invalid_params): 200 GET http://10.180.1.21/compute/v2.1/os-services?xxx=nova-compute 1.331s
2025-02-18 08:43:16.026 63746 INFO tempest.lib.common.rest_client [req-7afebf1a-1131-49d2-95c1-6cb73a8e077a req-7afebf1a-1131-49d2-95c1-6cb73a8e077a ] Request (ImagesMetadataTestJSON:test_set_image_metadata_item): 200 PUT http://10.180.1.21/compute/v2.1/images/eea51aa6-ef9e-4a4a-9ee2-f9da9bba7ec8/metadata/os_version 1.432s
2025-02-18 08:43:16.040 63770 INFO tempest.lib.common.rest_client [req-57c3eec5-c8b9-47cd-9e09-ce611e5dda44 req-57c3eec5-c8b9-47cd-9e09-ce611e5dda44 ] Request (KeyPairsV22TestJSON:test_keypairsv22_create_list_show): 200 GET http://10.180.1.21/compute/v2.1/os-keypairs 0.988s
2025-02-18 08:43:16.103 63738 INFO tempest.lib.common.rest_client [req-0c27531a-0717-4594-8b3e-b84a324cf2a0 req-0c27531a-0717-4594-8b3e-b84a324cf2a0 ] Request (ServerDiagnosticsNegativeTest:test_get_server_diagnostics_by_non_admin): 200 GET http://10.180.1.21/compute/v2.1/servers/ea12ead5-69e6-49ad-ba13-d44c6b5def65 1.136s
2025-02-18 08:43:16.124 63795 INFO tempest.lib.common.rest_client [req-ddfacc28-542d-4fb0-8eef-4720123206a4 req-ddfacc28-542d-4fb0-8eef-4720123206a4 ] Request (FlavorsAdminTestJSON:_run_cleanups): 202 DELETE http://10.180.1.21/compute/v2.1/flavors/376563442 1.036s
2025-02-18 08:43:16.150 63788 INFO tempest.lib.common.rest_client [req-cf20a30e-a2b4-4653-831d-cedbdda553bf req-cf20a30e-a2b4-4653-831d-cedbdda553bf ] Request (AttachInterfacesV270Test:tearDownClass): 404 GET http://10.180.1.21/compute/v2.1/servers/75c01ee1-1172-46df-80ad-390f2fab38ce 1.007s
2025-02-18 08:43:16.227 63796 INFO tempest.lib.common.rest_client [req-f2f884e3-ff74-47de-8133-986ff00feb42 req-f2f884e3-ff74-47de-8133-986ff00feb42 ] Request (InstanceActionsTestJSON:setUpClass): 200 PUT http://10.180.1.21:9696/networking/v2.0/routers/84e1d532-d75b-4b1a-961b-d98034070ea1/add_router_interface 1.908s
2025-02-18 08:43:16.228 63796 INFO tempest.lib.common.dynamic_creds [-] Created isolated network resources for: credentials: Credentials: {'domain_id': 'default', 'domain_name': 'Default', 'username': 'tempest-InstanceActionsTestJSON-219212260-project-member', 'project_domain_id': 'default', 'project_domain_name': 'Default', 'project_id': 'f2a7b2b37f4b4a6bb93b5360a7f51cc7', 'project_name': 'tempest-InstanceActionsTestJSON-219212260', 'tenant_id': 'f2a7b2b37f4b4a6bb93b5360a7f51cc7', 'tenant_name': 'tempest-InstanceActionsTestJSON-219212260', 'user_domain_id': 'default', 'user_domain_name': 'Default', 'user_id': 'd1c3e6b2c9774ad79eccd200c536f5bb', 'system': None}, Network: {'id': 'a61495e1-9924-43c2-b8f5-6659c61fb68f', 'name': 'tempest-InstanceActionsTestJSON-505343491-network', 'tenant_id': 'f2a7b2b37f4b4a6bb93b5360a7f51cc7', 'admin_state_up': True, 'mtu': 8950, 'status': 'ACTIVE', 'subnets': [], 'shared': False, 'project_id': 'f2a7b2b37f4b4a6bb93b5360a7f51cc7', 'port_security_enabled': True, 'router:external': False, 'provider:network_type': 'vlan', 'provider:physical_network': 'default', 'provider:segmentation_id': 258, 'availability_zone_hints': [], 'availability_zones': [], 'ipv4_address_scope': None, 'ipv6_address_scope': None, 'description': '', 'tags': [], 'created_at': '2025-02-18T08:43:12Z', 'updated_at': '2025-02-18T08:43:12Z', 'revision_number': 1}, Subnet: {'id': '541b0b2b-5905-4f1c-beb6-bb599a72222b', 'name': 'tempest-InstanceActionsTestJSON-505343491-subnet', 'tenant_id': 'f2a7b2b37f4b4a6bb93b5360a7f51cc7', 'network_id': 'a61495e1-9924-43c2-b8f5-6659c61fb68f', 'ip_version': 4, 'subnetpool_id': None, 'enable_dhcp': True, 'ipv6_ra_mode': None, 'ipv6_address_mode': None, 'gateway_ip': '192.168.128.1', 'cidr': '192.168.128.0/28', 'allocation_pools': [{'start': '192.168.128.2', 'end': '192.168.128.14'}], 'host_routes': [], 'dns_nameservers': [], 'description': '', 'router:external': False, 'service_types': [], 'tags': [], 'created_at': '2025-02-18T08:43:12Z', 'updated_at': '2025-02-18T08:43:12Z', 'revision_number': 0, 'project_id': 'f2a7b2b37f4b4a6bb93b5360a7f51cc7'}, Router: {'id': '84e1d532-d75b-4b1a-961b-d98034070ea1', 'name': 'tempest-InstanceActionsTestJSON-505343491-router', 'tenant_id': 'f2a7b2b37f4b4a6bb93b5360a7f51cc7', 'admin_state_up': True, 'status': 'ACTIVE', 'external_gateway_info': {'network_id': 'a6df9a25-01b1-4cf6-99ab-9c6848278693', 'external_fixed_ips': [{'subnet_id': '9d1b0568-5b29-4fd5-9ca5-1f09b46e5ca0', 'ip_address': '10.180.180.230'}], 'enable_snat': True}, 'description': '', 'availability_zones': [], 'distributed': False, 'ha': False, 'availability_zone_hints': [], 'routes': [], 'flavor_id': None, 'tags': [], 'created_at': '2025-02-18T08:43:12Z', 'updated_at': '2025-02-18T08:43:13Z', 'revision_number': 2, 'project_id': 'f2a7b2b37f4b4a6bb93b5360a7f51cc7'}
2025-02-18 08:43:16.242 63784 INFO tempest.lib.common.rest_client [req-001323d0-ba02-43a6-af53-58cfdfe51f2c req-001323d0-ba02-43a6-af53-58cfdfe51f2c ] Request (DeleteServersTestJSON:test_delete_active_server): 200 GET http://10.180.1.21/compute/v2.1/servers/bc5f3770-73db-4b5a-98cd-03412048c8ca 1.087s
2025-02-18 08:43:16.254 63760 INFO tempest.lib.common.rest_client [req-89d9fffb-0097-4bd9-b9f7-a2cacdd21c38 req-89d9fffb-0097-4bd9-b9f7-a2cacdd21c38 ] Request (ServerRescueTestJSONUnderV235:setUpClass): 200 GET http://10.180.1.21/compute/v2.1/servers/57df8151-b7ef-4faa-8451-4ca33d7daf39 1.179s
2025-02-18 08:43:16.311 63748 INFO tempest.lib.common.rest_client [req-c4ca742e-c2f1-4c9d-b619-d4b032c1271e req-c4ca742e-c2f1-4c9d-b619-d4b032c1271e ] Request (FloatingIPsAssociationNegativeTestJSON:setUpClass): 200 GET http://10.180.1.21/compute/v2.1/servers/7d9f4739-340e-45d3-9a48-97524a1382f6 1.092s
2025-02-18 08:43:16.327 63782 INFO tempest.lib.common.rest_client [req-65b9f1a6-059c-4231-a1ef-6490a65375df req-65b9f1a6-059c-4231-a1ef-6490a65375df ] Request (ServerDiagnosticsV248Test:tearDownClass): 200 GET http://10.180.1.21/compute/v2.1/servers/2d0161c6-c351-4113-a846-e769fdef4c4c 1.095s
2025-02-18 08:43:16.339 63796 INFO tempest.lib.common.rest_client [req-0f4ce24c-cf0d-41bf-a557-dc61a9dac744 req-0f4ce24c-cf0d-41bf-a557-dc61a9dac744 ] Request (InstanceActionsTestJSON:setUpClass): 201 POST http://10.180.1.21/identity/v3/auth/tokens 0.106s
2025-02-18 08:43:16.382 63796 INFO tempest.lib.common.rest_client [req-9d30ffe5-e9bd-487a-9d17-f6466d6ddb70 req-9d30ffe5-e9bd-487a-9d17-f6466d6ddb70 ] Request (InstanceActionsTestJSON:setUpClass): 201 POST http://10.180.1.21/identity/v3/auth/tokens 0.039s
2025-02-18 08:43:16.382 63796 INFO tempest.lib.common.fixed_network [-] (InstanceActionsTestJSON:setUpClass) Found network {'id': 'a61495e1-9924-43c2-b8f5-6659c61fb68f', 'name': 'tempest-InstanceActionsTestJSON-505343491-network', 'tenant_id': 'f2a7b2b37f4b4a6bb93b5360a7f51cc7', 'admin_state_up': True, 'mtu': 8950, 'status': 'ACTIVE', 'subnets': [], 'shared': False, 'project_id': 'f2a7b2b37f4b4a6bb93b5360a7f51cc7', 'port_security_enabled': True, 'router:external': False, 'provider:network_type': 'vlan', 'provider:physical_network': 'default', 'provider:segmentation_id': 258, 'availability_zone_hints': [], 'availability_zones': [], 'ipv4_address_scope': None, 'ipv6_address_scope': None, 'description': '', 'tags': [], 'created_at': '2025-02-18T08:43:12Z', 'updated_at': '2025-02-18T08:43:12Z', 'revision_number': 1} available for tenant
2025-02-18 08:43:16.421 63766 INFO tempest.lib.common.rest_client [req-dba552af-77f2-4eda-9a5c-9c6d243dbf71 req-dba552af-77f2-4eda-9a5c-9c6d243dbf71 ] Request (AttachInterfacesTestJSON:test_create_list_show_delete_interfaces_by_fixed_ip): 200 GET http://10.180.1.21/compute/v2.1/servers/082f4702-6472-4952-81fb-a4e100b6cb04 1.143s
2025-02-18 08:43:16.510 63752 INFO tempest.lib.common.rest_client [req-d380e440-0e0b-4770-a6e9-e1a6e1ac6e40 req-d380e440-0e0b-4770-a6e9-e1a6e1ac6e40 ] Request (ServersTestBootFromVolume:setUpClass): 200 PUT http://10.180.1.21:9696/networking/v2.0/floatingips/83a9aa66-5059-4d77-af4e-404e61f4fb24 1.593s
2025-02-18 08:43:16.520 63792 INFO tempest.lib.common.rest_client [req-e6b89324-ba2e-4246-a829-816db33dba0f req-e6b89324-ba2e-4246-a829-816db33dba0f ] Request (ServersWithSpecificFlavorTestJSON:test_verify_created_server_ephemeral_disk): 200 GET http://10.180.1.21/compute/v2.1/servers/927418d6-d1f7-4dd9-802a-d71b8f799923/os-interface 1.219s
2025-02-18 08:43:16.600 63758 INFO tempest.lib.common.rest_client [req-eaa33486-4654-4401-bf2a-5420c685243e req-eaa33486-4654-4401-bf2a-5420c685243e ] Request (ServersTestFqdnHostnames:test_create_server_with_fqdn_name): 200 GET http://10.180.1.21/compute/v2.1/servers/6020a76d-95b3-4dec-85fc-c05cfb3d2323 1.295s
2025-02-18 08:43:16.675 63742 INFO tempest.lib.common.rest_client [req-775c9f43-61b4-4582-8764-61f82454f99b req-775c9f43-61b4-4582-8764-61f82454f99b ] Request (ImagesNegativeTestJSON:test_create_image_from_deleted_server): 200 GET http://10.180.1.21/compute/v2.1/servers/5a8956d2-32f3-413c-89a7-0436019bc3fa 1.283s
2025-02-18 08:43:16.738 63790 INFO tempest.lib.common.rest_client [req-ef894e7a-009c-4822-85a0-553e81891300 req-ef894e7a-009c-4822-85a0-553e81891300 ] Request (ServersAdminTestJSON:test_create_server_with_scheduling_hint): 200 GET http://10.180.1.21/compute/v2.1/servers/0f345c27-a7f2-42f4-b60c-751276d3860b 1.026s
2025-02-18 08:43:16.872 63773 INFO tempest.lib.common.rest_client [req-ed9e8b10-75a2-448c-9ca0-6ba47eebcfa3 req-ed9e8b10-75a2-448c-9ca0-6ba47eebcfa3 ] Request (ServersAdmin275Test:test_rebuild_update_server_275): 200 GET http://10.180.1.21/compute/v2.1/servers/154f2013-37a3-4e14-b377-e992a080d8f8 1.050s
2025-02-18 08:43:16.883 63773 INFO tempest.common.waiters [-] State transition "REBUILD/rebuild_block_device_mapping" ==> "REBUILD/rebuild_spawning" after 4 second wait
2025-02-18 08:43:16.964 63778 INFO tempest.lib.common.rest_client [req-a8c2da3f-143a-484d-80f8-52aff99c8941 req-a8c2da3f-143a-484d-80f8-52aff99c8941 ] Request (ServerShowV257Test:test_rebuild_server): 200 GET http://10.180.1.21/compute/v2.1/servers/7e0b708c-30d4-4e6e-8127-9fe68dc2f193 1.130s
2025-02-18 08:43:17.046 63744 INFO tempest.lib.common.rest_client [req-12dca4a7-3f02-4ad9-8eb3-9d16b63031d0 req-12dca4a7-3f02-4ad9-8eb3-9d16b63031d0 ] Request (ServerRescueTestJSON:test_rescue_unrescue_instance): 200 GET http://10.180.1.21/compute/v2.1/servers/e96b0ac5-39d8-4903-911a-5257757a8e23 1.084s
2025-02-18 08:43:17.076 63774 INFO tempest.lib.common.rest_client [req-915c8ba9-0c49-4add-89f9-b227550c107a req-915c8ba9-0c49-4add-89f9-b227550c107a ] Request (ServicesAdminNegativeTestJSON:test_get_service_by_invalid_service_and_valid_host): 200 GET http://10.180.1.21/compute/v2.1/os-services 1.052s
2025-02-18 08:43:17.114 63800 WARNING tempest.lib.common.ssh [-] Failed to establish authenticated ssh connection to cirros@10.180.180.170 ([Errno None] Unable to connect to port 22 on 10.180.180.170). Number attempts: 4. Retry after 5 seconds.: paramiko.ssh_exception.NoValidConnectionsError: [Errno None] Unable to connect to port 22 on 10.180.180.170
2025-02-18 08:43:17.121 63756 INFO tempest.lib.common.rest_client [req-c32b74ea-5e8b-4fae-80a2-ff804f3a9fd8 req-c32b74ea-5e8b-4fae-80a2-ff804f3a9fd8 ] Request (ImagesOneServerTestJSON:test_create_image_specify_multibyte_character_image_name): 200 GET http://10.180.1.21/compute/v2.1/images/85dbf70f-d0ef-4d87-9138-26695736a124 1.096s
2025-02-18 08:43:17.160 63746 INFO tempest.lib.common.rest_client [req-6f575d27-b134-4c0b-8fd5-c82cddf778bf req-6f575d27-b134-4c0b-8fd5-c82cddf778bf ] Request (ImagesMetadataTestJSON:test_set_image_metadata_item): 200 GET http://10.180.1.21/compute/v2.1/images/eea51aa6-ef9e-4a4a-9ee2-f9da9bba7ec8/metadata 1.133s
2025-02-18 08:43:17.181 63770 INFO tempest.lib.common.rest_client [req-f3a8015a-85df-440c-9d26-29a7a5e390d6 req-f3a8015a-85df-440c-9d26-29a7a5e390d6 ] Request (KeyPairsV22TestJSON:_run_cleanups): 204 DELETE http://10.180.1.21/compute/v2.1/os-keypairs/tempest-keypair-1540299789 1.139s
2025-02-18 08:43:17.210 63795 INFO tempest.lib.common.rest_client [req-1f64a799-3cd5-4757-a9ab-c5782c3b1742 req-1f64a799-3cd5-4757-a9ab-c5782c3b1742 ] Request (FlavorsAdminTestJSON:_run_cleanups): 200 GET http://10.180.1.21/compute/v2.1/flavors/detail 1.085s
2025-02-18 08:43:17.230 63754 INFO tempest.lib.common.rest_client [req-184caf19-492f-4ed8-8706-6071603f9573 req-184caf19-492f-4ed8-8706-6071603f9573 ] Request (ImagesOneServerNegativeTestJSON:setUpClass): 202 POST http://10.180.1.21/compute/v2.1/servers 1.949s
2025-02-18 08:43:17.239 63776 INFO tempest.lib.common.rest_client [req-9f58c840-9549-4651-9b32-8ec315b35a0c req-9f58c840-9549-4651-9b32-8ec315b35a0c ] Request (MultipleCreateTestJSON:setUpClass): 201 POST http://10.180.1.21:9696/networking/v2.0/routers 1.380s
2025-02-18 08:43:17.303 63798 INFO tempest.lib.common.rest_client [req-d84c6cef-776f-435e-847c-370163126f36 req-d84c6cef-776f-435e-847c-370163126f36 ] Request (ListImageFiltersTestJSON:setUpClass): 200 GET http://10.180.1.21/compute/v2.1/servers/d936eef5-f930-4b22-8162-f158afa01912 0.924s
2025-02-18 08:43:17.350 63795 INFO tempest.lib.common.rest_client [req-8f92f9e9-f85e-4378-9859-fbae212dd81d req-8f92f9e9-f85e-4378-9859-fbae212dd81d ] Request (FlavorsAdminTestJSON:tearDownClass): 204 DELETE http://10.180.1.21/identity/v3/users/db0af1855dbe486ba8c29cfe51b16043 0.130s
2025-02-18 08:43:17.477 63795 INFO tempest.lib.common.rest_client [req-5e974bb7-d173-48ff-83ea-7305ca5a81db req-5e974bb7-d173-48ff-83ea-7305ca5a81db ] Request (FlavorsAdminTestJSON:tearDownClass): 204 DELETE http://10.180.1.21/identity/v3/users/30d75a74490349b999b7dcdee70e1379 0.126s
2025-02-18 08:43:17.477 63795 INFO tempest.lib.common.dynamic_creds [-] Deleting project and security group for project: b7bf7153162d476e9212aba071b44205
2025-02-18 08:43:17.553 63762 INFO tempest.lib.common.rest_client [req-eabae015-7e9b-437f-9a73-cc8f9b92650f req-eabae015-7e9b-437f-9a73-cc8f9b92650f ] Request (SecurityGroupsTestJSON:test_list_security_groups_by_server): 200 GET http://10.180.1.21/compute/v2.1/servers/1584e140-07b6-4876-8d25-b814f731d86d 1.244s
2025-02-18 08:43:17.563 63795 INFO tempest.lib.common.rest_client [req-9b931dad-cb0c-4394-bb40-cc4097f82012 req-9b931dad-cb0c-4394-bb40-cc4097f82012 ] Request (FlavorsAdminTestJSON:tearDownClass): 201 POST http://10.180.1.21/identity/v3/auth/tokens 0.086s
2025-02-18 08:43:17.656 63768 INFO tempest.lib.common.rest_client [req-85ceff6f-1536-4c21-9033-a00c54a4a09a req-85ceff6f-1536-4c21-9033-a00c54a4a09a ] Request (DeleteServersAdminTestJSON:test_admin_delete_servers_of_others): 200 GET http://10.180.1.21/compute/v2.1/servers/2f45cdc6-6471-4d10-b322-d8777f35732b 1.272s
2025-02-18 08:43:17.766 63740 INFO tempest.lib.common.rest_client [req-460f8e35-5d32-40c1-91b4-4a442510330a req-460f8e35-5d32-40c1-91b4-4a442510330a ] Request (ServerAddressesTestJSON:tearDownClass): 200 GET http://10.180.1.21/compute/v2.1/servers/b9e17b0f-6298-48f2-849b-9971fa0cecdf 1.310s
2025-02-18 08:43:18.002 63795 INFO tempest.lib.common.rest_client [req-b53dd685-0bdd-4e65-a4a8-504fc3b178b0 req-b53dd685-0bdd-4e65-a4a8-504fc3b178b0 ] Request (FlavorsAdminTestJSON:tearDownClass): 200 GET http://10.180.1.21:9696/networking/v2.0/security-groups?tenant_id=b7bf7153162d476e9212aba071b44205&name=default 0.438s
