2025-02-18 08:43:03.981 63742 INFO tempest.lib.common.fixed_network [-] (ImagesNegativeTestJSON:test_create_image_from_deleted_server) Found network {'id': '57ef85fe-243d-4e41-bf87-40c8e8d5bede', 'name': 'tempest-ImagesNegativeTestJSON-588946258-network', 'tenant_id': 'bf6b50ad555d469e8128ae18eefad3da', 'admin_state_up': True, 'mtu': 8950, 'status': 'ACTIVE', 'subnets': [], 'shared': False, 'project_id': 'bf6b50ad555d469e8128ae18eefad3da', 'port_security_enabled': True, 'router:external': False, 'provider:network_type': 'vlan', 'provider:physical_network': 'default', 'provider:segmentation_id': 603, 'availability_zone_hints': [], 'availability_zones': [], 'ipv4_address_scope': None, 'ipv6_address_scope': None, 'description': '', 'tags': [], 'created_at': '2025-02-18T08:42:59Z', 'updated_at': '2025-02-18T08:42:59Z', 'revision_number': 1} available for tenant
2025-02-18 08:43:03.989 63766 INFO tempest.lib.common.rest_client [req-330c2705-c001-4b9a-ab4d-c4060992ac49 req-330c2705-c001-4b9a-ab4d-c4060992ac49 ] Request (SecurityGroupRulesNegativeTestJSON:tearDownClass): 204 DELETE http://10.180.1.21:9696/networking/v2.0/security-groups/1be514fd-20f3-479c-974e-da6d789ac47c 0.118s
2025-02-18 08:43:03.991 63754 INFO tempest.lib.common.rest_client [req-c14bca08-11a7-476a-986a-b66419af5e57 req-c14bca08-11a7-476a-986a-b66419af5e57 ] Request (ServerDiagnosticsTest:tearDownClass): 204 DELETE http://10.180.1.21:9696/networking/v2.0/security-groups/b4959203-00a9-477d-95ff-178243039f66 0.198s
2025-02-18 08:43:04.023 63788 INFO tempest.lib.common.rest_client [req-47ef9975-a299-413f-a48c-2c130699ada3 req-47ef9975-a299-413f-a48c-2c130699ada3 ] Request (AttachInterfacesV270Test:tearDownClass): 200 GET http://10.180.1.21/compute/v2.1/servers/75c01ee1-1172-46df-80ad-390f2fab38ce 1.540s
2025-02-18 08:43:04.032 63738 INFO tempest.lib.common.rest_client [req-4b1ccc0b-d79c-4664-a8ff-c7532ba4eb56 req-4b1ccc0b-d79c-4664-a8ff-c7532ba4eb56 ] Request (ServerDiagnosticsNegativeTest:test_get_server_diagnostics_by_non_admin): 200 GET http://10.180.1.21/compute/v2.1/servers/ea12ead5-69e6-49ad-ba13-d44c6b5def65 1.431s
2025-02-18 08:43:04.117 63754 INFO tempest.lib.common.rest_client [req-562490fe-0fea-4468-b791-b82fc1bf4f94 req-562490fe-0fea-4468-b791-b82fc1bf4f94 ] Request (ServerDiagnosticsTest:tearDownClass): 204 DELETE http://10.180.1.21/identity/v3/projects/cfe547073a8d481dbcfab44337b0fda0 0.125s
2025-02-18 08:43:04.117 63754 INFO tempest.lib.common.dynamic_creds [-] Deleting project and security group for project: 0c64cc853059454bae18f83376cdbd82
2025-02-18 08:43:04.118 63766 INFO tempest.lib.common.rest_client [req-9bac63fb-2858-412f-b1d9-69329bcf2d06 req-9bac63fb-2858-412f-b1d9-69329bcf2d06 ] Request (SecurityGroupRulesNegativeTestJSON:tearDownClass): 204 DELETE http://10.180.1.21/identity/v3/projects/ff46ea8646624ca2976267ea706dc182 0.128s
2025-02-18 08:43:04.184 63766 INFO tempest.lib.common.rest_client [req-d22739ee-181d-4356-8fc3-9e6f5aea283b req-d22739ee-181d-4356-8fc3-9e6f5aea283b ] Request (AttachInterfacesTestJSON:setUpClass): 201 POST http://10.180.1.21/identity/v3/auth/tokens 0.063s
2025-02-18 08:43:04.213 63766 INFO tempest.lib.common.rest_client [req-7022b8cf-f5c0-4789-be2c-4bb0df1958b6 req-7022b8cf-f5c0-4789-be2c-4bb0df1958b6 ] Request (AttachInterfacesTestJSON:setUpClass): 201 POST http://10.180.1.21/identity/v3/auth/tokens 0.026s
2025-02-18 08:43:04.237 63776 INFO tempest.lib.common.rest_client [req-4243836d-4cc6-45ae-bec8-a5982aed6628 req-4243836d-4cc6-45ae-bec8-a5982aed6628 ] Request (QuotasAdminTestJSON:test_delete_quota): 200 GET http://10.180.1.21/compute/v2.1/os-quota-sets/ec2205e91e704e3aaff143e36ea440f2 1.619s
2025-02-18 08:43:04.240 63766 INFO tempest.lib.common.rest_client [req-fd3fa816-b06a-4045-970f-cdaefb267fca req-fd3fa816-b06a-4045-970f-cdaefb267fca ] Request (AttachInterfacesTestJSON:setUpClass): 200 GET http://10.180.1.21/identity/v3/domains?name=Default 0.026s
2025-02-18 08:43:04.270 63770 INFO tempest.lib.common.rest_client [req-1ea83c65-78bc-4531-a7b9-b17b4842ea4a req-1ea83c65-78bc-4531-a7b9-b17b4842ea4a ] Request (KeyPairsV22TestJSON:test_keypair_create_delete): 201 POST http://10.180.1.21/compute/v2.1/os-keypairs 1.549s
2025-02-18 08:43:04.273 63754 INFO tempest.lib.common.rest_client [req-6aeb9acc-d75c-4e00-aead-3145cf549abe req-6aeb9acc-d75c-4e00-aead-3145cf549abe ] Request (ServerDiagnosticsTest:tearDownClass): 200 GET http://10.180.1.21:9696/networking/v2.0/security-groups?tenant_id=0c64cc853059454bae18f83376cdbd82&name=default 0.156s
2025-02-18 08:43:04.304 63766 INFO tempest.lib.common.rest_client [req-7d000c6b-f964-4345-a1cb-8f5fd5a5598d req-7d000c6b-f964-4345-a1cb-8f5fd5a5598d ] Request (AttachInterfacesTestJSON:setUpClass): 201 POST http://10.180.1.21/identity/v3/projects 0.062s
2025-02-18 08:43:04.311 63798 INFO tempest.lib.common.rest_client [req-e2aab747-0031-45f4-9ec7-c964db3b8494 req-e2aab747-0031-45f4-9ec7-c964db3b8494 ] Request (ListImageFiltersTestJSON:setUpClass): 202 POST http://10.180.1.21/compute/v2.1/servers 1.668s
2025-02-18 08:43:04.316 63776 INFO tempest.lib.common.rest_client [req-4d0abd85-2b24-4867-b986-5a885bfa475c req-4d0abd85-2b24-4867-b986-5a885bfa475c ] Request (QuotasAdminTestJSON:_run_cleanups): 204 DELETE http://10.180.1.21/identity/v3/projects/ec2205e91e704e3aaff143e36ea440f2 0.077s
2025-02-18 08:43:04.357 63784 INFO tempest.lib.common.rest_client [req-ef9a0673-0df0-4de2-8c4f-23c3e9703ab8 req-ef9a0673-0df0-4de2-8c4f-23c3e9703ab8 ] Request (DeleteServersTestJSON:test_delete_active_server): 200 GET http://10.180.1.21/compute/v2.1/servers/bc5f3770-73db-4b5a-98cd-03412048c8ca 1.633s
2025-02-18 08:43:04.363 63796 INFO tempest.lib.common.rest_client [req-3aab8170-f528-4a60-8976-8c1e20ea99f4 req-3aab8170-f528-4a60-8976-8c1e20ea99f4 ] Request (HypervisorAdminNegativeTestJSON:test_get_hypervisor_list_with_non_admin_user): 403 GET http://10.180.1.21/compute/v2.1/os-hypervisors 1.398s
2025-02-18 08:43:04.397 63766 INFO tempest.lib.common.rest_client [req-02880ae2-99c3-467c-b47a-5de6d28d7d86 req-02880ae2-99c3-467c-b47a-5de6d28d7d86 ] Request (AttachInterfacesTestJSON:setUpClass): 201 POST http://10.180.1.21/identity/v3/users 0.093s
2025-02-18 08:43:04.423 63740 INFO tempest.lib.common.rest_client [req-ee2ca90f-6e2a-4c2b-bbba-fb37a57b8d0a req-ee2ca90f-6e2a-4c2b-bbba-fb37a57b8d0a ] Request (ServerAddressesTestJSON:tearDownClass): 204 DELETE http://10.180.1.21/compute/v2.1/servers/b9e17b0f-6298-48f2-849b-9971fa0cecdf 1.658s
2025-02-18 08:43:04.428 63754 INFO tempest.lib.common.rest_client [req-02814b4e-b636-47d1-a99b-d46ae55e989f req-02814b4e-b636-47d1-a99b-d46ae55e989f ] Request (ServerDiagnosticsTest:tearDownClass): 204 DELETE http://10.180.1.21:9696/networking/v2.0/security-groups/b730619b-782a-4f2e-b0cb-272104ae3cbd 0.154s
2025-02-18 08:43:04.452 63782 INFO tempest.lib.common.rest_client [req-249f6cb8-4b74-406d-94c5-e9eba28f9d41 req-249f6cb8-4b74-406d-94c5-e9eba28f9d41 ] Request (ServerDiagnosticsV248Test:tearDownClass): 200 GET http://10.180.1.21/compute/v2.1/servers/2d0161c6-c351-4113-a846-e769fdef4c4c 1.420s
2025-02-18 08:43:04.465 63768 INFO tempest.lib.common.rest_client [req-c5a6e5af-98e8-446c-b679-f735e5beb90f req-c5a6e5af-98e8-446c-b679-f735e5beb90f ] Request (AggregatesAdminNegativeTestJSON:test_aggregate_remove_nonexistent_host): 200 POST http://10.180.1.21/compute/v2.1/os-aggregates 1.385s
2025-02-18 08:43:04.477 63766 INFO tempest.lib.common.rest_client [req-3dd30a77-7135-4fe4-9330-b4227a0a91b6 req-3dd30a77-7135-4fe4-9330-b4227a0a91b6 ] Request (AttachInterfacesTestJSON:setUpClass): 200 GET http://10.180.1.21/identity/v3/roles 0.079s
2025-02-18 08:43:04.482 63795 INFO tempest.lib.common.rest_client [req-29558212-2bb3-4f12-a7fd-334640fa2dfb req-29558212-2bb3-4f12-a7fd-334640fa2dfb ] Request (FlavorsAdminTestJSON:test_is_public_string_variations): 200 GET http://10.180.1.21/compute/v2.1/flavors/detail?is_public=yes 1.298s
2025-02-18 08:43:04.520 63756 INFO tempest.lib.common.rest_client [req-a5f6e391-e14b-4bbf-9b2f-4f0864fa8925 req-a5f6e391-e14b-4bbf-9b2f-4f0864fa8925 ] Request (ImagesOneServerTestJSON:test_create_delete_image): 200 GET http://10.180.1.21/compute/v2.1/images/bc5f91db-9f61-4df6-9568-c2f5dc8d4195 1.265s
2025-02-18 08:43:04.521 63766 INFO tempest.lib.common.rest_client [req-fd7acbd5-599a-4842-bcee-b32b8fe81c6b req-fd7acbd5-599a-4842-bcee-b32b8fe81c6b ] Request (AttachInterfacesTestJSON:setUpClass): 204 PUT http://10.180.1.21/identity/v3/projects/963563c0e735407d81bf3d9f3584d6bf/users/de5d2fab09e44fbbbb745ff3837d8722/roles/17ec6d7ce33744c1b84a70539c748c18 0.043s
2025-02-18 08:43:04.521 63766 INFO tempest.lib.common.dynamic_creds [-] Dynamic test user de5d2fab09e44fbbbb745ff3837d8722 is created with scope project and roles: ['member']
2025-02-18 08:43:04.521 63766 INFO tempest.lib.common.dynamic_creds [-] Acquired dynamic creds: credentials: Credentials: {'domain_id': 'default', 'domain_name': 'Default', 'username': 'tempest-AttachInterfacesTestJSON-2061096497-project-member', 'project_domain_id': 'default', 'project_domain_name': 'Default', 'project_id': '963563c0e735407d81bf3d9f3584d6bf', 'project_name': 'tempest-AttachInterfacesTestJSON-2061096497', 'tenant_id': '963563c0e735407d81bf3d9f3584d6bf', 'tenant_name': 'tempest-AttachInterfacesTestJSON-2061096497', 'user_domain_id': 'default', 'user_domain_name': 'Default', 'user_id': 'de5d2fab09e44fbbbb745ff3837d8722', 'system': None}, Network: None, Subnet: None, Router: None
2025-02-18 08:43:04.544 63754 INFO tempest.lib.common.rest_client [req-b119137f-2dd3-42e4-8099-8c5fc51921b3 req-b119137f-2dd3-42e4-8099-8c5fc51921b3 ] Request (ServerDiagnosticsTest:tearDownClass): 204 DELETE http://10.180.1.21/identity/v3/projects/0c64cc853059454bae18f83376cdbd82 0.115s
2025-02-18 08:43:04.598 63750 INFO tempest.lib.common.rest_client [req-2b5f7792-6964-41db-88f7-f2d70721f828 req-2b5f7792-6964-41db-88f7-f2d70721f828 ] Request (ServerShowV247Test:test_update_rebuild_list_server): 200 PUT http://10.180.1.21/compute/v2.1/servers/dfc89ae2-cd21-478b-94c4-94c6f06e18d0 1.094s
2025-02-18 08:43:04.601 63766 INFO tempest.lib.common.rest_client [req-069f64d6-03ae-49f4-b371-76fa4fd436ea req-069f64d6-03ae-49f4-b371-76fa4fd436ea ] Request (AttachInterfacesTestJSON:setUpClass): 201 POST http://10.180.1.21/identity/v3/auth/tokens 0.080s
2025-02-18 08:43:04.618 63754 INFO tempest.lib.common.rest_client [req-801fbcf1-9340-4603-9ce2-448b4c946ced req-801fbcf1-9340-4603-9ce2-448b4c946ced ] Request (ImagesDeleteNegativeTestJSON:setUpClass): 201 POST http://10.180.1.21/identity/v3/auth/tokens 0.072s
2025-02-18 08:43:04.675 63744 INFO tempest.lib.common.rest_client [req-77bc0f6a-f559-4c6c-a2e2-a7b2edcb415c req-77bc0f6a-f559-4c6c-a2e2-a7b2edcb415c ] Request (ServerRescueTestJSON:setUpClass): 200 GET http://10.180.1.21/compute/v2.1/servers/c2f63cc4-b8b0-4be3-ad2c-d68e1be02d4a 1.306s
2025-02-18 08:43:04.736 63748 INFO tempest.lib.common.rest_client [req-37a43eae-81a0-403c-b5ac-f26593a509e7 req-37a43eae-81a0-403c-b5ac-f26593a509e7 ] Request (FloatingIPsAssociationNegativeTestJSON:setUpClass): 200 GET http://10.180.1.21/compute/v2.1/servers/7d9f4739-340e-45d3-9a48-97524a1382f6 1.099s
2025-02-18 08:43:04.823 63754 INFO tempest.lib.common.rest_client [req-f9afc86a-684c-4911-a422-205688b79858 req-f9afc86a-684c-4911-a422-205688b79858 ] Request (ImagesDeleteNegativeTestJSON:setUpClass): 201 POST http://10.180.1.21/identity/v3/auth/tokens 0.202s
2025-02-18 08:43:04.835 63758 INFO tempest.lib.common.rest_client [req-78efcb97-6ded-41f3-aaf9-5fc0f3801dd0 req-78efcb97-6ded-41f3-aaf9-5fc0f3801dd0 ] Request (ServersTestFqdnHostnames:test_create_server_with_fqdn_name): 200 GET http://10.180.1.21/compute/v2.1/servers/6020a76d-95b3-4dec-85fc-c05cfb3d2323 1.175s
2025-02-18 08:43:04.864 63754 INFO tempest.lib.common.rest_client [req-aacefb97-7f23-45c3-8726-899da0a3eb9a req-aacefb97-7f23-45c3-8726-899da0a3eb9a ] Request (ImagesDeleteNegativeTestJSON:setUpClass): 200 GET http://10.180.1.21/identity/v3/domains?name=Default 0.040s
2025-02-18 08:43:04.909 63746 INFO tempest.lib.common.rest_client [req-6dd2f574-c143-444f-ae58-6dd11b540e67 req-6dd2f574-c143-444f-ae58-6dd11b540e67 ] Request (ImagesMetadataTestJSON:setUp): 200 PUT http://10.180.1.21/compute/v2.1/images/eea51aa6-ef9e-4a4a-9ee2-f9da9bba7ec8/metadata 1.272s
2025-02-18 08:43:04.918 63754 INFO tempest.lib.common.rest_client [req-8bc7ad4d-bd29-42bb-ad67-2af4946a5872 req-8bc7ad4d-bd29-42bb-ad67-2af4946a5872 ] Request (ImagesDeleteNegativeTestJSON:setUpClass): 201 POST http://10.180.1.21/identity/v3/projects 0.053s
2025-02-18 08:43:04.941 63790 INFO tempest.lib.common.rest_client [req-83c79bd6-9d10-4b3c-8ba8-37b5f7ddbe7a req-83c79bd6-9d10-4b3c-8ba8-37b5f7ddbe7a ] Request (ServersAdminTestJSON:test_create_server_with_scheduling_hint): 200 GET http://10.180.1.21/compute/v2.1/servers/0f345c27-a7f2-42f4-b60c-751276d3860b 1.228s
2025-02-18 08:43:04.996 63792 INFO tempest.lib.common.rest_client [req-fc1ff9aa-cea0-4496-9019-85bd2aa630d7 req-fc1ff9aa-cea0-4496-9019-85bd2aa630d7 ] Request (ServersWithSpecificFlavorTestJSON:test_verify_created_server_ephemeral_disk): 200 GET http://10.180.1.21/compute/v2.1/servers/927418d6-d1f7-4dd9-802a-d71b8f799923 1.245s
2025-02-18 08:43:05.016 63792 INFO tempest.common.waiters [-] State transition "BUILD/None" ==> "BUILD/networking" after 20 second wait
2025-02-18 08:43:05.043 63754 INFO tempest.lib.common.rest_client [req-98f9595c-c6ca-44c1-b469-06eafecc7fd5 req-98f9595c-c6ca-44c1-b469-06eafecc7fd5 ] Request (ImagesDeleteNegativeTestJSON:setUpClass): 201 POST http://10.180.1.21/identity/v3/users 0.124s
2025-02-18 08:43:05.077 63778 INFO tempest.lib.common.rest_client [req-7a731da7-cbba-4328-8006-23ba551e0de1 req-7a731da7-cbba-4328-8006-23ba551e0de1 ] Request (ServerShowV257Test:test_rebuild_server): 200 GET http://10.180.1.21/compute/v2.1/servers/7e0b708c-30d4-4e6e-8127-9fe68dc2f193 1.244s
2025-02-18 08:43:05.077 63754 INFO tempest.lib.common.rest_client [req-b06f4767-030a-4197-84c9-1d086dc1ce50 req-b06f4767-030a-4197-84c9-1d086dc1ce50 ] Request (ImagesDeleteNegativeTestJSON:setUpClass): 200 GET http://10.180.1.21/identity/v3/roles 0.033s
2025-02-18 08:43:05.119 63754 INFO tempest.lib.common.rest_client [req-d5d7b2f8-995c-45dd-bf3e-f6bd2aed6e45 req-d5d7b2f8-995c-45dd-bf3e-f6bd2aed6e45 ] Request (ImagesDeleteNegativeTestJSON:setUpClass): 204 PUT http://10.180.1.21/identity/v3/projects/ef03929fb5114562945e03ac75a1da48/users/9bb6d3ce79bb4ee4be0f46dae433c593/roles/17ec6d7ce33744c1b84a70539c748c18 0.041s
2025-02-18 08:43:05.119 63754 INFO tempest.lib.common.dynamic_creds [-] Dynamic test user 9bb6d3ce79bb4ee4be0f46dae433c593 is created with scope project and roles: ['member']
2025-02-18 08:43:05.120 63754 INFO tempest.lib.common.dynamic_creds [-] Acquired dynamic creds: credentials: Credentials: {'domain_id': 'default', 'domain_name': 'Default', 'username': 'tempest-ImagesDeleteNegativeTestJSON-607326552-project-member', 'project_domain_id': 'default', 'project_domain_name': 'Default', 'project_id': 'ef03929fb5114562945e03ac75a1da48', 'project_name': 'tempest-ImagesDeleteNegativeTestJSON-607326552', 'tenant_id': 'ef03929fb5114562945e03ac75a1da48', 'tenant_name': 'tempest-ImagesDeleteNegativeTestJSON-607326552', 'user_domain_id': 'default', 'user_domain_name': 'Default', 'user_id': '9bb6d3ce79bb4ee4be0f46dae433c593', 'system': None}, Network: None, Subnet: None, Router: None
2025-02-18 08:43:05.120 63754 INFO tempest.lib.common.dynamic_creds [-] Created isolated network resources for: credentials: Credentials: {'domain_id': 'default', 'domain_name': 'Default', 'username': 'tempest-ImagesDeleteNegativeTestJSON-607326552-project-member', 'project_domain_id': 'default', 'project_domain_name': 'Default', 'project_id': 'ef03929fb5114562945e03ac75a1da48', 'project_name': 'tempest-ImagesDeleteNegativeTestJSON-607326552', 'tenant_id': 'ef03929fb5114562945e03ac75a1da48', 'tenant_name': 'tempest-ImagesDeleteNegativeTestJSON-607326552', 'user_domain_id': 'default', 'user_domain_name': 'Default', 'user_id': '9bb6d3ce79bb4ee4be0f46dae433c593', 'system': None}, Network: None, Subnet: None, Router: None
2025-02-18 08:43:05.219 63754 INFO tempest.lib.common.rest_client [req-63b026ea-6490-465a-9ab8-1e861136834b req-63b026ea-6490-465a-9ab8-1e861136834b ] Request (ImagesDeleteNegativeTestJSON:setUpClass): 201 POST http://10.180.1.21/identity/v3/auth/tokens 0.096s
2025-02-18 08:43:05.263 63766 INFO tempest.lib.common.rest_client [req-fdb73442-cdcc-4b3d-89af-5ec1b09d30c4 req-fdb73442-cdcc-4b3d-89af-5ec1b09d30c4 ] Request (AttachInterfacesTestJSON:setUpClass): 201 POST http://10.180.1.21:9696/networking/v2.0/networks 0.660s
2025-02-18 08:43:05.293 63773 INFO tempest.lib.common.rest_client [req-f36404e7-7aff-40c2-8ae6-b9f5aadc8e2e req-f36404e7-7aff-40c2-8ae6-b9f5aadc8e2e ] Request (ServersAdmin275Test:test_rebuild_update_server_275): 200 GET http://10.180.1.21/compute/v2.1/servers/154f2013-37a3-4e14-b377-e992a080d8f8 1.398s
2025-02-18 08:43:05.410 63764 INFO tempest.lib.common.rest_client [req-d3bb3a72-3b3a-4a65-b19f-e4655a26914d req-d3bb3a72-3b3a-4a65-b19f-e4655a26914d ] Request (MigrationsAdminTest:test_list_migrations_in_flavor_resize_situation): 200 GET http://10.180.1.21/compute/v2.1/servers/b9f32509-47d3-485d-93a4-22e12490de17 1.390s
2025-02-18 08:43:05.490 63774 INFO tempest.lib.common.rest_client [req-d8a5200b-570d-4683-ad40-a6a34fa26e53 req-d8a5200b-570d-4683-ad40-a6a34fa26e53 ] Request (ServerExternalEventsTest:tearDownClass): 200 GET http://10.180.1.21/compute/v2.1/servers/7380379b-dd8c-407c-9aaa-ae21c76f88d5 1.428s
2025-02-18 08:43:05.550 63762 INFO tempest.lib.common.rest_client [req-c59f30df-1d51-4185-9a32-6f86f119b6ec req-c59f30df-1d51-4185-9a32-6f86f119b6ec ] Request (SecurityGroupsTestJSON:test_list_security_groups_by_server): 200 GET http://10.180.1.21/compute/v2.1/servers/1584e140-07b6-4876-8d25-b814f731d86d 1.394s
2025-02-18 08:43:05.574 63770 INFO tempest.lib.common.rest_client [req-31c34d49-08bf-4d1d-b5ee-9ed966938560 req-31c34d49-08bf-4d1d-b5ee-9ed966938560 ] Request (KeyPairsV22TestJSON:_run_cleanups): 204 DELETE http://10.180.1.21/compute/v2.1/os-keypairs/tempest-keypair-1956118328 1.302s
2025-02-18 08:43:05.641 63798 INFO tempest.lib.common.rest_client [req-d88eb27f-bffc-4bf3-841f-5d68291e688b req-d88eb27f-bffc-4bf3-841f-5d68291e688b ] Request (ListImageFiltersTestJSON:setUpClass): 200 GET http://10.180.1.21/compute/v2.1/servers/d936eef5-f930-4b22-8162-f158afa01912 1.328s
2025-02-18 08:43:05.764 63776 INFO tempest.lib.common.rest_client [req-e19cff99-a972-4f7a-997c-48fcd1305b44 req-e19cff99-a972-4f7a-997c-48fcd1305b44 ] Request (QuotasAdminTestJSON:test_get_default_quotas): 200 GET http://10.180.1.21/compute/v2.1/os-quota-sets/c3d8924ce7dc49bb9889541dc917bf1a/defaults 1.446s
2025-02-18 08:43:05.772 63766 INFO tempest.lib.common.rest_client [req-e66c9560-a3c7-41f7-a59f-d27fa36efc34 req-e66c9560-a3c7-41f7-a59f-d27fa36efc34 ] Request (AttachInterfacesTestJSON:setUpClass): 201 POST http://10.180.1.21:9696/networking/v2.0/subnets 0.509s
2025-02-18 08:43:05.782 63796 INFO tempest.lib.common.rest_client [req-eade6861-072f-4d2e-b7ae-01574b052512 req-eade6861-072f-4d2e-b7ae-01574b052512 ] Request (HypervisorAdminNegativeTestJSON:test_get_hypervisor_stats_with_non_admin_user): 403 GET http://10.180.1.21/compute/v2.1/os-hypervisors/statistics 1.417s
2025-02-18 08:43:05.807 63776 INFO tempest.lib.common.rest_client [req-c60986ca-be7e-4767-91ad-56d2dfd10bd2 req-c60986ca-be7e-4767-91ad-56d2dfd10bd2 ] Request (QuotasAdminTestJSON:test_get_updated_quotas): 200 GET http://10.180.1.21/identity/v3/domains?name=Default 0.035s
2025-02-18 08:43:05.846 63776 INFO tempest.lib.common.rest_client [req-ca5caf69-0128-4bd5-9ee3-2bee48455505 req-ca5caf69-0128-4bd5-9ee3-2bee48455505 ] Request (QuotasAdminTestJSON:test_get_updated_quotas): 201 POST http://10.180.1.21/identity/v3/projects 0.038s
2025-02-18 08:43:05.884 63742 INFO tempest.lib.common.rest_client [req-7821971f-9981-4bb9-a9e5-a042c97db7c2 req-7821971f-9981-4bb9-a9e5-a042c97db7c2 ] Request (ImagesNegativeTestJSON:test_create_image_from_deleted_server): 202 POST http://10.180.1.21/compute/v2.1/servers 1.902s
2025-02-18 08:43:05.918 63768 INFO tempest.lib.common.rest_client [req-5f4ef789-c33d-4cd6-b970-de3d2bd2e42f req-5f4ef789-c33d-4cd6-b970-de3d2bd2e42f ] Request (AggregatesAdminNegativeTestJSON:test_aggregate_remove_nonexistent_host): 404 POST http://10.180.1.21/compute/v2.1/os-aggregates/8/action 1.450s
2025-02-18 08:43:05.923 63776 INFO tempest.lib.common.rest_client [req-f905a0fe-f6e8-40ce-af1c-e8fc497a46e1 req-f905a0fe-f6e8-40ce-af1c-e8fc497a46e1 ] Request (QuotasAdminTestJSON:test_get_updated_quotas): 200 GET http://10.180.1.21/identity/v3/domains?name=Default 0.076s
2025-02-18 08:43:05.948 63795 INFO tempest.lib.common.rest_client [req-7cfc1ad6-4367-42e6-9d40-6014fff84c89 req-7cfc1ad6-4367-42e6-9d40-6014fff84c89 ] Request (FlavorsAdminTestJSON:test_is_public_string_variations): 200 GET http://10.180.1.21/compute/v2.1/flavors/detail?is_public=1 1.461s
2025-02-18 08:43:06.012 63740 INFO tempest.lib.common.rest_client [req-73c7d294-dbf3-44ca-8398-c5096f59cd0d req-73c7d294-dbf3-44ca-8398-c5096f59cd0d ] Request (ServerAddressesTestJSON:tearDownClass): 200 GET http://10.180.1.21/compute/v2.1/servers/b9e17b0f-6298-48f2-849b-9971fa0cecdf 1.589s
2025-02-18 08:43:06.092 63750 INFO tempest.lib.common.rest_client [req-9c54bfe1-9748-42bf-8881-da6a1588e34c req-9c54bfe1-9748-42bf-8881-da6a1588e34c ] Request (ServerShowV247Test:test_update_rebuild_list_server): 200 GET http://10.180.1.21/compute/v2.1/servers/dfc89ae2-cd21-478b-94c4-94c6f06e18d0 1.484s
2025-02-18 08:43:06.145 63756 INFO tempest.lib.common.rest_client [req-a53b08b7-9ed2-4aa0-9e23-655aad6b9417 req-a53b08b7-9ed2-4aa0-9e23-655aad6b9417 ] Request (ImagesOneServerTestJSON:test_create_delete_image): 200 GET http://10.180.1.21/compute/v2.1/servers/3541fb55-82d4-4803-b941-4a3b835e4b9c 1.618s
2025-02-18 08:43:06.157 63786 INFO tempest.lib.common.rest_client [req-8a9591ed-798b-462d-a341-a6a1fd654b16 req-8a9591ed-798b-462d-a341-a6a1fd654b16 ] Request (ServersTestJSON:setUpClass): 200 GET http://10.180.1.21/compute/v2.1/servers/4489c2df-9894-49f3-ba4b-4a02b247bd23 1.546s
2025-02-18 08:43:06.289 63752 INFO tempest.lib.common.rest_client [req-b66f5698-bfcd-4301-ac68-3c6c1523476c req-b66f5698-bfcd-4301-ac68-3c6c1523476c ] Request (ServersTestBootFromVolume:setUpClass): 200 GET http://10.180.1.21/compute/v2.1/servers/7f391b47-6f6b-44df-9d84-4001a5f04ad3 1.432s
2025-02-18 08:43:06.336 63746 INFO tempest.lib.common.rest_client [req-ab251ce7-3567-403a-8d30-6f9f4e00fbde req-ab251ce7-3567-403a-8d30-6f9f4e00fbde ] Request (ImagesMetadataTestJSON:test_delete_image_metadata_item): 204 DELETE http://10.180.1.21/compute/v2.1/images/eea51aa6-ef9e-4a4a-9ee2-f9da9bba7ec8/metadata/os_version 1.425s
2025-02-18 08:43:06.354 63780 INFO tempest.lib.common.rest_client [req-ef671ab5-4a9d-4570-8b16-86e19b10149f req-ef671ab5-4a9d-4570-8b16-86e19b10149f ] Request (ServerActionsTestJSON:setUpClass): 200 GET http://10.180.1.21/compute/v2.1/servers/d7e1b035-942f-45f6-a94e-3a67e0cefec5 1.409s
2025-02-18 08:43:06.432 63788 INFO tempest.lib.common.rest_client [req-84f46940-0b13-4773-8f6f-bb0f94eec69c req-84f46940-0b13-4773-8f6f-bb0f94eec69c ] Request (AttachInterfacesV270Test:tearDownClass): 200 GET http://10.180.1.21/compute/v2.1/servers/75c01ee1-1172-46df-80ad-390f2fab38ce 1.391s
2025-02-18 08:43:06.476 63760 INFO tempest.lib.common.rest_client [req-e54f088e-fab0-4e0e-8580-0fc8f081ec7f req-e54f088e-fab0-4e0e-8580-0fc8f081ec7f ] Request (ServerRescueTestJSONUnderV235:setUpClass): 200 GET http://10.180.1.21/compute/v2.1/servers/57df8151-b7ef-4faa-8451-4ca33d7daf39 1.513s
2025-02-18 08:43:06.489 63738 INFO tempest.lib.common.rest_client [req-2e5052be-c547-4727-8b27-ffaef105ec73 req-2e5052be-c547-4727-8b27-ffaef105ec73 ] Request (ServerDiagnosticsNegativeTest:test_get_server_diagnostics_by_non_admin): 200 GET http://10.180.1.21/compute/v2.1/servers/ea12ead5-69e6-49ad-ba13-d44c6b5def65 1.445s
2025-02-18 08:43:06.553 63784 INFO tempest.lib.common.rest_client [req-0ad186a1-2cf4-44e0-ae79-b5b495a76f46 req-0ad186a1-2cf4-44e0-ae79-b5b495a76f46 ] Request (DeleteServersTestJSON:test_delete_active_server): 200 GET http://10.180.1.21/compute/v2.1/servers/bc5f3770-73db-4b5a-98cd-03412048c8ca 1.183s
2025-02-18 08:43:06.581 63754 INFO tempest.lib.common.rest_client [req-20173cd7-1910-4087-9b88-62860a1e19d8 req-20173cd7-1910-4087-9b88-62860a1e19d8 ] Request (ImagesDeleteNegativeTestJSON:test_delete_image_blank_id): 404 DELETE http://10.180.1.21/compute/v2.1/images/ 1.359s
2025-02-18 08:43:06.614 63770 INFO tempest.lib.common.rest_client [req-f2d4813f-c763-4785-8947-2f1621107d5b req-f2d4813f-c763-4785-8947-2f1621107d5b ] Request (KeyPairsV22TestJSON:test_keypair_create_with_pub_key): 201 POST http://10.180.1.21/compute/v2.1/os-keypairs 1.037s
2025-02-18 08:43:06.617 63782 INFO tempest.lib.common.rest_client [req-68e3f090-3189-4c29-ad10-f7fbffe165c3 req-68e3f090-3189-4c29-ad10-f7fbffe165c3 ] Request (ServerDiagnosticsV248Test:tearDownClass): 200 GET http://10.180.1.21/compute/v2.1/servers/2d0161c6-c351-4113-a846-e769fdef4c4c 1.150s
2025-02-18 08:43:06.667 63748 INFO tempest.lib.common.rest_client [req-3c108790-ed52-47f9-898a-f6ed49712500 req-3c108790-ed52-47f9-898a-f6ed49712500 ] Request (FloatingIPsAssociationNegativeTestJSON:setUpClass): 200 GET http://10.180.1.21/compute/v2.1/servers/7d9f4739-340e-45d3-9a48-97524a1382f6 0.918s
2025-02-18 08:43:06.720 63766 INFO tempest.lib.common.rest_client [req-35269285-7b81-47ab-8fa3-89360630d618 req-35269285-7b81-47ab-8fa3-89360630d618 ] Request (AttachInterfacesTestJSON:setUpClass): 201 POST http://10.180.1.21:9696/networking/v2.0/routers 0.947s
2025-02-18 08:43:06.736 63744 INFO tempest.lib.common.rest_client [req-557b1ed8-cf09-4b8d-97e4-74ac454bca2c req-557b1ed8-cf09-4b8d-97e4-74ac454bca2c ] Request (ServerRescueTestJSON:setUpClass): 200 GET http://10.180.1.21/compute/v2.1/servers/c2f63cc4-b8b0-4be3-ad2c-d68e1be02d4a 1.049s
2025-02-18 08:43:06.753 63796 INFO tempest.lib.common.rest_client [req-9289d61c-6672-40a4-b0d6-f7df4ff843ff req-9289d61c-6672-40a4-b0d6-f7df4ff843ff ] Request (HypervisorAdminNegativeTestJSON:test_get_hypervisor_uptime_with_non_admin_user): 200 GET http://10.180.1.21/compute/v2.1/os-hypervisors 0.970s
2025-02-18 08:43:06.795 63758 INFO tempest.lib.common.rest_client [req-a151b19d-0704-4f21-b90e-a974b841ecad req-a151b19d-0704-4f21-b90e-a974b841ecad ] Request (ServersTestFqdnHostnames:test_create_server_with_fqdn_name): 200 GET http://10.180.1.21/compute/v2.1/servers/6020a76d-95b3-4dec-85fc-c05cfb3d2323 0.945s
2025-02-18 08:43:06.818 63768 INFO tempest.lib.common.rest_client [req-fa1e26fc-0acf-4d8c-9af9-404ece4ddfa6 req-fa1e26fc-0acf-4d8c-9af9-404ece4ddfa6 ] Request (AggregatesAdminNegativeTestJSON:_run_cleanups): 200 DELETE http://10.180.1.21/compute/v2.1/os-aggregates/8 0.899s
2025-02-18 08:43:06.823 63742 INFO tempest.lib.common.rest_client [req-67e12167-156d-41b9-bd31-df98de7669fc req-67e12167-156d-41b9-bd31-df98de7669fc ] Request (ImagesNegativeTestJSON:test_create_image_from_deleted_server): 200 GET http://10.180.1.21/compute/v2.1/servers/5a8956d2-32f3-413c-89a7-0436019bc3fa 0.936s
2025-02-18 08:43:06.842 63795 INFO tempest.lib.common.rest_client [req-5bbc177e-748c-4b48-ad2c-5c2b9bcd59ca req-5bbc177e-748c-4b48-ad2c-5c2b9bcd59ca ] Request (FlavorsAdminTestJSON:_run_cleanups): 202 DELETE http://10.180.1.21/compute/v2.1/flavors/1972426793 0.889s
2025-02-18 08:43:06.900 63776 INFO tempest.lib.common.rest_client [req-c0993675-b6a3-49da-a474-924cfc1585c9 req-c0993675-b6a3-49da-a474-924cfc1585c9 ] Request (QuotasAdminTestJSON:test_get_updated_quotas): 200 PUT http://10.180.1.21/compute/v2.1/os-quota-sets/7d504ab558bb4f88898f1e177eabcb04 0.976s
2025-02-18 08:43:06.905 63790 INFO tempest.lib.common.rest_client [req-2a9e2d09-c7eb-4d1d-8a8d-23863864b213 req-2a9e2d09-c7eb-4d1d-8a8d-23863864b213 ] Request (ServersAdminTestJSON:test_create_server_with_scheduling_hint): 200 GET http://10.180.1.21/compute/v2.1/servers/0f345c27-a7f2-42f4-b60c-751276d3860b 0.948s
2025-02-18 08:43:06.958 63768 INFO tempest.lib.common.rest_client [req-2b79ab6e-37ba-440a-944a-94ca4b911398 req-2b79ab6e-37ba-440a-944a-94ca4b911398 ] Request (AggregatesAdminNegativeTestJSON:tearDownClass): 204 DELETE http://10.180.1.21/identity/v3/users/b0f76b9eef7942328a0c07f30c1301e1 0.139s
2025-02-18 08:43:06.966 63778 INFO tempest.lib.common.rest_client [req-387f02c4-1a48-44ff-8281-f85107325ff2 req-387f02c4-1a48-44ff-8281-f85107325ff2 ] Request (ServerShowV257Test:test_rebuild_server): 200 GET http://10.180.1.21/compute/v2.1/servers/7e0b708c-30d4-4e6e-8127-9fe68dc2f193 0.874s
2025-02-18 08:43:07.006 63756 INFO tempest.lib.common.rest_client [req-89d6153e-47a7-4173-a907-3fbfecda9fe1 req-89d6153e-47a7-4173-a907-3fbfecda9fe1 ] Request (ImagesOneServerTestJSON:test_create_delete_image): 200 GET http://10.180.1.21/compute/v2.1/images/cc4e344e-8c3c-4785-83c3-1f66694fa99d 0.853s
2025-02-18 08:43:07.048 63792 INFO tempest.lib.common.rest_client [req-71b0ff09-5351-474c-aaba-90c1811b1ff8 req-71b0ff09-5351-474c-aaba-90c1811b1ff8 ] Request (ServersWithSpecificFlavorTestJSON:test_verify_created_server_ephemeral_disk): 200 GET http://10.180.1.21/compute/v2.1/servers/927418d6-d1f7-4dd9-802a-d71b8f799923 1.027s
2025-02-18 08:43:07.055 63792 INFO tempest.common.waiters [-] State transition "BUILD/networking" ==> "BUILD/spawning" after 22 second wait
2025-02-18 08:43:07.070 63773 INFO tempest.lib.common.rest_client [req-dd4d166e-d3ee-4bf8-a664-f553f421ff42 req-dd4d166e-d3ee-4bf8-a664-f553f421ff42 ] Request (ServersAdmin275Test:test_rebuild_update_server_275): 200 GET http://10.180.1.21/compute/v2.1/servers/154f2013-37a3-4e14-b377-e992a080d8f8 0.766s
2025-02-18 08:43:07.079 63768 INFO tempest.lib.common.rest_client [req-8aa6f150-b059-4a8a-9dc6-4f8246dbb844 req-8aa6f150-b059-4a8a-9dc6-4f8246dbb844 ] Request (AggregatesAdminNegativeTestJSON:tearDownClass): 204 DELETE http://10.180.1.21/identity/v3/users/71e03b43e102499ea21db95e003a7f8b 0.120s
2025-02-18 08:43:07.079 63768 INFO tempest.lib.common.dynamic_creds [-] Deleting project and security group for project: fe3732e97b9043be8b10f2bcb942781f
2025-02-18 08:43:07.085 63746 INFO tempest.lib.common.rest_client [req-8b62b27b-d3d9-43ee-a97b-b68e8a70d69a req-8b62b27b-d3d9-43ee-a97b-b68e8a70d69a ] Request (ImagesMetadataTestJSON:test_delete_image_metadata_item): 200 GET http://10.180.1.21/compute/v2.1/images/eea51aa6-ef9e-4a4a-9ee2-f9da9bba7ec8/metadata 0.749s
2025-02-18 08:43:07.137 63768 INFO tempest.lib.common.rest_client [req-f1a9df89-1f16-42f5-991e-a5e491ba5f9f req-f1a9df89-1f16-42f5-991e-a5e491ba5f9f ] Request (AggregatesAdminNegativeTestJSON:tearDownClass): 201 POST http://10.180.1.21/identity/v3/auth/tokens 0.057s
2025-02-18 08:43:07.148 63774 INFO tempest.lib.common.rest_client [req-4b988ce0-50ad-4e52-b4fc-4756519fbb2a req-4b988ce0-50ad-4e52-b4fc-4756519fbb2a ] Request (ServerExternalEventsTest:tearDownClass): 200 GET http://10.180.1.21/compute/v2.1/servers/7380379b-dd8c-407c-9aaa-ae21c76f88d5 0.648s
2025-02-18 08:43:07.216 63762 INFO tempest.lib.common.rest_client [req-1059b6dd-6fad-4960-9d54-d1ee6548bb6e req-1059b6dd-6fad-4960-9d54-d1ee6548bb6e ] Request (SecurityGroupsTestJSON:test_list_security_groups_by_server): 200 GET http://10.180.1.21/compute/v2.1/servers/1584e140-07b6-4876-8d25-b814f731d86d 0.653s
2025-02-18 08:43:07.237 63762 INFO tempest.common.waiters [-] State transition "BUILD/None" ==> "BUILD/networking" after 20 second wait
2025-02-18 08:43:07.239 63754 INFO tempest.lib.common.rest_client [req-95f22a5a-fb9f-4e96-858d-87b1717c481f req-95f22a5a-fb9f-4e96-858d-87b1717c481f ] Request (ImagesDeleteNegativeTestJSON:test_delete_image_negative_image_id): 404 DELETE http://10.180.1.21/compute/v2.1/images/-1 0.656s
2025-02-18 08:43:07.256 63770 INFO tempest.lib.common.rest_client [req-ec20ed3e-ac60-43ad-9dea-b1dfdee67a51 req-ec20ed3e-ac60-43ad-9dea-b1dfdee67a51 ] Request (KeyPairsV22TestJSON:_run_cleanups): 204 DELETE http://10.180.1.21/compute/v2.1/os-keypairs/tempest-keypair-1692449640 0.640s
2025-02-18 08:43:07.305 63764 INFO tempest.lib.common.rest_client [req-fb467f99-58d2-46ab-84a1-ac1361b4b30b req-fb467f99-58d2-46ab-84a1-ac1361b4b30b ] Request (MigrationsAdminTest:test_list_migrations_in_flavor_resize_situation): 200 GET http://10.180.1.21/compute/v2.1/servers/b9f32509-47d3-485d-93a4-22e12490de17 0.886s
2025-02-18 08:43:07.315 63796 INFO tempest.lib.common.rest_client [req-ad297111-2f81-4785-9a34-dc4bfb915ad0 req-ad297111-2f81-4785-9a34-dc4bfb915ad0 ] Request (HypervisorAdminNegativeTestJSON:test_get_hypervisor_uptime_with_non_admin_user): 403 GET http://10.180.1.21/compute/v2.1/os-hypervisors/1/uptime 0.560s
2025-02-18 08:43:07.318 63798 INFO tempest.lib.common.rest_client [req-72904efa-add2-4d7e-880d-37597f74542f req-72904efa-add2-4d7e-880d-37597f74542f ] Request (ListImageFiltersTestJSON:setUpClass): 200 GET http://10.180.1.21/compute/v2.1/servers/d936eef5-f930-4b22-8162-f158afa01912 0.662s
2025-02-18 08:43:07.320 63768 INFO tempest.lib.common.rest_client [req-5d8dbf36-993c-4151-9b68-d63f2c509eb4 req-5d8dbf36-993c-4151-9b68-d63f2c509eb4 ] Request (AggregatesAdminNegativeTestJSON:tearDownClass): 200 GET http://10.180.1.21:9696/networking/v2.0/security-groups?tenant_id=fe3732e97b9043be8b10f2bcb942781f&name=default 0.182s
2025-02-18 08:43:07.349 63795 INFO tempest.lib.common.rest_client [req-c5da166c-717c-45b4-bf33-79f7a5896a0f req-c5da166c-717c-45b4-bf33-79f7a5896a0f ] Request (FlavorsAdminTestJSON:_run_cleanups): 200 GET http://10.180.1.21/compute/v2.1/flavors/detail 0.506s
2025-02-18 08:43:07.365 63756 INFO tempest.lib.common.rest_client [req-9292c8ea-7b4a-428e-89f6-7d7b66b46d26 req-9292c8ea-7b4a-428e-89f6-7d7b66b46d26 ] Request (ImagesOneServerTestJSON:test_create_delete_image): 200 GET http://10.180.1.21/compute/v2.1/flavors/42 0.355s
2025-02-18 08:43:07.463 63776 INFO tempest.lib.common.rest_client [req-d25c4ee7-20ee-4915-80e6-1046eb8789a9 req-d25c4ee7-20ee-4915-80e6-1046eb8789a9 ] Request (QuotasAdminTestJSON:test_get_updated_quotas): 200 GET http://10.180.1.21/compute/v2.1/os-quota-sets/7d504ab558bb4f88898f1e177eabcb04/detail 0.560s
2025-02-18 08:43:07.514 63776 INFO tempest.lib.common.rest_client [req-69578eec-ec2b-40db-b73c-fae8f142d96c req-69578eec-ec2b-40db-b73c-fae8f142d96c ] Request (QuotasAdminTestJSON:test_get_updated_quotas): 200 GET http://10.180.1.21/identity/v3/domains?name=Default 0.041s
2025-02-18 08:43:07.549 63776 INFO tempest.lib.common.rest_client [req-a1386f5e-cba2-4bc7-98a4-78254638ba68 req-a1386f5e-cba2-4bc7-98a4-78254638ba68 ] Request (QuotasAdminTestJSON:test_get_updated_quotas): 201 POST http://10.180.1.21/identity/v3/users 0.035s
2025-02-18 08:43:07.577 63776 INFO tempest.lib.common.rest_client [req-455607b2-1651-43d5-ace9-6ea500ac5cd8 req-455607b2-1651-43d5-ace9-6ea500ac5cd8 ] Request (QuotasAdminTestJSON:test_get_updated_quotas): 200 GET http://10.180.1.21/identity/v3/domains?name=Default 0.027s
2025-02-18 08:43:07.608 63768 INFO tempest.lib.common.rest_client [req-6f26c827-e951-4ada-8b93-c28ac06bcb20 req-6f26c827-e951-4ada-8b93-c28ac06bcb20 ] Request (AggregatesAdminNegativeTestJSON:tearDownClass): 204 DELETE http://10.180.1.21:9696/networking/v2.0/security-groups/4bf4894f-cc79-40ca-a00f-cc61054214ce 0.287s
2025-02-18 08:43:07.672 63740 INFO tempest.lib.common.rest_client [req-25c20a37-b211-426d-9606-90dc8cc7604f req-25c20a37-b211-426d-9606-90dc8cc7604f ] Request (ServerAddressesTestJSON:tearDownClass): 200 GET http://10.180.1.21/compute/v2.1/servers/b9e17b0f-6298-48f2-849b-9971fa0cecdf 0.646s
2025-02-18 08:43:07.684 63768 INFO tempest.lib.common.rest_client [req-b5bacdf4-a0b9-4e60-9b96-2c8c5c9d1649 req-b5bacdf4-a0b9-4e60-9b96-2c8c5c9d1649 ] Request (AggregatesAdminNegativeTestJSON:tearDownClass): 204 DELETE http://10.180.1.21/identity/v3/projects/fe3732e97b9043be8b10f2bcb942781f 0.076s
2025-02-18 08:43:07.685 63768 INFO tempest.lib.common.dynamic_creds [-] Deleting project and security group for project: a6d8e2f2e8c4480383cc0743c2f774a5
2025-02-18 08:43:07.727 63746 INFO tempest.lib.common.rest_client [req-79f66a14-d2ac-47f3-acab-c46b35a68ccc req-79f66a14-d2ac-47f3-acab-c46b35a68ccc ] Request (ImagesMetadataTestJSON:setUp): 200 PUT http://10.180.1.21/compute/v2.1/images/eea51aa6-ef9e-4a4a-9ee2-f9da9bba7ec8/metadata 0.640s
2025-02-18 08:43:07.765 63750 INFO tempest.lib.common.rest_client [req-571175b8-9538-49be-906d-b702a19b9005 req-571175b8-9538-49be-906d-b702a19b9005 ] Request (ServerShowV247Test:test_update_rebuild_list_server): 200 GET http://10.180.1.21/compute/v2.1/servers/dfc89ae2-cd21-478b-94c4-94c6f06e18d0 0.663s
2025-02-18 08:43:07.795 63754 INFO tempest.lib.common.rest_client [req-8f476c70-497b-4518-8595-a742f21567d3 req-8f476c70-497b-4518-8595-a742f21567d3 ] Request (ImagesDeleteNegativeTestJSON:test_delete_image_non_hex_string_id): 404 DELETE http://10.180.1.21/compute/v2.1/images/62e58cdd-ddac-4dbb-8ec8-8b4315324ecj 0.554s
2025-02-18 08:43:07.806 63786 INFO tempest.lib.common.rest_client [req-0f1d0551-0c95-42c2-b6fb-3986e0ffe4b4 req-0f1d0551-0c95-42c2-b6fb-3986e0ffe4b4 ] Request (ServersTestJSON:setUpClass): 200 GET http://10.180.1.21/compute/v2.1/servers/4489c2df-9894-49f3-ba4b-4a02b247bd23 0.638s
2025-02-18 08:43:07.844 63770 INFO tempest.lib.common.rest_client [req-cfc41470-7644-492e-bb35-9da92b1e2749 req-cfc41470-7644-492e-bb35-9da92b1e2749 ] Request (KeyPairsV22TestJSON:test_keypairs_create_list_delete): 201 POST http://10.180.1.21/compute/v2.1/os-keypairs 0.586s
2025-02-18 08:43:07.852 63796 INFO tempest.lib.common.rest_client [req-6df73ad3-7451-4d51-830e-7b4219af4fb2 req-6df73ad3-7451-4d51-830e-7b4219af4fb2 ] Request (HypervisorAdminNegativeTestJSON:test_get_nonexistent_hypervisor_uptime): 404 GET http://10.180.1.21/compute/v2.1/os-hypervisors/8c617da8-cbec-4b1f-a724-2e32cb79660e/uptime 0.535s
2025-02-18 08:43:07.875 63795 INFO tempest.lib.common.rest_client [req-a50a7069-f4fd-4124-ba5f-32963c2e745f req-a50a7069-f4fd-4124-ba5f-32963c2e745f ] Request (FlavorsAdminTestJSON:_run_cleanups): 202 DELETE http://10.180.1.21/compute/v2.1/flavors/751826627 0.517s
2025-02-18 08:43:07.952 63780 INFO tempest.lib.common.rest_client [req-4521a93d-0503-45b0-8674-bbd620b71d2e req-4521a93d-0503-45b0-8674-bbd620b71d2e ] Request (ServerActionsTestJSON:setUpClass): 200 GET http://10.180.1.21/compute/v2.1/servers/d7e1b035-942f-45f6-a94e-3a67e0cefec5 0.589s
2025-02-18 08:43:07.959 63768 INFO tempest.lib.common.rest_client [req-2fa53b99-6dd0-40a9-b542-5043f2d4c89e req-2fa53b99-6dd0-40a9-b542-5043f2d4c89e ] Request (AggregatesAdminNegativeTestJSON:tearDownClass): 200 GET http://10.180.1.21:9696/networking/v2.0/security-groups?tenant_id=a6d8e2f2e8c4480383cc0743c2f774a5&name=default 0.275s
2025-02-18 08:43:08.010 63752 INFO tempest.lib.common.rest_client [req-ce5dc84d-8684-4651-9a8a-3ce3c39beb44 req-ce5dc84d-8684-4651-9a8a-3ce3c39beb44 ] Request (ServersTestBootFromVolume:setUpClass): 200 GET http://10.180.1.21/compute/v2.1/servers/7f391b47-6f6b-44df-9d84-4001a5f04ad3 0.711s
2025-02-18 08:43:08.077 63756 INFO tempest.lib.common.rest_client [req-373bca9e-61c5-4ed4-a4f6-9fe7ab565e60 req-373bca9e-61c5-4ed4-a4f6-9fe7ab565e60 ] Request (ImagesOneServerTestJSON:test_create_delete_image): 204 DELETE http://10.180.1.21/compute/v2.1/images/bc5f91db-9f61-4df6-9568-c2f5dc8d4195 0.707s
2025-02-18 08:43:08.081 63788 INFO tempest.lib.common.rest_client [req-f8dcf623-f089-4ff5-9cac-3dabfb1e4117 req-f8dcf623-f089-4ff5-9cac-3dabfb1e4117 ] Request (AttachInterfacesV270Test:tearDownClass): 200 GET http://10.180.1.21/compute/v2.1/servers/75c01ee1-1172-46df-80ad-390f2fab38ce 0.633s
2025-02-18 08:43:08.089 63768 INFO tempest.lib.common.rest_client [req-0bf4f831-b68a-4bf3-a62a-01a73f72ec12 req-0bf4f831-b68a-4bf3-a62a-01a73f72ec12 ] Request (AggregatesAdminNegativeTestJSON:tearDownClass): 204 DELETE http://10.180.1.21:9696/networking/v2.0/security-groups/73e7e78e-23f0-418d-a83b-7845f7058148 0.129s
2025-02-18 08:43:08.147 63738 INFO tempest.lib.common.rest_client [req-24a11d2b-400b-4023-8ca5-b03b5050eef5 req-24a11d2b-400b-4023-8ca5-b03b5050eef5 ] Request (ServerDiagnosticsNegativeTest:test_get_server_diagnostics_by_non_admin): 200 GET http://10.180.1.21/compute/v2.1/servers/ea12ead5-69e6-49ad-ba13-d44c6b5def65 0.648s
2025-02-18 08:43:08.205 63768 INFO tempest.lib.common.rest_client [req-374c9518-60b0-4860-9e22-d5522757dcb4 req-374c9518-60b0-4860-9e22-d5522757dcb4 ] Request (AggregatesAdminNegativeTestJSON:tearDownClass): 204 DELETE http://10.180.1.21/identity/v3/projects/a6d8e2f2e8c4480383cc0743c2f774a5 0.115s
2025-02-18 08:43:08.222 63784 INFO tempest.lib.common.rest_client [req-11aa2926-5a10-49f0-bc4e-0922df4fb10b req-11aa2926-5a10-49f0-bc4e-0922df4fb10b ] Request (DeleteServersTestJSON:test_delete_active_server): 200 GET http://10.180.1.21/compute/v2.1/servers/bc5f3770-73db-4b5a-98cd-03412048c8ca 0.658s
2025-02-18 08:43:08.265 63760 INFO tempest.lib.common.rest_client [req-243a31d4-8f77-4bc2-b34b-7a130a1caed2 req-243a31d4-8f77-4bc2-b34b-7a130a1caed2 ] Request (ServerRescueTestJSONUnderV235:setUpClass): 200 GET http://10.180.1.21/compute/v2.1/servers/57df8151-b7ef-4faa-8451-4ca33d7daf39 0.778s
2025-02-18 08:43:08.272 63760 INFO tempest.common.waiters [-] State transition "BUILD/spawning" ==> "ACTIVE/None" after 32 second wait
2025-02-18 08:43:08.273 63766 INFO tempest.lib.common.rest_client [req-9edbe3d2-65e3-468f-9a7e-7f3eac70409a req-9edbe3d2-65e3-468f-9a7e-7f3eac70409a ] Request (AttachInterfacesTestJSON:setUpClass): 200 PUT http://10.180.1.21:9696/networking/v2.0/routers/e83dcc5e-13d6-4eda-b744-22f3c153b596/add_router_interface 1.549s
2025-02-18 08:43:08.275 63766 INFO tempest.lib.common.dynamic_creds [-] Created isolated network resources for: credentials: Credentials: {'domain_id': 'default', 'domain_name': 'Default', 'username': 'tempest-AttachInterfacesTestJSON-2061096497-project-member', 'project_domain_id': 'default', 'project_domain_name': 'Default', 'project_id': '963563c0e735407d81bf3d9f3584d6bf', 'project_name': 'tempest-AttachInterfacesTestJSON-2061096497', 'tenant_id': '963563c0e735407d81bf3d9f3584d6bf', 'tenant_name': 'tempest-AttachInterfacesTestJSON-2061096497', 'user_domain_id': 'default', 'user_domain_name': 'Default', 'user_id': 'de5d2fab09e44fbbbb745ff3837d8722', 'system': None}, Network: {'id': '2b7b9882-10eb-4973-8da7-bc0aa8ee611e', 'name': 'tempest-AttachInterfacesTestJSON-1515459580-network', 'tenant_id': '963563c0e735407d81bf3d9f3584d6bf', 'admin_state_up': True, 'mtu': 8950, 'status': 'ACTIVE', 'subnets': [], 'shared': False, 'project_id': '963563c0e735407d81bf3d9f3584d6bf', 'port_security_enabled': True, 'router:external': False, 'provider:network_type': 'vlan', 'provider:physical_network': 'default', 'provider:segmentation_id': 92, 'availability_zone_hints': [], 'availability_zones': [], 'ipv4_address_scope': None, 'ipv6_address_scope': None, 'description': '', 'tags': [], 'created_at': '2025-02-18T08:43:05Z', 'updated_at': '2025-02-18T08:43:05Z', 'revision_number': 1}, Subnet: {'id': 'deadd677-0150-4a98-a201-83ff672c6ba6', 'name': 'tempest-AttachInterfacesTestJSON-1515459580-subnet', 'tenant_id': '963563c0e735407d81bf3d9f3584d6bf', 'network_id': '2b7b9882-10eb-4973-8da7-bc0aa8ee611e', 'ip_version': 4, 'subnetpool_id': None, 'enable_dhcp': True, 'ipv6_ra_mode': None, 'ipv6_address_mode': None, 'gateway_ip': '192.168.128.1', 'cidr': '192.168.128.0/28', 'allocation_pools': [{'start': '192.168.128.2', 'end': '192.168.128.14'}], 'host_routes': [], 'dns_nameservers': [], 'description': '', 'router:external': False, 'service_types': [], 'tags': [], 'created_at': '2025-02-18T08:43:05Z', 'updated_at': '2025-02-18T08:43:05Z', 'revision_number': 0, 'project_id': '963563c0e735407d81bf3d9f3584d6bf'}, Router: {'id': 'e83dcc5e-13d6-4eda-b744-22f3c153b596', 'name': 'tempest-AttachInterfacesTestJSON-1515459580-router', 'tenant_id': '963563c0e735407d81bf3d9f3584d6bf', 'admin_state_up': True, 'status': 'ACTIVE', 'external_gateway_info': {'network_id': 'a6df9a25-01b1-4cf6-99ab-9c6848278693', 'external_fixed_ips': [{'subnet_id': '9d1b0568-5b29-4fd5-9ca5-1f09b46e5ca0', 'ip_address': '10.180.180.221'}], 'enable_snat': True}, 'description': '', 'availability_zones': [], 'distributed': False, 'ha': False, 'availability_zone_hints': [], 'routes': [], 'flavor_id': None, 'tags': [], 'created_at': '2025-02-18T08:43:05Z', 'updated_at': '2025-02-18T08:43:06Z', 'revision_number': 2, 'project_id': '963563c0e735407d81bf3d9f3584d6bf'}
2025-02-18 08:43:08.274 63768 INFO tempest.lib.common.rest_client [req-6032eaa3-bcb7-480a-ad16-eb6701b0a01e req-6032eaa3-bcb7-480a-ad16-eb6701b0a01e ] Request (DeleteServersAdminTestJSON:setUpClass): 201 POST http://10.180.1.21/identity/v3/auth/tokens 0.067s
2025-02-18 08:43:08.310 63768 INFO tempest.lib.common.rest_client [req-75d7dc95-a625-4476-a2ea-fe083d02277e req-75d7dc95-a625-4476-a2ea-fe083d02277e ] Request (DeleteServersAdminTestJSON:setUpClass): 201 POST http://10.180.1.21/identity/v3/auth/tokens 0.032s
2025-02-18 08:43:08.355 63782 INFO tempest.lib.common.rest_client [req-0f80c01e-c2e6-4e24-8dcf-3170e770b969 req-0f80c01e-c2e6-4e24-8dcf-3170e770b969 ] Request (ServerDiagnosticsV248Test:tearDownClass): 200 GET http://10.180.1.21/compute/v2.1/servers/2d0161c6-c351-4113-a846-e769fdef4c4c 0.726s
2025-02-18 08:43:08.367 63768 INFO tempest.lib.common.rest_client [req-6e6c0e4a-4f3a-48d6-a196-d33762c49318 req-6e6c0e4a-4f3a-48d6-a196-d33762c49318 ] Request (DeleteServersAdminTestJSON:setUpClass): 200 GET http://10.180.1.21/identity/v3/domains?name=Default 0.056s
2025-02-18 08:43:08.382 63766 INFO tempest.lib.common.rest_client [req-e835c030-45e2-47ef-949f-39b35db4e5d8 req-e835c030-45e2-47ef-949f-39b35db4e5d8 ] Request (AttachInterfacesTestJSON:setUpClass): 201 POST http://10.180.1.21/identity/v3/auth/tokens 0.101s
2025-02-18 08:43:08.407 63768 INFO tempest.lib.common.rest_client [req-d99ef486-99b9-4a33-94e8-416df2abfc6e req-d99ef486-99b9-4a33-94e8-416df2abfc6e ] Request (DeleteServersAdminTestJSON:setUpClass): 201 POST http://10.180.1.21/identity/v3/projects 0.040s
2025-02-18 08:43:08.421 63748 INFO tempest.lib.common.rest_client [req-9d8ddfb5-8b15-4f95-b458-5db2ef8ae4df req-9d8ddfb5-8b15-4f95-b458-5db2ef8ae4df ] Request (FloatingIPsAssociationNegativeTestJSON:setUpClass): 200 GET http://10.180.1.21/compute/v2.1/servers/7d9f4739-340e-45d3-9a48-97524a1382f6 0.744s
2025-02-18 08:43:08.422 63776 INFO tempest.lib.common.rest_client [req-9bf7527d-ec93-425d-9904-b8e6bcb12fba req-9bf7527d-ec93-425d-9904-b8e6bcb12fba ] Request (QuotasAdminTestJSON:test_get_updated_quotas): 200 PUT http://10.180.1.21/compute/v2.1/os-quota-sets/7d504ab558bb4f88898f1e177eabcb04?user_id=02fde1fe874542f4b38cbd7727804d58 0.844s
2025-02-18 08:43:08.454 63746 INFO tempest.lib.common.rest_client [req-8cf05ea3-4958-437f-8ef2-1b8e13c31e7b req-8cf05ea3-4958-437f-8ef2-1b8e13c31e7b ] Request (ImagesMetadataTestJSON:test_get_image_metadata_item): 200 GET http://10.180.1.21/compute/v2.1/images/eea51aa6-ef9e-4a4a-9ee2-f9da9bba7ec8/metadata/os_distro 0.726s
2025-02-18 08:43:08.467 63754 INFO tempest.lib.common.rest_client [req-1a9f34ae-689b-433c-bf69-ad504ad5d41c req-1a9f34ae-689b-433c-bf69-ad504ad5d41c ] Request (ImagesDeleteNegativeTestJSON:test_delete_image_with_id_over_character_limit): 404 DELETE http://10.180.1.21/compute/v2.1/images/f8763146-5cb0-4de4-a5e5-cdd5be490ecb1 0.670s
2025-02-18 08:43:08.496 63768 INFO tempest.lib.common.rest_client [req-40fc221c-f7e2-4728-8a90-d13b1acdbb8c req-40fc221c-f7e2-4728-8a90-d13b1acdbb8c ] Request (DeleteServersAdminTestJSON:setUpClass): 201 POST http://10.180.1.21/identity/v3/users 0.088s
2025-02-18 08:43:08.535 63758 INFO tempest.lib.common.rest_client [req-830cf646-807e-4383-8ac8-753e985fc4fe req-830cf646-807e-4383-8ac8-753e985fc4fe ] Request (ServersTestFqdnHostnames:test_create_server_with_fqdn_name): 200 GET http://10.180.1.21/compute/v2.1/servers/6020a76d-95b3-4dec-85fc-c05cfb3d2323 0.730s
2025-02-18 08:43:08.537 63768 INFO tempest.lib.common.rest_client [req-03800bb8-6b7b-4ef3-9f47-2197775fc611 req-03800bb8-6b7b-4ef3-9f47-2197775fc611 ] Request (DeleteServersAdminTestJSON:setUpClass): 200 GET http://10.180.1.21/identity/v3/roles 0.040s
2025-02-18 08:43:08.583 63744 INFO tempest.lib.common.rest_client [req-a0ee2847-4ef4-409a-a10f-de62148b3dd4 req-a0ee2847-4ef4-409a-a10f-de62148b3dd4 ] Request (ServerRescueTestJSON:setUpClass): 200 GET http://10.180.1.21/compute/v2.1/servers/c2f63cc4-b8b0-4be3-ad2c-d68e1be02d4a 0.839s
2025-02-18 08:43:08.591 63768 INFO tempest.lib.common.rest_client [req-3cb6d453-4632-4987-986f-938eea31947c req-3cb6d453-4632-4987-986f-938eea31947c ] Request (DeleteServersAdminTestJSON:setUpClass): 204 PUT http://10.180.1.21/identity/v3/projects/a6f52c2601624e11afe258970a239e31/users/efcf1ac6f7124384b09d399e19bcd348/roles/17ec6d7ce33744c1b84a70539c748c18 0.053s
2025-02-18 08:43:08.591 63768 INFO tempest.lib.common.dynamic_creds [-] Dynamic test user efcf1ac6f7124384b09d399e19bcd348 is created with scope project and roles: ['member']
2025-02-18 08:43:08.591 63768 INFO tempest.lib.common.dynamic_creds [-] Acquired dynamic creds: credentials: Credentials: {'domain_id': 'default', 'domain_name': 'Default', 'username': 'tempest-DeleteServersAdminTestJSON-1286437094-project-member', 'project_domain_id': 'default', 'project_domain_name': 'Default', 'project_id': 'a6f52c2601624e11afe258970a239e31', 'project_name': 'tempest-DeleteServersAdminTestJSON-1286437094', 'tenant_id': 'a6f52c2601624e11afe258970a239e31', 'tenant_name': 'tempest-DeleteServersAdminTestJSON-1286437094', 'user_domain_id': 'default', 'user_domain_name': 'Default', 'user_id': 'efcf1ac6f7124384b09d399e19bcd348', 'system': None}, Network: None, Subnet: None, Router: None
