2025-02-18 08:44:44.515 63780 WARNING tempest.lib.common.ssh [-] Failed to establish authenticated ssh connection to cirros@10.180.180.239 ([Errno None] Unable to connect to port 22 on 10.180.180.239). Number attempts: 9. Retry after 10 seconds.: paramiko.ssh_exception.NoValidConnectionsError: [Errno None] Unable to connect to port 22 on 10.180.180.239
2025-02-18 08:44:44.545 63792 INFO tempest.lib.common.rest_client [req-61c9a90d-b9c5-44cc-bd23-4e8e145da951 req-61c9a90d-b9c5-44cc-bd23-4e8e145da951 ] Request (ServersWithSpecificFlavorTestJSON:test_verify_created_server_ephemeral_disk): 200 GET http://10.180.1.21/compute/v2.1/servers/ad1e0cd2-883b-48aa-95da-d00f4e45db81 0.049s
2025-02-18 08:44:44.588 63756 INFO tempest.lib.common.rest_client [req-ff8da7ab-5b09-4790-b1b1-c8588c431bed req-ff8da7ab-5b09-4790-b1b1-c8588c431bed ] Request (ServerTagsTestJSON:setUpClass): 200 GET http://10.180.1.21/compute/v2.1/servers/d3603f50-bc88-4085-b5ee-1a27cd4e1616 0.049s
2025-02-18 08:44:44.737 63752 INFO tempest.lib.common.rest_client [req-ac1af1d9-ad6d-4f2b-8a62-6617cf63cffb req-ac1af1d9-ad6d-4f2b-8a62-6617cf63cffb ] Request (ServersTestBootFromVolume:tearDownClass): 200 GET http://10.180.1.21/compute/v2.1/servers/7f391b47-6f6b-44df-9d84-4001a5f04ad3 0.062s
2025-02-18 08:44:44.764 63784 INFO tempest.lib.common.rest_client [req-bfb94658-a444-466f-9813-7c8a37f360ff req-bfb94658-a444-466f-9813-7c8a37f360ff ] Request (DeleteServersTestJSON:test_delete_server_while_in_attached_volume): 200 GET http://10.180.1.21/compute/v2.1/servers/0cf8d401-a8ad-44a7-b15b-c9a5f9998c97 0.048s
2025-02-18 08:44:44.811 63740 INFO tempest.lib.common.rest_client [req-ddcf7a62-37f9-46f4-969b-0c6013d9993c req-ddcf7a62-37f9-46f4-969b-0c6013d9993c ] Request (ServerAddressesNegativeTestJSON:setUpClass): 200 GET http://10.180.1.21/compute/v2.1/servers/9c45486a-5b62-4ea4-ba7d-1e1b5a0266d9 0.048s
2025-02-18 08:44:44.822 63798 INFO tempest.lib.common.rest_client [req-5afd6452-2df0-47d2-a816-59266942dd9c req-5afd6452-2df0-47d2-a816-59266942dd9c ] Request (ListImageFiltersTestJSON:setUpClass): 200 GET http://10.180.1.21/compute/v2.1/images/f6c4990d-e430-4d16-834e-e5841f77ea4f 0.030s
2025-02-18 08:44:44.853 63764 INFO tempest.lib.common.rest_client [req-869dcb90-6bea-4c52-8cd1-6ac535e4a216 req-869dcb90-6bea-4c52-8cd1-6ac535e4a216 ] Request (MigrationsAdminTest:test_resize_server_revert_deleted_flavor): 200 GET http://10.180.1.21/compute/v2.1/servers/ebc4e9c5-2e24-4870-94a9-8964e7d7e749 0.057s
2025-02-18 08:44:44.926 63750 INFO tempest.lib.common.rest_client [req-9e6f7eeb-fb20-41f9-b093-97b0c1ce8e06 req-9e6f7eeb-fb20-41f9-b093-97b0c1ce8e06 ] Request (ServerShowV247Test:tearDownClass): 200 GET http://10.180.1.21/compute/v2.1/servers/dfc89ae2-cd21-478b-94c4-94c6f06e18d0 0.062s
2025-02-18 08:44:44.983 63778 INFO tempest.lib.common.rest_client [req-dfbf4108-9ca0-4d02-b783-ad9d63a8e91f req-dfbf4108-9ca0-4d02-b783-ad9d63a8e91f ] Request (ServersNegativeTestMultiTenantJSON:setUpClass): 200 GET http://10.180.1.21/compute/v2.1/servers/3573b79c-16e7-4278-aa65-7ddcab20cd20 0.063s
2025-02-18 08:44:45.025 63788 INFO tempest.lib.common.rest_client [req-62e747b2-5bb3-4c18-b1e3-6a835f8c05eb req-62e747b2-5bb3-4c18-b1e3-6a835f8c05eb ] Request (ServerDiskConfigTestJSON:test_rebuild_server_with_auto_disk_config): 200 GET http://10.180.1.21/compute/v2.1/servers/51758570-f91b-4ba4-8c1d-676af2bac567 0.053s
2025-02-18 08:44:45.078 63790 INFO tempest.lib.common.rest_client [req-882cb73b-dabf-475d-bc92-d4c8d16439f3 req-882cb73b-dabf-475d-bc92-d4c8d16439f3 ] Request (ServersAdminTestJSON:test_inject_network_info): 200 GET http://10.180.1.21/compute/v2.1/servers/270b41dc-aff9-4572-97fd-29ca9680899f 0.055s
2025-02-18 08:44:45.144 63786 INFO tempest.lib.common.rest_client [req-5efa0444-7447-4014-8c1c-209fe10595b3 req-5efa0444-7447-4014-8c1c-209fe10595b3 ] Request (ServersTestJSON:tearDownClass): 200 GET http://10.180.1.21/compute/v2.1/servers/4489c2df-9894-49f3-ba4b-4a02b247bd23 0.065s
2025-02-18 08:44:45.152 63754 INFO tempest.lib.common.rest_client [req-02dac94b-947a-4022-aef8-2e033f614ab5 req-02dac94b-947a-4022-aef8-2e033f614ab5 ] Request (ImagesOneServerNegativeTestJSON:_run_cleanups): 200 GET http://10.180.1.21/compute/v2.1/servers/6d7003a6-9033-44d2-846c-593196cce92b 0.062s
2025-02-18 08:44:45.197 63748 INFO tempest.lib.common.rest_client [req-2bda5f83-0ae0-405a-af48-5ebe07392e30 req-2bda5f83-0ae0-405a-af48-5ebe07392e30 ] Request (ServerActionsTestOtherB:setUpClass): 200 GET http://10.180.1.21/compute/v2.1/servers/6165d06e-fcda-41cf-990c-4e7e2d6bd2ec 0.062s
2025-02-18 08:44:45.242 63776 INFO tempest.lib.common.rest_client [req-e3f24a8b-58b5-4c00-8523-68d5db8d1ff5 req-e3f24a8b-58b5-4c00-8523-68d5db8d1ff5 ] Request (MultipleCreateTestJSON:_run_cleanups): 200 GET http://10.180.1.21/compute/v2.1/servers/77c2b58c-a547-42bd-a3b3-3abdc3b49ec0 0.063s
2025-02-18 08:44:45.250 63744 INFO tempest.lib.common.rest_client [req-3ad7c3f3-d367-436b-8bf9-7d484005385e req-3ad7c3f3-d367-436b-8bf9-7d484005385e ] Request (ServerRescueTestJSON:tearDownClass): 200 GET http://10.180.1.21/compute/v2.1/servers/e96b0ac5-39d8-4903-911a-5257757a8e23 0.067s
2025-02-18 08:44:45.288 63762 INFO tempest.lib.common.rest_client [req-ea5aeb38-c72b-4a08-a011-02dc9974020a req-ea5aeb38-c72b-4a08-a011-02dc9974020a ] Request (SecurityGroupsTestJSON:test_server_security_groups): 200 GET http://10.180.1.21/compute/v2.1/servers/d844be78-6a9d-4518-a427-c1465a687661 0.065s
2025-02-18 08:44:45.303 63768 INFO tempest.lib.common.rest_client [req-f2760509-3b79-45f0-afe3-5a4517dcc2f0 req-f2760509-3b79-45f0-afe3-5a4517dcc2f0 ] Request (DeleteServersAdminTestJSON:test_admin_delete_servers_of_others): 200 GET http://10.180.1.21/compute/v2.1/servers/2f45cdc6-6471-4d10-b322-d8777f35732b 0.069s
2025-02-18 08:44:45.336 63773 INFO tempest.lib.common.rest_client [req-ce329c91-04bf-45c7-afb6-1d5d80120832 req-ce329c91-04bf-45c7-afb6-1d5d80120832 ] Request (VolumesAdminNegativeTest:test_update_attached_volume_with_nonexistent_volume_in_body): 200 GET http://10.180.1.21/compute/v2.1/servers/34ab88db-886e-41fe-83d0-6c2e9d89c705 0.071s
2025-02-18 08:44:45.374 63796 INFO tempest.lib.common.rest_client [req-d2a3f4a7-d75b-456e-91d5-15c668487359 req-d2a3f4a7-d75b-456e-91d5-15c668487359 ] Request (InstanceActionsTestJSON:tearDownClass): 200 GET http://10.180.1.21/compute/v2.1/servers/6208214a-b636-4618-94fc-54bb321c86c2 0.058s
2025-02-18 08:44:45.422 63774 INFO tempest.lib.common.rest_client [req-cd3e2907-40cd-497f-b2ea-a6031d668429 req-cd3e2907-40cd-497f-b2ea-a6031d668429 ] Request (ServerActionsTestOtherA:setUpClass): 200 GET http://10.180.1.21/compute/v2.1/servers/320cd20d-40dd-4c0b-99f4-c9341df44457 0.056s
2025-02-18 08:44:45.478 63795 INFO tempest.lib.common.rest_client [req-bda37701-e1f8-4a00-b288-ad07b6040731 req-bda37701-e1f8-4a00-b288-ad07b6040731 ] Request (ServerActionsV293TestJSON:setUpClass): 200 GET http://10.180.1.21/compute/v2.1/servers/7f4f09e8-f578-46cd-91ea-3ca98e1e683c 0.056s
2025-02-18 08:44:45.513 63782 INFO tempest.lib.common.rest_client [req-b50078cc-f68c-4f3d-8848-365d9d3c3989 req-b50078cc-f68c-4f3d-8848-365d9d3c3989 ] Request (ServersAdminNegativeTestJSON:setUpClass): 200 GET http://10.180.1.21/compute/v2.1/servers/19a2af7c-98e8-459b-852b-e9b213388b66 0.054s
2025-02-18 08:44:45.520 63782 INFO tempest.common.waiters [-] State transition "BUILD/None" ==> "BUILD/networking" after 81 second wait
2025-02-18 08:44:45.562 63742 INFO tempest.lib.common.rest_client [req-e6133775-3f4e-416e-a6ba-70e90062269f req-e6133775-3f4e-416e-a6ba-70e90062269f ] Request (ImagesNegativeTestJSON:test_create_image_from_deleted_server): 200 GET http://10.180.1.21/compute/v2.1/servers/5a8956d2-32f3-413c-89a7-0436019bc3fa 0.054s
2025-02-18 08:44:45.606 63792 INFO tempest.lib.common.rest_client [req-f84ff588-41dd-45aa-ba3d-7f59869a4283 req-f84ff588-41dd-45aa-ba3d-7f59869a4283 ] Request (ServersWithSpecificFlavorTestJSON:test_verify_created_server_ephemeral_disk): 200 GET http://10.180.1.21/compute/v2.1/servers/ad1e0cd2-883b-48aa-95da-d00f4e45db81 0.052s
2025-02-18 08:44:45.646 63756 INFO tempest.lib.common.rest_client [req-b5256e55-3e57-4382-861f-a370428dc367 req-b5256e55-3e57-4382-861f-a370428dc367 ] Request (ServerTagsTestJSON:setUpClass): 200 GET http://10.180.1.21/compute/v2.1/servers/d3603f50-bc88-4085-b5ee-1a27cd4e1616 0.049s
2025-02-18 08:44:45.836 63784 INFO tempest.lib.common.rest_client [req-51870496-4e1f-4a3a-9020-15ad393f8d50 req-51870496-4e1f-4a3a-9020-15ad393f8d50 ] Request (DeleteServersTestJSON:test_delete_server_while_in_attached_volume): 200 GET http://10.180.1.21/compute/v2.1/servers/0cf8d401-a8ad-44a7-b15b-c9a5f9998c97 0.063s
2025-02-18 08:44:45.871 63752 INFO tempest.lib.common.rest_client [req-e2498f39-82fe-4709-a853-3ed5bbf49f05 req-e2498f39-82fe-4709-a853-3ed5bbf49f05 ] Request (ServersTestBootFromVolume:tearDownClass): 200 GET http://10.180.1.21/compute/v2.1/servers/7f391b47-6f6b-44df-9d84-4001a5f04ad3 0.127s
2025-02-18 08:44:45.890 63740 INFO tempest.lib.common.rest_client [req-d9003203-facc-45b8-9acd-3cd483bd8dae req-d9003203-facc-45b8-9acd-3cd483bd8dae ] Request (ServerAddressesNegativeTestJSON:setUpClass): 200 GET http://10.180.1.21/compute/v2.1/servers/9c45486a-5b62-4ea4-ba7d-1e1b5a0266d9 0.071s
2025-02-18 08:44:45.908 63798 INFO tempest.lib.common.rest_client [req-2782687c-d398-48fc-b535-a23275257e88 req-2782687c-d398-48fc-b535-a23275257e88 ] Request (ListImageFiltersTestJSON:setUpClass): 200 GET http://10.180.1.21/compute/v2.1/images/f6c4990d-e430-4d16-834e-e5841f77ea4f 0.083s
2025-02-18 08:44:45.942 63764 INFO tempest.lib.common.rest_client [req-8589e978-e44f-427f-8731-6b62b5544c24 req-8589e978-e44f-427f-8731-6b62b5544c24 ] Request (MigrationsAdminTest:test_resize_server_revert_deleted_flavor): 200 GET http://10.180.1.21/compute/v2.1/servers/ebc4e9c5-2e24-4870-94a9-8964e7d7e749 0.081s
2025-02-18 08:44:45.995 63750 INFO tempest.lib.common.rest_client [req-6ec5feee-6fca-4aa7-b20a-7ca1ca3acd53 req-6ec5feee-6fca-4aa7-b20a-7ca1ca3acd53 ] Request (ServerShowV247Test:tearDownClass): 200 GET http://10.180.1.21/compute/v2.1/servers/dfc89ae2-cd21-478b-94c4-94c6f06e18d0 0.060s
2025-02-18 08:44:46.040 63778 INFO tempest.lib.common.rest_client [req-2c5debf9-530e-4513-ae51-30b89661d686 req-2c5debf9-530e-4513-ae51-30b89661d686 ] Request (ServersNegativeTestMultiTenantJSON:setUpClass): 200 GET http://10.180.1.21/compute/v2.1/servers/3573b79c-16e7-4278-aa65-7ddcab20cd20 0.050s
2025-02-18 08:44:46.083 63788 INFO tempest.lib.common.rest_client [req-9abc8758-0ca3-4fcd-9770-a2d5e08feb4d req-9abc8758-0ca3-4fcd-9770-a2d5e08feb4d ] Request (ServerDiskConfigTestJSON:test_rebuild_server_with_auto_disk_config): 200 GET http://10.180.1.21/compute/v2.1/servers/51758570-f91b-4ba4-8c1d-676af2bac567 0.050s
2025-02-18 08:44:46.138 63790 INFO tempest.lib.common.rest_client [req-943f9df3-85f7-4267-a359-45e364953ed4 req-943f9df3-85f7-4267-a359-45e364953ed4 ] Request (ServersAdminTestJSON:test_inject_network_info): 200 GET http://10.180.1.21/compute/v2.1/servers/270b41dc-aff9-4572-97fd-29ca9680899f 0.051s
2025-02-18 08:44:46.211 63786 INFO tempest.lib.common.rest_client [req-9ce404ae-15e0-4609-956d-15bc1685bdcc req-9ce404ae-15e0-4609-956d-15bc1685bdcc ] Request (ServersTestJSON:tearDownClass): 200 GET http://10.180.1.21/compute/v2.1/servers/4489c2df-9894-49f3-ba4b-4a02b247bd23 0.058s
2025-02-18 08:44:46.220 63754 INFO tempest.lib.common.rest_client [req-94fd5aea-0bda-4f32-b8a5-64a6715a50ab req-94fd5aea-0bda-4f32-b8a5-64a6715a50ab ] Request (ImagesOneServerNegativeTestJSON:_run_cleanups): 200 GET http://10.180.1.21/compute/v2.1/servers/6d7003a6-9033-44d2-846c-593196cce92b 0.059s
2025-02-18 08:44:46.265 63748 INFO tempest.lib.common.rest_client [req-7d37399f-6056-4364-aa2c-e0453e50272a req-7d37399f-6056-4364-aa2c-e0453e50272a ] Request (ServerActionsTestOtherB:setUpClass): 200 GET http://10.180.1.21/compute/v2.1/servers/6165d06e-fcda-41cf-990c-4e7e2d6bd2ec 0.060s
2025-02-18 08:44:46.311 63776 INFO tempest.lib.common.rest_client [req-dbdaf400-370b-429c-b87b-29c4b18b8b33 req-dbdaf400-370b-429c-b87b-29c4b18b8b33 ] Request (MultipleCreateTestJSON:_run_cleanups): 200 GET http://10.180.1.21/compute/v2.1/servers/77c2b58c-a547-42bd-a3b3-3abdc3b49ec0 0.061s
2025-02-18 08:44:46.318 63744 INFO tempest.lib.common.rest_client [req-b4f357ea-40bf-48c2-97e8-a50ae1689010 req-b4f357ea-40bf-48c2-97e8-a50ae1689010 ] Request (ServerRescueTestJSON:tearDownClass): 200 GET http://10.180.1.21/compute/v2.1/servers/e96b0ac5-39d8-4903-911a-5257757a8e23 0.060s
2025-02-18 08:44:46.320 63776 INFO tempest.common.waiters [-] State transition "ACTIVE/deleting" ==> "DELETED/None" after 4 second wait
2025-02-18 08:44:46.360 63762 INFO tempest.lib.common.rest_client [req-966b4df1-9dd9-4cf1-9e90-fc2de6393140 req-966b4df1-9dd9-4cf1-9e90-fc2de6393140 ] Request (SecurityGroupsTestJSON:test_server_security_groups): 200 GET http://10.180.1.21/compute/v2.1/servers/d844be78-6a9d-4518-a427-c1465a687661 0.061s
2025-02-18 08:44:46.380 63768 INFO tempest.lib.common.rest_client [req-646cf24e-b5f3-45d5-b836-8c6ed8781595 req-646cf24e-b5f3-45d5-b836-8c6ed8781595 ] Request (DeleteServersAdminTestJSON:test_admin_delete_servers_of_others): 200 GET http://10.180.1.21/compute/v2.1/servers/2f45cdc6-6471-4d10-b322-d8777f35732b 0.069s
2025-02-18 08:44:46.405 63773 INFO tempest.lib.common.rest_client [req-69561cf9-6991-4b19-b35c-8eb979e04533 req-69561cf9-6991-4b19-b35c-8eb979e04533 ] Request (VolumesAdminNegativeTest:test_update_attached_volume_with_nonexistent_volume_in_body): 200 GET http://10.180.1.21/compute/v2.1/servers/34ab88db-886e-41fe-83d0-6c2e9d89c705 0.059s
2025-02-18 08:44:46.436 63796 INFO tempest.lib.common.rest_client [req-b2fe6832-e72d-4419-9993-30f662844014 req-b2fe6832-e72d-4419-9993-30f662844014 ] Request (InstanceActionsTestJSON:tearDownClass): 200 GET http://10.180.1.21/compute/v2.1/servers/6208214a-b636-4618-94fc-54bb321c86c2 0.053s
2025-02-18 08:44:46.478 63774 INFO tempest.lib.common.rest_client [req-60f1ae0e-2cf1-4746-8d38-55abc0392a07 req-60f1ae0e-2cf1-4746-8d38-55abc0392a07 ] Request (ServerActionsTestOtherA:setUpClass): 200 GET http://10.180.1.21/compute/v2.1/servers/320cd20d-40dd-4c0b-99f4-c9341df44457 0.047s
2025-02-18 08:44:46.542 63795 INFO tempest.lib.common.rest_client [req-18e170bb-e5f0-4a56-bfad-b9dd5792ebd4 req-18e170bb-e5f0-4a56-bfad-b9dd5792ebd4 ] Request (ServerActionsV293TestJSON:setUpClass): 200 GET http://10.180.1.21/compute/v2.1/servers/7f4f09e8-f578-46cd-91ea-3ca98e1e683c 0.051s
2025-02-18 08:44:46.622 63742 INFO tempest.lib.common.rest_client [req-cb995e64-fffc-4edb-a8c0-4c0b00d85913 req-cb995e64-fffc-4edb-a8c0-4c0b00d85913 ] Request (ImagesNegativeTestJSON:test_create_image_from_deleted_server): 200 GET http://10.180.1.21/compute/v2.1/servers/5a8956d2-32f3-413c-89a7-0436019bc3fa 0.052s
2025-02-18 08:44:46.631 63782 INFO tempest.lib.common.rest_client [req-cab9db62-b18c-4134-9293-d34684c0a605 req-cab9db62-b18c-4134-9293-d34684c0a605 ] Request (ServersAdminNegativeTestJSON:setUpClass): 200 GET http://10.180.1.21/compute/v2.1/servers/19a2af7c-98e8-459b-852b-e9b213388b66 0.109s
2025-02-18 08:44:46.637 63782 INFO tempest.common.waiters [-] State transition "BUILD/networking" ==> "BUILD/spawning" after 82 second wait
2025-02-18 08:44:46.663 63792 INFO tempest.lib.common.rest_client [req-66bf6174-c1a6-4eaf-b8f1-fb12ebab3530 req-66bf6174-c1a6-4eaf-b8f1-fb12ebab3530 ] Request (ServersWithSpecificFlavorTestJSON:test_verify_created_server_ephemeral_disk): 200 GET http://10.180.1.21/compute/v2.1/servers/ad1e0cd2-883b-48aa-95da-d00f4e45db81 0.050s
2025-02-18 08:44:46.702 63756 INFO tempest.lib.common.rest_client [req-32421ac6-443a-4eeb-80e7-c793ce65c037 req-32421ac6-443a-4eeb-80e7-c793ce65c037 ] Request (ServerTagsTestJSON:setUpClass): 200 GET http://10.180.1.21/compute/v2.1/servers/d3603f50-bc88-4085-b5ee-1a27cd4e1616 0.046s
2025-02-18 08:44:46.898 63784 INFO tempest.lib.common.rest_client [req-6c3ed925-76c3-4803-adaf-7f11f69cf69d req-6c3ed925-76c3-4803-adaf-7f11f69cf69d ] Request (DeleteServersTestJSON:test_delete_server_while_in_attached_volume): 200 GET http://10.180.1.21/compute/v2.1/servers/0cf8d401-a8ad-44a7-b15b-c9a5f9998c97 0.055s
2025-02-18 08:44:46.941 63752 INFO tempest.lib.common.rest_client [req-a0a5b39f-2d14-4001-8a56-e6c8665f19a6 req-a0a5b39f-2d14-4001-8a56-e6c8665f19a6 ] Request (ServersTestBootFromVolume:tearDownClass): 200 GET http://10.180.1.21/compute/v2.1/servers/7f391b47-6f6b-44df-9d84-4001a5f04ad3 0.063s
2025-02-18 08:44:46.945 63740 INFO tempest.lib.common.rest_client [req-7df543dc-d17a-4afb-a086-2cdfc2e34a3f req-7df543dc-d17a-4afb-a086-2cdfc2e34a3f ] Request (ServerAddressesNegativeTestJSON:setUpClass): 200 GET http://10.180.1.21/compute/v2.1/servers/9c45486a-5b62-4ea4-ba7d-1e1b5a0266d9 0.047s
2025-02-18 08:44:46.977 63798 INFO tempest.lib.common.rest_client [req-c8989740-ae0e-4863-a542-9ac50c17c2ff req-c8989740-ae0e-4863-a542-9ac50c17c2ff ] Request (ListImageFiltersTestJSON:setUpClass): 200 GET http://10.180.1.21/compute/v2.1/images/f6c4990d-e430-4d16-834e-e5841f77ea4f 0.065s
2025-02-18 08:44:47.019 63764 INFO tempest.lib.common.rest_client [req-aca5f198-87a6-460a-931e-0511336506e7 req-aca5f198-87a6-460a-931e-0511336506e7 ] Request (MigrationsAdminTest:test_resize_server_revert_deleted_flavor): 200 GET http://10.180.1.21/compute/v2.1/servers/ebc4e9c5-2e24-4870-94a9-8964e7d7e749 0.070s
2025-02-18 08:44:47.069 63750 INFO tempest.lib.common.rest_client [req-0224a61f-1f1b-4110-a67a-998563b980b2 req-0224a61f-1f1b-4110-a67a-998563b980b2 ] Request (ServerShowV247Test:tearDownClass): 200 GET http://10.180.1.21/compute/v2.1/servers/dfc89ae2-cd21-478b-94c4-94c6f06e18d0 0.063s
2025-02-18 08:44:47.101 63778 INFO tempest.lib.common.rest_client [req-848b7a68-5b96-4d8b-bb25-ae0803987259 req-848b7a68-5b96-4d8b-bb25-ae0803987259 ] Request (ServersNegativeTestMultiTenantJSON:setUpClass): 200 GET http://10.180.1.21/compute/v2.1/servers/3573b79c-16e7-4278-aa65-7ddcab20cd20 0.053s
2025-02-18 08:44:47.149 63788 INFO tempest.lib.common.rest_client [req-207bc0f2-378b-4cce-a53c-c393c52e963d req-207bc0f2-378b-4cce-a53c-c393c52e963d ] Request (ServerDiskConfigTestJSON:test_rebuild_server_with_auto_disk_config): 200 GET http://10.180.1.21/compute/v2.1/servers/51758570-f91b-4ba4-8c1d-676af2bac567 0.058s
2025-02-18 08:44:47.207 63790 INFO tempest.lib.common.rest_client [req-312c9703-dc87-493f-8541-59ce4add7860 req-312c9703-dc87-493f-8541-59ce4add7860 ] Request (ServersAdminTestJSON:test_inject_network_info): 200 GET http://10.180.1.21/compute/v2.1/servers/270b41dc-aff9-4572-97fd-29ca9680899f 0.061s
2025-02-18 08:44:47.290 63786 INFO tempest.lib.common.rest_client [req-d51ef599-a497-44b8-af85-ce0bd42b6f1d req-d51ef599-a497-44b8-af85-ce0bd42b6f1d ] Request (ServersTestJSON:tearDownClass): 200 GET http://10.180.1.21/compute/v2.1/servers/4489c2df-9894-49f3-ba4b-4a02b247bd23 0.070s
2025-02-18 08:44:47.293 63754 INFO tempest.lib.common.rest_client [req-5609e5b9-d57e-45fd-bd57-dba10b5853c6 req-5609e5b9-d57e-45fd-bd57-dba10b5853c6 ] Request (ImagesOneServerNegativeTestJSON:_run_cleanups): 200 GET http://10.180.1.21/compute/v2.1/servers/6d7003a6-9033-44d2-846c-593196cce92b 0.065s
2025-02-18 08:44:47.341 63748 INFO tempest.lib.common.rest_client [req-a86b53d8-d3e8-4251-9f5b-39157ce704c9 req-a86b53d8-d3e8-4251-9f5b-39157ce704c9 ] Request (ServerActionsTestOtherB:setUpClass): 200 GET http://10.180.1.21/compute/v2.1/servers/6165d06e-fcda-41cf-990c-4e7e2d6bd2ec 0.069s
2025-02-18 08:44:47.385 63776 INFO tempest.lib.common.rest_client [req-0ab37781-f344-42dc-8e0e-7b9e53066b71 req-0ab37781-f344-42dc-8e0e-7b9e53066b71 ] Request (MultipleCreateTestJSON:_run_cleanups): 200 GET http://10.180.1.21/compute/v2.1/servers/77c2b58c-a547-42bd-a3b3-3abdc3b49ec0 0.064s
2025-02-18 08:44:47.395 63744 INFO tempest.lib.common.rest_client [req-e6de180c-ac59-4e52-a1af-b50ffffd0d65 req-e6de180c-ac59-4e52-a1af-b50ffffd0d65 ] Request (ServerRescueTestJSON:tearDownClass): 200 GET http://10.180.1.21/compute/v2.1/servers/e96b0ac5-39d8-4903-911a-5257757a8e23 0.067s
2025-02-18 08:44:47.431 63762 INFO tempest.lib.common.rest_client [req-cb8e218e-3fab-4eef-b78c-14e0cb607669 req-cb8e218e-3fab-4eef-b78c-14e0cb607669 ] Request (SecurityGroupsTestJSON:test_server_security_groups): 200 GET http://10.180.1.21/compute/v2.1/servers/d844be78-6a9d-4518-a427-c1465a687661 0.063s
2025-02-18 08:44:47.449 63768 INFO tempest.lib.common.rest_client [req-37e737c4-42b9-455d-9942-c0cfb670f1ff req-37e737c4-42b9-455d-9942-c0cfb670f1ff ] Request (DeleteServersAdminTestJSON:test_admin_delete_servers_of_others): 200 GET http://10.180.1.21/compute/v2.1/servers/2f45cdc6-6471-4d10-b322-d8777f35732b 0.062s
2025-02-18 08:44:47.474 63773 INFO tempest.lib.common.rest_client [req-c36a21cc-fa38-4845-bde2-d42e879719d7 req-c36a21cc-fa38-4845-bde2-d42e879719d7 ] Request (VolumesAdminNegativeTest:test_update_attached_volume_with_nonexistent_volume_in_body): 200 GET http://10.180.1.21/compute/v2.1/servers/34ab88db-886e-41fe-83d0-6c2e9d89c705 0.062s
2025-02-18 08:44:47.506 63796 INFO tempest.lib.common.rest_client [req-166c403f-2b0a-4bdc-bef3-56a9c6283a8d req-166c403f-2b0a-4bdc-bef3-56a9c6283a8d ] Request (InstanceActionsTestJSON:tearDownClass): 200 GET http://10.180.1.21/compute/v2.1/servers/6208214a-b636-4618-94fc-54bb321c86c2 0.063s
2025-02-18 08:44:47.533 63774 INFO tempest.lib.common.rest_client [req-f6a783d3-5205-4a09-b4e8-8b3789016bc0 req-f6a783d3-5205-4a09-b4e8-8b3789016bc0 ] Request (ServerActionsTestOtherA:setUpClass): 200 GET http://10.180.1.21/compute/v2.1/servers/320cd20d-40dd-4c0b-99f4-c9341df44457 0.048s
2025-02-18 08:44:47.604 63795 INFO tempest.lib.common.rest_client [req-a6876663-a489-4ddf-873d-5d4d03a36942 req-a6876663-a489-4ddf-873d-5d4d03a36942 ] Request (ServerActionsV293TestJSON:setUpClass): 200 GET http://10.180.1.21/compute/v2.1/servers/7f4f09e8-f578-46cd-91ea-3ca98e1e683c 0.052s
2025-02-18 08:44:47.685 63742 INFO tempest.lib.common.rest_client [req-f3461abf-856a-40e7-959f-237cabc2b65b req-f3461abf-856a-40e7-959f-237cabc2b65b ] Request (ImagesNegativeTestJSON:test_create_image_from_deleted_server): 200 GET http://10.180.1.21/compute/v2.1/servers/5a8956d2-32f3-413c-89a7-0436019bc3fa 0.055s
2025-02-18 08:44:47.729 63782 INFO tempest.lib.common.rest_client [req-7a21fcb9-e84b-4564-a954-232deaa33644 req-7a21fcb9-e84b-4564-a954-232deaa33644 ] Request (ServersAdminNegativeTestJSON:setUpClass): 200 GET http://10.180.1.21/compute/v2.1/servers/19a2af7c-98e8-459b-852b-e9b213388b66 0.091s
2025-02-18 08:44:47.732 63792 INFO tempest.lib.common.rest_client [req-0171ec17-1c9b-460e-abca-9e27be111fce req-0171ec17-1c9b-460e-abca-9e27be111fce ] Request (ServersWithSpecificFlavorTestJSON:test_verify_created_server_ephemeral_disk): 200 GET http://10.180.1.21/compute/v2.1/servers/ad1e0cd2-883b-48aa-95da-d00f4e45db81 0.061s
2025-02-18 08:44:47.777 63756 INFO tempest.lib.common.rest_client [req-10e8fc4e-2bd6-4d91-8f7d-9eae353c3b21 req-10e8fc4e-2bd6-4d91-8f7d-9eae353c3b21 ] Request (ServerTagsTestJSON:setUpClass): 200 GET http://10.180.1.21/compute/v2.1/servers/d3603f50-bc88-4085-b5ee-1a27cd4e1616 0.066s
2025-02-18 08:44:47.824 63758 WARNING tempest.lib.common.ssh [-] Failed to establish authenticated ssh connection to cirros@10.180.180.244 ([Errno None] Unable to connect to port 22 on 10.180.180.244). Number attempts: 7. Retry after 8 seconds.: paramiko.ssh_exception.NoValidConnectionsError: [Errno None] Unable to connect to port 22 on 10.180.180.244
2025-02-18 08:44:47.961 63784 INFO tempest.lib.common.rest_client [req-5b54aac7-6264-4580-96b6-5fe933bd918a req-5b54aac7-6264-4580-96b6-5fe933bd918a ] Request (DeleteServersTestJSON:test_delete_server_while_in_attached_volume): 200 GET http://10.180.1.21/compute/v2.1/servers/0cf8d401-a8ad-44a7-b15b-c9a5f9998c97 0.056s
2025-02-18 08:44:48.003 63740 INFO tempest.lib.common.rest_client [req-1359c7bc-fb9b-466b-b63d-ef2cfa491d08 req-1359c7bc-fb9b-466b-b63d-ef2cfa491d08 ] Request (ServerAddressesNegativeTestJSON:setUpClass): 200 GET http://10.180.1.21/compute/v2.1/servers/9c45486a-5b62-4ea4-ba7d-1e1b5a0266d9 0.050s
2025-02-18 08:44:48.008 63752 INFO tempest.lib.common.rest_client [req-41bb8123-6be8-4f08-9efa-db6b9c9a2b36 req-41bb8123-6be8-4f08-9efa-db6b9c9a2b36 ] Request (ServersTestBootFromVolume:tearDownClass): 200 GET http://10.180.1.21/compute/v2.1/servers/7f391b47-6f6b-44df-9d84-4001a5f04ad3 0.059s
2025-02-18 08:44:48.030 63798 INFO tempest.lib.common.rest_client [req-b4f7092b-3b7f-43e9-8144-56505a18ea56 req-b4f7092b-3b7f-43e9-8144-56505a18ea56 ] Request (ListImageFiltersTestJSON:setUpClass): 200 GET http://10.180.1.21/compute/v2.1/images/f6c4990d-e430-4d16-834e-e5841f77ea4f 0.047s
2025-02-18 08:44:48.074 63764 INFO tempest.lib.common.rest_client [req-2eef11cf-0ced-4387-a26d-af09b8f2fbad req-2eef11cf-0ced-4387-a26d-af09b8f2fbad ] Request (MigrationsAdminTest:test_resize_server_revert_deleted_flavor): 200 GET http://10.180.1.21/compute/v2.1/servers/ebc4e9c5-2e24-4870-94a9-8964e7d7e749 0.047s
2025-02-18 08:44:48.135 63750 INFO tempest.lib.common.rest_client [req-86abd8a8-4eda-4d9d-9f48-f3f7f6a6dd5e req-86abd8a8-4eda-4d9d-9f48-f3f7f6a6dd5e ] Request (ServerShowV247Test:tearDownClass): 200 GET http://10.180.1.21/compute/v2.1/servers/dfc89ae2-cd21-478b-94c4-94c6f06e18d0 0.056s
2025-02-18 08:44:48.156 63778 INFO tempest.lib.common.rest_client [req-8d543a49-56c4-4603-9e05-6dd91444aaee req-8d543a49-56c4-4603-9e05-6dd91444aaee ] Request (ServersNegativeTestMultiTenantJSON:setUpClass): 200 GET http://10.180.1.21/compute/v2.1/servers/3573b79c-16e7-4278-aa65-7ddcab20cd20 0.047s
2025-02-18 08:44:48.202 63788 INFO tempest.lib.common.rest_client [req-b8f24390-175d-4d68-8f4f-2e460f447a9f req-b8f24390-175d-4d68-8f4f-2e460f447a9f ] Request (ServerDiskConfigTestJSON:test_rebuild_server_with_auto_disk_config): 200 GET http://10.180.1.21/compute/v2.1/servers/51758570-f91b-4ba4-8c1d-676af2bac567 0.045s
2025-02-18 08:44:48.267 63790 INFO tempest.lib.common.rest_client [req-cb93b40e-be78-4a39-88e2-7554b9696195 req-cb93b40e-be78-4a39-88e2-7554b9696195 ] Request (ServersAdminTestJSON:test_inject_network_info): 200 GET http://10.180.1.21/compute/v2.1/servers/270b41dc-aff9-4572-97fd-29ca9680899f 0.052s
2025-02-18 08:44:48.353 63786 INFO tempest.lib.common.rest_client [req-7fdc9583-0812-407e-950f-7d92bef63e1c req-7fdc9583-0812-407e-950f-7d92bef63e1c ] Request (ServersTestJSON:tearDownClass): 200 GET http://10.180.1.21/compute/v2.1/servers/4489c2df-9894-49f3-ba4b-4a02b247bd23 0.055s
2025-02-18 08:44:48.358 63754 INFO tempest.lib.common.rest_client [req-c0ef46cc-a7a7-488b-a8f1-45e7a9133b3b req-c0ef46cc-a7a7-488b-a8f1-45e7a9133b3b ] Request (ImagesOneServerNegativeTestJSON:_run_cleanups): 200 GET http://10.180.1.21/compute/v2.1/servers/6d7003a6-9033-44d2-846c-593196cce92b 0.057s
2025-02-18 08:44:48.404 63748 INFO tempest.lib.common.rest_client [req-f881f9dc-6736-4210-8226-46f6ea066dd9 req-f881f9dc-6736-4210-8226-46f6ea066dd9 ] Request (ServerActionsTestOtherB:setUpClass): 200 GET http://10.180.1.21/compute/v2.1/servers/6165d06e-fcda-41cf-990c-4e7e2d6bd2ec 0.055s
2025-02-18 08:44:48.448 63776 INFO tempest.lib.common.rest_client [req-3120695e-5196-40bb-8ea0-37fff9b81f44 req-3120695e-5196-40bb-8ea0-37fff9b81f44 ] Request (MultipleCreateTestJSON:_run_cleanups): 200 GET http://10.180.1.21/compute/v2.1/servers/77c2b58c-a547-42bd-a3b3-3abdc3b49ec0 0.054s
2025-02-18 08:44:48.455 63744 INFO tempest.lib.common.rest_client [req-d48d2133-2023-4dd3-a501-1203264a9d59 req-d48d2133-2023-4dd3-a501-1203264a9d59 ] Request (ServerRescueTestJSON:tearDownClass): 200 GET http://10.180.1.21/compute/v2.1/servers/e96b0ac5-39d8-4903-911a-5257757a8e23 0.051s
2025-02-18 08:44:48.490 63762 INFO tempest.lib.common.rest_client [req-053f5e21-2397-4da2-9356-655f958c271a req-053f5e21-2397-4da2-9356-655f958c271a ] Request (SecurityGroupsTestJSON:test_server_security_groups): 200 GET http://10.180.1.21/compute/v2.1/servers/d844be78-6a9d-4518-a427-c1465a687661 0.051s
2025-02-18 08:44:48.519 63768 INFO tempest.lib.common.rest_client [req-d97cb268-065a-4ffd-a871-5a2d52cd45ee req-d97cb268-065a-4ffd-a871-5a2d52cd45ee ] Request (DeleteServersAdminTestJSON:test_admin_delete_servers_of_others): 200 GET http://10.180.1.21/compute/v2.1/servers/2f45cdc6-6471-4d10-b322-d8777f35732b 0.063s
2025-02-18 08:44:48.535 63773 INFO tempest.lib.common.rest_client [req-8fdb29ff-2c46-4c0a-9d14-b3c199ccf608 req-8fdb29ff-2c46-4c0a-9d14-b3c199ccf608 ] Request (VolumesAdminNegativeTest:test_update_attached_volume_with_nonexistent_volume_in_body): 200 GET http://10.180.1.21/compute/v2.1/servers/34ab88db-886e-41fe-83d0-6c2e9d89c705 0.053s
2025-02-18 08:44:48.575 63796 INFO tempest.lib.common.rest_client [req-924edf37-48fe-4deb-aa05-a1477212aeaf req-924edf37-48fe-4deb-aa05-a1477212aeaf ] Request (InstanceActionsTestJSON:tearDownClass): 200 GET http://10.180.1.21/compute/v2.1/servers/6208214a-b636-4618-94fc-54bb321c86c2 0.061s
2025-02-18 08:44:48.586 63774 INFO tempest.lib.common.rest_client [req-c2b4788e-834a-4e82-9a6e-fb16908c661d req-c2b4788e-834a-4e82-9a6e-fb16908c661d ] Request (ServerActionsTestOtherA:setUpClass): 200 GET http://10.180.1.21/compute/v2.1/servers/320cd20d-40dd-4c0b-99f4-c9341df44457 0.045s
2025-02-18 08:44:48.667 63795 INFO tempest.lib.common.rest_client [req-7ad0a81b-594d-468a-baa1-5058c73d4d1d req-7ad0a81b-594d-468a-baa1-5058c73d4d1d ] Request (ServerActionsV293TestJSON:setUpClass): 200 GET http://10.180.1.21/compute/v2.1/servers/7f4f09e8-f578-46cd-91ea-3ca98e1e683c 0.052s
2025-02-18 08:44:48.751 63742 INFO tempest.lib.common.rest_client [req-fc0e3a06-45d4-4fdf-b69f-dc490330b2bc req-fc0e3a06-45d4-4fdf-b69f-dc490330b2bc ] Request (ImagesNegativeTestJSON:test_create_image_from_deleted_server): 200 GET http://10.180.1.21/compute/v2.1/servers/5a8956d2-32f3-413c-89a7-0436019bc3fa 0.058s
2025-02-18 08:44:48.801 63792 INFO tempest.lib.common.rest_client [req-24a93ccc-5873-449c-b060-7b244a809202 req-24a93ccc-5873-449c-b060-7b244a809202 ] Request (ServersWithSpecificFlavorTestJSON:test_verify_created_server_ephemeral_disk): 200 GET http://10.180.1.21/compute/v2.1/servers/ad1e0cd2-883b-48aa-95da-d00f4e45db81 0.062s
2025-02-18 08:44:48.834 63782 INFO tempest.lib.common.rest_client [req-43648111-02f4-40e2-88ab-c5ebf0b1ae22 req-43648111-02f4-40e2-88ab-c5ebf0b1ae22 ] Request (ServersAdminNegativeTestJSON:setUpClass): 200 GET http://10.180.1.21/compute/v2.1/servers/19a2af7c-98e8-459b-852b-e9b213388b66 0.097s
2025-02-18 08:44:48.849 63756 INFO tempest.lib.common.rest_client [req-302219ee-362a-485c-af7d-615de1ca385b req-302219ee-362a-485c-af7d-615de1ca385b ] Request (ServerTagsTestJSON:setUpClass): 200 GET http://10.180.1.21/compute/v2.1/servers/d3603f50-bc88-4085-b5ee-1a27cd4e1616 0.063s
2025-02-18 08:44:49.028 63784 INFO tempest.lib.common.rest_client [req-951cb9e9-bc85-443a-a350-f727ad6bfc1b req-951cb9e9-bc85-443a-a350-f727ad6bfc1b ] Request (DeleteServersTestJSON:test_delete_server_while_in_attached_volume): 200 GET http://10.180.1.21/compute/v2.1/servers/0cf8d401-a8ad-44a7-b15b-c9a5f9998c97 0.059s
2025-02-18 08:44:49.079 63740 INFO tempest.lib.common.rest_client [req-cb86431a-881a-47ea-8e95-18728ca7324c req-cb86431a-881a-47ea-8e95-18728ca7324c ] Request (ServerAddressesNegativeTestJSON:setUpClass): 200 GET http://10.180.1.21/compute/v2.1/servers/9c45486a-5b62-4ea4-ba7d-1e1b5a0266d9 0.069s
2025-02-18 08:44:49.095 63752 INFO tempest.lib.common.rest_client [req-fa6d6b69-be96-4251-9123-4a4a615d41cd req-fa6d6b69-be96-4251-9123-4a4a615d41cd ] Request (ServersTestBootFromVolume:tearDownClass): 200 GET http://10.180.1.21/compute/v2.1/servers/7f391b47-6f6b-44df-9d84-4001a5f04ad3 0.079s
2025-02-18 08:44:49.117 63798 INFO tempest.lib.common.rest_client [req-32333772-e243-48c3-8f0d-317e21bf5790 req-32333772-e243-48c3-8f0d-317e21bf5790 ] Request (ListImageFiltersTestJSON:setUpClass): 200 GET http://10.180.1.21/compute/v2.1/images/f6c4990d-e430-4d16-834e-e5841f77ea4f 0.084s
2025-02-18 08:44:49.149 63764 INFO tempest.lib.common.rest_client [req-71c4a2a0-bf26-47eb-80d9-9192d32bc621 req-71c4a2a0-bf26-47eb-80d9-9192d32bc621 ] Request (MigrationsAdminTest:test_resize_server_revert_deleted_flavor): 200 GET http://10.180.1.21/compute/v2.1/servers/ebc4e9c5-2e24-4870-94a9-8964e7d7e749 0.065s
2025-02-18 08:44:49.230 63778 INFO tempest.lib.common.rest_client [req-1f05baf8-8c17-4096-8196-b369876b3d51 req-1f05baf8-8c17-4096-8196-b369876b3d51 ] Request (ServersNegativeTestMultiTenantJSON:setUpClass): 200 GET http://10.180.1.21/compute/v2.1/servers/3573b79c-16e7-4278-aa65-7ddcab20cd20 0.066s
2025-02-18 08:44:49.235 63750 INFO tempest.lib.common.rest_client [req-77af7de8-8986-4396-8320-be38d412d93b req-77af7de8-8986-4396-8320-be38d412d93b ] Request (ServerShowV247Test:tearDownClass): 200 GET http://10.180.1.21/compute/v2.1/servers/dfc89ae2-cd21-478b-94c4-94c6f06e18d0 0.091s
2025-02-18 08:44:49.336 63790 INFO tempest.lib.common.rest_client [req-c1d17d95-710f-44e0-9fc2-2f30dc73a4b6 req-c1d17d95-710f-44e0-9fc2-2f30dc73a4b6 ] Request (ServersAdminTestJSON:test_inject_network_info): 200 GET http://10.180.1.21/compute/v2.1/servers/270b41dc-aff9-4572-97fd-29ca9680899f 0.060s
2025-02-18 08:44:49.361 63788 INFO tempest.lib.common.rest_client [req-0be4ff1c-a436-4229-a517-17655b6218d5 req-0be4ff1c-a436-4229-a517-17655b6218d5 ] Request (ServerDiskConfigTestJSON:test_rebuild_server_with_auto_disk_config): 200 GET http://10.180.1.21/compute/v2.1/servers/51758570-f91b-4ba4-8c1d-676af2bac567 0.151s
2025-02-18 08:44:49.369 63788 INFO tempest.common.waiters [-] State transition "BUILD/None" ==> "BUILD/networking" after 83 second wait
2025-02-18 08:44:49.432 63786 INFO tempest.lib.common.rest_client [req-06f99f52-7199-4299-bf6a-becea67f90e5 req-06f99f52-7199-4299-bf6a-becea67f90e5 ] Request (ServersTestJSON:tearDownClass): 200 GET http://10.180.1.21/compute/v2.1/servers/4489c2df-9894-49f3-ba4b-4a02b247bd23 0.071s
2025-02-18 08:44:49.443 63754 INFO tempest.lib.common.rest_client [req-1497fad2-f2f1-4683-a3dc-1d26d8b07b94 req-1497fad2-f2f1-4683-a3dc-1d26d8b07b94 ] Request (ImagesOneServerNegativeTestJSON:_run_cleanups): 200 GET http://10.180.1.21/compute/v2.1/servers/6d7003a6-9033-44d2-846c-593196cce92b 0.076s
2025-02-18 08:44:49.490 63748 INFO tempest.lib.common.rest_client [req-d2811ee8-3c53-4dbc-9668-be880e4e97db req-d2811ee8-3c53-4dbc-9668-be880e4e97db ] Request (ServerActionsTestOtherB:setUpClass): 200 GET http://10.180.1.21/compute/v2.1/servers/6165d06e-fcda-41cf-990c-4e7e2d6bd2ec 0.077s
2025-02-18 08:44:49.520 63776 INFO tempest.lib.common.rest_client [req-692963d5-dad4-4f21-b673-65fe21991a6a req-692963d5-dad4-4f21-b673-65fe21991a6a ] Request (MultipleCreateTestJSON:_run_cleanups): 200 GET http://10.180.1.21/compute/v2.1/servers/77c2b58c-a547-42bd-a3b3-3abdc3b49ec0 0.064s
2025-02-18 08:44:49.545 63744 INFO tempest.lib.common.rest_client [req-fa7ba3bd-73f7-498b-8888-820d7ec4ce87 req-fa7ba3bd-73f7-498b-8888-820d7ec4ce87 ] Request (ServerRescueTestJSON:tearDownClass): 200 GET http://10.180.1.21/compute/v2.1/servers/e96b0ac5-39d8-4903-911a-5257757a8e23 0.082s
2025-02-18 08:44:49.568 63762 INFO tempest.lib.common.rest_client [req-5a1b2184-81e7-4027-b55b-7ead826acfef req-5a1b2184-81e7-4027-b55b-7ead826acfef ] Request (SecurityGroupsTestJSON:test_server_security_groups): 200 GET http://10.180.1.21/compute/v2.1/servers/d844be78-6a9d-4518-a427-c1465a687661 0.070s
2025-02-18 08:44:49.610 63768 INFO tempest.lib.common.rest_client [req-c650c6d6-7080-4ed3-a3fa-e44b99362395 req-c650c6d6-7080-4ed3-a3fa-e44b99362395 ] Request (DeleteServersAdminTestJSON:test_admin_delete_servers_of_others): 200 GET http://10.180.1.21/compute/v2.1/servers/2f45cdc6-6471-4d10-b322-d8777f35732b 0.081s
2025-02-18 08:44:49.621 63773 INFO tempest.lib.common.rest_client [req-c4adeef9-7903-4136-8aa6-61ce3e9efdf8 req-c4adeef9-7903-4136-8aa6-61ce3e9efdf8 ] Request (VolumesAdminNegativeTest:test_update_attached_volume_with_nonexistent_volume_in_body): 200 GET http://10.180.1.21/compute/v2.1/servers/34ab88db-886e-41fe-83d0-6c2e9d89c705 0.078s
2025-02-18 08:44:49.664 63796 INFO tempest.lib.common.rest_client [req-2c0b8198-a782-44c6-b6cf-c9436ecd9c7c req-2c0b8198-a782-44c6-b6cf-c9436ecd9c7c ] Request (InstanceActionsTestJSON:tearDownClass): 200 GET http://10.180.1.21/compute/v2.1/servers/6208214a-b636-4618-94fc-54bb321c86c2 0.081s
2025-02-18 08:44:49.667 63774 INFO tempest.lib.common.rest_client [req-33cf2a39-9520-42b3-b836-4836bb2d3a72 req-33cf2a39-9520-42b3-b836-4836bb2d3a72 ] Request (ServerActionsTestOtherA:setUpClass): 200 GET http://10.180.1.21/compute/v2.1/servers/320cd20d-40dd-4c0b-99f4-c9341df44457 0.073s
2025-02-18 08:44:49.731 63795 INFO tempest.lib.common.rest_client [req-e5e5a42a-12d0-4d1b-a4b9-e66ec879378c req-e5e5a42a-12d0-4d1b-a4b9-e66ec879378c ] Request (ServerActionsV293TestJSON:setUpClass): 200 GET http://10.180.1.21/compute/v2.1/servers/7f4f09e8-f578-46cd-91ea-3ca98e1e683c 0.054s
2025-02-18 08:44:49.843 63742 INFO tempest.lib.common.rest_client [req-b4589c73-ec2d-4215-9beb-f15974bcb5ca req-b4589c73-ec2d-4215-9beb-f15974bcb5ca ] Request (ImagesNegativeTestJSON:test_create_image_from_deleted_server): 200 GET http://10.180.1.21/compute/v2.1/servers/5a8956d2-32f3-413c-89a7-0436019bc3fa 0.084s
2025-02-18 08:44:49.865 63792 INFO tempest.lib.common.rest_client [req-575986d5-ecc4-41e9-a93b-390dfe93a9d9 req-575986d5-ecc4-41e9-a93b-390dfe93a9d9 ] Request (ServersWithSpecificFlavorTestJSON:test_verify_created_server_ephemeral_disk): 200 GET http://10.180.1.21/compute/v2.1/servers/ad1e0cd2-883b-48aa-95da-d00f4e45db81 0.056s
2025-02-18 08:44:49.921 63756 INFO tempest.lib.common.rest_client [req-1e9054d1-e994-4f5e-9774-4dc614111494 req-1e9054d1-e994-4f5e-9774-4dc614111494 ] Request (ServerTagsTestJSON:setUpClass): 200 GET http://10.180.1.21/compute/v2.1/servers/d3603f50-bc88-4085-b5ee-1a27cd4e1616 0.063s
2025-02-18 08:44:49.979 63782 INFO tempest.lib.common.rest_client [req-5e462e05-2a77-4214-951d-e0b0427e982b req-5e462e05-2a77-4214-951d-e0b0427e982b ] Request (ServersAdminNegativeTestJSON:setUpClass): 200 GET http://10.180.1.21/compute/v2.1/servers/19a2af7c-98e8-459b-852b-e9b213388b66 0.138s
2025-02-18 08:44:50.088 63784 INFO tempest.lib.common.rest_client [req-4ee6f4cd-9b4d-4b7f-a8c0-f9328ba1b107 req-4ee6f4cd-9b4d-4b7f-a8c0-f9328ba1b107 ] Request (DeleteServersTestJSON:test_delete_server_while_in_attached_volume): 200 GET http://10.180.1.21/compute/v2.1/servers/0cf8d401-a8ad-44a7-b15b-c9a5f9998c97 0.050s
2025-02-18 08:44:50.141 63740 INFO tempest.lib.common.rest_client [req-95aa9eeb-55a1-4695-b503-08706d08e46d req-95aa9eeb-55a1-4695-b503-08706d08e46d ] Request (ServerAddressesNegativeTestJSON:setUpClass): 200 GET http://10.180.1.21/compute/v2.1/servers/9c45486a-5b62-4ea4-ba7d-1e1b5a0266d9 0.054s
2025-02-18 08:44:50.176 63798 INFO tempest.lib.common.rest_client [req-c83fc160-67e1-465e-93bd-f906fb4dbafe req-c83fc160-67e1-465e-93bd-f906fb4dbafe ] Request (ListImageFiltersTestJSON:setUpClass): 200 GET http://10.180.1.21/compute/v2.1/images/f6c4990d-e430-4d16-834e-e5841f77ea4f 0.055s
2025-02-18 08:44:50.181 63752 INFO tempest.lib.common.rest_client [req-7cb0943b-b563-4ab7-87f9-c5b3427cbc2a req-7cb0943b-b563-4ab7-87f9-c5b3427cbc2a ] Request (ServersTestBootFromVolume:tearDownClass): 200 GET http://10.180.1.21/compute/v2.1/servers/7f391b47-6f6b-44df-9d84-4001a5f04ad3 0.078s
2025-02-18 08:44:50.223 63764 INFO tempest.lib.common.rest_client [req-a673b7d5-edd2-4e69-bee5-5e1237230d1d req-a673b7d5-edd2-4e69-bee5-5e1237230d1d ] Request (MigrationsAdminTest:test_resize_server_revert_deleted_flavor): 200 GET http://10.180.1.21/compute/v2.1/servers/ebc4e9c5-2e24-4870-94a9-8964e7d7e749 0.059s
2025-02-18 08:44:50.292 63778 INFO tempest.lib.common.rest_client [req-5af7fc27-89a1-45fb-be0a-b2bd68ff32c6 req-5af7fc27-89a1-45fb-be0a-b2bd68ff32c6 ] Request (ServersNegativeTestMultiTenantJSON:setUpClass): 200 GET http://10.180.1.21/compute/v2.1/servers/3573b79c-16e7-4278-aa65-7ddcab20cd20 0.052s
2025-02-18 08:44:50.314 63750 INFO tempest.lib.common.rest_client [req-0a29506f-6eaf-4bdf-935a-bfd682925c1b req-0a29506f-6eaf-4bdf-935a-bfd682925c1b ] Request (ServerShowV247Test:tearDownClass): 200 GET http://10.180.1.21/compute/v2.1/servers/dfc89ae2-cd21-478b-94c4-94c6f06e18d0 0.066s
2025-02-18 08:44:50.396 63790 INFO tempest.lib.common.rest_client [req-326ccb50-1dc9-4039-b696-ff09531ece5b req-326ccb50-1dc9-4039-b696-ff09531ece5b ] Request (ServersAdminTestJSON:test_inject_network_info): 200 GET http://10.180.1.21/compute/v2.1/servers/270b41dc-aff9-4572-97fd-29ca9680899f 0.052s
2025-02-18 08:44:50.464 63788 INFO tempest.lib.common.rest_client [req-f8da05f1-184a-43fa-9909-65e023563ba1 req-f8da05f1-184a-43fa-9909-65e023563ba1 ] Request (ServerDiskConfigTestJSON:test_rebuild_server_with_auto_disk_config): 200 GET http://10.180.1.21/compute/v2.1/servers/51758570-f91b-4ba4-8c1d-676af2bac567 0.093s
2025-02-18 08:44:50.471 63788 INFO tempest.common.waiters [-] State transition "BUILD/networking" ==> "BUILD/spawning" after 84 second wait
2025-02-18 08:44:50.489 63766 WARNING tempest.lib.common.ssh [-] Failed to establish authenticated ssh connection to cirros@10.180.180.207 ([Errno None] Unable to connect to port 22 on 10.180.180.207). Number attempts: 5. Retry after 6 seconds.: paramiko.ssh_exception.NoValidConnectionsError: [Errno None] Unable to connect to port 22 on 10.180.180.207
2025-02-18 08:44:50.507 63786 INFO tempest.lib.common.rest_client [req-6e8ac5cd-b205-47c8-b119-7113ec6224bb req-6e8ac5cd-b205-47c8-b119-7113ec6224bb ] Request (ServersTestJSON:tearDownClass): 200 GET http://10.180.1.21/compute/v2.1/servers/4489c2df-9894-49f3-ba4b-4a02b247bd23 0.058s
2025-02-18 08:44:50.518 63754 INFO tempest.lib.common.rest_client [req-170a8232-d725-47a7-8a00-6f17feab67e4 req-170a8232-d725-47a7-8a00-6f17feab67e4 ] Request (ImagesOneServerNegativeTestJSON:_run_cleanups): 200 GET http://10.180.1.21/compute/v2.1/servers/6d7003a6-9033-44d2-846c-593196cce92b 0.062s
2025-02-18 08:44:50.556 63748 INFO tempest.lib.common.rest_client [req-995ea2a3-100a-4468-a657-987611dfe411 req-995ea2a3-100a-4468-a657-987611dfe411 ] Request (ServerActionsTestOtherB:setUpClass): 200 GET http://10.180.1.21/compute/v2.1/servers/6165d06e-fcda-41cf-990c-4e7e2d6bd2ec 0.058s
2025-02-18 08:44:50.587 63776 INFO tempest.lib.common.rest_client [req-d8515402-c925-464e-a1c8-58b054fc1e86 req-d8515402-c925-464e-a1c8-58b054fc1e86 ] Request (MultipleCreateTestJSON:_run_cleanups): 200 GET http://10.180.1.21/compute/v2.1/servers/77c2b58c-a547-42bd-a3b3-3abdc3b49ec0 0.057s
2025-02-18 08:44:50.615 63744 INFO tempest.lib.common.rest_client [req-7231d781-b56b-4f90-ace1-eabf23a4d60a req-7231d781-b56b-4f90-ace1-eabf23a4d60a ] Request (ServerRescueTestJSON:tearDownClass): 200 GET http://10.180.1.21/compute/v2.1/servers/e96b0ac5-39d8-4903-911a-5257757a8e23 0.061s
2025-02-18 08:44:50.638 63762 INFO tempest.lib.common.rest_client [req-26cc44e9-126d-4b50-b301-99d572991d18 req-26cc44e9-126d-4b50-b301-99d572991d18 ] Request (SecurityGroupsTestJSON:test_server_security_groups): 200 GET http://10.180.1.21/compute/v2.1/servers/d844be78-6a9d-4518-a427-c1465a687661 0.062s
2025-02-18 08:44:50.678 63768 INFO tempest.lib.common.rest_client [req-0f6fe31d-6844-473f-bf32-2f6b801e5997 req-0f6fe31d-6844-473f-bf32-2f6b801e5997 ] Request (DeleteServersAdminTestJSON:test_admin_delete_servers_of_others): 200 GET http://10.180.1.21/compute/v2.1/servers/2f45cdc6-6471-4d10-b322-d8777f35732b 0.059s
2025-02-18 08:44:50.693 63773 INFO tempest.lib.common.rest_client [req-883ff02e-278d-4db5-b131-64c52f609a21 req-883ff02e-278d-4db5-b131-64c52f609a21 ] Request (VolumesAdminNegativeTest:test_update_attached_volume_with_nonexistent_volume_in_body): 200 GET http://10.180.1.21/compute/v2.1/servers/34ab88db-886e-41fe-83d0-6c2e9d89c705 0.063s
2025-02-18 08:44:50.741 63796 INFO tempest.lib.common.rest_client [req-096864bd-e111-4473-b94d-de7b02212710 req-096864bd-e111-4473-b94d-de7b02212710 ] Request (InstanceActionsTestJSON:tearDownClass): 200 GET http://10.180.1.21/compute/v2.1/servers/6208214a-b636-4618-94fc-54bb321c86c2 0.070s
2025-02-18 08:44:50.750 63774 INFO tempest.lib.common.rest_client [req-eec14949-6f9f-4a5a-bd00-7854ec325e04 req-eec14949-6f9f-4a5a-bd00-7854ec325e04 ] Request (ServerActionsTestOtherA:setUpClass): 200 GET http://10.180.1.21/compute/v2.1/servers/320cd20d-40dd-4c0b-99f4-c9341df44457 0.074s
2025-02-18 08:44:50.807 63795 INFO tempest.lib.common.rest_client [req-8d9173f3-d705-4f8d-8a4a-f1dffc609773 req-8d9173f3-d705-4f8d-8a4a-f1dffc609773 ] Request (ServerActionsV293TestJSON:setUpClass): 200 GET http://10.180.1.21/compute/v2.1/servers/7f4f09e8-f578-46cd-91ea-3ca98e1e683c 0.067s
2025-02-18 08:44:50.933 63742 INFO tempest.lib.common.rest_client [req-8257a957-9997-424d-b804-c302a7bc5953 req-8257a957-9997-424d-b804-c302a7bc5953 ] Request (ImagesNegativeTestJSON:test_create_image_from_deleted_server): 200 GET http://10.180.1.21/compute/v2.1/servers/5a8956d2-32f3-413c-89a7-0436019bc3fa 0.077s
2025-02-18 08:44:50.942 63792 INFO tempest.lib.common.rest_client [req-672e4bab-2bb6-4b84-9522-0fcc912d891c req-672e4bab-2bb6-4b84-9522-0fcc912d891c ] Request (ServersWithSpecificFlavorTestJSON:test_verify_created_server_ephemeral_disk): 200 GET http://10.180.1.21/compute/v2.1/servers/ad1e0cd2-883b-48aa-95da-d00f4e45db81 0.066s
2025-02-18 08:44:50.994 63756 INFO tempest.lib.common.rest_client [req-05bf5f0e-b797-4223-b121-36691d7dff88 req-05bf5f0e-b797-4223-b121-36691d7dff88 ] Request (ServerTagsTestJSON:setUpClass): 200 GET http://10.180.1.21/compute/v2.1/servers/d3603f50-bc88-4085-b5ee-1a27cd4e1616 0.060s
2025-02-18 08:44:51.137 63782 INFO tempest.lib.common.rest_client [req-863cc778-f389-49dc-b387-49d2a8fdaa57 req-863cc778-f389-49dc-b387-49d2a8fdaa57 ] Request (ServersAdminNegativeTestJSON:setUpClass): 200 GET http://10.180.1.21/compute/v2.1/servers/19a2af7c-98e8-459b-852b-e9b213388b66 0.150s
2025-02-18 08:44:51.152 63784 INFO tempest.lib.common.rest_client [req-f4a703eb-5510-467c-a99e-ab78dfa3376d req-f4a703eb-5510-467c-a99e-ab78dfa3376d ] Request (DeleteServersTestJSON:test_delete_server_while_in_attached_volume): 200 GET http://10.180.1.21/compute/v2.1/servers/0cf8d401-a8ad-44a7-b15b-c9a5f9998c97 0.054s
2025-02-18 08:44:51.158 63784 INFO tempest.common.waiters [-] State transition "BUILD/None" ==> "BUILD/networking" after 84 second wait
2025-02-18 08:44:51.201 63740 INFO tempest.lib.common.rest_client [req-35aa1264-5075-47d2-bb81-48b26a7ea58d req-35aa1264-5075-47d2-bb81-48b26a7ea58d ] Request (ServerAddressesNegativeTestJSON:setUpClass): 200 GET http://10.180.1.21/compute/v2.1/servers/9c45486a-5b62-4ea4-ba7d-1e1b5a0266d9 0.049s
2025-02-18 08:44:51.215 63798 INFO tempest.lib.common.rest_client [req-5835a90e-5fb1-4d4a-9597-a1896640e116 req-5835a90e-5fb1-4d4a-9597-a1896640e116 ] Request (ListImageFiltersTestJSON:setUpClass): 200 GET http://10.180.1.21/compute/v2.1/images/f6c4990d-e430-4d16-834e-e5841f77ea4f 0.035s
2025-02-18 08:44:51.266 63752 INFO tempest.lib.common.rest_client [req-653fa44c-1e10-4ea7-9671-f71a66591c02 req-653fa44c-1e10-4ea7-9671-f71a66591c02 ] Request (ServersTestBootFromVolume:tearDownClass): 200 GET http://10.180.1.21/compute/v2.1/servers/7f391b47-6f6b-44df-9d84-4001a5f04ad3 0.077s
2025-02-18 08:44:51.284 63764 INFO tempest.lib.common.rest_client [req-adbc2019-f6f9-41ac-8bc3-e6711a94f51e req-adbc2019-f6f9-41ac-8bc3-e6711a94f51e ] Request (MigrationsAdminTest:test_resize_server_revert_deleted_flavor): 200 GET http://10.180.1.21/compute/v2.1/servers/ebc4e9c5-2e24-4870-94a9-8964e7d7e749 0.054s
2025-02-18 08:44:51.349 63778 INFO tempest.lib.common.rest_client [req-021dd36c-32de-4120-b045-bc238c3e4c38 req-021dd36c-32de-4120-b045-bc238c3e4c38 ] Request (ServersNegativeTestMultiTenantJSON:setUpClass): 200 GET http://10.180.1.21/compute/v2.1/servers/3573b79c-16e7-4278-aa65-7ddcab20cd20 0.050s
2025-02-18 08:44:51.386 63750 INFO tempest.lib.common.rest_client [req-69b2122d-510f-4ac2-b467-7abe360b0157 req-69b2122d-510f-4ac2-b467-7abe360b0157 ] Request (ServerShowV247Test:tearDownClass): 200 GET http://10.180.1.21/compute/v2.1/servers/dfc89ae2-cd21-478b-94c4-94c6f06e18d0 0.062s
2025-02-18 08:44:51.456 63790 INFO tempest.lib.common.rest_client [req-48966378-5ce0-403b-8a06-0dc5e0c857d5 req-48966378-5ce0-403b-8a06-0dc5e0c857d5 ] Request (ServersAdminTestJSON:test_inject_network_info): 200 GET http://10.180.1.21/compute/v2.1/servers/270b41dc-aff9-4572-97fd-29ca9680899f 0.052s
2025-02-18 08:44:51.576 63786 INFO tempest.lib.common.rest_client [req-6c988b38-16c1-41da-95fe-70b9ab1d665d req-6c988b38-16c1-41da-95fe-70b9ab1d665d ] Request (ServersTestJSON:tearDownClass): 200 GET http://10.180.1.21/compute/v2.1/servers/4489c2df-9894-49f3-ba4b-4a02b247bd23 0.059s
2025-02-18 08:44:51.590 63788 INFO tempest.lib.common.rest_client [req-7a60e9c2-1912-41d6-bc09-0fd2f0056cb2 req-7a60e9c2-1912-41d6-bc09-0fd2f0056cb2 ] Request (ServerDiskConfigTestJSON:test_rebuild_server_with_auto_disk_config): 200 GET http://10.180.1.21/compute/v2.1/servers/51758570-f91b-4ba4-8c1d-676af2bac567 0.117s
2025-02-18 08:44:51.633 63754 INFO tempest.lib.common.rest_client [req-8031fcfa-93e1-4698-a711-0a382745bd9a req-8031fcfa-93e1-4698-a711-0a382745bd9a ] Request (ImagesOneServerNegativeTestJSON:_run_cleanups): 200 GET http://10.180.1.21/compute/v2.1/servers/6d7003a6-9033-44d2-846c-593196cce92b 0.107s
2025-02-18 08:44:51.648 63748 INFO tempest.lib.common.rest_client [req-54fbf3d8-a96a-40b6-ae29-4204363033f1 req-54fbf3d8-a96a-40b6-ae29-4204363033f1 ] Request (ServerActionsTestOtherB:setUpClass): 200 GET http://10.180.1.21/compute/v2.1/servers/6165d06e-fcda-41cf-990c-4e7e2d6bd2ec 0.083s
2025-02-18 08:44:51.687 63776 INFO tempest.lib.common.rest_client [req-e0af7822-ea59-4c21-8f15-f25dfff608a0 req-e0af7822-ea59-4c21-8f15-f25dfff608a0 ] Request (MultipleCreateTestJSON:_run_cleanups): 200 GET http://10.180.1.21/compute/v2.1/servers/77c2b58c-a547-42bd-a3b3-3abdc3b49ec0 0.090s
