2025-02-18 08:43:00.064 63758 INFO tempest.lib.common.rest_client [req-d9f350a7-06f7-47a4-9315-2fad849396cc req-d9f350a7-06f7-47a4-9315-2fad849396cc ] Request (ServersTestFqdnHostnames:test_create_server_with_fqdn_name): 201 POST http://10.180.1.21:9696/networking/v2.0/security-groups 0.172s
2025-02-18 08:43:00.074 63776 INFO tempest.lib.common.rest_client [req-0c18de86-6b69-46e0-ad84-1b8384f8eeeb req-0c18de86-6b69-46e0-ad84-1b8384f8eeeb ] Request (QuotasAdminTestJSON:test_delete_quota): 200 GET http://10.180.1.21/compute/v2.1/os-quota-sets/ec2205e91e704e3aaff143e36ea440f2 1.365s
2025-02-18 08:43:00.085 63738 INFO tempest.lib.common.rest_client [req-6e43ce08-15c5-4859-b22b-bddbdc194999 req-6e43ce08-15c5-4859-b22b-bddbdc194999 ] Request (ServerDiagnosticsNegativeTest:setUpClass): 201 POST http://10.180.1.21/identity/v3/users 0.074s
2025-02-18 08:43:00.132 63738 INFO tempest.lib.common.rest_client [req-beed5f76-1a95-41d7-a6a8-41783e63937c req-beed5f76-1a95-41d7-a6a8-41783e63937c ] Request (ServerDiagnosticsNegativeTest:setUpClass): 200 GET http://10.180.1.21/identity/v3/roles 0.046s
2025-02-18 08:43:00.171 63738 INFO tempest.lib.common.rest_client [req-73575a9e-5110-453c-b7c8-82a891d2ef6f req-73575a9e-5110-453c-b7c8-82a891d2ef6f ] Request (ServerDiagnosticsNegativeTest:setUpClass): 204 PUT http://10.180.1.21/identity/v3/projects/ed9685efcd19456e95f69abf9d5f1723/users/a78378a4ec8b416a852b6c3f1491f327/roles/17ec6d7ce33744c1b84a70539c748c18 0.038s
2025-02-18 08:43:00.172 63738 INFO tempest.lib.common.dynamic_creds [-] Dynamic test user a78378a4ec8b416a852b6c3f1491f327 is created with scope project and roles: ['member']
2025-02-18 08:43:00.172 63738 INFO tempest.lib.common.dynamic_creds [-] Acquired dynamic creds: credentials: Credentials: {'domain_id': 'default', 'domain_name': 'Default', 'username': 'tempest-ServerDiagnosticsNegativeTest-1758570007-project-member', 'project_domain_id': 'default', 'project_domain_name': 'Default', 'project_id': 'ed9685efcd19456e95f69abf9d5f1723', 'project_name': 'tempest-ServerDiagnosticsNegativeTest-1758570007', 'tenant_id': 'ed9685efcd19456e95f69abf9d5f1723', 'tenant_name': 'tempest-ServerDiagnosticsNegativeTest-1758570007', 'user_domain_id': 'default', 'user_domain_name': 'Default', 'user_id': 'a78378a4ec8b416a852b6c3f1491f327', 'system': None}, Network: None, Subnet: None, Router: None
2025-02-18 08:43:00.172 63738 INFO tempest.lib.common.dynamic_creds [-] Created isolated network resources for: credentials: Credentials: {'domain_id': 'default', 'domain_name': 'Default', 'username': 'tempest-ServerDiagnosticsNegativeTest-1758570007-project-member', 'project_domain_id': 'default', 'project_domain_name': 'Default', 'project_id': 'ed9685efcd19456e95f69abf9d5f1723', 'project_name': 'tempest-ServerDiagnosticsNegativeTest-1758570007', 'tenant_id': 'ed9685efcd19456e95f69abf9d5f1723', 'tenant_name': 'tempest-ServerDiagnosticsNegativeTest-1758570007', 'user_domain_id': 'default', 'user_domain_name': 'Default', 'user_id': 'a78378a4ec8b416a852b6c3f1491f327', 'system': None}, Network: None, Subnet: None, Router: None
2025-02-18 08:43:00.175 63748 INFO tempest.lib.common.rest_client [req-dcb28697-5774-4914-aabd-37cdef2c972d req-dcb28697-5774-4914-aabd-37cdef2c972d ] Request (FloatingIPsAssociationNegativeTestJSON:setUpClass): 200 GET http://10.180.1.21/compute/v2.1/servers/7d9f4739-340e-45d3-9a48-97524a1382f6 1.235s
2025-02-18 08:43:00.176 63758 INFO tempest.lib.common.rest_client [req-491f293d-e95e-4af5-918d-6fed6514c923 req-491f293d-e95e-4af5-918d-6fed6514c923 ] Request (ServersTestFqdnHostnames:test_create_server_with_fqdn_name): 201 POST http://10.180.1.21:9696/networking/v2.0/security-group-rules 0.111s
2025-02-18 08:43:00.202 63796 INFO tempest.lib.common.rest_client [req-55f769a7-a83b-4374-9de3-d9d05cb6c29f req-55f769a7-a83b-4374-9de3-d9d05cb6c29f ] Request (FlavorsAccessNegativeTestJSON:tearDownClass): 200 GET http://10.180.1.21:9696/networking/v2.0/security-groups?tenant_id=fc0a9a18c9574a658c587a26db886351&name=default 0.297s
2025-02-18 08:43:00.241 63770 INFO tempest.lib.common.rest_client [req-e725221c-7582-49e6-b195-c140153c151f req-e725221c-7582-49e6-b195-c140153c151f ] Request (KeyPairsV22TestJSON:test_get_keypair_detail): 201 POST http://10.180.1.21/compute/v2.1/os-keypairs 1.355s
2025-02-18 08:43:00.255 63746 INFO tempest.lib.common.rest_client [req-df7dc1df-d86d-440b-ac93-c2c1bce392d7 req-df7dc1df-d86d-440b-ac93-c2c1bce392d7 ] Request (FloatingIPsTestJSON:tearDownClass): 204 DELETE http://10.180.1.21:9696/networking/v2.0/security-groups/8b2d716a-e546-484c-8b72-48e75c0ea7c9 0.295s
2025-02-18 08:43:00.257 63792 INFO tempest.lib.common.rest_client [req-38fee830-6d7a-4dd6-b4f2-cbef979cce1b req-38fee830-6d7a-4dd6-b4f2-cbef979cce1b ] Request (ServersWithSpecificFlavorTestJSON:test_verify_created_server_ephemeral_disk): 200 GET http://10.180.1.21/compute/v2.1/servers/927418d6-d1f7-4dd9-802a-d71b8f799923 1.246s
2025-02-18 08:43:00.268 63738 INFO tempest.lib.common.rest_client [req-784bedf6-4ccc-4ffe-9bbe-613a4222330c req-784bedf6-4ccc-4ffe-9bbe-613a4222330c ] Request (ServerDiagnosticsNegativeTest:setUpClass): 201 POST http://10.180.1.21/identity/v3/auth/tokens 0.088s
2025-02-18 08:43:00.338 63790 INFO tempest.lib.common.rest_client [req-0f0ca5c7-328f-4c14-9576-d05d7294a720 req-0f0ca5c7-328f-4c14-9576-d05d7294a720 ] Request (ServersAdminTestJSON:test_create_server_with_scheduling_hint): 200 GET http://10.180.1.21/compute/v2.1/servers/0f345c27-a7f2-42f4-b60c-751276d3860b 1.200s
2025-02-18 08:43:00.342 63738 INFO tempest.lib.common.rest_client [req-3bd3b4b7-d4cb-4ad1-8760-38013ebeb4c0 req-3bd3b4b7-d4cb-4ad1-8760-38013ebeb4c0 ] Request (ServerDiagnosticsNegativeTest:setUpClass): 201 POST http://10.180.1.21/identity/v3/projects 0.074s
2025-02-18 08:43:00.349 63790 INFO tempest.common.waiters [-] State transition "BUILD/scheduling" ==> "BUILD/None" after 8 second wait
2025-02-18 08:43:00.372 63758 INFO tempest.lib.common.rest_client [req-3d5ef791-b7b7-42f3-b08f-e2500ff033cf req-3d5ef791-b7b7-42f3-b08f-e2500ff033cf ] Request (ServersTestFqdnHostnames:test_create_server_with_fqdn_name): 201 POST http://10.180.1.21:9696/networking/v2.0/security-group-rules 0.196s
2025-02-18 08:43:00.373 63740 INFO tempest.lib.common.rest_client [req-04d66154-0587-499f-bd46-665ac5fc0274 req-04d66154-0587-499f-bd46-665ac5fc0274 ] Request (ServerAddressesTestJSON:test_list_server_addresses): 200 GET http://10.180.1.21/compute/v2.1/servers/b9e17b0f-6298-48f2-849b-9971fa0cecdf/ips 1.065s
2025-02-18 08:43:00.378 63796 INFO tempest.lib.common.rest_client [req-c2de2d86-8ceb-42bc-82e7-2fe54527a1eb req-c2de2d86-8ceb-42bc-82e7-2fe54527a1eb ] Request (FlavorsAccessNegativeTestJSON:tearDownClass): 204 DELETE http://10.180.1.21:9696/networking/v2.0/security-groups/5fec2913-67d6-41b4-aa56-67c74289dc47 0.175s
2025-02-18 08:43:00.406 63746 INFO tempest.lib.common.rest_client [req-51d8382b-e219-4272-888e-20bc90034360 req-51d8382b-e219-4272-888e-20bc90034360 ] Request (FloatingIPsTestJSON:tearDownClass): 204 DELETE http://10.180.1.21/identity/v3/projects/663142e544384326a0a6f31c7bcc79d3 0.151s
2025-02-18 08:43:00.414 63764 INFO tempest.lib.common.rest_client [req-5bbfb386-2bb9-46ec-b072-c601e0da376a req-5bbfb386-2bb9-46ec-b072-c601e0da376a ] Request (MigrationsAdminTest:test_list_migrations_in_flavor_resize_situation): 200 GET http://10.180.1.21/compute/v2.1/servers/b9f32509-47d3-485d-93a4-22e12490de17 1.195s
2025-02-18 08:43:00.441 63778 INFO tempest.lib.common.rest_client [req-00a53bd9-9841-4a8e-8271-6c5d7d2f882a req-00a53bd9-9841-4a8e-8271-6c5d7d2f882a ] Request (ServerShowV257Test:test_rebuild_server): 200 GET http://10.180.1.21/compute/v2.1/servers/7e0b708c-30d4-4e6e-8127-9fe68dc2f193 1.116s
2025-02-18 08:43:00.456 63738 INFO tempest.lib.common.rest_client [req-1460b0ee-dbe1-4aab-8cd9-0ab65858c796 req-1460b0ee-dbe1-4aab-8cd9-0ab65858c796 ] Request (ServerDiagnosticsNegativeTest:setUpClass): 201 POST http://10.180.1.21/identity/v3/users 0.113s
2025-02-18 08:43:00.492 63773 INFO tempest.lib.common.rest_client [req-244bd81f-0bf0-4882-a5c0-5c89478238e7 req-244bd81f-0bf0-4882-a5c0-5c89478238e7 ] Request (ServersAdmin275Test:test_rebuild_update_server_275): 200 GET http://10.180.1.21/compute/v2.1/servers/154f2013-37a3-4e14-b377-e992a080d8f8 1.034s
2025-02-18 08:43:00.506 63773 INFO tempest.common.waiters [-] State transition "BUILD/None" ==> "BUILD/networking" after 14 second wait
2025-02-18 08:43:00.513 63796 INFO tempest.lib.common.rest_client [req-b1724547-0599-48ef-896b-3a356c90e064 req-b1724547-0599-48ef-896b-3a356c90e064 ] Request (FlavorsAccessNegativeTestJSON:tearDownClass): 204 DELETE http://10.180.1.21/identity/v3/projects/fc0a9a18c9574a658c587a26db886351 0.135s
2025-02-18 08:43:00.516 63746 INFO tempest.lib.common.rest_client [req-540c02f3-ee4e-47df-90e4-b4c0a992b32b req-540c02f3-ee4e-47df-90e4-b4c0a992b32b ] Request (ImagesMetadataTestJSON:setUpClass): 201 POST http://10.180.1.21/identity/v3/auth/tokens 0.108s
2025-02-18 08:43:00.545 63738 INFO tempest.lib.common.rest_client [req-b6082547-e74c-48a3-947e-59761b7d887a req-b6082547-e74c-48a3-947e-59761b7d887a ] Request (ServerDiagnosticsNegativeTest:setUpClass): 200 GET http://10.180.1.21/identity/v3/roles 0.088s
2025-02-18 08:43:00.547 63796 INFO tempest.lib.common.rest_client [req-a1f0884d-e23c-4d7e-aefb-41174616c910 req-a1f0884d-e23c-4d7e-aefb-41174616c910 ] Request (HypervisorAdminNegativeTestJSON:setUpClass): 201 POST http://10.180.1.21/identity/v3/auth/tokens 0.033s
2025-02-18 08:43:00.552 63766 INFO tempest.lib.common.rest_client [req-e3e0cafd-8192-4920-a3a5-4ad86dbf239d req-e3e0cafd-8192-4920-a3a5-4ad86dbf239d ] Request (SecurityGroupRulesNegativeTestJSON:tearDownClass): 202 DELETE http://10.180.1.21/compute/v2.1/os-security-groups/01f08052-32a8-4ebe-8f22-bea4019d9f59 1.078s
2025-02-18 08:43:00.571 63746 INFO tempest.lib.common.rest_client [req-f3fdbacf-5923-4e06-bfd5-3c439975ab8e req-f3fdbacf-5923-4e06-bfd5-3c439975ab8e ] Request (ImagesMetadataTestJSON:setUpClass): 201 POST http://10.180.1.21/identity/v3/auth/tokens 0.052s
2025-02-18 08:43:00.575 63738 INFO tempest.lib.common.rest_client [req-3634b135-fd96-40ca-b8e4-41c85e74e649 req-3634b135-fd96-40ca-b8e4-41c85e74e649 ] Request (ServerDiagnosticsNegativeTest:setUpClass): 204 PUT http://10.180.1.21/identity/v3/projects/60184cfb3f0d4adb9dfc6b530b8f9f66/users/3c1d40ed509444ceaac6bfd49677ab18/roles/546ec793367b4e68b5e08df0905a267a 0.029s
2025-02-18 08:43:00.578 63774 INFO tempest.lib.common.rest_client [req-6d76acda-720f-4d9c-824a-ad53482df7f5 req-6d76acda-720f-4d9c-824a-ad53482df7f5 ] Request (ServerExternalEventsTest:tearDownClass): 200 GET http://10.180.1.21/compute/v2.1/servers/7380379b-dd8c-407c-9aaa-ae21c76f88d5 1.034s
2025-02-18 08:43:00.592 63768 INFO tempest.lib.common.rest_client [req-2c8c115e-d0d8-4776-95eb-ff8f05d02bb2 req-2c8c115e-d0d8-4776-95eb-ff8f05d02bb2 ] Request (AggregatesAdminNegativeTestJSON:test_aggregate_remove_host_as_user): 403 POST http://10.180.1.21/compute/v2.1/os-aggregates/7/action 0.964s
2025-02-18 08:43:00.608 63795 INFO tempest.lib.common.rest_client [req-52c9cfe6-1ae3-4479-8031-2bbad2ffdbfa req-52c9cfe6-1ae3-4479-8031-2bbad2ffdbfa ] Request (FlavorsAdminTestJSON:test_is_public_string_variations): 200 GET http://10.180.1.21/compute/v2.1/flavors/detail?is_public=0 0.866s
2025-02-18 08:43:00.628 63762 INFO tempest.lib.common.rest_client [req-810ada60-88e7-47c2-8d38-debc056bbd3c req-810ada60-88e7-47c2-8d38-debc056bbd3c ] Request (SecurityGroupsTestJSON:test_list_security_groups_by_server): 200 GET http://10.180.1.21/compute/v2.1/servers/1584e140-07b6-4876-8d25-b814f731d86d 1.029s
2025-02-18 08:43:00.634 63746 INFO tempest.lib.common.rest_client [req-7bfe84b2-e256-40b2-b2d5-fe037cc1796a req-7bfe84b2-e256-40b2-b2d5-fe037cc1796a ] Request (ImagesMetadataTestJSON:setUpClass): 200 GET http://10.180.1.21/identity/v3/domains?name=Default 0.063s
2025-02-18 08:43:00.636 63796 INFO tempest.lib.common.rest_client [req-cb9e4ec7-2f0b-4cc8-8547-92f506bf86ac req-cb9e4ec7-2f0b-4cc8-8547-92f506bf86ac ] Request (HypervisorAdminNegativeTestJSON:setUpClass): 201 POST http://10.180.1.21/identity/v3/auth/tokens 0.085s
2025-02-18 08:43:00.653 63738 INFO tempest.lib.common.rest_client [req-15609dfc-bce5-4cab-901d-f8183573e42d req-15609dfc-bce5-4cab-901d-f8183573e42d ] Request (ServerDiagnosticsNegativeTest:setUpClass): 200 GET http://10.180.1.21/identity/v3/roles 0.078s
2025-02-18 08:43:00.684 63746 INFO tempest.lib.common.rest_client [req-4e2d7415-5ec3-49e8-ac48-94972bea9f1c req-4e2d7415-5ec3-49e8-ac48-94972bea9f1c ] Request (ImagesMetadataTestJSON:setUpClass): 201 POST http://10.180.1.21/identity/v3/projects 0.049s
2025-02-18 08:43:00.709 63754 INFO tempest.lib.common.rest_client [req-b942ec1f-de73-40d3-be38-f0999bad7b91 req-b942ec1f-de73-40d3-be38-f0999bad7b91 ] Request (ServerDiagnosticsTest:tearDownClass): 200 GET http://10.180.1.21/compute/v2.1/servers/19fdb067-c4d3-466e-9c3b-bf0a77dd2f95 0.967s
2025-02-18 08:43:00.749 63756 INFO tempest.lib.common.rest_client [req-4048c326-e132-4def-8e7d-be6d37030794 req-4048c326-e132-4def-8e7d-be6d37030794 ] Request (ImagesOneServerTestJSON:test_create_delete_image): 200 GET http://10.180.1.21/compute/v2.1/images/bc5f91db-9f61-4df6-9568-c2f5dc8d4195 0.858s
2025-02-18 08:43:00.749 63796 INFO tempest.lib.common.rest_client [req-c62567dd-35f5-4e3d-88a3-bd8c678ec9ed req-c62567dd-35f5-4e3d-88a3-bd8c678ec9ed ] Request (HypervisorAdminNegativeTestJSON:setUpClass): 200 GET http://10.180.1.21/identity/v3/domains?name=Default 0.113s
2025-02-18 08:43:00.766 63738 INFO tempest.lib.common.rest_client [req-ca008a3e-746b-4e7c-b2af-7db55359abef req-ca008a3e-746b-4e7c-b2af-7db55359abef ] Request (ServerDiagnosticsNegativeTest:setUpClass): 204 PUT http://10.180.1.21/identity/v3/projects/60184cfb3f0d4adb9dfc6b530b8f9f66/users/3c1d40ed509444ceaac6bfd49677ab18/roles/546ec793367b4e68b5e08df0905a267a 0.112s
2025-02-18 08:43:00.766 63738 INFO tempest.lib.common.dynamic_creds [-] Dynamic test user 3c1d40ed509444ceaac6bfd49677ab18 is created with scope project and roles: ['admin']
2025-02-18 08:43:00.766 63738 INFO tempest.lib.common.dynamic_creds [-] Acquired dynamic creds: credentials: Credentials: {'domain_id': 'default', 'domain_name': 'Default', 'username': 'tempest-ServerDiagnosticsNegativeTest-1330463716-project-admin', 'project_domain_id': 'default', 'project_domain_name': 'Default', 'project_id': '60184cfb3f0d4adb9dfc6b530b8f9f66', 'project_name': 'tempest-ServerDiagnosticsNegativeTest-1330463716', 'tenant_id': '60184cfb3f0d4adb9dfc6b530b8f9f66', 'tenant_name': 'tempest-ServerDiagnosticsNegativeTest-1330463716', 'user_domain_id': 'default', 'user_domain_name': 'Default', 'user_id': '3c1d40ed509444ceaac6bfd49677ab18', 'system': None}, Network: None, Subnet: None, Router: None
2025-02-18 08:43:00.766 63738 INFO tempest.lib.common.dynamic_creds [-] Created isolated network resources for: credentials: Credentials: {'domain_id': 'default', 'domain_name': 'Default', 'username': 'tempest-ServerDiagnosticsNegativeTest-1330463716-project-admin', 'project_domain_id': 'default', 'project_domain_name': 'Default', 'project_id': '60184cfb3f0d4adb9dfc6b530b8f9f66', 'project_name': 'tempest-ServerDiagnosticsNegativeTest-1330463716', 'tenant_id': '60184cfb3f0d4adb9dfc6b530b8f9f66', 'tenant_name': 'tempest-ServerDiagnosticsNegativeTest-1330463716', 'user_domain_id': 'default', 'user_domain_name': 'Default', 'user_id': '3c1d40ed509444ceaac6bfd49677ab18', 'system': None}, Network: None, Subnet: None, Router: None
2025-02-18 08:43:00.831 63746 INFO tempest.lib.common.rest_client [req-90626ee7-aeed-43c6-987f-620f07598cf5 req-90626ee7-aeed-43c6-987f-620f07598cf5 ] Request (ImagesMetadataTestJSON:setUpClass): 201 POST http://10.180.1.21/identity/v3/users 0.146s
2025-02-18 08:43:00.833 63796 INFO tempest.lib.common.rest_client [req-ea17dec9-663c-4b0e-b631-7dbe2c6b0189 req-ea17dec9-663c-4b0e-b631-7dbe2c6b0189 ] Request (HypervisorAdminNegativeTestJSON:setUpClass): 201 POST http://10.180.1.21/identity/v3/projects 0.083s
2025-02-18 08:43:00.887 63746 INFO tempest.lib.common.rest_client [req-f4add531-892c-4749-b77b-cf9bc4429f15 req-f4add531-892c-4749-b77b-cf9bc4429f15 ] Request (ImagesMetadataTestJSON:setUpClass): 200 GET http://10.180.1.21/identity/v3/roles 0.055s
2025-02-18 08:43:00.908 63750 INFO tempest.lib.common.rest_client [req-d5211d76-1af7-41af-bba6-a56a9c4f0db6 req-d5211d76-1af7-41af-bba6-a56a9c4f0db6 ] Request (ServerShowV247Test:test_show_server): 202 POST http://10.180.1.21/compute/v2.1/servers 1.089s
2025-02-18 08:43:00.915 63796 INFO tempest.lib.common.rest_client [req-143a62e8-7f8a-4550-bbd4-1dac600c1f13 req-143a62e8-7f8a-4550-bbd4-1dac600c1f13 ] Request (HypervisorAdminNegativeTestJSON:setUpClass): 201 POST http://10.180.1.21/identity/v3/users 0.082s
2025-02-18 08:43:00.916 63738 INFO tempest.lib.common.rest_client [req-a5f4914c-5213-40e3-9d88-4746936e5b5d req-a5f4914c-5213-40e3-9d88-4746936e5b5d ] Request (ServerDiagnosticsNegativeTest:setUpClass): 201 POST http://10.180.1.21/identity/v3/auth/tokens 0.146s
2025-02-18 08:43:00.940 63796 INFO tempest.lib.common.rest_client [req-362ab392-aa9e-46db-aa74-36a65dddde11 req-362ab392-aa9e-46db-aa74-36a65dddde11 ] Request (HypervisorAdminNegativeTestJSON:setUpClass): 200 GET http://10.180.1.21/identity/v3/roles 0.024s
2025-02-18 08:43:00.955 63746 INFO tempest.lib.common.rest_client [req-700d8f02-def8-4a47-a14c-f7e9ee2f4192 req-700d8f02-def8-4a47-a14c-f7e9ee2f4192 ] Request (ImagesMetadataTestJSON:setUpClass): 204 PUT http://10.180.1.21/identity/v3/projects/6e4ce45e66bc4277a9b56336816a5309/users/a3211fba37e649b79590f91f90d8b8ec/roles/17ec6d7ce33744c1b84a70539c748c18 0.068s
2025-02-18 08:43:00.956 63746 INFO tempest.lib.common.dynamic_creds [-] Dynamic test user a3211fba37e649b79590f91f90d8b8ec is created with scope project and roles: ['member']
2025-02-18 08:43:00.956 63746 INFO tempest.lib.common.dynamic_creds [-] Acquired dynamic creds: credentials: Credentials: {'domain_id': 'default', 'domain_name': 'Default', 'username': 'tempest-ImagesMetadataTestJSON-1304825655-project-member', 'project_domain_id': 'default', 'project_domain_name': 'Default', 'project_id': '6e4ce45e66bc4277a9b56336816a5309', 'project_name': 'tempest-ImagesMetadataTestJSON-1304825655', 'tenant_id': '6e4ce45e66bc4277a9b56336816a5309', 'tenant_name': 'tempest-ImagesMetadataTestJSON-1304825655', 'user_domain_id': 'default', 'user_domain_name': 'Default', 'user_id': 'a3211fba37e649b79590f91f90d8b8ec', 'system': None}, Network: None, Subnet: None, Router: None
2025-02-18 08:43:00.956 63746 INFO tempest.lib.common.dynamic_creds [-] Created isolated network resources for: credentials: Credentials: {'domain_id': 'default', 'domain_name': 'Default', 'username': 'tempest-ImagesMetadataTestJSON-1304825655-project-member', 'project_domain_id': 'default', 'project_domain_name': 'Default', 'project_id': '6e4ce45e66bc4277a9b56336816a5309', 'project_name': 'tempest-ImagesMetadataTestJSON-1304825655', 'tenant_id': '6e4ce45e66bc4277a9b56336816a5309', 'tenant_name': 'tempest-ImagesMetadataTestJSON-1304825655', 'user_domain_id': 'default', 'user_domain_name': 'Default', 'user_id': 'a3211fba37e649b79590f91f90d8b8ec', 'system': None}, Network: None, Subnet: None, Router: None
2025-02-18 08:43:00.960 63798 INFO tempest.lib.common.rest_client [req-5544682e-d35d-4bd9-a9a1-b40b1bda8b77 req-5544682e-d35d-4bd9-a9a1-b40b1bda8b77 ] Request (ListImageFiltersTestJSON:setUpClass): 200 GET http://10.180.1.21/compute/v2.1/images/43d7264b-22ec-43fe-bf07-d000b4e5b44d 0.928s
2025-02-18 08:43:00.996 63738 INFO tempest.lib.common.rest_client [req-7f0638ea-6f06-4c79-b643-4fa5e674cd59 req-7f0638ea-6f06-4c79-b643-4fa5e674cd59 ] Request (ServerDiagnosticsNegativeTest:test_get_server_diagnostics_by_non_admin): 201 POST http://10.180.1.21/identity/v3/auth/tokens 0.076s
2025-02-18 08:43:00.997 63738 INFO tempest.lib.common.fixed_network [-] (ServerDiagnosticsNegativeTest:test_get_server_diagnostics_by_non_admin) Found network None available for tenant
2025-02-18 08:43:01.013 63796 INFO tempest.lib.common.rest_client [req-ef71400d-8848-4685-bc1d-a07b801b31d2 req-ef71400d-8848-4685-bc1d-a07b801b31d2 ] Request (HypervisorAdminNegativeTestJSON:setUpClass): 204 PUT http://10.180.1.21/identity/v3/projects/72ea41329e2f4e3b81cc3adf6aa128ec/users/28e660c1f8d44053a8839b5fa1f98194/roles/17ec6d7ce33744c1b84a70539c748c18 0.072s
2025-02-18 08:43:01.013 63796 INFO tempest.lib.common.dynamic_creds [-] Dynamic test user 28e660c1f8d44053a8839b5fa1f98194 is created with scope project and roles: ['member']
2025-02-18 08:43:01.013 63796 INFO tempest.lib.common.dynamic_creds [-] Acquired dynamic creds: credentials: Credentials: {'domain_id': 'default', 'domain_name': 'Default', 'username': 'tempest-HypervisorAdminNegativeTestJSON-1642278308-project-member', 'project_domain_id': 'default', 'project_domain_name': 'Default', 'project_id': '72ea41329e2f4e3b81cc3adf6aa128ec', 'project_name': 'tempest-HypervisorAdminNegativeTestJSON-1642278308', 'tenant_id': '72ea41329e2f4e3b81cc3adf6aa128ec', 'tenant_name': 'tempest-HypervisorAdminNegativeTestJSON-1642278308', 'user_domain_id': 'default', 'user_domain_name': 'Default', 'user_id': '28e660c1f8d44053a8839b5fa1f98194', 'system': None}, Network: None, Subnet: None, Router: None
2025-02-18 08:43:01.013 63796 INFO tempest.lib.common.dynamic_creds [-] Created isolated network resources for: credentials: Credentials: {'domain_id': 'default', 'domain_name': 'Default', 'username': 'tempest-HypervisorAdminNegativeTestJSON-1642278308-project-member', 'project_domain_id': 'default', 'project_domain_name': 'Default', 'project_id': '72ea41329e2f4e3b81cc3adf6aa128ec', 'project_name': 'tempest-HypervisorAdminNegativeTestJSON-1642278308', 'tenant_id': '72ea41329e2f4e3b81cc3adf6aa128ec', 'tenant_name': 'tempest-HypervisorAdminNegativeTestJSON-1642278308', 'user_domain_id': 'default', 'user_domain_name': 'Default', 'user_id': '28e660c1f8d44053a8839b5fa1f98194', 'system': None}, Network: None, Subnet: None, Router: None
2025-02-18 08:43:01.062 63746 INFO tempest.lib.common.rest_client [req-6ac3edb3-93d7-4567-8b7f-c9b01fee4ae7 req-6ac3edb3-93d7-4567-8b7f-c9b01fee4ae7 ] Request (ImagesMetadataTestJSON:setUpClass): 201 POST http://10.180.1.21/identity/v3/auth/tokens 0.102s
2025-02-18 08:43:01.069 63786 INFO tempest.lib.common.rest_client [req-8ade5192-0c8d-4caa-a728-f25ed966ed67 req-8ade5192-0c8d-4caa-a728-f25ed966ed67 ] Request (ServersTestJSON:setUpClass): 200 GET http://10.180.1.21/compute/v2.1/servers/4489c2df-9894-49f3-ba4b-4a02b247bd23 1.099s
2025-02-18 08:43:01.071 63798 INFO tempest.lib.common.rest_client [req-1930ad3a-e614-4908-9c18-0441c731dd0c req-1930ad3a-e614-4908-9c18-0441c731dd0c ] Request (ListImageFiltersTestJSON:setUpClass): 201 POST http://10.180.1.21/identity/v3/auth/tokens 0.101s
2025-02-18 08:43:01.072 63798 INFO tempest.lib.common.fixed_network [-] (ListImageFiltersTestJSON:setUpClass) Found network None available for tenant
2025-02-18 08:43:01.133 63796 INFO tempest.lib.common.rest_client [req-ac1b3c46-db00-4daa-b59b-1c3221d9daf5 req-ac1b3c46-db00-4daa-b59b-1c3221d9daf5 ] Request (HypervisorAdminNegativeTestJSON:setUpClass): 201 POST http://10.180.1.21/identity/v3/auth/tokens 0.112s
2025-02-18 08:43:01.204 63776 INFO tempest.lib.common.rest_client [req-8586df62-9e29-4aee-a028-6a15069c4b10 req-8586df62-9e29-4aee-a028-6a15069c4b10 ] Request (QuotasAdminTestJSON:test_delete_quota): 200 PUT http://10.180.1.21/compute/v2.1/os-quota-sets/ec2205e91e704e3aaff143e36ea440f2 1.127s
2025-02-18 08:43:01.217 63796 INFO tempest.lib.common.rest_client [req-d8f6b3fc-29bf-4d71-b014-9ee4c060346e req-d8f6b3fc-29bf-4d71-b014-9ee4c060346e ] Request (HypervisorAdminNegativeTestJSON:setUpClass): 201 POST http://10.180.1.21/identity/v3/projects 0.083s
2025-02-18 08:43:01.283 63796 INFO tempest.lib.common.rest_client [req-1538e22a-3fa8-4923-bae9-ba188f9dd2e5 req-1538e22a-3fa8-4923-bae9-ba188f9dd2e5 ] Request (HypervisorAdminNegativeTestJSON:setUpClass): 201 POST http://10.180.1.21/identity/v3/users 0.065s
2025-02-18 08:43:01.305 63796 INFO tempest.lib.common.rest_client [req-5d162960-3295-45d6-8ae7-ab9f99a4ce9f req-5d162960-3295-45d6-8ae7-ab9f99a4ce9f ] Request (HypervisorAdminNegativeTestJSON:setUpClass): 200 GET http://10.180.1.21/identity/v3/roles 0.021s
2025-02-18 08:43:01.332 63760 INFO tempest.lib.common.rest_client [req-df7b1bb9-26fb-45f8-a027-5ce7a7cae53e req-df7b1bb9-26fb-45f8-a027-5ce7a7cae53e ] Request (ServerRescueTestJSONUnderV235:setUpClass): 200 GET http://10.180.1.21/compute/v2.1/servers/57df8151-b7ef-4faa-8451-4ca33d7daf39 1.255s
2025-02-18 08:43:01.333 63752 INFO tempest.lib.common.rest_client [req-6403e073-9ee2-4066-a12d-03ed2e383281 req-6403e073-9ee2-4066-a12d-03ed2e383281 ] Request (ServersTestBootFromVolume:setUpClass): 200 GET http://10.180.1.21/compute/v2.1/servers/7f391b47-6f6b-44df-9d84-4001a5f04ad3 1.198s
2025-02-18 08:43:01.339 63796 INFO tempest.lib.common.rest_client [req-ee92df9a-fb5b-4d03-b5e3-a8a17e974dc7 req-ee92df9a-fb5b-4d03-b5e3-a8a17e974dc7 ] Request (HypervisorAdminNegativeTestJSON:setUpClass): 204 PUT http://10.180.1.21/identity/v3/projects/47bfd46b1c384670be7be2aa5df40baf/users/187a2181ce364624874ef92332ca86df/roles/546ec793367b4e68b5e08df0905a267a 0.034s
2025-02-18 08:43:01.342 63752 INFO tempest.common.waiters [-] State transition "BUILD/block_device_mapping" ==> "BUILD/spawning" after 25 second wait
2025-02-18 08:43:01.349 63770 INFO tempest.lib.common.rest_client [req-48811b31-5fe8-4919-be72-871ebb94198e req-48811b31-5fe8-4919-be72-871ebb94198e ] Request (KeyPairsV22TestJSON:test_get_keypair_detail): 200 GET http://10.180.1.21/compute/v2.1/os-keypairs/tempest-keypair-1540608268 1.106s
2025-02-18 08:43:01.378 63740 INFO tempest.lib.common.rest_client [req-3b005e54-cb24-4f4f-8eda-996b0a5520e2 req-3b005e54-cb24-4f4f-8eda-996b0a5520e2 ] Request (ServerAddressesTestJSON:test_list_server_addresses_by_network): 200 GET http://10.180.1.21/compute/v2.1/servers/b9e17b0f-6298-48f2-849b-9971fa0cecdf/ips 1.002s
2025-02-18 08:43:01.399 63780 INFO tempest.lib.common.rest_client [req-8f007de5-6c46-49b7-a6d9-315d5a1d9f11 req-8f007de5-6c46-49b7-a6d9-315d5a1d9f11 ] Request (ServerActionsTestJSON:setUpClass): 200 GET http://10.180.1.21/compute/v2.1/servers/d7e1b035-942f-45f6-a94e-3a67e0cefec5 1.238s
2025-02-18 08:43:01.399 63796 INFO tempest.lib.common.rest_client [req-7524b52d-e78c-4a9d-bc7a-2442612d3a36 req-7524b52d-e78c-4a9d-bc7a-2442612d3a36 ] Request (HypervisorAdminNegativeTestJSON:setUpClass): 200 GET http://10.180.1.21/identity/v3/roles 0.059s
2025-02-18 08:43:01.423 63796 INFO tempest.lib.common.rest_client [req-25ed6c5a-5e76-483a-9346-9cc0c419c25f req-25ed6c5a-5e76-483a-9346-9cc0c419c25f ] Request (HypervisorAdminNegativeTestJSON:setUpClass): 204 PUT http://10.180.1.21/identity/v3/projects/47bfd46b1c384670be7be2aa5df40baf/users/187a2181ce364624874ef92332ca86df/roles/546ec793367b4e68b5e08df0905a267a 0.022s
2025-02-18 08:43:01.423 63796 INFO tempest.lib.common.dynamic_creds [-] Dynamic test user 187a2181ce364624874ef92332ca86df is created with scope project and roles: ['admin']
2025-02-18 08:43:01.423 63796 INFO tempest.lib.common.dynamic_creds [-] Acquired dynamic creds: credentials: Credentials: {'domain_id': 'default', 'domain_name': 'Default', 'username': 'tempest-HypervisorAdminNegativeTestJSON-1157269735-project-admin', 'project_domain_id': 'default', 'project_domain_name': 'Default', 'project_id': '47bfd46b1c384670be7be2aa5df40baf', 'project_name': 'tempest-HypervisorAdminNegativeTestJSON-1157269735', 'tenant_id': '47bfd46b1c384670be7be2aa5df40baf', 'tenant_name': 'tempest-HypervisorAdminNegativeTestJSON-1157269735', 'user_domain_id': 'default', 'user_domain_name': 'Default', 'user_id': '187a2181ce364624874ef92332ca86df', 'system': None}, Network: None, Subnet: None, Router: None
2025-02-18 08:43:01.424 63796 INFO tempest.lib.common.dynamic_creds [-] Created isolated network resources for: credentials: Credentials: {'domain_id': 'default', 'domain_name': 'Default', 'username': 'tempest-HypervisorAdminNegativeTestJSON-1157269735-project-admin', 'project_domain_id': 'default', 'project_domain_name': 'Default', 'project_id': '47bfd46b1c384670be7be2aa5df40baf', 'project_name': 'tempest-HypervisorAdminNegativeTestJSON-1157269735', 'tenant_id': '47bfd46b1c384670be7be2aa5df40baf', 'tenant_name': 'tempest-HypervisorAdminNegativeTestJSON-1157269735', 'user_domain_id': 'default', 'user_domain_name': 'Default', 'user_id': '187a2181ce364624874ef92332ca86df', 'system': None}, Network: None, Subnet: None, Router: None
2025-02-18 08:43:01.436 63742 INFO tempest.lib.common.rest_client [req-e137e6bb-3466-49bf-9717-0c24936297fa req-e137e6bb-3466-49bf-9717-0c24936297fa ] Request (ImagesNegativeTestJSON:setUpClass): 201 POST http://10.180.1.21:9696/networking/v2.0/routers 1.746s
2025-02-18 08:43:01.466 63788 INFO tempest.lib.common.rest_client [req-b1a86afe-11ed-4aa5-96fe-ff9a9614d8b4 req-b1a86afe-11ed-4aa5-96fe-ff9a9614d8b4 ] Request (AttachInterfacesV270Test:tearDownClass): 200 GET http://10.180.1.21/compute/v2.1/servers/75c01ee1-1172-46df-80ad-390f2fab38ce 1.073s
2025-02-18 08:43:01.485 63758 INFO tempest.lib.common.rest_client [req-82f8db49-e407-4592-8889-63e7bfcf3d67 req-82f8db49-e407-4592-8889-63e7bfcf3d67 ] Request (ServersTestFqdnHostnames:test_create_server_with_fqdn_name): 201 POST http://10.180.1.21:9696/networking/v2.0/floatingips 1.112s
2025-02-18 08:43:01.546 63796 INFO tempest.lib.common.rest_client [req-9ecaaed5-5297-4d51-8418-54753cda8d2e req-9ecaaed5-5297-4d51-8418-54753cda8d2e ] Request (HypervisorAdminNegativeTestJSON:setUpClass): 201 POST http://10.180.1.21/identity/v3/auth/tokens 0.119s
2025-02-18 08:43:01.599 63746 INFO tempest.lib.common.rest_client [req-2d5910f4-681c-40c3-b5a8-ee9ce6e98316 req-2d5910f4-681c-40c3-b5a8-ee9ce6e98316 ] Request (ImagesMetadataTestJSON:setUpClass): 201 POST http://10.180.1.21/image/v2/images 0.536s
2025-02-18 08:43:01.610 63758 INFO tempest.lib.common.rest_client [req-6ad964ee-8727-4974-a540-bfff98273cb9 req-6ad964ee-8727-4974-a540-bfff98273cb9 ] Request (ServersTestFqdnHostnames:test_create_server_with_fqdn_name): 201 POST http://10.180.1.21/identity/v3/auth/tokens 0.121s
2025-02-18 08:43:01.611 63758 INFO tempest.lib.common.fixed_network [-] (ServersTestFqdnHostnames:test_create_server_with_fqdn_name) Found network {'id': '00ce32d5-d2eb-49ef-a23c-ec934ae1df4e', 'name': 'tempest-ServersTestFqdnHostnames-273173244-network', 'tenant_id': '22b322fa37c0410fb557545981344b4c', 'admin_state_up': True, 'mtu': 8950, 'status': 'ACTIVE', 'subnets': [], 'shared': False, 'project_id': '22b322fa37c0410fb557545981344b4c', 'port_security_enabled': True, 'router:external': False, 'provider:network_type': 'vlan', 'provider:physical_network': 'default', 'provider:segmentation_id': 973, 'availability_zone_hints': [], 'availability_zones': [], 'ipv4_address_scope': None, 'ipv6_address_scope': None, 'description': '', 'tags': [], 'created_at': '2025-02-18T08:42:53Z', 'updated_at': '2025-02-18T08:42:53Z', 'revision_number': 1} available for tenant
2025-02-18 08:43:01.612 63768 INFO tempest.lib.common.rest_client [req-12369df6-783f-4ec9-9d8f-900528568d31 req-12369df6-783f-4ec9-9d8f-900528568d31 ] Request (AggregatesAdminNegativeTestJSON:_run_cleanups): 200 POST http://10.180.1.21/compute/v2.1/os-aggregates/7/action 1.019s
2025-02-18 08:43:01.644 63795 INFO tempest.lib.common.rest_client [req-70fc5f48-607b-4a59-8549-b00dc7e9cc52 req-70fc5f48-607b-4a59-8549-b00dc7e9cc52 ] Request (FlavorsAdminTestJSON:test_is_public_string_variations): 200 GET http://10.180.1.21/compute/v2.1/flavors/detail?is_public=t 1.033s
2025-02-18 08:43:01.715 63784 INFO tempest.lib.common.rest_client [req-4a6fabcd-9898-450c-a605-eb21d10e13a9 req-4a6fabcd-9898-450c-a605-eb21d10e13a9 ] Request (DeleteServersTestJSON:test_delete_active_server): 200 GET http://10.180.1.21/compute/v2.1/servers/bc5f3770-73db-4b5a-98cd-03412048c8ca 0.988s
2025-02-18 08:43:01.914 63744 INFO tempest.lib.common.rest_client [req-272507ae-1c39-44ba-b696-a7db55fc73dc req-272507ae-1c39-44ba-b696-a7db55fc73dc ] Request (ServerRescueTestJSON:setUpClass): 200 GET http://10.180.1.21/compute/v2.1/servers/c2f63cc4-b8b0-4be3-ad2c-d68e1be02d4a 1.327s
2025-02-18 08:43:01.924 63744 INFO tempest.common.waiters [-] State transition "BUILD/spawning" ==> "ACTIVE/None" after 28 second wait
2025-02-18 08:43:01.942 63750 INFO tempest.lib.common.rest_client [req-7d44f0d4-2916-4e62-9f43-ce4805341505 req-7d44f0d4-2916-4e62-9f43-ce4805341505 ] Request (ServerShowV247Test:test_show_server): 200 GET http://10.180.1.21/compute/v2.1/servers/7d5d9360-e0f8-4e72-850b-5a5b01d619de 1.032s
2025-02-18 08:43:02.017 63750 INFO tempest.lib.common.rest_client [req-edee771a-3a5b-41e4-89d2-082815c060ae req-edee771a-3a5b-41e4-89d2-082815c060ae ] Request (ServerShowV247Test:test_update_rebuild_list_server): 201 POST http://10.180.1.21/identity/v3/auth/tokens 0.059s
2025-02-18 08:43:02.018 63750 INFO tempest.lib.common.fixed_network [-] (ServerShowV247Test:test_update_rebuild_list_server) Found network None available for tenant
2025-02-18 08:43:02.022 63782 INFO tempest.lib.common.rest_client [req-0e7d0b3e-e09d-47c4-b124-21b3854464b1 req-0e7d0b3e-e09d-47c4-b124-21b3854464b1 ] Request (ServerDiagnosticsV248Test:tearDownClass): 200 GET http://10.180.1.21/compute/v2.1/servers/2d0161c6-c351-4113-a846-e769fdef4c4c 1.025s
2025-02-18 08:43:02.032 63766 INFO tempest.lib.common.rest_client [req-1e16bf70-7894-4dfc-b22c-f98425b4ce42 req-1e16bf70-7894-4dfc-b22c-f98425b4ce42 ] Request (SecurityGroupRulesNegativeTestJSON:tearDownClass): 200 PUT http://10.180.1.21:9696/networking/v2.0/routers/c480ccd6-814e-4443-a689-9f2475050f2d/remove_router_interface 1.479s
2025-02-18 08:43:02.223 63746 INFO tempest.lib.common.rest_client [req-0b591145-96dc-4731-bb01-46e3fc2438bd req-0b591145-96dc-4731-bb01-46e3fc2438bd ] Request (ImagesMetadataTestJSON:setUpClass): 204 PUT http://10.180.1.21/image/v2/images/eea51aa6-ef9e-4a4a-9ee2-f9da9bba7ec8/file 0.623s
2025-02-18 08:43:02.521 63798 INFO tempest.lib.common.rest_client [req-8cc7ffe4-6b42-4bb3-ab87-f65a46dc9af1 req-8cc7ffe4-6b42-4bb3-ab87-f65a46dc9af1 ] Request (ListImageFiltersTestJSON:setUpClass): 202 POST http://10.180.1.21/compute/v2.1/servers 1.448s
2025-02-18 08:43:02.600 63738 INFO tempest.lib.common.rest_client [req-ccf25d97-09c0-416d-86d1-3860983daa8c req-ccf25d97-09c0-416d-86d1-3860983daa8c ] Request (ServerDiagnosticsNegativeTest:test_get_server_diagnostics_by_non_admin): 202 POST http://10.180.1.21/compute/v2.1/servers 1.602s
2025-02-18 08:43:02.617 63776 INFO tempest.lib.common.rest_client [req-92f11d33-2cf5-4b36-86e7-0a6d2f3782eb req-92f11d33-2cf5-4b36-86e7-0a6d2f3782eb ] Request (QuotasAdminTestJSON:test_delete_quota): 202 DELETE http://10.180.1.21/compute/v2.1/os-quota-sets/ec2205e91e704e3aaff143e36ea440f2 1.408s
2025-02-18 08:43:02.625 63748 INFO tempest.lib.common.rest_client [req-a70387d2-5b8d-4621-8059-d5e9b647fa56 req-a70387d2-5b8d-4621-8059-d5e9b647fa56 ] Request (FloatingIPsAssociationNegativeTestJSON:setUpClass): 200 GET http://10.180.1.21/compute/v2.1/servers/7d9f4739-340e-45d3-9a48-97524a1382f6 1.433s
2025-02-18 08:43:02.641 63798 INFO tempest.lib.common.rest_client [req-20265d22-031c-4432-a40b-96062693e9d0 req-20265d22-031c-4432-a40b-96062693e9d0 ] Request (ListImageFiltersTestJSON:setUpClass): 201 POST http://10.180.1.21/identity/v3/auth/tokens 0.115s
2025-02-18 08:43:02.642 63798 INFO tempest.lib.common.fixed_network [-] (ListImageFiltersTestJSON:setUpClass) Found network None available for tenant
2025-02-18 08:43:02.696 63790 INFO tempest.lib.common.rest_client [req-25d85ce6-4d4d-4245-a0f8-cf66b700e8d3 req-25d85ce6-4d4d-4245-a0f8-cf66b700e8d3 ] Request (ServersAdminTestJSON:test_create_server_with_scheduling_hint): 200 GET http://10.180.1.21/compute/v2.1/servers/0f345c27-a7f2-42f4-b60c-751276d3860b 1.346s
2025-02-18 08:43:02.719 63770 INFO tempest.lib.common.rest_client [req-5655cbe4-6d89-4ced-a6da-2aaddc3dc669 req-5655cbe4-6d89-4ced-a6da-2aaddc3dc669 ] Request (KeyPairsV22TestJSON:_run_cleanups): 204 DELETE http://10.180.1.21/compute/v2.1/os-keypairs/tempest-keypair-1540608268 1.368s
2025-02-18 08:43:02.740 63792 INFO tempest.lib.common.rest_client [req-073fcdd4-2fa3-4e53-841e-1944d91cc8de req-073fcdd4-2fa3-4e53-841e-1944d91cc8de ] Request (ServersWithSpecificFlavorTestJSON:test_verify_created_server_ephemeral_disk): 200 GET http://10.180.1.21/compute/v2.1/servers/927418d6-d1f7-4dd9-802a-d71b8f799923 1.471s
2025-02-18 08:43:02.763 63740 INFO tempest.lib.common.rest_client [req-232ff37b-f7d8-4ada-91b4-cdee111b94fc req-232ff37b-f7d8-4ada-91b4-cdee111b94fc ] Request (ServerAddressesTestJSON:test_list_server_addresses_by_network): 200 GET http://10.180.1.21/compute/v2.1/servers/b9e17b0f-6298-48f2-849b-9971fa0cecdf/ips/tempest-ServerAddressesTestJSON-1465789589-network 1.384s
2025-02-18 08:43:02.822 63778 INFO tempest.lib.common.rest_client [req-57ebca2f-c951-4825-83f2-eba1e9b9005a req-57ebca2f-c951-4825-83f2-eba1e9b9005a ] Request (ServerShowV257Test:test_rebuild_server): 200 GET http://10.180.1.21/compute/v2.1/servers/7e0b708c-30d4-4e6e-8127-9fe68dc2f193 1.369s
2025-02-18 08:43:02.832 63778 INFO tempest.common.waiters [-] State transition "BUILD/scheduling" ==> "BUILD/None" after 8 second wait
2025-02-18 08:43:02.882 63773 INFO tempest.lib.common.rest_client [req-d89267f9-1855-4324-8233-2bf3300c3406 req-d89267f9-1855-4324-8233-2bf3300c3406 ] Request (ServersAdmin275Test:test_rebuild_update_server_275): 200 GET http://10.180.1.21/compute/v2.1/servers/154f2013-37a3-4e14-b377-e992a080d8f8 1.373s
2025-02-18 08:43:02.894 63773 INFO tempest.common.waiters [-] State transition "BUILD/networking" ==> "BUILD/spawning" after 16 second wait
2025-02-18 08:43:02.906 63800 WARNING tempest.lib.common.ssh [-] Failed to establish authenticated ssh connection to cirros@10.180.180.170 ([Errno None] Unable to connect to port 22 on 10.180.180.170). Number attempts: 2. Retry after 3 seconds.: paramiko.ssh_exception.NoValidConnectionsError: [Errno None] Unable to connect to port 22 on 10.180.180.170
2025-02-18 08:43:02.963 63796 INFO tempest.lib.common.rest_client [req-7131e27f-b90a-461b-9ea5-ce3f16fc1437 req-7131e27f-b90a-461b-9ea5-ce3f16fc1437 ] Request (HypervisorAdminNegativeTestJSON:test_get_hypervisor_list_details_with_non_admin_user): 403 GET http://10.180.1.21/compute/v2.1/os-hypervisors/detail 1.416s
2025-02-18 08:43:02.997 63766 INFO tempest.lib.common.rest_client [req-51851216-39de-4854-af5b-b4dbabfabe99 req-51851216-39de-4854-af5b-b4dbabfabe99 ] Request (SecurityGroupRulesNegativeTestJSON:tearDownClass): 204 DELETE http://10.180.1.21:9696/networking/v2.0/routers/c480ccd6-814e-4443-a689-9f2475050f2d 0.964s
2025-02-18 08:43:03.013 63764 INFO tempest.lib.common.rest_client [req-675d4cc0-34dd-4642-a50f-6d3cb3207ec9 req-675d4cc0-34dd-4642-a50f-6d3cb3207ec9 ] Request (MigrationsAdminTest:test_list_migrations_in_flavor_resize_situation): 200 GET http://10.180.1.21/compute/v2.1/servers/b9f32509-47d3-485d-93a4-22e12490de17 1.589s
2025-02-18 08:43:03.048 63774 INFO tempest.lib.common.rest_client [req-4e926b4c-11d7-43af-94b8-babbd2a68349 req-4e926b4c-11d7-43af-94b8-babbd2a68349 ] Request (ServerExternalEventsTest:tearDownClass): 200 GET http://10.180.1.21/compute/v2.1/servers/7380379b-dd8c-407c-9aaa-ae21c76f88d5 1.460s
2025-02-18 08:43:03.079 63768 INFO tempest.lib.common.rest_client [req-cc3f96c2-c682-413e-a46b-b8b4d0e8049f req-cc3f96c2-c682-413e-a46b-b8b4d0e8049f ] Request (AggregatesAdminNegativeTestJSON:_run_cleanups): 200 DELETE http://10.180.1.21/compute/v2.1/os-aggregates/7 1.464s
2025-02-18 08:43:03.142 63762 INFO tempest.lib.common.rest_client [req-5867e6fa-dbdf-4dcb-acda-759972a18f6d req-5867e6fa-dbdf-4dcb-acda-759972a18f6d ] Request (SecurityGroupsTestJSON:test_list_security_groups_by_server): 200 GET http://10.180.1.21/compute/v2.1/servers/1584e140-07b6-4876-8d25-b814f731d86d 1.500s
2025-02-18 08:43:03.175 63795 INFO tempest.lib.common.rest_client [req-39b78f20-d0c0-4637-9242-440834b2af5a req-39b78f20-d0c0-4637-9242-440834b2af5a ] Request (FlavorsAdminTestJSON:test_is_public_string_variations): 200 GET http://10.180.1.21/compute/v2.1/flavors/detail?is_public=true 1.523s
2025-02-18 08:43:03.201 63754 INFO tempest.lib.common.rest_client [req-162140ab-e64a-4879-9aa3-81785c7425eb req-162140ab-e64a-4879-9aa3-81785c7425eb ] Request (ServerDiagnosticsTest:tearDownClass): 404 GET http://10.180.1.21/compute/v2.1/servers/19fdb067-c4d3-466e-9c3b-bf0a77dd2f95 1.483s
2025-02-18 08:43:03.250 63756 INFO tempest.lib.common.rest_client [req-bc54c658-7219-4a6d-974a-a808c9719a45 req-bc54c658-7219-4a6d-974a-a808c9719a45 ] Request (ImagesOneServerTestJSON:test_create_delete_image): 200 GET http://10.180.1.21/compute/v2.1/images/bc5f91db-9f61-4df6-9568-c2f5dc8d4195 1.497s
2025-02-18 08:43:03.301 63766 INFO tempest.lib.common.rest_client [req-0948e934-c42a-4fa2-8733-38794aa75dc0 req-0948e934-c42a-4fa2-8733-38794aa75dc0 ] Request (SecurityGroupRulesNegativeTestJSON:tearDownClass): 204 DELETE http://10.180.1.21:9696/networking/v2.0/subnets/8583eebd-9262-4651-9e07-a928648b5bf8 0.304s
2025-02-18 08:43:03.368 63754 INFO tempest.lib.common.rest_client [req-4bb30c68-a9f5-47e1-b234-ecf700bef58d req-4bb30c68-a9f5-47e1-b234-ecf700bef58d ] Request (ServerDiagnosticsTest:tearDownClass): 204 DELETE http://10.180.1.21/identity/v3/users/60347fbb65e7442f866e54496dc25459 0.167s
2025-02-18 08:43:03.369 63744 INFO tempest.lib.common.rest_client [req-fead1d88-279d-4fdb-b50d-629853c511a0 req-fead1d88-279d-4fdb-b50d-629853c511a0 ] Request (ServerRescueTestJSON:setUpClass): 200 POST http://10.180.1.21/compute/v2.1/servers/c2f63cc4-b8b0-4be3-ad2c-d68e1be02d4a/action 1.444s
2025-02-18 08:43:03.501 63750 INFO tempest.lib.common.rest_client [req-38b8d7b8-25e1-4e69-b90d-8ecf73662284 req-38b8d7b8-25e1-4e69-b90d-8ecf73662284 ] Request (ServerShowV247Test:test_update_rebuild_list_server): 202 POST http://10.180.1.21/compute/v2.1/servers 1.483s
2025-02-18 08:43:03.506 63754 INFO tempest.lib.common.rest_client [req-c15afe4b-4e85-449b-8324-66c5f8495dfc req-c15afe4b-4e85-449b-8324-66c5f8495dfc ] Request (ServerDiagnosticsTest:tearDownClass): 204 DELETE http://10.180.1.21/identity/v3/users/d08ddbe5c4a34fd28cbf41b04edec5e8 0.137s
2025-02-18 08:43:03.506 63754 INFO tempest.lib.common.dynamic_creds [-] Deleting project and security group for project: cfe547073a8d481dbcfab44337b0fda0
2025-02-18 08:43:03.579 63754 INFO tempest.lib.common.rest_client [req-e58221ae-c1dd-4725-953b-c58844d8b64a req-e58221ae-c1dd-4725-953b-c58844d8b64a ] Request (ServerDiagnosticsTest:tearDownClass): 201 POST http://10.180.1.21/identity/v3/auth/tokens 0.072s
2025-02-18 08:43:03.603 63786 INFO tempest.lib.common.rest_client [req-645da58a-75f8-4511-ac61-aca02af21d0d req-645da58a-75f8-4511-ac61-aca02af21d0d ] Request (ServersTestJSON:setUpClass): 200 GET http://10.180.1.21/compute/v2.1/servers/4489c2df-9894-49f3-ba4b-4a02b247bd23 1.522s
2025-02-18 08:43:03.633 63746 INFO tempest.lib.common.rest_client [req-69dc7c70-2503-4b06-bb53-8f5e424bc8fa req-69dc7c70-2503-4b06-bb53-8f5e424bc8fa ] Request (ImagesMetadataTestJSON:setUpClass): 200 GET http://10.180.1.21/compute/v2.1/images/eea51aa6-ef9e-4a4a-9ee2-f9da9bba7ec8 1.410s
2025-02-18 08:43:03.656 63758 INFO tempest.lib.common.rest_client [req-282567c2-e2a5-4ecc-9658-7bcceb6adb2e req-282567c2-e2a5-4ecc-9658-7bcceb6adb2e ] Request (ServersTestFqdnHostnames:test_create_server_with_fqdn_name): 202 POST http://10.180.1.21/compute/v2.1/servers 2.043s
2025-02-18 08:43:03.659 63742 INFO tempest.lib.common.rest_client [req-27bb4281-f154-4ffc-9b2e-72de99e44f61 req-27bb4281-f154-4ffc-9b2e-72de99e44f61 ] Request (ImagesNegativeTestJSON:setUpClass): 200 PUT http://10.180.1.21:9696/networking/v2.0/routers/a4b397be-26fa-42e1-8134-3fd46bcfccce/add_router_interface 2.221s
2025-02-18 08:43:03.659 63742 INFO tempest.lib.common.dynamic_creds [-] Created isolated network resources for: credentials: Credentials: {'domain_id': 'default', 'domain_name': 'Default', 'username': 'tempest-ImagesNegativeTestJSON-1746549339-project-member', 'project_domain_id': 'default', 'project_domain_name': 'Default', 'project_id': 'bf6b50ad555d469e8128ae18eefad3da', 'project_name': 'tempest-ImagesNegativeTestJSON-1746549339', 'tenant_id': 'bf6b50ad555d469e8128ae18eefad3da', 'tenant_name': 'tempest-ImagesNegativeTestJSON-1746549339', 'user_domain_id': 'default', 'user_domain_name': 'Default', 'user_id': '53517382cf734fcd871766a614bba0a5', 'system': None}, Network: {'id': '57ef85fe-243d-4e41-bf87-40c8e8d5bede', 'name': 'tempest-ImagesNegativeTestJSON-588946258-network', 'tenant_id': 'bf6b50ad555d469e8128ae18eefad3da', 'admin_state_up': True, 'mtu': 8950, 'status': 'ACTIVE', 'subnets': [], 'shared': False, 'project_id': 'bf6b50ad555d469e8128ae18eefad3da', 'port_security_enabled': True, 'router:external': False, 'provider:network_type': 'vlan', 'provider:physical_network': 'default', 'provider:segmentation_id': 603, 'availability_zone_hints': [], 'availability_zones': [], 'ipv4_address_scope': None, 'ipv6_address_scope': None, 'description': '', 'tags': [], 'created_at': '2025-02-18T08:42:59Z', 'updated_at': '2025-02-18T08:42:59Z', 'revision_number': 1}, Subnet: {'id': '637c514f-fc5a-4577-b460-5cdac440bd8d', 'name': 'tempest-ImagesNegativeTestJSON-588946258-subnet', 'tenant_id': 'bf6b50ad555d469e8128ae18eefad3da', 'network_id': '57ef85fe-243d-4e41-bf87-40c8e8d5bede', 'ip_version': 4, 'subnetpool_id': None, 'enable_dhcp': True, 'ipv6_ra_mode': None, 'ipv6_address_mode': None, 'gateway_ip': '192.168.128.1', 'cidr': '192.168.128.0/28', 'allocation_pools': [{'start': '192.168.128.2', 'end': '192.168.128.14'}], 'host_routes': [], 'dns_nameservers': [], 'description': '', 'router:external': False, 'service_types': [], 'tags': [], 'created_at': '2025-02-18T08:42:59Z', 'updated_at': '2025-02-18T08:42:59Z', 'revision_number': 0, 'project_id': 'bf6b50ad555d469e8128ae18eefad3da'}, Router: {'id': 'a4b397be-26fa-42e1-8134-3fd46bcfccce', 'name': 'tempest-ImagesNegativeTestJSON-588946258-router', 'tenant_id': 'bf6b50ad555d469e8128ae18eefad3da', 'admin_state_up': True, 'status': 'ACTIVE', 'external_gateway_info': {'network_id': 'a6df9a25-01b1-4cf6-99ab-9c6848278693', 'external_fixed_ips': [{'subnet_id': '9d1b0568-5b29-4fd5-9ca5-1f09b46e5ca0', 'ip_address': '10.180.180.219'}], 'enable_snat': True}, 'description': '', 'availability_zones': [], 'distributed': False, 'ha': False, 'availability_zone_hints': [], 'routes': [], 'flavor_id': None, 'tags': [], 'created_at': '2025-02-18T08:42:59Z', 'updated_at': '2025-02-18T08:43:00Z', 'revision_number': 2, 'project_id': 'bf6b50ad555d469e8128ae18eefad3da'}
2025-02-18 08:43:03.663 63766 INFO tempest.lib.common.rest_client [req-09e4ec1d-0c06-4a03-85cc-f50a3e5d01db req-09e4ec1d-0c06-4a03-85cc-f50a3e5d01db ] Request (SecurityGroupRulesNegativeTestJSON:tearDownClass): 204 DELETE http://10.180.1.21:9696/networking/v2.0/networks/4714bc81-2e06-47fa-9f2f-e56dda03357b 0.361s
2025-02-18 08:43:03.792 63754 INFO tempest.lib.common.rest_client [req-d04d4cd6-074a-482a-95e9-0ff23ca48f15 req-d04d4cd6-074a-482a-95e9-0ff23ca48f15 ] Request (ServerDiagnosticsTest:tearDownClass): 200 GET http://10.180.1.21:9696/networking/v2.0/security-groups?tenant_id=cfe547073a8d481dbcfab44337b0fda0&name=default 0.213s
2025-02-18 08:43:03.835 63766 INFO tempest.lib.common.rest_client [req-577ea30b-17dd-424e-8bb6-e14d10c74ad9 req-577ea30b-17dd-424e-8bb6-e14d10c74ad9 ] Request (SecurityGroupRulesNegativeTestJSON:tearDownClass): 204 DELETE http://10.180.1.21/identity/v3/users/b61891d1da6541028809e0b23c4bc165 0.171s
2025-02-18 08:43:03.835 63766 INFO tempest.lib.common.dynamic_creds [-] Deleting project and security group for project: ff46ea8646624ca2976267ea706dc182
2025-02-18 08:43:03.841 63752 INFO tempest.lib.common.rest_client [req-a57213d6-4d30-4a88-b0f9-3db33282dbcb req-a57213d6-4d30-4a88-b0f9-3db33282dbcb ] Request (ServersTestBootFromVolume:setUpClass): 200 GET http://10.180.1.21/compute/v2.1/servers/7f391b47-6f6b-44df-9d84-4001a5f04ad3 1.497s
2025-02-18 08:43:03.869 63742 INFO tempest.lib.common.rest_client [req-40eecd79-f871-4db1-aea8-3acb49247dcc req-40eecd79-f871-4db1-aea8-3acb49247dcc ] Request (ImagesNegativeTestJSON:setUpClass): 201 POST http://10.180.1.21/identity/v3/auth/tokens 0.199s
2025-02-18 08:43:03.870 63766 INFO tempest.lib.common.rest_client [req-acd91ac8-7cfe-417d-a605-cb2a27c1595d req-acd91ac8-7cfe-417d-a605-cb2a27c1595d ] Request (SecurityGroupRulesNegativeTestJSON:tearDownClass): 200 GET http://10.180.1.21:9696/networking/v2.0/security-groups?tenant_id=ff46ea8646624ca2976267ea706dc182&name=default 0.035s
2025-02-18 08:43:03.936 63780 INFO tempest.lib.common.rest_client [req-3a6dc66c-cb8a-4a26-8f15-3a0775037296 req-3a6dc66c-cb8a-4a26-8f15-3a0775037296 ] Request (ServerActionsTestJSON:setUpClass): 200 GET http://10.180.1.21/compute/v2.1/servers/d7e1b035-942f-45f6-a94e-3a67e0cefec5 1.525s
2025-02-18 08:43:03.952 63760 INFO tempest.lib.common.rest_client [req-aa9ee34d-b69c-404e-9e8f-7afefec7c3af req-aa9ee34d-b69c-404e-9e8f-7afefec7c3af ] Request (ServerRescueTestJSONUnderV235:setUpClass): 200 GET http://10.180.1.21/compute/v2.1/servers/57df8151-b7ef-4faa-8451-4ca33d7daf39 1.606s
2025-02-18 08:43:03.981 63742 INFO tempest.lib.common.rest_client [req-ac33dd42-3b11-410c-8416-81bede4bda5c req-ac33dd42-3b11-410c-8416-81bede4bda5c ] Request (ImagesNegativeTestJSON:test_create_image_from_deleted_server): 201 POST http://10.180.1.21/identity/v3/auth/tokens 0.108s
