2025-02-18 08:42:12.218 63788 INFO tempest.lib.common.fixed_network [-] (AttachInterfacesV270Test:test_create_get_list_interfaces) Found network {'id': '64b4d58b-3e7b-4ac0-bb17-3ba9d18456ed', 'name': 'tempest-AttachInterfacesV270Test-2106493515-network', 'tenant_id': 'b03f664bfc21419689f2ff31f784f615', 'admin_state_up': True, 'mtu': 8950, 'status': 'ACTIVE', 'subnets': [], 'shared': False, 'project_id': 'b03f664bfc21419689f2ff31f784f615', 'port_security_enabled': True, 'router:external': False, 'provider:network_type': 'vlan', 'provider:physical_network': 'default', 'provider:segmentation_id': 459, 'availability_zone_hints': [], 'availability_zones': [], 'ipv4_address_scope': None, 'ipv6_address_scope': None, 'description': '', 'tags': [], 'created_at': '2025-02-18T08:42:04Z', 'updated_at': '2025-02-18T08:42:04Z', 'revision_number': 1} available for tenant
2025-02-18 08:42:12.276 63748 INFO tempest.lib.common.rest_client [req-2c4143a1-78db-4a4d-af22-deca163e7572 req-2c4143a1-78db-4a4d-af22-deca163e7572 ] Request (AZAdminV2TestJSON:tearDownClass): 204 DELETE http://10.180.1.21:9696/networking/v2.0/security-groups/4ef90acd-55d9-4d16-9883-c20e9bf23ef9 0.174s
2025-02-18 08:42:12.280 63740 INFO tempest.lib.common.rest_client [req-d46d1010-0425-4e41-96a0-cec4887cf7e3 req-d46d1010-0425-4e41-96a0-cec4887cf7e3 ] Request (HypervisorAdminV228Test:tearDownClass): 204 DELETE http://10.180.1.21/identity/v3/users/42dc70be609e45e1bb13107bd9857af0 0.199s
2025-02-18 08:42:12.281 63740 INFO tempest.lib.common.dynamic_creds [-] Deleting project and security group for project: 9aae7e66fae84774b4339febac3e02f7
2025-02-18 08:42:12.321 63738 INFO tempest.lib.common.rest_client [req-a814c73b-d068-4b9d-a612-5212ede71f52 req-a814c73b-d068-4b9d-a612-5212ede71f52 ] Request (FlavorsAccessTestJSON:test_flavor_access_add_remove): 200 POST http://10.180.1.21/compute/v2.1/flavors 2.309s
2025-02-18 08:42:12.342 63752 INFO tempest.lib.common.rest_client [req-4a877d7e-fcc1-4c02-88c7-e71a7dab9229 req-4a877d7e-fcc1-4c02-88c7-e71a7dab9229 ] Request (ServersTestBootFromVolume:setUpClass): 200 GET http://10.180.1.21/volume/v3/volumes/77f52262-df46-4c03-966b-968af3880305 0.055s
2025-02-18 08:42:12.353 63790 INFO tempest.lib.common.rest_client [req-cec2a71e-97b2-4b16-900d-c4c293d7e52c req-cec2a71e-97b2-4b16-900d-c4c293d7e52c ] Request (ServersAdminTestJSON:setUpClass): 201 POST http://10.180.1.21:9696/networking/v2.0/networks 0.361s
2025-02-18 08:42:12.388 63792 INFO tempest.lib.common.rest_client [req-4f57287c-bfdd-427c-88a8-da97b52d7ec6 req-4f57287c-bfdd-427c-88a8-da97b52d7ec6 ] Request (ServersWithSpecificFlavorTestJSON:setUpClass): 200 PUT http://10.180.1.21:9696/networking/v2.0/routers/a23777b0-3af1-410b-9fa4-4e64d3676ada/add_router_interface 1.833s
2025-02-18 08:42:12.388 63792 INFO tempest.lib.common.dynamic_creds [-] Created isolated network resources for: credentials: Credentials: {'domain_id': 'default', 'domain_name': 'Default', 'username': 'tempest-ServersWithSpecificFlavorTestJSON-1844866441-project-member', 'project_domain_id': 'default', 'project_domain_name': 'Default', 'project_id': 'b23a54b269cf438e8f62ba65c16e11d8', 'project_name': 'tempest-ServersWithSpecificFlavorTestJSON-1844866441', 'tenant_id': 'b23a54b269cf438e8f62ba65c16e11d8', 'tenant_name': 'tempest-ServersWithSpecificFlavorTestJSON-1844866441', 'user_domain_id': 'default', 'user_domain_name': 'Default', 'user_id': 'ad20c99eaa07457990b992afd6909839', 'system': None}, Network: {'id': 'd6e908f4-090b-4372-bbf0-210f17e350f5', 'name': 'tempest-ServersWithSpecificFlavorTestJSON-2070017661-network', 'tenant_id': 'b23a54b269cf438e8f62ba65c16e11d8', 'admin_state_up': True, 'mtu': 8950, 'status': 'ACTIVE', 'subnets': [], 'shared': False, 'project_id': 'b23a54b269cf438e8f62ba65c16e11d8', 'port_security_enabled': True, 'router:external': False, 'provider:network_type': 'vlan', 'provider:physical_network': 'default', 'provider:segmentation_id': 433, 'availability_zone_hints': [], 'availability_zones': [], 'ipv4_address_scope': None, 'ipv6_address_scope': None, 'description': '', 'tags': [], 'created_at': '2025-02-18T08:42:07Z', 'updated_at': '2025-02-18T08:42:07Z', 'revision_number': 1}, Subnet: {'id': 'b1e92594-8bc9-4272-aedb-4697b3aaf82a', 'name': 'tempest-ServersWithSpecificFlavorTestJSON-2070017661-subnet', 'tenant_id': 'b23a54b269cf438e8f62ba65c16e11d8', 'network_id': 'd6e908f4-090b-4372-bbf0-210f17e350f5', 'ip_version': 4, 'subnetpool_id': None, 'enable_dhcp': True, 'ipv6_ra_mode': None, 'ipv6_address_mode': None, 'gateway_ip': '192.168.128.1', 'cidr': '192.168.128.0/28', 'allocation_pools': [{'start': '192.168.128.2', 'end': '192.168.128.14'}], 'host_routes': [], 'dns_nameservers': [], 'description': '', 'router:external': False, 'service_types': [], 'tags': [], 'created_at': '2025-02-18T08:42:07Z', 'updated_at': '2025-02-18T08:42:07Z', 'revision_number': 0, 'project_id': 'b23a54b269cf438e8f62ba65c16e11d8'}, Router: {'id': 'a23777b0-3af1-410b-9fa4-4e64d3676ada', 'name': 'tempest-ServersWithSpecificFlavorTestJSON-2070017661-router', 'tenant_id': 'b23a54b269cf438e8f62ba65c16e11d8', 'admin_state_up': True, 'status': 'ACTIVE', 'external_gateway_info': {'network_id': 'a6df9a25-01b1-4cf6-99ab-9c6848278693', 'external_fixed_ips': [{'subnet_id': '9d1b0568-5b29-4fd5-9ca5-1f09b46e5ca0', 'ip_address': '10.180.180.237'}], 'enable_snat': True}, 'description': '', 'availability_zones': [], 'distributed': False, 'ha': False, 'availability_zone_hints': [], 'routes': [], 'flavor_id': None, 'tags': [], 'created_at': '2025-02-18T08:42:08Z', 'updated_at': '2025-02-18T08:42:09Z', 'revision_number': 2, 'project_id': 'b23a54b269cf438e8f62ba65c16e11d8'}
2025-02-18 08:42:12.419 63748 INFO tempest.lib.common.rest_client [req-931a270a-81d0-4f1d-8ad3-e3f2242284c7 req-931a270a-81d0-4f1d-8ad3-e3f2242284c7 ] Request (AZAdminV2TestJSON:tearDownClass): 204 DELETE http://10.180.1.21/identity/v3/projects/d7fe452e2d35493c815f9164aede9d0f 0.143s
2025-02-18 08:42:12.437 63770 INFO tempest.lib.common.rest_client [req-22c3e0d8-f496-4503-9ff5-509fd386a7b6 req-22c3e0d8-f496-4503-9ff5-509fd386a7b6 ] Request (InstanceUsageAuditLogTestJSON:test_get_instance_usage_audit_log): 200 GET http://10.180.1.21/compute/v2.1/os-instance_usage_audit_log/2025-02-18%2008%3A42%3A10 2.368s
2025-02-18 08:42:12.456 63800 INFO tempest.lib.common.rest_client [req-fbc04dab-6393-42e8-b1e5-7ad81b2d80e8 req-fbc04dab-6393-42e8-b1e5-7ad81b2d80e8 ] Request (VolumesAssistedSnapshotsTest:setUpClass): 200 PUT http://10.180.1.21:9696/networking/v2.0/routers/cddc8da4-3d61-4953-a57a-6a84692ef394/add_router_interface 1.332s
2025-02-18 08:42:12.457 63800 INFO tempest.lib.common.dynamic_creds [-] Created isolated network resources for: credentials: Credentials: {'domain_id': 'default', 'domain_name': 'Default', 'username': 'tempest-VolumesAssistedSnapshotsTest-1128135383-project-admin', 'project_domain_id': 'default', 'project_domain_name': 'Default', 'project_id': 'a04d950db64e44c4aba3dcf0e5a107a3', 'project_name': 'tempest-VolumesAssistedSnapshotsTest-1128135383', 'tenant_id': 'a04d950db64e44c4aba3dcf0e5a107a3', 'tenant_name': 'tempest-VolumesAssistedSnapshotsTest-1128135383', 'user_domain_id': 'default', 'user_domain_name': 'Default', 'user_id': '2a32603b52c34829910126eac1029fb2', 'system': None}, Network: {'id': '01eba35f-b7a8-418d-8e9b-087c7d4bb829', 'name': 'tempest-VolumesAssistedSnapshotsTest-866609025-network', 'tenant_id': 'a04d950db64e44c4aba3dcf0e5a107a3', 'admin_state_up': True, 'mtu': 8950, 'status': 'ACTIVE', 'subnets': [], 'shared': False, 'project_id': 'a04d950db64e44c4aba3dcf0e5a107a3', 'port_security_enabled': True, 'router:external': False, 'provider:network_type': 'vlan', 'provider:physical_network': 'default', 'provider:segmentation_id': 680, 'availability_zone_hints': [], 'availability_zones': [], 'ipv4_address_scope': None, 'ipv6_address_scope': None, 'description': '', 'tags': [], 'created_at': '2025-02-18T08:42:08Z', 'updated_at': '2025-02-18T08:42:08Z', 'revision_number': 1}, Subnet: {'id': '4dba7ad9-9d2a-44af-a271-2186ea225d91', 'name': 'tempest-VolumesAssistedSnapshotsTest-866609025-subnet', 'tenant_id': 'a04d950db64e44c4aba3dcf0e5a107a3', 'network_id': '01eba35f-b7a8-418d-8e9b-087c7d4bb829', 'ip_version': 4, 'subnetpool_id': None, 'enable_dhcp': True, 'ipv6_ra_mode': None, 'ipv6_address_mode': None, 'gateway_ip': '192.168.128.1', 'cidr': '192.168.128.0/28', 'allocation_pools': [{'start': '192.168.128.2', 'end': '192.168.128.14'}], 'host_routes': [], 'dns_nameservers': [], 'description': '', 'router:external': False, 'service_types': [], 'tags': [], 'created_at': '2025-02-18T08:42:08Z', 'updated_at': '2025-02-18T08:42:08Z', 'revision_number': 0, 'project_id': 'a04d950db64e44c4aba3dcf0e5a107a3'}, Router: {'id': 'cddc8da4-3d61-4953-a57a-6a84692ef394', 'name': 'tempest-VolumesAssistedSnapshotsTest-866609025-router', 'tenant_id': 'a04d950db64e44c4aba3dcf0e5a107a3', 'admin_state_up': True, 'status': 'ACTIVE', 'external_gateway_info': {'network_id': 'a6df9a25-01b1-4cf6-99ab-9c6848278693', 'external_fixed_ips': [{'subnet_id': '9d1b0568-5b29-4fd5-9ca5-1f09b46e5ca0', 'ip_address': '10.180.180.201'}], 'enable_snat': True}, 'description': '', 'availability_zones': [], 'distributed': False, 'ha': False, 'availability_zone_hints': [], 'routes': [], 'flavor_id': None, 'tags': [], 'created_at': '2025-02-18T08:42:08Z', 'updated_at': '2025-02-18T08:42:10Z', 'revision_number': 2, 'project_id': 'a04d950db64e44c4aba3dcf0e5a107a3'}
2025-02-18 08:42:12.488 63740 INFO tempest.lib.common.rest_client [req-e99c0801-000a-481c-9b7d-5100aa0de249 req-e99c0801-000a-481c-9b7d-5100aa0de249 ] Request (HypervisorAdminV228Test:tearDownClass): 201 POST http://10.180.1.21/identity/v3/auth/tokens 0.207s
2025-02-18 08:42:12.523 63764 INFO tempest.lib.common.rest_client [req-bec0c63d-d312-4e1a-a4b9-e79bcebe9ac1 req-bec0c63d-d312-4e1a-a4b9-e79bcebe9ac1 ] Request (InstanceUsageAuditLogNegativeTestJSON:test_get_instance_usage_audit_logs_with_invalid_time): 400 GET http://10.180.1.21/compute/v2.1/os-instance_usage_audit_log/invalid_time 2.393s
2025-02-18 08:42:12.546 63748 INFO tempest.lib.common.rest_client [req-e5284b57-d00c-4b15-9446-789bd0704f97 req-e5284b57-d00c-4b15-9446-789bd0704f97 ] Request (SecurityGroupsTestAdminJSON:setUpClass): 201 POST http://10.180.1.21/identity/v3/auth/tokens 0.125s
2025-02-18 08:42:12.547 63773 INFO tempest.lib.common.rest_client [req-3bbb095f-4377-4615-9034-c69ad8482b76 req-3bbb095f-4377-4615-9034-c69ad8482b76 ] Request (AZAdminNegativeTestJSON:tearDownClass): 200 GET http://10.180.1.21:9696/networking/v2.0/security-groups?tenant_id=ce56d6b3023d49e98fa795ebb17c7be1&name=default 0.397s
2025-02-18 08:42:12.550 63792 INFO tempest.lib.common.rest_client [req-d74618b0-171e-497a-9cd7-1881bed78511 req-d74618b0-171e-497a-9cd7-1881bed78511 ] Request (ServersWithSpecificFlavorTestJSON:setUpClass): 201 POST http://10.180.1.21/identity/v3/auth/tokens 0.157s
2025-02-18 08:42:12.564 63756 INFO tempest.lib.common.rest_client [req-3a5799e1-d8d8-467a-811b-a39e75a62a42 req-3a5799e1-d8d8-467a-811b-a39e75a62a42 ] Request (ImagesOneServerTestJSON:setUpClass): 200 PUT http://10.180.1.21:9696/networking/v2.0/routers/78fd8e74-d508-44e5-9383-c652e1115a3c/add_router_interface 2.039s
2025-02-18 08:42:12.565 63756 INFO tempest.lib.common.dynamic_creds [-] Created isolated network resources for: credentials: Credentials: {'domain_id': 'default', 'domain_name': 'Default', 'username': 'tempest-ImagesOneServerTestJSON-1819708165-project-member', 'project_domain_id': 'default', 'project_domain_name': 'Default', 'project_id': '10ae43e10f2e4bea8501ac15924b7320', 'project_name': 'tempest-ImagesOneServerTestJSON-1819708165', 'tenant_id': '10ae43e10f2e4bea8501ac15924b7320', 'tenant_name': 'tempest-ImagesOneServerTestJSON-1819708165', 'user_domain_id': 'default', 'user_domain_name': 'Default', 'user_id': '628570ef8c624531b95b6e590ee668b6', 'system': None}, Network: {'id': '076ec96a-8f35-4603-9616-9312bdaa041f', 'name': 'tempest-ImagesOneServerTestJSON-371732171-network', 'tenant_id': '10ae43e10f2e4bea8501ac15924b7320', 'admin_state_up': True, 'mtu': 8950, 'status': 'ACTIVE', 'subnets': [], 'shared': False, 'project_id': '10ae43e10f2e4bea8501ac15924b7320', 'port_security_enabled': True, 'router:external': False, 'provider:network_type': 'vlan', 'provider:physical_network': 'default', 'provider:segmentation_id': 609, 'availability_zone_hints': [], 'availability_zones': [], 'ipv4_address_scope': None, 'ipv6_address_scope': None, 'description': '', 'tags': [], 'created_at': '2025-02-18T08:42:07Z', 'updated_at': '2025-02-18T08:42:07Z', 'revision_number': 1}, Subnet: {'id': 'cc0160b4-f448-4177-a63f-7b5352dd680c', 'name': 'tempest-ImagesOneServerTestJSON-371732171-subnet', 'tenant_id': '10ae43e10f2e4bea8501ac15924b7320', 'network_id': '076ec96a-8f35-4603-9616-9312bdaa041f', 'ip_version': 4, 'subnetpool_id': None, 'enable_dhcp': True, 'ipv6_ra_mode': None, 'ipv6_address_mode': None, 'gateway_ip': '192.168.128.1', 'cidr': '192.168.128.0/28', 'allocation_pools': [{'start': '192.168.128.2', 'end': '192.168.128.14'}], 'host_routes': [], 'dns_nameservers': [], 'description': '', 'router:external': False, 'service_types': [], 'tags': [], 'created_at': '2025-02-18T08:42:07Z', 'updated_at': '2025-02-18T08:42:07Z', 'revision_number': 0, 'project_id': '10ae43e10f2e4bea8501ac15924b7320'}, Router: {'id': '78fd8e74-d508-44e5-9383-c652e1115a3c', 'name': 'tempest-ImagesOneServerTestJSON-371732171-router', 'tenant_id': '10ae43e10f2e4bea8501ac15924b7320', 'admin_state_up': True, 'status': 'ACTIVE', 'external_gateway_info': {'network_id': 'a6df9a25-01b1-4cf6-99ab-9c6848278693', 'external_fixed_ips': [{'subnet_id': '9d1b0568-5b29-4fd5-9ca5-1f09b46e5ca0', 'ip_address': '10.180.180.252'}], 'enable_snat': True}, 'description': '', 'availability_zones': [], 'distributed': False, 'ha': False, 'availability_zone_hints': [], 'routes': [], 'flavor_id': None, 'tags': [], 'created_at': '2025-02-18T08:42:08Z', 'updated_at': '2025-02-18T08:42:09Z', 'revision_number': 2, 'project_id': '10ae43e10f2e4bea8501ac15924b7320'}
2025-02-18 08:42:12.652 63790 INFO tempest.lib.common.rest_client [req-d484e0db-9f56-408d-af43-eccf13132f83 req-d484e0db-9f56-408d-af43-eccf13132f83 ] Request (ServersAdminTestJSON:setUpClass): 201 POST http://10.180.1.21:9696/networking/v2.0/subnets 0.298s
2025-02-18 08:42:12.695 63780 INFO tempest.lib.common.rest_client [req-064fd04c-8b7b-4172-81ef-b073c334a926 req-064fd04c-8b7b-4172-81ef-b073c334a926 ] Request (KeyPairsV210TestJSON:test_admin_manage_keypairs_for_other_users): 201 POST http://10.180.1.21/compute/v2.1/os-keypairs 2.499s
2025-02-18 08:42:12.705 63742 INFO tempest.lib.common.rest_client [req-585ad777-cf12-4723-a805-d6b306f4726f req-585ad777-cf12-4723-a805-d6b306f4726f ] Request (FlavorsV255TestJSON:test_crud_flavor): 200 GET http://10.180.1.21/compute/v2.1/flavors/415091190 2.357s
2025-02-18 08:42:12.705 63748 INFO tempest.lib.common.rest_client [req-acf2b830-7d27-45db-a600-5fa51bc4138e req-acf2b830-7d27-45db-a600-5fa51bc4138e ] Request (SecurityGroupsTestAdminJSON:setUpClass): 201 POST http://10.180.1.21/identity/v3/auth/tokens 0.157s
2025-02-18 08:42:12.713 63773 INFO tempest.lib.common.rest_client [req-47fed717-e94a-4bcb-bf1d-115e73cc84ff req-47fed717-e94a-4bcb-bf1d-115e73cc84ff ] Request (AZAdminNegativeTestJSON:tearDownClass): 204 DELETE http://10.180.1.21:9696/networking/v2.0/security-groups/816a3ee1-26d6-445e-89ed-4f2fd506d28a 0.165s
2025-02-18 08:42:12.723 63800 INFO tempest.lib.common.rest_client [req-565f3ccf-e62e-47e2-b9da-1b4945824ece req-565f3ccf-e62e-47e2-b9da-1b4945824ece ] Request (VolumesAssistedSnapshotsTest:setUpClass): 201 POST http://10.180.1.21/identity/v3/auth/tokens 0.203s
2025-02-18 08:42:12.740 63792 INFO tempest.lib.common.rest_client [req-2cacfaf7-ea52-4445-aa7e-5c4c75ac9ad7 req-2cacfaf7-ea52-4445-aa7e-5c4c75ac9ad7 ] Request (ServersWithSpecificFlavorTestJSON:setUpClass): 201 POST http://10.180.1.21/identity/v3/projects 0.189s
2025-02-18 08:42:12.801 63740 INFO tempest.lib.common.rest_client [req-61c69ec1-b9df-43b5-8221-f183f6b3fe33 req-61c69ec1-b9df-43b5-8221-f183f6b3fe33 ] Request (HypervisorAdminV228Test:tearDownClass): 200 GET http://10.180.1.21:9696/networking/v2.0/security-groups?tenant_id=9aae7e66fae84774b4339febac3e02f7&name=default 0.312s
2025-02-18 08:42:12.837 63756 INFO tempest.lib.common.rest_client [req-77ecadc7-2398-4946-8143-f85e2cb0e16b req-77ecadc7-2398-4946-8143-f85e2cb0e16b ] Request (ImagesOneServerTestJSON:setUpClass): 201 POST http://10.180.1.21/identity/v3/auth/tokens 0.262s
2025-02-18 08:42:12.885 63748 INFO tempest.lib.common.rest_client [req-ec8d2bd2-fd6b-4afe-8ce2-b2afac437014 req-ec8d2bd2-fd6b-4afe-8ce2-b2afac437014 ] Request (SecurityGroupsTestAdminJSON:setUpClass): 200 GET http://10.180.1.21/identity/v3/domains?name=Default 0.180s
2025-02-18 08:42:12.930 63740 INFO tempest.lib.common.rest_client [req-cbbc1dee-5a5b-47ea-9074-7868060d3b91 req-cbbc1dee-5a5b-47ea-9074-7868060d3b91 ] Request (HypervisorAdminV228Test:tearDownClass): 204 DELETE http://10.180.1.21:9696/networking/v2.0/security-groups/20eb3068-9b91-4d89-b9cb-1bbe2eab32f0 0.128s
2025-02-18 08:42:12.939 63800 INFO tempest.lib.common.rest_client [req-3c100948-e3da-4ad6-ae67-37d5add20697 req-3c100948-e3da-4ad6-ae67-37d5add20697 ] Request (VolumesAssistedSnapshotsTest:setUpClass): 201 POST http://10.180.1.21/identity/v3/projects 0.215s
2025-02-18 08:42:12.943 63773 INFO tempest.lib.common.rest_client [req-e82d6c45-7122-492e-81e6-6fb1ca1e61ce req-e82d6c45-7122-492e-81e6-6fb1ca1e61ce ] Request (AZAdminNegativeTestJSON:tearDownClass): 204 DELETE http://10.180.1.21/identity/v3/projects/ce56d6b3023d49e98fa795ebb17c7be1 0.229s
2025-02-18 08:42:12.943 63773 INFO tempest.lib.common.dynamic_creds [-] Deleting project and security group for project: 08d66f37655448e38223176f6d55f410
2025-02-18 08:42:12.998 63792 INFO tempest.lib.common.rest_client [req-72a92012-1e76-45f0-ad41-5f4b8828012e req-72a92012-1e76-45f0-ad41-5f4b8828012e ] Request (ServersWithSpecificFlavorTestJSON:setUpClass): 201 POST http://10.180.1.21/identity/v3/users 0.257s
2025-02-18 08:42:13.008 63748 INFO tempest.lib.common.rest_client [req-ab2250ce-7a4d-4078-ab4f-e8883ffa9d01 req-ab2250ce-7a4d-4078-ab4f-e8883ffa9d01 ] Request (SecurityGroupsTestAdminJSON:setUpClass): 201 POST http://10.180.1.21/identity/v3/projects 0.121s
2025-02-18 08:42:13.024 63782 INFO tempest.lib.common.rest_client [req-5c1f4384-ebcc-48e6-8b82-a94c5440b03e req-5c1f4384-ebcc-48e6-8b82-a94c5440b03e ] Request (ServerDiagnosticsV248Test:test_get_server_diagnostics): 202 POST http://10.180.1.21/compute/v2.1/servers 2.621s
2025-02-18 08:42:13.057 63756 INFO tempest.lib.common.rest_client [req-5b08f5a7-ef73-4109-bacb-6315dc97ce58 req-5b08f5a7-ef73-4109-bacb-6315dc97ce58 ] Request (ImagesOneServerTestJSON:setUpClass): 201 POST http://10.180.1.21/identity/v3/auth/tokens 0.154s
2025-02-18 08:42:13.057 63756 INFO tempest.lib.common.fixed_network [-] (ImagesOneServerTestJSON:setUpClass) Found network {'id': '076ec96a-8f35-4603-9616-9312bdaa041f', 'name': 'tempest-ImagesOneServerTestJSON-371732171-network', 'tenant_id': '10ae43e10f2e4bea8501ac15924b7320', 'admin_state_up': True, 'mtu': 8950, 'status': 'ACTIVE', 'subnets': [], 'shared': False, 'project_id': '10ae43e10f2e4bea8501ac15924b7320', 'port_security_enabled': True, 'router:external': False, 'provider:network_type': 'vlan', 'provider:physical_network': 'default', 'provider:segmentation_id': 609, 'availability_zone_hints': [], 'availability_zones': [], 'ipv4_address_scope': None, 'ipv6_address_scope': None, 'description': '', 'tags': [], 'created_at': '2025-02-18T08:42:07Z', 'updated_at': '2025-02-18T08:42:07Z', 'revision_number': 1} available for tenant
2025-02-18 08:42:13.132 63740 INFO tempest.lib.common.rest_client [req-dbb11964-19ed-481b-b025-748a89f7940e req-dbb11964-19ed-481b-b025-748a89f7940e ] Request (HypervisorAdminV228Test:tearDownClass): 204 DELETE http://10.180.1.21/identity/v3/projects/9aae7e66fae84774b4339febac3e02f7 0.202s
2025-02-18 08:42:13.133 63740 INFO tempest.lib.common.dynamic_creds [-] Deleting project and security group for project: a7a63148dbf849a29ed5b9e8807c982b
2025-02-18 08:42:13.185 63778 INFO tempest.lib.common.rest_client [req-c872016a-5ee8-4ebe-874f-1b06817c504c req-c872016a-5ee8-4ebe-874f-1b06817c504c ] Request (ServersAaction247Test:test_create_backup): 200 GET http://10.180.1.21/compute/v2.1/servers/8e6855c9-570b-492c-974a-08bf2efc998c 2.528s
2025-02-18 08:42:13.203 63792 INFO tempest.lib.common.rest_client [req-6896036c-6dac-4513-adf2-f051481aa4d7 req-6896036c-6dac-4513-adf2-f051481aa4d7 ] Request (ServersWithSpecificFlavorTestJSON:setUpClass): 200 GET http://10.180.1.21/identity/v3/roles 0.204s
2025-02-18 08:42:13.220 63800 INFO tempest.lib.common.rest_client [req-0c00c9f6-3d6d-4e30-b098-75f8e4423698 req-0c00c9f6-3d6d-4e30-b098-75f8e4423698 ] Request (VolumesAssistedSnapshotsTest:setUpClass): 201 POST http://10.180.1.21/identity/v3/users 0.281s
2025-02-18 08:42:13.240 63744 INFO tempest.lib.common.rest_client [req-962b7bcd-2012-4c3a-b6de-39f111316b1c req-962b7bcd-2012-4c3a-b6de-39f111316b1c ] Request (HypervisorAdminV253TestBase:test_list_show_detail_hypervisors): 200 GET http://10.180.1.21/compute/v2.1/os-hypervisors?with_servers=True 2.490s
2025-02-18 08:42:13.244 63748 INFO tempest.lib.common.rest_client [req-ce396294-b0ec-4d51-862c-2481e2dd6663 req-ce396294-b0ec-4d51-862c-2481e2dd6663 ] Request (SecurityGroupsTestAdminJSON:setUpClass): 201 POST http://10.180.1.21/identity/v3/users 0.236s
2025-02-18 08:42:13.269 63800 INFO tempest.lib.common.rest_client [req-9391c8ef-70f7-4f9d-874c-67cb84ba9bb3 req-9391c8ef-70f7-4f9d-874c-67cb84ba9bb3 ] Request (VolumesAssistedSnapshotsTest:setUpClass): 200 GET http://10.180.1.21/identity/v3/roles 0.048s
2025-02-18 08:42:13.272 63792 INFO tempest.lib.common.rest_client [req-d70a1509-c20f-4fb9-9e24-7149bf1de00a req-d70a1509-c20f-4fb9-9e24-7149bf1de00a ] Request (ServersWithSpecificFlavorTestJSON:setUpClass): 204 PUT http://10.180.1.21/identity/v3/projects/b9e8d1f5538e4e1f8f775c502210db4b/users/bf17c0a1072643fa8ee652a6c83da589/roles/546ec793367b4e68b5e08df0905a267a 0.069s
2025-02-18 08:42:13.304 63784 INFO tempest.lib.common.rest_client [req-cd348a64-1845-4c61-827d-b8384a147f0b req-cd348a64-1845-4c61-827d-b8384a147f0b ] Request (ListImagesTestJSON:test_list_images_with_detail): 200 GET http://10.180.1.21/compute/v2.1/images/detail 2.465s
2025-02-18 08:42:13.326 63748 INFO tempest.lib.common.rest_client [req-85fb1c40-2e8f-4f85-aba8-a9e92ac2be28 req-85fb1c40-2e8f-4f85-aba8-a9e92ac2be28 ] Request (SecurityGroupsTestAdminJSON:setUpClass): 200 GET http://10.180.1.21/identity/v3/roles 0.081s
2025-02-18 08:42:13.348 63792 INFO tempest.lib.common.rest_client [req-adbf28d5-6f0b-4595-8801-c57b368d7d64 req-adbf28d5-6f0b-4595-8801-c57b368d7d64 ] Request (ServersWithSpecificFlavorTestJSON:setUpClass): 200 GET http://10.180.1.21/identity/v3/roles 0.075s
2025-02-18 08:42:13.355 63800 INFO tempest.lib.common.rest_client [req-13a3c640-fbf5-4f03-b738-a5f7b08ab993 req-13a3c640-fbf5-4f03-b738-a5f7b08ab993 ] Request (VolumesAssistedSnapshotsTest:setUpClass): 204 PUT http://10.180.1.21/identity/v3/projects/0a6b92c4bc304d2da716b5e82bafe786/users/1f32bcaf6f5842c193adcc16c3dfea00/roles/546ec793367b4e68b5e08df0905a267a 0.086s
2025-02-18 08:42:13.399 63752 INFO tempest.lib.common.rest_client [req-1e220584-2168-42e4-9a9f-7ff9c635e70c req-1e220584-2168-42e4-9a9f-7ff9c635e70c ] Request (ServersTestBootFromVolume:setUpClass): 200 GET http://10.180.1.21/volume/v3/volumes/77f52262-df46-4c03-966b-968af3880305 0.047s
2025-02-18 08:42:13.427 63754 INFO tempest.lib.common.rest_client [req-28ac0cba-e101-40d5-b83a-6d808dc89199 req-28ac0cba-e101-40d5-b83a-6d808dc89199 ] Request (ServerDiagnosticsTest:test_get_server_diagnostics): 202 POST http://10.180.1.21/compute/v2.1/servers 2.850s
2025-02-18 08:42:13.437 63773 INFO tempest.lib.common.rest_client [req-3fa14d3b-29e9-4d1c-a4b5-ffde057d96a2 req-3fa14d3b-29e9-4d1c-a4b5-ffde057d96a2 ] Request (AZAdminNegativeTestJSON:tearDownClass): 200 GET http://10.180.1.21:9696/networking/v2.0/security-groups?tenant_id=08d66f37655448e38223176f6d55f410&name=default 0.494s
2025-02-18 08:42:13.455 63746 INFO tempest.lib.common.rest_client [req-018b3feb-ee14-46af-be3c-9526c79a9710 req-018b3feb-ee14-46af-be3c-9526c79a9710 ] Request (ServicesAdminNegativeV253TestJSON:test_disable_service_with_invalid_service_id): 404 PUT http://10.180.1.21/compute/v2.1/os-services/44418ecc-1db7-4ca8-ac3d-6d09c4ea5f93 2.197s
2025-02-18 08:42:13.478 63784 INFO tempest.lib.common.rest_client [req-c75faa86-1dce-4821-81bf-957fabee3f24 req-c75faa86-1dce-4821-81bf-957fabee3f24 ] Request (ListImagesTestJSON:tearDownClass): 204 DELETE http://10.180.1.21/identity/v3/users/512a4ced48b041809799b5ad29802312 0.170s
2025-02-18 08:42:13.479 63784 INFO tempest.lib.common.dynamic_creds [-] Deleting project and security group for project: 895006bc149643c9a041793ab9122b6b
2025-02-18 08:42:13.479 63776 INFO tempest.lib.common.rest_client [req-91865f6c-613e-4463-844d-0e4e5c4c1648 req-91865f6c-613e-4463-844d-0e4e5c4c1648 ] Request (FlavorsExtraSpecsTestJSON:test_flavor_non_admin_get_all_keys): 200 POST http://10.180.1.21/compute/v2.1/flavors/1151389748/os-extra_specs 2.087s
2025-02-18 08:42:13.499 63758 INFO tempest.lib.common.rest_client [req-e51792f9-beea-4520-94ad-e22213738af3 req-e51792f9-beea-4520-94ad-e22213738af3 ] Request (QuotaClassesAdmin257Test:test_update_default_quotas): 200 GET http://10.180.1.21/compute/v2.1/os-quota-class-sets/default 2.046s
2025-02-18 08:42:13.525 63748 INFO tempest.lib.common.rest_client [req-20b1ad77-5629-4b2e-a9a0-b7ad98530944 req-20b1ad77-5629-4b2e-a9a0-b7ad98530944 ] Request (SecurityGroupsTestAdminJSON:setUpClass): 204 PUT http://10.180.1.21/identity/v3/projects/d533393d9b21403c9ac848a8db456e19/users/19de72321fcb42cc86dffc56ade1e5d0/roles/17ec6d7ce33744c1b84a70539c748c18 0.198s
2025-02-18 08:42:13.525 63748 INFO tempest.lib.common.dynamic_creds [-] Dynamic test user 19de72321fcb42cc86dffc56ade1e5d0 is created with scope project and roles: ['member']
2025-02-18 08:42:13.525 63748 INFO tempest.lib.common.dynamic_creds [-] Acquired dynamic creds: credentials: Credentials: {'domain_id': 'default', 'domain_name': 'Default', 'username': 'tempest-SecurityGroupsTestAdminJSON-2006504285-project-member', 'project_domain_id': 'default', 'project_domain_name': 'Default', 'project_id': 'd533393d9b21403c9ac848a8db456e19', 'project_name': 'tempest-SecurityGroupsTestAdminJSON-2006504285', 'tenant_id': 'd533393d9b21403c9ac848a8db456e19', 'tenant_name': 'tempest-SecurityGroupsTestAdminJSON-2006504285', 'user_domain_id': 'default', 'user_domain_name': 'Default', 'user_id': '19de72321fcb42cc86dffc56ade1e5d0', 'system': None}, Network: None, Subnet: None, Router: None
2025-02-18 08:42:13.525 63748 INFO tempest.lib.common.dynamic_creds [-] Created isolated network resources for: credentials: Credentials: {'domain_id': 'default', 'domain_name': 'Default', 'username': 'tempest-SecurityGroupsTestAdminJSON-2006504285-project-member', 'project_domain_id': 'default', 'project_domain_name': 'Default', 'project_id': 'd533393d9b21403c9ac848a8db456e19', 'project_name': 'tempest-SecurityGroupsTestAdminJSON-2006504285', 'tenant_id': 'd533393d9b21403c9ac848a8db456e19', 'tenant_name': 'tempest-SecurityGroupsTestAdminJSON-2006504285', 'user_domain_id': 'default', 'user_domain_name': 'Default', 'user_id': '19de72321fcb42cc86dffc56ade1e5d0', 'system': None}, Network: None, Subnet: None, Router: None
2025-02-18 08:42:13.535 63740 INFO tempest.lib.common.rest_client [req-c7a79942-be3c-4767-9110-bae3f63df622 req-c7a79942-be3c-4767-9110-bae3f63df622 ] Request (HypervisorAdminV228Test:tearDownClass): 200 GET http://10.180.1.21:9696/networking/v2.0/security-groups?tenant_id=a7a63148dbf849a29ed5b9e8807c982b&name=default 0.402s
2025-02-18 08:42:13.575 63773 INFO tempest.lib.common.rest_client [req-8eab826e-8b06-4291-98c6-1eb40292ff67 req-8eab826e-8b06-4291-98c6-1eb40292ff67 ] Request (AZAdminNegativeTestJSON:tearDownClass): 204 DELETE http://10.180.1.21:9696/networking/v2.0/security-groups/a1b7bc4c-1615-42a0-892e-9610146e2279 0.137s
2025-02-18 08:42:13.583 63792 INFO tempest.lib.common.rest_client [req-a11555cd-fb21-4e82-b975-3396e5cb9ecb req-a11555cd-fb21-4e82-b975-3396e5cb9ecb ] Request (ServersWithSpecificFlavorTestJSON:setUpClass): 204 PUT http://10.180.1.21/identity/v3/projects/b9e8d1f5538e4e1f8f775c502210db4b/users/bf17c0a1072643fa8ee652a6c83da589/roles/546ec793367b4e68b5e08df0905a267a 0.235s
2025-02-18 08:42:13.584 63792 INFO tempest.lib.common.dynamic_creds [-] Dynamic test user bf17c0a1072643fa8ee652a6c83da589 is created with scope project and roles: ['admin']
2025-02-18 08:42:13.584 63792 INFO tempest.lib.common.dynamic_creds [-] Acquired dynamic creds: credentials: Credentials: {'domain_id': 'default', 'domain_name': 'Default', 'username': 'tempest-ServersWithSpecificFlavorTestJSON-583933247-project-admin', 'project_domain_id': 'default', 'project_domain_name': 'Default', 'project_id': 'b9e8d1f5538e4e1f8f775c502210db4b', 'project_name': 'tempest-ServersWithSpecificFlavorTestJSON-583933247', 'tenant_id': 'b9e8d1f5538e4e1f8f775c502210db4b', 'tenant_name': 'tempest-ServersWithSpecificFlavorTestJSON-583933247', 'user_domain_id': 'default', 'user_domain_name': 'Default', 'user_id': 'bf17c0a1072643fa8ee652a6c83da589', 'system': None}, Network: None, Subnet: None, Router: None
2025-02-18 08:42:13.588 63800 INFO tempest.lib.common.rest_client [req-8756b358-656a-4da9-bc4f-5a8b6484ee0a req-8756b358-656a-4da9-bc4f-5a8b6484ee0a ] Request (VolumesAssistedSnapshotsTest:setUpClass): 200 GET http://10.180.1.21/identity/v3/roles 0.232s
2025-02-18 08:42:13.640 63784 INFO tempest.lib.common.rest_client [req-ee69d765-3206-4f7e-9a5b-4951fbe2d6e6 req-ee69d765-3206-4f7e-9a5b-4951fbe2d6e6 ] Request (ListImagesTestJSON:tearDownClass): 201 POST http://10.180.1.21/identity/v3/auth/tokens 0.161s
2025-02-18 08:42:13.734 63748 INFO tempest.lib.common.rest_client [req-1863b785-309d-4b13-ae55-557f98b17004 req-1863b785-309d-4b13-ae55-557f98b17004 ] Request (SecurityGroupsTestAdminJSON:setUpClass): 201 POST http://10.180.1.21/identity/v3/auth/tokens 0.201s
2025-02-18 08:42:13.798 63800 INFO tempest.lib.common.rest_client [req-1f6df583-33fa-479b-b511-5c9b32bc7586 req-1f6df583-33fa-479b-b511-5c9b32bc7586 ] Request (VolumesAssistedSnapshotsTest:setUpClass): 204 PUT http://10.180.1.21/identity/v3/projects/0a6b92c4bc304d2da716b5e82bafe786/users/1f32bcaf6f5842c193adcc16c3dfea00/roles/fc05e7a8b52a4888ab285e0d97927999 0.209s
2025-02-18 08:42:13.798 63800 INFO tempest.lib.common.dynamic_creds [-] Dynamic test user 1f32bcaf6f5842c193adcc16c3dfea00 is created with scope project and roles: ['admin', 'service']
2025-02-18 08:42:13.799 63800 INFO tempest.lib.common.dynamic_creds [-] Acquired dynamic creds: credentials: Credentials: {'domain_id': 'default', 'domain_name': 'Default', 'username': 'tempest-VolumesAssistedSnapshotsTest-1232462735-project', 'project_domain_id': 'default', 'project_domain_name': 'Default', 'project_id': '0a6b92c4bc304d2da716b5e82bafe786', 'project_name': 'tempest-VolumesAssistedSnapshotsTest-1232462735', 'tenant_id': '0a6b92c4bc304d2da716b5e82bafe786', 'tenant_name': 'tempest-VolumesAssistedSnapshotsTest-1232462735', 'user_domain_id': 'default', 'user_domain_name': 'Default', 'user_id': '1f32bcaf6f5842c193adcc16c3dfea00', 'system': None}, Network: None, Subnet: None, Router: None
2025-02-18 08:42:13.804 63740 INFO tempest.lib.common.rest_client [req-0b21e0a6-f9b3-47ef-a892-b38fba1d5be9 req-0b21e0a6-f9b3-47ef-a892-b38fba1d5be9 ] Request (HypervisorAdminV228Test:tearDownClass): 204 DELETE http://10.180.1.21:9696/networking/v2.0/security-groups/4d551487-17f9-4b6e-868e-e63de3344e90 0.268s
2025-02-18 08:42:13.825 63773 INFO tempest.lib.common.rest_client [req-3b9905d2-2a68-4dcc-b17e-cc6be621f658 req-3b9905d2-2a68-4dcc-b17e-cc6be621f658 ] Request (AZAdminNegativeTestJSON:tearDownClass): 204 DELETE http://10.180.1.21/identity/v3/projects/08d66f37655448e38223176f6d55f410 0.249s
2025-02-18 08:42:13.855 63790 INFO tempest.lib.common.rest_client [req-df553525-84d2-447b-938a-9319edacd828 req-df553525-84d2-447b-938a-9319edacd828 ] Request (ServersAdminTestJSON:setUpClass): 201 POST http://10.180.1.21:9696/networking/v2.0/routers 1.201s
2025-02-18 08:42:13.944 63792 INFO tempest.lib.common.rest_client [req-43386e56-9f88-4a13-b5ef-e6a653fbc68c req-43386e56-9f88-4a13-b5ef-e6a653fbc68c ] Request (ServersWithSpecificFlavorTestJSON:setUpClass): 201 POST http://10.180.1.21:9696/networking/v2.0/networks 0.360s
2025-02-18 08:42:13.983 63748 INFO tempest.lib.common.rest_client [req-f4d6e3c4-679b-4025-a11d-a089f951ab68 req-f4d6e3c4-679b-4025-a11d-a089f951ab68 ] Request (SecurityGroupsTestAdminJSON:setUpClass): 201 POST http://10.180.1.21/identity/v3/projects 0.249s
2025-02-18 08:42:14.010 63740 INFO tempest.lib.common.rest_client [req-97261b2d-a6c3-45ba-9a6f-83c313e09281 req-97261b2d-a6c3-45ba-9a6f-83c313e09281 ] Request (HypervisorAdminV228Test:tearDownClass): 204 DELETE http://10.180.1.21/identity/v3/projects/a7a63148dbf849a29ed5b9e8807c982b 0.205s
2025-02-18 08:42:14.053 63773 INFO tempest.lib.common.rest_client [req-7e5fa3a9-b9ef-440f-b2ae-ceda84eca21f req-7e5fa3a9-b9ef-440f-b2ae-ceda84eca21f ] Request (HostsAdminTestJSON:setUpClass): 201 POST http://10.180.1.21/identity/v3/auth/tokens 0.227s
2025-02-18 08:42:14.086 63748 INFO tempest.lib.common.rest_client [req-065fbbde-e1f1-449b-af38-d67a009562f4 req-065fbbde-e1f1-449b-af38-d67a009562f4 ] Request (SecurityGroupsTestAdminJSON:setUpClass): 201 POST http://10.180.1.21/identity/v3/users 0.102s
2025-02-18 08:42:14.093 63740 INFO tempest.lib.common.rest_client [req-0fd92a8f-08c6-4a6e-8158-fdf3856eb108 req-0fd92a8f-08c6-4a6e-8158-fdf3856eb108 ] Request (ListImageFiltersNegativeTestJSON:setUpClass): 201 POST http://10.180.1.21/identity/v3/auth/tokens 0.081s
2025-02-18 08:42:14.114 63748 INFO tempest.lib.common.rest_client [req-c23bdb40-4dc7-40ba-b44b-f0b3d1af4e0a req-c23bdb40-4dc7-40ba-b44b-f0b3d1af4e0a ] Request (SecurityGroupsTestAdminJSON:setUpClass): 200 GET http://10.180.1.21/identity/v3/roles 0.027s
2025-02-18 08:42:14.134 63773 INFO tempest.lib.common.rest_client [req-7a3789e8-7cf4-4105-a4a9-0d0249022f9f req-7a3789e8-7cf4-4105-a4a9-0d0249022f9f ] Request (HostsAdminTestJSON:setUpClass): 201 POST http://10.180.1.21/identity/v3/auth/tokens 0.078s
2025-02-18 08:42:14.139 63774 INFO tempest.lib.common.rest_client [req-a463ecca-5dae-4089-8ac2-8055e7dc9a16 req-a463ecca-5dae-4089-8ac2-8055e7dc9a16 ] Request (ServerExternalEventsTest:test_create_server_external_events): 202 POST http://10.180.1.21/compute/v2.1/servers 2.631s
2025-02-18 08:42:14.149 63740 INFO tempest.lib.common.rest_client [req-a8991f2e-c970-45ec-83df-61ef7218d3b8 req-a8991f2e-c970-45ec-83df-61ef7218d3b8 ] Request (ListImageFiltersNegativeTestJSON:setUpClass): 201 POST http://10.180.1.21/identity/v3/auth/tokens 0.052s
2025-02-18 08:42:14.168 63748 INFO tempest.lib.common.rest_client [req-e61c83bd-2ab5-486a-841b-48ad24b0bd55 req-e61c83bd-2ab5-486a-841b-48ad24b0bd55 ] Request (SecurityGroupsTestAdminJSON:setUpClass): 204 PUT http://10.180.1.21/identity/v3/projects/4a307fb77b8a493fa22aa085ea2a7035/users/3a4a2172b71d4b4190f584e199ac298f/roles/546ec793367b4e68b5e08df0905a267a 0.053s
2025-02-18 08:42:14.173 63773 INFO tempest.lib.common.rest_client [req-9022d3d7-25ea-4654-8ce6-6fd563bec80c req-9022d3d7-25ea-4654-8ce6-6fd563bec80c ] Request (HostsAdminTestJSON:setUpClass): 200 GET http://10.180.1.21/identity/v3/domains?name=Default 0.039s
2025-02-18 08:42:14.191 63784 INFO tempest.lib.common.rest_client [req-e4718034-ec89-4aa6-ad76-50b8b416d5fb req-e4718034-ec89-4aa6-ad76-50b8b416d5fb ] Request (ListImagesTestJSON:tearDownClass): 200 GET http://10.180.1.21:9696/networking/v2.0/security-groups?tenant_id=895006bc149643c9a041793ab9122b6b&name=default 0.551s
2025-02-18 08:42:14.229 63740 INFO tempest.lib.common.rest_client [req-66e034cf-8736-4668-8e00-a7520db96f32 req-66e034cf-8736-4668-8e00-a7520db96f32 ] Request (ListImageFiltersNegativeTestJSON:setUpClass): 200 GET http://10.180.1.21/identity/v3/domains?name=Default 0.079s
2025-02-18 08:42:14.248 63748 INFO tempest.lib.common.rest_client [req-b3f0ca75-0e6b-4b49-8a8d-80f09ba85b6e req-b3f0ca75-0e6b-4b49-8a8d-80f09ba85b6e ] Request (SecurityGroupsTestAdminJSON:setUpClass): 200 GET http://10.180.1.21/identity/v3/roles 0.080s
2025-02-18 08:42:14.254 63800 INFO tempest.lib.common.rest_client [req-95523486-fdd4-4129-8e1b-576ddbe59f6d req-95523486-fdd4-4129-8e1b-576ddbe59f6d ] Request (VolumesAssistedSnapshotsTest:setUpClass): 201 POST http://10.180.1.21:9696/networking/v2.0/networks 0.455s
2025-02-18 08:42:14.280 63773 INFO tempest.lib.common.rest_client [req-54a32c88-99c5-4870-ac4e-4538ec53e7ab req-54a32c88-99c5-4870-ac4e-4538ec53e7ab ] Request (HostsAdminTestJSON:setUpClass): 201 POST http://10.180.1.21/identity/v3/projects 0.106s
2025-02-18 08:42:14.289 63796 INFO tempest.lib.common.rest_client [req-b080b9e1-0ae5-4ae8-bd86-95bc7edf81a2 req-b080b9e1-0ae5-4ae8-bd86-95bc7edf81a2 ] Request (FlavorsAccessNegativeTestJSON:test_add_flavor_access_duplicate): 200 POST http://10.180.1.21/compute/v2.1/flavors 2.743s
2025-02-18 08:42:14.299 63740 INFO tempest.lib.common.rest_client [req-b3126721-b06b-4b1d-9e8e-a2e3ac80e0a2 req-b3126721-b06b-4b1d-9e8e-a2e3ac80e0a2 ] Request (ListImageFiltersNegativeTestJSON:setUpClass): 201 POST http://10.180.1.21/identity/v3/projects 0.069s
2025-02-18 08:42:14.354 63748 INFO tempest.lib.common.rest_client [req-a2c015a5-0a62-4c15-9152-28943dfcb3ce req-a2c015a5-0a62-4c15-9152-28943dfcb3ce ] Request (SecurityGroupsTestAdminJSON:setUpClass): 204 PUT http://10.180.1.21/identity/v3/projects/4a307fb77b8a493fa22aa085ea2a7035/users/3a4a2172b71d4b4190f584e199ac298f/roles/546ec793367b4e68b5e08df0905a267a 0.105s
2025-02-18 08:42:14.354 63748 INFO tempest.lib.common.dynamic_creds [-] Dynamic test user 3a4a2172b71d4b4190f584e199ac298f is created with scope project and roles: ['admin']
2025-02-18 08:42:14.355 63748 INFO tempest.lib.common.dynamic_creds [-] Acquired dynamic creds: credentials: Credentials: {'domain_id': 'default', 'domain_name': 'Default', 'username': 'tempest-SecurityGroupsTestAdminJSON-1613240007-project-admin', 'project_domain_id': 'default', 'project_domain_name': 'Default', 'project_id': '4a307fb77b8a493fa22aa085ea2a7035', 'project_name': 'tempest-SecurityGroupsTestAdminJSON-1613240007', 'tenant_id': '4a307fb77b8a493fa22aa085ea2a7035', 'tenant_name': 'tempest-SecurityGroupsTestAdminJSON-1613240007', 'user_domain_id': 'default', 'user_domain_name': 'Default', 'user_id': '3a4a2172b71d4b4190f584e199ac298f', 'system': None}, Network: None, Subnet: None, Router: None
2025-02-18 08:42:14.355 63748 INFO tempest.lib.common.dynamic_creds [-] Created isolated network resources for: credentials: Credentials: {'domain_id': 'default', 'domain_name': 'Default', 'username': 'tempest-SecurityGroupsTestAdminJSON-1613240007-project-admin', 'project_domain_id': 'default', 'project_domain_name': 'Default', 'project_id': '4a307fb77b8a493fa22aa085ea2a7035', 'project_name': 'tempest-SecurityGroupsTestAdminJSON-1613240007', 'tenant_id': '4a307fb77b8a493fa22aa085ea2a7035', 'tenant_name': 'tempest-SecurityGroupsTestAdminJSON-1613240007', 'user_domain_id': 'default', 'user_domain_name': 'Default', 'user_id': '3a4a2172b71d4b4190f584e199ac298f', 'system': None}, Network: None, Subnet: None, Router: None
2025-02-18 08:42:14.357 63773 INFO tempest.lib.common.rest_client [req-da95f392-7229-4181-9cc8-5284078b2b07 req-da95f392-7229-4181-9cc8-5284078b2b07 ] Request (HostsAdminTestJSON:setUpClass): 201 POST http://10.180.1.21/identity/v3/users 0.076s
2025-02-18 08:42:14.404 63784 INFO tempest.lib.common.rest_client [req-43fd76ca-8273-4d9f-af0d-fc1f6d3d1fde req-43fd76ca-8273-4d9f-af0d-fc1f6d3d1fde ] Request (ListImagesTestJSON:tearDownClass): 204 DELETE http://10.180.1.21:9696/networking/v2.0/security-groups/0ac0471c-9809-4e89-8f43-5b94e126952d 0.212s
2025-02-18 08:42:14.405 63740 INFO tempest.lib.common.rest_client [req-574ec701-325e-4aad-beca-d7d60d95b5c9 req-574ec701-325e-4aad-beca-d7d60d95b5c9 ] Request (ListImageFiltersNegativeTestJSON:setUpClass): 201 POST http://10.180.1.21/identity/v3/users 0.105s
2025-02-18 08:42:14.406 63773 INFO tempest.lib.common.rest_client [req-b26b8bb3-028e-4d3e-a768-d0e1d1fb8f6b req-b26b8bb3-028e-4d3e-a768-d0e1d1fb8f6b ] Request (HostsAdminTestJSON:setUpClass): 200 GET http://10.180.1.21/identity/v3/roles 0.048s
2025-02-18 08:42:14.414 63750 INFO tempest.lib.common.rest_client [req-f8908111-90a7-44c2-99e5-0d83e01f0990 req-f8908111-90a7-44c2-99e5-0d83e01f0990 ] Request (FlavorMetadataValidation:test_flavor_update_with_custom_namespace): 200 POST http://10.180.1.21/compute/v2.1/flavors/57019192/os-extra_specs 2.741s
2025-02-18 08:42:14.457 63760 INFO tempest.lib.common.rest_client [req-cb1ca099-d9ee-498a-a77d-eb4a87836143 req-cb1ca099-d9ee-498a-a77d-eb4a87836143 ] Request (ServerGroup264TestJSON:_run_cleanups): 204 DELETE http://10.180.1.21/compute/v2.1/os-server-groups/2a61c0d2-9dba-4e97-b774-ef94472fd3f0 2.744s
2025-02-18 08:42:14.463 63752 INFO tempest.lib.common.rest_client [req-5699a213-4178-4469-9fd0-d75afd0792f4 req-5699a213-4178-4469-9fd0-d75afd0792f4 ] Request (ServersTestBootFromVolume:setUpClass): 200 GET http://10.180.1.21/volume/v3/volumes/77f52262-df46-4c03-966b-968af3880305 0.053s
2025-02-18 08:42:14.483 63792 INFO tempest.lib.common.rest_client [req-b31bb0e1-79a0-44e7-9313-d02a5f727362 req-b31bb0e1-79a0-44e7-9313-d02a5f727362 ] Request (ServersWithSpecificFlavorTestJSON:setUpClass): 201 POST http://10.180.1.21:9696/networking/v2.0/subnets 0.538s
2025-02-18 08:42:14.493 63748 INFO tempest.lib.common.rest_client [req-c34e6495-6817-4242-b3fd-311c31aae397 req-c34e6495-6817-4242-b3fd-311c31aae397 ] Request (SecurityGroupsTestAdminJSON:setUpClass): 201 POST http://10.180.1.21/identity/v3/auth/tokens 0.134s
2025-02-18 08:42:14.499 63784 INFO tempest.lib.common.rest_client [req-02b309ac-e697-4c1e-9884-e8978fcc49c4 req-02b309ac-e697-4c1e-9884-e8978fcc49c4 ] Request (ListImagesTestJSON:tearDownClass): 204 DELETE http://10.180.1.21/identity/v3/projects/895006bc149643c9a041793ab9122b6b 0.094s
2025-02-18 08:42:14.523 63800 INFO tempest.lib.common.rest_client [req-d5a9cb21-630e-4369-ae6a-fceac47dcfa8 req-d5a9cb21-630e-4369-ae6a-fceac47dcfa8 ] Request (VolumesAssistedSnapshotsTest:setUpClass): 201 POST http://10.180.1.21:9696/networking/v2.0/subnets 0.268s
2025-02-18 08:42:14.555 63740 INFO tempest.lib.common.rest_client [req-6edc3026-226d-45bd-8fa4-709a86e433b2 req-6edc3026-226d-45bd-8fa4-709a86e433b2 ] Request (ListImageFiltersNegativeTestJSON:setUpClass): 200 GET http://10.180.1.21/identity/v3/roles 0.149s
2025-02-18 08:42:14.574 63773 INFO tempest.lib.common.rest_client [req-99d361aa-44a5-4282-83b3-93f31308af91 req-99d361aa-44a5-4282-83b3-93f31308af91 ] Request (HostsAdminTestJSON:setUpClass): 204 PUT http://10.180.1.21/identity/v3/projects/5682ef6ba6254fc78600dce9437adb3e/users/9fd011c3c40d4ffea0446f0b0808bc14/roles/17ec6d7ce33744c1b84a70539c748c18 0.168s
2025-02-18 08:42:14.574 63773 INFO tempest.lib.common.dynamic_creds [-] Dynamic test user 9fd011c3c40d4ffea0446f0b0808bc14 is created with scope project and roles: ['member']
2025-02-18 08:42:14.574 63773 INFO tempest.lib.common.dynamic_creds [-] Acquired dynamic creds: credentials: Credentials: {'domain_id': 'default', 'domain_name': 'Default', 'username': 'tempest-HostsAdminTestJSON-1284036699-project-member', 'project_domain_id': 'default', 'project_domain_name': 'Default', 'project_id': '5682ef6ba6254fc78600dce9437adb3e', 'project_name': 'tempest-HostsAdminTestJSON-1284036699', 'tenant_id': '5682ef6ba6254fc78600dce9437adb3e', 'tenant_name': 'tempest-HostsAdminTestJSON-1284036699', 'user_domain_id': 'default', 'user_domain_name': 'Default', 'user_id': '9fd011c3c40d4ffea0446f0b0808bc14', 'system': None}, Network: None, Subnet: None, Router: None
2025-02-18 08:42:14.574 63773 INFO tempest.lib.common.dynamic_creds [-] Created isolated network resources for: credentials: Credentials: {'domain_id': 'default', 'domain_name': 'Default', 'username': 'tempest-HostsAdminTestJSON-1284036699-project-member', 'project_domain_id': 'default', 'project_domain_name': 'Default', 'project_id': '5682ef6ba6254fc78600dce9437adb3e', 'project_name': 'tempest-HostsAdminTestJSON-1284036699', 'tenant_id': '5682ef6ba6254fc78600dce9437adb3e', 'tenant_name': 'tempest-HostsAdminTestJSON-1284036699', 'user_domain_id': 'default', 'user_domain_name': 'Default', 'user_id': '9fd011c3c40d4ffea0446f0b0808bc14', 'system': None}, Network: None, Subnet: None, Router: None
2025-02-18 08:42:14.646 63784 INFO tempest.lib.common.rest_client [req-05f3063c-2e92-4f0a-8863-6c9dd583b00d req-05f3063c-2e92-4f0a-8863-6c9dd583b00d ] Request (DeleteServersTestJSON:setUpClass): 201 POST http://10.180.1.21/identity/v3/auth/tokens 0.145s
2025-02-18 08:42:14.706 63740 INFO tempest.lib.common.rest_client [req-702ab513-e4e8-4b0e-b58c-1a22ef587b0a req-702ab513-e4e8-4b0e-b58c-1a22ef587b0a ] Request (ListImageFiltersNegativeTestJSON:setUpClass): 204 PUT http://10.180.1.21/identity/v3/projects/46611e458ae740c699e3e21e35b60755/users/cd4c3f851c704a339d35f63c079934d4/roles/17ec6d7ce33744c1b84a70539c748c18 0.150s
2025-02-18 08:42:14.707 63740 INFO tempest.lib.common.dynamic_creds [-] Dynamic test user cd4c3f851c704a339d35f63c079934d4 is created with scope project and roles: ['member']
2025-02-18 08:42:14.707 63740 INFO tempest.lib.common.dynamic_creds [-] Acquired dynamic creds: credentials: Credentials: {'domain_id': 'default', 'domain_name': 'Default', 'username': 'tempest-ListImageFiltersNegativeTestJSON-2109156985-project-member', 'project_domain_id': 'default', 'project_domain_name': 'Default', 'project_id': '46611e458ae740c699e3e21e35b60755', 'project_name': 'tempest-ListImageFiltersNegativeTestJSON-2109156985', 'tenant_id': '46611e458ae740c699e3e21e35b60755', 'tenant_name': 'tempest-ListImageFiltersNegativeTestJSON-2109156985', 'user_domain_id': 'default', 'user_domain_name': 'Default', 'user_id': 'cd4c3f851c704a339d35f63c079934d4', 'system': None}, Network: None, Subnet: None, Router: None
2025-02-18 08:42:14.707 63740 INFO tempest.lib.common.dynamic_creds [-] Created isolated network resources for: credentials: Credentials: {'domain_id': 'default', 'domain_name': 'Default', 'username': 'tempest-ListImageFiltersNegativeTestJSON-2109156985-project-member', 'project_domain_id': 'default', 'project_domain_name': 'Default', 'project_id': '46611e458ae740c699e3e21e35b60755', 'project_name': 'tempest-ListImageFiltersNegativeTestJSON-2109156985', 'tenant_id': '46611e458ae740c699e3e21e35b60755', 'tenant_name': 'tempest-ListImageFiltersNegativeTestJSON-2109156985', 'user_domain_id': 'default', 'user_domain_name': 'Default', 'user_id': 'cd4c3f851c704a339d35f63c079934d4', 'system': None}, Network: None, Subnet: None, Router: None
2025-02-18 08:42:14.708 63762 INFO tempest.lib.common.rest_client [req-af4480ac-f107-4258-909c-88ac8974d4d1 req-af4480ac-f107-4258-909c-88ac8974d4d1 ] Request (HypervisorAdminNegativeUnderV252Test:test_search_hypervisor_with_non_admin_user): 403 GET http://10.180.1.21/compute/v2.1/os-hypervisors/domain-c8.fc996f14-c53b-4953-92e3-bdfa48f5cc28/search 2.895s
2025-02-18 08:42:14.822 63784 INFO tempest.lib.common.rest_client [req-2cc0e6d5-c73d-4bcb-878c-c49f1b5198c4 req-2cc0e6d5-c73d-4bcb-878c-c49f1b5198c4 ] Request (DeleteServersTestJSON:setUpClass): 201 POST http://10.180.1.21/identity/v3/auth/tokens 0.118s
2025-02-18 08:42:14.822 63773 INFO tempest.lib.common.rest_client [req-2071c9a6-b38f-4612-a439-4d686df86319 req-2071c9a6-b38f-4612-a439-4d686df86319 ] Request (HostsAdminTestJSON:setUpClass): 201 POST http://10.180.1.21/identity/v3/auth/tokens 0.243s
2025-02-18 08:42:14.908 63798 INFO tempest.lib.common.rest_client [req-c23352f0-b7f6-4967-983f-49259565036e req-c23352f0-b7f6-4967-983f-49259565036e ] Request (FloatingIPDetailsTestJSON:setUpClass): 200 POST http://10.180.1.21/compute/v2.1/os-floating-ips 4.015s
2025-02-18 08:42:14.934 63740 INFO tempest.lib.common.rest_client [req-311cd5ad-f8d5-478a-b154-5065b689da44 req-311cd5ad-f8d5-478a-b154-5065b689da44 ] Request (ListImageFiltersNegativeTestJSON:setUpClass): 201 POST http://10.180.1.21/identity/v3/auth/tokens 0.222s
2025-02-18 08:42:14.949 63795 INFO tempest.lib.common.rest_client [req-cc8e54b5-f53d-4cee-a3ee-3e41281d32a7 req-cc8e54b5-f53d-4cee-a3ee-3e41281d32a7 ] Request (FlavorsAdminTestJSON:_run_cleanups): 202 DELETE http://10.180.1.21/compute/v2.1/flavors/1077117185 2.831s
2025-02-18 08:42:14.953 63766 INFO tempest.lib.common.rest_client [req-871a7f05-5576-4480-acf8-2821e13d2cb6 req-871a7f05-5576-4480-acf8-2821e13d2cb6 ] Request (FlavorsV2NegativeTest:test_boot_with_low_ram): 200 GET http://10.180.1.21/compute/v2.1/flavors/42 2.973s
2025-02-18 08:42:14.954 63784 INFO tempest.lib.common.rest_client [req-460d1bd8-0e5a-43f1-bdde-4082e4ec38c5 req-460d1bd8-0e5a-43f1-bdde-4082e4ec38c5 ] Request (DeleteServersTestJSON:setUpClass): 200 GET http://10.180.1.21/identity/v3/domains?name=Default 0.132s
2025-02-18 08:42:14.995 63773 INFO tempest.lib.common.rest_client [req-3207b148-7994-47c2-9ae0-eee5e9e18ea7 req-3207b148-7994-47c2-9ae0-eee5e9e18ea7 ] Request (HostsAdminTestJSON:setUpClass): 201 POST http://10.180.1.21/identity/v3/projects 0.172s
2025-02-18 08:42:15.016 63768 INFO tempest.lib.common.rest_client [req-91ce8b00-c20e-432f-86b8-e6f576b99faa req-91ce8b00-c20e-432f-86b8-e6f576b99faa ] Request (AggregatesAdminNegativeTestJSON:test_aggregate_add_existent_host): 200 POST http://10.180.1.21/compute/v2.1/os-aggregates 2.820s
2025-02-18 08:42:15.040 63784 INFO tempest.lib.common.rest_client [req-fe790f26-6152-4140-895b-344f93bf4030 req-fe790f26-6152-4140-895b-344f93bf4030 ] Request (DeleteServersTestJSON:setUpClass): 201 POST http://10.180.1.21/identity/v3/projects 0.085s
