2025-02-18 08:42:28.101 63790 INFO tempest.lib.common.rest_client [req-8a738483-49d1-4993-88df-5c9bb9c058bd req-8a738483-49d1-4993-88df-5c9bb9c058bd ] Request (ServersAdminTestJSON:setUpClass): 200 GET http://10.180.1.21/compute/v2.1/servers/2064a3fc-a6dd-4d1d-a0e4-f3a1f50c517b 2.396s
2025-02-18 08:42:28.303 63778 INFO tempest.lib.common.rest_client [req-bcb1ee18-28f7-435f-a0a5-179ffb41fef6 req-bcb1ee18-28f7-435f-a0a5-179ffb41fef6 ] Request (ServersAaction247Test:test_create_backup): 200 GET http://10.180.1.21/compute/v2.1/servers/8e6855c9-570b-492c-974a-08bf2efc998c 2.578s
2025-02-18 08:42:28.316 63778 INFO tempest.common.waiters [-] State transition "BUILD/spawning" ==> "ACTIVE/None" after 15 second wait
2025-02-18 08:42:28.330 63738 INFO tempest.lib.common.rest_client [req-43ea92ad-2e44-4cfb-99a2-4c7d3a110f6e req-43ea92ad-2e44-4cfb-99a2-4c7d3a110f6e ] Request (FlavorsAccessTestJSON:_run_cleanups): 200 GET http://10.180.1.21/compute/v2.1/flavors/detail 2.480s
2025-02-18 08:42:28.340 63760 INFO tempest.lib.common.rest_client [req-5b42ecda-641b-46cb-b05e-78fc8a09dbb5 req-5b42ecda-641b-46cb-b05e-78fc8a09dbb5 ] Request (ServerRescueTestJSONUnderV235:setUpClass): 201 POST http://10.180.1.21:9696/networking/v2.0/routers 3.401s
2025-02-18 08:42:28.348 63780 INFO tempest.lib.common.rest_client [req-36ba579d-81d3-4d61-9aa8-3b196bfe16fb req-36ba579d-81d3-4d61-9aa8-3b196bfe16fb ] Request (KeyPairsV210TestJSON:_run_cleanups): 204 DELETE http://10.180.1.21/compute/v2.1/os-keypairs/tempest-keypair-29233232?user_id=7fe4812687054c1a80fc40201a5dd5f3 2.311s
2025-02-18 08:42:28.367 63746 INFO tempest.lib.common.rest_client [req-315122a4-193c-40bb-bf72-6313683b27ba req-315122a4-193c-40bb-bf72-6313683b27ba ] Request (ServicesAdminNegativeV253TestJSON:test_get_service_with_valid_service_and_invalid_host): 200 GET http://10.180.1.21/compute/v2.1/os-services 2.301s
2025-02-18 08:42:28.392 63776 INFO tempest.lib.common.rest_client [req-20b44d93-fae3-4142-98d5-77232ff117a0 req-20b44d93-fae3-4142-98d5-77232ff117a0 ] Request (FlavorsExtraSpecsTestJSON:test_flavor_set_get_update_show_unset_keys): 200 PUT http://10.180.1.21/compute/v2.1/flavors/1151389748/os-extra_specs/hw:numa_nodes 2.307s
2025-02-18 08:42:28.425 63742 INFO tempest.lib.common.rest_client [req-42a56ad8-3f19-471c-9de8-5d6b098cdd90 req-42a56ad8-3f19-471c-9de8-5d6b098cdd90 ] Request (FlavorsV255TestJSON:tearDownClass): 204 DELETE http://10.180.1.21:9696/networking/v2.0/security-groups/8249085e-4eb6-417f-851e-29ff3c679da5 0.400s
2025-02-18 08:42:28.538 63742 INFO tempest.lib.common.rest_client [req-0720c590-c7b2-4915-9945-4a3285478a24 req-0720c590-c7b2-4915-9945-4a3285478a24 ] Request (FlavorsV255TestJSON:tearDownClass): 204 DELETE http://10.180.1.21/identity/v3/projects/85f6a1ae99ae4efc80461ce14f9f497d 0.113s
2025-02-18 08:42:28.580 63788 INFO tempest.lib.common.rest_client [req-ac0ad720-584b-48f6-b12d-a9db5228e018 req-ac0ad720-584b-48f6-b12d-a9db5228e018 ] Request (AttachInterfacesV270Test:test_create_get_list_interfaces): 200 GET http://10.180.1.21/compute/v2.1/servers/75c01ee1-1172-46df-80ad-390f2fab38ce 2.297s
2025-02-18 08:42:28.594 63788 INFO tempest.common.waiters [-] State transition "BUILD/networking" ==> "BUILD/spawning" after 9 second wait
2025-02-18 08:42:28.623 63742 INFO tempest.lib.common.rest_client [req-358a02a3-5231-4435-8f65-61cc655f60ca req-358a02a3-5231-4435-8f65-61cc655f60ca ] Request (HostsAdminNegativeTestJSON:setUpClass): 201 POST http://10.180.1.21/identity/v3/auth/tokens 0.083s
2025-02-18 08:42:28.634 63786 INFO tempest.lib.common.rest_client [req-bb8b86a8-e523-4393-b59d-bee547cb8785 req-bb8b86a8-e523-4393-b59d-bee547cb8785 ] Request (QuotaClassesAdminTestJSON:tearDownClass): 204 DELETE http://10.180.1.21:9696/networking/v2.0/security-groups/e5dbd0e3-f14c-4232-a7fe-86c01c9679af 0.535s
2025-02-18 08:42:28.675 63742 INFO tempest.lib.common.rest_client [req-e25f79c3-fa82-4fea-ba03-498deec492e9 req-e25f79c3-fa82-4fea-ba03-498deec492e9 ] Request (HostsAdminNegativeTestJSON:setUpClass): 201 POST http://10.180.1.21/identity/v3/auth/tokens 0.047s
2025-02-18 08:42:28.737 63786 INFO tempest.lib.common.rest_client [req-3df789f6-b579-4c61-9bad-59756f84fdc8 req-3df789f6-b579-4c61-9bad-59756f84fdc8 ] Request (QuotaClassesAdminTestJSON:tearDownClass): 204 DELETE http://10.180.1.21/identity/v3/projects/fbf3640251e34fa4b452e2d7d68d5733 0.102s
2025-02-18 08:42:28.765 63742 INFO tempest.lib.common.rest_client [req-f65bd236-3858-4b2e-890a-1d836e35c8c8 req-f65bd236-3858-4b2e-890a-1d836e35c8c8 ] Request (HostsAdminNegativeTestJSON:setUpClass): 200 GET http://10.180.1.21/identity/v3/domains?name=Default 0.089s
2025-02-18 08:42:28.793 63786 INFO tempest.lib.common.rest_client [req-d4f33376-85d1-41b4-b5f3-85ad6fc31c3f req-d4f33376-85d1-41b4-b5f3-85ad6fc31c3f ] Request (QuotasSecurityGroupAdminNegativeTest:setUpClass): 201 POST http://10.180.1.21/identity/v3/auth/tokens 0.051s
2025-02-18 08:42:28.799 63798 INFO tempest.lib.common.rest_client [req-4f502bcf-6a77-45d9-994b-0452e0e38ee5 req-4f502bcf-6a77-45d9-994b-0452e0e38ee5 ] Request (FloatingIPDetailsTestJSON:test_get_floating_ip_details): 200 GET http://10.180.1.21/compute/v2.1/os-floating-ips/95f46178-4b36-4f5a-945f-ae980c19d23a 2.346s
2025-02-18 08:42:28.820 63742 INFO tempest.lib.common.rest_client [req-2780f140-c351-4365-8f69-0601b9ce4654 req-2780f140-c351-4365-8f69-0601b9ce4654 ] Request (HostsAdminNegativeTestJSON:setUpClass): 201 POST http://10.180.1.21/identity/v3/projects 0.055s
2025-02-18 08:42:28.826 63795 INFO tempest.lib.common.rest_client [req-41fa46c3-adf6-4e9a-be70-9844ee15f458 req-41fa46c3-adf6-4e9a-be70-9844ee15f458 ] Request (FlavorsAdminTestJSON:test_create_flavor_with_int_id): 200 POST http://10.180.1.21/compute/v2.1/flavors 2.336s
2025-02-18 08:42:28.875 63786 INFO tempest.lib.common.rest_client [req-2a0b73e6-0059-48e2-90b3-d9ada60e523f req-2a0b73e6-0059-48e2-90b3-d9ada60e523f ] Request (QuotasSecurityGroupAdminNegativeTest:setUpClass): 201 POST http://10.180.1.21/identity/v3/auth/tokens 0.080s
2025-02-18 08:42:28.887 63742 INFO tempest.lib.common.rest_client [req-d35317a7-78a6-489b-a91e-b9d30febb659 req-d35317a7-78a6-489b-a91e-b9d30febb659 ] Request (HostsAdminNegativeTestJSON:setUpClass): 201 POST http://10.180.1.21/identity/v3/users 0.066s
2025-02-18 08:42:28.912 63786 INFO tempest.lib.common.rest_client [req-a485c500-2341-49eb-b40a-85744ac2e1ba req-a485c500-2341-49eb-b40a-85744ac2e1ba ] Request (QuotasSecurityGroupAdminNegativeTest:setUpClass): 200 GET http://10.180.1.21/identity/v3/domains?name=Default 0.036s
2025-02-18 08:42:28.929 63742 INFO tempest.lib.common.rest_client [req-123b5e86-749b-4717-b1f6-fe80645a403b req-123b5e86-749b-4717-b1f6-fe80645a403b ] Request (HostsAdminNegativeTestJSON:setUpClass): 200 GET http://10.180.1.21/identity/v3/roles 0.041s
2025-02-18 08:42:28.962 63786 INFO tempest.lib.common.rest_client [req-46e18edd-ee33-417b-ba6e-c16291674308 req-46e18edd-ee33-417b-ba6e-c16291674308 ] Request (QuotasSecurityGroupAdminNegativeTest:setUpClass): 201 POST http://10.180.1.21/identity/v3/projects 0.050s
2025-02-18 08:42:29.030 63742 INFO tempest.lib.common.rest_client [req-8e6d3fb4-f409-445d-b8bf-d245ae0cecc4 req-8e6d3fb4-f409-445d-b8bf-d245ae0cecc4 ] Request (HostsAdminNegativeTestJSON:setUpClass): 204 PUT http://10.180.1.21/identity/v3/projects/91a5c4eae4c24d9abde1966e43c43322/users/167a4deb84ea440b9fb5bd750fc2130a/roles/17ec6d7ce33744c1b84a70539c748c18 0.097s
2025-02-18 08:42:29.030 63742 INFO tempest.lib.common.dynamic_creds [-] Dynamic test user 167a4deb84ea440b9fb5bd750fc2130a is created with scope project and roles: ['member']
2025-02-18 08:42:29.031 63742 INFO tempest.lib.common.dynamic_creds [-] Acquired dynamic creds: credentials: Credentials: {'domain_id': 'default', 'domain_name': 'Default', 'username': 'tempest-HostsAdminNegativeTestJSON-541122723-project-member', 'project_domain_id': 'default', 'project_domain_name': 'Default', 'project_id': '91a5c4eae4c24d9abde1966e43c43322', 'project_name': 'tempest-HostsAdminNegativeTestJSON-541122723', 'tenant_id': '91a5c4eae4c24d9abde1966e43c43322', 'tenant_name': 'tempest-HostsAdminNegativeTestJSON-541122723', 'user_domain_id': 'default', 'user_domain_name': 'Default', 'user_id': '167a4deb84ea440b9fb5bd750fc2130a', 'system': None}, Network: None, Subnet: None, Router: None
2025-02-18 08:42:29.031 63742 INFO tempest.lib.common.dynamic_creds [-] Created isolated network resources for: credentials: Credentials: {'domain_id': 'default', 'domain_name': 'Default', 'username': 'tempest-HostsAdminNegativeTestJSON-541122723-project-member', 'project_domain_id': 'default', 'project_domain_name': 'Default', 'project_id': '91a5c4eae4c24d9abde1966e43c43322', 'project_name': 'tempest-HostsAdminNegativeTestJSON-541122723', 'tenant_id': '91a5c4eae4c24d9abde1966e43c43322', 'tenant_name': 'tempest-HostsAdminNegativeTestJSON-541122723', 'user_domain_id': 'default', 'user_domain_name': 'Default', 'user_id': '167a4deb84ea440b9fb5bd750fc2130a', 'system': None}, Network: None, Subnet: None, Router: None
2025-02-18 08:42:29.047 63786 INFO tempest.lib.common.rest_client [req-702a4daf-83eb-4b25-b23c-2b8409b3b941 req-702a4daf-83eb-4b25-b23c-2b8409b3b941 ] Request (QuotasSecurityGroupAdminNegativeTest:setUpClass): 201 POST http://10.180.1.21/identity/v3/users 0.085s
2025-02-18 08:42:29.136 63742 INFO tempest.lib.common.rest_client [req-7a08e637-bd2f-4d6c-b966-9f6b6b21c987 req-7a08e637-bd2f-4d6c-b966-9f6b6b21c987 ] Request (HostsAdminNegativeTestJSON:setUpClass): 201 POST http://10.180.1.21/identity/v3/auth/tokens 0.097s
2025-02-18 08:42:29.143 63752 INFO tempest.lib.common.rest_client [req-90c3c318-14d5-46b7-a195-9ba00907eda6 req-90c3c318-14d5-46b7-a195-9ba00907eda6 ] Request (ServersTestBootFromVolume:setUpClass): 200 GET http://10.180.1.21/volume/v3/volumes/77f52262-df46-4c03-966b-968af3880305 0.036s
2025-02-18 08:42:29.174 63786 INFO tempest.lib.common.rest_client [req-5f5464bf-4349-4466-b1c2-ce6640a1cfab req-5f5464bf-4349-4466-b1c2-ce6640a1cfab ] Request (QuotasSecurityGroupAdminNegativeTest:setUpClass): 200 GET http://10.180.1.21/identity/v3/roles 0.126s
2025-02-18 08:42:29.180 63770 INFO tempest.lib.common.rest_client [req-4923e688-c5d4-458b-aef2-04c06957f93c req-4923e688-c5d4-458b-aef2-04c06957f93c ] Request (QuotasAdminTestV257:test_get_updated_quotas): 200 PUT http://10.180.1.21/compute/v2.1/os-quota-sets/f4c8920ae6f04063a1cf9657466e9228 2.651s
2025-02-18 08:42:29.202 63786 INFO tempest.lib.common.rest_client [req-57b55d86-f92c-4a07-8798-d7652a38f7fe req-57b55d86-f92c-4a07-8798-d7652a38f7fe ] Request (QuotasSecurityGroupAdminNegativeTest:setUpClass): 204 PUT http://10.180.1.21/identity/v3/projects/4dfd789db99549559dc48906b2b5dbfb/users/3c50fd3818114c208818512b02cd486c/roles/17ec6d7ce33744c1b84a70539c748c18 0.027s
2025-02-18 08:42:29.202 63786 INFO tempest.lib.common.dynamic_creds [-] Dynamic test user 3c50fd3818114c208818512b02cd486c is created with scope project and roles: ['member']
2025-02-18 08:42:29.202 63786 INFO tempest.lib.common.dynamic_creds [-] Acquired dynamic creds: credentials: Credentials: {'domain_id': 'default', 'domain_name': 'Default', 'username': 'tempest-QuotasSecurityGroupAdminNegativeTest-1929506044-project-member', 'project_domain_id': 'default', 'project_domain_name': 'Default', 'project_id': '4dfd789db99549559dc48906b2b5dbfb', 'project_name': 'tempest-QuotasSecurityGroupAdminNegativeTest-1929506044', 'tenant_id': '4dfd789db99549559dc48906b2b5dbfb', 'tenant_name': 'tempest-QuotasSecurityGroupAdminNegativeTest-1929506044', 'user_domain_id': 'default', 'user_domain_name': 'Default', 'user_id': '3c50fd3818114c208818512b02cd486c', 'system': None}, Network: None, Subnet: None, Router: None
2025-02-18 08:42:29.202 63786 INFO tempest.lib.common.dynamic_creds [-] Created isolated network resources for: credentials: Credentials: {'domain_id': 'default', 'domain_name': 'Default', 'username': 'tempest-QuotasSecurityGroupAdminNegativeTest-1929506044-project-member', 'project_domain_id': 'default', 'project_domain_name': 'Default', 'project_id': '4dfd789db99549559dc48906b2b5dbfb', 'project_name': 'tempest-QuotasSecurityGroupAdminNegativeTest-1929506044', 'tenant_id': '4dfd789db99549559dc48906b2b5dbfb', 'tenant_name': 'tempest-QuotasSecurityGroupAdminNegativeTest-1929506044', 'user_domain_id': 'default', 'user_domain_name': 'Default', 'user_id': '3c50fd3818114c208818512b02cd486c', 'system': None}, Network: None, Subnet: None, Router: None
2025-02-18 08:42:29.230 63742 INFO tempest.lib.common.rest_client [req-19173fca-811b-48a1-a65c-3dcd51ebac0d req-19173fca-811b-48a1-a65c-3dcd51ebac0d ] Request (HostsAdminNegativeTestJSON:setUpClass): 201 POST http://10.180.1.21/identity/v3/projects 0.093s
2025-02-18 08:42:29.290 63766 INFO tempest.lib.common.rest_client [req-644b1010-e2a4-478f-9258-0cb4de4a3f5d req-644b1010-e2a4-478f-9258-0cb4de4a3f5d ] Request (SecurityGroupRulesNegativeTestJSON:setUpClass): 200 PUT http://10.180.1.21:9696/networking/v2.0/routers/c480ccd6-814e-4443-a689-9f2475050f2d/add_router_interface 2.842s
2025-02-18 08:42:29.290 63766 INFO tempest.lib.common.dynamic_creds [-] Created isolated network resources for: credentials: Credentials: {'domain_id': 'default', 'domain_name': 'Default', 'username': 'tempest-SecurityGroupRulesNegativeTestJSON-1453150995-project-member', 'project_domain_id': 'default', 'project_domain_name': 'Default', 'project_id': 'ff46ea8646624ca2976267ea706dc182', 'project_name': 'tempest-SecurityGroupRulesNegativeTestJSON-1453150995', 'tenant_id': 'ff46ea8646624ca2976267ea706dc182', 'tenant_name': 'tempest-SecurityGroupRulesNegativeTestJSON-1453150995', 'user_domain_id': 'default', 'user_domain_name': 'Default', 'user_id': 'b61891d1da6541028809e0b23c4bc165', 'system': None}, Network: {'id': '4714bc81-2e06-47fa-9f2f-e56dda03357b', 'name': 'tempest-SecurityGroupRulesNegativeTestJSON-2092803276-network', 'tenant_id': 'ff46ea8646624ca2976267ea706dc182', 'admin_state_up': True, 'mtu': 8950, 'status': 'ACTIVE', 'subnets': [], 'shared': False, 'project_id': 'ff46ea8646624ca2976267ea706dc182', 'port_security_enabled': True, 'router:external': False, 'provider:network_type': 'vlan', 'provider:physical_network': 'default', 'provider:segmentation_id': 708, 'availability_zone_hints': [], 'availability_zones': [], 'ipv4_address_scope': None, 'ipv6_address_scope': None, 'description': '', 'tags': [], 'created_at': '2025-02-18T08:42:22Z', 'updated_at': '2025-02-18T08:42:22Z', 'revision_number': 1}, Subnet: {'id': '8583eebd-9262-4651-9e07-a928648b5bf8', 'name': 'tempest-SecurityGroupRulesNegativeTestJSON-2092803276-subnet', 'tenant_id': 'ff46ea8646624ca2976267ea706dc182', 'network_id': '4714bc81-2e06-47fa-9f2f-e56dda03357b', 'ip_version': 4, 'subnetpool_id': None, 'enable_dhcp': True, 'ipv6_ra_mode': None, 'ipv6_address_mode': None, 'gateway_ip': '192.168.128.1', 'cidr': '192.168.128.0/28', 'allocation_pools': [{'start': '192.168.128.2', 'end': '192.168.128.14'}], 'host_routes': [], 'dns_nameservers': [], 'description': '', 'router:external': False, 'service_types': [], 'tags': [], 'created_at': '2025-02-18T08:42:23Z', 'updated_at': '2025-02-18T08:42:23Z', 'revision_number': 0, 'project_id': 'ff46ea8646624ca2976267ea706dc182'}, Router: {'id': 'c480ccd6-814e-4443-a689-9f2475050f2d', 'name': 'tempest-SecurityGroupRulesNegativeTestJSON-2092803276-router', 'tenant_id': 'ff46ea8646624ca2976267ea706dc182', 'admin_state_up': True, 'status': 'ACTIVE', 'external_gateway_info': {'network_id': 'a6df9a25-01b1-4cf6-99ab-9c6848278693', 'external_fixed_ips': [{'subnet_id': '9d1b0568-5b29-4fd5-9ca5-1f09b46e5ca0', 'ip_address': '10.180.180.209'}], 'enable_snat': True}, 'description': '', 'availability_zones': [], 'distributed': False, 'ha': False, 'availability_zone_hints': [], 'routes': [], 'flavor_id': None, 'tags': [], 'created_at': '2025-02-18T08:42:24Z', 'updated_at': '2025-02-18T08:42:25Z', 'revision_number': 2, 'project_id': 'ff46ea8646624ca2976267ea706dc182'}
2025-02-18 08:42:29.297 63786 INFO tempest.lib.common.rest_client [req-9794956c-8326-4986-b52d-ac6442075ced req-9794956c-8326-4986-b52d-ac6442075ced ] Request (QuotasSecurityGroupAdminNegativeTest:setUpClass): 201 POST http://10.180.1.21/identity/v3/auth/tokens 0.090s
2025-02-18 08:42:29.353 63742 INFO tempest.lib.common.rest_client [req-45245860-7479-4008-910d-6f4fd3f34549 req-45245860-7479-4008-910d-6f4fd3f34549 ] Request (HostsAdminNegativeTestJSON:setUpClass): 201 POST http://10.180.1.21/identity/v3/users 0.122s
2025-02-18 08:42:29.380 63786 INFO tempest.lib.common.rest_client [req-ba5c6f67-46f6-4dba-a144-16eeef8da131 req-ba5c6f67-46f6-4dba-a144-16eeef8da131 ] Request (QuotasSecurityGroupAdminNegativeTest:setUpClass): 201 POST http://10.180.1.21/identity/v3/projects 0.083s
2025-02-18 08:42:29.382 63766 INFO tempest.lib.common.rest_client [req-e1c2ddfb-167d-4474-bc74-ba3c7681aab7 req-e1c2ddfb-167d-4474-bc74-ba3c7681aab7 ] Request (SecurityGroupRulesNegativeTestJSON:setUpClass): 201 POST http://10.180.1.21/identity/v3/auth/tokens 0.088s
2025-02-18 08:42:29.425 63742 INFO tempest.lib.common.rest_client [req-8f37a99a-725b-4f7d-9946-301570332bbe req-8f37a99a-725b-4f7d-9946-301570332bbe ] Request (HostsAdminNegativeTestJSON:setUpClass): 200 GET http://10.180.1.21/identity/v3/roles 0.071s
2025-02-18 08:42:29.432 63786 INFO tempest.lib.common.rest_client [req-b4b8bb4d-33a9-4085-8f61-575edfbf11ea req-b4b8bb4d-33a9-4085-8f61-575edfbf11ea ] Request (QuotasSecurityGroupAdminNegativeTest:setUpClass): 201 POST http://10.180.1.21/identity/v3/users 0.051s
2025-02-18 08:42:29.451 63786 INFO tempest.lib.common.rest_client [req-b4ae9bc3-a68d-43ec-af63-d0b33fefec1b req-b4ae9bc3-a68d-43ec-af63-d0b33fefec1b ] Request (QuotasSecurityGroupAdminNegativeTest:setUpClass): 200 GET http://10.180.1.21/identity/v3/roles 0.019s
2025-02-18 08:42:29.453 63742 INFO tempest.lib.common.rest_client [req-94ea888a-9903-422d-8aff-fabab8147203 req-94ea888a-9903-422d-8aff-fabab8147203 ] Request (HostsAdminNegativeTestJSON:setUpClass): 204 PUT http://10.180.1.21/identity/v3/projects/f60b93c1f9b045649a34ea51efdbe7e6/users/1351042be2f24b2c9071419fd5304c42/roles/546ec793367b4e68b5e08df0905a267a 0.027s
2025-02-18 08:42:29.510 63786 INFO tempest.lib.common.rest_client [req-0c86f03b-ea15-4577-b5f1-f76a2e7da8b8 req-0c86f03b-ea15-4577-b5f1-f76a2e7da8b8 ] Request (QuotasSecurityGroupAdminNegativeTest:setUpClass): 204 PUT http://10.180.1.21/identity/v3/projects/0b39a59081884258aed4467cca9decce/users/deededf023074f75ad9d74881ce0186b/roles/546ec793367b4e68b5e08df0905a267a 0.058s
2025-02-18 08:42:29.512 63742 INFO tempest.lib.common.rest_client [req-826b56c9-8164-458c-b0fd-785941071f94 req-826b56c9-8164-458c-b0fd-785941071f94 ] Request (HostsAdminNegativeTestJSON:setUpClass): 200 GET http://10.180.1.21/identity/v3/roles 0.059s
2025-02-18 08:42:29.560 63742 INFO tempest.lib.common.rest_client [req-a3eed314-ef92-492c-9541-1379f9597034 req-a3eed314-ef92-492c-9541-1379f9597034 ] Request (HostsAdminNegativeTestJSON:setUpClass): 204 PUT http://10.180.1.21/identity/v3/projects/f60b93c1f9b045649a34ea51efdbe7e6/users/1351042be2f24b2c9071419fd5304c42/roles/546ec793367b4e68b5e08df0905a267a 0.047s
2025-02-18 08:42:29.560 63742 INFO tempest.lib.common.dynamic_creds [-] Dynamic test user 1351042be2f24b2c9071419fd5304c42 is created with scope project and roles: ['admin']
2025-02-18 08:42:29.560 63742 INFO tempest.lib.common.dynamic_creds [-] Acquired dynamic creds: credentials: Credentials: {'domain_id': 'default', 'domain_name': 'Default', 'username': 'tempest-HostsAdminNegativeTestJSON-1729074719-project-admin', 'project_domain_id': 'default', 'project_domain_name': 'Default', 'project_id': 'f60b93c1f9b045649a34ea51efdbe7e6', 'project_name': 'tempest-HostsAdminNegativeTestJSON-1729074719', 'tenant_id': 'f60b93c1f9b045649a34ea51efdbe7e6', 'tenant_name': 'tempest-HostsAdminNegativeTestJSON-1729074719', 'user_domain_id': 'default', 'user_domain_name': 'Default', 'user_id': '1351042be2f24b2c9071419fd5304c42', 'system': None}, Network: None, Subnet: None, Router: None
2025-02-18 08:42:29.560 63742 INFO tempest.lib.common.dynamic_creds [-] Created isolated network resources for: credentials: Credentials: {'domain_id': 'default', 'domain_name': 'Default', 'username': 'tempest-HostsAdminNegativeTestJSON-1729074719-project-admin', 'project_domain_id': 'default', 'project_domain_name': 'Default', 'project_id': 'f60b93c1f9b045649a34ea51efdbe7e6', 'project_name': 'tempest-HostsAdminNegativeTestJSON-1729074719', 'tenant_id': 'f60b93c1f9b045649a34ea51efdbe7e6', 'tenant_name': 'tempest-HostsAdminNegativeTestJSON-1729074719', 'user_domain_id': 'default', 'user_domain_name': 'Default', 'user_id': '1351042be2f24b2c9071419fd5304c42', 'system': None}, Network: None, Subnet: None, Router: None
2025-02-18 08:42:29.577 63786 INFO tempest.lib.common.rest_client [req-aa69600f-20a9-4a40-bc62-0bab192b4e6a req-aa69600f-20a9-4a40-bc62-0bab192b4e6a ] Request (QuotasSecurityGroupAdminNegativeTest:setUpClass): 200 GET http://10.180.1.21/identity/v3/roles 0.066s
2025-02-18 08:42:29.663 63786 INFO tempest.lib.common.rest_client [req-1caf5805-e05f-4ecf-8f98-afb827cfd5bb req-1caf5805-e05f-4ecf-8f98-afb827cfd5bb ] Request (QuotasSecurityGroupAdminNegativeTest:setUpClass): 204 PUT http://10.180.1.21/identity/v3/projects/0b39a59081884258aed4467cca9decce/users/deededf023074f75ad9d74881ce0186b/roles/546ec793367b4e68b5e08df0905a267a 0.084s
2025-02-18 08:42:29.663 63786 INFO tempest.lib.common.dynamic_creds [-] Dynamic test user deededf023074f75ad9d74881ce0186b is created with scope project and roles: ['admin']
2025-02-18 08:42:29.663 63786 INFO tempest.lib.common.dynamic_creds [-] Acquired dynamic creds: credentials: Credentials: {'domain_id': 'default', 'domain_name': 'Default', 'username': 'tempest-QuotasSecurityGroupAdminNegativeTest-146585144-project-admin', 'project_domain_id': 'default', 'project_domain_name': 'Default', 'project_id': '0b39a59081884258aed4467cca9decce', 'project_name': 'tempest-QuotasSecurityGroupAdminNegativeTest-146585144', 'tenant_id': '0b39a59081884258aed4467cca9decce', 'tenant_name': 'tempest-QuotasSecurityGroupAdminNegativeTest-146585144', 'user_domain_id': 'default', 'user_domain_name': 'Default', 'user_id': 'deededf023074f75ad9d74881ce0186b', 'system': None}, Network: None, Subnet: None, Router: None
2025-02-18 08:42:29.663 63786 INFO tempest.lib.common.dynamic_creds [-] Created isolated network resources for: credentials: Credentials: {'domain_id': 'default', 'domain_name': 'Default', 'username': 'tempest-QuotasSecurityGroupAdminNegativeTest-146585144-project-admin', 'project_domain_id': 'default', 'project_domain_name': 'Default', 'project_id': '0b39a59081884258aed4467cca9decce', 'project_name': 'tempest-QuotasSecurityGroupAdminNegativeTest-146585144', 'tenant_id': '0b39a59081884258aed4467cca9decce', 'tenant_name': 'tempest-QuotasSecurityGroupAdminNegativeTest-146585144', 'user_domain_id': 'default', 'user_domain_name': 'Default', 'user_id': 'deededf023074f75ad9d74881ce0186b', 'system': None}, Network: None, Subnet: None, Router: None
2025-02-18 08:42:29.664 63742 INFO tempest.lib.common.rest_client [req-e2b672c0-a2f8-4f4c-ad32-25d3cc022269 req-e2b672c0-a2f8-4f4c-ad32-25d3cc022269 ] Request (HostsAdminNegativeTestJSON:setUpClass): 201 POST http://10.180.1.21/identity/v3/auth/tokens 0.101s
2025-02-18 08:42:29.760 63786 INFO tempest.lib.common.rest_client [req-796caa20-2d4e-4c66-98bc-0296f5fa1b83 req-796caa20-2d4e-4c66-98bc-0296f5fa1b83 ] Request (QuotasSecurityGroupAdminNegativeTest:setUpClass): 201 POST http://10.180.1.21/identity/v3/auth/tokens 0.093s
2025-02-18 08:42:29.761 63786 WARNING tempest.lib.common.rest_client [-] Deprecated: "tenant_id" property is deprecated for removal, use "project_id" instead
2025-02-18 08:42:29.912 63786 INFO tempest.lib.common.rest_client [req-113f83a1-7588-465a-9620-54b669d7ba72 req-113f83a1-7588-465a-9620-54b669d7ba72 ] Request (QuotasSecurityGroupAdminNegativeTest:tearDownClass): 204 DELETE http://10.180.1.21/identity/v3/users/3c50fd3818114c208818512b02cd486c 0.149s
2025-02-18 08:42:30.070 63786 INFO tempest.lib.common.rest_client [req-4de444e1-a864-4de2-a683-93aa9a5bbcd4 req-4de444e1-a864-4de2-a683-93aa9a5bbcd4 ] Request (QuotasSecurityGroupAdminNegativeTest:tearDownClass): 204 DELETE http://10.180.1.21/identity/v3/users/deededf023074f75ad9d74881ce0186b 0.157s
2025-02-18 08:42:30.071 63786 INFO tempest.lib.common.dynamic_creds [-] Deleting project and security group for project: 4dfd789db99549559dc48906b2b5dbfb
2025-02-18 08:42:30.171 63786 INFO tempest.lib.common.rest_client [req-56ba9bd9-ceed-4dea-a60d-4cd95ca55f56 req-56ba9bd9-ceed-4dea-a60d-4cd95ca55f56 ] Request (QuotasSecurityGroupAdminNegativeTest:tearDownClass): 201 POST http://10.180.1.21/identity/v3/auth/tokens 0.100s
2025-02-18 08:42:30.191 63752 INFO tempest.lib.common.rest_client [req-6b382c3a-9f01-4e0c-a3a3-a5c028a5ee47 req-6b382c3a-9f01-4e0c-a3a3-a5c028a5ee47 ] Request (ServersTestBootFromVolume:setUpClass): 200 GET http://10.180.1.21/volume/v3/volumes/77f52262-df46-4c03-966b-968af3880305 0.040s
2025-02-18 08:42:30.289 63740 INFO tempest.lib.common.rest_client [req-902b1920-3a56-4e18-8cfa-73869039f0c6 req-902b1920-3a56-4e18-8cfa-73869039f0c6 ] Request (ServerAddressesTestJSON:setUpClass): 202 POST http://10.180.1.21/compute/v2.1/servers 3.414s
2025-02-18 08:42:30.379 63782 INFO tempest.lib.common.rest_client [req-083a3a7c-0cf1-4c4e-93a8-6a53ddc68d22 req-083a3a7c-0cf1-4c4e-93a8-6a53ddc68d22 ] Request (ServerDiagnosticsV248Test:test_get_server_diagnostics): 200 GET http://10.180.1.21/compute/v2.1/servers/2d0161c6-c351-4113-a846-e769fdef4c4c 3.379s
2025-02-18 08:42:30.396 63782 INFO tempest.common.waiters [-] State transition "BUILD/spawning" ==> "ACTIVE/None" after 15 second wait
2025-02-18 08:42:30.511 63750 INFO tempest.lib.common.rest_client [req-28f3349d-a4c2-4ae5-88fe-9f8e443eed11 req-28f3349d-a4c2-4ae5-88fe-9f8e443eed11 ] Request (FloatingIPDetailsNegativeTestJSON:setUpClass): 200 PUT http://10.180.1.21:9696/networking/v2.0/routers/e4f8d036-b32e-4a73-935b-5bfaa6eb9ddf/add_router_interface 2.701s
2025-02-18 08:42:30.511 63750 INFO tempest.lib.common.dynamic_creds [-] Created isolated network resources for: credentials: Credentials: {'domain_id': 'default', 'domain_name': 'Default', 'username': 'tempest-FloatingIPDetailsNegativeTestJSON-460176309-project-member', 'project_domain_id': 'default', 'project_domain_name': 'Default', 'project_id': 'd54c5731a871499099f38b186b6b86a0', 'project_name': 'tempest-FloatingIPDetailsNegativeTestJSON-460176309', 'tenant_id': 'd54c5731a871499099f38b186b6b86a0', 'tenant_name': 'tempest-FloatingIPDetailsNegativeTestJSON-460176309', 'user_domain_id': 'default', 'user_domain_name': 'Default', 'user_id': '5d1f1cfcf9fa4da1857782e26e71c340', 'system': None}, Network: {'id': 'a0a3309a-cc7c-4926-b5bf-fb922ef129c3', 'name': 'tempest-FloatingIPDetailsNegativeTestJSON-28994877-network', 'tenant_id': 'd54c5731a871499099f38b186b6b86a0', 'admin_state_up': True, 'mtu': 8950, 'status': 'ACTIVE', 'subnets': [], 'shared': False, 'project_id': 'd54c5731a871499099f38b186b6b86a0', 'port_security_enabled': True, 'router:external': False, 'provider:network_type': 'vlan', 'provider:physical_network': 'default', 'provider:segmentation_id': 342, 'availability_zone_hints': [], 'availability_zones': [], 'ipv4_address_scope': None, 'ipv6_address_scope': None, 'description': '', 'tags': [], 'created_at': '2025-02-18T08:42:23Z', 'updated_at': '2025-02-18T08:42:23Z', 'revision_number': 1}, Subnet: {'id': 'd2289b6e-a8d2-43c3-a0ab-87944f9e3f26', 'name': 'tempest-FloatingIPDetailsNegativeTestJSON-28994877-subnet', 'tenant_id': 'd54c5731a871499099f38b186b6b86a0', 'network_id': 'a0a3309a-cc7c-4926-b5bf-fb922ef129c3', 'ip_version': 4, 'subnetpool_id': None, 'enable_dhcp': True, 'ipv6_ra_mode': None, 'ipv6_address_mode': None, 'gateway_ip': '192.168.128.1', 'cidr': '192.168.128.0/28', 'allocation_pools': [{'start': '192.168.128.2', 'end': '192.168.128.14'}], 'host_routes': [], 'dns_nameservers': [], 'description': '', 'router:external': False, 'service_types': [], 'tags': [], 'created_at': '2025-02-18T08:42:24Z', 'updated_at': '2025-02-18T08:42:24Z', 'revision_number': 0, 'project_id': 'd54c5731a871499099f38b186b6b86a0'}, Router: {'id': 'e4f8d036-b32e-4a73-935b-5bfaa6eb9ddf', 'name': 'tempest-FloatingIPDetailsNegativeTestJSON-28994877-router', 'tenant_id': 'd54c5731a871499099f38b186b6b86a0', 'admin_state_up': True, 'status': 'ACTIVE', 'external_gateway_info': {'network_id': 'a6df9a25-01b1-4cf6-99ab-9c6848278693', 'external_fixed_ips': [{'subnet_id': '9d1b0568-5b29-4fd5-9ca5-1f09b46e5ca0', 'ip_address': '10.180.180.135'}], 'enable_snat': True}, 'description': '', 'availability_zones': [], 'distributed': False, 'ha': False, 'availability_zone_hints': [], 'routes': [], 'flavor_id': None, 'tags': [], 'created_at': '2025-02-18T08:42:24Z', 'updated_at': '2025-02-18T08:42:26Z', 'revision_number': 2, 'project_id': 'd54c5731a871499099f38b186b6b86a0'}
2025-02-18 08:42:30.602 63750 INFO tempest.lib.common.rest_client [req-9d8e7942-c433-4154-bf4e-cb1f46da8eae req-9d8e7942-c433-4154-bf4e-cb1f46da8eae ] Request (FloatingIPDetailsNegativeTestJSON:setUpClass): 201 POST http://10.180.1.21/identity/v3/auth/tokens 0.087s
2025-02-18 08:42:30.655 63786 INFO tempest.lib.common.rest_client [req-2ba3de4d-74c9-4c90-b2fc-3ab285889a64 req-2ba3de4d-74c9-4c90-b2fc-3ab285889a64 ] Request (QuotasSecurityGroupAdminNegativeTest:tearDownClass): 200 GET http://10.180.1.21:9696/networking/v2.0/security-groups?tenant_id=4dfd789db99549559dc48906b2b5dbfb&name=default 0.484s
2025-02-18 08:42:30.692 63760 INFO tempest.lib.common.rest_client [req-0b8319fa-eda5-48e3-acd1-8db2f99d3dde req-0b8319fa-eda5-48e3-acd1-8db2f99d3dde ] Request (ServerRescueTestJSONUnderV235:setUpClass): 200 PUT http://10.180.1.21:9696/networking/v2.0/routers/31575b04-4378-4cff-bb39-37c74a53f24d/add_router_interface 2.351s
2025-02-18 08:42:30.692 63760 INFO tempest.lib.common.dynamic_creds [-] Created isolated network resources for: credentials: Credentials: {'domain_id': 'default', 'domain_name': 'Default', 'username': 'tempest-ServerRescueTestJSONUnderV235-1583508227-project-member', 'project_domain_id': 'default', 'project_domain_name': 'Default', 'project_id': 'a3ca6ed373934270ba2726650ca359b6', 'project_name': 'tempest-ServerRescueTestJSONUnderV235-1583508227', 'tenant_id': 'a3ca6ed373934270ba2726650ca359b6', 'tenant_name': 'tempest-ServerRescueTestJSONUnderV235-1583508227', 'user_domain_id': 'default', 'user_domain_name': 'Default', 'user_id': 'eb7d53afab7746719b5dd78e6a9af9a4', 'system': None}, Network: {'id': 'b4a1d213-b1a7-4825-88ac-079aa0c17769', 'name': 'tempest-ServerRescueTestJSONUnderV235-63339395-network', 'tenant_id': 'a3ca6ed373934270ba2726650ca359b6', 'admin_state_up': True, 'mtu': 8950, 'status': 'ACTIVE', 'subnets': [], 'shared': False, 'project_id': 'a3ca6ed373934270ba2726650ca359b6', 'port_security_enabled': True, 'router:external': False, 'provider:network_type': 'vlan', 'provider:physical_network': 'default', 'provider:segmentation_id': 173, 'availability_zone_hints': [], 'availability_zones': [], 'ipv4_address_scope': None, 'ipv6_address_scope': None, 'description': '', 'tags': [], 'created_at': '2025-02-18T08:42:23Z', 'updated_at': '2025-02-18T08:42:23Z', 'revision_number': 1}, Subnet: {'id': 'f87752c4-c502-43ef-8172-df8e5f053e3c', 'name': 'tempest-ServerRescueTestJSONUnderV235-63339395-subnet', 'tenant_id': 'a3ca6ed373934270ba2726650ca359b6', 'network_id': 'b4a1d213-b1a7-4825-88ac-079aa0c17769', 'ip_version': 4, 'subnetpool_id': None, 'enable_dhcp': False, 'ipv6_ra_mode': None, 'ipv6_address_mode': None, 'gateway_ip': '192.168.128.1', 'cidr': '192.168.128.0/28', 'allocation_pools': [{'start': '192.168.128.2', 'end': '192.168.128.14'}], 'host_routes': [], 'dns_nameservers': [], 'description': '', 'router:external': False, 'service_types': [], 'tags': [], 'created_at': '2025-02-18T08:42:24Z', 'updated_at': '2025-02-18T08:42:24Z', 'revision_number': 0, 'project_id': 'a3ca6ed373934270ba2726650ca359b6'}, Router: {'id': '31575b04-4378-4cff-bb39-37c74a53f24d', 'name': 'tempest-ServerRescueTestJSONUnderV235-63339395-router', 'tenant_id': 'a3ca6ed373934270ba2726650ca359b6', 'admin_state_up': True, 'status': 'ACTIVE', 'external_gateway_info': {'network_id': 'a6df9a25-01b1-4cf6-99ab-9c6848278693', 'external_fixed_ips': [{'subnet_id': '9d1b0568-5b29-4fd5-9ca5-1f09b46e5ca0', 'ip_address': '10.180.180.131'}], 'enable_snat': True}, 'description': '', 'availability_zones': [], 'distributed': False, 'ha': False, 'availability_zone_hints': [], 'routes': [], 'flavor_id': None, 'tags': [], 'created_at': '2025-02-18T08:42:25Z', 'updated_at': '2025-02-18T08:42:27Z', 'revision_number': 2, 'project_id': 'a3ca6ed373934270ba2726650ca359b6'}
2025-02-18 08:42:30.775 63760 INFO tempest.lib.common.rest_client [req-6c8e4a5d-255f-4516-9be6-f39368e1e1a3 req-6c8e4a5d-255f-4516-9be6-f39368e1e1a3 ] Request (ServerRescueTestJSONUnderV235:setUpClass): 201 POST http://10.180.1.21/identity/v3/auth/tokens 0.080s
2025-02-18 08:42:30.809 63760 INFO tempest.lib.common.rest_client [req-31283ac9-5a0d-4fb3-b1a8-bbdde7d085c7 req-31283ac9-5a0d-4fb3-b1a8-bbdde7d085c7 ] Request (ServerRescueTestJSONUnderV235:setUpClass): 201 POST http://10.180.1.21/identity/v3/auth/tokens 0.028s
2025-02-18 08:42:30.810 63760 INFO tempest.lib.common.fixed_network [-] (ServerRescueTestJSONUnderV235:setUpClass) Found network {'id': 'b4a1d213-b1a7-4825-88ac-079aa0c17769', 'name': 'tempest-ServerRescueTestJSONUnderV235-63339395-network', 'tenant_id': 'a3ca6ed373934270ba2726650ca359b6', 'admin_state_up': True, 'mtu': 8950, 'status': 'ACTIVE', 'subnets': [], 'shared': False, 'project_id': 'a3ca6ed373934270ba2726650ca359b6', 'port_security_enabled': True, 'router:external': False, 'provider:network_type': 'vlan', 'provider:physical_network': 'default', 'provider:segmentation_id': 173, 'availability_zone_hints': [], 'availability_zones': [], 'ipv4_address_scope': None, 'ipv6_address_scope': None, 'description': '', 'tags': [], 'created_at': '2025-02-18T08:42:23Z', 'updated_at': '2025-02-18T08:42:23Z', 'revision_number': 1} available for tenant
2025-02-18 08:42:30.820 63786 INFO tempest.lib.common.rest_client [req-c2298d03-5b3c-448d-8bea-ee23c4e5f510 req-c2298d03-5b3c-448d-8bea-ee23c4e5f510 ] Request (QuotasSecurityGroupAdminNegativeTest:tearDownClass): 204 DELETE http://10.180.1.21:9696/networking/v2.0/security-groups/87002272-f545-43f5-93fa-14e84b556f5a 0.164s
2025-02-18 08:42:30.896 63786 INFO tempest.lib.common.rest_client [req-509a3b68-5a54-47a5-97c5-416bbdf824c8 req-509a3b68-5a54-47a5-97c5-416bbdf824c8 ] Request (QuotasSecurityGroupAdminNegativeTest:tearDownClass): 204 DELETE http://10.180.1.21/identity/v3/projects/4dfd789db99549559dc48906b2b5dbfb 0.075s
2025-02-18 08:42:30.896 63786 INFO tempest.lib.common.dynamic_creds [-] Deleting project and security group for project: 0b39a59081884258aed4467cca9decce
2025-02-18 08:42:30.947 63744 INFO tempest.lib.common.rest_client [req-b6a95d76-8a1f-41cd-bae1-fbf13d7e0530 req-b6a95d76-8a1f-41cd-bae1-fbf13d7e0530 ] Request (ServerRescueTestJSON:setUpClass): 202 POST http://10.180.1.21/compute/v2.1/servers 3.799s
2025-02-18 08:42:31.067 63786 INFO tempest.lib.common.rest_client [req-6262135a-cd46-41eb-ba0e-dd8ad487bdba req-6262135a-cd46-41eb-ba0e-dd8ad487bdba ] Request (QuotasSecurityGroupAdminNegativeTest:tearDownClass): 200 GET http://10.180.1.21:9696/networking/v2.0/security-groups?tenant_id=0b39a59081884258aed4467cca9decce&name=default 0.171s
2025-02-18 08:42:31.114 63762 INFO tempest.lib.common.rest_client [req-42982379-3ab1-4d87-8049-75b97149ca8c req-42982379-3ab1-4d87-8049-75b97149ca8c ] Request (AbsoluteLimitsTestJSON:test_absLimits_get): 200 GET http://10.180.1.21/compute/v2.1/limits 3.954s
2025-02-18 08:42:31.221 63748 INFO tempest.lib.common.rest_client [req-3cf6832d-4a12-4fc0-bcae-f1cdabbc677f req-3cf6832d-4a12-4fc0-bcae-f1cdabbc677f ] Request (SecurityGroupsTestAdminJSON:test_list_security_groups_list_all_tenants_filter): 200 GET http://10.180.1.21/compute/v2.1/os-security-groups?all_tenants=true 5.400s
2025-02-18 08:42:31.236 63752 INFO tempest.lib.common.rest_client [req-032df0dc-f9ca-4e0d-b9d3-5ff30fce6d1c req-032df0dc-f9ca-4e0d-b9d3-5ff30fce6d1c ] Request (ServersTestBootFromVolume:setUpClass): 200 GET http://10.180.1.21/volume/v3/volumes/77f52262-df46-4c03-966b-968af3880305 0.033s
2025-02-18 08:42:31.239 63762 INFO tempest.lib.common.rest_client [req-9a3c842e-596f-4ea3-b4e6-ea11f9d7d6d4 req-9a3c842e-596f-4ea3-b4e6-ea11f9d7d6d4 ] Request (AbsoluteLimitsTestJSON:tearDownClass): 204 DELETE http://10.180.1.21/identity/v3/users/617194eb8c5d4d19b41a03773af77c62 0.118s
2025-02-18 08:42:31.239 63762 INFO tempest.lib.common.dynamic_creds [-] Deleting project and security group for project: b8ac35be77da4738b8a7f192e9bd96ab
2025-02-18 08:42:31.239 63758 INFO tempest.lib.common.rest_client [req-755d8f80-ea0a-43bb-b2e2-d352a245b478 req-755d8f80-ea0a-43bb-b2e2-d352a245b478 ] Request (QuotasAdminNegativeTest:_run_cleanups): 200 PUT http://10.180.1.21/compute/v2.1/os-quota-sets/862c5df5ba584e2cb2f2f1a2d1be1ca5 4.013s
2025-02-18 08:42:31.240 63786 INFO tempest.lib.common.rest_client [req-c17c9118-d3b7-468f-bb4b-014c8934b537 req-c17c9118-d3b7-468f-bb4b-014c8934b537 ] Request (QuotasSecurityGroupAdminNegativeTest:tearDownClass): 204 DELETE http://10.180.1.21:9696/networking/v2.0/security-groups/72c80b92-75bb-49d8-981c-bded7f0c5a5f 0.172s
2025-02-18 08:42:31.245 63752 INFO tempest.common.waiters [-] volume 77f52262-df46-4c03-966b-968af3880305 reached available after waiting for 20.245536 seconds
2025-02-18 08:42:31.262 63796 INFO tempest.lib.common.rest_client [req-560d59c9-7185-4685-ae3f-77eb99be24dc req-560d59c9-7185-4685-ae3f-77eb99be24dc ] Request (FlavorsAccessNegativeTestJSON:test_flavor_access_list_with_public_flavor): 200 POST http://10.180.1.21/compute/v2.1/flavors 4.001s
2025-02-18 08:42:31.279 63792 INFO tempest.lib.common.rest_client [req-d03e5cde-5c1e-422d-a974-2f4d19ed0806 req-d03e5cde-5c1e-422d-a974-2f4d19ed0806 ] Request (ServersWithSpecificFlavorTestJSON:test_verify_created_server_ephemeral_disk): 200 POST http://10.180.1.21/compute/v2.1/flavors 4.005s
2025-02-18 08:42:31.284 63784 INFO tempest.lib.common.rest_client [req-b3fc0e2d-3cec-46fb-b673-66a828546dad req-b3fc0e2d-3cec-46fb-b673-66a828546dad ] Request (DeleteServersTestJSON:test_delete_active_server): 200 GET http://10.180.1.21/compute/v2.1/servers/bc5f3770-73db-4b5a-98cd-03412048c8ca 4.022s
2025-02-18 08:42:31.310 63773 INFO tempest.lib.common.rest_client [req-cfd4f94a-e007-4a93-83d8-98e1f21fd28d req-cfd4f94a-e007-4a93-83d8-98e1f21fd28d ] Request (HostsAdminTestJSON:test_list_hosts_with_zone): 200 GET http://10.180.1.21/compute/v2.1/os-hosts?zone=internal 3.817s
2025-02-18 08:42:31.311 63762 INFO tempest.lib.common.rest_client [req-364d86f3-a437-4ca1-aca5-ca43a3e0dba1 req-364d86f3-a437-4ca1-aca5-ca43a3e0dba1 ] Request (AbsoluteLimitsTestJSON:tearDownClass): 201 POST http://10.180.1.21/identity/v3/auth/tokens 0.072s
2025-02-18 08:42:31.344 63786 INFO tempest.lib.common.rest_client [req-4bf77140-8d5f-42ea-8ded-bdfdb9244cbb req-4bf77140-8d5f-42ea-8ded-bdfdb9244cbb ] Request (QuotasSecurityGroupAdminNegativeTest:tearDownClass): 204 DELETE http://10.180.1.21/identity/v3/projects/0b39a59081884258aed4467cca9decce 0.103s
2025-02-18 08:42:31.364 63800 INFO tempest.lib.common.rest_client [req-b680ade5-05fd-4561-bf81-c3fb75143569 req-b680ade5-05fd-4561-bf81-c3fb75143569 ] Request (VolumesAssistedSnapshotsTest:test_volume_assisted_snapshot_create_delete): 200 GET http://10.180.1.21/compute/v2.1/servers/4282ace6-1de9-4f13-b0cc-09a531a32452 3.735s
2025-02-18 08:42:31.409 63764 INFO tempest.lib.common.rest_client [req-4f82b6f4-11d3-4912-b7e3-2bb35fb4ec6c req-4f82b6f4-11d3-4912-b7e3-2bb35fb4ec6c ] Request (MigrationsAdminTest:test_list_migrations_in_flavor_resize_situation): 200 GET http://10.180.1.21/compute/v2.1/servers/b9f32509-47d3-485d-93a4-22e12490de17 3.392s
2025-02-18 08:42:31.444 63768 INFO tempest.lib.common.rest_client [req-ad92f40d-cf45-466c-86c9-ccf7c4073177 req-ad92f40d-cf45-466c-86c9-ccf7c4073177 ] Request (AggregatesAdminNegativeTestJSON:test_aggregate_add_host_as_user): 403 POST http://10.180.1.21/compute/v2.1/os-aggregates/2/action 4.030s
2025-02-18 08:42:31.459 63786 INFO tempest.lib.common.rest_client [req-90ebfdd1-3164-4ffb-9162-09eb3a0e56ae req-90ebfdd1-3164-4ffb-9162-09eb3a0e56ae ] Request (ServersTestJSON:setUpClass): 201 POST http://10.180.1.21/identity/v3/auth/tokens 0.113s
2025-02-18 08:42:31.467 63738 INFO tempest.lib.common.rest_client [req-97d7527f-2f94-4198-94d2-5255b4b7a5cc req-97d7527f-2f94-4198-94d2-5255b4b7a5cc ] Request (FlavorsAccessTestJSON:test_flavor_access_list_with_private_flavor): 200 POST http://10.180.1.21/compute/v2.1/flavors 3.125s
2025-02-18 08:42:31.491 63780 INFO tempest.lib.common.rest_client [req-57aadfb0-6eb3-4065-bb25-f7b0ffeff0df req-57aadfb0-6eb3-4065-bb25-f7b0ffeff0df ] Request (KeyPairsV210TestJSON:_run_cleanups): 204 DELETE http://10.180.1.21/compute/v2.1/os-keypairs/tempest-keypair-1196485938?user_id=7fe4812687054c1a80fc40201a5dd5f3 3.143s
2025-02-18 08:42:31.521 63746 INFO tempest.lib.common.rest_client [req-1e6fd8d8-3d2d-4157-bd82-1034c0c9afc3 req-1e6fd8d8-3d2d-4157-bd82-1034c0c9afc3 ] Request (ServicesAdminNegativeV253TestJSON:test_get_service_with_valid_service_and_invalid_host): 200 GET http://10.180.1.21/compute/v2.1/os-services?host=xxx&binary=nova-scheduler 3.152s
2025-02-18 08:42:31.523 63786 INFO tempest.lib.common.rest_client [req-4169a49a-8549-4bcf-a65d-a3f8181022fe req-4169a49a-8549-4bcf-a65d-a3f8181022fe ] Request (ServersTestJSON:setUpClass): 201 POST http://10.180.1.21/identity/v3/auth/tokens 0.062s
2025-02-18 08:42:31.536 63776 INFO tempest.lib.common.rest_client [req-144a92b9-3086-471a-8ba5-5ea4b2c34e36 req-144a92b9-3086-471a-8ba5-5ea4b2c34e36 ] Request (FlavorsExtraSpecsTestJSON:test_flavor_set_get_update_show_unset_keys): 200 GET http://10.180.1.21/compute/v2.1/flavors/1151389748/os-extra_specs 3.143s
2025-02-18 08:42:31.572 63762 INFO tempest.lib.common.rest_client [req-df566a59-ffbf-4129-b51a-f9f2a5bb2072 req-df566a59-ffbf-4129-b51a-f9f2a5bb2072 ] Request (AbsoluteLimitsTestJSON:tearDownClass): 200 GET http://10.180.1.21:9696/networking/v2.0/security-groups?tenant_id=b8ac35be77da4738b8a7f192e9bd96ab&name=default 0.260s
2025-02-18 08:42:31.579 63786 INFO tempest.lib.common.rest_client [req-7a1874f2-e368-402a-b351-b8c044fc46a3 req-7a1874f2-e368-402a-b351-b8c044fc46a3 ] Request (ServersTestJSON:setUpClass): 200 GET http://10.180.1.21/identity/v3/domains?name=Default 0.055s
2025-02-18 08:42:31.628 63780 INFO tempest.lib.common.rest_client [req-072dfb1e-9d91-4e3a-a2de-618ad05cfcfd req-072dfb1e-9d91-4e3a-a2de-618ad05cfcfd ] Request (KeyPairsV210TestJSON:tearDownClass): 204 DELETE http://10.180.1.21/identity/v3/users/7fe4812687054c1a80fc40201a5dd5f3 0.127s
2025-02-18 08:42:31.704 63762 INFO tempest.lib.common.rest_client [req-74332812-f5b7-4517-a991-98a6d1cdda5f req-74332812-f5b7-4517-a991-98a6d1cdda5f ] Request (AbsoluteLimitsTestJSON:tearDownClass): 204 DELETE http://10.180.1.21:9696/networking/v2.0/security-groups/b33a9214-34c7-454d-92a2-638da74d4388 0.131s
2025-02-18 08:42:31.709 63786 INFO tempest.lib.common.rest_client [req-0d0ba13d-39a2-4a2b-87f7-151e408337c4 req-0d0ba13d-39a2-4a2b-87f7-151e408337c4 ] Request (ServersTestJSON:setUpClass): 201 POST http://10.180.1.21/identity/v3/projects 0.129s
2025-02-18 08:42:31.713 63756 INFO tempest.lib.common.rest_client [req-860b4e45-63e5-4d3c-935a-cf536ae81f42 req-860b4e45-63e5-4d3c-935a-cf536ae81f42 ] Request (ImagesOneServerTestJSON:setUpClass): 200 GET http://10.180.1.21/compute/v2.1/servers/3541fb55-82d4-4803-b941-4a3b835e4b9c 3.230s
2025-02-18 08:42:31.723 63756 INFO tempest.common.waiters [-] State transition "BUILD/networking" ==> "BUILD/spawning" after 11 second wait
2025-02-18 08:42:31.810 63780 INFO tempest.lib.common.rest_client [req-efac2f1e-94a5-4eb7-a420-a194a235bb2f req-efac2f1e-94a5-4eb7-a420-a194a235bb2f ] Request (KeyPairsV210TestJSON:tearDownClass): 204 DELETE http://10.180.1.21/identity/v3/users/2ef6fcbe1469472c93934aa0f62f37cf 0.180s
2025-02-18 08:42:31.810 63780 INFO tempest.lib.common.dynamic_creds [-] Deleting project and security group for project: abd52fa3d0be4e80a9b62af3cdc37a49
2025-02-18 08:42:31.878 63786 INFO tempest.lib.common.rest_client [req-819a1109-9448-4a48-90a4-cc75ffddb168 req-819a1109-9448-4a48-90a4-cc75ffddb168 ] Request (ServersTestJSON:setUpClass): 201 POST http://10.180.1.21/identity/v3/users 0.168s
2025-02-18 08:42:31.918 63762 INFO tempest.lib.common.rest_client [req-04042202-e6e4-4340-97c9-df169a0e5e75 req-04042202-e6e4-4340-97c9-df169a0e5e75 ] Request (AbsoluteLimitsTestJSON:tearDownClass): 204 DELETE http://10.180.1.21/identity/v3/projects/b8ac35be77da4738b8a7f192e9bd96ab 0.214s
2025-02-18 08:42:31.999 63780 INFO tempest.lib.common.rest_client [req-1f43fd9a-a38d-4e34-a9f5-b0c54b09c38e req-1f43fd9a-a38d-4e34-a9f5-b0c54b09c38e ] Request (KeyPairsV210TestJSON:tearDownClass): 201 POST http://10.180.1.21/identity/v3/auth/tokens 0.188s
2025-02-18 08:42:32.030 63762 INFO tempest.lib.common.rest_client [req-4bfdf029-2a19-4b5c-a2c9-e20bcc767da4 req-4bfdf029-2a19-4b5c-a2c9-e20bcc767da4 ] Request (SecurityGroupsTestJSON:setUpClass): 201 POST http://10.180.1.21/identity/v3/auth/tokens 0.110s
2025-02-18 08:42:32.042 63786 INFO tempest.lib.common.rest_client [req-bdd5f065-9a46-47e0-82c2-e01442ec8a45 req-bdd5f065-9a46-47e0-82c2-e01442ec8a45 ] Request (ServersTestJSON:setUpClass): 200 GET http://10.180.1.21/identity/v3/roles 0.164s
2025-02-18 08:42:32.128 63762 INFO tempest.lib.common.rest_client [req-54566e9a-36b5-43a4-933a-f8ae70ea00ba req-54566e9a-36b5-43a4-933a-f8ae70ea00ba ] Request (SecurityGroupsTestJSON:setUpClass): 201 POST http://10.180.1.21/identity/v3/auth/tokens 0.095s
2025-02-18 08:42:32.141 63798 INFO tempest.lib.common.rest_client [req-99d63d88-edcf-415d-a200-09ff47cf778e req-99d63d88-edcf-415d-a200-09ff47cf778e ] Request (FloatingIPDetailsTestJSON:_run_cleanups): 202 DELETE http://10.180.1.21/compute/v2.1/os-floating-ips/95f46178-4b36-4f5a-945f-ae980c19d23a 3.338s
2025-02-18 08:42:32.160 63762 INFO tempest.lib.common.rest_client [req-bc09bfab-c75f-44f1-a634-aeb326c4e9b5 req-bc09bfab-c75f-44f1-a634-aeb326c4e9b5 ] Request (SecurityGroupsTestJSON:setUpClass): 200 GET http://10.180.1.21/identity/v3/domains?name=Default 0.032s
2025-02-18 08:42:32.172 63795 INFO tempest.lib.common.rest_client [req-8d518697-c48e-4334-bc3d-79acd45ce6b4 req-8d518697-c48e-4334-bc3d-79acd45ce6b4 ] Request (FlavorsAdminTestJSON:_run_cleanups): 202 DELETE http://10.180.1.21/compute/v2.1/flavors/153072509 3.343s
2025-02-18 08:42:32.200 63762 INFO tempest.lib.common.rest_client [req-672de588-2a15-4495-b6bf-f7de6896f40a req-672de588-2a15-4495-b6bf-f7de6896f40a ] Request (SecurityGroupsTestJSON:setUpClass): 201 POST http://10.180.1.21/identity/v3/projects 0.038s
2025-02-18 08:42:32.203 63786 INFO tempest.lib.common.rest_client [req-806924d6-da76-45c3-9e53-4571adff154a req-806924d6-da76-45c3-9e53-4571adff154a ] Request (ServersTestJSON:setUpClass): 204 PUT http://10.180.1.21/identity/v3/projects/5fa0366717134ea0ac8657d8e2ce8073/users/46c485149531470abf1e5c2b9bd0d6e8/roles/17ec6d7ce33744c1b84a70539c748c18 0.159s
2025-02-18 08:42:32.204 63786 INFO tempest.lib.common.dynamic_creds [-] Dynamic test user 46c485149531470abf1e5c2b9bd0d6e8 is created with scope project and roles: ['member']
2025-02-18 08:42:32.204 63786 INFO tempest.lib.common.dynamic_creds [-] Acquired dynamic creds: credentials: Credentials: {'domain_id': 'default', 'domain_name': 'Default', 'username': 'tempest-ServersTestJSON-305264333-project-member', 'project_domain_id': 'default', 'project_domain_name': 'Default', 'project_id': '5fa0366717134ea0ac8657d8e2ce8073', 'project_name': 'tempest-ServersTestJSON-305264333', 'tenant_id': '5fa0366717134ea0ac8657d8e2ce8073', 'tenant_name': 'tempest-ServersTestJSON-305264333', 'user_domain_id': 'default', 'user_domain_name': 'Default', 'user_id': '46c485149531470abf1e5c2b9bd0d6e8', 'system': None}, Network: None, Subnet: None, Router: None
2025-02-18 08:42:32.269 63778 INFO tempest.lib.common.rest_client [req-eb540d33-dbd2-45bb-a70f-958d6476abdf req-eb540d33-dbd2-45bb-a70f-958d6476abdf ] Request (ServersAaction247Test:test_create_backup): 202 POST http://10.180.1.21/compute/v2.1/servers/8e6855c9-570b-492c-974a-08bf2efc998c/action 3.952s
2025-02-18 08:42:32.298 63786 INFO tempest.lib.common.rest_client [req-fd6f2664-28e0-4ed3-907c-d81eac303c7d req-fd6f2664-28e0-4ed3-907c-d81eac303c7d ] Request (ServersTestJSON:setUpClass): 201 POST http://10.180.1.21/identity/v3/auth/tokens 0.094s
2025-02-18 08:42:32.311 63762 INFO tempest.lib.common.rest_client [req-dab08c8d-6a77-45ec-8fd3-1fd75c756c33 req-dab08c8d-6a77-45ec-8fd3-1fd75c756c33 ] Request (SecurityGroupsTestJSON:setUpClass): 201 POST http://10.180.1.21/identity/v3/users 0.110s
2025-02-18 08:42:32.349 63762 INFO tempest.lib.common.rest_client [req-39a2d99a-aad2-419e-810d-f12e5da5febf req-39a2d99a-aad2-419e-810d-f12e5da5febf ] Request (SecurityGroupsTestJSON:setUpClass): 200 GET http://10.180.1.21/identity/v3/roles 0.037s
2025-02-18 08:42:32.371 63780 INFO tempest.lib.common.rest_client [req-96f92f25-f612-4eac-95c4-338fe02b50f9 req-96f92f25-f612-4eac-95c4-338fe02b50f9 ] Request (KeyPairsV210TestJSON:tearDownClass): 200 GET http://10.180.1.21:9696/networking/v2.0/security-groups?tenant_id=abd52fa3d0be4e80a9b62af3cdc37a49&name=default 0.372s
2025-02-18 08:42:32.407 63762 INFO tempest.lib.common.rest_client [req-db0a0279-cde0-41b8-b367-d4e39aab8590 req-db0a0279-cde0-41b8-b367-d4e39aab8590 ] Request (SecurityGroupsTestJSON:setUpClass): 204 PUT http://10.180.1.21/identity/v3/projects/d969136d423a4a1aac6de0ebe9cad517/users/5cbea9e031b64ee0bf749f95a9f2ff7d/roles/17ec6d7ce33744c1b84a70539c748c18 0.058s
