2025-02-04 17:10:13.750 62314 INFO tempest.lib.common.rest_client [req-a1d77786-f2c1-4c4c-9b7b-7f657b6314a4 req-a1d77786-f2c1-4c4c-9b7b-7f657b6314a4 ] Request (ListServerFiltersTestJSON:tearDownClass): 204 DELETE http://10.180.1.21/compute/v2.1/servers/b6b1ab69-9000-4e72-813a-e5a4bc17ebca 0.204s
2025-02-04 17:10:13.788 62318 INFO tempest.lib.common.rest_client [req-c862d69a-9fff-4bbb-9ce5-93295600270b req-c862d69a-9fff-4bbb-9ce5-93295600270b ] Request (ImagesOneServerNegativeTestJSON:setUpClass): 200 GET http://10.180.1.21/compute/v2.1/servers/8b6b7cb7-4895-4e3e-b020-071130ad88ab 0.221s
2025-02-04 17:10:13.810 62304 INFO tempest.lib.common.rest_client [req-4571c436-8219-42f1-91c1-bd0c33cfba8e req-4571c436-8219-42f1-91c1-bd0c33cfba8e ] Request (FloatingIPsAssociationNegativeTestJSON:setUpClass): 200 GET http://10.180.1.21/compute/v2.1/servers/06fcd604-5854-49bd-9bbd-51cbe3710e66 0.195s
2025-02-04 17:10:13.845 62338 INFO tempest.lib.common.rest_client [req-56846f9e-95f3-4921-9a44-94bd6030a0f5 req-56846f9e-95f3-4921-9a44-94bd6030a0f5 ] Request (TenantUsagesTestJSON:setUpClass): 200 GET http://10.180.1.21/compute/v2.1/servers/564c4383-1dfd-46c6-aded-6b295642bc18 0.224s
2025-02-04 17:10:13.845 62356 INFO tempest.lib.common.rest_client [req-6c7f59b7-a043-4dc1-89ca-c01e24765583 req-6c7f59b7-a043-4dc1-89ca-c01e24765583 ] Request (ImagesOneServerTestJSON:test_create_delete_image): 200 GET http://10.180.1.21/compute/v2.1/images/fc00c388-cd6e-4e73-bb36-a69cc3980cdd 0.196s
2025-02-04 17:10:13.866 62310 INFO tempest.lib.common.rest_client [req-3471d646-8f4b-40fc-9e40-35deed666921 req-3471d646-8f4b-40fc-9e40-35deed666921 ] Request (ServerDiagnosticsTest:tearDownClass): 404 GET http://10.180.1.21/compute/v2.1/servers/d2efff21-a97d-47aa-905d-1d59815e514e 0.141s
2025-02-04 17:10:13.928 62344 INFO tempest.lib.common.rest_client [req-3d1417f9-1204-423d-8689-b10ea5ae99d3 req-3d1417f9-1204-423d-8689-b10ea5ae99d3 ] Request (AttachVolumeTestJSON:test_attach_detach_volume): 200 GET http://10.180.1.21/compute/v2.1/servers/cd1edbe3-4426-474b-99ed-8143be203e55 0.157s
2025-02-04 17:10:13.947 62310 INFO tempest.lib.common.rest_client [req-599a6eb3-edc4-47d5-a609-435a26875557 req-599a6eb3-edc4-47d5-a609-435a26875557 ] Request (ServerDiagnosticsTest:tearDownClass): 204 DELETE http://10.180.1.21/identity/v3/users/c5bd2f94f84d4cfba68118bb26bc4085 0.081s
2025-02-04 17:10:13.978 62302 INFO tempest.lib.common.rest_client [req-5c830dc3-44fe-4254-8535-74c34a8018ae req-5c830dc3-44fe-4254-8535-74c34a8018ae ] Request (AttachInterfacesUnderV243Test:test_add_remove_fixed_ip): 200 GET http://10.180.1.21/compute/v2.1/servers/cef6f8a5-a85a-4f08-8801-f06a57e0b3de 0.156s
2025-02-04 17:10:14.002 62312 INFO tempest.lib.common.rest_client [req-a09be0b1-a335-444c-977c-3f80850e0ff4 req-a09be0b1-a335-444c-977c-3f80850e0ff4 ] Request (FloatingIPDetailsNegativeTestJSON:setUpClass): 201 POST http://10.180.1.21:9696/networking/v2.0/networks 0.346s
2025-02-04 17:10:14.035 62316 INFO tempest.lib.common.rest_client [req-f5778d91-3a9b-43c0-ba23-ea4029859d4a req-f5778d91-3a9b-43c0-ba23-ea4029859d4a ] Request (ServersTestJSON:setUpClass): 200 GET http://10.180.1.21/compute/v2.1/servers/0582d2f2-d973-49db-8ffb-782d89aba5fc 0.084s
2025-02-04 17:10:14.048 62310 INFO tempest.lib.common.rest_client [req-f4138dd7-07d0-4b3e-b948-3c6162406e51 req-f4138dd7-07d0-4b3e-b948-3c6162406e51 ] Request (ServerDiagnosticsTest:tearDownClass): 204 DELETE http://10.180.1.21/identity/v3/users/dd27e9b8c79a4e88aae5d48a39df3440 0.100s
2025-02-04 17:10:14.048 62310 INFO tempest.lib.common.dynamic_creds [-] Deleting project and security group for project: 194adbc4d04c430a9bfb8f1b6f70bf42
2025-02-04 17:10:14.094 62360 INFO tempest.lib.common.rest_client [req-9b35fc82-df49-424d-b4ff-402f87c7f4e5 req-9b35fc82-df49-424d-b4ff-402f87c7f4e5 ] Request (AttachVolumeShelveTestJSON:test_attach_volume_shelved_or_offload_server): 200 GET http://10.180.1.21/compute/v2.1/servers/2dffe23d-5c9a-4477-a855-227646ad434b 0.074s
2025-02-04 17:10:14.123 62310 INFO tempest.lib.common.rest_client [req-e8d989da-73f7-488c-a295-42407b4e7ca4 req-e8d989da-73f7-488c-a295-42407b4e7ca4 ] Request (ServerDiagnosticsTest:tearDownClass): 201 POST http://10.180.1.21/identity/v3/auth/tokens 0.075s
2025-02-04 17:10:14.222 62308 INFO tempest.lib.common.rest_client [req-018f05c7-328b-40df-a0fa-07fd182e5fb5 req-018f05c7-328b-40df-a0fa-07fd182e5fb5 ] Request (ListImageFiltersTestJSON:setUpClass): 200 GET http://10.180.1.21/compute/v2.1/servers/f0e0e8a0-6712-4cce-9a5c-59172bb1c145 0.201s
2025-02-04 17:10:14.250 62314 INFO tempest.lib.common.rest_client [req-8c1e0d80-75c8-4fe4-b992-62f629a16873 req-8c1e0d80-75c8-4fe4-b992-62f629a16873 ] Request (ListServerFiltersTestJSON:tearDownClass): 200 GET http://10.180.1.21/compute/v2.1/servers/b6b1ab69-9000-4e72-813a-e5a4bc17ebca 0.500s
2025-02-04 17:10:14.251 62310 INFO tempest.lib.common.rest_client [req-2fdc1ec2-4c8f-476b-972f-27b8d0699f1c req-2fdc1ec2-4c8f-476b-972f-27b8d0699f1c ] Request (ServerDiagnosticsTest:tearDownClass): 200 GET http://10.180.1.21:9696/networking/v2.0/security-groups?tenant_id=194adbc4d04c430a9bfb8f1b6f70bf42&name=default 0.127s
2025-02-04 17:10:14.256 62312 INFO tempest.lib.common.rest_client [req-e5a95872-079a-4ef7-9817-e75dfb072c06 req-e5a95872-079a-4ef7-9817-e75dfb072c06 ] Request (FloatingIPDetailsNegativeTestJSON:setUpClass): 201 POST http://10.180.1.21:9696/networking/v2.0/subnets 0.252s
2025-02-04 17:10:14.333 62322 INFO tempest.lib.common.rest_client [req-cbe5ccb6-72f2-4423-8116-106471cbebee req-cbe5ccb6-72f2-4423-8116-106471cbebee ] Request (DeleteServersAdminTestJSON:test_delete_server_while_in_error_state): 200 GET http://10.180.1.21/compute/v2.1/servers/b23ed0ea-5de1-4b0c-bef0-e9b055fbe0df 0.088s
2025-02-04 17:10:14.344 62298 INFO tempest.lib.common.rest_client [req-0b959a21-563d-479a-bb81-22b4fe87f272 req-0b959a21-563d-479a-bb81-22b4fe87f272 ] Request (ServersWithSpecificFlavorTestJSON:test_verify_created_server_ephemeral_disk): 200 GET http://10.180.1.21/compute/v2.1/servers/8f22e462-0047-4ef2-b3cb-6284a5fdf506 0.227s
2025-02-04 17:10:14.416 62328 INFO tempest.lib.common.rest_client [req-98f2533d-cfd4-4418-b760-c4b14d7e838a req-98f2533d-cfd4-4418-b760-c4b14d7e838a ] Request (ImagesTestJSON:test_create_image_from_stopped_server): 200 GET http://10.180.1.21/compute/v2.1/servers/8e1a5f74-c744-42d6-8b42-4b6fcd9e5300 0.119s
2025-02-04 17:10:14.446 62310 INFO tempest.lib.common.rest_client [req-432cd66a-7dcf-487c-b76b-be765801dd43 req-432cd66a-7dcf-487c-b76b-be765801dd43 ] Request (ServerDiagnosticsTest:tearDownClass): 204 DELETE http://10.180.1.21:9696/networking/v2.0/security-groups/528cfbec-34d6-4f0a-a5d5-fa55df2fa804 0.194s
2025-02-04 17:10:14.496 62326 INFO tempest.lib.common.rest_client [req-fc365228-47e7-4bc2-b934-e64ba93ca65b req-fc365228-47e7-4bc2-b934-e64ba93ca65b ] Request (ServerDiagnosticsNegativeTest:tearDownClass): 200 GET http://10.180.1.21/compute/v2.1/servers/98081ed8-ed47-4007-8704-afda0d808dcb 0.131s
2025-02-04 17:10:14.508 62324 INFO tempest.lib.common.rest_client [req-eb376e59-2fe9-401e-b550-53dbb5d7e086 req-eb376e59-2fe9-401e-b550-53dbb5d7e086 ] Request (MigrationsAdminTest:test_list_migrations_in_flavor_resize_situation): 200 GET http://10.180.1.21/compute/v2.1/servers/a4917632-490f-4fea-b55b-ee28bb21a1e4 0.252s
2025-02-04 17:10:14.521 62324 INFO tempest.common.waiters [-] State transition "RESIZE/resize_migrated" ==> "RESIZE/resize_finish" after 35 second wait
2025-02-04 17:10:14.559 62310 INFO tempest.lib.common.rest_client [req-66485e63-d954-4ca0-bcb0-b85176ea097a req-66485e63-d954-4ca0-bcb0-b85176ea097a ] Request (ServerDiagnosticsTest:tearDownClass): 204 DELETE http://10.180.1.21/identity/v3/projects/194adbc4d04c430a9bfb8f1b6f70bf42 0.112s
2025-02-04 17:10:14.559 62310 INFO tempest.lib.common.dynamic_creds [-] Deleting project and security group for project: 63ca70e0a33c4b5f817dba4c5914f8a8
2025-02-04 17:10:14.568 62330 INFO tempest.lib.common.rest_client [req-7bcf3145-bfef-4319-881c-7fe7581f277d req-7bcf3145-bfef-4319-881c-7fe7581f277d ] Request (ListServersNegativeTestJSON:setUpClass): 200 GET http://10.180.1.21/compute/v2.1/servers/83fe5133-94e5-4a2a-9aab-bcbf46973210 0.201s
2025-02-04 17:10:14.580 62336 INFO tempest.lib.common.rest_client [req-e1668285-f93d-47ff-9873-36680056918e req-e1668285-f93d-47ff-9873-36680056918e ] Request (SecurityGroupsTestJSON:test_list_security_groups_by_server): 200 GET http://10.180.1.21/compute/v2.1/servers/dba9a789-5a59-4876-b514-b58b4bb28083 0.174s
2025-02-04 17:10:14.630 62332 INFO tempest.lib.common.rest_client [req-23d34cd4-c7fa-48d4-ab50-0c8a93caa1af req-23d34cd4-c7fa-48d4-ab50-0c8a93caa1af ] Request (ServerExternalEventsTest:test_create_server_external_events): 200 GET http://10.180.1.21/compute/v2.1/servers/ee8ccbf4-bfcf-4784-b1b5-a16915fd2c02 0.174s
2025-02-04 17:10:14.650 62358 INFO tempest.lib.common.rest_client [req-6a25b704-2ef4-4e9a-bf6a-0944f4aecf11 req-6a25b704-2ef4-4e9a-bf6a-0944f4aecf11 ] Request (ServersAdminNegativeTestJSON:test_migrate_server_invalid_state): 200 GET http://10.180.1.21/compute/v2.1/servers/a78e6b14-65ca-4e48-8a5f-92f5e2d97feb 0.146s
2025-02-04 17:10:14.695 62342 INFO tempest.lib.common.rest_client [req-b3f98668-c7ee-499f-9d55-9f16ed74970f req-b3f98668-c7ee-499f-9d55-9f16ed74970f ] Request (ServersTestBootFromVolume:setUpClass): 200 GET http://10.180.1.21/compute/v2.1/servers/f50e7100-ddcb-4485-964c-25c952cdb844 0.141s
2025-02-04 17:10:14.718 62346 INFO tempest.lib.common.rest_client [req-3d1bd8db-57b3-458e-bbe8-a2baf7985d9b req-3d1bd8db-57b3-458e-bbe8-a2baf7985d9b ] Request (InstanceActionsNegativeTestJSON:setUpClass): 200 GET http://10.180.1.21/compute/v2.1/servers/59235193-56b1-454f-b2e3-09e023701c62 0.103s
2025-02-04 17:10:14.750 62300 INFO tempest.lib.common.rest_client [req-e9a2f1f4-9ec5-4da8-870c-11d1c1528819 req-e9a2f1f4-9ec5-4da8-870c-11d1c1528819 ] Request (ServersAdminTestJSON:test_create_server_with_scheduling_hint): 200 GET http://10.180.1.21/compute/v2.1/servers/f7173894-2c79-40c7-b8a3-9b502c2c29a1 0.083s
2025-02-04 17:10:14.776 62310 INFO tempest.lib.common.rest_client [req-5fc90159-f7e1-4296-8630-694c539e2572 req-5fc90159-f7e1-4296-8630-694c539e2572 ] Request (ServerDiagnosticsTest:tearDownClass): 200 GET http://10.180.1.21:9696/networking/v2.0/security-groups?tenant_id=63ca70e0a33c4b5f817dba4c5914f8a8&name=default 0.216s
2025-02-04 17:10:14.811 62320 INFO tempest.lib.common.rest_client [req-e09ebc0b-9889-4161-94ca-5c22628a1056 req-e09ebc0b-9889-4161-94ca-5c22628a1056 ] Request (AttachInterfacesTestJSON:test_create_list_show_delete_interfaces_by_fixed_ip): 200 GET http://10.180.1.21/compute/v2.1/servers/f710ae20-f82c-4e3f-a52f-3b1042e26504 0.073s
2025-02-04 17:10:14.869 62318 INFO tempest.lib.common.rest_client [req-4ca68918-bc13-4c06-9044-3b89eb6317d2 req-4ca68918-bc13-4c06-9044-3b89eb6317d2 ] Request (ImagesOneServerNegativeTestJSON:setUpClass): 200 GET http://10.180.1.21/compute/v2.1/servers/8b6b7cb7-4895-4e3e-b020-071130ad88ab 0.068s
2025-02-04 17:10:14.928 62306 INFO tempest.lib.common.rest_client [req-7f004ab7-85c0-4b99-b1b9-6f6303ddb9a0 req-7f004ab7-85c0-4b99-b1b9-6f6303ddb9a0 ] Request (VolumesAdminNegativeTest:test_update_attached_volume_with_nonexistent_volume_in_body): 200 GET http://10.180.1.21/compute/v2.1/servers/b8f0e5f1-04c8-4784-a597-768a0900e987 0.243s
2025-02-04 17:10:14.933 62304 INFO tempest.lib.common.rest_client [req-2c392214-717f-4224-b781-d94b9cd5151a req-2c392214-717f-4224-b781-d94b9cd5151a ] Request (FloatingIPsAssociationNegativeTestJSON:setUpClass): 200 GET http://10.180.1.21/compute/v2.1/servers/06fcd604-5854-49bd-9bbd-51cbe3710e66 0.116s
2025-02-04 17:10:14.973 62356 INFO tempest.lib.common.rest_client [req-06e9ed21-8718-41ff-b2ed-849a616daa60 req-06e9ed21-8718-41ff-b2ed-849a616daa60 ] Request (ImagesOneServerTestJSON:test_create_delete_image): 200 GET http://10.180.1.21/compute/v2.1/images/fc00c388-cd6e-4e73-bb36-a69cc3980cdd 0.123s
2025-02-04 17:10:14.984 62310 INFO tempest.lib.common.rest_client [req-b9f3b625-0c22-4276-954e-31539f81e3fb req-b9f3b625-0c22-4276-954e-31539f81e3fb ] Request (ServerDiagnosticsTest:tearDownClass): 204 DELETE http://10.180.1.21:9696/networking/v2.0/security-groups/95aa5863-1afe-4a0b-aae6-5ce3242e02ce 0.208s
2025-02-04 17:10:14.996 62338 INFO tempest.lib.common.rest_client [req-66d0883d-b113-45aa-ac52-8b7d1ea73c05 req-66d0883d-b113-45aa-ac52-8b7d1ea73c05 ] Request (TenantUsagesTestJSON:setUpClass): 200 GET http://10.180.1.21/compute/v2.1/servers/564c4383-1dfd-46c6-aded-6b295642bc18 0.141s
2025-02-04 17:10:15.013 62334 INFO tempest.lib.common.rest_client [req-b74213f8-72c4-4155-8324-fa05c1ef01c0 req-b74213f8-72c4-4155-8324-fa05c1ef01c0 ] Request (SecurityGroupRulesTestJSON:tearDownClass): 200 PUT http://10.180.1.21:9696/networking/v2.0/routers/c6463b2c-6059-4aca-b54a-0dc12ebcf6d7/remove_router_interface 1.522s
2025-02-04 17:10:15.055 62302 INFO tempest.lib.common.rest_client [req-e58cdc09-70c1-4c84-b7ce-9bb004d47714 req-e58cdc09-70c1-4c84-b7ce-9bb004d47714 ] Request (AttachInterfacesUnderV243Test:test_add_remove_fixed_ip): 200 GET http://10.180.1.21/compute/v2.1/servers/cef6f8a5-a85a-4f08-8801-f06a57e0b3de 0.069s
2025-02-04 17:10:15.070 62344 INFO tempest.lib.common.rest_client [req-1c34ce8a-63a8-4c9a-83e8-963df0575dba req-1c34ce8a-63a8-4c9a-83e8-963df0575dba ] Request (AttachVolumeTestJSON:test_attach_detach_volume): 200 GET http://10.180.1.21/compute/v2.1/servers/cd1edbe3-4426-474b-99ed-8143be203e55 0.131s
2025-02-04 17:10:15.100 62310 INFO tempest.lib.common.rest_client [req-db035f7f-b7c1-43b3-9e5b-25c69b63a028 req-db035f7f-b7c1-43b3-9e5b-25c69b63a028 ] Request (ServerDiagnosticsTest:tearDownClass): 204 DELETE http://10.180.1.21/identity/v3/projects/63ca70e0a33c4b5f817dba4c5914f8a8 0.116s
2025-02-04 17:10:15.109 62316 INFO tempest.lib.common.rest_client [req-70bf31fc-fac6-49fa-8126-9ff3c5a5544f req-70bf31fc-fac6-49fa-8126-9ff3c5a5544f ] Request (ServersTestJSON:setUpClass): 200 GET http://10.180.1.21/compute/v2.1/servers/0582d2f2-d973-49db-8ffb-782d89aba5fc 0.065s
2025-02-04 17:10:15.177 62310 INFO tempest.lib.common.rest_client [req-c0d93581-4cd6-4987-b603-a8e44c95137b req-c0d93581-4cd6-4987-b603-a8e44c95137b ] Request (ImagesNegativeTestJSON:setUpClass): 201 POST http://10.180.1.21/identity/v3/auth/tokens 0.074s
2025-02-04 17:10:15.212 62360 INFO tempest.lib.common.rest_client [req-b97f9143-605b-4cd0-9c5a-2bc633ab1ae1 req-b97f9143-605b-4cd0-9c5a-2bc633ab1ae1 ] Request (AttachVolumeShelveTestJSON:test_attach_volume_shelved_or_offload_server): 200 GET http://10.180.1.21/compute/v2.1/servers/2dffe23d-5c9a-4477-a855-227646ad434b 0.104s
2025-02-04 17:10:15.224 62310 INFO tempest.lib.common.rest_client [req-7607393f-a5f5-4300-bd7b-802294024cb2 req-7607393f-a5f5-4300-bd7b-802294024cb2 ] Request (ImagesNegativeTestJSON:setUpClass): 201 POST http://10.180.1.21/identity/v3/auth/tokens 0.044s
2025-02-04 17:10:15.264 62310 INFO tempest.lib.common.rest_client [req-e1593a1f-3f18-44f0-980a-7c46ca197fc4 req-e1593a1f-3f18-44f0-980a-7c46ca197fc4 ] Request (ImagesNegativeTestJSON:setUpClass): 200 GET http://10.180.1.21/identity/v3/domains?name=Default 0.039s
2025-02-04 17:10:15.309 62310 INFO tempest.lib.common.rest_client [req-96a82d3b-1857-47bf-a95c-ec5ad3d6b951 req-96a82d3b-1857-47bf-a95c-ec5ad3d6b951 ] Request (ImagesNegativeTestJSON:setUpClass): 201 POST http://10.180.1.21/identity/v3/projects 0.045s
2025-02-04 17:10:15.407 62310 INFO tempest.lib.common.rest_client [req-c8fceee9-6379-479a-970a-f6c1a6f8ba14 req-c8fceee9-6379-479a-970a-f6c1a6f8ba14 ] Request (ImagesNegativeTestJSON:setUpClass): 201 POST http://10.180.1.21/identity/v3/users 0.097s
2025-02-04 17:10:15.417 62308 INFO tempest.lib.common.rest_client [req-ef1f9921-ba20-4a15-a31a-2d10bf44ff1f req-ef1f9921-ba20-4a15-a31a-2d10bf44ff1f ] Request (ListImageFiltersTestJSON:setUpClass): 200 GET http://10.180.1.21/compute/v2.1/servers/f0e0e8a0-6712-4cce-9a5c-59172bb1c145 0.182s
2025-02-04 17:10:15.437 62310 INFO tempest.lib.common.rest_client [req-04ea229a-f093-47df-ab37-dbe47bf3c41c req-04ea229a-f093-47df-ab37-dbe47bf3c41c ] Request (ImagesNegativeTestJSON:setUpClass): 200 GET http://10.180.1.21/identity/v3/roles 0.029s
2025-02-04 17:10:15.467 62310 INFO tempest.lib.common.rest_client [req-e11d9494-33f7-4849-8450-91a7aac2beef req-e11d9494-33f7-4849-8450-91a7aac2beef ] Request (ImagesNegativeTestJSON:setUpClass): 204 PUT http://10.180.1.21/identity/v3/projects/306b4f22eb824aa1af6067477e23c30d/users/5d2a3b5fc76a41228f95434de8a3ba2d/roles/2e30fb8250144e7f9066e7ead5a79fc3 0.029s
2025-02-04 17:10:15.467 62310 INFO tempest.lib.common.dynamic_creds [-] Dynamic test user 5d2a3b5fc76a41228f95434de8a3ba2d is created with scope project and roles: ['member']
2025-02-04 17:10:15.467 62310 INFO tempest.lib.common.dynamic_creds [-] Acquired dynamic creds: credentials: Credentials: {'domain_id': 'default', 'domain_name': 'Default', 'username': 'tempest-ImagesNegativeTestJSON-821225701-project-member', 'project_domain_id': 'default', 'project_domain_name': 'Default', 'project_id': '306b4f22eb824aa1af6067477e23c30d', 'project_name': 'tempest-ImagesNegativeTestJSON-821225701', 'tenant_id': '306b4f22eb824aa1af6067477e23c30d', 'tenant_name': 'tempest-ImagesNegativeTestJSON-821225701', 'user_domain_id': 'default', 'user_domain_name': 'Default', 'user_id': '5d2a3b5fc76a41228f95434de8a3ba2d', 'system': None}, Network: None, Subnet: None, Router: None
2025-02-04 17:10:15.495 62322 INFO tempest.lib.common.rest_client [req-abfa6090-7cab-4600-806f-06795344f286 req-abfa6090-7cab-4600-806f-06795344f286 ] Request (DeleteServersAdminTestJSON:test_delete_server_while_in_error_state): 200 GET http://10.180.1.21/compute/v2.1/servers/b23ed0ea-5de1-4b0c-bef0-e9b055fbe0df 0.151s
2025-02-04 17:10:15.541 62310 INFO tempest.lib.common.rest_client [req-1444166c-318c-4f58-85ec-9f896fe0d744 req-1444166c-318c-4f58-85ec-9f896fe0d744 ] Request (ImagesNegativeTestJSON:setUpClass): 201 POST http://10.180.1.21/identity/v3/auth/tokens 0.073s
2025-02-04 17:10:15.557 62298 INFO tempest.lib.common.rest_client [req-523b8f5f-daf4-4ff4-901a-3a9368f82b84 req-523b8f5f-daf4-4ff4-901a-3a9368f82b84 ] Request (ServersWithSpecificFlavorTestJSON:test_verify_created_server_ephemeral_disk): 200 GET http://10.180.1.21/compute/v2.1/servers/8f22e462-0047-4ef2-b3cb-6284a5fdf506 0.196s
2025-02-04 17:10:15.579 62334 INFO tempest.lib.common.rest_client [req-825e45bc-be34-4a9c-ad62-ff6a7721608d req-825e45bc-be34-4a9c-ad62-ff6a7721608d ] Request (SecurityGroupRulesTestJSON:tearDownClass): 204 DELETE http://10.180.1.21:9696/networking/v2.0/routers/c6463b2c-6059-4aca-b54a-0dc12ebcf6d7 0.565s
2025-02-04 17:10:15.602 62312 INFO tempest.lib.common.rest_client [req-3a71549d-c0d9-4b28-8073-926a900c9797 req-3a71549d-c0d9-4b28-8073-926a900c9797 ] Request (FloatingIPDetailsNegativeTestJSON:setUpClass): 201 POST http://10.180.1.21:9696/networking/v2.0/routers 1.345s
2025-02-04 17:10:15.617 62328 INFO tempest.lib.common.rest_client [req-e3b048c2-894c-4b3e-a2d8-a1a07c3e8371 req-e3b048c2-894c-4b3e-a2d8-a1a07c3e8371 ] Request (ImagesTestJSON:test_create_image_from_stopped_server): 200 GET http://10.180.1.21/compute/v2.1/servers/8e1a5f74-c744-42d6-8b42-4b6fcd9e5300 0.186s
2025-02-04 17:10:15.693 62326 INFO tempest.lib.common.rest_client [req-611ac170-13d9-4c24-8f03-1d9630a3ec54 req-611ac170-13d9-4c24-8f03-1d9630a3ec54 ] Request (ServerDiagnosticsNegativeTest:tearDownClass): 200 GET http://10.180.1.21/compute/v2.1/servers/98081ed8-ed47-4007-8704-afda0d808dcb 0.183s
2025-02-04 17:10:15.706 62334 INFO tempest.lib.common.rest_client [req-e102bb5b-3cc3-4678-b288-c1521a9186f4 req-e102bb5b-3cc3-4678-b288-c1521a9186f4 ] Request (SecurityGroupRulesTestJSON:tearDownClass): 204 DELETE http://10.180.1.21:9696/networking/v2.0/subnets/a09f9961-fb4c-4ede-9676-c520d8aec2e1 0.126s
2025-02-04 17:10:15.756 62314 INFO tempest.lib.common.rest_client [req-2f927a31-8c7b-4340-98dd-459b18b88b8e req-2f927a31-8c7b-4340-98dd-459b18b88b8e ] Request (ListServerFiltersTestJSON:tearDownClass): 200 GET http://10.180.1.21/compute/v2.1/servers/b6b1ab69-9000-4e72-813a-e5a4bc17ebca 0.493s
2025-02-04 17:10:15.827 62330 INFO tempest.lib.common.rest_client [req-61c1e5e2-8061-430c-ad2f-40ec2038f414 req-61c1e5e2-8061-430c-ad2f-40ec2038f414 ] Request (ListServersNegativeTestJSON:setUpClass): 200 GET http://10.180.1.21/compute/v2.1/servers/83fe5133-94e5-4a2a-9aab-bcbf46973210 0.248s
2025-02-04 17:10:15.831 62341 WARNING tempest.lib.common.ssh [-] Failed to establish authenticated ssh connection to cirros@10.180.180.190 ([Errno None] Unable to connect to port 22 on 10.180.180.190). Number attempts: 1. Retry after 2 seconds.: paramiko.ssh_exception.NoValidConnectionsError: [Errno None] Unable to connect to port 22 on 10.180.180.190
2025-02-04 17:10:15.877 62324 INFO tempest.lib.common.rest_client [req-a6427685-66e8-4690-a9e3-1e7a9d437c06 req-a6427685-66e8-4690-a9e3-1e7a9d437c06 ] Request (MigrationsAdminTest:test_list_migrations_in_flavor_resize_situation): 200 GET http://10.180.1.21/compute/v2.1/servers/a4917632-490f-4fea-b55b-ee28bb21a1e4 0.352s
2025-02-04 17:10:15.891 62334 INFO tempest.lib.common.rest_client [req-7f78e06a-8bee-4172-a13a-f074cce221dd req-7f78e06a-8bee-4172-a13a-f074cce221dd ] Request (SecurityGroupRulesTestJSON:tearDownClass): 204 DELETE http://10.180.1.21:9696/networking/v2.0/networks/248deed9-e4d1-4646-8e02-49903d9dacec 0.184s
2025-02-04 17:10:15.914 62336 INFO tempest.lib.common.rest_client [req-a952d919-f816-4d6b-9aa6-88e4dba50b8e req-a952d919-f816-4d6b-9aa6-88e4dba50b8e ] Request (SecurityGroupsTestJSON:test_list_security_groups_by_server): 200 GET http://10.180.1.21/compute/v2.1/servers/dba9a789-5a59-4876-b514-b58b4bb28083 0.324s
2025-02-04 17:10:15.943 62332 INFO tempest.lib.common.rest_client [req-bdef010d-b278-44b7-bdb5-3e0e3fd65e9b req-bdef010d-b278-44b7-bdb5-3e0e3fd65e9b ] Request (ServerExternalEventsTest:test_create_server_external_events): 200 GET http://10.180.1.21/compute/v2.1/servers/ee8ccbf4-bfcf-4784-b1b5-a16915fd2c02 0.305s
2025-02-04 17:10:15.977 62358 INFO tempest.lib.common.rest_client [req-562e40cf-e6db-48fd-ac00-7295b90dcf76 req-562e40cf-e6db-48fd-ac00-7295b90dcf76 ] Request (ServersAdminNegativeTestJSON:test_migrate_server_invalid_state): 200 GET http://10.180.1.21/compute/v2.1/servers/a78e6b14-65ca-4e48-8a5f-92f5e2d97feb 0.311s
2025-02-04 17:10:15.984 62334 INFO tempest.lib.common.rest_client [req-72386e77-7a51-4dac-be5e-72de0a6cd4d6 req-72386e77-7a51-4dac-be5e-72de0a6cd4d6 ] Request (SecurityGroupRulesTestJSON:tearDownClass): 204 DELETE http://10.180.1.21/identity/v3/users/c827d8e68e5a48e88a6a17d664f39bb7 0.093s
2025-02-04 17:10:15.985 62334 INFO tempest.lib.common.dynamic_creds [-] Deleting project and security group for project: b0e74f7cb4f34fbe88650fb5edc8604e
2025-02-04 17:10:16.003 62342 INFO tempest.lib.common.rest_client [req-737b14a8-b9f5-4792-93e2-26542fbc3daf req-737b14a8-b9f5-4792-93e2-26542fbc3daf ] Request (ServersTestBootFromVolume:setUpClass): 200 GET http://10.180.1.21/compute/v2.1/servers/f50e7100-ddcb-4485-964c-25c952cdb844 0.301s
2025-02-04 17:10:16.014 62334 INFO tempest.lib.common.rest_client [req-8fb93f68-0c7d-4e68-94ab-68c6f67db7ce req-8fb93f68-0c7d-4e68-94ab-68c6f67db7ce ] Request (SecurityGroupRulesTestJSON:tearDownClass): 200 GET http://10.180.1.21:9696/networking/v2.0/security-groups?tenant_id=b0e74f7cb4f34fbe88650fb5edc8604e&name=default 0.029s
2025-02-04 17:10:16.065 62346 INFO tempest.lib.common.rest_client [req-b9d24c7e-b2a7-401e-877d-9ee3b36be524 req-b9d24c7e-b2a7-401e-877d-9ee3b36be524 ] Request (InstanceActionsNegativeTestJSON:setUpClass): 200 GET http://10.180.1.21/compute/v2.1/servers/59235193-56b1-454f-b2e3-09e023701c62 0.337s
2025-02-04 17:10:16.070 62300 INFO tempest.lib.common.rest_client [req-1af07ff6-34e2-4f25-a657-5839b56b1764 req-1af07ff6-34e2-4f25-a657-5839b56b1764 ] Request (ServersAdminTestJSON:test_create_server_with_scheduling_hint): 200 GET http://10.180.1.21/compute/v2.1/servers/f7173894-2c79-40c7-b8a3-9b502c2c29a1 0.311s
2025-02-04 17:10:16.083 62350 WARNING tempest.lib.common.ssh [-] Failed to establish authenticated ssh connection to cirros@10.180.180.206 ([Errno None] Unable to connect to port 22 on 10.180.180.206). Number attempts: 4. Retry after 5 seconds.: paramiko.ssh_exception.NoValidConnectionsError: [Errno None] Unable to connect to port 22 on 10.180.180.206
2025-02-04 17:10:16.123 62318 INFO tempest.lib.common.rest_client [req-1e90266c-0479-4932-9cc7-eaa64a2c1e7b req-1e90266c-0479-4932-9cc7-eaa64a2c1e7b ] Request (ImagesOneServerNegativeTestJSON:setUpClass): 200 GET http://10.180.1.21/compute/v2.1/servers/8b6b7cb7-4895-4e3e-b020-071130ad88ab 0.241s
2025-02-04 17:10:16.137 62334 INFO tempest.lib.common.rest_client [req-091144f8-4eff-4b28-9ae4-eb6320ff1eab req-091144f8-4eff-4b28-9ae4-eb6320ff1eab ] Request (SecurityGroupRulesTestJSON:tearDownClass): 204 DELETE http://10.180.1.21:9696/networking/v2.0/security-groups/60e8cbf5-c5b4-47b3-b86a-a567c9297c50 0.122s
2025-02-04 17:10:16.141 62320 INFO tempest.lib.common.rest_client [req-abad869a-cb1a-4f53-ba11-f49620fc8c62 req-abad869a-cb1a-4f53-ba11-f49620fc8c62 ] Request (AttachInterfacesTestJSON:test_create_list_show_delete_interfaces_by_fixed_ip): 200 GET http://10.180.1.21/compute/v2.1/servers/f710ae20-f82c-4e3f-a52f-3b1042e26504 0.321s
2025-02-04 17:10:16.143 62310 INFO tempest.lib.common.rest_client [req-879c762f-2e52-4773-83b8-28866848fb1d req-879c762f-2e52-4773-83b8-28866848fb1d ] Request (ImagesNegativeTestJSON:setUpClass): 201 POST http://10.180.1.21:9696/networking/v2.0/networks 0.602s
2025-02-04 17:10:16.214 62304 INFO tempest.lib.common.rest_client [req-907b8b1e-36c9-46f9-aa0e-82a1eeecb1c3 req-907b8b1e-36c9-46f9-aa0e-82a1eeecb1c3 ] Request (FloatingIPsAssociationNegativeTestJSON:setUpClass): 200 GET http://10.180.1.21/compute/v2.1/servers/06fcd604-5854-49bd-9bbd-51cbe3710e66 0.267s
2025-02-04 17:10:16.260 62356 INFO tempest.lib.common.rest_client [req-164cbf0d-fdbc-42c3-91f5-dd921e4bb1c9 req-164cbf0d-fdbc-42c3-91f5-dd921e4bb1c9 ] Request (ImagesOneServerTestJSON:test_create_delete_image): 200 GET http://10.180.1.21/compute/v2.1/images/fc00c388-cd6e-4e73-bb36-a69cc3980cdd 0.279s
2025-02-04 17:10:16.273 62334 INFO tempest.lib.common.rest_client [req-f8577335-bb14-416c-b8ce-238250b3a5b2 req-f8577335-bb14-416c-b8ce-238250b3a5b2 ] Request (SecurityGroupRulesTestJSON:tearDownClass): 204 DELETE http://10.180.1.21/identity/v3/projects/b0e74f7cb4f34fbe88650fb5edc8604e 0.134s
2025-02-04 17:10:16.282 62306 INFO tempest.lib.common.rest_client [req-24fd7c01-16f3-4dda-b696-66e56bc7b8b4 req-24fd7c01-16f3-4dda-b696-66e56bc7b8b4 ] Request (VolumesAdminNegativeTest:test_update_attached_volume_with_nonexistent_volume_in_body): 200 GET http://10.180.1.21/compute/v2.1/servers/b8f0e5f1-04c8-4784-a597-768a0900e987 0.342s
2025-02-04 17:10:16.294 62306 INFO tempest.common.waiters [-] State transition "BUILD/spawning" ==> "ACTIVE/None" after 48 second wait
2025-02-04 17:10:16.346 62338 INFO tempest.lib.common.rest_client [req-97da1ce5-93c3-4e9d-9228-2a63e255d50a req-97da1ce5-93c3-4e9d-9228-2a63e255d50a ] Request (TenantUsagesTestJSON:setUpClass): 200 GET http://10.180.1.21/compute/v2.1/servers/564c4383-1dfd-46c6-aded-6b295642bc18 0.333s
2025-02-04 17:10:16.352 62302 INFO tempest.lib.common.rest_client [req-70e1d9d4-c7f5-481b-b9c9-b7d01c94232a req-70e1d9d4-c7f5-481b-b9c9-b7d01c94232a ] Request (AttachInterfacesUnderV243Test:test_add_remove_fixed_ip): 200 GET http://10.180.1.21/compute/v2.1/servers/cef6f8a5-a85a-4f08-8801-f06a57e0b3de 0.287s
2025-02-04 17:10:16.388 62310 INFO tempest.lib.common.rest_client [req-5242ee51-b855-4418-912f-8dc41ad39510 req-5242ee51-b855-4418-912f-8dc41ad39510 ] Request (ImagesNegativeTestJSON:setUpClass): 201 POST http://10.180.1.21:9696/networking/v2.0/subnets 0.244s
2025-02-04 17:10:16.414 62316 INFO tempest.lib.common.rest_client [req-626c4814-be1f-4473-a02a-0a5d4d84e81e req-626c4814-be1f-4473-a02a-0a5d4d84e81e ] Request (ServersTestJSON:setUpClass): 200 GET http://10.180.1.21/compute/v2.1/servers/0582d2f2-d973-49db-8ffb-782d89aba5fc 0.293s
2025-02-04 17:10:16.418 62344 INFO tempest.lib.common.rest_client [req-3de06977-2c87-4985-8746-45c6612a35c2 req-3de06977-2c87-4985-8746-45c6612a35c2 ] Request (AttachVolumeTestJSON:test_attach_detach_volume): 200 GET http://10.180.1.21/compute/v2.1/servers/cd1edbe3-4426-474b-99ed-8143be203e55 0.336s
2025-02-04 17:10:16.480 62360 INFO tempest.lib.common.rest_client [req-ba686857-67e2-4a44-bca6-2a4ce7b34041 req-ba686857-67e2-4a44-bca6-2a4ce7b34041 ] Request (AttachVolumeShelveTestJSON:test_attach_volume_shelved_or_offload_server): 200 GET http://10.180.1.21/compute/v2.1/servers/2dffe23d-5c9a-4477-a855-227646ad434b 0.257s
2025-02-04 17:10:16.511 62306 INFO tempest.lib.common.rest_client [req-fc1a9b98-3d26-4d07-b8cc-6df10cb5bdae req-fc1a9b98-3d26-4d07-b8cc-6df10cb5bdae ] Request (VolumesAdminNegativeTest:test_update_attached_volume_with_nonexistent_volume_in_body): 200 GET http://10.180.1.21/compute/v2.1/servers/b8f0e5f1-04c8-4784-a597-768a0900e987/os-interface 0.216s
2025-02-04 17:10:16.532 62348 WARNING tempest.lib.common.ssh [-] Failed to establish authenticated ssh connection to cirros@10.180.180.187 ([Errno None] Unable to connect to port 22 on 10.180.180.187). Number attempts: 5. Retry after 6 seconds.: paramiko.ssh_exception.NoValidConnectionsError: [Errno None] Unable to connect to port 22 on 10.180.180.187
2025-02-04 17:10:16.594 62322 INFO tempest.lib.common.rest_client [req-0e53d929-af1c-431c-aa2d-fb2aafd5f1e0 req-0e53d929-af1c-431c-aa2d-fb2aafd5f1e0 ] Request (DeleteServersAdminTestJSON:test_delete_server_while_in_error_state): 200 GET http://10.180.1.21/compute/v2.1/servers/b23ed0ea-5de1-4b0c-bef0-e9b055fbe0df 0.090s
2025-02-04 17:10:16.650 62298 INFO tempest.lib.common.rest_client [req-40498cbd-7f2b-4ff0-9953-3ebf7118e08f req-40498cbd-7f2b-4ff0-9953-3ebf7118e08f ] Request (ServersWithSpecificFlavorTestJSON:test_verify_created_server_ephemeral_disk): 200 GET http://10.180.1.21/compute/v2.1/servers/8f22e462-0047-4ef2-b3cb-6284a5fdf506 0.084s
2025-02-04 17:10:16.660 62298 INFO tempest.common.waiters [-] State transition "BUILD/None" ==> "BUILD/networking" after 44 second wait
2025-02-04 17:10:16.672 62308 INFO tempest.lib.common.rest_client [req-5994e9bc-4b50-48e0-a189-3342cd13f754 req-5994e9bc-4b50-48e0-a189-3342cd13f754 ] Request (ListImageFiltersTestJSON:setUpClass): 200 GET http://10.180.1.21/compute/v2.1/servers/f0e0e8a0-6712-4cce-9a5c-59172bb1c145 0.240s
2025-02-04 17:10:16.707 62328 INFO tempest.lib.common.rest_client [req-b0349333-43d8-4e6a-9c97-77cc3bbd09f3 req-b0349333-43d8-4e6a-9c97-77cc3bbd09f3 ] Request (ImagesTestJSON:test_create_image_from_stopped_server): 200 GET http://10.180.1.21/compute/v2.1/servers/8e1a5f74-c744-42d6-8b42-4b6fcd9e5300 0.077s
2025-02-04 17:10:16.785 62326 INFO tempest.lib.common.rest_client [req-1ea7fa39-53c5-4125-b92c-4a6133171b00 req-1ea7fa39-53c5-4125-b92c-4a6133171b00 ] Request (ServerDiagnosticsNegativeTest:tearDownClass): 200 GET http://10.180.1.21/compute/v2.1/servers/98081ed8-ed47-4007-8704-afda0d808dcb 0.078s
2025-02-04 17:10:16.843 62314 INFO tempest.lib.common.rest_client [req-84e8feae-9cca-4669-9651-32116ca21b49 req-84e8feae-9cca-4669-9651-32116ca21b49 ] Request (ListServerFiltersTestJSON:tearDownClass): 200 GET http://10.180.1.21/compute/v2.1/servers/b6b1ab69-9000-4e72-813a-e5a4bc17ebca 0.076s
2025-02-04 17:10:16.921 62330 INFO tempest.lib.common.rest_client [req-c7e4ec49-547a-4892-b536-ead9b4a0c573 req-c7e4ec49-547a-4892-b536-ead9b4a0c573 ] Request (ListServersNegativeTestJSON:setUpClass): 200 GET http://10.180.1.21/compute/v2.1/servers/83fe5133-94e5-4a2a-9aab-bcbf46973210 0.083s
2025-02-04 17:10:16.986 62336 INFO tempest.lib.common.rest_client [req-997a44da-e596-4885-9541-0be1d34d87c4 req-997a44da-e596-4885-9541-0be1d34d87c4 ] Request (SecurityGroupsTestJSON:test_list_security_groups_by_server): 200 GET http://10.180.1.21/compute/v2.1/servers/dba9a789-5a59-4876-b514-b58b4bb28083 0.064s
2025-02-04 17:10:17.045 62332 INFO tempest.lib.common.rest_client [req-53449038-b5ff-41cd-93f9-6d7e4ab36cbc req-53449038-b5ff-41cd-93f9-6d7e4ab36cbc ] Request (ServerExternalEventsTest:test_create_server_external_events): 200 GET http://10.180.1.21/compute/v2.1/servers/ee8ccbf4-bfcf-4784-b1b5-a16915fd2c02 0.090s
2025-02-04 17:10:17.150 62324 INFO tempest.lib.common.rest_client [req-650d002a-0124-4461-b23a-00ef6a8301b8 req-650d002a-0124-4461-b23a-00ef6a8301b8 ] Request (MigrationsAdminTest:test_list_migrations_in_flavor_resize_situation): 200 GET http://10.180.1.21/compute/v2.1/servers/a4917632-490f-4fea-b55b-ee28bb21a1e4 0.264s
2025-02-04 17:10:17.158 62324 INFO tempest.common.waiters [-] State transition "RESIZE/resize_finish" ==> "VERIFY_RESIZE/None" after 38 second wait
2025-02-04 17:10:17.223 62342 INFO tempest.lib.common.rest_client [req-776e457f-52d5-446b-b762-d9af801f4791 req-776e457f-52d5-446b-b762-d9af801f4791 ] Request (ServersTestBootFromVolume:setUpClass): 200 GET http://10.180.1.21/compute/v2.1/servers/f50e7100-ddcb-4485-964c-25c952cdb844 0.210s
2025-02-04 17:10:17.287 62346 INFO tempest.lib.common.rest_client [req-0c5c00bf-4578-4d98-a78d-4aa17c3d3397 req-0c5c00bf-4578-4d98-a78d-4aa17c3d3397 ] Request (InstanceActionsNegativeTestJSON:setUpClass): 200 GET http://10.180.1.21/compute/v2.1/servers/59235193-56b1-454f-b2e3-09e023701c62 0.209s
2025-02-04 17:10:17.294 62358 INFO tempest.lib.common.rest_client [req-5d79f519-bd2c-41a2-940e-c42436153829 req-5d79f519-bd2c-41a2-940e-c42436153829 ] Request (ServersAdminNegativeTestJSON:test_migrate_server_invalid_state): 200 GET http://10.180.1.21/compute/v2.1/servers/a78e6b14-65ca-4e48-8a5f-92f5e2d97feb 0.307s
2025-02-04 17:10:17.381 62318 INFO tempest.lib.common.rest_client [req-72668be3-669c-47c1-84b2-515d4ce32478 req-72668be3-669c-47c1-84b2-515d4ce32478 ] Request (ImagesOneServerNegativeTestJSON:setUpClass): 200 GET http://10.180.1.21/compute/v2.1/servers/8b6b7cb7-4895-4e3e-b020-071130ad88ab 0.249s
2025-02-04 17:10:17.392 62300 INFO tempest.lib.common.rest_client [req-1557a23b-fcdf-43f7-8045-8785603311c6 req-1557a23b-fcdf-43f7-8045-8785603311c6 ] Request (ServersAdminTestJSON:test_create_server_with_scheduling_hint): 200 GET http://10.180.1.21/compute/v2.1/servers/f7173894-2c79-40c7-b8a3-9b502c2c29a1 0.310s
2025-02-04 17:10:17.429 62312 INFO tempest.lib.common.rest_client [req-7ae5b91d-cf5f-4575-9f50-542adacff160 req-7ae5b91d-cf5f-4575-9f50-542adacff160 ] Request (FloatingIPDetailsNegativeTestJSON:setUpClass): 200 PUT http://10.180.1.21:9696/networking/v2.0/routers/cd9ead12-627b-4fd6-ae37-0f32265da077/add_router_interface 1.827s
2025-02-04 17:10:17.430 62312 INFO tempest.lib.common.dynamic_creds [-] Created isolated network resources for: credentials: Credentials: {'domain_id': 'default', 'domain_name': 'Default', 'username': 'tempest-FloatingIPDetailsNegativeTestJSON-839858669-project-member', 'project_domain_id': 'default', 'project_domain_name': 'Default', 'project_id': '0046c42ae72d4e99848dbf133bc7c01c', 'project_name': 'tempest-FloatingIPDetailsNegativeTestJSON-839858669', 'tenant_id': '0046c42ae72d4e99848dbf133bc7c01c', 'tenant_name': 'tempest-FloatingIPDetailsNegativeTestJSON-839858669', 'user_domain_id': 'default', 'user_domain_name': 'Default', 'user_id': '03b0c9ecde6a4878b2d2ea52f1d61ca3', 'system': None}, Network: {'id': '1072822e-dd2b-4496-8b68-a539ff609326', 'name': 'tempest-FloatingIPDetailsNegativeTestJSON-1028264996-network', 'tenant_id': '0046c42ae72d4e99848dbf133bc7c01c', 'admin_state_up': True, 'mtu': 8950, 'status': 'ACTIVE', 'subnets': [], 'shared': False, 'project_id': '0046c42ae72d4e99848dbf133bc7c01c', 'port_security_enabled': True, 'router:external': False, 'provider:network_type': 'vlan', 'provider:physical_network': 'default', 'provider:segmentation_id': 645, 'availability_zone_hints': [], 'availability_zones': [], 'ipv4_address_scope': None, 'ipv6_address_scope': None, 'description': '', 'tags': [], 'created_at': '2025-02-04T17:10:13Z', 'updated_at': '2025-02-04T17:10:13Z', 'revision_number': 1}, Subnet: {'id': 'baf0bc5d-45e3-41f7-aa35-c929fa03f2ce', 'name': 'tempest-FloatingIPDetailsNegativeTestJSON-1028264996-subnet', 'tenant_id': '0046c42ae72d4e99848dbf133bc7c01c', 'network_id': '1072822e-dd2b-4496-8b68-a539ff609326', 'ip_version': 4, 'subnetpool_id': None, 'enable_dhcp': True, 'ipv6_ra_mode': None, 'ipv6_address_mode': None, 'gateway_ip': '192.168.128.1', 'cidr': '192.168.128.0/28', 'allocation_pools': [{'start': '192.168.128.2', 'end': '192.168.128.14'}], 'host_routes': [], 'dns_nameservers': [], 'description': '', 'router:external': False, 'service_types': [], 'tags': [], 'created_at': '2025-02-04T17:10:14Z', 'updated_at': '2025-02-04T17:10:14Z', 'revision_number': 0, 'project_id': '0046c42ae72d4e99848dbf133bc7c01c'}, Router: {'id': 'cd9ead12-627b-4fd6-ae37-0f32265da077', 'name': 'tempest-FloatingIPDetailsNegativeTestJSON-1028264996-router', 'tenant_id': '0046c42ae72d4e99848dbf133bc7c01c', 'admin_state_up': True, 'status': 'ACTIVE', 'external_gateway_info': {'network_id': 'ef7c7ab0-fb35-472b-a0b4-8177d85af3b5', 'external_fixed_ips': [{'subnet_id': 'f839dbb6-e5b5-49ea-b267-fe6e168024b8', 'ip_address': '10.180.180.237'}], 'enable_snat': True}, 'description': '', 'availability_zones': [], 'distributed': False, 'ha': False, 'availability_zone_hints': [], 'routes': [], 'flavor_id': None, 'tags': [], 'created_at': '2025-02-04T17:10:14Z', 'updated_at': '2025-02-04T17:10:14Z', 'revision_number': 2, 'project_id': '0046c42ae72d4e99848dbf133bc7c01c'}
2025-02-04 17:10:17.458 62324 INFO tempest.lib.common.rest_client [req-c4e580da-3922-4a70-bed5-a90e2ba8ff0d req-c4e580da-3922-4a70-bed5-a90e2ba8ff0d ] Request (MigrationsAdminTest:test_list_migrations_in_flavor_resize_situation): 204 POST http://10.180.1.21/compute/v2.1/servers/a4917632-490f-4fea-b55b-ee28bb21a1e4/action 0.299s
2025-02-04 17:10:17.467 62320 INFO tempest.lib.common.rest_client [req-8dcf044b-0490-4558-a1c8-5576b5e82b5d req-8dcf044b-0490-4558-a1c8-5576b5e82b5d ] Request (AttachInterfacesTestJSON:test_create_list_show_delete_interfaces_by_fixed_ip): 200 GET http://10.180.1.21/compute/v2.1/servers/f710ae20-f82c-4e3f-a52f-3b1042e26504 0.313s
2025-02-04 17:10:17.525 62356 INFO tempest.lib.common.rest_client [req-f4558b49-a7b0-4759-a318-2790dc9da05c req-f4558b49-a7b0-4759-a318-2790dc9da05c ] Request (ImagesOneServerTestJSON:test_create_delete_image): 200 GET http://10.180.1.21/compute/v2.1/images/fc00c388-cd6e-4e73-bb36-a69cc3980cdd 0.259s
2025-02-04 17:10:17.534 62304 INFO tempest.lib.common.rest_client [req-9e8d7c51-bee1-4fb1-9e15-1af27864d4bc req-9e8d7c51-bee1-4fb1-9e15-1af27864d4bc ] Request (FloatingIPsAssociationNegativeTestJSON:setUpClass): 200 GET http://10.180.1.21/compute/v2.1/servers/06fcd604-5854-49bd-9bbd-51cbe3710e66 0.308s
2025-02-04 17:10:17.559 62312 INFO tempest.lib.common.rest_client [req-03872b63-1678-436f-91fa-5c9d9b42d975 req-03872b63-1678-436f-91fa-5c9d9b42d975 ] Request (FloatingIPDetailsNegativeTestJSON:setUpClass): 201 POST http://10.180.1.21/identity/v3/auth/tokens 0.125s
2025-02-04 17:10:17.606 62302 INFO tempest.lib.common.rest_client [req-5b30df97-891b-45cf-8f7b-b56b7db694ff req-5b30df97-891b-45cf-8f7b-b56b7db694ff ] Request (AttachInterfacesUnderV243Test:test_add_remove_fixed_ip): 200 GET http://10.180.1.21/compute/v2.1/servers/cef6f8a5-a85a-4f08-8801-f06a57e0b3de 0.240s
2025-02-04 17:10:17.610 62338 INFO tempest.lib.common.rest_client [req-658f6c43-7444-45e1-a835-cbdf21f0352f req-658f6c43-7444-45e1-a835-cbdf21f0352f ] Request (TenantUsagesTestJSON:setUpClass): 200 GET http://10.180.1.21/compute/v2.1/servers/564c4383-1dfd-46c6-aded-6b295642bc18 0.251s
2025-02-04 17:10:17.684 62344 INFO tempest.lib.common.rest_client [req-fe6f049b-4c9a-4062-879f-4df14aabb293 req-fe6f049b-4c9a-4062-879f-4df14aabb293 ] Request (AttachVolumeTestJSON:test_attach_detach_volume): 200 GET http://10.180.1.21/compute/v2.1/servers/cd1edbe3-4426-474b-99ed-8143be203e55 0.253s
2025-02-04 17:10:17.685 62316 INFO tempest.lib.common.rest_client [req-806593d9-7c5e-4b7c-8603-97e090f471b4 req-806593d9-7c5e-4b7c-8603-97e090f471b4 ] Request (ServersTestJSON:setUpClass): 200 GET http://10.180.1.21/compute/v2.1/servers/0582d2f2-d973-49db-8ffb-782d89aba5fc 0.256s
2025-02-04 17:10:17.691 62306 INFO tempest.lib.common.rest_client [req-d1062c3b-2569-4d41-b47b-b54e4a051d4f req-d1062c3b-2569-4d41-b47b-b54e4a051d4f ] Request (VolumesAdminNegativeTest:test_update_attached_volume_with_nonexistent_volume_in_body): 200 PUT http://10.180.1.21:9696/networking/v2.0/floatingips/5f1a7de4-3f5e-483f-8ae2-58df01b8333a 1.175s
2025-02-04 17:10:17.693 62306 INFO tempest.lib.common.ssh [-] Creating ssh connection to '10.180.180.222:22' as 'cirros' with public key authentication
2025-02-04 17:10:17.758 62360 INFO tempest.lib.common.rest_client [req-7f6b9cdd-e6a6-4000-a1f1-300bbc677d6d req-7f6b9cdd-e6a6-4000-a1f1-300bbc677d6d ] Request (AttachVolumeShelveTestJSON:test_attach_volume_shelved_or_offload_server): 200 GET http://10.180.1.21/compute/v2.1/servers/2dffe23d-5c9a-4477-a855-227646ad434b 0.262s
2025-02-04 17:10:17.767 62360 INFO tempest.common.waiters [-] State transition "BUILD/scheduling" ==> "BUILD/None" after 28 second wait
2025-02-04 17:10:17.833 62324 INFO tempest.lib.common.rest_client [req-8100486f-e6e7-4edf-9dfd-e248138790af req-8100486f-e6e7-4edf-9dfd-e248138790af ] Request (MigrationsAdminTest:test_list_migrations_in_flavor_resize_situation): 200 GET http://10.180.1.21/compute/v2.1/servers/a4917632-490f-4fea-b55b-ee28bb21a1e4 0.373s
2025-02-04 17:10:17.896 62312 INFO tempest.lib.common.rest_client [req-e844dc32-09e1-4695-9b88-ebcba75e67e1 req-e844dc32-09e1-4695-9b88-ebcba75e67e1 ] Request (FloatingIPDetailsNegativeTestJSON:test_get_nonexistent_floating_ip_details): 404 GET http://10.180.1.21/compute/v2.1/os-floating-ips/0aa691a2-09b2-45a9-9a02-5faf17787d1b 0.334s
2025-02-04 17:10:17.907 62322 INFO tempest.lib.common.rest_client [req-c81f04ea-f9f8-4708-8b65-4edc5cb83eb6 req-c81f04ea-f9f8-4708-8b65-4edc5cb83eb6 ] Request (DeleteServersAdminTestJSON:test_delete_server_while_in_error_state): 200 GET http://10.180.1.21/compute/v2.1/servers/b23ed0ea-5de1-4b0c-bef0-e9b055fbe0df 0.303s
2025-02-04 17:10:17.960 62310 INFO tempest.lib.common.rest_client [req-01115ca5-75a5-407c-b21f-581db2cca1d9 req-01115ca5-75a5-407c-b21f-581db2cca1d9 ] Request (ImagesNegativeTestJSON:setUpClass): 201 POST http://10.180.1.21:9696/networking/v2.0/routers 1.571s
2025-02-04 17:10:18.081 62308 INFO tempest.lib.common.rest_client [req-5e719751-b5cb-45a0-aeaf-fa319fb71023 req-5e719751-b5cb-45a0-aeaf-fa319fb71023 ] Request (ListImageFiltersTestJSON:setUpClass): 200 GET http://10.180.1.21/compute/v2.1/servers/f0e0e8a0-6712-4cce-9a5c-59172bb1c145 0.399s
2025-02-04 17:10:18.122 62298 INFO tempest.lib.common.rest_client [req-39ee3fda-3e9b-47fd-b512-ae3533c9cc33 req-39ee3fda-3e9b-47fd-b512-ae3533c9cc33 ] Request (ServersWithSpecificFlavorTestJSON:test_verify_created_server_ephemeral_disk): 200 GET http://10.180.1.21/compute/v2.1/servers/8f22e462-0047-4ef2-b3cb-6284a5fdf506 0.460s
2025-02-04 17:10:18.135 62298 INFO tempest.common.waiters [-] State transition "BUILD/networking" ==> "BUILD/spawning" after 46 second wait
2025-02-04 17:10:18.177 62328 INFO tempest.lib.common.rest_client [req-178ec92f-d8c3-4d5a-9825-0b0d0afa88ed req-178ec92f-d8c3-4d5a-9825-0b0d0afa88ed ] Request (ImagesTestJSON:test_create_image_from_stopped_server): 200 GET http://10.180.1.21/compute/v2.1/servers/8e1a5f74-c744-42d6-8b42-4b6fcd9e5300 0.457s
2025-02-04 17:10:18.208 62326 INFO tempest.lib.common.rest_client [req-65db744f-4140-4f47-9970-d53e379042b6 req-65db744f-4140-4f47-9970-d53e379042b6 ] Request (ServerDiagnosticsNegativeTest:tearDownClass): 200 GET http://10.180.1.21/compute/v2.1/servers/98081ed8-ed47-4007-8704-afda0d808dcb 0.408s
2025-02-04 17:10:18.257 62314 INFO tempest.lib.common.rest_client [req-b4671e76-bf60-430c-bc5e-bb1b715f3e24 req-b4671e76-bf60-430c-bc5e-bb1b715f3e24 ] Request (ListServerFiltersTestJSON:tearDownClass): 200 GET http://10.180.1.21/compute/v2.1/servers/b6b1ab69-9000-4e72-813a-e5a4bc17ebca 0.399s
2025-02-04 17:10:18.267 62314 INFO tempest.common.waiters [-] State transition "ACTIVE/deleting" ==> "DELETED/None" after 4 second wait
2025-02-04 17:10:18.279 62330 INFO tempest.lib.common.rest_client [req-3c963cff-9296-4f66-886b-40c1968b84e6 req-3c963cff-9296-4f66-886b-40c1968b84e6 ] Request (ListServersNegativeTestJSON:setUpClass): 200 GET http://10.180.1.21/compute/v2.1/servers/83fe5133-94e5-4a2a-9aab-bcbf46973210 0.345s
2025-02-04 17:10:18.328 62336 INFO tempest.lib.common.rest_client [req-b89c4990-bbcb-4ca2-8ebc-4999525d477f req-b89c4990-bbcb-4ca2-8ebc-4999525d477f ] Request (SecurityGroupsTestJSON:test_list_security_groups_by_server): 200 GET http://10.180.1.21/compute/v2.1/servers/dba9a789-5a59-4876-b514-b58b4bb28083 0.332s
2025-02-04 17:10:18.338 62332 INFO tempest.lib.common.rest_client [req-d9108989-6bb2-4c30-8bf4-b67c65fb58fe req-d9108989-6bb2-4c30-8bf4-b67c65fb58fe ] Request (ServerExternalEventsTest:test_create_server_external_events): 200 GET http://10.180.1.21/compute/v2.1/servers/ee8ccbf4-bfcf-4784-b1b5-a16915fd2c02 0.282s
2025-02-04 17:10:18.401 62342 INFO tempest.lib.common.rest_client [req-c54b8f2d-ecef-4c8d-942f-3c98d9437ba0 req-c54b8f2d-ecef-4c8d-942f-3c98d9437ba0 ] Request (ServersTestBootFromVolume:setUpClass): 200 GET http://10.180.1.21/compute/v2.1/servers/f50e7100-ddcb-4485-964c-25c952cdb844 0.166s
2025-02-04 17:10:18.409 62346 INFO tempest.lib.common.rest_client [req-c7bcf073-010d-43eb-b274-04fe1b09ee7f req-c7bcf073-010d-43eb-b274-04fe1b09ee7f ] Request (InstanceActionsNegativeTestJSON:setUpClass): 200 GET http://10.180.1.21/compute/v2.1/servers/59235193-56b1-454f-b2e3-09e023701c62 0.112s
2025-02-04 17:10:18.462 62358 INFO tempest.lib.common.rest_client [req-b0da7605-9db0-4401-9ca1-0bafa4b0ead6 req-b0da7605-9db0-4401-9ca1-0bafa4b0ead6 ] Request (ServersAdminNegativeTestJSON:test_migrate_server_invalid_state): 200 GET http://10.180.1.21/compute/v2.1/servers/a78e6b14-65ca-4e48-8a5f-92f5e2d97feb 0.158s
2025-02-04 17:10:18.466 62318 INFO tempest.lib.common.rest_client [req-b9d9e78b-2b03-4c31-9d74-3d3f70a7e58d req-b9d9e78b-2b03-4c31-9d74-3d3f70a7e58d ] Request (ImagesOneServerNegativeTestJSON:setUpClass): 200 GET http://10.180.1.21/compute/v2.1/servers/8b6b7cb7-4895-4e3e-b020-071130ad88ab 0.070s
2025-02-04 17:10:18.544 62300 INFO tempest.lib.common.rest_client [req-fd57537c-606a-49c6-8f37-3413f4b7456c req-fd57537c-606a-49c6-8f37-3413f4b7456c ] Request (ServersAdminTestJSON:test_create_server_with_scheduling_hint): 200 GET http://10.180.1.21/compute/v2.1/servers/f7173894-2c79-40c7-b8a3-9b502c2c29a1 0.143s
2025-02-04 17:10:18.546 62320 INFO tempest.lib.common.rest_client [req-bb73728f-3493-4685-8f73-2c89ce8b60af req-bb73728f-3493-4685-8f73-2c89ce8b60af ] Request (AttachInterfacesTestJSON:test_create_list_show_delete_interfaces_by_fixed_ip): 200 GET http://10.180.1.21/compute/v2.1/servers/f710ae20-f82c-4e3f-a52f-3b1042e26504 0.071s
2025-02-04 17:10:18.588 62356 INFO tempest.lib.common.rest_client [req-50ec40ba-13cf-4c6b-862a-4e07b373febb req-50ec40ba-13cf-4c6b-862a-4e07b373febb ] Request (ImagesOneServerTestJSON:test_create_delete_image): 200 GET http://10.180.1.21/compute/v2.1/images/fc00c388-cd6e-4e73-bb36-a69cc3980cdd 0.056s
2025-02-04 17:10:18.620 62304 INFO tempest.lib.common.rest_client [req-94724c37-36a4-4a59-948a-a5546630840e req-94724c37-36a4-4a59-948a-a5546630840e ] Request (FloatingIPsAssociationNegativeTestJSON:setUpClass): 200 GET http://10.180.1.21/compute/v2.1/servers/06fcd604-5854-49bd-9bbd-51cbe3710e66 0.070s
2025-02-04 17:10:18.681 62302 INFO tempest.lib.common.rest_client [req-972d493a-e00b-4353-a366-ec811aab65ce req-972d493a-e00b-4353-a366-ec811aab65ce ] Request (AttachInterfacesUnderV243Test:test_add_remove_fixed_ip): 200 GET http://10.180.1.21/compute/v2.1/servers/cef6f8a5-a85a-4f08-8801-f06a57e0b3de 0.063s
2025-02-04 17:10:18.693 62338 INFO tempest.lib.common.rest_client [req-42c5e037-bbc5-4ba2-8b0c-7290aa6e3710 req-42c5e037-bbc5-4ba2-8b0c-7290aa6e3710 ] Request (TenantUsagesTestJSON:setUpClass): 200 GET http://10.180.1.21/compute/v2.1/servers/564c4383-1dfd-46c6-aded-6b295642bc18 0.075s
2025-02-04 17:10:18.755 62344 INFO tempest.lib.common.rest_client [req-0a37a5f3-f65a-41db-8245-a14ee0692af1 req-0a37a5f3-f65a-41db-8245-a14ee0692af1 ] Request (AttachVolumeTestJSON:test_attach_detach_volume): 200 GET http://10.180.1.21/compute/v2.1/servers/cd1edbe3-4426-474b-99ed-8143be203e55 0.057s
2025-02-04 17:10:18.756 62316 INFO tempest.lib.common.rest_client [req-fa9743e8-a3d5-4561-84c0-ebe208e10cbd req-fa9743e8-a3d5-4561-84c0-ebe208e10cbd ] Request (ServersTestJSON:setUpClass): 200 GET http://10.180.1.21/compute/v2.1/servers/0582d2f2-d973-49db-8ffb-782d89aba5fc 0.058s
2025-02-04 17:10:18.845 62360 INFO tempest.lib.common.rest_client [req-873bb7b4-e4f5-4338-b045-18766dc24f58 req-873bb7b4-e4f5-4338-b045-18766dc24f58 ] Request (AttachVolumeShelveTestJSON:test_attach_volume_shelved_or_offload_server): 200 GET http://10.180.1.21/compute/v2.1/servers/2dffe23d-5c9a-4477-a855-227646ad434b 0.076s
2025-02-04 17:10:18.865 62312 INFO tempest.lib.common.rest_client [req-ec1e2ef5-48aa-4fb6-a7df-83d0f896be77 req-ec1e2ef5-48aa-4fb6-a7df-83d0f896be77 ] Request (FloatingIPDetailsNegativeTestJSON:tearDownClass): 200 PUT http://10.180.1.21:9696/networking/v2.0/routers/cd9ead12-627b-4fd6-ae37-0f32265da077/remove_router_interface 0.967s
2025-02-04 17:10:18.997 62324 INFO tempest.lib.common.rest_client [req-cc0cec7e-2b95-447d-8f00-679c0cb52eca req-cc0cec7e-2b95-447d-8f00-679c0cb52eca ] Request (MigrationsAdminTest:test_list_migrations_in_flavor_resize_situation): 200 GET http://10.180.1.21/compute/v2.1/servers/a4917632-490f-4fea-b55b-ee28bb21a1e4 0.146s
