2025-02-04 17:09:49.103 62316 INFO tempest.lib.common.fixed_network [-] (ServersTestJSON:setUpClass) Found network {'id': '15d7ee9b-03d1-49f5-959f-c998f8cb7f92', 'name': 'tempest-ServersTestJSON-1710058344-network', 'tenant_id': '1b4ea5ef8d66437d9f5dc4dc95dda427', 'admin_state_up': True, 'mtu': 8950, 'status': 'ACTIVE', 'subnets': [], 'shared': False, 'project_id': '1b4ea5ef8d66437d9f5dc4dc95dda427', 'port_security_enabled': True, 'router:external': False, 'provider:network_type': 'vlan', 'provider:physical_network': 'default', 'provider:segmentation_id': 36, 'availability_zone_hints': [], 'availability_zones': [], 'ipv4_address_scope': None, 'ipv6_address_scope': None, 'description': '', 'tags': [], 'created_at': '2025-02-04T17:09:40Z', 'updated_at': '2025-02-04T17:09:40Z', 'revision_number': 1} available for tenant
2025-02-04 17:09:49.216 62302 INFO tempest.lib.common.rest_client [req-0cf637cb-240c-432a-a2b9-a3a971f64bb9 req-0cf637cb-240c-432a-a2b9-a3a971f64bb9 ] Request (QuotasAdminTestJSON:test_update_all_quota_resources_for_tenant): 200 PUT http://10.180.1.21/compute/v2.1/os-quota-sets/b5c558f284fa4353aba68afba7bcaa86 1.506s
2025-02-04 17:09:49.236 62336 INFO tempest.lib.common.rest_client [req-b5e7dc44-7132-48ef-bf02-f0995f7d9d64 req-b5e7dc44-7132-48ef-bf02-f0995f7d9d64 ] Request (FlavorsAdminTestJSON:test_is_public_string_variations): 200 POST http://10.180.1.21/compute/v2.1/flavors 1.336s
2025-02-04 17:09:49.243 62318 INFO tempest.lib.common.rest_client [req-21df2642-9abf-42d3-97b6-20814bdc555f req-21df2642-9abf-42d3-97b6-20814bdc555f ] Request (AggregatesAdminNegativeTestJSON:test_aggregate_list_as_user): 403 GET http://10.180.1.21/compute/v2.1/os-aggregates 1.339s
2025-02-04 17:09:49.360 62354 INFO tempest.lib.common.rest_client [req-fce4745b-b694-442f-861e-90890963c726 req-fce4745b-b694-442f-861e-90890963c726 ] Request (SecurityGroupRulesNegativeTestJSON:test_create_security_group_rule_with_invalid_from_port): 200 POST http://10.180.1.21/compute/v2.1/os-security-groups 1.440s
2025-02-04 17:09:49.487 62352 INFO tempest.lib.common.rest_client [req-b93a4d1f-54d1-4f1b-9217-5f92830e0504 req-b93a4d1f-54d1-4f1b-9217-5f92830e0504 ] Request (ServerActionsTestJSON:setUpClass): 200 GET http://10.180.1.21/compute/v2.1/servers/5b8cf97a-5e5f-4bf5-b3f6-77731a426f7a/os-interface 1.316s
2025-02-04 17:09:49.588 62330 INFO tempest.lib.common.rest_client [req-065051ef-b2bb-4d2d-9c74-d5e853344de7 req-065051ef-b2bb-4d2d-9c74-d5e853344de7 ] Request (ListServersNegativeTestJSON:setUpClass): 202 POST http://10.180.1.21/compute/v2.1/servers 1.817s
2025-02-04 17:09:49.646 62344 INFO tempest.lib.common.rest_client [req-11d10cb0-6b35-4df4-b87d-f2f449d7b60f req-11d10cb0-6b35-4df4-b87d-f2f449d7b60f ] Request (AttachVolumeTestJSON:test_attach_detach_volume): 200 GET http://10.180.1.21/compute/v2.1/servers/cd1edbe3-4426-474b-99ed-8143be203e55 1.369s
2025-02-04 17:09:49.732 62300 INFO tempest.lib.common.rest_client [req-38e0b236-643f-4626-b820-356d8e770238 req-38e0b236-643f-4626-b820-356d8e770238 ] Request (ServersAdminTestJSON:setUpClass): 200 GET http://10.180.1.21/compute/v2.1/servers/5cf5e799-4b2d-4877-ac9d-c5086406a3d4 1.535s
2025-02-04 17:09:49.805 62314 INFO tempest.lib.common.rest_client [req-d871b651-8fc9-42e8-9f74-f42d7aa4d6f0 req-d871b651-8fc9-42e8-9f74-f42d7aa4d6f0 ] Request (ListServerFiltersTestJSON:test_list_servers_detailed_limit_results): 200 GET http://10.180.1.21/compute/v2.1/servers/detail?limit=1 1.496s
2025-02-04 17:09:49.833 62328 INFO tempest.lib.common.rest_client [req-b09f1648-200b-4775-9010-e525a085ba11 req-b09f1648-200b-4775-9010-e525a085ba11 ] Request (ImagesTestJSON:test_create_image_from_stopped_server): 200 GET http://10.180.1.21/compute/v2.1/servers/8e1a5f74-c744-42d6-8b42-4b6fcd9e5300 1.377s
2025-02-04 17:09:49.870 62332 INFO tempest.lib.common.rest_client [req-f81335dd-3c50-4dc9-a224-3f72481c16bc req-f81335dd-3c50-4dc9-a224-3f72481c16bc ] Request (ServerExternalEventsTest:test_create_server_external_events): 200 GET http://10.180.1.21/compute/v2.1/servers/ee8ccbf4-bfcf-4784-b1b5-a16915fd2c02 1.372s
2025-02-04 17:09:49.919 62322 INFO tempest.lib.common.rest_client [req-fb370f41-f986-478f-af58-e9bafa2b8556 req-fb370f41-f986-478f-af58-e9bafa2b8556 ] Request (DeleteServersAdminTestJSON:test_admin_delete_servers_of_others): 200 GET http://10.180.1.21/compute/v2.1/servers/b870a22c-5824-436a-b809-f7c6e30a4730 1.243s
2025-02-04 17:09:49.945 62312 INFO tempest.lib.common.rest_client [req-130332ed-ad48-4f12-a477-2b8d9686d5b6 req-130332ed-ad48-4f12-a477-2b8d9686d5b6 ] Request (ServerDiagnosticsV248Test:tearDownClass): 200 GET http://10.180.1.21/compute/v2.1/servers/db229b78-0fbc-4414-bb1e-eda51da31400 1.135s
2025-02-04 17:09:49.992 62306 INFO tempest.lib.common.rest_client [req-1c2c5c05-4fd5-468b-bf90-e7e5dd624183 req-1c2c5c05-4fd5-468b-bf90-e7e5dd624183 ] Request (VolumesAdminNegativeTest:test_update_attached_volume_with_nonexistent_volume_in_body): 200 GET http://10.180.1.21/compute/v2.1/servers/b8f0e5f1-04c8-4784-a597-768a0900e987 1.114s
2025-02-04 17:09:50.038 62358 INFO tempest.lib.common.rest_client [req-031de692-673b-4a06-a7ce-b8dab064656e req-031de692-673b-4a06-a7ce-b8dab064656e ] Request (ServersAdminNegativeTestJSON:test_migrate_server_invalid_state): 200 GET http://10.180.1.21/compute/v2.1/servers/a78e6b14-65ca-4e48-8a5f-92f5e2d97feb 1.104s
2025-02-04 17:09:50.089 62342 INFO tempest.lib.common.rest_client [req-a1544f4d-1901-4be7-8f96-6f3625608b14 req-a1544f4d-1901-4be7-8f96-6f3625608b14 ] Request (ServersTestBootFromVolume:setUpClass): 200 GET http://10.180.1.21/compute/v2.1/servers/f50e7100-ddcb-4485-964c-25c952cdb844 1.121s
2025-02-04 17:09:50.143 62346 INFO tempest.lib.common.rest_client [req-b18d3d58-b133-47c7-8a68-54214a2ba988 req-b18d3d58-b133-47c7-8a68-54214a2ba988 ] Request (InstanceActionsNegativeTestJSON:setUpClass): 200 GET http://10.180.1.21/compute/v2.1/servers/59235193-56b1-454f-b2e3-09e023701c62 1.122s
2025-02-04 17:09:50.191 62320 INFO tempest.lib.common.rest_client [req-301f81f5-a02d-4883-a02d-db63df4bb696 req-301f81f5-a02d-4883-a02d-db63df4bb696 ] Request (AttachInterfacesTestJSON:test_create_list_show_delete_interfaces_by_fixed_ip): 200 GET http://10.180.1.21/compute/v2.1/servers/f710ae20-f82c-4e3f-a52f-3b1042e26504 1.154s
2025-02-04 17:09:50.312 62350 INFO tempest.lib.common.rest_client [req-cc32dfb6-668a-433b-b3ae-6ce3628700cd req-cc32dfb6-668a-433b-b3ae-6ce3628700cd ] Request (ServersTestFqdnHostnames:test_create_server_with_fqdn_name): 200 GET http://10.180.1.21/compute/v2.1/servers/2a76cfd8-56ec-4d39-ac36-6ec9e86b90dd 1.484s
2025-02-04 17:09:50.448 62352 INFO tempest.lib.common.rest_client [req-c6eb85ad-6c4f-4f65-980d-18965f5cfd95 req-c6eb85ad-6c4f-4f65-980d-18965f5cfd95 ] Request (ServerActionsTestJSON:setUpClass): 200 PUT http://10.180.1.21:9696/networking/v2.0/floatingips/23716481-336c-450a-a2d9-08b73a0df474 0.958s
2025-02-04 17:09:50.450 62352 INFO tempest.lib.common.ssh [-] Creating ssh connection to '10.180.180.189:22' as 'cirros' with public key authentication
2025-02-04 17:09:50.491 62302 INFO tempest.lib.common.rest_client [req-66887613-781e-4b41-9403-1716214f3943 req-66887613-781e-4b41-9403-1716214f3943 ] Request (QuotasAdminTestJSON:_run_cleanups): 200 PUT http://10.180.1.21/compute/v2.1/os-quota-sets/b5c558f284fa4353aba68afba7bcaa86 1.273s
2025-02-04 17:09:50.510 62336 INFO tempest.lib.common.rest_client [req-49da274e-253b-40b7-bdfa-41f94d24fb5e req-49da274e-253b-40b7-bdfa-41f94d24fb5e ] Request (FlavorsAdminTestJSON:test_is_public_string_variations): 200 POST http://10.180.1.21/compute/v2.1/flavors 1.272s
2025-02-04 17:09:50.532 62318 INFO tempest.lib.common.rest_client [req-f9b93c04-e9be-4c9a-8391-c3a1d7a4c66a req-f9b93c04-e9be-4c9a-8391-c3a1d7a4c66a ] Request (AggregatesAdminNegativeTestJSON:test_aggregate_remove_host_as_user): 200 POST http://10.180.1.21/compute/v2.1/os-aggregates 1.287s
2025-02-04 17:09:50.611 62302 INFO tempest.lib.common.rest_client [req-a2926bda-d147-4036-815e-ce71cc168820 req-a2926bda-d147-4036-815e-ce71cc168820 ] Request (QuotasAdminTestJSON:tearDownClass): 204 DELETE http://10.180.1.21/identity/v3/users/67050e51aa224d57af2f2886ee802baa 0.116s
2025-02-04 17:09:50.642 62324 INFO tempest.lib.common.rest_client [req-5c1d12fb-a4c9-4a33-9bb0-94d1cdc887cf req-5c1d12fb-a4c9-4a33-9bb0-94d1cdc887cf ] Request (MigrationsAdminTest:test_list_migrations_in_flavor_resize_situation): 200 GET http://10.180.1.21/compute/v2.1/servers/a4917632-490f-4fea-b55b-ee28bb21a1e4 1.323s
2025-02-04 17:09:50.676 62348 WARNING tempest.lib.common.ssh [-] Failed to establish authenticated ssh connection to cirros@10.180.180.187 ([Errno None] Unable to connect to port 22 on 10.180.180.187). Number attempts: 1. Retry after 2 seconds.: paramiko.ssh_exception.NoValidConnectionsError: [Errno None] Unable to connect to port 22 on 10.180.180.187
2025-02-04 17:09:50.689 62354 INFO tempest.lib.common.rest_client [req-16c50d7e-75b4-4832-9065-d3317968c607 req-16c50d7e-75b4-4832-9065-d3317968c607 ] Request (SecurityGroupRulesNegativeTestJSON:test_create_security_group_rule_with_invalid_from_port): 400 POST http://10.180.1.21/compute/v2.1/os-security-group-rules 1.325s
2025-02-04 17:09:50.711 62316 INFO tempest.lib.common.rest_client [req-83bff75f-3f4a-4d08-a92f-904b19d898c1 req-83bff75f-3f4a-4d08-a92f-904b19d898c1 ] Request (ServersTestJSON:setUpClass): 202 POST http://10.180.1.21/compute/v2.1/servers 1.606s
2025-02-04 17:09:50.733 62302 INFO tempest.lib.common.rest_client [req-f133d9c9-892d-4f87-9cc9-76007a53cf66 req-f133d9c9-892d-4f87-9cc9-76007a53cf66 ] Request (QuotasAdminTestJSON:tearDownClass): 204 DELETE http://10.180.1.21/identity/v3/users/27323acee6e14529904cf62cbd99e82a 0.122s
2025-02-04 17:09:50.734 62302 INFO tempest.lib.common.dynamic_creds [-] Deleting project and security group for project: b5c558f284fa4353aba68afba7bcaa86
2025-02-04 17:09:50.757 62304 INFO tempest.lib.common.rest_client [req-46ae64f8-3b4d-4cf4-b7fb-6090fb390373 req-46ae64f8-3b4d-4cf4-b7fb-6090fb390373 ] Request (FloatingIPsAssociationNegativeTestJSON:setUpClass): 200 GET http://10.180.1.21/compute/v2.1/servers/06fcd604-5854-49bd-9bbd-51cbe3710e66 1.367s
2025-02-04 17:09:50.765 62304 INFO tempest.common.waiters [-] State transition "BUILD/scheduling" ==> "BUILD/None" after 17 second wait
2025-02-04 17:09:50.771 62338 INFO tempest.lib.common.rest_client [req-a2b75009-7e39-46ea-b9bd-9cf28de27627 req-a2b75009-7e39-46ea-b9bd-9cf28de27627 ] Request (TenantUsagesTestJSON:setUpClass): 200 GET http://10.180.1.21/compute/v2.1/servers/564c4383-1dfd-46c6-aded-6b295642bc18 1.392s
2025-02-04 17:09:50.803 62302 INFO tempest.lib.common.rest_client [req-bfc3c16b-157d-4ae2-a799-38abcdfa089b req-bfc3c16b-157d-4ae2-a799-38abcdfa089b ] Request (QuotasAdminTestJSON:tearDownClass): 201 POST http://10.180.1.21/identity/v3/auth/tokens 0.069s
2025-02-04 17:09:50.810 62326 INFO tempest.lib.common.rest_client [req-fa76ca48-6b7b-459f-8db1-a131d01bc969 req-fa76ca48-6b7b-459f-8db1-a131d01bc969 ] Request (ServerDiagnosticsNegativeTest:test_get_server_diagnostics_by_non_admin): 200 GET http://10.180.1.21/compute/v2.1/servers/98081ed8-ed47-4007-8704-afda0d808dcb 1.371s
2025-02-04 17:09:50.822 62326 INFO tempest.common.waiters [-] State transition "BUILD/None" ==> "BUILD/networking" after 27 second wait
2025-02-04 17:09:50.827 62356 INFO tempest.lib.common.rest_client [req-105bd191-c449-40e3-85b3-b66aa1eb9185 req-105bd191-c449-40e3-85b3-b66aa1eb9185 ] Request (ImagesOneServerTestJSON:setUpClass): 200 GET http://10.180.1.21/compute/v2.1/servers/c8089295-8fc8-459c-a66e-7be478e1b7ec 1.355s
2025-02-04 17:09:50.873 62310 INFO tempest.lib.common.rest_client [req-e3ae254f-b1d3-4803-8d82-a45ffe19e436 req-e3ae254f-b1d3-4803-8d82-a45ffe19e436 ] Request (ServerDiagnosticsTest:tearDownClass): 200 GET http://10.180.1.21/compute/v2.1/servers/d2efff21-a97d-47aa-905d-1d59815e514e 1.322s
2025-02-04 17:09:50.915 62330 INFO tempest.lib.common.rest_client [req-4bb57f98-76dc-4a6b-8326-ac9ee6a22c97 req-4bb57f98-76dc-4a6b-8326-ac9ee6a22c97 ] Request (ListServersNegativeTestJSON:setUpClass): 200 GET http://10.180.1.21/compute/v2.1/servers 1.324s
2025-02-04 17:09:50.958 62308 INFO tempest.lib.common.rest_client [req-0705023b-4efe-492f-8109-55317c24d2e8 req-0705023b-4efe-492f-8109-55317c24d2e8 ] Request (ListImageFiltersTestJSON:setUpClass): 200 GET http://10.180.1.21/compute/v2.1/servers/f0e0e8a0-6712-4cce-9a5c-59172bb1c145 1.348s
2025-02-04 17:09:50.983 62302 INFO tempest.lib.common.rest_client [req-df05410c-081c-41f5-bee1-fc07d6467c79 req-df05410c-081c-41f5-bee1-fc07d6467c79 ] Request (QuotasAdminTestJSON:tearDownClass): 200 GET http://10.180.1.21:9696/networking/v2.0/security-groups?tenant_id=b5c558f284fa4353aba68afba7bcaa86&name=default 0.180s
2025-02-04 17:09:51.000 62314 INFO tempest.lib.common.rest_client [req-af270801-0686-4a5a-b315-0537d1047f0b req-af270801-0686-4a5a-b315-0537d1047f0b ] Request (ListServerFiltersTestJSON:test_list_servers_filter_by_active_status): 200 GET http://10.180.1.21/compute/v2.1/servers?status=active 1.184s
2025-02-04 17:09:51.015 62341 INFO tempest.lib.common.rest_client [req-711c8a49-f092-4ec0-9408-b78be0aa0782 req-711c8a49-f092-4ec0-9408-b78be0aa0782 ] Request (VolumesAssistedSnapshotsTest:test_volume_assisted_snapshot_create_delete): 200 GET http://10.180.1.21/compute/v2.1/servers/19277cfb-5358-49a0-a8e9-bbd55722df41 1.017s
2025-02-04 17:09:51.059 62360 INFO tempest.lib.common.rest_client [req-57871d69-413b-497c-9f99-8f8cefc7ccef req-57871d69-413b-497c-9f99-8f8cefc7ccef ] Request (AttachVolumeShelveTestJSON:test_attach_volume_shelved_or_offload_server): 200 GET http://10.180.1.21/compute/v2.1/servers/2dffe23d-5c9a-4477-a855-227646ad434b 0.989s
2025-02-04 17:09:51.072 62298 INFO tempest.lib.common.rest_client [req-29a65400-8a40-41f8-b4d3-039d3ccbb681 req-29a65400-8a40-41f8-b4d3-039d3ccbb681 ] Request (ServersWithSpecificFlavorTestJSON:test_verify_created_server_ephemeral_disk): 200 GET http://10.180.1.21/compute/v2.1/servers/8f22e462-0047-4ef2-b3cb-6284a5fdf506 0.981s
2025-02-04 17:09:51.088 62302 INFO tempest.lib.common.rest_client [req-dba89d1e-dbd2-47cd-910b-f7917d335bac req-dba89d1e-dbd2-47cd-910b-f7917d335bac ] Request (QuotasAdminTestJSON:tearDownClass): 204 DELETE http://10.180.1.21:9696/networking/v2.0/security-groups/5972c6b6-417b-4927-abc2-ffb72d1a6b81 0.104s
2025-02-04 17:09:51.096 62336 INFO tempest.lib.common.rest_client [req-ea0a6714-254c-4e19-b680-6f0a68479b0f req-ea0a6714-254c-4e19-b680-6f0a68479b0f ] Request (FlavorsAdminTestJSON:test_is_public_string_variations): 200 GET http://10.180.1.21/compute/v2.1/flavors/detail?is_public=f 0.584s
2025-02-04 17:09:51.167 62302 INFO tempest.lib.common.rest_client [req-39756fa9-50af-4f19-9173-c189901ab9df req-39756fa9-50af-4f19-9173-c189901ab9df ] Request (QuotasAdminTestJSON:tearDownClass): 204 DELETE http://10.180.1.21/identity/v3/projects/b5c558f284fa4353aba68afba7bcaa86 0.078s
2025-02-04 17:09:51.167 62302 INFO tempest.lib.common.dynamic_creds [-] Deleting project and security group for project: 56c865bbaada40b49a794b88f77e0d77
2025-02-04 17:09:51.211 62318 INFO tempest.lib.common.rest_client [req-58b9ce55-3d5a-4229-8ac8-f67d613d5b4d req-58b9ce55-3d5a-4229-8ac8-f67d613d5b4d ] Request (AggregatesAdminNegativeTestJSON:test_aggregate_remove_host_as_user): 200 POST http://10.180.1.21/compute/v2.1/os-aggregates/7/action 0.676s
2025-02-04 17:09:51.276 62334 INFO tempest.lib.common.rest_client [req-ba424a49-465b-4bf9-8f83-d02e554f77ca req-ba424a49-465b-4bf9-8f83-d02e554f77ca ] Request (QuotaClassesAdmin257Test:test_update_default_quotas): 200 GET http://10.180.1.21/compute/v2.1/os-quota-class-sets/default 0.723s
2025-02-04 17:09:51.279 62344 INFO tempest.lib.common.rest_client [req-94cbaf53-6fbc-4ec9-bb8d-ee578ae73b7d req-94cbaf53-6fbc-4ec9-bb8d-ee578ae73b7d ] Request (AttachVolumeTestJSON:test_attach_detach_volume): 200 GET http://10.180.1.21/compute/v2.1/servers/cd1edbe3-4426-474b-99ed-8143be203e55 0.622s
2025-02-04 17:09:51.286 62354 INFO tempest.lib.common.rest_client [req-5f43761d-8ad5-452b-bd94-ad8dd4f33981 req-5f43761d-8ad5-452b-bd94-ad8dd4f33981 ] Request (SecurityGroupRulesNegativeTestJSON:test_create_security_group_rule_with_invalid_id): 400 POST http://10.180.1.21/compute/v2.1/os-security-group-rules 0.596s
2025-02-04 17:09:51.318 62302 INFO tempest.lib.common.rest_client [req-e2d1bc10-667f-4c16-9405-5eca7b0fb288 req-e2d1bc10-667f-4c16-9405-5eca7b0fb288 ] Request (QuotasAdminTestJSON:tearDownClass): 200 GET http://10.180.1.21:9696/networking/v2.0/security-groups?tenant_id=56c865bbaada40b49a794b88f77e0d77&name=default 0.150s
2025-02-04 17:09:51.342 62316 INFO tempest.lib.common.rest_client [req-d11a8613-0d05-4102-8240-1c80662e8e83 req-d11a8613-0d05-4102-8240-1c80662e8e83 ] Request (ServersTestJSON:setUpClass): 200 GET http://10.180.1.21/compute/v2.1/servers/0582d2f2-d973-49db-8ffb-782d89aba5fc 0.629s
2025-02-04 17:09:51.418 62328 INFO tempest.lib.common.rest_client [req-8fa667f4-49b3-4f3b-9d2a-bc042d77bdd6 req-8fa667f4-49b3-4f3b-9d2a-bc042d77bdd6 ] Request (ImagesTestJSON:test_create_image_from_stopped_server): 200 GET http://10.180.1.21/compute/v2.1/servers/8e1a5f74-c744-42d6-8b42-4b6fcd9e5300 0.576s
2025-02-04 17:09:51.445 62300 INFO tempest.lib.common.rest_client [req-5cd88c66-3226-42a3-8cd9-bf9d16e7e27e req-5cd88c66-3226-42a3-8cd9-bf9d16e7e27e ] Request (ServersAdminTestJSON:setUpClass): 200 GET http://10.180.1.21/compute/v2.1/servers/5cf5e799-4b2d-4877-ac9d-c5086406a3d4 0.705s
2025-02-04 17:09:51.456 62300 INFO tempest.common.waiters [-] State transition "BUILD/spawning" ==> "ACTIVE/None" after 33 second wait
2025-02-04 17:09:51.484 62332 INFO tempest.lib.common.rest_client [req-77e2deb7-976f-4b8d-b8f1-35d67b88baae req-77e2deb7-976f-4b8d-b8f1-35d67b88baae ] Request (ServerExternalEventsTest:test_create_server_external_events): 200 GET http://10.180.1.21/compute/v2.1/servers/ee8ccbf4-bfcf-4784-b1b5-a16915fd2c02 0.605s
2025-02-04 17:09:51.486 62302 INFO tempest.lib.common.rest_client [req-4acedcb7-cb0e-4a0f-93fa-7e5f01dc5ef1 req-4acedcb7-cb0e-4a0f-93fa-7e5f01dc5ef1 ] Request (QuotasAdminTestJSON:tearDownClass): 204 DELETE http://10.180.1.21:9696/networking/v2.0/security-groups/847c18da-dc78-4959-99f8-bb2519f3ba21 0.168s
2025-02-04 17:09:51.513 62330 INFO tempest.lib.common.rest_client [req-ec87f9d0-2472-4cae-9510-6e939ea168d3 req-ec87f9d0-2472-4cae-9510-6e939ea168d3 ] Request (ListServersNegativeTestJSON:setUpClass): 200 GET http://10.180.1.21/compute/v2.1/servers/83fe5133-94e5-4a2a-9aab-bcbf46973210 0.596s
2025-02-04 17:09:51.554 62322 INFO tempest.lib.common.rest_client [req-bd26c5bd-e5c3-421b-b868-4b84770b5275 req-bd26c5bd-e5c3-421b-b868-4b84770b5275 ] Request (DeleteServersAdminTestJSON:test_admin_delete_servers_of_others): 200 GET http://10.180.1.21/compute/v2.1/servers/b870a22c-5824-436a-b809-f7c6e30a4730 0.627s
2025-02-04 17:09:51.581 62312 INFO tempest.lib.common.rest_client [req-b182718f-2786-4bd3-801a-6aa498fd85fe req-b182718f-2786-4bd3-801a-6aa498fd85fe ] Request (ServerDiagnosticsV248Test:tearDownClass): 200 GET http://10.180.1.21/compute/v2.1/servers/db229b78-0fbc-4414-bb1e-eda51da31400 0.623s
2025-02-04 17:09:51.605 62302 INFO tempest.lib.common.rest_client [req-9bbfba6b-b4a2-4bbe-bf42-dc7b5309e9b8 req-9bbfba6b-b4a2-4bbe-bf42-dc7b5309e9b8 ] Request (QuotasAdminTestJSON:tearDownClass): 204 DELETE http://10.180.1.21/identity/v3/projects/56c865bbaada40b49a794b88f77e0d77 0.118s
2025-02-04 17:09:51.610 62314 INFO tempest.lib.common.rest_client [req-f1a9642f-2dc5-4869-8f42-f1b3e68bb55f req-f1a9642f-2dc5-4869-8f42-f1b3e68bb55f ] Request (ListServerFiltersTestJSON:test_list_servers_filter_by_exceed_limit): 200 GET http://10.180.1.21/compute/v2.1/servers?limit=100000 0.606s
2025-02-04 17:09:51.636 62306 INFO tempest.lib.common.rest_client [req-a35fc4c1-30a1-4fd7-8359-ebdd0acb840b req-a35fc4c1-30a1-4fd7-8359-ebdd0acb840b ] Request (VolumesAdminNegativeTest:test_update_attached_volume_with_nonexistent_volume_in_body): 200 GET http://10.180.1.21/compute/v2.1/servers/b8f0e5f1-04c8-4784-a597-768a0900e987 0.628s
2025-02-04 17:09:51.669 62358 INFO tempest.lib.common.rest_client [req-64f4c283-405d-4d27-8840-0330f0aba89f req-64f4c283-405d-4d27-8840-0330f0aba89f ] Request (ServersAdminNegativeTestJSON:test_migrate_server_invalid_state): 200 GET http://10.180.1.21/compute/v2.1/servers/a78e6b14-65ca-4e48-8a5f-92f5e2d97feb 0.623s
2025-02-04 17:09:51.672 62302 INFO tempest.lib.common.rest_client [req-f52a8945-69a2-4667-b46b-8125de585010 req-f52a8945-69a2-4667-b46b-8125de585010 ] Request (FlavorsV2TestJSON:setUpClass): 201 POST http://10.180.1.21/identity/v3/auth/tokens 0.065s
2025-02-04 17:09:51.684 62336 INFO tempest.lib.common.rest_client [req-ba3e294e-3ccb-4e97-9e4c-18560427cd2e req-ba3e294e-3ccb-4e97-9e4c-18560427cd2e ] Request (FlavorsAdminTestJSON:test_is_public_string_variations): 200 GET http://10.180.1.21/compute/v2.1/flavors/detail?is_public=false 0.585s
2025-02-04 17:09:51.706 62342 INFO tempest.lib.common.rest_client [req-5de4aee3-3d37-4b30-b2af-f967f7d7cd8a req-5de4aee3-3d37-4b30-b2af-f967f7d7cd8a ] Request (ServersTestBootFromVolume:setUpClass): 200 GET http://10.180.1.21/compute/v2.1/servers/f50e7100-ddcb-4485-964c-25c952cdb844 0.609s
2025-02-04 17:09:51.708 62302 INFO tempest.lib.common.rest_client [req-80890630-1e7c-447d-851f-e0713cc3bf3f req-80890630-1e7c-447d-851f-e0713cc3bf3f ] Request (FlavorsV2TestJSON:setUpClass): 201 POST http://10.180.1.21/identity/v3/auth/tokens 0.033s
2025-02-04 17:09:51.740 62302 INFO tempest.lib.common.rest_client [req-f1cc4c02-bb95-47e6-af20-1d8c0ebe91bb req-f1cc4c02-bb95-47e6-af20-1d8c0ebe91bb ] Request (FlavorsV2TestJSON:setUpClass): 200 GET http://10.180.1.21/identity/v3/domains?name=Default 0.031s
2025-02-04 17:09:51.742 62346 INFO tempest.lib.common.rest_client [req-b2456186-d24f-43c1-8d7e-5e68b5ef99a2 req-b2456186-d24f-43c1-8d7e-5e68b5ef99a2 ] Request (InstanceActionsNegativeTestJSON:setUpClass): 200 GET http://10.180.1.21/compute/v2.1/servers/59235193-56b1-454f-b2e3-09e023701c62 0.591s
2025-02-04 17:09:51.748 62318 INFO tempest.lib.common.rest_client [req-180a040f-087f-4552-b8f2-28bd989127ec req-180a040f-087f-4552-b8f2-28bd989127ec ] Request (AggregatesAdminNegativeTestJSON:test_aggregate_remove_host_as_user): 403 POST http://10.180.1.21/compute/v2.1/os-aggregates/7/action 0.535s
2025-02-04 17:09:51.764 62320 INFO tempest.lib.common.rest_client [req-a9e01340-1053-4a4c-9229-72dc3dbaa576 req-a9e01340-1053-4a4c-9229-72dc3dbaa576 ] Request (AttachInterfacesTestJSON:test_create_list_show_delete_interfaces_by_fixed_ip): 200 GET http://10.180.1.21/compute/v2.1/servers/f710ae20-f82c-4e3f-a52f-3b1042e26504 0.563s
2025-02-04 17:09:51.778 62302 INFO tempest.lib.common.rest_client [req-21f29c09-e908-411c-b6ae-9d99d61509c3 req-21f29c09-e908-411c-b6ae-9d99d61509c3 ] Request (FlavorsV2TestJSON:setUpClass): 201 POST http://10.180.1.21/identity/v3/projects 0.038s
2025-02-04 17:09:51.806 62334 INFO tempest.lib.common.rest_client [req-553ffa54-45f4-4e99-89a2-0168724ed941 req-553ffa54-45f4-4e99-89a2-0168724ed941 ] Request (QuotaClassesAdmin257Test:test_update_default_quotas): 200 PUT http://10.180.1.21/compute/v2.1/os-quota-class-sets/default 0.526s
2025-02-04 17:09:51.846 62302 INFO tempest.lib.common.rest_client [req-28e44d1f-6a71-4d9b-ae5e-84106acfc6c4 req-28e44d1f-6a71-4d9b-ae5e-84106acfc6c4 ] Request (FlavorsV2TestJSON:setUpClass): 201 POST http://10.180.1.21/identity/v3/users 0.067s
2025-02-04 17:09:51.869 62302 INFO tempest.lib.common.rest_client [req-ead60c0d-e9e2-4e25-a6e1-2126e87b727c req-ead60c0d-e9e2-4e25-a6e1-2126e87b727c ] Request (FlavorsV2TestJSON:setUpClass): 200 GET http://10.180.1.21/identity/v3/roles 0.023s
2025-02-04 17:09:51.894 62302 INFO tempest.lib.common.rest_client [req-d1042768-e5b5-470d-a001-ae75175077cf req-d1042768-e5b5-470d-a001-ae75175077cf ] Request (FlavorsV2TestJSON:setUpClass): 204 PUT http://10.180.1.21/identity/v3/projects/1a0022943a2640f9859f62e79fa81716/users/95502211acb14ad59968252064b1b9a9/roles/2e30fb8250144e7f9066e7ead5a79fc3 0.024s
2025-02-04 17:09:51.895 62302 INFO tempest.lib.common.dynamic_creds [-] Dynamic test user 95502211acb14ad59968252064b1b9a9 is created with scope project and roles: ['member']
2025-02-04 17:09:51.895 62302 INFO tempest.lib.common.dynamic_creds [-] Acquired dynamic creds: credentials: Credentials: {'domain_id': 'default', 'domain_name': 'Default', 'username': 'tempest-FlavorsV2TestJSON-2113925686-project-member', 'project_domain_id': 'default', 'project_domain_name': 'Default', 'project_id': '1a0022943a2640f9859f62e79fa81716', 'project_name': 'tempest-FlavorsV2TestJSON-2113925686', 'tenant_id': '1a0022943a2640f9859f62e79fa81716', 'tenant_name': 'tempest-FlavorsV2TestJSON-2113925686', 'user_domain_id': 'default', 'user_domain_name': 'Default', 'user_id': '95502211acb14ad59968252064b1b9a9', 'system': None}, Network: None, Subnet: None, Router: None
2025-02-04 17:09:51.895 62302 INFO tempest.lib.common.dynamic_creds [-] Created isolated network resources for: credentials: Credentials: {'domain_id': 'default', 'domain_name': 'Default', 'username': 'tempest-FlavorsV2TestJSON-2113925686-project-member', 'project_domain_id': 'default', 'project_domain_name': 'Default', 'project_id': '1a0022943a2640f9859f62e79fa81716', 'project_name': 'tempest-FlavorsV2TestJSON-2113925686', 'tenant_id': '1a0022943a2640f9859f62e79fa81716', 'tenant_name': 'tempest-FlavorsV2TestJSON-2113925686', 'user_domain_id': 'default', 'user_domain_name': 'Default', 'user_id': '95502211acb14ad59968252064b1b9a9', 'system': None}, Network: None, Subnet: None, Router: None
2025-02-04 17:09:51.902 62350 INFO tempest.lib.common.rest_client [req-d8c93887-f2f3-46d9-863b-d81babf8cd96 req-d8c93887-f2f3-46d9-863b-d81babf8cd96 ] Request (ServersTestFqdnHostnames:test_create_server_with_fqdn_name): 200 GET http://10.180.1.21/compute/v2.1/servers/2a76cfd8-56ec-4d39-ac36-6ec9e86b90dd 0.577s
2025-02-04 17:09:51.936 62354 INFO tempest.lib.common.rest_client [req-7f5a52db-8020-4826-b691-6c4e23f675e0 req-7f5a52db-8020-4826-b691-6c4e23f675e0 ] Request (SecurityGroupRulesNegativeTestJSON:test_create_security_group_rule_with_invalid_ip_protocol): 200 POST http://10.180.1.21/compute/v2.1/os-security-groups 0.648s
2025-02-04 17:09:51.969 62302 INFO tempest.lib.common.rest_client [req-c221720a-66fe-42c6-8f74-e128de9f7fe4 req-c221720a-66fe-42c6-8f74-e128de9f7fe4 ] Request (FlavorsV2TestJSON:setUpClass): 201 POST http://10.180.1.21/identity/v3/auth/tokens 0.071s
2025-02-04 17:09:52.002 62300 INFO tempest.lib.common.rest_client [req-5d23d27c-bc4f-4a2c-9db5-a7244f9c7668 req-5d23d27c-bc4f-4a2c-9db5-a7244f9c7668 ] Request (ServersAdminTestJSON:setUpClass): 200 GET http://10.180.1.21/compute/v2.1/servers/c2dd4f2a-6fe8-402f-8715-217a8aa24b16 0.545s
2025-02-04 17:09:52.017 62314 INFO tempest.lib.common.rest_client [req-0a9eaf40-c176-4887-91e9-9edf38b613a9 req-0a9eaf40-c176-4887-91e9-9edf38b613a9 ] Request (ListServerFiltersTestJSON:test_list_servers_filter_by_exceed_limit): 200 GET http://10.180.1.21/compute/v2.1/servers 0.405s
2025-02-04 17:09:52.028 62336 INFO tempest.lib.common.rest_client [req-b5f9a1be-a69e-4d26-8be0-1102aacbe593 req-b5f9a1be-a69e-4d26-8be0-1102aacbe593 ] Request (FlavorsAdminTestJSON:test_is_public_string_variations): 200 GET http://10.180.1.21/compute/v2.1/flavors/detail?is_public=no 0.340s
2025-02-04 17:09:52.067 62300 INFO tempest.lib.common.rest_client [req-9355aa7d-b1ba-4957-b089-f78296c85159 req-9355aa7d-b1ba-4957-b089-f78296c85159 ] Request (ServersAdminTestJSON:test_create_server_with_scheduling_hint): 201 POST http://10.180.1.21/identity/v3/auth/tokens 0.055s
2025-02-04 17:09:52.067 62300 INFO tempest.lib.common.fixed_network [-] (ServersAdminTestJSON:test_create_server_with_scheduling_hint) Found network {'id': '21e6d063-2a86-4cee-84f4-d7b24ea515f1', 'name': 'tempest-ServersAdminTestJSON-1881006968-network', 'tenant_id': '635b7959f93043e2a28bad7303dd5f01', 'admin_state_up': True, 'mtu': 8950, 'status': 'ACTIVE', 'subnets': [], 'shared': False, 'project_id': '635b7959f93043e2a28bad7303dd5f01', 'port_security_enabled': True, 'router:external': False, 'provider:network_type': 'vlan', 'provider:physical_network': 'default', 'provider:segmentation_id': 997, 'availability_zone_hints': [], 'availability_zones': [], 'ipv4_address_scope': None, 'ipv6_address_scope': None, 'description': '', 'tags': [], 'created_at': '2025-02-04T17:08:57Z', 'updated_at': '2025-02-04T17:08:57Z', 'revision_number': 1} available for tenant
2025-02-04 17:09:52.098 62324 INFO tempest.lib.common.rest_client [req-745a26ac-ecfc-49bd-a82d-a8062b2fd18a req-745a26ac-ecfc-49bd-a82d-a8062b2fd18a ] Request (MigrationsAdminTest:test_list_migrations_in_flavor_resize_situation): 200 GET http://10.180.1.21/compute/v2.1/servers/a4917632-490f-4fea-b55b-ee28bb21a1e4 0.446s
2025-02-04 17:09:52.142 62318 INFO tempest.lib.common.rest_client [req-52afff33-5e15-483f-863e-f7dce41f1ba5 req-52afff33-5e15-483f-863e-f7dce41f1ba5 ] Request (AggregatesAdminNegativeTestJSON:_run_cleanups): 200 POST http://10.180.1.21/compute/v2.1/os-aggregates/7/action 0.393s
2025-02-04 17:09:52.147 62304 INFO tempest.lib.common.rest_client [req-09c876ea-e737-4bc1-9212-873d95f13af3 req-09c876ea-e737-4bc1-9212-873d95f13af3 ] Request (FloatingIPsAssociationNegativeTestJSON:setUpClass): 200 GET http://10.180.1.21/compute/v2.1/servers/06fcd604-5854-49bd-9bbd-51cbe3710e66 0.380s
2025-02-04 17:09:52.160 62334 INFO tempest.lib.common.rest_client [req-7725e858-4a1a-44d4-b8e0-f8dd7663ecae req-7725e858-4a1a-44d4-b8e0-f8dd7663ecae ] Request (QuotaClassesAdmin257Test:test_update_default_quotas): 200 GET http://10.180.1.21/compute/v2.1/os-quota-class-sets/default 0.353s
2025-02-04 17:09:52.199 62338 INFO tempest.lib.common.rest_client [req-552d33e4-c398-443e-b6ba-46f92b2d079e req-552d33e4-c398-443e-b6ba-46f92b2d079e ] Request (TenantUsagesTestJSON:setUpClass): 200 GET http://10.180.1.21/compute/v2.1/servers/564c4383-1dfd-46c6-aded-6b295642bc18 0.416s
2025-02-04 17:09:52.255 62356 INFO tempest.lib.common.rest_client [req-cf547d74-ce1a-4e61-9d1d-76b6a6be5812 req-cf547d74-ce1a-4e61-9d1d-76b6a6be5812 ] Request (ImagesOneServerTestJSON:setUpClass): 200 GET http://10.180.1.21/compute/v2.1/servers/c8089295-8fc8-459c-a66e-7be478e1b7ec 0.418s
2025-02-04 17:09:52.288 62326 INFO tempest.lib.common.rest_client [req-bd63daee-b84a-4987-95a4-02bf079734ac req-bd63daee-b84a-4987-95a4-02bf079734ac ] Request (ServerDiagnosticsNegativeTest:test_get_server_diagnostics_by_non_admin): 200 GET http://10.180.1.21/compute/v2.1/servers/98081ed8-ed47-4007-8704-afda0d808dcb 0.465s
2025-02-04 17:09:52.296 62326 INFO tempest.common.waiters [-] State transition "BUILD/networking" ==> "BUILD/spawning" after 29 second wait
2025-02-04 17:09:52.321 62354 INFO tempest.lib.common.rest_client [req-c1164ba4-8c53-401d-a372-beb47d23851a req-c1164ba4-8c53-401d-a372-beb47d23851a ] Request (SecurityGroupRulesNegativeTestJSON:test_create_security_group_rule_with_invalid_ip_protocol): 400 POST http://10.180.1.21/compute/v2.1/os-security-group-rules 0.381s
2025-02-04 17:09:52.327 62310 INFO tempest.lib.common.rest_client [req-2637ae21-64bd-4e3b-a56c-110de6c7fa02 req-2637ae21-64bd-4e3b-a56c-110de6c7fa02 ] Request (ServerDiagnosticsTest:tearDownClass): 200 GET http://10.180.1.21/compute/v2.1/servers/d2efff21-a97d-47aa-905d-1d59815e514e 0.436s
2025-02-04 17:09:52.372 62308 INFO tempest.lib.common.rest_client [req-775a0d0c-f9e1-433e-9057-c0a54f00e299 req-775a0d0c-f9e1-433e-9057-c0a54f00e299 ] Request (ListImageFiltersTestJSON:setUpClass): 200 GET http://10.180.1.21/compute/v2.1/servers/f0e0e8a0-6712-4cce-9a5c-59172bb1c145 0.406s
2025-02-04 17:09:52.408 62302 INFO tempest.lib.common.rest_client [req-ed53c6f2-13d4-4511-8e84-afac2f1cac52 req-ed53c6f2-13d4-4511-8e84-afac2f1cac52 ] Request (FlavorsV2TestJSON:test_get_flavor): 200 GET http://10.180.1.21/compute/v2.1/flavors/42 0.437s
2025-02-04 17:09:52.462 62314 INFO tempest.lib.common.rest_client [req-e33ff345-9a15-4869-9d28-0610dfbe85aa req-e33ff345-9a15-4869-9d28-0610dfbe85aa ] Request (ListServerFiltersTestJSON:test_list_servers_filter_by_flavor): 200 GET http://10.180.1.21/compute/v2.1/servers?flavor=84 0.441s
2025-02-04 17:09:52.474 62336 INFO tempest.lib.common.rest_client [req-bd2dc003-b524-4833-ac98-aa61256d5808 req-bd2dc003-b524-4833-ac98-aa61256d5808 ] Request (FlavorsAdminTestJSON:test_is_public_string_variations): 200 GET http://10.180.1.21/compute/v2.1/flavors/detail?is_public=0 0.443s
2025-02-04 17:09:52.623 62341 INFO tempest.lib.common.rest_client [req-8e65480c-2daa-4a61-b181-32d5c1ff0c21 req-8e65480c-2daa-4a61-b181-32d5c1ff0c21 ] Request (VolumesAssistedSnapshotsTest:test_volume_assisted_snapshot_create_delete): 200 GET http://10.180.1.21/compute/v2.1/servers/19277cfb-5358-49a0-a8e9-bbd55722df41 0.599s
2025-02-04 17:09:52.668 62360 INFO tempest.lib.common.rest_client [req-7ffef980-fb39-4ffb-a341-0f0959a86f58 req-7ffef980-fb39-4ffb-a341-0f0959a86f58 ] Request (AttachVolumeShelveTestJSON:test_attach_volume_shelved_or_offload_server): 200 GET http://10.180.1.21/compute/v2.1/servers/2dffe23d-5c9a-4477-a855-227646ad434b 0.594s
2025-02-04 17:09:52.714 62298 INFO tempest.lib.common.rest_client [req-5f15e0d4-1920-4f4f-8e8e-6498e388f40d req-5f15e0d4-1920-4f4f-8e8e-6498e388f40d ] Request (ServersWithSpecificFlavorTestJSON:test_verify_created_server_ephemeral_disk): 200 GET http://10.180.1.21/compute/v2.1/servers/8f22e462-0047-4ef2-b3cb-6284a5fdf506 0.628s
2025-02-04 17:09:52.732 62318 INFO tempest.lib.common.rest_client [req-58e1d32c-2d37-4bde-9998-f836576fb159 req-58e1d32c-2d37-4bde-9998-f836576fb159 ] Request (AggregatesAdminNegativeTestJSON:_run_cleanups): 200 DELETE http://10.180.1.21/compute/v2.1/os-aggregates/7 0.587s
2025-02-04 17:09:52.763 62334 INFO tempest.lib.common.rest_client [req-7647db8d-c6ba-4948-a791-39f92cff6e16 req-7647db8d-c6ba-4948-a791-39f92cff6e16 ] Request (QuotaClassesAdmin257Test:_run_cleanups): 200 PUT http://10.180.1.21/compute/v2.1/os-quota-class-sets/default 0.600s
2025-02-04 17:09:52.820 62344 INFO tempest.lib.common.rest_client [req-3f957abf-001f-4804-abf3-6581a506886c req-3f957abf-001f-4804-abf3-6581a506886c ] Request (AttachVolumeTestJSON:test_attach_detach_volume): 200 GET http://10.180.1.21/compute/v2.1/servers/cd1edbe3-4426-474b-99ed-8143be203e55 0.531s
2025-02-04 17:09:52.867 62300 INFO tempest.lib.common.rest_client [req-f38347b6-327b-4e96-aa8a-03d8a36f5a9f req-f38347b6-327b-4e96-aa8a-03d8a36f5a9f ] Request (ServersAdminTestJSON:test_create_server_with_scheduling_hint): 202 POST http://10.180.1.21/compute/v2.1/servers 0.798s
2025-02-04 17:09:52.880 62334 INFO tempest.lib.common.rest_client [req-e2cf1df3-7469-4c95-bf7e-662afc56aac0 req-e2cf1df3-7469-4c95-bf7e-662afc56aac0 ] Request (QuotaClassesAdmin257Test:tearDownClass): 204 DELETE http://10.180.1.21/identity/v3/users/ff8d34e34d634732bfbeee15368a9960 0.114s
2025-02-04 17:09:52.925 62316 INFO tempest.lib.common.rest_client [req-aa53060c-1ec4-411a-809e-a5262c930f6f req-aa53060c-1ec4-411a-809e-a5262c930f6f ] Request (ServersTestJSON:setUpClass): 200 GET http://10.180.1.21/compute/v2.1/servers/0582d2f2-d973-49db-8ffb-782d89aba5fc 0.571s
2025-02-04 17:09:52.950 62302 INFO tempest.lib.common.rest_client [req-485e31f5-2743-42f8-9858-b9103c439086 req-485e31f5-2743-42f8-9858-b9103c439086 ] Request (FlavorsV2TestJSON:test_list_flavors): 200 GET http://10.180.1.21/compute/v2.1/flavors 0.539s
2025-02-04 17:09:52.962 62354 INFO tempest.lib.common.rest_client [req-71e6f090-efb8-4082-8fb4-2626d92ebc3d req-71e6f090-efb8-4082-8fb4-2626d92ebc3d ] Request (SecurityGroupRulesNegativeTestJSON:test_create_security_group_rule_with_invalid_port_range): 200 POST http://10.180.1.21/compute/v2.1/os-security-groups 0.640s
2025-02-04 17:09:52.999 62328 INFO tempest.lib.common.rest_client [req-61966296-e87b-42cb-8b2c-cb8ac42e474f req-61966296-e87b-42cb-8b2c-cb8ac42e474f ] Request (ImagesTestJSON:test_create_image_from_stopped_server): 200 GET http://10.180.1.21/compute/v2.1/servers/8e1a5f74-c744-42d6-8b42-4b6fcd9e5300 0.571s
2025-02-04 17:09:53.003 62314 INFO tempest.lib.common.rest_client [req-1666c5c9-5192-477e-bc09-a3d635721702 req-1666c5c9-5192-477e-bc09-a3d635721702 ] Request (ListServerFiltersTestJSON:test_list_servers_filter_by_limit): 200 GET http://10.180.1.21/compute/v2.1/servers?limit=1 0.537s
2025-02-04 17:09:53.005 62334 INFO tempest.lib.common.rest_client [req-e95c34e6-cc16-4fad-bd0f-0ff9454f04e3 req-e95c34e6-cc16-4fad-bd0f-0ff9454f04e3 ] Request (QuotaClassesAdmin257Test:tearDownClass): 204 DELETE http://10.180.1.21/identity/v3/users/48ac2dd3f6fb4255aa60c7800b1b3d7a 0.125s
2025-02-04 17:09:53.005 62334 INFO tempest.lib.common.dynamic_creds [-] Deleting project and security group for project: 383afa41a8aa4c55a8a0c360cfacd26a
2025-02-04 17:09:53.020 62336 INFO tempest.lib.common.rest_client [req-deabf491-abdf-41c7-bff6-12c9834e16ba req-deabf491-abdf-41c7-bff6-12c9834e16ba ] Request (FlavorsAdminTestJSON:test_is_public_string_variations): 200 GET http://10.180.1.21/compute/v2.1/flavors/detail?is_public=t 0.543s
2025-02-04 17:09:53.050 62332 INFO tempest.lib.common.rest_client [req-923ef08f-4bcf-4e5b-846b-cf45f47c68f1 req-923ef08f-4bcf-4e5b-846b-cf45f47c68f1 ] Request (ServerExternalEventsTest:test_create_server_external_events): 200 GET http://10.180.1.21/compute/v2.1/servers/ee8ccbf4-bfcf-4784-b1b5-a16915fd2c02 0.553s
2025-02-04 17:09:53.064 62334 INFO tempest.lib.common.rest_client [req-e10e8c9d-8d60-43a5-b7a4-aa2dcd3450f2 req-e10e8c9d-8d60-43a5-b7a4-aa2dcd3450f2 ] Request (QuotaClassesAdmin257Test:tearDownClass): 201 POST http://10.180.1.21/identity/v3/auth/tokens 0.058s
2025-02-04 17:09:53.066 62330 INFO tempest.lib.common.rest_client [req-38d28065-1839-4a68-b5ba-6f36f4c63521 req-38d28065-1839-4a68-b5ba-6f36f4c63521 ] Request (ListServersNegativeTestJSON:setUpClass): 200 GET http://10.180.1.21/compute/v2.1/servers/83fe5133-94e5-4a2a-9aab-bcbf46973210 0.545s
2025-02-04 17:09:53.106 62322 INFO tempest.lib.common.rest_client [req-2e9cdfe2-5190-44ae-8aa4-20679e25aaa2 req-2e9cdfe2-5190-44ae-8aa4-20679e25aaa2 ] Request (DeleteServersAdminTestJSON:test_admin_delete_servers_of_others): 200 GET http://10.180.1.21/compute/v2.1/servers/b870a22c-5824-436a-b809-f7c6e30a4730 0.543s
2025-02-04 17:09:53.119 62312 INFO tempest.lib.common.rest_client [req-90a4ec33-6995-4fde-bc77-9961979e5a9d req-90a4ec33-6995-4fde-bc77-9961979e5a9d ] Request (ServerDiagnosticsV248Test:tearDownClass): 200 GET http://10.180.1.21/compute/v2.1/servers/db229b78-0fbc-4414-bb1e-eda51da31400 0.528s
2025-02-04 17:09:53.153 62306 INFO tempest.lib.common.rest_client [req-8c8dee63-5757-41d2-9b50-1a646ee8a60e req-8c8dee63-5757-41d2-9b50-1a646ee8a60e ] Request (VolumesAdminNegativeTest:test_update_attached_volume_with_nonexistent_volume_in_body): 200 GET http://10.180.1.21/compute/v2.1/servers/b8f0e5f1-04c8-4784-a597-768a0900e987 0.505s
2025-02-04 17:09:53.175 62358 INFO tempest.lib.common.rest_client [req-e37b5414-5315-422a-9a84-f08a54a49b66 req-e37b5414-5315-422a-9a84-f08a54a49b66 ] Request (ServersAdminNegativeTestJSON:test_migrate_server_invalid_state): 200 GET http://10.180.1.21/compute/v2.1/servers/a78e6b14-65ca-4e48-8a5f-92f5e2d97feb 0.494s
2025-02-04 17:09:53.201 62318 INFO tempest.lib.common.rest_client [req-f290e95a-1b97-4050-b02f-09adbb2bd8e7 req-f290e95a-1b97-4050-b02f-09adbb2bd8e7 ] Request (AggregatesAdminNegativeTestJSON:test_aggregate_remove_nonexistent_host): 200 POST http://10.180.1.21/compute/v2.1/os-aggregates 0.468s
2025-02-04 17:09:53.204 62342 INFO tempest.lib.common.rest_client [req-b81a3d74-2689-4bcc-8150-6876ddd3c9b6 req-b81a3d74-2689-4bcc-8150-6876ddd3c9b6 ] Request (ServersTestBootFromVolume:setUpClass): 200 GET http://10.180.1.21/compute/v2.1/servers/f50e7100-ddcb-4485-964c-25c952cdb844 0.488s
2025-02-04 17:09:53.230 62334 INFO tempest.lib.common.rest_client [req-6ec22c9d-7fe9-4d73-9bfe-143767f24973 req-6ec22c9d-7fe9-4d73-9bfe-143767f24973 ] Request (QuotaClassesAdmin257Test:tearDownClass): 200 GET http://10.180.1.21:9696/networking/v2.0/security-groups?tenant_id=383afa41a8aa4c55a8a0c360cfacd26a&name=default 0.166s
2025-02-04 17:09:53.262 62320 INFO tempest.lib.common.rest_client [req-f63bc01d-babb-421a-bf44-d2dee1574b08 req-f63bc01d-babb-421a-bf44-d2dee1574b08 ] Request (AttachInterfacesTestJSON:test_create_list_show_delete_interfaces_by_fixed_ip): 200 GET http://10.180.1.21/compute/v2.1/servers/f710ae20-f82c-4e3f-a52f-3b1042e26504 0.483s
2025-02-04 17:09:53.262 62346 INFO tempest.lib.common.rest_client [req-d69e2a1d-b2d9-4019-9cff-8ac13409b848 req-d69e2a1d-b2d9-4019-9cff-8ac13409b848 ] Request (InstanceActionsNegativeTestJSON:setUpClass): 200 GET http://10.180.1.21/compute/v2.1/servers/59235193-56b1-454f-b2e3-09e023701c62 0.512s
2025-02-04 17:09:53.301 62300 INFO tempest.lib.common.rest_client [req-6398dca2-0955-4222-ba09-5dfc880ae840 req-6398dca2-0955-4222-ba09-5dfc880ae840 ] Request (ServersAdminTestJSON:test_create_server_with_scheduling_hint): 200 GET http://10.180.1.21/compute/v2.1/servers/f7173894-2c79-40c7-b8a3-9b502c2c29a1 0.433s
2025-02-04 17:09:53.316 62302 INFO tempest.lib.common.rest_client [req-795ae33f-a790-44cd-8a74-f29aec1ccd0d req-795ae33f-a790-44cd-8a74-f29aec1ccd0d ] Request (FlavorsV2TestJSON:test_list_flavors): 200 GET http://10.180.1.21/compute/v2.1/flavors/42 0.361s
2025-02-04 17:09:53.350 62334 INFO tempest.lib.common.rest_client [req-585242e6-ef74-4659-89bf-e361d6c000f3 req-585242e6-ef74-4659-89bf-e361d6c000f3 ] Request (QuotaClassesAdmin257Test:tearDownClass): 204 DELETE http://10.180.1.21:9696/networking/v2.0/security-groups/57a3edfa-b705-4eba-ab48-ce3dbee18061 0.120s
2025-02-04 17:09:53.351 62354 INFO tempest.lib.common.rest_client [req-43ca78cc-87d1-41fb-a43f-d6d6f62b011e req-43ca78cc-87d1-41fb-a43f-d6d6f62b011e ] Request (SecurityGroupRulesNegativeTestJSON:test_create_security_group_rule_with_invalid_port_range): 400 POST http://10.180.1.21/compute/v2.1/os-security-group-rules 0.382s
2025-02-04 17:09:53.414 62350 INFO tempest.lib.common.rest_client [req-9de7a1b0-c372-4417-b588-ee61118c600c req-9de7a1b0-c372-4417-b588-ee61118c600c ] Request (ServersTestFqdnHostnames:test_create_server_with_fqdn_name): 200 GET http://10.180.1.21/compute/v2.1/servers/2a76cfd8-56ec-4d39-ac36-6ec9e86b90dd 0.502s
2025-02-04 17:09:53.426 62350 INFO tempest.common.waiters [-] State transition "BUILD/spawning" ==> "ACTIVE/None" after 33 second wait
2025-02-04 17:09:53.430 62334 INFO tempest.lib.common.rest_client [req-81da61f6-ff3a-4d78-9ce5-b757f9d1a61c req-81da61f6-ff3a-4d78-9ce5-b757f9d1a61c ] Request (QuotaClassesAdmin257Test:tearDownClass): 204 DELETE http://10.180.1.21/identity/v3/projects/383afa41a8aa4c55a8a0c360cfacd26a 0.080s
2025-02-04 17:09:53.431 62334 INFO tempest.lib.common.dynamic_creds [-] Deleting project and security group for project: ce961dae04e4402788cb0b48275f7dde
2025-02-04 17:09:53.436 62336 INFO tempest.lib.common.rest_client [req-dcf2992e-bded-4af7-abac-79e2a0dcf854 req-dcf2992e-bded-4af7-abac-79e2a0dcf854 ] Request (FlavorsAdminTestJSON:test_is_public_string_variations): 200 GET http://10.180.1.21/compute/v2.1/flavors/detail?is_public=true 0.410s
2025-02-04 17:09:53.442 62314 INFO tempest.lib.common.rest_client [req-7d548709-ea92-4850-b93f-5c8f4af8c19a req-7d548709-ea92-4850-b93f-5c8f4af8c19a ] Request (ListServerFiltersTestJSON:test_list_servers_filter_by_server_name): 200 GET http://10.180.1.21/compute/v2.1/servers?name=tempest-ListServerFiltersTestJSON-instance-1550561754 0.435s
2025-02-04 17:09:53.518 62304 INFO tempest.lib.common.rest_client [req-d5268552-a0c6-4f5f-95c7-accbf530e9a1 req-d5268552-a0c6-4f5f-95c7-accbf530e9a1 ] Request (FloatingIPsAssociationNegativeTestJSON:setUpClass): 200 GET http://10.180.1.21/compute/v2.1/servers/06fcd604-5854-49bd-9bbd-51cbe3710e66 0.362s
2025-02-04 17:09:53.538 62318 INFO tempest.lib.common.rest_client [req-b6785991-00e4-4e37-ba26-703d951a951b req-b6785991-00e4-4e37-ba26-703d951a951b ] Request (AggregatesAdminNegativeTestJSON:test_aggregate_remove_nonexistent_host): 404 POST http://10.180.1.21/compute/v2.1/os-aggregates/8/action 0.335s
2025-02-04 17:09:53.540 62334 INFO tempest.lib.common.rest_client [req-779ef43c-b5ba-4a1c-8390-747fc8971523 req-779ef43c-b5ba-4a1c-8390-747fc8971523 ] Request (QuotaClassesAdmin257Test:tearDownClass): 200 GET http://10.180.1.21:9696/networking/v2.0/security-groups?tenant_id=ce961dae04e4402788cb0b48275f7dde&name=default 0.109s
2025-02-04 17:09:53.583 62324 INFO tempest.lib.common.rest_client [req-5e414a6f-2fdd-490e-b177-977e7b877dc4 req-5e414a6f-2fdd-490e-b177-977e7b877dc4 ] Request (MigrationsAdminTest:test_list_migrations_in_flavor_resize_situation): 200 GET http://10.180.1.21/compute/v2.1/servers/a4917632-490f-4fea-b55b-ee28bb21a1e4 0.477s
2025-02-04 17:09:53.591 62338 INFO tempest.lib.common.rest_client [req-d1be3996-e570-4f1d-b644-f01551b2d7a5 req-d1be3996-e570-4f1d-b644-f01551b2d7a5 ] Request (TenantUsagesTestJSON:setUpClass): 200 GET http://10.180.1.21/compute/v2.1/servers/564c4383-1dfd-46c6-aded-6b295642bc18 0.383s
2025-02-04 17:09:53.600 62338 INFO tempest.common.waiters [-] State transition "BUILD/scheduling" ==> "BUILD/None" after 17 second wait
2025-02-04 17:09:53.634 62356 INFO tempest.lib.common.rest_client [req-e0c3ff32-8f77-463a-985b-597ab0877820 req-e0c3ff32-8f77-463a-985b-597ab0877820 ] Request (ImagesOneServerTestJSON:setUpClass): 200 GET http://10.180.1.21/compute/v2.1/servers/c8089295-8fc8-459c-a66e-7be478e1b7ec 0.371s
2025-02-04 17:09:53.640 62334 INFO tempest.lib.common.rest_client [req-1e7e6ffd-71ae-432d-897d-f4159bf1f6eb req-1e7e6ffd-71ae-432d-897d-f4159bf1f6eb ] Request (QuotaClassesAdmin257Test:tearDownClass): 204 DELETE http://10.180.1.21:9696/networking/v2.0/security-groups/044ef54e-6207-4368-946a-54e840d86b5d 0.099s
2025-02-04 17:09:53.645 62356 INFO tempest.common.waiters [-] State transition "BUILD/None" ==> "BUILD/networking" after 30 second wait
2025-02-04 17:09:53.651 62302 INFO tempest.lib.common.rest_client [req-090da3a8-6aa3-43c7-8274-bef0f0c373cb req-090da3a8-6aa3-43c7-8274-bef0f0c373cb ] Request (FlavorsV2TestJSON:test_list_flavors_detailed_filter_by_min_disk): 200 GET http://10.180.1.21/compute/v2.1/flavors/42 0.331s
2025-02-04 17:09:53.707 62310 INFO tempest.lib.common.rest_client [req-25d129dd-61e6-4153-8d59-58e90e6d9970 req-25d129dd-61e6-4153-8d59-58e90e6d9970 ] Request (ServerDiagnosticsTest:tearDownClass): 200 GET http://10.180.1.21/compute/v2.1/servers/d2efff21-a97d-47aa-905d-1d59815e514e 0.372s
2025-02-04 17:09:53.722 62326 INFO tempest.lib.common.rest_client [req-42b6666b-ef11-4767-a48e-04487f227e8c req-42b6666b-ef11-4767-a48e-04487f227e8c ] Request (ServerDiagnosticsNegativeTest:test_get_server_diagnostics_by_non_admin): 200 GET http://10.180.1.21/compute/v2.1/servers/98081ed8-ed47-4007-8704-afda0d808dcb 0.424s
2025-02-04 17:09:53.748 62348 WARNING tempest.lib.common.ssh [-] Failed to establish authenticated ssh connection to cirros@10.180.180.187 ([Errno None] Unable to connect to port 22 on 10.180.180.187). Number attempts: 2. Retry after 3 seconds.: paramiko.ssh_exception.NoValidConnectionsError: [Errno None] Unable to connect to port 22 on 10.180.180.187
2025-02-04 17:09:53.749 62334 INFO tempest.lib.common.rest_client [req-f3e07c00-590f-4a53-989c-b89cf5f7996e req-f3e07c00-590f-4a53-989c-b89cf5f7996e ] Request (QuotaClassesAdmin257Test:tearDownClass): 204 DELETE http://10.180.1.21/identity/v3/projects/ce961dae04e4402788cb0b48275f7dde 0.109s
2025-02-04 17:09:53.776 62308 INFO tempest.lib.common.rest_client [req-c0758e47-6bf0-48cf-a915-6366df51d165 req-c0758e47-6bf0-48cf-a915-6366df51d165 ] Request (ListImageFiltersTestJSON:setUpClass): 200 GET http://10.180.1.21/compute/v2.1/servers/f0e0e8a0-6712-4cce-9a5c-59172bb1c145 0.396s
2025-02-04 17:09:53.817 62334 INFO tempest.lib.common.rest_client [req-6c5ec540-a656-4610-b84b-c69cc7080262 req-6c5ec540-a656-4610-b84b-c69cc7080262 ] Request (SecurityGroupRulesTestJSON:setUpClass): 201 POST http://10.180.1.21/identity/v3/auth/tokens 0.066s
2025-02-04 17:09:53.840 62350 INFO tempest.lib.common.rest_client [req-b65e252e-b281-44ad-9d82-5b6f48265e63 req-b65e252e-b281-44ad-9d82-5b6f48265e63 ] Request (ServersTestFqdnHostnames:test_create_server_with_fqdn_name): 200 GET http://10.180.1.21/compute/v2.1/servers/2a76cfd8-56ec-4d39-ac36-6ec9e86b90dd/os-interface 0.414s
2025-02-04 17:09:53.863 62334 INFO tempest.lib.common.rest_client [req-ee24fc9b-00be-46f6-af99-17a73b3f5594 req-ee24fc9b-00be-46f6-af99-17a73b3f5594 ] Request (SecurityGroupRulesTestJSON:setUpClass): 201 POST http://10.180.1.21/identity/v3/auth/tokens 0.043s
2025-02-04 17:09:53.867 62336 INFO tempest.lib.common.rest_client [req-3d48f31d-ef32-48de-92d8-44b266cfc5fb req-3d48f31d-ef32-48de-92d8-44b266cfc5fb ] Request (FlavorsAdminTestJSON:test_is_public_string_variations): 200 GET http://10.180.1.21/compute/v2.1/flavors/detail?is_public=yes 0.425s
2025-02-04 17:09:53.905 62334 INFO tempest.lib.common.rest_client [req-edba0469-d071-4fef-bff7-6a88e0cd413e req-edba0469-d071-4fef-bff7-6a88e0cd413e ] Request (SecurityGroupRulesTestJSON:setUpClass): 200 GET http://10.180.1.21/identity/v3/domains?name=Default 0.042s
2025-02-04 17:09:53.915 62354 INFO tempest.lib.common.rest_client [req-c458ee14-fbfe-4478-b98e-22ca836a597e req-c458ee14-fbfe-4478-b98e-22ca836a597e ] Request (SecurityGroupRulesNegativeTestJSON:test_create_security_group_rule_with_invalid_to_port): 200 POST http://10.180.1.21/compute/v2.1/os-security-groups 0.562s
2025-02-04 17:09:53.962 62318 INFO tempest.lib.common.rest_client [req-35a69388-b32f-47ab-b0cd-fec31e7d95e2 req-35a69388-b32f-47ab-b0cd-fec31e7d95e2 ] Request (AggregatesAdminNegativeTestJSON:_run_cleanups): 200 DELETE http://10.180.1.21/compute/v2.1/os-aggregates/8 0.423s
