2025-02-04 17:09:33.246 62338 INFO tempest.lib.common.rest_client [req-422b0041-f6ee-4ea6-a2d2-ab6c0282dca6 req-422b0041-f6ee-4ea6-a2d2-ab6c0282dca6 ] Request (TenantUsagesTestJSON:setUpClass): 201 POST http://10.180.1.21/identity/v3/auth/tokens 0.082s
2025-02-04 17:09:33.297 62354 INFO tempest.lib.common.rest_client [req-45a96b7a-b3ca-4b4a-ad81-0f4213d42890 req-45a96b7a-b3ca-4b4a-ad81-0f4213d42890 ] Request (ServicesAdminTestJSON:tearDownClass): 204 DELETE http://10.180.1.21:9696/networking/v2.0/security-groups/4c9f5979-05a6-4cff-89e6-06d226b3cf6a 0.233s
2025-02-04 17:09:33.301 62358 INFO tempest.lib.common.rest_client [req-aefead29-33e4-42a9-94b7-334880c570a2 req-aefead29-33e4-42a9-94b7-334880c570a2 ] Request (ServersAdminNegativeTestJSON:setUpClass): 200 GET http://10.180.1.21/compute/v2.1/servers/70293671-e4ee-4c74-a744-377d43dfe4a8 1.898s
2025-02-04 17:09:33.316 62358 INFO tempest.common.waiters [-] State transition "BUILD/None" ==> "BUILD/spawning" after 18 second wait
2025-02-04 17:09:33.320 62338 INFO tempest.lib.common.rest_client [req-dee24cef-b165-4c85-942e-a98f14c9a776 req-dee24cef-b165-4c85-942e-a98f14c9a776 ] Request (TenantUsagesTestJSON:setUpClass): 201 POST http://10.180.1.21/identity/v3/auth/tokens 0.070s
2025-02-04 17:09:33.321 62338 INFO tempest.lib.common.fixed_network [-] (TenantUsagesTestJSON:setUpClass) Found network None available for tenant
2025-02-04 17:09:33.326 62352 INFO tempest.lib.common.rest_client [req-473ff0b6-08d0-4462-826c-43fc5f0fb566 req-473ff0b6-08d0-4462-826c-43fc5f0fb566 ] Request (ServerActionsTestJSON:setUpClass): 200 GET http://10.180.1.21/compute/v2.1/servers/5b8cf97a-5e5f-4bf5-b3f6-77731a426f7a 1.394s
2025-02-04 17:09:33.330 62320 INFO tempest.lib.common.rest_client [req-6a95a74e-e56d-4544-ac03-128c0769b655 req-6a95a74e-e56d-4544-ac03-128c0769b655 ] Request (AttachInterfacesTestJSON:setUpClass): 201 POST http://10.180.1.21:9696/networking/v2.0/networks 0.889s
2025-02-04 17:09:33.401 62306 INFO tempest.lib.common.rest_client [req-08974a03-f653-48b9-b85a-63ac0ce729fb req-08974a03-f653-48b9-b85a-63ac0ce729fb ] Request (VolumesAdminNegativeTest:test_update_attached_volume_with_nonexistent_volume_in_body): 200 GET http://10.180.1.21/compute/v2.1/servers/b8f0e5f1-04c8-4784-a597-768a0900e987 1.388s
2025-02-04 17:09:33.408 62354 INFO tempest.lib.common.rest_client [req-eaf54238-364e-44ed-b058-385ff967ee69 req-eaf54238-364e-44ed-b058-385ff967ee69 ] Request (ServicesAdminTestJSON:tearDownClass): 204 DELETE http://10.180.1.21/identity/v3/projects/0c6e51271c814f9282c5d791a0d6ecbd 0.110s
2025-02-04 17:09:33.531 62334 INFO tempest.lib.common.rest_client [req-e2ca3a5f-2cca-4b75-8c56-2ba683148ec7 req-e2ca3a5f-2cca-4b75-8c56-2ba683148ec7 ] Request (FlavorsV255TestJSON:test_crud_flavor): 200 GET http://10.180.1.21/compute/v2.1/flavors/1292656661 1.478s
2025-02-04 17:09:33.538 62344 INFO tempest.lib.common.rest_client [req-ebf38c2d-be6d-4834-b344-03a5ee7c4dff req-ebf38c2d-be6d-4834-b344-03a5ee7c4dff ] Request (ValidationResourcesFixture:setUp): 200 POST http://10.180.1.21/compute/v2.1/os-keypairs 1.600s
2025-02-04 17:09:33.549 62346 INFO tempest.lib.common.rest_client [req-75f7b5ca-3951-4660-8b40-9c7cacd29d3c req-75f7b5ca-3951-4660-8b40-9c7cacd29d3c ] Request (KeyPairsV210TestJSON:test_admin_manage_keypairs_for_other_users): 200 GET http://10.180.1.21/compute/v2.1/os-keypairs?user_id=3479291cb02a4730818bbf8734283a04 1.421s
2025-02-04 17:09:33.555 62354 INFO tempest.lib.common.rest_client [req-f7fc4501-d747-40a0-87a0-8bf6f47604ef req-f7fc4501-d747-40a0-87a0-8bf6f47604ef ] Request (SecurityGroupRulesNegativeTestJSON:setUpClass): 201 POST http://10.180.1.21/identity/v3/auth/tokens 0.144s
2025-02-04 17:09:33.559 62336 INFO tempest.lib.common.rest_client [req-6ffc2034-ad61-4a52-9616-0b13f688ab75 req-6ffc2034-ad61-4a52-9616-0b13f688ab75 ] Request (FlavorsAdminTestJSON:test_create_list_flavor_without_extra_data): 200 POST http://10.180.1.21/compute/v2.1/flavors 1.467s
2025-02-04 17:09:33.563 62360 INFO tempest.lib.common.rest_client [req-f83d8a68-28d2-458e-90c9-02413e791b45 req-f83d8a68-28d2-458e-90c9-02413e791b45 ] Request (AttachVolumeShelveTestJSON:setUpClass): 201 POST http://10.180.1.21:9696/networking/v2.0/networks 0.430s
2025-02-04 17:09:33.581 62330 INFO tempest.lib.common.rest_client [req-025b8658-df2f-4a89-94ec-ee98a3fc0694 req-025b8658-df2f-4a89-94ec-ee98a3fc0694 ] Request (ServicesAdminNegativeV253TestJSON:test_get_service_by_invalid_service_and_valid_host): 200 GET http://10.180.1.21/compute/v2.1/os-services?host=devstack&binary=xxx 1.421s
2025-02-04 17:09:33.594 62354 INFO tempest.lib.common.rest_client [req-e5fd65f5-11e0-4c60-b7a3-85e86ba0b923 req-e5fd65f5-11e0-4c60-b7a3-85e86ba0b923 ] Request (SecurityGroupRulesNegativeTestJSON:setUpClass): 201 POST http://10.180.1.21/identity/v3/auth/tokens 0.037s
2025-02-04 17:09:33.623 62354 INFO tempest.lib.common.rest_client [req-8cb6c7e5-8eff-4502-8c91-a13c55a308c4 req-8cb6c7e5-8eff-4502-8c91-a13c55a308c4 ] Request (SecurityGroupRulesNegativeTestJSON:setUpClass): 200 GET http://10.180.1.21/identity/v3/domains?name=Default 0.028s
2025-02-04 17:09:33.634 62304 INFO tempest.lib.common.rest_client [req-79e82a4e-52cb-46b0-80aa-afa1a6e8c42c req-79e82a4e-52cb-46b0-80aa-afa1a6e8c42c ] Request (FloatingIPsAssociationNegativeTestJSON:setUpClass): 200 GET http://10.180.1.21/compute/v2.1/servers/06fcd604-5854-49bd-9bbd-51cbe3710e66 1.504s
2025-02-04 17:09:33.656 62354 INFO tempest.lib.common.rest_client [req-868f4e5f-bd0e-4da0-981c-1a5ad98c90ff req-868f4e5f-bd0e-4da0-981c-1a5ad98c90ff ] Request (SecurityGroupRulesNegativeTestJSON:setUpClass): 201 POST http://10.180.1.21/identity/v3/projects 0.032s
2025-02-04 17:09:33.716 62316 INFO tempest.lib.common.rest_client [req-fc22d99e-6404-4cbc-9a97-692228fb1483 req-fc22d99e-6404-4cbc-9a97-692228fb1483 ] Request (FlavorsV2NegativeTest:test_boot_with_low_ram): 200 GET http://10.180.1.21/compute/v2.1/flavors/42 1.447s
2025-02-04 17:09:33.722 62310 INFO tempest.lib.common.rest_client [req-b9fb84d5-4c21-4e77-8646-01af05d50eb3 req-b9fb84d5-4c21-4e77-8646-01af05d50eb3 ] Request (ServerDiagnosticsTest:test_get_server_diagnostics): 200 GET http://10.180.1.21/compute/v2.1/servers/d2efff21-a97d-47aa-905d-1d59815e514e 1.474s
2025-02-04 17:09:33.725 62354 INFO tempest.lib.common.rest_client [req-d02e0dc8-6db8-4ec2-b3bb-cb405e06abff req-d02e0dc8-6db8-4ec2-b3bb-cb405e06abff ] Request (SecurityGroupRulesNegativeTestJSON:setUpClass): 201 POST http://10.180.1.21/identity/v3/users 0.068s
2025-02-04 17:09:33.762 62354 INFO tempest.lib.common.rest_client [req-a8f6beb0-a61a-4b43-b7ec-7641559ce132 req-a8f6beb0-a61a-4b43-b7ec-7641559ce132 ] Request (SecurityGroupRulesNegativeTestJSON:setUpClass): 200 GET http://10.180.1.21/identity/v3/roles 0.036s
2025-02-04 17:09:33.782 62326 INFO tempest.lib.common.rest_client [req-6f6e64b9-5499-4456-9274-70d759b7b6a7 req-6f6e64b9-5499-4456-9274-70d759b7b6a7 ] Request (ServerDiagnosticsNegativeTest:test_get_server_diagnostics_by_non_admin): 200 GET http://10.180.1.21/compute/v2.1/servers/98081ed8-ed47-4007-8704-afda0d808dcb 1.287s
2025-02-04 17:09:33.797 62354 INFO tempest.lib.common.rest_client [req-b4aa7cd2-5817-48f8-a779-baa2109b31c8 req-b4aa7cd2-5817-48f8-a779-baa2109b31c8 ] Request (SecurityGroupRulesNegativeTestJSON:setUpClass): 204 PUT http://10.180.1.21/identity/v3/projects/a7ad8908025f47bc8c8c44e8ca4b756a/users/4bc9c062a93947dd86d6b257e01e6a7f/roles/2e30fb8250144e7f9066e7ead5a79fc3 0.034s
2025-02-04 17:09:33.797 62354 INFO tempest.lib.common.dynamic_creds [-] Dynamic test user 4bc9c062a93947dd86d6b257e01e6a7f is created with scope project and roles: ['member']
2025-02-04 17:09:33.797 62354 INFO tempest.lib.common.dynamic_creds [-] Acquired dynamic creds: credentials: Credentials: {'domain_id': 'default', 'domain_name': 'Default', 'username': 'tempest-SecurityGroupRulesNegativeTestJSON-1662639158-project-member', 'project_domain_id': 'default', 'project_domain_name': 'Default', 'project_id': 'a7ad8908025f47bc8c8c44e8ca4b756a', 'project_name': 'tempest-SecurityGroupRulesNegativeTestJSON-1662639158', 'tenant_id': 'a7ad8908025f47bc8c8c44e8ca4b756a', 'tenant_name': 'tempest-SecurityGroupRulesNegativeTestJSON-1662639158', 'user_domain_id': 'default', 'user_domain_name': 'Default', 'user_id': '4bc9c062a93947dd86d6b257e01e6a7f', 'system': None}, Network: None, Subnet: None, Router: None
2025-02-04 17:09:33.805 62360 INFO tempest.lib.common.rest_client [req-02667625-bb5d-4390-89cc-4d980e2bc554 req-02667625-bb5d-4390-89cc-4d980e2bc554 ] Request (AttachVolumeShelveTestJSON:setUpClass): 201 POST http://10.180.1.21:9696/networking/v2.0/subnets 0.240s
2025-02-04 17:09:33.806 62318 INFO tempest.lib.common.rest_client [req-d84a2118-b76b-4043-8d10-9aabb8135d52 req-d84a2118-b76b-4043-8d10-9aabb8135d52 ] Request (AggregatesAdminNegativeTestJSON:_run_cleanups): 200 DELETE http://10.180.1.21/compute/v2.1/os-aggregates/4 1.122s
2025-02-04 17:09:33.815 62356 INFO tempest.lib.common.rest_client [req-ed65722f-42eb-474c-8213-1c93ffffe6e0 req-ed65722f-42eb-474c-8213-1c93ffffe6e0 ] Request (ImagesOneServerTestJSON:setUpClass): 200 GET http://10.180.1.21/compute/v2.1/servers/c8089295-8fc8-459c-a66e-7be478e1b7ec 1.419s
2025-02-04 17:09:33.819 62302 INFO tempest.lib.common.rest_client [req-5f063b60-fb75-4497-90d0-3b28da6a0f56 req-5f063b60-fb75-4497-90d0-3b28da6a0f56 ] Request (QuotasAdminTestJSON:test_delete_quota): 202 DELETE http://10.180.1.21/compute/v2.1/os-quota-sets/49221bfb36f94d91b4a64f75bf44427f 1.029s
2025-02-04 17:09:33.837 62320 INFO tempest.lib.common.rest_client [req-e17e57d2-61ed-4c12-9cfa-876ed6f087d8 req-e17e57d2-61ed-4c12-9cfa-876ed6f087d8 ] Request (AttachInterfacesTestJSON:setUpClass): 201 POST http://10.180.1.21:9696/networking/v2.0/subnets 0.506s
2025-02-04 17:09:33.876 62354 INFO tempest.lib.common.rest_client [req-c9982188-40de-4656-86ce-a0b945891002 req-c9982188-40de-4656-86ce-a0b945891002 ] Request (SecurityGroupRulesNegativeTestJSON:setUpClass): 201 POST http://10.180.1.21/identity/v3/auth/tokens 0.079s
2025-02-04 17:09:33.890 62344 INFO tempest.lib.common.rest_client [req-8dcc6bf2-3de3-42d7-b50f-40f98f3863a1 req-8dcc6bf2-3de3-42d7-b50f-40f98f3863a1 ] Request (ValidationResourcesFixture:setUp): 201 POST http://10.180.1.21:9696/networking/v2.0/security-groups 0.350s
2025-02-04 17:09:33.987 62328 INFO tempest.lib.common.rest_client [req-d3aa1015-fa90-4a68-b535-b8901fa540ba req-d3aa1015-fa90-4a68-b535-b8901fa540ba ] Request (ImagesTestJSON:setUpClass): 200 PUT http://10.180.1.21:9696/networking/v2.0/routers/ac8881b1-571b-4227-ad5e-d656e6f26111/add_router_interface 3.059s
2025-02-04 17:09:33.987 62328 INFO tempest.lib.common.dynamic_creds [-] Created isolated network resources for: credentials: Credentials: {'domain_id': 'default', 'domain_name': 'Default', 'username': 'tempest-ImagesTestJSON-1477916920-project-member', 'project_domain_id': 'default', 'project_domain_name': 'Default', 'project_id': '7f7d558c2d8a4ced9a390043174f4b76', 'project_name': 'tempest-ImagesTestJSON-1477916920', 'tenant_id': '7f7d558c2d8a4ced9a390043174f4b76', 'tenant_name': 'tempest-ImagesTestJSON-1477916920', 'user_domain_id': 'default', 'user_domain_name': 'Default', 'user_id': '952e2c58f2014c8c9c39fe9a0d4b26fe', 'system': None}, Network: {'id': '9f27be53-f2a2-4ec6-9e7d-120389ce9188', 'name': 'tempest-ImagesTestJSON-955195937-network', 'tenant_id': '7f7d558c2d8a4ced9a390043174f4b76', 'admin_state_up': True, 'mtu': 8950, 'status': 'ACTIVE', 'subnets': [], 'shared': False, 'project_id': '7f7d558c2d8a4ced9a390043174f4b76', 'port_security_enabled': True, 'router:external': False, 'provider:network_type': 'vlan', 'provider:physical_network': 'default', 'provider:segmentation_id': 417, 'availability_zone_hints': [], 'availability_zones': [], 'ipv4_address_scope': None, 'ipv6_address_scope': None, 'description': '', 'tags': [], 'created_at': '2025-02-04T17:09:28Z', 'updated_at': '2025-02-04T17:09:28Z', 'revision_number': 1}, Subnet: {'id': 'f2d2cefe-4ee8-43d0-8821-5e97cf4a72a0', 'name': 'tempest-ImagesTestJSON-955195937-subnet', 'tenant_id': '7f7d558c2d8a4ced9a390043174f4b76', 'network_id': '9f27be53-f2a2-4ec6-9e7d-120389ce9188', 'ip_version': 4, 'subnetpool_id': None, 'enable_dhcp': True, 'ipv6_ra_mode': None, 'ipv6_address_mode': None, 'gateway_ip': '192.168.128.1', 'cidr': '192.168.128.0/28', 'allocation_pools': [{'start': '192.168.128.2', 'end': '192.168.128.14'}], 'host_routes': [], 'dns_nameservers': [], 'description': '', 'router:external': False, 'service_types': [], 'tags': [], 'created_at': '2025-02-04T17:09:28Z', 'updated_at': '2025-02-04T17:09:28Z', 'revision_number': 0, 'project_id': '7f7d558c2d8a4ced9a390043174f4b76'}, Router: {'id': 'ac8881b1-571b-4227-ad5e-d656e6f26111', 'name': 'tempest-ImagesTestJSON-955195937-router', 'tenant_id': '7f7d558c2d8a4ced9a390043174f4b76', 'admin_state_up': True, 'status': 'ACTIVE', 'external_gateway_info': {'network_id': 'ef7c7ab0-fb35-472b-a0b4-8177d85af3b5', 'external_fixed_ips': [{'subnet_id': 'f839dbb6-e5b5-49ea-b267-fe6e168024b8', 'ip_address': '10.180.180.198'}], 'enable_snat': True}, 'description': '', 'availability_zones': [], 'distributed': False, 'ha': False, 'availability_zone_hints': [], 'routes': [], 'flavor_id': None, 'tags': [], 'created_at': '2025-02-04T17:09:29Z', 'updated_at': '2025-02-04T17:09:30Z', 'revision_number': 2, 'project_id': '7f7d558c2d8a4ced9a390043174f4b76'}
2025-02-04 17:09:34.033 62332 INFO tempest.lib.common.rest_client [req-08112499-1e26-4997-ad26-cb018cd68e5a req-08112499-1e26-4997-ad26-cb018cd68e5a ] Request (QuotasAdminNegativeTest:_run_cleanups): 200 PUT http://10.180.1.21/compute/v2.1/os-quota-sets/dbd73874da034919b050a724c23dfdce 0.953s
2025-02-04 17:09:34.100 62328 INFO tempest.lib.common.rest_client [req-cdd0718c-a163-400e-b0d0-2ddb518af5d3 req-cdd0718c-a163-400e-b0d0-2ddb518af5d3 ] Request (ImagesTestJSON:setUpClass): 201 POST http://10.180.1.21/identity/v3/auth/tokens 0.109s
2025-02-04 17:09:34.112 62322 INFO tempest.lib.common.rest_client [req-045b5e18-091a-4d42-9ab6-976271e6a0ca req-045b5e18-091a-4d42-9ab6-976271e6a0ca ] Request (DeleteServersAdminTestJSON:test_admin_delete_servers_of_others): 200 GET http://10.180.1.21/compute/v2.1/servers/b870a22c-5824-436a-b809-f7c6e30a4730 1.314s
2025-02-04 17:09:34.147 62328 INFO tempest.lib.common.rest_client [req-9dc08d22-ab01-4acd-9eb7-ef186c01b27a req-9dc08d22-ab01-4acd-9eb7-ef186c01b27a ] Request (ImagesTestJSON:test_create_image_from_stopped_server): 201 POST http://10.180.1.21/identity/v3/auth/tokens 0.041s
2025-02-04 17:09:34.147 62328 INFO tempest.lib.common.fixed_network [-] (ImagesTestJSON:test_create_image_from_stopped_server) Found network {'id': '9f27be53-f2a2-4ec6-9e7d-120389ce9188', 'name': 'tempest-ImagesTestJSON-955195937-network', 'tenant_id': '7f7d558c2d8a4ced9a390043174f4b76', 'admin_state_up': True, 'mtu': 8950, 'status': 'ACTIVE', 'subnets': [], 'shared': False, 'project_id': '7f7d558c2d8a4ced9a390043174f4b76', 'port_security_enabled': True, 'router:external': False, 'provider:network_type': 'vlan', 'provider:physical_network': 'default', 'provider:segmentation_id': 417, 'availability_zone_hints': [], 'availability_zones': [], 'ipv4_address_scope': None, 'ipv6_address_scope': None, 'description': '', 'tags': [], 'created_at': '2025-02-04T17:09:28Z', 'updated_at': '2025-02-04T17:09:28Z', 'revision_number': 1} available for tenant
2025-02-04 17:09:34.165 62342 INFO tempest.lib.common.rest_client [req-00df51ed-8708-4116-8c82-ac6399277df1 req-00df51ed-8708-4116-8c82-ac6399277df1 ] Request (ServersTestBootFromVolume:setUpClass): 200 GET http://10.180.1.21/volume/v3/volumes/1719787c-8974-4916-ac63-607a0d2ff51a 0.038s
2025-02-04 17:09:34.182 62308 INFO tempest.lib.common.rest_client [req-9e09bc71-c1b7-43f1-9954-a2234ecd0cb8 req-9e09bc71-c1b7-43f1-9954-a2234ecd0cb8 ] Request (ListImageFiltersTestJSON:setUpClass): 200 GET http://10.180.1.21/compute/v2.1/servers/f0e0e8a0-6712-4cce-9a5c-59172bb1c145 0.906s
2025-02-04 17:09:34.195 62316 INFO tempest.lib.common.rest_client [req-2f170d4c-7b8a-46ed-8cbc-690e2f3e034d req-2f170d4c-7b8a-46ed-8cbc-690e2f3e034d ] Request (FlavorsV2NegativeTest:test_boot_with_low_ram): 201 POST http://10.180.1.21/image/v2/images 0.469s
2025-02-04 17:09:34.280 62341 INFO tempest.lib.common.rest_client [req-c39cfb6e-2ab5-40e3-b82b-02662f996d91 req-c39cfb6e-2ab5-40e3-b82b-02662f996d91 ] Request (VolumesAssistedSnapshotsTest:test_volume_assisted_snapshot_create_delete): 200 GET http://10.180.1.21/compute/v2.1/servers/19277cfb-5358-49a0-a8e9-bbd55722df41 1.039s
2025-02-04 17:09:34.400 62298 INFO tempest.lib.common.rest_client [req-d1c57986-2872-495f-bd61-40e82320a4a7 req-d1c57986-2872-495f-bd61-40e82320a4a7 ] Request (ServersWithSpecificFlavorTestJSON:test_verify_created_server_ephemeral_disk): 200 GET http://10.180.1.21/compute/v2.1/servers/8f22e462-0047-4ef2-b3cb-6284a5fdf506 1.001s
2025-02-04 17:09:34.456 62334 INFO tempest.lib.common.rest_client [req-b7f2055a-ede1-43a6-a1a1-9673ce62de43 req-b7f2055a-ede1-43a6-a1a1-9673ce62de43 ] Request (FlavorsV255TestJSON:test_crud_flavor): 200 PUT http://10.180.1.21/compute/v2.1/flavors/1292656661 0.921s
2025-02-04 17:09:34.472 62346 INFO tempest.lib.common.rest_client [req-b0d1265c-82bd-45f0-a9bb-f4f57d61b9f8 req-b0d1265c-82bd-45f0-a9bb-f4f57d61b9f8 ] Request (KeyPairsV210TestJSON:_run_cleanups): 204 DELETE http://10.180.1.21/compute/v2.1/os-keypairs/tempest-KeyPairsV210TestJSON-keypair-372690768 0.920s
2025-02-04 17:09:34.524 62338 INFO tempest.lib.common.rest_client [req-48c4f6e1-6744-4b4a-93bd-6730fb137532 req-48c4f6e1-6744-4b4a-93bd-6730fb137532 ] Request (TenantUsagesTestJSON:setUpClass): 202 POST http://10.180.1.21/compute/v2.1/servers 1.203s
2025-02-04 17:09:34.538 62336 INFO tempest.lib.common.rest_client [req-519bdf76-9aca-4207-b78b-258289c96de3 req-519bdf76-9aca-4207-b78b-258289c96de3 ] Request (FlavorsAdminTestJSON:test_create_list_flavor_without_extra_data): 200 GET http://10.180.1.21/compute/v2.1/flavors/996010512 0.976s
2025-02-04 17:09:34.549 62344 INFO tempest.lib.common.rest_client [req-36b599dd-4896-4133-8b24-836e5c1a6eb9 req-36b599dd-4896-4133-8b24-836e5c1a6eb9 ] Request (ValidationResourcesFixture:setUp): 201 POST http://10.180.1.21:9696/networking/v2.0/security-group-rules 0.658s
2025-02-04 17:09:34.572 62330 INFO tempest.lib.common.rest_client [req-21f0c32d-2f24-4fc7-b6c4-a9bc19306fc0 req-21f0c32d-2f24-4fc7-b6c4-a9bc19306fc0 ] Request (ServicesAdminNegativeV253TestJSON:test_get_service_with_valid_service_and_invalid_host): 200 GET http://10.180.1.21/compute/v2.1/os-services 0.987s
2025-02-04 17:09:34.656 62300 INFO tempest.lib.common.rest_client [req-b8037e74-fb02-48d9-ac65-88d25db0c43f req-b8037e74-fb02-48d9-ac65-88d25db0c43f ] Request (ServersAdminTestJSON:setUpClass): 200 GET http://10.180.1.21/compute/v2.1/servers/5cf5e799-4b2d-4877-ac9d-c5086406a3d4 0.984s
2025-02-04 17:09:34.725 62350 INFO tempest.lib.common.rest_client [req-3501e1f5-dbd9-465c-b148-df1defe5ef1b req-3501e1f5-dbd9-465c-b148-df1defe5ef1b ] Request (ServersTestFqdnHostnames:test_create_server_with_fqdn_name): 200 GET http://10.180.1.21/compute/v2.1/servers/2a76cfd8-56ec-4d39-ac36-6ec9e86b90dd 0.959s
2025-02-04 17:09:34.753 62318 INFO tempest.lib.common.rest_client [req-49d3415d-e4cb-40ab-958f-8df03a9ed902 req-49d3415d-e4cb-40ab-958f-8df03a9ed902 ] Request (AggregatesAdminNegativeTestJSON:test_aggregate_delete_as_user): 200 POST http://10.180.1.21/compute/v2.1/os-aggregates 0.945s
2025-02-04 17:09:34.796 62344 INFO tempest.lib.common.rest_client [req-12a744a4-8e3c-41b0-908a-a79cc442d323 req-12a744a4-8e3c-41b0-908a-a79cc442d323 ] Request (ValidationResourcesFixture:setUp): 201 POST http://10.180.1.21:9696/networking/v2.0/security-group-rules 0.246s
2025-02-04 17:09:34.858 62316 INFO tempest.lib.common.rest_client [req-c59fc54c-2fb9-4a33-bd3f-56b7dc2ba602 req-c59fc54c-2fb9-4a33-bd3f-56b7dc2ba602 ] Request (FlavorsV2NegativeTest:test_boot_with_low_ram): 204 PUT http://10.180.1.21/image/v2/images/96b1fe9c-7cc0-4edb-a209-e9a9a85995a4/file 0.663s
2025-02-04 17:09:34.867 62302 INFO tempest.lib.common.rest_client [req-d3a48c54-eae1-4a27-b483-45e8b5c0646b req-d3a48c54-eae1-4a27-b483-45e8b5c0646b ] Request (QuotasAdminTestJSON:test_delete_quota): 200 GET http://10.180.1.21/compute/v2.1/os-quota-sets/49221bfb36f94d91b4a64f75bf44427f 1.048s
2025-02-04 17:09:34.874 62332 INFO tempest.lib.common.rest_client [req-6a394739-79ff-4b9a-9a57-a24dcbe89f6d req-6a394739-79ff-4b9a-9a57-a24dcbe89f6d ] Request (QuotasAdminNegativeTest:test_update_quota_normal_user): 403 PUT http://10.180.1.21/compute/v2.1/os-quota-sets/dbd73874da034919b050a724c23dfdce 0.833s
2025-02-04 17:09:34.920 62316 INFO tempest.lib.common.rest_client [req-0e461c69-0e19-4481-b60d-0dfda2d1d14a req-0e461c69-0e19-4481-b60d-0dfda2d1d14a ] Request (FlavorsV2NegativeTest:test_boot_with_low_ram): 201 POST http://10.180.1.21/identity/v3/auth/tokens 0.059s
2025-02-04 17:09:34.921 62316 INFO tempest.lib.common.fixed_network [-] (FlavorsV2NegativeTest:test_boot_with_low_ram) Found network None available for tenant
2025-02-04 17:09:34.939 62302 INFO tempest.lib.common.rest_client [req-c8dd12cd-43ab-47c0-bb97-1d01dc2ce7ee req-c8dd12cd-43ab-47c0-bb97-1d01dc2ce7ee ] Request (QuotasAdminTestJSON:_run_cleanups): 204 DELETE http://10.180.1.21/identity/v3/projects/49221bfb36f94d91b4a64f75bf44427f 0.068s
2025-02-04 17:09:34.979 62314 INFO tempest.lib.common.rest_client [req-0a7a4a5f-318c-49e0-b207-6234712679ec req-0a7a4a5f-318c-49e0-b207-6234712679ec ] Request (ListServerFiltersTestJSON:setUpClass): 200 GET http://10.180.1.21/compute/v2.1/servers/b6b1ab69-9000-4e72-813a-e5a4bc17ebca 1.423s
2025-02-04 17:09:35.029 62332 INFO tempest.lib.common.rest_client [req-4b67c34e-6a48-4dd2-a243-761ddeec29d4 req-4b67c34e-6a48-4dd2-a243-761ddeec29d4 ] Request (QuotasAdminNegativeTest:tearDownClass): 204 DELETE http://10.180.1.21/identity/v3/users/a65a5f582c7c4c508e6ea5d73019e2b1 0.153s
2025-02-04 17:09:35.047 62354 INFO tempest.lib.common.rest_client [req-5491b8c9-fdd1-492f-9ab5-52b2af2863db req-5491b8c9-fdd1-492f-9ab5-52b2af2863db ] Request (SecurityGroupRulesNegativeTestJSON:setUpClass): 201 POST http://10.180.1.21:9696/networking/v2.0/networks 1.170s
2025-02-04 17:09:35.206 62348 INFO tempest.lib.common.rest_client [req-a3432428-f612-43ec-99b4-b673a4f05e96 req-a3432428-f612-43ec-99b4-b673a4f05e96 ] Request (ServersV294TestFqdnHostnames:setUpClass): 200 GET http://10.180.1.21/compute/v2.1/servers/944ae0ad-a813-453f-a3b6-bc5dc5877eca 1.119s
2025-02-04 17:09:35.216 62342 INFO tempest.lib.common.rest_client [req-415de3c1-41df-4c9c-892b-5d2b9f6a8d91 req-415de3c1-41df-4c9c-892b-5d2b9f6a8d91 ] Request (ServersTestBootFromVolume:setUpClass): 200 GET http://10.180.1.21/volume/v3/volumes/1719787c-8974-4916-ac63-607a0d2ff51a 0.042s
2025-02-04 17:09:35.361 62332 INFO tempest.lib.common.rest_client [req-99d4ff0f-2e0b-4f39-bf29-8c772774e263 req-99d4ff0f-2e0b-4f39-bf29-8c772774e263 ] Request (QuotasAdminNegativeTest:tearDownClass): 204 DELETE http://10.180.1.21/identity/v3/users/a977caa5113c4c9e8fac27e93664907b 0.332s
2025-02-04 17:09:35.361 62332 INFO tempest.lib.common.dynamic_creds [-] Deleting project and security group for project: a11333d85fcf4ef4b88adac446e12b99
2025-02-04 17:09:35.441 62332 INFO tempest.lib.common.rest_client [req-dc68a0db-6baf-45d2-ae2a-30aaaccf9cb7 req-dc68a0db-6baf-45d2-ae2a-30aaaccf9cb7 ] Request (QuotasAdminNegativeTest:tearDownClass): 201 POST http://10.180.1.21/identity/v3/auth/tokens 0.079s
2025-02-04 17:09:35.515 62324 INFO tempest.lib.common.rest_client [req-61d1dbec-d4cb-43fa-9db3-103b28355ff1 req-61d1dbec-d4cb-43fa-9db3-103b28355ff1 ] Request (MigrationsAdminTest:test_list_migrations_in_flavor_resize_situation): 200 GET http://10.180.1.21/compute/v2.1/servers/a4917632-490f-4fea-b55b-ee28bb21a1e4 1.262s
2025-02-04 17:09:35.526 62324 INFO tempest.common.waiters [-] State transition "BUILD/spawning" ==> "ACTIVE/None" after 24 second wait
2025-02-04 17:09:35.802 62358 INFO tempest.lib.common.rest_client [req-6fa41062-93bd-4701-8005-7091b950d907 req-6fa41062-93bd-4701-8005-7091b950d907 ] Request (ServersAdminNegativeTestJSON:setUpClass): 200 GET http://10.180.1.21/compute/v2.1/servers/70293671-e4ee-4c74-a744-377d43dfe4a8 1.485s
2025-02-04 17:09:35.882 62344 INFO tempest.lib.common.rest_client [req-88a408cd-e47a-4d78-88b9-35d4efb705b6 req-88a408cd-e47a-4d78-88b9-35d4efb705b6 ] Request (ValidationResourcesFixture:setUp): 201 POST http://10.180.1.21:9696/networking/v2.0/floatingips 1.084s
2025-02-04 17:09:35.925 62354 INFO tempest.lib.common.rest_client [req-5dc5a6d7-db5a-4034-a651-85026ac266b7 req-5dc5a6d7-db5a-4034-a651-85026ac266b7 ] Request (SecurityGroupRulesNegativeTestJSON:setUpClass): 201 POST http://10.180.1.21:9696/networking/v2.0/subnets 0.878s
2025-02-04 17:09:35.951 62344 INFO tempest.lib.common.rest_client [req-17063f71-d660-479b-8d7d-3d43ec9dba33 req-17063f71-d660-479b-8d7d-3d43ec9dba33 ] Request (AttachVolumeTestJSON:test_attach_detach_volume): 201 POST http://10.180.1.21/identity/v3/auth/tokens 0.064s
2025-02-04 17:09:35.952 62344 INFO tempest.lib.common.fixed_network [-] (AttachVolumeTestJSON:test_attach_detach_volume) Found network {'id': '8ba0185f-ae53-40c0-ba44-d294e329887d', 'name': 'tempest-AttachVolumeTestJSON-399715718-network', 'tenant_id': 'ddcb85ecc5d84fd895227b297f0e6cd1', 'admin_state_up': True, 'mtu': 8950, 'status': 'ACTIVE', 'subnets': [], 'shared': False, 'project_id': 'ddcb85ecc5d84fd895227b297f0e6cd1', 'port_security_enabled': True, 'router:external': False, 'provider:network_type': 'vlan', 'provider:physical_network': 'default', 'provider:segmentation_id': 418, 'availability_zone_hints': [], 'availability_zones': [], 'ipv4_address_scope': None, 'ipv6_address_scope': None, 'description': '', 'tags': [], 'created_at': '2025-02-04T17:09:26Z', 'updated_at': '2025-02-04T17:09:26Z', 'revision_number': 1} available for tenant
2025-02-04 17:09:35.967 62352 INFO tempest.lib.common.rest_client [req-38f7b925-ab1c-4329-ae3e-bd3cacb850a9 req-38f7b925-ab1c-4329-ae3e-bd3cacb850a9 ] Request (ServerActionsTestJSON:setUpClass): 200 GET http://10.180.1.21/compute/v2.1/servers/5b8cf97a-5e5f-4bf5-b3f6-77731a426f7a 1.631s
2025-02-04 17:09:35.980 62352 INFO tempest.common.waiters [-] State transition "BUILD/None" ==> "BUILD/spawning" after 19 second wait
2025-02-04 17:09:36.016 62332 INFO tempest.lib.common.rest_client [req-f7281532-ac4a-4913-b0ff-835da6922d29 req-f7281532-ac4a-4913-b0ff-835da6922d29 ] Request (QuotasAdminNegativeTest:tearDownClass): 200 GET http://10.180.1.21:9696/networking/v2.0/security-groups?tenant_id=a11333d85fcf4ef4b88adac446e12b99&name=default 0.575s
2025-02-04 17:09:36.025 62306 INFO tempest.lib.common.rest_client [req-de34f01d-ed8b-46c7-adbf-3a80431cd5bd req-de34f01d-ed8b-46c7-adbf-3a80431cd5bd ] Request (VolumesAdminNegativeTest:test_update_attached_volume_with_nonexistent_volume_in_body): 200 GET http://10.180.1.21/compute/v2.1/servers/b8f0e5f1-04c8-4784-a597-768a0900e987 1.612s
2025-02-04 17:09:36.059 62334 INFO tempest.lib.common.rest_client [req-80929e51-c908-4628-ac0e-e8b03ccbe42f req-80929e51-c908-4628-ac0e-e8b03ccbe42f ] Request (FlavorsV255TestJSON:test_crud_flavor): 200 GET http://10.180.1.21/compute/v2.1/flavors/detail 1.599s
2025-02-04 17:09:36.078 62346 INFO tempest.lib.common.rest_client [req-1a3cf429-c695-4278-a714-960ce2e17287 req-1a3cf429-c695-4278-a714-960ce2e17287 ] Request (KeyPairsV210TestJSON:_run_cleanups): 204 DELETE http://10.180.1.21/compute/v2.1/os-keypairs/tempest-keypair-537083912?user_id=3479291cb02a4730818bbf8734283a04 1.605s
2025-02-04 17:09:36.132 62328 INFO tempest.lib.common.rest_client [req-84488515-f0ee-48a1-a702-8fd7ff13978e req-84488515-f0ee-48a1-a702-8fd7ff13978e ] Request (ImagesTestJSON:test_create_image_from_stopped_server): 202 POST http://10.180.1.21/compute/v2.1/servers 1.983s
2025-02-04 17:09:36.152 62338 INFO tempest.lib.common.rest_client [req-c7457ea5-673c-4ed4-951b-94c7e1211593 req-c7457ea5-673c-4ed4-951b-94c7e1211593 ] Request (TenantUsagesTestJSON:setUpClass): 200 GET http://10.180.1.21/compute/v2.1/servers/564c4383-1dfd-46c6-aded-6b295642bc18 1.626s
2025-02-04 17:09:36.176 62330 INFO tempest.lib.common.rest_client [req-0b17ffb4-465b-4b77-b7ac-aedbfcc6e1ac req-0b17ffb4-465b-4b77-b7ac-aedbfcc6e1ac ] Request (ServicesAdminNegativeV253TestJSON:test_get_service_with_valid_service_and_invalid_host): 200 GET http://10.180.1.21/compute/v2.1/os-services?host=xxx&binary=nova-scheduler 1.601s
2025-02-04 17:09:36.245 62304 INFO tempest.lib.common.rest_client [req-3f0e47f0-f592-4d4c-9bee-cbd42b8b0518 req-3f0e47f0-f592-4d4c-9bee-cbd42b8b0518 ] Request (FloatingIPsAssociationNegativeTestJSON:setUpClass): 200 GET http://10.180.1.21/compute/v2.1/servers/06fcd604-5854-49bd-9bbd-51cbe3710e66 1.602s
2025-02-04 17:09:36.258 62342 INFO tempest.lib.common.rest_client [req-ed9c86f4-52c2-44cd-9b2b-805b59ddb8c7 req-ed9c86f4-52c2-44cd-9b2b-805b59ddb8c7 ] Request (ServersTestBootFromVolume:setUpClass): 200 GET http://10.180.1.21/volume/v3/volumes/1719787c-8974-4916-ac63-607a0d2ff51a 0.029s
2025-02-04 17:09:36.284 62336 INFO tempest.lib.common.rest_client [req-30cbd18a-be21-491a-bcbf-123e29082e1d req-30cbd18a-be21-491a-bcbf-123e29082e1d ] Request (FlavorsAdminTestJSON:test_create_list_flavor_without_extra_data): 200 GET http://10.180.1.21/compute/v2.1/flavors/detail 1.741s
2025-02-04 17:09:36.293 62318 INFO tempest.lib.common.rest_client [req-4ad8bd04-6456-4abb-8b7a-c78817db1e27 req-4ad8bd04-6456-4abb-8b7a-c78817db1e27 ] Request (AggregatesAdminNegativeTestJSON:test_aggregate_delete_as_user): 403 DELETE http://10.180.1.21/compute/v2.1/os-aggregates/5 1.537s
2025-02-04 17:09:36.359 62326 INFO tempest.lib.common.rest_client [req-81fe0960-16eb-4262-94cb-b32475edb153 req-81fe0960-16eb-4262-94cb-b32475edb153 ] Request (ServerDiagnosticsNegativeTest:test_get_server_diagnostics_by_non_admin): 200 GET http://10.180.1.21/compute/v2.1/servers/98081ed8-ed47-4007-8704-afda0d808dcb 1.564s
2025-02-04 17:09:36.369 62326 INFO tempest.common.waiters [-] State transition "BUILD/scheduling" ==> "BUILD/None" after 13 second wait
2025-02-04 17:09:36.392 62310 INFO tempest.lib.common.rest_client [req-8bd55ed7-175b-4cf9-87f4-c0e6c6ccb5c7 req-8bd55ed7-175b-4cf9-87f4-c0e6c6ccb5c7 ] Request (ServerDiagnosticsTest:test_get_server_diagnostics): 200 GET http://10.180.1.21/compute/v2.1/servers/d2efff21-a97d-47aa-905d-1d59815e514e 1.656s
2025-02-04 17:09:36.397 62332 INFO tempest.lib.common.rest_client [req-304ae435-d607-4e0e-9f5b-a52a3c45f980 req-304ae435-d607-4e0e-9f5b-a52a3c45f980 ] Request (QuotasAdminNegativeTest:tearDownClass): 204 DELETE http://10.180.1.21:9696/networking/v2.0/security-groups/0e3d6f08-6d6d-4eaf-a60b-268661cf626b 0.380s
2025-02-04 17:09:36.405 62310 INFO tempest.common.waiters [-] State transition "BUILD/spawning" ==> "ACTIVE/None" after 25 second wait
2025-02-04 17:09:36.421 62356 INFO tempest.lib.common.rest_client [req-b7cd2abc-2b17-4773-ab04-f243de840c77 req-b7cd2abc-2b17-4773-ab04-f243de840c77 ] Request (ImagesOneServerTestJSON:setUpClass): 200 GET http://10.180.1.21/compute/v2.1/servers/c8089295-8fc8-459c-a66e-7be478e1b7ec 1.594s
2025-02-04 17:09:36.498 62332 INFO tempest.lib.common.rest_client [req-48f57b0d-340a-4b17-a06c-2749c06606b7 req-48f57b0d-340a-4b17-a06c-2749c06606b7 ] Request (QuotasAdminNegativeTest:tearDownClass): 204 DELETE http://10.180.1.21/identity/v3/projects/a11333d85fcf4ef4b88adac446e12b99 0.101s
2025-02-04 17:09:36.498 62332 INFO tempest.lib.common.dynamic_creds [-] Deleting project and security group for project: dbd73874da034919b050a724c23dfdce
2025-02-04 17:09:36.502 62360 INFO tempest.lib.common.rest_client [req-427361a9-8759-451b-b0b1-08990fd7ea8e req-427361a9-8759-451b-b0b1-08990fd7ea8e ] Request (AttachVolumeShelveTestJSON:setUpClass): 201 POST http://10.180.1.21:9696/networking/v2.0/routers 2.696s
2025-02-04 17:09:36.555 62302 INFO tempest.lib.common.rest_client [req-aac2b866-042d-4ec8-833d-a1c27b1081fb req-aac2b866-042d-4ec8-833d-a1c27b1081fb ] Request (QuotasAdminTestJSON:test_get_default_quotas): 200 GET http://10.180.1.21/compute/v2.1/os-quota-sets/b5c558f284fa4353aba68afba7bcaa86/defaults 1.614s
2025-02-04 17:09:36.563 62320 INFO tempest.lib.common.rest_client [req-b9665bdd-94f0-4d13-b787-10223350b84c req-b9665bdd-94f0-4d13-b787-10223350b84c ] Request (AttachInterfacesTestJSON:setUpClass): 201 POST http://10.180.1.21:9696/networking/v2.0/routers 2.726s
2025-02-04 17:09:36.608 62302 INFO tempest.lib.common.rest_client [req-f2e96361-c264-4062-bd19-c8e14e705775 req-f2e96361-c264-4062-bd19-c8e14e705775 ] Request (QuotasAdminTestJSON:test_get_updated_quotas): 200 GET http://10.180.1.21/identity/v3/domains?name=Default 0.050s
2025-02-04 17:09:36.654 62302 INFO tempest.lib.common.rest_client [req-f4e8175e-6139-4854-9da4-040e13ff99ab req-f4e8175e-6139-4854-9da4-040e13ff99ab ] Request (QuotasAdminTestJSON:test_get_updated_quotas): 201 POST http://10.180.1.21/identity/v3/projects 0.045s
2025-02-04 17:09:36.720 62302 INFO tempest.lib.common.rest_client [req-27f6dc84-dc63-4eeb-8a64-ee01658ddfc3 req-27f6dc84-dc63-4eeb-8a64-ee01658ddfc3 ] Request (QuotasAdminTestJSON:test_get_updated_quotas): 200 GET http://10.180.1.21/identity/v3/domains?name=Default 0.066s
2025-02-04 17:09:36.727 62322 INFO tempest.lib.common.rest_client [req-ccb5084f-88e2-4bec-98a1-36aeb8466925 req-ccb5084f-88e2-4bec-98a1-36aeb8466925 ] Request (DeleteServersAdminTestJSON:test_admin_delete_servers_of_others): 200 GET http://10.180.1.21/compute/v2.1/servers/b870a22c-5824-436a-b809-f7c6e30a4730 1.603s
2025-02-04 17:09:36.739 62322 INFO tempest.common.waiters [-] State transition "BUILD/spawning" ==> "ACTIVE/None" after 24 second wait
2025-02-04 17:09:36.785 62308 INFO tempest.lib.common.rest_client [req-ea425a76-d869-4826-81c7-251f4b7546a0 req-ea425a76-d869-4826-81c7-251f4b7546a0 ] Request (ListImageFiltersTestJSON:setUpClass): 200 GET http://10.180.1.21/compute/v2.1/servers/f0e0e8a0-6712-4cce-9a5c-59172bb1c145 1.592s
2025-02-04 17:09:36.834 62316 INFO tempest.lib.common.rest_client [req-b7d2ea10-49df-405c-a371-aa0bb5751901 req-b7d2ea10-49df-405c-a371-aa0bb5751901 ] Request (FlavorsV2NegativeTest:test_boot_with_low_ram): 400 POST http://10.180.1.21/compute/v2.1/servers 1.913s
2025-02-04 17:09:36.856 62341 INFO tempest.lib.common.rest_client [req-33c6a8b3-c714-4eb7-b3f8-3c13369a06e9 req-33c6a8b3-c714-4eb7-b3f8-3c13369a06e9 ] Request (VolumesAssistedSnapshotsTest:test_volume_assisted_snapshot_create_delete): 200 GET http://10.180.1.21/compute/v2.1/servers/19277cfb-5358-49a0-a8e9-bbd55722df41 1.567s
2025-02-04 17:09:36.913 62316 INFO tempest.lib.common.rest_client [req-9b779c5c-ab2f-49c6-9466-c34662720d14 req-9b779c5c-ab2f-49c6-9466-c34662720d14 ] Request (FlavorsV2NegativeTest:_run_cleanups): 204 DELETE http://10.180.1.21/image/v2/images/96b1fe9c-7cc0-4edb-a209-e9a9a85995a4 0.078s
2025-02-04 17:09:36.927 62298 INFO tempest.lib.common.rest_client [req-05105fa9-3c7f-4fb0-ac67-dfc371424fe9 req-05105fa9-3c7f-4fb0-ac67-dfc371424fe9 ] Request (ServersWithSpecificFlavorTestJSON:test_verify_created_server_ephemeral_disk): 200 GET http://10.180.1.21/compute/v2.1/servers/8f22e462-0047-4ef2-b3cb-6284a5fdf506 1.518s
2025-02-04 17:09:37.016 62332 INFO tempest.lib.common.rest_client [req-3f06f41d-4494-4418-a014-1e742a48da57 req-3f06f41d-4494-4418-a014-1e742a48da57 ] Request (QuotasAdminNegativeTest:tearDownClass): 200 GET http://10.180.1.21:9696/networking/v2.0/security-groups?tenant_id=dbd73874da034919b050a724c23dfdce&name=default 0.517s
2025-02-04 17:09:37.049 62316 INFO tempest.lib.common.rest_client [req-562dabc3-98dc-4add-86d0-f58bdc77df8c req-562dabc3-98dc-4add-86d0-f58bdc77df8c ] Request (FlavorsV2NegativeTest:tearDownClass): 204 DELETE http://10.180.1.21/identity/v3/users/c0342c179373454cb0ed4aa491387250 0.135s
2025-02-04 17:09:37.050 62316 INFO tempest.lib.common.dynamic_creds [-] Deleting project and security group for project: 4f5988785b9b49cd8346861a5c1f23bb
2025-02-04 17:09:37.107 62324 INFO tempest.lib.common.rest_client [req-5fabc943-d4c1-43dc-8121-159a5959b69e req-5fabc943-d4c1-43dc-8121-159a5959b69e ] Request (MigrationsAdminTest:test_list_migrations_in_flavor_resize_situation): 202 POST http://10.180.1.21/compute/v2.1/servers/a4917632-490f-4fea-b55b-ee28bb21a1e4/action 1.580s
2025-02-04 17:09:37.138 62316 INFO tempest.lib.common.rest_client [req-a0e20fea-f919-42b0-852c-6854ed42d01f req-a0e20fea-f919-42b0-852c-6854ed42d01f ] Request (FlavorsV2NegativeTest:tearDownClass): 201 POST http://10.180.1.21/identity/v3/auth/tokens 0.088s
2025-02-04 17:09:37.204 62300 INFO tempest.lib.common.rest_client [req-2fd2e73f-4eb9-40e4-a523-d01cb46d5b20 req-2fd2e73f-4eb9-40e4-a523-d01cb46d5b20 ] Request (ServersAdminTestJSON:setUpClass): 200 GET http://10.180.1.21/compute/v2.1/servers/5cf5e799-4b2d-4877-ac9d-c5086406a3d4 1.538s
2025-02-04 17:09:37.211 62300 INFO tempest.common.waiters [-] State transition "BUILD/None" ==> "BUILD/networking" after 19 second wait
2025-02-04 17:09:37.301 62332 INFO tempest.lib.common.rest_client [req-897c3309-bf44-44ec-ad2d-2c24425fb375 req-897c3309-bf44-44ec-ad2d-2c24425fb375 ] Request (QuotasAdminNegativeTest:tearDownClass): 204 DELETE http://10.180.1.21:9696/networking/v2.0/security-groups/2d48abd0-9ace-46a6-9870-b36ed437f270 0.285s
2025-02-04 17:09:37.318 62342 INFO tempest.lib.common.rest_client [req-7c1248da-67f9-45b4-84a5-889d7d8835ef req-7c1248da-67f9-45b4-84a5-889d7d8835ef ] Request (ServersTestBootFromVolume:setUpClass): 200 GET http://10.180.1.21/volume/v3/volumes/1719787c-8974-4916-ac63-607a0d2ff51a 0.049s
2025-02-04 17:09:37.328 62342 INFO tempest.common.waiters [-] volume 1719787c-8974-4916-ac63-607a0d2ff51a reached available after waiting for 19.328501 seconds
2025-02-04 17:09:37.407 62332 INFO tempest.lib.common.rest_client [req-6790b4de-6afe-449e-ab60-59a4f046df23 req-6790b4de-6afe-449e-ab60-59a4f046df23 ] Request (QuotasAdminNegativeTest:tearDownClass): 204 DELETE http://10.180.1.21/identity/v3/projects/dbd73874da034919b050a724c23dfdce 0.105s
2025-02-04 17:09:37.479 62332 INFO tempest.lib.common.rest_client [req-62810476-07d6-41c2-9fbe-5fae70a0d737 req-62810476-07d6-41c2-9fbe-5fae70a0d737 ] Request (ServerExternalEventsTest:setUpClass): 201 POST http://10.180.1.21/identity/v3/auth/tokens 0.070s
2025-02-04 17:09:37.495 62312 INFO tempest.lib.common.rest_client [req-a6fd9424-c82e-44c4-9577-a83b3dce182e req-a6fd9424-c82e-44c4-9577-a83b3dce182e ] Request (ServerDiagnosticsV248Test:test_get_server_diagnostics): 200 GET http://10.180.1.21/compute/v2.1/servers/db229b78-0fbc-4414-bb1e-eda51da31400/diagnostics 1.903s
2025-02-04 17:09:37.505 62350 INFO tempest.lib.common.rest_client [req-33823cd0-0c21-4f5b-b8ea-29b517a8c64e req-33823cd0-0c21-4f5b-b8ea-29b517a8c64e ] Request (ServersTestFqdnHostnames:test_create_server_with_fqdn_name): 200 GET http://10.180.1.21/compute/v2.1/servers/2a76cfd8-56ec-4d39-ac36-6ec9e86b90dd 1.771s
2025-02-04 17:09:37.511 62332 INFO tempest.lib.common.rest_client [req-01928f59-b7bc-48ea-824c-9bb43bcf3803 req-01928f59-b7bc-48ea-824c-9bb43bcf3803 ] Request (ServerExternalEventsTest:setUpClass): 201 POST http://10.180.1.21/identity/v3/auth/tokens 0.030s
2025-02-04 17:09:37.542 62332 INFO tempest.lib.common.rest_client [req-f407179f-3ba8-4937-81a4-ff3ab14b6b10 req-f407179f-3ba8-4937-81a4-ff3ab14b6b10 ] Request (ServerExternalEventsTest:setUpClass): 200 GET http://10.180.1.21/identity/v3/domains?name=Default 0.029s
2025-02-04 17:09:37.554 62354 INFO tempest.lib.common.rest_client [req-4e764cf0-6da7-4be1-b7d8-d6be61bff4d2 req-4e764cf0-6da7-4be1-b7d8-d6be61bff4d2 ] Request (SecurityGroupRulesNegativeTestJSON:setUpClass): 201 POST http://10.180.1.21:9696/networking/v2.0/routers 1.628s
2025-02-04 17:09:37.569 62332 INFO tempest.lib.common.rest_client [req-b7600161-afb8-4a32-93f7-384f21dc7e2b req-b7600161-afb8-4a32-93f7-384f21dc7e2b ] Request (ServerExternalEventsTest:setUpClass): 201 POST http://10.180.1.21/identity/v3/projects 0.026s
2025-02-04 17:09:37.626 62316 INFO tempest.lib.common.rest_client [req-912195a8-0c9d-4064-8196-098ace100ed4 req-912195a8-0c9d-4064-8196-098ace100ed4 ] Request (FlavorsV2NegativeTest:tearDownClass): 200 GET http://10.180.1.21:9696/networking/v2.0/security-groups?tenant_id=4f5988785b9b49cd8346861a5c1f23bb&name=default 0.488s
2025-02-04 17:09:37.633 62332 INFO tempest.lib.common.rest_client [req-a298f6fd-22ff-489e-bb83-b0f3071af5f1 req-a298f6fd-22ff-489e-bb83-b0f3071af5f1 ] Request (ServerExternalEventsTest:setUpClass): 201 POST http://10.180.1.21/identity/v3/users 0.064s
2025-02-04 17:09:37.667 62332 INFO tempest.lib.common.rest_client [req-d20a543c-a0d0-4b17-86ef-4cd561a63793 req-d20a543c-a0d0-4b17-86ef-4cd561a63793 ] Request (ServerExternalEventsTest:setUpClass): 200 GET http://10.180.1.21/identity/v3/roles 0.033s
2025-02-04 17:09:37.710 62332 INFO tempest.lib.common.rest_client [req-b2ca3394-712f-444f-93fe-1d89a5314b5e req-b2ca3394-712f-444f-93fe-1d89a5314b5e ] Request (ServerExternalEventsTest:setUpClass): 204 PUT http://10.180.1.21/identity/v3/projects/212c678f3b1d4bf892f098a436ddb427/users/09c9b15a45a747c098a5a158694c4973/roles/2e30fb8250144e7f9066e7ead5a79fc3 0.042s
2025-02-04 17:09:37.710 62332 INFO tempest.lib.common.dynamic_creds [-] Dynamic test user 09c9b15a45a747c098a5a158694c4973 is created with scope project and roles: ['member']
2025-02-04 17:09:37.710 62332 INFO tempest.lib.common.dynamic_creds [-] Acquired dynamic creds: credentials: Credentials: {'domain_id': 'default', 'domain_name': 'Default', 'username': 'tempest-ServerExternalEventsTest-673631011-project-member', 'project_domain_id': 'default', 'project_domain_name': 'Default', 'project_id': '212c678f3b1d4bf892f098a436ddb427', 'project_name': 'tempest-ServerExternalEventsTest-673631011', 'tenant_id': '212c678f3b1d4bf892f098a436ddb427', 'tenant_name': 'tempest-ServerExternalEventsTest-673631011', 'user_domain_id': 'default', 'user_domain_name': 'Default', 'user_id': '09c9b15a45a747c098a5a158694c4973', 'system': None}, Network: None, Subnet: None, Router: None
2025-02-04 17:09:37.710 62332 INFO tempest.lib.common.dynamic_creds [-] Created isolated network resources for: credentials: Credentials: {'domain_id': 'default', 'domain_name': 'Default', 'username': 'tempest-ServerExternalEventsTest-673631011-project-member', 'project_domain_id': 'default', 'project_domain_name': 'Default', 'project_id': '212c678f3b1d4bf892f098a436ddb427', 'project_name': 'tempest-ServerExternalEventsTest-673631011', 'tenant_id': '212c678f3b1d4bf892f098a436ddb427', 'tenant_name': 'tempest-ServerExternalEventsTest-673631011', 'user_domain_id': 'default', 'user_domain_name': 'Default', 'user_id': '09c9b15a45a747c098a5a158694c4973', 'system': None}, Network: None, Subnet: None, Router: None
2025-02-04 17:09:37.741 62314 INFO tempest.lib.common.rest_client [req-6dac803e-a65b-4b18-bf4a-c2d0f12bbd27 req-6dac803e-a65b-4b18-bf4a-c2d0f12bbd27 ] Request (ListServerFiltersTestJSON:setUpClass): 200 GET http://10.180.1.21/compute/v2.1/servers/b6b1ab69-9000-4e72-813a-e5a4bc17ebca 1.754s
2025-02-04 17:09:37.752 62314 INFO tempest.common.waiters [-] State transition "BUILD/spawning" ==> "ACTIVE/None" after 23 second wait
2025-02-04 17:09:37.769 62334 INFO tempest.lib.common.rest_client [req-b2d5d7bf-72df-4211-bee3-3cedd4f71048 req-b2d5d7bf-72df-4211-bee3-3cedd4f71048 ] Request (FlavorsV255TestJSON:test_crud_flavor): 200 GET http://10.180.1.21/compute/v2.1/flavors 1.702s
2025-02-04 17:09:37.791 62346 INFO tempest.lib.common.rest_client [req-01aeef67-4f12-4fa8-81f6-db8d82c1825e req-01aeef67-4f12-4fa8-81f6-db8d82c1825e ] Request (KeyPairsV210TestJSON:_run_cleanups): 204 DELETE http://10.180.1.21/compute/v2.1/os-keypairs/tempest-keypair-500701265?user_id=3479291cb02a4730818bbf8734283a04 1.712s
2025-02-04 17:09:37.814 62332 INFO tempest.lib.common.rest_client [req-5bc181b6-9662-4d5a-942c-9f08ae0424dd req-5bc181b6-9662-4d5a-942c-9f08ae0424dd ] Request (ServerExternalEventsTest:setUpClass): 201 POST http://10.180.1.21/identity/v3/auth/tokens 0.100s
2025-02-04 17:09:37.871 62328 INFO tempest.lib.common.rest_client [req-9038c0f2-bbe5-471f-b5d6-b02bc92c48ed req-9038c0f2-bbe5-471f-b5d6-b02bc92c48ed ] Request (ImagesTestJSON:test_create_image_from_stopped_server): 200 GET http://10.180.1.21/compute/v2.1/servers/8e1a5f74-c744-42d6-8b42-4b6fcd9e5300 1.736s
2025-02-04 17:09:37.918 62332 INFO tempest.lib.common.rest_client [req-27e8afe5-3a30-4ab2-95bc-9db9ab86c09d req-27e8afe5-3a30-4ab2-95bc-9db9ab86c09d ] Request (ServerExternalEventsTest:setUpClass): 201 POST http://10.180.1.21/identity/v3/projects 0.104s
2025-02-04 17:09:37.923 62346 INFO tempest.lib.common.rest_client [req-7d041bca-66c6-4b40-811c-332c15f9d834 req-7d041bca-66c6-4b40-811c-332c15f9d834 ] Request (KeyPairsV210TestJSON:tearDownClass): 204 DELETE http://10.180.1.21/identity/v3/users/3479291cb02a4730818bbf8734283a04 0.127s
2025-02-04 17:09:38.049 62332 INFO tempest.lib.common.rest_client [req-7c24a32c-a77c-4b8c-a019-02bdf96c7d3a req-7c24a32c-a77c-4b8c-a019-02bdf96c7d3a ] Request (ServerExternalEventsTest:setUpClass): 201 POST http://10.180.1.21/identity/v3/users 0.130s
2025-02-04 17:09:38.081 62316 INFO tempest.lib.common.rest_client [req-34866d74-e372-48f5-b8ca-10f872cd77c0 req-34866d74-e372-48f5-b8ca-10f872cd77c0 ] Request (FlavorsV2NegativeTest:tearDownClass): 204 DELETE http://10.180.1.21:9696/networking/v2.0/security-groups/4199a359-7a3f-4de8-9c90-55a803c335b3 0.455s
2025-02-04 17:09:38.099 62330 INFO tempest.lib.common.rest_client [req-e512b7bd-433a-4bfb-a9bf-e0b2ca793852 req-e512b7bd-433a-4bfb-a9bf-e0b2ca793852 ] Request (ServicesAdminNegativeV253TestJSON:test_list_services_with_non_admin_user): 403 GET http://10.180.1.21/compute/v2.1/os-services 1.919s
2025-02-04 17:09:38.119 62346 INFO tempest.lib.common.rest_client [req-88cb74cd-b478-4484-9202-81e65aa42174 req-88cb74cd-b478-4484-9202-81e65aa42174 ] Request (KeyPairsV210TestJSON:tearDownClass): 204 DELETE http://10.180.1.21/identity/v3/users/75b8023fef28460bbd43a4bca79d0e40 0.195s
2025-02-04 17:09:38.120 62346 INFO tempest.lib.common.dynamic_creds [-] Deleting project and security group for project: e6e6ba3120e74402a51551eda6afafca
2025-02-04 17:09:38.174 62332 INFO tempest.lib.common.rest_client [req-d2202ae9-0139-42fa-b2a6-81865d06d136 req-d2202ae9-0139-42fa-b2a6-81865d06d136 ] Request (ServerExternalEventsTest:setUpClass): 200 GET http://10.180.1.21/identity/v3/roles 0.125s
2025-02-04 17:09:38.309 62316 INFO tempest.lib.common.rest_client [req-49218a5b-02b6-4b48-a81b-2b6390c2fe1a req-49218a5b-02b6-4b48-a81b-2b6390c2fe1a ] Request (FlavorsV2NegativeTest:tearDownClass): 204 DELETE http://10.180.1.21/identity/v3/projects/4f5988785b9b49cd8346861a5c1f23bb 0.227s
2025-02-04 17:09:38.374 62346 INFO tempest.lib.common.rest_client [req-60eeaa9d-d2d5-4dd7-83ee-bdeeb077205a req-60eeaa9d-d2d5-4dd7-83ee-bdeeb077205a ] Request (KeyPairsV210TestJSON:tearDownClass): 201 POST http://10.180.1.21/identity/v3/auth/tokens 0.253s
2025-02-04 17:09:38.412 62330 INFO tempest.lib.common.rest_client [req-35edf820-6ca1-45e0-b515-e7ee64ca6e06 req-35edf820-6ca1-45e0-b515-e7ee64ca6e06 ] Request (ServicesAdminNegativeV253TestJSON:tearDownClass): 204 DELETE http://10.180.1.21/identity/v3/users/50f6d71d63e741e0a0a6a95cdd1b6764 0.311s
2025-02-04 17:09:38.442 62332 INFO tempest.lib.common.rest_client [req-a4bec044-c6e4-43ec-bbcf-1e0f7959fa59 req-a4bec044-c6e4-43ec-bbcf-1e0f7959fa59 ] Request (ServerExternalEventsTest:setUpClass): 204 PUT http://10.180.1.21/identity/v3/projects/2a0e155200834a8b96c3fcea83e91f64/users/877f1c93c42b445ba5175d3d96aca7c4/roles/69cba61e08f14679a114159f536d3fd0 0.266s
2025-02-04 17:09:38.481 62348 INFO tempest.lib.common.rest_client [req-723e4eb3-1cc5-46a0-a83c-6cb99895a394 req-723e4eb3-1cc5-46a0-a83c-6cb99895a394 ] Request (ServersV294TestFqdnHostnames:setUpClass): 200 GET http://10.180.1.21/compute/v2.1/servers/944ae0ad-a813-453f-a3b6-bc5dc5877eca 2.255s
2025-02-04 17:09:38.514 62336 INFO tempest.lib.common.rest_client [req-e9d0235c-1d31-4164-815d-5b3e8e06ab21 req-e9d0235c-1d31-4164-815d-5b3e8e06ab21 ] Request (FlavorsAdminTestJSON:_run_cleanups): 202 DELETE http://10.180.1.21/compute/v2.1/flavors/996010512 2.221s
2025-02-04 17:09:38.535 62316 INFO tempest.lib.common.rest_client [req-707f67db-92de-4157-912e-914a90c9fc86 req-707f67db-92de-4157-912e-914a90c9fc86 ] Request (ServersTestJSON:setUpClass): 201 POST http://10.180.1.21/identity/v3/auth/tokens 0.223s
2025-02-04 17:09:38.545 62318 INFO tempest.lib.common.rest_client [req-5cb6ff80-dafd-4555-a9db-b1942e335770 req-5cb6ff80-dafd-4555-a9db-b1942e335770 ] Request (AggregatesAdminNegativeTestJSON:_run_cleanups): 200 DELETE http://10.180.1.21/compute/v2.1/os-aggregates/5 2.251s
2025-02-04 17:09:38.580 62344 INFO tempest.lib.common.rest_client [req-630d2109-6585-47d2-86e3-4dc5a45439de req-630d2109-6585-47d2-86e3-4dc5a45439de ] Request (AttachVolumeTestJSON:test_attach_detach_volume): 202 POST http://10.180.1.21/compute/v2.1/servers 2.627s
2025-02-04 17:09:38.612 62332 INFO tempest.lib.common.rest_client [req-f9201e72-3ed5-44aa-b303-f87207e2b0fc req-f9201e72-3ed5-44aa-b303-f87207e2b0fc ] Request (ServerExternalEventsTest:setUpClass): 200 GET http://10.180.1.21/identity/v3/roles 0.169s
2025-02-04 17:09:38.660 62330 INFO tempest.lib.common.rest_client [req-3a787276-55ab-41cf-b396-4b39205e96c2 req-3a787276-55ab-41cf-b396-4b39205e96c2 ] Request (ServicesAdminNegativeV253TestJSON:tearDownClass): 204 DELETE http://10.180.1.21/identity/v3/users/f1d98b1860e04d22a879ff1b57e9e34a 0.248s
2025-02-04 17:09:38.661 62330 INFO tempest.lib.common.dynamic_creds [-] Deleting project and security group for project: 227be3fe7a5c4e45b0868fd450cd99b1
2025-02-04 17:09:38.680 62316 INFO tempest.lib.common.rest_client [req-981e456a-35cf-49a0-aa42-d29472050001 req-981e456a-35cf-49a0-aa42-d29472050001 ] Request (ServersTestJSON:setUpClass): 201 POST http://10.180.1.21/identity/v3/auth/tokens 0.140s
