2025-02-04 17:09:19.377 62326 INFO tempest.lib.common.dynamic_creds [-] Acquired dynamic creds: credentials: Credentials: {'domain_id': 'default', 'domain_name': 'Default', 'username': 'tempest-ServerDiagnosticsNegativeTest-1584191309-project-member', 'project_domain_id': 'default', 'project_domain_name': 'Default', 'project_id': '55694fa92fb24340b2faa0f2c6ac2d06', 'project_name': 'tempest-ServerDiagnosticsNegativeTest-1584191309', 'tenant_id': '55694fa92fb24340b2faa0f2c6ac2d06', 'tenant_name': 'tempest-ServerDiagnosticsNegativeTest-1584191309', 'user_domain_id': 'default', 'user_domain_name': 'Default', 'user_id': '61c1d56776344987b5e352ddc57efe4a', 'system': None}, Network: None, Subnet: None, Router: None
2025-02-04 17:09:19.377 62326 INFO tempest.lib.common.dynamic_creds [-] Created isolated network resources for: credentials: Credentials: {'domain_id': 'default', 'domain_name': 'Default', 'username': 'tempest-ServerDiagnosticsNegativeTest-1584191309-project-member', 'project_domain_id': 'default', 'project_domain_name': 'Default', 'project_id': '55694fa92fb24340b2faa0f2c6ac2d06', 'project_name': 'tempest-ServerDiagnosticsNegativeTest-1584191309', 'tenant_id': '55694fa92fb24340b2faa0f2c6ac2d06', 'tenant_name': 'tempest-ServerDiagnosticsNegativeTest-1584191309', 'user_domain_id': 'default', 'user_domain_name': 'Default', 'user_id': '61c1d56776344987b5e352ddc57efe4a', 'system': None}, Network: None, Subnet: None, Router: None
2025-02-04 17:09:19.424 62342 INFO tempest.lib.common.rest_client [req-74b84ae6-d395-43b4-9f12-e6df8012e9fb req-74b84ae6-d395-43b4-9f12-e6df8012e9fb ] Request (ServersTestBootFromVolume:setUpClass): 200 GET http://10.180.1.21/volume/v3/volumes/1719787c-8974-4916-ac63-607a0d2ff51a 0.047s
2025-02-04 17:09:19.490 62328 INFO tempest.lib.common.rest_client [req-e7d65811-433b-41d7-87a5-a8c57fde245f req-e7d65811-433b-41d7-87a5-a8c57fde245f ] Request (SecurityGroupsTestAdminJSON:test_list_security_groups_list_all_tenants_filter): 200 GET http://10.180.1.21/compute/v2.1/os-security-groups?all_tenants=true 1.784s
2025-02-04 17:09:19.507 62330 INFO tempest.lib.common.rest_client [req-9e84f878-3c5d-470b-b962-8e5dc1a6c88c req-9e84f878-3c5d-470b-b962-8e5dc1a6c88c ] Request (ServicesAdminNegativeTestJSON:test_list_services_with_non_admin_user): 403 GET http://10.180.1.21/compute/v2.1/os-services 0.986s
2025-02-04 17:09:19.545 62344 INFO tempest.lib.common.rest_client [req-0a42a236-f055-4837-8087-0db5e7e2548e req-0a42a236-f055-4837-8087-0db5e7e2548e ] Request (ImagesMetadataNegativeTestJSON:test_list_nonexistent_image_metadata): 404 GET http://10.180.1.21/compute/v2.1/images/1b1a9b7b-3447-4468-9695-9a2d4a958328/metadata 0.863s
2025-02-04 17:09:19.550 62304 INFO tempest.lib.common.rest_client [req-639408f6-3080-4ddc-84cd-74b57b63790a req-639408f6-3080-4ddc-84cd-74b57b63790a ] Request (HypervisorAdminNegativeUnderV252Test:tearDownClass): 204 DELETE http://10.180.1.21/identity/v3/users/407d351cc8e0496bb1ac02e6a23371da 0.186s
2025-02-04 17:09:19.606 62326 INFO tempest.lib.common.rest_client [req-0a77a54a-632f-4e1d-90f3-0b389ce113f5 req-0a77a54a-632f-4e1d-90f3-0b389ce113f5 ] Request (ServerDiagnosticsNegativeTest:setUpClass): 201 POST http://10.180.1.21/identity/v3/auth/tokens 0.224s
2025-02-04 17:09:19.676 62314 INFO tempest.lib.common.rest_client [req-6c244b2b-19c0-4553-a928-6d960451d688 req-6c244b2b-19c0-4553-a928-6d960451d688 ] Request (ListServerFiltersTestJSON:setUpClass): 200 GET http://10.180.1.21/compute/v2.1/servers/b6b1ab69-9000-4e72-813a-e5a4bc17ebca 0.836s
2025-02-04 17:09:19.783 62330 INFO tempest.lib.common.rest_client [req-a32e50b7-60f3-4d4c-aea8-647bc3814ae9 req-a32e50b7-60f3-4d4c-aea8-647bc3814ae9 ] Request (ServicesAdminNegativeTestJSON:tearDownClass): 204 DELETE http://10.180.1.21/identity/v3/users/3f2fb0800ce34e3b8072977d212bb798 0.272s
2025-02-04 17:09:19.786 62341 INFO tempest.lib.common.rest_client [req-33d7f31b-76ca-416f-963a-34f2cdde4bae req-33d7f31b-76ca-416f-963a-34f2cdde4bae ] Request (VolumesAssistedSnapshotsTest:test_volume_assisted_snapshot_create_delete): 200 POST http://10.180.1.21/compute/v2.1/os-keypairs 0.994s
2025-02-04 17:09:19.856 62326 INFO tempest.lib.common.rest_client [req-4e927cba-e148-407c-8814-02ff378309a7 req-4e927cba-e148-407c-8814-02ff378309a7 ] Request (ServerDiagnosticsNegativeTest:setUpClass): 201 POST http://10.180.1.21/identity/v3/projects 0.249s
2025-02-04 17:09:19.893 62304 INFO tempest.lib.common.rest_client [req-fe80bfdd-26bc-4672-8d6e-8c30d8b26798 req-fe80bfdd-26bc-4672-8d6e-8c30d8b26798 ] Request (HypervisorAdminNegativeUnderV252Test:tearDownClass): 204 DELETE http://10.180.1.21/identity/v3/users/8eaec9f8a3e44494ae406a43bf665f92 0.342s
2025-02-04 17:09:19.893 62304 INFO tempest.lib.common.dynamic_creds [-] Deleting project and security group for project: a98383e8a68045b1a233fbd9c69e1a00
2025-02-04 17:09:20.007 62326 INFO tempest.lib.common.rest_client [req-3ae32131-17fb-41f4-b920-26d1c9a3e01e req-3ae32131-17fb-41f4-b920-26d1c9a3e01e ] Request (ServerDiagnosticsNegativeTest:setUpClass): 201 POST http://10.180.1.21/identity/v3/users 0.151s
2025-02-04 17:09:20.036 62330 INFO tempest.lib.common.rest_client [req-cd014d05-2a02-4039-99e2-93dfc1531b55 req-cd014d05-2a02-4039-99e2-93dfc1531b55 ] Request (ServicesAdminNegativeTestJSON:tearDownClass): 204 DELETE http://10.180.1.21/identity/v3/users/a63ee159e8dc4e828fa2158f070c8ca3 0.253s
2025-02-04 17:09:20.036 62330 INFO tempest.lib.common.dynamic_creds [-] Deleting project and security group for project: e43c0cd0a75b4933b3784c4ba8c4702c
2025-02-04 17:09:20.074 62304 INFO tempest.lib.common.rest_client [req-75d358bf-bec4-4d1d-9396-ca56516626c4 req-75d358bf-bec4-4d1d-9396-ca56516626c4 ] Request (HypervisorAdminNegativeUnderV252Test:tearDownClass): 201 POST http://10.180.1.21/identity/v3/auth/tokens 0.181s
2025-02-04 17:09:20.095 62341 INFO tempest.lib.common.rest_client [req-702c1ffd-61ad-4098-ad9d-9ca9f636c5f2 req-702c1ffd-61ad-4098-ad9d-9ca9f636c5f2 ] Request (VolumesAssistedSnapshotsTest:test_volume_assisted_snapshot_create_delete): 201 POST http://10.180.1.21:9696/networking/v2.0/security-groups 0.307s
2025-02-04 17:09:20.193 62326 INFO tempest.lib.common.rest_client [req-2028e848-9dd6-4b6a-a578-2d90aae3c0ca req-2028e848-9dd6-4b6a-a578-2d90aae3c0ca ] Request (ServerDiagnosticsNegativeTest:setUpClass): 200 GET http://10.180.1.21/identity/v3/roles 0.185s
2025-02-04 17:09:20.240 62330 INFO tempest.lib.common.rest_client [req-4eb9b2f7-06b5-4137-a1c7-1a91eb4a0a59 req-4eb9b2f7-06b5-4137-a1c7-1a91eb4a0a59 ] Request (ServicesAdminNegativeTestJSON:tearDownClass): 201 POST http://10.180.1.21/identity/v3/auth/tokens 0.203s
2025-02-04 17:09:20.319 62332 INFO tempest.lib.common.rest_client [req-c90c3d16-168f-450e-8c62-05969cfa7be2 req-c90c3d16-168f-450e-8c62-05969cfa7be2 ] Request (QuotasAdminNegativeTest:test_create_server_when_cpu_quota_is_full): 403 POST http://10.180.1.21/compute/v2.1/servers 1.394s
2025-02-04 17:09:20.336 62326 INFO tempest.lib.common.rest_client [req-d0a1240d-2361-467b-b3b7-c10250486b27 req-d0a1240d-2361-467b-b3b7-c10250486b27 ] Request (ServerDiagnosticsNegativeTest:setUpClass): 204 PUT http://10.180.1.21/identity/v3/projects/a56f4e57867944c298160c1ebc7a1ae9/users/555c07df0686421bb03f345b668cbc2e/roles/69cba61e08f14679a114159f536d3fd0 0.142s
2025-02-04 17:09:20.342 62354 INFO tempest.lib.common.rest_client [req-2b2f1cf9-32c4-42d1-9b99-1a5641bee950 req-2b2f1cf9-32c4-42d1-9b99-1a5641bee950 ] Request (QuotasAdminTestV236:test_get_updated_quotas): 200 PUT http://10.180.1.21/compute/v2.1/os-quota-sets/2b077523dee74841a6fd738d61a06a00?user_id=430bd8cb44b147c68d0f3d7044c5ab56 1.411s
2025-02-04 17:09:20.368 62346 INFO tempest.lib.common.rest_client [req-136031db-f7eb-455f-8854-7b52e55227c8 req-136031db-f7eb-455f-8854-7b52e55227c8 ] Request (HostsAdminTestJSON:test_list_hosts_with_zone): 200 GET http://10.180.1.21/compute/v2.1/os-hosts?zone=internal 1.351s
2025-02-04 17:09:20.410 62350 INFO tempest.lib.common.rest_client [req-55926b22-c1eb-4997-b204-0030a5a73826 req-55926b22-c1eb-4997-b204-0030a5a73826 ] Request (ServersTestFqdnHostnames:test_create_server_with_fqdn_name): 200 GET http://10.180.1.21/compute/v2.1/servers/2a76cfd8-56ec-4d39-ac36-6ec9e86b90dd 1.425s
2025-02-04 17:09:20.421 62356 INFO tempest.lib.common.rest_client [req-8cf96a31-bbb5-4dab-a9cb-d806422bb60a req-8cf96a31-bbb5-4dab-a9cb-d806422bb60a ] Request (ImagesOneServerTestJSON:setUpClass): 200 PUT http://10.180.1.21:9696/networking/v2.0/routers/b354df80-d2a6-46e3-a260-e10dbd4765cf/add_router_interface 2.541s
2025-02-04 17:09:20.422 62356 INFO tempest.lib.common.dynamic_creds [-] Created isolated network resources for: credentials: Credentials: {'domain_id': 'default', 'domain_name': 'Default', 'username': 'tempest-ImagesOneServerTestJSON-262795546-project-member', 'project_domain_id': 'default', 'project_domain_name': 'Default', 'project_id': '1772e70d3fc844bb864dc68a72e5032a', 'project_name': 'tempest-ImagesOneServerTestJSON-262795546', 'tenant_id': '1772e70d3fc844bb864dc68a72e5032a', 'tenant_name': 'tempest-ImagesOneServerTestJSON-262795546', 'user_domain_id': 'default', 'user_domain_name': 'Default', 'user_id': '56b849f09c664d8bbcd1db65efd2a0c0', 'system': None}, Network: {'id': '333b9fab-b652-4123-96c2-d5656ab26398', 'name': 'tempest-ImagesOneServerTestJSON-2065303071-network', 'tenant_id': '1772e70d3fc844bb864dc68a72e5032a', 'admin_state_up': True, 'mtu': 8950, 'status': 'ACTIVE', 'subnets': [], 'shared': False, 'project_id': '1772e70d3fc844bb864dc68a72e5032a', 'port_security_enabled': True, 'router:external': False, 'provider:network_type': 'vlan', 'provider:physical_network': 'default', 'provider:segmentation_id': 781, 'availability_zone_hints': [], 'availability_zones': [], 'ipv4_address_scope': None, 'ipv6_address_scope': None, 'description': '', 'tags': [], 'created_at': '2025-02-04T17:09:14Z', 'updated_at': '2025-02-04T17:09:14Z', 'revision_number': 1}, Subnet: {'id': '3b059f6a-8a9d-420f-b96b-5ea49f578624', 'name': 'tempest-ImagesOneServerTestJSON-2065303071-subnet', 'tenant_id': '1772e70d3fc844bb864dc68a72e5032a', 'network_id': '333b9fab-b652-4123-96c2-d5656ab26398', 'ip_version': 4, 'subnetpool_id': None, 'enable_dhcp': True, 'ipv6_ra_mode': None, 'ipv6_address_mode': None, 'gateway_ip': '192.168.128.1', 'cidr': '192.168.128.0/28', 'allocation_pools': [{'start': '192.168.128.2', 'end': '192.168.128.14'}], 'host_routes': [], 'dns_nameservers': [], 'description': '', 'router:external': False, 'service_types': [], 'tags': [], 'created_at': '2025-02-04T17:09:14Z', 'updated_at': '2025-02-04T17:09:14Z', 'revision_number': 0, 'project_id': '1772e70d3fc844bb864dc68a72e5032a'}, Router: {'id': 'b354df80-d2a6-46e3-a260-e10dbd4765cf', 'name': 'tempest-ImagesOneServerTestJSON-2065303071-router', 'tenant_id': '1772e70d3fc844bb864dc68a72e5032a', 'admin_state_up': True, 'status': 'ACTIVE', 'external_gateway_info': {'network_id': 'ef7c7ab0-fb35-472b-a0b4-8177d85af3b5', 'external_fixed_ips': [{'subnet_id': 'f839dbb6-e5b5-49ea-b267-fe6e168024b8', 'ip_address': '10.180.180.228'}], 'enable_snat': True}, 'description': '', 'availability_zones': [], 'distributed': False, 'ha': False, 'availability_zone_hints': [], 'routes': [], 'flavor_id': None, 'tags': [], 'created_at': '2025-02-04T17:09:15Z', 'updated_at': '2025-02-04T17:09:16Z', 'revision_number': 2, 'project_id': '1772e70d3fc844bb864dc68a72e5032a'}
2025-02-04 17:09:20.444 62326 INFO tempest.lib.common.rest_client [req-df0fd4fb-b30b-4dfc-a819-497f2b940c9e req-df0fd4fb-b30b-4dfc-a819-497f2b940c9e ] Request (ServerDiagnosticsNegativeTest:setUpClass): 200 GET http://10.180.1.21/identity/v3/roles 0.108s
2025-02-04 17:09:20.470 62342 INFO tempest.lib.common.rest_client [req-c8919bd2-31b7-4b8a-bd72-ca7d64f7631c req-c8919bd2-31b7-4b8a-bd72-ca7d64f7631c ] Request (ServersTestBootFromVolume:setUpClass): 200 GET http://10.180.1.21/volume/v3/volumes/1719787c-8974-4916-ac63-607a0d2ff51a 0.036s
2025-02-04 17:09:20.480 62341 INFO tempest.lib.common.rest_client [req-cb7db924-83bf-4a67-be7b-c23f40c8951a req-cb7db924-83bf-4a67-be7b-c23f40c8951a ] Request (VolumesAssistedSnapshotsTest:test_volume_assisted_snapshot_create_delete): 201 POST http://10.180.1.21:9696/networking/v2.0/security-group-rules 0.385s
2025-02-04 17:09:20.505 62300 INFO tempest.lib.common.rest_client [req-06bf75eb-5ae9-4435-9aa0-9d2d686ba519 req-06bf75eb-5ae9-4435-9aa0-9d2d686ba519 ] Request (ServersAdminTestJSON:setUpClass): 200 GET http://10.180.1.21/compute/v2.1/servers/5cf5e799-4b2d-4877-ac9d-c5086406a3d4 1.459s
2025-02-04 17:09:20.538 62298 INFO tempest.lib.common.rest_client [req-f1b56333-c304-4a97-ac9a-bcfea8dccd62 req-f1b56333-c304-4a97-ac9a-bcfea8dccd62 ] Request (ServersWithSpecificFlavorTestJSON:test_verify_created_server_ephemeral_disk): 200 POST http://10.180.1.21/compute/v2.1/flavors/848978295/os-extra_specs 1.466s
2025-02-04 17:09:20.539 62326 INFO tempest.lib.common.rest_client [req-0b9df3ef-1943-4c73-9645-d1cef80bacee req-0b9df3ef-1943-4c73-9645-d1cef80bacee ] Request (ServerDiagnosticsNegativeTest:setUpClass): 204 PUT http://10.180.1.21/identity/v3/projects/a56f4e57867944c298160c1ebc7a1ae9/users/555c07df0686421bb03f345b668cbc2e/roles/69cba61e08f14679a114159f536d3fd0 0.094s
2025-02-04 17:09:20.539 62326 INFO tempest.lib.common.dynamic_creds [-] Dynamic test user 555c07df0686421bb03f345b668cbc2e is created with scope project and roles: ['admin']
2025-02-04 17:09:20.539 62326 INFO tempest.lib.common.dynamic_creds [-] Acquired dynamic creds: credentials: Credentials: {'domain_id': 'default', 'domain_name': 'Default', 'username': 'tempest-ServerDiagnosticsNegativeTest-1309157941-project-admin', 'project_domain_id': 'default', 'project_domain_name': 'Default', 'project_id': 'a56f4e57867944c298160c1ebc7a1ae9', 'project_name': 'tempest-ServerDiagnosticsNegativeTest-1309157941', 'tenant_id': 'a56f4e57867944c298160c1ebc7a1ae9', 'tenant_name': 'tempest-ServerDiagnosticsNegativeTest-1309157941', 'user_domain_id': 'default', 'user_domain_name': 'Default', 'user_id': '555c07df0686421bb03f345b668cbc2e', 'system': None}, Network: None, Subnet: None, Router: None
2025-02-04 17:09:20.539 62318 INFO tempest.lib.common.rest_client [req-f98b0f94-e6e3-404a-a8c2-9f47d5f96a41 req-f98b0f94-e6e3-404a-a8c2-9f47d5f96a41 ] Request (AggregatesAdminNegativeTestJSON:test_aggregate_add_host_as_user): 403 POST http://10.180.1.21/compute/v2.1/os-aggregates/2/action 1.511s
2025-02-04 17:09:20.540 62326 INFO tempest.lib.common.dynamic_creds [-] Created isolated network resources for: credentials: Credentials: {'domain_id': 'default', 'domain_name': 'Default', 'username': 'tempest-ServerDiagnosticsNegativeTest-1309157941-project-admin', 'project_domain_id': 'default', 'project_domain_name': 'Default', 'project_id': 'a56f4e57867944c298160c1ebc7a1ae9', 'project_name': 'tempest-ServerDiagnosticsNegativeTest-1309157941', 'tenant_id': 'a56f4e57867944c298160c1ebc7a1ae9', 'tenant_name': 'tempest-ServerDiagnosticsNegativeTest-1309157941', 'user_domain_id': 'default', 'user_domain_name': 'Default', 'user_id': '555c07df0686421bb03f345b668cbc2e', 'system': None}, Network: None, Subnet: None, Router: None
2025-02-04 17:09:20.542 62356 INFO tempest.lib.common.rest_client [req-b1c826f5-f272-442a-92e6-2d68276b6a6c req-b1c826f5-f272-442a-92e6-2d68276b6a6c ] Request (ImagesOneServerTestJSON:setUpClass): 201 POST http://10.180.1.21/identity/v3/auth/tokens 0.115s
2025-02-04 17:09:20.558 62338 INFO tempest.lib.common.rest_client [req-baa8677b-21b8-4bcc-9f90-8ac9b4dbf177 req-baa8677b-21b8-4bcc-9f90-8ac9b4dbf177 ] Request (FlavorsAccessTestJSON:test_flavor_access_list_with_private_flavor): 200 POST http://10.180.1.21/compute/v2.1/flavors 1.484s
2025-02-04 17:09:20.620 62348 INFO tempest.lib.common.rest_client [req-f6f39c29-6aae-4a23-ab2d-3f86200da27d req-f6f39c29-6aae-4a23-ab2d-3f86200da27d ] Request (ServersV294TestFqdnHostnames:setUpClass): 200 GET http://10.180.1.21/compute/v2.1/servers/944ae0ad-a813-453f-a3b6-bc5dc5877eca 1.357s
2025-02-04 17:09:20.638 62326 INFO tempest.lib.common.rest_client [req-2dcfdb80-e31a-4ac3-8f5f-6e9b843f2f27 req-2dcfdb80-e31a-4ac3-8f5f-6e9b843f2f27 ] Request (ServerDiagnosticsNegativeTest:setUpClass): 201 POST http://10.180.1.21/identity/v3/auth/tokens 0.095s
2025-02-04 17:09:20.662 62330 INFO tempest.lib.common.rest_client [req-c4440b58-852f-4710-9893-ba57d12af9d0 req-c4440b58-852f-4710-9893-ba57d12af9d0 ] Request (ServicesAdminNegativeTestJSON:tearDownClass): 200 GET http://10.180.1.21:9696/networking/v2.0/security-groups?tenant_id=e43c0cd0a75b4933b3784c4ba8c4702c&name=default 0.421s
2025-02-04 17:09:20.671 62356 INFO tempest.lib.common.rest_client [req-ff4c8918-d083-43bd-9e93-0f979f039846 req-ff4c8918-d083-43bd-9e93-0f979f039846 ] Request (ImagesOneServerTestJSON:setUpClass): 201 POST http://10.180.1.21/identity/v3/auth/tokens 0.121s
2025-02-04 17:09:20.672 62356 INFO tempest.lib.common.fixed_network [-] (ImagesOneServerTestJSON:setUpClass) Found network {'id': '333b9fab-b652-4123-96c2-d5656ab26398', 'name': 'tempest-ImagesOneServerTestJSON-2065303071-network', 'tenant_id': '1772e70d3fc844bb864dc68a72e5032a', 'admin_state_up': True, 'mtu': 8950, 'status': 'ACTIVE', 'subnets': [], 'shared': False, 'project_id': '1772e70d3fc844bb864dc68a72e5032a', 'port_security_enabled': True, 'router:external': False, 'provider:network_type': 'vlan', 'provider:physical_network': 'default', 'provider:segmentation_id': 781, 'availability_zone_hints': [], 'availability_zones': [], 'ipv4_address_scope': None, 'ipv6_address_scope': None, 'description': '', 'tags': [], 'created_at': '2025-02-04T17:09:14Z', 'updated_at': '2025-02-04T17:09:14Z', 'revision_number': 1} available for tenant
2025-02-04 17:09:20.677 62360 INFO tempest.lib.common.rest_client [req-61234997-f16f-4e21-80ff-d90158192701 req-61234997-f16f-4e21-80ff-d90158192701 ] Request (FloatingIPsTestJSON:_run_cleanups): 404 DELETE http://10.180.1.21/compute/v2.1/os-floating-ips/62b85a6d-ee61-4291-84fa-39d6069498e9 1.413s
2025-02-04 17:09:20.706 62336 INFO tempest.lib.common.rest_client [req-cd5ec085-0108-48d3-acb8-3472ef9888d9 req-cd5ec085-0108-48d3-acb8-3472ef9888d9 ] Request (FlavorsAdminTestJSON:test_create_flavor_with_int_id): 200 POST http://10.180.1.21/compute/v2.1/flavors 1.382s
2025-02-04 17:09:20.724 62326 INFO tempest.lib.common.rest_client [req-303fb4a4-f2fa-4d24-a5ce-c5505f73fe3d req-303fb4a4-f2fa-4d24-a5ce-c5505f73fe3d ] Request (ServerDiagnosticsNegativeTest:test_get_server_diagnostics_by_non_admin): 201 POST http://10.180.1.21/identity/v3/auth/tokens 0.082s
2025-02-04 17:09:20.725 62326 INFO tempest.lib.common.fixed_network [-] (ServerDiagnosticsNegativeTest:test_get_server_diagnostics_by_non_admin) Found network None available for tenant
2025-02-04 17:09:20.731 62320 INFO tempest.lib.common.rest_client [req-0f01aab9-657d-473f-af50-9ffd7395dd17 req-0f01aab9-657d-473f-af50-9ffd7395dd17 ] Request (FlavorsExtraSpecsTestJSON:test_flavor_set_get_update_show_unset_keys): 200 PUT http://10.180.1.21/compute/v2.1/flavors/635808282/os-extra_specs/hw:numa_nodes 1.396s
2025-02-04 17:09:20.732 62324 INFO tempest.lib.common.rest_client [req-87c5193d-3f8e-4d19-a2e5-050f403c8a03 req-87c5193d-3f8e-4d19-a2e5-050f403c8a03 ] Request (MigrationsAdminTest:test_list_migrations_in_flavor_resize_situation): 200 GET http://10.180.1.21/compute/v2.1/servers/a4917632-490f-4fea-b55b-ee28bb21a1e4 1.613s
2025-02-04 17:09:20.740 62334 INFO tempest.lib.common.rest_client [req-f6cdad00-e612-41ce-9813-82ec8f76c943 req-f6cdad00-e612-41ce-9813-82ec8f76c943 ] Request (FlavorsExtraSpecsNegativeTestJSON:test_flavor_unset_nonexistent_key): 404 DELETE http://10.180.1.21/compute/v2.1/flavors/461552301/os-extra_specs/hw:cpu_thread_policy 1.395s
2025-02-04 17:09:20.787 62304 INFO tempest.lib.common.rest_client [req-c95b8885-7f12-4bb9-8bc8-c22f368b7d20 req-c95b8885-7f12-4bb9-8bc8-c22f368b7d20 ] Request (HypervisorAdminNegativeUnderV252Test:tearDownClass): 200 GET http://10.180.1.21:9696/networking/v2.0/security-groups?tenant_id=a98383e8a68045b1a233fbd9c69e1a00&name=default 0.712s
2025-02-04 17:09:20.812 62308 INFO tempest.lib.common.rest_client [req-df0344e9-034e-426a-a7fe-10f2e2096099 req-df0344e9-034e-426a-a7fe-10f2e2096099 ] Request (ListImageFiltersTestJSON:setUpClass): 204 PUT http://10.180.1.21/image/v2/images/88fa41e5-69a5-4508-b174-a6f25b57ea81/file 1.594s
2025-02-04 17:09:20.838 62341 INFO tempest.lib.common.rest_client [req-b89a704f-07a7-4aeb-87a9-4b19a689dd7c req-b89a704f-07a7-4aeb-87a9-4b19a689dd7c ] Request (VolumesAssistedSnapshotsTest:test_volume_assisted_snapshot_create_delete): 201 POST http://10.180.1.21:9696/networking/v2.0/security-group-rules 0.358s
2025-02-04 17:09:20.958 62330 INFO tempest.lib.common.rest_client [req-ed763042-5dcc-47b0-a3fc-b004fca3ee65 req-ed763042-5dcc-47b0-a3fc-b004fca3ee65 ] Request (ServicesAdminNegativeTestJSON:tearDownClass): 204 DELETE http://10.180.1.21:9696/networking/v2.0/security-groups/a62c5c89-da0f-422c-a8ed-0d8e66e1b4b4 0.295s
2025-02-04 17:09:21.016 62310 INFO tempest.lib.common.rest_client [req-f75c81ac-62c0-4d61-89a6-a33175055ed9 req-f75c81ac-62c0-4d61-89a6-a33175055ed9 ] Request (ServerDiagnosticsTest:test_get_server_diagnostics): 200 GET http://10.180.1.21/compute/v2.1/servers/d2efff21-a97d-47aa-905d-1d59815e514e 1.649s
2025-02-04 17:09:21.029 62310 INFO tempest.common.waiters [-] State transition "BUILD/networking" ==> "BUILD/spawning" after 10 second wait
2025-02-04 17:09:21.085 62312 INFO tempest.lib.common.rest_client [req-3bdb33f6-8ba8-4df9-ba6c-4c0845966149 req-3bdb33f6-8ba8-4df9-ba6c-4c0845966149 ] Request (ServerDiagnosticsV248Test:test_get_server_diagnostics): 200 GET http://10.180.1.21/compute/v2.1/servers/db229b78-0fbc-4414-bb1e-eda51da31400 1.575s
2025-02-04 17:09:21.098 62330 INFO tempest.lib.common.rest_client [req-5ebb1bdd-7acc-4403-839b-b08c1271ea7b req-5ebb1bdd-7acc-4403-839b-b08c1271ea7b ] Request (ServicesAdminNegativeTestJSON:tearDownClass): 204 DELETE http://10.180.1.21/identity/v3/projects/e43c0cd0a75b4933b3784c4ba8c4702c 0.139s
2025-02-04 17:09:21.098 62330 INFO tempest.lib.common.dynamic_creds [-] Deleting project and security group for project: 0fb363b6f7f24e64acbed4fd1a20d4f5
2025-02-04 17:09:21.109 62344 INFO tempest.lib.common.rest_client [req-81c138b2-57b8-440c-92c1-b06d135c32c3 req-81c138b2-57b8-440c-92c1-b06d135c32c3 ] Request (ImagesMetadataNegativeTestJSON:test_set_nonexistent_image_metadata): 404 PUT http://10.180.1.21/compute/v2.1/images/1a346f4e-8ba7-4153-b84d-e8193eb2d0bc/metadata 1.563s
2025-02-04 17:09:21.174 62306 INFO tempest.lib.common.rest_client [req-1c2f4b12-49e3-4866-a3d1-b06d7712ec78 req-1c2f4b12-49e3-4866-a3d1-b06d7712ec78 ] Request (VolumesAdminNegativeTest:setUpClass): 200 PUT http://10.180.1.21:9696/networking/v2.0/routers/7c1e0bde-012e-45a3-ab59-4f3bce0bcf01/add_router_interface 2.572s
2025-02-04 17:09:21.174 62306 INFO tempest.lib.common.dynamic_creds [-] Created isolated network resources for: credentials: Credentials: {'domain_id': 'default', 'domain_name': 'Default', 'username': 'tempest-VolumesAdminNegativeTest-1377766456-project-admin', 'project_domain_id': 'default', 'project_domain_name': 'Default', 'project_id': '236dd6bf76544a95bac299e1d5545716', 'project_name': 'tempest-VolumesAdminNegativeTest-1377766456', 'tenant_id': '236dd6bf76544a95bac299e1d5545716', 'tenant_name': 'tempest-VolumesAdminNegativeTest-1377766456', 'user_domain_id': 'default', 'user_domain_name': 'Default', 'user_id': '34c32c35fe7e43ae94fe403acd30057f', 'system': None}, Network: {'id': '37408b6d-631c-480c-ae19-ab7e865b0b8d', 'name': 'tempest-VolumesAdminNegativeTest-1958395451-network', 'tenant_id': '236dd6bf76544a95bac299e1d5545716', 'admin_state_up': True, 'mtu': 8950, 'status': 'ACTIVE', 'subnets': [], 'shared': False, 'project_id': '236dd6bf76544a95bac299e1d5545716', 'port_security_enabled': True, 'router:external': False, 'provider:network_type': 'vlan', 'provider:physical_network': 'default', 'provider:segmentation_id': 108, 'availability_zone_hints': [], 'availability_zones': [], 'ipv4_address_scope': None, 'ipv6_address_scope': None, 'description': '', 'tags': [], 'created_at': '2025-02-04T17:09:16Z', 'updated_at': '2025-02-04T17:09:16Z', 'revision_number': 1}, Subnet: {'id': '41d82d28-71ce-461e-ae43-3d49f8a28d22', 'name': 'tempest-VolumesAdminNegativeTest-1958395451-subnet', 'tenant_id': '236dd6bf76544a95bac299e1d5545716', 'network_id': '37408b6d-631c-480c-ae19-ab7e865b0b8d', 'ip_version': 4, 'subnetpool_id': None, 'enable_dhcp': True, 'ipv6_ra_mode': None, 'ipv6_address_mode': None, 'gateway_ip': '192.168.128.1', 'cidr': '192.168.128.0/28', 'allocation_pools': [{'start': '192.168.128.2', 'end': '192.168.128.14'}], 'host_routes': [], 'dns_nameservers': [], 'description': '', 'router:external': False, 'service_types': [], 'tags': [], 'created_at': '2025-02-04T17:09:16Z', 'updated_at': '2025-02-04T17:09:16Z', 'revision_number': 0, 'project_id': '236dd6bf76544a95bac299e1d5545716'}, Router: {'id': '7c1e0bde-012e-45a3-ab59-4f3bce0bcf01', 'name': 'tempest-VolumesAdminNegativeTest-1958395451-router', 'tenant_id': '236dd6bf76544a95bac299e1d5545716', 'admin_state_up': True, 'status': 'ACTIVE', 'external_gateway_info': {'network_id': 'ef7c7ab0-fb35-472b-a0b4-8177d85af3b5', 'external_fixed_ips': [{'subnet_id': 'f839dbb6-e5b5-49ea-b267-fe6e168024b8', 'ip_address': '10.180.180.247'}], 'enable_snat': True}, 'description': '', 'availability_zones': [], 'distributed': False, 'ha': False, 'availability_zone_hints': [], 'routes': [], 'flavor_id': None, 'tags': [], 'created_at': '2025-02-04T17:09:17Z', 'updated_at': '2025-02-04T17:09:18Z', 'revision_number': 2, 'project_id': '236dd6bf76544a95bac299e1d5545716'}
2025-02-04 17:09:21.192 62358 INFO tempest.lib.common.rest_client [req-5f38dca9-0375-4ef8-8287-c324762d35ed req-5f38dca9-0375-4ef8-8287-c324762d35ed ] Request (ServersAdminNegativeTestJSON:setUpClass): 200 GET http://10.180.1.21/compute/v2.1/servers/70293671-e4ee-4c74-a744-377d43dfe4a8 1.202s
2025-02-04 17:09:21.210 62328 INFO tempest.lib.common.rest_client [req-6b917e10-73b1-4e77-821e-6c1c4d8519f7 req-6b917e10-73b1-4e77-821e-6c1c4d8519f7 ] Request (SecurityGroupsTestAdminJSON:_run_cleanups): 202 DELETE http://10.180.1.21/compute/v2.1/os-security-groups/716ad72e-169b-4750-bde5-2f799bb3128f 1.715s
2025-02-04 17:09:21.269 62304 INFO tempest.lib.common.rest_client [req-9367573b-2cd4-45c5-880d-4f84c11d2ecf req-9367573b-2cd4-45c5-880d-4f84c11d2ecf ] Request (HypervisorAdminNegativeUnderV252Test:tearDownClass): 204 DELETE http://10.180.1.21:9696/networking/v2.0/security-groups/61606af4-8c8e-46cf-a54f-38bb7585c5b2 0.481s
2025-02-04 17:09:21.290 62322 INFO tempest.lib.common.rest_client [req-2f35224f-c619-46ef-ae8a-8969b09da993 req-2f35224f-c619-46ef-ae8a-8969b09da993 ] Request (DeleteServersAdminTestJSON:test_admin_delete_servers_of_others): 200 GET http://10.180.1.21/compute/v2.1/servers/b870a22c-5824-436a-b809-f7c6e30a4730 1.117s
2025-02-04 17:09:21.296 62306 INFO tempest.lib.common.rest_client [req-65d73a6b-d8ec-4496-a34f-4489e183643c req-65d73a6b-d8ec-4496-a34f-4489e183643c ] Request (VolumesAdminNegativeTest:setUpClass): 201 POST http://10.180.1.21/identity/v3/auth/tokens 0.117s
2025-02-04 17:09:21.298 62322 INFO tempest.common.waiters [-] State transition "BUILD/None" ==> "BUILD/networking" after 9 second wait
2025-02-04 17:09:21.302 62330 INFO tempest.lib.common.rest_client [req-1b253d12-d5ce-4a7c-8121-c33b75129b56 req-1b253d12-d5ce-4a7c-8121-c33b75129b56 ] Request (ServicesAdminNegativeTestJSON:tearDownClass): 200 GET http://10.180.1.21:9696/networking/v2.0/security-groups?tenant_id=0fb363b6f7f24e64acbed4fd1a20d4f5&name=default 0.203s
2025-02-04 17:09:21.309 62352 INFO tempest.lib.common.rest_client [req-963309a3-81a9-4787-bd38-223a765b7d3f req-963309a3-81a9-4787-bd38-223a765b7d3f ] Request (ServerActionsTestJSON:setUpClass): 200 GET http://10.180.1.21/compute/v2.1/servers/5b8cf97a-5e5f-4bf5-b3f6-77731a426f7a 1.120s
2025-02-04 17:09:21.431 62304 INFO tempest.lib.common.rest_client [req-c3c55aab-d8ed-4bd8-9832-05efa1678884 req-c3c55aab-d8ed-4bd8-9832-05efa1678884 ] Request (HypervisorAdminNegativeUnderV252Test:tearDownClass): 204 DELETE http://10.180.1.21/identity/v3/projects/a98383e8a68045b1a233fbd9c69e1a00 0.161s
2025-02-04 17:09:21.431 62304 INFO tempest.lib.common.dynamic_creds [-] Deleting project and security group for project: 144149f50abf42e08fb6a66c0d0d2615
2025-02-04 17:09:21.491 62330 INFO tempest.lib.common.rest_client [req-89037101-417b-4ced-a474-d8769a4633de req-89037101-417b-4ced-a474-d8769a4633de ] Request (ServicesAdminNegativeTestJSON:tearDownClass): 204 DELETE http://10.180.1.21:9696/networking/v2.0/security-groups/1091425d-5645-47f4-a967-a58a5cd42469 0.188s
2025-02-04 17:09:21.532 62342 INFO tempest.lib.common.rest_client [req-f1c2f65e-23e9-475d-9105-ec456f47c76d req-f1c2f65e-23e9-475d-9105-ec456f47c76d ] Request (ServersTestBootFromVolume:setUpClass): 200 GET http://10.180.1.21/volume/v3/volumes/1719787c-8974-4916-ac63-607a0d2ff51a 0.049s
2025-02-04 17:09:21.567 62354 INFO tempest.lib.common.rest_client [req-c681293b-3946-4b52-926e-ab70ef7a0a8f req-c681293b-3946-4b52-926e-ab70ef7a0a8f ] Request (QuotasAdminTestV236:test_get_updated_quotas): 200 GET http://10.180.1.21/compute/v2.1/os-quota-sets/2b077523dee74841a6fd738d61a06a00?user_id=430bd8cb44b147c68d0f3d7044c5ab56 1.223s
2025-02-04 17:09:21.575 62332 INFO tempest.lib.common.rest_client [req-86293d26-1b00-4aa0-b4ca-73473738ee9f req-86293d26-1b00-4aa0-b4ca-73473738ee9f ] Request (QuotasAdminNegativeTest:_run_cleanups): 200 PUT http://10.180.1.21/compute/v2.1/os-quota-sets/dbd73874da034919b050a724c23dfdce 1.254s
2025-02-04 17:09:21.594 62346 INFO tempest.lib.common.rest_client [req-7332ad37-f98c-4154-a53c-b14fdceafe26 req-7332ad37-f98c-4154-a53c-b14fdceafe26 ] Request (HostsAdminTestJSON:test_show_host_detail): 200 GET http://10.180.1.21/compute/v2.1/os-hosts 1.222s
2025-02-04 17:09:21.596 62298 INFO tempest.lib.common.rest_client [req-de28aafc-ce0a-408c-841e-61f0c86b8c61 req-de28aafc-ce0a-408c-841e-61f0c86b8c61 ] Request (ServersWithSpecificFlavorTestJSON:test_verify_created_server_ephemeral_disk): 200 POST http://10.180.1.21/compute/v2.1/flavors 1.056s
2025-02-04 17:09:21.617 62318 INFO tempest.lib.common.rest_client [req-e5bd74d9-3d32-4d52-8795-35db9c98cd3e req-e5bd74d9-3d32-4d52-8795-35db9c98cd3e ] Request (AggregatesAdminNegativeTestJSON:_run_cleanups): 200 DELETE http://10.180.1.21/compute/v2.1/os-aggregates/2 1.077s
2025-02-04 17:09:21.618 62338 INFO tempest.lib.common.rest_client [req-69f5c923-0ae7-4b91-82fe-8516d0be36b2 req-69f5c923-0ae7-4b91-82fe-8516d0be36b2 ] Request (FlavorsAccessTestJSON:test_flavor_access_list_with_private_flavor): 200 GET http://10.180.1.21/compute/v2.1/flavors/749062420/os-flavor-access 1.058s
2025-02-04 17:09:21.628 62330 INFO tempest.lib.common.rest_client [req-a2c131d1-fb50-4c79-a156-0b2a36400e1e req-a2c131d1-fb50-4c79-a156-0b2a36400e1e ] Request (ServicesAdminNegativeTestJSON:tearDownClass): 204 DELETE http://10.180.1.21/identity/v3/projects/0fb363b6f7f24e64acbed4fd1a20d4f5 0.137s
2025-02-04 17:09:21.680 62304 INFO tempest.lib.common.rest_client [req-a624121b-18b7-477c-8a73-af74cb14ffcc req-a624121b-18b7-477c-8a73-af74cb14ffcc ] Request (HypervisorAdminNegativeUnderV252Test:tearDownClass): 200 GET http://10.180.1.21:9696/networking/v2.0/security-groups?tenant_id=144149f50abf42e08fb6a66c0d0d2615&name=default 0.248s
2025-02-04 17:09:21.708 62354 INFO tempest.lib.common.rest_client [req-65069df3-496a-4503-9873-7e021ca38de9 req-65069df3-496a-4503-9873-7e021ca38de9 ] Request (QuotasAdminTestV236:_run_cleanups): 204 DELETE http://10.180.1.21/identity/v3/users/430bd8cb44b147c68d0f3d7044c5ab56 0.138s
2025-02-04 17:09:21.766 62314 INFO tempest.lib.common.rest_client [req-ce54eb90-19a5-4259-9e60-69d2995dc779 req-ce54eb90-19a5-4259-9e60-69d2995dc779 ] Request (ListServerFiltersTestJSON:setUpClass): 200 GET http://10.180.1.21/compute/v2.1/servers/b6b1ab69-9000-4e72-813a-e5a4bc17ebca 1.078s
2025-02-04 17:09:21.778 62330 INFO tempest.lib.common.rest_client [req-83a22d28-1d02-40da-acf6-d94c22d14342 req-83a22d28-1d02-40da-acf6-d94c22d14342 ] Request (ServicesAdminNegativeV253TestJSON:setUpClass): 201 POST http://10.180.1.21/identity/v3/auth/tokens 0.149s
2025-02-04 17:09:21.785 62336 INFO tempest.lib.common.rest_client [req-83454911-6f2b-4360-968c-affc11e0e3cb req-83454911-6f2b-4360-968c-affc11e0e3cb ] Request (FlavorsAdminTestJSON:_run_cleanups): 202 DELETE http://10.180.1.21/compute/v2.1/flavors/40304734 1.076s
2025-02-04 17:09:21.844 62330 INFO tempest.lib.common.rest_client [req-3060a970-04f7-4c5e-af99-84345972bb90 req-3060a970-04f7-4c5e-af99-84345972bb90 ] Request (ServicesAdminNegativeV253TestJSON:setUpClass): 201 POST http://10.180.1.21/identity/v3/auth/tokens 0.064s
2025-02-04 17:09:21.887 62354 INFO tempest.lib.common.rest_client [req-490cd4cd-7549-4e5e-a608-76670d956a00 req-490cd4cd-7549-4e5e-a608-76670d956a00 ] Request (QuotasAdminTestV236:_run_cleanups): 204 DELETE http://10.180.1.21/identity/v3/projects/2b077523dee74841a6fd738d61a06a00 0.178s
2025-02-04 17:09:21.939 62330 INFO tempest.lib.common.rest_client [req-942f2d91-0958-4cce-beec-33ad6f091262 req-942f2d91-0958-4cce-beec-33ad6f091262 ] Request (ServicesAdminNegativeV253TestJSON:setUpClass): 200 GET http://10.180.1.21/identity/v3/domains?name=Default 0.092s
2025-02-04 17:09:21.997 62354 INFO tempest.lib.common.rest_client [req-1a654449-164b-48b5-abdb-7f7f35db38b8 req-1a654449-164b-48b5-abdb-7f7f35db38b8 ] Request (QuotasAdminTestV236:tearDownClass): 204 DELETE http://10.180.1.21/identity/v3/users/c05c9ff324a74bd785c191fc6a820007 0.099s
2025-02-04 17:09:22.052 62316 INFO tempest.lib.common.rest_client [req-d62b7c8d-5d60-48dd-8671-adf4de567138 req-d62b7c8d-5d60-48dd-8671-adf4de567138 ] Request (QuotasAdminTestV257:test_get_updated_quotas): 200 GET http://10.180.1.21/identity/v3/domains?name=Default 0.139s
2025-02-04 17:09:22.057 62330 INFO tempest.lib.common.rest_client [req-11e2e472-a121-434c-ad30-fce06ef61c7d req-11e2e472-a121-434c-ad30-fce06ef61c7d ] Request (ServicesAdminNegativeV253TestJSON:setUpClass): 201 POST http://10.180.1.21/identity/v3/projects 0.117s
2025-02-04 17:09:22.121 62316 INFO tempest.lib.common.rest_client [req-0f78647d-4b06-49b9-8f0c-edff567ab6b5 req-0f78647d-4b06-49b9-8f0c-edff567ab6b5 ] Request (QuotasAdminTestV257:test_get_updated_quotas): 201 POST http://10.180.1.21/identity/v3/projects 0.066s
2025-02-04 17:09:22.144 62354 INFO tempest.lib.common.rest_client [req-db66ecdb-05d9-4056-af20-7bd56cd9a9be req-db66ecdb-05d9-4056-af20-7bd56cd9a9be ] Request (QuotasAdminTestV236:tearDownClass): 204 DELETE http://10.180.1.21/identity/v3/users/9fb61ead769e48e48930f46701186f54 0.147s
2025-02-04 17:09:22.144 62354 INFO tempest.lib.common.dynamic_creds [-] Deleting project and security group for project: a3ba74587c504bd6a6b2da78098cc0b7
2025-02-04 17:09:22.162 62304 INFO tempest.lib.common.rest_client [req-ecdab521-3183-408f-84af-5b5bf9d65206 req-ecdab521-3183-408f-84af-5b5bf9d65206 ] Request (HypervisorAdminNegativeUnderV252Test:tearDownClass): 204 DELETE http://10.180.1.21:9696/networking/v2.0/security-groups/cd19af96-03ec-4c88-ac0b-93776d34532a 0.481s
2025-02-04 17:09:22.213 62316 INFO tempest.lib.common.rest_client [req-c8519006-5fd6-4d2b-8aa2-ad95049eccd4 req-c8519006-5fd6-4d2b-8aa2-ad95049eccd4 ] Request (QuotasAdminTestV257:test_get_updated_quotas): 200 GET http://10.180.1.21/identity/v3/domains?name=Default 0.092s
2025-02-04 17:09:22.229 62330 INFO tempest.lib.common.rest_client [req-f3e0da91-d4ef-4472-97fe-865c57c3ad3c req-f3e0da91-d4ef-4472-97fe-865c57c3ad3c ] Request (ServicesAdminNegativeV253TestJSON:setUpClass): 201 POST http://10.180.1.21/identity/v3/users 0.172s
2025-02-04 17:09:22.244 62354 INFO tempest.lib.common.rest_client [req-89b44d38-bc8e-456f-bf6e-2b008d561e64 req-89b44d38-bc8e-456f-bf6e-2b008d561e64 ] Request (QuotasAdminTestV236:tearDownClass): 201 POST http://10.180.1.21/identity/v3/auth/tokens 0.099s
2025-02-04 17:09:22.272 62330 INFO tempest.lib.common.rest_client [req-7778d818-64c1-45e3-b252-fcb9a96bbd4d req-7778d818-64c1-45e3-b252-fcb9a96bbd4d ] Request (ServicesAdminNegativeV253TestJSON:setUpClass): 200 GET http://10.180.1.21/identity/v3/roles 0.042s
2025-02-04 17:09:22.317 62304 INFO tempest.lib.common.rest_client [req-bfae2fb6-bfa3-4944-a02e-dddeba002a54 req-bfae2fb6-bfa3-4944-a02e-dddeba002a54 ] Request (HypervisorAdminNegativeUnderV252Test:tearDownClass): 204 DELETE http://10.180.1.21/identity/v3/projects/144149f50abf42e08fb6a66c0d0d2615 0.154s
2025-02-04 17:09:22.389 62356 INFO tempest.lib.common.rest_client [req-e2c823b7-b790-4823-8e45-14bced5a3900 req-e2c823b7-b790-4823-8e45-14bced5a3900 ] Request (ImagesOneServerTestJSON:setUpClass): 202 POST http://10.180.1.21/compute/v2.1/servers 1.717s
2025-02-04 17:09:22.390 62330 INFO tempest.lib.common.rest_client [req-cde6e081-f6cb-4db8-8e55-a24e5651fa0b req-cde6e081-f6cb-4db8-8e55-a24e5651fa0b ] Request (ServicesAdminNegativeV253TestJSON:setUpClass): 204 PUT http://10.180.1.21/identity/v3/projects/227be3fe7a5c4e45b0868fd450cd99b1/users/50f6d71d63e741e0a0a6a95cdd1b6764/roles/2e30fb8250144e7f9066e7ead5a79fc3 0.118s
2025-02-04 17:09:22.392 62326 INFO tempest.lib.common.rest_client [req-ab23977f-2fa8-4c53-bf62-3dd623401c16 req-ab23977f-2fa8-4c53-bf62-3dd623401c16 ] Request (ServerDiagnosticsNegativeTest:test_get_server_diagnostics_by_non_admin): 202 POST http://10.180.1.21/compute/v2.1/servers 1.667s
2025-02-04 17:09:22.393 62330 INFO tempest.lib.common.dynamic_creds [-] Dynamic test user 50f6d71d63e741e0a0a6a95cdd1b6764 is created with scope project and roles: ['member']
2025-02-04 17:09:22.393 62330 INFO tempest.lib.common.dynamic_creds [-] Acquired dynamic creds: credentials: Credentials: {'domain_id': 'default', 'domain_name': 'Default', 'username': 'tempest-ServicesAdminNegativeV253TestJSON-2010563347-project-member', 'project_domain_id': 'default', 'project_domain_name': 'Default', 'project_id': '227be3fe7a5c4e45b0868fd450cd99b1', 'project_name': 'tempest-ServicesAdminNegativeV253TestJSON-2010563347', 'tenant_id': '227be3fe7a5c4e45b0868fd450cd99b1', 'tenant_name': 'tempest-ServicesAdminNegativeV253TestJSON-2010563347', 'user_domain_id': 'default', 'user_domain_name': 'Default', 'user_id': '50f6d71d63e741e0a0a6a95cdd1b6764', 'system': None}, Network: None, Subnet: None, Router: None
2025-02-04 17:09:22.393 62330 INFO tempest.lib.common.dynamic_creds [-] Created isolated network resources for: credentials: Credentials: {'domain_id': 'default', 'domain_name': 'Default', 'username': 'tempest-ServicesAdminNegativeV253TestJSON-2010563347-project-member', 'project_domain_id': 'default', 'project_domain_name': 'Default', 'project_id': '227be3fe7a5c4e45b0868fd450cd99b1', 'project_name': 'tempest-ServicesAdminNegativeV253TestJSON-2010563347', 'tenant_id': '227be3fe7a5c4e45b0868fd450cd99b1', 'tenant_name': 'tempest-ServicesAdminNegativeV253TestJSON-2010563347', 'user_domain_id': 'default', 'user_domain_name': 'Default', 'user_id': '50f6d71d63e741e0a0a6a95cdd1b6764', 'system': None}, Network: None, Subnet: None, Router: None
2025-02-04 17:09:22.403 62334 INFO tempest.lib.common.rest_client [req-ee665882-fbc0-4444-a404-fe32658f4af1 req-ee665882-fbc0-4444-a404-fe32658f4af1 ] Request (FlavorsExtraSpecsNegativeTestJSON:test_flavor_update_mismatch_key): 400 PUT http://10.180.1.21/compute/v2.1/flavors/461552301/os-extra_specs/hw:numa_nodes 1.661s
2025-02-04 17:09:22.415 62320 INFO tempest.lib.common.rest_client [req-18334585-441d-49d8-b7da-3d8ead19a66f req-18334585-441d-49d8-b7da-3d8ead19a66f ] Request (FlavorsExtraSpecsTestJSON:test_flavor_set_get_update_show_unset_keys): 200 GET http://10.180.1.21/compute/v2.1/flavors/635808282/os-extra_specs 1.684s
2025-02-04 17:09:22.442 62344 INFO tempest.lib.common.rest_client [req-0258ffdf-51e0-4051-8a06-f836dda6e628 req-0258ffdf-51e0-4051-8a06-f836dda6e628 ] Request (ImagesMetadataNegativeTestJSON:test_set_nonexistent_image_metadata_item): 404 PUT http://10.180.1.21/compute/v2.1/images/6c6d2bb5-66ef-496f-a248-298abfc75057/metadata/os_distro 1.331s
2025-02-04 17:09:22.445 62308 INFO tempest.lib.common.rest_client [req-8ba417bd-5bc1-4ade-b7a8-ae6ba0be61a0 req-8ba417bd-5bc1-4ade-b7a8-ae6ba0be61a0 ] Request (ListImageFiltersTestJSON:setUpClass): 200 GET http://10.180.1.21/compute/v2.1/images/88fa41e5-69a5-4508-b174-a6f25b57ea81 1.633s
2025-02-04 17:09:22.465 62304 INFO tempest.lib.common.rest_client [req-d039d4cf-dcb4-4dac-9219-6950b0dd7263 req-d039d4cf-dcb4-4dac-9219-6950b0dd7263 ] Request (FloatingIPsAssociationNegativeTestJSON:setUpClass): 201 POST http://10.180.1.21/identity/v3/auth/tokens 0.146s
2025-02-04 17:09:22.489 62330 INFO tempest.lib.common.rest_client [req-e2f56706-e85c-47f7-b70a-0046bd862de9 req-e2f56706-e85c-47f7-b70a-0046bd862de9 ] Request (ServicesAdminNegativeV253TestJSON:setUpClass): 201 POST http://10.180.1.21/identity/v3/auth/tokens 0.092s
2025-02-04 17:09:22.514 62304 INFO tempest.lib.common.rest_client [req-254da6ae-bba3-480d-bf2e-87b4ff8436b4 req-254da6ae-bba3-480d-bf2e-87b4ff8436b4 ] Request (FloatingIPsAssociationNegativeTestJSON:setUpClass): 201 POST http://10.180.1.21/identity/v3/auth/tokens 0.046s
2025-02-04 17:09:22.544 62330 INFO tempest.lib.common.rest_client [req-01b3ae7e-91a6-4a06-ba32-e4fa0e155b16 req-01b3ae7e-91a6-4a06-ba32-e4fa0e155b16 ] Request (ServicesAdminNegativeV253TestJSON:setUpClass): 201 POST http://10.180.1.21/identity/v3/projects 0.054s
2025-02-04 17:09:22.589 62342 INFO tempest.lib.common.rest_client [req-75aa7929-10d7-4fcf-ac07-e54831dfd594 req-75aa7929-10d7-4fcf-ac07-e54831dfd594 ] Request (ServersTestBootFromVolume:setUpClass): 200 GET http://10.180.1.21/volume/v3/volumes/1719787c-8974-4916-ac63-607a0d2ff51a 0.044s
2025-02-04 17:09:22.609 62306 INFO tempest.lib.common.rest_client [req-6e88da13-7ec1-405f-a353-7bd42f42287c req-6e88da13-7ec1-405f-a353-7bd42f42287c ] Request (VolumesAdminNegativeTest:test_update_attached_volume_with_nonexistent_volume_in_body): 200 POST http://10.180.1.21/compute/v2.1/os-keypairs 1.308s
2025-02-04 17:09:22.609 62354 INFO tempest.lib.common.rest_client [req-bb684b15-8041-4680-b1ca-c981ed1be000 req-bb684b15-8041-4680-b1ca-c981ed1be000 ] Request (QuotasAdminTestV236:tearDownClass): 200 GET http://10.180.1.21:9696/networking/v2.0/security-groups?tenant_id=a3ba74587c504bd6a6b2da78098cc0b7&name=default 0.365s
2025-02-04 17:09:22.621 62304 INFO tempest.lib.common.rest_client [req-130c441b-e032-4571-95bc-704337ae17da req-130c441b-e032-4571-95bc-704337ae17da ] Request (FloatingIPsAssociationNegativeTestJSON:setUpClass): 200 GET http://10.180.1.21/identity/v3/domains?name=Default 0.106s
2025-02-04 17:09:22.640 62328 INFO tempest.lib.common.rest_client [req-711e6250-04b1-4282-9bb1-68a977ee37f1 req-711e6250-04b1-4282-9bb1-68a977ee37f1 ] Request (SecurityGroupsTestAdminJSON:_run_cleanups): 202 DELETE http://10.180.1.21/compute/v2.1/os-security-groups/004f796f-6b4f-4d19-95e8-451614aa92b3 1.430s
2025-02-04 17:09:22.669 62304 INFO tempest.lib.common.rest_client [req-35866adc-2f0f-47ef-8197-d6582f49f256 req-35866adc-2f0f-47ef-8197-d6582f49f256 ] Request (FloatingIPsAssociationNegativeTestJSON:setUpClass): 201 POST http://10.180.1.21/identity/v3/projects 0.048s
2025-02-04 17:09:22.673 62330 INFO tempest.lib.common.rest_client [req-500c84fe-638c-4235-b6df-60702a16af5c req-500c84fe-638c-4235-b6df-60702a16af5c ] Request (ServicesAdminNegativeV253TestJSON:setUpClass): 201 POST http://10.180.1.21/identity/v3/users 0.129s
2025-02-04 17:09:22.737 62300 INFO tempest.lib.common.rest_client [req-144f3be3-f380-4c74-ba5d-35f1c1765d33 req-144f3be3-f380-4c74-ba5d-35f1c1765d33 ] Request (ServersAdminTestJSON:setUpClass): 200 GET http://10.180.1.21/compute/v2.1/servers/5cf5e799-4b2d-4877-ac9d-c5086406a3d4 1.219s
2025-02-04 17:09:22.741 62330 INFO tempest.lib.common.rest_client [req-ebd5011f-5ba8-4fd3-aa7a-e65ae756f93d req-ebd5011f-5ba8-4fd3-aa7a-e65ae756f93d ] Request (ServicesAdminNegativeV253TestJSON:setUpClass): 200 GET http://10.180.1.21/identity/v3/roles 0.067s
2025-02-04 17:09:22.746 62350 INFO tempest.lib.common.rest_client [req-8c511e95-660c-4edc-a9ac-2b2e3ffc7eae req-8c511e95-660c-4edc-a9ac-2b2e3ffc7eae ] Request (ServersTestFqdnHostnames:test_create_server_with_fqdn_name): 200 GET http://10.180.1.21/compute/v2.1/servers/2a76cfd8-56ec-4d39-ac36-6ec9e86b90dd 1.324s
2025-02-04 17:09:22.753 62341 INFO tempest.lib.common.rest_client [req-a4474ef0-111f-4219-a5c9-3f794ee2d4c0 req-a4474ef0-111f-4219-a5c9-3f794ee2d4c0 ] Request (VolumesAssistedSnapshotsTest:test_volume_assisted_snapshot_create_delete): 201 POST http://10.180.1.21:9696/networking/v2.0/floatingips 1.914s
2025-02-04 17:09:22.753 62304 INFO tempest.lib.common.rest_client [req-097dcad0-e42b-4d19-ab8f-422920e578d3 req-097dcad0-e42b-4d19-ab8f-422920e578d3 ] Request (FloatingIPsAssociationNegativeTestJSON:setUpClass): 201 POST http://10.180.1.21/identity/v3/users 0.083s
2025-02-04 17:09:22.781 62304 INFO tempest.lib.common.rest_client [req-c89840a2-031a-469c-9ae6-a4e9c5998fd1 req-c89840a2-031a-469c-9ae6-a4e9c5998fd1 ] Request (FloatingIPsAssociationNegativeTestJSON:setUpClass): 200 GET http://10.180.1.21/identity/v3/roles 0.027s
2025-02-04 17:09:22.816 62330 INFO tempest.lib.common.rest_client [req-d34285c2-a74d-4d73-8020-39df0adace16 req-d34285c2-a74d-4d73-8020-39df0adace16 ] Request (ServicesAdminNegativeV253TestJSON:setUpClass): 204 PUT http://10.180.1.21/identity/v3/projects/b236062eae00423b922f0c684bae0cf1/users/f1d98b1860e04d22a879ff1b57e9e34a/roles/69cba61e08f14679a114159f536d3fd0 0.074s
2025-02-04 17:09:22.823 62346 INFO tempest.lib.common.rest_client [req-78e8ac4e-69ee-4398-91fe-280f97bf7abe req-78e8ac4e-69ee-4398-91fe-280f97bf7abe ] Request (HostsAdminTestJSON:test_show_host_detail): 200 GET http://10.180.1.21/compute/v2.1/os-hosts/cpu-1 1.227s
2025-02-04 17:09:22.851 62298 INFO tempest.lib.common.rest_client [req-c041b6d1-9261-443c-a34a-02f28eb4fe52 req-c041b6d1-9261-443c-a34a-02f28eb4fe52 ] Request (ServersWithSpecificFlavorTestJSON:test_verify_created_server_ephemeral_disk): 200 GET http://10.180.1.21/compute/v2.1/flavors/42/os-extra_specs 1.252s
2025-02-04 17:09:22.862 62341 INFO tempest.lib.common.rest_client [req-9db79ccd-79b4-42a8-aab3-abbeef9c6b16 req-9db79ccd-79b4-42a8-aab3-abbeef9c6b16 ] Request (VolumesAssistedSnapshotsTest:test_volume_assisted_snapshot_create_delete): 201 POST http://10.180.1.21/identity/v3/auth/tokens 0.102s
2025-02-04 17:09:22.862 62341 INFO tempest.lib.common.fixed_network [-] (VolumesAssistedSnapshotsTest:test_volume_assisted_snapshot_create_delete) Found network {'id': 'ab9ac1ba-f06f-4a92-b90c-b1938fbd1a19', 'name': 'tempest-VolumesAssistedSnapshotsTest-1363958702-network', 'tenant_id': 'd9e28c575ec04ebf9b5c9e1ac4ed1e9e', 'admin_state_up': True, 'mtu': 8950, 'status': 'ACTIVE', 'subnets': [], 'shared': False, 'project_id': 'd9e28c575ec04ebf9b5c9e1ac4ed1e9e', 'port_security_enabled': True, 'router:external': False, 'provider:network_type': 'vlan', 'provider:physical_network': 'default', 'provider:segmentation_id': 525, 'availability_zone_hints': [], 'availability_zones': [], 'ipv4_address_scope': None, 'ipv6_address_scope': None, 'description': '', 'tags': [], 'created_at': '2025-02-04T17:08:58Z', 'updated_at': '2025-02-04T17:08:58Z', 'revision_number': 1} available for tenant
2025-02-04 17:09:22.891 62318 INFO tempest.lib.common.rest_client [req-bb1ace1b-1bf7-4a44-8ab6-472e2e428a5b req-bb1ace1b-1bf7-4a44-8ab6-472e2e428a5b ] Request (AggregatesAdminNegativeTestJSON:test_aggregate_add_non_exist_host): 200 POST http://10.180.1.21/compute/v2.1/os-aggregates 1.273s
2025-02-04 17:09:22.895 62354 INFO tempest.lib.common.rest_client [req-686d7e68-5b38-481b-b201-4873489ea0b4 req-686d7e68-5b38-481b-b201-4873489ea0b4 ] Request (QuotasAdminTestV236:tearDownClass): 204 DELETE http://10.180.1.21:9696/networking/v2.0/security-groups/73d8180a-bb88-4d97-9ff2-e6ba9fc7b024 0.284s
2025-02-04 17:09:22.915 62338 INFO tempest.lib.common.rest_client [req-bdb6b6b6-fe83-4c74-a479-1010b5811ee9 req-bdb6b6b6-fe83-4c74-a479-1010b5811ee9 ] Request (FlavorsAccessTestJSON:_run_cleanups): 202 DELETE http://10.180.1.21/compute/v2.1/flavors/749062420 1.292s
2025-02-04 17:09:22.950 62304 INFO tempest.lib.common.rest_client [req-cd6b75e8-4a16-4995-b9a2-604548ae6f94 req-cd6b75e8-4a16-4995-b9a2-604548ae6f94 ] Request (FloatingIPsAssociationNegativeTestJSON:setUpClass): 204 PUT http://10.180.1.21/identity/v3/projects/d82bba006a5c4272a57a3a9d444d98b6/users/f5e3e91fe351416b98c7479db1ea099a/roles/2e30fb8250144e7f9066e7ead5a79fc3 0.168s
2025-02-04 17:09:22.950 62304 INFO tempest.lib.common.dynamic_creds [-] Dynamic test user f5e3e91fe351416b98c7479db1ea099a is created with scope project and roles: ['member']
2025-02-04 17:09:22.950 62304 INFO tempest.lib.common.dynamic_creds [-] Acquired dynamic creds: credentials: Credentials: {'domain_id': 'default', 'domain_name': 'Default', 'username': 'tempest-FloatingIPsAssociationNegativeTestJSON-980309201-project-member', 'project_domain_id': 'default', 'project_domain_name': 'Default', 'project_id': 'd82bba006a5c4272a57a3a9d444d98b6', 'project_name': 'tempest-FloatingIPsAssociationNegativeTestJSON-980309201', 'tenant_id': 'd82bba006a5c4272a57a3a9d444d98b6', 'tenant_name': 'tempest-FloatingIPsAssociationNegativeTestJSON-980309201', 'user_domain_id': 'default', 'user_domain_name': 'Default', 'user_id': 'f5e3e91fe351416b98c7479db1ea099a', 'system': None}, Network: None, Subnet: None, Router: None
2025-02-04 17:09:22.995 62306 INFO tempest.lib.common.rest_client [req-3294097b-5867-45ef-aaa9-ae6a3c46c457 req-3294097b-5867-45ef-aaa9-ae6a3c46c457 ] Request (VolumesAdminNegativeTest:test_update_attached_volume_with_nonexistent_volume_in_body): 201 POST http://10.180.1.21:9696/networking/v2.0/security-groups 0.384s
