2025-02-04 17:10:02.721 62342 INFO tempest.lib.common.rest_client [req-78d278d6-cf7b-4b95-ad3d-d1f99416d956 req-78d278d6-cf7b-4b95-ad3d-d1f99416d956 ] Request (ServersTestBootFromVolume:setUpClass): 200 GET http://10.180.1.21/compute/v2.1/servers/f50e7100-ddcb-4485-964c-25c952cdb844 0.361s
2025-02-04 17:10:02.771 62346 INFO tempest.lib.common.rest_client [req-cad56fea-fac0-41f7-a894-cd919247a24b req-cad56fea-fac0-41f7-a894-cd919247a24b ] Request (InstanceActionsNegativeTestJSON:setUpClass): 200 GET http://10.180.1.21/compute/v2.1/servers/59235193-56b1-454f-b2e3-09e023701c62 0.410s
2025-02-04 17:10:02.812 62354 INFO tempest.lib.common.rest_client [req-4faa13e4-feaa-4588-b322-6b099782226f req-4faa13e4-feaa-4588-b322-6b099782226f ] Request (VolumesNegativeTest:test_delete_invalid_volume_id): 404 DELETE http://10.180.1.21/compute/v2.1/os-volumes/tempest-invalid-47934763 0.444s
2025-02-04 17:10:02.866 62300 INFO tempest.lib.common.rest_client [req-4cb1e6b2-c54f-46c9-b890-687dec82d62b req-4cb1e6b2-c54f-46c9-b890-687dec82d62b ] Request (ServersAdminTestJSON:test_create_server_with_scheduling_hint): 200 GET http://10.180.1.21/compute/v2.1/servers/f7173894-2c79-40c7-b8a3-9b502c2c29a1 0.452s
2025-02-04 17:10:02.917 62334 INFO tempest.lib.common.rest_client [req-959d7a68-0f4d-4b84-badf-b69be58c6107 req-959d7a68-0f4d-4b84-badf-b69be58c6107 ] Request (SecurityGroupRulesTestJSON:test_security_group_rules_create_with_optional_group_id): 200 POST http://10.180.1.21/compute/v2.1/os-security-groups 0.572s
2025-02-04 17:10:02.920 62320 INFO tempest.lib.common.rest_client [req-e37d8ba9-cd55-4c1b-b2a8-55fd81364509 req-e37d8ba9-cd55-4c1b-b2a8-55fd81364509 ] Request (AttachInterfacesTestJSON:test_create_list_show_delete_interfaces_by_fixed_ip): 200 GET http://10.180.1.21/compute/v2.1/servers/f710ae20-f82c-4e3f-a52f-3b1042e26504 0.496s
2025-02-04 17:10:02.974 62318 INFO tempest.lib.common.rest_client [req-d6d78653-8dad-44b6-84bb-4539ea10458d req-d6d78653-8dad-44b6-84bb-4539ea10458d ] Request (ImagesOneServerNegativeTestJSON:setUpClass): 200 GET http://10.180.1.21/compute/v2.1/servers/8b6b7cb7-4895-4e3e-b020-071130ad88ab 0.447s
2025-02-04 17:10:03.012 62304 INFO tempest.lib.common.rest_client [req-8613d8ae-2591-48e0-ab7f-2c45e8f53bf5 req-8613d8ae-2591-48e0-ab7f-2c45e8f53bf5 ] Request (FloatingIPsAssociationNegativeTestJSON:setUpClass): 200 GET http://10.180.1.21/compute/v2.1/servers/06fcd604-5854-49bd-9bbd-51cbe3710e66 0.521s
2025-02-04 17:10:03.031 62338 INFO tempest.lib.common.rest_client [req-6d733cc8-8843-4540-80d4-af3ec61db2e9 req-6d733cc8-8843-4540-80d4-af3ec61db2e9 ] Request (TenantUsagesTestJSON:setUpClass): 200 GET http://10.180.1.21/compute/v2.1/servers/564c4383-1dfd-46c6-aded-6b295642bc18 0.485s
2025-02-04 17:10:03.079 62336 INFO tempest.lib.common.rest_client [req-f4d68290-4a64-4e2b-9404-b9a19d0f230b req-f4d68290-4a64-4e2b-9404-b9a19d0f230b ] Request (HypervisorAdminUnderV252Test:test_get_hypervisor_show_servers): 200 GET http://10.180.1.21/compute/v2.1/os-hypervisors/domain-c8.fc996f14-c53b-4953-92e3-bdfa48f5cc28/servers 0.533s
2025-02-04 17:10:03.119 62326 INFO tempest.lib.common.rest_client [req-b3861fcb-1abd-4284-9c1c-d36cd9c9203e req-b3861fcb-1abd-4284-9c1c-d36cd9c9203e ] Request (ServerDiagnosticsNegativeTest:tearDownClass): 204 DELETE http://10.180.1.21/compute/v2.1/servers/98081ed8-ed47-4007-8704-afda0d808dcb 0.558s
2025-02-04 17:10:03.147 62310 INFO tempest.lib.common.rest_client [req-8c309d6d-5652-4c66-9929-efdb68a2ef19 req-8c309d6d-5652-4c66-9929-efdb68a2ef19 ] Request (ServerDiagnosticsTest:tearDownClass): 200 GET http://10.180.1.21/compute/v2.1/servers/d2efff21-a97d-47aa-905d-1d59815e514e 0.531s
2025-02-04 17:10:03.175 62308 INFO tempest.lib.common.rest_client [req-ee3cd449-7b37-40fa-8d4b-f3cba8b313a2 req-ee3cd449-7b37-40fa-8d4b-f3cba8b313a2 ] Request (ListImageFiltersTestJSON:setUpClass): 200 GET http://10.180.1.21/compute/v2.1/servers/f0e0e8a0-6712-4cce-9a5c-59172bb1c145 0.503s
2025-02-04 17:10:03.178 62354 INFO tempest.lib.common.rest_client [req-8b5192c1-4330-49b5-a71c-b96eccd58bf8 req-8b5192c1-4330-49b5-a71c-b96eccd58bf8 ] Request (VolumesNegativeTest:test_delete_volume_without_passing_volume_id): 404 DELETE http://10.180.1.21/compute/v2.1/os-volumes/ 0.365s
2025-02-04 17:10:03.212 62302 INFO tempest.lib.common.rest_client [req-a0f40abd-7edb-4c5c-97e4-fc98f9bd8a83 req-a0f40abd-7edb-4c5c-97e4-fc98f9bd8a83 ] Request (AttachInterfacesUnderV243Test:setUpClass): 201 POST http://10.180.1.21:9696/networking/v2.0/routers 1.119s
2025-02-04 17:10:03.258 62324 INFO tempest.lib.common.rest_client [req-94af258e-531b-4fb9-9424-1ee7b59b07d5 req-94af258e-531b-4fb9-9424-1ee7b59b07d5 ] Request (MigrationsAdminTest:test_list_migrations_in_flavor_resize_situation): 200 GET http://10.180.1.21/compute/v2.1/servers/a4917632-490f-4fea-b55b-ee28bb21a1e4 0.550s
2025-02-04 17:10:03.383 62334 INFO tempest.lib.common.rest_client [req-83a6c31e-2d51-40e4-a051-2f28c13cc975 req-83a6c31e-2d51-40e4-a051-2f28c13cc975 ] Request (SecurityGroupRulesTestJSON:test_security_group_rules_create_with_optional_group_id): 200 POST http://10.180.1.21/compute/v2.1/os-security-group-rules 0.457s
2025-02-04 17:10:03.385 62334 WARNING tempest.lib.common.rest_client [-] Deprecated: "tenant_id" property is deprecated for removal, use "project_id" instead
2025-02-04 17:10:03.456 62341 INFO tempest.lib.common.rest_client [req-09799d9d-2474-4f2a-8b25-292d84988547 req-09799d9d-2474-4f2a-8b25-292d84988547 ] Request (VolumesAssistedSnapshotsTest:test_volume_assisted_snapshot_create_delete): 200 GET http://10.180.1.21/compute/v2.1/servers/19277cfb-5358-49a0-a8e9-bbd55722df41 0.478s
2025-02-04 17:10:03.517 62344 INFO tempest.lib.common.rest_client [req-5d59e185-b34e-47f0-8eeb-b51178804e00 req-5d59e185-b34e-47f0-8eeb-b51178804e00 ] Request (AttachVolumeTestJSON:test_attach_detach_volume): 200 GET http://10.180.1.21/compute/v2.1/servers/cd1edbe3-4426-474b-99ed-8143be203e55 0.476s
2025-02-04 17:10:03.526 62344 INFO tempest.common.waiters [-] State transition "BUILD/scheduling" ==> "BUILD/None" after 22 second wait
2025-02-04 17:10:03.534 62356 INFO tempest.lib.common.rest_client [req-d7b54e01-3383-4744-ba66-8b7c6b108b0e req-d7b54e01-3383-4744-ba66-8b7c6b108b0e ] Request (ImagesOneServerTestJSON:setUpClass): 200 GET http://10.180.1.21/compute/v2.1/servers/c8089295-8fc8-459c-a66e-7be478e1b7ec 0.538s
2025-02-04 17:10:03.544 62356 INFO tempest.common.waiters [-] State transition "BUILD/spawning" ==> "ACTIVE/None" after 40 second wait
2025-02-04 17:10:03.555 62336 INFO tempest.lib.common.rest_client [req-716802d1-d3cc-432c-8c04-95e86df5b784 req-716802d1-d3cc-432c-8c04-95e86df5b784 ] Request (HypervisorAdminUnderV252Test:test_search_hypervisor): 200 GET http://10.180.1.21/compute/v2.1/os-hypervisors 0.472s
2025-02-04 17:10:03.570 62354 INFO tempest.lib.common.rest_client [req-6dc8dc78-471f-4ba2-bc09-0057f521b6c9 req-6dc8dc78-471f-4ba2-bc09-0057f521b6c9 ] Request (VolumesNegativeTest:test_get_volume_without_passing_volume_id): 404 GET http://10.180.1.21/compute/v2.1/os-volumes/ 0.391s
2025-02-04 17:10:03.570 62360 INFO tempest.lib.common.rest_client [req-2abdef90-e4e2-4125-a6d4-24bff32a5cba req-2abdef90-e4e2-4125-a6d4-24bff32a5cba ] Request (AttachVolumeShelveTestJSON:test_attach_volume_shelved_or_offload_server): 200 GET http://10.180.1.21/compute/v2.1/servers/2dffe23d-5c9a-4477-a855-227646ad434b 0.502s
2025-02-04 17:10:03.629 62316 INFO tempest.lib.common.rest_client [req-539ccf50-a59e-4ae3-aead-c3f21a7f4671 req-539ccf50-a59e-4ae3-aead-c3f21a7f4671 ] Request (ServersTestJSON:setUpClass): 200 GET http://10.180.1.21/compute/v2.1/servers/0582d2f2-d973-49db-8ffb-782d89aba5fc 0.376s
2025-02-04 17:10:03.686 62298 INFO tempest.lib.common.rest_client [req-87ad1c20-0f04-459f-8972-cf6e77fc7cec req-87ad1c20-0f04-459f-8972-cf6e77fc7cec ] Request (ServersWithSpecificFlavorTestJSON:test_verify_created_server_ephemeral_disk): 200 GET http://10.180.1.21/compute/v2.1/servers/8f22e462-0047-4ef2-b3cb-6284a5fdf506 0.374s
2025-02-04 17:10:03.694 62326 INFO tempest.lib.common.rest_client [req-5f494cac-9123-469b-b89c-a75445b6f113 req-5f494cac-9123-469b-b89c-a75445b6f113 ] Request (ServerDiagnosticsNegativeTest:tearDownClass): 200 GET http://10.180.1.21/compute/v2.1/servers/98081ed8-ed47-4007-8704-afda0d808dcb 0.574s
2025-02-04 17:10:03.749 62328 INFO tempest.lib.common.rest_client [req-5b4f21e8-2307-4440-b31e-5da6160e5b5e req-5b4f21e8-2307-4440-b31e-5da6160e5b5e ] Request (ImagesTestJSON:test_create_image_from_stopped_server): 200 GET http://10.180.1.21/compute/v2.1/servers/8e1a5f74-c744-42d6-8b42-4b6fcd9e5300 0.378s
2025-02-04 17:10:03.798 62330 INFO tempest.lib.common.rest_client [req-f6855963-7f15-42bf-a817-5b588c67ecd5 req-f6855963-7f15-42bf-a817-5b588c67ecd5 ] Request (ListServersNegativeTestJSON:setUpClass): 200 GET http://10.180.1.21/compute/v2.1/servers/83fe5133-94e5-4a2a-9aab-bcbf46973210 0.373s
2025-02-04 17:10:03.849 62332 INFO tempest.lib.common.rest_client [req-db01ca32-15ed-4e93-a549-4637b2ea67a0 req-db01ca32-15ed-4e93-a549-4637b2ea67a0 ] Request (ServerExternalEventsTest:test_create_server_external_events): 200 GET http://10.180.1.21/compute/v2.1/servers/ee8ccbf4-bfcf-4784-b1b5-a16915fd2c02 0.421s
2025-02-04 17:10:03.866 62334 INFO tempest.lib.common.rest_client [req-f04d1e5a-6ce0-41ef-9314-78f5574e0309 req-f04d1e5a-6ce0-41ef-9314-78f5574e0309 ] Request (SecurityGroupRulesTestJSON:test_security_group_rules_delete_when_peer_group_deleted): 200 POST http://10.180.1.21/compute/v2.1/os-security-groups 0.478s
2025-02-04 17:10:04.013 62314 INFO tempest.lib.common.rest_client [req-1c4f4974-d9ec-43c9-bb15-9c59d3b55394 req-1c4f4974-d9ec-43c9-bb15-9c59d3b55394 ] Request (ListServerFiltersTestJSON:test_list_servers_filter_by_shutoff_status): 200 GET http://10.180.1.21/compute/v2.1/servers/2c954ee4-f76a-4c72-98fa-ba43513bb93d 0.473s
2025-02-04 17:10:04.029 62336 INFO tempest.lib.common.rest_client [req-1867e9a3-f781-4e5f-8656-7774d352d5c8 req-1867e9a3-f781-4e5f-8656-7774d352d5c8 ] Request (HypervisorAdminUnderV252Test:test_search_hypervisor): 200 GET http://10.180.1.21/compute/v2.1/os-hypervisors/domain-c8.fc996f14-c53b-4953-92e3-bdfa48f5cc28/search 0.472s
2025-02-04 17:10:04.051 62354 INFO tempest.lib.common.rest_client [req-9695dd37-a421-4d02-b836-b27c264fc123 req-9695dd37-a421-4d02-b836-b27c264fc123 ] Request (VolumesNegativeTest:test_volume_delete_nonexistent_volume_id): 404 DELETE http://10.180.1.21/compute/v2.1/os-volumes/6214e5d3-21bf-4781-8b63-0d9147b09e4d 0.479s
2025-02-04 17:10:04.121 62322 INFO tempest.lib.common.rest_client [req-77e78450-a387-4768-94af-351b3a5040b8 req-77e78450-a387-4768-94af-351b3a5040b8 ] Request (DeleteServersAdminTestJSON:test_admin_delete_servers_of_others): 200 GET http://10.180.1.21/compute/v2.1/servers/b870a22c-5824-436a-b809-f7c6e30a4730 0.509s
2025-02-04 17:10:04.155 62336 INFO tempest.lib.common.rest_client [req-b590386e-0a03-4ef2-bbd2-9dfee01ec9d2 req-b590386e-0a03-4ef2-bbd2-9dfee01ec9d2 ] Request (HypervisorAdminUnderV252Test:tearDownClass): 204 DELETE http://10.180.1.21/identity/v3/users/c3a375a38ebf41a48fbb868b0ab8a9fb 0.122s
2025-02-04 17:10:04.193 62312 INFO tempest.lib.common.rest_client [req-d1daab34-cef9-46f2-adbd-c3fbf8ff86b5 req-d1daab34-cef9-46f2-adbd-c3fbf8ff86b5 ] Request (ServerDiagnosticsV248Test:tearDownClass): 200 GET http://10.180.1.21/compute/v2.1/servers/db229b78-0fbc-4414-bb1e-eda51da31400 0.561s
2025-02-04 17:10:04.243 62352 WARNING tempest.lib.common.ssh [-] Failed to establish authenticated ssh connection to cirros@10.180.180.189 ([Errno None] Unable to connect to port 22 on 10.180.180.189). Number attempts: 3. Retry after 4 seconds.: paramiko.ssh_exception.NoValidConnectionsError: [Errno None] Unable to connect to port 22 on 10.180.180.189
2025-02-04 17:10:04.270 62306 INFO tempest.lib.common.rest_client [req-5a2ec5ec-dc87-4b6e-86c9-d39d0d5ae609 req-5a2ec5ec-dc87-4b6e-86c9-d39d0d5ae609 ] Request (VolumesAdminNegativeTest:test_update_attached_volume_with_nonexistent_volume_in_body): 200 GET http://10.180.1.21/compute/v2.1/servers/b8f0e5f1-04c8-4784-a597-768a0900e987 0.602s
2025-02-04 17:10:04.283 62306 INFO tempest.common.waiters [-] State transition "BUILD/None" ==> "BUILD/networking" after 36 second wait
2025-02-04 17:10:04.317 62336 INFO tempest.lib.common.rest_client [req-93435c79-94f9-4cc7-8c85-7a22f44c0a05 req-93435c79-94f9-4cc7-8c85-7a22f44c0a05 ] Request (HypervisorAdminUnderV252Test:tearDownClass): 204 DELETE http://10.180.1.21/identity/v3/users/2b84197727e844e5a5a758a382a50ae3 0.161s
2025-02-04 17:10:04.317 62336 INFO tempest.lib.common.dynamic_creds [-] Deleting project and security group for project: 038548b2d4174275ba4126af7b3caf38
2025-02-04 17:10:04.369 62358 INFO tempest.lib.common.rest_client [req-9f10aa85-8d51-4b38-a935-751124bfcf50 req-9f10aa85-8d51-4b38-a935-751124bfcf50 ] Request (ServersAdminNegativeTestJSON:test_migrate_server_invalid_state): 200 GET http://10.180.1.21/compute/v2.1/servers/a78e6b14-65ca-4e48-8a5f-92f5e2d97feb 0.688s
2025-02-04 17:10:04.426 62336 INFO tempest.lib.common.rest_client [req-c936b48f-2dc5-4d52-8938-e853baf70b16 req-c936b48f-2dc5-4d52-8938-e853baf70b16 ] Request (HypervisorAdminUnderV252Test:tearDownClass): 201 POST http://10.180.1.21/identity/v3/auth/tokens 0.108s
2025-02-04 17:10:04.451 62356 INFO tempest.lib.common.rest_client [req-cef0a78c-80f4-4042-9436-62f994df4e6d req-cef0a78c-80f4-4042-9436-62f994df4e6d ] Request (ImagesOneServerTestJSON:test_create_delete_image): 202 POST http://10.180.1.21/compute/v2.1/servers/c8089295-8fc8-459c-a66e-7be478e1b7ec/action 0.906s
2025-02-04 17:10:04.456 62342 INFO tempest.lib.common.rest_client [req-e420f90e-024f-4c7e-a965-83704add1819 req-e420f90e-024f-4c7e-a965-83704add1819 ] Request (ServersTestBootFromVolume:setUpClass): 200 GET http://10.180.1.21/compute/v2.1/servers/f50e7100-ddcb-4485-964c-25c952cdb844 0.727s
2025-02-04 17:10:04.540 62346 INFO tempest.lib.common.rest_client [req-272ca2c9-a384-4df9-a998-f1001fdf8d04 req-272ca2c9-a384-4df9-a998-f1001fdf8d04 ] Request (InstanceActionsNegativeTestJSON:setUpClass): 200 GET http://10.180.1.21/compute/v2.1/servers/59235193-56b1-454f-b2e3-09e023701c62 0.760s
2025-02-04 17:10:04.587 62302 INFO tempest.lib.common.rest_client [req-27c3c1d8-60c7-4fb0-899b-a18efb0f39cb req-27c3c1d8-60c7-4fb0-899b-a18efb0f39cb ] Request (AttachInterfacesUnderV243Test:setUpClass): 200 PUT http://10.180.1.21:9696/networking/v2.0/routers/d8561b50-6866-4803-811a-a8f87445c18b/add_router_interface 1.373s
2025-02-04 17:10:04.587 62302 INFO tempest.lib.common.dynamic_creds [-] Created isolated network resources for: credentials: Credentials: {'domain_id': 'default', 'domain_name': 'Default', 'username': 'tempest-AttachInterfacesUnderV243Test-1884495090-project-member', 'project_domain_id': 'default', 'project_domain_name': 'Default', 'project_id': '1a7fb9d53944466080f810b9c0054e59', 'project_name': 'tempest-AttachInterfacesUnderV243Test-1884495090', 'tenant_id': '1a7fb9d53944466080f810b9c0054e59', 'tenant_name': 'tempest-AttachInterfacesUnderV243Test-1884495090', 'user_domain_id': 'default', 'user_domain_name': 'Default', 'user_id': 'a82ad7a403fd45218da7dc2d168da87a', 'system': None}, Network: {'id': 'a30435d2-e035-4a8a-9f63-0c11633d622d', 'name': 'tempest-AttachInterfacesUnderV243Test-2074070213-network', 'tenant_id': '1a7fb9d53944466080f810b9c0054e59', 'admin_state_up': True, 'mtu': 8950, 'status': 'ACTIVE', 'subnets': [], 'shared': False, 'project_id': '1a7fb9d53944466080f810b9c0054e59', 'port_security_enabled': True, 'router:external': False, 'provider:network_type': 'vlan', 'provider:physical_network': 'default', 'provider:segmentation_id': 377, 'availability_zone_hints': [], 'availability_zones': [], 'ipv4_address_scope': None, 'ipv6_address_scope': None, 'description': '', 'tags': [], 'created_at': '2025-02-04T17:10:01Z', 'updated_at': '2025-02-04T17:10:01Z', 'revision_number': 1}, Subnet: {'id': '9d63fda5-8121-4901-bb91-591e7cff3f84', 'name': 'tempest-AttachInterfacesUnderV243Test-2074070213-subnet', 'tenant_id': '1a7fb9d53944466080f810b9c0054e59', 'network_id': 'a30435d2-e035-4a8a-9f63-0c11633d622d', 'ip_version': 4, 'subnetpool_id': None, 'enable_dhcp': True, 'ipv6_ra_mode': None, 'ipv6_address_mode': None, 'gateway_ip': '192.168.128.1', 'cidr': '192.168.128.0/28', 'allocation_pools': [{'start': '192.168.128.2', 'end': '192.168.128.14'}], 'host_routes': [], 'dns_nameservers': [], 'description': '', 'router:external': False, 'service_types': [], 'tags': [], 'created_at': '2025-02-04T17:10:01Z', 'updated_at': '2025-02-04T17:10:01Z', 'revision_number': 0, 'project_id': '1a7fb9d53944466080f810b9c0054e59'}, Router: {'id': 'd8561b50-6866-4803-811a-a8f87445c18b', 'name': 'tempest-AttachInterfacesUnderV243Test-2074070213-router', 'tenant_id': '1a7fb9d53944466080f810b9c0054e59', 'admin_state_up': True, 'status': 'ACTIVE', 'external_gateway_info': {'network_id': 'ef7c7ab0-fb35-472b-a0b4-8177d85af3b5', 'external_fixed_ips': [{'subnet_id': 'f839dbb6-e5b5-49ea-b267-fe6e168024b8', 'ip_address': '10.180.180.185'}], 'enable_snat': True}, 'description': '', 'availability_zones': [], 'distributed': False, 'ha': False, 'availability_zone_hints': [], 'routes': [], 'flavor_id': None, 'tags': [], 'created_at': '2025-02-04T17:10:02Z', 'updated_at': '2025-02-04T17:10:02Z', 'revision_number': 2, 'project_id': '1a7fb9d53944466080f810b9c0054e59'}
2025-02-04 17:10:04.592 62300 INFO tempest.lib.common.rest_client [req-0130f5ee-b538-4593-874e-6ea240f77507 req-0130f5ee-b538-4593-874e-6ea240f77507 ] Request (ServersAdminTestJSON:test_create_server_with_scheduling_hint): 200 GET http://10.180.1.21/compute/v2.1/servers/f7173894-2c79-40c7-b8a3-9b502c2c29a1 0.712s
2025-02-04 17:10:04.638 62334 INFO tempest.lib.common.rest_client [req-092aa625-bef1-45c9-85a3-ad48e1c5cf0f req-092aa625-bef1-45c9-85a3-ad48e1c5cf0f ] Request (SecurityGroupRulesTestJSON:test_security_group_rules_delete_when_peer_group_deleted): 200 POST http://10.180.1.21/compute/v2.1/os-security-groups 0.769s
2025-02-04 17:10:04.670 62320 INFO tempest.lib.common.rest_client [req-800e58f3-30a8-4eed-8b83-77336a3527ad req-800e58f3-30a8-4eed-8b83-77336a3527ad ] Request (AttachInterfacesTestJSON:test_create_list_show_delete_interfaces_by_fixed_ip): 200 GET http://10.180.1.21/compute/v2.1/servers/f710ae20-f82c-4e3f-a52f-3b1042e26504 0.734s
2025-02-04 17:10:04.678 62302 INFO tempest.lib.common.rest_client [req-d3c4a22d-2654-4d1a-a5d8-8acb46e00376 req-d3c4a22d-2654-4d1a-a5d8-8acb46e00376 ] Request (AttachInterfacesUnderV243Test:setUpClass): 201 POST http://10.180.1.21/identity/v3/auth/tokens 0.087s
2025-02-04 17:10:04.693 62318 INFO tempest.lib.common.rest_client [req-1505d4d3-863e-4451-8c43-9d0da7dc20d2 req-1505d4d3-863e-4451-8c43-9d0da7dc20d2 ] Request (ImagesOneServerNegativeTestJSON:setUpClass): 200 GET http://10.180.1.21/compute/v2.1/servers/8b6b7cb7-4895-4e3e-b020-071130ad88ab 0.710s
2025-02-04 17:10:04.761 62338 INFO tempest.lib.common.rest_client [req-b7bde79f-37be-4a35-bc33-02652ce0a078 req-b7bde79f-37be-4a35-bc33-02652ce0a078 ] Request (TenantUsagesTestJSON:setUpClass): 200 GET http://10.180.1.21/compute/v2.1/servers/564c4383-1dfd-46c6-aded-6b295642bc18 0.714s
2025-02-04 17:10:04.763 62304 INFO tempest.lib.common.rest_client [req-fd62ebad-ad17-4cfd-8aaa-5e4cbe348b13 req-fd62ebad-ad17-4cfd-8aaa-5e4cbe348b13 ] Request (FloatingIPsAssociationNegativeTestJSON:setUpClass): 200 GET http://10.180.1.21/compute/v2.1/servers/06fcd604-5854-49bd-9bbd-51cbe3710e66 0.740s
2025-02-04 17:10:04.788 62354 INFO tempest.lib.common.rest_client [req-cbcdafd0-3921-47d8-a507-938cd955ef5f req-cbcdafd0-3921-47d8-a507-938cd955ef5f ] Request (VolumesNegativeTest:test_volume_get_nonexistent_volume_id): 404 GET http://10.180.1.21/compute/v2.1/os-volumes/c6641370-0d22-4ca6-a6b6-886364378818 0.735s
2025-02-04 17:10:04.821 62336 INFO tempest.lib.common.rest_client [req-34d6c624-c4d9-42e0-80bd-75edc67e89c8 req-34d6c624-c4d9-42e0-80bd-75edc67e89c8 ] Request (HypervisorAdminUnderV252Test:tearDownClass): 200 GET http://10.180.1.21:9696/networking/v2.0/security-groups?tenant_id=038548b2d4174275ba4126af7b3caf38&name=default 0.394s
2025-02-04 17:10:04.851 62310 INFO tempest.lib.common.rest_client [req-73798c27-b221-4f35-8b73-07af76e1a460 req-73798c27-b221-4f35-8b73-07af76e1a460 ] Request (ServerDiagnosticsTest:tearDownClass): 200 GET http://10.180.1.21/compute/v2.1/servers/d2efff21-a97d-47aa-905d-1d59815e514e 0.694s
2025-02-04 17:10:04.853 62308 INFO tempest.lib.common.rest_client [req-3f042954-961d-45bd-afb6-6f35ce0921b2 req-3f042954-961d-45bd-afb6-6f35ce0921b2 ] Request (ListImageFiltersTestJSON:setUpClass): 200 GET http://10.180.1.21/compute/v2.1/servers/f0e0e8a0-6712-4cce-9a5c-59172bb1c145 0.667s
2025-02-04 17:10:04.887 62354 INFO tempest.lib.common.rest_client [req-152a1869-2f4f-4d05-8023-634c4a5bc799 req-152a1869-2f4f-4d05-8023-634c4a5bc799 ] Request (VolumesNegativeTest:tearDownClass): 204 DELETE http://10.180.1.21/identity/v3/users/e721e60c49b9437d94d954ecce616c0f 0.091s
2025-02-04 17:10:04.887 62354 INFO tempest.lib.common.dynamic_creds [-] Deleting project and security group for project: 34be16be31884a09a34c555d2339683a
2025-02-04 17:10:04.891 62356 INFO tempest.lib.common.rest_client [req-e02834c8-ede4-45fb-bfe0-c08e4f492761 req-e02834c8-ede4-45fb-bfe0-c08e4f492761 ] Request (ImagesOneServerTestJSON:test_create_delete_image): 200 GET http://10.180.1.21/compute/v2.1/images/fc00c388-cd6e-4e73-bb36-a69cc3980cdd 0.439s
2025-02-04 17:10:04.962 62354 INFO tempest.lib.common.rest_client [req-9c95e33b-77e8-4284-b3ce-957bcb40330d req-9c95e33b-77e8-4284-b3ce-957bcb40330d ] Request (VolumesNegativeTest:tearDownClass): 201 POST http://10.180.1.21/identity/v3/auth/tokens 0.074s
2025-02-04 17:10:04.991 62336 INFO tempest.lib.common.rest_client [req-da073fe4-cea0-4ecb-8acb-cec85239309f req-da073fe4-cea0-4ecb-8acb-cec85239309f ] Request (HypervisorAdminUnderV252Test:tearDownClass): 204 DELETE http://10.180.1.21:9696/networking/v2.0/security-groups/561c31f4-c449-41c5-a8ed-4b587f9883d9 0.169s
2025-02-04 17:10:05.010 62324 INFO tempest.lib.common.rest_client [req-25df2000-1a08-496c-9f27-4ac2deed7df0 req-25df2000-1a08-496c-9f27-4ac2deed7df0 ] Request (MigrationsAdminTest:test_list_migrations_in_flavor_resize_situation): 200 GET http://10.180.1.21/compute/v2.1/servers/a4917632-490f-4fea-b55b-ee28bb21a1e4 0.739s
2025-02-04 17:10:05.022 62324 INFO tempest.common.waiters [-] State transition "RESIZE/resize_prep" ==> "RESIZE/resize_migrating" after 26 second wait
2025-02-04 17:10:05.085 62336 INFO tempest.lib.common.rest_client [req-f21e3bb6-6669-4827-b37d-ba8993c22daf req-f21e3bb6-6669-4827-b37d-ba8993c22daf ] Request (HypervisorAdminUnderV252Test:tearDownClass): 204 DELETE http://10.180.1.21/identity/v3/projects/038548b2d4174275ba4126af7b3caf38 0.093s
2025-02-04 17:10:05.085 62336 INFO tempest.lib.common.dynamic_creds [-] Deleting project and security group for project: 0c19bcf2540143eab2b98d2da2801cbe
2025-02-04 17:10:05.085 62344 INFO tempest.lib.common.rest_client [req-a2fdfb06-2ab2-4a5c-add9-a229c816d3c4 req-a2fdfb06-2ab2-4a5c-add9-a229c816d3c4 ] Request (AttachVolumeTestJSON:test_attach_detach_volume): 200 GET http://10.180.1.21/compute/v2.1/servers/cd1edbe3-4426-474b-99ed-8143be203e55 0.557s
2025-02-04 17:10:05.153 62360 INFO tempest.lib.common.rest_client [req-c770b4c3-4e99-4bdd-8990-e0802d362e45 req-c770b4c3-4e99-4bdd-8990-e0802d362e45 ] Request (AttachVolumeShelveTestJSON:test_attach_volume_shelved_or_offload_server): 200 GET http://10.180.1.21/compute/v2.1/servers/2dffe23d-5c9a-4477-a855-227646ad434b 0.569s
2025-02-04 17:10:05.219 62316 INFO tempest.lib.common.rest_client [req-f1a3b52a-5054-488d-89a7-503d1e057b92 req-f1a3b52a-5054-488d-89a7-503d1e057b92 ] Request (ServersTestJSON:setUpClass): 200 GET http://10.180.1.21/compute/v2.1/servers/0582d2f2-d973-49db-8ffb-782d89aba5fc 0.582s
2025-02-04 17:10:05.253 62354 INFO tempest.lib.common.rest_client [req-9904a7ad-4aa5-4dc7-bcfd-50c57890f920 req-9904a7ad-4aa5-4dc7-bcfd-50c57890f920 ] Request (VolumesNegativeTest:tearDownClass): 200 GET http://10.180.1.21:9696/networking/v2.0/security-groups?tenant_id=34be16be31884a09a34c555d2339683a&name=default 0.290s
2025-02-04 17:10:05.260 62341 INFO tempest.lib.common.rest_client [req-8f9a0adc-abf4-4eaa-9ff9-0f35682360b8 req-8f9a0adc-abf4-4eaa-9ff9-0f35682360b8 ] Request (VolumesAssistedSnapshotsTest:test_volume_assisted_snapshot_create_delete): 200 GET http://10.180.1.21/compute/v2.1/servers/19277cfb-5358-49a0-a8e9-bbd55722df41 0.794s
2025-02-04 17:10:05.301 62336 INFO tempest.lib.common.rest_client [req-ab972095-c650-49c9-9b3c-de5be039f4df req-ab972095-c650-49c9-9b3c-de5be039f4df ] Request (HypervisorAdminUnderV252Test:tearDownClass): 200 GET http://10.180.1.21:9696/networking/v2.0/security-groups?tenant_id=0c19bcf2540143eab2b98d2da2801cbe&name=default 0.215s
2025-02-04 17:10:05.434 62354 INFO tempest.lib.common.rest_client [req-ed2896fd-5bda-4858-a7e0-8f87d746552f req-ed2896fd-5bda-4858-a7e0-8f87d746552f ] Request (VolumesNegativeTest:tearDownClass): 204 DELETE http://10.180.1.21:9696/networking/v2.0/security-groups/8ffe978a-0d44-4141-9d7f-d66eeb838618 0.180s
2025-02-04 17:10:05.479 62302 INFO tempest.lib.common.rest_client [req-5bff1fac-950d-4151-8607-f1ac5c2d8ecf req-5bff1fac-950d-4151-8607-f1ac5c2d8ecf ] Request (ValidationResourcesFixture:setUp): 200 POST http://10.180.1.21/compute/v2.1/os-keypairs 0.798s
2025-02-04 17:10:05.545 62336 INFO tempest.lib.common.rest_client [req-8931be35-c519-4d61-a664-c25ce3cdebbc req-8931be35-c519-4d61-a664-c25ce3cdebbc ] Request (HypervisorAdminUnderV252Test:tearDownClass): 204 DELETE http://10.180.1.21:9696/networking/v2.0/security-groups/173fb9b8-333e-4d2c-99a3-1476da32ccbd 0.244s
2025-02-04 17:10:05.555 62298 INFO tempest.lib.common.rest_client [req-a98a8b15-e75d-43af-a411-ca263237bd0c req-a98a8b15-e75d-43af-a411-ca263237bd0c ] Request (ServersWithSpecificFlavorTestJSON:test_verify_created_server_ephemeral_disk): 200 GET http://10.180.1.21/compute/v2.1/servers/8f22e462-0047-4ef2-b3cb-6284a5fdf506 0.857s
2025-02-04 17:10:05.573 62354 INFO tempest.lib.common.rest_client [req-b0e497e3-4e49-431b-a55c-98539b360e5e req-b0e497e3-4e49-431b-a55c-98539b360e5e ] Request (VolumesNegativeTest:tearDownClass): 204 DELETE http://10.180.1.21/identity/v3/projects/34be16be31884a09a34c555d2339683a 0.139s
2025-02-04 17:10:05.616 62334 INFO tempest.lib.common.rest_client [req-b208cc8b-0dce-421e-8df1-1bf528afb3c4 req-b208cc8b-0dce-421e-8df1-1bf528afb3c4 ] Request (SecurityGroupRulesTestJSON:test_security_group_rules_delete_when_peer_group_deleted): 200 POST http://10.180.1.21/compute/v2.1/os-security-group-rules 0.975s
2025-02-04 17:10:05.632 62302 INFO tempest.lib.common.rest_client [req-ce9efe58-010f-42c8-afee-0acbbac8d5b7 req-ce9efe58-010f-42c8-afee-0acbbac8d5b7 ] Request (ValidationResourcesFixture:setUp): 201 POST http://10.180.1.21:9696/networking/v2.0/security-groups 0.151s
2025-02-04 17:10:05.676 62336 INFO tempest.lib.common.rest_client [req-bf97a7b1-0a50-4ee5-99a5-c75543b4405e req-bf97a7b1-0a50-4ee5-99a5-c75543b4405e ] Request (HypervisorAdminUnderV252Test:tearDownClass): 204 DELETE http://10.180.1.21/identity/v3/projects/0c19bcf2540143eab2b98d2da2801cbe 0.131s
2025-02-04 17:10:05.685 62328 INFO tempest.lib.common.rest_client [req-8a4b491f-064f-4346-a643-07a859e50272 req-8a4b491f-064f-4346-a643-07a859e50272 ] Request (ImagesTestJSON:test_create_image_from_stopped_server): 200 GET http://10.180.1.21/compute/v2.1/servers/8e1a5f74-c744-42d6-8b42-4b6fcd9e5300 0.919s
2025-02-04 17:10:05.718 62326 INFO tempest.lib.common.rest_client [req-3339171f-ed02-4703-88dd-cef9f23faeda req-3339171f-ed02-4703-88dd-cef9f23faeda ] Request (ServerDiagnosticsNegativeTest:tearDownClass): 200 GET http://10.180.1.21/compute/v2.1/servers/98081ed8-ed47-4007-8704-afda0d808dcb 1.016s
2025-02-04 17:10:05.749 62330 INFO tempest.lib.common.rest_client [req-a879d3fd-c516-4c8a-9609-7b14e94ec6cd req-a879d3fd-c516-4c8a-9609-7b14e94ec6cd ] Request (ListServersNegativeTestJSON:setUpClass): 200 GET http://10.180.1.21/compute/v2.1/servers/83fe5133-94e5-4a2a-9aab-bcbf46973210 0.942s
2025-02-04 17:10:05.755 62336 INFO tempest.lib.common.rest_client [req-0f35b1b0-918a-425b-80f1-d2108dab196b req-0f35b1b0-918a-425b-80f1-d2108dab196b ] Request (SecurityGroupsTestJSON:setUpClass): 201 POST http://10.180.1.21/identity/v3/auth/tokens 0.077s
2025-02-04 17:10:05.781 62332 INFO tempest.lib.common.rest_client [req-cb9e1ce2-f6bf-4dd2-b872-5a696414582a req-cb9e1ce2-f6bf-4dd2-b872-5a696414582a ] Request (ServerExternalEventsTest:test_create_server_external_events): 200 GET http://10.180.1.21/compute/v2.1/servers/ee8ccbf4-bfcf-4784-b1b5-a16915fd2c02 0.922s
2025-02-04 17:10:05.791 62336 INFO tempest.lib.common.rest_client [req-0ca419f5-ea57-495b-b970-c3b1c57c4183 req-0ca419f5-ea57-495b-b970-c3b1c57c4183 ] Request (SecurityGroupsTestJSON:setUpClass): 201 POST http://10.180.1.21/identity/v3/auth/tokens 0.033s
2025-02-04 17:10:05.821 62336 INFO tempest.lib.common.rest_client [req-7fa51aa4-42d5-48e6-811f-e8cb6c8bfc4e req-7fa51aa4-42d5-48e6-811f-e8cb6c8bfc4e ] Request (SecurityGroupsTestJSON:setUpClass): 200 GET http://10.180.1.21/identity/v3/domains?name=Default 0.030s
2025-02-04 17:10:05.846 62302 INFO tempest.lib.common.rest_client [req-30433049-cd6a-4d90-9e37-fa7be78f3f5b req-30433049-cd6a-4d90-9e37-fa7be78f3f5b ] Request (ValidationResourcesFixture:setUp): 201 POST http://10.180.1.21:9696/networking/v2.0/security-group-rules 0.213s
2025-02-04 17:10:05.860 62336 INFO tempest.lib.common.rest_client [req-75d895e4-a999-4e65-9fd0-6f003de36cbf req-75d895e4-a999-4e65-9fd0-6f003de36cbf ] Request (SecurityGroupsTestJSON:setUpClass): 201 POST http://10.180.1.21/identity/v3/projects 0.038s
2025-02-04 17:10:05.869 62322 INFO tempest.lib.common.rest_client [req-6895ee5a-66c3-4606-b7e2-6e1de166a1dd req-6895ee5a-66c3-4606-b7e2-6e1de166a1dd ] Request (DeleteServersAdminTestJSON:test_admin_delete_servers_of_others): 200 GET http://10.180.1.21/compute/v2.1/servers/b870a22c-5824-436a-b809-f7c6e30a4730 0.738s
2025-02-04 17:10:05.889 62314 INFO tempest.lib.common.rest_client [req-b2b3072a-1037-4fce-ba91-1776dd64c93d req-b2b3072a-1037-4fce-ba91-1776dd64c93d ] Request (ListServerFiltersTestJSON:test_list_servers_filter_by_shutoff_status): 200 GET http://10.180.1.21/compute/v2.1/servers/2c954ee4-f76a-4c72-98fa-ba43513bb93d 0.867s
2025-02-04 17:10:05.901 62314 INFO tempest.common.waiters [-] State transition "SHUTOFF/powering-on" ==> "ACTIVE/None" after 7 second wait
2025-02-04 17:10:05.925 62336 INFO tempest.lib.common.rest_client [req-6f054f1f-30db-4562-9261-f25e82adb3fe req-6f054f1f-30db-4562-9261-f25e82adb3fe ] Request (SecurityGroupsTestJSON:setUpClass): 201 POST http://10.180.1.21/identity/v3/users 0.064s
2025-02-04 17:10:05.941 62312 INFO tempest.lib.common.rest_client [req-51239f71-7b06-41ea-9cbd-321935e45a30 req-51239f71-7b06-41ea-9cbd-321935e45a30 ] Request (ServerDiagnosticsV248Test:tearDownClass): 200 GET http://10.180.1.21/compute/v2.1/servers/db229b78-0fbc-4414-bb1e-eda51da31400 0.732s
2025-02-04 17:10:05.947 62336 INFO tempest.lib.common.rest_client [req-0bccd4a8-be28-4de3-9cee-f258849a606c req-0bccd4a8-be28-4de3-9cee-f258849a606c ] Request (SecurityGroupsTestJSON:setUpClass): 200 GET http://10.180.1.21/identity/v3/roles 0.022s
2025-02-04 17:10:05.964 62302 INFO tempest.lib.common.rest_client [req-e1b24cbb-3ad9-40c3-b118-18d3eb2c2b6a req-e1b24cbb-3ad9-40c3-b118-18d3eb2c2b6a ] Request (ValidationResourcesFixture:setUp): 201 POST http://10.180.1.21:9696/networking/v2.0/security-group-rules 0.117s
2025-02-04 17:10:05.973 62336 INFO tempest.lib.common.rest_client [req-8615b96d-297e-409c-94b1-2db42e1fa0ee req-8615b96d-297e-409c-94b1-2db42e1fa0ee ] Request (SecurityGroupsTestJSON:setUpClass): 204 PUT http://10.180.1.21/identity/v3/projects/7857e6b24cf34288ba5e9326ccb44310/users/b76cd2b24a934e69a51207eaf11a8f68/roles/2e30fb8250144e7f9066e7ead5a79fc3 0.025s
2025-02-04 17:10:05.973 62336 INFO tempest.lib.common.dynamic_creds [-] Dynamic test user b76cd2b24a934e69a51207eaf11a8f68 is created with scope project and roles: ['member']
2025-02-04 17:10:05.973 62336 INFO tempest.lib.common.dynamic_creds [-] Acquired dynamic creds: credentials: Credentials: {'domain_id': 'default', 'domain_name': 'Default', 'username': 'tempest-SecurityGroupsTestJSON-1485503011-project-member', 'project_domain_id': 'default', 'project_domain_name': 'Default', 'project_id': '7857e6b24cf34288ba5e9326ccb44310', 'project_name': 'tempest-SecurityGroupsTestJSON-1485503011', 'tenant_id': '7857e6b24cf34288ba5e9326ccb44310', 'tenant_name': 'tempest-SecurityGroupsTestJSON-1485503011', 'user_domain_id': 'default', 'user_domain_name': 'Default', 'user_id': 'b76cd2b24a934e69a51207eaf11a8f68', 'system': None}, Network: None, Subnet: None, Router: None
2025-02-04 17:10:05.995 62358 INFO tempest.lib.common.rest_client [req-aefc4c53-4373-4e82-b00b-1eca52ed1b3d req-aefc4c53-4373-4e82-b00b-1eca52ed1b3d ] Request (ServersAdminNegativeTestJSON:test_migrate_server_invalid_state): 200 GET http://10.180.1.21/compute/v2.1/servers/a78e6b14-65ca-4e48-8a5f-92f5e2d97feb 0.616s
2025-02-04 17:10:06.019 62306 INFO tempest.lib.common.rest_client [req-f8d72e99-ed30-4e30-9a58-dc9525b99f4f req-f8d72e99-ed30-4e30-9a58-dc9525b99f4f ] Request (VolumesAdminNegativeTest:test_update_attached_volume_with_nonexistent_volume_in_body): 200 GET http://10.180.1.21/compute/v2.1/servers/b8f0e5f1-04c8-4784-a597-768a0900e987 0.734s
2025-02-04 17:10:06.027 62306 INFO tempest.common.waiters [-] State transition "BUILD/networking" ==> "BUILD/spawning" after 38 second wait
2025-02-04 17:10:06.030 62336 INFO tempest.lib.common.rest_client [req-2bcaf95b-b682-4ecc-bd20-e8501ffc684c req-2bcaf95b-b682-4ecc-bd20-e8501ffc684c ] Request (SecurityGroupsTestJSON:setUpClass): 201 POST http://10.180.1.21/identity/v3/auth/tokens 0.057s
2025-02-04 17:10:06.062 62342 INFO tempest.lib.common.rest_client [req-fba56385-5cee-4cc7-a551-a8156c837912 req-fba56385-5cee-4cc7-a551-a8156c837912 ] Request (ServersTestBootFromVolume:setUpClass): 200 GET http://10.180.1.21/compute/v2.1/servers/f50e7100-ddcb-4485-964c-25c952cdb844 0.595s
2025-02-04 17:10:06.073 62342 INFO tempest.common.waiters [-] State transition "BUILD/scheduling" ==> "BUILD/None" after 23 second wait
2025-02-04 17:10:06.077 62346 INFO tempest.lib.common.rest_client [req-f43a40b1-dcaf-48de-82d0-e4a6295d401d req-f43a40b1-dcaf-48de-82d0-e4a6295d401d ] Request (InstanceActionsNegativeTestJSON:setUpClass): 200 GET http://10.180.1.21/compute/v2.1/servers/59235193-56b1-454f-b2e3-09e023701c62 0.527s
2025-02-04 17:10:06.121 62300 INFO tempest.lib.common.rest_client [req-553ed519-dd3f-4cfa-89fe-70ec938d04f3 req-553ed519-dd3f-4cfa-89fe-70ec938d04f3 ] Request (ServersAdminTestJSON:test_create_server_with_scheduling_hint): 200 GET http://10.180.1.21/compute/v2.1/servers/f7173894-2c79-40c7-b8a3-9b502c2c29a1 0.519s
2025-02-04 17:10:06.177 62320 INFO tempest.lib.common.rest_client [req-69c915c6-6215-4d96-b853-8a95f9b25579 req-69c915c6-6215-4d96-b853-8a95f9b25579 ] Request (AttachInterfacesTestJSON:test_create_list_show_delete_interfaces_by_fixed_ip): 200 GET http://10.180.1.21/compute/v2.1/servers/f710ae20-f82c-4e3f-a52f-3b1042e26504 0.497s
2025-02-04 17:10:06.254 62318 INFO tempest.lib.common.rest_client [req-1d10f4ac-9695-46a6-ac7b-9c1938f666ce req-1d10f4ac-9695-46a6-ac7b-9c1938f666ce ] Request (ImagesOneServerNegativeTestJSON:setUpClass): 200 GET http://10.180.1.21/compute/v2.1/servers/8b6b7cb7-4895-4e3e-b020-071130ad88ab 0.550s
2025-02-04 17:10:06.276 62334 INFO tempest.lib.common.rest_client [req-9593b246-6832-43df-9804-67b3b395c0be req-9593b246-6832-43df-9804-67b3b395c0be ] Request (SecurityGroupRulesTestJSON:test_security_group_rules_delete_when_peer_group_deleted): 202 DELETE http://10.180.1.21/compute/v2.1/os-security-groups/8aed6e65-1024-4996-a286-25eff1bbdfb9 0.656s
2025-02-04 17:10:06.347 62304 INFO tempest.lib.common.rest_client [req-9adc44db-cbc0-409e-96b3-886f866d170e req-9adc44db-cbc0-409e-96b3-886f866d170e ] Request (FloatingIPsAssociationNegativeTestJSON:setUpClass): 200 GET http://10.180.1.21/compute/v2.1/servers/06fcd604-5854-49bd-9bbd-51cbe3710e66 0.574s
2025-02-04 17:10:06.350 62338 INFO tempest.lib.common.rest_client [req-c12b0d49-849d-46c4-847f-d0cca841490a req-c12b0d49-849d-46c4-847f-d0cca841490a ] Request (TenantUsagesTestJSON:setUpClass): 200 GET http://10.180.1.21/compute/v2.1/servers/564c4383-1dfd-46c6-aded-6b295642bc18 0.575s
2025-02-04 17:10:06.402 62336 INFO tempest.lib.common.rest_client [req-81e41fd5-3418-43b3-939a-3a144f24c07a req-81e41fd5-3418-43b3-939a-3a144f24c07a ] Request (SecurityGroupsTestJSON:setUpClass): 201 POST http://10.180.1.21:9696/networking/v2.0/networks 0.371s
2025-02-04 17:10:06.436 62310 INFO tempest.lib.common.rest_client [req-590e800c-13b9-4ffe-baec-e6b9a99cc09a req-590e800c-13b9-4ffe-baec-e6b9a99cc09a ] Request (ServerDiagnosticsTest:tearDownClass): 200 GET http://10.180.1.21/compute/v2.1/servers/d2efff21-a97d-47aa-905d-1d59815e514e 0.572s
2025-02-04 17:10:06.446 62308 INFO tempest.lib.common.rest_client [req-238321ed-27d2-4a4d-b79d-882c7fc99bc5 req-238321ed-27d2-4a4d-b79d-882c7fc99bc5 ] Request (ListImageFiltersTestJSON:setUpClass): 200 GET http://10.180.1.21/compute/v2.1/servers/f0e0e8a0-6712-4cce-9a5c-59172bb1c145 0.581s
2025-02-04 17:10:06.463 62308 INFO tempest.common.waiters [-] State transition "BUILD/None" ==> "BUILD/networking" after 37 second wait
2025-02-04 17:10:06.467 62314 INFO tempest.lib.common.rest_client [req-46a7b87d-26af-4fd1-84b0-18038e16636f req-46a7b87d-26af-4fd1-84b0-18038e16636f ] Request (ListServerFiltersTestJSON:test_list_servers_filter_by_zero_limit): 200 GET http://10.180.1.21/compute/v2.1/servers?limit=0 0.563s
2025-02-04 17:10:06.477 62356 INFO tempest.lib.common.rest_client [req-2299c65b-ce19-45a5-91fc-ae5952c07a02 req-2299c65b-ce19-45a5-91fc-ae5952c07a02 ] Request (ImagesOneServerTestJSON:test_create_delete_image): 200 GET http://10.180.1.21/compute/v2.1/images/fc00c388-cd6e-4e73-bb36-a69cc3980cdd 0.581s
2025-02-04 17:10:06.543 62344 INFO tempest.lib.common.rest_client [req-2a57b726-84f0-40de-92e2-816b3b6eeaec req-2a57b726-84f0-40de-92e2-816b3b6eeaec ] Request (AttachVolumeTestJSON:test_attach_detach_volume): 200 GET http://10.180.1.21/compute/v2.1/servers/cd1edbe3-4426-474b-99ed-8143be203e55 0.447s
2025-02-04 17:10:06.585 62336 INFO tempest.lib.common.rest_client [req-9ac1b233-3905-42fc-8eb1-7d8825a23173 req-9ac1b233-3905-42fc-8eb1-7d8825a23173 ] Request (SecurityGroupsTestJSON:setUpClass): 201 POST http://10.180.1.21:9696/networking/v2.0/subnets 0.181s
2025-02-04 17:10:06.698 62324 INFO tempest.lib.common.rest_client [req-daa46333-b9b4-4f11-9841-99ac336f27a0 req-daa46333-b9b4-4f11-9841-99ac336f27a0 ] Request (MigrationsAdminTest:test_list_migrations_in_flavor_resize_situation): 200 GET http://10.180.1.21/compute/v2.1/servers/a4917632-490f-4fea-b55b-ee28bb21a1e4 0.674s
2025-02-04 17:10:06.718 62302 INFO tempest.lib.common.rest_client [req-67f5fd3a-5733-40e9-b4f1-bfdd430a3fa1 req-67f5fd3a-5733-40e9-b4f1-bfdd430a3fa1 ] Request (ValidationResourcesFixture:setUp): 201 POST http://10.180.1.21:9696/networking/v2.0/floatingips 0.754s
2025-02-04 17:10:06.772 62316 INFO tempest.lib.common.rest_client [req-629f0a99-6d6e-4a97-85db-5e73b9130ffc req-629f0a99-6d6e-4a97-85db-5e73b9130ffc ] Request (ServersTestJSON:setUpClass): 200 GET http://10.180.1.21/compute/v2.1/servers/0582d2f2-d973-49db-8ffb-782d89aba5fc 0.542s
2025-02-04 17:10:06.785 62302 INFO tempest.lib.common.rest_client [req-93491f37-18b6-4927-8301-6a8d14025a54 req-93491f37-18b6-4927-8301-6a8d14025a54 ] Request (AttachInterfacesUnderV243Test:test_add_remove_fixed_ip): 201 POST http://10.180.1.21/identity/v3/auth/tokens 0.061s
2025-02-04 17:10:06.785 62302 INFO tempest.lib.common.fixed_network [-] (AttachInterfacesUnderV243Test:test_add_remove_fixed_ip) Found network {'id': 'a30435d2-e035-4a8a-9f63-0c11633d622d', 'name': 'tempest-AttachInterfacesUnderV243Test-2074070213-network', 'tenant_id': '1a7fb9d53944466080f810b9c0054e59', 'admin_state_up': True, 'mtu': 8950, 'status': 'ACTIVE', 'subnets': [], 'shared': False, 'project_id': '1a7fb9d53944466080f810b9c0054e59', 'port_security_enabled': True, 'router:external': False, 'provider:network_type': 'vlan', 'provider:physical_network': 'default', 'provider:segmentation_id': 377, 'availability_zone_hints': [], 'availability_zones': [], 'ipv4_address_scope': None, 'ipv6_address_scope': None, 'description': '', 'tags': [], 'created_at': '2025-02-04T17:10:01Z', 'updated_at': '2025-02-04T17:10:01Z', 'revision_number': 1} available for tenant
2025-02-04 17:10:06.790 62360 INFO tempest.lib.common.rest_client [req-8fd01bca-6a67-4364-a25c-057fc2548e50 req-8fd01bca-6a67-4364-a25c-057fc2548e50 ] Request (AttachVolumeShelveTestJSON:test_attach_volume_shelved_or_offload_server): 200 GET http://10.180.1.21/compute/v2.1/servers/2dffe23d-5c9a-4477-a855-227646ad434b 0.625s
2025-02-04 17:10:06.827 62334 INFO tempest.lib.common.rest_client [req-f00779ac-ffd2-4729-8c52-52163859afbb req-f00779ac-ffd2-4729-8c52-52163859afbb ] Request (SecurityGroupRulesTestJSON:test_security_group_rules_delete_when_peer_group_deleted): 200 GET http://10.180.1.21/compute/v2.1/os-security-groups/fb7b34f5-e881-416e-9932-f5438989d001 0.550s
2025-02-04 17:10:06.984 62341 INFO tempest.lib.common.rest_client [req-2d692ed1-1687-485a-9c4f-66023360fb18 req-2d692ed1-1687-485a-9c4f-66023360fb18 ] Request (VolumesAssistedSnapshotsTest:test_volume_assisted_snapshot_create_delete): 200 GET http://10.180.1.21/compute/v2.1/servers/19277cfb-5358-49a0-a8e9-bbd55722df41 0.712s
2025-02-04 17:10:07.045 62314 INFO tempest.lib.common.rest_client [req-49bd75c6-2a10-4800-b774-1e985a3928df req-49bd75c6-2a10-4800-b774-1e985a3928df ] Request (ListServerFiltersTestJSON:test_list_servers_filtered_by_ip): 200 GET http://10.180.1.21/compute/v2.1/servers/2c954ee4-f76a-4c72-98fa-ba43513bb93d 0.573s
2025-02-04 17:10:07.066 62298 INFO tempest.lib.common.rest_client [req-d05ec156-118b-421c-a2a2-d03deb2c88b0 req-d05ec156-118b-421c-a2a2-d03deb2c88b0 ] Request (ServersWithSpecificFlavorTestJSON:test_verify_created_server_ephemeral_disk): 200 GET http://10.180.1.21/compute/v2.1/servers/8f22e462-0047-4ef2-b3cb-6284a5fdf506 0.499s
2025-02-04 17:10:07.099 62328 INFO tempest.lib.common.rest_client [req-3b4cde26-cee0-47e4-8f49-e215b42ddee8 req-3b4cde26-cee0-47e4-8f49-e215b42ddee8 ] Request (ImagesTestJSON:test_create_image_from_stopped_server): 200 GET http://10.180.1.21/compute/v2.1/servers/8e1a5f74-c744-42d6-8b42-4b6fcd9e5300 0.400s
2025-02-04 17:10:07.132 62326 INFO tempest.lib.common.rest_client [req-a2aa441f-08de-4dd7-9ac4-22d4dab165cf req-a2aa441f-08de-4dd7-9ac4-22d4dab165cf ] Request (ServerDiagnosticsNegativeTest:tearDownClass): 200 GET http://10.180.1.21/compute/v2.1/servers/98081ed8-ed47-4007-8704-afda0d808dcb 0.405s
2025-02-04 17:10:07.142 62326 INFO tempest.common.waiters [-] State transition "ACTIVE/deleting" ==> "DELETED/None" after 4 second wait
2025-02-04 17:10:07.170 62330 INFO tempest.lib.common.rest_client [req-1704e969-7365-4fc2-8712-e04a5bd48785 req-1704e969-7365-4fc2-8712-e04a5bd48785 ] Request (ListServersNegativeTestJSON:setUpClass): 200 GET http://10.180.1.21/compute/v2.1/servers/83fe5133-94e5-4a2a-9aab-bcbf46973210 0.413s
2025-02-04 17:10:07.226 62332 INFO tempest.lib.common.rest_client [req-b9302db4-a75c-411c-9107-d347287cb86a req-b9302db4-a75c-411c-9107-d347287cb86a ] Request (ServerExternalEventsTest:test_create_server_external_events): 200 GET http://10.180.1.21/compute/v2.1/servers/ee8ccbf4-bfcf-4784-b1b5-a16915fd2c02 0.432s
2025-02-04 17:10:07.420 62334 INFO tempest.lib.common.rest_client [req-e6179446-bfc4-4fcb-bef2-72d2793f7b8a req-e6179446-bfc4-4fcb-bef2-72d2793f7b8a ] Request (SecurityGroupRulesTestJSON:test_security_group_rules_list): 200 POST http://10.180.1.21/compute/v2.1/os-security-groups 0.584s
2025-02-04 17:10:07.501 62322 INFO tempest.lib.common.rest_client [req-623eeaf8-fe1d-41a1-8dbc-0371d444d9e6 req-623eeaf8-fe1d-41a1-8dbc-0371d444d9e6 ] Request (DeleteServersAdminTestJSON:test_admin_delete_servers_of_others): 200 GET http://10.180.1.21/compute/v2.1/servers/b870a22c-5824-436a-b809-f7c6e30a4730 0.624s
2025-02-04 17:10:07.566 62312 INFO tempest.lib.common.rest_client [req-d5caf541-9952-494e-a057-ce348c3e5f6e req-d5caf541-9952-494e-a057-ce348c3e5f6e ] Request (ServerDiagnosticsV248Test:tearDownClass): 200 GET http://10.180.1.21/compute/v2.1/servers/db229b78-0fbc-4414-bb1e-eda51da31400 0.613s
2025-02-04 17:10:07.623 62358 INFO tempest.lib.common.rest_client [req-498c9254-9207-4744-8d81-6beb7d6873d9 req-498c9254-9207-4744-8d81-6beb7d6873d9 ] Request (ServersAdminNegativeTestJSON:test_migrate_server_invalid_state): 200 GET http://10.180.1.21/compute/v2.1/servers/a78e6b14-65ca-4e48-8a5f-92f5e2d97feb 0.617s
2025-02-04 17:10:07.685 62336 INFO tempest.lib.common.rest_client [req-ef2d512b-cb51-4a0b-bf27-b1fde359bbf9 req-ef2d512b-cb51-4a0b-bf27-b1fde359bbf9 ] Request (SecurityGroupsTestJSON:setUpClass): 201 POST http://10.180.1.21:9696/networking/v2.0/routers 1.100s
2025-02-04 17:10:07.694 62302 INFO tempest.lib.common.rest_client [req-f81bdb6f-171d-4ef9-84df-d5eb2907b123 req-f81bdb6f-171d-4ef9-84df-d5eb2907b123 ] Request (AttachInterfacesUnderV243Test:test_add_remove_fixed_ip): 202 POST http://10.180.1.21/compute/v2.1/servers 0.907s
2025-02-04 17:10:07.728 62306 INFO tempest.lib.common.rest_client [req-d85354dd-2bc3-49b8-8601-5886daf1618e req-d85354dd-2bc3-49b8-8601-5886daf1618e ] Request (VolumesAdminNegativeTest:test_update_attached_volume_with_nonexistent_volume_in_body): 200 GET http://10.180.1.21/compute/v2.1/servers/b8f0e5f1-04c8-4784-a597-768a0900e987 0.700s
2025-02-04 17:10:07.785 62342 INFO tempest.lib.common.rest_client [req-711e0b29-5797-4f27-bc7c-9d871d5a4867 req-711e0b29-5797-4f27-bc7c-9d871d5a4867 ] Request (ServersTestBootFromVolume:setUpClass): 200 GET http://10.180.1.21/compute/v2.1/servers/f50e7100-ddcb-4485-964c-25c952cdb844 0.710s
2025-02-04 17:10:07.845 62346 INFO tempest.lib.common.rest_client [req-7050fa96-6911-4a10-bcfa-2573514746e4 req-7050fa96-6911-4a10-bcfa-2573514746e4 ] Request (InstanceActionsNegativeTestJSON:setUpClass): 200 GET http://10.180.1.21/compute/v2.1/servers/59235193-56b1-454f-b2e3-09e023701c62 0.757s
2025-02-04 17:10:07.896 62300 INFO tempest.lib.common.rest_client [req-ce9cd5bb-d0d1-4b22-956e-57371a55cc1f req-ce9cd5bb-d0d1-4b22-956e-57371a55cc1f ] Request (ServersAdminTestJSON:test_create_server_with_scheduling_hint): 200 GET http://10.180.1.21/compute/v2.1/servers/f7173894-2c79-40c7-b8a3-9b502c2c29a1 0.762s
2025-02-04 17:10:07.915 62314 INFO tempest.lib.common.rest_client [req-5630e69d-dd12-4a6d-929c-cde4178f0cfa req-5630e69d-dd12-4a6d-929c-cde4178f0cfa ] Request (ListServerFiltersTestJSON:test_list_servers_filtered_by_ip): 200 GET http://10.180.1.21/compute/v2.1/servers/caccecf4-aca6-4c09-bb68-ec3923931948 0.861s
2025-02-04 17:10:07.948 62320 INFO tempest.lib.common.rest_client [req-9098213a-95c0-45f4-80ae-8cd03392c0ef req-9098213a-95c0-45f4-80ae-8cd03392c0ef ] Request (AttachInterfacesTestJSON:test_create_list_show_delete_interfaces_by_fixed_ip): 200 GET http://10.180.1.21/compute/v2.1/servers/f710ae20-f82c-4e3f-a52f-3b1042e26504 0.760s
2025-02-04 17:10:07.956 62348 WARNING tempest.lib.common.ssh [-] Failed to establish authenticated ssh connection to cirros@10.180.180.187 ([Errno None] Unable to connect to port 22 on 10.180.180.187). Number attempts: 4. Retry after 5 seconds.: paramiko.ssh_exception.NoValidConnectionsError: [Errno None] Unable to connect to port 22 on 10.180.180.187
2025-02-04 17:10:07.966 62318 INFO tempest.lib.common.rest_client [req-bb6c87fb-5379-46e1-bb45-e133b85d2ea9 req-bb6c87fb-5379-46e1-bb45-e133b85d2ea9 ] Request (ImagesOneServerNegativeTestJSON:setUpClass): 200 GET http://10.180.1.21/compute/v2.1/servers/8b6b7cb7-4895-4e3e-b020-071130ad88ab 0.699s
2025-02-04 17:10:07.997 62304 INFO tempest.lib.common.rest_client [req-7f5fd7b2-d3a0-4520-883a-b9547d506e2a req-7f5fd7b2-d3a0-4520-883a-b9547d506e2a ] Request (FloatingIPsAssociationNegativeTestJSON:setUpClass): 200 GET http://10.180.1.21/compute/v2.1/servers/06fcd604-5854-49bd-9bbd-51cbe3710e66 0.642s
2025-02-04 17:10:08.045 62338 INFO tempest.lib.common.rest_client [req-0eef96fc-efa1-4829-8274-c9ed9603618b req-0eef96fc-efa1-4829-8274-c9ed9603618b ] Request (TenantUsagesTestJSON:setUpClass): 200 GET http://10.180.1.21/compute/v2.1/servers/564c4383-1dfd-46c6-aded-6b295642bc18 0.685s
2025-02-04 17:10:08.124 62310 INFO tempest.lib.common.rest_client [req-d602fc89-32e4-43d7-97ca-cdd5c1b18bf1 req-d602fc89-32e4-43d7-97ca-cdd5c1b18bf1 ] Request (ServerDiagnosticsTest:tearDownClass): 200 GET http://10.180.1.21/compute/v2.1/servers/d2efff21-a97d-47aa-905d-1d59815e514e 0.679s
2025-02-04 17:10:08.151 62334 INFO tempest.lib.common.rest_client [req-69ad165a-7f61-4185-b39a-8787ed486b25 req-69ad165a-7f61-4185-b39a-8787ed486b25 ] Request (SecurityGroupRulesTestJSON:test_security_group_rules_list): 200 POST http://10.180.1.21/compute/v2.1/os-security-group-rules 0.725s
2025-02-04 17:10:08.200 62356 INFO tempest.lib.common.rest_client [req-332431f8-f552-41b7-a26d-53a20d7b845f req-332431f8-f552-41b7-a26d-53a20d7b845f ] Request (ImagesOneServerTestJSON:test_create_delete_image): 200 GET http://10.180.1.21/compute/v2.1/images/fc00c388-cd6e-4e73-bb36-a69cc3980cdd 0.711s
2025-02-04 17:10:08.263 62344 INFO tempest.lib.common.rest_client [req-6b1530dd-10ae-4242-852f-e120575264d2 req-6b1530dd-10ae-4242-852f-e120575264d2 ] Request (AttachVolumeTestJSON:test_attach_detach_volume): 200 GET http://10.180.1.21/compute/v2.1/servers/cd1edbe3-4426-474b-99ed-8143be203e55 0.711s
2025-02-04 17:10:08.312 62308 INFO tempest.lib.common.rest_client [req-726cef86-6c66-4f7b-a0be-be0ee7335c01 req-726cef86-6c66-4f7b-a0be-be0ee7335c01 ] Request (ListImageFiltersTestJSON:setUpClass): 200 GET http://10.180.1.21/compute/v2.1/servers/f0e0e8a0-6712-4cce-9a5c-59172bb1c145 0.848s
