2025-12-08 23:48:40.527 65807 INFO tempest.lib.common.rest_client [req-25ac01cd-082a-45f5-addb-e0399e27b9b5 req-25ac01cd-082a-45f5-addb-e0399e27b9b5 ] Request (AttachVolumeTestJSON:test_attach_detach_volume): 200 GET http://10.180.1.21/volume/v3/volumes/33dbbed4-a88d-44b3-ab28-23409c309b7d 0.037s
2025-12-08 23:48:40.535 65807 INFO tempest.common.waiters [-] volume 33dbbed4-a88d-44b3-ab28-23409c309b7d reached in-use after waiting for 0.535366 seconds
2025-12-08 23:48:40.578 65843 INFO tempest.lib.common.rest_client [req-0d1124f9-98eb-45ca-b030-d42be861035a req-0d1124f9-98eb-45ca-b030-d42be861035a ] Request (ServerActionsV293TestJSON:tearDownClass): 200 GET http://10.180.1.21/compute/v2.1/servers/37a7b8ed-1123-4028-88ab-0725619c3c04 0.114s
2025-12-08 23:48:40.613 65807 INFO tempest.lib.common.rest_client [req-771edd71-33e2-44f2-81c3-95af346c7e2a req-771edd71-33e2-44f2-81c3-95af346c7e2a ] Request (AttachVolumeTestJSON:test_attach_detach_volume): 202 POST http://10.180.1.21/compute/v2.1/servers/d7a1ed00-df9a-426b-8506-810f66d16fa2/action 0.078s
2025-12-08 23:48:40.653 65817 INFO tempest.lib.common.rest_client [req-81b3f2dd-4f0c-4d65-af17-71a92ea52be8 req-81b3f2dd-4f0c-4d65-af17-71a92ea52be8 ] Request (AttachInterfacesV270Test:test_create_get_list_interfaces): 200 GET http://10.180.1.21/compute/v2.1/servers/8eae0db5-12c5-4b81-8430-4d410fd37141 0.101s
2025-12-08 23:48:40.792 65813 INFO tempest.lib.common.rest_client [req-47bd7f3f-8272-414a-b892-9a663a9c3383 req-47bd7f3f-8272-414a-b892-9a663a9c3383 ] Request (ServerDiskConfigTestJSON:test_resize_server_from_auto_to_manual): 200 GET http://10.180.1.21/compute/v2.1/servers/87fa86ec-1f37-40a1-a051-a06dfb35168a 0.198s
2025-12-08 23:48:40.819 65807 INFO tempest.lib.common.rest_client [req-db3a7376-2295-47ce-91d8-7db03f4ea1fd req-db3a7376-2295-47ce-91d8-7db03f4ea1fd ] Request (AttachVolumeTestJSON:test_attach_detach_volume): 200 GET http://10.180.1.21/compute/v2.1/servers/d7a1ed00-df9a-426b-8506-810f66d16fa2 0.205s
2025-12-08 23:48:40.860 65851 INFO tempest.lib.common.rest_client [req-8c251ac3-475d-4ddd-868a-6e6d7ff31fcd req-8c251ac3-475d-4ddd-868a-6e6d7ff31fcd ] Request (ListServerFiltersTestJSON:tearDownClass): 200 GET http://10.180.1.21/compute/v2.1/servers/b133cfff-2af6-462d-981d-fdc6e5c50281 0.233s
2025-12-08 23:48:40.887 65831 INFO tempest.lib.common.rest_client [req-2043a527-8c52-4eeb-a967-df10c9600532 req-2043a527-8c52-4eeb-a967-df10c9600532 ] Request (ServersAdminNegativeTestJSON:tearDownClass): 200 GET http://10.180.1.21/compute/v2.1/servers/dd895566-7589-421e-be7f-eba6dadd5102 0.215s
2025-12-08 23:48:40.922 65835 INFO tempest.lib.common.rest_client [req-78dd8242-c67d-4f44-a07b-a26bd1d498d1 req-78dd8242-c67d-4f44-a07b-a26bd1d498d1 ] Request (ServersTestFqdnHostnames:test_create_server_with_fqdn_name): 200 GET http://10.180.1.21/compute/v2.1/servers/381d1130-9eb9-4a53-89fe-cbfddd5c5c35 0.212s
2025-12-08 23:48:40.960 65837 INFO tempest.lib.common.rest_client [req-8a42525e-5787-4dc7-b343-a76f26072f42 req-8a42525e-5787-4dc7-b343-a76f26072f42 ] Request (AttachInterfacesUnderV243Test:_run_cleanups): 200 GET http://10.180.1.21/compute/v2.1/servers/7f82f57b-8bac-4b65-aec8-223ef8731e33 0.195s
2025-12-08 23:48:40.977 65799 INFO tempest.lib.common.rest_client [req-3c227ac6-5dc2-4166-9f2f-f0799d6a4d96 req-3c227ac6-5dc2-4166-9f2f-f0799d6a4d96 ] Request (AttachVolumeShelveTestJSON:test_attach_volume_shelved_or_offload_server): 200 GET http://10.180.1.21/compute/v2.1/servers/a626ce91-d578-4a14-9077-fbe046e126f6 0.170s
2025-12-08 23:48:41.027 65853 INFO tempest.lib.common.rest_client [req-a318577c-5583-4851-83de-8ab83dbf0aa3 req-a318577c-5583-4851-83de-8ab83dbf0aa3 ] Request (ServerRescueNegativeTestJSON:test_rescued_vm_detach_volume): 200 GET http://10.180.1.21/compute/v2.1/servers/465b16ca-75e8-430f-ac92-86c8dff3f037 0.135s
2025-12-08 23:48:41.087 65839 INFO tempest.lib.common.rest_client [req-4587c3cf-aa96-4b79-8f53-c9e774cea07b req-4587c3cf-aa96-4b79-8f53-c9e774cea07b ] Request (ServerActionsTestOtherB:test_create_backup): 200 GET http://10.180.1.21/compute/v2.1/servers/0637e3c5-b13e-4fc9-b2bf-18f3601adcc1 0.131s
2025-12-08 23:48:41.106 65829 INFO tempest.lib.common.rest_client [req-d31e942b-3671-429d-8d82-c4d12b3d4e71 req-d31e942b-3671-429d-8d82-c4d12b3d4e71 ] Request (ServersAaction247Test:tearDownClass): 200 GET http://10.180.1.21/compute/v2.1/servers/7c444f8d-b67f-463c-84d3-c05a0b42da06 0.073s
2025-12-08 23:48:41.184 65811 INFO tempest.lib.common.rest_client [req-d3372123-7772-4220-a5d4-67a057627828 req-d3372123-7772-4220-a5d4-67a057627828 ] Request (ListServersNegativeTestJSON:setUpClass): 200 GET http://10.180.1.21/compute/v2.1/servers/47f90f63-bf74-45f7-a17f-0c27eebb7bc2 0.089s
2025-12-08 23:48:41.216 65833 INFO tempest.lib.common.rest_client [req-f2ac2ef5-a657-40cd-b6c6-fe189047e6b7 req-f2ac2ef5-a657-40cd-b6c6-fe189047e6b7 ] Request (ImagesTestJSON:test_create_image_from_suspended_server): 200 GET http://10.180.1.21/compute/v2.1/servers/9611665f-1822-419d-9f15-4e1cf65f858f 0.131s
2025-12-08 23:48:41.289 65793 INFO tempest.lib.common.rest_client [req-3f09d7eb-cff4-4617-ab45-be4d5fc600d0 req-3f09d7eb-cff4-4617-ab45-be4d5fc600d0 ] Request (ServersTestJSON:_run_cleanups): 200 GET http://10.180.1.21/compute/v2.1/servers/cde2682b-6bd8-4d9b-8914-8dc6bca68f40 0.125s
2025-12-08 23:48:41.387 65845 INFO tempest.lib.common.rest_client [req-3f43b3f1-5a80-42f5-bf41-31fdfbca8ce0 req-3f43b3f1-5a80-42f5-bf41-31fdfbca8ce0 ] Request (MultipleCreateTestJSON:test_multiple_create_with_reservation_return): 200 GET http://10.180.1.21/compute/v2.1/servers/5c11442f-c0f2-4087-8f19-f2a028955913 0.169s
2025-12-08 23:48:41.419 65823 INFO tempest.lib.common.rest_client [req-0082ad6f-2edf-4c53-a2ae-74ebc831f2a9 req-0082ad6f-2edf-4c53-a2ae-74ebc831f2a9 ] Request (ImagesOneServerTestJSON:tearDownClass): 200 GET http://10.180.1.21/compute/v2.1/servers/b9a777b5-fedd-4d8a-8d9b-6a9b5c6c1926 0.225s
2025-12-08 23:48:41.465 65809 INFO tempest.lib.common.rest_client [req-9c6d3757-a2e8-4181-a753-b3b0a7902537 req-9c6d3757-a2e8-4181-a753-b3b0a7902537 ] Request (ServerRescueTestJSON:tearDownClass): 200 GET http://10.180.1.21/compute/v2.1/servers/dd398e3f-71fd-49d9-b8b0-978471b38a27 0.178s
2025-12-08 23:48:41.526 65791 INFO tempest.lib.common.rest_client [req-da9e279c-696b-4ff8-a120-2e00c1be56b7 req-da9e279c-696b-4ff8-a120-2e00c1be56b7 ] Request (MigrationsAdminTest:test_resize_server_revert_deleted_flavor): 200 GET http://10.180.1.21/compute/v2.1/servers/7b857145-7435-480b-a966-0ec5c9a20ea5 0.232s
2025-12-08 23:48:41.527 65815 INFO tempest.lib.common.rest_client [req-187a6cc2-5bb4-4d08-9882-309ae257490a req-187a6cc2-5bb4-4d08-9882-309ae257490a ] Request (ServerGroupTestJSON:test_create_server_with_scheduler_hint_group): 200 GET http://10.180.1.21/compute/v2.1/servers/9b81ba45-bf29-4b6b-bd6d-4be0417cdc38 0.195s
2025-12-08 23:48:41.589 65827 INFO tempest.lib.common.rest_client [req-ba3c3aa7-f18c-47ce-a47d-f5cd0c7580cd req-ba3c3aa7-f18c-47ce-a47d-f5cd0c7580cd ] Request (SecurityGroupsTestJSON:tearDownClass): 200 GET http://10.180.1.21/compute/v2.1/servers/7a399651-5025-44d4-b4f3-605732d6967b 0.234s
2025-12-08 23:48:41.616 65821 INFO tempest.lib.common.rest_client [req-19d5bd7d-716b-49ff-a1e8-759d3622b847 req-19d5bd7d-716b-49ff-a1e8-759d3622b847 ] Request (AttachInterfacesTestJSON:_run_cleanups): 200 GET http://10.180.1.21/compute/v2.1/servers/0b00c1c4-16ba-4097-9246-cec4426eea13 0.219s
2025-12-08 23:48:41.661 65797 INFO tempest.lib.common.rest_client [req-031e131f-13f2-427a-87c6-c9eee1f76657 req-031e131f-13f2-427a-87c6-c9eee1f76657 ] Request (ListImageFiltersTestJSON:tearDownClass): 200 GET http://10.180.1.21/compute/v2.1/servers/7c3d15dc-cc53-4711-a9db-2162b0bbcbb9 0.229s
2025-12-08 23:48:41.691 65795 INFO tempest.lib.common.rest_client [req-55304886-ade9-401f-a045-b817a22da4c2 req-55304886-ade9-401f-a045-b817a22da4c2 ] Request (ServersAdminTestJSON:tearDownClass): 200 GET http://10.180.1.21/compute/v2.1/servers/63f4bb3a-5f98-4500-88ca-6756d53558a2 0.203s
2025-12-08 23:48:41.740 65843 INFO tempest.lib.common.rest_client [req-107532de-3d34-430b-986e-3344c2eca559 req-107532de-3d34-430b-986e-3344c2eca559 ] Request (ServerActionsV293TestJSON:tearDownClass): 200 GET http://10.180.1.21/compute/v2.1/servers/37a7b8ed-1123-4028-88ab-0725619c3c04 0.145s
2025-12-08 23:48:41.750 65817 INFO tempest.lib.common.rest_client [req-4d75b567-a1d5-487d-b07b-23e31940c0be req-4d75b567-a1d5-487d-b07b-23e31940c0be ] Request (AttachInterfacesV270Test:test_create_get_list_interfaces): 200 GET http://10.180.1.21/compute/v2.1/servers/8eae0db5-12c5-4b81-8430-4d410fd37141 0.085s
2025-12-08 23:48:41.937 65813 INFO tempest.lib.common.rest_client [req-b4bffb39-3b14-4a3a-8c6c-8f6a414c9885 req-b4bffb39-3b14-4a3a-8c6c-8f6a414c9885 ] Request (ServerDiskConfigTestJSON:test_resize_server_from_auto_to_manual): 200 GET http://10.180.1.21/compute/v2.1/servers/87fa86ec-1f37-40a1-a051-a06dfb35168a 0.136s
2025-12-08 23:48:41.951 65807 INFO tempest.lib.common.rest_client [req-e3ec32be-22fc-4c59-9a69-ce54d641c68d req-e3ec32be-22fc-4c59-9a69-ce54d641c68d ] Request (AttachVolumeTestJSON:test_attach_detach_volume): 200 GET http://10.180.1.21/compute/v2.1/servers/d7a1ed00-df9a-426b-8506-810f66d16fa2 0.124s
2025-12-08 23:48:42.013 65851 INFO tempest.lib.common.rest_client [req-d1702309-835e-41aa-b312-dfa6a0c9f4b0 req-d1702309-835e-41aa-b312-dfa6a0c9f4b0 ] Request (ListServerFiltersTestJSON:tearDownClass): 200 GET http://10.180.1.21/compute/v2.1/servers/b133cfff-2af6-462d-981d-fdc6e5c50281 0.141s
2025-12-08 23:48:42.026 65831 INFO tempest.lib.common.rest_client [req-47651593-26d8-4b4e-89b3-79ead2135088 req-47651593-26d8-4b4e-89b3-79ead2135088 ] Request (ServersAdminNegativeTestJSON:tearDownClass): 200 GET http://10.180.1.21/compute/v2.1/servers/dd895566-7589-421e-be7f-eba6dadd5102 0.126s
2025-12-08 23:48:42.077 65835 INFO tempest.lib.common.rest_client [req-de4d4817-4021-4149-9456-a273edf7cc4d req-de4d4817-4021-4149-9456-a273edf7cc4d ] Request (ServersTestFqdnHostnames:test_create_server_with_fqdn_name): 200 GET http://10.180.1.21/compute/v2.1/servers/381d1130-9eb9-4a53-89fe-cbfddd5c5c35 0.147s
2025-12-08 23:48:42.097 65837 INFO tempest.lib.common.rest_client [req-7ce061ad-3a9b-4d51-8bd2-38a6b5f0e634 req-7ce061ad-3a9b-4d51-8bd2-38a6b5f0e634 ] Request (AttachInterfacesUnderV243Test:_run_cleanups): 200 GET http://10.180.1.21/compute/v2.1/servers/7f82f57b-8bac-4b65-aec8-223ef8731e33 0.127s
2025-12-08 23:48:42.135 65799 INFO tempest.lib.common.rest_client [req-05db7946-4669-4d55-a849-3b682f5a74de req-05db7946-4669-4d55-a849-3b682f5a74de ] Request (AttachVolumeShelveTestJSON:test_attach_volume_shelved_or_offload_server): 200 GET http://10.180.1.21/compute/v2.1/servers/a626ce91-d578-4a14-9077-fbe046e126f6 0.148s
2025-12-08 23:48:42.155 65853 INFO tempest.lib.common.rest_client [req-aad1e3c9-2f5f-46a7-8061-9b2c6e7c3d6d req-aad1e3c9-2f5f-46a7-8061-9b2c6e7c3d6d ] Request (ServerRescueNegativeTestJSON:test_rescued_vm_detach_volume): 200 GET http://10.180.1.21/compute/v2.1/servers/465b16ca-75e8-430f-ac92-86c8dff3f037 0.119s
2025-12-08 23:48:42.222 65829 INFO tempest.lib.common.rest_client [req-7bb07e83-58a2-43a5-b726-445bc8b519ab req-7bb07e83-58a2-43a5-b726-445bc8b519ab ] Request (ServersAaction247Test:tearDownClass): 200 GET http://10.180.1.21/compute/v2.1/servers/7c444f8d-b67f-463c-84d3-c05a0b42da06 0.105s
2025-12-08 23:48:42.250 65839 INFO tempest.lib.common.rest_client [req-e87b0b3c-b7ad-4499-8aed-fb8020248a4f req-e87b0b3c-b7ad-4499-8aed-fb8020248a4f ] Request (ServerActionsTestOtherB:test_create_backup): 200 GET http://10.180.1.21/compute/v2.1/servers/0637e3c5-b13e-4fc9-b2bf-18f3601adcc1 0.154s
2025-12-08 23:48:42.291 65811 INFO tempest.lib.common.rest_client [req-942191ce-3f5b-4435-b2b5-8d70659ecc23 req-942191ce-3f5b-4435-b2b5-8d70659ecc23 ] Request (ListServersNegativeTestJSON:setUpClass): 200 GET http://10.180.1.21/compute/v2.1/servers/47f90f63-bf74-45f7-a17f-0c27eebb7bc2 0.097s
2025-12-08 23:48:42.360 65833 INFO tempest.lib.common.rest_client [req-ededdcac-145c-439e-85b7-dce75def6fbb req-ededdcac-145c-439e-85b7-dce75def6fbb ] Request (ImagesTestJSON:test_create_image_from_suspended_server): 200 GET http://10.180.1.21/compute/v2.1/servers/9611665f-1822-419d-9f15-4e1cf65f858f 0.130s
2025-12-08 23:48:42.371 65793 INFO tempest.lib.common.rest_client [req-f8a81709-9c01-4c65-8ffc-f1101a4f8cbd req-f8a81709-9c01-4c65-8ffc-f1101a4f8cbd ] Request (ServersTestJSON:_run_cleanups): 200 GET http://10.180.1.21/compute/v2.1/servers/cde2682b-6bd8-4d9b-8914-8dc6bca68f40 0.070s
2025-12-08 23:48:42.456 65845 INFO tempest.lib.common.rest_client [req-77799b4c-394e-46c5-bf96-40cab3b8b3de req-77799b4c-394e-46c5-bf96-40cab3b8b3de ] Request (MultipleCreateTestJSON:test_multiple_create_with_reservation_return): 200 GET http://10.180.1.21/compute/v2.1/servers/5c11442f-c0f2-4087-8f19-f2a028955913 0.060s
2025-12-08 23:48:42.499 65823 INFO tempest.lib.common.rest_client [req-3a07ba71-a582-4a9c-ac88-e0144d95c5de req-3a07ba71-a582-4a9c-ac88-e0144d95c5de ] Request (ImagesOneServerTestJSON:tearDownClass): 200 GET http://10.180.1.21/compute/v2.1/servers/b9a777b5-fedd-4d8a-8d9b-6a9b5c6c1926 0.069s
2025-12-08 23:48:42.509 65823 INFO tempest.common.waiters [-] State transition "ACTIVE/deleting" ==> "DELETED/None" after 3 second wait
2025-12-08 23:48:42.534 65809 INFO tempest.lib.common.rest_client [req-090a9e12-390d-410e-9c8d-a574112f06fb req-090a9e12-390d-410e-9c8d-a574112f06fb ] Request (ServerRescueTestJSON:tearDownClass): 200 GET http://10.180.1.21/compute/v2.1/servers/dd398e3f-71fd-49d9-b8b0-978471b38a27 0.061s
2025-12-08 23:48:42.591 65815 INFO tempest.lib.common.rest_client [req-465da2a2-0452-4de6-823b-94fb479f05db req-465da2a2-0452-4de6-823b-94fb479f05db ] Request (ServerGroupTestJSON:test_create_server_with_scheduler_hint_group): 200 GET http://10.180.1.21/compute/v2.1/servers/9b81ba45-bf29-4b6b-bd6d-4be0417cdc38 0.057s
2025-12-08 23:48:42.653 65791 INFO tempest.lib.common.rest_client [req-b2f521f3-301b-4231-a546-a4f293e3adcf req-b2f521f3-301b-4231-a546-a4f293e3adcf ] Request (MigrationsAdminTest:test_resize_server_revert_deleted_flavor): 200 GET http://10.180.1.21/compute/v2.1/servers/7b857145-7435-480b-a966-0ec5c9a20ea5 0.118s
2025-12-08 23:48:42.675 65827 INFO tempest.lib.common.rest_client [req-ff9391ea-fb7e-4ac4-bd2c-35c4ca87dc11 req-ff9391ea-fb7e-4ac4-bd2c-35c4ca87dc11 ] Request (SecurityGroupsTestJSON:tearDownClass): 200 GET http://10.180.1.21/compute/v2.1/servers/7a399651-5025-44d4-b4f3-605732d6967b 0.077s
2025-12-08 23:48:42.721 65821 INFO tempest.lib.common.rest_client [req-2d79bae7-2636-49f4-b990-fbc9dd54afb3 req-2d79bae7-2636-49f4-b990-fbc9dd54afb3 ] Request (AttachInterfacesTestJSON:_run_cleanups): 200 GET http://10.180.1.21/compute/v2.1/servers/0b00c1c4-16ba-4097-9246-cec4426eea13 0.096s
2025-12-08 23:48:42.730 65797 INFO tempest.lib.common.rest_client [req-c5be0c71-9a2f-4e7f-985d-b0e7eadc853b req-c5be0c71-9a2f-4e7f-985d-b0e7eadc853b ] Request (ListImageFiltersTestJSON:tearDownClass): 200 GET http://10.180.1.21/compute/v2.1/servers/7c3d15dc-cc53-4711-a9db-2162b0bbcbb9 0.059s
2025-12-08 23:48:42.774 65843 INFO tempest.lib.common.rest_client [req-f279a080-b107-4b7d-b121-fc1a83363825 req-f279a080-b107-4b7d-b121-fc1a83363825 ] Request (ServerActionsV293TestJSON:tearDownClass): 404 GET http://10.180.1.21/compute/v2.1/servers/37a7b8ed-1123-4028-88ab-0725619c3c04 0.023s
2025-12-08 23:48:42.779 65795 INFO tempest.lib.common.rest_client [req-570bd27a-c499-46a6-a5ec-887826de834d req-570bd27a-c499-46a6-a5ec-887826de834d ] Request (ServersAdminTestJSON:tearDownClass): 200 GET http://10.180.1.21/compute/v2.1/servers/63f4bb3a-5f98-4500-88ca-6756d53558a2 0.079s
2025-12-08 23:48:42.796 65843 INFO tempest.lib.common.rest_client [req-9432ce93-d382-4832-8448-29a0da2d1900 req-9432ce93-d382-4832-8448-29a0da2d1900 ] Request (ServerActionsV293TestJSON:tearDownClass): 204 DELETE http://10.180.1.21/compute/v2.1/os-keypairs/tempest-keypair-272589682 0.022s
2025-12-08 23:48:42.826 65817 INFO tempest.lib.common.rest_client [req-55055bce-a8d0-4140-b158-166b785a2db3 req-55055bce-a8d0-4140-b158-166b785a2db3 ] Request (AttachInterfacesV270Test:test_create_get_list_interfaces): 200 GET http://10.180.1.21/compute/v2.1/servers/8eae0db5-12c5-4b81-8430-4d410fd37141 0.066s
2025-12-08 23:48:42.897 65843 INFO tempest.lib.common.rest_client [req-6ecdafbd-8ad1-46f2-9ca2-a65b4bb95497 req-6ecdafbd-8ad1-46f2-9ca2-a65b4bb95497 ] Request (ServerActionsV293TestJSON:tearDownClass): 204 DELETE http://10.180.1.21/networking/v2.0/security-groups/f5added1-9d9c-4f9e-bb7b-d12b27fd9dbb 0.100s
2025-12-08 23:48:42.908 65843 INFO tempest.lib.common.rest_client [req-b5f19eda-9b4b-4ee8-a300-f5c44b6718a6 req-b5f19eda-9b4b-4ee8-a300-f5c44b6718a6 ] Request (ServerActionsV293TestJSON:tearDownClass): 404 GET http://10.180.1.21/networking/v2.0/security-groups/f5added1-9d9c-4f9e-bb7b-d12b27fd9dbb 0.011s
2025-12-08 23:48:43.125 65813 INFO tempest.lib.common.rest_client [req-c0ba4add-d357-4d35-9a6c-a1adacf0a402 req-c0ba4add-d357-4d35-9a6c-a1adacf0a402 ] Request (ServerDiskConfigTestJSON:test_resize_server_from_auto_to_manual): 200 GET http://10.180.1.21/compute/v2.1/servers/87fa86ec-1f37-40a1-a051-a06dfb35168a 0.179s
2025-12-08 23:48:43.156 65807 INFO tempest.lib.common.rest_client [req-5f407ca2-b11b-4795-afac-8e873ed2ad25 req-5f407ca2-b11b-4795-afac-8e873ed2ad25 ] Request (AttachVolumeTestJSON:test_attach_detach_volume): 200 GET http://10.180.1.21/compute/v2.1/servers/d7a1ed00-df9a-426b-8506-810f66d16fa2 0.195s
2025-12-08 23:48:43.171 65843 INFO tempest.lib.common.rest_client [req-8abe954e-c1cf-4dcc-873d-c3e934e453ba req-8abe954e-c1cf-4dcc-873d-c3e934e453ba ] Request (ServerActionsV293TestJSON:tearDownClass): 204 DELETE http://10.180.1.21/networking/v2.0/floatingips/e8e9f09c-5295-4779-8f08-6e3e4d4e8431 0.263s
2025-12-08 23:48:43.202 65851 INFO tempest.lib.common.rest_client [req-d4d10e31-15fd-499e-b7e9-180c371b5be4 req-d4d10e31-15fd-499e-b7e9-180c371b5be4 ] Request (ListServerFiltersTestJSON:tearDownClass): 200 GET http://10.180.1.21/compute/v2.1/servers/b133cfff-2af6-462d-981d-fdc6e5c50281 0.180s
2025-12-08 23:48:43.221 65831 INFO tempest.lib.common.rest_client [req-c540e266-d4eb-4b27-9155-3974e02e7304 req-c540e266-d4eb-4b27-9155-3974e02e7304 ] Request (ServersAdminNegativeTestJSON:tearDownClass): 200 GET http://10.180.1.21/compute/v2.1/servers/dd895566-7589-421e-be7f-eba6dadd5102 0.185s
2025-12-08 23:48:43.261 65835 INFO tempest.lib.common.rest_client [req-1fbe40fe-5224-469d-8eb8-8d75c89316eb req-1fbe40fe-5224-469d-8eb8-8d75c89316eb ] Request (ServersTestFqdnHostnames:test_create_server_with_fqdn_name): 200 GET http://10.180.1.21/compute/v2.1/servers/381d1130-9eb9-4a53-89fe-cbfddd5c5c35 0.176s
2025-12-08 23:48:43.294 65837 INFO tempest.lib.common.rest_client [req-27c80686-0565-4dcc-88ec-eb76bbb9fe4f req-27c80686-0565-4dcc-88ec-eb76bbb9fe4f ] Request (AttachInterfacesUnderV243Test:_run_cleanups): 200 GET http://10.180.1.21/compute/v2.1/servers/7f82f57b-8bac-4b65-aec8-223ef8731e33 0.189s
2025-12-08 23:48:43.328 65799 INFO tempest.lib.common.rest_client [req-6ba33ad4-4952-4dd1-a9c5-f79b22a2e928 req-6ba33ad4-4952-4dd1-a9c5-f79b22a2e928 ] Request (AttachVolumeShelveTestJSON:test_attach_volume_shelved_or_offload_server): 200 GET http://10.180.1.21/compute/v2.1/servers/a626ce91-d578-4a14-9077-fbe046e126f6 0.182s
2025-12-08 23:48:43.355 65853 INFO tempest.lib.common.rest_client [req-8959aeed-19cf-480d-b2d7-63ca9a2a1d9e req-8959aeed-19cf-480d-b2d7-63ca9a2a1d9e ] Request (ServerRescueNegativeTestJSON:test_rescued_vm_detach_volume): 200 GET http://10.180.1.21/compute/v2.1/servers/465b16ca-75e8-430f-ac92-86c8dff3f037 0.192s
2025-12-08 23:48:43.409 65829 INFO tempest.lib.common.rest_client [req-31b68098-c4c0-4b94-bec9-d243ad86266c req-31b68098-c4c0-4b94-bec9-d243ad86266c ] Request (ServersAaction247Test:tearDownClass): 200 GET http://10.180.1.21/compute/v2.1/servers/7c444f8d-b67f-463c-84d3-c05a0b42da06 0.177s
2025-12-08 23:48:43.500 65811 INFO tempest.lib.common.rest_client [req-045bd288-8111-464b-8311-6a54ebb0f34a req-045bd288-8111-464b-8311-6a54ebb0f34a ] Request (ListServersNegativeTestJSON:setUpClass): 200 GET http://10.180.1.21/compute/v2.1/servers/47f90f63-bf74-45f7-a17f-0c27eebb7bc2 0.200s
2025-12-08 23:48:43.533 65839 INFO tempest.lib.common.rest_client [req-5a143fda-a55a-413a-9ad5-a280ba5f5175 req-5a143fda-a55a-413a-9ad5-a280ba5f5175 ] Request (ServerActionsTestOtherB:test_create_backup): 200 GET http://10.180.1.21/compute/v2.1/servers/0637e3c5-b13e-4fc9-b2bf-18f3601adcc1 0.274s
2025-12-08 23:48:43.592 65793 INFO tempest.lib.common.rest_client [req-7b9cadb9-ca39-414d-9411-78613469d312 req-7b9cadb9-ca39-414d-9411-78613469d312 ] Request (ServersTestJSON:_run_cleanups): 200 GET http://10.180.1.21/compute/v2.1/servers/cde2682b-6bd8-4d9b-8914-8dc6bca68f40 0.211s
2025-12-08 23:48:43.618 65833 INFO tempest.lib.common.rest_client [req-a9b1a39b-8294-48da-90b4-22ec37389ac2 req-a9b1a39b-8294-48da-90b4-22ec37389ac2 ] Request (ImagesTestJSON:test_create_image_from_suspended_server): 200 GET http://10.180.1.21/compute/v2.1/servers/9611665f-1822-419d-9f15-4e1cf65f858f 0.251s
2025-12-08 23:48:43.627 65833 INFO tempest.common.waiters [-] State transition "BUILD/spawning" ==> "ACTIVE/None" after 59 second wait
2025-12-08 23:48:43.654 65845 INFO tempest.lib.common.rest_client [req-2ba0ef93-4bde-4e1a-99ec-38a5707aaf8e req-2ba0ef93-4bde-4e1a-99ec-38a5707aaf8e ] Request (MultipleCreateTestJSON:test_multiple_create_with_reservation_return): 200 GET http://10.180.1.21/compute/v2.1/servers/5c11442f-c0f2-4087-8f19-f2a028955913 0.186s
2025-12-08 23:48:43.696 65823 INFO tempest.lib.common.rest_client [req-78c5308f-d354-41b7-95aa-0ed07dc5d163 req-78c5308f-d354-41b7-95aa-0ed07dc5d163 ] Request (ImagesOneServerTestJSON:tearDownClass): 200 GET http://10.180.1.21/compute/v2.1/servers/b9a777b5-fedd-4d8a-8d9b-6a9b5c6c1926 0.186s
2025-12-08 23:48:43.730 65809 INFO tempest.lib.common.rest_client [req-e578aaf2-3919-4148-933a-457555563f98 req-e578aaf2-3919-4148-933a-457555563f98 ] Request (ServerRescueTestJSON:tearDownClass): 200 GET http://10.180.1.21/compute/v2.1/servers/dd398e3f-71fd-49d9-b8b0-978471b38a27 0.184s
2025-12-08 23:48:43.753 65815 INFO tempest.lib.common.rest_client [req-98e218de-2e92-4ab7-8550-68cdac243fa6 req-98e218de-2e92-4ab7-8550-68cdac243fa6 ] Request (ServerGroupTestJSON:test_create_server_with_scheduler_hint_group): 200 GET http://10.180.1.21/compute/v2.1/servers/9b81ba45-bf29-4b6b-bd6d-4be0417cdc38 0.151s
2025-12-08 23:48:43.808 65833 INFO tempest.lib.common.rest_client [req-ccee13c6-8e4e-4afc-8208-99f961bd7342 req-ccee13c6-8e4e-4afc-8208-99f961bd7342 ] Request (ImagesTestJSON:test_create_image_from_suspended_server): 202 POST http://10.180.1.21/compute/v2.1/servers/9611665f-1822-419d-9f15-4e1cf65f858f/action 0.180s
2025-12-08 23:48:43.859 65791 INFO tempest.lib.common.rest_client [req-28c39a08-8ef8-4262-8745-9f4f96d7f2b1 req-28c39a08-8ef8-4262-8745-9f4f96d7f2b1 ] Request (MigrationsAdminTest:test_resize_server_revert_deleted_flavor): 200 GET http://10.180.1.21/compute/v2.1/servers/7b857145-7435-480b-a966-0ec5c9a20ea5 0.197s
2025-12-08 23:48:43.873 65827 INFO tempest.lib.common.rest_client [req-0890d57e-f6e9-4618-9e47-73b609e008f9 req-0890d57e-f6e9-4618-9e47-73b609e008f9 ] Request (SecurityGroupsTestJSON:tearDownClass): 200 GET http://10.180.1.21/compute/v2.1/servers/7a399651-5025-44d4-b4f3-605732d6967b 0.190s
2025-12-08 23:48:43.920 65821 INFO tempest.lib.common.rest_client [req-7143f805-ac45-4d51-a77c-f47920a6f5e9 req-7143f805-ac45-4d51-a77c-f47920a6f5e9 ] Request (AttachInterfacesTestJSON:_run_cleanups): 200 GET http://10.180.1.21/compute/v2.1/servers/0b00c1c4-16ba-4097-9246-cec4426eea13 0.189s
2025-12-08 23:48:43.934 65797 INFO tempest.lib.common.rest_client [req-bf9735ae-1bc9-43ad-9d55-fa78e1a47525 req-bf9735ae-1bc9-43ad-9d55-fa78e1a47525 ] Request (ListImageFiltersTestJSON:tearDownClass): 200 GET http://10.180.1.21/compute/v2.1/servers/7c3d15dc-cc53-4711-a9db-2162b0bbcbb9 0.197s
2025-12-08 23:48:43.987 65843 INFO tempest.lib.common.rest_client [req-9e277015-da13-4b38-9921-8f9de3033db5 req-9e277015-da13-4b38-9921-8f9de3033db5 ] Request (ServerActionsV293TestJSON:tearDownClass): 200 PUT http://10.180.1.21/networking/v2.0/routers/ed396a8a-c17e-4727-9af7-499ba2febfdf/remove_router_interface 0.814s
2025-12-08 23:48:44.014 65795 INFO tempest.lib.common.rest_client [req-3bd32e12-e666-4d29-b567-52fddb10ce4d req-3bd32e12-e666-4d29-b567-52fddb10ce4d ] Request (ServersAdminTestJSON:tearDownClass): 200 GET http://10.180.1.21/compute/v2.1/servers/63f4bb3a-5f98-4500-88ca-6756d53558a2 0.225s
2025-12-08 23:48:44.076 65833 INFO tempest.lib.common.rest_client [req-66807bca-afd0-4baf-ab05-b5009adf40b2 req-66807bca-afd0-4baf-ab05-b5009adf40b2 ] Request (ImagesTestJSON:test_create_image_from_suspended_server): 200 GET http://10.180.1.21/compute/v2.1/servers/9611665f-1822-419d-9f15-4e1cf65f858f 0.268s
2025-12-08 23:48:44.093 65817 INFO tempest.lib.common.rest_client [req-fda5238a-5a8a-424c-a97c-eaf8aee627f5 req-fda5238a-5a8a-424c-a97c-eaf8aee627f5 ] Request (AttachInterfacesV270Test:test_create_get_list_interfaces): 200 GET http://10.180.1.21/compute/v2.1/servers/8eae0db5-12c5-4b81-8430-4d410fd37141 0.257s
2025-12-08 23:48:44.324 65813 INFO tempest.lib.common.rest_client [req-5c2c2de7-7afd-4808-9666-12e39049c94d req-5c2c2de7-7afd-4808-9666-12e39049c94d ] Request (ServerDiskConfigTestJSON:test_resize_server_from_auto_to_manual): 200 GET http://10.180.1.21/compute/v2.1/servers/87fa86ec-1f37-40a1-a051-a06dfb35168a 0.189s
2025-12-08 23:48:44.346 65807 INFO tempest.lib.common.rest_client [req-153a0b33-7d61-4642-a070-eb6660a7d7d6 req-153a0b33-7d61-4642-a070-eb6660a7d7d6 ] Request (AttachVolumeTestJSON:test_attach_detach_volume): 200 GET http://10.180.1.21/compute/v2.1/servers/d7a1ed00-df9a-426b-8506-810f66d16fa2 0.182s
2025-12-08 23:48:44.356 65807 INFO tempest.common.waiters [-] State transition "ACTIVE/powering-off" ==> "SHUTOFF/None" after 4 second wait
2025-12-08 23:48:44.401 65851 INFO tempest.lib.common.rest_client [req-28b1a2ce-34dc-49d5-9088-680c3baf55d3 req-28b1a2ce-34dc-49d5-9088-680c3baf55d3 ] Request (ListServerFiltersTestJSON:tearDownClass): 200 GET http://10.180.1.21/compute/v2.1/servers/b133cfff-2af6-462d-981d-fdc6e5c50281 0.192s
2025-12-08 23:48:44.403 65843 INFO tempest.lib.common.rest_client [req-68624b76-bd45-4e2b-ac04-df31422d7b6b req-68624b76-bd45-4e2b-ac04-df31422d7b6b ] Request (ServerActionsV293TestJSON:tearDownClass): 204 DELETE http://10.180.1.21/networking/v2.0/routers/ed396a8a-c17e-4727-9af7-499ba2febfdf 0.416s
2025-12-08 23:48:44.423 65831 INFO tempest.lib.common.rest_client [req-04074f60-78d0-4963-be70-8ac4637721c7 req-04074f60-78d0-4963-be70-8ac4637721c7 ] Request (ServersAdminNegativeTestJSON:tearDownClass): 200 GET http://10.180.1.21/compute/v2.1/servers/dd895566-7589-421e-be7f-eba6dadd5102 0.194s
2025-12-08 23:48:44.464 65835 INFO tempest.lib.common.rest_client [req-d161eb1f-4147-49b5-9a12-3b44ace484db req-d161eb1f-4147-49b5-9a12-3b44ace484db ] Request (ServersTestFqdnHostnames:test_create_server_with_fqdn_name): 200 GET http://10.180.1.21/compute/v2.1/servers/381d1130-9eb9-4a53-89fe-cbfddd5c5c35 0.191s
2025-12-08 23:48:44.494 65837 INFO tempest.lib.common.rest_client [req-0801456c-ebbe-4386-ac5a-f7c888ba2403 req-0801456c-ebbe-4386-ac5a-f7c888ba2403 ] Request (AttachInterfacesUnderV243Test:_run_cleanups): 200 GET http://10.180.1.21/compute/v2.1/servers/7f82f57b-8bac-4b65-aec8-223ef8731e33 0.192s
2025-12-08 23:48:44.557 65799 INFO tempest.lib.common.rest_client [req-39a71ed5-622a-409a-9e48-c4a4407aeb56 req-39a71ed5-622a-409a-9e48-c4a4407aeb56 ] Request (AttachVolumeShelveTestJSON:test_attach_volume_shelved_or_offload_server): 200 GET http://10.180.1.21/compute/v2.1/servers/a626ce91-d578-4a14-9077-fbe046e126f6 0.217s
2025-12-08 23:48:44.577 65843 INFO tempest.lib.common.rest_client [req-216684e1-7f70-44e5-ba54-df1a7218f49a req-216684e1-7f70-44e5-ba54-df1a7218f49a ] Request (ServerActionsV293TestJSON:tearDownClass): 204 DELETE http://10.180.1.21/networking/v2.0/subnets/46cec572-38ea-42b3-bbd5-93c7f3bd65a7 0.173s
2025-12-08 23:48:44.587 65807 INFO tempest.lib.common.rest_client [req-8614797c-2e41-441e-837d-c95c61fe7a1a req-8614797c-2e41-441e-837d-c95c61fe7a1a ] Request (AttachVolumeTestJSON:test_attach_detach_volume): 202 POST http://10.180.1.21/compute/v2.1/servers/d7a1ed00-df9a-426b-8506-810f66d16fa2/action 0.228s
2025-12-08 23:48:44.665 65853 INFO tempest.lib.common.rest_client [req-e5a25abe-f1ff-4f5c-92c4-dde07cb97dcd req-e5a25abe-f1ff-4f5c-92c4-dde07cb97dcd ] Request (ServerRescueNegativeTestJSON:test_rescued_vm_detach_volume): 200 GET http://10.180.1.21/compute/v2.1/servers/465b16ca-75e8-430f-ac92-86c8dff3f037 0.296s
2025-12-08 23:48:44.719 65829 INFO tempest.lib.common.rest_client [req-72242973-0728-4f16-95f5-22a4c7e7fbe2 req-72242973-0728-4f16-95f5-22a4c7e7fbe2 ] Request (ServersAaction247Test:tearDownClass): 200 GET http://10.180.1.21/compute/v2.1/servers/7c444f8d-b67f-463c-84d3-c05a0b42da06 0.290s
2025-12-08 23:48:44.751 65811 INFO tempest.lib.common.rest_client [req-9a7573f6-aab4-48b8-a0e3-1456ee772cf9 req-9a7573f6-aab4-48b8-a0e3-1456ee772cf9 ] Request (ListServersNegativeTestJSON:setUpClass): 200 GET http://10.180.1.21/compute/v2.1/servers/47f90f63-bf74-45f7-a17f-0c27eebb7bc2 0.243s
2025-12-08 23:48:44.943 65839 INFO tempest.lib.common.rest_client [req-fb5c6a4a-16f1-45aa-a074-294679a149b7 req-fb5c6a4a-16f1-45aa-a074-294679a149b7 ] Request (ServerActionsTestOtherB:test_create_backup): 200 GET http://10.180.1.21/compute/v2.1/servers/0637e3c5-b13e-4fc9-b2bf-18f3601adcc1 0.402s
2025-12-08 23:48:44.963 65807 INFO tempest.lib.common.rest_client [req-a1c1c4a0-a0ed-4637-81ef-bb350325a998 req-a1c1c4a0-a0ed-4637-81ef-bb350325a998 ] Request (AttachVolumeTestJSON:test_attach_detach_volume): 200 GET http://10.180.1.21/compute/v2.1/servers/d7a1ed00-df9a-426b-8506-810f66d16fa2 0.376s
2025-12-08 23:48:44.964 65843 INFO tempest.lib.common.rest_client [req-7cfe8d1e-84e4-4810-8e95-07ab4da4c970 req-7cfe8d1e-84e4-4810-8e95-07ab4da4c970 ] Request (ServerActionsV293TestJSON:tearDownClass): 204 DELETE http://10.180.1.21/networking/v2.0/networks/9c747535-6fcf-4236-84a9-64ebbbe96601 0.387s
2025-12-08 23:48:45.016 65845 INFO tempest.lib.common.rest_client [req-1aac0b76-525f-4a86-87ab-d83650cfe7b8 req-1aac0b76-525f-4a86-87ab-d83650cfe7b8 ] Request (MultipleCreateTestJSON:test_multiple_create_with_reservation_return): 200 GET http://10.180.1.21/compute/v2.1/servers/5c11442f-c0f2-4087-8f19-f2a028955913 0.352s
2025-12-08 23:48:45.025 65793 INFO tempest.lib.common.rest_client [req-57810d9e-c5ce-4b9a-947f-44d457aee051 req-57810d9e-c5ce-4b9a-947f-44d457aee051 ] Request (ServersTestJSON:_run_cleanups): 200 GET http://10.180.1.21/compute/v2.1/servers/cde2682b-6bd8-4d9b-8914-8dc6bca68f40 0.422s
2025-12-08 23:48:45.072 65823 INFO tempest.lib.common.rest_client [req-bc99bb3a-2da3-4267-9586-1ec74bdc08fd req-bc99bb3a-2da3-4267-9586-1ec74bdc08fd ] Request (ImagesOneServerTestJSON:tearDownClass): 200 GET http://10.180.1.21/compute/v2.1/servers/b9a777b5-fedd-4d8a-8d9b-6a9b5c6c1926 0.365s
2025-12-08 23:48:45.087 65809 INFO tempest.lib.common.rest_client [req-5190eed2-78e2-480f-a5ec-04b0f26bfadb req-5190eed2-78e2-480f-a5ec-04b0f26bfadb ] Request (ServerRescueTestJSON:tearDownClass): 200 GET http://10.180.1.21/compute/v2.1/servers/dd398e3f-71fd-49d9-b8b0-978471b38a27 0.348s
2025-12-08 23:48:45.107 65843 INFO tempest.lib.common.rest_client [req-3f59a2d3-0861-49e7-86a0-984b9e99d595 req-3f59a2d3-0861-49e7-86a0-984b9e99d595 ] Request (ServerActionsV293TestJSON:tearDownClass): 204 DELETE http://10.180.1.21/identity/v3/users/0b27dbb4e5f344ebb66b8ac988944f01 0.142s
2025-12-08 23:48:45.107 65843 INFO tempest.lib.common.dynamic_creds [-] Deleting project and security group for project: 15feceed4239458b816ba5e552faba89
2025-12-08 23:48:45.133 65815 INFO tempest.lib.common.rest_client [req-a4923589-83da-49f7-aea4-00ae3ff7c3f0 req-a4923589-83da-49f7-aea4-00ae3ff7c3f0 ] Request (ServerGroupTestJSON:test_create_server_with_scheduler_hint_group): 200 GET http://10.180.1.21/compute/v2.1/servers/9b81ba45-bf29-4b6b-bd6d-4be0417cdc38 0.371s
2025-12-08 23:48:45.133 65843 INFO tempest.lib.common.rest_client [req-5cca4f1c-e1bb-4bd5-877b-e6eb6b0dc5a7 req-5cca4f1c-e1bb-4bd5-877b-e6eb6b0dc5a7 ] Request (ServerActionsV293TestJSON:tearDownClass): 200 GET http://10.180.1.21/networking/v2.0/security-groups?tenant_id=15feceed4239458b816ba5e552faba89&name=default 0.026s
2025-12-08 23:48:45.211 65827 INFO tempest.lib.common.rest_client [req-a77583cf-e07d-419f-8957-f819c44b9442 req-a77583cf-e07d-419f-8957-f819c44b9442 ] Request (SecurityGroupsTestJSON:tearDownClass): 200 GET http://10.180.1.21/compute/v2.1/servers/7a399651-5025-44d4-b4f3-605732d6967b 0.330s
2025-12-08 23:48:45.241 65843 INFO tempest.lib.common.rest_client [req-0ad47363-0d43-4bbf-988b-84091cb83886 req-0ad47363-0d43-4bbf-988b-84091cb83886 ] Request (ServerActionsV293TestJSON:tearDownClass): 204 DELETE http://10.180.1.21/networking/v2.0/security-groups/12e3332c-5c7a-4cf4-b369-1be08d9d727c 0.107s
2025-12-08 23:48:45.272 65791 INFO tempest.lib.common.rest_client [req-bedc2faf-1632-4d48-87f2-4361745040cf req-bedc2faf-1632-4d48-87f2-4361745040cf ] Request (MigrationsAdminTest:test_resize_server_revert_deleted_flavor): 200 GET http://10.180.1.21/compute/v2.1/servers/7b857145-7435-480b-a966-0ec5c9a20ea5 0.403s
2025-12-08 23:48:45.273 65821 INFO tempest.lib.common.rest_client [req-89c794a3-81c6-44f5-974f-0a6052834a85 req-89c794a3-81c6-44f5-974f-0a6052834a85 ] Request (AttachInterfacesTestJSON:_run_cleanups): 200 GET http://10.180.1.21/compute/v2.1/servers/0b00c1c4-16ba-4097-9246-cec4426eea13 0.344s
2025-12-08 23:48:45.325 65795 INFO tempest.lib.common.rest_client [req-26bfc1bb-692e-4ad2-98d4-eddc22c34182 req-26bfc1bb-692e-4ad2-98d4-eddc22c34182 ] Request (ServersAdminTestJSON:tearDownClass): 200 GET http://10.180.1.21/compute/v2.1/servers/63f4bb3a-5f98-4500-88ca-6756d53558a2 0.300s
2025-12-08 23:48:45.339 65797 INFO tempest.lib.common.rest_client [req-f8f8e09f-77bc-4fbc-a3be-8b9be1ac48ad req-f8f8e09f-77bc-4fbc-a3be-8b9be1ac48ad ] Request (ListImageFiltersTestJSON:tearDownClass): 200 GET http://10.180.1.21/compute/v2.1/servers/7c3d15dc-cc53-4711-a9db-2162b0bbcbb9 0.395s
2025-12-08 23:48:45.349 65843 INFO tempest.lib.common.rest_client [req-1ccdf890-57be-492b-bab0-6540b3a8ce91 req-1ccdf890-57be-492b-bab0-6540b3a8ce91 ] Request (ServerActionsV293TestJSON:tearDownClass): 204 DELETE http://10.180.1.21/identity/v3/projects/15feceed4239458b816ba5e552faba89 0.107s
2025-12-08 23:48:45.428 65843 INFO tempest.lib.common.rest_client [req-d35cc2d3-3515-4d55-bcd7-c1ad863d061b req-d35cc2d3-3515-4d55-bcd7-c1ad863d061b ] Request (ExtensionsTest:setUpClass): 201 POST http://10.180.1.21/identity/v3/auth/tokens 0.078s
2025-12-08 23:48:45.458 65817 INFO tempest.lib.common.rest_client [req-6cbede89-6e24-4b8c-9cb3-000ccfa28e54 req-6cbede89-6e24-4b8c-9cb3-000ccfa28e54 ] Request (AttachInterfacesV270Test:test_create_get_list_interfaces): 200 GET http://10.180.1.21/compute/v2.1/servers/8eae0db5-12c5-4b81-8430-4d410fd37141 0.354s
2025-12-08 23:48:45.469 65843 INFO tempest.lib.common.rest_client [req-5e02e18c-c4ed-45b6-bfa5-a0e05dc12c3f req-5e02e18c-c4ed-45b6-bfa5-a0e05dc12c3f ] Request (ExtensionsTest:setUpClass): 201 POST http://10.180.1.21/identity/v3/auth/tokens 0.037s
2025-12-08 23:48:45.479 65833 INFO tempest.lib.common.rest_client [req-6a24efb6-114e-4edb-b6e3-5dfeb54b62f2 req-6a24efb6-114e-4edb-b6e3-5dfeb54b62f2 ] Request (ImagesTestJSON:test_create_image_from_suspended_server): 200 GET http://10.180.1.21/compute/v2.1/servers/9611665f-1822-419d-9f15-4e1cf65f858f 0.394s
2025-12-08 23:48:45.503 65843 INFO tempest.lib.common.rest_client [req-a812756e-b871-4cb7-b2c7-d22100556bea req-a812756e-b871-4cb7-b2c7-d22100556bea ] Request (ExtensionsTest:setUpClass): 200 GET http://10.180.1.21/identity/v3/domains?name=Default 0.033s
2025-12-08 23:48:45.533 65843 INFO tempest.lib.common.rest_client [req-e031b3a8-d786-4195-b3ca-6d1287e2c739 req-e031b3a8-d786-4195-b3ca-6d1287e2c739 ] Request (ExtensionsTest:setUpClass): 201 POST http://10.180.1.21/identity/v3/projects 0.029s
2025-12-08 23:48:45.554 65851 INFO tempest.lib.common.rest_client [req-0d7d3ef4-fa1c-42e3-a530-943aee4a3118 req-0d7d3ef4-fa1c-42e3-a530-943aee4a3118 ] Request (ListServerFiltersTestJSON:tearDownClass): 200 GET http://10.180.1.21/compute/v2.1/servers/b133cfff-2af6-462d-981d-fdc6e5c50281 0.144s
2025-12-08 23:48:45.576 65813 INFO tempest.lib.common.rest_client [req-759bfe8c-213b-4090-b13d-b3910b79de36 req-759bfe8c-213b-4090-b13d-b3910b79de36 ] Request (ServerDiskConfigTestJSON:test_resize_server_from_auto_to_manual): 200 GET http://10.180.1.21/compute/v2.1/servers/87fa86ec-1f37-40a1-a051-a06dfb35168a 0.242s
2025-12-08 23:48:45.599 65843 INFO tempest.lib.common.rest_client [req-699fbfb2-57a9-4697-a2c6-c3d3320ae2b2 req-699fbfb2-57a9-4697-a2c6-c3d3320ae2b2 ] Request (ExtensionsTest:setUpClass): 201 POST http://10.180.1.21/identity/v3/users 0.066s
2025-12-08 23:48:45.627 65831 INFO tempest.lib.common.rest_client [req-3e1e6134-8ebd-45b9-a935-8258697e4bdd req-3e1e6134-8ebd-45b9-a935-8258697e4bdd ] Request (ServersAdminNegativeTestJSON:tearDownClass): 200 GET http://10.180.1.21/compute/v2.1/servers/dd895566-7589-421e-be7f-eba6dadd5102 0.193s
2025-12-08 23:48:45.629 65843 INFO tempest.lib.common.rest_client [req-750804f5-76fb-48b5-b20d-a08116b01a1b req-750804f5-76fb-48b5-b20d-a08116b01a1b ] Request (ExtensionsTest:setUpClass): 200 GET http://10.180.1.21/identity/v3/roles 0.027s
2025-12-08 23:48:45.638 65835 INFO tempest.lib.common.rest_client [req-39a01f58-4933-47f6-8fab-3fe06de157ec req-39a01f58-4933-47f6-8fab-3fe06de157ec ] Request (ServersTestFqdnHostnames:test_create_server_with_fqdn_name): 200 GET http://10.180.1.21/compute/v2.1/servers/381d1130-9eb9-4a53-89fe-cbfddd5c5c35 0.164s
2025-12-08 23:48:45.672 65843 INFO tempest.lib.common.rest_client [req-56d48d5a-bc5a-4db8-a50e-299d83f9b206 req-56d48d5a-bc5a-4db8-a50e-299d83f9b206 ] Request (ExtensionsTest:setUpClass): 204 PUT http://10.180.1.21/identity/v3/projects/17a11643459449c59babbb597bd509de/users/18ff1f3b8ba040d3b864674963ae09f2/roles/41ea3152cadc47a2bca27f619e5b3fb5 0.042s
2025-12-08 23:48:45.673 65843 INFO tempest.lib.common.dynamic_creds [-] Dynamic test user 18ff1f3b8ba040d3b864674963ae09f2 is created with scope project and roles: ['member']
2025-12-08 23:48:45.673 65843 INFO tempest.lib.common.dynamic_creds [-] Acquired dynamic creds: credentials: Credentials: {'domain_id': 'default', 'domain_name': 'Default', 'username': 'tempest-ExtensionsTest-252858903-project-member', 'project_domain_id': 'default', 'project_domain_name': 'Default', 'project_id': '17a11643459449c59babbb597bd509de', 'project_name': 'tempest-ExtensionsTest-252858903', 'tenant_id': '17a11643459449c59babbb597bd509de', 'tenant_name': 'tempest-ExtensionsTest-252858903', 'user_domain_id': 'default', 'user_domain_name': 'Default', 'user_id': '18ff1f3b8ba040d3b864674963ae09f2', 'system': None}, Network: None, Subnet: None, Router: None
2025-12-08 23:48:45.673 65843 INFO tempest.lib.common.dynamic_creds [-] Created isolated network resources for: credentials: Credentials: {'domain_id': 'default', 'domain_name': 'Default', 'username': 'tempest-ExtensionsTest-252858903-project-member', 'project_domain_id': 'default', 'project_domain_name': 'Default', 'project_id': '17a11643459449c59babbb597bd509de', 'project_name': 'tempest-ExtensionsTest-252858903', 'tenant_id': '17a11643459449c59babbb597bd509de', 'tenant_name': 'tempest-ExtensionsTest-252858903', 'user_domain_id': 'default', 'user_domain_name': 'Default', 'user_id': '18ff1f3b8ba040d3b864674963ae09f2', 'system': None}, Network: None, Subnet: None, Router: None
2025-12-08 23:48:45.739 65837 INFO tempest.lib.common.rest_client [req-ca3827ed-a197-4fd7-b4bc-ad7e1b95cea1 req-ca3827ed-a197-4fd7-b4bc-ad7e1b95cea1 ] Request (AttachInterfacesUnderV243Test:_run_cleanups): 200 GET http://10.180.1.21/compute/v2.1/servers/7f82f57b-8bac-4b65-aec8-223ef8731e33 0.236s
2025-12-08 23:48:45.769 65799 INFO tempest.lib.common.rest_client [req-74623aee-47f9-4e15-aa00-170a0c68da77 req-74623aee-47f9-4e15-aa00-170a0c68da77 ] Request (AttachVolumeShelveTestJSON:test_attach_volume_shelved_or_offload_server): 200 GET http://10.180.1.21/compute/v2.1/servers/a626ce91-d578-4a14-9077-fbe046e126f6 0.200s
2025-12-08 23:48:45.772 65843 INFO tempest.lib.common.rest_client [req-b6b77019-213e-4d16-94ff-c4587d08e178 req-b6b77019-213e-4d16-94ff-c4587d08e178 ] Request (ExtensionsTest:setUpClass): 201 POST http://10.180.1.21/identity/v3/auth/tokens 0.094s
2025-12-08 23:48:45.778 65799 INFO tempest.common.waiters [-] State transition "BUILD/None" ==> "BUILD/networking" after 35 second wait
2025-12-08 23:48:45.806 65853 INFO tempest.lib.common.rest_client [req-cb100124-489a-4519-a29a-890c1905a108 req-cb100124-489a-4519-a29a-890c1905a108 ] Request (ServerRescueNegativeTestJSON:test_rescued_vm_detach_volume): 200 GET http://10.180.1.21/compute/v2.1/servers/465b16ca-75e8-430f-ac92-86c8dff3f037 0.132s
2025-12-08 23:48:45.832 65829 INFO tempest.lib.common.rest_client [req-8c27869f-9df8-45b9-8d1b-ce27b1b8d653 req-8c27869f-9df8-45b9-8d1b-ce27b1b8d653 ] Request (ServersAaction247Test:tearDownClass): 200 GET http://10.180.1.21/compute/v2.1/servers/7c444f8d-b67f-463c-84d3-c05a0b42da06 0.099s
2025-12-08 23:48:45.861 65811 INFO tempest.lib.common.rest_client [req-2ab4204f-a16f-475b-a6ec-68ccae48d3f8 req-2ab4204f-a16f-475b-a6ec-68ccae48d3f8 ] Request (ListServersNegativeTestJSON:setUpClass): 200 GET http://10.180.1.21/compute/v2.1/servers/47f90f63-bf74-45f7-a17f-0c27eebb7bc2 0.099s
2025-12-08 23:48:45.899 65843 INFO tempest.lib.common.rest_client [req-1b30d54b-357d-46ab-844a-357cdc4c0ba6 req-1b30d54b-357d-46ab-844a-357cdc4c0ba6 ] Request (ExtensionsTest:test_get_extension): 200 GET http://10.180.1.21/compute/v2.1/extensions/os-consoles 0.126s
2025-12-08 23:48:45.919 65843 INFO tempest.lib.common.rest_client [req-dc08a054-edd7-4237-8862-e84f6795640a req-dc08a054-edd7-4237-8862-e84f6795640a ] Request (ExtensionsTest:test_list_extensions): 200 GET http://10.180.1.21/compute/v2.1/extensions 0.019s
2025-12-08 23:48:46.045 65843 INFO tempest.lib.common.rest_client [req-fb413be6-2b97-4053-8534-f9ce05f566bf req-fb413be6-2b97-4053-8534-f9ce05f566bf ] Request (ExtensionsTest:tearDownClass): 204 DELETE http://10.180.1.21/identity/v3/users/18ff1f3b8ba040d3b864674963ae09f2 0.113s
2025-12-08 23:48:46.045 65843 INFO tempest.lib.common.dynamic_creds [-] Deleting project and security group for project: 17a11643459449c59babbb597bd509de
2025-12-08 23:48:46.111 65839 INFO tempest.lib.common.rest_client [req-48db31f6-8637-4dbe-a6eb-9972e72688bd req-48db31f6-8637-4dbe-a6eb-9972e72688bd ] Request (ServerActionsTestOtherB:test_create_backup): 200 GET http://10.180.1.21/compute/v2.1/servers/0637e3c5-b13e-4fc9-b2bf-18f3601adcc1 0.157s
2025-12-08 23:48:46.119 65843 INFO tempest.lib.common.rest_client [req-4b5f8315-6f48-4e70-bbde-ef828c470a3e req-4b5f8315-6f48-4e70-bbde-ef828c470a3e ] Request (ExtensionsTest:tearDownClass): 201 POST http://10.180.1.21/identity/v3/auth/tokens 0.073s
2025-12-08 23:48:46.137 65807 INFO tempest.lib.common.rest_client [req-5abe8686-c44f-40d9-a9d0-a8cc2323a613 req-5abe8686-c44f-40d9-a9d0-a8cc2323a613 ] Request (AttachVolumeTestJSON:test_attach_detach_volume): 200 GET http://10.180.1.21/compute/v2.1/servers/d7a1ed00-df9a-426b-8506-810f66d16fa2 0.160s
2025-12-08 23:48:46.295 65843 INFO tempest.lib.common.rest_client [req-4586320c-95b0-459d-9278-15405b3effdc req-4586320c-95b0-459d-9278-15405b3effdc ] Request (ExtensionsTest:tearDownClass): 200 GET http://10.180.1.21/networking/v2.0/security-groups?tenant_id=17a11643459449c59babbb597bd509de&name=default 0.176s
2025-12-08 23:48:46.317 65845 INFO tempest.lib.common.rest_client [req-b4c01bb2-25e4-4c16-a599-2a1182488055 req-b4c01bb2-25e4-4c16-a599-2a1182488055 ] Request (MultipleCreateTestJSON:test_multiple_create_with_reservation_return): 200 GET http://10.180.1.21/compute/v2.1/servers/5c11442f-c0f2-4087-8f19-f2a028955913 0.291s
2025-12-08 23:48:46.327 65793 INFO tempest.lib.common.rest_client [req-e4f2a322-1378-42e5-8566-30408612a633 req-e4f2a322-1378-42e5-8566-30408612a633 ] Request (ServersTestJSON:_run_cleanups): 200 GET http://10.180.1.21/compute/v2.1/servers/cde2682b-6bd8-4d9b-8914-8dc6bca68f40 0.294s
2025-12-08 23:48:46.408 65843 INFO tempest.lib.common.rest_client [req-f74ecda5-9776-4a86-a6b6-039ef5c4c6ff req-f74ecda5-9776-4a86-a6b6-039ef5c4c6ff ] Request (ExtensionsTest:tearDownClass): 204 DELETE http://10.180.1.21/networking/v2.0/security-groups/f5845978-49d5-4edf-bf20-bad7e9589240 0.113s
2025-12-08 23:48:46.429 65809 INFO tempest.lib.common.rest_client [req-fcdb1930-7a4c-4a8a-86fe-7697d793647c req-fcdb1930-7a4c-4a8a-86fe-7697d793647c ] Request (ServerRescueTestJSON:tearDownClass): 200 GET http://10.180.1.21/compute/v2.1/servers/dd398e3f-71fd-49d9-b8b0-978471b38a27 0.334s
2025-12-08 23:48:46.443 65823 INFO tempest.lib.common.rest_client [req-b05ffb61-3ab8-4703-b417-ad49b5e0ac75 req-b05ffb61-3ab8-4703-b417-ad49b5e0ac75 ] Request (ImagesOneServerTestJSON:tearDownClass): 200 GET http://10.180.1.21/compute/v2.1/servers/b9a777b5-fedd-4d8a-8d9b-6a9b5c6c1926 0.358s
2025-12-08 23:48:46.474 65843 INFO tempest.lib.common.rest_client [req-48e1ae3c-2a37-4968-a6e3-14a5b9a4d45a req-48e1ae3c-2a37-4968-a6e3-14a5b9a4d45a ] Request (ExtensionsTest:tearDownClass): 204 DELETE http://10.180.1.21/identity/v3/projects/17a11643459449c59babbb597bd509de 0.065s
2025-12-08 23:48:46.478 65815 INFO tempest.lib.common.rest_client [req-47c254e8-855f-4120-bcad-dc5f111fa2ae req-47c254e8-855f-4120-bcad-dc5f111fa2ae ] Request (ServerGroupTestJSON:test_create_server_with_scheduler_hint_group): 200 GET http://10.180.1.21/compute/v2.1/servers/9b81ba45-bf29-4b6b-bd6d-4be0417cdc38 0.336s
2025-12-08 23:48:46.520 65827 INFO tempest.lib.common.rest_client [req-f4349f49-4950-4fd9-9c04-86ad28868978 req-f4349f49-4950-4fd9-9c04-86ad28868978 ] Request (SecurityGroupsTestJSON:tearDownClass): 200 GET http://10.180.1.21/compute/v2.1/servers/7a399651-5025-44d4-b4f3-605732d6967b 0.299s
2025-12-08 23:48:46.589 65821 INFO tempest.lib.common.rest_client [req-371672e6-d72e-4abf-bb6a-1496296950c7 req-371672e6-d72e-4abf-bb6a-1496296950c7 ] Request (AttachInterfacesTestJSON:_run_cleanups): 200 GET http://10.180.1.21/compute/v2.1/servers/0b00c1c4-16ba-4097-9246-cec4426eea13 0.309s
2025-12-08 23:48:46.615 65791 INFO tempest.lib.common.rest_client [req-1af49b5b-7ed4-4411-8201-1701db5c74f4 req-1af49b5b-7ed4-4411-8201-1701db5c74f4 ] Request (MigrationsAdminTest:test_resize_server_revert_deleted_flavor): 200 GET http://10.180.1.21/compute/v2.1/servers/7b857145-7435-480b-a966-0ec5c9a20ea5 0.336s
2025-12-08 23:48:46.632 65791 INFO tempest.common.waiters [-] State transition "RESIZE/resize_migrating" ==> "RESIZE/resize_migrated" after 59 second wait
2025-12-08 23:48:46.688 65795 INFO tempest.lib.common.rest_client [req-baf2f8c6-eccd-4daa-880d-b4c5f7d729b8 req-baf2f8c6-eccd-4daa-880d-b4c5f7d729b8 ] Request (ServersAdminTestJSON:tearDownClass): 200 GET http://10.180.1.21/compute/v2.1/servers/63f4bb3a-5f98-4500-88ca-6756d53558a2 0.355s
2025-12-08 23:48:46.766 65797 INFO tempest.lib.common.rest_client [req-f0374412-c351-488f-bbf8-4d5a63844db7 req-f0374412-c351-488f-bbf8-4d5a63844db7 ] Request (ListImageFiltersTestJSON:tearDownClass): 200 GET http://10.180.1.21/compute/v2.1/servers/7c3d15dc-cc53-4711-a9db-2162b0bbcbb9 0.418s
2025-12-08 23:48:46.783 65817 INFO tempest.lib.common.rest_client [req-f0f3fadd-a3a6-4f8b-88d4-6bc4bb376b53 req-f0f3fadd-a3a6-4f8b-88d4-6bc4bb376b53 ] Request (AttachInterfacesV270Test:test_create_get_list_interfaces): 200 GET http://10.180.1.21/compute/v2.1/servers/8eae0db5-12c5-4b81-8430-4d410fd37141 0.314s
2025-12-08 23:48:46.894 65851 INFO tempest.lib.common.rest_client [req-ced2d327-21f9-449d-8578-8ff5324d9ade req-ced2d327-21f9-449d-8578-8ff5324d9ade ] Request (ListServerFiltersTestJSON:tearDownClass): 200 GET http://10.180.1.21/compute/v2.1/servers/b133cfff-2af6-462d-981d-fdc6e5c50281 0.330s
2025-12-08 23:48:46.928 65833 INFO tempest.lib.common.rest_client [req-9280b310-45d3-450c-a677-6c8632dbf661 req-9280b310-45d3-450c-a677-6c8632dbf661 ] Request (ImagesTestJSON:test_create_image_from_suspended_server): 200 GET http://10.180.1.21/compute/v2.1/servers/9611665f-1822-419d-9f15-4e1cf65f858f 0.440s
2025-12-08 23:48:46.934 65833 INFO tempest.common.waiters [-] State transition "ACTIVE/suspending" ==> "SUSPENDED/None" after 2 second wait
2025-12-08 23:48:47.101 65831 INFO tempest.lib.common.rest_client [req-94e30eb3-9907-41ca-bf37-2c24ade4b071 req-94e30eb3-9907-41ca-bf37-2c24ade4b071 ] Request (ServersAdminNegativeTestJSON:tearDownClass): 200 GET http://10.180.1.21/compute/v2.1/servers/dd895566-7589-421e-be7f-eba6dadd5102 0.466s
2025-12-08 23:48:47.122 65813 INFO tempest.lib.common.rest_client [req-1a022b14-2995-4061-9f90-b16c406d850a req-1a022b14-2995-4061-9f90-b16c406d850a ] Request (ServerDiskConfigTestJSON:test_resize_server_from_auto_to_manual): 200 GET http://10.180.1.21/compute/v2.1/servers/87fa86ec-1f37-40a1-a051-a06dfb35168a 0.537s
2025-12-08 23:48:47.167 65835 INFO tempest.lib.common.rest_client [req-bc960ad0-e1bf-4862-bc66-5f77fa225773 req-bc960ad0-e1bf-4862-bc66-5f77fa225773 ] Request (ServersTestFqdnHostnames:test_create_server_with_fqdn_name): 200 GET http://10.180.1.21/compute/v2.1/servers/381d1130-9eb9-4a53-89fe-cbfddd5c5c35 0.519s
2025-12-08 23:48:47.181 65837 INFO tempest.lib.common.rest_client [req-3f4ced85-5b6e-425a-9f8f-1d75f1e040df req-3f4ced85-5b6e-425a-9f8f-1d75f1e040df ] Request (AttachInterfacesUnderV243Test:_run_cleanups): 200 GET http://10.180.1.21/compute/v2.1/servers/7f82f57b-8bac-4b65-aec8-223ef8731e33 0.431s
