2025-12-08 23:44:18.106 65833 INFO tempest.lib.common.rest_client [req-6ef7a70a-e6d4-4488-846c-07c4e538e4ac req-6ef7a70a-e6d4-4488-846c-07c4e538e4ac ] Request (ServerDiagnosticsTest:setUpClass): 201 POST http://10.180.1.21/identity/v3/auth/tokens 0.040s
2025-12-08 23:44:18.131 65805 INFO tempest.lib.common.rest_client [req-8410a02a-58a6-4425-a1ea-a33a4fb4989f req-8410a02a-58a6-4425-a1ea-a33a4fb4989f ] Request (HostsAdminNegativeTestJSON:setUpClass): 201 POST http://10.180.1.21/identity/v3/projects 0.075s
2025-12-08 23:44:18.201 65833 INFO tempest.lib.common.rest_client [req-ed77593f-d8f4-41eb-b393-51134b6fbfb2 req-ed77593f-d8f4-41eb-b393-51134b6fbfb2 ] Request (ServerDiagnosticsTest:setUpClass): 201 POST http://10.180.1.21/identity/v3/auth/tokens 0.081s
2025-12-08 23:44:18.206 65851 INFO tempest.lib.common.rest_client [req-97dd9549-2e56-4049-9df3-d492e22e7396 req-97dd9549-2e56-4049-9df3-d492e22e7396 ] Request (ServerDiagnosticsNegativeTest:setUpClass): 201 POST http://10.180.1.21/identity/v3/auth/tokens 0.085s
2025-12-08 23:44:18.224 65805 INFO tempest.lib.common.rest_client [req-d4038519-5404-4997-96fb-989340a77e9d req-d4038519-5404-4997-96fb-989340a77e9d ] Request (HostsAdminNegativeTestJSON:setUpClass): 201 POST http://10.180.1.21/identity/v3/users 0.093s
2025-12-08 23:44:18.255 65833 INFO tempest.lib.common.rest_client [req-c9eb4918-db10-47b0-95c1-2861e1051538 req-c9eb4918-db10-47b0-95c1-2861e1051538 ] Request (ServerDiagnosticsTest:setUpClass): 200 GET http://10.180.1.21/identity/v3/domains?name=Default 0.053s
2025-12-08 23:44:18.265 65805 INFO tempest.lib.common.rest_client [req-2acf9e2b-6297-4ba9-acf4-46d57f7cc157 req-2acf9e2b-6297-4ba9-acf4-46d57f7cc157 ] Request (HostsAdminNegativeTestJSON:setUpClass): 200 GET http://10.180.1.21/identity/v3/roles 0.041s
2025-12-08 23:44:18.301 65851 INFO tempest.lib.common.rest_client [req-f5a2e011-e8aa-4722-b03c-35ff0082a5dd req-f5a2e011-e8aa-4722-b03c-35ff0082a5dd ] Request (ServerDiagnosticsNegativeTest:setUpClass): 201 POST http://10.180.1.21/identity/v3/auth/tokens 0.068s
2025-12-08 23:44:18.317 65805 INFO tempest.lib.common.rest_client [req-86266235-823e-40d0-8ecf-7ab43a0e4b0b req-86266235-823e-40d0-8ecf-7ab43a0e4b0b ] Request (HostsAdminNegativeTestJSON:setUpClass): 204 PUT http://10.180.1.21/identity/v3/projects/c2ac2894f1a74b688f9809d22365df12/users/c2f442dbee424c48983462ac16b0560f/roles/41ea3152cadc47a2bca27f619e5b3fb5 0.051s
2025-12-08 23:44:18.318 65805 INFO tempest.lib.common.dynamic_creds [-] Dynamic test user c2f442dbee424c48983462ac16b0560f is created with scope project and roles: ['member']
2025-12-08 23:44:18.318 65805 INFO tempest.lib.common.dynamic_creds [-] Acquired dynamic creds: credentials: Credentials: {'domain_id': 'default', 'domain_name': 'Default', 'username': 'tempest-HostsAdminNegativeTestJSON-1541367353-project-member', 'project_domain_id': 'default', 'project_domain_name': 'Default', 'project_id': 'c2ac2894f1a74b688f9809d22365df12', 'project_name': 'tempest-HostsAdminNegativeTestJSON-1541367353', 'tenant_id': 'c2ac2894f1a74b688f9809d22365df12', 'tenant_name': 'tempest-HostsAdminNegativeTestJSON-1541367353', 'user_domain_id': 'default', 'user_domain_name': 'Default', 'user_id': 'c2f442dbee424c48983462ac16b0560f', 'system': None}, Network: None, Subnet: None, Router: None
2025-12-08 23:44:18.318 65805 INFO tempest.lib.common.dynamic_creds [-] Created isolated network resources for: credentials: Credentials: {'domain_id': 'default', 'domain_name': 'Default', 'username': 'tempest-HostsAdminNegativeTestJSON-1541367353-project-member', 'project_domain_id': 'default', 'project_domain_name': 'Default', 'project_id': 'c2ac2894f1a74b688f9809d22365df12', 'project_name': 'tempest-HostsAdminNegativeTestJSON-1541367353', 'tenant_id': 'c2ac2894f1a74b688f9809d22365df12', 'tenant_name': 'tempest-HostsAdminNegativeTestJSON-1541367353', 'user_domain_id': 'default', 'user_domain_name': 'Default', 'user_id': 'c2f442dbee424c48983462ac16b0560f', 'system': None}, Network: None, Subnet: None, Router: None
2025-12-08 23:44:18.338 65833 INFO tempest.lib.common.rest_client [req-e28b10ae-b6b0-452c-b37f-19ddfb70a7a3 req-e28b10ae-b6b0-452c-b37f-19ddfb70a7a3 ] Request (ServerDiagnosticsTest:setUpClass): 201 POST http://10.180.1.21/identity/v3/projects 0.077s
2025-12-08 23:44:18.376 65851 INFO tempest.lib.common.rest_client [req-ea732800-a830-428d-b62c-3af5c0b26a34 req-ea732800-a830-428d-b62c-3af5c0b26a34 ] Request (ServerDiagnosticsNegativeTest:setUpClass): 200 GET http://10.180.1.21/identity/v3/domains?name=Default 0.074s
2025-12-08 23:44:18.391 65817 INFO tempest.lib.common.rest_client [req-d26fec3d-1e8b-4f19-93c7-b5baaf172123 req-d26fec3d-1e8b-4f19-93c7-b5baaf172123 ] Request (VolumesAssistedSnapshotsTest:setUpClass): 201 POST http://10.180.1.21/identity/v3/auth/tokens 0.100s
2025-12-08 23:44:18.411 65833 INFO tempest.lib.common.rest_client [req-6f4df7cb-091a-4eda-bf06-5c97b3937ef1 req-6f4df7cb-091a-4eda-bf06-5c97b3937ef1 ] Request (ServerDiagnosticsTest:setUpClass): 201 POST http://10.180.1.21/identity/v3/users 0.057s
2025-12-08 23:44:18.454 65833 INFO tempest.lib.common.rest_client [req-65079a5f-7c29-45b3-9cd3-8ce5be71a709 req-65079a5f-7c29-45b3-9cd3-8ce5be71a709 ] Request (ServerDiagnosticsTest:setUpClass): 200 GET http://10.180.1.21/identity/v3/roles 0.040s
2025-12-08 23:44:18.465 65817 INFO tempest.lib.common.rest_client [req-3ace8303-671c-44ee-bb57-610dc2bd0b79 req-3ace8303-671c-44ee-bb57-610dc2bd0b79 ] Request (VolumesAssistedSnapshotsTest:setUpClass): 201 POST http://10.180.1.21/identity/v3/auth/tokens 0.071s
2025-12-08 23:44:18.466 65805 INFO tempest.lib.common.rest_client [req-7fa7f59a-463d-44cb-bb87-f5420583af43 req-7fa7f59a-463d-44cb-bb87-f5420583af43 ] Request (HostsAdminNegativeTestJSON:setUpClass): 201 POST http://10.180.1.21/identity/v3/auth/tokens 0.110s
2025-12-08 23:44:18.482 65851 INFO tempest.lib.common.rest_client [req-5599f9d3-576e-406c-92a4-4a8653243949 req-5599f9d3-576e-406c-92a4-4a8653243949 ] Request (ServerDiagnosticsNegativeTest:setUpClass): 201 POST http://10.180.1.21/identity/v3/projects 0.060s
2025-12-08 23:44:18.491 65833 INFO tempest.lib.common.rest_client [req-5b7120b7-e795-494d-bb4f-31b46802ce20 req-5b7120b7-e795-494d-bb4f-31b46802ce20 ] Request (ServerDiagnosticsTest:setUpClass): 204 PUT http://10.180.1.21/identity/v3/projects/b57fe6e184804521a61a0dd118c60b68/users/008f1d3e1c8e4920b1ec7231ee97c0bb/roles/41ea3152cadc47a2bca27f619e5b3fb5 0.036s
2025-12-08 23:44:18.491 65833 INFO tempest.lib.common.dynamic_creds [-] Dynamic test user 008f1d3e1c8e4920b1ec7231ee97c0bb is created with scope project and roles: ['member']
2025-12-08 23:44:18.491 65833 INFO tempest.lib.common.dynamic_creds [-] Acquired dynamic creds: credentials: Credentials: {'domain_id': 'default', 'domain_name': 'Default', 'username': 'tempest-ServerDiagnosticsTest-28364273-project-member', 'project_domain_id': 'default', 'project_domain_name': 'Default', 'project_id': 'b57fe6e184804521a61a0dd118c60b68', 'project_name': 'tempest-ServerDiagnosticsTest-28364273', 'tenant_id': 'b57fe6e184804521a61a0dd118c60b68', 'tenant_name': 'tempest-ServerDiagnosticsTest-28364273', 'user_domain_id': 'default', 'user_domain_name': 'Default', 'user_id': '008f1d3e1c8e4920b1ec7231ee97c0bb', 'system': None}, Network: None, Subnet: None, Router: None
2025-12-08 23:44:18.491 65833 INFO tempest.lib.common.dynamic_creds [-] Created isolated network resources for: credentials: Credentials: {'domain_id': 'default', 'domain_name': 'Default', 'username': 'tempest-ServerDiagnosticsTest-28364273-project-member', 'project_domain_id': 'default', 'project_domain_name': 'Default', 'project_id': 'b57fe6e184804521a61a0dd118c60b68', 'project_name': 'tempest-ServerDiagnosticsTest-28364273', 'tenant_id': 'b57fe6e184804521a61a0dd118c60b68', 'tenant_name': 'tempest-ServerDiagnosticsTest-28364273', 'user_domain_id': 'default', 'user_domain_name': 'Default', 'user_id': '008f1d3e1c8e4920b1ec7231ee97c0bb', 'system': None}, Network: None, Subnet: None, Router: None
2025-12-08 23:44:18.559 65813 INFO tempest.test [-] raised in UpdateMultiattachVolumeNegativeTest.setUpClass. Invoking tearDownClass.
2025-12-08 23:44:18.573 65837 INFO tempest.lib.common.rest_client [req-fa5f2128-5c0e-4161-a386-370dd03e0774 req-fa5f2128-5c0e-4161-a386-370dd03e0774 ] Request (FlavorsV261TestJSON:setUpClass): 201 POST http://10.180.1.21/identity/v3/auth/tokens 0.109s
2025-12-08 23:44:18.585 65817 INFO tempest.lib.common.rest_client [req-7478c084-cd85-4248-ab49-572825f1e41d req-7478c084-cd85-4248-ab49-572825f1e41d ] Request (VolumesAssistedSnapshotsTest:setUpClass): 200 GET http://10.180.1.21/identity/v3/domains?name=Default 0.119s
2025-12-08 23:44:18.602 65805 INFO tempest.lib.common.rest_client [req-35ab41d2-821c-4f95-9c19-5dec682da35f req-35ab41d2-821c-4f95-9c19-5dec682da35f ] Request (HostsAdminNegativeTestJSON:setUpClass): 201 POST http://10.180.1.21/identity/v3/projects 0.136s
2025-12-08 23:44:18.605 65823 INFO tempest.test [-] raised in TestMultiAttachVolumeSwap.setUpClass. Invoking tearDownClass.
2025-12-08 23:44:18.624 65797 INFO tempest.test [-] raised in LiveMigrationRemoteConsolesV26Test.setUpClass. Invoking tearDownClass.
2025-12-08 23:44:18.629 65831 INFO tempest.lib.common.rest_client [req-a79042d2-13fa-473a-8e6f-51707e4a3308 req-a79042d2-13fa-473a-8e6f-51707e4a3308 ] Request (DeleteServersAdminTestJSON:test_admin_delete_servers_of_others): 202 POST http://10.180.1.21/compute/v2.1/servers 0.697s
2025-12-08 23:44:18.669 65849 INFO tempest.lib.common.rest_client [req-80a02a3d-ed00-496d-a143-767276f4e41a req-80a02a3d-ed00-496d-a143-767276f4e41a ] Request (ServersWithSpecificFlavorTestJSON:setUpClass): 201 POST http://10.180.1.21/identity/v3/auth/tokens 0.189s
2025-12-08 23:44:18.678 65851 INFO tempest.lib.common.rest_client [req-ff4fb9ef-ba87-4777-bdfb-d91b273800a5 req-ff4fb9ef-ba87-4777-bdfb-d91b273800a5 ] Request (ServerDiagnosticsNegativeTest:setUpClass): 201 POST http://10.180.1.21/identity/v3/users 0.195s
2025-12-08 23:44:18.700 65813 INFO tempest.lib.common.rest_client [req-3f6fe507-c5d1-4df7-a5e0-6b110db88aee req-3f6fe507-c5d1-4df7-a5e0-6b110db88aee ] Request (ServerDiskConfigTestJSON:setUpClass): 201 POST http://10.180.1.21/identity/v3/auth/tokens 0.131s
2025-12-08 23:44:18.722 65809 INFO tempest.lib.common.rest_client [req-6f40184c-390d-400a-94b4-97f97e9b63fb req-6f40184c-390d-400a-94b4-97f97e9b63fb ] Request (FlavorsExtraSpecsNegativeTestJSON:setUpClass): 201 POST http://10.180.1.21/identity/v3/auth/tokens 0.146s
2025-12-08 23:44:18.731 65833 INFO tempest.lib.common.rest_client [req-4bd77333-5613-4a58-95c1-95d3e2edc950 req-4bd77333-5613-4a58-95c1-95d3e2edc950 ] Request (ServerDiagnosticsTest:setUpClass): 201 POST http://10.180.1.21/identity/v3/auth/tokens 0.215s
2025-12-08 23:44:18.748 65837 INFO tempest.lib.common.rest_client [req-5b99f388-f2e2-4011-ba01-e2b61adbb5a0 req-5b99f388-f2e2-4011-ba01-e2b61adbb5a0 ] Request (FlavorsV261TestJSON:setUpClass): 201 POST http://10.180.1.21/identity/v3/auth/tokens 0.166s
2025-12-08 23:44:18.766 65805 INFO tempest.lib.common.rest_client [req-06bb31ac-4ea9-4c27-a01e-a60f3ac2e214 req-06bb31ac-4ea9-4c27-a01e-a60f3ac2e214 ] Request (HostsAdminNegativeTestJSON:setUpClass): 201 POST http://10.180.1.21/identity/v3/users 0.163s
2025-12-08 23:44:18.787 65817 INFO tempest.lib.common.rest_client [req-5cd074a5-b724-44c2-8547-42c5bc5ca541 req-5cd074a5-b724-44c2-8547-42c5bc5ca541 ] Request (VolumesAssistedSnapshotsTest:setUpClass): 201 POST http://10.180.1.21/identity/v3/projects 0.200s
2025-12-08 23:44:18.823 65797 INFO tempest.lib.common.rest_client [req-3ec6558f-120a-4128-88b3-2c137c0cdc20 req-3ec6558f-120a-4128-88b3-2c137c0cdc20 ] Request (FloatingIPsNegativeTestJSON:setUpClass): 201 POST http://10.180.1.21/identity/v3/auth/tokens 0.171s
2025-12-08 23:44:18.830 65827 INFO tempest.lib.common.rest_client [req-5619d8a9-bd20-4eb2-98d8-cdbaba53e297 req-5619d8a9-bd20-4eb2-98d8-cdbaba53e297 ] Request (ListImageFiltersNegativeTestJSON:setUpClass): 201 POST http://10.180.1.21/identity/v3/auth/tokens 0.184s
2025-12-08 23:44:18.836 65853 INFO tempest.test [-] raised in TestVolumeSwap.setUpClass. Invoking tearDownClass.
2025-12-08 23:44:18.857 65845 INFO tempest.lib.common.rest_client [req-7db28c7d-dcb7-449a-874e-7761a3f69283 req-7db28c7d-dcb7-449a-874e-7761a3f69283 ] Request (FlavorsAccessTestJSON:setUpClass): 201 POST http://10.180.1.21/identity/v3/auth/tokens 0.198s
2025-12-08 23:44:18.894 65823 INFO tempest.lib.common.rest_client [req-3584f482-3abe-4ba3-87b2-fa03605e37b5 req-3584f482-3abe-4ba3-87b2-fa03605e37b5 ] Request (FloatingIPsAssociationTestJSON:setUpClass): 201 POST http://10.180.1.21/identity/v3/auth/tokens 0.230s
2025-12-08 23:44:18.904 65851 INFO tempest.lib.common.rest_client [req-965f1bc2-e0c3-4fd5-91bf-d55405a09848 req-965f1bc2-e0c3-4fd5-91bf-d55405a09848 ] Request (ServerDiagnosticsNegativeTest:setUpClass): 200 GET http://10.180.1.21/identity/v3/roles 0.226s
2025-12-08 23:44:18.929 65813 INFO tempest.lib.common.rest_client [req-9b8e0140-6a4d-4885-b47a-284ab3823680 req-9b8e0140-6a4d-4885-b47a-284ab3823680 ] Request (ServerDiskConfigTestJSON:setUpClass): 201 POST http://10.180.1.21/identity/v3/auth/tokens 0.221s
2025-12-08 23:44:18.936 65849 INFO tempest.lib.common.rest_client [req-d5021dc1-5234-44d8-91f2-c33c59c10ba7 req-d5021dc1-5234-44d8-91f2-c33c59c10ba7 ] Request (ServersWithSpecificFlavorTestJSON:setUpClass): 201 POST http://10.180.1.21/identity/v3/auth/tokens 0.261s
2025-12-08 23:44:18.961 65809 INFO tempest.lib.common.rest_client [req-807fa28d-55b8-464f-97a2-23fd1db2310f req-807fa28d-55b8-464f-97a2-23fd1db2310f ] Request (FlavorsExtraSpecsNegativeTestJSON:setUpClass): 201 POST http://10.180.1.21/identity/v3/auth/tokens 0.229s
2025-12-08 23:44:18.962 65833 INFO tempest.lib.common.rest_client [req-b21f5479-92c2-42e8-be94-280c1635923d req-b21f5479-92c2-42e8-be94-280c1635923d ] Request (ServerDiagnosticsTest:setUpClass): 201 POST http://10.180.1.21/identity/v3/projects 0.230s
2025-12-08 23:44:19.016 65807 INFO tempest.lib.common.rest_client [req-16291137-4ac3-4e2e-811b-dadd1613e357 req-16291137-4ac3-4e2e-811b-dadd1613e357 ] Request (ServicesAdminTestJSON:setUpClass): 201 POST http://10.180.1.21/identity/v3/auth/tokens 0.255s
2025-12-08 23:44:19.033 65837 INFO tempest.lib.common.rest_client [req-b72b7c88-a093-4809-b8e1-6e73ea00b1f0 req-b72b7c88-a093-4809-b8e1-6e73ea00b1f0 ] Request (FlavorsV261TestJSON:setUpClass): 200 GET http://10.180.1.21/identity/v3/domains?name=Default 0.285s
2025-12-08 23:44:19.040 65821 INFO tempest.lib.common.rest_client [req-b3cea657-f8fd-479b-9cc0-ebb7b5cfe85d req-b3cea657-f8fd-479b-9cc0-ebb7b5cfe85d ] Request (FlavorsV255TestJSON:setUpClass): 201 POST http://10.180.1.21/identity/v3/auth/tokens 0.280s
2025-12-08 23:44:19.055 65805 INFO tempest.lib.common.rest_client [req-2f6ce5c2-3aaf-4dd4-89c8-90ba598e0bc6 req-2f6ce5c2-3aaf-4dd4-89c8-90ba598e0bc6 ] Request (HostsAdminNegativeTestJSON:setUpClass): 200 GET http://10.180.1.21/identity/v3/roles 0.288s
2025-12-08 23:44:19.066 65811 INFO tempest.lib.common.rest_client [req-9c6a5d26-6d6d-44ea-842b-fb74b51e7f8a req-9c6a5d26-6d6d-44ea-842b-fb74b51e7f8a ] Request (AZAdminNegativeTestJSON:setUpClass): 201 POST http://10.180.1.21/identity/v3/auth/tokens 0.291s
2025-12-08 23:44:19.080 65835 INFO tempest.test [-] raised in LiveAutoBlockMigrationV225Test.setUpClass. Invoking tearDownClass.
2025-12-08 23:44:19.085 65841 INFO tempest.lib.common.rest_client [req-e926011e-1f09-4302-b99f-b28f00208dcb req-e926011e-1f09-4302-b99f-b28f00208dcb ] Request (AZAdminV2TestJSON:setUpClass): 201 POST http://10.180.1.21/identity/v3/auth/tokens 0.307s
2025-12-08 23:44:19.091 65817 INFO tempest.lib.common.rest_client [req-04aec972-5562-442d-90d4-c0c44ca6db32 req-04aec972-5562-442d-90d4-c0c44ca6db32 ] Request (VolumesAssistedSnapshotsTest:setUpClass): 201 POST http://10.180.1.21/identity/v3/users 0.297s
2025-12-08 23:44:19.107 65797 INFO tempest.lib.common.rest_client [req-47a15bdf-ce11-49aa-b460-2146625161a6 req-47a15bdf-ce11-49aa-b460-2146625161a6 ] Request (FloatingIPsNegativeTestJSON:setUpClass): 201 POST http://10.180.1.21/identity/v3/auth/tokens 0.279s
2025-12-08 23:44:19.117 65827 INFO tempest.lib.common.rest_client [req-1a632384-84f4-47de-83f1-22995b075fed req-1a632384-84f4-47de-83f1-22995b075fed ] Request (ListImageFiltersNegativeTestJSON:setUpClass): 201 POST http://10.180.1.21/identity/v3/auth/tokens 0.281s
2025-12-08 23:44:19.129 65853 INFO tempest.lib.common.rest_client [req-659d4d46-9402-4b04-8331-803b004d7a7c req-659d4d46-9402-4b04-8331-803b004d7a7c ] Request (FloatingIPsAssociationNegativeTestJSON:setUpClass): 201 POST http://10.180.1.21/identity/v3/auth/tokens 0.287s
2025-12-08 23:44:19.154 65795 INFO tempest.lib.common.rest_client [req-e0b28837-158e-49c1-a62a-a8378eda1d00 req-e0b28837-158e-49c1-a62a-a8378eda1d00 ] Request (ServersAdminTestJSON:setUpClass): 201 POST http://10.180.1.21/identity/v3/auth/tokens 0.295s
2025-12-08 23:44:19.177 65845 INFO tempest.lib.common.rest_client [req-306bf422-7c6e-4230-ad70-ff4f7b6f5b82 req-306bf422-7c6e-4230-ad70-ff4f7b6f5b82 ] Request (FlavorsAccessTestJSON:setUpClass): 201 POST http://10.180.1.21/identity/v3/auth/tokens 0.313s
2025-12-08 23:44:19.188 65815 INFO tempest.lib.common.rest_client [req-02c2ac5e-5c52-4977-a09e-573f0a13f67b req-02c2ac5e-5c52-4977-a09e-573f0a13f67b ] Request (AggregatesAdminNegativeTestJSON:setUpClass): 201 POST http://10.180.1.21/identity/v3/auth/tokens 0.306s
2025-12-08 23:44:19.198 65819 INFO tempest.lib.common.rest_client [req-b11ac373-b9f4-4a24-b297-f58459f2c990 req-b11ac373-b9f4-4a24-b297-f58459f2c990 ] Request (InstanceUsageAuditLogTestJSON:setUpClass): 201 POST http://10.180.1.21/identity/v3/auth/tokens 0.310s
2025-12-08 23:44:19.209 65823 INFO tempest.lib.common.rest_client [req-e1594836-b4c1-46af-b235-33a56c72696a req-e1594836-b4c1-46af-b235-33a56c72696a ] Request (FloatingIPsAssociationTestJSON:setUpClass): 201 POST http://10.180.1.21/identity/v3/auth/tokens 0.313s
2025-12-08 23:44:19.217 65851 INFO tempest.lib.common.rest_client [req-928b3c6f-ebc5-4679-8f14-0eb0f41fff8d req-928b3c6f-ebc5-4679-8f14-0eb0f41fff8d ] Request (ServerDiagnosticsNegativeTest:setUpClass): 204 PUT http://10.180.1.21/identity/v3/projects/cd1bc23a8d3142bb9d78322b6f5b4e50/users/c1fe1ae4f2154349bbc5e2d7f87ef812/roles/41ea3152cadc47a2bca27f619e5b3fb5 0.313s
2025-12-08 23:44:19.218 65851 INFO tempest.lib.common.dynamic_creds [-] Dynamic test user c1fe1ae4f2154349bbc5e2d7f87ef812 is created with scope project and roles: ['member']
2025-12-08 23:44:19.218 65851 INFO tempest.lib.common.dynamic_creds [-] Acquired dynamic creds: credentials: Credentials: {'domain_id': 'default', 'domain_name': 'Default', 'username': 'tempest-ServerDiagnosticsNegativeTest-1347965067-project-member', 'project_domain_id': 'default', 'project_domain_name': 'Default', 'project_id': 'cd1bc23a8d3142bb9d78322b6f5b4e50', 'project_name': 'tempest-ServerDiagnosticsNegativeTest-1347965067', 'tenant_id': 'cd1bc23a8d3142bb9d78322b6f5b4e50', 'tenant_name': 'tempest-ServerDiagnosticsNegativeTest-1347965067', 'user_domain_id': 'default', 'user_domain_name': 'Default', 'user_id': 'c1fe1ae4f2154349bbc5e2d7f87ef812', 'system': None}, Network: None, Subnet: None, Router: None
2025-12-08 23:44:19.218 65851 INFO tempest.lib.common.dynamic_creds [-] Created isolated network resources for: credentials: Credentials: {'domain_id': 'default', 'domain_name': 'Default', 'username': 'tempest-ServerDiagnosticsNegativeTest-1347965067-project-member', 'project_domain_id': 'default', 'project_domain_name': 'Default', 'project_id': 'cd1bc23a8d3142bb9d78322b6f5b4e50', 'project_name': 'tempest-ServerDiagnosticsNegativeTest-1347965067', 'tenant_id': 'cd1bc23a8d3142bb9d78322b6f5b4e50', 'tenant_name': 'tempest-ServerDiagnosticsNegativeTest-1347965067', 'user_domain_id': 'default', 'user_domain_name': 'Default', 'user_id': 'c1fe1ae4f2154349bbc5e2d7f87ef812', 'system': None}, Network: None, Subnet: None, Router: None
2025-12-08 23:44:19.257 65813 INFO tempest.lib.common.rest_client [req-813a3355-adb2-4ccb-ad02-85c5584c765c req-813a3355-adb2-4ccb-ad02-85c5584c765c ] Request (ServerDiskConfigTestJSON:setUpClass): 200 GET http://10.180.1.21/identity/v3/domains?name=Default 0.327s
2025-12-08 23:44:19.264 65849 INFO tempest.lib.common.rest_client [req-c8878e83-7fc0-4803-b74a-69ba0fea699a req-c8878e83-7fc0-4803-b74a-69ba0fea699a ] Request (ServersWithSpecificFlavorTestJSON:setUpClass): 200 GET http://10.180.1.21/identity/v3/domains?name=Default 0.327s
2025-12-08 23:44:19.279 65793 INFO tempest.lib.common.rest_client [req-4ddf603c-5f70-43bd-ad11-26d74c42eb60 req-4ddf603c-5f70-43bd-ad11-26d74c42eb60 ] Request (FlavorMetadataValidation:setUpClass): 201 POST http://10.180.1.21/identity/v3/auth/tokens 0.342s
2025-12-08 23:44:19.284 65809 INFO tempest.lib.common.rest_client [req-91521e6c-f881-4202-809d-8d24442918ad req-91521e6c-f881-4202-809d-8d24442918ad ] Request (FlavorsExtraSpecsNegativeTestJSON:setUpClass): 200 GET http://10.180.1.21/identity/v3/domains?name=Default 0.322s
2025-12-08 23:44:19.301 65833 INFO tempest.lib.common.rest_client [req-24d98d1a-47f6-4449-8760-681bf52924a6 req-24d98d1a-47f6-4449-8760-681bf52924a6 ] Request (ServerDiagnosticsTest:setUpClass): 201 POST http://10.180.1.21/identity/v3/users 0.339s
2025-12-08 23:44:19.306 65801 INFO tempest.lib.common.rest_client [req-e67b5779-f31a-4b10-8ef6-beccfff3a249 req-e67b5779-f31a-4b10-8ef6-beccfff3a249 ] Request (FlavorsAdminTestJSON:setUpClass): 201 POST http://10.180.1.21/identity/v3/auth/tokens 0.343s
2025-12-08 23:44:19.323 65799 INFO tempest.lib.common.rest_client [req-b3e3cd0c-648d-4351-ba6b-393534ef4988 req-b3e3cd0c-648d-4351-ba6b-393534ef4988 ] Request (ServicesAdminNegativeTestJSON:setUpClass): 201 POST http://10.180.1.21/identity/v3/auth/tokens 0.314s
2025-12-08 23:44:19.328 65807 INFO tempest.lib.common.rest_client [req-402b7307-edec-43d5-9c15-5f6fd1cb91fc req-402b7307-edec-43d5-9c15-5f6fd1cb91fc ] Request (ServicesAdminTestJSON:setUpClass): 201 POST http://10.180.1.21/identity/v3/auth/tokens 0.300s
2025-12-08 23:44:19.345 65837 INFO tempest.lib.common.rest_client [req-c103d2c4-56b5-46ee-8444-03760d777704 req-c103d2c4-56b5-46ee-8444-03760d777704 ] Request (FlavorsV261TestJSON:setUpClass): 201 POST http://10.180.1.21/identity/v3/projects 0.309s
2025-12-08 23:44:19.383 65839 INFO tempest.lib.common.rest_client [req-fd24130a-33d0-4e89-853e-4ddaeb810a81 req-fd24130a-33d0-4e89-853e-4ddaeb810a81 ] Request (HostsAdminTestJSON:setUpClass): 201 POST http://10.180.1.21/identity/v3/auth/tokens 0.331s
2025-12-08 23:44:19.398 65821 INFO tempest.lib.common.rest_client [req-9ae02151-30f9-456e-86d1-fac8529b5f21 req-9ae02151-30f9-456e-86d1-fac8529b5f21 ] Request (FlavorsV255TestJSON:setUpClass): 201 POST http://10.180.1.21/identity/v3/auth/tokens 0.346s
2025-12-08 23:44:19.405 65805 INFO tempest.lib.common.rest_client [req-7b719c19-fed6-4b3a-80ed-09635ae225e2 req-7b719c19-fed6-4b3a-80ed-09635ae225e2 ] Request (HostsAdminNegativeTestJSON:setUpClass): 204 PUT http://10.180.1.21/identity/v3/projects/797feb77bae84388b22f79f5c631798d/users/dd05666847344db098f0d278f0bb8e37/roles/d14c225391484324a434ad4c4539e718 0.350s
2025-12-08 23:44:19.452 65803 INFO tempest.lib.common.rest_client [req-1b42558e-0378-4f7d-bcde-d61b2fbe22cf req-1b42558e-0378-4f7d-bcde-d61b2fbe22cf ] Request (HypervisorAdminV228Test:setUpClass): 201 POST http://10.180.1.21/identity/v3/auth/tokens 0.396s
2025-12-08 23:44:19.474 65847 INFO tempest.lib.common.rest_client [req-308b7610-6b4e-4f71-bac1-2507586168ba req-308b7610-6b4e-4f71-bac1-2507586168ba ] Request (HypervisorAdminUnderV252Test:setUpClass): 201 POST http://10.180.1.21/identity/v3/auth/tokens 0.415s
2025-12-08 23:44:19.493 65811 INFO tempest.lib.common.rest_client [req-11ad0c75-ef77-4c5f-bf91-029197e86f47 req-11ad0c75-ef77-4c5f-bf91-029197e86f47 ] Request (AZAdminNegativeTestJSON:setUpClass): 201 POST http://10.180.1.21/identity/v3/auth/tokens 0.424s
2025-12-08 23:44:19.514 65825 INFO tempest.lib.common.rest_client [req-b930bb30-a069-46a7-9f1a-d46bfda31128 req-b930bb30-a069-46a7-9f1a-d46bfda31128 ] Request (FlavorsAccessNegativeTestJSON:setUpClass): 201 POST http://10.180.1.21/identity/v3/auth/tokens 0.443s
2025-12-08 23:44:19.536 65835 INFO tempest.lib.common.rest_client [req-1332b896-d645-4851-8984-1d9c1bcc16bb req-1332b896-d645-4851-8984-1d9c1bcc16bb ] Request (ServersTestBootFromVolume:setUpClass): 201 POST http://10.180.1.21/identity/v3/auth/tokens 0.448s
2025-12-08 23:44:19.543 65829 INFO tempest.lib.common.rest_client [req-7c94eb8f-6653-4c9b-8e91-e00907950836 req-7c94eb8f-6653-4c9b-8e91-e00907950836 ] Request (SecurityGroupsTestAdminJSON:setUpClass): 201 POST http://10.180.1.21/identity/v3/auth/tokens 0.488s
2025-12-08 23:44:19.557 65841 INFO tempest.lib.common.rest_client [req-089d7be0-92a6-403b-ae92-69c93c966535 req-089d7be0-92a6-403b-ae92-69c93c966535 ] Request (AZAdminV2TestJSON:setUpClass): 201 POST http://10.180.1.21/identity/v3/auth/tokens 0.467s
2025-12-08 23:44:19.559 65817 INFO tempest.lib.common.rest_client [req-cdfc5896-78ea-40bd-9fbb-ecfe31386e67 req-cdfc5896-78ea-40bd-9fbb-ecfe31386e67 ] Request (VolumesAssistedSnapshotsTest:setUpClass): 200 GET http://10.180.1.21/identity/v3/roles 0.467s
2025-12-08 23:44:19.582 65797 INFO tempest.lib.common.rest_client [req-b33943f6-35f3-4d63-a9a9-be3d1de4fa8e req-b33943f6-35f3-4d63-a9a9-be3d1de4fa8e ] Request (FloatingIPsNegativeTestJSON:setUpClass): 200 GET http://10.180.1.21/identity/v3/domains?name=Default 0.474s
2025-12-08 23:44:19.584 65843 INFO tempest.lib.common.rest_client [req-f9a94128-cdc0-4f72-8ab6-b51bc819dccd req-f9a94128-cdc0-4f72-8ab6-b51bc819dccd ] Request (QuotasSecurityGroupAdminNegativeTest:setUpClass): 201 POST http://10.180.1.21/identity/v3/auth/tokens 0.486s
2025-12-08 23:44:19.602 65827 INFO tempest.lib.common.rest_client [req-38edc4f1-36fc-4285-a816-eaa5ec115357 req-38edc4f1-36fc-4285-a816-eaa5ec115357 ] Request (ListImageFiltersNegativeTestJSON:setUpClass): 200 GET http://10.180.1.21/identity/v3/domains?name=Default 0.484s
2025-12-08 23:44:19.608 65791 INFO tempest.lib.common.rest_client [req-fa3de068-3870-4c7c-b5de-ce9da6e8de32 req-fa3de068-3870-4c7c-b5de-ce9da6e8de32 ] Request (HypervisorAdminTestJSON:setUpClass): 201 POST http://10.180.1.21/identity/v3/auth/tokens 0.498s
2025-12-08 23:44:19.623 65853 INFO tempest.lib.common.rest_client [req-1337cba8-a6bf-4a7c-915e-38f89e6c82ff req-1337cba8-a6bf-4a7c-915e-38f89e6c82ff ] Request (FloatingIPsAssociationNegativeTestJSON:setUpClass): 201 POST http://10.180.1.21/identity/v3/auth/tokens 0.490s
2025-12-08 23:44:19.629 65795 INFO tempest.lib.common.rest_client [req-85a1b6b0-393d-49a5-88a3-310126d0c9f5 req-85a1b6b0-393d-49a5-88a3-310126d0c9f5 ] Request (ServersAdminTestJSON:setUpClass): 201 POST http://10.180.1.21/identity/v3/auth/tokens 0.471s
2025-12-08 23:44:19.649 65845 INFO tempest.lib.common.rest_client [req-7cea4a03-88d6-4ca4-bc4a-0da2b362cc36 req-7cea4a03-88d6-4ca4-bc4a-0da2b362cc36 ] Request (FlavorsAccessTestJSON:setUpClass): 200 GET http://10.180.1.21/identity/v3/domains?name=Default 0.471s
2025-12-08 23:44:19.670 65815 INFO tempest.lib.common.rest_client [req-8666a84a-f9b3-4e4d-88f4-d75717974fe6 req-8666a84a-f9b3-4e4d-88f4-d75717974fe6 ] Request (AggregatesAdminNegativeTestJSON:setUpClass): 201 POST http://10.180.1.21/identity/v3/auth/tokens 0.479s
2025-12-08 23:44:19.691 65819 INFO tempest.lib.common.rest_client [req-c1deadbc-29aa-46d9-a21d-1cc80b20bdc9 req-c1deadbc-29aa-46d9-a21d-1cc80b20bdc9 ] Request (InstanceUsageAuditLogTestJSON:setUpClass): 201 POST http://10.180.1.21/identity/v3/auth/tokens 0.490s
2025-12-08 23:44:19.708 65823 INFO tempest.lib.common.rest_client [req-d1e79634-f327-4022-9d36-8ddb86fa7b21 req-d1e79634-f327-4022-9d36-8ddb86fa7b21 ] Request (FloatingIPsAssociationTestJSON:setUpClass): 200 GET http://10.180.1.21/identity/v3/domains?name=Default 0.497s
2025-12-08 23:44:19.731 65813 INFO tempest.lib.common.rest_client [req-3402e7f3-1606-46e2-829b-962668fefc49 req-3402e7f3-1606-46e2-829b-962668fefc49 ] Request (ServerDiskConfigTestJSON:setUpClass): 201 POST http://10.180.1.21/identity/v3/projects 0.472s
2025-12-08 23:44:19.734 65831 INFO tempest.lib.common.rest_client [req-840e1a3f-ace4-4541-84b5-7b2a744577eb req-840e1a3f-ace4-4541-84b5-7b2a744577eb ] Request (DeleteServersAdminTestJSON:test_admin_delete_servers_of_others): 200 GET http://10.180.1.21/compute/v2.1/servers/b3bb37f1-5514-459a-a5d8-85dd02210c1b 1.104s
2025-12-08 23:44:19.748 65851 INFO tempest.lib.common.rest_client [req-4aae52f4-1f66-4d27-b052-591944a1d04f req-4aae52f4-1f66-4d27-b052-591944a1d04f ] Request (ServerDiagnosticsNegativeTest:setUpClass): 201 POST http://10.180.1.21/identity/v3/auth/tokens 0.524s
2025-12-08 23:44:19.769 65793 INFO tempest.lib.common.rest_client [req-350a7285-0268-4dea-a356-34c90858366a req-350a7285-0268-4dea-a356-34c90858366a ] Request (FlavorMetadataValidation:setUpClass): 201 POST http://10.180.1.21/identity/v3/auth/tokens 0.487s
2025-12-08 23:44:19.780 65849 INFO tempest.lib.common.rest_client [req-65b5a19a-59c1-4b8e-9e48-8350844be200 req-65b5a19a-59c1-4b8e-9e48-8350844be200 ] Request (ServersWithSpecificFlavorTestJSON:setUpClass): 201 POST http://10.180.1.21/identity/v3/projects 0.513s
2025-12-08 23:44:19.791 65809 INFO tempest.lib.common.rest_client [req-7659fd8e-a10d-4041-bebb-21fdaf8c8030 req-7659fd8e-a10d-4041-bebb-21fdaf8c8030 ] Request (FlavorsExtraSpecsNegativeTestJSON:setUpClass): 201 POST http://10.180.1.21/identity/v3/projects 0.504s
2025-12-08 23:44:19.839 65801 INFO tempest.lib.common.rest_client [req-a8467348-5585-4ee3-94b1-c0f39d324b61 req-a8467348-5585-4ee3-94b1-c0f39d324b61 ] Request (FlavorsAdminTestJSON:setUpClass): 201 POST http://10.180.1.21/identity/v3/auth/tokens 0.529s
2025-12-08 23:44:19.847 65833 INFO tempest.lib.common.rest_client [req-048ac1ee-88eb-49f2-87e2-9a9bbd132d8c req-048ac1ee-88eb-49f2-87e2-9a9bbd132d8c ] Request (ServerDiagnosticsTest:setUpClass): 200 GET http://10.180.1.21/identity/v3/roles 0.545s
2025-12-08 23:44:19.861 65799 INFO tempest.lib.common.rest_client [req-33995d1e-254b-4e20-8fbd-f6d7996b3e1c req-33995d1e-254b-4e20-8fbd-f6d7996b3e1c ] Request (ServicesAdminNegativeTestJSON:setUpClass): 201 POST http://10.180.1.21/identity/v3/auth/tokens 0.535s
2025-12-08 23:44:19.866 65807 INFO tempest.lib.common.rest_client [req-78c7e380-0fef-4063-baa7-b53a957298e4 req-78c7e380-0fef-4063-baa7-b53a957298e4 ] Request (ServicesAdminTestJSON:setUpClass): 200 GET http://10.180.1.21/identity/v3/domains?name=Default 0.538s
2025-12-08 23:44:19.882 65837 INFO tempest.lib.common.rest_client [req-c323367a-7f76-432a-97bb-8c4314b5d2d8 req-c323367a-7f76-432a-97bb-8c4314b5d2d8 ] Request (FlavorsV261TestJSON:setUpClass): 201 POST http://10.180.1.21/identity/v3/users 0.537s
2025-12-08 23:44:19.888 65839 INFO tempest.lib.common.rest_client [req-96e1a5c6-4ef7-407a-8bb6-ed8ba4a29737 req-96e1a5c6-4ef7-407a-8bb6-ed8ba4a29737 ] Request (HostsAdminTestJSON:setUpClass): 201 POST http://10.180.1.21/identity/v3/auth/tokens 0.502s
2025-12-08 23:44:19.901 65805 INFO tempest.lib.common.rest_client [req-a17660f7-4f24-4379-a00f-8ca5494333e8 req-a17660f7-4f24-4379-a00f-8ca5494333e8 ] Request (HostsAdminNegativeTestJSON:setUpClass): 200 GET http://10.180.1.21/identity/v3/roles 0.495s
2025-12-08 23:44:19.906 65821 INFO tempest.lib.common.rest_client [req-e62e0c88-91cf-445d-8709-4f12308bcfec req-e62e0c88-91cf-445d-8709-4f12308bcfec ] Request (FlavorsV255TestJSON:setUpClass): 200 GET http://10.180.1.21/identity/v3/domains?name=Default 0.506s
2025-12-08 23:44:19.923 65803 INFO tempest.lib.common.rest_client [req-91a0d65a-2de4-4e9f-af5a-ed05d68d2235 req-91a0d65a-2de4-4e9f-af5a-ed05d68d2235 ] Request (HypervisorAdminV228Test:setUpClass): 201 POST http://10.180.1.21/identity/v3/auth/tokens 0.468s
2025-12-08 23:44:19.928 65847 INFO tempest.lib.common.rest_client [req-54b10fb8-feb4-49c9-bfd0-e7c6038a2d7f req-54b10fb8-feb4-49c9-bfd0-e7c6038a2d7f ] Request (HypervisorAdminUnderV252Test:setUpClass): 201 POST http://10.180.1.21/identity/v3/auth/tokens 0.452s
2025-12-08 23:44:19.942 65811 INFO tempest.lib.common.rest_client [req-9c3ecc2a-0a5d-4a0f-b3fd-e5f931a7ada9 req-9c3ecc2a-0a5d-4a0f-b3fd-e5f931a7ada9 ] Request (AZAdminNegativeTestJSON:setUpClass): 200 GET http://10.180.1.21/identity/v3/domains?name=Default 0.448s
2025-12-08 23:44:19.951 65825 INFO tempest.lib.common.rest_client [req-cd973806-7805-4c62-b10a-0e39dae7bc97 req-cd973806-7805-4c62-b10a-0e39dae7bc97 ] Request (FlavorsAccessNegativeTestJSON:setUpClass): 201 POST http://10.180.1.21/identity/v3/auth/tokens 0.433s
2025-12-08 23:44:19.962 65835 INFO tempest.lib.common.rest_client [req-1af8180e-9eaf-47f5-a935-eac280934b4a req-1af8180e-9eaf-47f5-a935-eac280934b4a ] Request (ServersTestBootFromVolume:setUpClass): 201 POST http://10.180.1.21/identity/v3/auth/tokens 0.424s
2025-12-08 23:44:19.971 65829 INFO tempest.lib.common.rest_client [req-9a0eceaf-96e4-44a1-a855-cc39e68cd58a req-9a0eceaf-96e4-44a1-a855-cc39e68cd58a ] Request (SecurityGroupsTestAdminJSON:setUpClass): 201 POST http://10.180.1.21/identity/v3/auth/tokens 0.425s
2025-12-08 23:44:19.980 65841 INFO tempest.lib.common.rest_client [req-3dd2a148-aecd-4312-ba17-36fee8514033 req-3dd2a148-aecd-4312-ba17-36fee8514033 ] Request (AZAdminV2TestJSON:setUpClass): 200 GET http://10.180.1.21/identity/v3/domains?name=Default 0.423s
2025-12-08 23:44:19.990 65817 INFO tempest.lib.common.rest_client [req-5bb7045e-f9c3-48d6-8e5e-d75cd95365dd req-5bb7045e-f9c3-48d6-8e5e-d75cd95365dd ] Request (VolumesAssistedSnapshotsTest:setUpClass): 204 PUT http://10.180.1.21/identity/v3/projects/11b62c391ec64c84b4f36b36f1d7db43/users/3bd2c788d26f4382bfbc59e446e97d3a/roles/41ea3152cadc47a2bca27f619e5b3fb5 0.431s
2025-12-08 23:44:19.990 65817 INFO tempest.lib.common.dynamic_creds [-] Dynamic test user 3bd2c788d26f4382bfbc59e446e97d3a is created with scope project and roles: ['member']
2025-12-08 23:44:19.991 65817 INFO tempest.lib.common.dynamic_creds [-] Acquired dynamic creds: credentials: Credentials: {'domain_id': 'default', 'domain_name': 'Default', 'username': 'tempest-VolumesAssistedSnapshotsTest-1798462729-project-member', 'project_domain_id': 'default', 'project_domain_name': 'Default', 'project_id': '11b62c391ec64c84b4f36b36f1d7db43', 'project_name': 'tempest-VolumesAssistedSnapshotsTest-1798462729', 'tenant_id': '11b62c391ec64c84b4f36b36f1d7db43', 'tenant_name': 'tempest-VolumesAssistedSnapshotsTest-1798462729', 'user_domain_id': 'default', 'user_domain_name': 'Default', 'user_id': '3bd2c788d26f4382bfbc59e446e97d3a', 'system': None}, Network: None, Subnet: None, Router: None
2025-12-08 23:44:20.001 65797 INFO tempest.lib.common.rest_client [req-c225e53d-cd91-4be4-a8b1-c92885903f3a req-c225e53d-cd91-4be4-a8b1-c92885903f3a ] Request (FloatingIPsNegativeTestJSON:setUpClass): 201 POST http://10.180.1.21/identity/v3/projects 0.416s
2025-12-08 23:44:20.038 65843 INFO tempest.lib.common.rest_client [req-09a7ed49-56c6-4ed5-90a7-67c209c6f1a6 req-09a7ed49-56c6-4ed5-90a7-67c209c6f1a6 ] Request (QuotasSecurityGroupAdminNegativeTest:setUpClass): 201 POST http://10.180.1.21/identity/v3/auth/tokens 0.451s
2025-12-08 23:44:20.052 65827 INFO tempest.lib.common.rest_client [req-55e7dab5-8553-42a1-bc6f-db1dbadbabbe req-55e7dab5-8553-42a1-bc6f-db1dbadbabbe ] Request (ListImageFiltersNegativeTestJSON:setUpClass): 201 POST http://10.180.1.21/identity/v3/projects 0.447s
2025-12-08 23:44:20.085 65791 INFO tempest.lib.common.rest_client [req-3a0c46d1-1a26-4ffb-b07e-0f5a8752e0d2 req-3a0c46d1-1a26-4ffb-b07e-0f5a8752e0d2 ] Request (HypervisorAdminTestJSON:setUpClass): 201 POST http://10.180.1.21/identity/v3/auth/tokens 0.474s
2025-12-08 23:44:20.101 65853 INFO tempest.lib.common.rest_client [req-a0f8c6d9-fa8f-4e42-ba4b-968c821a9c24 req-a0f8c6d9-fa8f-4e42-ba4b-968c821a9c24 ] Request (FloatingIPsAssociationNegativeTestJSON:setUpClass): 200 GET http://10.180.1.21/identity/v3/domains?name=Default 0.477s
2025-12-08 23:44:20.102 65795 INFO tempest.lib.common.rest_client [req-e2a56bb1-2b29-477b-83a4-f7232d2033c3 req-e2a56bb1-2b29-477b-83a4-f7232d2033c3 ] Request (ServersAdminTestJSON:setUpClass): 200 GET http://10.180.1.21/identity/v3/domains?name=Default 0.472s
2025-12-08 23:44:20.120 65815 INFO tempest.lib.common.rest_client [req-6cc7196c-71fa-44c2-b503-8463ec63b108 req-6cc7196c-71fa-44c2-b503-8463ec63b108 ] Request (AggregatesAdminNegativeTestJSON:setUpClass): 200 GET http://10.180.1.21/identity/v3/domains?name=Default 0.450s
2025-12-08 23:44:20.122 65845 INFO tempest.lib.common.rest_client [req-169aa8f5-b227-4489-8f42-147f66350751 req-169aa8f5-b227-4489-8f42-147f66350751 ] Request (FlavorsAccessTestJSON:setUpClass): 201 POST http://10.180.1.21/identity/v3/projects 0.470s
2025-12-08 23:44:20.167 65819 INFO tempest.lib.common.rest_client [req-3791c6cc-1a02-4b80-8e50-d15e2ccf3a7a req-3791c6cc-1a02-4b80-8e50-d15e2ccf3a7a ] Request (InstanceUsageAuditLogTestJSON:setUpClass): 200 GET http://10.180.1.21/identity/v3/domains?name=Default 0.476s
2025-12-08 23:44:20.171 65823 INFO tempest.lib.common.rest_client [req-7d661ca1-304a-47e0-8bbd-745f9d111cf9 req-7d661ca1-304a-47e0-8bbd-745f9d111cf9 ] Request (FloatingIPsAssociationTestJSON:setUpClass): 201 POST http://10.180.1.21/identity/v3/projects 0.460s
2025-12-08 23:44:20.214 65813 INFO tempest.lib.common.rest_client [req-679a1b0b-4c86-4829-818e-9538da18c10b req-679a1b0b-4c86-4829-818e-9538da18c10b ] Request (ServerDiskConfigTestJSON:setUpClass): 201 POST http://10.180.1.21/identity/v3/users 0.482s
2025-12-08 23:44:20.218 65851 INFO tempest.lib.common.rest_client [req-f539e64d-c495-4509-be5c-7b645a659a2e req-f539e64d-c495-4509-be5c-7b645a659a2e ] Request (ServerDiagnosticsNegativeTest:setUpClass): 201 POST http://10.180.1.21/identity/v3/projects 0.470s
2025-12-08 23:44:20.258 65793 INFO tempest.lib.common.rest_client [req-73f5d3e3-8fd1-49e0-ae00-fe587fc0a90a req-73f5d3e3-8fd1-49e0-ae00-fe587fc0a90a ] Request (FlavorMetadataValidation:setUpClass): 200 GET http://10.180.1.21/identity/v3/domains?name=Default 0.488s
2025-12-08 23:44:20.266 65849 INFO tempest.lib.common.rest_client [req-5a7a5839-df4c-468a-b872-ad90748a25b3 req-5a7a5839-df4c-468a-b872-ad90748a25b3 ] Request (ServersWithSpecificFlavorTestJSON:setUpClass): 201 POST http://10.180.1.21/identity/v3/users 0.486s
2025-12-08 23:44:20.277 65809 INFO tempest.lib.common.rest_client [req-184611a6-6051-49be-84ee-60717efdc4a8 req-184611a6-6051-49be-84ee-60717efdc4a8 ] Request (FlavorsExtraSpecsNegativeTestJSON:setUpClass): 201 POST http://10.180.1.21/identity/v3/users 0.486s
2025-12-08 23:44:20.286 65801 INFO tempest.lib.common.rest_client [req-bea3240a-8474-4999-8dcc-c3c93f6a9377 req-bea3240a-8474-4999-8dcc-c3c93f6a9377 ] Request (FlavorsAdminTestJSON:setUpClass): 200 GET http://10.180.1.21/identity/v3/domains?name=Default 0.446s
2025-12-08 23:44:20.299 65833 INFO tempest.lib.common.rest_client [req-25c8564c-1132-45ce-8d1d-5f5a48beb746 req-25c8564c-1132-45ce-8d1d-5f5a48beb746 ] Request (ServerDiagnosticsTest:setUpClass): 204 PUT http://10.180.1.21/identity/v3/projects/7429c4f8522a438e81354d94ce748c5f/users/1ddabf521b674e8b8d64c039cda89900/roles/d14c225391484324a434ad4c4539e718 0.451s
2025-12-08 23:44:20.304 65799 INFO tempest.lib.common.rest_client [req-c2ea6562-bc56-43a9-b182-e15c0546e925 req-c2ea6562-bc56-43a9-b182-e15c0546e925 ] Request (ServicesAdminNegativeTestJSON:setUpClass): 200 GET http://10.180.1.21/identity/v3/domains?name=Default 0.442s
2025-12-08 23:44:20.344 65837 INFO tempest.lib.common.rest_client [req-51abb9f7-82a3-4a06-b10d-54971d862395 req-51abb9f7-82a3-4a06-b10d-54971d862395 ] Request (FlavorsV261TestJSON:setUpClass): 200 GET http://10.180.1.21/identity/v3/roles 0.461s
2025-12-08 23:44:20.345 65807 INFO tempest.lib.common.rest_client [req-f4e0da4e-bd0f-40a6-81a8-cde3a4733ec4 req-f4e0da4e-bd0f-40a6-81a8-cde3a4733ec4 ] Request (ServicesAdminTestJSON:setUpClass): 201 POST http://10.180.1.21/identity/v3/projects 0.475s
2025-12-08 23:44:20.392 65805 INFO tempest.lib.common.rest_client [req-04bf3e01-23e2-433c-8896-c0cd252e0bf5 req-04bf3e01-23e2-433c-8896-c0cd252e0bf5 ] Request (HostsAdminNegativeTestJSON:setUpClass): 204 PUT http://10.180.1.21/identity/v3/projects/797feb77bae84388b22f79f5c631798d/users/dd05666847344db098f0d278f0bb8e37/roles/d14c225391484324a434ad4c4539e718 0.490s
2025-12-08 23:44:20.392 65805 INFO tempest.lib.common.dynamic_creds [-] Dynamic test user dd05666847344db098f0d278f0bb8e37 is created with scope project and roles: ['admin']
2025-12-08 23:44:20.392 65805 INFO tempest.lib.common.dynamic_creds [-] Acquired dynamic creds: credentials: Credentials: {'domain_id': 'default', 'domain_name': 'Default', 'username': 'tempest-HostsAdminNegativeTestJSON-950400427-project-admin', 'project_domain_id': 'default', 'project_domain_name': 'Default', 'project_id': '797feb77bae84388b22f79f5c631798d', 'project_name': 'tempest-HostsAdminNegativeTestJSON-950400427', 'tenant_id': '797feb77bae84388b22f79f5c631798d', 'tenant_name': 'tempest-HostsAdminNegativeTestJSON-950400427', 'user_domain_id': 'default', 'user_domain_name': 'Default', 'user_id': 'dd05666847344db098f0d278f0bb8e37', 'system': None}, Network: None, Subnet: None, Router: None
2025-12-08 23:44:20.392 65805 INFO tempest.lib.common.dynamic_creds [-] Created isolated network resources for: credentials: Credentials: {'domain_id': 'default', 'domain_name': 'Default', 'username': 'tempest-HostsAdminNegativeTestJSON-950400427-project-admin', 'project_domain_id': 'default', 'project_domain_name': 'Default', 'project_id': '797feb77bae84388b22f79f5c631798d', 'project_name': 'tempest-HostsAdminNegativeTestJSON-950400427', 'tenant_id': '797feb77bae84388b22f79f5c631798d', 'tenant_name': 'tempest-HostsAdminNegativeTestJSON-950400427', 'user_domain_id': 'default', 'user_domain_name': 'Default', 'user_id': 'dd05666847344db098f0d278f0bb8e37', 'system': None}, Network: None, Subnet: None, Router: None
2025-12-08 23:44:20.394 65839 INFO tempest.lib.common.rest_client [req-de70ac50-e78a-4171-9183-68d3442e3184 req-de70ac50-e78a-4171-9183-68d3442e3184 ] Request (HostsAdminTestJSON:setUpClass): 200 GET http://10.180.1.21/identity/v3/domains?name=Default 0.505s
2025-12-08 23:44:20.438 65803 INFO tempest.lib.common.rest_client [req-6dc5dbbb-a350-4631-bd0a-737729176ad5 req-6dc5dbbb-a350-4631-bd0a-737729176ad5 ] Request (HypervisorAdminV228Test:setUpClass): 200 GET http://10.180.1.21/identity/v3/domains?name=Default 0.514s
2025-12-08 23:44:20.443 65821 INFO tempest.lib.common.rest_client [req-5b288816-a69f-48ab-971b-22db4ba32a16 req-5b288816-a69f-48ab-971b-22db4ba32a16 ] Request (FlavorsV255TestJSON:setUpClass): 201 POST http://10.180.1.21/identity/v3/projects 0.534s
2025-12-08 23:44:20.482 65847 INFO tempest.lib.common.rest_client [req-fcba8ace-0bc1-46bb-aa3d-a3f9d0da36dd req-fcba8ace-0bc1-46bb-aa3d-a3f9d0da36dd ] Request (HypervisorAdminUnderV252Test:setUpClass): 200 GET http://10.180.1.21/identity/v3/domains?name=Default 0.552s
2025-12-08 23:44:20.491 65811 INFO tempest.lib.common.rest_client [req-da8792b6-682e-45da-a860-cc82d3745e85 req-da8792b6-682e-45da-a860-cc82d3745e85 ] Request (AZAdminNegativeTestJSON:setUpClass): 201 POST http://10.180.1.21/identity/v3/projects 0.547s
2025-12-08 23:44:20.499 65825 INFO tempest.lib.common.rest_client [req-4d3414b9-53ee-4906-914b-55ed62aa28e9 req-4d3414b9-53ee-4906-914b-55ed62aa28e9 ] Request (FlavorsAccessNegativeTestJSON:setUpClass): 200 GET http://10.180.1.21/identity/v3/domains?name=Default 0.547s
2025-12-08 23:44:20.535 65835 INFO tempest.lib.common.rest_client [req-7f9431af-dfe4-4047-a4eb-aabc8f12fbae req-7f9431af-dfe4-4047-a4eb-aabc8f12fbae ] Request (ServersTestBootFromVolume:setUpClass): 200 GET http://10.180.1.21/identity/v3/domains?name=Default 0.572s
2025-12-08 23:44:20.542 65829 INFO tempest.lib.common.rest_client [req-20e1a61f-924c-477a-8ceb-95680adaa05d req-20e1a61f-924c-477a-8ceb-95680adaa05d ] Request (SecurityGroupsTestAdminJSON:setUpClass): 200 GET http://10.180.1.21/identity/v3/domains?name=Default 0.570s
2025-12-08 23:44:20.557 65841 INFO tempest.lib.common.rest_client [req-3517a643-b224-43b0-856b-534d05f0b521 req-3517a643-b224-43b0-856b-534d05f0b521 ] Request (AZAdminV2TestJSON:setUpClass): 201 POST http://10.180.1.21/identity/v3/projects 0.574s
2025-12-08 23:44:20.590 65817 INFO tempest.lib.common.rest_client [req-15753cb2-b613-4c4d-9ebe-8584dce3aee1 req-15753cb2-b613-4c4d-9ebe-8584dce3aee1 ] Request (VolumesAssistedSnapshotsTest:setUpClass): 201 POST http://10.180.1.21/identity/v3/auth/tokens 0.599s
2025-12-08 23:44:20.603 65797 INFO tempest.lib.common.rest_client [req-f2b25c7c-2b08-46db-81b6-17b41a739efc req-f2b25c7c-2b08-46db-81b6-17b41a739efc ] Request (FloatingIPsNegativeTestJSON:setUpClass): 201 POST http://10.180.1.21/identity/v3/users 0.601s
2025-12-08 23:44:20.609 65843 INFO tempest.lib.common.rest_client [req-05c3101a-19fb-41e7-abfe-f1d1883accd8 req-05c3101a-19fb-41e7-abfe-f1d1883accd8 ] Request (QuotasSecurityGroupAdminNegativeTest:setUpClass): 200 GET http://10.180.1.21/identity/v3/domains?name=Default 0.570s
2025-12-08 23:44:20.623 65827 INFO tempest.lib.common.rest_client [req-fee40b60-8ecb-4916-9725-4e9f17117b85 req-fee40b60-8ecb-4916-9725-4e9f17117b85 ] Request (ListImageFiltersNegativeTestJSON:setUpClass): 201 POST http://10.180.1.21/identity/v3/users 0.570s
2025-12-08 23:44:20.627 65791 INFO tempest.lib.common.rest_client [req-6c239f23-fbb9-45ca-8a4d-79c59101a7d2 req-6c239f23-fbb9-45ca-8a4d-79c59101a7d2 ] Request (HypervisorAdminTestJSON:setUpClass): 200 GET http://10.180.1.21/identity/v3/domains?name=Default 0.541s
2025-12-08 23:44:20.643 65853 INFO tempest.lib.common.rest_client [req-03fb1f8d-5029-4918-8f02-24f02cfb8731 req-03fb1f8d-5029-4918-8f02-24f02cfb8731 ] Request (FloatingIPsAssociationNegativeTestJSON:setUpClass): 201 POST http://10.180.1.21/identity/v3/projects 0.540s
2025-12-08 23:44:20.648 65795 INFO tempest.lib.common.rest_client [req-7d594729-537c-45c6-bec6-12a1070479a8 req-7d594729-537c-45c6-bec6-12a1070479a8 ] Request (ServersAdminTestJSON:setUpClass): 201 POST http://10.180.1.21/identity/v3/projects 0.543s
2025-12-08 23:44:20.691 65845 INFO tempest.lib.common.rest_client [req-c43ca73c-4998-457f-9fe7-770af7c8aff6 req-c43ca73c-4998-457f-9fe7-770af7c8aff6 ] Request (FlavorsAccessTestJSON:setUpClass): 201 POST http://10.180.1.21/identity/v3/users 0.568s
2025-12-08 23:44:20.694 65815 INFO tempest.lib.common.rest_client [req-df3170ec-506b-497c-b2be-0c97997af60f req-df3170ec-506b-497c-b2be-0c97997af60f ] Request (AggregatesAdminNegativeTestJSON:setUpClass): 201 POST http://10.180.1.21/identity/v3/projects 0.571s
2025-12-08 23:44:20.738 65823 INFO tempest.lib.common.rest_client [req-4b966517-4538-4ecb-8a8f-eb95d49d053f req-4b966517-4538-4ecb-8a8f-eb95d49d053f ] Request (FloatingIPsAssociationTestJSON:setUpClass): 201 POST http://10.180.1.21/identity/v3/users 0.566s
2025-12-08 23:44:20.738 65819 INFO tempest.lib.common.rest_client [req-01c9cebe-aae5-4b6c-94b9-5f8b7b48b81a req-01c9cebe-aae5-4b6c-94b9-5f8b7b48b81a ] Request (InstanceUsageAuditLogTestJSON:setUpClass): 201 POST http://10.180.1.21/identity/v3/projects 0.568s
2025-12-08 23:44:20.778 65813 INFO tempest.lib.common.rest_client [req-761ddfec-6101-4eb7-bdaa-8a8f1c290db2 req-761ddfec-6101-4eb7-bdaa-8a8f1c290db2 ] Request (ServerDiskConfigTestJSON:setUpClass): 200 GET http://10.180.1.21/identity/v3/roles 0.564s
2025-12-08 23:44:20.785 65851 INFO tempest.lib.common.rest_client [req-74011e83-3fd8-4dea-aba7-249fd0657ee5 req-74011e83-3fd8-4dea-aba7-249fd0657ee5 ] Request (ServerDiagnosticsNegativeTest:setUpClass): 201 POST http://10.180.1.21/identity/v3/users 0.566s
2025-12-08 23:44:20.800 65849 INFO tempest.lib.common.rest_client [req-fe71a945-bbe7-4f00-9251-2f3e3a21c306 req-fe71a945-bbe7-4f00-9251-2f3e3a21c306 ] Request (ServersWithSpecificFlavorTestJSON:setUpClass): 200 GET http://10.180.1.21/identity/v3/roles 0.534s
2025-12-08 23:44:20.803 65793 INFO tempest.lib.common.rest_client [req-23bb17f6-d337-4014-9e9c-dfbc9802851a req-23bb17f6-d337-4014-9e9c-dfbc9802851a ] Request (FlavorMetadataValidation:setUpClass): 201 POST http://10.180.1.21/identity/v3/projects 0.541s
2025-12-08 23:44:20.840 65831 INFO tempest.lib.common.rest_client [req-c8620cb4-2dec-4744-afbb-eef08482f7f2 req-c8620cb4-2dec-4744-afbb-eef08482f7f2 ] Request (DeleteServersAdminTestJSON:test_admin_delete_servers_of_others): 200 GET http://10.180.1.21/compute/v2.1/servers/b3bb37f1-5514-459a-a5d8-85dd02210c1b 0.095s
2025-12-08 23:44:20.844 65809 INFO tempest.lib.common.rest_client [req-8e025475-8351-47b1-a45a-e2b5aa9d1a10 req-8e025475-8351-47b1-a45a-e2b5aa9d1a10 ] Request (FlavorsExtraSpecsNegativeTestJSON:setUpClass): 200 GET http://10.180.1.21/identity/v3/roles 0.566s
2025-12-08 23:44:20.851 65831 INFO tempest.common.waiters [-] State transition "BUILD/scheduling" ==> "BUILD/None" after 1 second wait
2025-12-08 23:44:20.852 65801 INFO tempest.lib.common.rest_client [req-3700345c-87cd-487f-9132-748877135cce req-3700345c-87cd-487f-9132-748877135cce ] Request (FlavorsAdminTestJSON:setUpClass): 201 POST http://10.180.1.21/identity/v3/projects 0.564s
2025-12-08 23:44:20.859 65833 INFO tempest.lib.common.rest_client [req-b894c558-bd1e-456f-9406-6e9f212123b4 req-b894c558-bd1e-456f-9406-6e9f212123b4 ] Request (ServerDiagnosticsTest:setUpClass): 200 GET http://10.180.1.21/identity/v3/roles 0.560s
2025-12-08 23:44:20.900 65799 INFO tempest.lib.common.rest_client [req-98924a63-4720-4c86-9aa5-ef5d5759df7c req-98924a63-4720-4c86-9aa5-ef5d5759df7c ] Request (ServicesAdminNegativeTestJSON:setUpClass): 201 POST http://10.180.1.21/identity/v3/projects 0.593s
2025-12-08 23:44:20.907 65837 INFO tempest.lib.common.rest_client [req-4b525959-5ca0-4508-8949-c5915a7ca07e req-4b525959-5ca0-4508-8949-c5915a7ca07e ] Request (FlavorsV261TestJSON:setUpClass): 204 PUT http://10.180.1.21/identity/v3/projects/cc5ced663858499d92353b2bc4ddde4f/users/1093bc0561b845348586d847a9c61be7/roles/41ea3152cadc47a2bca27f619e5b3fb5 0.562s
