2025-12-08 23:48:33.836 65831 INFO tempest.lib.common.rest_client [req-898f3a38-7847-44ba-a21a-e4a0a49ed597 req-898f3a38-7847-44ba-a21a-e4a0a49ed597 ] Request (ServersAdminNegativeTestJSON:tearDownClass): 200 GET http://10.180.1.21/compute/v2.1/servers/dd895566-7589-421e-be7f-eba6dadd5102 0.117s
2025-12-08 23:48:33.861 65853 INFO tempest.lib.common.rest_client [req-925890da-4d24-4eb8-a094-155143717fa6 req-925890da-4d24-4eb8-a094-155143717fa6 ] Request (ServerRescueNegativeTestJSON:test_rescued_vm_detach_volume): 202 POST http://10.180.1.21/volume/v3/volumes 0.132s
2025-12-08 23:48:33.882 65835 INFO tempest.lib.common.rest_client [req-44ffe9a3-c9f6-42fa-a660-f9f3512c415f req-44ffe9a3-c9f6-42fa-a660-f9f3512c415f ] Request (ServersTestFqdnHostnames:test_create_server_with_fqdn_name): 200 GET http://10.180.1.21/compute/v2.1/servers/381d1130-9eb9-4a53-89fe-cbfddd5c5c35 0.108s
2025-12-08 23:48:33.896 65853 INFO tempest.lib.common.rest_client [req-49cdb63a-0150-4f03-bc9e-eae317b39477 req-49cdb63a-0150-4f03-bc9e-eae317b39477 ] Request (ServerRescueNegativeTestJSON:test_rescued_vm_detach_volume): 200 GET http://10.180.1.21/volume/v3/volumes/083cdc57-c9d2-4176-b46d-ce80b5071116 0.029s
2025-12-08 23:48:33.939 65839 INFO tempest.lib.common.rest_client [req-8d31ae83-b4ee-4976-af2d-f6239f654520 req-8d31ae83-b4ee-4976-af2d-f6239f654520 ] Request (ServerActionsTestOtherB:test_create_backup): 200 GET http://10.180.1.21/compute/v2.1/servers/0637e3c5-b13e-4fc9-b2bf-18f3601adcc1 0.116s
2025-12-08 23:48:34.030 65837 INFO tempest.lib.common.rest_client [req-fee805d6-0c53-473b-831d-9474e9d1e356 req-fee805d6-0c53-473b-831d-9474e9d1e356 ] Request (AttachInterfacesUnderV243Test:_run_cleanups): 200 GET http://10.180.1.21/compute/v2.1/servers/7f82f57b-8bac-4b65-aec8-223ef8731e33 0.137s
2025-12-08 23:48:34.055 65833 INFO tempest.lib.common.rest_client [req-2313e9c2-28ba-4da3-9b86-7a447e3c420e req-2313e9c2-28ba-4da3-9b86-7a447e3c420e ] Request (ImagesTestJSON:test_create_image_from_suspended_server): 200 GET http://10.180.1.21/compute/v2.1/servers/9611665f-1822-419d-9f15-4e1cf65f858f 0.224s
2025-12-08 23:48:34.063 65833 INFO tempest.common.waiters [-] State transition "BUILD/None" ==> "BUILD/block_device_mapping" after 50 second wait
2025-12-08 23:48:34.107 65799 INFO tempest.lib.common.rest_client [req-b6b51522-7ec6-4935-9789-bd1dafcecf24 req-b6b51522-7ec6-4935-9789-bd1dafcecf24 ] Request (AttachVolumeShelveTestJSON:test_attach_volume_shelved_or_offload_server): 200 GET http://10.180.1.21/compute/v2.1/servers/a626ce91-d578-4a14-9077-fbe046e126f6 0.158s
2025-12-08 23:48:34.175 65791 INFO tempest.lib.common.rest_client [req-be765f5a-a5a4-4a57-b542-80c53c572c1a req-be765f5a-a5a4-4a57-b542-80c53c572c1a ] Request (MigrationsAdminTest:test_resize_server_revert_deleted_flavor): 200 GET http://10.180.1.21/compute/v2.1/servers/7b857145-7435-480b-a966-0ec5c9a20ea5 0.205s
2025-12-08 23:48:34.190 65829 INFO tempest.lib.common.rest_client [req-5b388b47-8acf-4268-a774-7b2f4994823f req-5b388b47-8acf-4268-a774-7b2f4994823f ] Request (ServersAaction247Test:tearDownClass): 200 GET http://10.180.1.21/compute/v2.1/servers/7c444f8d-b67f-463c-84d3-c05a0b42da06 0.172s
2025-12-08 23:48:34.217 65807 INFO tempest.lib.common.rest_client [req-d8077a3a-6b7c-45f3-974d-5b4e6efcddf6 req-d8077a3a-6b7c-45f3-974d-5b4e6efcddf6 ] Request (AttachVolumeTestJSON:test_attach_detach_volume): 200 GET http://10.180.1.21/volume/v3/volumes/33dbbed4-a88d-44b3-ab28-23409c309b7d 0.028s
2025-12-08 23:48:34.236 65811 INFO tempest.lib.common.rest_client [req-a82dd8e0-03be-4662-a642-d956e77eb2bc req-a82dd8e0-03be-4662-a642-d956e77eb2bc ] Request (ListServersNegativeTestJSON:setUpClass): 200 GET http://10.180.1.21/compute/v2.1/servers/47f90f63-bf74-45f7-a17f-0c27eebb7bc2 0.085s
2025-12-08 23:48:34.298 65793 INFO tempest.lib.common.rest_client [req-3332532f-be36-44fc-89f6-937763fdb8ac req-3332532f-be36-44fc-89f6-937763fdb8ac ] Request (ServersTestJSON:_run_cleanups): 200 GET http://10.180.1.21/compute/v2.1/servers/cde2682b-6bd8-4d9b-8914-8dc6bca68f40 0.065s
2025-12-08 23:48:34.324 65845 INFO tempest.lib.common.rest_client [req-f3ad3fb1-c10d-4afa-be2e-fcd504e9b1f6 req-f3ad3fb1-c10d-4afa-be2e-fcd504e9b1f6 ] Request (MultipleCreateTestJSON:test_multiple_create_with_reservation_return): 200 GET http://10.180.1.21/compute/v2.1/servers/5c11442f-c0f2-4087-8f19-f2a028955913 0.062s
2025-12-08 23:48:34.405 65809 INFO tempest.lib.common.rest_client [req-fd7f8a1d-c1d4-4442-ab0d-7f595bd8d7aa req-fd7f8a1d-c1d4-4442-ab0d-7f595bd8d7aa ] Request (ServerRescueTestJSON:tearDownClass): 200 GET http://10.180.1.21/compute/v2.1/servers/dd398e3f-71fd-49d9-b8b0-978471b38a27 0.067s
2025-12-08 23:48:34.435 65815 INFO tempest.lib.common.rest_client [req-add7e87a-7316-418a-8ebd-1ab4e2ca77b4 req-add7e87a-7316-418a-8ebd-1ab4e2ca77b4 ] Request (ServerGroupTestJSON:test_create_server_with_scheduler_hint_group): 200 GET http://10.180.1.21/compute/v2.1/servers/9b81ba45-bf29-4b6b-bd6d-4be0417cdc38 0.053s
2025-12-08 23:48:34.475 65823 INFO tempest.lib.common.rest_client [req-2abb67ec-96a3-4a83-8c41-2d97a6be6482 req-2abb67ec-96a3-4a83-8c41-2d97a6be6482 ] Request (ImagesOneServerTestJSON:test_create_image_specify_multibyte_character_image_name): 200 GET http://10.180.1.21/compute/v2.1/images/a73a5fbe-a126-4f90-a8cc-fb1a27ea7ec8 0.044s
2025-12-08 23:48:34.693 65827 INFO tempest.lib.common.rest_client [req-85f08099-dd2d-45e6-bc93-bdeff9be0fc0 req-85f08099-dd2d-45e6-bc93-bdeff9be0fc0 ] Request (SecurityGroupsTestJSON:tearDownClass): 200 GET http://10.180.1.21/compute/v2.1/servers/7a399651-5025-44d4-b4f3-605732d6967b 0.185s
2025-12-08 23:48:34.726 65813 INFO tempest.lib.common.rest_client [req-97c3f8ac-a391-4651-9feb-019ac634829b req-97c3f8ac-a391-4651-9feb-019ac634829b ] Request (ServerDiskConfigTestJSON:test_resize_server_from_auto_to_manual): 200 GET http://10.180.1.21/compute/v2.1/servers/87fa86ec-1f37-40a1-a051-a06dfb35168a 0.241s
2025-12-08 23:48:34.775 65797 INFO tempest.lib.common.rest_client [req-660a10a2-88aa-4688-84be-9bbc04917834 req-660a10a2-88aa-4688-84be-9bbc04917834 ] Request (ListImageFiltersTestJSON:tearDownClass): 200 GET http://10.180.1.21/compute/v2.1/servers/7c3d15dc-cc53-4711-a9db-2162b0bbcbb9 0.229s
2025-12-08 23:48:34.810 65821 INFO tempest.lib.common.rest_client [req-7350c1fc-ecc1-49b3-9221-db5b72d8a530 req-7350c1fc-ecc1-49b3-9221-db5b72d8a530 ] Request (AttachInterfacesTestJSON:_run_cleanups): 200 GET http://10.180.1.21/compute/v2.1/servers/0b00c1c4-16ba-4097-9246-cec4426eea13 0.249s
2025-12-08 23:48:34.853 65795 INFO tempest.lib.common.rest_client [req-9d97a58b-0cbb-41bd-8148-9198b239c004 req-9d97a58b-0cbb-41bd-8148-9198b239c004 ] Request (ServersAdminTestJSON:tearDownClass): 200 GET http://10.180.1.21/compute/v2.1/servers/63f4bb3a-5f98-4500-88ca-6756d53558a2 0.252s
2025-12-08 23:48:34.887 65843 INFO tempest.lib.common.rest_client [req-d86e4c4c-a8e5-421b-b743-6f28d623994d req-d86e4c4c-a8e5-421b-b743-6f28d623994d ] Request (ServerActionsV293TestJSON:tearDownClass): 200 GET http://10.180.1.21/compute/v2.1/servers/37a7b8ed-1123-4028-88ab-0725619c3c04 0.173s
2025-12-08 23:48:34.916 65817 INFO tempest.lib.common.rest_client [req-dc13904e-09e8-4477-b577-46a144d6f509 req-dc13904e-09e8-4477-b577-46a144d6f509 ] Request (AttachInterfacesV270Test:test_create_get_list_interfaces): 200 GET http://10.180.1.21/compute/v2.1/servers/8eae0db5-12c5-4b81-8430-4d410fd37141 0.138s
2025-12-08 23:48:34.934 65853 INFO tempest.lib.common.rest_client [req-40caa976-7f97-4679-8e99-5fc9d36d43e7 req-40caa976-7f97-4679-8e99-5fc9d36d43e7 ] Request (ServerRescueNegativeTestJSON:test_rescued_vm_detach_volume): 200 GET http://10.180.1.21/volume/v3/volumes/083cdc57-c9d2-4176-b46d-ce80b5071116 0.030s
2025-12-08 23:48:34.940 65853 INFO tempest.common.waiters [-] volume 083cdc57-c9d2-4176-b46d-ce80b5071116 reached available after waiting for 1.940873 seconds
2025-12-08 23:48:34.957 65851 INFO tempest.lib.common.rest_client [req-3343d256-7c6c-4828-ac59-094123c326ee req-3343d256-7c6c-4828-ac59-094123c326ee ] Request (ListServerFiltersTestJSON:tearDownClass): 200 GET http://10.180.1.21/compute/v2.1/servers/b133cfff-2af6-462d-981d-fdc6e5c50281 0.133s
2025-12-08 23:48:34.982 65831 INFO tempest.lib.common.rest_client [req-81a7cc33-a179-42f2-8937-1c3f8801f164 req-81a7cc33-a179-42f2-8937-1c3f8801f164 ] Request (ServersAdminNegativeTestJSON:tearDownClass): 200 GET http://10.180.1.21/compute/v2.1/servers/dd895566-7589-421e-be7f-eba6dadd5102 0.137s
2025-12-08 23:48:35.023 65835 INFO tempest.lib.common.rest_client [req-cdcbe5a6-754c-4907-bc7a-73e842005ca1 req-cdcbe5a6-754c-4907-bc7a-73e842005ca1 ] Request (ServersTestFqdnHostnames:test_create_server_with_fqdn_name): 200 GET http://10.180.1.21/compute/v2.1/servers/381d1130-9eb9-4a53-89fe-cbfddd5c5c35 0.129s
2025-12-08 23:48:35.026 65853 INFO tempest.lib.common.rest_client [req-3bb4efbe-625b-4a24-b544-7869427b85d4 req-3bb4efbe-625b-4a24-b544-7869427b85d4 ] Request (ServerRescueNegativeTestJSON:test_rescued_vm_detach_volume): 200 POST http://10.180.1.21/compute/v2.1/os-keypairs 0.085s
2025-12-08 23:48:35.144 65853 INFO tempest.lib.common.rest_client [req-5727a7eb-b61a-4cfa-90fe-e91a0c4741c8 req-5727a7eb-b61a-4cfa-90fe-e91a0c4741c8 ] Request (ServerRescueNegativeTestJSON:test_rescued_vm_detach_volume): 201 POST http://10.180.1.21/networking/v2.0/security-groups 0.116s
2025-12-08 23:48:35.200 65837 INFO tempest.lib.common.rest_client [req-7f624dc9-3002-4c00-9307-01efb0b8be87 req-7f624dc9-3002-4c00-9307-01efb0b8be87 ] Request (AttachInterfacesUnderV243Test:_run_cleanups): 200 GET http://10.180.1.21/compute/v2.1/servers/7f82f57b-8bac-4b65-aec8-223ef8731e33 0.163s
2025-12-08 23:48:35.255 65807 INFO tempest.lib.common.rest_client [req-10530b10-60d0-4554-8d87-b6f529d4fa46 req-10530b10-60d0-4554-8d87-b6f529d4fa46 ] Request (AttachVolumeTestJSON:test_attach_detach_volume): 200 GET http://10.180.1.21/volume/v3/volumes/33dbbed4-a88d-44b3-ab28-23409c309b7d 0.031s
2025-12-08 23:48:35.283 65853 INFO tempest.lib.common.rest_client [req-d290abef-2b02-4634-bad9-ee3b84fb6414 req-d290abef-2b02-4634-bad9-ee3b84fb6414 ] Request (ServerRescueNegativeTestJSON:test_rescued_vm_detach_volume): 201 POST http://10.180.1.21/networking/v2.0/security-group-rules 0.138s
2025-12-08 23:48:35.320 65839 INFO tempest.lib.common.rest_client [req-10f570f4-879c-4d1c-8a0a-5fc4cf51070f req-10f570f4-879c-4d1c-8a0a-5fc4cf51070f ] Request (ServerActionsTestOtherB:test_create_backup): 200 GET http://10.180.1.21/compute/v2.1/servers/0637e3c5-b13e-4fc9-b2bf-18f3601adcc1 0.372s
2025-12-08 23:48:35.331 65839 INFO tempest.common.waiters [-] State transition "ACTIVE/image_pending_upload" ==> "ACTIVE/image_uploading" after 4 second wait
2025-12-08 23:48:35.387 65833 INFO tempest.lib.common.rest_client [req-82fc12e7-611e-4cc6-9cb7-6e2f22188ef3 req-82fc12e7-611e-4cc6-9cb7-6e2f22188ef3 ] Request (ImagesTestJSON:test_create_image_from_suspended_server): 200 GET http://10.180.1.21/compute/v2.1/servers/9611665f-1822-419d-9f15-4e1cf65f858f 0.321s
2025-12-08 23:48:35.398 65833 INFO tempest.common.waiters [-] State transition "BUILD/block_device_mapping" ==> "BUILD/spawning" after 51 second wait
2025-12-08 23:48:35.403 65799 INFO tempest.lib.common.rest_client [req-674af8e8-9615-4fc4-a4b2-e27d11cf997a req-674af8e8-9615-4fc4-a4b2-e27d11cf997a ] Request (AttachVolumeShelveTestJSON:test_attach_volume_shelved_or_offload_server): 200 GET http://10.180.1.21/compute/v2.1/servers/a626ce91-d578-4a14-9077-fbe046e126f6 0.282s
2025-12-08 23:48:35.412 65853 INFO tempest.lib.common.rest_client [req-a52c82bf-6228-412c-8252-77136c40db65 req-a52c82bf-6228-412c-8252-77136c40db65 ] Request (ServerRescueNegativeTestJSON:test_rescued_vm_detach_volume): 201 POST http://10.180.1.21/networking/v2.0/security-group-rules 0.128s
2025-12-08 23:48:35.513 65791 INFO tempest.lib.common.rest_client [req-5d4ad099-e8f5-40b3-906f-e4ffde37f9d9 req-5d4ad099-e8f5-40b3-906f-e4ffde37f9d9 ] Request (MigrationsAdminTest:test_resize_server_revert_deleted_flavor): 200 GET http://10.180.1.21/compute/v2.1/servers/7b857145-7435-480b-a966-0ec5c9a20ea5 0.328s
2025-12-08 23:48:35.530 65829 INFO tempest.lib.common.rest_client [req-c376d6f6-31c0-4cbd-9ce8-0e4d25f18a47 req-c376d6f6-31c0-4cbd-9ce8-0e4d25f18a47 ] Request (ServersAaction247Test:tearDownClass): 200 GET http://10.180.1.21/compute/v2.1/servers/7c444f8d-b67f-463c-84d3-c05a0b42da06 0.330s
2025-12-08 23:48:35.580 65811 INFO tempest.lib.common.rest_client [req-3c55126a-673f-4aad-b55c-0a3d0958d800 req-3c55126a-673f-4aad-b55c-0a3d0958d800 ] Request (ListServersNegativeTestJSON:setUpClass): 200 GET http://10.180.1.21/compute/v2.1/servers/47f90f63-bf74-45f7-a17f-0c27eebb7bc2 0.336s
2025-12-08 23:48:35.596 65793 INFO tempest.lib.common.rest_client [req-80dfd5d1-fb92-420a-8faf-fc323d2406c6 req-80dfd5d1-fb92-420a-8faf-fc323d2406c6 ] Request (ServersTestJSON:_run_cleanups): 200 GET http://10.180.1.21/compute/v2.1/servers/cde2682b-6bd8-4d9b-8914-8dc6bca68f40 0.289s
2025-12-08 23:48:35.663 65845 INFO tempest.lib.common.rest_client [req-6e5a5d32-76fe-451d-a9a5-196b2875a61e req-6e5a5d32-76fe-451d-a9a5-196b2875a61e ] Request (MultipleCreateTestJSON:test_multiple_create_with_reservation_return): 200 GET http://10.180.1.21/compute/v2.1/servers/5c11442f-c0f2-4087-8f19-f2a028955913 0.327s
2025-12-08 23:48:35.694 65809 INFO tempest.lib.common.rest_client [req-0cc6f186-52b3-4a0a-80c4-c7907f3ef1d2 req-0cc6f186-52b3-4a0a-80c4-c7907f3ef1d2 ] Request (ServerRescueTestJSON:tearDownClass): 200 GET http://10.180.1.21/compute/v2.1/servers/dd398e3f-71fd-49d9-b8b0-978471b38a27 0.278s
2025-12-08 23:48:35.731 65815 INFO tempest.lib.common.rest_client [req-7e32d5a4-70e9-4330-8624-49b2856aa5b9 req-7e32d5a4-70e9-4330-8624-49b2856aa5b9 ] Request (ServerGroupTestJSON:test_create_server_with_scheduler_hint_group): 200 GET http://10.180.1.21/compute/v2.1/servers/9b81ba45-bf29-4b6b-bd6d-4be0417cdc38 0.286s
2025-12-08 23:48:35.741 65823 INFO tempest.lib.common.rest_client [req-7ae76e84-51b6-4473-951f-417d6c6f24bd req-7ae76e84-51b6-4473-951f-417d6c6f24bd ] Request (ImagesOneServerTestJSON:test_create_image_specify_multibyte_character_image_name): 200 GET http://10.180.1.21/compute/v2.1/images/a73a5fbe-a126-4f90-a8cc-fb1a27ea7ec8 0.261s
2025-12-08 23:48:35.845 65827 INFO tempest.lib.common.rest_client [req-f9cd40c5-378b-4afa-8e8d-d8eefc55a662 req-f9cd40c5-378b-4afa-8e8d-d8eefc55a662 ] Request (SecurityGroupsTestJSON:tearDownClass): 200 GET http://10.180.1.21/compute/v2.1/servers/7a399651-5025-44d4-b4f3-605732d6967b 0.143s
2025-12-08 23:48:35.879 65813 INFO tempest.lib.common.rest_client [req-20c09279-2c07-4cdc-b383-48a6ca85ce58 req-20c09279-2c07-4cdc-b383-48a6ca85ce58 ] Request (ServerDiskConfigTestJSON:test_resize_server_from_auto_to_manual): 200 GET http://10.180.1.21/compute/v2.1/servers/87fa86ec-1f37-40a1-a051-a06dfb35168a 0.141s
2025-12-08 23:48:35.884 65823 INFO tempest.lib.common.rest_client [req-52090486-7227-4f5d-a636-87ef510385e1 req-52090486-7227-4f5d-a636-87ef510385e1 ] Request (ImagesOneServerTestJSON:test_create_image_specify_multibyte_character_image_name): 200 GET http://10.180.1.21/compute/v2.1/images/a73a5fbe-a126-4f90-a8cc-fb1a27ea7ec8 0.140s
2025-12-08 23:48:35.887 65813 INFO tempest.common.waiters [-] State transition "RESIZE/resize_migrated" ==> "RESIZE/resize_finish" after 55 second wait
2025-12-08 23:48:35.904 65853 INFO tempest.lib.common.rest_client [req-619f2830-060b-40e0-a8fb-8d2d3115170a req-619f2830-060b-40e0-a8fb-8d2d3115170a ] Request (ServerRescueNegativeTestJSON:test_rescued_vm_detach_volume): 201 POST http://10.180.1.21/networking/v2.0/floatingips 0.491s
2025-12-08 23:48:35.947 65821 INFO tempest.lib.common.rest_client [req-0587e3df-0de4-4456-974e-cd010e0fc4ec req-0587e3df-0de4-4456-974e-cd010e0fc4ec ] Request (AttachInterfacesTestJSON:_run_cleanups): 200 GET http://10.180.1.21/compute/v2.1/servers/0b00c1c4-16ba-4097-9246-cec4426eea13 0.127s
2025-12-08 23:48:35.947 65797 INFO tempest.lib.common.rest_client [req-c991c0af-be37-4d84-bb49-2d5ba926634f req-c991c0af-be37-4d84-bb49-2d5ba926634f ] Request (ListImageFiltersTestJSON:tearDownClass): 200 GET http://10.180.1.21/compute/v2.1/servers/7c3d15dc-cc53-4711-a9db-2162b0bbcbb9 0.160s
2025-12-08 23:48:35.979 65853 INFO tempest.lib.common.rest_client [req-43adc480-767e-49eb-ae34-e759e7618832 req-43adc480-767e-49eb-ae34-e759e7618832 ] Request (ServerRescueNegativeTestJSON:test_rescued_vm_detach_volume): 201 POST http://10.180.1.21/identity/v3/auth/tokens 0.072s
2025-12-08 23:48:35.979 65853 INFO tempest.lib.common.fixed_network [-] (ServerRescueNegativeTestJSON:test_rescued_vm_detach_volume) Found network {'id': 'fae15168-23c6-4ee7-9d14-756887020028', 'name': 'tempest-ServerRescueNegativeTestJSON-682758391-network', 'tenant_id': '2cd07fb8a2bb49318eca455fec57a5ce', 'project_id': '2cd07fb8a2bb49318eca455fec57a5ce', 'admin_state_up': True, 'mtu': 8950, 'status': 'ACTIVE', 'subnets': [], 'shared': False, 'port_security_enabled': True, 'router:external': False, 'provider:network_type': 'vlan', 'provider:physical_network': 'default', 'provider:segmentation_id': 222, 'availability_zone_hints': [], 'availability_zones': [], 'ipv4_address_scope': None, 'ipv6_address_scope': None, 'description': '', 'tags': [], 'created_at': '2025-12-08T23:46:59Z', 'updated_at': '2025-12-08T23:46:59Z', 'revision_number': 1} available for tenant
2025-12-08 23:48:36.013 65795 INFO tempest.lib.common.rest_client [req-c3d13be7-7b0e-42a9-9240-bca0399b7d6c req-c3d13be7-7b0e-42a9-9240-bca0399b7d6c ] Request (ServersAdminTestJSON:tearDownClass): 200 GET http://10.180.1.21/compute/v2.1/servers/63f4bb3a-5f98-4500-88ca-6756d53558a2 0.151s
2025-12-08 23:48:36.077 65823 INFO tempest.lib.common.rest_client [req-aa3614d9-34e9-4d55-8fa7-641cd890a134 req-aa3614d9-34e9-4d55-8fa7-641cd890a134 ] Request (ImagesOneServerTestJSON:test_create_image_specify_multibyte_character_image_name): 200 GET http://10.180.1.21/compute/v2.1/servers/b9a777b5-fedd-4d8a-8d9b-6a9b5c6c1926 0.188s
2025-12-08 23:48:36.101 65843 INFO tempest.lib.common.rest_client [req-34f9aee2-3f73-4fe4-a30e-38c195d9588e req-34f9aee2-3f73-4fe4-a30e-38c195d9588e ] Request (ServerActionsV293TestJSON:tearDownClass): 200 GET http://10.180.1.21/compute/v2.1/servers/37a7b8ed-1123-4028-88ab-0725619c3c04 0.202s
2025-12-08 23:48:36.147 65817 INFO tempest.lib.common.rest_client [req-1b84a133-e5ef-48eb-bc87-ecfb75a27091 req-1b84a133-e5ef-48eb-bc87-ecfb75a27091 ] Request (AttachInterfacesV270Test:test_create_get_list_interfaces): 200 GET http://10.180.1.21/compute/v2.1/servers/8eae0db5-12c5-4b81-8430-4d410fd37141 0.220s
2025-12-08 23:48:36.174 65851 INFO tempest.lib.common.rest_client [req-3663ce4c-2296-4bb8-9bbb-b51e63aa0d2f req-3663ce4c-2296-4bb8-9bbb-b51e63aa0d2f ] Request (ListServerFiltersTestJSON:tearDownClass): 200 GET http://10.180.1.21/compute/v2.1/servers/b133cfff-2af6-462d-981d-fdc6e5c50281 0.208s
2025-12-08 23:48:36.228 65831 INFO tempest.lib.common.rest_client [req-3447663b-4236-4fdc-8a5d-f3d582b6d90a req-3447663b-4236-4fdc-8a5d-f3d582b6d90a ] Request (ServersAdminNegativeTestJSON:tearDownClass): 200 GET http://10.180.1.21/compute/v2.1/servers/dd895566-7589-421e-be7f-eba6dadd5102 0.234s
2025-12-08 23:48:36.279 65835 INFO tempest.lib.common.rest_client [req-48bb16db-1add-41d8-aa59-212ad91d339e req-48bb16db-1add-41d8-aa59-212ad91d339e ] Request (ServersTestFqdnHostnames:test_create_server_with_fqdn_name): 200 GET http://10.180.1.21/compute/v2.1/servers/381d1130-9eb9-4a53-89fe-cbfddd5c5c35 0.248s
2025-12-08 23:48:36.291 65807 INFO tempest.lib.common.rest_client [req-4eae106f-02ab-4238-926e-6157f5b6bb4e req-4eae106f-02ab-4238-926e-6157f5b6bb4e ] Request (AttachVolumeTestJSON:test_attach_detach_volume): 200 GET http://10.180.1.21/volume/v3/volumes/33dbbed4-a88d-44b3-ab28-23409c309b7d 0.028s
2025-12-08 23:48:36.350 65837 INFO tempest.lib.common.rest_client [req-8764bbf3-e1a4-48b6-a504-43c21f5018c5 req-8764bbf3-e1a4-48b6-a504-43c21f5018c5 ] Request (AttachInterfacesUnderV243Test:_run_cleanups): 200 GET http://10.180.1.21/compute/v2.1/servers/7f82f57b-8bac-4b65-aec8-223ef8731e33 0.140s
2025-12-08 23:48:36.478 65839 INFO tempest.lib.common.rest_client [req-303f040d-c3f7-41e0-9162-e9254e7f5df9 req-303f040d-c3f7-41e0-9162-e9254e7f5df9 ] Request (ServerActionsTestOtherB:test_create_backup): 200 GET http://10.180.1.21/compute/v2.1/servers/0637e3c5-b13e-4fc9-b2bf-18f3601adcc1 0.145s
2025-12-08 23:48:36.500 65853 INFO tempest.lib.common.rest_client [req-9cf80013-fbcf-463a-8684-66df681e6621 req-9cf80013-fbcf-463a-8684-66df681e6621 ] Request (ServerRescueNegativeTestJSON:test_rescued_vm_detach_volume): 202 POST http://10.180.1.21/compute/v2.1/servers 0.519s
2025-12-08 23:48:36.550 65799 INFO tempest.lib.common.rest_client [req-d88d60bd-1ff8-4b42-b30a-01122032a78e req-d88d60bd-1ff8-4b42-b30a-01122032a78e ] Request (AttachVolumeShelveTestJSON:test_attach_volume_shelved_or_offload_server): 200 GET http://10.180.1.21/compute/v2.1/servers/a626ce91-d578-4a14-9077-fbe046e126f6 0.132s
2025-12-08 23:48:36.603 65833 INFO tempest.lib.common.rest_client [req-e1c6a7a3-6fa3-4ac8-816c-80135c33b510 req-e1c6a7a3-6fa3-4ac8-816c-80135c33b510 ] Request (ImagesTestJSON:test_create_image_from_suspended_server): 200 GET http://10.180.1.21/compute/v2.1/servers/9611665f-1822-419d-9f15-4e1cf65f858f 0.204s
2025-12-08 23:48:36.614 65853 INFO tempest.lib.common.rest_client [req-a1559b9c-1945-4513-9088-1ceb1ae53e25 req-a1559b9c-1945-4513-9088-1ceb1ae53e25 ] Request (ServerRescueNegativeTestJSON:test_rescued_vm_detach_volume): 200 GET http://10.180.1.21/compute/v2.1/servers/465b16ca-75e8-430f-ac92-86c8dff3f037 0.112s
2025-12-08 23:48:36.759 65829 INFO tempest.lib.common.rest_client [req-61556820-b207-46b6-92d4-112aef032732 req-61556820-b207-46b6-92d4-112aef032732 ] Request (ServersAaction247Test:tearDownClass): 200 GET http://10.180.1.21/compute/v2.1/servers/7c444f8d-b67f-463c-84d3-c05a0b42da06 0.218s
2025-12-08 23:48:36.788 65791 INFO tempest.lib.common.rest_client [req-6c4e8829-ce13-4312-9951-7893f74c6461 req-6c4e8829-ce13-4312-9951-7893f74c6461 ] Request (MigrationsAdminTest:test_resize_server_revert_deleted_flavor): 200 GET http://10.180.1.21/compute/v2.1/servers/7b857145-7435-480b-a966-0ec5c9a20ea5 0.266s
2025-12-08 23:48:36.860 65811 INFO tempest.lib.common.rest_client [req-26b568f7-87cd-4c9a-a284-5a25e432fafc req-26b568f7-87cd-4c9a-a284-5a25e432fafc ] Request (ListServersNegativeTestJSON:setUpClass): 200 GET http://10.180.1.21/compute/v2.1/servers/47f90f63-bf74-45f7-a17f-0c27eebb7bc2 0.269s
2025-12-08 23:48:36.869 65793 INFO tempest.lib.common.rest_client [req-f35e3490-d040-402a-9708-886252f9b34d req-f35e3490-d040-402a-9708-886252f9b34d ] Request (ServersTestJSON:_run_cleanups): 200 GET http://10.180.1.21/compute/v2.1/servers/cde2682b-6bd8-4d9b-8914-8dc6bca68f40 0.258s
2025-12-08 23:48:36.929 65845 INFO tempest.lib.common.rest_client [req-8376200f-6e59-4889-8fbc-20206a6c06d3 req-8376200f-6e59-4889-8fbc-20206a6c06d3 ] Request (MultipleCreateTestJSON:test_multiple_create_with_reservation_return): 200 GET http://10.180.1.21/compute/v2.1/servers/5c11442f-c0f2-4087-8f19-f2a028955913 0.255s
2025-12-08 23:48:36.937 65809 INFO tempest.lib.common.rest_client [req-a7162b22-70ba-4845-9416-373adf195113 req-a7162b22-70ba-4845-9416-373adf195113 ] Request (ServerRescueTestJSON:tearDownClass): 200 GET http://10.180.1.21/compute/v2.1/servers/dd398e3f-71fd-49d9-b8b0-978471b38a27 0.233s
2025-12-08 23:48:36.986 65815 INFO tempest.lib.common.rest_client [req-cf6ddf58-1c06-4d2a-9467-4ef29e8c6e5e req-cf6ddf58-1c06-4d2a-9467-4ef29e8c6e5e ] Request (ServerGroupTestJSON:test_create_server_with_scheduler_hint_group): 200 GET http://10.180.1.21/compute/v2.1/servers/9b81ba45-bf29-4b6b-bd6d-4be0417cdc38 0.241s
2025-12-08 23:48:37.009 65827 INFO tempest.lib.common.rest_client [req-6e724040-2d3c-48dc-b69f-ccc91d51bf2b req-6e724040-2d3c-48dc-b69f-ccc91d51bf2b ] Request (SecurityGroupsTestJSON:tearDownClass): 200 GET http://10.180.1.21/compute/v2.1/servers/7a399651-5025-44d4-b4f3-605732d6967b 0.155s
2025-12-08 23:48:37.073 65821 INFO tempest.lib.common.rest_client [req-b38dd9b6-1e6d-4a90-9655-dc18c17cdf6b req-b38dd9b6-1e6d-4a90-9655-dc18c17cdf6b ] Request (AttachInterfacesTestJSON:_run_cleanups): 200 GET http://10.180.1.21/compute/v2.1/servers/0b00c1c4-16ba-4097-9246-cec4426eea13 0.118s
2025-12-08 23:48:37.115 65813 INFO tempest.lib.common.rest_client [req-94986dd6-75f3-4cb8-ab2a-4c51e08b375a req-94986dd6-75f3-4cb8-ab2a-4c51e08b375a ] Request (ServerDiskConfigTestJSON:test_resize_server_from_auto_to_manual): 200 GET http://10.180.1.21/compute/v2.1/servers/87fa86ec-1f37-40a1-a051-a06dfb35168a 0.228s
2025-12-08 23:48:37.155 65797 INFO tempest.lib.common.rest_client [req-17378519-a70b-486a-8854-07d0055b39db req-17378519-a70b-486a-8854-07d0055b39db ] Request (ListImageFiltersTestJSON:tearDownClass): 200 GET http://10.180.1.21/compute/v2.1/servers/7c3d15dc-cc53-4711-a9db-2162b0bbcbb9 0.199s
2025-12-08 23:48:37.184 65795 INFO tempest.lib.common.rest_client [req-32dd6128-e9e2-460d-b2ef-fd21b8ab8c8f req-32dd6128-e9e2-460d-b2ef-fd21b8ab8c8f ] Request (ServersAdminTestJSON:tearDownClass): 200 GET http://10.180.1.21/compute/v2.1/servers/63f4bb3a-5f98-4500-88ca-6756d53558a2 0.157s
2025-12-08 23:48:37.259 65843 INFO tempest.lib.common.rest_client [req-4efb7508-bc03-4827-acdf-dccebeb5fa40 req-4efb7508-bc03-4827-acdf-dccebeb5fa40 ] Request (ServerActionsV293TestJSON:tearDownClass): 200 GET http://10.180.1.21/compute/v2.1/servers/37a7b8ed-1123-4028-88ab-0725619c3c04 0.136s
2025-12-08 23:48:37.303 65823 INFO tempest.lib.common.rest_client [req-551f436a-a10b-4bff-b574-58bba6c23368 req-551f436a-a10b-4bff-b574-58bba6c23368 ] Request (ImagesOneServerTestJSON:test_create_image_specify_multibyte_character_image_name): 200 GET http://10.180.1.21/compute/v2.1/servers/b9a777b5-fedd-4d8a-8d9b-6a9b5c6c1926 0.218s
2025-12-08 23:48:37.329 65817 INFO tempest.lib.common.rest_client [req-31942579-2d92-4d5e-8928-31e9480177dd req-31942579-2d92-4d5e-8928-31e9480177dd ] Request (AttachInterfacesV270Test:test_create_get_list_interfaces): 200 GET http://10.180.1.21/compute/v2.1/servers/8eae0db5-12c5-4b81-8430-4d410fd37141 0.172s
2025-12-08 23:48:37.333 65807 INFO tempest.lib.common.rest_client [req-93dae552-f370-4cf8-8e32-e6d00849bcac req-93dae552-f370-4cf8-8e32-e6d00849bcac ] Request (AttachVolumeTestJSON:test_attach_detach_volume): 200 GET http://10.180.1.21/volume/v3/volumes/33dbbed4-a88d-44b3-ab28-23409c309b7d 0.035s
2025-12-08 23:48:37.365 65851 INFO tempest.lib.common.rest_client [req-331d6529-e6a7-4ad6-9587-51a9fc18228f req-331d6529-e6a7-4ad6-9587-51a9fc18228f ] Request (ListServerFiltersTestJSON:tearDownClass): 200 GET http://10.180.1.21/compute/v2.1/servers/b133cfff-2af6-462d-981d-fdc6e5c50281 0.183s
2025-12-08 23:48:37.392 65831 INFO tempest.lib.common.rest_client [req-f7ef4720-d188-4d99-9333-dbcab32b225b req-f7ef4720-d188-4d99-9333-dbcab32b225b ] Request (ServersAdminNegativeTestJSON:tearDownClass): 200 GET http://10.180.1.21/compute/v2.1/servers/dd895566-7589-421e-be7f-eba6dadd5102 0.156s
2025-12-08 23:48:37.414 65835 INFO tempest.lib.common.rest_client [req-41ea71a1-16bd-4ac2-a3d1-198e155099d8 req-41ea71a1-16bd-4ac2-a3d1-198e155099d8 ] Request (ServersTestFqdnHostnames:test_create_server_with_fqdn_name): 200 GET http://10.180.1.21/compute/v2.1/servers/381d1130-9eb9-4a53-89fe-cbfddd5c5c35 0.128s
2025-12-08 23:48:37.455 65837 INFO tempest.lib.common.rest_client [req-19002d8f-bf30-4252-b96a-a2eab45eedb9 req-19002d8f-bf30-4252-b96a-a2eab45eedb9 ] Request (AttachInterfacesUnderV243Test:_run_cleanups): 200 GET http://10.180.1.21/compute/v2.1/servers/7f82f57b-8bac-4b65-aec8-223ef8731e33 0.096s
2025-12-08 23:48:37.592 65839 INFO tempest.lib.common.rest_client [req-06cff0a5-1007-4346-b306-1c6f6809498e req-06cff0a5-1007-4346-b306-1c6f6809498e ] Request (ServerActionsTestOtherB:test_create_backup): 200 GET http://10.180.1.21/compute/v2.1/servers/0637e3c5-b13e-4fc9-b2bf-18f3601adcc1 0.106s
2025-12-08 23:48:37.627 65799 INFO tempest.lib.common.rest_client [req-3b1bb4a1-7ea0-4849-af6b-d0e72b9c22c4 req-3b1bb4a1-7ea0-4849-af6b-d0e72b9c22c4 ] Request (AttachVolumeShelveTestJSON:test_attach_volume_shelved_or_offload_server): 200 GET http://10.180.1.21/compute/v2.1/servers/a626ce91-d578-4a14-9077-fbe046e126f6 0.068s
2025-12-08 23:48:37.692 65853 INFO tempest.lib.common.rest_client [req-46ac1c06-8a95-4c7a-a398-a0fc05e9d4ec req-46ac1c06-8a95-4c7a-a398-a0fc05e9d4ec ] Request (ServerRescueNegativeTestJSON:test_rescued_vm_detach_volume): 200 GET http://10.180.1.21/compute/v2.1/servers/465b16ca-75e8-430f-ac92-86c8dff3f037 0.067s
2025-12-08 23:48:37.739 65833 INFO tempest.lib.common.rest_client [req-7b4c054d-5f9b-42c3-a323-bdffb286e52d req-7b4c054d-5f9b-42c3-a323-bdffb286e52d ] Request (ImagesTestJSON:test_create_image_from_suspended_server): 200 GET http://10.180.1.21/compute/v2.1/servers/9611665f-1822-419d-9f15-4e1cf65f858f 0.127s
2025-12-08 23:48:37.842 65829 INFO tempest.lib.common.rest_client [req-44d26dd5-0ac4-415b-8b44-5e8f76f57fa1 req-44d26dd5-0ac4-415b-8b44-5e8f76f57fa1 ] Request (ServersAaction247Test:tearDownClass): 200 GET http://10.180.1.21/compute/v2.1/servers/7c444f8d-b67f-463c-84d3-c05a0b42da06 0.072s
2025-12-08 23:48:37.926 65811 INFO tempest.lib.common.rest_client [req-fd9faa51-c27f-4dec-a4ab-4668691f5952 req-fd9faa51-c27f-4dec-a4ab-4668691f5952 ] Request (ListServersNegativeTestJSON:setUpClass): 200 GET http://10.180.1.21/compute/v2.1/servers/47f90f63-bf74-45f7-a17f-0c27eebb7bc2 0.056s
2025-12-08 23:48:37.935 65791 INFO tempest.lib.common.rest_client [req-cc5c50a3-7b8d-4706-8865-48d7ae691757 req-cc5c50a3-7b8d-4706-8865-48d7ae691757 ] Request (MigrationsAdminTest:test_resize_server_revert_deleted_flavor): 200 GET http://10.180.1.21/compute/v2.1/servers/7b857145-7435-480b-a966-0ec5c9a20ea5 0.137s
2025-12-08 23:48:37.983 65793 INFO tempest.lib.common.rest_client [req-5c918592-f76e-457b-bef9-4113c8efdf78 req-5c918592-f76e-457b-bef9-4113c8efdf78 ] Request (ServersTestJSON:_run_cleanups): 200 GET http://10.180.1.21/compute/v2.1/servers/cde2682b-6bd8-4d9b-8914-8dc6bca68f40 0.106s
2025-12-08 23:48:37.997 65845 INFO tempest.lib.common.rest_client [req-58c2c152-e87f-44d6-8d86-b9e18c11d6fe req-58c2c152-e87f-44d6-8d86-b9e18c11d6fe ] Request (MultipleCreateTestJSON:test_multiple_create_with_reservation_return): 200 GET http://10.180.1.21/compute/v2.1/servers/5c11442f-c0f2-4087-8f19-f2a028955913 0.061s
2025-12-08 23:48:38.042 65809 INFO tempest.lib.common.rest_client [req-fa8614e3-61c6-4fe8-813d-51d5c8041cbb req-fa8614e3-61c6-4fe8-813d-51d5c8041cbb ] Request (ServerRescueTestJSON:tearDownClass): 200 GET http://10.180.1.21/compute/v2.1/servers/dd398e3f-71fd-49d9-b8b0-978471b38a27 0.096s
2025-12-08 23:48:38.060 65815 INFO tempest.lib.common.rest_client [req-0b7320d1-18cf-4297-843f-fa46bbe06f93 req-0b7320d1-18cf-4297-843f-fa46bbe06f93 ] Request (ServerGroupTestJSON:test_create_server_with_scheduler_hint_group): 200 GET http://10.180.1.21/compute/v2.1/servers/9b81ba45-bf29-4b6b-bd6d-4be0417cdc38 0.060s
2025-12-08 23:48:38.101 65827 INFO tempest.lib.common.rest_client [req-b6a1df88-af5f-433f-8f0c-a220c029cab4 req-b6a1df88-af5f-433f-8f0c-a220c029cab4 ] Request (SecurityGroupsTestJSON:tearDownClass): 200 GET http://10.180.1.21/compute/v2.1/servers/7a399651-5025-44d4-b4f3-605732d6967b 0.084s
2025-12-08 23:48:38.138 65821 INFO tempest.lib.common.rest_client [req-8ee7b3d4-cb83-41fc-b2a5-f4991181e048 req-8ee7b3d4-cb83-41fc-b2a5-f4991181e048 ] Request (AttachInterfacesTestJSON:_run_cleanups): 200 GET http://10.180.1.21/compute/v2.1/servers/0b00c1c4-16ba-4097-9246-cec4426eea13 0.057s
2025-12-08 23:48:38.239 65797 INFO tempest.lib.common.rest_client [req-b55209e3-bdc8-42d0-9485-4a351c1bea26 req-b55209e3-bdc8-42d0-9485-4a351c1bea26 ] Request (ListImageFiltersTestJSON:tearDownClass): 200 GET http://10.180.1.21/compute/v2.1/servers/7c3d15dc-cc53-4711-a9db-2162b0bbcbb9 0.076s
2025-12-08 23:48:38.259 65813 INFO tempest.lib.common.rest_client [req-c0db76a2-d123-4d4e-ae47-b8f4141560bc req-c0db76a2-d123-4d4e-ae47-b8f4141560bc ] Request (ServerDiskConfigTestJSON:test_resize_server_from_auto_to_manual): 200 GET http://10.180.1.21/compute/v2.1/servers/87fa86ec-1f37-40a1-a051-a06dfb35168a 0.136s
2025-12-08 23:48:38.267 65813 INFO tempest.common.waiters [-] State transition "RESIZE/resize_finish" ==> "VERIFY_RESIZE/None" after 58 second wait
2025-12-08 23:48:38.298 65795 INFO tempest.lib.common.rest_client [req-6eb75cdb-8f28-4c4a-99a5-bdc0325343e8 req-6eb75cdb-8f28-4c4a-99a5-bdc0325343e8 ] Request (ServersAdminTestJSON:tearDownClass): 200 GET http://10.180.1.21/compute/v2.1/servers/63f4bb3a-5f98-4500-88ca-6756d53558a2 0.103s
2025-12-08 23:48:38.316 65813 INFO tempest.lib.common.rest_client [req-287d1bea-50fc-4041-a399-812808d9872d req-287d1bea-50fc-4041-a399-812808d9872d ] Request (ServerDiskConfigTestJSON:test_resize_server_from_auto_to_manual): 204 POST http://10.180.1.21/compute/v2.1/servers/87fa86ec-1f37-40a1-a051-a06dfb35168a/action 0.048s
2025-12-08 23:48:38.367 65843 INFO tempest.lib.common.rest_client [req-dbd188bf-05bf-4bf1-b168-612d3cb7258e req-dbd188bf-05bf-4bf1-b168-612d3cb7258e ] Request (ServerActionsV293TestJSON:tearDownClass): 200 GET http://10.180.1.21/compute/v2.1/servers/37a7b8ed-1123-4028-88ab-0725619c3c04 0.095s
2025-12-08 23:48:38.382 65807 INFO tempest.lib.common.rest_client [req-45f85e95-6c1c-4fe9-bf03-4c01ba851c4e req-45f85e95-6c1c-4fe9-bf03-4c01ba851c4e ] Request (AttachVolumeTestJSON:test_attach_detach_volume): 200 GET http://10.180.1.21/volume/v3/volumes/33dbbed4-a88d-44b3-ab28-23409c309b7d 0.037s
2025-12-08 23:48:38.416 65823 INFO tempest.lib.common.rest_client [req-d25c4a47-c4e4-4f6a-a0fd-e520fed32dfe req-d25c4a47-c4e4-4f6a-a0fd-e520fed32dfe ] Request (ImagesOneServerTestJSON:test_create_image_specify_multibyte_character_image_name): 200 GET http://10.180.1.21/compute/v2.1/servers/b9a777b5-fedd-4d8a-8d9b-6a9b5c6c1926 0.104s
2025-12-08 23:48:38.423 65823 INFO tempest.common.waiters [-] State transition "ACTIVE/image_uploading" ==> "ACTIVE/None" after 2 second wait
2025-12-08 23:48:38.456 65813 INFO tempest.lib.common.rest_client [req-71ed6263-20f5-439f-9ae1-004558432314 req-71ed6263-20f5-439f-9ae1-004558432314 ] Request (ServerDiskConfigTestJSON:test_resize_server_from_auto_to_manual): 200 GET http://10.180.1.21/compute/v2.1/servers/87fa86ec-1f37-40a1-a051-a06dfb35168a 0.140s
2025-12-08 23:48:38.467 65817 INFO tempest.lib.common.rest_client [req-2bbe677e-dddd-4249-abf6-ca3c8840decd req-2bbe677e-dddd-4249-abf6-ca3c8840decd ] Request (AttachInterfacesV270Test:test_create_get_list_interfaces): 200 GET http://10.180.1.21/compute/v2.1/servers/8eae0db5-12c5-4b81-8430-4d410fd37141 0.124s
2025-12-08 23:48:38.514 65851 INFO tempest.lib.common.rest_client [req-a5dd9859-4cae-4412-bc07-827e0c005a36 req-a5dd9859-4cae-4412-bc07-827e0c005a36 ] Request (ListServerFiltersTestJSON:tearDownClass): 200 GET http://10.180.1.21/compute/v2.1/servers/b133cfff-2af6-462d-981d-fdc6e5c50281 0.141s
2025-12-08 23:48:38.526 65831 INFO tempest.lib.common.rest_client [req-1e353910-03e0-4e70-8542-b04f36372cc2 req-1e353910-03e0-4e70-8542-b04f36372cc2 ] Request (ServersAdminNegativeTestJSON:tearDownClass): 200 GET http://10.180.1.21/compute/v2.1/servers/dd895566-7589-421e-be7f-eba6dadd5102 0.125s
2025-12-08 23:48:38.576 65835 INFO tempest.lib.common.rest_client [req-b4b4b197-53f8-49c0-ba5a-b893c8518bb3 req-b4b4b197-53f8-49c0-ba5a-b893c8518bb3 ] Request (ServersTestFqdnHostnames:test_create_server_with_fqdn_name): 200 GET http://10.180.1.21/compute/v2.1/servers/381d1130-9eb9-4a53-89fe-cbfddd5c5c35 0.150s
2025-12-08 23:48:38.634 65823 INFO tempest.lib.common.rest_client [req-099be546-85be-461a-a9ac-d07e78c5264d req-099be546-85be-461a-a9ac-d07e78c5264d ] Request (ImagesOneServerTestJSON:tearDownClass): 204 DELETE http://10.180.1.21/compute/v2.1/images/a73a5fbe-a126-4f90-a8cc-fb1a27ea7ec8 0.209s
2025-12-08 23:48:38.662 65837 INFO tempest.lib.common.rest_client [req-81949005-9c78-4017-9bda-2f470a5e00ba req-81949005-9c78-4017-9bda-2f470a5e00ba ] Request (AttachInterfacesUnderV243Test:_run_cleanups): 200 GET http://10.180.1.21/compute/v2.1/servers/7f82f57b-8bac-4b65-aec8-223ef8731e33 0.198s
2025-12-08 23:48:38.717 65799 INFO tempest.lib.common.rest_client [req-6c8978a8-889f-4277-b7d9-e073571d8738 req-6c8978a8-889f-4277-b7d9-e073571d8738 ] Request (AttachVolumeShelveTestJSON:test_attach_volume_shelved_or_offload_server): 200 GET http://10.180.1.21/compute/v2.1/servers/a626ce91-d578-4a14-9077-fbe046e126f6 0.081s
2025-12-08 23:48:38.738 65823 INFO tempest.lib.common.rest_client [req-7b6a4128-aeff-45e1-b418-d17a055d1cef req-7b6a4128-aeff-45e1-b418-d17a055d1cef ] Request (ImagesOneServerTestJSON:tearDownClass): 404 DELETE http://10.180.1.21/compute/v2.1/images/3d475191-3303-4c1c-849d-bd8325805e97 0.103s
2025-12-08 23:48:38.792 65839 INFO tempest.lib.common.rest_client [req-73741485-a27d-4847-b8b1-26d3d93bf203 req-73741485-a27d-4847-b8b1-26d3d93bf203 ] Request (ServerActionsTestOtherB:test_create_backup): 200 GET http://10.180.1.21/compute/v2.1/servers/0637e3c5-b13e-4fc9-b2bf-18f3601adcc1 0.192s
2025-12-08 23:48:38.796 65853 INFO tempest.lib.common.rest_client [req-2f42ceb6-c9c9-4fd7-b6dc-f38b821c8525 req-2f42ceb6-c9c9-4fd7-b6dc-f38b821c8525 ] Request (ServerRescueNegativeTestJSON:test_rescued_vm_detach_volume): 200 GET http://10.180.1.21/compute/v2.1/servers/465b16ca-75e8-430f-ac92-86c8dff3f037 0.095s
2025-12-08 23:48:38.802 65853 INFO tempest.common.waiters [-] State transition "BUILD/scheduling" ==> "BUILD/None" after 2 second wait
2025-12-08 23:48:38.869 65823 INFO tempest.lib.common.rest_client [req-241f933e-d4e8-4f12-a495-d4ff67fcb0c5 req-241f933e-d4e8-4f12-a495-d4ff67fcb0c5 ] Request (ImagesOneServerTestJSON:tearDownClass): 204 DELETE http://10.180.1.21/compute/v2.1/servers/b9a777b5-fedd-4d8a-8d9b-6a9b5c6c1926 0.130s
2025-12-08 23:48:38.919 65833 INFO tempest.lib.common.rest_client [req-86b3a2f6-ef3c-4171-b6dc-83ada9745e74 req-86b3a2f6-ef3c-4171-b6dc-83ada9745e74 ] Request (ImagesTestJSON:test_create_image_from_suspended_server): 200 GET http://10.180.1.21/compute/v2.1/servers/9611665f-1822-419d-9f15-4e1cf65f858f 0.171s
2025-12-08 23:48:38.937 65829 INFO tempest.lib.common.rest_client [req-12062868-eb13-4287-a416-06110aa8c261 req-12062868-eb13-4287-a416-06110aa8c261 ] Request (ServersAaction247Test:tearDownClass): 200 GET http://10.180.1.21/compute/v2.1/servers/7c444f8d-b67f-463c-84d3-c05a0b42da06 0.085s
2025-12-08 23:48:39.000 65811 INFO tempest.lib.common.rest_client [req-223297ac-afb3-4679-9631-5dbb61c91134 req-223297ac-afb3-4679-9631-5dbb61c91134 ] Request (ListServersNegativeTestJSON:setUpClass): 200 GET http://10.180.1.21/compute/v2.1/servers/47f90f63-bf74-45f7-a17f-0c27eebb7bc2 0.064s
2025-12-08 23:48:39.019 65823 INFO tempest.lib.common.rest_client [req-ad21d8d6-ffba-48d7-8651-11e86c0bbab3 req-ad21d8d6-ffba-48d7-8651-11e86c0bbab3 ] Request (ImagesOneServerTestJSON:tearDownClass): 200 GET http://10.180.1.21/compute/v2.1/servers/b9a777b5-fedd-4d8a-8d9b-6a9b5c6c1926 0.150s
2025-12-08 23:48:39.078 65793 INFO tempest.lib.common.rest_client [req-cd0431b2-b07e-4386-90e5-32353b0773ee req-cd0431b2-b07e-4386-90e5-32353b0773ee ] Request (ServersTestJSON:_run_cleanups): 200 GET http://10.180.1.21/compute/v2.1/servers/cde2682b-6bd8-4d9b-8914-8dc6bca68f40 0.087s
2025-12-08 23:48:39.128 65845 INFO tempest.lib.common.rest_client [req-7c5821ed-5d67-4496-8577-82f97a261820 req-7c5821ed-5d67-4496-8577-82f97a261820 ] Request (MultipleCreateTestJSON:test_multiple_create_with_reservation_return): 200 GET http://10.180.1.21/compute/v2.1/servers/5c11442f-c0f2-4087-8f19-f2a028955913 0.122s
2025-12-08 23:48:39.151 65791 INFO tempest.lib.common.rest_client [req-76d6d66f-6f4e-426e-9972-2f76b2c093db req-76d6d66f-6f4e-426e-9972-2f76b2c093db ] Request (MigrationsAdminTest:test_resize_server_revert_deleted_flavor): 200 GET http://10.180.1.21/compute/v2.1/servers/7b857145-7435-480b-a966-0ec5c9a20ea5 0.208s
2025-12-08 23:48:39.159 65791 INFO tempest.common.waiters [-] State transition "RESIZE/resize_prep" ==> "RESIZE/resize_migrating" after 52 second wait
2025-12-08 23:48:39.186 65809 INFO tempest.lib.common.rest_client [req-2ab152c2-ba2e-48bd-aef1-260d71ccc7f6 req-2ab152c2-ba2e-48bd-aef1-260d71ccc7f6 ] Request (ServerRescueTestJSON:tearDownClass): 200 GET http://10.180.1.21/compute/v2.1/servers/dd398e3f-71fd-49d9-b8b0-978471b38a27 0.135s
2025-12-08 23:48:39.205 65815 INFO tempest.lib.common.rest_client [req-0e7c5103-43bf-4051-9ac7-1999b305d421 req-0e7c5103-43bf-4051-9ac7-1999b305d421 ] Request (ServerGroupTestJSON:test_create_server_with_scheduler_hint_group): 200 GET http://10.180.1.21/compute/v2.1/servers/9b81ba45-bf29-4b6b-bd6d-4be0417cdc38 0.136s
2025-12-08 23:48:39.245 65827 INFO tempest.lib.common.rest_client [req-9bed00b1-aaf1-4d36-af38-dba71b7d31e1 req-9bed00b1-aaf1-4d36-af38-dba71b7d31e1 ] Request (SecurityGroupsTestJSON:tearDownClass): 200 GET http://10.180.1.21/compute/v2.1/servers/7a399651-5025-44d4-b4f3-605732d6967b 0.132s
2025-12-08 23:48:39.266 65821 INFO tempest.lib.common.rest_client [req-2b66d42a-3931-41fd-96ac-dd63b80a8cea req-2b66d42a-3931-41fd-96ac-dd63b80a8cea ] Request (AttachInterfacesTestJSON:_run_cleanups): 200 GET http://10.180.1.21/compute/v2.1/servers/0b00c1c4-16ba-4097-9246-cec4426eea13 0.119s
2025-12-08 23:48:39.310 65797 INFO tempest.lib.common.rest_client [req-9fa7f217-0fbe-4e32-af46-c826806f1977 req-9fa7f217-0fbe-4e32-af46-c826806f1977 ] Request (ListImageFiltersTestJSON:tearDownClass): 200 GET http://10.180.1.21/compute/v2.1/servers/7c3d15dc-cc53-4711-a9db-2162b0bbcbb9 0.063s
2025-12-08 23:48:39.367 65795 INFO tempest.lib.common.rest_client [req-e9544a52-1c91-4877-88c3-f395680f5a63 req-e9544a52-1c91-4877-88c3-f395680f5a63 ] Request (ServersAdminTestJSON:tearDownClass): 200 GET http://10.180.1.21/compute/v2.1/servers/63f4bb3a-5f98-4500-88ca-6756d53558a2 0.061s
2025-12-08 23:48:39.422 65807 INFO tempest.lib.common.rest_client [req-82ae13ff-9e74-4c99-9074-26a44bf412d2 req-82ae13ff-9e74-4c99-9074-26a44bf412d2 ] Request (AttachVolumeTestJSON:test_attach_detach_volume): 200 GET http://10.180.1.21/volume/v3/volumes/33dbbed4-a88d-44b3-ab28-23409c309b7d 0.033s
2025-12-08 23:48:39.454 65843 INFO tempest.lib.common.rest_client [req-84caae45-b66e-41db-9257-26305cd8afde req-84caae45-b66e-41db-9257-26305cd8afde ] Request (ServerActionsV293TestJSON:tearDownClass): 200 GET http://10.180.1.21/compute/v2.1/servers/37a7b8ed-1123-4028-88ab-0725619c3c04 0.074s
2025-12-08 23:48:39.539 65817 INFO tempest.lib.common.rest_client [req-a5609197-2826-4646-95d3-fae906a226d8 req-a5609197-2826-4646-95d3-fae906a226d8 ] Request (AttachInterfacesV270Test:test_create_get_list_interfaces): 200 GET http://10.180.1.21/compute/v2.1/servers/8eae0db5-12c5-4b81-8430-4d410fd37141 0.061s
2025-12-08 23:48:39.584 65813 INFO tempest.lib.common.rest_client [req-c4dce15c-1e09-44b2-91d4-fd750eb78719 req-c4dce15c-1e09-44b2-91d4-fd750eb78719 ] Request (ServerDiskConfigTestJSON:test_resize_server_from_auto_to_manual): 200 GET http://10.180.1.21/compute/v2.1/servers/87fa86ec-1f37-40a1-a051-a06dfb35168a 0.120s
2025-12-08 23:48:39.617 65851 INFO tempest.lib.common.rest_client [req-2be23d1d-4cac-403e-8cb8-4aad52953944 req-2be23d1d-4cac-403e-8cb8-4aad52953944 ] Request (ListServerFiltersTestJSON:tearDownClass): 200 GET http://10.180.1.21/compute/v2.1/servers/b133cfff-2af6-462d-981d-fdc6e5c50281 0.095s
2025-12-08 23:48:39.662 65831 INFO tempest.lib.common.rest_client [req-1b6d6015-5382-41f5-ba8e-518cdae5815d req-1b6d6015-5382-41f5-ba8e-518cdae5815d ] Request (ServersAdminNegativeTestJSON:tearDownClass): 200 GET http://10.180.1.21/compute/v2.1/servers/dd895566-7589-421e-be7f-eba6dadd5102 0.127s
2025-12-08 23:48:39.700 65835 INFO tempest.lib.common.rest_client [req-bccfd306-0da8-4e4c-85cf-7c337898e123 req-bccfd306-0da8-4e4c-85cf-7c337898e123 ] Request (ServersTestFqdnHostnames:test_create_server_with_fqdn_name): 200 GET http://10.180.1.21/compute/v2.1/servers/381d1130-9eb9-4a53-89fe-cbfddd5c5c35 0.115s
2025-12-08 23:48:39.756 65837 INFO tempest.lib.common.rest_client [req-7f3e737f-1dd4-405d-aef5-4d1ed51799ba req-7f3e737f-1dd4-405d-aef5-4d1ed51799ba ] Request (AttachInterfacesUnderV243Test:_run_cleanups): 200 GET http://10.180.1.21/compute/v2.1/servers/7f82f57b-8bac-4b65-aec8-223ef8731e33 0.083s
2025-12-08 23:48:39.758 65849 WARNING tempest.lib.common.ssh [-] Failed to establish authenticated ssh connection to cirros@10.180.180.206 ([Errno None] Unable to connect to port 22 on 10.180.180.206). Number attempts: 4. Retry after 5 seconds.: paramiko.ssh_exception.NoValidConnectionsError: [Errno None] Unable to connect to port 22 on 10.180.180.206
2025-12-08 23:48:39.795 65799 INFO tempest.lib.common.rest_client [req-a91777a0-60a3-4561-b1ee-88c6ce11abaa req-a91777a0-60a3-4561-b1ee-88c6ce11abaa ] Request (AttachVolumeShelveTestJSON:test_attach_volume_shelved_or_offload_server): 200 GET http://10.180.1.21/compute/v2.1/servers/a626ce91-d578-4a14-9077-fbe046e126f6 0.067s
2025-12-08 23:48:39.881 65853 INFO tempest.lib.common.rest_client [req-13789fe4-f83d-4fe4-98d2-484768479d70 req-13789fe4-f83d-4fe4-98d2-484768479d70 ] Request (ServerRescueNegativeTestJSON:test_rescued_vm_detach_volume): 200 GET http://10.180.1.21/compute/v2.1/servers/465b16ca-75e8-430f-ac92-86c8dff3f037 0.077s
2025-12-08 23:48:39.948 65839 INFO tempest.lib.common.rest_client [req-85d58543-f635-47c9-b12f-bc567909f813 req-85d58543-f635-47c9-b12f-bc567909f813 ] Request (ServerActionsTestOtherB:test_create_backup): 200 GET http://10.180.1.21/compute/v2.1/servers/0637e3c5-b13e-4fc9-b2bf-18f3601adcc1 0.146s
2025-12-08 23:48:40.022 65829 INFO tempest.lib.common.rest_client [req-516177b5-17d4-4d44-b268-ecd434119afb req-516177b5-17d4-4d44-b268-ecd434119afb ] Request (ServersAaction247Test:tearDownClass): 200 GET http://10.180.1.21/compute/v2.1/servers/7c444f8d-b67f-463c-84d3-c05a0b42da06 0.071s
2025-12-08 23:48:40.076 65833 INFO tempest.lib.common.rest_client [req-1b48d0a7-83cd-43e9-9a28-6900a7e3619d req-1b48d0a7-83cd-43e9-9a28-6900a7e3619d ] Request (ImagesTestJSON:test_create_image_from_suspended_server): 200 GET http://10.180.1.21/compute/v2.1/servers/9611665f-1822-419d-9f15-4e1cf65f858f 0.148s
2025-12-08 23:48:40.082 65811 INFO tempest.lib.common.rest_client [req-bc65763a-2128-4247-b328-2414458d70bf req-bc65763a-2128-4247-b328-2414458d70bf ] Request (ListServersNegativeTestJSON:setUpClass): 200 GET http://10.180.1.21/compute/v2.1/servers/47f90f63-bf74-45f7-a17f-0c27eebb7bc2 0.074s
2025-12-08 23:48:40.155 65793 INFO tempest.lib.common.rest_client [req-56825db3-7920-4d97-a960-a1f18a0dd872 req-56825db3-7920-4d97-a960-a1f18a0dd872 ] Request (ServersTestJSON:_run_cleanups): 200 GET http://10.180.1.21/compute/v2.1/servers/cde2682b-6bd8-4d9b-8914-8dc6bca68f40 0.068s
2025-12-08 23:48:40.183 65823 INFO tempest.lib.common.rest_client [req-ba6892bd-a011-46fd-ab5b-54e045ac7959 req-ba6892bd-a011-46fd-ab5b-54e045ac7959 ] Request (ImagesOneServerTestJSON:tearDownClass): 200 GET http://10.180.1.21/compute/v2.1/servers/b9a777b5-fedd-4d8a-8d9b-6a9b5c6c1926 0.154s
2025-12-08 23:48:40.211 65845 INFO tempest.lib.common.rest_client [req-e2422e47-37db-4dd4-8e89-77a55531c96f req-e2422e47-37db-4dd4-8e89-77a55531c96f ] Request (MultipleCreateTestJSON:test_multiple_create_with_reservation_return): 200 GET http://10.180.1.21/compute/v2.1/servers/5c11442f-c0f2-4087-8f19-f2a028955913 0.074s
2025-12-08 23:48:40.274 65809 INFO tempest.lib.common.rest_client [req-b34be46a-f4f7-4f28-8944-b5a1db0aaff1 req-b34be46a-f4f7-4f28-8944-b5a1db0aaff1 ] Request (ServerRescueTestJSON:tearDownClass): 200 GET http://10.180.1.21/compute/v2.1/servers/dd398e3f-71fd-49d9-b8b0-978471b38a27 0.079s
2025-12-08 23:48:40.283 65791 INFO tempest.lib.common.rest_client [req-b4c58e42-2f55-487c-9cc1-d79f7eb03cdb req-b4c58e42-2f55-487c-9cc1-d79f7eb03cdb ] Request (MigrationsAdminTest:test_resize_server_revert_deleted_flavor): 200 GET http://10.180.1.21/compute/v2.1/servers/7b857145-7435-480b-a966-0ec5c9a20ea5 0.122s
2025-12-08 23:48:40.324 65815 INFO tempest.lib.common.rest_client [req-d9c5aa1d-2d7b-42d1-8468-1e0ab514d39b req-d9c5aa1d-2d7b-42d1-8468-1e0ab514d39b ] Request (ServerGroupTestJSON:test_create_server_with_scheduler_hint_group): 200 GET http://10.180.1.21/compute/v2.1/servers/9b81ba45-bf29-4b6b-bd6d-4be0417cdc38 0.111s
2025-12-08 23:48:40.346 65827 INFO tempest.lib.common.rest_client [req-4c1356e5-2f20-43cd-8d19-d6779e910585 req-4c1356e5-2f20-43cd-8d19-d6779e910585 ] Request (SecurityGroupsTestJSON:tearDownClass): 200 GET http://10.180.1.21/compute/v2.1/servers/7a399651-5025-44d4-b4f3-605732d6967b 0.093s
2025-12-08 23:48:40.385 65821 INFO tempest.lib.common.rest_client [req-5a6317a7-8e92-4129-8b24-96a750dd926b req-5a6317a7-8e92-4129-8b24-96a750dd926b ] Request (AttachInterfacesTestJSON:_run_cleanups): 200 GET http://10.180.1.21/compute/v2.1/servers/0b00c1c4-16ba-4097-9246-cec4426eea13 0.112s
2025-12-08 23:48:40.424 65797 INFO tempest.lib.common.rest_client [req-eb9aa1f0-ea05-4459-9e2a-7388b36ca3f0 req-eb9aa1f0-ea05-4459-9e2a-7388b36ca3f0 ] Request (ListImageFiltersTestJSON:tearDownClass): 200 GET http://10.180.1.21/compute/v2.1/servers/7c3d15dc-cc53-4711-a9db-2162b0bbcbb9 0.105s
2025-12-08 23:48:40.473 65795 INFO tempest.lib.common.rest_client [req-caafec67-08d4-4b8c-83cf-9e0d6b22e019 req-caafec67-08d4-4b8c-83cf-9e0d6b22e019 ] Request (ServersAdminTestJSON:tearDownClass): 200 GET http://10.180.1.21/compute/v2.1/servers/63f4bb3a-5f98-4500-88ca-6756d53558a2 0.097s
2025-12-08 23:48:40.473 65807 INFO tempest.lib.common.rest_client [req-2c0e5a82-ef58-4b08-aed1-b7009deee083 req-2c0e5a82-ef58-4b08-aed1-b7009deee083 ] Request (AttachVolumeTestJSON:test_attach_detach_volume): 200 GET http://10.180.1.21/volume/v3/volumes/33dbbed4-a88d-44b3-ab28-23409c309b7d 0.044s
2025-12-08 23:48:40.489 65807 INFO tempest.common.waiters [-] Attachment c1b2aff7-5a9c-402e-8b4a-47477b273972 created for volume 33dbbed4-a88d-44b3-ab28-23409c309b7d to server d7a1ed00-df9a-426b-8506-810f66d16fa2 after waiting for 9.488432 seconds
