2025-12-08 23:48:47.249 65853 INFO tempest.lib.common.rest_client [req-e44524f5-a2be-42b7-a032-981440447f00 req-e44524f5-a2be-42b7-a032-981440447f00 ] Request (ServerRescueNegativeTestJSON:test_rescued_vm_detach_volume): 200 GET http://10.180.1.21/compute/v2.1/servers/465b16ca-75e8-430f-ac92-86c8dff3f037 0.434s
2025-12-08 23:48:47.274 65799 INFO tempest.lib.common.rest_client [req-0f2fad9c-fa9d-4fe7-a606-210adc1ac943 req-0f2fad9c-fa9d-4fe7-a606-210adc1ac943 ] Request (AttachVolumeShelveTestJSON:test_attach_volume_shelved_or_offload_server): 200 GET http://10.180.1.21/compute/v2.1/servers/a626ce91-d578-4a14-9077-fbe046e126f6 0.495s
2025-12-08 23:48:47.282 65799 INFO tempest.common.waiters [-] State transition "BUILD/networking" ==> "BUILD/spawning" after 37 second wait
2025-12-08 23:48:47.306 65829 INFO tempest.lib.common.rest_client [req-f97e73d9-82c7-4950-b135-9fbb4d25372f req-f97e73d9-82c7-4950-b135-9fbb4d25372f ] Request (ServersAaction247Test:tearDownClass): 200 GET http://10.180.1.21/compute/v2.1/servers/7c444f8d-b67f-463c-84d3-c05a0b42da06 0.464s
2025-12-08 23:48:47.331 65811 INFO tempest.lib.common.rest_client [req-0ad5d203-6183-4ac9-bf4e-25478da1feba req-0ad5d203-6183-4ac9-bf4e-25478da1feba ] Request (ListServersNegativeTestJSON:setUpClass): 200 GET http://10.180.1.21/compute/v2.1/servers/47f90f63-bf74-45f7-a17f-0c27eebb7bc2 0.462s
2025-12-08 23:48:47.443 65839 INFO tempest.lib.common.rest_client [req-e5047442-4c62-4f65-a180-778653e599a6 req-e5047442-4c62-4f65-a180-778653e599a6 ] Request (ServerActionsTestOtherB:test_create_backup): 200 GET http://10.180.1.21/compute/v2.1/servers/0637e3c5-b13e-4fc9-b2bf-18f3601adcc1 0.318s
2025-12-08 23:48:47.450 65839 INFO tempest.common.waiters [-] State transition "ACTIVE/image_uploading" ==> "ACTIVE/None" after 16 second wait
2025-12-08 23:48:47.460 65839 INFO tempest.lib.common.rest_client [req-f60a6d5a-bc26-43b4-9c8d-65bf96bec82f req-f60a6d5a-bc26-43b4-9c8d-65bf96bec82f ] Request (ServerActionsTestOtherB:test_create_backup): 404 GET http://10.180.1.21/image/v2/images/bd82d890-1a04-4fa8-be38-271ae0b8c7bc 0.009s
2025-12-08 23:48:47.503 65839 INFO tempest.lib.common.rest_client [req-8ddd3725-fc9e-4c8e-af69-9aeaa89640c2 req-8ddd3725-fc9e-4c8e-af69-9aeaa89640c2 ] Request (ServerActionsTestOtherB:test_create_backup): 200 GET http://10.180.1.21/image/v2/images?status=active&sort_key=created_at&sort_dir=asc&image_type=backup&backup_type=daily&instance_uuid=0637e3c5-b13e-4fc9-b2bf-18f3601adcc1 0.042s
2025-12-08 23:48:47.537 65807 INFO tempest.lib.common.rest_client [req-2432ca16-6961-4c0f-9489-6fedb20fecac req-2432ca16-6961-4c0f-9489-6fedb20fecac ] Request (AttachVolumeTestJSON:test_attach_detach_volume): 200 GET http://10.180.1.21/compute/v2.1/servers/d7a1ed00-df9a-426b-8506-810f66d16fa2 0.389s
2025-12-08 23:48:47.585 65845 INFO tempest.lib.common.rest_client [req-77a06b1c-8cbe-4993-b8d4-73d28e5f5e3a req-77a06b1c-8cbe-4993-b8d4-73d28e5f5e3a ] Request (MultipleCreateTestJSON:test_multiple_create_with_reservation_return): 200 GET http://10.180.1.21/compute/v2.1/servers/5c11442f-c0f2-4087-8f19-f2a028955913 0.255s
2025-12-08 23:48:47.671 65793 INFO tempest.lib.common.rest_client [req-bc64ad69-4d7d-462a-9cf9-d84151baa4c1 req-bc64ad69-4d7d-462a-9cf9-d84151baa4c1 ] Request (ServersTestJSON:_run_cleanups): 200 GET http://10.180.1.21/compute/v2.1/servers/cde2682b-6bd8-4d9b-8914-8dc6bca68f40 0.334s
2025-12-08 23:48:47.749 65809 INFO tempest.lib.common.rest_client [req-491f9a6e-b4a4-46ed-a8da-ae011366aa31 req-491f9a6e-b4a4-46ed-a8da-ae011366aa31 ] Request (ServerRescueTestJSON:tearDownClass): 200 GET http://10.180.1.21/compute/v2.1/servers/dd398e3f-71fd-49d9-b8b0-978471b38a27 0.309s
2025-12-08 23:48:47.757 65833 INFO tempest.lib.common.rest_client [req-e5dcdc6c-d2ae-4bca-b2ef-489dbec20318 req-e5dcdc6c-d2ae-4bca-b2ef-489dbec20318 ] Request (ImagesTestJSON:test_create_image_from_suspended_server): 202 POST http://10.180.1.21/compute/v2.1/servers/9611665f-1822-419d-9f15-4e1cf65f858f/action 0.822s
2025-12-08 23:48:47.811 65815 INFO tempest.lib.common.rest_client [req-c922840a-3688-4597-8c83-4d20c2cad163 req-c922840a-3688-4597-8c83-4d20c2cad163 ] Request (ServerGroupTestJSON:test_create_server_with_scheduler_hint_group): 200 GET http://10.180.1.21/compute/v2.1/servers/9b81ba45-bf29-4b6b-bd6d-4be0417cdc38 0.326s
2025-12-08 23:48:47.811 65823 INFO tempest.lib.common.rest_client [req-48d44980-8cc0-4a96-a038-4344390cf024 req-48d44980-8cc0-4a96-a038-4344390cf024 ] Request (ImagesOneServerTestJSON:tearDownClass): 200 GET http://10.180.1.21/compute/v2.1/servers/b9a777b5-fedd-4d8a-8d9b-6a9b5c6c1926 0.360s
2025-12-08 23:48:47.871 65827 INFO tempest.lib.common.rest_client [req-62e7ff0d-138b-42f0-8a2f-d858adf5c210 req-62e7ff0d-138b-42f0-8a2f-d858adf5c210 ] Request (SecurityGroupsTestJSON:tearDownClass): 200 GET http://10.180.1.21/compute/v2.1/servers/7a399651-5025-44d4-b4f3-605732d6967b 0.343s
2025-12-08 23:48:47.923 65839 INFO tempest.lib.common.rest_client [req-a354a54d-048e-4714-94d3-50e997988e08 req-a354a54d-048e-4714-94d3-50e997988e08 ] Request (ServerActionsTestOtherB:tearDown): 200 GET http://10.180.1.21/compute/v2.1/servers/0637e3c5-b13e-4fc9-b2bf-18f3601adcc1 0.420s
2025-12-08 23:48:47.937 65821 INFO tempest.lib.common.rest_client [req-083d70a0-89d7-4ac8-9b47-8f9ac4669cf8 req-083d70a0-89d7-4ac8-9b47-8f9ac4669cf8 ] Request (AttachInterfacesTestJSON:_run_cleanups): 200 GET http://10.180.1.21/compute/v2.1/servers/0b00c1c4-16ba-4097-9246-cec4426eea13 0.331s
2025-12-08 23:48:47.997 65795 INFO tempest.lib.common.rest_client [req-acfae011-a339-4f1a-8806-a53f5eb71ea6 req-acfae011-a339-4f1a-8806-a53f5eb71ea6 ] Request (ServersAdminTestJSON:tearDownClass): 200 GET http://10.180.1.21/compute/v2.1/servers/63f4bb3a-5f98-4500-88ca-6756d53558a2 0.299s
2025-12-08 23:48:48.020 65791 INFO tempest.lib.common.rest_client [req-cc349f7d-1262-4bb4-b2fb-77045043a239 req-cc349f7d-1262-4bb4-b2fb-77045043a239 ] Request (MigrationsAdminTest:test_resize_server_revert_deleted_flavor): 200 GET http://10.180.1.21/compute/v2.1/servers/7b857145-7435-480b-a966-0ec5c9a20ea5 0.388s
2025-12-08 23:48:48.031 65833 INFO tempest.lib.common.rest_client [req-66d53717-cacd-4232-a7c4-10b4a9552ac6 req-66d53717-cacd-4232-a7c4-10b4a9552ac6 ] Request (ImagesTestJSON:test_create_image_from_suspended_server): 200 GET http://10.180.1.21/compute/v2.1/images/3b9287f4-3c1f-4acf-bd74-d34ad867a38d 0.273s
2025-12-08 23:48:48.035 65839 INFO tempest.lib.common.rest_client [req-a2585791-af44-4d28-bae3-c214f825488c req-a2585791-af44-4d28-bae3-c214f825488c ] Request (ServerActionsTestOtherB:_run_cleanups): 204 DELETE http://10.180.1.21/image/v2/images/ba49fbbe-277b-4ca0-9f6c-e1aa9833e1da 0.103s
2025-12-08 23:48:48.043 65797 INFO tempest.lib.common.rest_client [req-8f0020c4-72b0-472d-ab24-8fd340c6a92b req-8f0020c4-72b0-472d-ab24-8fd340c6a92b ] Request (ListImageFiltersTestJSON:tearDownClass): 404 GET http://10.180.1.21/compute/v2.1/servers/7c3d15dc-cc53-4711-a9db-2162b0bbcbb9 0.265s
2025-12-08 23:48:48.088 65817 INFO tempest.lib.common.rest_client [req-a67c9d67-c821-4083-b114-6d42ab64648c req-a67c9d67-c821-4083-b114-6d42ab64648c ] Request (AttachInterfacesV270Test:test_create_get_list_interfaces): 200 GET http://10.180.1.21/compute/v2.1/servers/8eae0db5-12c5-4b81-8430-4d410fd37141 0.286s
2025-12-08 23:48:48.101 65851 INFO tempest.lib.common.rest_client [req-f381b76e-199f-4909-93be-5bd19b004da6 req-f381b76e-199f-4909-93be-5bd19b004da6 ] Request (ListServerFiltersTestJSON:tearDownClass): 200 GET http://10.180.1.21/compute/v2.1/servers/b133cfff-2af6-462d-981d-fdc6e5c50281 0.199s
2025-12-08 23:48:48.129 65839 INFO tempest.lib.common.rest_client [req-0471ac09-b2fc-4078-8120-448a9d9975f9 req-0471ac09-b2fc-4078-8120-448a9d9975f9 ] Request (ServerActionsTestOtherB:_run_cleanups): 204 DELETE http://10.180.1.21/image/v2/images/3373435c-2a00-4295-af7d-19bb4bc650e0 0.094s
2025-12-08 23:48:48.164 65797 INFO tempest.lib.common.rest_client [req-bd326258-df81-4108-862f-ea61df50b0d7 req-bd326258-df81-4108-862f-ea61df50b0d7 ] Request (ListImageFiltersTestJSON:tearDownClass): 204 DELETE http://10.180.1.21/compute/v2.1/servers/e59abf90-0f91-4451-a395-e52645eb0334 0.120s
2025-12-08 23:48:48.179 65831 INFO tempest.lib.common.rest_client [req-a5116357-e174-44c4-b13b-d95c264200f1 req-a5116357-e174-44c4-b13b-d95c264200f1 ] Request (ServersAdminNegativeTestJSON:tearDownClass): 200 GET http://10.180.1.21/compute/v2.1/servers/dd895566-7589-421e-be7f-eba6dadd5102 0.070s
2025-12-08 23:48:48.310 65813 INFO tempest.lib.common.rest_client [req-1b3a1580-01d8-421e-9d84-9daa889b2de7 req-1b3a1580-01d8-421e-9d84-9daa889b2de7 ] Request (ServerDiskConfigTestJSON:test_resize_server_from_auto_to_manual): 200 GET http://10.180.1.21/compute/v2.1/servers/87fa86ec-1f37-40a1-a051-a06dfb35168a 0.181s
2025-12-08 23:48:48.334 65849 WARNING tempest.lib.common.ssh [-] Failed to establish authenticated ssh connection to cirros@10.180.180.206 ([Errno None] Unable to connect to port 22 on 10.180.180.206). Number attempts: 5. Retry after 6 seconds.: paramiko.ssh_exception.NoValidConnectionsError: [Errno None] Unable to connect to port 22 on 10.180.180.206
2025-12-08 23:48:48.338 65839 INFO tempest.lib.common.rest_client [req-e586bcf3-e32d-4b2b-967b-354347b82807 req-e586bcf3-e32d-4b2b-967b-354347b82807 ] Request (ServerActionsTestOtherB:setUp): 200 GET http://10.180.1.21/compute/v2.1/servers/0637e3c5-b13e-4fc9-b2bf-18f3601adcc1 0.207s
2025-12-08 23:48:48.523 65835 INFO tempest.lib.common.rest_client [req-9f15d800-dcae-44f5-a8d2-eee1fcc57453 req-9f15d800-dcae-44f5-a8d2-eee1fcc57453 ] Request (ServersTestFqdnHostnames:test_create_server_with_fqdn_name): 200 GET http://10.180.1.21/compute/v2.1/servers/381d1130-9eb9-4a53-89fe-cbfddd5c5c35 0.347s
2025-12-08 23:48:48.531 65835 INFO tempest.common.waiters [-] State transition "BUILD/None" ==> "BUILD/networking" after 36 second wait
2025-12-08 23:48:48.581 65797 INFO tempest.lib.common.rest_client [req-8fd143a1-0d51-42fb-9fe6-48cf05a92abb req-8fd143a1-0d51-42fb-9fe6-48cf05a92abb ] Request (ListImageFiltersTestJSON:tearDownClass): 200 GET http://10.180.1.21/compute/v2.1/servers/e59abf90-0f91-4451-a395-e52645eb0334 0.416s
2025-12-08 23:48:48.625 65837 INFO tempest.lib.common.rest_client [req-61018c60-968c-402a-856f-e299a234ce61 req-61018c60-968c-402a-856f-e299a234ce61 ] Request (AttachInterfacesUnderV243Test:_run_cleanups): 200 GET http://10.180.1.21/compute/v2.1/servers/7f82f57b-8bac-4b65-aec8-223ef8731e33 0.435s
2025-12-08 23:48:48.644 65853 INFO tempest.lib.common.rest_client [req-5d67748c-53ca-4f44-92ca-bf8f3bd331d5 req-5d67748c-53ca-4f44-92ca-bf8f3bd331d5 ] Request (ServerRescueNegativeTestJSON:test_rescued_vm_detach_volume): 200 GET http://10.180.1.21/compute/v2.1/servers/465b16ca-75e8-430f-ac92-86c8dff3f037 0.385s
2025-12-08 23:48:48.781 65829 INFO tempest.lib.common.rest_client [req-7f8a7181-64e3-4b1d-875f-d495ecefec5d req-7f8a7181-64e3-4b1d-875f-d495ecefec5d ] Request (ServersAaction247Test:tearDownClass): 200 GET http://10.180.1.21/compute/v2.1/servers/7c444f8d-b67f-463c-84d3-c05a0b42da06 0.466s
2025-12-08 23:48:48.810 65799 INFO tempest.lib.common.rest_client [req-ff6d81ea-e2b3-445d-b865-abb02404d93a req-ff6d81ea-e2b3-445d-b865-abb02404d93a ] Request (AttachVolumeShelveTestJSON:test_attach_volume_shelved_or_offload_server): 200 GET http://10.180.1.21/compute/v2.1/servers/a626ce91-d578-4a14-9077-fbe046e126f6 0.526s
2025-12-08 23:48:48.847 65811 INFO tempest.lib.common.rest_client [req-4d05d3e1-2731-4273-8dac-b91930970171 req-4d05d3e1-2731-4273-8dac-b91930970171 ] Request (ListServersNegativeTestJSON:setUpClass): 200 GET http://10.180.1.21/compute/v2.1/servers/47f90f63-bf74-45f7-a17f-0c27eebb7bc2 0.505s
2025-12-08 23:48:48.974 65839 INFO tempest.lib.common.rest_client [req-59f517d4-ef4b-4d73-ba82-b42b51a72b7b req-59f517d4-ef4b-4d73-ba82-b42b51a72b7b ] Request (ServerActionsTestOtherB:tearDown): 200 GET http://10.180.1.21/compute/v2.1/servers/0637e3c5-b13e-4fc9-b2bf-18f3601adcc1 0.627s
2025-12-08 23:48:48.994 65807 INFO tempest.lib.common.rest_client [req-439a959d-91fe-4b5e-9162-645cb765669d req-439a959d-91fe-4b5e-9162-645cb765669d ] Request (AttachVolumeTestJSON:test_attach_detach_volume): 200 GET http://10.180.1.21/compute/v2.1/servers/d7a1ed00-df9a-426b-8506-810f66d16fa2 0.439s
2025-12-08 23:48:49.019 65845 INFO tempest.lib.common.rest_client [req-af5b7e01-39f6-439f-bcfc-3459f2e7578c req-af5b7e01-39f6-439f-bcfc-3459f2e7578c ] Request (MultipleCreateTestJSON:test_multiple_create_with_reservation_return): 200 GET http://10.180.1.21/compute/v2.1/servers/5c11442f-c0f2-4087-8f19-f2a028955913 0.426s
2025-12-08 23:48:49.059 65793 INFO tempest.lib.common.rest_client [req-cacb0077-6cf4-44c7-9fd4-381535792b95 req-cacb0077-6cf4-44c7-9fd4-381535792b95 ] Request (ServersTestJSON:_run_cleanups): 200 GET http://10.180.1.21/compute/v2.1/servers/cde2682b-6bd8-4d9b-8914-8dc6bca68f40 0.379s
2025-12-08 23:48:49.079 65809 INFO tempest.lib.common.rest_client [req-972b5340-78ac-4405-97ff-a491e7629185 req-972b5340-78ac-4405-97ff-a491e7629185 ] Request (ServerRescueTestJSON:tearDownClass): 200 GET http://10.180.1.21/compute/v2.1/servers/dd398e3f-71fd-49d9-b8b0-978471b38a27 0.322s
2025-12-08 23:48:49.118 65823 INFO tempest.lib.common.rest_client [req-021c3911-48b0-4edc-8af0-31a958b14336 req-021c3911-48b0-4edc-8af0-31a958b14336 ] Request (ImagesOneServerTestJSON:tearDownClass): 200 GET http://10.180.1.21/compute/v2.1/servers/b9a777b5-fedd-4d8a-8d9b-6a9b5c6c1926 0.298s
2025-12-08 23:48:49.134 65815 INFO tempest.lib.common.rest_client [req-0df12b89-5fdb-4d2c-9f4a-098a08fc5335 req-0df12b89-5fdb-4d2c-9f4a-098a08fc5335 ] Request (ServerGroupTestJSON:test_create_server_with_scheduler_hint_group): 200 GET http://10.180.1.21/compute/v2.1/servers/9b81ba45-bf29-4b6b-bd6d-4be0417cdc38 0.313s
2025-12-08 23:48:49.185 65827 INFO tempest.lib.common.rest_client [req-a2652ee2-2da1-4f56-8939-b082358fabc2 req-a2652ee2-2da1-4f56-8939-b082358fabc2 ] Request (SecurityGroupsTestJSON:tearDownClass): 200 GET http://10.180.1.21/compute/v2.1/servers/7a399651-5025-44d4-b4f3-605732d6967b 0.305s
2025-12-08 23:48:49.198 65821 INFO tempest.lib.common.rest_client [req-75e214ce-b4c3-4d31-a5c0-a13b77efd6b1 req-75e214ce-b4c3-4d31-a5c0-a13b77efd6b1 ] Request (AttachInterfacesTestJSON:_run_cleanups): 200 GET http://10.180.1.21/compute/v2.1/servers/0b00c1c4-16ba-4097-9246-cec4426eea13 0.253s
2025-12-08 23:48:49.283 65795 INFO tempest.lib.common.rest_client [req-9c91082d-990f-444e-9c29-bbd8ef4a096f req-9c91082d-990f-444e-9c29-bbd8ef4a096f ] Request (ServersAdminTestJSON:tearDownClass): 200 GET http://10.180.1.21/compute/v2.1/servers/63f4bb3a-5f98-4500-88ca-6756d53558a2 0.277s
2025-12-08 23:48:49.311 65839 INFO tempest.lib.common.rest_client [req-ab7358a8-0974-4be7-b263-20df17141dbe req-ab7358a8-0974-4be7-b263-20df17141dbe ] Request (ServerActionsTestOtherB:setUp): 200 GET http://10.180.1.21/compute/v2.1/servers/0637e3c5-b13e-4fc9-b2bf-18f3601adcc1 0.328s
2025-12-08 23:48:49.361 65833 INFO tempest.lib.common.rest_client [req-8b4adfee-8761-42ae-9b2b-3328c35925c0 req-8b4adfee-8761-42ae-9b2b-3328c35925c0 ] Request (ImagesTestJSON:test_create_image_from_suspended_server): 200 GET http://10.180.1.21/compute/v2.1/images/3b9287f4-3c1f-4acf-bd74-d34ad867a38d 0.326s
2025-12-08 23:48:49.391 65791 INFO tempest.lib.common.rest_client [req-c5b83044-d932-47d5-8527-43aa1cdfe1c9 req-c5b83044-d932-47d5-8527-43aa1cdfe1c9 ] Request (MigrationsAdminTest:test_resize_server_revert_deleted_flavor): 200 GET http://10.180.1.21/compute/v2.1/servers/7b857145-7435-480b-a966-0ec5c9a20ea5 0.360s
2025-12-08 23:48:49.398 65791 INFO tempest.common.waiters [-] State transition "RESIZE/resize_migrated" ==> "RESIZE/resize_finish" after 62 second wait
2025-12-08 23:48:49.419 65817 INFO tempest.lib.common.rest_client [req-ede30c63-c3bc-433b-ba10-c31be95607b7 req-ede30c63-c3bc-433b-ba10-c31be95607b7 ] Request (AttachInterfacesV270Test:test_create_get_list_interfaces): 200 GET http://10.180.1.21/compute/v2.1/servers/8eae0db5-12c5-4b81-8430-4d410fd37141 0.321s
2025-12-08 23:48:49.450 65851 INFO tempest.lib.common.rest_client [req-53479271-817c-4133-9100-3ca6d4538aa4 req-53479271-817c-4133-9100-3ca6d4538aa4 ] Request (ListServerFiltersTestJSON:tearDownClass): 200 GET http://10.180.1.21/compute/v2.1/servers/b133cfff-2af6-462d-981d-fdc6e5c50281 0.341s
2025-12-08 23:48:49.477 65831 INFO tempest.lib.common.rest_client [req-b264290f-a0f9-4547-8922-7cbca6cd8188 req-b264290f-a0f9-4547-8922-7cbca6cd8188 ] Request (ServersAdminNegativeTestJSON:tearDownClass): 200 GET http://10.180.1.21/compute/v2.1/servers/dd895566-7589-421e-be7f-eba6dadd5102 0.289s
2025-12-08 23:48:49.504 65839 INFO tempest.lib.common.rest_client [req-866b0321-4cee-481d-9a95-073cac19221d req-866b0321-4cee-481d-9a95-073cac19221d ] Request (ServerActionsTestOtherB:test_resize_server_confirm_from_stopped): 202 POST http://10.180.1.21/compute/v2.1/servers/0637e3c5-b13e-4fc9-b2bf-18f3601adcc1/action 0.182s
2025-12-08 23:48:49.681 65813 INFO tempest.lib.common.rest_client [req-6cc2916d-1785-497e-bfcf-1399daffb13e req-6cc2916d-1785-497e-bfcf-1399daffb13e ] Request (ServerDiskConfigTestJSON:test_resize_server_from_auto_to_manual): 200 GET http://10.180.1.21/compute/v2.1/servers/87fa86ec-1f37-40a1-a051-a06dfb35168a 0.359s
2025-12-08 23:48:49.707 65839 INFO tempest.lib.common.rest_client [req-55f9ebbe-4177-4222-89e4-6155bb722633 req-55f9ebbe-4177-4222-89e4-6155bb722633 ] Request (ServerActionsTestOtherB:test_resize_server_confirm_from_stopped): 200 GET http://10.180.1.21/compute/v2.1/servers/0637e3c5-b13e-4fc9-b2bf-18f3601adcc1 0.202s
2025-12-08 23:48:49.822 65835 INFO tempest.lib.common.rest_client [req-11d617a1-b9fa-4bcf-a587-0c355c37b971 req-11d617a1-b9fa-4bcf-a587-0c355c37b971 ] Request (ServersTestFqdnHostnames:test_create_server_with_fqdn_name): 200 GET http://10.180.1.21/compute/v2.1/servers/381d1130-9eb9-4a53-89fe-cbfddd5c5c35 0.289s
2025-12-08 23:48:49.830 65835 INFO tempest.common.waiters [-] State transition "BUILD/networking" ==> "BUILD/spawning" after 37 second wait
2025-12-08 23:48:49.858 65797 INFO tempest.lib.common.rest_client [req-4daf46d7-6846-4117-ac28-b1f71898b7d7 req-4daf46d7-6846-4117-ac28-b1f71898b7d7 ] Request (ListImageFiltersTestJSON:tearDownClass): 200 GET http://10.180.1.21/compute/v2.1/servers/e59abf90-0f91-4451-a395-e52645eb0334 0.267s
2025-12-08 23:48:49.908 65837 INFO tempest.lib.common.rest_client [req-5ce513ba-f40f-459b-8fe2-44032e952231 req-5ce513ba-f40f-459b-8fe2-44032e952231 ] Request (AttachInterfacesUnderV243Test:_run_cleanups): 200 GET http://10.180.1.21/compute/v2.1/servers/7f82f57b-8bac-4b65-aec8-223ef8731e33 0.274s
2025-12-08 23:48:49.930 65853 INFO tempest.lib.common.rest_client [req-999cc03a-6b07-499b-b368-284294c5d3d8 req-999cc03a-6b07-499b-b368-284294c5d3d8 ] Request (ServerRescueNegativeTestJSON:test_rescued_vm_detach_volume): 200 GET http://10.180.1.21/compute/v2.1/servers/465b16ca-75e8-430f-ac92-86c8dff3f037 0.275s
2025-12-08 23:48:50.007 65829 INFO tempest.lib.common.rest_client [req-183aa718-a083-45af-be47-8b117aa79ff6 req-183aa718-a083-45af-be47-8b117aa79ff6 ] Request (ServersAaction247Test:tearDownClass): 200 GET http://10.180.1.21/compute/v2.1/servers/7c444f8d-b67f-463c-84d3-c05a0b42da06 0.217s
2025-12-08 23:48:50.078 65799 INFO tempest.lib.common.rest_client [req-8cd97a31-1ae2-4ef5-9f0d-d5e48c946ece req-8cd97a31-1ae2-4ef5-9f0d-d5e48c946ece ] Request (AttachVolumeShelveTestJSON:test_attach_volume_shelved_or_offload_server): 200 GET http://10.180.1.21/compute/v2.1/servers/a626ce91-d578-4a14-9077-fbe046e126f6 0.258s
2025-12-08 23:48:50.096 65811 INFO tempest.lib.common.rest_client [req-eafc320a-d3ba-4ea6-b144-7d51026a93ef req-eafc320a-d3ba-4ea6-b144-7d51026a93ef ] Request (ListServersNegativeTestJSON:setUpClass): 200 GET http://10.180.1.21/compute/v2.1/servers/47f90f63-bf74-45f7-a17f-0c27eebb7bc2 0.240s
2025-12-08 23:48:50.175 65845 INFO tempest.lib.common.rest_client [req-6ea26571-9122-476a-a5cf-018dea03502e req-6ea26571-9122-476a-a5cf-018dea03502e ] Request (MultipleCreateTestJSON:test_multiple_create_with_reservation_return): 200 GET http://10.180.1.21/compute/v2.1/servers/5c11442f-c0f2-4087-8f19-f2a028955913 0.145s
2025-12-08 23:48:50.191 65807 INFO tempest.lib.common.rest_client [req-3d2683ee-574b-454e-ab53-ff9313b30071 req-3d2683ee-574b-454e-ab53-ff9313b30071 ] Request (AttachVolumeTestJSON:test_attach_detach_volume): 200 GET http://10.180.1.21/compute/v2.1/servers/d7a1ed00-df9a-426b-8506-810f66d16fa2 0.188s
2025-12-08 23:48:50.199 65807 INFO tempest.common.waiters [-] State transition "SHUTOFF/powering-on" ==> "ACTIVE/None" after 6 second wait
2025-12-08 23:48:50.199 65807 INFO tempest.lib.common.ssh [-] Creating ssh connection to '10.180.180.227:22' as 'cirros' with public key authentication
2025-12-08 23:48:50.239 65793 INFO tempest.lib.common.rest_client [req-60438545-2c3d-4943-b9e8-79b229164a7a req-60438545-2c3d-4943-b9e8-79b229164a7a ] Request (ServersTestJSON:_run_cleanups): 200 GET http://10.180.1.21/compute/v2.1/servers/cde2682b-6bd8-4d9b-8914-8dc6bca68f40 0.169s
2025-12-08 23:48:50.267 65809 INFO tempest.lib.common.rest_client [req-878c1c69-573b-4621-a7d9-24dace07626b req-878c1c69-573b-4621-a7d9-24dace07626b ] Request (ServerRescueTestJSON:tearDownClass): 200 GET http://10.180.1.21/compute/v2.1/servers/dd398e3f-71fd-49d9-b8b0-978471b38a27 0.178s
2025-12-08 23:48:50.297 65823 INFO tempest.lib.common.rest_client [req-30b1bf5e-2839-43e8-80bd-97293422ae97 req-30b1bf5e-2839-43e8-80bd-97293422ae97 ] Request (ImagesOneServerTestJSON:tearDownClass): 200 GET http://10.180.1.21/compute/v2.1/servers/b9a777b5-fedd-4d8a-8d9b-6a9b5c6c1926 0.170s
2025-12-08 23:48:50.316 65815 INFO tempest.lib.common.rest_client [req-f7d97bf1-6a9b-4155-a422-79ef9eb23e85 req-f7d97bf1-6a9b-4155-a422-79ef9eb23e85 ] Request (ServerGroupTestJSON:test_create_server_with_scheduler_hint_group): 200 GET http://10.180.1.21/compute/v2.1/servers/9b81ba45-bf29-4b6b-bd6d-4be0417cdc38 0.169s
2025-12-08 23:48:50.358 65827 INFO tempest.lib.common.rest_client [req-d8b9395d-0989-4e39-9ad9-c590c3dc8d8a req-d8b9395d-0989-4e39-9ad9-c590c3dc8d8a ] Request (SecurityGroupsTestJSON:tearDownClass): 200 GET http://10.180.1.21/compute/v2.1/servers/7a399651-5025-44d4-b4f3-605732d6967b 0.164s
2025-12-08 23:48:50.377 65821 INFO tempest.lib.common.rest_client [req-bdd62a30-005c-46ef-b365-42f8ffb7e0c6 req-bdd62a30-005c-46ef-b365-42f8ffb7e0c6 ] Request (AttachInterfacesTestJSON:_run_cleanups): 200 GET http://10.180.1.21/compute/v2.1/servers/0b00c1c4-16ba-4097-9246-cec4426eea13 0.167s
2025-12-08 23:48:50.419 65833 INFO tempest.lib.common.rest_client [req-0b79970b-f0e9-416e-875d-23ccd683f181 req-0b79970b-f0e9-416e-875d-23ccd683f181 ] Request (ImagesTestJSON:test_create_image_from_suspended_server): 200 GET http://10.180.1.21/compute/v2.1/images/3b9287f4-3c1f-4acf-bd74-d34ad867a38d 0.054s
2025-12-08 23:48:50.426 65795 INFO tempest.lib.common.rest_client [req-c0256009-8254-4c66-8dad-f401555e80e0 req-c0256009-8254-4c66-8dad-f401555e80e0 ] Request (ServersAdminTestJSON:tearDownClass): 200 GET http://10.180.1.21/compute/v2.1/servers/63f4bb3a-5f98-4500-88ca-6756d53558a2 0.135s
2025-12-08 23:48:50.527 65817 INFO tempest.lib.common.rest_client [req-a50d051a-1640-4d9b-bdf2-cb80c15bb144 req-a50d051a-1640-4d9b-bdf2-cb80c15bb144 ] Request (AttachInterfacesV270Test:test_create_get_list_interfaces): 200 GET http://10.180.1.21/compute/v2.1/servers/8eae0db5-12c5-4b81-8430-4d410fd37141 0.096s
2025-12-08 23:48:50.595 65791 INFO tempest.lib.common.rest_client [req-e3ccd34a-d329-422a-a761-c9ad6e234e5c req-e3ccd34a-d329-422a-a761-c9ad6e234e5c ] Request (MigrationsAdminTest:test_resize_server_revert_deleted_flavor): 200 GET http://10.180.1.21/compute/v2.1/servers/7b857145-7435-480b-a966-0ec5c9a20ea5 0.196s
2025-12-08 23:48:50.650 65851 INFO tempest.lib.common.rest_client [req-2f9c235d-c1c8-4f20-af53-196f1d3141c8 req-2f9c235d-c1c8-4f20-af53-196f1d3141c8 ] Request (ListServerFiltersTestJSON:tearDownClass): 200 GET http://10.180.1.21/compute/v2.1/servers/b133cfff-2af6-462d-981d-fdc6e5c50281 0.191s
2025-12-08 23:48:50.683 65831 INFO tempest.lib.common.rest_client [req-327d1f30-f6c8-4459-a747-d388c481ddcf req-327d1f30-f6c8-4459-a747-d388c481ddcf ] Request (ServersAdminNegativeTestJSON:tearDownClass): 200 GET http://10.180.1.21/compute/v2.1/servers/dd895566-7589-421e-be7f-eba6dadd5102 0.198s
2025-12-08 23:48:50.854 65813 INFO tempest.lib.common.rest_client [req-b40309ff-13f1-4e61-9537-c8cdaba11229 req-b40309ff-13f1-4e61-9537-c8cdaba11229 ] Request (ServerDiskConfigTestJSON:test_resize_server_from_auto_to_manual): 200 GET http://10.180.1.21/compute/v2.1/servers/87fa86ec-1f37-40a1-a051-a06dfb35168a 0.159s
2025-12-08 23:48:50.856 65839 INFO tempest.lib.common.rest_client [req-85d4ec34-5473-41ab-abe6-eca856495f7d req-85d4ec34-5473-41ab-abe6-eca856495f7d ] Request (ServerActionsTestOtherB:test_resize_server_confirm_from_stopped): 200 GET http://10.180.1.21/compute/v2.1/servers/0637e3c5-b13e-4fc9-b2bf-18f3601adcc1 0.141s
2025-12-08 23:48:50.928 65797 INFO tempest.lib.common.rest_client [req-1de7bafc-22f5-46cb-9536-7676b9ee0cf7 req-1de7bafc-22f5-46cb-9536-7676b9ee0cf7 ] Request (ListImageFiltersTestJSON:tearDownClass): 200 GET http://10.180.1.21/compute/v2.1/servers/e59abf90-0f91-4451-a395-e52645eb0334 0.063s
2025-12-08 23:48:51.000 65837 INFO tempest.lib.common.rest_client [req-0f7fa4e2-5291-427b-adf8-9ff8a77806c1 req-0f7fa4e2-5291-427b-adf8-9ff8a77806c1 ] Request (AttachInterfacesUnderV243Test:_run_cleanups): 200 GET http://10.180.1.21/compute/v2.1/servers/7f82f57b-8bac-4b65-aec8-223ef8731e33 0.081s
2025-12-08 23:48:51.005 65835 INFO tempest.lib.common.rest_client [req-25f85f09-43f0-403b-982b-c7b09f3e1859 req-25f85f09-43f0-403b-982b-c7b09f3e1859 ] Request (ServersTestFqdnHostnames:test_create_server_with_fqdn_name): 200 GET http://10.180.1.21/compute/v2.1/servers/381d1130-9eb9-4a53-89fe-cbfddd5c5c35 0.173s
2025-12-08 23:48:51.059 65853 INFO tempest.lib.common.rest_client [req-475d7350-0072-4621-a461-9ab6d1129d17 req-475d7350-0072-4621-a461-9ab6d1129d17 ] Request (ServerRescueNegativeTestJSON:test_rescued_vm_detach_volume): 200 GET http://10.180.1.21/compute/v2.1/servers/465b16ca-75e8-430f-ac92-86c8dff3f037 0.121s
2025-12-08 23:48:51.097 65829 INFO tempest.lib.common.rest_client [req-94aeca1f-c144-47b9-aa9c-b11c277ef14c req-94aeca1f-c144-47b9-aa9c-b11c277ef14c ] Request (ServersAaction247Test:tearDownClass): 200 GET http://10.180.1.21/compute/v2.1/servers/7c444f8d-b67f-463c-84d3-c05a0b42da06 0.079s
2025-12-08 23:48:51.181 65811 INFO tempest.lib.common.rest_client [req-0c981c0f-b84d-4f27-b080-4bd514e09174 req-0c981c0f-b84d-4f27-b080-4bd514e09174 ] Request (ListServersNegativeTestJSON:setUpClass): 200 GET http://10.180.1.21/compute/v2.1/servers/47f90f63-bf74-45f7-a17f-0c27eebb7bc2 0.075s
2025-12-08 23:48:51.244 65799 INFO tempest.lib.common.rest_client [req-0f250eba-2dc0-41f5-bbe3-f3edd18eb58d req-0f250eba-2dc0-41f5-bbe3-f3edd18eb58d ] Request (AttachVolumeShelveTestJSON:test_attach_volume_shelved_or_offload_server): 200 GET http://10.180.1.21/compute/v2.1/servers/a626ce91-d578-4a14-9077-fbe046e126f6 0.154s
2025-12-08 23:48:51.247 65845 INFO tempest.lib.common.rest_client [req-e7373bfa-7f1e-4b77-aaa5-368d9600b0c7 req-e7373bfa-7f1e-4b77-aaa5-368d9600b0c7 ] Request (MultipleCreateTestJSON:test_multiple_create_with_reservation_return): 200 GET http://10.180.1.21/compute/v2.1/servers/5c11442f-c0f2-4087-8f19-f2a028955913 0.064s
2025-12-08 23:48:51.330 65793 INFO tempest.lib.common.rest_client [req-e42f6ad8-d355-4c8a-86f6-41311762a336 req-e42f6ad8-d355-4c8a-86f6-41311762a336 ] Request (ServersTestJSON:_run_cleanups): 200 GET http://10.180.1.21/compute/v2.1/servers/cde2682b-6bd8-4d9b-8914-8dc6bca68f40 0.083s
2025-12-08 23:48:51.373 65809 INFO tempest.lib.common.rest_client [req-b9be84a1-a376-4fef-9868-431ffbe318f5 req-b9be84a1-a376-4fef-9868-431ffbe318f5 ] Request (ServerRescueTestJSON:tearDownClass): 200 GET http://10.180.1.21/compute/v2.1/servers/dd398e3f-71fd-49d9-b8b0-978471b38a27 0.097s
2025-12-08 23:48:51.397 65823 INFO tempest.lib.common.rest_client [req-3d004a1b-8c41-4538-ba9d-6acf6b203eb3 req-3d004a1b-8c41-4538-ba9d-6acf6b203eb3 ] Request (ImagesOneServerTestJSON:tearDownClass): 200 GET http://10.180.1.21/compute/v2.1/servers/b9a777b5-fedd-4d8a-8d9b-6a9b5c6c1926 0.092s
2025-12-08 23:48:51.445 65815 INFO tempest.lib.common.rest_client [req-bd025cd1-04eb-4021-8ef8-8f36a9e680d7 req-bd025cd1-04eb-4021-8ef8-8f36a9e680d7 ] Request (ServerGroupTestJSON:test_create_server_with_scheduler_hint_group): 200 GET http://10.180.1.21/compute/v2.1/servers/9b81ba45-bf29-4b6b-bd6d-4be0417cdc38 0.118s
2025-12-08 23:48:51.458 65815 INFO tempest.common.waiters [-] State transition "BUILD/None" ==> "BUILD/networking" after 37 second wait
2025-12-08 23:48:51.468 65827 INFO tempest.lib.common.rest_client [req-0dc8dff7-ae37-4e9b-845f-614e2d6184b6 req-0dc8dff7-ae37-4e9b-845f-614e2d6184b6 ] Request (SecurityGroupsTestJSON:tearDownClass): 200 GET http://10.180.1.21/compute/v2.1/servers/7a399651-5025-44d4-b4f3-605732d6967b 0.098s
2025-12-08 23:48:51.515 65833 INFO tempest.lib.common.rest_client [req-ab42c347-a1d0-4901-84e4-330a53abc217 req-ab42c347-a1d0-4901-84e4-330a53abc217 ] Request (ImagesTestJSON:test_create_image_from_suspended_server): 200 GET http://10.180.1.21/compute/v2.1/images/3b9287f4-3c1f-4acf-bd74-d34ad867a38d 0.088s
2025-12-08 23:48:51.517 65821 INFO tempest.lib.common.rest_client [req-8478bd02-7112-4b3d-810f-ac2566f72792 req-8478bd02-7112-4b3d-810f-ac2566f72792 ] Request (AttachInterfacesTestJSON:_run_cleanups): 200 GET http://10.180.1.21/compute/v2.1/servers/0b00c1c4-16ba-4097-9246-cec4426eea13 0.131s
2025-12-08 23:48:51.597 65795 INFO tempest.lib.common.rest_client [req-d896aa83-92e4-4801-a6f7-a666e510075d req-d896aa83-92e4-4801-a6f7-a666e510075d ] Request (ServersAdminTestJSON:tearDownClass): 200 GET http://10.180.1.21/compute/v2.1/servers/63f4bb3a-5f98-4500-88ca-6756d53558a2 0.163s
2025-12-08 23:48:51.665 65817 INFO tempest.lib.common.rest_client [req-cae6ddbf-a73d-48f9-bdfa-056503a7a706 req-cae6ddbf-a73d-48f9-bdfa-056503a7a706 ] Request (AttachInterfacesV270Test:test_create_get_list_interfaces): 200 GET http://10.180.1.21/compute/v2.1/servers/8eae0db5-12c5-4b81-8430-4d410fd37141 0.123s
2025-12-08 23:48:51.748 65851 INFO tempest.lib.common.rest_client [req-f94d68bc-3dd7-4624-adbf-5dddc9080d59 req-f94d68bc-3dd7-4624-adbf-5dddc9080d59 ] Request (ListServerFiltersTestJSON:tearDownClass): 200 GET http://10.180.1.21/compute/v2.1/servers/b133cfff-2af6-462d-981d-fdc6e5c50281 0.089s
2025-12-08 23:48:51.753 65791 INFO tempest.lib.common.rest_client [req-ae2e2927-7ce0-4cea-b7cb-1cc5216fd89b req-ae2e2927-7ce0-4cea-b7cb-1cc5216fd89b ] Request (MigrationsAdminTest:test_resize_server_revert_deleted_flavor): 200 GET http://10.180.1.21/compute/v2.1/servers/7b857145-7435-480b-a966-0ec5c9a20ea5 0.147s
2025-12-08 23:48:51.809 65831 INFO tempest.lib.common.rest_client [req-ac018991-3648-4532-a5b6-cffac45bec0f req-ac018991-3648-4532-a5b6-cffac45bec0f ] Request (ServersAdminNegativeTestJSON:tearDownClass): 200 GET http://10.180.1.21/compute/v2.1/servers/dd895566-7589-421e-be7f-eba6dadd5102 0.117s
2025-12-08 23:48:51.964 65813 INFO tempest.lib.common.rest_client [req-1d8f68a8-e419-4d33-88c5-6a61fb663132 req-1d8f68a8-e419-4d33-88c5-6a61fb663132 ] Request (ServerDiskConfigTestJSON:test_resize_server_from_auto_to_manual): 200 GET http://10.180.1.21/compute/v2.1/servers/87fa86ec-1f37-40a1-a051-a06dfb35168a 0.102s
2025-12-08 23:48:51.970 65839 INFO tempest.lib.common.rest_client [req-fe9ff604-b911-4d8d-9fce-37a262a024de req-fe9ff604-b911-4d8d-9fce-37a262a024de ] Request (ServerActionsTestOtherB:test_resize_server_confirm_from_stopped): 200 GET http://10.180.1.21/compute/v2.1/servers/0637e3c5-b13e-4fc9-b2bf-18f3601adcc1 0.100s
2025-12-08 23:48:52.035 65797 INFO tempest.lib.common.rest_client [req-f321a3d8-3441-4318-ac24-09a3301bf630 req-f321a3d8-3441-4318-ac24-09a3301bf630 ] Request (ListImageFiltersTestJSON:tearDownClass): 200 GET http://10.180.1.21/compute/v2.1/servers/e59abf90-0f91-4451-a395-e52645eb0334 0.099s
2025-12-08 23:48:52.104 65837 INFO tempest.lib.common.rest_client [req-16dbc323-1e64-415f-9f07-715d7e0fa099 req-16dbc323-1e64-415f-9f07-715d7e0fa099 ] Request (AttachInterfacesUnderV243Test:_run_cleanups): 200 GET http://10.180.1.21/compute/v2.1/servers/7f82f57b-8bac-4b65-aec8-223ef8731e33 0.096s
2025-12-08 23:48:52.176 65835 INFO tempest.lib.common.rest_client [req-d87f6fe1-3606-4149-89b7-a4306e64ba64 req-d87f6fe1-3606-4149-89b7-a4306e64ba64 ] Request (ServersTestFqdnHostnames:test_create_server_with_fqdn_name): 200 GET http://10.180.1.21/compute/v2.1/servers/381d1130-9eb9-4a53-89fe-cbfddd5c5c35 0.163s
2025-12-08 23:48:52.201 65853 INFO tempest.lib.common.rest_client [req-868b1e6c-1971-4f49-a09f-8ef4fb3bbff0 req-868b1e6c-1971-4f49-a09f-8ef4fb3bbff0 ] Request (ServerRescueNegativeTestJSON:test_rescued_vm_detach_volume): 200 GET http://10.180.1.21/compute/v2.1/servers/465b16ca-75e8-430f-ac92-86c8dff3f037 0.130s
2025-12-08 23:48:52.300 65829 INFO tempest.lib.common.rest_client [req-bf94bd9e-4d9b-48e3-b351-131f96a998a2 req-bf94bd9e-4d9b-48e3-b351-131f96a998a2 ] Request (ServersAaction247Test:tearDownClass): 200 GET http://10.180.1.21/compute/v2.1/servers/7c444f8d-b67f-463c-84d3-c05a0b42da06 0.189s
2025-12-08 23:48:52.320 65811 INFO tempest.lib.common.rest_client [req-52d3e270-069c-43a5-904d-6154acf8f614 req-52d3e270-069c-43a5-904d-6154acf8f614 ] Request (ListServersNegativeTestJSON:setUpClass): 200 GET http://10.180.1.21/compute/v2.1/servers/47f90f63-bf74-45f7-a17f-0c27eebb7bc2 0.128s
2025-12-08 23:48:52.456 65845 INFO tempest.lib.common.rest_client [req-a71ea27e-1855-4c9e-aa3a-1c0d943928b1 req-a71ea27e-1855-4c9e-aa3a-1c0d943928b1 ] Request (MultipleCreateTestJSON:test_multiple_create_with_reservation_return): 200 GET http://10.180.1.21/compute/v2.1/servers/5c11442f-c0f2-4087-8f19-f2a028955913 0.200s
2025-12-08 23:48:52.522 65799 INFO tempest.lib.common.rest_client [req-0c12c469-15d2-403a-92d7-f11095275fc0 req-0c12c469-15d2-403a-92d7-f11095275fc0 ] Request (AttachVolumeShelveTestJSON:test_attach_volume_shelved_or_offload_server): 200 GET http://10.180.1.21/compute/v2.1/servers/a626ce91-d578-4a14-9077-fbe046e126f6 0.267s
2025-12-08 23:48:52.576 65793 INFO tempest.lib.common.rest_client [req-59a55fab-4982-4dc8-a4fa-793b28dfa8bc req-59a55fab-4982-4dc8-a4fa-793b28dfa8bc ] Request (ServersTestJSON:_run_cleanups): 200 GET http://10.180.1.21/compute/v2.1/servers/cde2682b-6bd8-4d9b-8914-8dc6bca68f40 0.228s
2025-12-08 23:48:52.609 65809 INFO tempest.lib.common.rest_client [req-57845569-feba-43e5-bae3-485018055270 req-57845569-feba-43e5-bae3-485018055270 ] Request (ServerRescueTestJSON:tearDownClass): 200 GET http://10.180.1.21/compute/v2.1/servers/dd398e3f-71fd-49d9-b8b0-978471b38a27 0.224s
2025-12-08 23:48:52.647 65823 INFO tempest.lib.common.rest_client [req-bbd3d266-944b-48d1-8085-b7839da2387f req-bbd3d266-944b-48d1-8085-b7839da2387f ] Request (ImagesOneServerTestJSON:tearDownClass): 200 GET http://10.180.1.21/compute/v2.1/servers/b9a777b5-fedd-4d8a-8d9b-6a9b5c6c1926 0.242s
2025-12-08 23:48:52.777 65827 INFO tempest.lib.common.rest_client [req-a6490a43-151b-48c3-9729-736d9fd16ae7 req-a6490a43-151b-48c3-9729-736d9fd16ae7 ] Request (SecurityGroupsTestJSON:tearDownClass): 200 GET http://10.180.1.21/compute/v2.1/servers/7a399651-5025-44d4-b4f3-605732d6967b 0.300s
2025-12-08 23:48:52.807 65815 INFO tempest.lib.common.rest_client [req-b1f9ef97-6e29-465d-924c-e5c3d7f8f164 req-b1f9ef97-6e29-465d-924c-e5c3d7f8f164 ] Request (ServerGroupTestJSON:test_create_server_with_scheduler_hint_group): 200 GET http://10.180.1.21/compute/v2.1/servers/9b81ba45-bf29-4b6b-bd6d-4be0417cdc38 0.344s
2025-12-08 23:48:52.822 65833 INFO tempest.lib.common.rest_client [req-95d74df4-4c35-4cad-b742-8ca144ffdd2a req-95d74df4-4c35-4cad-b742-8ca144ffdd2a ] Request (ImagesTestJSON:test_create_image_from_suspended_server): 200 GET http://10.180.1.21/compute/v2.1/images/3b9287f4-3c1f-4acf-bd74-d34ad867a38d 0.300s
2025-12-08 23:48:52.893 65821 INFO tempest.lib.common.rest_client [req-da2ab263-390b-4743-aa89-a62c20debdd9 req-da2ab263-390b-4743-aa89-a62c20debdd9 ] Request (AttachInterfacesTestJSON:_run_cleanups): 200 GET http://10.180.1.21/compute/v2.1/servers/0b00c1c4-16ba-4097-9246-cec4426eea13 0.362s
2025-12-08 23:48:52.908 65795 INFO tempest.lib.common.rest_client [req-86635e56-9e3b-46fd-82ed-f9e44ff49bbe req-86635e56-9e3b-46fd-82ed-f9e44ff49bbe ] Request (ServersAdminTestJSON:tearDownClass): 200 GET http://10.180.1.21/compute/v2.1/servers/63f4bb3a-5f98-4500-88ca-6756d53558a2 0.300s
2025-12-08 23:48:52.951 65817 INFO tempest.lib.common.rest_client [req-69d9c1e0-c700-4def-8c95-702311becb53 req-69d9c1e0-c700-4def-8c95-702311becb53 ] Request (AttachInterfacesV270Test:test_create_get_list_interfaces): 200 GET http://10.180.1.21/compute/v2.1/servers/8eae0db5-12c5-4b81-8430-4d410fd37141 0.273s
2025-12-08 23:48:52.965 65851 INFO tempest.lib.common.rest_client [req-0bc9cbc8-035c-4576-83e0-e347f4021566 req-0bc9cbc8-035c-4576-83e0-e347f4021566 ] Request (ListServerFiltersTestJSON:tearDownClass): 200 GET http://10.180.1.21/compute/v2.1/servers/b133cfff-2af6-462d-981d-fdc6e5c50281 0.206s
2025-12-08 23:48:53.034 65831 INFO tempest.lib.common.rest_client [req-4ae4991b-f603-4e9f-a1c1-fd8d0d1fd29c req-4ae4991b-f603-4e9f-a1c1-fd8d0d1fd29c ] Request (ServersAdminNegativeTestJSON:tearDownClass): 200 GET http://10.180.1.21/compute/v2.1/servers/dd895566-7589-421e-be7f-eba6dadd5102 0.209s
2025-12-08 23:48:53.056 65791 INFO tempest.lib.common.rest_client [req-da928758-72b6-4675-905e-02e1377e7c8f req-da928758-72b6-4675-905e-02e1377e7c8f ] Request (MigrationsAdminTest:test_resize_server_revert_deleted_flavor): 200 GET http://10.180.1.21/compute/v2.1/servers/7b857145-7435-480b-a966-0ec5c9a20ea5 0.294s
2025-12-08 23:48:53.063 65791 INFO tempest.common.waiters [-] State transition "RESIZE/resize_finish" ==> "VERIFY_RESIZE/None" after 66 second wait
2025-12-08 23:48:53.149 65813 INFO tempest.lib.common.rest_client [req-e4689933-2265-4676-a9e9-9ba73ccdc0ec req-e4689933-2265-4676-a9e9-9ba73ccdc0ec ] Request (ServerDiskConfigTestJSON:test_resize_server_from_auto_to_manual): 200 GET http://10.180.1.21/compute/v2.1/servers/87fa86ec-1f37-40a1-a051-a06dfb35168a 0.177s
2025-12-08 23:48:53.168 65839 INFO tempest.lib.common.rest_client [req-e50433d3-0d21-49a7-9d52-79baa270e80e req-e50433d3-0d21-49a7-9d52-79baa270e80e ] Request (ServerActionsTestOtherB:test_resize_server_confirm_from_stopped): 200 GET http://10.180.1.21/compute/v2.1/servers/0637e3c5-b13e-4fc9-b2bf-18f3601adcc1 0.191s
2025-12-08 23:48:53.175 65839 INFO tempest.common.waiters [-] State transition "ACTIVE/powering-off" ==> "SHUTOFF/None" after 4 second wait
2025-12-08 23:48:53.202 65797 INFO tempest.lib.common.rest_client [req-e2ccb7f7-e671-467b-9626-5f057772d4de req-e2ccb7f7-e671-467b-9626-5f057772d4de ] Request (ListImageFiltersTestJSON:tearDownClass): 200 GET http://10.180.1.21/compute/v2.1/servers/e59abf90-0f91-4451-a395-e52645eb0334 0.158s
2025-12-08 23:48:53.210 65797 INFO tempest.common.waiters [-] State transition "ACTIVE/deleting" ==> "DELETED/None" after 5 second wait
2025-12-08 23:48:53.257 65837 INFO tempest.lib.common.rest_client [req-30ea9723-60fe-4048-b3e6-f8a288fd9da2 req-30ea9723-60fe-4048-b3e6-f8a288fd9da2 ] Request (AttachInterfacesUnderV243Test:_run_cleanups): 200 GET http://10.180.1.21/compute/v2.1/servers/7f82f57b-8bac-4b65-aec8-223ef8731e33 0.141s
2025-12-08 23:48:53.272 65791 INFO tempest.lib.common.rest_client [req-61cd8cd8-6320-4dd4-8b0c-11ca7dd30388 req-61cd8cd8-6320-4dd4-8b0c-11ca7dd30388 ] Request (MigrationsAdminTest:test_resize_server_revert_deleted_flavor): 202 POST http://10.180.1.21/compute/v2.1/servers/7b857145-7435-480b-a966-0ec5c9a20ea5/action 0.209s
2025-12-08 23:48:53.371 65839 INFO tempest.lib.common.rest_client [req-2556cfe0-d7c0-4f0d-a760-9f87026b1799 req-2556cfe0-d7c0-4f0d-a760-9f87026b1799 ] Request (ServerActionsTestOtherB:test_resize_server_confirm_from_stopped): 202 POST http://10.180.1.21/compute/v2.1/servers/0637e3c5-b13e-4fc9-b2bf-18f3601adcc1/action 0.195s
2025-12-08 23:48:53.393 65835 INFO tempest.lib.common.rest_client [req-01689fcf-797d-48f5-94bb-7caf70304419 req-01689fcf-797d-48f5-94bb-7caf70304419 ] Request (ServersTestFqdnHostnames:test_create_server_with_fqdn_name): 200 GET http://10.180.1.21/compute/v2.1/servers/381d1130-9eb9-4a53-89fe-cbfddd5c5c35 0.205s
2025-12-08 23:48:53.440 65853 INFO tempest.lib.common.rest_client [req-a0837310-68a9-4b3f-b089-034c9279e583 req-a0837310-68a9-4b3f-b089-034c9279e583 ] Request (ServerRescueNegativeTestJSON:test_rescued_vm_detach_volume): 200 GET http://10.180.1.21/compute/v2.1/servers/465b16ca-75e8-430f-ac92-86c8dff3f037 0.232s
2025-12-08 23:48:53.515 65791 INFO tempest.lib.common.rest_client [req-890ef7c2-df53-4123-b5ca-a5ee775c0916 req-890ef7c2-df53-4123-b5ca-a5ee775c0916 ] Request (MigrationsAdminTest:test_resize_server_revert_deleted_flavor): 200 GET http://10.180.1.21/compute/v2.1/servers/7b857145-7435-480b-a966-0ec5c9a20ea5 0.243s
2025-12-08 23:48:53.532 65829 INFO tempest.lib.common.rest_client [req-4331dcf3-6c93-4baa-9564-e6a5be553a38 req-4331dcf3-6c93-4baa-9564-e6a5be553a38 ] Request (ServersAaction247Test:tearDownClass): 200 GET http://10.180.1.21/compute/v2.1/servers/7c444f8d-b67f-463c-84d3-c05a0b42da06 0.217s
2025-12-08 23:48:53.576 65811 INFO tempest.lib.common.rest_client [req-17afa67d-cf85-4b80-b3d7-328426da2644 req-17afa67d-cf85-4b80-b3d7-328426da2644 ] Request (ListServersNegativeTestJSON:setUpClass): 200 GET http://10.180.1.21/compute/v2.1/servers/47f90f63-bf74-45f7-a17f-0c27eebb7bc2 0.246s
2025-12-08 23:48:53.680 65845 INFO tempest.lib.common.rest_client [req-69be915a-e1d6-4b3d-8be0-64cd70bd397d req-69be915a-e1d6-4b3d-8be0-64cd70bd397d ] Request (MultipleCreateTestJSON:test_multiple_create_with_reservation_return): 200 GET http://10.180.1.21/compute/v2.1/servers/5c11442f-c0f2-4087-8f19-f2a028955913 0.209s
2025-12-08 23:48:53.716 65839 INFO tempest.lib.common.rest_client [req-7107cd7e-dfba-4329-a6ac-ba96e83598b7 req-7107cd7e-dfba-4329-a6ac-ba96e83598b7 ] Request (ServerActionsTestOtherB:test_resize_server_confirm_from_stopped): 200 GET http://10.180.1.21/compute/v2.1/servers/0637e3c5-b13e-4fc9-b2bf-18f3601adcc1 0.345s
2025-12-08 23:48:53.826 65793 INFO tempest.lib.common.rest_client [req-9e654273-f3dc-42e7-9dbc-5c5d57b09aa5 req-9e654273-f3dc-42e7-9dbc-5c5d57b09aa5 ] Request (ServersTestJSON:_run_cleanups): 200 GET http://10.180.1.21/compute/v2.1/servers/cde2682b-6bd8-4d9b-8914-8dc6bca68f40 0.235s
2025-12-08 23:48:53.866 65799 INFO tempest.lib.common.rest_client [req-f6dfbaf0-df05-4afd-a9fe-cc99edcac49d req-f6dfbaf0-df05-4afd-a9fe-cc99edcac49d ] Request (AttachVolumeShelveTestJSON:test_attach_volume_shelved_or_offload_server): 200 GET http://10.180.1.21/compute/v2.1/servers/a626ce91-d578-4a14-9077-fbe046e126f6 0.333s
2025-12-08 23:48:53.973 65809 INFO tempest.lib.common.rest_client [req-ac39d893-eaef-4e92-ae0f-be6f66c4af8f req-ac39d893-eaef-4e92-ae0f-be6f66c4af8f ] Request (ServerRescueTestJSON:tearDownClass): 200 GET http://10.180.1.21/compute/v2.1/servers/dd398e3f-71fd-49d9-b8b0-978471b38a27 0.356s
2025-12-08 23:48:53.990 65823 INFO tempest.lib.common.rest_client [req-0e61d94a-2913-4809-aa6c-2303f17cef7d req-0e61d94a-2913-4809-aa6c-2303f17cef7d ] Request (ImagesOneServerTestJSON:tearDownClass): 200 GET http://10.180.1.21/compute/v2.1/servers/b9a777b5-fedd-4d8a-8d9b-6a9b5c6c1926 0.332s
2025-12-08 23:48:54.039 65827 INFO tempest.lib.common.rest_client [req-df35cccc-2f20-4be1-9803-4c5da0631b0c req-df35cccc-2f20-4be1-9803-4c5da0631b0c ] Request (SecurityGroupsTestJSON:tearDownClass): 200 GET http://10.180.1.21/compute/v2.1/servers/7a399651-5025-44d4-b4f3-605732d6967b 0.252s
2025-12-08 23:48:54.085 65833 INFO tempest.lib.common.rest_client [req-a2d2d1db-f37b-406d-852a-e908aa23631a req-a2d2d1db-f37b-406d-852a-e908aa23631a ] Request (ImagesTestJSON:test_create_image_from_suspended_server): 200 GET http://10.180.1.21/compute/v2.1/images/3b9287f4-3c1f-4acf-bd74-d34ad867a38d 0.255s
2025-12-08 23:48:54.111 65815 INFO tempest.lib.common.rest_client [req-d9c5a6b1-aad9-4fdf-b273-d143a8521070 req-d9c5a6b1-aad9-4fdf-b273-d143a8521070 ] Request (ServerGroupTestJSON:test_create_server_with_scheduler_hint_group): 200 GET http://10.180.1.21/compute/v2.1/servers/9b81ba45-bf29-4b6b-bd6d-4be0417cdc38 0.295s
2025-12-08 23:48:54.119 65815 INFO tempest.common.waiters [-] State transition "BUILD/networking" ==> "BUILD/spawning" after 40 second wait
2025-12-08 23:48:54.145 65821 INFO tempest.lib.common.rest_client [req-060268a4-5594-4a66-83c6-935c23902ca6 req-060268a4-5594-4a66-83c6-935c23902ca6 ] Request (AttachInterfacesTestJSON:_run_cleanups): 200 GET http://10.180.1.21/compute/v2.1/servers/0b00c1c4-16ba-4097-9246-cec4426eea13 0.242s
2025-12-08 23:48:54.207 65817 INFO tempest.lib.common.rest_client [req-17e84db3-fa13-48cb-8f8d-e29cdbdcb240 req-17e84db3-fa13-48cb-8f8d-e29cdbdcb240 ] Request (AttachInterfacesV270Test:test_create_get_list_interfaces): 200 GET http://10.180.1.21/compute/v2.1/servers/8eae0db5-12c5-4b81-8430-4d410fd37141 0.245s
2025-12-08 23:48:54.217 65817 INFO tempest.common.waiters [-] State transition "BUILD/None" ==> "BUILD/networking" after 40 second wait
2025-12-08 23:48:54.293 65851 INFO tempest.lib.common.rest_client [req-802293d3-a230-4f74-88c3-f1b26b576d3f req-802293d3-a230-4f74-88c3-f1b26b576d3f ] Request (ListServerFiltersTestJSON:tearDownClass): 200 GET http://10.180.1.21/compute/v2.1/servers/b133cfff-2af6-462d-981d-fdc6e5c50281 0.321s
2025-12-08 23:48:54.366 65831 INFO tempest.lib.common.rest_client [req-f02b38fe-dfc4-4c5d-9b87-ac0a2d894acf req-f02b38fe-dfc4-4c5d-9b87-ac0a2d894acf ] Request (ServersAdminNegativeTestJSON:tearDownClass): 200 GET http://10.180.1.21/compute/v2.1/servers/dd895566-7589-421e-be7f-eba6dadd5102 0.323s
2025-12-08 23:48:54.472 65795 INFO tempest.lib.common.rest_client [req-ce500231-5bc2-4de6-a9a6-d6bff4428cb4 req-ce500231-5bc2-4de6-a9a6-d6bff4428cb4 ] Request (ServersAdminTestJSON:tearDownClass): 404 GET http://10.180.1.21/compute/v2.1/servers/63f4bb3a-5f98-4500-88ca-6756d53558a2 0.557s
2025-12-08 23:48:54.520 65813 INFO tempest.lib.common.rest_client [req-06c684f3-1034-44ee-b824-d4c80073ad29 req-06c684f3-1034-44ee-b824-d4c80073ad29 ] Request (ServerDiskConfigTestJSON:test_resize_server_from_auto_to_manual): 200 GET http://10.180.1.21/compute/v2.1/servers/87fa86ec-1f37-40a1-a051-a06dfb35168a 0.363s
2025-12-08 23:48:54.576 65797 INFO tempest.lib.common.rest_client [req-791d5bfd-d935-4092-a43c-3954a6afac34 req-791d5bfd-d935-4092-a43c-3954a6afac34 ] Request (ListImageFiltersTestJSON:tearDownClass): 200 GET http://10.180.1.21/compute/v2.1/servers/e59abf90-0f91-4451-a395-e52645eb0334 0.364s
2025-12-08 23:48:54.589 65837 INFO tempest.lib.common.rest_client [req-7dda74ef-1c19-42cf-a3cf-06245b9aaa38 req-7dda74ef-1c19-42cf-a3cf-06245b9aaa38 ] Request (AttachInterfacesUnderV243Test:_run_cleanups): 200 GET http://10.180.1.21/compute/v2.1/servers/7f82f57b-8bac-4b65-aec8-223ef8731e33 0.323s
2025-12-08 23:48:54.704 65853 INFO tempest.lib.common.rest_client [req-5283e289-9d12-4b44-8f89-6c68fd9e7a52 req-5283e289-9d12-4b44-8f89-6c68fd9e7a52 ] Request (ServerRescueNegativeTestJSON:test_rescued_vm_detach_volume): 200 GET http://10.180.1.21/compute/v2.1/servers/465b16ca-75e8-430f-ac92-86c8dff3f037 0.254s
2025-12-08 23:48:54.752 65835 INFO tempest.lib.common.rest_client [req-88b57577-6324-4def-8049-afb76dfb382f req-88b57577-6324-4def-8049-afb76dfb382f ] Request (ServersTestFqdnHostnames:test_create_server_with_fqdn_name): 200 GET http://10.180.1.21/compute/v2.1/servers/381d1130-9eb9-4a53-89fe-cbfddd5c5c35 0.351s
2025-12-08 23:48:54.818 65795 INFO tempest.lib.common.rest_client [req-98c6f646-6a75-4b66-aedd-09a769ef944d req-98c6f646-6a75-4b66-aedd-09a769ef944d ] Request (ServersAdminTestJSON:tearDownClass): 204 DELETE http://10.180.1.21/compute/v2.1/servers/503a8644-d8eb-4288-825d-3038d5c452c3 0.345s
2025-12-08 23:48:54.837 65829 INFO tempest.lib.common.rest_client [req-af3c6dc1-4bb4-4d84-8b82-545825b2a059 req-af3c6dc1-4bb4-4d84-8b82-545825b2a059 ] Request (ServersAaction247Test:tearDownClass): 404 GET http://10.180.1.21/compute/v2.1/servers/7c444f8d-b67f-463c-84d3-c05a0b42da06 0.295s
2025-12-08 23:48:54.946 65791 INFO tempest.lib.common.rest_client [req-0cb8f31c-e012-48e1-a1f6-e5171790eae2 req-0cb8f31c-e012-48e1-a1f6-e5171790eae2 ] Request (MigrationsAdminTest:test_resize_server_revert_deleted_flavor): 200 GET http://10.180.1.21/compute/v2.1/servers/7b857145-7435-480b-a966-0ec5c9a20ea5 0.418s
2025-12-08 23:48:54.963 65811 INFO tempest.lib.common.rest_client [req-27120fbd-bf80-4cad-8cbb-626780fd89f5 req-27120fbd-bf80-4cad-8cbb-626780fd89f5 ] Request (ListServersNegativeTestJSON:setUpClass): 200 GET http://10.180.1.21/compute/v2.1/servers/47f90f63-bf74-45f7-a17f-0c27eebb7bc2 0.379s
2025-12-08 23:48:55.015 65829 INFO tempest.lib.common.rest_client [req-150e0518-5422-4ed9-a4b1-ac3b56c9d2f2 req-150e0518-5422-4ed9-a4b1-ac3b56c9d2f2 ] Request (ServersAaction247Test:tearDownClass): 204 DELETE http://10.180.1.21/identity/v3/users/432c16a4c8ec4d398e2b4bba59ebafa8 0.177s
2025-12-08 23:48:55.015 65829 INFO tempest.lib.common.dynamic_creds [-] Deleting project and security group for project: ae878b1ed5e347b8a66ee72ecfb1b697
2025-12-08 23:48:55.018 65845 INFO tempest.lib.common.rest_client [req-1d7bc165-2da2-447c-8b42-5a877bc7f25f req-1d7bc165-2da2-447c-8b42-5a877bc7f25f ] Request (MultipleCreateTestJSON:test_multiple_create_with_reservation_return): 200 GET http://10.180.1.21/compute/v2.1/servers/5c11442f-c0f2-4087-8f19-f2a028955913 0.330s
2025-12-08 23:48:55.089 65829 INFO tempest.lib.common.rest_client [req-e6f10e1a-26eb-4e4c-ac2a-5faba7fc13c3 req-e6f10e1a-26eb-4e4c-ac2a-5faba7fc13c3 ] Request (ServersAaction247Test:tearDownClass): 201 POST http://10.180.1.21/identity/v3/auth/tokens 0.073s
