2025-01-15 13:45:43.661 68434 INFO tempest.lib.common.rest_client [req-b978489c-bc45-46c5-96c3-fd4622c325e8 req-b978489c-bc45-46c5-96c3-fd4622c325e8 ] Request (VolumesAdminNegativeTest:test_update_attached_volume_with_nonexistent_volume_in_body): 201 POST http://10.180.1.21:9696/networking/v2.0/security-groups 0.272s
2025-01-15 13:45:43.722 68410 INFO tempest.lib.common.rest_client [req-c4e36992-77d5-45e8-94a9-1dd4cba45da1 req-c4e36992-77d5-45e8-94a9-1dd4cba45da1 ] Request (ServersWithSpecificFlavorTestJSON:test_verify_created_server_ephemeral_disk): 200 POST http://10.180.1.21/compute/v2.1/flavors 1.024s
2025-01-15 13:45:43.736 68420 INFO tempest.lib.common.rest_client [req-b88ffcce-a392-41a6-bd0c-e79fc41a1c28 req-b88ffcce-a392-41a6-bd0c-e79fc41a1c28 ] Request (FlavorsAccessNegativeTestJSON:_run_cleanups): 200 POST http://10.180.1.21/compute/v2.1/flavors/1553289157/action 1.157s
2025-01-15 13:45:43.801 68430 INFO tempest.lib.common.rest_client [req-1dd5da08-511a-4102-b487-ec5906f52cfa req-1dd5da08-511a-4102-b487-ec5906f52cfa ] Request (QuotasAdminTestV257:setUpClass): 200 GET http://10.180.1.21/identity/v3/roles 0.217s
2025-01-15 13:45:43.818 68408 INFO tempest.lib.common.rest_client [req-df4cee6e-2948-48d1-9df7-03c8c118faca req-df4cee6e-2948-48d1-9df7-03c8c118faca ] Request (ImagesOneServerTestJSON:setUpClass): 200 PUT http://10.180.1.21:9696/networking/v2.0/routers/8d3d24d8-e0e8-428d-87cc-e1d8a97c0dee/add_router_interface 1.699s
2025-01-15 13:45:43.818 68408 INFO tempest.lib.common.dynamic_creds [-] Created isolated network resources for: credentials: Credentials: {'domain_id': 'default', 'domain_name': 'Default', 'username': 'tempest-ImagesOneServerTestJSON-367314921-project-member', 'project_domain_id': 'default', 'project_domain_name': 'Default', 'project_id': '4cfc6791660c42bdb1a83db36b38549f', 'project_name': 'tempest-ImagesOneServerTestJSON-367314921', 'tenant_id': '4cfc6791660c42bdb1a83db36b38549f', 'tenant_name': 'tempest-ImagesOneServerTestJSON-367314921', 'user_domain_id': 'default', 'user_domain_name': 'Default', 'user_id': '94899ea7e3be47f881ea34da2c7922dd', 'system': None}, Network: {'id': 'ee93d123-79cb-41bc-b64e-cfb62035e89c', 'name': 'tempest-ImagesOneServerTestJSON-1327532590-network', 'tenant_id': '4cfc6791660c42bdb1a83db36b38549f', 'admin_state_up': True, 'mtu': 8950, 'status': 'ACTIVE', 'subnets': [], 'shared': False, 'project_id': '4cfc6791660c42bdb1a83db36b38549f', 'port_security_enabled': True, 'router:external': False, 'provider:network_type': 'vlan', 'provider:physical_network': 'default', 'provider:segmentation_id': 666, 'availability_zone_hints': [], 'availability_zones': [], 'ipv4_address_scope': None, 'ipv6_address_scope': None, 'description': '', 'tags': [], 'created_at': '2025-01-15T13:45:39Z', 'updated_at': '2025-01-15T13:45:39Z', 'revision_number': 1}, Subnet: {'id': '891ee5b0-06ec-4638-9fe5-bc6781bbc3ac', 'name': 'tempest-ImagesOneServerTestJSON-1327532590-subnet', 'tenant_id': '4cfc6791660c42bdb1a83db36b38549f', 'network_id': 'ee93d123-79cb-41bc-b64e-cfb62035e89c', 'ip_version': 4, 'subnetpool_id': None, 'enable_dhcp': True, 'ipv6_ra_mode': None, 'ipv6_address_mode': None, 'gateway_ip': '192.168.128.1', 'cidr': '192.168.128.0/28', 'allocation_pools': [{'start': '192.168.128.2', 'end': '192.168.128.14'}], 'host_routes': [], 'dns_nameservers': [], 'description': '', 'router:external': False, 'service_types': [], 'tags': [], 'created_at': '2025-01-15T13:45:39Z', 'updated_at': '2025-01-15T13:45:39Z', 'revision_number': 0, 'project_id': '4cfc6791660c42bdb1a83db36b38549f'}, Router: {'id': '8d3d24d8-e0e8-428d-87cc-e1d8a97c0dee', 'name': 'tempest-ImagesOneServerTestJSON-1327532590-router', 'tenant_id': '4cfc6791660c42bdb1a83db36b38549f', 'admin_state_up': True, 'status': 'ACTIVE', 'external_gateway_info': {'network_id': '9f03b8c0-fdaa-44b1-958e-4cfed84fb004', 'external_fixed_ips': [{'subnet_id': 'a4817b19-fb00-4595-90ce-97d3c90cb24b', 'ip_address': '10.180.180.250'}], 'enable_snat': True}, 'description': '', 'availability_zones': [], 'distributed': False, 'ha': False, 'availability_zone_hints': [], 'routes': [], 'flavor_id': None, 'tags': [], 'created_at': '2025-01-15T13:45:39Z', 'updated_at': '2025-01-15T13:45:41Z', 'revision_number': 2, 'project_id': '4cfc6791660c42bdb1a83db36b38549f'}
2025-01-15 13:45:43.861 68396 INFO tempest.lib.common.rest_client [req-60421e73-2046-40a7-9baf-00f638a7a18d req-60421e73-2046-40a7-9baf-00f638a7a18d ] Request (HypervisorAdminUnderV252Test:tearDownClass): 200 GET http://10.180.1.21:9696/networking/v2.0/security-groups?tenant_id=42f20d79cbfd42ffb8d4451a92a5719b&name=default 0.474s
2025-01-15 13:45:43.864 68430 INFO tempest.lib.common.rest_client [req-a1a42e59-5a41-4372-87c6-2b2600d51bf7 req-a1a42e59-5a41-4372-87c6-2b2600d51bf7 ] Request (QuotasAdminTestV257:setUpClass): 204 PUT http://10.180.1.21/identity/v3/projects/841d71cef824401c81e6be0d39656952/users/ed8453cb276d420581e093bf1e09098c/roles/15274ba74fe24a5b86263b919eed2daf 0.062s
2025-01-15 13:45:43.864 68430 INFO tempest.lib.common.dynamic_creds [-] Dynamic test user ed8453cb276d420581e093bf1e09098c is created with scope project and roles: ['admin']
2025-01-15 13:45:43.864 68430 INFO tempest.lib.common.dynamic_creds [-] Acquired dynamic creds: credentials: Credentials: {'domain_id': 'default', 'domain_name': 'Default', 'username': 'tempest-QuotasAdminTestV257-2023236723-project-admin', 'project_domain_id': 'default', 'project_domain_name': 'Default', 'project_id': '841d71cef824401c81e6be0d39656952', 'project_name': 'tempest-QuotasAdminTestV257-2023236723', 'tenant_id': '841d71cef824401c81e6be0d39656952', 'tenant_name': 'tempest-QuotasAdminTestV257-2023236723', 'user_domain_id': 'default', 'user_domain_name': 'Default', 'user_id': 'ed8453cb276d420581e093bf1e09098c', 'system': None}, Network: None, Subnet: None, Router: None
2025-01-15 13:45:43.864 68430 INFO tempest.lib.common.dynamic_creds [-] Created isolated network resources for: credentials: Credentials: {'domain_id': 'default', 'domain_name': 'Default', 'username': 'tempest-QuotasAdminTestV257-2023236723-project-admin', 'project_domain_id': 'default', 'project_domain_name': 'Default', 'project_id': '841d71cef824401c81e6be0d39656952', 'project_name': 'tempest-QuotasAdminTestV257-2023236723', 'tenant_id': '841d71cef824401c81e6be0d39656952', 'tenant_name': 'tempest-QuotasAdminTestV257-2023236723', 'user_domain_id': 'default', 'user_domain_name': 'Default', 'user_id': 'ed8453cb276d420581e093bf1e09098c', 'system': None}, Network: None, Subnet: None, Router: None
2025-01-15 13:45:43.905 68428 INFO tempest.lib.common.rest_client [req-532ccec8-e025-4bf7-bef7-ed4dc46406c4 req-532ccec8-e025-4bf7-bef7-ed4dc46406c4 ] Request (QuotasAdminTestJSON:_run_cleanups): 204 DELETE http://10.180.1.21/identity/v3/projects/7ce7bdc7d55449ec8e9bacd671e42fbc 0.332s
2025-01-15 13:45:43.912 68413 INFO tempest.lib.common.rest_client [req-f0c16146-adf2-48c1-a7f6-2aabc15686fc req-f0c16146-adf2-48c1-a7f6-2aabc15686fc ] Request (AggregatesAdminNegativeTestJSON:_run_cleanups): 200 POST http://10.180.1.21/compute/v2.1/os-aggregates/1/action 1.125s
2025-01-15 13:45:43.948 68378 INFO tempest.lib.common.rest_client [req-48496d79-c644-4aa9-bc01-a5c59bcc3357 req-48496d79-c644-4aa9-bc01-a5c59bcc3357 ] Request (KeyPairsV210TestJSON:test_admin_manage_keypairs_for_other_users): 200 GET http://10.180.1.21/compute/v2.1/os-keypairs?user_id=c8279c3f95b64ceaaa22d3a1fa2f90be 1.112s
2025-01-15 13:45:43.968 68408 INFO tempest.lib.common.rest_client [req-ec78db74-7e96-46cf-a881-6bbf6b7c2359 req-ec78db74-7e96-46cf-a881-6bbf6b7c2359 ] Request (ImagesOneServerTestJSON:setUpClass): 201 POST http://10.180.1.21/identity/v3/auth/tokens 0.143s
2025-01-15 13:45:44.017 68386 INFO tempest.lib.common.rest_client [req-16d31c7a-ae01-4083-9d77-3be82fe65562 req-16d31c7a-ae01-4083-9d77-3be82fe65562 ] Request (ImagesMetadataTestJSON:test_delete_image_metadata_item): 200 GET http://10.180.1.21/compute/v2.1/images/f21fe0fa-b890-449c-bc25-492a62095259/metadata 1.170s
2025-01-15 13:45:44.039 68440 INFO tempest.lib.common.rest_client [req-865cadc3-3f96-42f1-b586-1396d0c4fb89 req-865cadc3-3f96-42f1-b586-1396d0c4fb89 ] Request (FlavorsV2TestJSON:test_list_flavors_detailed_limit_results): 200 GET http://10.180.1.21/compute/v2.1/flavors/detail?limit=1 1.154s
2025-01-15 13:45:44.045 68430 INFO tempest.lib.common.rest_client [req-ef6bdefe-ccbf-4280-8ea2-727a590d537d req-ef6bdefe-ccbf-4280-8ea2-727a590d537d ] Request (QuotasAdminTestV257:setUpClass): 201 POST http://10.180.1.21/identity/v3/auth/tokens 0.175s
2025-01-15 13:45:44.046 68430 WARNING tempest.lib.common.rest_client [-] Deprecated: "tenant_id" property is deprecated for removal, use "project_id" instead
2025-01-15 13:45:44.053 68422 INFO tempest.lib.common.rest_client [req-09cba0ff-6c64-45ab-bab1-9f16f6261254 req-09cba0ff-6c64-45ab-bab1-9f16f6261254 ] Request (QuotasAdminTestV236:test_get_updated_quotas): 200 GET http://10.180.1.21/identity/v3/domains?name=Default 0.142s
2025-01-15 13:45:44.060 68400 INFO tempest.lib.common.rest_client [req-837b34ad-2f05-44c3-8614-7aa01866f64a req-837b34ad-2f05-44c3-8614-7aa01866f64a ] Request (HypervisorAdminNegativeUnderV252Test:test_show_servers_with_nonexistent_hypervisor): 404 GET http://10.180.1.21/compute/v2.1/os-hypervisors/6a56f460-3798-4164-bc18-b6f871b99320/servers 1.106s
2025-01-15 13:45:44.086 68402 INFO tempest.lib.common.rest_client [req-f4298b86-3cf0-403c-bcbb-d2ad1c8c32dc req-f4298b86-3cf0-403c-bcbb-d2ad1c8c32dc ] Request (FlavorsV255TestJSON:test_crud_flavor): 200 GET http://10.180.1.21/compute/v2.1/flavors 1.077s
2025-01-15 13:45:44.089 68408 INFO tempest.lib.common.rest_client [req-5c12ec12-d90d-43b4-ae74-607da1556d58 req-5c12ec12-d90d-43b4-ae74-607da1556d58 ] Request (ImagesOneServerTestJSON:setUpClass): 201 POST http://10.180.1.21/identity/v3/auth/tokens 0.112s
2025-01-15 13:45:44.090 68422 INFO tempest.lib.common.rest_client [req-894a5ded-5f96-4aab-a528-a542d8211bcf req-894a5ded-5f96-4aab-a528-a542d8211bcf ] Request (QuotasAdminTestV236:test_get_updated_quotas): 201 POST http://10.180.1.21/identity/v3/projects 0.037s
2025-01-15 13:45:44.091 68408 INFO tempest.lib.common.fixed_network [-] (ImagesOneServerTestJSON:setUpClass) Found network {'id': 'ee93d123-79cb-41bc-b64e-cfb62035e89c', 'name': 'tempest-ImagesOneServerTestJSON-1327532590-network', 'tenant_id': '4cfc6791660c42bdb1a83db36b38549f', 'admin_state_up': True, 'mtu': 8950, 'status': 'ACTIVE', 'subnets': [], 'shared': False, 'project_id': '4cfc6791660c42bdb1a83db36b38549f', 'port_security_enabled': True, 'router:external': False, 'provider:network_type': 'vlan', 'provider:physical_network': 'default', 'provider:segmentation_id': 666, 'availability_zone_hints': [], 'availability_zones': [], 'ipv4_address_scope': None, 'ipv6_address_scope': None, 'description': '', 'tags': [], 'created_at': '2025-01-15T13:45:39Z', 'updated_at': '2025-01-15T13:45:39Z', 'revision_number': 1} available for tenant
2025-01-15 13:45:44.153 68422 INFO tempest.lib.common.rest_client [req-d73cbaf9-6b2e-4dc1-9a89-f7f8fdfd48f2 req-d73cbaf9-6b2e-4dc1-9a89-f7f8fdfd48f2 ] Request (QuotasAdminTestV236:test_get_updated_quotas): 200 GET http://10.180.1.21/identity/v3/domains?name=Default 0.060s
2025-01-15 13:45:44.173 68424 INFO tempest.lib.common.rest_client [req-95f33706-f7b3-4998-8a57-062e312557fc req-95f33706-f7b3-4998-8a57-062e312557fc ] Request (ServerExternalEventsTest:test_create_server_external_events): 200 GET http://10.180.1.21/compute/v2.1/servers/a8d75cbd-7174-4b93-8735-f76278917633 1.373s
2025-01-15 13:45:44.225 68398 INFO tempest.lib.common.rest_client [req-e993fd43-88ed-47fe-b31a-f3a7217c2e68 req-e993fd43-88ed-47fe-b31a-f3a7217c2e68 ] Request (MigrationsAdminTest:test_list_migrations_in_flavor_resize_situation): 200 GET http://10.180.1.21/compute/v2.1/servers/6caf9898-a70f-4e51-93a5-c7bc4af8ad41 1.184s
2025-01-15 13:45:44.235 68392 INFO tempest.lib.common.rest_client [req-51e410d4-f766-4894-b03c-1d1703e030d3 req-51e410d4-f766-4894-b03c-1d1703e030d3 ] Request (ServicesAdminTestJSON:tearDownClass): 200 GET http://10.180.1.21:9696/networking/v2.0/security-groups?tenant_id=8383146d7c3c48bb994a72bfb952bc8d&name=default 0.754s
2025-01-15 13:45:44.261 68416 INFO tempest.lib.common.rest_client [req-ed3f076c-c3c4-4493-8916-9d6cbd46d861 req-ed3f076c-c3c4-4493-8916-9d6cbd46d861 ] Request (FlavorsExtraSpecsNegativeTestJSON:test_flavor_non_admin_update_specific_key): 200 POST http://10.180.1.21/compute/v2.1/flavors/975269391/os-extra_specs 1.205s
2025-01-15 13:45:44.278 68400 INFO tempest.lib.common.rest_client [req-0125fa8e-8b13-4c28-b398-546404846ea5 req-0125fa8e-8b13-4c28-b398-546404846ea5 ] Request (HypervisorAdminNegativeUnderV252Test:tearDownClass): 204 DELETE http://10.180.1.21/identity/v3/users/93f7e4b611eb46f99b7fbcf4e4094da4 0.217s
2025-01-15 13:45:44.282 68414 INFO tempest.lib.common.rest_client [req-a842ed2e-8296-4bfb-902f-2eed3305da67 req-a842ed2e-8296-4bfb-902f-2eed3305da67 ] Request (FlavorsExtraSpecsTestJSON:test_flavor_set_get_update_show_unset_keys): 200 POST http://10.180.1.21/compute/v2.1/flavors/1102362432/os-extra_specs 1.201s
2025-01-15 13:45:44.312 68380 INFO tempest.lib.common.rest_client [req-d6367ab2-9bd9-4758-be56-02305b7eeacf req-d6367ab2-9bd9-4758-be56-02305b7eeacf ] Request (FlavorsAccessTestJSON:test_flavor_access_add_remove): 200 GET http://10.180.1.21/compute/v2.1/flavors/detail 1.126s
2025-01-15 13:45:44.325 68396 INFO tempest.lib.common.rest_client [req-9e21b7de-cdff-4018-82b6-7132dc453beb req-9e21b7de-cdff-4018-82b6-7132dc453beb ] Request (HypervisorAdminUnderV252Test:tearDownClass): 204 DELETE http://10.180.1.21:9696/networking/v2.0/security-groups/bada4f13-b189-457a-8e06-a17f02bba6a2 0.463s
2025-01-15 13:45:44.359 68384 INFO tempest.lib.common.rest_client [req-03dc5983-ef47-40a1-9fbe-160fe2a842ac req-03dc5983-ef47-40a1-9fbe-160fe2a842ac ] Request (ServicesAdminNegativeTestJSON:test_list_services_with_non_admin_user): 403 GET http://10.180.1.21/compute/v2.1/os-services 1.309s
2025-01-15 13:45:44.367 68382 INFO tempest.lib.common.rest_client [req-dbe09469-a619-4c97-bb8c-980146b7cdcf req-dbe09469-a619-4c97-bb8c-980146b7cdcf ] Request (HypervisorAdminNegativeTestJSON:test_get_nonexistent_hypervisor_uptime): 404 GET http://10.180.1.21/compute/v2.1/os-hypervisors/89866c48-468b-4a17-a9ef-32317ce6ac97/uptime 0.978s
2025-01-15 13:45:44.387 68434 INFO tempest.lib.common.rest_client [req-0330df9c-be84-41ca-b059-8a44735e0ae2 req-0330df9c-be84-41ca-b059-8a44735e0ae2 ] Request (VolumesAdminNegativeTest:test_update_attached_volume_with_nonexistent_volume_in_body): 201 POST http://10.180.1.21:9696/networking/v2.0/security-group-rules 0.725s
2025-01-15 13:45:44.399 68400 INFO tempest.lib.common.rest_client [req-aea39782-3ddc-496d-b4ed-d9361907c099 req-aea39782-3ddc-496d-b4ed-d9361907c099 ] Request (HypervisorAdminNegativeUnderV252Test:tearDownClass): 204 DELETE http://10.180.1.21/identity/v3/users/c3aed25267b54fcfab60d308f7bb0de2 0.120s
2025-01-15 13:45:44.399 68400 INFO tempest.lib.common.dynamic_creds [-] Deleting project and security group for project: d5cf5d8bb62141cab1f895f9df90c84b
2025-01-15 13:45:44.482 68396 INFO tempest.lib.common.rest_client [req-fafd7c83-b2d4-4010-92cf-31b0b6b90b6d req-fafd7c83-b2d4-4010-92cf-31b0b6b90b6d ] Request (HypervisorAdminUnderV252Test:tearDownClass): 204 DELETE http://10.180.1.21/identity/v3/projects/42f20d79cbfd42ffb8d4451a92a5719b 0.156s
2025-01-15 13:45:44.482 68396 INFO tempest.lib.common.dynamic_creds [-] Deleting project and security group for project: c9d1a818c8af4176b5ed3731133d4b10
2025-01-15 13:45:44.505 68384 INFO tempest.lib.common.rest_client [req-5f89af11-c39e-4db9-8bb1-f08b2bb36d75 req-5f89af11-c39e-4db9-8bb1-f08b2bb36d75 ] Request (ServicesAdminNegativeTestJSON:tearDownClass): 204 DELETE http://10.180.1.21/identity/v3/users/e55f2540274942079f5f720769a515f6 0.144s
2025-01-15 13:45:44.515 68388 INFO tempest.lib.common.rest_client [req-5fdaa430-37ff-4487-b994-1076f25855bf req-5fdaa430-37ff-4487-b994-1076f25855bf ] Request (ServersTestFqdnHostnames:test_create_server_with_fqdn_name): 200 GET http://10.180.1.21/compute/v2.1/servers/8f3c6230-2a8f-4b97-9fef-7df63b159e42 1.116s
2025-01-15 13:45:44.538 68400 INFO tempest.lib.common.rest_client [req-d0b1c5d3-ff22-4c4c-a4a8-4487e648af5a req-d0b1c5d3-ff22-4c4c-a4a8-4487e648af5a ] Request (HypervisorAdminNegativeUnderV252Test:tearDownClass): 201 POST http://10.180.1.21/identity/v3/auth/tokens 0.139s
2025-01-15 13:45:44.606 68384 INFO tempest.lib.common.rest_client [req-e691662f-24bc-42ac-a1f1-6290131d3a11 req-e691662f-24bc-42ac-a1f1-6290131d3a11 ] Request (ServicesAdminNegativeTestJSON:tearDownClass): 204 DELETE http://10.180.1.21/identity/v3/users/1da4be2412f84cd784cd11d7e38ef51c 0.100s
2025-01-15 13:45:44.606 68384 INFO tempest.lib.common.dynamic_creds [-] Deleting project and security group for project: a68974608d4e4d2ab70c1542afe6f173
2025-01-15 13:45:44.644 68394 INFO tempest.lib.common.rest_client [req-eee72dc8-2ecb-436e-881c-a90c79c17af6 req-eee72dc8-2ecb-436e-881c-a90c79c17af6 ] Request (FloatingIPsAssociationTestJSON:setUpClass): 200 GET http://10.180.1.21/compute/v2.1/servers/ab4c28c6-4d64-435d-8865-d418a37a4562 1.437s
2025-01-15 13:45:44.656 68394 INFO tempest.common.waiters [-] State transition "BUILD/None" ==> "BUILD/spawning" after 5 second wait
2025-01-15 13:45:44.668 68426 INFO tempest.lib.common.rest_client [req-48c9f196-ba01-4e96-b9fa-a7d9eb69293f req-48c9f196-ba01-4e96-b9fa-a7d9eb69293f ] Request (FlavorsV261TestJSON:_run_cleanups): 202 DELETE http://10.180.1.21/compute/v2.1/flavors/1900133343 1.211s
2025-01-15 13:45:44.682 68384 INFO tempest.lib.common.rest_client [req-7ad82d61-e144-4190-8392-77c259a23cf2 req-7ad82d61-e144-4190-8392-77c259a23cf2 ] Request (ServicesAdminNegativeTestJSON:tearDownClass): 201 POST http://10.180.1.21/identity/v3/auth/tokens 0.075s
2025-01-15 13:45:44.718 68438 INFO tempest.lib.common.rest_client [req-ea1a6f49-0444-4be4-b842-c521ad9eb2ab req-ea1a6f49-0444-4be4-b842-c521ad9eb2ab ] Request (SecurityGroupsTestJSON:test_list_security_groups_by_server): 200 GET http://10.180.1.21/compute/v2.1/servers/674e7329-baf4-4f64-9c93-eaa001eb5472 1.060s
2025-01-15 13:45:44.728 68438 INFO tempest.common.waiters [-] State transition "BUILD/scheduling" ==> "BUILD/None" after 2 second wait
2025-01-15 13:45:44.734 68410 INFO tempest.lib.common.rest_client [req-c907f267-8cae-47be-8b3b-1a356559a8fa req-c907f267-8cae-47be-8b3b-1a356559a8fa ] Request (ServersWithSpecificFlavorTestJSON:test_verify_created_server_ephemeral_disk): 200 GET http://10.180.1.21/compute/v2.1/flavors/42/os-extra_specs 1.009s
2025-01-15 13:45:44.749 68420 INFO tempest.lib.common.rest_client [req-3853234f-372d-403f-8d3c-657b74bffd1f req-3853234f-372d-403f-8d3c-657b74bffd1f ] Request (FlavorsAccessNegativeTestJSON:_run_cleanups): 202 DELETE http://10.180.1.21/compute/v2.1/flavors/1553289157 1.011s
2025-01-15 13:45:44.775 68413 INFO tempest.lib.common.rest_client [req-c26fbe89-ade8-4d77-88a2-7ee16196f99e req-c26fbe89-ade8-4d77-88a2-7ee16196f99e ] Request (AggregatesAdminNegativeTestJSON:_run_cleanups): 200 DELETE http://10.180.1.21/compute/v2.1/os-aggregates/1 0.861s
2025-01-15 13:45:44.826 68434 INFO tempest.lib.common.rest_client [req-718c6366-7eda-4106-a051-cdadf1da9d92 req-718c6366-7eda-4106-a051-cdadf1da9d92 ] Request (VolumesAdminNegativeTest:test_update_attached_volume_with_nonexistent_volume_in_body): 201 POST http://10.180.1.21:9696/networking/v2.0/security-group-rules 0.439s
2025-01-15 13:45:44.827 68404 INFO tempest.lib.common.rest_client [req-8b9b9a34-9dd9-4a7f-b049-dc4fd0b8d58f req-8b9b9a34-9dd9-4a7f-b049-dc4fd0b8d58f ] Request (TenantUsagesTestJSON:setUpClass): 200 GET http://10.180.1.21/compute/v2.1/servers/008bb658-5840-4e78-8fcd-2ad8e6618dbd 1.425s
2025-01-15 13:45:44.852 68378 INFO tempest.lib.common.rest_client [req-5b8ba4b1-90bf-4e5d-a741-6ea7736abd2d req-5b8ba4b1-90bf-4e5d-a741-6ea7736abd2d ] Request (KeyPairsV210TestJSON:_run_cleanups): 204 DELETE http://10.180.1.21/compute/v2.1/os-keypairs/tempest-KeyPairsV210TestJSON-keypair-932010363 0.895s
2025-01-15 13:45:44.862 68392 INFO tempest.lib.common.rest_client [req-e08187f8-e5d7-4f04-8373-4e7fe128981e req-e08187f8-e5d7-4f04-8373-4e7fe128981e ] Request (ServicesAdminTestJSON:tearDownClass): 204 DELETE http://10.180.1.21:9696/networking/v2.0/security-groups/bbaf7982-e48d-4548-ba4d-4769c08921ba 0.627s
2025-01-15 13:45:44.869 68436 INFO tempest.lib.common.rest_client [req-28cce202-712a-42df-97d5-6beedbc52c57 req-28cce202-712a-42df-97d5-6beedbc52c57 ] Request (ServerDiagnosticsTest:test_get_server_diagnostics): 200 GET http://10.180.1.21/compute/v2.1/servers/7674b0de-f406-4afe-b34c-e1a6d9120ca8 0.918s
2025-01-15 13:45:44.877 68396 INFO tempest.lib.common.rest_client [req-34f2264a-3526-459c-ba0b-7c55d28edd4f req-34f2264a-3526-459c-ba0b-7c55d28edd4f ] Request (HypervisorAdminUnderV252Test:tearDownClass): 200 GET http://10.180.1.21:9696/networking/v2.0/security-groups?tenant_id=c9d1a818c8af4176b5ed3731133d4b10&name=default 0.395s
2025-01-15 13:45:44.886 68440 INFO tempest.lib.common.rest_client [req-b7cbbe22-0e30-48c8-b018-0c553d1ee811 req-b7cbbe22-0e30-48c8-b018-0c553d1ee811 ] Request (FlavorsV2TestJSON:test_list_flavors_detailed_using_marker): 200 GET http://10.180.1.21/compute/v2.1/flavors/42 0.836s
2025-01-15 13:45:44.908 68402 INFO tempest.lib.common.rest_client [req-1f1842db-45c3-4bc4-91fa-a6eb994c8643 req-1f1842db-45c3-4bc4-91fa-a6eb994c8643 ] Request (FlavorsV255TestJSON:_run_cleanups): 202 DELETE http://10.180.1.21/compute/v2.1/flavors/46012720 0.818s
2025-01-15 13:45:44.945 68392 INFO tempest.lib.common.rest_client [req-7db390c5-a43d-4d45-852b-5903ad53193a req-7db390c5-a43d-4d45-852b-5903ad53193a ] Request (ServicesAdminTestJSON:tearDownClass): 204 DELETE http://10.180.1.21/identity/v3/projects/8383146d7c3c48bb994a72bfb952bc8d 0.079s
2025-01-15 13:45:44.945 68392 INFO tempest.lib.common.dynamic_creds [-] Deleting project and security group for project: ca75a1bdd7de470d98aafb8736e10409
2025-01-15 13:45:45.038 68400 INFO tempest.lib.common.rest_client [req-2020d14c-4380-4439-926c-71e0b441cdb4 req-2020d14c-4380-4439-926c-71e0b441cdb4 ] Request (HypervisorAdminNegativeUnderV252Test:tearDownClass): 200 GET http://10.180.1.21:9696/networking/v2.0/security-groups?tenant_id=d5cf5d8bb62141cab1f895f9df90c84b&name=default 0.500s
2025-01-15 13:45:45.087 68386 INFO tempest.lib.common.rest_client [req-6cabf89e-68cf-4f25-89cb-92d6797ec148 req-6cabf89e-68cf-4f25-89cb-92d6797ec148 ] Request (ImagesMetadataTestJSON:setUp): 200 PUT http://10.180.1.21/compute/v2.1/images/f21fe0fa-b890-449c-bc25-492a62095259/metadata 1.061s
2025-01-15 13:45:45.125 68396 INFO tempest.lib.common.rest_client [req-e0d803fd-8a38-495b-822a-e3d36a7d7d47 req-e0d803fd-8a38-495b-822a-e3d36a7d7d47 ] Request (HypervisorAdminUnderV252Test:tearDownClass): 204 DELETE http://10.180.1.21:9696/networking/v2.0/security-groups/2346b867-407a-4f86-a36d-a24e1ae39abe 0.247s
2025-01-15 13:45:45.226 68396 INFO tempest.lib.common.rest_client [req-d034f2cc-0044-4c3d-9eaf-b56e36b0d58d req-d034f2cc-0044-4c3d-9eaf-b56e36b0d58d ] Request (HypervisorAdminUnderV252Test:tearDownClass): 204 DELETE http://10.180.1.21/identity/v3/projects/c9d1a818c8af4176b5ed3731133d4b10 0.100s
2025-01-15 13:45:45.244 68422 INFO tempest.lib.common.rest_client [req-c14d847b-01b4-4047-9021-373107e3409e req-c14d847b-01b4-4047-9021-373107e3409e ] Request (QuotasAdminTestV236:test_get_updated_quotas): 200 PUT http://10.180.1.21/compute/v2.1/os-quota-sets/2d9582c71b8245bd992ab5b777407fda 1.090s
2025-01-15 13:45:45.250 68384 INFO tempest.lib.common.rest_client [req-e8f1de09-b577-4f6a-af09-e4fc1e0aad75 req-e8f1de09-b577-4f6a-af09-e4fc1e0aad75 ] Request (ServicesAdminNegativeTestJSON:tearDownClass): 200 GET http://10.180.1.21:9696/networking/v2.0/security-groups?tenant_id=a68974608d4e4d2ab70c1542afe6f173&name=default 0.567s
2025-01-15 13:45:45.250 68400 INFO tempest.lib.common.rest_client [req-980c07cb-6166-45e1-9733-5512355a5bee req-980c07cb-6166-45e1-9733-5512355a5bee ] Request (HypervisorAdminNegativeUnderV252Test:tearDownClass): 204 DELETE http://10.180.1.21:9696/networking/v2.0/security-groups/d7c6a30f-d04e-4bb5-a3a6-ee3b58adc49d 0.212s
2025-01-15 13:45:45.252 68416 INFO tempest.lib.common.rest_client [req-ff06a8d5-a77e-43a4-a52e-f1ad99b6598a req-ff06a8d5-a77e-43a4-a52e-f1ad99b6598a ] Request (FlavorsExtraSpecsNegativeTestJSON:test_flavor_non_admin_update_specific_key): 403 PUT http://10.180.1.21/compute/v2.1/flavors/975269391/os-extra_specs/hw:numa_nodes 0.991s
2025-01-15 13:45:45.264 68414 INFO tempest.lib.common.rest_client [req-5d0c3d48-f689-4ef8-8874-17bcc8cf776a req-5d0c3d48-f689-4ef8-8874-17bcc8cf776a ] Request (FlavorsExtraSpecsTestJSON:test_flavor_set_get_update_show_unset_keys): 200 GET http://10.180.1.21/compute/v2.1/flavors/1102362432/os-extra_specs 0.980s
2025-01-15 13:45:45.285 68380 INFO tempest.lib.common.rest_client [req-d852b7e4-5781-4b14-a5ec-1d69d753f1e4 req-d852b7e4-5781-4b14-a5ec-1d69d753f1e4 ] Request (FlavorsAccessTestJSON:_run_cleanups): 202 DELETE http://10.180.1.21/compute/v2.1/flavors/2102009669 0.967s
2025-01-15 13:45:45.302 68396 INFO tempest.lib.common.rest_client [req-4f0757fd-dbc0-4448-8d29-fc45ec38426b req-4f0757fd-dbc0-4448-8d29-fc45ec38426b ] Request (InstanceUsageAuditLogTestJSON:setUpClass): 201 POST http://10.180.1.21/identity/v3/auth/tokens 0.075s
2025-01-15 13:45:45.307 68382 INFO tempest.lib.common.rest_client [req-693d644a-18fa-4ea0-ba41-ddbbcd34dabc req-693d644a-18fa-4ea0-ba41-ddbbcd34dabc ] Request (HypervisorAdminNegativeTestJSON:test_show_hypervisor_with_non_admin_user): 200 GET http://10.180.1.21/compute/v2.1/os-hypervisors 0.938s
2025-01-15 13:45:45.344 68406 INFO tempest.lib.common.rest_client [req-4bc958ec-e616-4185-95b3-03f7984ee72b req-4bc958ec-e616-4185-95b3-03f7984ee72b ] Request (VolumesAssistedSnapshotsTest:setUpClass): 201 POST http://10.180.1.21:9696/networking/v2.0/routers 2.249s
2025-01-15 13:45:45.346 68400 INFO tempest.lib.common.rest_client [req-e11c8ea0-e3e4-4e9d-a766-02c9d0c54a2a req-e11c8ea0-e3e4-4e9d-a766-02c9d0c54a2a ] Request (HypervisorAdminNegativeUnderV252Test:tearDownClass): 204 DELETE http://10.180.1.21/identity/v3/projects/d5cf5d8bb62141cab1f895f9df90c84b 0.095s
2025-01-15 13:45:45.346 68400 INFO tempest.lib.common.dynamic_creds [-] Deleting project and security group for project: f127cbf0741e4a62b78a86f15f7defb6
2025-01-15 13:45:45.368 68396 INFO tempest.lib.common.rest_client [req-39f7ff86-2807-446e-9813-8ac32548071b req-39f7ff86-2807-446e-9813-8ac32548071b ] Request (InstanceUsageAuditLogTestJSON:setUpClass): 201 POST http://10.180.1.21/identity/v3/auth/tokens 0.063s
2025-01-15 13:45:45.395 68396 INFO tempest.lib.common.rest_client [req-3d93955b-8d67-40ea-b824-b1de4a9f027e req-3d93955b-8d67-40ea-b824-b1de4a9f027e ] Request (InstanceUsageAuditLogTestJSON:setUpClass): 200 GET http://10.180.1.21/identity/v3/domains?name=Default 0.026s
2025-01-15 13:45:45.413 68392 INFO tempest.lib.common.rest_client [req-4a05fd79-3a78-49a5-80c2-d11db64dab3f req-4a05fd79-3a78-49a5-80c2-d11db64dab3f ] Request (ServicesAdminTestJSON:tearDownClass): 200 GET http://10.180.1.21:9696/networking/v2.0/security-groups?tenant_id=ca75a1bdd7de470d98aafb8736e10409&name=default 0.467s
2025-01-15 13:45:45.424 68396 INFO tempest.lib.common.rest_client [req-3ea2894d-bed5-4173-92a5-16628cda24d2 req-3ea2894d-bed5-4173-92a5-16628cda24d2 ] Request (InstanceUsageAuditLogTestJSON:setUpClass): 201 POST http://10.180.1.21/identity/v3/projects 0.028s
2025-01-15 13:45:45.483 68396 INFO tempest.lib.common.rest_client [req-6a956e44-4e6d-4ec5-bd4e-3b16fda136ed req-6a956e44-4e6d-4ec5-bd4e-3b16fda136ed ] Request (InstanceUsageAuditLogTestJSON:setUpClass): 201 POST http://10.180.1.21/identity/v3/users 0.058s
2025-01-15 13:45:45.493 68384 INFO tempest.lib.common.rest_client [req-85f60351-f3f1-4b34-b700-34a7237e1206 req-85f60351-f3f1-4b34-b700-34a7237e1206 ] Request (ServicesAdminNegativeTestJSON:tearDownClass): 204 DELETE http://10.180.1.21:9696/networking/v2.0/security-groups/5ce2190b-0526-4b8e-8640-931880e77b8c 0.243s
2025-01-15 13:45:45.508 68432 INFO tempest.lib.common.rest_client [req-ea6e1611-638e-405a-90cf-86dc40107953 req-ea6e1611-638e-405a-90cf-86dc40107953 ] Request (DeleteServersAdminTestJSON:test_admin_delete_servers_of_others): 200 GET http://10.180.1.21/compute/v2.1/servers/e5b9278a-6ae0-4364-85af-05f776e29f05 1.077s
2025-01-15 13:45:45.515 68396 INFO tempest.lib.common.rest_client [req-8f7b5714-3f33-4773-beda-389b3b945c69 req-8f7b5714-3f33-4773-beda-389b3b945c69 ] Request (InstanceUsageAuditLogTestJSON:setUpClass): 200 GET http://10.180.1.21/identity/v3/roles 0.032s
2025-01-15 13:45:45.544 68426 INFO tempest.lib.common.rest_client [req-565c28d0-d8b4-4bb6-b574-4c6d5013596f req-565c28d0-d8b4-4bb6-b574-4c6d5013596f ] Request (FlavorsV261TestJSON:_run_cleanups): 200 GET http://10.180.1.21/compute/v2.1/flavors/detail 0.876s
2025-01-15 13:45:45.574 68410 INFO tempest.lib.common.rest_client [req-af427252-e030-47b7-80fb-67434e2696e4 req-af427252-e030-47b7-80fb-67434e2696e4 ] Request (ServersWithSpecificFlavorTestJSON:test_verify_created_server_ephemeral_disk): 200 POST http://10.180.1.21/compute/v2.1/flavors/996226135/os-extra_specs 0.839s
2025-01-15 13:45:45.584 68396 INFO tempest.lib.common.rest_client [req-e8a36054-678a-42da-9bbd-71d0d70e8114 req-e8a36054-678a-42da-9bbd-71d0d70e8114 ] Request (InstanceUsageAuditLogTestJSON:setUpClass): 204 PUT http://10.180.1.21/identity/v3/projects/dec31692fbc241a4b804a7486e30ee86/users/59b92f4b6f6f4b83bd5ffb3a18c2a93f/roles/582868ad0ee94c789ba2fd0b11c421c7 0.068s
2025-01-15 13:45:45.585 68396 INFO tempest.lib.common.dynamic_creds [-] Dynamic test user 59b92f4b6f6f4b83bd5ffb3a18c2a93f is created with scope project and roles: ['member']
2025-01-15 13:45:45.585 68396 INFO tempest.lib.common.dynamic_creds [-] Acquired dynamic creds: credentials: Credentials: {'domain_id': 'default', 'domain_name': 'Default', 'username': 'tempest-InstanceUsageAuditLogTestJSON-2111193394-project-member', 'project_domain_id': 'default', 'project_domain_name': 'Default', 'project_id': 'dec31692fbc241a4b804a7486e30ee86', 'project_name': 'tempest-InstanceUsageAuditLogTestJSON-2111193394', 'tenant_id': 'dec31692fbc241a4b804a7486e30ee86', 'tenant_name': 'tempest-InstanceUsageAuditLogTestJSON-2111193394', 'user_domain_id': 'default', 'user_domain_name': 'Default', 'user_id': '59b92f4b6f6f4b83bd5ffb3a18c2a93f', 'system': None}, Network: None, Subnet: None, Router: None
2025-01-15 13:45:45.585 68396 INFO tempest.lib.common.dynamic_creds [-] Created isolated network resources for: credentials: Credentials: {'domain_id': 'default', 'domain_name': 'Default', 'username': 'tempest-InstanceUsageAuditLogTestJSON-2111193394-project-member', 'project_domain_id': 'default', 'project_domain_name': 'Default', 'project_id': 'dec31692fbc241a4b804a7486e30ee86', 'project_name': 'tempest-InstanceUsageAuditLogTestJSON-2111193394', 'tenant_id': 'dec31692fbc241a4b804a7486e30ee86', 'tenant_name': 'tempest-InstanceUsageAuditLogTestJSON-2111193394', 'user_domain_id': 'default', 'user_domain_name': 'Default', 'user_id': '59b92f4b6f6f4b83bd5ffb3a18c2a93f', 'system': None}, Network: None, Subnet: None, Router: None
2025-01-15 13:45:45.597 68420 INFO tempest.lib.common.rest_client [req-4c7c6949-8888-493d-a671-98d5c5048b1c req-4c7c6949-8888-493d-a671-98d5c5048b1c ] Request (FlavorsAccessNegativeTestJSON:_run_cleanups): 200 GET http://10.180.1.21/compute/v2.1/flavors/detail 0.848s
2025-01-15 13:45:45.618 68390 INFO tempest.lib.common.rest_client [req-32737132-d503-4304-9c6a-6b3ad92deb58 req-32737132-d503-4304-9c6a-6b3ad92deb58 ] Request (HostsAdminTestJSON:test_list_hosts_with_zone): 200 GET http://10.180.1.21/compute/v2.1/os-hosts 0.832s
2025-01-15 13:45:45.629 68384 INFO tempest.lib.common.rest_client [req-258365b8-9273-4557-af9e-35351648f60c req-258365b8-9273-4557-af9e-35351648f60c ] Request (ServicesAdminNegativeTestJSON:tearDownClass): 204 DELETE http://10.180.1.21/identity/v3/projects/a68974608d4e4d2ab70c1542afe6f173 0.135s
2025-01-15 13:45:45.630 68384 INFO tempest.lib.common.dynamic_creds [-] Deleting project and security group for project: 2059cda7f437407d8755de7109abe2b3
2025-01-15 13:45:45.640 68418 INFO tempest.lib.common.rest_client [req-d2eed766-25b9-41ab-989b-d50542668da2 req-d2eed766-25b9-41ab-989b-d50542668da2 ] Request (FloatingIPsTestJSON:setUpClass): 201 POST http://10.180.1.21:9696/networking/v2.0/routers 2.109s
2025-01-15 13:45:45.645 68413 INFO tempest.lib.common.rest_client [req-d6bc96a1-eee6-4928-90ab-726ab1f0b0d7 req-d6bc96a1-eee6-4928-90ab-726ab1f0b0d7 ] Request (AggregatesAdminNegativeTestJSON:test_aggregate_add_host_as_user): 200 POST http://10.180.1.21/compute/v2.1/os-aggregates 0.817s
2025-01-15 13:45:45.661 68378 INFO tempest.lib.common.rest_client [req-34520dd0-671a-4e3f-bec6-9aaf4af20f91 req-34520dd0-671a-4e3f-bec6-9aaf4af20f91 ] Request (KeyPairsV210TestJSON:_run_cleanups): 204 DELETE http://10.180.1.21/compute/v2.1/os-keypairs/tempest-keypair-117064234?user_id=c8279c3f95b64ceaaa22d3a1fa2f90be 0.808s
2025-01-15 13:45:45.695 68396 INFO tempest.lib.common.rest_client [req-88dfe12d-270e-4099-a74e-046b4f31cb4c req-88dfe12d-270e-4099-a74e-046b4f31cb4c ] Request (InstanceUsageAuditLogTestJSON:setUpClass): 201 POST http://10.180.1.21/identity/v3/auth/tokens 0.102s
2025-01-15 13:45:45.697 68440 INFO tempest.lib.common.rest_client [req-d9d8b5b5-f545-4344-875c-64a0f4e9fc3c req-d9d8b5b5-f545-4344-875c-64a0f4e9fc3c ] Request (FlavorsV2TestJSON:test_list_flavors_detailed_using_marker): 200 GET http://10.180.1.21/compute/v2.1/flavors/detail?marker=42 0.809s
2025-01-15 13:45:45.748 68402 INFO tempest.lib.common.rest_client [req-75e511e8-d481-4e32-8124-c84193d17673 req-75e511e8-d481-4e32-8124-c84193d17673 ] Request (FlavorsV255TestJSON:_run_cleanups): 200 GET http://10.180.1.21/compute/v2.1/flavors/detail 0.839s
2025-01-15 13:45:45.810 68386 INFO tempest.lib.common.rest_client [req-575a2509-1954-4e61-8178-7330afd003bf req-575a2509-1954-4e61-8178-7330afd003bf ] Request (ImagesMetadataTestJSON:test_get_image_metadata_item): 200 GET http://10.180.1.21/compute/v2.1/images/f21fe0fa-b890-449c-bc25-492a62095259/metadata/os_distro 0.721s
2025-01-15 13:45:45.815 68408 INFO tempest.lib.common.rest_client [req-ffcc6431-511f-4bcf-a060-7207223fe607 req-ffcc6431-511f-4bcf-a060-7207223fe607 ] Request (ImagesOneServerTestJSON:setUpClass): 202 POST http://10.180.1.21/compute/v2.1/servers 1.723s
2025-01-15 13:45:45.818 68392 INFO tempest.lib.common.rest_client [req-2bd30553-8068-4b28-af8a-8c0ff7d9dbb4 req-2bd30553-8068-4b28-af8a-8c0ff7d9dbb4 ] Request (ServicesAdminTestJSON:tearDownClass): 204 DELETE http://10.180.1.21:9696/networking/v2.0/security-groups/89060d14-d74a-450b-b86e-b77227160599 0.405s
2025-01-15 13:45:45.838 68426 INFO tempest.lib.common.rest_client [req-9cd98602-1810-48fc-9b2c-61e691b9a626 req-9cd98602-1810-48fc-9b2c-61e691b9a626 ] Request (FlavorsV261TestJSON:tearDownClass): 204 DELETE http://10.180.1.21/identity/v3/users/30c59350958346c1b10b51bc6f58f49c 0.226s
2025-01-15 13:45:45.857 68396 INFO tempest.lib.common.rest_client [req-02ad9779-7b73-485b-8ce1-cb10a72c9931 req-02ad9779-7b73-485b-8ce1-cb10a72c9931 ] Request (InstanceUsageAuditLogTestJSON:setUpClass): 201 POST http://10.180.1.21/identity/v3/projects 0.162s
2025-01-15 13:45:45.963 68424 INFO tempest.lib.common.rest_client [req-ebf5e0d4-d5e9-4bbf-b412-1769c9a906a9 req-ebf5e0d4-d5e9-4bbf-b412-1769c9a906a9 ] Request (ServerExternalEventsTest:test_create_server_external_events): 200 GET http://10.180.1.21/compute/v2.1/servers/a8d75cbd-7174-4b93-8735-f76278917633 0.780s
2025-01-15 13:45:45.993 68392 INFO tempest.lib.common.rest_client [req-29b3e1a5-cca8-488e-9d5f-17962daf67f2 req-29b3e1a5-cca8-488e-9d5f-17962daf67f2 ] Request (ServicesAdminTestJSON:tearDownClass): 204 DELETE http://10.180.1.21/identity/v3/projects/ca75a1bdd7de470d98aafb8736e10409 0.174s
2025-01-15 13:45:46.034 68426 INFO tempest.lib.common.rest_client [req-31daea4f-476e-4d18-86ca-8b41d8654d0f req-31daea4f-476e-4d18-86ca-8b41d8654d0f ] Request (FlavorsV261TestJSON:tearDownClass): 204 DELETE http://10.180.1.21/identity/v3/users/97d99361dde14e01aa1dfca753506b19 0.195s
2025-01-15 13:45:46.034 68426 INFO tempest.lib.common.dynamic_creds [-] Deleting project and security group for project: 7c3797a2167841df8228f4514783db77
2025-01-15 13:45:46.059 68398 INFO tempest.lib.common.rest_client [req-29eedbdd-ec57-4850-9de1-a058b49c7d0b req-29eedbdd-ec57-4850-9de1-a058b49c7d0b ] Request (MigrationsAdminTest:test_list_migrations_in_flavor_resize_situation): 200 GET http://10.180.1.21/compute/v2.1/servers/6caf9898-a70f-4e51-93a5-c7bc4af8ad41 0.818s
2025-01-15 13:45:46.063 68400 INFO tempest.lib.common.rest_client [req-6932515c-f948-4469-8cfe-689938d348b6 req-6932515c-f948-4469-8cfe-689938d348b6 ] Request (HypervisorAdminNegativeUnderV252Test:tearDownClass): 200 GET http://10.180.1.21:9696/networking/v2.0/security-groups?tenant_id=f127cbf0741e4a62b78a86f15f7defb6&name=default 0.717s
2025-01-15 13:45:46.076 68416 INFO tempest.lib.common.rest_client [req-c7dd9568-9cc7-454b-9184-6f9ae07496be req-c7dd9568-9cc7-454b-9184-6f9ae07496be ] Request (FlavorsExtraSpecsNegativeTestJSON:test_flavor_unset_nonexistent_key): 404 DELETE http://10.180.1.21/compute/v2.1/flavors/975269391/os-extra_specs/hw:cpu_thread_policy 0.821s
2025-01-15 13:45:46.106 68414 INFO tempest.lib.common.rest_client [req-db5e1b45-bace-4762-a2ea-bed4af894dd5 req-db5e1b45-bace-4762-a2ea-bed4af894dd5 ] Request (FlavorsExtraSpecsTestJSON:test_flavor_set_get_update_show_unset_keys): 200 PUT http://10.180.1.21/compute/v2.1/flavors/1102362432/os-extra_specs/hw:numa_nodes 0.841s
2025-01-15 13:45:46.128 68396 INFO tempest.lib.common.rest_client [req-875b08db-97b4-4b94-914a-c58454e56cc6 req-875b08db-97b4-4b94-914a-c58454e56cc6 ] Request (InstanceUsageAuditLogTestJSON:setUpClass): 201 POST http://10.180.1.21/identity/v3/users 0.270s
2025-01-15 13:45:46.129 68384 INFO tempest.lib.common.rest_client [req-3d8c8303-0ff0-43c8-9c86-f77830dace2d req-3d8c8303-0ff0-43c8-9c86-f77830dace2d ] Request (ServicesAdminNegativeTestJSON:tearDownClass): 200 GET http://10.180.1.21:9696/networking/v2.0/security-groups?tenant_id=2059cda7f437407d8755de7109abe2b3&name=default 0.498s
2025-01-15 13:45:46.130 68380 INFO tempest.lib.common.rest_client [req-15d3c763-f127-4ce2-b6f0-1d465f04b505 req-15d3c763-f127-4ce2-b6f0-1d465f04b505 ] Request (FlavorsAccessTestJSON:_run_cleanups): 200 GET http://10.180.1.21/compute/v2.1/flavors/detail 0.845s
2025-01-15 13:45:46.139 68382 INFO tempest.lib.common.rest_client [req-fe74f3ef-e9fc-40c3-8f93-009d7605600b req-fe74f3ef-e9fc-40c3-8f93-009d7605600b ] Request (HypervisorAdminNegativeTestJSON:test_show_hypervisor_with_non_admin_user): 403 GET http://10.180.1.21/compute/v2.1/os-hypervisors/1 0.831s
2025-01-15 13:45:46.204 68402 INFO tempest.lib.common.rest_client [req-368a1ef5-d929-44cd-b46b-1a91e7275a57 req-368a1ef5-d929-44cd-b46b-1a91e7275a57 ] Request (FlavorsV255TestJSON:tearDownClass): 204 DELETE http://10.180.1.21/identity/v3/users/294dd7aa3da340b3a5b88e1a1daf5488 0.364s
2025-01-15 13:45:46.214 68392 INFO tempest.lib.common.rest_client [req-d6453ac3-4aed-418a-a741-4044bd32b0b5 req-d6453ac3-4aed-418a-a741-4044bd32b0b5 ] Request (AttachInterfacesUnderV243Test:setUpClass): 201 POST http://10.180.1.21/identity/v3/auth/tokens 0.219s
2025-01-15 13:45:46.233 68388 INFO tempest.lib.common.rest_client [req-cd29eba7-e3d9-4e98-a0ce-fdf8720d64f5 req-cd29eba7-e3d9-4e98-a0ce-fdf8720d64f5 ] Request (ServersTestFqdnHostnames:test_create_server_with_fqdn_name): 200 GET http://10.180.1.21/compute/v2.1/servers/8f3c6230-2a8f-4b97-9fef-7df63b159e42 0.704s
2025-01-15 13:45:46.244 68388 INFO tempest.common.waiters [-] State transition "BUILD/None" ==> "BUILD/block_device_mapping" after 7 second wait
2025-01-15 13:45:46.254 68410 INFO tempest.lib.common.rest_client [req-becca922-c25f-4927-ae5a-146560675d65 req-becca922-c25f-4927-ae5a-146560675d65 ] Request (ServersWithSpecificFlavorTestJSON:test_verify_created_server_ephemeral_disk): 200 POST http://10.180.1.21/compute/v2.1/flavors 0.677s
2025-01-15 13:45:46.259 68426 INFO tempest.lib.common.rest_client [req-de650852-95f6-47d7-ac68-d986f3326950 req-de650852-95f6-47d7-ac68-d986f3326950 ] Request (FlavorsV261TestJSON:tearDownClass): 201 POST http://10.180.1.21/identity/v3/auth/tokens 0.224s
2025-01-15 13:45:46.270 68420 INFO tempest.lib.common.rest_client [req-2116a873-7657-4913-8370-0087ca77d63f req-2116a873-7657-4913-8370-0087ca77d63f ] Request (FlavorsAccessNegativeTestJSON:test_flavor_access_list_with_public_flavor): 200 POST http://10.180.1.21/compute/v2.1/flavors 0.653s
2025-01-15 13:45:46.271 68434 INFO tempest.lib.common.rest_client [req-7acfdbc7-ed13-432f-9c8c-16167d356293 req-7acfdbc7-ed13-432f-9c8c-16167d356293 ] Request (VolumesAdminNegativeTest:test_update_attached_volume_with_nonexistent_volume_in_body): 201 POST http://10.180.1.21:9696/networking/v2.0/floatingips 1.444s
2025-01-15 13:45:46.273 68396 INFO tempest.lib.common.rest_client [req-ed61ccd8-b69f-460c-8e4c-ce2b17513e02 req-ed61ccd8-b69f-460c-8e4c-ce2b17513e02 ] Request (InstanceUsageAuditLogTestJSON:setUpClass): 200 GET http://10.180.1.21/identity/v3/roles 0.145s
2025-01-15 13:45:46.291 68390 INFO tempest.lib.common.rest_client [req-1449e7dc-a745-4098-b1aa-277f1973bf1c req-1449e7dc-a745-4098-b1aa-277f1973bf1c ] Request (HostsAdminTestJSON:test_list_hosts_with_zone): 200 GET http://10.180.1.21/compute/v2.1/os-hosts?zone=internal 0.669s
2025-01-15 13:45:46.317 68400 INFO tempest.lib.common.rest_client [req-a8d621a2-e6fb-47d2-8a4e-3d687adac247 req-a8d621a2-e6fb-47d2-8a4e-3d687adac247 ] Request (HypervisorAdminNegativeUnderV252Test:tearDownClass): 204 DELETE http://10.180.1.21:9696/networking/v2.0/security-groups/8617c307-a198-4286-acf9-3ed4945246ea 0.253s
2025-01-15 13:45:46.349 68402 INFO tempest.lib.common.rest_client [req-0123c69f-e17d-4acf-a0f1-c967d0382b73 req-0123c69f-e17d-4acf-a0f1-c967d0382b73 ] Request (FlavorsV255TestJSON:tearDownClass): 204 DELETE http://10.180.1.21/identity/v3/users/def5532c708946a093e98267040f431e 0.144s
2025-01-15 13:45:46.349 68402 INFO tempest.lib.common.dynamic_creds [-] Deleting project and security group for project: f2282fae87dd4c14b5858c6005a37644
2025-01-15 13:45:46.413 68392 INFO tempest.lib.common.rest_client [req-6a256870-16b7-482e-adb6-e2a8c4e6bc2c req-6a256870-16b7-482e-adb6-e2a8c4e6bc2c ] Request (AttachInterfacesUnderV243Test:setUpClass): 201 POST http://10.180.1.21/identity/v3/auth/tokens 0.196s
2025-01-15 13:45:46.442 68396 INFO tempest.lib.common.rest_client [req-0d4bc182-992d-47b4-a931-3717ea363368 req-0d4bc182-992d-47b4-a931-3717ea363368 ] Request (InstanceUsageAuditLogTestJSON:setUpClass): 204 PUT http://10.180.1.21/identity/v3/projects/ec3d848d06a44d0da066744a46d7ba4a/users/916c547f17ca4cb4bfb51bd27ad991fb/roles/15274ba74fe24a5b86263b919eed2daf 0.168s
2025-01-15 13:45:46.460 68384 INFO tempest.lib.common.rest_client [req-20bf9438-b255-49f2-8225-f6d987de7ef7 req-20bf9438-b255-49f2-8225-f6d987de7ef7 ] Request (ServicesAdminNegativeTestJSON:tearDownClass): 204 DELETE http://10.180.1.21:9696/networking/v2.0/security-groups/ea60ce24-539c-4d09-92e4-ae3ca9e3a243 0.331s
2025-01-15 13:45:46.521 68422 INFO tempest.lib.common.rest_client [req-b1303a89-d3bf-410b-9b8d-213965036592 req-b1303a89-d3bf-410b-9b8d-213965036592 ] Request (QuotasAdminTestV236:test_get_updated_quotas): 200 GET http://10.180.1.21/compute/v2.1/os-quota-sets/2d9582c71b8245bd992ab5b777407fda/detail 1.274s
2025-01-15 13:45:46.635 68413 INFO tempest.lib.common.rest_client [req-64ed3fcb-f8f4-4c8a-a924-9f812e1321ba req-64ed3fcb-f8f4-4c8a-a924-9f812e1321ba ] Request (AggregatesAdminNegativeTestJSON:test_aggregate_add_host_as_user): 403 POST http://10.180.1.21/compute/v2.1/os-aggregates/2/action 0.988s
2025-01-15 13:45:46.642 68400 INFO tempest.lib.common.rest_client [req-9af9ac39-7e83-4d2c-806d-e8978e71c39b req-9af9ac39-7e83-4d2c-806d-e8978e71c39b ] Request (HypervisorAdminNegativeUnderV252Test:tearDownClass): 204 DELETE http://10.180.1.21/identity/v3/projects/f127cbf0741e4a62b78a86f15f7defb6 0.324s
2025-01-15 13:45:46.657 68378 INFO tempest.lib.common.rest_client [req-a7de85b7-4701-4dfd-bb25-f63b474e620a req-a7de85b7-4701-4dfd-bb25-f63b474e620a ] Request (KeyPairsV210TestJSON:_run_cleanups): 204 DELETE http://10.180.1.21/compute/v2.1/os-keypairs/tempest-keypair-432162681?user_id=c8279c3f95b64ceaaa22d3a1fa2f90be 0.995s
2025-01-15 13:45:46.676 68440 INFO tempest.lib.common.rest_client [req-8c4b70f9-9acc-4f0d-aaff-43aae861f319 req-8c4b70f9-9acc-4f0d-aaff-43aae861f319 ] Request (FlavorsV2TestJSON:test_list_flavors_filter_by_min_disk): 200 GET http://10.180.1.21/compute/v2.1/flavors/42 0.968s
2025-01-15 13:45:46.686 68434 INFO tempest.lib.common.rest_client [req-b0a2a1fb-2697-4ac5-9fea-2b07b12d1536 req-b0a2a1fb-2697-4ac5-9fea-2b07b12d1536 ] Request (VolumesAdminNegativeTest:test_update_attached_volume_with_nonexistent_volume_in_body): 201 POST http://10.180.1.21/identity/v3/auth/tokens 0.359s
2025-01-15 13:45:46.686 68434 INFO tempest.lib.common.fixed_network [-] (VolumesAdminNegativeTest:test_update_attached_volume_with_nonexistent_volume_in_body) Found network {'id': '2ae2de1f-3253-4655-9ae2-12d99a31ff38', 'name': 'tempest-VolumesAdminNegativeTest-521811378-network', 'tenant_id': '6f8606c9cc9f453bb36f335bde96b502', 'admin_state_up': True, 'mtu': 8950, 'status': 'ACTIVE', 'subnets': [], 'shared': False, 'project_id': '6f8606c9cc9f453bb36f335bde96b502', 'port_security_enabled': True, 'router:external': False, 'provider:network_type': 'vlan', 'provider:physical_network': 'default', 'provider:segmentation_id': 499, 'availability_zone_hints': [], 'availability_zones': [], 'ipv4_address_scope': None, 'ipv6_address_scope': None, 'description': '', 'tags': [], 'created_at': '2025-01-15T13:45:31Z', 'updated_at': '2025-01-15T13:45:31Z', 'revision_number': 1} available for tenant
2025-01-15 13:45:46.697 68402 INFO tempest.lib.common.rest_client [req-e95fccc6-d948-4018-bc72-10438bdf3301 req-e95fccc6-d948-4018-bc72-10438bdf3301 ] Request (FlavorsV255TestJSON:tearDownClass): 201 POST http://10.180.1.21/identity/v3/auth/tokens 0.345s
2025-01-15 13:45:46.718 68396 INFO tempest.lib.common.rest_client [req-1ac86d87-58ae-4ab6-bc7b-ee88510c6550 req-1ac86d87-58ae-4ab6-bc7b-ee88510c6550 ] Request (InstanceUsageAuditLogTestJSON:setUpClass): 200 GET http://10.180.1.21/identity/v3/roles 0.275s
2025-01-15 13:45:46.743 68392 INFO tempest.lib.common.rest_client [req-033222fc-7bc9-478c-b95c-ac0140cedc33 req-033222fc-7bc9-478c-b95c-ac0140cedc33 ] Request (AttachInterfacesUnderV243Test:setUpClass): 200 GET http://10.180.1.21/identity/v3/domains?name=Default 0.329s
2025-01-15 13:45:46.749 68438 INFO tempest.lib.common.rest_client [req-c7a9a5fe-5aaf-4d7d-9e86-deeb0ddabee0 req-c7a9a5fe-5aaf-4d7d-9e86-deeb0ddabee0 ] Request (SecurityGroupsTestJSON:test_list_security_groups_by_server): 200 GET http://10.180.1.21/compute/v2.1/servers/674e7329-baf4-4f64-9c93-eaa001eb5472 1.019s
2025-01-15 13:45:46.817 68384 INFO tempest.lib.common.rest_client [req-4eb1cadb-fa66-453f-855d-19f8b7792095 req-4eb1cadb-fa66-453f-855d-19f8b7792095 ] Request (ServicesAdminNegativeTestJSON:tearDownClass): 204 DELETE http://10.180.1.21/identity/v3/projects/2059cda7f437407d8755de7109abe2b3 0.357s
2025-01-15 13:45:46.882 68400 INFO tempest.lib.common.rest_client [req-f03d14ca-5db8-4cf1-922d-7fbd52556e91 req-f03d14ca-5db8-4cf1-922d-7fbd52556e91 ] Request (ServerDiagnosticsNegativeTest:setUpClass): 201 POST http://10.180.1.21/identity/v3/auth/tokens 0.238s
2025-01-15 13:45:46.903 68422 INFO tempest.lib.common.rest_client [req-c11167ae-b047-49a1-a845-7103d188dce0 req-c11167ae-b047-49a1-a845-7103d188dce0 ] Request (QuotasAdminTestV236:test_get_updated_quotas): 200 GET http://10.180.1.21/identity/v3/domains?name=Default 0.367s
2025-01-15 13:45:46.928 68386 INFO tempest.lib.common.rest_client [req-b8ef6479-49c3-4a59-91a2-c7765335f24a req-b8ef6479-49c3-4a59-91a2-c7765335f24a ] Request (ImagesMetadataTestJSON:setUp): 200 PUT http://10.180.1.21/compute/v2.1/images/f21fe0fa-b890-449c-bc25-492a62095259/metadata 1.116s
2025-01-15 13:45:46.934 68396 INFO tempest.lib.common.rest_client [req-e2f6fef5-ce38-490a-8af0-aec5b96552da req-e2f6fef5-ce38-490a-8af0-aec5b96552da ] Request (InstanceUsageAuditLogTestJSON:setUpClass): 204 PUT http://10.180.1.21/identity/v3/projects/ec3d848d06a44d0da066744a46d7ba4a/users/916c547f17ca4cb4bfb51bd27ad991fb/roles/15274ba74fe24a5b86263b919eed2daf 0.215s
2025-01-15 13:45:46.934 68396 INFO tempest.lib.common.dynamic_creds [-] Dynamic test user 916c547f17ca4cb4bfb51bd27ad991fb is created with scope project and roles: ['admin']
2025-01-15 13:45:46.934 68396 INFO tempest.lib.common.dynamic_creds [-] Acquired dynamic creds: credentials: Credentials: {'domain_id': 'default', 'domain_name': 'Default', 'username': 'tempest-InstanceUsageAuditLogTestJSON-2016447459-project-admin', 'project_domain_id': 'default', 'project_domain_name': 'Default', 'project_id': 'ec3d848d06a44d0da066744a46d7ba4a', 'project_name': 'tempest-InstanceUsageAuditLogTestJSON-2016447459', 'tenant_id': 'ec3d848d06a44d0da066744a46d7ba4a', 'tenant_name': 'tempest-InstanceUsageAuditLogTestJSON-2016447459', 'user_domain_id': 'default', 'user_domain_name': 'Default', 'user_id': '916c547f17ca4cb4bfb51bd27ad991fb', 'system': None}, Network: None, Subnet: None, Router: None
