2025-01-15 13:46:16.364 68430 INFO tempest.lib.common.rest_client [req-66d540df-7545-4b91-92d9-6522f4f6830c req-66d540df-7545-4b91-92d9-6522f4f6830c ] Request (QuotasAdminTestV257:tearDownClass): 204 DELETE http://10.180.1.21/identity/v3/users/ed8453cb276d420581e093bf1e09098c 0.183s
2025-01-15 13:46:16.364 68430 INFO tempest.lib.common.dynamic_creds [-] Deleting project and security group for project: adb2727b924c465a840c78f7131bed6f
2025-01-15 13:46:16.371 68392 INFO tempest.lib.common.rest_client [req-ad9a1a6c-c571-43d4-b900-a6c355417df1 req-ad9a1a6c-c571-43d4-b900-a6c355417df1 ] Request (AttachInterfacesUnderV243Test:test_add_remove_fixed_ip): 200 GET http://10.180.1.21/compute/v2.1/servers/a2e638a5-ed5f-4abc-a898-202664e2ed69 1.181s
2025-01-15 13:46:16.424 68430 INFO tempest.lib.common.rest_client [req-24bf4fb0-aa32-4cb8-9562-21e06cef738a req-24bf4fb0-aa32-4cb8-9562-21e06cef738a ] Request (QuotasAdminTestV257:tearDownClass): 201 POST http://10.180.1.21/identity/v3/auth/tokens 0.059s
2025-01-15 13:46:16.453 68422 INFO tempest.lib.common.rest_client [req-c821c816-b032-443b-a523-351630dc3072 req-c821c816-b032-443b-a523-351630dc3072 ] Request (ServerPasswordTestJSON:setUpClass): 200 GET http://10.180.1.21/compute/v2.1/servers/53dda0cf-f670-45a3-80a2-4081352e5afb 1.193s
2025-01-15 13:46:16.457 68418 INFO tempest.lib.common.rest_client [req-361d771b-2518-4926-a012-944da83db541 req-361d771b-2518-4926-a012-944da83db541 ] Request (FloatingIPsTestJSON:tearDownClass): 204 DELETE http://10.180.1.21:9696/networking/v2.0/security-groups/8b2e156f-2472-4604-85f7-264ad1d016c6 0.216s
2025-01-15 13:46:16.460 68378 INFO tempest.lib.common.rest_client [req-af1f5321-789f-4fb1-b67a-f14cc0d980f4 req-af1f5321-789f-4fb1-b67a-f14cc0d980f4 ] Request (SecurityGroupsNegativeTestJSON:tearDownClass): 204 DELETE http://10.180.1.21:9696/networking/v2.0/routers/856b111d-d6f6-4e69-88e1-13fa3ac3cc64 0.874s
2025-01-15 13:46:16.482 68413 INFO tempest.lib.common.rest_client [req-01c11434-cf64-48f0-961c-1608238f6040 req-01c11434-cf64-48f0-961c-1608238f6040 ] Request (AggregatesAdminNegativeTestJSON:test_aggregate_get_details_as_user): 200 POST http://10.180.1.21/compute/v2.1/os-aggregates 1.222s
2025-01-15 13:46:16.551 68418 INFO tempest.lib.common.rest_client [req-48d089b2-b674-4fe5-b6b5-ffab04902e4a req-48d089b2-b674-4fe5-b6b5-ffab04902e4a ] Request (FloatingIPsTestJSON:tearDownClass): 204 DELETE http://10.180.1.21/identity/v3/projects/548d4476f8ed43f396489504e827fd51 0.091s
2025-01-15 13:46:16.582 68396 INFO tempest.lib.common.rest_client [req-a8d64f79-adc6-469f-8ea0-65dc3abcef05 req-a8d64f79-adc6-469f-8ea0-65dc3abcef05 ] Request (KeyPairsNegativeTestJSON:tearDownClass): 200 GET http://10.180.1.21:9696/networking/v2.0/security-groups?tenant_id=a5af1049fee34e50bb6b71c2293111a5&name=default 0.500s
2025-01-15 13:46:16.621 68418 INFO tempest.lib.common.rest_client [req-bb987cf7-d5fb-484b-9dfe-a2c452d09afa req-bb987cf7-d5fb-484b-9dfe-a2c452d09afa ] Request (InstanceActionsV221TestJSON:setUpClass): 201 POST http://10.180.1.21/identity/v3/auth/tokens 0.068s
2025-01-15 13:46:16.634 68378 INFO tempest.lib.common.rest_client [req-237ff304-53bb-4c7d-af08-650b0faf5a23 req-237ff304-53bb-4c7d-af08-650b0faf5a23 ] Request (SecurityGroupsNegativeTestJSON:tearDownClass): 204 DELETE http://10.180.1.21:9696/networking/v2.0/subnets/5320a1cb-defa-46ea-ae7c-1a452c04c1eb 0.174s
2025-01-15 13:46:16.659 68418 INFO tempest.lib.common.rest_client [req-56fa74c0-a378-44cb-820a-3fe2aeeda439 req-56fa74c0-a378-44cb-820a-3fe2aeeda439 ] Request (InstanceActionsV221TestJSON:setUpClass): 201 POST http://10.180.1.21/identity/v3/auth/tokens 0.035s
2025-01-15 13:46:16.677 68420 INFO tempest.lib.common.rest_client [req-c2470ecb-d402-4b3e-a0a6-9f38d1cf38dd req-c2470ecb-d402-4b3e-a0a6-9f38d1cf38dd ] Request (FlavorsAccessNegativeTestJSON:test_remove_flavor_access_not_found): 404 POST http://10.180.1.21/compute/v2.1/flavors/1103512116/action 1.328s
2025-01-15 13:46:16.684 68390 INFO tempest.lib.common.rest_client [req-3f11eee8-ded6-4f4e-ac7e-f6f3e620f2b3 req-3f11eee8-ded6-4f4e-ac7e-f6f3e620f2b3 ] Request (HostsAdminNegativeTestJSON:test_update_host_with_invalid_maintenance_mode): 400 PUT http://10.180.1.21/compute/v2.1/os-hosts/devstack 1.046s
2025-01-15 13:46:16.689 68418 INFO tempest.lib.common.rest_client [req-6f58c4f5-2f08-4f3a-918d-d73a7a544782 req-6f58c4f5-2f08-4f3a-918d-d73a7a544782 ] Request (InstanceActionsV221TestJSON:setUpClass): 200 GET http://10.180.1.21/identity/v3/domains?name=Default 0.030s
2025-01-15 13:46:16.732 68418 INFO tempest.lib.common.rest_client [req-3c67a4e6-a77c-4497-ab54-ecc44e73f51d req-3c67a4e6-a77c-4497-ab54-ecc44e73f51d ] Request (InstanceActionsV221TestJSON:setUpClass): 201 POST http://10.180.1.21/identity/v3/projects 0.042s
2025-01-15 13:46:16.755 68384 INFO tempest.lib.common.rest_client [req-c5c2c50b-9d64-4ece-90b4-2aef5002b791 req-c5c2c50b-9d64-4ece-90b4-2aef5002b791 ] Request (ServerActionsV293TestJSON:setUpClass): 200 GET http://10.180.1.21/volume/v3/volumes/434c5f1f-a6ab-4457-823e-7068558b628d 0.040s
2025-01-15 13:46:16.824 68418 INFO tempest.lib.common.rest_client [req-977cbea8-f649-48bb-8743-75c8ef41582f req-977cbea8-f649-48bb-8743-75c8ef41582f ] Request (InstanceActionsV221TestJSON:setUpClass): 201 POST http://10.180.1.21/identity/v3/users 0.091s
2025-01-15 13:46:16.846 68418 INFO tempest.lib.common.rest_client [req-d9fcc8bf-705a-4d14-bcb5-f15738c089ed req-d9fcc8bf-705a-4d14-bcb5-f15738c089ed ] Request (InstanceActionsV221TestJSON:setUpClass): 200 GET http://10.180.1.21/identity/v3/roles 0.021s
2025-01-15 13:46:16.888 68430 INFO tempest.lib.common.rest_client [req-8b0892f6-b50f-44a4-bdf9-a990467cd1e1 req-8b0892f6-b50f-44a4-bdf9-a990467cd1e1 ] Request (QuotasAdminTestV257:tearDownClass): 200 GET http://10.180.1.21:9696/networking/v2.0/security-groups?tenant_id=adb2727b924c465a840c78f7131bed6f&name=default 0.464s
2025-01-15 13:46:16.898 68418 INFO tempest.lib.common.rest_client [req-606ce8f8-a37d-45a4-ac73-966c425c3c30 req-606ce8f8-a37d-45a4-ac73-966c425c3c30 ] Request (InstanceActionsV221TestJSON:setUpClass): 204 PUT http://10.180.1.21/identity/v3/projects/729c4528a35943eeb9473c37a34addac/users/8c3ff7c5f4d848c9ad1b9f0a0e1a7ce6/roles/582868ad0ee94c789ba2fd0b11c421c7 0.051s
2025-01-15 13:46:16.898 68418 INFO tempest.lib.common.dynamic_creds [-] Dynamic test user 8c3ff7c5f4d848c9ad1b9f0a0e1a7ce6 is created with scope project and roles: ['member']
2025-01-15 13:46:16.899 68418 INFO tempest.lib.common.dynamic_creds [-] Acquired dynamic creds: credentials: Credentials: {'domain_id': 'default', 'domain_name': 'Default', 'username': 'tempest-InstanceActionsV221TestJSON-496225329-project-member', 'project_domain_id': 'default', 'project_domain_name': 'Default', 'project_id': '729c4528a35943eeb9473c37a34addac', 'project_name': 'tempest-InstanceActionsV221TestJSON-496225329', 'tenant_id': '729c4528a35943eeb9473c37a34addac', 'tenant_name': 'tempest-InstanceActionsV221TestJSON-496225329', 'user_domain_id': 'default', 'user_domain_name': 'Default', 'user_id': '8c3ff7c5f4d848c9ad1b9f0a0e1a7ce6', 'system': None}, Network: None, Subnet: None, Router: None
2025-01-15 13:46:16.927 68396 INFO tempest.lib.common.rest_client [req-8ac82c62-0a4d-4721-bea5-8cf655aee543 req-8ac82c62-0a4d-4721-bea5-8cf655aee543 ] Request (KeyPairsNegativeTestJSON:tearDownClass): 204 DELETE http://10.180.1.21:9696/networking/v2.0/security-groups/c9121987-23f4-4ee7-a0e3-bd5f7f4b49ee 0.344s
2025-01-15 13:46:16.933 68434 INFO tempest.lib.common.rest_client [req-63737492-93ba-45f7-b48d-5d1b57fd7590 req-63737492-93ba-45f7-b48d-5d1b57fd7590 ] Request (VolumesAdminNegativeTest:test_update_attached_volume_with_nonexistent_volume_in_body): 200 PUT http://10.180.1.21:9696/networking/v2.0/floatingips/9d2c7849-489f-426f-88d1-1403c807653a 1.078s
2025-01-15 13:46:16.935 68434 INFO tempest.lib.common.ssh [-] Creating ssh connection to '10.180.180.231:22' as 'cirros' with public key authentication
2025-01-15 13:46:16.987 68418 INFO tempest.lib.common.rest_client [req-95a6c5a9-c9ca-4e6b-b523-f77ff42cbb85 req-95a6c5a9-c9ca-4e6b-b523-f77ff42cbb85 ] Request (InstanceActionsV221TestJSON:setUpClass): 201 POST http://10.180.1.21/identity/v3/auth/tokens 0.088s
2025-01-15 13:46:16.993 68406 INFO tempest.lib.common.rest_client [req-fc3ebd74-9dcd-4a7e-96b6-9041c6b54b28 req-fc3ebd74-9dcd-4a7e-96b6-9041c6b54b28 ] Request (VolumesAssistedSnapshotsTest:test_volume_assisted_snapshot_create_delete): 200 GET http://10.180.1.21/compute/v2.1/servers/ee56e67a-afef-4534-b83e-edf3fd6995cf 1.347s
2025-01-15 13:46:17.098 68396 INFO tempest.lib.common.rest_client [req-53f5fb13-9bf5-4ce8-81b0-1ae4d03c6d97 req-53f5fb13-9bf5-4ce8-81b0-1ae4d03c6d97 ] Request (KeyPairsNegativeTestJSON:tearDownClass): 204 DELETE http://10.180.1.21/identity/v3/projects/a5af1049fee34e50bb6b71c2293111a5 0.171s
2025-01-15 13:46:17.137 68430 INFO tempest.lib.common.rest_client [req-83f25185-3ae5-4a42-ab89-2aa9b3be90fe req-83f25185-3ae5-4a42-ab89-2aa9b3be90fe ] Request (QuotasAdminTestV257:tearDownClass): 204 DELETE http://10.180.1.21:9696/networking/v2.0/security-groups/4f81cfce-a4fe-41e4-8be8-9ba04c7e1b7f 0.249s
2025-01-15 13:46:17.172 68396 INFO tempest.lib.common.rest_client [req-30dd1f26-70e1-46eb-a718-93ba10abb17c req-30dd1f26-70e1-46eb-a718-93ba10abb17c ] Request (ServerGroupTestJSON:setUpClass): 201 POST http://10.180.1.21/identity/v3/auth/tokens 0.072s
2025-01-15 13:46:17.205 68438 INFO tempest.lib.common.rest_client [req-0f028bcd-3221-498d-a3b3-21c301987f91 req-0f028bcd-3221-498d-a3b3-21c301987f91 ] Request (SecurityGroupsTestJSON:test_list_security_groups_by_server): 200 GET http://10.180.1.21/compute/v2.1/servers/674e7329-baf4-4f64-9c93-eaa001eb5472/os-security-groups 1.454s
2025-01-15 13:46:17.205 68396 INFO tempest.lib.common.rest_client [req-3c6c6cdc-fbe7-4664-afed-c2ca3a09eee6 req-3c6c6cdc-fbe7-4664-afed-c2ca3a09eee6 ] Request (ServerGroupTestJSON:setUpClass): 201 POST http://10.180.1.21/identity/v3/auth/tokens 0.029s
2025-01-15 13:46:17.228 68386 INFO tempest.lib.common.rest_client [req-d00cc538-a9b1-40e9-acbf-0281286f1644 req-d00cc538-a9b1-40e9-acbf-0281286f1644 ] Request (ImagesNegativeTestJSON:test_create_image_from_deleted_server): 202 POST http://10.180.1.21/compute/v2.1/servers 1.997s
2025-01-15 13:46:17.232 68426 INFO tempest.lib.common.rest_client [req-b07e6708-2e93-4dc2-aa71-7ee154b97f91 req-b07e6708-2e93-4dc2-aa71-7ee154b97f91 ] Request (ServersTestBootFromVolume:setUpClass): 200 GET http://10.180.1.21/volume/v3/volumes/1fe480de-f65e-412b-9094-60fa7faf9ae5 0.044s
2025-01-15 13:46:17.242 68378 INFO tempest.lib.common.rest_client [req-5a91ae43-78f6-4e13-ae8e-47688b6fdc41 req-5a91ae43-78f6-4e13-ae8e-47688b6fdc41 ] Request (SecurityGroupsNegativeTestJSON:tearDownClass): 204 DELETE http://10.180.1.21:9696/networking/v2.0/networks/2a59dd93-0408-47e2-be27-4eec68b42979 0.608s
2025-01-15 13:46:17.246 68396 INFO tempest.lib.common.rest_client [req-8b55fe62-4056-4ca7-94a1-909befca7a4f req-8b55fe62-4056-4ca7-94a1-909befca7a4f ] Request (ServerGroupTestJSON:setUpClass): 200 GET http://10.180.1.21/identity/v3/domains?name=Default 0.041s
2025-01-15 13:46:17.265 68430 INFO tempest.lib.common.rest_client [req-89136ece-98c4-4ba9-867b-34411f38490b req-89136ece-98c4-4ba9-867b-34411f38490b ] Request (QuotasAdminTestV257:tearDownClass): 204 DELETE http://10.180.1.21/identity/v3/projects/adb2727b924c465a840c78f7131bed6f 0.127s
2025-01-15 13:46:17.265 68430 INFO tempest.lib.common.dynamic_creds [-] Deleting project and security group for project: 841d71cef824401c81e6be0d39656952
2025-01-15 13:46:17.330 68396 INFO tempest.lib.common.rest_client [req-d031d3fa-cacf-4ec2-921e-88a034a0d2fa req-d031d3fa-cacf-4ec2-921e-88a034a0d2fa ] Request (ServerGroupTestJSON:setUpClass): 201 POST http://10.180.1.21/identity/v3/projects 0.083s
2025-01-15 13:46:17.360 68378 INFO tempest.lib.common.rest_client [req-800c51d5-ca58-4adc-a8fd-654ef798d278 req-800c51d5-ca58-4adc-a8fd-654ef798d278 ] Request (SecurityGroupsNegativeTestJSON:tearDownClass): 204 DELETE http://10.180.1.21/identity/v3/users/9d0edbb9274b408fa2400cce6daa9569 0.117s
2025-01-15 13:46:17.361 68378 INFO tempest.lib.common.dynamic_creds [-] Deleting project and security group for project: 0d4f407c32a048d9a2100f0440fff62f
2025-01-15 13:46:17.378 68430 INFO tempest.lib.common.rest_client [req-cfea414c-1153-4eb8-be07-2f279571751c req-cfea414c-1153-4eb8-be07-2f279571751c ] Request (QuotasAdminTestV257:tearDownClass): 200 GET http://10.180.1.21:9696/networking/v2.0/security-groups?tenant_id=841d71cef824401c81e6be0d39656952&name=default 0.112s
2025-01-15 13:46:17.416 68378 INFO tempest.lib.common.rest_client [req-ddede107-39ed-4159-8128-fc09ade4bcdc req-ddede107-39ed-4159-8128-fc09ade4bcdc ] Request (SecurityGroupsNegativeTestJSON:tearDownClass): 200 GET http://10.180.1.21:9696/networking/v2.0/security-groups?tenant_id=0d4f407c32a048d9a2100f0440fff62f&name=default 0.055s
2025-01-15 13:46:17.425 68396 INFO tempest.lib.common.rest_client [req-7353981f-9086-4017-a8c3-1cb99ac2e1d4 req-7353981f-9086-4017-a8c3-1cb99ac2e1d4 ] Request (ServerGroupTestJSON:setUpClass): 201 POST http://10.180.1.21/identity/v3/users 0.095s
2025-01-15 13:46:17.449 68396 INFO tempest.lib.common.rest_client [req-b2ad0ddc-6de0-4dd8-b685-bfbaba78b119 req-b2ad0ddc-6de0-4dd8-b685-bfbaba78b119 ] Request (ServerGroupTestJSON:setUpClass): 200 GET http://10.180.1.21/identity/v3/roles 0.024s
2025-01-15 13:46:17.458 68428 INFO tempest.lib.common.rest_client [req-61ffe41f-f7bb-48df-a635-d94208e6b64f req-61ffe41f-f7bb-48df-a635-d94208e6b64f ] Request (QuotasAdminTestJSON:test_get_default_quotas): 200 GET http://10.180.1.21/compute/v2.1/os-quota-sets/3656283d11e34eb1aff2a4e6ab250729/defaults 1.376s
2025-01-15 13:46:17.483 68416 INFO tempest.lib.common.rest_client [req-0caabd73-0a29-4ecc-a4e6-8c0d5e81acee req-0caabd73-0a29-4ecc-a4e6-8c0d5e81acee ] Request (ServicesAdminNegativeV253TestJSON:test_get_service_by_invalid_service_and_valid_host): 200 GET http://10.180.1.21/compute/v2.1/os-services 1.233s
2025-01-15 13:46:17.484 68396 INFO tempest.lib.common.rest_client [req-239f1366-87a3-44ab-9633-237d3fdcbfb2 req-239f1366-87a3-44ab-9633-237d3fdcbfb2 ] Request (ServerGroupTestJSON:setUpClass): 204 PUT http://10.180.1.21/identity/v3/projects/bb6298a1da9f458c8be22b2f77cc264b/users/eca02501b59d47ca808c76cac90728d6/roles/582868ad0ee94c789ba2fd0b11c421c7 0.034s
2025-01-15 13:46:17.484 68396 INFO tempest.lib.common.dynamic_creds [-] Dynamic test user eca02501b59d47ca808c76cac90728d6 is created with scope project and roles: ['member']
2025-01-15 13:46:17.484 68396 INFO tempest.lib.common.dynamic_creds [-] Acquired dynamic creds: credentials: Credentials: {'domain_id': 'default', 'domain_name': 'Default', 'username': 'tempest-ServerGroupTestJSON-977964667-project-member', 'project_domain_id': 'default', 'project_domain_name': 'Default', 'project_id': 'bb6298a1da9f458c8be22b2f77cc264b', 'project_name': 'tempest-ServerGroupTestJSON-977964667', 'tenant_id': 'bb6298a1da9f458c8be22b2f77cc264b', 'tenant_name': 'tempest-ServerGroupTestJSON-977964667', 'user_domain_id': 'default', 'user_domain_name': 'Default', 'user_id': 'eca02501b59d47ca808c76cac90728d6', 'system': None}, Network: None, Subnet: None, Router: None
2025-01-15 13:46:17.530 68430 INFO tempest.lib.common.rest_client [req-cfa92860-82ce-4892-9329-a8fc22c8d231 req-cfa92860-82ce-4892-9329-a8fc22c8d231 ] Request (QuotasAdminTestV257:tearDownClass): 204 DELETE http://10.180.1.21:9696/networking/v2.0/security-groups/ae52b3d2-c250-48cb-bb9a-9709e7835b55 0.151s
2025-01-15 13:46:17.535 68428 INFO tempest.lib.common.rest_client [req-c1916718-2ac5-4969-87fa-40b343c10fc8 req-c1916718-2ac5-4969-87fa-40b343c10fc8 ] Request (QuotasAdminTestJSON:test_get_updated_quotas): 200 GET http://10.180.1.21/identity/v3/domains?name=Default 0.071s
2025-01-15 13:46:17.544 68396 INFO tempest.lib.common.rest_client [req-d3a78e47-5f2d-4eec-b029-eaa59622a606 req-d3a78e47-5f2d-4eec-b029-eaa59622a606 ] Request (ServerGroupTestJSON:setUpClass): 201 POST http://10.180.1.21/identity/v3/auth/tokens 0.059s
2025-01-15 13:46:17.552 68378 INFO tempest.lib.common.rest_client [req-5a5bc8f3-3120-43a5-8d50-a02f3b755e1f req-5a5bc8f3-3120-43a5-8d50-a02f3b755e1f ] Request (SecurityGroupsNegativeTestJSON:tearDownClass): 204 DELETE http://10.180.1.21:9696/networking/v2.0/security-groups/311e6df9-07b6-4458-add9-22cad95de7a6 0.136s
2025-01-15 13:46:17.583 68428 INFO tempest.lib.common.rest_client [req-8a78e17b-e23d-4f2a-8004-9e69cb74b013 req-8a78e17b-e23d-4f2a-8004-9e69cb74b013 ] Request (QuotasAdminTestJSON:test_get_updated_quotas): 201 POST http://10.180.1.21/identity/v3/projects 0.047s
2025-01-15 13:46:17.586 68418 INFO tempest.lib.common.rest_client [req-cc295a30-4284-4d40-895e-39f4d3b1ed93 req-cc295a30-4284-4d40-895e-39f4d3b1ed93 ] Request (InstanceActionsV221TestJSON:setUpClass): 201 POST http://10.180.1.21:9696/networking/v2.0/networks 0.598s
2025-01-15 13:46:17.632 68430 INFO tempest.lib.common.rest_client [req-e49eafe4-8cb1-4e7a-a4b3-64c621a003ca req-e49eafe4-8cb1-4e7a-a4b3-64c621a003ca ] Request (QuotasAdminTestV257:tearDownClass): 204 DELETE http://10.180.1.21/identity/v3/projects/841d71cef824401c81e6be0d39656952 0.101s
2025-01-15 13:46:17.645 68400 INFO tempest.lib.common.rest_client [req-2e5b5076-7922-43c8-b4e4-dd21ae6abb10 req-2e5b5076-7922-43c8-b4e4-dd21ae6abb10 ] Request (ServerDiagnosticsNegativeTest:test_get_server_diagnostics_by_non_admin): 200 GET http://10.180.1.21/compute/v2.1/servers/0b207809-f807-4fd8-906c-93308156ee3c 1.392s
2025-01-15 13:46:17.656 68400 INFO tempest.common.waiters [-] State transition "BUILD/spawning" ==> "ACTIVE/None" after 24 second wait
2025-01-15 13:46:17.665 68402 INFO tempest.lib.common.rest_client [req-fb17022d-c8f3-4fd4-9b2f-1238606f43a9 req-fb17022d-c8f3-4fd4-9b2f-1238606f43a9 ] Request (ImagesDeleteNegativeTestJSON:test_delete_image_with_invalid_image_id): 404 DELETE http://10.180.1.21/compute/v2.1/images/tempest-invalid-681420357 1.393s
2025-01-15 13:46:17.728 68378 INFO tempest.lib.common.rest_client [req-7c6befde-5f7c-4d8b-a7b3-a80f814c2fbc req-7c6befde-5f7c-4d8b-a7b3-a80f814c2fbc ] Request (SecurityGroupsNegativeTestJSON:tearDownClass): 204 DELETE http://10.180.1.21/identity/v3/projects/0d4f407c32a048d9a2100f0440fff62f 0.175s
2025-01-15 13:46:17.743 68436 INFO tempest.lib.common.rest_client [req-a21068e9-0f12-4b98-8d04-3f9475c82284 req-a21068e9-0f12-4b98-8d04-3f9475c82284 ] Request (ServerDiagnosticsTest:tearDownClass): 200 GET http://10.180.1.21/compute/v2.1/servers/7674b0de-f406-4afe-b34c-e1a6d9120ca8 1.411s
2025-01-15 13:46:17.753 68413 INFO tempest.lib.common.rest_client [req-bcb0e443-b0c3-4669-87d3-4caccb1ccb7f req-bcb0e443-b0c3-4669-87d3-4caccb1ccb7f ] Request (AggregatesAdminNegativeTestJSON:test_aggregate_get_details_as_user): 403 GET http://10.180.1.21/compute/v2.1/os-aggregates/6 1.268s
2025-01-15 13:46:17.773 68428 INFO tempest.lib.common.rest_client [req-b9af33ec-db03-42ce-9be5-a71f63b154df req-b9af33ec-db03-42ce-9be5-a71f63b154df ] Request (QuotasAdminTestJSON:test_get_updated_quotas): 200 GET http://10.180.1.21/identity/v3/domains?name=Default 0.190s
2025-01-15 13:46:17.792 68430 INFO tempest.lib.common.rest_client [req-e651f976-94dc-4738-a114-2b875e04f2e2 req-e651f976-94dc-4738-a114-2b875e04f2e2 ] Request (VolumesSnapshotsTestJSON:setUpClass): 201 POST http://10.180.1.21/identity/v3/auth/tokens 0.159s
2025-01-15 13:46:17.797 68378 INFO tempest.lib.common.rest_client [req-e95d105c-23ae-44bd-8ead-d02ec86eacee req-e95d105c-23ae-44bd-8ead-d02ec86eacee ] Request (ServerActionsTestOtherB:setUpClass): 201 POST http://10.180.1.21/identity/v3/auth/tokens 0.065s
2025-01-15 13:46:17.814 68384 INFO tempest.lib.common.rest_client [req-f8792290-23e7-4254-b157-b69ff05928de req-f8792290-23e7-4254-b157-b69ff05928de ] Request (ServerActionsV293TestJSON:setUpClass): 200 GET http://10.180.1.21/volume/v3/volumes/434c5f1f-a6ab-4457-823e-7068558b628d 0.050s
2025-01-15 13:46:17.830 68430 INFO tempest.lib.common.rest_client [req-a79f2219-583e-4c35-94a3-c7368dc2aba7 req-a79f2219-583e-4c35-94a3-c7368dc2aba7 ] Request (VolumesSnapshotsTestJSON:setUpClass): 201 POST http://10.180.1.21/identity/v3/auth/tokens 0.035s
2025-01-15 13:46:17.846 68378 INFO tempest.lib.common.rest_client [req-0c3eaed4-93dd-448d-8e84-e974bf6cd91e req-0c3eaed4-93dd-448d-8e84-e974bf6cd91e ] Request (ServerActionsTestOtherB:setUpClass): 201 POST http://10.180.1.21/identity/v3/auth/tokens 0.043s
2025-01-15 13:46:17.871 68430 INFO tempest.lib.common.rest_client [req-4f6e0143-8a57-41ff-8bb7-70fc31fbe8a8 req-4f6e0143-8a57-41ff-8bb7-70fc31fbe8a8 ] Request (VolumesSnapshotsTestJSON:setUpClass): 200 GET http://10.180.1.21/identity/v3/domains?name=Default 0.040s
2025-01-15 13:46:17.886 68378 INFO tempest.lib.common.rest_client [req-3cfaf422-3ae3-4444-8bd6-8221a59d2795 req-3cfaf422-3ae3-4444-8bd6-8221a59d2795 ] Request (ServerActionsTestOtherB:setUpClass): 200 GET http://10.180.1.21/identity/v3/domains?name=Default 0.039s
2025-01-15 13:46:17.916 68430 INFO tempest.lib.common.rest_client [req-382f39f5-1c32-408c-ae1f-459306514aee req-382f39f5-1c32-408c-ae1f-459306514aee ] Request (VolumesSnapshotsTestJSON:setUpClass): 201 POST http://10.180.1.21/identity/v3/projects 0.044s
2025-01-15 13:46:17.925 68410 INFO tempest.lib.common.rest_client [req-1e3a9497-f2f7-44a5-97d9-06e7e88063d4 req-1e3a9497-f2f7-44a5-97d9-06e7e88063d4 ] Request (ServersWithSpecificFlavorTestJSON:test_verify_created_server_ephemeral_disk): 200 GET http://10.180.1.21/compute/v2.1/servers/427b309f-7dd9-4b10-82bc-a88a0812abe9 1.356s
2025-01-15 13:46:17.935 68378 INFO tempest.lib.common.rest_client [req-fbd0a5dc-b84a-4c3f-83d6-f290015ebc6f req-fbd0a5dc-b84a-4c3f-83d6-f290015ebc6f ] Request (ServerActionsTestOtherB:setUpClass): 201 POST http://10.180.1.21/identity/v3/projects 0.048s
2025-01-15 13:46:17.949 68420 INFO tempest.lib.common.rest_client [req-bdbe9da4-72e7-4cab-a11d-4565a534515a req-bdbe9da4-72e7-4cab-a11d-4565a534515a ] Request (FlavorsAccessNegativeTestJSON:_run_cleanups): 202 DELETE http://10.180.1.21/compute/v2.1/flavors/1103512116 1.271s
2025-01-15 13:46:17.957 68390 INFO tempest.lib.common.rest_client [req-ee8c5439-7b9d-42cd-86d9-5340fe9f0604 req-ee8c5439-7b9d-42cd-86d9-5340fe9f0604 ] Request (HostsAdminNegativeTestJSON:test_update_host_with_invalid_status): 400 PUT http://10.180.1.21/compute/v2.1/os-hosts/devstack 1.272s
2025-01-15 13:46:18.000 68378 INFO tempest.lib.common.rest_client [req-32838349-bc60-4a7f-9bc8-55fa64e45d2d req-32838349-bc60-4a7f-9bc8-55fa64e45d2d ] Request (ServerActionsTestOtherB:setUpClass): 201 POST http://10.180.1.21/identity/v3/users 0.064s
2025-01-15 13:46:18.021 68430 INFO tempest.lib.common.rest_client [req-8036ec4e-c1d6-4c55-8689-9a82d6abc6ad req-8036ec4e-c1d6-4c55-8689-9a82d6abc6ad ] Request (VolumesSnapshotsTestJSON:setUpClass): 201 POST http://10.180.1.21/identity/v3/users 0.104s
2025-01-15 13:46:18.022 68378 INFO tempest.lib.common.rest_client [req-60c062bc-ea78-41fc-82d1-ac1ef6c49090 req-60c062bc-ea78-41fc-82d1-ac1ef6c49090 ] Request (ServerActionsTestOtherB:setUpClass): 200 GET http://10.180.1.21/identity/v3/roles 0.022s
2025-01-15 13:46:18.033 68440 INFO tempest.lib.common.rest_client [req-d2205ee8-c17d-4477-b505-bc2a1a95b9fe req-d2205ee8-c17d-4477-b505-bc2a1a95b9fe ] Request (ServerAddressesNegativeTestJSON:setUpClass): 200 GET http://10.180.1.21/compute/v2.1/servers/79c75d3b-3d29-4c76-b9c6-d0571bbc6019 1.263s
2025-01-15 13:46:18.051 68430 INFO tempest.lib.common.rest_client [req-18a64597-8616-495a-8057-0bce1dfcb8da req-18a64597-8616-495a-8057-0bce1dfcb8da ] Request (VolumesSnapshotsTestJSON:setUpClass): 200 GET http://10.180.1.21/identity/v3/roles 0.029s
2025-01-15 13:46:18.064 68378 INFO tempest.lib.common.rest_client [req-18417c11-535e-4ed6-9c02-e3bcd31c3f9c req-18417c11-535e-4ed6-9c02-e3bcd31c3f9c ] Request (ServerActionsTestOtherB:setUpClass): 204 PUT http://10.180.1.21/identity/v3/projects/353a7917021e41568bce386c0ee5f45a/users/235b98c5656f470b9d12403455ed3a61/roles/582868ad0ee94c789ba2fd0b11c421c7 0.041s
2025-01-15 13:46:18.064 68378 INFO tempest.lib.common.dynamic_creds [-] Dynamic test user 235b98c5656f470b9d12403455ed3a61 is created with scope project and roles: ['member']
2025-01-15 13:46:18.064 68378 INFO tempest.lib.common.dynamic_creds [-] Acquired dynamic creds: credentials: Credentials: {'domain_id': 'default', 'domain_name': 'Default', 'username': 'tempest-ServerActionsTestOtherB-206350135-project-member', 'project_domain_id': 'default', 'project_domain_name': 'Default', 'project_id': '353a7917021e41568bce386c0ee5f45a', 'project_name': 'tempest-ServerActionsTestOtherB-206350135', 'tenant_id': '353a7917021e41568bce386c0ee5f45a', 'tenant_name': 'tempest-ServerActionsTestOtherB-206350135', 'user_domain_id': 'default', 'user_domain_name': 'Default', 'user_id': '235b98c5656f470b9d12403455ed3a61', 'system': None}, Network: None, Subnet: None, Router: None
2025-01-15 13:46:18.071 68382 INFO tempest.lib.common.rest_client [req-49cc54ec-a3e2-4a77-8e67-ab597882a1df req-49cc54ec-a3e2-4a77-8e67-ab597882a1df ] Request (FloatingIPDetailsTestJSON:_run_cleanups): 202 DELETE http://10.180.1.21/compute/v2.1/os-floating-ips/a70a5e03-d132-4ef5-8c0a-755bfe692f83 1.848s
2025-01-15 13:46:18.074 68418 INFO tempest.lib.common.rest_client [req-cb46dd66-15d2-48ed-a31f-7d863588cdf4 req-cb46dd66-15d2-48ed-a31f-7d863588cdf4 ] Request (InstanceActionsV221TestJSON:setUpClass): 201 POST http://10.180.1.21:9696/networking/v2.0/subnets 0.487s
2025-01-15 13:46:18.118 68396 INFO tempest.lib.common.rest_client [req-ba1e5b89-3dfc-4afe-a9a3-200dd3fd4267 req-ba1e5b89-3dfc-4afe-a9a3-200dd3fd4267 ] Request (ServerGroupTestJSON:setUpClass): 201 POST http://10.180.1.21:9696/networking/v2.0/networks 0.573s
2025-01-15 13:46:18.129 68424 INFO tempest.lib.common.rest_client [req-51363b0b-6ac8-46f9-b770-fde597ce0bc6 req-51363b0b-6ac8-46f9-b770-fde597ce0bc6 ] Request (ServerExternalEventsTest:tearDownClass): 200 GET http://10.180.1.21/compute/v2.1/servers/a8d75cbd-7174-4b93-8735-f76278917633 1.244s
2025-01-15 13:46:18.153 68394 INFO tempest.lib.common.rest_client [req-ec11c41e-e546-41de-a7b1-4e3070fa8e47 req-ec11c41e-e546-41de-a7b1-4e3070fa8e47 ] Request (FloatingIPsAssociationTestJSON:test_associate_already_associated_floating_ip): 200 GET http://10.180.1.21/compute/v2.1/servers/cc56c223-6cd4-4a8a-9262-cbb952386f93 1.200s
2025-01-15 13:46:18.187 68378 INFO tempest.lib.common.rest_client [req-95df05a7-4aeb-4a6a-babf-11241f33962c req-95df05a7-4aeb-4a6a-babf-11241f33962c ] Request (ServerActionsTestOtherB:setUpClass): 201 POST http://10.180.1.21/identity/v3/auth/tokens 0.122s
2025-01-15 13:46:18.204 68404 INFO tempest.lib.common.rest_client [req-82ea7d4b-fffc-41eb-87f2-bd7c83a039a6 req-82ea7d4b-fffc-41eb-87f2-bd7c83a039a6 ] Request (TenantUsagesTestJSON:tearDownClass): 200 GET http://10.180.1.21/compute/v2.1/servers/008bb658-5840-4e78-8fcd-2ad8e6618dbd 1.181s
2025-01-15 13:46:18.266 68426 INFO tempest.lib.common.rest_client [req-fe6c89d6-2ac7-4528-85c2-0806e93945e0 req-fe6c89d6-2ac7-4528-85c2-0806e93945e0 ] Request (ServersTestBootFromVolume:setUpClass): 200 GET http://10.180.1.21/volume/v3/volumes/1fe480de-f65e-412b-9094-60fa7faf9ae5 0.026s
2025-01-15 13:46:18.267 68430 INFO tempest.lib.common.rest_client [req-db4f8910-afa8-414d-a3e7-56b3ecd590f1 req-db4f8910-afa8-414d-a3e7-56b3ecd590f1 ] Request (VolumesSnapshotsTestJSON:setUpClass): 204 PUT http://10.180.1.21/identity/v3/projects/d967607ef8ea479682ed5480d82a7392/users/6f6c1b2bcf04458a8d6f2c09680ecfbe/roles/582868ad0ee94c789ba2fd0b11c421c7 0.216s
2025-01-15 13:46:18.267 68430 INFO tempest.lib.common.dynamic_creds [-] Dynamic test user 6f6c1b2bcf04458a8d6f2c09680ecfbe is created with scope project and roles: ['member']
2025-01-15 13:46:18.268 68430 INFO tempest.lib.common.dynamic_creds [-] Acquired dynamic creds: credentials: Credentials: {'domain_id': 'default', 'domain_name': 'Default', 'username': 'tempest-VolumesSnapshotsTestJSON-1400273525-project-member', 'project_domain_id': 'default', 'project_domain_name': 'Default', 'project_id': 'd967607ef8ea479682ed5480d82a7392', 'project_name': 'tempest-VolumesSnapshotsTestJSON-1400273525', 'tenant_id': 'd967607ef8ea479682ed5480d82a7392', 'tenant_name': 'tempest-VolumesSnapshotsTestJSON-1400273525', 'user_domain_id': 'default', 'user_domain_name': 'Default', 'user_id': '6f6c1b2bcf04458a8d6f2c09680ecfbe', 'system': None}, Network: None, Subnet: None, Router: None
2025-01-15 13:46:18.268 68430 INFO tempest.lib.common.dynamic_creds [-] Created isolated network resources for: credentials: Credentials: {'domain_id': 'default', 'domain_name': 'Default', 'username': 'tempest-VolumesSnapshotsTestJSON-1400273525-project-member', 'project_domain_id': 'default', 'project_domain_name': 'Default', 'project_id': 'd967607ef8ea479682ed5480d82a7392', 'project_name': 'tempest-VolumesSnapshotsTestJSON-1400273525', 'tenant_id': 'd967607ef8ea479682ed5480d82a7392', 'tenant_name': 'tempest-VolumesSnapshotsTestJSON-1400273525', 'user_domain_id': 'default', 'user_domain_name': 'Default', 'user_id': '6f6c1b2bcf04458a8d6f2c09680ecfbe', 'system': None}, Network: None, Subnet: None, Router: None
2025-01-15 13:46:18.282 68380 INFO tempest.lib.common.rest_client [req-af43fa71-ff0a-4827-82b4-375d1eced3e7 req-af43fa71-ff0a-4827-82b4-375d1eced3e7 ] Request (ServersAaction247Test:test_create_backup): 200 GET http://10.180.1.21/compute/v2.1/servers/9eddd5b2-e125-488b-8be5-3896f136b197 1.073s
2025-01-15 13:46:18.345 68386 INFO tempest.lib.common.rest_client [req-c505698f-80c1-4c22-b1de-c863716bc47b req-c505698f-80c1-4c22-b1de-c863716bc47b ] Request (ImagesNegativeTestJSON:test_create_image_from_deleted_server): 200 GET http://10.180.1.21/compute/v2.1/servers/a1ecef73-6a92-4651-b0ba-b472f5029fd1 1.110s
2025-01-15 13:46:18.363 68430 INFO tempest.lib.common.rest_client [req-c1f1d10f-9753-401b-8b42-cd862cafd0d7 req-c1f1d10f-9753-401b-8b42-cd862cafd0d7 ] Request (VolumesSnapshotsTestJSON:setUpClass): 201 POST http://10.180.1.21/identity/v3/auth/tokens 0.091s
2025-01-15 13:46:18.392 68398 INFO tempest.lib.common.rest_client [req-3f69e85b-114e-4a65-930a-77a3fe7ab4f6 req-3f69e85b-114e-4a65-930a-77a3fe7ab4f6 ] Request (MigrationsAdminTest:test_list_migrations_in_flavor_resize_situation): 200 GET http://10.180.1.21/compute/v2.1/servers/6caf9898-a70f-4e51-93a5-c7bc4af8ad41 1.256s
2025-01-15 13:46:18.437 68408 INFO tempest.lib.common.rest_client [req-7c1442bb-0b05-426c-aa4c-c3ea0fd6f627 req-7c1442bb-0b05-426c-aa4c-c3ea0fd6f627 ] Request (ImagesOneServerTestJSON:test_create_delete_image): 200 GET http://10.180.1.21/compute/v2.1/images/020f4a0d-2924-4a6d-96f8-60d131f7ad14 1.126s
2025-01-15 13:46:18.453 68396 INFO tempest.lib.common.rest_client [req-c2f08a79-c8ba-4b4f-87c8-8fcdb8b4f84d req-c2f08a79-c8ba-4b4f-87c8-8fcdb8b4f84d ] Request (ServerGroupTestJSON:setUpClass): 201 POST http://10.180.1.21:9696/networking/v2.0/subnets 0.335s
2025-01-15 13:46:18.497 68432 INFO tempest.lib.common.rest_client [req-cd93dd23-8173-4a99-a343-28a73b9b7e7b req-cd93dd23-8173-4a99-a343-28a73b9b7e7b ] Request (DeleteServersAdminTestJSON:test_delete_server_while_in_error_state): 200 GET http://10.180.1.21/compute/v2.1/servers/94d4529e-9f02-4f11-b43f-691c9eb23848 1.184s
2025-01-15 13:46:18.538 68438 INFO tempest.lib.common.rest_client [req-19696f11-64f8-4399-b791-446fbb2d2f93 req-19696f11-64f8-4399-b791-446fbb2d2f93 ] Request (SecurityGroupsTestJSON:test_security_group_create_get_delete): 200 POST http://10.180.1.21/compute/v2.1/os-security-groups 1.273s
2025-01-15 13:46:18.568 68392 INFO tempest.lib.common.rest_client [req-3a165703-52a7-409a-b8f4-77f72a488b72 req-3a165703-52a7-409a-b8f4-77f72a488b72 ] Request (AttachInterfacesUnderV243Test:test_add_remove_fixed_ip): 200 GET http://10.180.1.21/compute/v2.1/servers/a2e638a5-ed5f-4abc-a898-202664e2ed69 1.187s
2025-01-15 13:46:18.578 68392 INFO tempest.common.waiters [-] State transition "BUILD/None" ==> "BUILD/networking" after 10 second wait
2025-01-15 13:46:18.589 68416 INFO tempest.lib.common.rest_client [req-208381b0-b445-4247-b8ed-0a0851e423b7 req-208381b0-b445-4247-b8ed-0a0851e423b7 ] Request (ServicesAdminNegativeV253TestJSON:test_get_service_by_invalid_service_and_valid_host): 200 GET http://10.180.1.21/compute/v2.1/os-services?host=devstack&binary=xxx 1.104s
2025-01-15 13:46:18.601 68422 INFO tempest.lib.common.rest_client [req-ace0f074-00ac-44af-8126-949e44e501ac req-ace0f074-00ac-44af-8126-949e44e501ac ] Request (ServerPasswordTestJSON:setUpClass): 200 GET http://10.180.1.21/compute/v2.1/servers/53dda0cf-f670-45a3-80a2-4081352e5afb 1.132s
2025-01-15 13:46:18.627 68400 INFO tempest.lib.common.rest_client [req-5537e8f0-1885-4cf9-9e52-afef70cb317d req-5537e8f0-1885-4cf9-9e52-afef70cb317d ] Request (ServerDiagnosticsNegativeTest:test_get_server_diagnostics_by_non_admin): 403 GET http://10.180.1.21/compute/v2.1/servers/0b207809-f807-4fd8-906c-93308156ee3c/diagnostics 0.970s
2025-01-15 13:46:18.630 68402 INFO tempest.lib.common.rest_client [req-dc5d207d-7b82-4d87-8b33-b95751afea52 req-dc5d207d-7b82-4d87-8b33-b95751afea52 ] Request (ImagesDeleteNegativeTestJSON:test_delete_non_existent_image): 404 DELETE http://10.180.1.21/compute/v2.1/images/15de590f-d858-4aab-ba81-8e4f3f138e19 0.964s
2025-01-15 13:46:18.646 68378 INFO tempest.lib.common.rest_client [req-c7d7492e-bb0b-4cec-92d6-9e39f0a174c9 req-c7d7492e-bb0b-4cec-92d6-9e39f0a174c9 ] Request (ServerActionsTestOtherB:setUpClass): 201 POST http://10.180.1.21:9696/networking/v2.0/networks 0.458s
2025-01-15 13:46:18.664 68413 INFO tempest.lib.common.rest_client [req-660146be-d6b8-4caa-a9bc-9d4f63f45961 req-660146be-d6b8-4caa-a9bc-9d4f63f45961 ] Request (AggregatesAdminNegativeTestJSON:_run_cleanups): 200 DELETE http://10.180.1.21/compute/v2.1/os-aggregates/6 0.909s
2025-01-15 13:46:18.695 68420 INFO tempest.lib.common.rest_client [req-d1a4d0f7-ad79-4d25-b388-b13d6f4337ad req-d1a4d0f7-ad79-4d25-b388-b13d6f4337ad ] Request (FlavorsAccessNegativeTestJSON:_run_cleanups): 200 GET http://10.180.1.21/compute/v2.1/flavors/detail 0.745s
2025-01-15 13:46:18.707 68390 INFO tempest.lib.common.rest_client [req-51fc82cd-0264-4263-84d1-b07adc9ad51e req-51fc82cd-0264-4263-84d1-b07adc9ad51e ] Request (HostsAdminNegativeTestJSON:test_update_host_with_non_admin_user): 403 PUT http://10.180.1.21/compute/v2.1/os-hosts/devstack 0.749s
2025-01-15 13:46:18.764 68402 INFO tempest.lib.common.rest_client [req-67248c09-14e0-490f-833b-fd5ad20ca04b req-67248c09-14e0-490f-833b-fd5ad20ca04b ] Request (ImagesDeleteNegativeTestJSON:tearDownClass): 204 DELETE http://10.180.1.21/identity/v3/users/02bcc7e756194fd0b6773a0daf80d1d0 0.133s
2025-01-15 13:46:18.765 68402 INFO tempest.lib.common.dynamic_creds [-] Deleting project and security group for project: 9573b4e55dac4a1d8a920d7c6f7982a3
2025-01-15 13:46:18.867 68384 INFO tempest.lib.common.rest_client [req-ff74c832-f85e-4fa5-a94b-0d475dfc9496 req-ff74c832-f85e-4fa5-a94b-0d475dfc9496 ] Request (ServerActionsV293TestJSON:setUpClass): 200 GET http://10.180.1.21/volume/v3/volumes/434c5f1f-a6ab-4457-823e-7068558b628d 0.037s
2025-01-15 13:46:18.901 68428 INFO tempest.lib.common.rest_client [req-7236b9d3-36d2-4860-a976-b8ef6085034b req-7236b9d3-36d2-4860-a976-b8ef6085034b ] Request (QuotasAdminTestJSON:test_get_updated_quotas): 200 PUT http://10.180.1.21/compute/v2.1/os-quota-sets/30c9792a00a948189399d3271e14a3a9 1.127s
2025-01-15 13:46:18.902 68406 INFO tempest.lib.common.rest_client [req-3846ad4f-c29d-42d9-abaa-7e98e8ef4f4c req-3846ad4f-c29d-42d9-abaa-7e98e8ef4f4c ] Request (VolumesAssistedSnapshotsTest:test_volume_assisted_snapshot_create_delete): 200 GET http://10.180.1.21/compute/v2.1/servers/ee56e67a-afef-4534-b83e-edf3fd6995cf 0.889s
2025-01-15 13:46:18.912 68402 INFO tempest.lib.common.rest_client [req-6d2aa3e3-e266-4a9f-b14e-8c49c2836ec1 req-6d2aa3e3-e266-4a9f-b14e-8c49c2836ec1 ] Request (ImagesDeleteNegativeTestJSON:tearDownClass): 201 POST http://10.180.1.21/identity/v3/auth/tokens 0.147s
2025-01-15 13:46:18.991 68420 INFO tempest.lib.common.rest_client [req-da6c545a-1c11-4ce3-b433-6560b3d5e8d7 req-da6c545a-1c11-4ce3-b433-6560b3d5e8d7 ] Request (FlavorsAccessNegativeTestJSON:tearDownClass): 204 DELETE http://10.180.1.21/identity/v3/users/d70b5bca944345ce8b26ab2f9308a534 0.288s
2025-01-15 13:46:19.127 68378 INFO tempest.lib.common.rest_client [req-70432b5b-2b30-478c-87e2-7c7f1b9af187 req-70432b5b-2b30-478c-87e2-7c7f1b9af187 ] Request (ServerActionsTestOtherB:setUpClass): 201 POST http://10.180.1.21:9696/networking/v2.0/subnets 0.480s
2025-01-15 13:46:19.159 68382 INFO tempest.lib.common.rest_client [req-0b9bd618-d92b-4594-a2e0-d127391869e0 req-0b9bd618-d92b-4594-a2e0-d127391869e0 ] Request (FloatingIPDetailsTestJSON:test_list_floating_ips): 200 GET http://10.180.1.21/compute/v2.1/os-floating-ips 1.085s
2025-01-15 13:46:19.198 68420 INFO tempest.lib.common.rest_client [req-0fddac3f-94de-4339-ad56-dca484c418a7 req-0fddac3f-94de-4339-ad56-dca484c418a7 ] Request (FlavorsAccessNegativeTestJSON:tearDownClass): 204 DELETE http://10.180.1.21/identity/v3/users/161dac2a4cd34cd6bcd77f945a3ca7ad 0.207s
2025-01-15 13:46:19.249 68438 INFO tempest.lib.common.rest_client [req-bb0b1f46-6ec9-40e3-86d3-bd507037959e req-bb0b1f46-6ec9-40e3-86d3-bd507037959e ] Request (SecurityGroupsTestJSON:test_security_group_create_get_delete): 200 GET http://10.180.1.21/compute/v2.1/os-security-groups/d8d2b92c-bb17-459c-bb4f-ef38a5002ec9 0.708s
2025-01-15 13:46:19.276 68416 INFO tempest.lib.common.rest_client [req-ad5d93d4-340b-41a1-9030-5396aa01eace req-ad5d93d4-340b-41a1-9030-5396aa01eace ] Request (ServicesAdminNegativeV253TestJSON:test_get_service_with_valid_service_and_invalid_host): 200 GET http://10.180.1.21/compute/v2.1/os-services 0.683s
2025-01-15 13:46:19.293 68430 INFO tempest.lib.common.rest_client [req-69e6fc57-79d7-4460-8c9b-725d34c5930c req-69e6fc57-79d7-4460-8c9b-725d34c5930c ] Request (VolumesSnapshotsTestJSON:test_volume_snapshot_create_get_list_delete): 200 POST http://10.180.1.21/compute/v2.1/os-volumes 0.928s
2025-01-15 13:46:19.307 68426 INFO tempest.lib.common.rest_client [req-74740590-fe52-415d-8454-4d80f49b638c req-74740590-fe52-415d-8454-4d80f49b638c ] Request (ServersTestBootFromVolume:setUpClass): 200 GET http://10.180.1.21/volume/v3/volumes/1fe480de-f65e-412b-9094-60fa7faf9ae5 0.034s
2025-01-15 13:46:19.308 68413 INFO tempest.lib.common.rest_client [req-8106abc7-4abb-4cf3-9f97-a2d62bb5c48a req-8106abc7-4abb-4cf3-9f97-a2d62bb5c48a ] Request (AggregatesAdminNegativeTestJSON:test_aggregate_get_details_with_invalid_id): 404 GET http://10.180.1.21/compute/v2.1/os-aggregates/-1 0.643s
2025-01-15 13:46:19.312 68420 INFO tempest.lib.common.rest_client [req-73722a04-04f3-4c66-82f9-34aab4cdd169 req-73722a04-04f3-4c66-82f9-34aab4cdd169 ] Request (FlavorsAccessNegativeTestJSON:tearDownClass): 204 DELETE http://10.180.1.21/identity/v3/users/724d251855b84d5683636b76a5771eb2 0.113s
2025-01-15 13:46:19.313 68420 INFO tempest.lib.common.dynamic_creds [-] Deleting project and security group for project: 2e0ae63897064a46a170abb83069768e
2025-01-15 13:46:19.314 68390 INFO tempest.lib.common.rest_client [req-a35a22f4-32f7-4ff9-af11-1221e0318c2e req-a35a22f4-32f7-4ff9-af11-1221e0318c2e ] Request (HostsAdminNegativeTestJSON:test_update_host_without_param): 400 PUT http://10.180.1.21/compute/v2.1/os-hosts/devstack 0.601s
2025-01-15 13:46:19.394 68400 INFO tempest.lib.common.rest_client [req-84d1cfe7-ad0e-442d-86bd-c7412026de4c req-84d1cfe7-ad0e-442d-86bd-c7412026de4c ] Request (ServerDiagnosticsNegativeTest:tearDownClass): 204 DELETE http://10.180.1.21/compute/v2.1/servers/0b207809-f807-4fd8-906c-93308156ee3c 0.763s
2025-01-15 13:46:19.411 68420 INFO tempest.lib.common.rest_client [req-d84094f7-dece-40f8-9ab2-b36e04491c20 req-d84094f7-dece-40f8-9ab2-b36e04491c20 ] Request (FlavorsAccessNegativeTestJSON:tearDownClass): 201 POST http://10.180.1.21/identity/v3/auth/tokens 0.098s
2025-01-15 13:46:19.426 68436 INFO tempest.lib.common.rest_client [req-65657670-0ee3-4641-95ea-1093291a9bfc req-65657670-0ee3-4641-95ea-1093291a9bfc ] Request (ServerDiagnosticsTest:tearDownClass): 200 GET http://10.180.1.21/compute/v2.1/servers/7674b0de-f406-4afe-b34c-e1a6d9120ca8 0.673s
2025-01-15 13:46:19.463 68418 INFO tempest.lib.common.rest_client [req-4c869797-1ebe-4ec3-8ea1-2b940eed2a61 req-4c869797-1ebe-4ec3-8ea1-2b940eed2a61 ] Request (InstanceActionsV221TestJSON:setUpClass): 201 POST http://10.180.1.21:9696/networking/v2.0/routers 1.389s
2025-01-15 13:46:19.510 68402 INFO tempest.lib.common.rest_client [req-396727f1-9f67-4f4f-878f-ddbb7cbe86d2 req-396727f1-9f67-4f4f-878f-ddbb7cbe86d2 ] Request (ImagesDeleteNegativeTestJSON:tearDownClass): 200 GET http://10.180.1.21:9696/networking/v2.0/security-groups?tenant_id=9573b4e55dac4a1d8a920d7c6f7982a3&name=default 0.598s
2025-01-15 13:46:19.559 68428 INFO tempest.lib.common.rest_client [req-6fea4f2a-5a4c-4c0b-96b3-e36a05924bab req-6fea4f2a-5a4c-4c0b-96b3-e36a05924bab ] Request (QuotasAdminTestJSON:test_get_updated_quotas): 200 GET http://10.180.1.21/compute/v2.1/os-quota-sets/30c9792a00a948189399d3271e14a3a9/detail 0.655s
2025-01-15 13:46:19.591 68428 INFO tempest.lib.common.rest_client [req-f9e20eeb-aafd-41d4-a021-2066132b56cd req-f9e20eeb-aafd-41d4-a021-2066132b56cd ] Request (QuotasAdminTestJSON:test_get_updated_quotas): 200 GET http://10.180.1.21/identity/v3/domains?name=Default 0.026s
2025-01-15 13:46:19.626 68428 INFO tempest.lib.common.rest_client [req-7e51ee78-51e4-4686-a9e3-a8f7d963b749 req-7e51ee78-51e4-4686-a9e3-a8f7d963b749 ] Request (QuotasAdminTestJSON:test_get_updated_quotas): 201 POST http://10.180.1.21/identity/v3/users 0.034s
2025-01-15 13:46:19.645 68440 INFO tempest.lib.common.rest_client [req-0c654887-f4ee-48a0-b7ff-d3fe7c776a1b req-0c654887-f4ee-48a0-b7ff-d3fe7c776a1b ] Request (ServerAddressesNegativeTestJSON:setUpClass): 200 GET http://10.180.1.21/compute/v2.1/servers/79c75d3b-3d29-4c76-b9c6-d0571bbc6019 0.601s
2025-01-15 13:46:19.652 68428 INFO tempest.lib.common.rest_client [req-a9530e47-ba4d-4c8b-b26c-8eb2c116a05e req-a9530e47-ba4d-4c8b-b26c-8eb2c116a05e ] Request (QuotasAdminTestJSON:test_get_updated_quotas): 200 GET http://10.180.1.21/identity/v3/domains?name=Default 0.025s
2025-01-15 13:46:19.668 68410 INFO tempest.lib.common.rest_client [req-b926ddf3-da54-4e07-8bd9-2c72e18f83f0 req-b926ddf3-da54-4e07-8bd9-2c72e18f83f0 ] Request (ServersWithSpecificFlavorTestJSON:test_verify_created_server_ephemeral_disk): 200 GET http://10.180.1.21/compute/v2.1/servers/427b309f-7dd9-4b10-82bc-a88a0812abe9 0.732s
2025-01-15 13:46:19.680 68410 INFO tempest.common.waiters [-] State transition "BUILD/spawning" ==> "ACTIVE/None" after 22 second wait
2025-01-15 13:46:19.733 68424 INFO tempest.lib.common.rest_client [req-736c1fa9-1a9f-4b0c-802a-8f5aab21ce4d req-736c1fa9-1a9f-4b0c-802a-8f5aab21ce4d ] Request (ServerExternalEventsTest:tearDownClass): 200 GET http://10.180.1.21/compute/v2.1/servers/a8d75cbd-7174-4b93-8735-f76278917633 0.594s
2025-01-15 13:46:19.818 68394 INFO tempest.lib.common.rest_client [req-1fd99f29-c0ca-433f-8a01-0f9cb19bac79 req-1fd99f29-c0ca-433f-8a01-0f9cb19bac79 ] Request (FloatingIPsAssociationTestJSON:test_associate_already_associated_floating_ip): 200 GET http://10.180.1.21/compute/v2.1/servers/cc56c223-6cd4-4a8a-9262-cbb952386f93 0.649s
2025-01-15 13:46:19.835 68402 INFO tempest.lib.common.rest_client [req-26280332-d80f-4c06-a70b-e7b3d2bd559a req-26280332-d80f-4c06-a70b-e7b3d2bd559a ] Request (ImagesDeleteNegativeTestJSON:tearDownClass): 204 DELETE http://10.180.1.21:9696/networking/v2.0/security-groups/1a90909e-6b3c-45eb-9759-40c205bec316 0.324s
2025-01-15 13:46:19.870 68420 INFO tempest.lib.common.rest_client [req-5038cf7a-d16b-4f0c-8ec6-bea19766094f req-5038cf7a-d16b-4f0c-8ec6-bea19766094f ] Request (FlavorsAccessNegativeTestJSON:tearDownClass): 200 GET http://10.180.1.21:9696/networking/v2.0/security-groups?tenant_id=2e0ae63897064a46a170abb83069768e&name=default 0.459s
2025-01-15 13:46:19.926 68384 INFO tempest.lib.common.rest_client [req-44c2c4d0-32ff-4803-b2b3-93dad3062613 req-44c2c4d0-32ff-4803-b2b3-93dad3062613 ] Request (ServerActionsV293TestJSON:setUpClass): 200 GET http://10.180.1.21/volume/v3/volumes/434c5f1f-a6ab-4457-823e-7068558b628d 0.045s
2025-01-15 13:46:19.935 68404 INFO tempest.lib.common.rest_client [req-08c62c35-4d09-484e-b878-089edf36c543 req-08c62c35-4d09-484e-b878-089edf36c543 ] Request (TenantUsagesTestJSON:tearDownClass): 200 GET http://10.180.1.21/compute/v2.1/servers/008bb658-5840-4e78-8fcd-2ad8e6618dbd 0.723s
2025-01-15 13:46:19.958 68402 INFO tempest.lib.common.rest_client [req-13a12ea5-bb70-422c-ad72-56f2c4ea3b14 req-13a12ea5-bb70-422c-ad72-56f2c4ea3b14 ] Request (ImagesDeleteNegativeTestJSON:tearDownClass): 204 DELETE http://10.180.1.21/identity/v3/projects/9573b4e55dac4a1d8a920d7c6f7982a3 0.122s
2025-01-15 13:46:20.039 68402 INFO tempest.lib.common.rest_client [req-76e0c491-b56d-4be1-b0dd-5c7f0bdb3634 req-76e0c491-b56d-4be1-b0dd-5c7f0bdb3634 ] Request (ImagesOneServerNegativeTestJSON:setUpClass): 201 POST http://10.180.1.21/identity/v3/auth/tokens 0.079s
2025-01-15 13:46:20.077 68402 INFO tempest.lib.common.rest_client [req-b25b9552-55c6-48e2-9c3c-0448f897e19d req-b25b9552-55c6-48e2-9c3c-0448f897e19d ] Request (ImagesOneServerNegativeTestJSON:setUpClass): 201 POST http://10.180.1.21/identity/v3/auth/tokens 0.034s
2025-01-15 13:46:20.106 68402 INFO tempest.lib.common.rest_client [req-c24b9818-2175-492a-9941-7ee3e2f132e1 req-c24b9818-2175-492a-9941-7ee3e2f132e1 ] Request (ImagesOneServerNegativeTestJSON:setUpClass): 200 GET http://10.180.1.21/identity/v3/domains?name=Default 0.029s
2025-01-15 13:46:20.143 68420 INFO tempest.lib.common.rest_client [req-8cdc6387-a7b3-43be-aef7-a48b0746f171 req-8cdc6387-a7b3-43be-aef7-a48b0746f171 ] Request (FlavorsAccessNegativeTestJSON:tearDownClass): 204 DELETE http://10.180.1.21:9696/networking/v2.0/security-groups/9f135b64-78a5-4e2e-9ecf-00fe1f4ed84f 0.272s
2025-01-15 13:46:20.149 68402 INFO tempest.lib.common.rest_client [req-1f27104e-312f-408c-8c80-ea8299166ffa req-1f27104e-312f-408c-8c80-ea8299166ffa ] Request (ImagesOneServerNegativeTestJSON:setUpClass): 201 POST http://10.180.1.21/identity/v3/projects 0.042s
2025-01-15 13:46:20.223 68402 INFO tempest.lib.common.rest_client [req-45228109-2ec3-4547-939a-0524de8f9aeb req-45228109-2ec3-4547-939a-0524de8f9aeb ] Request (ImagesOneServerNegativeTestJSON:setUpClass): 201 POST http://10.180.1.21/identity/v3/users 0.073s
2025-01-15 13:46:20.249 68402 INFO tempest.lib.common.rest_client [req-0c9dd21d-5939-4677-9885-e25b5df16e58 req-0c9dd21d-5939-4677-9885-e25b5df16e58 ] Request (ImagesOneServerNegativeTestJSON:setUpClass): 200 GET http://10.180.1.21/identity/v3/roles 0.025s
2025-01-15 13:46:20.267 68438 INFO tempest.lib.common.rest_client [req-a3dc68e1-3dbe-472a-9381-d784432e420d req-a3dc68e1-3dbe-472a-9381-d784432e420d ] Request (SecurityGroupsTestJSON:test_security_group_create_get_delete): 202 DELETE http://10.180.1.21/compute/v2.1/os-security-groups/d8d2b92c-bb17-459c-bb4f-ef38a5002ec9 1.014s
2025-01-15 13:46:20.269 68420 INFO tempest.lib.common.rest_client [req-acd918d7-c274-4f8d-948f-343600ee533b req-acd918d7-c274-4f8d-948f-343600ee533b ] Request (FlavorsAccessNegativeTestJSON:tearDownClass): 204 DELETE http://10.180.1.21/identity/v3/projects/2e0ae63897064a46a170abb83069768e 0.126s
2025-01-15 13:46:20.271 68420 INFO tempest.lib.common.dynamic_creds [-] Deleting project and security group for project: e891c7ec4b754f89a3e60de8330f9bd2
2025-01-15 13:46:20.296 68416 INFO tempest.lib.common.rest_client [req-9695ed4c-a861-4934-8f3e-5027c00c6546 req-9695ed4c-a861-4934-8f3e-5027c00c6546 ] Request (ServicesAdminNegativeV253TestJSON:test_get_service_with_valid_service_and_invalid_host): 200 GET http://10.180.1.21/compute/v2.1/os-services?host=xxx&binary=nova-scheduler 1.018s
2025-01-15 13:46:20.339 68402 INFO tempest.lib.common.rest_client [req-d10d1b16-5b07-4d9a-9401-c85b2c45d40f req-d10d1b16-5b07-4d9a-9401-c85b2c45d40f ] Request (ImagesOneServerNegativeTestJSON:setUpClass): 204 PUT http://10.180.1.21/identity/v3/projects/9b7fe02199cc4437b51f1e87d8f8373e/users/290a4ed551c540db9ec7edffd5b155b6/roles/582868ad0ee94c789ba2fd0b11c421c7 0.090s
2025-01-15 13:46:20.339 68402 INFO tempest.lib.common.dynamic_creds [-] Dynamic test user 290a4ed551c540db9ec7edffd5b155b6 is created with scope project and roles: ['member']
2025-01-15 13:46:20.340 68402 INFO tempest.lib.common.dynamic_creds [-] Acquired dynamic creds: credentials: Credentials: {'domain_id': 'default', 'domain_name': 'Default', 'username': 'tempest-ImagesOneServerNegativeTestJSON-708262174-project-member', 'project_domain_id': 'default', 'project_domain_name': 'Default', 'project_id': '9b7fe02199cc4437b51f1e87d8f8373e', 'project_name': 'tempest-ImagesOneServerNegativeTestJSON-708262174', 'tenant_id': '9b7fe02199cc4437b51f1e87d8f8373e', 'tenant_name': 'tempest-ImagesOneServerNegativeTestJSON-708262174', 'user_domain_id': 'default', 'user_domain_name': 'Default', 'user_id': '290a4ed551c540db9ec7edffd5b155b6', 'system': None}, Network: None, Subnet: None, Router: None
2025-01-15 13:46:20.358 68426 INFO tempest.lib.common.rest_client [req-ffe53618-ed2d-4d62-bd82-71ce3ffc7f62 req-ffe53618-ed2d-4d62-bd82-71ce3ffc7f62 ] Request (ServersTestBootFromVolume:setUpClass): 200 GET http://10.180.1.21/volume/v3/volumes/1fe480de-f65e-412b-9094-60fa7faf9ae5 0.043s
2025-01-15 13:46:20.369 68382 INFO tempest.lib.common.rest_client [req-3be6d579-3200-497e-aeb5-e12b4ebffcfa req-3be6d579-3200-497e-aeb5-e12b4ebffcfa ] Request (FloatingIPDetailsTestJSON:tearDownClass): 202 DELETE http://10.180.1.21/compute/v2.1/os-floating-ips/656bc3be-16d3-4495-8465-b3c4e0f32ea9 1.205s
2025-01-15 13:46:20.410 68430 INFO tempest.lib.common.rest_client [req-dde05523-9b54-424f-b9e5-666120829382 req-dde05523-9b54-424f-b9e5-666120829382 ] Request (VolumesSnapshotsTestJSON:test_volume_snapshot_create_get_list_delete): 200 GET http://10.180.1.21/compute/v2.1/os-volumes/e5c0add9-5bdc-48c2-9e9b-1126597fe650 1.112s
