2025-01-13 22:42:39.504 69980 INFO tempest.lib.common.rest_client [req-16ca01cb-74f0-44c2-b95e-88a36eac1cff req-16ca01cb-74f0-44c2-b95e-88a36eac1cff ] Request (QuotasAdminTestV236:test_get_updated_quotas): 200 PUT http://10.180.1.21/compute/v2.1/os-quota-sets/9e852d64fb4c4816847d30de7f3ed140 2.745s
2025-01-13 22:42:39.522 69978 INFO tempest.lib.common.rest_client [req-527866ce-e595-4f53-8f4d-1b563df18303 req-527866ce-e595-4f53-8f4d-1b563df18303 ] Request (QuotasAdminNegativeTest:setUpClass): 201 POST http://10.180.1.21/identity/v3/projects 0.077s
2025-01-13 22:42:39.539 70002 INFO tempest.lib.common.rest_client [req-5e84ac30-b748-4f9e-b76a-bba59e719a6a req-5e84ac30-b748-4f9e-b76a-bba59e719a6a ] Request (FlavorsAccessNegativeTestJSON:_run_cleanups): 200 GET http://10.180.1.21/compute/v2.1/flavors/detail 1.553s
2025-01-13 22:42:39.550 69992 INFO tempest.lib.common.rest_client [req-5d8c1ff0-35c5-4b49-930c-ab3d71c0d4dc req-5d8c1ff0-35c5-4b49-930c-ab3d71c0d4dc ] Request (HypervisorAdminNegativeUnderV252Test:tearDownClass): 200 GET http://10.180.1.21:9696/networking/v2.0/security-groups?tenant_id=4f960157cfbc42fc8fb3cb7270e46d49&name=default 0.714s
2025-01-13 22:42:39.565 69988 INFO tempest.lib.common.rest_client [req-72aca18c-965b-4ca1-a243-783c8ad82485 req-72aca18c-965b-4ca1-a243-783c8ad82485 ] Request (KeyPairsV22TestJSON:_run_cleanups): 204 DELETE http://10.180.1.21/compute/v2.1/os-keypairs/tempest-keypair-1875380168 1.560s
2025-01-13 22:42:39.582 70008 INFO tempest.lib.common.rest_client [req-861609ec-832e-47f6-9168-9d126b7004b1 req-861609ec-832e-47f6-9168-9d126b7004b1 ] Request (FlavorsAccessTestJSON:_run_cleanups): 202 DELETE http://10.180.1.21/compute/v2.1/flavors/1683695983 1.541s
2025-01-13 22:42:39.586 69978 INFO tempest.lib.common.rest_client [req-b7396181-ef36-49f1-b17f-5470419b04d0 req-b7396181-ef36-49f1-b17f-5470419b04d0 ] Request (QuotasAdminNegativeTest:setUpClass): 201 POST http://10.180.1.21/identity/v3/users 0.063s
2025-01-13 22:42:39.614 69978 INFO tempest.lib.common.rest_client [req-8140dc8d-5e73-4ad4-a38f-a7678fba40f9 req-8140dc8d-5e73-4ad4-a38f-a7678fba40f9 ] Request (QuotasAdminNegativeTest:setUpClass): 200 GET http://10.180.1.21/identity/v3/roles 0.028s
2025-01-13 22:42:39.676 69978 INFO tempest.lib.common.rest_client [req-6ae52044-4f8c-4775-b72a-66c1af5bebc9 req-6ae52044-4f8c-4775-b72a-66c1af5bebc9 ] Request (QuotasAdminNegativeTest:setUpClass): 204 PUT http://10.180.1.21/identity/v3/projects/49970f6edd644e47a5e9fd0f4effec65/users/6c0e59577d324e3a8a9b2667df0711c9/roles/7b0586617c574bfab64f86e8c96b6373 0.059s
2025-01-13 22:42:39.686 69974 INFO tempest.lib.common.rest_client [req-b1fec4af-5d4d-4e42-a326-9961e131c0e1 req-b1fec4af-5d4d-4e42-a326-9961e131c0e1 ] Request (HostsAdminTestJSON:tearDownClass): 200 GET http://10.180.1.21:9696/networking/v2.0/security-groups?tenant_id=3cb2e2880f554b1993893217f4990c65&name=default 0.789s
2025-01-13 22:42:39.752 69978 INFO tempest.lib.common.rest_client [req-71030cf6-d6f0-4eee-9da8-5e8624ac510f req-71030cf6-d6f0-4eee-9da8-5e8624ac510f ] Request (QuotasAdminNegativeTest:setUpClass): 200 GET http://10.180.1.21/identity/v3/roles 0.076s
2025-01-13 22:42:39.776 69978 INFO tempest.lib.common.rest_client [req-46910b55-86e7-4989-8a2a-4c998f18c434 req-46910b55-86e7-4989-8a2a-4c998f18c434 ] Request (QuotasAdminNegativeTest:setUpClass): 204 PUT http://10.180.1.21/identity/v3/projects/49970f6edd644e47a5e9fd0f4effec65/users/6c0e59577d324e3a8a9b2667df0711c9/roles/7b0586617c574bfab64f86e8c96b6373 0.023s
2025-01-13 22:42:39.776 69978 INFO tempest.lib.common.dynamic_creds [-] Dynamic test user 6c0e59577d324e3a8a9b2667df0711c9 is created with scope project and roles: ['admin']
2025-01-13 22:42:39.776 69978 INFO tempest.lib.common.dynamic_creds [-] Acquired dynamic creds: credentials: Credentials: {'domain_id': 'default', 'domain_name': 'Default', 'username': 'tempest-QuotasAdminNegativeTest-1617061464-project-admin', 'project_domain_id': 'default', 'project_domain_name': 'Default', 'project_id': '49970f6edd644e47a5e9fd0f4effec65', 'project_name': 'tempest-QuotasAdminNegativeTest-1617061464', 'tenant_id': '49970f6edd644e47a5e9fd0f4effec65', 'tenant_name': 'tempest-QuotasAdminNegativeTest-1617061464', 'user_domain_id': 'default', 'user_domain_name': 'Default', 'user_id': '6c0e59577d324e3a8a9b2667df0711c9', 'system': None}, Network: None, Subnet: None, Router: None
2025-01-13 22:42:39.776 69978 INFO tempest.lib.common.dynamic_creds [-] Created isolated network resources for: credentials: Credentials: {'domain_id': 'default', 'domain_name': 'Default', 'username': 'tempest-QuotasAdminNegativeTest-1617061464-project-admin', 'project_domain_id': 'default', 'project_domain_name': 'Default', 'project_id': '49970f6edd644e47a5e9fd0f4effec65', 'project_name': 'tempest-QuotasAdminNegativeTest-1617061464', 'tenant_id': '49970f6edd644e47a5e9fd0f4effec65', 'tenant_name': 'tempest-QuotasAdminNegativeTest-1617061464', 'user_domain_id': 'default', 'user_domain_name': 'Default', 'user_id': '6c0e59577d324e3a8a9b2667df0711c9', 'system': None}, Network: None, Subnet: None, Router: None
2025-01-13 22:42:39.859 69978 INFO tempest.lib.common.rest_client [req-8eaa494b-d044-45b8-8e1c-790c8b21ac49 req-8eaa494b-d044-45b8-8e1c-790c8b21ac49 ] Request (QuotasAdminNegativeTest:setUpClass): 201 POST http://10.180.1.21/identity/v3/auth/tokens 0.078s
2025-01-13 22:42:39.998 69992 INFO tempest.lib.common.rest_client [req-53f5d9f8-c88d-405c-817b-49d4e51646bd req-53f5d9f8-c88d-405c-817b-49d4e51646bd ] Request (HypervisorAdminNegativeUnderV252Test:tearDownClass): 204 DELETE http://10.180.1.21:9696/networking/v2.0/security-groups/ce199ab1-7877-4874-a9ec-74b0bdedb613 0.447s
2025-01-13 22:42:40.135 69992 INFO tempest.lib.common.rest_client [req-0f668445-6694-4ba5-a54e-2d14523b2b02 req-0f668445-6694-4ba5-a54e-2d14523b2b02 ] Request (HypervisorAdminNegativeUnderV252Test:tearDownClass): 204 DELETE http://10.180.1.21/identity/v3/projects/4f960157cfbc42fc8fb3cb7270e46d49 0.137s
2025-01-13 22:42:40.135 69992 INFO tempest.lib.common.dynamic_creds [-] Deleting project and security group for project: 8995a77de4c94e679b33833c3c2dc858
2025-01-13 22:42:40.145 69976 INFO tempest.lib.common.rest_client [req-9b5285fd-7fc7-4253-9bff-1ab9881fd391 req-9b5285fd-7fc7-4253-9bff-1ab9881fd391 ] Request (FlavorMetadataValidation:tearDownClass): 200 GET http://10.180.1.21:9696/networking/v2.0/security-groups?tenant_id=cc4170609761461ba6a743457c21b2be&name=default 0.982s
2025-01-13 22:42:40.162 69994 INFO tempest.lib.common.rest_client [req-a140b6f9-43fa-4a73-b1a3-7c0873daad44 req-a140b6f9-43fa-4a73-b1a3-7c0873daad44 ] Request (VolumesAssistedSnapshotsTest:setUpClass): 201 POST http://10.180.1.21:9696/networking/v2.0/subnets 0.977s
2025-01-13 22:42:40.263 70014 INFO tempest.lib.common.rest_client [req-f882a6da-cc01-4492-975c-9b9c7acf8887 req-f882a6da-cc01-4492-975c-9b9c7acf8887 ] Request (VolumesAdminNegativeTest:setUpClass): 201 POST http://10.180.1.21:9696/networking/v2.0/subnets 0.877s
2025-01-13 22:42:40.400 69974 INFO tempest.lib.common.rest_client [req-69c138a7-d083-4b61-a0df-37a0135e1ffb req-69c138a7-d083-4b61-a0df-37a0135e1ffb ] Request (HostsAdminTestJSON:tearDownClass): 204 DELETE http://10.180.1.21:9696/networking/v2.0/security-groups/6d42e1b4-6bc4-4fae-bf41-8c1c3ac30e87 0.713s
2025-01-13 22:42:40.498 69976 INFO tempest.lib.common.rest_client [req-af51878d-7ecf-4698-86cd-0458a27e68be req-af51878d-7ecf-4698-86cd-0458a27e68be ] Request (FlavorMetadataValidation:tearDownClass): 204 DELETE http://10.180.1.21:9696/networking/v2.0/security-groups/6957db62-fe78-4e63-acf1-ebcf603a48b9 0.352s
2025-01-13 22:42:40.522 70028 INFO tempest.lib.common.rest_client [req-9c242a2a-98e6-4a15-a7b7-1cafd173fd7d req-9c242a2a-98e6-4a15-a7b7-1cafd173fd7d ] Request (ServersAdminTestJSON:setUpClass): 202 POST http://10.180.1.21/compute/v2.1/servers 2.445s
2025-01-13 22:42:40.573 69974 INFO tempest.lib.common.rest_client [req-03f32bc5-cbc5-41cf-94c2-044eb1fb3435 req-03f32bc5-cbc5-41cf-94c2-044eb1fb3435 ] Request (HostsAdminTestJSON:tearDownClass): 204 DELETE http://10.180.1.21/identity/v3/projects/3cb2e2880f554b1993893217f4990c65 0.172s
2025-01-13 22:42:40.573 69974 INFO tempest.lib.common.dynamic_creds [-] Deleting project and security group for project: 05d1fbec5ede415e8e0001af20b32ea7
2025-01-13 22:42:40.576 70022 INFO tempest.lib.common.rest_client [req-00d34bbc-ce4f-4e1b-aadf-39c0b233353c req-00d34bbc-ce4f-4e1b-aadf-39c0b233353c ] Request (ImagesMetadataTestJSON:test_get_image_metadata_item): 200 GET http://10.180.1.21/compute/v2.1/images/04a02300-b0ea-429e-9bef-52ff7ba7e381/metadata/os_distro 2.250s
2025-01-13 22:42:40.624 69998 INFO tempest.lib.common.rest_client [req-b42e922a-c59c-443c-80e0-6ef9df098820 req-b42e922a-c59c-443c-80e0-6ef9df098820 ] Request (FlavorsV255TestJSON:_run_cleanups): 200 GET http://10.180.1.21/compute/v2.1/flavors/detail 2.267s
2025-01-13 22:42:40.637 69976 INFO tempest.lib.common.rest_client [req-96ece102-9cac-490d-9bf7-35ef10a5d4ae req-96ece102-9cac-490d-9bf7-35ef10a5d4ae ] Request (FlavorMetadataValidation:tearDownClass): 204 DELETE http://10.180.1.21/identity/v3/projects/cc4170609761461ba6a743457c21b2be 0.139s
2025-01-13 22:42:40.637 69976 INFO tempest.lib.common.dynamic_creds [-] Deleting project and security group for project: 3879e6163df44de5af51b8f3ccecbaba
2025-01-13 22:42:40.647 70032 INFO tempest.lib.common.rest_client [req-1e154aff-9447-40c0-84fc-9a86db9bf670 req-1e154aff-9447-40c0-84fc-9a86db9bf670 ] Request (FlavorsV261TestJSON:_run_cleanups): 200 GET http://10.180.1.21/compute/v2.1/flavors/detail 2.275s
2025-01-13 22:42:40.674 69990 INFO tempest.lib.common.rest_client [req-fea169b7-3de9-4388-9287-d2f880f0519d req-fea169b7-3de9-4388-9287-d2f880f0519d ] Request (FlavorsAdminTestJSON:_run_cleanups): 200 GET http://10.180.1.21/compute/v2.1/flavors/detail 1.769s
2025-01-13 22:42:40.689 69986 INFO tempest.lib.common.rest_client [req-af323586-deee-44b4-a908-f3c7e2d26d6f req-af323586-deee-44b4-a908-f3c7e2d26d6f ] Request (FlavorsExtraSpecsTestJSON:test_flavor_set_get_update_show_unset_keys): 200 GET http://10.180.1.21/compute/v2.1/flavors/1125569744/os-extra_specs 1.759s
2025-01-13 22:42:40.803 70020 INFO tempest.lib.common.rest_client [req-05be6184-592f-4ac7-a629-f2a6277654a3 req-05be6184-592f-4ac7-a629-f2a6277654a3 ] Request (ServerShowV247Test:test_update_rebuild_list_server): 202 POST http://10.180.1.21/compute/v2.1/servers 1.857s
2025-01-13 22:42:40.814 70024 INFO tempest.lib.common.rest_client [req-af2e1278-90ee-45c2-b2d7-9ffaaf85bb61 req-af2e1278-90ee-45c2-b2d7-9ffaaf85bb61 ] Request (FloatingIPsNegativeTestJSON:tearDownClass): 204 DELETE http://10.180.1.21:9696/networking/v2.0/routers/7368c895-1846-4444-86ce-8a1475959bc8 1.894s
2025-01-13 22:42:40.825 69972 INFO tempest.lib.common.rest_client [req-4723d77b-d28d-4b6a-88f0-2fb092557731 req-4723d77b-d28d-4b6a-88f0-2fb092557731 ] Request (ServersWithSpecificFlavorTestJSON:test_verify_created_server_ephemeral_disk): 200 POST http://10.180.1.21/compute/v2.1/flavors 1.870s
2025-01-13 22:42:40.844 69992 INFO tempest.lib.common.rest_client [req-33d4fc07-5509-4f08-80c7-26a868a45161 req-33d4fc07-5509-4f08-80c7-26a868a45161 ] Request (HypervisorAdminNegativeUnderV252Test:tearDownClass): 200 GET http://10.180.1.21:9696/networking/v2.0/security-groups?tenant_id=8995a77de4c94e679b33833c3c2dc858&name=default 0.708s
2025-01-13 22:42:40.849 70006 INFO tempest.lib.common.rest_client [req-d7237498-9dcd-4348-8206-48688faa0e91 req-d7237498-9dcd-4348-8206-48688faa0e91 ] Request (ServicesAdminNegativeV253TestJSON:test_get_service_by_invalid_service_and_valid_host): 200 GET http://10.180.1.21/compute/v2.1/os-services?host=devstack&binary=xxx 1.874s
2025-01-13 22:42:40.856 69996 INFO tempest.lib.common.rest_client [req-f2d87c04-942e-440f-8df3-9954e315bfba req-f2d87c04-942e-440f-8df3-9954e315bfba ] Request (FlavorsExtraSpecsNegativeTestJSON:test_flavor_unset_nonexistent_key): 404 DELETE http://10.180.1.21/compute/v2.1/flavors/567728387/os-extra_specs/hw:cpu_thread_policy 1.867s
2025-01-13 22:42:40.870 69998 INFO tempest.lib.common.rest_client [req-c52fc958-1141-4ee6-95c9-0644ae798e93 req-c52fc958-1141-4ee6-95c9-0644ae798e93 ] Request (FlavorsV255TestJSON:tearDownClass): 204 DELETE http://10.180.1.21/identity/v3/users/927d456e8a2042b1927cc7e90d616318 0.194s
2025-01-13 22:42:40.877 70034 INFO tempest.lib.common.rest_client [req-9ff1d615-5ce6-4fd4-99df-2e4e40e8065a req-9ff1d615-5ce6-4fd4-99df-2e4e40e8065a ] Request (KeyPairsV210TestJSON:_run_cleanups): 204 DELETE http://10.180.1.21/compute/v2.1/os-keypairs/tempest-KeyPairsV210TestJSON-keypair-1118240349 1.887s
2025-01-13 22:42:40.977 69998 INFO tempest.lib.common.rest_client [req-a358b9a6-4c53-4929-a77b-04af47291e41 req-a358b9a6-4c53-4929-a77b-04af47291e41 ] Request (FlavorsV255TestJSON:tearDownClass): 204 DELETE http://10.180.1.21/identity/v3/users/87058193bba34be1bb284d6734e190af 0.106s
2025-01-13 22:42:40.977 70032 INFO tempest.lib.common.rest_client [req-dd7a8aea-c1ec-4672-bdb8-4344879cd45a req-dd7a8aea-c1ec-4672-bdb8-4344879cd45a ] Request (FlavorsV261TestJSON:tearDownClass): 204 DELETE http://10.180.1.21/identity/v3/users/7ace0411d23f4d7f8526fbb4496f670e 0.262s
2025-01-13 22:42:40.977 69998 INFO tempest.lib.common.dynamic_creds [-] Deleting project and security group for project: ef124e1374654ceba0753b6f6993591d
2025-01-13 22:42:41.009 69974 INFO tempest.lib.common.rest_client [req-aeba3c0e-9295-4540-86a9-b203f6a4019b req-aeba3c0e-9295-4540-86a9-b203f6a4019b ] Request (HostsAdminTestJSON:tearDownClass): 200 GET http://10.180.1.21:9696/networking/v2.0/security-groups?tenant_id=05d1fbec5ede415e8e0001af20b32ea7&name=default 0.435s
2025-01-13 22:42:41.025 70030 INFO tempest.lib.common.rest_client [req-a9f003d6-af3a-4182-a694-038f41a8f2db req-a9f003d6-af3a-4182-a694-038f41a8f2db ] Request (ServersAdmin275Test:test_rebuild_update_server_275): 200 GET http://10.180.1.21/compute/v2.1/servers/919c2a66-cfce-4b43-8b72-94ae6f0ddfb7 2.029s
2025-01-13 22:42:41.056 69998 INFO tempest.lib.common.rest_client [req-d4964c4c-218e-49d3-8128-4c9d91f95bce req-d4964c4c-218e-49d3-8128-4c9d91f95bce ] Request (FlavorsV255TestJSON:tearDownClass): 201 POST http://10.180.1.21/identity/v3/auth/tokens 0.079s
2025-01-13 22:42:41.210 70032 INFO tempest.lib.common.rest_client [req-2052fb74-342a-4d76-9054-d884a85b15b0 req-2052fb74-342a-4d76-9054-d884a85b15b0 ] Request (FlavorsV261TestJSON:tearDownClass): 204 DELETE http://10.180.1.21/identity/v3/users/10df4013182e4e1c9dced75aa52bb0c0 0.233s
2025-01-13 22:42:41.211 70032 INFO tempest.lib.common.dynamic_creds [-] Deleting project and security group for project: c7761a33759b44ecb1272b33408dcb2f
2025-01-13 22:42:41.347 70032 INFO tempest.lib.common.rest_client [req-936e6c8d-09f5-4ab1-9711-c8ef96a8dfb1 req-936e6c8d-09f5-4ab1-9711-c8ef96a8dfb1 ] Request (FlavorsV261TestJSON:tearDownClass): 201 POST http://10.180.1.21/identity/v3/auth/tokens 0.136s
2025-01-13 22:42:41.415 69974 INFO tempest.lib.common.rest_client [req-9b61fbf9-d377-4cb5-935d-b5ed72c4ca67 req-9b61fbf9-d377-4cb5-935d-b5ed72c4ca67 ] Request (HostsAdminTestJSON:tearDownClass): 204 DELETE http://10.180.1.21:9696/networking/v2.0/security-groups/cc894363-a2b5-4dbc-84dc-a008938d56a8 0.405s
2025-01-13 22:42:41.512 69974 INFO tempest.lib.common.rest_client [req-72609352-5884-43fe-83ed-a4942f72e379 req-72609352-5884-43fe-83ed-a4942f72e379 ] Request (HostsAdminTestJSON:tearDownClass): 204 DELETE http://10.180.1.21/identity/v3/projects/05d1fbec5ede415e8e0001af20b32ea7 0.097s
2025-01-13 22:42:41.571 69976 INFO tempest.lib.common.rest_client [req-efa786d1-111a-4cb4-af7e-78cba696c6fa req-efa786d1-111a-4cb4-af7e-78cba696c6fa ] Request (FlavorMetadataValidation:tearDownClass): 200 GET http://10.180.1.21:9696/networking/v2.0/security-groups?tenant_id=3879e6163df44de5af51b8f3ccecbaba&name=default 0.933s
2025-01-13 22:42:41.593 69974 INFO tempest.lib.common.rest_client [req-a4703ad7-0a88-4343-85a2-ea75f3c92702 req-a4703ad7-0a88-4343-85a2-ea75f3c92702 ] Request (ServerDiagnosticsNegativeTest:setUpClass): 201 POST http://10.180.1.21/identity/v3/auth/tokens 0.078s
2025-01-13 22:42:41.628 69974 INFO tempest.lib.common.rest_client [req-eebd626f-7ad5-4298-bb1b-2c9daf13caae req-eebd626f-7ad5-4298-bb1b-2c9daf13caae ] Request (ServerDiagnosticsNegativeTest:setUpClass): 201 POST http://10.180.1.21/identity/v3/auth/tokens 0.033s
2025-01-13 22:42:41.632 69992 INFO tempest.lib.common.rest_client [req-368e8b7e-8095-4316-a5de-3f74dee71b20 req-368e8b7e-8095-4316-a5de-3f74dee71b20 ] Request (HypervisorAdminNegativeUnderV252Test:tearDownClass): 204 DELETE http://10.180.1.21:9696/networking/v2.0/security-groups/2d092ab8-b368-4633-b3ac-51d7ae8e37f7 0.787s
2025-01-13 22:42:41.664 69974 INFO tempest.lib.common.rest_client [req-e1d99011-ef32-457a-b958-a5695956f72d req-e1d99011-ef32-457a-b958-a5695956f72d ] Request (ServerDiagnosticsNegativeTest:setUpClass): 200 GET http://10.180.1.21/identity/v3/domains?name=Default 0.034s
2025-01-13 22:42:41.709 69974 INFO tempest.lib.common.rest_client [req-3aed06c2-a5d8-4a67-9e85-30ece07488c7 req-3aed06c2-a5d8-4a67-9e85-30ece07488c7 ] Request (ServerDiagnosticsNegativeTest:setUpClass): 201 POST http://10.180.1.21/identity/v3/projects 0.045s
2025-01-13 22:42:41.712 69992 INFO tempest.lib.common.rest_client [req-c46b466f-db9a-479e-bbd2-555b7b9d5af0 req-c46b466f-db9a-479e-bbd2-555b7b9d5af0 ] Request (HypervisorAdminNegativeUnderV252Test:tearDownClass): 204 DELETE http://10.180.1.21/identity/v3/projects/8995a77de4c94e679b33833c3c2dc858 0.080s
2025-01-13 22:42:41.780 69992 INFO tempest.lib.common.rest_client [req-79aa6c6c-d022-4d55-9d0d-1554d7974d2f req-79aa6c6c-d022-4d55-9d0d-1554d7974d2f ] Request (QuotaClassesAdminTestJSON:setUpClass): 201 POST http://10.180.1.21/identity/v3/auth/tokens 0.066s
2025-01-13 22:42:41.803 70024 INFO tempest.lib.common.rest_client [req-26233615-1045-41c7-97bf-9ff06a3be500 req-26233615-1045-41c7-97bf-9ff06a3be500 ] Request (FloatingIPsNegativeTestJSON:tearDownClass): 204 DELETE http://10.180.1.21:9696/networking/v2.0/subnets/4daad1b8-8317-4bef-8fb8-fc820a517e48 0.988s
2025-01-13 22:42:41.820 69992 INFO tempest.lib.common.rest_client [req-187b3f39-f2fc-4702-8e4f-f2db0dababc3 req-187b3f39-f2fc-4702-8e4f-f2db0dababc3 ] Request (QuotaClassesAdminTestJSON:setUpClass): 201 POST http://10.180.1.21/identity/v3/auth/tokens 0.037s
2025-01-13 22:42:41.830 69974 INFO tempest.lib.common.rest_client [req-49914830-9a67-41e0-8662-671e3e8ffb2d req-49914830-9a67-41e0-8662-671e3e8ffb2d ] Request (ServerDiagnosticsNegativeTest:setUpClass): 201 POST http://10.180.1.21/identity/v3/users 0.120s
2025-01-13 22:42:41.847 69992 INFO tempest.lib.common.rest_client [req-1200f3e9-b6c7-470a-a632-45781e93817b req-1200f3e9-b6c7-470a-a632-45781e93817b ] Request (QuotaClassesAdminTestJSON:setUpClass): 200 GET http://10.180.1.21/identity/v3/domains?name=Default 0.026s
2025-01-13 22:42:41.872 69974 INFO tempest.lib.common.rest_client [req-644f01e5-de0c-48d5-92c4-e580669c7e39 req-644f01e5-de0c-48d5-92c4-e580669c7e39 ] Request (ServerDiagnosticsNegativeTest:setUpClass): 200 GET http://10.180.1.21/identity/v3/roles 0.041s
2025-01-13 22:42:41.879 69992 INFO tempest.lib.common.rest_client [req-56d5aebc-ef6b-4ecb-8d10-745db43e5e9b req-56d5aebc-ef6b-4ecb-8d10-745db43e5e9b ] Request (QuotaClassesAdminTestJSON:setUpClass): 201 POST http://10.180.1.21/identity/v3/projects 0.032s
2025-01-13 22:42:41.894 70032 INFO tempest.lib.common.rest_client [req-1eb83041-398a-4147-9a51-f38373152373 req-1eb83041-398a-4147-9a51-f38373152373 ] Request (FlavorsV261TestJSON:tearDownClass): 200 GET http://10.180.1.21:9696/networking/v2.0/security-groups?tenant_id=c7761a33759b44ecb1272b33408dcb2f&name=default 0.547s
2025-01-13 22:42:41.946 69992 INFO tempest.lib.common.rest_client [req-75907ca4-bc94-4969-8293-b4ddf628fce4 req-75907ca4-bc94-4969-8293-b4ddf628fce4 ] Request (QuotaClassesAdminTestJSON:setUpClass): 201 POST http://10.180.1.21/identity/v3/users 0.066s
2025-01-13 22:42:41.955 69974 INFO tempest.lib.common.rest_client [req-9cf38955-ce66-4762-a02d-22506a46b6bf req-9cf38955-ce66-4762-a02d-22506a46b6bf ] Request (ServerDiagnosticsNegativeTest:setUpClass): 204 PUT http://10.180.1.21/identity/v3/projects/e302f95f6190437282422bb28078a3b1/users/ca484c4e4d4b4dbb87c9f0199c7c2e78/roles/d9f75a78082744fdb9a68541d3811106 0.082s
2025-01-13 22:42:41.955 69974 INFO tempest.lib.common.dynamic_creds [-] Dynamic test user ca484c4e4d4b4dbb87c9f0199c7c2e78 is created with scope project and roles: ['member']
2025-01-13 22:42:41.955 69974 INFO tempest.lib.common.dynamic_creds [-] Acquired dynamic creds: credentials: Credentials: {'domain_id': 'default', 'domain_name': 'Default', 'username': 'tempest-ServerDiagnosticsNegativeTest-336432923-project-member', 'project_domain_id': 'default', 'project_domain_name': 'Default', 'project_id': 'e302f95f6190437282422bb28078a3b1', 'project_name': 'tempest-ServerDiagnosticsNegativeTest-336432923', 'tenant_id': 'e302f95f6190437282422bb28078a3b1', 'tenant_name': 'tempest-ServerDiagnosticsNegativeTest-336432923', 'user_domain_id': 'default', 'user_domain_name': 'Default', 'user_id': 'ca484c4e4d4b4dbb87c9f0199c7c2e78', 'system': None}, Network: None, Subnet: None, Router: None
2025-01-13 22:42:41.955 69974 INFO tempest.lib.common.dynamic_creds [-] Created isolated network resources for: credentials: Credentials: {'domain_id': 'default', 'domain_name': 'Default', 'username': 'tempest-ServerDiagnosticsNegativeTest-336432923-project-member', 'project_domain_id': 'default', 'project_domain_name': 'Default', 'project_id': 'e302f95f6190437282422bb28078a3b1', 'project_name': 'tempest-ServerDiagnosticsNegativeTest-336432923', 'tenant_id': 'e302f95f6190437282422bb28078a3b1', 'tenant_name': 'tempest-ServerDiagnosticsNegativeTest-336432923', 'user_domain_id': 'default', 'user_domain_name': 'Default', 'user_id': 'ca484c4e4d4b4dbb87c9f0199c7c2e78', 'system': None}, Network: None, Subnet: None, Router: None
2025-01-13 22:42:42.002 69992 INFO tempest.lib.common.rest_client [req-2ab705a1-7879-4520-83d7-e0dd449917b4 req-2ab705a1-7879-4520-83d7-e0dd449917b4 ] Request (QuotaClassesAdminTestJSON:setUpClass): 200 GET http://10.180.1.21/identity/v3/roles 0.056s
2025-01-13 22:42:42.033 69992 INFO tempest.lib.common.rest_client [req-dbeefcb5-3d75-43ba-80b0-b2d9cad2ee35 req-dbeefcb5-3d75-43ba-80b0-b2d9cad2ee35 ] Request (QuotaClassesAdminTestJSON:setUpClass): 204 PUT http://10.180.1.21/identity/v3/projects/11ed13508f21469eb38992add3daf02e/users/21babb65884f47c6b5b4c3ed8cdcea5f/roles/d9f75a78082744fdb9a68541d3811106 0.030s
2025-01-13 22:42:42.033 69992 INFO tempest.lib.common.dynamic_creds [-] Dynamic test user 21babb65884f47c6b5b4c3ed8cdcea5f is created with scope project and roles: ['member']
2025-01-13 22:42:42.033 69992 INFO tempest.lib.common.dynamic_creds [-] Acquired dynamic creds: credentials: Credentials: {'domain_id': 'default', 'domain_name': 'Default', 'username': 'tempest-QuotaClassesAdminTestJSON-193412896-project-member', 'project_domain_id': 'default', 'project_domain_name': 'Default', 'project_id': '11ed13508f21469eb38992add3daf02e', 'project_name': 'tempest-QuotaClassesAdminTestJSON-193412896', 'tenant_id': '11ed13508f21469eb38992add3daf02e', 'tenant_name': 'tempest-QuotaClassesAdminTestJSON-193412896', 'user_domain_id': 'default', 'user_domain_name': 'Default', 'user_id': '21babb65884f47c6b5b4c3ed8cdcea5f', 'system': None}, Network: None, Subnet: None, Router: None
2025-01-13 22:42:42.033 69992 INFO tempest.lib.common.dynamic_creds [-] Created isolated network resources for: credentials: Credentials: {'domain_id': 'default', 'domain_name': 'Default', 'username': 'tempest-QuotaClassesAdminTestJSON-193412896-project-member', 'project_domain_id': 'default', 'project_domain_name': 'Default', 'project_id': '11ed13508f21469eb38992add3daf02e', 'project_name': 'tempest-QuotaClassesAdminTestJSON-193412896', 'tenant_id': '11ed13508f21469eb38992add3daf02e', 'tenant_name': 'tempest-QuotaClassesAdminTestJSON-193412896', 'user_domain_id': 'default', 'user_domain_name': 'Default', 'user_id': '21babb65884f47c6b5b4c3ed8cdcea5f', 'system': None}, Network: None, Subnet: None, Router: None
2025-01-13 22:42:42.035 69974 INFO tempest.lib.common.rest_client [req-eb5900b7-62ef-4855-9a4a-aac50ad73eaf req-eb5900b7-62ef-4855-9a4a-aac50ad73eaf ] Request (ServerDiagnosticsNegativeTest:setUpClass): 201 POST http://10.180.1.21/identity/v3/auth/tokens 0.077s
2025-01-13 22:42:42.091 69998 INFO tempest.lib.common.rest_client [req-2645efb0-0065-4e98-bf4a-5d3deab8ad39 req-2645efb0-0065-4e98-bf4a-5d3deab8ad39 ] Request (FlavorsV255TestJSON:tearDownClass): 200 GET http://10.180.1.21:9696/networking/v2.0/security-groups?tenant_id=ef124e1374654ceba0753b6f6993591d&name=default 1.035s
2025-01-13 22:42:42.137 69974 INFO tempest.lib.common.rest_client [req-ea40be94-8719-415a-84fa-6e4c4d40b5a5 req-ea40be94-8719-415a-84fa-6e4c4d40b5a5 ] Request (ServerDiagnosticsNegativeTest:setUpClass): 201 POST http://10.180.1.21/identity/v3/projects 0.101s
2025-01-13 22:42:42.171 69992 INFO tempest.lib.common.rest_client [req-bcec71fc-6820-421a-985f-d59229e25a9b req-bcec71fc-6820-421a-985f-d59229e25a9b ] Request (QuotaClassesAdminTestJSON:setUpClass): 201 POST http://10.180.1.21/identity/v3/auth/tokens 0.133s
2025-01-13 22:42:42.238 69974 INFO tempest.lib.common.rest_client [req-5a436234-f827-4b57-8225-f8b1d4d51098 req-5a436234-f827-4b57-8225-f8b1d4d51098 ] Request (ServerDiagnosticsNegativeTest:setUpClass): 201 POST http://10.180.1.21/identity/v3/users 0.100s
2025-01-13 22:42:42.250 69976 INFO tempest.lib.common.rest_client [req-48da96d0-5d4f-41de-b4f2-e5db1ecc40f4 req-48da96d0-5d4f-41de-b4f2-e5db1ecc40f4 ] Request (FlavorMetadataValidation:tearDownClass): 204 DELETE http://10.180.1.21:9696/networking/v2.0/security-groups/222ae2a8-a216-473b-a9cf-a95bf16311b9 0.679s
2025-01-13 22:42:42.270 69974 INFO tempest.lib.common.rest_client [req-d03e1150-8bd4-4ab9-a7c4-3f563b559df6 req-d03e1150-8bd4-4ab9-a7c4-3f563b559df6 ] Request (ServerDiagnosticsNegativeTest:setUpClass): 200 GET http://10.180.1.21/identity/v3/roles 0.032s
2025-01-13 22:42:42.286 69992 INFO tempest.lib.common.rest_client [req-196a56ff-b8af-47fc-b8e0-98af851e610e req-196a56ff-b8af-47fc-b8e0-98af851e610e ] Request (QuotaClassesAdminTestJSON:setUpClass): 201 POST http://10.180.1.21/identity/v3/projects 0.114s
2025-01-13 22:42:42.332 69976 INFO tempest.lib.common.rest_client [req-d3d5f2cc-4b10-4a42-99de-9814a139c082 req-d3d5f2cc-4b10-4a42-99de-9814a139c082 ] Request (FlavorMetadataValidation:tearDownClass): 204 DELETE http://10.180.1.21/identity/v3/projects/3879e6163df44de5af51b8f3ccecbaba 0.081s
2025-01-13 22:42:42.403 69992 INFO tempest.lib.common.rest_client [req-3a84d375-5525-422b-8c39-7c0739f00898 req-3a84d375-5525-422b-8c39-7c0739f00898 ] Request (QuotaClassesAdminTestJSON:setUpClass): 201 POST http://10.180.1.21/identity/v3/users 0.117s
2025-01-13 22:42:42.427 69974 INFO tempest.lib.common.rest_client [req-90cbcdcc-2370-4bd2-81c5-c6036a541de0 req-90cbcdcc-2370-4bd2-81c5-c6036a541de0 ] Request (ServerDiagnosticsNegativeTest:setUpClass): 204 PUT http://10.180.1.21/identity/v3/projects/92160eca84e74a09803be5f72b8bd07b/users/a506f42d26654a4cb5c61a3a43b42b3e/roles/7b0586617c574bfab64f86e8c96b6373 0.156s
2025-01-13 22:42:42.451 69984 INFO tempest.lib.common.rest_client [req-05ea403f-a1ff-485e-8380-98ba84e57d1c req-05ea403f-a1ff-485e-8380-98ba84e57d1c ] Request (ImagesNegativeTestJSON:test_create_image_from_deleted_server): 202 POST http://10.180.1.21/compute/v2.1/servers 2.950s
2025-01-13 22:42:42.474 69976 INFO tempest.lib.common.rest_client [req-e0bdca4a-fa41-404a-b0da-5d558113d59f req-e0bdca4a-fa41-404a-b0da-5d558113d59f ] Request (QuotasSecurityGroupAdminNegativeTest:setUpClass): 201 POST http://10.180.1.21/identity/v3/auth/tokens 0.141s
2025-01-13 22:42:42.503 69992 INFO tempest.lib.common.rest_client [req-50896d09-d559-46c5-9c10-813c564eee7a req-50896d09-d559-46c5-9c10-813c564eee7a ] Request (QuotaClassesAdminTestJSON:setUpClass): 200 GET http://10.180.1.21/identity/v3/roles 0.099s
2025-01-13 22:42:42.510 69974 INFO tempest.lib.common.rest_client [req-f3bd736b-f874-4f4b-8785-5a92adc19971 req-f3bd736b-f874-4f4b-8785-5a92adc19971 ] Request (ServerDiagnosticsNegativeTest:setUpClass): 200 GET http://10.180.1.21/identity/v3/roles 0.083s
2025-01-13 22:42:42.531 69992 INFO tempest.lib.common.rest_client [req-647ed2d0-e9c5-482b-b9a8-15315eb050dc req-647ed2d0-e9c5-482b-b9a8-15315eb050dc ] Request (QuotaClassesAdminTestJSON:setUpClass): 204 PUT http://10.180.1.21/identity/v3/projects/257241321f9b4cd1a18eacdc5db7ec85/users/7e7f83cb63c6462085a1c1906091cfe8/roles/7b0586617c574bfab64f86e8c96b6373 0.027s
2025-01-13 22:42:42.568 70032 INFO tempest.lib.common.rest_client [req-5f5f8aa1-84ea-4088-873d-fc7e6d7e967a req-5f5f8aa1-84ea-4088-873d-fc7e6d7e967a ] Request (FlavorsV261TestJSON:tearDownClass): 204 DELETE http://10.180.1.21:9696/networking/v2.0/security-groups/bc1dce64-4d55-4aeb-af64-473ed03f5bce 0.673s
2025-01-13 22:42:42.574 69976 INFO tempest.lib.common.rest_client [req-bfdf0bf0-91c8-4ace-9a3c-8956d8015b2c req-bfdf0bf0-91c8-4ace-9a3c-8956d8015b2c ] Request (QuotasSecurityGroupAdminNegativeTest:setUpClass): 201 POST http://10.180.1.21/identity/v3/auth/tokens 0.096s
2025-01-13 22:42:42.585 69998 INFO tempest.lib.common.rest_client [req-7beb531a-776a-497f-8a75-fb589e5a91d3 req-7beb531a-776a-497f-8a75-fb589e5a91d3 ] Request (FlavorsV255TestJSON:tearDownClass): 204 DELETE http://10.180.1.21:9696/networking/v2.0/security-groups/1e14fe4e-36f6-431f-825f-9e8be771be3b 0.491s
2025-01-13 22:42:42.591 69974 INFO tempest.lib.common.rest_client [req-8335604e-baaa-46e0-ad52-733d6b0fc5ab req-8335604e-baaa-46e0-ad52-733d6b0fc5ab ] Request (ServerDiagnosticsNegativeTest:setUpClass): 204 PUT http://10.180.1.21/identity/v3/projects/92160eca84e74a09803be5f72b8bd07b/users/a506f42d26654a4cb5c61a3a43b42b3e/roles/7b0586617c574bfab64f86e8c96b6373 0.080s
2025-01-13 22:42:42.591 69974 INFO tempest.lib.common.dynamic_creds [-] Dynamic test user a506f42d26654a4cb5c61a3a43b42b3e is created with scope project and roles: ['admin']
2025-01-13 22:42:42.591 69974 INFO tempest.lib.common.dynamic_creds [-] Acquired dynamic creds: credentials: Credentials: {'domain_id': 'default', 'domain_name': 'Default', 'username': 'tempest-ServerDiagnosticsNegativeTest-1656993640-project-admin', 'project_domain_id': 'default', 'project_domain_name': 'Default', 'project_id': '92160eca84e74a09803be5f72b8bd07b', 'project_name': 'tempest-ServerDiagnosticsNegativeTest-1656993640', 'tenant_id': '92160eca84e74a09803be5f72b8bd07b', 'tenant_name': 'tempest-ServerDiagnosticsNegativeTest-1656993640', 'user_domain_id': 'default', 'user_domain_name': 'Default', 'user_id': 'a506f42d26654a4cb5c61a3a43b42b3e', 'system': None}, Network: None, Subnet: None, Router: None
2025-01-13 22:42:42.592 69974 INFO tempest.lib.common.dynamic_creds [-] Created isolated network resources for: credentials: Credentials: {'domain_id': 'default', 'domain_name': 'Default', 'username': 'tempest-ServerDiagnosticsNegativeTest-1656993640-project-admin', 'project_domain_id': 'default', 'project_domain_name': 'Default', 'project_id': '92160eca84e74a09803be5f72b8bd07b', 'project_name': 'tempest-ServerDiagnosticsNegativeTest-1656993640', 'tenant_id': '92160eca84e74a09803be5f72b8bd07b', 'tenant_name': 'tempest-ServerDiagnosticsNegativeTest-1656993640', 'user_domain_id': 'default', 'user_domain_name': 'Default', 'user_id': 'a506f42d26654a4cb5c61a3a43b42b3e', 'system': None}, Network: None, Subnet: None, Router: None
2025-01-13 22:42:42.645 69992 INFO tempest.lib.common.rest_client [req-3a9c8069-bc3d-497f-918e-2e68a7afac51 req-3a9c8069-bc3d-497f-918e-2e68a7afac51 ] Request (QuotaClassesAdminTestJSON:setUpClass): 200 GET http://10.180.1.21/identity/v3/roles 0.113s
2025-01-13 22:42:42.688 69976 INFO tempest.lib.common.rest_client [req-e2281cb5-30bc-4e70-806f-fb18e73b8a58 req-e2281cb5-30bc-4e70-806f-fb18e73b8a58 ] Request (QuotasSecurityGroupAdminNegativeTest:setUpClass): 200 GET http://10.180.1.21/identity/v3/domains?name=Default 0.114s
2025-01-13 22:42:42.692 69980 INFO tempest.lib.common.rest_client [req-66df7fe4-6ee0-45cb-ae4d-d291cfeaf751 req-66df7fe4-6ee0-45cb-ae4d-d291cfeaf751 ] Request (QuotasAdminTestV236:test_get_updated_quotas): 200 GET http://10.180.1.21/compute/v2.1/os-quota-sets/9e852d64fb4c4816847d30de7f3ed140/detail 3.186s
2025-01-13 22:42:42.712 70002 INFO tempest.lib.common.rest_client [req-acd97ce3-f714-40c7-acd3-585069b6a42a req-acd97ce3-f714-40c7-acd3-585069b6a42a ] Request (FlavorsAccessNegativeTestJSON:test_flavor_non_admin_add): 200 POST http://10.180.1.21/compute/v2.1/flavors 3.162s
2025-01-13 22:42:42.717 70032 INFO tempest.lib.common.rest_client [req-bbc041a9-dac1-47fa-b41d-47f5b0473cab req-bbc041a9-dac1-47fa-b41d-47f5b0473cab ] Request (FlavorsV261TestJSON:tearDownClass): 204 DELETE http://10.180.1.21/identity/v3/projects/c7761a33759b44ecb1272b33408dcb2f 0.148s
2025-01-13 22:42:42.717 70032 INFO tempest.lib.common.dynamic_creds [-] Deleting project and security group for project: b77ef171544e421b83b662629a344da4
2025-01-13 22:42:42.757 69988 INFO tempest.lib.common.rest_client [req-7ee14bbc-99b1-485f-96ad-b17826037843 req-7ee14bbc-99b1-485f-96ad-b17826037843 ] Request (KeyPairsV22TestJSON:test_keypair_create_delete): 201 POST http://10.180.1.21/compute/v2.1/os-keypairs 3.191s
2025-01-13 22:42:42.785 70008 INFO tempest.lib.common.rest_client [req-d364cd30-ba7d-40e9-98cc-2ea641d44bb4 req-d364cd30-ba7d-40e9-98cc-2ea641d44bb4 ] Request (FlavorsAccessTestJSON:_run_cleanups): 200 GET http://10.180.1.21/compute/v2.1/flavors/detail 3.202s
2025-01-13 22:42:42.802 69974 INFO tempest.lib.common.rest_client [req-3c890870-613d-42df-9180-89331571e9df req-3c890870-613d-42df-9180-89331571e9df ] Request (ServerDiagnosticsNegativeTest:setUpClass): 201 POST http://10.180.1.21/identity/v3/auth/tokens 0.205s
2025-01-13 22:42:42.808 69998 INFO tempest.lib.common.rest_client [req-a4d56667-587c-4086-bba6-5f562435a69b req-a4d56667-587c-4086-bba6-5f562435a69b ] Request (FlavorsV255TestJSON:tearDownClass): 204 DELETE http://10.180.1.21/identity/v3/projects/ef124e1374654ceba0753b6f6993591d 0.223s
2025-01-13 22:42:42.808 69998 INFO tempest.lib.common.dynamic_creds [-] Deleting project and security group for project: fa0b3af62af248e59c2a689d636d8eb4
2025-01-13 22:42:42.875 69992 INFO tempest.lib.common.rest_client [req-20cf2ba6-fc54-482a-bdba-5eb770534d96 req-20cf2ba6-fc54-482a-bdba-5eb770534d96 ] Request (QuotaClassesAdminTestJSON:setUpClass): 204 PUT http://10.180.1.21/identity/v3/projects/257241321f9b4cd1a18eacdc5db7ec85/users/7e7f83cb63c6462085a1c1906091cfe8/roles/7b0586617c574bfab64f86e8c96b6373 0.230s
2025-01-13 22:42:42.875 69992 INFO tempest.lib.common.dynamic_creds [-] Dynamic test user 7e7f83cb63c6462085a1c1906091cfe8 is created with scope project and roles: ['admin']
2025-01-13 22:42:42.875 69992 INFO tempest.lib.common.dynamic_creds [-] Acquired dynamic creds: credentials: Credentials: {'domain_id': 'default', 'domain_name': 'Default', 'username': 'tempest-QuotaClassesAdminTestJSON-49043874-project-admin', 'project_domain_id': 'default', 'project_domain_name': 'Default', 'project_id': '257241321f9b4cd1a18eacdc5db7ec85', 'project_name': 'tempest-QuotaClassesAdminTestJSON-49043874', 'tenant_id': '257241321f9b4cd1a18eacdc5db7ec85', 'tenant_name': 'tempest-QuotaClassesAdminTestJSON-49043874', 'user_domain_id': 'default', 'user_domain_name': 'Default', 'user_id': '7e7f83cb63c6462085a1c1906091cfe8', 'system': None}, Network: None, Subnet: None, Router: None
2025-01-13 22:42:42.875 69992 INFO tempest.lib.common.dynamic_creds [-] Created isolated network resources for: credentials: Credentials: {'domain_id': 'default', 'domain_name': 'Default', 'username': 'tempest-QuotaClassesAdminTestJSON-49043874-project-admin', 'project_domain_id': 'default', 'project_domain_name': 'Default', 'project_id': '257241321f9b4cd1a18eacdc5db7ec85', 'project_name': 'tempest-QuotaClassesAdminTestJSON-49043874', 'tenant_id': '257241321f9b4cd1a18eacdc5db7ec85', 'tenant_name': 'tempest-QuotaClassesAdminTestJSON-49043874', 'user_domain_id': 'default', 'user_domain_name': 'Default', 'user_id': '7e7f83cb63c6462085a1c1906091cfe8', 'system': None}, Network: None, Subnet: None, Router: None
2025-01-13 22:42:42.890 69976 INFO tempest.lib.common.rest_client [req-bffbf0be-287a-4d4f-b06c-6c20cb521f22 req-bffbf0be-287a-4d4f-b06c-6c20cb521f22 ] Request (QuotasSecurityGroupAdminNegativeTest:setUpClass): 201 POST http://10.180.1.21/identity/v3/projects 0.201s
2025-01-13 22:42:42.942 69974 INFO tempest.lib.common.rest_client [req-6b97dabf-696c-47bc-a9dd-417ee0809326 req-6b97dabf-696c-47bc-a9dd-417ee0809326 ] Request (ServerDiagnosticsNegativeTest:test_get_server_diagnostics_by_non_admin): 201 POST http://10.180.1.21/identity/v3/auth/tokens 0.132s
2025-01-13 22:42:42.942 69974 INFO tempest.lib.common.fixed_network [-] (ServerDiagnosticsNegativeTest:test_get_server_diagnostics_by_non_admin) Found network None available for tenant
2025-01-13 22:42:42.966 69980 INFO tempest.lib.common.rest_client [req-9e8c8e88-9938-41e4-b6f0-b70af32931a5 req-9e8c8e88-9938-41e4-b6f0-b70af32931a5 ] Request (QuotasAdminTestV236:test_get_updated_quotas): 200 GET http://10.180.1.21/identity/v3/domains?name=Default 0.264s
2025-01-13 22:42:43.019 69992 INFO tempest.lib.common.rest_client [req-cf79b136-4228-4afe-9e55-a174d513674b req-cf79b136-4228-4afe-9e55-a174d513674b ] Request (QuotaClassesAdminTestJSON:setUpClass): 201 POST http://10.180.1.21/identity/v3/auth/tokens 0.139s
2025-01-13 22:42:43.031 69976 INFO tempest.lib.common.rest_client [req-f037abaf-db0f-4c32-8ab3-74088a6a20b3 req-f037abaf-db0f-4c32-8ab3-74088a6a20b3 ] Request (QuotasSecurityGroupAdminNegativeTest:setUpClass): 201 POST http://10.180.1.21/identity/v3/users 0.140s
2025-01-13 22:42:43.049 69980 INFO tempest.lib.common.rest_client [req-e61ea288-2943-407f-bfa9-144b19294528 req-e61ea288-2943-407f-bfa9-144b19294528 ] Request (QuotasAdminTestV236:test_get_updated_quotas): 201 POST http://10.180.1.21/identity/v3/users 0.082s
2025-01-13 22:42:43.060 70016 INFO tempest.lib.common.rest_client [req-8da5e035-1f63-4e0e-8fa4-b518df79d021 req-8da5e035-1f63-4e0e-8fa4-b518df79d021 ] Request (FloatingIPDetailsTestJSON:test_get_floating_ip_details): 200 POST http://10.180.1.21/compute/v2.1/os-floating-ips 5.090s
2025-01-13 22:42:43.061 69976 INFO tempest.lib.common.rest_client [req-8fbea3a1-000d-49da-b372-73b70171adc1 req-8fbea3a1-000d-49da-b372-73b70171adc1 ] Request (QuotasSecurityGroupAdminNegativeTest:setUpClass): 200 GET http://10.180.1.21/identity/v3/roles 0.030s
2025-01-13 22:42:43.084 69980 INFO tempest.lib.common.rest_client [req-359c49e7-c543-4413-809e-67d6d60378fe req-359c49e7-c543-4413-809e-67d6d60378fe ] Request (QuotasAdminTestV236:test_get_updated_quotas): 200 GET http://10.180.1.21/identity/v3/domains?name=Default 0.034s
2025-01-13 22:42:43.111 69976 INFO tempest.lib.common.rest_client [req-56c9109b-c993-4c0b-a782-4bd611f47133 req-56c9109b-c993-4c0b-a782-4bd611f47133 ] Request (QuotasSecurityGroupAdminNegativeTest:setUpClass): 204 PUT http://10.180.1.21/identity/v3/projects/2f0d45cfe7dc4be98c2f5f7957d65711/users/5fa3a1a232d649f784afe43ecd0daa3f/roles/d9f75a78082744fdb9a68541d3811106 0.050s
2025-01-13 22:42:43.112 69976 INFO tempest.lib.common.dynamic_creds [-] Dynamic test user 5fa3a1a232d649f784afe43ecd0daa3f is created with scope project and roles: ['member']
2025-01-13 22:42:43.112 69976 INFO tempest.lib.common.dynamic_creds [-] Acquired dynamic creds: credentials: Credentials: {'domain_id': 'default', 'domain_name': 'Default', 'username': 'tempest-QuotasSecurityGroupAdminNegativeTest-223815727-project-member', 'project_domain_id': 'default', 'project_domain_name': 'Default', 'project_id': '2f0d45cfe7dc4be98c2f5f7957d65711', 'project_name': 'tempest-QuotasSecurityGroupAdminNegativeTest-223815727', 'tenant_id': '2f0d45cfe7dc4be98c2f5f7957d65711', 'tenant_name': 'tempest-QuotasSecurityGroupAdminNegativeTest-223815727', 'user_domain_id': 'default', 'user_domain_name': 'Default', 'user_id': '5fa3a1a232d649f784afe43ecd0daa3f', 'system': None}, Network: None, Subnet: None, Router: None
2025-01-13 22:42:43.112 69976 INFO tempest.lib.common.dynamic_creds [-] Created isolated network resources for: credentials: Credentials: {'domain_id': 'default', 'domain_name': 'Default', 'username': 'tempest-QuotasSecurityGroupAdminNegativeTest-223815727-project-member', 'project_domain_id': 'default', 'project_domain_name': 'Default', 'project_id': '2f0d45cfe7dc4be98c2f5f7957d65711', 'project_name': 'tempest-QuotasSecurityGroupAdminNegativeTest-223815727', 'tenant_id': '2f0d45cfe7dc4be98c2f5f7957d65711', 'tenant_name': 'tempest-QuotasSecurityGroupAdminNegativeTest-223815727', 'user_domain_id': 'default', 'user_domain_name': 'Default', 'user_id': '5fa3a1a232d649f784afe43ecd0daa3f', 'system': None}, Network: None, Subnet: None, Router: None
2025-01-13 22:42:43.189 69976 INFO tempest.lib.common.rest_client [req-4be83884-2e44-421e-898a-a78ef800a977 req-4be83884-2e44-421e-898a-a78ef800a977 ] Request (QuotasSecurityGroupAdminNegativeTest:setUpClass): 201 POST http://10.180.1.21/identity/v3/auth/tokens 0.069s
2025-01-13 22:42:43.256 69978 INFO tempest.lib.common.rest_client [req-8e565d0a-923d-4a35-b873-baa68061c1dd req-8e565d0a-923d-4a35-b873-baa68061c1dd ] Request (QuotasAdminNegativeTest:test_create_server_when_cpu_quota_is_full): 200 GET http://10.180.1.21/compute/v2.1/os-quota-sets/ebd5488f2cc44c48a6743e1c73d4ad30 3.396s
2025-01-13 22:42:43.260 69976 INFO tempest.lib.common.rest_client [req-bb5d1d3f-19c0-469b-9f45-0ce801452261 req-bb5d1d3f-19c0-469b-9f45-0ce801452261 ] Request (QuotasSecurityGroupAdminNegativeTest:setUpClass): 201 POST http://10.180.1.21/identity/v3/projects 0.070s
2025-01-13 22:42:43.266 70012 INFO tempest.lib.common.rest_client [req-371cd8f3-1962-4c90-b360-d5e707c7b9b0 req-371cd8f3-1962-4c90-b360-d5e707c7b9b0 ] Request (ListServersNegativeTestJSON:setUpClass): 200 GET http://10.180.1.21/compute/v2.1/servers/434db579-bfa9-4178-beca-90955252999b 3.576s
2025-01-13 22:42:43.299 70032 INFO tempest.lib.common.rest_client [req-79b3a2a7-eb49-4072-a22f-4df5a876000e req-79b3a2a7-eb49-4072-a22f-4df5a876000e ] Request (FlavorsV261TestJSON:tearDownClass): 200 GET http://10.180.1.21:9696/networking/v2.0/security-groups?tenant_id=b77ef171544e421b83b662629a344da4&name=default 0.582s
2025-01-13 22:42:43.306 69998 INFO tempest.lib.common.rest_client [req-d873e879-b4bf-4cee-9e3c-6f1e7c95cede req-d873e879-b4bf-4cee-9e3c-6f1e7c95cede ] Request (FlavorsV255TestJSON:tearDownClass): 200 GET http://10.180.1.21:9696/networking/v2.0/security-groups?tenant_id=fa0b3af62af248e59c2a689d636d8eb4&name=default 0.497s
2025-01-13 22:42:43.332 69982 INFO tempest.lib.common.rest_client [req-51d43a89-61ff-4b9c-94aa-31fcdf7867d8 req-51d43a89-61ff-4b9c-94aa-31fcdf7867d8 ] Request (SecurityGroupsTestJSON:setUpClass): 200 PUT http://10.180.1.21:9696/networking/v2.0/routers/341dce0a-0275-4ea4-bb57-5f49965bea02/add_router_interface 3.911s
2025-01-13 22:42:43.333 69982 INFO tempest.lib.common.dynamic_creds [-] Created isolated network resources for: credentials: Credentials: {'domain_id': 'default', 'domain_name': 'Default', 'username': 'tempest-SecurityGroupsTestJSON-1706206827-project-member', 'project_domain_id': 'default', 'project_domain_name': 'Default', 'project_id': 'cda52bfd37de49bab9b74170c33f2ac5', 'project_name': 'tempest-SecurityGroupsTestJSON-1706206827', 'tenant_id': 'cda52bfd37de49bab9b74170c33f2ac5', 'tenant_name': 'tempest-SecurityGroupsTestJSON-1706206827', 'user_domain_id': 'default', 'user_domain_name': 'Default', 'user_id': '7d5c8b3ca2e44dc591d9cb776d529788', 'system': None}, Network: {'id': '9538a8af-d99b-4e32-a6e7-ef2ff9e0d9f9', 'name': 'tempest-SecurityGroupsTestJSON-254543449-network', 'tenant_id': 'cda52bfd37de49bab9b74170c33f2ac5', 'admin_state_up': True, 'mtu': 8950, 'status': 'ACTIVE', 'subnets': [], 'shared': False, 'project_id': 'cda52bfd37de49bab9b74170c33f2ac5', 'port_security_enabled': True, 'router:external': False, 'provider:network_type': 'vlan', 'provider:physical_network': 'default', 'provider:segmentation_id': 96, 'availability_zone_hints': [], 'availability_zones': [], 'ipv4_address_scope': None, 'ipv6_address_scope': None, 'description': '', 'tags': [], 'created_at': '2025-01-13T22:42:36Z', 'updated_at': '2025-01-13T22:42:36Z', 'revision_number': 1}, Subnet: {'id': 'b6a09b51-c35d-4112-9e2c-fa6663b56b37', 'name': 'tempest-SecurityGroupsTestJSON-254543449-subnet', 'tenant_id': 'cda52bfd37de49bab9b74170c33f2ac5', 'network_id': '9538a8af-d99b-4e32-a6e7-ef2ff9e0d9f9', 'ip_version': 4, 'subnetpool_id': None, 'enable_dhcp': True, 'ipv6_ra_mode': None, 'ipv6_address_mode': None, 'gateway_ip': '192.168.128.1', 'cidr': '192.168.128.0/28', 'allocation_pools': [{'start': '192.168.128.2', 'end': '192.168.128.14'}], 'host_routes': [], 'dns_nameservers': [], 'description': '', 'router:external': False, 'service_types': [], 'tags': [], 'created_at': '2025-01-13T22:42:37Z', 'updated_at': '2025-01-13T22:42:37Z', 'revision_number': 0, 'project_id': 'cda52bfd37de49bab9b74170c33f2ac5'}, Router: {'id': '341dce0a-0275-4ea4-bb57-5f49965bea02', 'name': 'tempest-SecurityGroupsTestJSON-254543449-router', 'tenant_id': 'cda52bfd37de49bab9b74170c33f2ac5', 'admin_state_up': True, 'status': 'ACTIVE', 'external_gateway_info': {'network_id': '68826d4d-05ff-4d6c-b128-3e170271407d', 'external_fixed_ips': [{'subnet_id': 'cb1126db-0f3a-4190-8a5d-395d0c92e7bc', 'ip_address': '10.180.180.146'}], 'enable_snat': True}, 'description': '', 'availability_zones': [], 'distributed': False, 'ha': False, 'availability_zone_hints': [], 'routes': [], 'flavor_id': None, 'tags': [], 'created_at': '2025-01-13T22:42:37Z', 'updated_at': '2025-01-13T22:42:38Z', 'revision_number': 2, 'project_id': 'cda52bfd37de49bab9b74170c33f2ac5'}
2025-01-13 22:42:43.340 69976 INFO tempest.lib.common.rest_client [req-0361fbae-34a1-4fce-a357-d290c5ab7128 req-0361fbae-34a1-4fce-a357-d290c5ab7128 ] Request (QuotasSecurityGroupAdminNegativeTest:setUpClass): 201 POST http://10.180.1.21/identity/v3/users 0.080s
2025-01-13 22:42:43.359 70014 INFO tempest.lib.common.rest_client [req-8ac1c13b-af7e-45d4-9452-0788cf95fde3 req-8ac1c13b-af7e-45d4-9452-0788cf95fde3 ] Request (VolumesAdminNegativeTest:setUpClass): 201 POST http://10.180.1.21:9696/networking/v2.0/routers 3.096s
2025-01-13 22:42:43.366 69976 INFO tempest.lib.common.rest_client [req-ea3357b1-5db9-4260-84f4-71f7ef7aaafe req-ea3357b1-5db9-4260-84f4-71f7ef7aaafe ] Request (QuotasSecurityGroupAdminNegativeTest:setUpClass): 200 GET http://10.180.1.21/identity/v3/roles 0.024s
2025-01-13 22:42:43.388 70026 INFO tempest.lib.common.rest_client [req-5a7c7c28-859c-4d1a-8ac7-97ab32059407 req-5a7c7c28-859c-4d1a-8ac7-97ab32059407 ] Request (ImagesTestJSON:test_create_image_from_stopped_server): 200 GET http://10.180.1.21/compute/v2.1/servers/e41c8a2b-c912-40b1-99a4-1ce6bb2686d5 3.507s
2025-01-13 22:42:43.413 69982 INFO tempest.lib.common.rest_client [req-b60fd8b6-a1af-416b-8c76-88e93c3bdbfc req-b60fd8b6-a1af-416b-8c76-88e93c3bdbfc ] Request (SecurityGroupsTestJSON:setUpClass): 201 POST http://10.180.1.21/identity/v3/auth/tokens 0.077s
2025-01-13 22:42:43.446 69976 INFO tempest.lib.common.rest_client [req-ca669d40-435f-4e4c-b592-3a406d9e74d2 req-ca669d40-435f-4e4c-b592-3a406d9e74d2 ] Request (QuotasSecurityGroupAdminNegativeTest:setUpClass): 204 PUT http://10.180.1.21/identity/v3/projects/a092607417014637a24878794b2688a8/users/d6e7b8be8fa24109be841a7ab63b9e40/roles/7b0586617c574bfab64f86e8c96b6373 0.080s
2025-01-13 22:42:43.480 70000 INFO tempest.lib.common.rest_client [req-2b81dd82-a22f-4a4c-98ed-bdd60b102c10 req-2b81dd82-a22f-4a4c-98ed-bdd60b102c10 ] Request (ServerExternalEventsTest:test_create_server_external_events): 200 GET http://10.180.1.21/compute/v2.1/servers/5239ff9f-cfc1-47a0-96b2-455cc2768aee 3.062s
2025-01-13 22:42:43.488 70000 INFO tempest.common.waiters [-] State transition "BUILD/None" ==> "BUILD/spawning" after 10 second wait
2025-01-13 22:42:43.516 70032 INFO tempest.lib.common.rest_client [req-e2c3219b-d2d5-4adf-ab3d-0a0a940957db req-e2c3219b-d2d5-4adf-ab3d-0a0a940957db ] Request (FlavorsV261TestJSON:tearDownClass): 204 DELETE http://10.180.1.21:9696/networking/v2.0/security-groups/5bd3f699-677e-4174-b906-699bc326f489 0.216s
2025-01-13 22:42:43.523 70024 INFO tempest.lib.common.rest_client [req-4519d002-20aa-46b8-83b9-ae1aa0a35240 req-4519d002-20aa-46b8-83b9-ae1aa0a35240 ] Request (FloatingIPsNegativeTestJSON:tearDownClass): 204 DELETE http://10.180.1.21:9696/networking/v2.0/networks/0f68886b-e9b1-4d36-9144-aee1a6161ec7 1.720s
2025-01-13 22:42:43.534 69976 INFO tempest.lib.common.rest_client [req-b496bbce-41ed-4902-b7dc-7ee9cdfd1ffe req-b496bbce-41ed-4902-b7dc-7ee9cdfd1ffe ] Request (QuotasSecurityGroupAdminNegativeTest:setUpClass): 200 GET http://10.180.1.21/identity/v3/roles 0.088s
2025-01-13 22:42:43.564 70028 INFO tempest.lib.common.rest_client [req-6d48e39a-c4a8-4b79-8240-bc799d19420a req-6d48e39a-c4a8-4b79-8240-bc799d19420a ] Request (ServersAdminTestJSON:setUpClass): 200 GET http://10.180.1.21/compute/v2.1/servers/a57679b4-7b79-4644-ac00-8b6a529d836c 3.040s
2025-01-13 22:42:43.624 70032 INFO tempest.lib.common.rest_client [req-aeccc339-899c-4424-a77f-348c991970a5 req-aeccc339-899c-4424-a77f-348c991970a5 ] Request (FlavorsV261TestJSON:tearDownClass): 204 DELETE http://10.180.1.21/identity/v3/projects/b77ef171544e421b83b662629a344da4 0.106s
2025-01-13 22:42:43.628 70024 INFO tempest.lib.common.rest_client [req-d3e2b564-b3fc-4631-a290-39225a57e170 req-d3e2b564-b3fc-4631-a290-39225a57e170 ] Request (FloatingIPsNegativeTestJSON:tearDownClass): 204 DELETE http://10.180.1.21/identity/v3/users/a4908a748b2440aebf79317cdc7fa9d9 0.104s
2025-01-13 22:42:43.629 70024 INFO tempest.lib.common.dynamic_creds [-] Deleting project and security group for project: bdfb4282ba68431280c2583ae1469594
