2025-01-13 22:43:56.326 69974 INFO tempest.lib.common.rest_client [req-0305e1eb-2ee2-4ca0-990e-912d43dc89f1 req-0305e1eb-2ee2-4ca0-990e-912d43dc89f1 ] Request (ServicesAdminNegativeTestJSON:setUpClass): 204 PUT http://10.180.1.21/identity/v3/projects/3e8983877c11488bb0e20582538c37f6/users/969bc8b90b034a2aa9f82b3a197db47a/roles/7b0586617c574bfab64f86e8c96b6373 0.026s
2025-01-13 22:43:56.379 70006 WARNING tempest.lib.common.ssh [-] Failed to establish authenticated ssh connection to cirros@10.180.180.149 ([Errno None] Unable to connect to port 22 on 10.180.180.149). Number attempts: 2. Retry after 3 seconds.: paramiko.ssh_exception.NoValidConnectionsError: [Errno None] Unable to connect to port 22 on 10.180.180.149
2025-01-13 22:43:56.387 69974 INFO tempest.lib.common.rest_client [req-b68332ec-3170-4968-bfeb-af26c27c7416 req-b68332ec-3170-4968-bfeb-af26c27c7416 ] Request (ServicesAdminNegativeTestJSON:setUpClass): 200 GET http://10.180.1.21/identity/v3/roles 0.060s
2025-01-13 22:43:56.406 69974 INFO tempest.lib.common.rest_client [req-80e8b540-1cfc-446b-ab2b-9b6c6b14987b req-80e8b540-1cfc-446b-ab2b-9b6c6b14987b ] Request (ServicesAdminNegativeTestJSON:setUpClass): 204 PUT http://10.180.1.21/identity/v3/projects/3e8983877c11488bb0e20582538c37f6/users/969bc8b90b034a2aa9f82b3a197db47a/roles/7b0586617c574bfab64f86e8c96b6373 0.018s
2025-01-13 22:43:56.406 69974 INFO tempest.lib.common.dynamic_creds [-] Dynamic test user 969bc8b90b034a2aa9f82b3a197db47a is created with scope project and roles: ['admin']
2025-01-13 22:43:56.406 69974 INFO tempest.lib.common.dynamic_creds [-] Acquired dynamic creds: credentials: Credentials: {'domain_id': 'default', 'domain_name': 'Default', 'username': 'tempest-ServicesAdminNegativeTestJSON-807059895-project-admin', 'project_domain_id': 'default', 'project_domain_name': 'Default', 'project_id': '3e8983877c11488bb0e20582538c37f6', 'project_name': 'tempest-ServicesAdminNegativeTestJSON-807059895', 'tenant_id': '3e8983877c11488bb0e20582538c37f6', 'tenant_name': 'tempest-ServicesAdminNegativeTestJSON-807059895', 'user_domain_id': 'default', 'user_domain_name': 'Default', 'user_id': '969bc8b90b034a2aa9f82b3a197db47a', 'system': None}, Network: None, Subnet: None, Router: None
2025-01-13 22:43:56.406 69974 INFO tempest.lib.common.dynamic_creds [-] Created isolated network resources for: credentials: Credentials: {'domain_id': 'default', 'domain_name': 'Default', 'username': 'tempest-ServicesAdminNegativeTestJSON-807059895-project-admin', 'project_domain_id': 'default', 'project_domain_name': 'Default', 'project_id': '3e8983877c11488bb0e20582538c37f6', 'project_name': 'tempest-ServicesAdminNegativeTestJSON-807059895', 'tenant_id': '3e8983877c11488bb0e20582538c37f6', 'tenant_name': 'tempest-ServicesAdminNegativeTestJSON-807059895', 'user_domain_id': 'default', 'user_domain_name': 'Default', 'user_id': '969bc8b90b034a2aa9f82b3a197db47a', 'system': None}, Network: None, Subnet: None, Router: None
2025-01-13 22:43:56.455 69990 INFO tempest.lib.common.rest_client [req-040dbea8-4f7f-4575-b567-ee4db3f18edd req-040dbea8-4f7f-4575-b567-ee4db3f18edd ] Request (MigrationsAdminTest:test_list_migrations_in_flavor_resize_situation): 200 GET http://10.180.1.21/compute/v2.1/servers/a468b187-e36c-43f0-bd86-126564068f4e 0.054s
2025-01-13 22:43:56.492 70028 INFO tempest.lib.common.rest_client [req-ed6872e9-ce6a-4b36-8233-9ee84121b3a2 req-ed6872e9-ce6a-4b36-8233-9ee84121b3a2 ] Request (ServersAdminTestJSON:test_create_server_with_scheduling_hint): 200 GET http://10.180.1.21/compute/v2.1/servers/6f889af8-b931-4697-8b97-c7d34a8878e3 0.149s
2025-01-13 22:43:56.498 69974 INFO tempest.lib.common.rest_client [req-40a62aef-acfd-48ce-9821-31933990a915 req-40a62aef-acfd-48ce-9821-31933990a915 ] Request (ServicesAdminNegativeTestJSON:setUpClass): 201 POST http://10.180.1.21/identity/v3/auth/tokens 0.089s
2025-01-13 22:43:56.499 70028 INFO tempest.common.waiters [-] State transition "BUILD/networking" ==> "BUILD/spawning" after 42 second wait
2025-01-13 22:43:56.589 69974 INFO tempest.lib.common.rest_client [req-9cd21033-570e-49e5-817f-2a6f0342ec04 req-9cd21033-570e-49e5-817f-2a6f0342ec04 ] Request (ServicesAdminNegativeTestJSON:test_get_service_by_invalid_params): 200 GET http://10.180.1.21/compute/v2.1/os-services 0.090s
2025-01-13 22:43:56.614 69980 INFO tempest.lib.common.rest_client [req-3e001215-2b02-4a82-b6ce-55461fcd86cd req-3e001215-2b02-4a82-b6ce-55461fcd86cd ] Request (ServerRescueNegativeTestJSON:setUpClass): 200 GET http://10.180.1.21/compute/v2.1/servers/4cfe5db8-924d-4733-a0aa-77b41889ab56 0.108s
2025-01-13 22:43:56.632 69974 INFO tempest.lib.common.rest_client [req-4fa8531d-8c19-4694-af01-14e30ca41a26 req-4fa8531d-8c19-4694-af01-14e30ca41a26 ] Request (ServicesAdminNegativeTestJSON:test_get_service_by_invalid_params): 200 GET http://10.180.1.21/compute/v2.1/os-services?xxx=nova-compute 0.041s
2025-01-13 22:43:56.638 69998 INFO tempest.lib.common.rest_client [req-144a7886-b71d-4d3d-8ea0-60266bd95e20 req-144a7886-b71d-4d3d-8ea0-60266bd95e20 ] Request (ServersAaction247Test:test_create_backup): 200 GET http://10.180.1.21/compute/v2.1/servers/2e81036f-03b0-400f-adc6-4eb39f947b5f 0.064s
2025-01-13 22:43:56.659 69974 INFO tempest.lib.common.rest_client [req-f4c6b1cc-97d9-4032-b61a-f9eaf8b36771 req-f4c6b1cc-97d9-4032-b61a-f9eaf8b36771 ] Request (ServicesAdminNegativeTestJSON:test_get_service_by_invalid_service_and_valid_host): 200 GET http://10.180.1.21/compute/v2.1/os-services 0.022s
2025-01-13 22:43:56.681 69974 INFO tempest.lib.common.rest_client [req-a7cdcd7d-1deb-45fe-aeb7-2f0797a2ab70 req-a7cdcd7d-1deb-45fe-aeb7-2f0797a2ab70 ] Request (ServicesAdminNegativeTestJSON:test_get_service_by_invalid_service_and_valid_host): 200 GET http://10.180.1.21/compute/v2.1/os-services?host=devstack&binary=xxx 0.020s
2025-01-13 22:43:56.703 70002 INFO tempest.lib.common.rest_client [req-946b5de8-df57-4d91-8a8a-771dc19d235e req-946b5de8-df57-4d91-8a8a-771dc19d235e ] Request (ServerActionsTestJSON:setUpClass): 200 GET http://10.180.1.21/compute/v2.1/servers/133ec6e5-3de6-4613-86bc-f13509b1ea60 0.057s
2025-01-13 22:43:56.731 69974 INFO tempest.lib.common.rest_client [req-b9ed47cc-84ef-4b9e-9976-fae18202e4a7 req-b9ed47cc-84ef-4b9e-9976-fae18202e4a7 ] Request (ServicesAdminNegativeTestJSON:test_get_service_with_valid_service_and_invalid_host): 200 GET http://10.180.1.21/compute/v2.1/os-services 0.047s
2025-01-13 22:43:56.747 69982 INFO tempest.lib.common.rest_client [req-c252904a-0b77-4313-84df-dcad5e894db9 req-c252904a-0b77-4313-84df-dcad5e894db9 ] Request (SecurityGroupsTestJSON:test_server_security_groups): 200 GET http://10.180.1.21/compute/v2.1/servers/ecc3a7d6-6503-47d6-bb76-febfa0c9091b 0.063s
2025-01-13 22:43:56.761 69974 INFO tempest.lib.common.rest_client [req-3df1fa11-63fa-432d-898b-d8197dbebd8e req-3df1fa11-63fa-432d-898b-d8197dbebd8e ] Request (ServicesAdminNegativeTestJSON:test_get_service_with_valid_service_and_invalid_host): 200 GET http://10.180.1.21/compute/v2.1/os-services?host=xxx&binary=nova-scheduler 0.028s
2025-01-13 22:43:56.819 70004 INFO tempest.lib.common.rest_client [req-9e2d7ad8-d165-4ead-92ab-901951e534f0 req-9e2d7ad8-d165-4ead-92ab-901951e534f0 ] Request (FloatingIPsAssociationTestJSON:test_associate_already_associated_floating_ip): 200 GET http://10.180.1.21/compute/v2.1/servers/d3e3a20a-d982-4c96-b589-a5cb9162f59a 0.064s
2025-01-13 22:43:56.832 70030 INFO tempest.lib.common.rest_client [req-398d054d-ffe8-40b7-9deb-29826f886237 req-398d054d-ffe8-40b7-9deb-29826f886237 ] Request (ServersAdmin275Test:tearDownClass): 200 GET http://10.180.1.21/compute/v2.1/servers/919c2a66-cfce-4b43-8b72-94ae6f0ddfb7 0.093s
2025-01-13 22:43:56.875 69974 INFO tempest.lib.common.rest_client [req-9da134f2-8770-49b5-aea3-9dfc629d0473 req-9da134f2-8770-49b5-aea3-9dfc629d0473 ] Request (ServicesAdminNegativeTestJSON:test_list_services_with_non_admin_user): 403 GET http://10.180.1.21/compute/v2.1/os-services 0.109s
2025-01-13 22:43:56.883 69996 INFO tempest.lib.common.rest_client [req-8d2356eb-3cbe-45a4-99c6-c6fb4432b2bc req-8d2356eb-3cbe-45a4-99c6-c6fb4432b2bc ] Request (ServerPasswordTestJSON:setUpClass): 200 GET http://10.180.1.21/compute/v2.1/servers/81e97a03-1511-4639-b8f1-9d0c87c5e40f 0.075s
2025-01-13 22:43:56.892 69972 WARNING tempest.lib.common.ssh [-] Failed to establish authenticated ssh connection to cirros@10.180.180.187 ([Errno None] Unable to connect to port 22 on 10.180.180.187). Number attempts: 4. Retry after 5 seconds.: paramiko.ssh_exception.NoValidConnectionsError: [Errno None] Unable to connect to port 22 on 10.180.180.187
2025-01-13 22:43:56.931 70000 INFO tempest.lib.common.rest_client [req-a7dad4e7-9b61-47c7-bd23-2ec2dcd7cb7f req-a7dad4e7-9b61-47c7-bd23-2ec2dcd7cb7f ] Request (InstanceActionsTestJSON:setUpClass): 200 GET http://10.180.1.21/compute/v2.1/servers/2ed4393e-f481-4aa9-bec1-5f6fe57b1c27 0.104s
2025-01-13 22:43:56.932 70022 INFO tempest.lib.common.rest_client [req-9180f98f-ace9-4e6b-8522-a7cd8a41013d req-9180f98f-ace9-4e6b-8522-a7cd8a41013d ] Request (ServerAddressesNegativeTestJSON:setUpClass): 200 GET http://10.180.1.21/compute/v2.1/servers/3530f4ac-4e50-4950-aaca-082995af7da7 0.057s
2025-01-13 22:43:56.977 69974 INFO tempest.lib.common.rest_client [req-11cf42de-39ac-4ff4-8e36-2fc170b2c0fc req-11cf42de-39ac-4ff4-8e36-2fc170b2c0fc ] Request (ServicesAdminNegativeTestJSON:tearDownClass): 204 DELETE http://10.180.1.21/identity/v3/users/f38d1ca0a22b417ca9e31b12d69d399b 0.101s
2025-01-13 22:43:56.992 69976 INFO tempest.lib.common.rest_client [req-6cf44eb6-ecb6-434e-8929-412b5290faad req-6cf44eb6-ecb6-434e-8929-412b5290faad ] Request (InstanceActionsV221TestJSON:test_get_list_deleted_instance_actions): 200 GET http://10.180.1.21/compute/v2.1/servers/0fd9b1e9-32c1-4fc1-9507-d6e53eef14ca 0.079s
2025-01-13 22:43:57.000 69978 INFO tempest.lib.common.rest_client [req-359ccf4b-df4e-413c-8ce7-79f43619308d req-359ccf4b-df4e-413c-8ce7-79f43619308d ] Request (ServerGroupTestJSON:test_create_server_with_scheduler_hint_group): 200 GET http://10.180.1.21/compute/v2.1/servers/a794c6c2-da0b-4ee9-ab9f-7fcf706bf514 0.070s
2025-01-13 22:43:57.052 69988 INFO tempest.lib.common.rest_client [req-da6d6852-1f57-4682-8941-a8be890d98c6 req-da6d6852-1f57-4682-8941-a8be890d98c6 ] Request (ServersTestBootFromVolume:setUpClass): 200 GET http://10.180.1.21/compute/v2.1/servers/edb95cc6-a598-43a1-9be4-45a0a89da796 0.067s
2025-01-13 22:43:57.053 70016 INFO tempest.lib.common.rest_client [req-6d9c439f-1667-4fa9-bb87-f22df1e38299 req-6d9c439f-1667-4fa9-bb87-f22df1e38299 ] Request (ListImageFiltersTestJSON:setUpClass): 200 GET http://10.180.1.21/compute/v2.1/servers/a83d32f0-ddaa-402f-a2b3-72f1936e01f0 0.089s
2025-01-13 22:43:57.098 69974 INFO tempest.lib.common.rest_client [req-608b34b9-624e-4408-811b-0bcb915a3d35 req-608b34b9-624e-4408-811b-0bcb915a3d35 ] Request (ServicesAdminNegativeTestJSON:tearDownClass): 204 DELETE http://10.180.1.21/identity/v3/users/969bc8b90b034a2aa9f82b3a197db47a 0.120s
2025-01-13 22:43:57.098 69974 INFO tempest.lib.common.dynamic_creds [-] Deleting project and security group for project: f0694655f5bb49db937a373e953023f2
2025-01-13 22:43:57.110 69984 INFO tempest.lib.common.rest_client [req-4c4b6259-7285-4a9d-8b6a-7e407f9dbb17 req-4c4b6259-7285-4a9d-8b6a-7e407f9dbb17 ] Request (AttachVolumeNegativeTest:test_attach_attached_volume_to_different_server): 200 GET http://10.180.1.21/compute/v2.1/servers/3a3816f6-9478-45f3-be2d-0a58ac0335dc 0.069s
2025-01-13 22:43:57.124 70012 INFO tempest.lib.common.rest_client [req-baa6657c-2e36-4828-838c-828434c89923 req-baa6657c-2e36-4828-838c-828434c89923 ] Request (ListServersNegativeTestJSON:tearDownClass): 200 GET http://10.180.1.21/compute/v2.1/servers/94a0eeb0-5af2-4591-9c9f-f886d984bdc2 0.083s
2025-01-13 22:43:57.168 69974 INFO tempest.lib.common.rest_client [req-2228859b-e285-49ce-b3d4-c920c6589c7b req-2228859b-e285-49ce-b3d4-c920c6589c7b ] Request (ServicesAdminNegativeTestJSON:tearDownClass): 201 POST http://10.180.1.21/identity/v3/auth/tokens 0.069s
2025-01-13 22:43:57.169 70008 INFO tempest.lib.common.rest_client [req-b567c5be-fb97-44ba-a176-02acbd9fb60c req-b567c5be-fb97-44ba-a176-02acbd9fb60c ] Request (ServerDiagnosticsTest:tearDownClass): 200 GET http://10.180.1.21/compute/v2.1/servers/c3bf2f4e-518c-4aa3-9b0b-b4bae5f43c02 0.078s
2025-01-13 22:43:57.178 69992 INFO tempest.lib.common.rest_client [req-ba18bebb-c35c-47b3-af20-521c62496e01 req-ba18bebb-c35c-47b3-af20-521c62496e01 ] Request (ServerActionsV293TestJSON:setUpClass): 200 GET http://10.180.1.21/compute/v2.1/servers/3b8c346d-9fd4-46e7-a017-6bbcf2ce93e6 0.077s
2025-01-13 22:43:57.229 70010 INFO tempest.lib.common.rest_client [req-bae1c5c6-8d21-4225-b0cf-9d4db19734ed req-bae1c5c6-8d21-4225-b0cf-9d4db19734ed ] Request (ImagesOneServerNegativeTestJSON:_run_cleanups): 200 GET http://10.180.1.21/compute/v2.1/servers/015cab37-1bd8-49ac-9a62-a1bac0754e9a 0.077s
2025-01-13 22:43:57.236 70020 INFO tempest.lib.common.rest_client [req-2a158b0a-5174-4996-8611-da7cdf7f70c8 req-2a158b0a-5174-4996-8611-da7cdf7f70c8 ] Request (ServerShowV247Test:tearDownClass): 200 GET http://10.180.1.21/compute/v2.1/servers/d0604e22-2070-4f9f-a454-4ce6a0c33475 0.073s
2025-01-13 22:43:57.279 70024 INFO tempest.lib.common.rest_client [req-f3463492-1655-42d7-a479-adf398f5a239 req-f3463492-1655-42d7-a479-adf398f5a239 ] Request (ServersTestMultiNic:test_verify_duplicate_network_nics): 200 GET http://10.180.1.21/compute/v2.1/servers/4115827a-5561-44e4-97cb-ac47c2be2c66 0.051s
2025-01-13 22:43:57.323 70026 INFO tempest.lib.common.rest_client [req-8ecbf1a0-48a7-4a71-ae1f-29bca3b567f0 req-8ecbf1a0-48a7-4a71-ae1f-29bca3b567f0 ] Request (ImagesTestJSON:test_create_image_from_suspended_server): 200 GET http://10.180.1.21/compute/v2.1/servers/5f4ba151-330b-4ea0-8daa-6f917b22f3cc 0.050s
2025-01-13 22:43:57.330 70034 INFO tempest.lib.common.rest_client [req-76632c35-8133-4e2d-9c85-dad977fc94b0 req-76632c35-8133-4e2d-9c85-dad977fc94b0 ] Request (AttachInterfacesV270Test:tearDownClass): 200 GET http://10.180.1.21/compute/v2.1/servers/44095de4-eac4-475d-aa56-6fe9211a1721 0.098s
2025-01-13 22:43:57.347 69974 INFO tempest.lib.common.rest_client [req-25c7e5fd-49be-4dff-aaec-5a58285450ca req-25c7e5fd-49be-4dff-aaec-5a58285450ca ] Request (ServicesAdminNegativeTestJSON:tearDownClass): 200 GET http://10.180.1.21:9696/networking/v2.0/security-groups?tenant_id=f0694655f5bb49db937a373e953023f2&name=default 0.179s
2025-01-13 22:43:57.375 70032 INFO tempest.lib.common.rest_client [req-3615e4bf-41ab-4e8e-90cc-c18d2e84ffcc req-3615e4bf-41ab-4e8e-90cc-c18d2e84ffcc ] Request (ServerDiskConfigTestJSON:test_rebuild_server_with_auto_disk_config): 200 GET http://10.180.1.21/compute/v2.1/servers/c7f916a1-2ef1-47ea-9696-816ca2c28610 0.096s
2025-01-13 22:43:57.431 69974 INFO tempest.lib.common.rest_client [req-f6e5b108-fd7d-4b5f-bf52-f7ec209d42ad req-f6e5b108-fd7d-4b5f-bf52-f7ec209d42ad ] Request (ServicesAdminNegativeTestJSON:tearDownClass): 204 DELETE http://10.180.1.21:9696/networking/v2.0/security-groups/52017d25-c18a-4732-b702-7e519cd23c15 0.083s
2025-01-13 22:43:57.494 69974 INFO tempest.lib.common.rest_client [req-41499999-59b1-4e08-9f46-23a42531fc0e req-41499999-59b1-4e08-9f46-23a42531fc0e ] Request (ServicesAdminNegativeTestJSON:tearDownClass): 204 DELETE http://10.180.1.21/identity/v3/projects/f0694655f5bb49db937a373e953023f2 0.062s
2025-01-13 22:43:57.494 69974 INFO tempest.lib.common.dynamic_creds [-] Deleting project and security group for project: 3e8983877c11488bb0e20582538c37f6
2025-01-13 22:43:57.523 69990 INFO tempest.lib.common.rest_client [req-57f01056-f0a1-4b88-a969-90d4cc84ebb4 req-57f01056-f0a1-4b88-a969-90d4cc84ebb4 ] Request (MigrationsAdminTest:test_list_migrations_in_flavor_resize_situation): 200 GET http://10.180.1.21/compute/v2.1/servers/a468b187-e36c-43f0-bd86-126564068f4e 0.056s
2025-01-13 22:43:57.607 69974 INFO tempest.lib.common.rest_client [req-ef494bb3-c41d-4aa4-b524-da29f94094d4 req-ef494bb3-c41d-4aa4-b524-da29f94094d4 ] Request (ServicesAdminNegativeTestJSON:tearDownClass): 200 GET http://10.180.1.21:9696/networking/v2.0/security-groups?tenant_id=3e8983877c11488bb0e20582538c37f6&name=default 0.112s
2025-01-13 22:43:57.618 70028 INFO tempest.lib.common.rest_client [req-b2e3523c-50f4-4f06-9fb4-864957b411e2 req-b2e3523c-50f4-4f06-9fb4-864957b411e2 ] Request (ServersAdminTestJSON:test_create_server_with_scheduling_hint): 200 GET http://10.180.1.21/compute/v2.1/servers/6f889af8-b931-4697-8b97-c7d34a8878e3 0.118s
2025-01-13 22:43:57.711 69998 INFO tempest.lib.common.rest_client [req-02114b6f-805a-420c-9d00-c4af86a3b9fd req-02114b6f-805a-420c-9d00-c4af86a3b9fd ] Request (ServersAaction247Test:test_create_backup): 200 GET http://10.180.1.21/compute/v2.1/servers/2e81036f-03b0-400f-adc6-4eb39f947b5f 0.063s
2025-01-13 22:43:57.720 69998 INFO tempest.common.waiters [-] State transition "BUILD/None" ==> "BUILD/networking" after 40 second wait
2025-01-13 22:43:57.721 69974 INFO tempest.lib.common.rest_client [req-d5a5b708-9a3e-45bb-9142-2ffb3dacfe4f req-d5a5b708-9a3e-45bb-9142-2ffb3dacfe4f ] Request (ServicesAdminNegativeTestJSON:tearDownClass): 204 DELETE http://10.180.1.21:9696/networking/v2.0/security-groups/b425930b-12a0-46b1-b98d-3d0918240df8 0.113s
2025-01-13 22:43:57.734 69980 INFO tempest.lib.common.rest_client [req-562ae8bc-6bd7-4a17-8fd9-2fa275af477a req-562ae8bc-6bd7-4a17-8fd9-2fa275af477a ] Request (ServerRescueNegativeTestJSON:setUpClass): 200 GET http://10.180.1.21/compute/v2.1/servers/4cfe5db8-924d-4733-a0aa-77b41889ab56 0.110s
2025-01-13 22:43:57.761 70002 INFO tempest.lib.common.rest_client [req-bc258bba-e550-4856-b8dc-5f1053729abd req-bc258bba-e550-4856-b8dc-5f1053729abd ] Request (ServerActionsTestJSON:setUpClass): 200 GET http://10.180.1.21/compute/v2.1/servers/133ec6e5-3de6-4613-86bc-f13509b1ea60 0.050s
2025-01-13 22:43:57.809 69974 INFO tempest.lib.common.rest_client [req-e202cfd5-7333-41f3-a26a-ff6abd3cee8c req-e202cfd5-7333-41f3-a26a-ff6abd3cee8c ] Request (ServicesAdminNegativeTestJSON:tearDownClass): 204 DELETE http://10.180.1.21/identity/v3/projects/3e8983877c11488bb0e20582538c37f6 0.087s
2025-01-13 22:43:57.852 69994 WARNING tempest.lib.common.ssh [-] Failed to establish authenticated ssh connection to cirros@10.180.180.215 ([Errno None] Unable to connect to port 22 on 10.180.180.215). Number attempts: 4. Retry after 5 seconds.: paramiko.ssh_exception.NoValidConnectionsError: [Errno None] Unable to connect to port 22 on 10.180.180.215
2025-01-13 22:43:57.882 70004 INFO tempest.lib.common.rest_client [req-28828e73-0ab7-4032-8a63-9415aed74de0 req-28828e73-0ab7-4032-8a63-9415aed74de0 ] Request (FloatingIPsAssociationTestJSON:test_associate_already_associated_floating_ip): 200 GET http://10.180.1.21/compute/v2.1/servers/d3e3a20a-d982-4c96-b589-a5cb9162f59a 0.054s
2025-01-13 22:43:57.884 69974 INFO tempest.lib.common.rest_client [req-4b053498-d6b3-4a17-8b0f-06feeee996ef req-4b053498-d6b3-4a17-8b0f-06feeee996ef ] Request (TenantUsagesTestJSON:setUpClass): 201 POST http://10.180.1.21/identity/v3/auth/tokens 0.073s
2025-01-13 22:43:57.920 69974 INFO tempest.lib.common.rest_client [req-8ac367f8-ecca-4f91-98d8-41260d6441a0 req-8ac367f8-ecca-4f91-98d8-41260d6441a0 ] Request (TenantUsagesTestJSON:setUpClass): 201 POST http://10.180.1.21/identity/v3/auth/tokens 0.033s
2025-01-13 22:43:57.945 69974 INFO tempest.lib.common.rest_client [req-33ca9c98-e630-4e7d-bdac-a937dec15dc7 req-33ca9c98-e630-4e7d-bdac-a937dec15dc7 ] Request (TenantUsagesTestJSON:setUpClass): 200 GET http://10.180.1.21/identity/v3/domains?name=Default 0.025s
2025-01-13 22:43:57.946 70030 INFO tempest.lib.common.rest_client [req-ef022be4-8e3d-46f6-b972-b4efdf478258 req-ef022be4-8e3d-46f6-b972-b4efdf478258 ] Request (ServersAdmin275Test:tearDownClass): 200 GET http://10.180.1.21/compute/v2.1/servers/919c2a66-cfce-4b43-8b72-94ae6f0ddfb7 0.104s
2025-01-13 22:43:57.979 69974 INFO tempest.lib.common.rest_client [req-4178e2c2-f7e7-46a0-9a58-6aa133fb69b6 req-4178e2c2-f7e7-46a0-9a58-6aa133fb69b6 ] Request (TenantUsagesTestJSON:setUpClass): 201 POST http://10.180.1.21/identity/v3/projects 0.033s
2025-01-13 22:43:57.987 69982 INFO tempest.lib.common.rest_client [req-68bf4232-e981-4dd9-96a1-34d0c4d0af67 req-68bf4232-e981-4dd9-96a1-34d0c4d0af67 ] Request (SecurityGroupsTestJSON:test_server_security_groups): 200 GET http://10.180.1.21/compute/v2.1/servers/ecc3a7d6-6503-47d6-bb76-febfa0c9091b 0.231s
2025-01-13 22:43:58.041 70022 INFO tempest.lib.common.rest_client [req-0b80cfb4-69af-4188-9171-c92d59ff163c req-0b80cfb4-69af-4188-9171-c92d59ff163c ] Request (ServerAddressesNegativeTestJSON:setUpClass): 200 GET http://10.180.1.21/compute/v2.1/servers/3530f4ac-4e50-4950-aaca-082995af7da7 0.100s
2025-01-13 22:43:58.056 69974 INFO tempest.lib.common.rest_client [req-c5f3fe7a-ad2f-447a-a94c-d389996912e6 req-c5f3fe7a-ad2f-447a-a94c-d389996912e6 ] Request (TenantUsagesTestJSON:setUpClass): 201 POST http://10.180.1.21/identity/v3/users 0.076s
2025-01-13 22:43:58.084 69974 INFO tempest.lib.common.rest_client [req-6247c766-5b45-4de1-9e2f-4eadc4c63789 req-6247c766-5b45-4de1-9e2f-4eadc4c63789 ] Request (TenantUsagesTestJSON:setUpClass): 200 GET http://10.180.1.21/identity/v3/roles 0.028s
2025-01-13 22:43:58.109 70000 INFO tempest.lib.common.rest_client [req-1fecc5de-63a9-4ab9-b43c-9eef15967ab3 req-1fecc5de-63a9-4ab9-b43c-9eef15967ab3 ] Request (InstanceActionsTestJSON:setUpClass): 200 GET http://10.180.1.21/compute/v2.1/servers/2ed4393e-f481-4aa9-bec1-5f6fe57b1c27 0.167s
2025-01-13 22:43:58.116 69974 INFO tempest.lib.common.rest_client [req-cf4d6f07-f23c-4ff4-9e25-ee5948c9b3ee req-cf4d6f07-f23c-4ff4-9e25-ee5948c9b3ee ] Request (TenantUsagesTestJSON:setUpClass): 204 PUT http://10.180.1.21/identity/v3/projects/ec9223c440cf414cb3af747ad00ef11b/users/70174653346745a1ba071096ed0e6a25/roles/d9f75a78082744fdb9a68541d3811106 0.031s
2025-01-13 22:43:58.116 69974 INFO tempest.lib.common.dynamic_creds [-] Dynamic test user 70174653346745a1ba071096ed0e6a25 is created with scope project and roles: ['member']
2025-01-13 22:43:58.117 69974 INFO tempest.lib.common.dynamic_creds [-] Acquired dynamic creds: credentials: Credentials: {'domain_id': 'default', 'domain_name': 'Default', 'username': 'tempest-TenantUsagesTestJSON-706150380-project-member', 'project_domain_id': 'default', 'project_domain_name': 'Default', 'project_id': 'ec9223c440cf414cb3af747ad00ef11b', 'project_name': 'tempest-TenantUsagesTestJSON-706150380', 'tenant_id': 'ec9223c440cf414cb3af747ad00ef11b', 'tenant_name': 'tempest-TenantUsagesTestJSON-706150380', 'user_domain_id': 'default', 'user_domain_name': 'Default', 'user_id': '70174653346745a1ba071096ed0e6a25', 'system': None}, Network: None, Subnet: None, Router: None
2025-01-13 22:43:58.117 69974 INFO tempest.lib.common.dynamic_creds [-] Created isolated network resources for: credentials: Credentials: {'domain_id': 'default', 'domain_name': 'Default', 'username': 'tempest-TenantUsagesTestJSON-706150380-project-member', 'project_domain_id': 'default', 'project_domain_name': 'Default', 'project_id': 'ec9223c440cf414cb3af747ad00ef11b', 'project_name': 'tempest-TenantUsagesTestJSON-706150380', 'tenant_id': 'ec9223c440cf414cb3af747ad00ef11b', 'tenant_name': 'tempest-TenantUsagesTestJSON-706150380', 'user_domain_id': 'default', 'user_domain_name': 'Default', 'user_id': '70174653346745a1ba071096ed0e6a25', 'system': None}, Network: None, Subnet: None, Router: None
2025-01-13 22:43:58.195 69976 INFO tempest.lib.common.rest_client [req-0241728b-58ed-416c-a8dd-325879324367 req-0241728b-58ed-416c-a8dd-325879324367 ] Request (InstanceActionsV221TestJSON:test_get_list_deleted_instance_actions): 200 GET http://10.180.1.21/compute/v2.1/servers/0fd9b1e9-32c1-4fc1-9507-d6e53eef14ca 0.191s
2025-01-13 22:43:58.197 69974 INFO tempest.lib.common.rest_client [req-f71b551b-dfdf-4a10-8484-b108b37f81a4 req-f71b551b-dfdf-4a10-8484-b108b37f81a4 ] Request (TenantUsagesTestJSON:setUpClass): 201 POST http://10.180.1.21/identity/v3/auth/tokens 0.075s
2025-01-13 22:43:58.201 69996 INFO tempest.lib.common.rest_client [req-0463f11a-a6e0-4e9b-a0d7-a963c6e2c2e7 req-0463f11a-a6e0-4e9b-a0d7-a963c6e2c2e7 ] Request (ServerPasswordTestJSON:setUpClass): 200 GET http://10.180.1.21/compute/v2.1/servers/81e97a03-1511-4639-b8f1-9d0c87c5e40f 0.309s
2025-01-13 22:43:58.253 70016 INFO tempest.lib.common.rest_client [req-43f5c995-1b37-41e5-9755-c409d5b4dbfa req-43f5c995-1b37-41e5-9755-c409d5b4dbfa ] Request (ListImageFiltersTestJSON:setUpClass): 200 GET http://10.180.1.21/compute/v2.1/servers/a83d32f0-ddaa-402f-a2b3-72f1936e01f0 0.188s
2025-01-13 22:43:58.255 69978 INFO tempest.lib.common.rest_client [req-5420f09d-7c30-457b-a2c4-0e157fe57a11 req-5420f09d-7c30-457b-a2c4-0e157fe57a11 ] Request (ServerGroupTestJSON:test_create_server_with_scheduler_hint_group): 200 GET http://10.180.1.21/compute/v2.1/servers/a794c6c2-da0b-4ee9-ab9f-7fcf706bf514 0.245s
2025-01-13 22:43:58.273 69974 INFO tempest.lib.common.rest_client [req-010c7cd4-ccaa-4ae2-9802-42d1d911c0b5 req-010c7cd4-ccaa-4ae2-9802-42d1d911c0b5 ] Request (TenantUsagesTestJSON:setUpClass): 201 POST http://10.180.1.21/identity/v3/projects 0.076s
2025-01-13 22:43:58.301 69984 INFO tempest.lib.common.rest_client [req-29ba0add-47ad-4df8-b0ec-ec181ef54c80 req-29ba0add-47ad-4df8-b0ec-ec181ef54c80 ] Request (AttachVolumeNegativeTest:test_attach_attached_volume_to_different_server): 200 GET http://10.180.1.21/compute/v2.1/servers/3a3816f6-9478-45f3-be2d-0a58ac0335dc 0.183s
2025-01-13 22:43:58.312 69988 INFO tempest.lib.common.rest_client [req-6549bd08-eaae-4706-8169-5115ffe11ed8 req-6549bd08-eaae-4706-8169-5115ffe11ed8 ] Request (ServersTestBootFromVolume:setUpClass): 200 GET http://10.180.1.21/compute/v2.1/servers/edb95cc6-a598-43a1-9be4-45a0a89da796 0.244s
2025-01-13 22:43:58.327 69974 INFO tempest.lib.common.rest_client [req-638814a9-61db-48ed-83c4-deb553e03d24 req-638814a9-61db-48ed-83c4-deb553e03d24 ] Request (TenantUsagesTestJSON:setUpClass): 201 POST http://10.180.1.21/identity/v3/users 0.053s
2025-01-13 22:43:58.352 69974 INFO tempest.lib.common.rest_client [req-969238fc-0fd8-4388-8fe7-f7f7f0791399 req-969238fc-0fd8-4388-8fe7-f7f7f0791399 ] Request (TenantUsagesTestJSON:setUpClass): 200 GET http://10.180.1.21/identity/v3/roles 0.024s
2025-01-13 22:43:58.364 70012 INFO tempest.lib.common.rest_client [req-7907d736-f7d5-4815-9eb4-93fdcf418c1a req-7907d736-f7d5-4815-9eb4-93fdcf418c1a ] Request (ListServersNegativeTestJSON:tearDownClass): 200 GET http://10.180.1.21/compute/v2.1/servers/94a0eeb0-5af2-4591-9c9f-f886d984bdc2 0.232s
2025-01-13 22:43:58.374 70008 INFO tempest.lib.common.rest_client [req-5e761d4f-280b-47e9-b7ec-2b41cd0e7956 req-5e761d4f-280b-47e9-b7ec-2b41cd0e7956 ] Request (ServerDiagnosticsTest:tearDownClass): 200 GET http://10.180.1.21/compute/v2.1/servers/c3bf2f4e-518c-4aa3-9b0b-b4bae5f43c02 0.197s
2025-01-13 22:43:58.383 69974 INFO tempest.lib.common.rest_client [req-0d4ad108-2288-4386-8a38-3d7ee9745ab7 req-0d4ad108-2288-4386-8a38-3d7ee9745ab7 ] Request (TenantUsagesTestJSON:setUpClass): 204 PUT http://10.180.1.21/identity/v3/projects/046839f44e804440a240b43d114710d3/users/7e6efd178da14c4f93c45991f8a95081/roles/7b0586617c574bfab64f86e8c96b6373 0.031s
2025-01-13 22:43:58.418 69992 INFO tempest.lib.common.rest_client [req-d5c49ff6-2eb9-4777-a139-87c45d334835 req-d5c49ff6-2eb9-4777-a139-87c45d334835 ] Request (ServerActionsV293TestJSON:setUpClass): 200 GET http://10.180.1.21/compute/v2.1/servers/3b8c346d-9fd4-46e7-a017-6bbcf2ce93e6 0.229s
2025-01-13 22:43:58.431 70010 INFO tempest.lib.common.rest_client [req-aee7a1e3-ca23-42cd-b7d7-120dc330693e req-aee7a1e3-ca23-42cd-b7d7-120dc330693e ] Request (ImagesOneServerNegativeTestJSON:_run_cleanups): 200 GET http://10.180.1.21/compute/v2.1/servers/015cab37-1bd8-49ac-9a62-a1bac0754e9a 0.193s
2025-01-13 22:43:58.432 69974 INFO tempest.lib.common.rest_client [req-0cadae96-ca25-4fe7-8a4b-453024694308 req-0cadae96-ca25-4fe7-8a4b-453024694308 ] Request (TenantUsagesTestJSON:setUpClass): 200 GET http://10.180.1.21/identity/v3/roles 0.048s
2025-01-13 22:43:58.449 69974 INFO tempest.lib.common.rest_client [req-25ebdb1c-c6f2-491c-a576-4e3bc9cf7043 req-25ebdb1c-c6f2-491c-a576-4e3bc9cf7043 ] Request (TenantUsagesTestJSON:setUpClass): 204 PUT http://10.180.1.21/identity/v3/projects/046839f44e804440a240b43d114710d3/users/7e6efd178da14c4f93c45991f8a95081/roles/7b0586617c574bfab64f86e8c96b6373 0.017s
2025-01-13 22:43:58.449 69974 INFO tempest.lib.common.dynamic_creds [-] Dynamic test user 7e6efd178da14c4f93c45991f8a95081 is created with scope project and roles: ['admin']
2025-01-13 22:43:58.449 69974 INFO tempest.lib.common.dynamic_creds [-] Acquired dynamic creds: credentials: Credentials: {'domain_id': 'default', 'domain_name': 'Default', 'username': 'tempest-TenantUsagesTestJSON-198902526-project-admin', 'project_domain_id': 'default', 'project_domain_name': 'Default', 'project_id': '046839f44e804440a240b43d114710d3', 'project_name': 'tempest-TenantUsagesTestJSON-198902526', 'tenant_id': '046839f44e804440a240b43d114710d3', 'tenant_name': 'tempest-TenantUsagesTestJSON-198902526', 'user_domain_id': 'default', 'user_domain_name': 'Default', 'user_id': '7e6efd178da14c4f93c45991f8a95081', 'system': None}, Network: None, Subnet: None, Router: None
2025-01-13 22:43:58.449 69974 INFO tempest.lib.common.dynamic_creds [-] Created isolated network resources for: credentials: Credentials: {'domain_id': 'default', 'domain_name': 'Default', 'username': 'tempest-TenantUsagesTestJSON-198902526-project-admin', 'project_domain_id': 'default', 'project_domain_name': 'Default', 'project_id': '046839f44e804440a240b43d114710d3', 'project_name': 'tempest-TenantUsagesTestJSON-198902526', 'tenant_id': '046839f44e804440a240b43d114710d3', 'tenant_name': 'tempest-TenantUsagesTestJSON-198902526', 'user_domain_id': 'default', 'user_domain_name': 'Default', 'user_id': '7e6efd178da14c4f93c45991f8a95081', 'system': None}, Network: None, Subnet: None, Router: None
2025-01-13 22:43:58.471 70020 INFO tempest.lib.common.rest_client [req-6d204b3d-1ecf-4039-9475-39e5a8df520e req-6d204b3d-1ecf-4039-9475-39e5a8df520e ] Request (ServerShowV247Test:tearDownClass): 200 GET http://10.180.1.21/compute/v2.1/servers/d0604e22-2070-4f9f-a454-4ce6a0c33475 0.225s
2025-01-13 22:43:58.474 70024 INFO tempest.lib.common.rest_client [req-551f87d9-92ee-4a08-92da-877a01fdb9b4 req-551f87d9-92ee-4a08-92da-877a01fdb9b4 ] Request (ServersTestMultiNic:test_verify_duplicate_network_nics): 200 GET http://10.180.1.21/compute/v2.1/servers/4115827a-5561-44e4-97cb-ac47c2be2c66 0.187s
2025-01-13 22:43:58.515 69974 INFO tempest.lib.common.rest_client [req-7fb152ba-6aba-4850-b09f-09f855faa5c9 req-7fb152ba-6aba-4850-b09f-09f855faa5c9 ] Request (TenantUsagesTestJSON:setUpClass): 201 POST http://10.180.1.21/identity/v3/auth/tokens 0.063s
2025-01-13 22:43:58.516 69974 WARNING tempest.lib.common.rest_client [-] Deprecated: "tenant_id" property is deprecated for removal, use "project_id" instead
2025-01-13 22:43:58.518 70026 INFO tempest.lib.common.rest_client [req-9d6ce7b4-285e-4242-ad6b-643ba0b75193 req-9d6ce7b4-285e-4242-ad6b-643ba0b75193 ] Request (ImagesTestJSON:test_create_image_from_suspended_server): 200 GET http://10.180.1.21/compute/v2.1/servers/5f4ba151-330b-4ea0-8daa-6f917b22f3cc 0.184s
2025-01-13 22:43:58.530 70034 INFO tempest.lib.common.rest_client [req-72c6ae23-0d81-470f-9a3e-adce6f266bf1 req-72c6ae23-0d81-470f-9a3e-adce6f266bf1 ] Request (AttachInterfacesV270Test:tearDownClass): 200 GET http://10.180.1.21/compute/v2.1/servers/44095de4-eac4-475d-aa56-6fe9211a1721 0.186s
2025-01-13 22:43:58.566 70032 INFO tempest.lib.common.rest_client [req-ae073440-025d-4ef2-a910-232161bb3fa9 req-ae073440-025d-4ef2-a910-232161bb3fa9 ] Request (ServerDiskConfigTestJSON:test_rebuild_server_with_auto_disk_config): 200 GET http://10.180.1.21/compute/v2.1/servers/c7f916a1-2ef1-47ea-9696-816ca2c28610 0.184s
2025-01-13 22:43:58.576 69974 INFO tempest.lib.common.rest_client [req-597ddc3b-3f22-47be-8718-1259f07ddc55 req-597ddc3b-3f22-47be-8718-1259f07ddc55 ] Request (TenantUsagesTestJSON:setUpClass): 201 POST http://10.180.1.21/identity/v3/auth/tokens 0.057s
2025-01-13 22:43:58.577 69974 INFO tempest.lib.common.fixed_network [-] (TenantUsagesTestJSON:setUpClass) Found network None available for tenant
2025-01-13 22:43:58.581 69990 INFO tempest.lib.common.rest_client [req-5dbff299-ef9c-4ec6-beb4-4cdcb4277d27 req-5dbff299-ef9c-4ec6-beb4-4cdcb4277d27 ] Request (MigrationsAdminTest:test_list_migrations_in_flavor_resize_situation): 200 GET http://10.180.1.21/compute/v2.1/servers/a468b187-e36c-43f0-bd86-126564068f4e 0.049s
2025-01-13 22:43:58.733 70028 INFO tempest.lib.common.rest_client [req-9d660d72-1396-446f-8817-cf487bb05488 req-9d660d72-1396-446f-8817-cf487bb05488 ] Request (ServersAdminTestJSON:test_create_server_with_scheduling_hint): 200 GET http://10.180.1.21/compute/v2.1/servers/6f889af8-b931-4697-8b97-c7d34a8878e3 0.106s
2025-01-13 22:43:58.781 69998 INFO tempest.lib.common.rest_client [req-31a1579c-f63f-44e0-9614-3253f3d7dac2 req-31a1579c-f63f-44e0-9614-3253f3d7dac2 ] Request (ServersAaction247Test:test_create_backup): 200 GET http://10.180.1.21/compute/v2.1/servers/2e81036f-03b0-400f-adc6-4eb39f947b5f 0.060s
2025-01-13 22:43:58.790 69998 INFO tempest.common.waiters [-] State transition "BUILD/networking" ==> "BUILD/spawning" after 41 second wait
2025-01-13 22:43:58.831 69974 INFO tempest.lib.common.rest_client [req-c11900c2-416b-4696-ab16-a9babe5c3288 req-c11900c2-416b-4696-ab16-a9babe5c3288 ] Request (TenantUsagesTestJSON:setUpClass): 202 POST http://10.180.1.21/compute/v2.1/servers 0.253s
2025-01-13 22:43:58.879 70002 INFO tempest.lib.common.rest_client [req-78b9393a-e6d6-47b7-9052-0a5e451075ab req-78b9393a-e6d6-47b7-9052-0a5e451075ab ] Request (ServerActionsTestJSON:setUpClass): 200 GET http://10.180.1.21/compute/v2.1/servers/133ec6e5-3de6-4613-86bc-f13509b1ea60 0.110s
2025-01-13 22:43:58.880 69980 INFO tempest.lib.common.rest_client [req-53bbdad4-42fe-490a-ad2c-428e51336cbf req-53bbdad4-42fe-490a-ad2c-428e51336cbf ] Request (ServerRescueNegativeTestJSON:setUpClass): 200 GET http://10.180.1.21/compute/v2.1/servers/4cfe5db8-924d-4733-a0aa-77b41889ab56 0.137s
2025-01-13 22:43:58.920 69974 INFO tempest.lib.common.rest_client [req-3067a762-31f2-4d3b-877b-d2353242e722 req-3067a762-31f2-4d3b-877b-d2353242e722 ] Request (TenantUsagesTestJSON:setUpClass): 200 GET http://10.180.1.21/compute/v2.1/servers/6c227bdf-8f6d-404f-af39-863adde871a2 0.088s
2025-01-13 22:43:58.946 70004 INFO tempest.lib.common.rest_client [req-53efbda8-628a-4f3b-8d8b-615f9f2b65bc req-53efbda8-628a-4f3b-8d8b-615f9f2b65bc ] Request (FloatingIPsAssociationTestJSON:test_associate_already_associated_floating_ip): 200 GET http://10.180.1.21/compute/v2.1/servers/d3e3a20a-d982-4c96-b589-a5cb9162f59a 0.055s
2025-01-13 22:43:59.025 70030 INFO tempest.lib.common.rest_client [req-e45ec6c8-5b20-4742-b9d9-4ed302b64e67 req-e45ec6c8-5b20-4742-b9d9-4ed302b64e67 ] Request (ServersAdmin275Test:tearDownClass): 200 GET http://10.180.1.21/compute/v2.1/servers/919c2a66-cfce-4b43-8b72-94ae6f0ddfb7 0.067s
2025-01-13 22:43:59.054 69982 INFO tempest.lib.common.rest_client [req-47dc6901-e120-471c-b41c-482ee41ff2a0 req-47dc6901-e120-471c-b41c-482ee41ff2a0 ] Request (SecurityGroupsTestJSON:test_server_security_groups): 200 GET http://10.180.1.21/compute/v2.1/servers/ecc3a7d6-6503-47d6-bb76-febfa0c9091b 0.053s
2025-01-13 22:43:59.102 70022 INFO tempest.lib.common.rest_client [req-343f284b-a13a-4d20-9a88-a5b953e56de1 req-343f284b-a13a-4d20-9a88-a5b953e56de1 ] Request (ServerAddressesNegativeTestJSON:setUpClass): 200 GET http://10.180.1.21/compute/v2.1/servers/3530f4ac-4e50-4950-aaca-082995af7da7 0.052s
2025-01-13 22:43:59.178 70000 INFO tempest.lib.common.rest_client [req-c1e2198e-3342-4129-9963-c6d3cae256cb req-c1e2198e-3342-4129-9963-c6d3cae256cb ] Request (InstanceActionsTestJSON:setUpClass): 200 GET http://10.180.1.21/compute/v2.1/servers/2ed4393e-f481-4aa9-bec1-5f6fe57b1c27 0.058s
2025-01-13 22:43:59.264 69996 INFO tempest.lib.common.rest_client [req-4e935509-e55c-4542-84f7-82965829283b req-4e935509-e55c-4542-84f7-82965829283b ] Request (ServerPasswordTestJSON:setUpClass): 200 GET http://10.180.1.21/compute/v2.1/servers/81e97a03-1511-4639-b8f1-9d0c87c5e40f 0.055s
2025-01-13 22:43:59.273 69976 INFO tempest.lib.common.rest_client [req-c4e9de73-1723-41b3-b9b2-c0eafe154e7c req-c4e9de73-1723-41b3-b9b2-c0eafe154e7c ] Request (InstanceActionsV221TestJSON:test_get_list_deleted_instance_actions): 200 GET http://10.180.1.21/compute/v2.1/servers/0fd9b1e9-32c1-4fc1-9507-d6e53eef14ca 0.067s
2025-01-13 22:43:59.312 70016 INFO tempest.lib.common.rest_client [req-77dd72be-85ec-4988-a669-fb52e8e8b48a req-77dd72be-85ec-4988-a669-fb52e8e8b48a ] Request (ListImageFiltersTestJSON:setUpClass): 200 GET http://10.180.1.21/compute/v2.1/servers/a83d32f0-ddaa-402f-a2b3-72f1936e01f0 0.051s
2025-01-13 22:43:59.319 69978 INFO tempest.lib.common.rest_client [req-b9882092-97cd-49e8-85cb-cee3dd172a82 req-b9882092-97cd-49e8-85cb-cee3dd172a82 ] Request (ServerGroupTestJSON:test_create_server_with_scheduler_hint_group): 200 GET http://10.180.1.21/compute/v2.1/servers/a794c6c2-da0b-4ee9-ab9f-7fcf706bf514 0.057s
2025-01-13 22:43:59.362 69984 INFO tempest.lib.common.rest_client [req-9f858838-8a5a-4541-8969-90caa7a4b431 req-9f858838-8a5a-4541-8969-90caa7a4b431 ] Request (AttachVolumeNegativeTest:test_attach_attached_volume_to_different_server): 200 GET http://10.180.1.21/compute/v2.1/servers/3a3816f6-9478-45f3-be2d-0a58ac0335dc 0.052s
2025-01-13 22:43:59.374 69988 INFO tempest.lib.common.rest_client [req-5d10c1b1-4a92-442c-a110-507a7270e274 req-5d10c1b1-4a92-442c-a110-507a7270e274 ] Request (ServersTestBootFromVolume:setUpClass): 200 GET http://10.180.1.21/compute/v2.1/servers/edb95cc6-a598-43a1-9be4-45a0a89da796 0.054s
2025-01-13 22:43:59.435 70012 INFO tempest.lib.common.rest_client [req-e8394790-c91f-48d6-8280-86228c17dfa9 req-e8394790-c91f-48d6-8280-86228c17dfa9 ] Request (ListServersNegativeTestJSON:tearDownClass): 200 GET http://10.180.1.21/compute/v2.1/servers/94a0eeb0-5af2-4591-9c9f-f886d984bdc2 0.063s
2025-01-13 22:43:59.445 70008 INFO tempest.lib.common.rest_client [req-e52f1b96-cd07-42fe-8392-aa641d180927 req-e52f1b96-cd07-42fe-8392-aa641d180927 ] Request (ServerDiagnosticsTest:tearDownClass): 200 GET http://10.180.1.21/compute/v2.1/servers/c3bf2f4e-518c-4aa3-9b0b-b4bae5f43c02 0.062s
2025-01-13 22:43:59.490 69992 INFO tempest.lib.common.rest_client [req-28bd2ca3-7e56-48d7-b7c5-e1cf2e851b8d req-28bd2ca3-7e56-48d7-b7c5-e1cf2e851b8d ] Request (ServerActionsV293TestJSON:setUpClass): 200 GET http://10.180.1.21/compute/v2.1/servers/3b8c346d-9fd4-46e7-a017-6bbcf2ce93e6 0.062s
2025-01-13 22:43:59.508 70010 INFO tempest.lib.common.rest_client [req-837e19ca-10c6-4cfd-9333-63586099554d req-837e19ca-10c6-4cfd-9333-63586099554d ] Request (ImagesOneServerNegativeTestJSON:_run_cleanups): 200 GET http://10.180.1.21/compute/v2.1/servers/015cab37-1bd8-49ac-9a62-a1bac0754e9a 0.069s
2025-01-13 22:43:59.542 70020 INFO tempest.lib.common.rest_client [req-5d46cc03-3728-43a8-881f-c43b1bcc96f7 req-5d46cc03-3728-43a8-881f-c43b1bcc96f7 ] Request (ServerShowV247Test:tearDownClass): 200 GET http://10.180.1.21/compute/v2.1/servers/d0604e22-2070-4f9f-a454-4ce6a0c33475 0.061s
2025-01-13 22:43:59.566 70024 INFO tempest.lib.common.rest_client [req-3750ce4d-56d0-462e-890f-815e2ea35130 req-3750ce4d-56d0-462e-890f-815e2ea35130 ] Request (ServersTestMultiNic:test_verify_duplicate_network_nics): 200 GET http://10.180.1.21/compute/v2.1/servers/4115827a-5561-44e4-97cb-ac47c2be2c66 0.084s
2025-01-13 22:43:59.587 70026 INFO tempest.lib.common.rest_client [req-d41097e8-a45d-4ae7-9438-ccd6729dd4fd req-d41097e8-a45d-4ae7-9438-ccd6729dd4fd ] Request (ImagesTestJSON:test_create_image_from_suspended_server): 200 GET http://10.180.1.21/compute/v2.1/servers/5f4ba151-330b-4ea0-8daa-6f917b22f3cc 0.058s
2025-01-13 22:43:59.624 70034 INFO tempest.lib.common.rest_client [req-20ef1a53-62f6-4993-aa82-f119bd9a204f req-20ef1a53-62f6-4993-aa82-f119bd9a204f ] Request (AttachInterfacesV270Test:tearDownClass): 200 GET http://10.180.1.21/compute/v2.1/servers/44095de4-eac4-475d-aa56-6fe9211a1721 0.084s
2025-01-13 22:43:59.635 70032 INFO tempest.lib.common.rest_client [req-6028000f-98a4-4d1b-a3ff-cf67c28f0e69 req-6028000f-98a4-4d1b-a3ff-cf67c28f0e69 ] Request (ServerDiskConfigTestJSON:test_rebuild_server_with_auto_disk_config): 200 GET http://10.180.1.21/compute/v2.1/servers/c7f916a1-2ef1-47ea-9696-816ca2c28610 0.061s
2025-01-13 22:43:59.674 69990 INFO tempest.lib.common.rest_client [req-9dd84ca5-8e45-41f8-a816-55c84056230e req-9dd84ca5-8e45-41f8-a816-55c84056230e ] Request (MigrationsAdminTest:test_list_migrations_in_flavor_resize_situation): 200 GET http://10.180.1.21/compute/v2.1/servers/a468b187-e36c-43f0-bd86-126564068f4e 0.085s
2025-01-13 22:43:59.833 70028 INFO tempest.lib.common.rest_client [req-cc83a2e3-37e0-4821-b5dd-4f5f1c09599f req-cc83a2e3-37e0-4821-b5dd-4f5f1c09599f ] Request (ServersAdminTestJSON:test_create_server_with_scheduling_hint): 200 GET http://10.180.1.21/compute/v2.1/servers/6f889af8-b931-4697-8b97-c7d34a8878e3 0.092s
2025-01-13 22:43:59.840 69998 INFO tempest.lib.common.rest_client [req-9744ddf5-6c33-450c-a177-4c9429c49b1f req-9744ddf5-6c33-450c-a177-4c9429c49b1f ] Request (ServersAaction247Test:test_create_backup): 200 GET http://10.180.1.21/compute/v2.1/servers/2e81036f-03b0-400f-adc6-4eb39f947b5f 0.049s
2025-01-13 22:43:59.934 70002 INFO tempest.lib.common.rest_client [req-c0c9c71a-c304-4004-b75f-487036e71a96 req-c0c9c71a-c304-4004-b75f-487036e71a96 ] Request (ServerActionsTestJSON:setUpClass): 200 GET http://10.180.1.21/compute/v2.1/servers/133ec6e5-3de6-4613-86bc-f13509b1ea60 0.047s
2025-01-13 22:43:59.982 69974 INFO tempest.lib.common.rest_client [req-a80a5d72-4632-4747-a1f5-3bcd59732202 req-a80a5d72-4632-4747-a1f5-3bcd59732202 ] Request (TenantUsagesTestJSON:setUpClass): 200 GET http://10.180.1.21/compute/v2.1/servers/6c227bdf-8f6d-404f-af39-863adde871a2 0.054s
2025-01-13 22:44:00.007 69980 INFO tempest.lib.common.rest_client [req-aed461cc-17dc-47d6-bc5b-ebd07da3765b req-aed461cc-17dc-47d6-bc5b-ebd07da3765b ] Request (ServerRescueNegativeTestJSON:setUpClass): 200 GET http://10.180.1.21/compute/v2.1/servers/4cfe5db8-924d-4733-a0aa-77b41889ab56 0.117s
2025-01-13 22:44:00.014 69980 INFO tempest.common.waiters [-] State transition "ACTIVE/rescuing" ==> "RESCUE/None" after 9 second wait
2025-01-13 22:44:00.035 70004 INFO tempest.lib.common.rest_client [req-0be53aeb-c152-4d67-9a3a-8e4fe8588d9f req-0be53aeb-c152-4d67-9a3a-8e4fe8588d9f ] Request (FloatingIPsAssociationTestJSON:test_associate_already_associated_floating_ip): 200 GET http://10.180.1.21/compute/v2.1/servers/d3e3a20a-d982-4c96-b589-a5cb9162f59a 0.081s
2025-01-13 22:44:00.096 70030 INFO tempest.lib.common.rest_client [req-95267ac4-6366-402d-98a7-0410fe311e31 req-95267ac4-6366-402d-98a7-0410fe311e31 ] Request (ServersAdmin275Test:tearDownClass): 200 GET http://10.180.1.21/compute/v2.1/servers/919c2a66-cfce-4b43-8b72-94ae6f0ddfb7 0.061s
2025-01-13 22:44:00.112 69980 INFO tempest.lib.common.rest_client [req-ed5f1b39-fbe9-45e1-8f0d-c5a56c6b11ee req-ed5f1b39-fbe9-45e1-8f0d-c5a56c6b11ee ] Request (ServerRescueNegativeTestJSON:setUpClass): 200 GET http://10.180.1.21/compute/v2.1/servers/5055db0a-a895-4fbd-be64-e587e03ce58e 0.098s
2025-01-13 22:44:00.144 69982 INFO tempest.lib.common.rest_client [req-bfc8a426-c5b5-4a7a-9f3f-ff1586e111d3 req-bfc8a426-c5b5-4a7a-9f3f-ff1586e111d3 ] Request (SecurityGroupsTestJSON:test_server_security_groups): 200 GET http://10.180.1.21/compute/v2.1/servers/ecc3a7d6-6503-47d6-bb76-febfa0c9091b 0.082s
2025-01-13 22:44:00.154 69980 INFO tempest.lib.common.rest_client [req-553aaa5f-1139-49b4-a658-5dba1839638f req-553aaa5f-1139-49b4-a658-5dba1839638f ] Request (ServerRescueNegativeTestJSON:test_rescue_non_existent_server): 404 POST http://10.180.1.21/compute/v2.1/servers/9edbc5cf-49ef-4ae0-b78f-e8eb079ee75e/action 0.029s
2025-01-13 22:44:00.163 70022 INFO tempest.lib.common.rest_client [req-cd36fc0c-c1ca-471a-98c8-af95fe7d8a3f req-cd36fc0c-c1ca-471a-98c8-af95fe7d8a3f ] Request (ServerAddressesNegativeTestJSON:setUpClass): 200 GET http://10.180.1.21/compute/v2.1/servers/3530f4ac-4e50-4950-aaca-082995af7da7 0.052s
2025-01-13 22:44:00.244 70000 INFO tempest.lib.common.rest_client [req-695fcacc-0929-4035-9d48-f8e5628e6014 req-695fcacc-0929-4035-9d48-f8e5628e6014 ] Request (InstanceActionsTestJSON:setUpClass): 200 GET http://10.180.1.21/compute/v2.1/servers/2ed4393e-f481-4aa9-bec1-5f6fe57b1c27 0.058s
2025-01-13 22:44:00.302 69980 INFO tempest.lib.common.rest_client [req-35f5bdbd-a55c-4f01-a12f-1089ac6d0860 req-35f5bdbd-a55c-4f01-a12f-1089ac6d0860 ] Request (ServerRescueNegativeTestJSON:test_rescued_vm_attach_volume): 202 POST http://10.180.1.21/volume/v3/volumes 0.146s
2025-01-13 22:44:00.342 69980 INFO tempest.lib.common.rest_client [req-ec5908f0-1e2c-49f1-991e-5ad835f5af67 req-ec5908f0-1e2c-49f1-991e-5ad835f5af67 ] Request (ServerRescueNegativeTestJSON:test_rescued_vm_attach_volume): 200 GET http://10.180.1.21/volume/v3/volumes/bb8fd7e9-8a8c-4c9c-b70d-b4426acc3cc4 0.033s
2025-01-13 22:44:00.343 69996 INFO tempest.lib.common.rest_client [req-69aa4aa5-a85c-4263-b191-afb37cc3cb61 req-69aa4aa5-a85c-4263-b191-afb37cc3cb61 ] Request (ServerPasswordTestJSON:setUpClass): 200 GET http://10.180.1.21/compute/v2.1/servers/81e97a03-1511-4639-b8f1-9d0c87c5e40f 0.071s
2025-01-13 22:44:00.350 69976 INFO tempest.lib.common.rest_client [req-fa84b611-afcd-4e91-9fa2-0656e65b4a88 req-fa84b611-afcd-4e91-9fa2-0656e65b4a88 ] Request (InstanceActionsV221TestJSON:test_get_list_deleted_instance_actions): 200 GET http://10.180.1.21/compute/v2.1/servers/0fd9b1e9-32c1-4fc1-9507-d6e53eef14ca 0.068s
2025-01-13 22:44:00.401 69978 INFO tempest.lib.common.rest_client [req-2faefb77-5472-4327-8242-fba7b6ee5cef req-2faefb77-5472-4327-8242-fba7b6ee5cef ] Request (ServerGroupTestJSON:test_create_server_with_scheduler_hint_group): 200 GET http://10.180.1.21/compute/v2.1/servers/a794c6c2-da0b-4ee9-ab9f-7fcf706bf514 0.074s
2025-01-13 22:44:00.420 70016 INFO tempest.lib.common.rest_client [req-76deae89-3ec0-4487-95df-25c116d5e999 req-76deae89-3ec0-4487-95df-25c116d5e999 ] Request (ListImageFiltersTestJSON:setUpClass): 200 GET http://10.180.1.21/compute/v2.1/servers/a83d32f0-ddaa-402f-a2b3-72f1936e01f0 0.100s
2025-01-13 22:44:00.450 69984 INFO tempest.lib.common.rest_client [req-f239f7e6-4838-4cf3-92f1-c7207045c508 req-f239f7e6-4838-4cf3-92f1-c7207045c508 ] Request (AttachVolumeNegativeTest:test_attach_attached_volume_to_different_server): 200 GET http://10.180.1.21/compute/v2.1/servers/3a3816f6-9478-45f3-be2d-0a58ac0335dc 0.082s
2025-01-13 22:44:00.479 69988 INFO tempest.lib.common.rest_client [req-e6225783-4ec7-4706-aad5-e15bf3e22812 req-e6225783-4ec7-4706-aad5-e15bf3e22812 ] Request (ServersTestBootFromVolume:setUpClass): 200 GET http://10.180.1.21/compute/v2.1/servers/edb95cc6-a598-43a1-9be4-45a0a89da796 0.097s
2025-01-13 22:44:00.510 70012 INFO tempest.lib.common.rest_client [req-3083633a-95fe-4e92-af26-13135561b6f2 req-3083633a-95fe-4e92-af26-13135561b6f2 ] Request (ListServersNegativeTestJSON:tearDownClass): 200 GET http://10.180.1.21/compute/v2.1/servers/94a0eeb0-5af2-4591-9c9f-f886d984bdc2 0.065s
2025-01-13 22:44:00.538 70008 INFO tempest.lib.common.rest_client [req-11993dad-b0ec-49e5-8b11-cd0fd2c26001 req-11993dad-b0ec-49e5-8b11-cd0fd2c26001 ] Request (ServerDiagnosticsTest:tearDownClass): 200 GET http://10.180.1.21/compute/v2.1/servers/c3bf2f4e-518c-4aa3-9b0b-b4bae5f43c02 0.084s
2025-01-13 22:44:00.563 69992 INFO tempest.lib.common.rest_client [req-4b894a68-cc92-40ab-95fc-348318dc9ad8 req-4b894a68-cc92-40ab-95fc-348318dc9ad8 ] Request (ServerActionsV293TestJSON:setUpClass): 200 GET http://10.180.1.21/compute/v2.1/servers/3b8c346d-9fd4-46e7-a017-6bbcf2ce93e6 0.062s
2025-01-13 22:44:00.593 70010 INFO tempest.lib.common.rest_client [req-3619e9b1-85ff-4cf2-8380-e3fdce13d28a req-3619e9b1-85ff-4cf2-8380-e3fdce13d28a ] Request (ImagesOneServerNegativeTestJSON:_run_cleanups): 200 GET http://10.180.1.21/compute/v2.1/servers/015cab37-1bd8-49ac-9a62-a1bac0754e9a 0.078s
2025-01-13 22:44:00.617 70020 INFO tempest.lib.common.rest_client [req-d8bd14ba-950b-4a28-82cb-e4cf691c75c6 req-d8bd14ba-950b-4a28-82cb-e4cf691c75c6 ] Request (ServerShowV247Test:tearDownClass): 200 GET http://10.180.1.21/compute/v2.1/servers/d0604e22-2070-4f9f-a454-4ce6a0c33475 0.064s
2025-01-13 22:44:00.639 70024 INFO tempest.lib.common.rest_client [req-fa2b13be-220b-49f8-b768-65286b93f07a req-fa2b13be-220b-49f8-b768-65286b93f07a ] Request (ServersTestMultiNic:test_verify_duplicate_network_nics): 200 GET http://10.180.1.21/compute/v2.1/servers/4115827a-5561-44e4-97cb-ac47c2be2c66 0.065s
2025-01-13 22:44:00.675 70026 INFO tempest.lib.common.rest_client [req-134c2cbb-2af5-4a7d-9fbb-939cf4768702 req-134c2cbb-2af5-4a7d-9fbb-939cf4768702 ] Request (ImagesTestJSON:test_create_image_from_suspended_server): 200 GET http://10.180.1.21/compute/v2.1/servers/5f4ba151-330b-4ea0-8daa-6f917b22f3cc 0.080s
2025-01-13 22:44:00.712 70034 INFO tempest.lib.common.rest_client [req-d1d8d93d-0cc9-47e0-a165-ddf246cb135a req-d1d8d93d-0cc9-47e0-a165-ddf246cb135a ] Request (AttachInterfacesV270Test:tearDownClass): 200 GET http://10.180.1.21/compute/v2.1/servers/44095de4-eac4-475d-aa56-6fe9211a1721 0.069s
2025-01-13 22:44:00.765 69990 INFO tempest.lib.common.rest_client [req-8381d19a-476d-461e-831a-8b75bc6fb3d1 req-8381d19a-476d-461e-831a-8b75bc6fb3d1 ] Request (MigrationsAdminTest:test_list_migrations_in_flavor_resize_situation): 200 GET http://10.180.1.21/compute/v2.1/servers/a468b187-e36c-43f0-bd86-126564068f4e 0.083s
