2025-01-13 05:42:38.971 68131 INFO tempest.lib.common.rest_client [req-71c6f6e1-e0b8-499b-8af1-353fb0be05cc req-71c6f6e1-e0b8-499b-8af1-353fb0be05cc ] Request (ServersAdmin275Test:test_rebuild_update_server_275): 200 GET http://10.180.1.21/compute/v2.1/servers/5739e674-a7c3-4d99-b568-bc361cbfbeb1 0.238s
2025-01-13 05:42:39.000 68135 INFO tempest.lib.common.rest_client [req-d588a9a4-2937-4cad-a2f5-c84c297af111 req-d588a9a4-2937-4cad-a2f5-c84c297af111 ] Request (SecurityGroupsTestJSON:test_server_security_groups): 200 GET http://10.180.1.21/compute/v2.1/servers/9c447288-5ff8-48bd-8bb3-5f78becea748 0.195s
2025-01-13 05:42:39.040 68157 INFO tempest.lib.common.rest_client [req-dedc9ac5-a8c4-4f17-9d14-0a5ab85243b0 req-dedc9ac5-a8c4-4f17-9d14-0a5ab85243b0 ] Request (ListServersNegativeTestJSON:tearDownClass): 204 DELETE http://10.180.1.21:9696/networking/v2.0/routers/bc7ccebd-2ad8-4eec-a4a8-d636882c9bd8 0.483s
2025-01-13 05:42:39.164 68157 INFO tempest.lib.common.rest_client [req-a8aa232b-8774-484f-bcef-ee8d4ff3b03d req-a8aa232b-8774-484f-bcef-ee8d4ff3b03d ] Request (ListServersNegativeTestJSON:tearDownClass): 204 DELETE http://10.180.1.21:9696/networking/v2.0/subnets/d42c52fd-9d40-480e-8d96-caafd771fbb6 0.123s
2025-01-13 05:42:39.169 68167 INFO tempest.lib.common.rest_client [req-7cba94f0-47ff-4365-ba5d-18b793170d6a req-7cba94f0-47ff-4365-ba5d-18b793170d6a ] Request (ServerMetadataNegativeTestJSON:setUpClass): 200 GET http://10.180.1.21/compute/v2.1/servers/93715b06-81bb-415f-b69a-61af61badce0 0.063s
2025-01-13 05:42:39.231 68153 INFO tempest.lib.common.rest_client [req-c9667633-f7bf-4e66-be5e-028f5dc499e3 req-c9667633-f7bf-4e66-be5e-028f5dc499e3 ] Request (ServersAdminTestJSON:test_rebuild_server_in_error_state): 200 GET http://10.180.1.21/compute/v2.1/servers/01fe8b6f-770f-46c3-9d08-c14dcf9d5279 0.115s
2025-01-13 05:42:39.233 68181 INFO tempest.lib.common.rest_client [req-94ba73e3-ab68-48ec-9748-6c08619ad33d req-94ba73e3-ab68-48ec-9748-6c08619ad33d ] Request (ServerRescueNegativeTestJSON:test_rescued_vm_detach_volume): 200 GET http://10.180.1.21/compute/v2.1/servers/88fc1ea6-46ae-470e-b003-77a8d073a457 0.056s
2025-01-13 05:42:39.239 68153 INFO tempest.common.waiters [-] State transition "REBUILD/rebuilding" ==> "REBUILD/rebuild_spawning" after 4 second wait
2025-01-13 05:42:39.283 68173 INFO tempest.lib.common.rest_client [req-0d3b973f-196c-46d5-9573-76f6e3ea70fd req-0d3b973f-196c-46d5-9573-76f6e3ea70fd ] Request (ServerDiskConfigTestJSON:test_rebuild_server_with_manual_disk_config): 200 GET http://10.180.1.21/compute/v2.1/servers/5983e55c-136a-4fbe-b008-e116cbd7f6b4 0.054s
2025-01-13 05:42:39.430 68151 INFO tempest.lib.common.rest_client [req-912696af-1e3a-41e9-97a8-3ddf143d1c59 req-912696af-1e3a-41e9-97a8-3ddf143d1c59 ] Request (ServersTestMultiNic:_run_cleanups): 200 GET http://10.180.1.21/compute/v2.1/servers/c7b97998-bbde-4262-8000-e6dd261e9005 0.093s
2025-01-13 05:42:39.478 68157 INFO tempest.lib.common.rest_client [req-b3ef78e9-cab4-4631-9e54-c68985050716 req-b3ef78e9-cab4-4631-9e54-c68985050716 ] Request (ListServersNegativeTestJSON:tearDownClass): 204 DELETE http://10.180.1.21:9696/networking/v2.0/networks/2bbce775-0742-420a-ad4c-9dc6a6f1a05a 0.314s
2025-01-13 05:42:39.497 68145 INFO tempest.lib.common.rest_client [req-94c8076e-cebf-4079-9604-d2025b5135da req-94c8076e-cebf-4079-9604-d2025b5135da ] Request (ServerGroupTestJSON:_run_cleanups): 200 GET http://10.180.1.21/compute/v2.1/servers/4575f569-95e5-428f-8e0b-79ae8cc4af65 0.136s
2025-01-13 05:42:39.501 68159 INFO tempest.lib.common.rest_client [req-c16f6116-55a9-4b8a-9bdb-5df0a8b61e00 req-c16f6116-55a9-4b8a-9bdb-5df0a8b61e00 ] Request (ServerRescueTestJSONUnderV235:setUpClass): 200 GET http://10.180.1.21/compute/v2.1/servers/ca17f52a-6739-482b-ac60-67fe0c46dda2 0.190s
2025-01-13 05:42:39.504 68145 INFO tempest.common.waiters [-] State transition "ACTIVE/deleting" ==> "DELETED/None" after 5 second wait
2025-01-13 05:42:39.529 68169 INFO tempest.lib.common.rest_client [req-9621ca94-d3d7-47ad-a666-9f2de422f244 req-9621ca94-d3d7-47ad-a666-9f2de422f244 ] Request (ImagesTestJSON:test_create_image_from_suspended_server): 200 GET http://10.180.1.21/compute/v2.1/images/42772275-3bca-43d5-9900-82d2ccfa87bd 0.159s
2025-01-13 05:42:39.558 68155 INFO tempest.lib.common.rest_client [req-60d9110e-8fdf-481b-ac93-93a9a69e15d1 req-60d9110e-8fdf-481b-ac93-93a9a69e15d1 ] Request (DeleteServersTestJSON:test_delete_active_server): 200 GET http://10.180.1.21/compute/v2.1/servers/8a710bc4-36df-4768-b926-399c4dcccc71 0.122s
2025-01-13 05:42:39.565 68155 INFO tempest.common.waiters [-] State transition "BUILD/scheduling" ==> "BUILD/None" after 16 second wait
2025-01-13 05:42:39.605 68157 INFO tempest.lib.common.rest_client [req-75ca04ac-2704-4b65-b46c-318936f265f1 req-75ca04ac-2704-4b65-b46c-318936f265f1 ] Request (ListServersNegativeTestJSON:tearDownClass): 204 DELETE http://10.180.1.21/identity/v3/users/b2c466ce27194774a8d1e3a6f81174f7 0.126s
2025-01-13 05:42:39.605 68157 INFO tempest.lib.common.dynamic_creds [-] Deleting project and security group for project: 94e6865d78ff43b58360c4e13569c4c8
2025-01-13 05:42:39.646 68157 INFO tempest.lib.common.rest_client [req-32bf447e-488b-4333-9d49-c3518657614b req-32bf447e-488b-4333-9d49-c3518657614b ] Request (ListServersNegativeTestJSON:tearDownClass): 200 GET http://10.180.1.21:9696/networking/v2.0/security-groups?tenant_id=94e6865d78ff43b58360c4e13569c4c8&name=default 0.040s
2025-01-13 05:42:39.706 68183 INFO tempest.lib.common.rest_client [req-d11b28c8-ba11-4b77-baf9-4778801bcf64 req-d11b28c8-ba11-4b77-baf9-4778801bcf64 ] Request (ServerMetadataTestJSON:tearDownClass): 200 GET http://10.180.1.21/compute/v2.1/servers/ea73c22f-d49b-4d10-b15d-86423e345b27 0.078s
2025-01-13 05:42:39.736 68161 INFO tempest.lib.common.rest_client [req-92a234a2-a403-4916-a256-7033fccd6763 req-92a234a2-a403-4916-a256-7033fccd6763 ] Request (ServerActionsTestOtherB:setUpClass): 200 GET http://10.180.1.21/compute/v2.1/servers/c5434c30-b136-40c0-aef3-86cc964a67ae 0.058s
2025-01-13 05:42:39.741 68157 INFO tempest.lib.common.rest_client [req-9f0ccc2b-0ae5-45cb-90a8-1e1dfa98e1b4 req-9f0ccc2b-0ae5-45cb-90a8-1e1dfa98e1b4 ] Request (ListServersNegativeTestJSON:tearDownClass): 204 DELETE http://10.180.1.21:9696/networking/v2.0/security-groups/7e51f60b-1391-408d-8653-58302e1da2a0 0.094s
2025-01-13 05:42:39.827 68133 WARNING tempest.lib.common.ssh [-] Failed to establish authenticated ssh connection to cirros@10.180.180.154 ([Errno None] Unable to connect to port 22 on 10.180.180.154). Number attempts: 10. Retry after 11 seconds.: paramiko.ssh_exception.NoValidConnectionsError: [Errno None] Unable to connect to port 22 on 10.180.180.154
2025-01-13 05:42:39.848 68187 INFO tempest.lib.common.rest_client [req-7e0ffff9-9bf0-49c0-ac94-5978dad076fb req-7e0ffff9-9bf0-49c0-ac94-5978dad076fb ] Request (ImagesOneServerNegativeTestJSON:_run_cleanups): 200 GET http://10.180.1.21/compute/v2.1/servers/c2d26e57-23c3-4420-9337-f5ac25df9790 0.058s
2025-01-13 05:42:39.874 68157 INFO tempest.lib.common.rest_client [req-a1318537-01fa-4708-9747-b0615a9ca6d8 req-a1318537-01fa-4708-9747-b0615a9ca6d8 ] Request (ListServersNegativeTestJSON:tearDownClass): 204 DELETE http://10.180.1.21/identity/v3/projects/94e6865d78ff43b58360c4e13569c4c8 0.132s
2025-01-13 05:42:39.967 68157 INFO tempest.lib.common.rest_client [req-c4347529-bba7-4c60-ba61-42d3051e32bb req-c4347529-bba7-4c60-ba61-42d3051e32bb ] Request (ServerAddressesNegativeTestJSON:setUpClass): 201 POST http://10.180.1.21/identity/v3/auth/tokens 0.089s
2025-01-13 05:42:40.004 68157 INFO tempest.lib.common.rest_client [req-1d425dac-e139-4edc-9c52-fc8b55e764f4 req-1d425dac-e139-4edc-9c52-fc8b55e764f4 ] Request (ServerAddressesNegativeTestJSON:setUpClass): 201 POST http://10.180.1.21/identity/v3/auth/tokens 0.034s
2025-01-13 05:42:40.012 68185 INFO tempest.lib.common.rest_client [req-fe920dd3-976f-4254-8aa2-9846928f1fcb req-fe920dd3-976f-4254-8aa2-9846928f1fcb ] Request (MigrationsAdminTest:test_resize_server_revert_deleted_flavor): 200 GET http://10.180.1.21/compute/v2.1/servers/7a6307d1-b846-431e-bd20-e7755fc0f9fc 0.119s
2025-01-13 05:42:40.023 68177 INFO tempest.lib.common.rest_client [req-b2130987-bc18-4e74-9481-04580828bd2b req-b2130987-bc18-4e74-9481-04580828bd2b ] Request (InstanceActionsNegativeTestJSON:tearDownClass): 200 GET http://10.180.1.21/compute/v2.1/servers/77963072-fae4-4155-8d71-6891a21db18e 0.124s
2025-01-13 05:42:40.032 68157 INFO tempest.lib.common.rest_client [req-a5fc253f-77e2-4c42-9af6-0080ea24172e req-a5fc253f-77e2-4c42-9af6-0080ea24172e ] Request (ServerAddressesNegativeTestJSON:setUpClass): 200 GET http://10.180.1.21/identity/v3/domains?name=Default 0.028s
2025-01-13 05:42:40.064 68157 INFO tempest.lib.common.rest_client [req-00d95c8a-5f97-40d1-9882-8dbb713c8060 req-00d95c8a-5f97-40d1-9882-8dbb713c8060 ] Request (ServerAddressesNegativeTestJSON:setUpClass): 201 POST http://10.180.1.21/identity/v3/projects 0.031s
2025-01-13 05:42:40.068 68137 INFO tempest.lib.common.rest_client [req-27874640-358a-4bca-b61e-20910440a743 req-27874640-358a-4bca-b61e-20910440a743 ] Request (ServersNegativeTestJSON:setUpClass): 200 GET http://10.180.1.21/compute/v2.1/servers/55a48923-5829-43d1-8e04-04b7fdd0ffbc 0.113s
2025-01-13 05:42:40.086 68131 INFO tempest.lib.common.rest_client [req-1c22abf9-c13a-4076-b11a-1a75844da46b req-1c22abf9-c13a-4076-b11a-1a75844da46b ] Request (ServersAdmin275Test:test_rebuild_update_server_275): 200 GET http://10.180.1.21/compute/v2.1/servers/5739e674-a7c3-4d99-b568-bc361cbfbeb1 0.103s
2025-01-13 05:42:40.131 68135 INFO tempest.lib.common.rest_client [req-b87dbf02-37d5-4af1-befb-3695c615d2e0 req-b87dbf02-37d5-4af1-befb-3695c615d2e0 ] Request (SecurityGroupsTestJSON:test_server_security_groups): 200 GET http://10.180.1.21/compute/v2.1/servers/9c447288-5ff8-48bd-8bb3-5f78becea748 0.122s
2025-01-13 05:42:40.131 68157 INFO tempest.lib.common.rest_client [req-e5ca8910-b1fe-42ff-916c-cc6129df52bb req-e5ca8910-b1fe-42ff-916c-cc6129df52bb ] Request (ServerAddressesNegativeTestJSON:setUpClass): 201 POST http://10.180.1.21/identity/v3/users 0.066s
2025-01-13 05:42:40.154 68157 INFO tempest.lib.common.rest_client [req-b7d87402-237e-4094-aa66-fbaa920cb7a6 req-b7d87402-237e-4094-aa66-fbaa920cb7a6 ] Request (ServerAddressesNegativeTestJSON:setUpClass): 200 GET http://10.180.1.21/identity/v3/roles 0.022s
2025-01-13 05:42:40.180 68157 INFO tempest.lib.common.rest_client [req-2c22432b-f8d9-486b-9612-bba3b90b1f4b req-2c22432b-f8d9-486b-9612-bba3b90b1f4b ] Request (ServerAddressesNegativeTestJSON:setUpClass): 204 PUT http://10.180.1.21/identity/v3/projects/44c59b82dfca409f8c17eb61e23ed1d2/users/f2051363d47a46aaaa613361ed7449ab/roles/519ecb4dafc44affacd4905693b0f979 0.026s
2025-01-13 05:42:40.180 68157 INFO tempest.lib.common.dynamic_creds [-] Dynamic test user f2051363d47a46aaaa613361ed7449ab is created with scope project and roles: ['member']
2025-01-13 05:42:40.180 68157 INFO tempest.lib.common.dynamic_creds [-] Acquired dynamic creds: credentials: Credentials: {'domain_id': 'default', 'domain_name': 'Default', 'username': 'tempest-ServerAddressesNegativeTestJSON-2011961218-project-member', 'project_domain_id': 'default', 'project_domain_name': 'Default', 'project_id': '44c59b82dfca409f8c17eb61e23ed1d2', 'project_name': 'tempest-ServerAddressesNegativeTestJSON-2011961218', 'tenant_id': '44c59b82dfca409f8c17eb61e23ed1d2', 'tenant_name': 'tempest-ServerAddressesNegativeTestJSON-2011961218', 'user_domain_id': 'default', 'user_domain_name': 'Default', 'user_id': 'f2051363d47a46aaaa613361ed7449ab', 'system': None}, Network: None, Subnet: None, Router: None
2025-01-13 05:42:40.230 68167 INFO tempest.lib.common.rest_client [req-a2a1d036-f415-4461-947d-e8ef312c1aed req-a2a1d036-f415-4461-947d-e8ef312c1aed ] Request (ServerMetadataNegativeTestJSON:setUpClass): 200 GET http://10.180.1.21/compute/v2.1/servers/93715b06-81bb-415f-b69a-61af61badce0 0.054s
2025-01-13 05:42:40.233 68157 INFO tempest.lib.common.rest_client [req-f0808ffe-1c8e-49c4-952a-fa181c9767ba req-f0808ffe-1c8e-49c4-952a-fa181c9767ba ] Request (ServerAddressesNegativeTestJSON:setUpClass): 201 POST http://10.180.1.21/identity/v3/auth/tokens 0.052s
2025-01-13 05:42:40.298 68181 INFO tempest.lib.common.rest_client [req-9089a62b-d5e4-488f-b609-1d86a0188977 req-9089a62b-d5e4-488f-b609-1d86a0188977 ] Request (ServerRescueNegativeTestJSON:test_rescued_vm_detach_volume): 200 GET http://10.180.1.21/compute/v2.1/servers/88fc1ea6-46ae-470e-b003-77a8d073a457 0.056s
2025-01-13 05:42:40.341 68153 INFO tempest.lib.common.rest_client [req-2670a267-7248-43e1-9aa2-f7511a228acc req-2670a267-7248-43e1-9aa2-f7511a228acc ] Request (ServersAdminTestJSON:test_rebuild_server_in_error_state): 200 GET http://10.180.1.21/compute/v2.1/servers/01fe8b6f-770f-46c3-9d08-c14dcf9d5279 0.101s
2025-01-13 05:42:40.350 68173 INFO tempest.lib.common.rest_client [req-9eecc9f5-d5ad-4136-82f4-e3ac36a10f3e req-9eecc9f5-d5ad-4136-82f4-e3ac36a10f3e ] Request (ServerDiskConfigTestJSON:test_rebuild_server_with_manual_disk_config): 200 GET http://10.180.1.21/compute/v2.1/servers/5983e55c-136a-4fbe-b008-e116cbd7f6b4 0.058s
2025-01-13 05:42:40.357 68173 INFO tempest.common.waiters [-] State transition "BUILD/None" ==> "BUILD/networking" after 49 second wait
2025-01-13 05:42:40.488 68157 INFO tempest.lib.common.rest_client [req-0af25475-e26c-4de9-a489-a62322c34c3e req-0af25475-e26c-4de9-a489-a62322c34c3e ] Request (ServerAddressesNegativeTestJSON:setUpClass): 201 POST http://10.180.1.21:9696/networking/v2.0/networks 0.255s
2025-01-13 05:42:40.503 68151 INFO tempest.lib.common.rest_client [req-75b0eaff-8b99-4f0e-a2b6-5cbf053b1e10 req-75b0eaff-8b99-4f0e-a2b6-5cbf053b1e10 ] Request (ServersTestMultiNic:_run_cleanups): 200 GET http://10.180.1.21/compute/v2.1/servers/c7b97998-bbde-4262-8000-e6dd261e9005 0.064s
2025-01-13 05:42:40.574 68145 INFO tempest.lib.common.rest_client [req-f615405c-618d-4cb8-9808-0908c3c1509c req-f615405c-618d-4cb8-9808-0908c3c1509c ] Request (ServerGroupTestJSON:_run_cleanups): 200 GET http://10.180.1.21/compute/v2.1/servers/4575f569-95e5-428f-8e0b-79ae8cc4af65 0.068s
2025-01-13 05:42:40.612 68169 INFO tempest.lib.common.rest_client [req-33ef943a-0b42-4e1f-bcc6-6c290dc86120 req-33ef943a-0b42-4e1f-bcc6-6c290dc86120 ] Request (ImagesTestJSON:test_create_image_from_suspended_server): 200 GET http://10.180.1.21/compute/v2.1/images/42772275-3bca-43d5-9900-82d2ccfa87bd 0.079s
2025-01-13 05:42:40.632 68159 INFO tempest.lib.common.rest_client [req-0b02cd6b-97aa-4c65-bdb8-b11b6aadaf20 req-0b02cd6b-97aa-4c65-bdb8-b11b6aadaf20 ] Request (ServerRescueTestJSONUnderV235:setUpClass): 200 GET http://10.180.1.21/compute/v2.1/servers/ca17f52a-6739-482b-ac60-67fe0c46dda2 0.123s
2025-01-13 05:42:40.687 68157 INFO tempest.lib.common.rest_client [req-8f7834db-eae3-4196-9961-0ebbdefcd660 req-8f7834db-eae3-4196-9961-0ebbdefcd660 ] Request (ServerAddressesNegativeTestJSON:setUpClass): 201 POST http://10.180.1.21:9696/networking/v2.0/subnets 0.198s
2025-01-13 05:42:40.692 68155 INFO tempest.lib.common.rest_client [req-818ec2f0-891f-43c8-8ff1-e31b328f4191 req-818ec2f0-891f-43c8-8ff1-e31b328f4191 ] Request (DeleteServersTestJSON:test_delete_active_server): 200 GET http://10.180.1.21/compute/v2.1/servers/8a710bc4-36df-4768-b926-399c4dcccc71 0.125s
2025-01-13 05:42:40.793 68183 INFO tempest.lib.common.rest_client [req-e376622f-1d7c-4557-9815-f6c719d2fab2 req-e376622f-1d7c-4557-9815-f6c719d2fab2 ] Request (ServerMetadataTestJSON:tearDownClass): 200 GET http://10.180.1.21/compute/v2.1/servers/ea73c22f-d49b-4d10-b15d-86423e345b27 0.077s
2025-01-13 05:42:40.810 68161 INFO tempest.lib.common.rest_client [req-8611432e-a173-4f1a-af0b-1619384cd3fe req-8611432e-a173-4f1a-af0b-1619384cd3fe ] Request (ServerActionsTestOtherB:setUpClass): 200 GET http://10.180.1.21/compute/v2.1/servers/c5434c30-b136-40c0-aef3-86cc964a67ae 0.064s
2025-01-13 05:42:40.920 68187 INFO tempest.lib.common.rest_client [req-746e10f6-0a59-4697-9a1c-46df3799bf15 req-746e10f6-0a59-4697-9a1c-46df3799bf15 ] Request (ImagesOneServerNegativeTestJSON:_run_cleanups): 200 GET http://10.180.1.21/compute/v2.1/servers/c2d26e57-23c3-4420-9337-f5ac25df9790 0.060s
2025-01-13 05:42:40.979 68147 WARNING tempest.lib.common.ssh [-] Failed to establish authenticated ssh connection to cirros@10.180.180.251 ([Errno None] Unable to connect to port 22 on 10.180.180.251). Number attempts: 10. Retry after 11 seconds.: paramiko.ssh_exception.NoValidConnectionsError: [Errno None] Unable to connect to port 22 on 10.180.180.251
2025-01-13 05:42:41.239 68185 INFO tempest.lib.common.rest_client [req-8deb7493-6c46-4b24-bb42-ef6315d97993 req-8deb7493-6c46-4b24-bb42-ef6315d97993 ] Request (MigrationsAdminTest:test_resize_server_revert_deleted_flavor): 200 GET http://10.180.1.21/compute/v2.1/servers/7a6307d1-b846-431e-bd20-e7755fc0f9fc 0.220s
2025-01-13 05:42:41.248 68177 INFO tempest.lib.common.rest_client [req-d1b89931-00b7-4417-8f40-133333ea9b1f req-d1b89931-00b7-4417-8f40-133333ea9b1f ] Request (InstanceActionsNegativeTestJSON:tearDownClass): 200 GET http://10.180.1.21/compute/v2.1/servers/77963072-fae4-4155-8d71-6891a21db18e 0.214s
2025-01-13 05:42:41.291 68137 INFO tempest.lib.common.rest_client [req-6bdedcce-5001-4c57-a20c-6cad951a7d72 req-6bdedcce-5001-4c57-a20c-6cad951a7d72 ] Request (ServersNegativeTestJSON:setUpClass): 200 GET http://10.180.1.21/compute/v2.1/servers/55a48923-5829-43d1-8e04-04b7fdd0ffbc 0.215s
2025-01-13 05:42:41.327 68131 INFO tempest.lib.common.rest_client [req-f8cd704d-b9b4-4a8f-85ad-a3ad7922ac86 req-f8cd704d-b9b4-4a8f-85ad-a3ad7922ac86 ] Request (ServersAdmin275Test:test_rebuild_update_server_275): 200 GET http://10.180.1.21/compute/v2.1/servers/5739e674-a7c3-4d99-b568-bc361cbfbeb1 0.231s
2025-01-13 05:42:41.349 68135 INFO tempest.lib.common.rest_client [req-6f7fb301-6d48-4abc-979b-c905bb1d117b req-6f7fb301-6d48-4abc-979b-c905bb1d117b ] Request (SecurityGroupsTestJSON:test_server_security_groups): 200 GET http://10.180.1.21/compute/v2.1/servers/9c447288-5ff8-48bd-8bb3-5f78becea748 0.208s
2025-01-13 05:42:41.395 68181 INFO tempest.lib.common.rest_client [req-e5300a9c-ca94-4252-a772-d4241819235c req-e5300a9c-ca94-4252-a772-d4241819235c ] Request (ServerRescueNegativeTestJSON:test_rescued_vm_detach_volume): 200 GET http://10.180.1.21/compute/v2.1/servers/88fc1ea6-46ae-470e-b003-77a8d073a457 0.088s
2025-01-13 05:42:41.412 68167 INFO tempest.lib.common.rest_client [req-e303bb89-1e48-44ef-b810-959505c1a459 req-e303bb89-1e48-44ef-b810-959505c1a459 ] Request (ServerMetadataNegativeTestJSON:setUpClass): 200 GET http://10.180.1.21/compute/v2.1/servers/93715b06-81bb-415f-b69a-61af61badce0 0.174s
2025-01-13 05:42:41.531 68153 INFO tempest.lib.common.rest_client [req-a416dae9-7c0d-4d22-8389-3ad66cc1a306 req-a416dae9-7c0d-4d22-8389-3ad66cc1a306 ] Request (ServersAdminTestJSON:test_rebuild_server_in_error_state): 200 GET http://10.180.1.21/compute/v2.1/servers/01fe8b6f-770f-46c3-9d08-c14dcf9d5279 0.175s
2025-01-13 05:42:41.610 68151 INFO tempest.lib.common.rest_client [req-339a5525-4969-4c8e-ac7f-c0880396632e req-339a5525-4969-4c8e-ac7f-c0880396632e ] Request (ServersTestMultiNic:_run_cleanups): 200 GET http://10.180.1.21/compute/v2.1/servers/c7b97998-bbde-4262-8000-e6dd261e9005 0.097s
2025-01-13 05:42:41.631 68173 INFO tempest.lib.common.rest_client [req-73b0e0ee-412c-40c3-b8c4-4c62e1a969b8 req-73b0e0ee-412c-40c3-b8c4-4c62e1a969b8 ] Request (ServerDiskConfigTestJSON:test_rebuild_server_with_manual_disk_config): 200 GET http://10.180.1.21/compute/v2.1/servers/5983e55c-136a-4fbe-b008-e116cbd7f6b4 0.273s
2025-01-13 05:42:41.640 68173 INFO tempest.common.waiters [-] State transition "BUILD/networking" ==> "BUILD/block_device_mapping" after 50 second wait
2025-01-13 05:42:41.685 68169 INFO tempest.lib.common.rest_client [req-bdb62230-ce44-4817-8114-d7d80764cba2 req-bdb62230-ce44-4817-8114-d7d80764cba2 ] Request (ImagesTestJSON:test_create_image_from_suspended_server): 200 GET http://10.180.1.21/compute/v2.1/images/42772275-3bca-43d5-9900-82d2ccfa87bd 0.068s
2025-01-13 05:42:41.697 68145 INFO tempest.lib.common.rest_client [req-a067c5b7-2965-43bf-9d5b-82d6f680558f req-a067c5b7-2965-43bf-9d5b-82d6f680558f ] Request (ServerGroupTestJSON:_run_cleanups): 200 GET http://10.180.1.21/compute/v2.1/servers/4575f569-95e5-428f-8e0b-79ae8cc4af65 0.114s
2025-01-13 05:42:41.755 68155 INFO tempest.lib.common.rest_client [req-a02069b2-0ed0-46af-942e-473f5df8fb7f req-a02069b2-0ed0-46af-942e-473f5df8fb7f ] Request (DeleteServersTestJSON:test_delete_active_server): 200 GET http://10.180.1.21/compute/v2.1/servers/8a710bc4-36df-4768-b926-399c4dcccc71 0.052s
2025-01-13 05:42:41.766 68157 INFO tempest.lib.common.rest_client [req-8e6ee08e-80e6-4873-811e-3556b2f86cb6 req-8e6ee08e-80e6-4873-811e-3556b2f86cb6 ] Request (ServerAddressesNegativeTestJSON:setUpClass): 201 POST http://10.180.1.21:9696/networking/v2.0/routers 1.079s
2025-01-13 05:42:41.816 68159 INFO tempest.lib.common.rest_client [req-735fda0a-2011-46c1-a2cb-0af8d8faac57 req-735fda0a-2011-46c1-a2cb-0af8d8faac57 ] Request (ServerRescueTestJSONUnderV235:setUpClass): 200 GET http://10.180.1.21/compute/v2.1/servers/ca17f52a-6739-482b-ac60-67fe0c46dda2 0.173s
2025-01-13 05:42:41.878 68161 INFO tempest.lib.common.rest_client [req-dc6c4748-946f-433c-976b-b47842498d85 req-dc6c4748-946f-433c-976b-b47842498d85 ] Request (ServerActionsTestOtherB:setUpClass): 200 GET http://10.180.1.21/compute/v2.1/servers/c5434c30-b136-40c0-aef3-86cc964a67ae 0.058s
2025-01-13 05:42:41.882 68183 INFO tempest.lib.common.rest_client [req-3e3bdbdc-3428-4faa-b523-ee98079ea99a req-3e3bdbdc-3428-4faa-b523-ee98079ea99a ] Request (ServerMetadataTestJSON:tearDownClass): 200 GET http://10.180.1.21/compute/v2.1/servers/ea73c22f-d49b-4d10-b15d-86423e345b27 0.078s
2025-01-13 05:42:42.009 68187 INFO tempest.lib.common.rest_client [req-79e691ce-bc0b-4c0d-a1b3-be0ec1a3f725 req-79e691ce-bc0b-4c0d-a1b3-be0ec1a3f725 ] Request (ImagesOneServerNegativeTestJSON:_run_cleanups): 200 GET http://10.180.1.21/compute/v2.1/servers/c2d26e57-23c3-4420-9337-f5ac25df9790 0.080s
2025-01-13 05:42:42.314 68177 INFO tempest.lib.common.rest_client [req-3dd4c416-c318-4e0f-bfde-b4ebd060b2c0 req-3dd4c416-c318-4e0f-bfde-b4ebd060b2c0 ] Request (InstanceActionsNegativeTestJSON:tearDownClass): 200 GET http://10.180.1.21/compute/v2.1/servers/77963072-fae4-4155-8d71-6891a21db18e 0.056s
2025-01-13 05:42:42.369 68137 INFO tempest.lib.common.rest_client [req-6b819620-2037-456b-abd8-c1f4165a780e req-6b819620-2037-456b-abd8-c1f4165a780e ] Request (ServersNegativeTestJSON:setUpClass): 200 GET http://10.180.1.21/compute/v2.1/servers/55a48923-5829-43d1-8e04-04b7fdd0ffbc 0.067s
2025-01-13 05:42:42.423 68185 INFO tempest.lib.common.rest_client [req-2e1f0523-fa6e-44d4-ba8e-71f5c72d0833 req-2e1f0523-fa6e-44d4-ba8e-71f5c72d0833 ] Request (MigrationsAdminTest:test_resize_server_revert_deleted_flavor): 200 GET http://10.180.1.21/compute/v2.1/servers/7a6307d1-b846-431e-bd20-e7755fc0f9fc 0.172s
2025-01-13 05:42:42.430 68131 INFO tempest.lib.common.rest_client [req-d6a58bfb-b87e-4573-bc64-08d26db20561 req-d6a58bfb-b87e-4573-bc64-08d26db20561 ] Request (ServersAdmin275Test:test_rebuild_update_server_275): 200 GET http://10.180.1.21/compute/v2.1/servers/5739e674-a7c3-4d99-b568-bc361cbfbeb1 0.092s
2025-01-13 05:42:42.477 68181 INFO tempest.lib.common.rest_client [req-e3e556d6-c435-42a5-aff3-103349a65fec req-e3e556d6-c435-42a5-aff3-103349a65fec ] Request (ServerRescueNegativeTestJSON:test_rescued_vm_detach_volume): 200 GET http://10.180.1.21/compute/v2.1/servers/88fc1ea6-46ae-470e-b003-77a8d073a457 0.070s
2025-01-13 05:42:42.482 68135 INFO tempest.lib.common.rest_client [req-da235d09-0596-4b05-a1fe-8c9a05396007 req-da235d09-0596-4b05-a1fe-8c9a05396007 ] Request (SecurityGroupsTestJSON:test_server_security_groups): 200 GET http://10.180.1.21/compute/v2.1/servers/9c447288-5ff8-48bd-8bb3-5f78becea748 0.124s
2025-01-13 05:42:42.533 68167 INFO tempest.lib.common.rest_client [req-b34c2c3f-1326-459c-8094-3a3e83378f96 req-b34c2c3f-1326-459c-8094-3a3e83378f96 ] Request (ServerMetadataNegativeTestJSON:setUpClass): 200 GET http://10.180.1.21/compute/v2.1/servers/93715b06-81bb-415f-b69a-61af61badce0 0.111s
2025-01-13 05:42:42.706 68151 INFO tempest.lib.common.rest_client [req-15b0ebd8-4e59-432e-adbb-7445b928d1cc req-15b0ebd8-4e59-432e-adbb-7445b928d1cc ] Request (ServersTestMultiNic:_run_cleanups): 200 GET http://10.180.1.21/compute/v2.1/servers/c7b97998-bbde-4262-8000-e6dd261e9005 0.086s
2025-01-13 05:42:42.726 68153 INFO tempest.lib.common.rest_client [req-07cfebbe-0e3d-461a-b18b-5de4e876db31 req-07cfebbe-0e3d-461a-b18b-5de4e876db31 ] Request (ServersAdminTestJSON:test_rebuild_server_in_error_state): 200 GET http://10.180.1.21/compute/v2.1/servers/01fe8b6f-770f-46c3-9d08-c14dcf9d5279 0.186s
2025-01-13 05:42:42.771 68169 INFO tempest.lib.common.rest_client [req-2abbf112-2443-4be7-b673-0fa73ebc7d50 req-2abbf112-2443-4be7-b673-0fa73ebc7d50 ] Request (ImagesTestJSON:test_create_image_from_suspended_server): 200 GET http://10.180.1.21/compute/v2.1/images/42772275-3bca-43d5-9900-82d2ccfa87bd 0.078s
2025-01-13 05:42:42.829 68173 INFO tempest.lib.common.rest_client [req-cdda1257-dc7a-4933-a1b5-6ae8cfc203d0 req-cdda1257-dc7a-4933-a1b5-6ae8cfc203d0 ] Request (ServerDiskConfigTestJSON:test_rebuild_server_with_manual_disk_config): 200 GET http://10.180.1.21/compute/v2.1/servers/5983e55c-136a-4fbe-b008-e116cbd7f6b4 0.187s
2025-01-13 05:42:42.838 68173 INFO tempest.common.waiters [-] State transition "BUILD/block_device_mapping" ==> "BUILD/spawning" after 51 second wait
2025-01-13 05:42:42.880 68145 INFO tempest.lib.common.rest_client [req-9eca1716-467d-4e59-ac4c-3a1143c378a6 req-9eca1716-467d-4e59-ac4c-3a1143c378a6 ] Request (ServerGroupTestJSON:_run_cleanups): 200 GET http://10.180.1.21/compute/v2.1/servers/4575f569-95e5-428f-8e0b-79ae8cc4af65 0.174s
2025-01-13 05:42:42.881 68155 INFO tempest.lib.common.rest_client [req-f2dce616-6245-49b9-bb1a-0170dcc13a07 req-f2dce616-6245-49b9-bb1a-0170dcc13a07 ] Request (DeleteServersTestJSON:test_delete_active_server): 200 GET http://10.180.1.21/compute/v2.1/servers/8a710bc4-36df-4768-b926-399c4dcccc71 0.111s
2025-01-13 05:42:42.958 68127 INFO paramiko.transport [-] Connected (version 2.0, client dropbear_2020.81)
2025-01-13 05:42:42.985 68161 INFO tempest.lib.common.rest_client [req-82d45721-8390-4248-9c04-ff300a88bf8d req-82d45721-8390-4248-9c04-ff300a88bf8d ] Request (ServerActionsTestOtherB:setUpClass): 200 GET http://10.180.1.21/compute/v2.1/servers/c5434c30-b136-40c0-aef3-86cc964a67ae 0.087s
2025-01-13 05:42:43.001 68159 INFO tempest.lib.common.rest_client [req-c6f69c7d-9a45-4454-993f-34df49efe05a req-c6f69c7d-9a45-4454-993f-34df49efe05a ] Request (ServerRescueTestJSONUnderV235:setUpClass): 200 GET http://10.180.1.21/compute/v2.1/servers/ca17f52a-6739-482b-ac60-67fe0c46dda2 0.173s
2025-01-13 05:42:43.030 68157 INFO tempest.lib.common.rest_client [req-45e07f2d-00f5-4260-8509-fdc4038366ca req-45e07f2d-00f5-4260-8509-fdc4038366ca ] Request (ServerAddressesNegativeTestJSON:setUpClass): 200 PUT http://10.180.1.21:9696/networking/v2.0/routers/a70cf718-88e6-4b17-90bd-3f525fef9078/add_router_interface 1.263s
2025-01-13 05:42:43.030 68157 INFO tempest.lib.common.dynamic_creds [-] Created isolated network resources for: credentials: Credentials: {'domain_id': 'default', 'domain_name': 'Default', 'username': 'tempest-ServerAddressesNegativeTestJSON-2011961218-project-member', 'project_domain_id': 'default', 'project_domain_name': 'Default', 'project_id': '44c59b82dfca409f8c17eb61e23ed1d2', 'project_name': 'tempest-ServerAddressesNegativeTestJSON-2011961218', 'tenant_id': '44c59b82dfca409f8c17eb61e23ed1d2', 'tenant_name': 'tempest-ServerAddressesNegativeTestJSON-2011961218', 'user_domain_id': 'default', 'user_domain_name': 'Default', 'user_id': 'f2051363d47a46aaaa613361ed7449ab', 'system': None}, Network: {'id': '8f04fd58-0956-453b-a7e2-ba5c582184d3', 'name': 'tempest-ServerAddressesNegativeTestJSON-1510649627-network', 'tenant_id': '44c59b82dfca409f8c17eb61e23ed1d2', 'admin_state_up': True, 'mtu': 8950, 'status': 'ACTIVE', 'subnets': [], 'shared': False, 'project_id': '44c59b82dfca409f8c17eb61e23ed1d2', 'port_security_enabled': True, 'router:external': False, 'provider:network_type': 'vlan', 'provider:physical_network': 'default', 'provider:segmentation_id': 539, 'availability_zone_hints': [], 'availability_zones': [], 'ipv4_address_scope': None, 'ipv6_address_scope': None, 'description': '', 'tags': [], 'created_at': '2025-01-13T05:42:40Z', 'updated_at': '2025-01-13T05:42:40Z', 'revision_number': 1}, Subnet: {'id': '4e6bc8ed-bbc0-40b8-8956-a7b4e4b2ddec', 'name': 'tempest-ServerAddressesNegativeTestJSON-1510649627-subnet', 'tenant_id': '44c59b82dfca409f8c17eb61e23ed1d2', 'network_id': '8f04fd58-0956-453b-a7e2-ba5c582184d3', 'ip_version': 4, 'subnetpool_id': None, 'enable_dhcp': True, 'ipv6_ra_mode': None, 'ipv6_address_mode': None, 'gateway_ip': '192.168.128.1', 'cidr': '192.168.128.0/28', 'allocation_pools': [{'start': '192.168.128.2', 'end': '192.168.128.14'}], 'host_routes': [], 'dns_nameservers': [], 'description': '', 'router:external': False, 'service_types': [], 'tags': [], 'created_at': '2025-01-13T05:42:40Z', 'updated_at': '2025-01-13T05:42:40Z', 'revision_number': 0, 'project_id': '44c59b82dfca409f8c17eb61e23ed1d2'}, Router: {'id': 'a70cf718-88e6-4b17-90bd-3f525fef9078', 'name': 'tempest-ServerAddressesNegativeTestJSON-1510649627-router', 'tenant_id': '44c59b82dfca409f8c17eb61e23ed1d2', 'admin_state_up': True, 'status': 'ACTIVE', 'external_gateway_info': {'network_id': '93cd44ef-d8e6-433b-9757-9905c800683a', 'external_fixed_ips': [{'subnet_id': '6b110329-f128-4bde-a38a-a840c1483747', 'ip_address': '10.180.180.189'}], 'enable_snat': True}, 'description': '', 'availability_zones': [], 'distributed': False, 'ha': False, 'availability_zone_hints': [], 'routes': [], 'flavor_id': None, 'tags': [], 'created_at': '2025-01-13T05:42:40Z', 'updated_at': '2025-01-13T05:42:41Z', 'revision_number': 2, 'project_id': '44c59b82dfca409f8c17eb61e23ed1d2'}
2025-01-13 05:42:43.052 68183 INFO tempest.lib.common.rest_client [req-6e18ed65-c00b-4794-8f3f-1a2e09c29a8c req-6e18ed65-c00b-4794-8f3f-1a2e09c29a8c ] Request (ServerMetadataTestJSON:tearDownClass): 200 GET http://10.180.1.21/compute/v2.1/servers/ea73c22f-d49b-4d10-b15d-86423e345b27 0.153s
2025-01-13 05:42:43.068 68127 INFO paramiko.transport [-] Authentication (publickey) successful!
2025-01-13 05:42:43.069 68127 INFO tempest.lib.common.ssh [-] ssh connection to cirros@10.180.180.156 successfully created
2025-01-13 05:42:43.090 68187 INFO tempest.lib.common.rest_client [req-d582e816-4c51-4b20-a867-cc9ffafd3682 req-d582e816-4c51-4b20-a867-cc9ffafd3682 ] Request (ImagesOneServerNegativeTestJSON:_run_cleanups): 200 GET http://10.180.1.21/compute/v2.1/servers/c2d26e57-23c3-4420-9337-f5ac25df9790 0.070s
2025-01-13 05:42:43.130 68157 INFO tempest.lib.common.rest_client [req-4c8bc2f6-0a82-4f15-8b3b-98eae63c228f req-4c8bc2f6-0a82-4f15-8b3b-98eae63c228f ] Request (ServerAddressesNegativeTestJSON:setUpClass): 201 POST http://10.180.1.21/identity/v3/auth/tokens 0.090s
2025-01-13 05:42:43.153 68127 INFO tempest.lib.common.rest_client [req-b8404071-470c-4ce9-9098-ea97e031481e req-b8404071-470c-4ce9-9098-ea97e031481e ] Request (ServersWithSpecificFlavorTestJSON:test_verify_created_server_ephemeral_disk): 204 DELETE http://10.180.1.21/compute/v2.1/servers/efb3cd31-c298-4063-9418-fc39e60a0c17 0.076s
2025-01-13 05:42:43.184 68157 INFO tempest.lib.common.rest_client [req-55a1f4e2-6ce7-46a9-8eca-d6b73986a17b req-55a1f4e2-6ce7-46a9-8eca-d6b73986a17b ] Request (ServerAddressesNegativeTestJSON:setUpClass): 201 POST http://10.180.1.21/identity/v3/auth/tokens 0.051s
2025-01-13 05:42:43.185 68157 INFO tempest.lib.common.fixed_network [-] (ServerAddressesNegativeTestJSON:setUpClass) Found network {'id': '8f04fd58-0956-453b-a7e2-ba5c582184d3', 'name': 'tempest-ServerAddressesNegativeTestJSON-1510649627-network', 'tenant_id': '44c59b82dfca409f8c17eb61e23ed1d2', 'admin_state_up': True, 'mtu': 8950, 'status': 'ACTIVE', 'subnets': [], 'shared': False, 'project_id': '44c59b82dfca409f8c17eb61e23ed1d2', 'port_security_enabled': True, 'router:external': False, 'provider:network_type': 'vlan', 'provider:physical_network': 'default', 'provider:segmentation_id': 539, 'availability_zone_hints': [], 'availability_zones': [], 'ipv4_address_scope': None, 'ipv6_address_scope': None, 'description': '', 'tags': [], 'created_at': '2025-01-13T05:42:40Z', 'updated_at': '2025-01-13T05:42:40Z', 'revision_number': 1} available for tenant
2025-01-13 05:42:43.222 68127 INFO tempest.lib.common.rest_client [req-fb9cd8cc-c7ea-46d5-a3c2-66e32af672be req-fb9cd8cc-c7ea-46d5-a3c2-66e32af672be ] Request (ServersWithSpecificFlavorTestJSON:test_verify_created_server_ephemeral_disk): 201 POST http://10.180.1.21/identity/v3/auth/tokens 0.064s
2025-01-13 05:42:43.222 68127 INFO tempest.lib.common.fixed_network [-] (ServersWithSpecificFlavorTestJSON:test_verify_created_server_ephemeral_disk) Found network {'id': 'd7375109-0dec-4fa9-87b8-b973f1ebf71e', 'name': 'tempest-ServersWithSpecificFlavorTestJSON-749560522-network', 'tenant_id': 'b2d75d14c4f749f7819291270f031ba9', 'admin_state_up': True, 'mtu': 8950, 'status': 'ACTIVE', 'subnets': [], 'shared': False, 'project_id': 'b2d75d14c4f749f7819291270f031ba9', 'port_security_enabled': True, 'router:external': False, 'provider:network_type': 'vlan', 'provider:physical_network': 'default', 'provider:segmentation_id': 883, 'availability_zone_hints': [], 'availability_zones': [], 'ipv4_address_scope': None, 'ipv6_address_scope': None, 'description': '', 'tags': [], 'created_at': '2025-01-13T05:39:33Z', 'updated_at': '2025-01-13T05:39:33Z', 'revision_number': 1} available for tenant
2025-01-13 05:42:43.573 68127 INFO tempest.lib.common.rest_client [req-24fd650d-031e-43bd-8e3e-2ad1b0f7b9fd req-24fd650d-031e-43bd-8e3e-2ad1b0f7b9fd ] Request (ServersWithSpecificFlavorTestJSON:test_verify_created_server_ephemeral_disk): 202 POST http://10.180.1.21/compute/v2.1/servers 0.349s
2025-01-13 05:42:43.577 68157 INFO tempest.lib.common.rest_client [req-15580ca5-f8e0-4210-b1fa-5718aa69202b req-15580ca5-f8e0-4210-b1fa-5718aa69202b ] Request (ServerAddressesNegativeTestJSON:setUpClass): 202 POST http://10.180.1.21/compute/v2.1/servers 0.392s
2025-01-13 05:42:43.648 68137 INFO tempest.lib.common.rest_client [req-bad65a35-d407-4b26-85ce-ef6b47e055cf req-bad65a35-d407-4b26-85ce-ef6b47e055cf ] Request (ServersNegativeTestJSON:setUpClass): 200 GET http://10.180.1.21/compute/v2.1/servers/55a48923-5829-43d1-8e04-04b7fdd0ffbc 0.270s
2025-01-13 05:42:43.654 68177 INFO tempest.lib.common.rest_client [req-01f4d399-8b53-49d0-be11-f29392355dd4 req-01f4d399-8b53-49d0-be11-f29392355dd4 ] Request (InstanceActionsNegativeTestJSON:tearDownClass): 200 GET http://10.180.1.21/compute/v2.1/servers/77963072-fae4-4155-8d71-6891a21db18e 0.331s
2025-01-13 05:42:43.661 68177 INFO tempest.common.waiters [-] State transition "ACTIVE/deleting" ==> "DELETED/None" after 5 second wait
2025-01-13 05:42:43.724 68131 INFO tempest.lib.common.rest_client [req-8f767b06-d40f-48e5-8c50-77507a7f3998 req-8f767b06-d40f-48e5-8c50-77507a7f3998 ] Request (ServersAdmin275Test:test_rebuild_update_server_275): 200 GET http://10.180.1.21/compute/v2.1/servers/5739e674-a7c3-4d99-b568-bc361cbfbeb1 0.284s
2025-01-13 05:42:43.789 68181 INFO tempest.lib.common.rest_client [req-c4363b36-e9f6-4adb-a8b6-7e51f5462ac7 req-c4363b36-e9f6-4adb-a8b6-7e51f5462ac7 ] Request (ServerRescueNegativeTestJSON:test_rescued_vm_detach_volume): 200 GET http://10.180.1.21/compute/v2.1/servers/88fc1ea6-46ae-470e-b003-77a8d073a457 0.301s
2025-01-13 05:42:43.833 68185 INFO tempest.lib.common.rest_client [req-060bcc9c-c3c7-41eb-909b-28eebd3f4fc5 req-060bcc9c-c3c7-41eb-909b-28eebd3f4fc5 ] Request (MigrationsAdminTest:test_resize_server_revert_deleted_flavor): 200 GET http://10.180.1.21/compute/v2.1/servers/7a6307d1-b846-431e-bd20-e7755fc0f9fc 0.397s
2025-01-13 05:42:43.840 68185 INFO tempest.common.waiters [-] State transition "BUILD/spawning" ==> "ACTIVE/None" after 67 second wait
2025-01-13 05:42:43.853 68135 INFO tempest.lib.common.rest_client [req-893b28ab-0550-4621-8c09-9926fe388f76 req-893b28ab-0550-4621-8c09-9926fe388f76 ] Request (SecurityGroupsTestJSON:test_server_security_groups): 200 GET http://10.180.1.21/compute/v2.1/servers/9c447288-5ff8-48bd-8bb3-5f78becea748 0.361s
2025-01-13 05:42:43.899 68167 INFO tempest.lib.common.rest_client [req-db9da3ed-be6a-4a6b-9668-33079aea605a req-db9da3ed-be6a-4a6b-9668-33079aea605a ] Request (ServerMetadataNegativeTestJSON:setUpClass): 200 GET http://10.180.1.21/compute/v2.1/servers/93715b06-81bb-415f-b69a-61af61badce0 0.355s
2025-01-13 05:42:43.911 68127 INFO tempest.lib.common.rest_client [req-ccf18823-adca-41f8-b6e7-a12b15891e2d req-ccf18823-adca-41f8-b6e7-a12b15891e2d ] Request (ServersWithSpecificFlavorTestJSON:test_verify_created_server_ephemeral_disk): 200 GET http://10.180.1.21/compute/v2.1/servers/c305a73f-c450-4d30-a634-e4d3987876fd 0.337s
2025-01-13 05:42:43.941 68157 INFO tempest.lib.common.rest_client [req-febe64cc-54d1-4838-b6a2-ce16357e0df5 req-febe64cc-54d1-4838-b6a2-ce16357e0df5 ] Request (ServerAddressesNegativeTestJSON:setUpClass): 200 GET http://10.180.1.21/compute/v2.1/servers/3fffbb3b-a7c3-4317-b3b7-4352ceefeec3 0.361s
2025-01-13 05:42:43.971 68151 INFO tempest.lib.common.rest_client [req-51571fb4-6171-43ec-a926-ca648e1f18bb req-51571fb4-6171-43ec-a926-ca648e1f18bb ] Request (ServersTestMultiNic:_run_cleanups): 200 GET http://10.180.1.21/compute/v2.1/servers/c7b97998-bbde-4262-8000-e6dd261e9005 0.255s
2025-01-13 05:42:44.009 68169 INFO tempest.lib.common.rest_client [req-891dba4a-e388-486d-a7f0-34a1ee056d53 req-891dba4a-e388-486d-a7f0-34a1ee056d53 ] Request (ImagesTestJSON:test_create_image_from_suspended_server): 200 GET http://10.180.1.21/compute/v2.1/images/42772275-3bca-43d5-9900-82d2ccfa87bd 0.234s
2025-01-13 05:42:44.095 68153 INFO tempest.lib.common.rest_client [req-29dd5938-c091-42c8-915e-6444406469c6 req-29dd5938-c091-42c8-915e-6444406469c6 ] Request (ServersAdminTestJSON:test_rebuild_server_in_error_state): 200 GET http://10.180.1.21/compute/v2.1/servers/01fe8b6f-770f-46c3-9d08-c14dcf9d5279 0.357s
2025-01-13 05:42:44.161 68185 INFO tempest.lib.common.rest_client [req-554538cf-d81c-4707-b60c-b6c421d441af req-554538cf-d81c-4707-b60c-b6c421d441af ] Request (MigrationsAdminTest:test_resize_server_revert_deleted_flavor): 200 GET http://10.180.1.21/compute/v2.1/servers/7a6307d1-b846-431e-bd20-e7755fc0f9fc 0.320s
2025-01-13 05:42:44.200 68173 INFO tempest.lib.common.rest_client [req-ae23458f-d793-4578-8a2d-5d07576ef463 req-ae23458f-d793-4578-8a2d-5d07576ef463 ] Request (ServerDiskConfigTestJSON:test_rebuild_server_with_manual_disk_config): 200 GET http://10.180.1.21/compute/v2.1/servers/5983e55c-136a-4fbe-b008-e116cbd7f6b4 0.359s
2025-01-13 05:42:44.256 68145 INFO tempest.lib.common.rest_client [req-aa5ed308-1873-4ef1-81fd-4047192a41cb req-aa5ed308-1873-4ef1-81fd-4047192a41cb ] Request (ServerGroupTestJSON:_run_cleanups): 200 GET http://10.180.1.21/compute/v2.1/servers/4575f569-95e5-428f-8e0b-79ae8cc4af65 0.368s
2025-01-13 05:42:44.277 68155 INFO tempest.lib.common.rest_client [req-fefabb00-d0ca-4adc-81f4-f6d06b999e1d req-fefabb00-d0ca-4adc-81f4-f6d06b999e1d ] Request (DeleteServersTestJSON:test_delete_active_server): 200 GET http://10.180.1.21/compute/v2.1/servers/8a710bc4-36df-4768-b926-399c4dcccc71 0.382s
2025-01-13 05:42:44.321 68161 INFO tempest.lib.common.rest_client [req-6b807ffb-ed4e-485b-a015-d304fa46690c req-6b807ffb-ed4e-485b-a015-d304fa46690c ] Request (ServerActionsTestOtherB:setUpClass): 200 GET http://10.180.1.21/compute/v2.1/servers/c5434c30-b136-40c0-aef3-86cc964a67ae 0.323s
2025-01-13 05:42:44.353 68169 INFO tempest.lib.common.rest_client [req-01c7e472-3222-4e72-b194-4ccb1c74badf req-01c7e472-3222-4e72-b194-4ccb1c74badf ] Request (ImagesTestJSON:test_create_image_from_suspended_server): 200 GET http://10.180.1.21/compute/v2.1/images/42772275-3bca-43d5-9900-82d2ccfa87bd 0.340s
2025-01-13 05:42:44.383 68169 INFO tempest.lib.common.rest_client [req-0b088e4c-cb1b-43ef-be80-c715f533befa req-0b088e4c-cb1b-43ef-be80-c715f533befa ] Request (ImagesTestJSON:test_create_image_from_suspended_server): 200 GET http://10.180.1.21/image/v2/images/42772275-3bca-43d5-9900-82d2ccfa87bd/tasks 0.026s
2025-01-13 05:42:44.389 68159 INFO tempest.lib.common.rest_client [req-f5390be1-fa71-48c8-8ccd-ebbcff4cf202 req-f5390be1-fa71-48c8-8ccd-ebbcff4cf202 ] Request (ServerRescueTestJSONUnderV235:setUpClass): 200 GET http://10.180.1.21/compute/v2.1/servers/ca17f52a-6739-482b-ac60-67fe0c46dda2 0.380s
2025-01-13 05:42:44.397 68159 INFO tempest.common.waiters [-] State transition "BUILD/spawning" ==> "ACTIVE/None" after 76 second wait
2025-01-13 05:42:44.414 68183 INFO tempest.lib.common.rest_client [req-38bf5ee5-7a1c-4629-a0ea-25dc53981bb6 req-38bf5ee5-7a1c-4629-a0ea-25dc53981bb6 ] Request (ServerMetadataTestJSON:tearDownClass): 200 GET http://10.180.1.21/compute/v2.1/servers/ea73c22f-d49b-4d10-b15d-86423e345b27 0.352s
2025-01-13 05:42:44.439 68185 INFO tempest.lib.common.rest_client [req-dda907a1-ee1c-4f8d-8dd5-4116770947c4 req-dda907a1-ee1c-4f8d-8dd5-4116770947c4 ] Request (MigrationsAdminTest:test_resize_server_revert_deleted_flavor): 202 DELETE http://10.180.1.21/compute/v2.1/flavors/dc838b2f-7e28-4f85-9615-aa8cccc91c10 0.271s
2025-01-13 05:42:44.439 68187 INFO tempest.lib.common.rest_client [req-ada25f78-c5c3-4522-ab65-d92f89d0a97e req-ada25f78-c5c3-4522-ab65-d92f89d0a97e ] Request (ImagesOneServerNegativeTestJSON:_run_cleanups): 200 GET http://10.180.1.21/compute/v2.1/servers/c2d26e57-23c3-4420-9337-f5ac25df9790 0.334s
2025-01-13 05:42:44.518 68159 INFO tempest.lib.common.rest_client [req-c977066b-e17b-43f2-b2bd-c92794827c4b req-c977066b-e17b-43f2-b2bd-c92794827c4b ] Request (ServerRescueTestJSONUnderV235:setUpClass): 200 POST http://10.180.1.21/compute/v2.1/servers/ca17f52a-6739-482b-ac60-67fe0c46dda2/action 0.120s
2025-01-13 05:42:44.540 68185 INFO tempest.lib.common.rest_client [req-c7cb3b87-958b-4e30-961d-ac435ab4e68e req-c7cb3b87-958b-4e30-961d-ac435ab4e68e ] Request (MigrationsAdminTest:test_resize_server_revert_deleted_flavor): 200 GET http://10.180.1.21/compute/v2.1/flavors/detail 0.100s
2025-01-13 05:42:44.555 68169 INFO tempest.lib.common.rest_client [req-54e03248-2821-4dcb-b5f3-5749f205ed85 req-54e03248-2821-4dcb-b5f3-5749f205ed85 ] Request (ImagesTestJSON:_run_cleanups): 204 DELETE http://10.180.1.21/compute/v2.1/images/42772275-3bca-43d5-9900-82d2ccfa87bd 0.171s
2025-01-13 05:42:44.692 68159 INFO tempest.lib.common.rest_client [req-b0c32c1b-256f-4b7c-8b2c-a1e0a7508d8c req-b0c32c1b-256f-4b7c-8b2c-a1e0a7508d8c ] Request (ServerRescueTestJSONUnderV235:setUpClass): 200 GET http://10.180.1.21/compute/v2.1/servers/ca17f52a-6739-482b-ac60-67fe0c46dda2 0.173s
2025-01-13 05:42:44.693 68185 INFO tempest.lib.common.rest_client [req-9d7dd6a2-9569-4f12-b369-e795852d5a7f req-9d7dd6a2-9569-4f12-b369-e795852d5a7f ] Request (MigrationsAdminTest:test_resize_server_revert_deleted_flavor): 202 POST http://10.180.1.21/compute/v2.1/servers/7a6307d1-b846-431e-bd20-e7755fc0f9fc/action 0.148s
2025-01-13 05:42:44.759 68141 WARNING tempest.lib.common.ssh [-] Failed to establish authenticated ssh connection to cirros@10.180.180.245 ([Errno None] Unable to connect to port 22 on 10.180.180.245). Number attempts: 6. Retry after 7 seconds.: paramiko.ssh_exception.NoValidConnectionsError: [Errno None] Unable to connect to port 22 on 10.180.180.245
2025-01-13 05:42:44.772 68137 INFO tempest.lib.common.rest_client [req-85c27f24-ceb0-4a14-8688-389e0fd8e28b req-85c27f24-ceb0-4a14-8688-389e0fd8e28b ] Request (ServersNegativeTestJSON:setUpClass): 200 GET http://10.180.1.21/compute/v2.1/servers/55a48923-5829-43d1-8e04-04b7fdd0ffbc 0.115s
2025-01-13 05:42:44.804 68169 INFO tempest.lib.common.rest_client [req-c25b098f-7f7d-48d3-b6b8-3b9b27bd0a0b req-c25b098f-7f7d-48d3-b6b8-3b9b27bd0a0b ] Request (ImagesTestJSON:_run_cleanups): 204 DELETE http://10.180.1.21/compute/v2.1/servers/9da187eb-e1c5-4b73-aba8-ff21f572cc79 0.248s
2025-01-13 05:42:44.844 68177 INFO tempest.lib.common.rest_client [req-b7866059-0fbd-4cf1-b6af-556f750821df req-b7866059-0fbd-4cf1-b6af-556f750821df ] Request (InstanceActionsNegativeTestJSON:tearDownClass): 200 GET http://10.180.1.21/compute/v2.1/servers/77963072-fae4-4155-8d71-6891a21db18e 0.182s
2025-01-13 05:42:44.901 68169 INFO tempest.lib.common.rest_client [req-22b528dc-b87b-45ed-86aa-c41cd2f94cc5 req-22b528dc-b87b-45ed-86aa-c41cd2f94cc5 ] Request (ImagesTestJSON:test_create_server_from_snapshot): 201 POST http://10.180.1.21/identity/v3/auth/tokens 0.086s
2025-01-13 05:42:44.902 68169 INFO tempest.lib.common.fixed_network [-] (ImagesTestJSON:test_create_server_from_snapshot) Found network {'id': '31ec1070-1857-491e-ad99-50c1651ca2a9', 'name': 'tempest-ImagesTestJSON-169888601-network', 'tenant_id': '72e089154b3743e9a2b08dba8f337db5', 'admin_state_up': True, 'mtu': 8950, 'status': 'ACTIVE', 'subnets': [], 'shared': False, 'project_id': '72e089154b3743e9a2b08dba8f337db5', 'port_security_enabled': True, 'router:external': False, 'provider:network_type': 'vlan', 'provider:physical_network': 'default', 'provider:segmentation_id': 373, 'availability_zone_hints': [], 'availability_zones': [], 'ipv4_address_scope': None, 'ipv6_address_scope': None, 'description': '', 'tags': [], 'created_at': '2025-01-13T05:39:56Z', 'updated_at': '2025-01-13T05:39:56Z', 'revision_number': 1} available for tenant
2025-01-13 05:42:44.921 68131 INFO tempest.lib.common.rest_client [req-a30782d5-7db5-44f5-8b47-665c161fa3c4 req-a30782d5-7db5-44f5-8b47-665c161fa3c4 ] Request (ServersAdmin275Test:test_rebuild_update_server_275): 200 GET http://10.180.1.21/compute/v2.1/servers/5739e674-a7c3-4d99-b568-bc361cbfbeb1 0.182s
2025-01-13 05:42:44.976 68181 INFO tempest.lib.common.rest_client [req-d755f1ff-50cd-4e48-9161-7b96f569e7c0 req-d755f1ff-50cd-4e48-9161-7b96f569e7c0 ] Request (ServerRescueNegativeTestJSON:test_rescued_vm_detach_volume): 200 GET http://10.180.1.21/compute/v2.1/servers/88fc1ea6-46ae-470e-b003-77a8d073a457 0.177s
2025-01-13 05:42:44.983 68185 INFO tempest.lib.common.rest_client [req-fd5f0e2a-8232-467d-925b-4a69db8d7826 req-fd5f0e2a-8232-467d-925b-4a69db8d7826 ] Request (MigrationsAdminTest:test_resize_server_revert_deleted_flavor): 200 GET http://10.180.1.21/compute/v2.1/servers/7a6307d1-b846-431e-bd20-e7755fc0f9fc 0.289s
2025-01-13 05:42:44.986 68181 INFO tempest.common.waiters [-] State transition "BUILD/scheduling" ==> "BUILD/None" after 14 second wait
2025-01-13 05:42:45.050 68135 INFO tempest.lib.common.rest_client [req-c1a3e910-f8a8-4dde-bec8-9f0ac013548e req-c1a3e910-f8a8-4dde-bec8-9f0ac013548e ] Request (SecurityGroupsTestJSON:test_server_security_groups): 200 GET http://10.180.1.21/compute/v2.1/servers/9c447288-5ff8-48bd-8bb3-5f78becea748 0.186s
2025-01-13 05:42:45.116 68167 INFO tempest.lib.common.rest_client [req-6ab0a984-4e1f-4bd0-a7d5-766c59c5dbf4 req-6ab0a984-4e1f-4bd0-a7d5-766c59c5dbf4 ] Request (ServerMetadataNegativeTestJSON:setUpClass): 200 GET http://10.180.1.21/compute/v2.1/servers/93715b06-81bb-415f-b69a-61af61badce0 0.207s
2025-01-13 05:42:45.129 68167 INFO tempest.common.waiters [-] State transition "BUILD/None" ==> "BUILD/networking" after 52 second wait
2025-01-13 05:42:45.194 68127 INFO tempest.lib.common.rest_client [req-771eb3e1-4043-41b5-9b40-d7c860f40b09 req-771eb3e1-4043-41b5-9b40-d7c860f40b09 ] Request (ServersWithSpecificFlavorTestJSON:test_verify_created_server_ephemeral_disk): 200 GET http://10.180.1.21/compute/v2.1/servers/c305a73f-c450-4d30-a634-e4d3987876fd 0.275s
2025-01-13 05:42:45.262 68157 INFO tempest.lib.common.rest_client [req-07f25795-ff6e-4df0-81cb-6dceb3d00e1b req-07f25795-ff6e-4df0-81cb-6dceb3d00e1b ] Request (ServerAddressesNegativeTestJSON:setUpClass): 200 GET http://10.180.1.21/compute/v2.1/servers/3fffbb3b-a7c3-4317-b3b7-4352ceefeec3 0.314s
2025-01-13 05:42:45.335 68151 INFO tempest.lib.common.rest_client [req-d669fc54-d7eb-436b-81ab-07c5c809c2d6 req-d669fc54-d7eb-436b-81ab-07c5c809c2d6 ] Request (ServersTestMultiNic:_run_cleanups): 200 GET http://10.180.1.21/compute/v2.1/servers/c7b97998-bbde-4262-8000-e6dd261e9005 0.354s
2025-01-13 05:42:45.499 68153 INFO tempest.lib.common.rest_client [req-323ea5af-088d-4c69-975d-69622bd26dcf req-323ea5af-088d-4c69-975d-69622bd26dcf ] Request (ServersAdminTestJSON:test_rebuild_server_in_error_state): 200 GET http://10.180.1.21/compute/v2.1/servers/01fe8b6f-770f-46c3-9d08-c14dcf9d5279 0.396s
2025-01-13 05:42:45.506 68153 INFO tempest.common.waiters [-] State transition "REBUILD/rebuild_spawning" ==> "ACTIVE/None" after 10 second wait
2025-01-13 05:42:45.655 68143 WARNING tempest.lib.common.ssh [-] Failed to establish authenticated ssh connection to cirros@10.180.180.172 ([Errno None] Unable to connect to port 22 on 10.180.180.172). Number attempts: 4. Retry after 5 seconds.: paramiko.ssh_exception.NoValidConnectionsError: [Errno None] Unable to connect to port 22 on 10.180.180.172
2025-01-13 05:42:45.721 68169 INFO tempest.lib.common.rest_client [req-a9164d10-3df0-4975-83a5-437e435e4b06 req-a9164d10-3df0-4975-83a5-437e435e4b06 ] Request (ImagesTestJSON:test_create_server_from_snapshot): 202 POST http://10.180.1.21/compute/v2.1/servers 0.819s
2025-01-13 05:42:45.772 68173 INFO tempest.lib.common.rest_client [req-c134e8fb-9c72-49dd-b179-fc1ee7cd7f9b req-c134e8fb-9c72-49dd-b179-fc1ee7cd7f9b ] Request (ServerDiskConfigTestJSON:test_rebuild_server_with_manual_disk_config): 200 GET http://10.180.1.21/compute/v2.1/servers/5983e55c-136a-4fbe-b008-e116cbd7f6b4 0.560s
