2025-01-13 05:40:27.446 68181 INFO tempest.lib.common.rest_client [req-b6f750dc-8d5d-44f3-adc0-38cdff0b1523 req-b6f750dc-8d5d-44f3-adc0-38cdff0b1523 ] Request (KeyPairsV210TestJSON:setUpClass): 201 POST http://10.180.1.21/identity/v3/users 0.798s
2025-01-13 05:40:27.448 68151 INFO tempest.lib.common.rest_client [req-82e2fb1b-a261-4b6f-b4c5-6726dd195249 req-82e2fb1b-a261-4b6f-b4c5-6726dd195249 ] Request (ServersTestMultiNic:test_verify_duplicate_network_nics): 200 GET http://10.180.1.21/compute/v2.1/servers/0c820897-b639-4402-801c-ccdadccc56db 2.325s
2025-01-13 05:40:27.549 68129 INFO tempest.lib.common.rest_client [req-8bbcb634-d6b1-40ba-9780-41e34e48972f req-8bbcb634-d6b1-40ba-9780-41e34e48972f ] Request (AbsoluteLimitsNegativeTestJSON:tearDownClass): 204 DELETE http://10.180.1.21/identity/v3/users/c7eb72466a47428b98cb68571b33a717 0.486s
2025-01-13 05:40:27.549 68129 INFO tempest.lib.common.dynamic_creds [-] Deleting project and security group for project: 97e31647c198451e999c6aeb179cc9b5
2025-01-13 05:40:27.557 68171 INFO tempest.lib.common.rest_client [req-a607ed72-7692-4800-9a02-98fa3438e621 req-a607ed72-7692-4800-9a02-98fa3438e621 ] Request (TenantUsagesTestJSON:tearDownClass): 200 GET http://10.180.1.21/compute/v2.1/servers/64e3511f-bfdb-4664-a94a-a2c4121d98ff 2.042s
2025-01-13 05:40:27.600 68179 INFO tempest.lib.common.rest_client [req-58964d95-e487-4507-a648-3bccc374db29 req-58964d95-e487-4507-a648-3bccc374db29 ] Request (QuotasAdminTestV236:test_get_updated_quotas): 200 GET http://10.180.1.21/identity/v3/domains?name=Default 0.441s
2025-01-13 05:40:27.623 68177 INFO tempest.lib.common.rest_client [req-81b46b4c-dc97-488e-929a-e3ad17351d42 req-81b46b4c-dc97-488e-929a-e3ad17351d42 ] Request (ImagesNegativeTestJSON:test_create_image_from_deleted_server): 200 GET http://10.180.1.21/compute/v2.1/servers/cea98a60-727b-4a91-82ab-601a6b018620 1.889s
2025-01-13 05:40:27.629 68175 INFO tempest.lib.common.rest_client [req-3402ccac-f41a-458d-9a80-5addd7a6daa8 req-3402ccac-f41a-458d-9a80-5addd7a6daa8 ] Request (FloatingIPsTestJSON:setUpClass): 200 GET http://10.180.1.21/identity/v3/domains?name=Default 0.388s
2025-01-13 05:40:27.638 68177 INFO tempest.common.waiters [-] State transition "ACTIVE/deleting" ==> "DELETED/None" after 5 second wait
2025-01-13 05:40:27.654 68181 INFO tempest.lib.common.rest_client [req-b2454b95-b58e-45bb-a1ac-0970b162b59b req-b2454b95-b58e-45bb-a1ac-0970b162b59b ] Request (KeyPairsV210TestJSON:setUpClass): 200 GET http://10.180.1.21/identity/v3/roles 0.202s
2025-01-13 05:40:27.677 68129 INFO tempest.lib.common.rest_client [req-3ce904a0-c9c8-4a87-851a-9ac0de518e24 req-3ce904a0-c9c8-4a87-851a-9ac0de518e24 ] Request (AbsoluteLimitsNegativeTestJSON:tearDownClass): 201 POST http://10.180.1.21/identity/v3/auth/tokens 0.128s
2025-01-13 05:40:27.716 68175 INFO tempest.lib.common.rest_client [req-194f9970-eccf-4f53-9e52-56b00cba9d48 req-194f9970-eccf-4f53-9e52-56b00cba9d48 ] Request (FloatingIPsTestJSON:setUpClass): 201 POST http://10.180.1.21/identity/v3/projects 0.087s
2025-01-13 05:40:27.792 68181 INFO tempest.lib.common.rest_client [req-943bc670-c8de-4ef2-99c6-0c6fd691f8c5 req-943bc670-c8de-4ef2-99c6-0c6fd691f8c5 ] Request (KeyPairsV210TestJSON:setUpClass): 204 PUT http://10.180.1.21/identity/v3/projects/c1e4566d3ae041c682acabe76ca44b93/users/b4183400220542cab5c385ae5a2236bb/roles/1d0c28e9410a4c9090cade362142849a 0.137s
2025-01-13 05:40:27.793 68179 INFO tempest.lib.common.rest_client [req-d7ba7edf-7982-4aa3-91d2-14b51128a714 req-d7ba7edf-7982-4aa3-91d2-14b51128a714 ] Request (QuotasAdminTestV236:test_get_updated_quotas): 201 POST http://10.180.1.21/identity/v3/projects 0.192s
2025-01-13 05:40:27.821 68185 INFO tempest.lib.common.rest_client [req-a6e41044-c70d-4568-9f46-ed184292cd23 req-a6e41044-c70d-4568-9f46-ed184292cd23 ] Request (MigrationsAdminTest:test_list_migrations_in_flavor_resize_situation): 200 GET http://10.180.1.21/compute/v2.1/servers/6f5d3e70-e4fe-43a6-9de4-daa23c9d3ee6 2.005s
2025-01-13 05:40:27.896 68181 INFO tempest.lib.common.rest_client [req-66cb4b95-2381-453d-8e33-bcc174b31a13 req-66cb4b95-2381-453d-8e33-bcc174b31a13 ] Request (KeyPairsV210TestJSON:setUpClass): 200 GET http://10.180.1.21/identity/v3/roles 0.103s
2025-01-13 05:40:27.928 68169 INFO tempest.lib.common.rest_client [req-79a8a102-5a93-4b0f-964b-4c8cf968b7f2 req-79a8a102-5a93-4b0f-964b-4c8cf968b7f2 ] Request (ImagesTestJSON:test_create_image_from_stopped_server): 200 GET http://10.180.1.21/compute/v2.1/servers/fd3a0f54-bce7-4da0-bd0c-2b3fb2a4b20f 2.038s
2025-01-13 05:40:27.932 68175 INFO tempest.lib.common.rest_client [req-db322f8c-5fee-4365-9baf-91ad0adad864 req-db322f8c-5fee-4365-9baf-91ad0adad864 ] Request (FloatingIPsTestJSON:setUpClass): 201 POST http://10.180.1.21/identity/v3/users 0.216s
2025-01-13 05:40:27.942 68169 INFO tempest.common.waiters [-] State transition "BUILD/None" ==> "BUILD/networking" after 22 second wait
2025-01-13 05:40:27.969 68179 INFO tempest.lib.common.rest_client [req-12accee1-aa0e-4403-b4c6-fe81399c67f9 req-12accee1-aa0e-4403-b4c6-fe81399c67f9 ] Request (QuotasAdminTestV236:test_get_updated_quotas): 200 GET http://10.180.1.21/identity/v3/domains?name=Default 0.176s
2025-01-13 05:40:28.003 68181 INFO tempest.lib.common.rest_client [req-456a27ca-6794-40ae-a8a2-17940d8beaed req-456a27ca-6794-40ae-a8a2-17940d8beaed ] Request (KeyPairsV210TestJSON:setUpClass): 204 PUT http://10.180.1.21/identity/v3/projects/c1e4566d3ae041c682acabe76ca44b93/users/b4183400220542cab5c385ae5a2236bb/roles/1d0c28e9410a4c9090cade362142849a 0.106s
2025-01-13 05:40:28.003 68181 INFO tempest.lib.common.dynamic_creds [-] Dynamic test user b4183400220542cab5c385ae5a2236bb is created with scope project and roles: ['admin']
2025-01-13 05:40:28.003 68181 INFO tempest.lib.common.dynamic_creds [-] Acquired dynamic creds: credentials: Credentials: {'domain_id': 'default', 'domain_name': 'Default', 'username': 'tempest-KeyPairsV210TestJSON-1971276624-project-admin', 'project_domain_id': 'default', 'project_domain_name': 'Default', 'project_id': 'c1e4566d3ae041c682acabe76ca44b93', 'project_name': 'tempest-KeyPairsV210TestJSON-1971276624', 'tenant_id': 'c1e4566d3ae041c682acabe76ca44b93', 'tenant_name': 'tempest-KeyPairsV210TestJSON-1971276624', 'user_domain_id': 'default', 'user_domain_name': 'Default', 'user_id': 'b4183400220542cab5c385ae5a2236bb', 'system': None}, Network: None, Subnet: None, Router: None
2025-01-13 05:40:28.003 68181 INFO tempest.lib.common.dynamic_creds [-] Created isolated network resources for: credentials: Credentials: {'domain_id': 'default', 'domain_name': 'Default', 'username': 'tempest-KeyPairsV210TestJSON-1971276624-project-admin', 'project_domain_id': 'default', 'project_domain_name': 'Default', 'project_id': 'c1e4566d3ae041c682acabe76ca44b93', 'project_name': 'tempest-KeyPairsV210TestJSON-1971276624', 'tenant_id': 'c1e4566d3ae041c682acabe76ca44b93', 'tenant_name': 'tempest-KeyPairsV210TestJSON-1971276624', 'user_domain_id': 'default', 'user_domain_name': 'Default', 'user_id': 'b4183400220542cab5c385ae5a2236bb', 'system': None}, Network: None, Subnet: None, Router: None
2025-01-13 05:40:28.072 68175 INFO tempest.lib.common.rest_client [req-d813b195-bec3-4782-8e51-30dd03557d2d req-d813b195-bec3-4782-8e51-30dd03557d2d ] Request (FloatingIPsTestJSON:setUpClass): 200 GET http://10.180.1.21/identity/v3/roles 0.139s
2025-01-13 05:40:28.114 68129 INFO tempest.lib.common.rest_client [req-ada9de2e-9eb5-4b09-a046-74f001f504eb req-ada9de2e-9eb5-4b09-a046-74f001f504eb ] Request (AbsoluteLimitsNegativeTestJSON:tearDownClass): 200 GET http://10.180.1.21:9696/networking/v2.0/security-groups?tenant_id=97e31647c198451e999c6aeb179cc9b5&name=default 0.436s
2025-01-13 05:40:28.187 68175 INFO tempest.lib.common.rest_client [req-61ce4a96-6f2e-494c-8ae9-de8e584ec18f req-61ce4a96-6f2e-494c-8ae9-de8e584ec18f ] Request (FloatingIPsTestJSON:setUpClass): 204 PUT http://10.180.1.21/identity/v3/projects/9e8f223c099d4538bbfdf06e33553e36/users/c5ca31c04e8a4eecbe7e6d096123808b/roles/519ecb4dafc44affacd4905693b0f979 0.115s
2025-01-13 05:40:28.187 68175 INFO tempest.lib.common.dynamic_creds [-] Dynamic test user c5ca31c04e8a4eecbe7e6d096123808b is created with scope project and roles: ['member']
2025-01-13 05:40:28.187 68175 INFO tempest.lib.common.dynamic_creds [-] Acquired dynamic creds: credentials: Credentials: {'domain_id': 'default', 'domain_name': 'Default', 'username': 'tempest-FloatingIPsTestJSON-19115931-project-member', 'project_domain_id': 'default', 'project_domain_name': 'Default', 'project_id': '9e8f223c099d4538bbfdf06e33553e36', 'project_name': 'tempest-FloatingIPsTestJSON-19115931', 'tenant_id': '9e8f223c099d4538bbfdf06e33553e36', 'tenant_name': 'tempest-FloatingIPsTestJSON-19115931', 'user_domain_id': 'default', 'user_domain_name': 'Default', 'user_id': 'c5ca31c04e8a4eecbe7e6d096123808b', 'system': None}, Network: None, Subnet: None, Router: None
2025-01-13 05:40:28.258 68175 INFO tempest.lib.common.rest_client [req-d831d2a7-5b60-4c77-ab41-e389d52c027e req-d831d2a7-5b60-4c77-ab41-e389d52c027e ] Request (FloatingIPsTestJSON:setUpClass): 201 POST http://10.180.1.21/identity/v3/auth/tokens 0.071s
2025-01-13 05:40:28.260 68181 INFO tempest.lib.common.rest_client [req-fb96d6d3-0a48-4d78-9ec5-dec011b0f9aa req-fb96d6d3-0a48-4d78-9ec5-dec011b0f9aa ] Request (KeyPairsV210TestJSON:setUpClass): 201 POST http://10.180.1.21/identity/v3/auth/tokens 0.252s
2025-01-13 05:40:28.277 68187 INFO tempest.lib.common.rest_client [req-354a2e1f-a22a-4bcd-980f-fdd71ccc7102 req-354a2e1f-a22a-4bcd-980f-fdd71ccc7102 ] Request (ImagesOneServerNegativeTestJSON:setUpClass): 200 PUT http://10.180.1.21:9696/networking/v2.0/routers/2577a617-36c4-4a8f-b9c0-517ebc1ebcc4/add_router_interface 1.889s
2025-01-13 05:40:28.277 68187 INFO tempest.lib.common.dynamic_creds [-] Created isolated network resources for: credentials: Credentials: {'domain_id': 'default', 'domain_name': 'Default', 'username': 'tempest-ImagesOneServerNegativeTestJSON-2075815430-project-member', 'project_domain_id': 'default', 'project_domain_name': 'Default', 'project_id': '1e3fb3e90970495ba0f0ddd21064397b', 'project_name': 'tempest-ImagesOneServerNegativeTestJSON-2075815430', 'tenant_id': '1e3fb3e90970495ba0f0ddd21064397b', 'tenant_name': 'tempest-ImagesOneServerNegativeTestJSON-2075815430', 'user_domain_id': 'default', 'user_domain_name': 'Default', 'user_id': 'e1d53869377846b185bb8f45a48b2d60', 'system': None}, Network: {'id': '56991690-cd7b-4ebe-a3c1-b11c15f46f03', 'name': 'tempest-ImagesOneServerNegativeTestJSON-628877467-network', 'tenant_id': '1e3fb3e90970495ba0f0ddd21064397b', 'admin_state_up': True, 'mtu': 8950, 'status': 'ACTIVE', 'subnets': [], 'shared': False, 'project_id': '1e3fb3e90970495ba0f0ddd21064397b', 'port_security_enabled': True, 'router:external': False, 'provider:network_type': 'vlan', 'provider:physical_network': 'default', 'provider:segmentation_id': 782, 'availability_zone_hints': [], 'availability_zones': [], 'ipv4_address_scope': None, 'ipv6_address_scope': None, 'description': '', 'tags': [], 'created_at': '2025-01-13T05:40:22Z', 'updated_at': '2025-01-13T05:40:22Z', 'revision_number': 1}, Subnet: {'id': '23f4b063-0f28-4270-9063-eea15708f7a9', 'name': 'tempest-ImagesOneServerNegativeTestJSON-628877467-subnet', 'tenant_id': '1e3fb3e90970495ba0f0ddd21064397b', 'network_id': '56991690-cd7b-4ebe-a3c1-b11c15f46f03', 'ip_version': 4, 'subnetpool_id': None, 'enable_dhcp': True, 'ipv6_ra_mode': None, 'ipv6_address_mode': None, 'gateway_ip': '192.168.128.1', 'cidr': '192.168.128.0/28', 'allocation_pools': [{'start': '192.168.128.2', 'end': '192.168.128.14'}], 'host_routes': [], 'dns_nameservers': [], 'description': '', 'router:external': False, 'service_types': [], 'tags': [], 'created_at': '2025-01-13T05:40:23Z', 'updated_at': '2025-01-13T05:40:23Z', 'revision_number': 0, 'project_id': '1e3fb3e90970495ba0f0ddd21064397b'}, Router: {'id': '2577a617-36c4-4a8f-b9c0-517ebc1ebcc4', 'name': 'tempest-ImagesOneServerNegativeTestJSON-628877467-router', 'tenant_id': '1e3fb3e90970495ba0f0ddd21064397b', 'admin_state_up': True, 'status': 'ACTIVE', 'external_gateway_info': {'network_id': '93cd44ef-d8e6-433b-9757-9905c800683a', 'external_fixed_ips': [{'subnet_id': '6b110329-f128-4bde-a38a-a840c1483747', 'ip_address': '10.180.180.252'}], 'enable_snat': True}, 'description': '', 'availability_zones': [], 'distributed': False, 'ha': False, 'availability_zone_hints': [], 'routes': [], 'flavor_id': None, 'tags': [], 'created_at': '2025-01-13T05:40:24Z', 'updated_at': '2025-01-13T05:40:25Z', 'revision_number': 2, 'project_id': '1e3fb3e90970495ba0f0ddd21064397b'}
2025-01-13 05:40:28.390 68187 INFO tempest.lib.common.rest_client [req-355704a8-31f1-4ec1-b381-0d0c5be95918 req-355704a8-31f1-4ec1-b381-0d0c5be95918 ] Request (ImagesOneServerNegativeTestJSON:setUpClass): 201 POST http://10.180.1.21/identity/v3/auth/tokens 0.110s
2025-01-13 05:40:28.432 68167 INFO tempest.lib.common.rest_client [req-fcc18f85-f5b8-4b6a-a8c2-a08996755dc3 req-fcc18f85-f5b8-4b6a-a8c2-a08996755dc3 ] Request (ImagesOneServerTestJSON:test_create_delete_image): 202 POST http://10.180.1.21/compute/v2.1/servers/296569e8-7780-40f1-9edd-a7515f33c44b/action 3.042s
2025-01-13 05:40:28.438 68187 INFO tempest.lib.common.rest_client [req-0ab85de2-9858-43c9-9b37-5be5f7c154e9 req-0ab85de2-9858-43c9-9b37-5be5f7c154e9 ] Request (ImagesOneServerNegativeTestJSON:setUpClass): 201 POST http://10.180.1.21/identity/v3/auth/tokens 0.043s
2025-01-13 05:40:28.438 68187 INFO tempest.lib.common.fixed_network [-] (ImagesOneServerNegativeTestJSON:setUpClass) Found network {'id': '56991690-cd7b-4ebe-a3c1-b11c15f46f03', 'name': 'tempest-ImagesOneServerNegativeTestJSON-628877467-network', 'tenant_id': '1e3fb3e90970495ba0f0ddd21064397b', 'admin_state_up': True, 'mtu': 8950, 'status': 'ACTIVE', 'subnets': [], 'shared': False, 'project_id': '1e3fb3e90970495ba0f0ddd21064397b', 'port_security_enabled': True, 'router:external': False, 'provider:network_type': 'vlan', 'provider:physical_network': 'default', 'provider:segmentation_id': 782, 'availability_zone_hints': [], 'availability_zones': [], 'ipv4_address_scope': None, 'ipv6_address_scope': None, 'description': '', 'tags': [], 'created_at': '2025-01-13T05:40:22Z', 'updated_at': '2025-01-13T05:40:22Z', 'revision_number': 1} available for tenant
2025-01-13 05:40:28.552 68127 INFO tempest.lib.common.rest_client [req-f47e6b05-5ab8-43e8-b1ea-4f444e5f8cf2 req-f47e6b05-5ab8-43e8-b1ea-4f444e5f8cf2 ] Request (ServersWithSpecificFlavorTestJSON:test_verify_created_server_ephemeral_disk): 200 GET http://10.180.1.21/compute/v2.1/servers/efb3cd31-c298-4063-9418-fc39e60a0c17 2.544s
2025-01-13 05:40:28.604 68129 INFO tempest.lib.common.rest_client [req-73b18323-c181-4752-a5d0-4cbdf1a74e06 req-73b18323-c181-4752-a5d0-4cbdf1a74e06 ] Request (AbsoluteLimitsNegativeTestJSON:tearDownClass): 204 DELETE http://10.180.1.21:9696/networking/v2.0/security-groups/9ebc81e6-6048-4174-b956-afb9fe584ce5 0.490s
2025-01-13 05:40:28.647 68165 INFO tempest.lib.common.rest_client [req-865806ce-5f0c-4bc5-a22f-6f83762722cb req-865806ce-5f0c-4bc5-a22f-6f83762722cb ] Request (ServersTestFqdnHostnames:test_create_server_with_fqdn_name): 200 GET http://10.180.1.21/compute/v2.1/servers/f2c7f8cb-3da0-45b3-ba7d-67307196e534 2.446s
2025-01-13 05:40:28.729 68157 INFO tempest.lib.common.rest_client [req-9f72d285-670e-4e47-a88b-4d21b33e3477 req-9f72d285-670e-4e47-a88b-4d21b33e3477 ] Request (ListServersNegativeTestJSON:setUpClass): 200 GET http://10.180.1.21/compute/v2.1/servers/5911ad6b-f534-426e-aac5-20629a9dd1e1 2.417s
2025-01-13 05:40:28.761 68129 INFO tempest.lib.common.rest_client [req-80aed189-e25e-438d-b2ee-413563dd5f22 req-80aed189-e25e-438d-b2ee-413563dd5f22 ] Request (AbsoluteLimitsNegativeTestJSON:tearDownClass): 204 DELETE http://10.180.1.21/identity/v3/projects/97e31647c198451e999c6aeb179cc9b5 0.156s
2025-01-13 05:40:28.920 68129 INFO tempest.lib.common.rest_client [req-e70739f1-0d1a-4875-86d4-c489a73f1249 req-e70739f1-0d1a-4875-86d4-c489a73f1249 ] Request (SecurityGroupRulesNegativeTestJSON:setUpClass): 201 POST http://10.180.1.21/identity/v3/auth/tokens 0.157s
2025-01-13 05:40:28.927 68175 INFO tempest.lib.common.rest_client [req-c39d69f9-d458-45c8-ac18-1ab85fdce8d4 req-c39d69f9-d458-45c8-ac18-1ab85fdce8d4 ] Request (FloatingIPsTestJSON:setUpClass): 201 POST http://10.180.1.21:9696/networking/v2.0/networks 0.668s
2025-01-13 05:40:29.016 68129 INFO tempest.lib.common.rest_client [req-89f0e17f-9248-46d6-8b2c-226dfdcded7d req-89f0e17f-9248-46d6-8b2c-226dfdcded7d ] Request (SecurityGroupRulesNegativeTestJSON:setUpClass): 201 POST http://10.180.1.21/identity/v3/auth/tokens 0.093s
2025-01-13 05:40:29.094 68173 INFO tempest.lib.common.rest_client [req-bb5167de-0541-4d68-bfbe-45d4aeb0e2e2 req-bb5167de-0541-4d68-bfbe-45d4aeb0e2e2 ] Request (ServerDiskConfigTestJSON:test_rebuild_server_with_auto_disk_config): 202 POST http://10.180.1.21/compute/v2.1/servers 3.096s
2025-01-13 05:40:29.109 68183 INFO tempest.lib.common.rest_client [req-2b812179-17e2-44a9-8145-21ea7a7fa2df req-2b812179-17e2-44a9-8145-21ea7a7fa2df ] Request (AggregatesAdminNegativeTestJSON:test_aggregate_remove_host_as_user): 200 POST http://10.180.1.21/compute/v2.1/os-aggregates/7/action 2.615s
2025-01-13 05:40:29.132 68129 INFO tempest.lib.common.rest_client [req-0fb3e0e0-9de8-4e97-a4a6-493539f245d4 req-0fb3e0e0-9de8-4e97-a4a6-493539f245d4 ] Request (SecurityGroupRulesNegativeTestJSON:setUpClass): 200 GET http://10.180.1.21/identity/v3/domains?name=Default 0.115s
2025-01-13 05:40:29.215 68145 INFO tempest.lib.common.rest_client [req-3b192e8b-bc5e-45b9-abb2-92aa78f3191e req-3b192e8b-bc5e-45b9-abb2-92aa78f3191e ] Request (ServerDiagnosticsTest:tearDownClass): 200 GET http://10.180.1.21/compute/v2.1/servers/2517cede-ec2b-4121-8f26-d1666d5ad1f2 2.619s
2025-01-13 05:40:29.237 68129 INFO tempest.lib.common.rest_client [req-80a979bb-dbd5-4b0f-b1de-18ab367acb26 req-80a979bb-dbd5-4b0f-b1de-18ab367acb26 ] Request (SecurityGroupRulesNegativeTestJSON:setUpClass): 201 POST http://10.180.1.21/identity/v3/projects 0.104s
2025-01-13 05:40:29.301 68159 INFO tempest.lib.common.rest_client [req-05a5929e-f725-43ca-8104-e8d064649b49 req-05a5929e-f725-43ca-8104-e8d064649b49 ] Request (ServerExternalEventsTest:test_create_server_external_events): 200 GET http://10.180.1.21/compute/v2.1/servers/75a2bcb3-feef-43ae-aa9d-bbf97faae66b 2.648s
2025-01-13 05:40:29.384 68129 INFO tempest.lib.common.rest_client [req-458aa998-38d6-4762-8a7e-6adf4e9cb75e req-458aa998-38d6-4762-8a7e-6adf4e9cb75e ] Request (SecurityGroupRulesNegativeTestJSON:setUpClass): 201 POST http://10.180.1.21/identity/v3/users 0.146s
2025-01-13 05:40:29.399 68147 INFO tempest.lib.common.rest_client [req-08c708cf-5c16-444a-975f-49a84c157775 req-08c708cf-5c16-444a-975f-49a84c157775 ] Request (ServersTestBootFromVolume:setUpClass): 200 GET http://10.180.1.21/compute/v2.1/servers/a043c00b-fda1-425b-ad30-52cbf4143164 2.685s
2025-01-13 05:40:29.436 68129 INFO tempest.lib.common.rest_client [req-9538bdee-6c5b-479f-9de5-1a95e5de8542 req-9538bdee-6c5b-479f-9de5-1a95e5de8542 ] Request (SecurityGroupRulesNegativeTestJSON:setUpClass): 200 GET http://10.180.1.21/identity/v3/roles 0.051s
2025-01-13 05:40:29.463 68161 INFO tempest.lib.common.rest_client [req-63542146-fe11-4134-a1d3-d0686ed9d04f req-63542146-fe11-4134-a1d3-d0686ed9d04f ] Request (ServerDiagnosticsV248Test:test_get_server_diagnostics): 200 GET http://10.180.1.21/compute/v2.1/servers/61b30329-73ea-46be-9c33-b4c7d7f06d9e 2.717s
2025-01-13 05:40:29.481 68129 INFO tempest.lib.common.rest_client [req-92db45d3-ca63-47ef-83e9-4260975948e8 req-92db45d3-ca63-47ef-83e9-4260975948e8 ] Request (SecurityGroupRulesNegativeTestJSON:setUpClass): 204 PUT http://10.180.1.21/identity/v3/projects/d9441a6f99334370bcbb8059a982504c/users/3de8926b977f4f819516cf2298ad3f53/roles/519ecb4dafc44affacd4905693b0f979 0.045s
2025-01-13 05:40:29.481 68129 INFO tempest.lib.common.dynamic_creds [-] Dynamic test user 3de8926b977f4f819516cf2298ad3f53 is created with scope project and roles: ['member']
2025-01-13 05:40:29.482 68129 INFO tempest.lib.common.dynamic_creds [-] Acquired dynamic creds: credentials: Credentials: {'domain_id': 'default', 'domain_name': 'Default', 'username': 'tempest-SecurityGroupRulesNegativeTestJSON-389827147-project-member', 'project_domain_id': 'default', 'project_domain_name': 'Default', 'project_id': 'd9441a6f99334370bcbb8059a982504c', 'project_name': 'tempest-SecurityGroupRulesNegativeTestJSON-389827147', 'tenant_id': 'd9441a6f99334370bcbb8059a982504c', 'tenant_name': 'tempest-SecurityGroupRulesNegativeTestJSON-389827147', 'user_domain_id': 'default', 'user_domain_name': 'Default', 'user_id': '3de8926b977f4f819516cf2298ad3f53', 'system': None}, Network: None, Subnet: None, Router: None
2025-01-13 05:40:29.493 68137 INFO tempest.lib.common.rest_client [req-81aad974-0885-475b-9ec8-c9ce7394143f req-81aad974-0885-475b-9ec8-c9ce7394143f ] Request (ServicesAdminNegativeTestJSON:test_get_service_by_invalid_params): 200 GET http://10.180.1.21/compute/v2.1/os-services?xxx=nova-compute 2.705s
2025-01-13 05:40:29.576 68129 INFO tempest.lib.common.rest_client [req-316f09e8-0b7d-4760-a800-6d1c49d69889 req-316f09e8-0b7d-4760-a800-6d1c49d69889 ] Request (SecurityGroupRulesNegativeTestJSON:setUpClass): 201 POST http://10.180.1.21/identity/v3/auth/tokens 0.094s
2025-01-13 05:40:29.603 68149 INFO tempest.lib.common.rest_client [req-2c581c22-9a67-4823-96dd-b97cc77c5d61 req-2c581c22-9a67-4823-96dd-b97cc77c5d61 ] Request (VolumesAssistedSnapshotsTest:test_volume_assisted_snapshot_create_delete): 200 GET http://10.180.1.21/compute/v2.1/servers/0fc31c87-417f-4447-943e-00f125f27bbb 3.089s
2025-01-13 05:40:29.605 68189 INFO tempest.lib.common.rest_client [req-05f4898d-5b9f-43f9-9ad5-8d167aee38f8 req-05f4898d-5b9f-43f9-9ad5-8d167aee38f8 ] Request (VolumesAdminNegativeTest:test_update_attached_volume_with_nonexistent_volume_in_body): 200 GET http://10.180.1.21/compute/v2.1/servers/8a7f3c99-5084-4688-9ed5-1854c2c8733d 2.761s
2025-01-13 05:40:29.643 68175 INFO tempest.lib.common.rest_client [req-d07176cc-b83b-4b94-a103-5ab6d5036436 req-d07176cc-b83b-4b94-a103-5ab6d5036436 ] Request (FloatingIPsTestJSON:setUpClass): 201 POST http://10.180.1.21:9696/networking/v2.0/subnets 0.715s
2025-01-13 05:40:29.689 68153 INFO tempest.lib.common.rest_client [req-4053b521-fe27-4e73-9fd7-3a73a62ad245 req-4053b521-fe27-4e73-9fd7-3a73a62ad245 ] Request (ServersAdminTestJSON:test_create_server_with_scheduling_hint): 200 GET http://10.180.1.21/compute/v2.1/servers/927f44df-72d2-4985-bfac-161dad9285a6 2.842s
2025-01-13 05:40:29.781 68131 INFO tempest.lib.common.rest_client [req-2e798641-f7e7-49af-bfb0-4ed543e11e9e req-2e798641-f7e7-49af-bfb0-4ed543e11e9e ] Request (DeleteServersAdminTestJSON:test_admin_delete_servers_of_others): 200 GET http://10.180.1.21/compute/v2.1/servers/72d8c66d-8cc8-4c6e-a5ff-157fa192849c 2.829s
2025-01-13 05:40:29.793 68135 INFO tempest.lib.common.rest_client [req-4da2b2e1-13bb-470e-b728-5d74a804fd05 req-4da2b2e1-13bb-470e-b728-5d74a804fd05 ] Request (ListImagesTestJSON:test_get_image): 200 GET http://10.180.1.21/compute/v2.1/images/fbc1d63b-a3c4-4e83-83a4-59fa3fdae179 2.940s
2025-01-13 05:40:29.816 68143 INFO tempest.lib.common.rest_client [req-a2e5699e-6366-4a35-acaf-2a3bf5620265 req-a2e5699e-6366-4a35-acaf-2a3bf5620265 ] Request (FlavorsAdminTestJSON:test_is_public_string_variations): 200 GET http://10.180.1.21/compute/v2.1/flavors/detail?is_public=no 2.739s
2025-01-13 05:40:29.898 68155 INFO tempest.lib.common.rest_client [req-9840fd9f-5ae8-47e2-a478-a58e8ab6d7ec req-9840fd9f-5ae8-47e2-a478-a58e8ab6d7ec ] Request (FloatingIPsAssociationTestJSON:test_associate_already_associated_floating_ip): 200 GET http://10.180.1.21/compute/v2.1/servers/2ea11da2-39bb-4c31-85c0-dd4f48bb793c 2.494s
2025-01-13 05:40:29.947 68133 INFO tempest.lib.common.rest_client [req-4f8c70f4-fa9b-4475-81d6-cd50cfe8b786 req-4f8c70f4-fa9b-4475-81d6-cd50cfe8b786 ] Request (AttachInterfacesUnderV243Test:test_add_remove_fixed_ip): 200 GET http://10.180.1.21/compute/v2.1/servers/269daec6-64d9-4885-be21-784f7a4be7a7 2.483s
2025-01-13 05:40:29.994 68163 INFO tempest.lib.common.rest_client [req-7b6c90dd-244d-45cf-aa52-f56751b22715 req-7b6c90dd-244d-45cf-aa52-f56751b22715 ] Request (AttachVolumeShelveTestJSON:test_attach_volume_shelved_or_offload_server): 200 GET http://10.180.1.21/compute/v2.1/servers/4abecfe8-97a8-4f54-87ec-bb51cc85f25c 2.860s
2025-01-13 05:40:30.022 68129 INFO tempest.lib.common.rest_client [req-529dcf80-121a-4411-afdc-af2adfd4bf74 req-529dcf80-121a-4411-afdc-af2adfd4bf74 ] Request (SecurityGroupRulesNegativeTestJSON:setUpClass): 201 POST http://10.180.1.21:9696/networking/v2.0/networks 0.446s
2025-01-13 05:40:30.096 68141 INFO tempest.lib.common.rest_client [req-9ebb21a4-c78e-46fb-85a8-b69ea733f7af req-9ebb21a4-c78e-46fb-85a8-b69ea733f7af ] Request (ServerDiagnosticsNegativeTest:tearDownClass): 200 GET http://10.180.1.21/compute/v2.1/servers/757fdf47-4cd0-4d2e-8bc6-6acad00d15b5 1.932s
2025-01-13 05:40:30.157 68139 INFO tempest.lib.common.rest_client [req-cedddba2-abcf-40d2-8b87-6d0e1e357390 req-cedddba2-abcf-40d2-8b87-6d0e1e357390 ] Request (AttachInterfacesTestJSON:test_create_list_show_delete_interfaces_by_fixed_ip): 200 GET http://10.180.1.21/compute/v2.1/servers/4f79ab71-ba4d-42ca-af1d-43b45d4cf970 1.943s
2025-01-13 05:40:30.225 68179 INFO tempest.lib.common.rest_client [req-25a02852-15c1-469d-9c4a-dbb76725d73e req-25a02852-15c1-469d-9c4a-dbb76725d73e ] Request (QuotasAdminTestV236:test_get_updated_quotas): 200 PUT http://10.180.1.21/compute/v2.1/os-quota-sets/1cb7847734e14381b5a6c493e2aaaa84 2.255s
2025-01-13 05:40:30.296 68167 INFO tempest.lib.common.rest_client [req-db24b3e0-698f-4357-8462-82c3490f85ed req-db24b3e0-698f-4357-8462-82c3490f85ed ] Request (ImagesOneServerTestJSON:test_create_delete_image): 200 GET http://10.180.1.21/compute/v2.1/images/55bf13f8-40ed-426a-8a8b-b22a4e12436b 1.862s
2025-01-13 05:40:30.305 68129 INFO tempest.lib.common.rest_client [req-b3d43169-60a9-4b26-87ab-18c0c8653e50 req-b3d43169-60a9-4b26-87ab-18c0c8653e50 ] Request (SecurityGroupRulesNegativeTestJSON:setUpClass): 201 POST http://10.180.1.21:9696/networking/v2.0/subnets 0.282s
2025-01-13 05:40:30.315 68181 INFO tempest.lib.common.rest_client [req-c756e559-3211-4236-8958-41073b17c3db req-c756e559-3211-4236-8958-41073b17c3db ] Request (KeyPairsV210TestJSON:test_admin_manage_keypairs_for_other_users): 201 POST http://10.180.1.21/compute/v2.1/os-keypairs 2.053s
2025-01-13 05:40:30.983 68151 INFO tempest.lib.common.rest_client [req-29392324-196a-44d8-ad1c-040a1df8bc61 req-29392324-196a-44d8-ad1c-040a1df8bc61 ] Request (ServersTestMultiNic:test_verify_duplicate_network_nics): 200 GET http://10.180.1.21/compute/v2.1/servers/0c820897-b639-4402-801c-ccdadccc56db 2.522s
2025-01-13 05:40:30.993 68151 INFO tempest.common.waiters [-] State transition "BUILD/spawning" ==> "ACTIVE/None" after 29 second wait
2025-01-13 05:40:31.002 68187 INFO tempest.lib.common.rest_client [req-eb5c10a2-6797-4a00-8276-703f1585dca3 req-eb5c10a2-6797-4a00-8276-703f1585dca3 ] Request (ImagesOneServerNegativeTestJSON:setUpClass): 202 POST http://10.180.1.21/compute/v2.1/servers 2.562s
2025-01-13 05:40:31.089 68177 INFO tempest.lib.common.rest_client [req-015e6aa8-2f5a-42dd-b5e9-b9b85329f22f req-015e6aa8-2f5a-42dd-b5e9-b9b85329f22f ] Request (ImagesNegativeTestJSON:test_create_image_from_deleted_server): 200 GET http://10.180.1.21/compute/v2.1/servers/cea98a60-727b-4a91-82ab-601a6b018620 2.450s
2025-01-13 05:40:31.113 68171 INFO tempest.lib.common.rest_client [req-5e5b5bae-ad22-4726-921d-53c44f2cca5d req-5e5b5bae-ad22-4726-921d-53c44f2cca5d ] Request (TenantUsagesTestJSON:tearDownClass): 200 GET http://10.180.1.21/compute/v2.1/servers/64e3511f-bfdb-4664-a94a-a2c4121d98ff 2.547s
2025-01-13 05:40:31.224 68185 INFO tempest.lib.common.rest_client [req-fa3c7f5a-091a-4270-8de2-0a68f6a25055 req-fa3c7f5a-091a-4270-8de2-0a68f6a25055 ] Request (MigrationsAdminTest:test_list_migrations_in_flavor_resize_situation): 200 GET http://10.180.1.21/compute/v2.1/servers/6f5d3e70-e4fe-43a6-9de4-daa23c9d3ee6 2.388s
2025-01-13 05:40:31.286 68173 INFO tempest.lib.common.rest_client [req-3f570ea9-8663-4e21-99c7-5c2def3ebcf2 req-3f570ea9-8663-4e21-99c7-5c2def3ebcf2 ] Request (ServerDiskConfigTestJSON:test_rebuild_server_with_auto_disk_config): 200 GET http://10.180.1.21/compute/v2.1/servers/3df0186d-bf68-4764-aaf3-5f0289d89809 2.190s
2025-01-13 05:40:31.296 68183 INFO tempest.lib.common.rest_client [req-04d7f540-5962-49b1-bf51-c7fe5e1bfb35 req-04d7f540-5962-49b1-bf51-c7fe5e1bfb35 ] Request (AggregatesAdminNegativeTestJSON:test_aggregate_remove_host_as_user): 403 POST http://10.180.1.21/compute/v2.1/os-aggregates/7/action 2.185s
2025-01-13 05:40:31.313 68137 INFO tempest.lib.common.rest_client [req-25c2acb4-7464-4b1e-8eb4-920d9d1fb495 req-25c2acb4-7464-4b1e-8eb4-920d9d1fb495 ] Request (ServicesAdminNegativeTestJSON:test_get_service_by_invalid_service_and_valid_host): 200 GET http://10.180.1.21/compute/v2.1/os-services 1.817s
2025-01-13 05:40:31.372 68127 INFO tempest.lib.common.rest_client [req-26f3ce8c-8408-4644-bccb-03e5082fea00 req-26f3ce8c-8408-4644-bccb-03e5082fea00 ] Request (ServersWithSpecificFlavorTestJSON:test_verify_created_server_ephemeral_disk): 200 GET http://10.180.1.21/compute/v2.1/servers/efb3cd31-c298-4063-9418-fc39e60a0c17 1.808s
2025-01-13 05:40:31.431 68165 INFO tempest.lib.common.rest_client [req-b303906e-972f-473f-8589-6ad02617932e req-b303906e-972f-473f-8589-6ad02617932e ] Request (ServersTestFqdnHostnames:test_create_server_with_fqdn_name): 200 GET http://10.180.1.21/compute/v2.1/servers/f2c7f8cb-3da0-45b3-ba7d-67307196e534 1.776s
2025-01-13 05:40:31.443 68165 INFO tempest.common.waiters [-] State transition "BUILD/None" ==> "BUILD/block_device_mapping" after 25 second wait
2025-01-13 05:40:31.478 68175 INFO tempest.lib.common.rest_client [req-5b7a80dc-4ee4-4fc6-9efe-c359bf0cd631 req-5b7a80dc-4ee4-4fc6-9efe-c359bf0cd631 ] Request (FloatingIPsTestJSON:setUpClass): 201 POST http://10.180.1.21:9696/networking/v2.0/routers 1.834s
2025-01-13 05:40:31.492 68157 INFO tempest.lib.common.rest_client [req-f417cdea-fa9a-4dbc-b729-3a1c6b30f3d5 req-f417cdea-fa9a-4dbc-b729-3a1c6b30f3d5 ] Request (ListServersNegativeTestJSON:setUpClass): 200 GET http://10.180.1.21/compute/v2.1/servers/5911ad6b-f534-426e-aac5-20629a9dd1e1 1.752s
2025-01-13 05:40:31.529 68169 INFO tempest.lib.common.rest_client [req-1798e56d-5e72-4754-b7f9-ae363278a85f req-1798e56d-5e72-4754-b7f9-ae363278a85f ] Request (ImagesTestJSON:test_create_image_from_stopped_server): 200 GET http://10.180.1.21/compute/v2.1/servers/fd3a0f54-bce7-4da0-bd0c-2b3fb2a4b20f 2.580s
2025-01-13 05:40:31.549 68169 INFO tempest.common.waiters [-] State transition "BUILD/networking" ==> "BUILD/spawning" after 26 second wait
2025-01-13 05:40:31.553 68143 INFO tempest.lib.common.rest_client [req-e398eb6e-e629-4092-9987-4c04ee898c68 req-e398eb6e-e629-4092-9987-4c04ee898c68 ] Request (FlavorsAdminTestJSON:test_is_public_string_variations): 200 GET http://10.180.1.21/compute/v2.1/flavors/detail?is_public=0 1.734s
2025-01-13 05:40:31.586 68135 INFO tempest.lib.common.rest_client [req-c835bacc-4e45-4701-a99d-7abd88cb4cfe req-c835bacc-4e45-4701-a99d-7abd88cb4cfe ] Request (ListImagesTestJSON:test_list_images): 200 GET http://10.180.1.21/compute/v2.1/images 1.787s
2025-01-13 05:40:31.649 68179 INFO tempest.lib.common.rest_client [req-dc6df876-6194-4e9f-8a89-546b48e09004 req-dc6df876-6194-4e9f-8a89-546b48e09004 ] Request (QuotasAdminTestV236:test_get_updated_quotas): 200 GET http://10.180.1.21/compute/v2.1/os-quota-sets/1cb7847734e14381b5a6c493e2aaaa84/detail 1.422s
2025-01-13 05:40:31.711 68179 INFO tempest.lib.common.rest_client [req-9f5a297e-56e3-418c-ad75-308cd349e5f1 req-9f5a297e-56e3-418c-ad75-308cd349e5f1 ] Request (QuotasAdminTestV236:test_get_updated_quotas): 200 GET http://10.180.1.21/identity/v3/domains?name=Default 0.055s
2025-01-13 05:40:31.736 68145 INFO tempest.lib.common.rest_client [req-b0cb34ab-cefc-48a2-aaf9-9b537054e5b8 req-b0cb34ab-cefc-48a2-aaf9-9b537054e5b8 ] Request (ServerDiagnosticsTest:tearDownClass): 200 GET http://10.180.1.21/compute/v2.1/servers/2517cede-ec2b-4121-8f26-d1666d5ad1f2 1.508s
2025-01-13 05:40:31.762 68159 INFO tempest.lib.common.rest_client [req-4d12f532-25f7-43ad-883f-ab983e682d16 req-4d12f532-25f7-43ad-883f-ab983e682d16 ] Request (ServerExternalEventsTest:test_create_server_external_events): 200 GET http://10.180.1.21/compute/v2.1/servers/75a2bcb3-feef-43ae-aa9d-bbf97faae66b 1.446s
2025-01-13 05:40:31.815 68181 INFO tempest.lib.common.rest_client [req-0624d3e6-d786-49d1-908c-0cb89fa6447f req-0624d3e6-d786-49d1-908c-0cb89fa6447f ] Request (KeyPairsV210TestJSON:test_admin_manage_keypairs_for_other_users): 201 POST http://10.180.1.21/compute/v2.1/os-keypairs 1.498s
2025-01-13 05:40:31.824 68179 INFO tempest.lib.common.rest_client [req-eacad38a-60a1-4008-8cf8-87f988ca20b0 req-eacad38a-60a1-4008-8cf8-87f988ca20b0 ] Request (QuotasAdminTestV236:test_get_updated_quotas): 201 POST http://10.180.1.21/identity/v3/users 0.112s
2025-01-13 05:40:31.856 68147 INFO tempest.lib.common.rest_client [req-dc0dfe01-2bbc-4fc1-92c1-3bff1c1e7d4a req-dc0dfe01-2bbc-4fc1-92c1-3bff1c1e7d4a ] Request (ServersTestBootFromVolume:setUpClass): 200 GET http://10.180.1.21/compute/v2.1/servers/a043c00b-fda1-425b-ad30-52cbf4143164 1.448s
2025-01-13 05:40:31.857 68179 INFO tempest.lib.common.rest_client [req-e22e7b40-940c-4528-9011-e36620755e17 req-e22e7b40-940c-4528-9011-e36620755e17 ] Request (QuotasAdminTestV236:test_get_updated_quotas): 200 GET http://10.180.1.21/identity/v3/domains?name=Default 0.033s
2025-01-13 05:40:31.887 68161 INFO tempest.lib.common.rest_client [req-396be090-343e-4af6-920c-67f991c6b237 req-396be090-343e-4af6-920c-67f991c6b237 ] Request (ServerDiagnosticsV248Test:test_get_server_diagnostics): 200 GET http://10.180.1.21/compute/v2.1/servers/61b30329-73ea-46be-9c33-b4c7d7f06d9e 1.412s
2025-01-13 05:40:31.960 68189 INFO tempest.lib.common.rest_client [req-05663bf6-6a42-4e0d-9fc0-7b684628ad8c req-05663bf6-6a42-4e0d-9fc0-7b684628ad8c ] Request (VolumesAdminNegativeTest:test_update_attached_volume_with_nonexistent_volume_in_body): 200 GET http://10.180.1.21/compute/v2.1/servers/8a7f3c99-5084-4688-9ed5-1854c2c8733d 1.345s
2025-01-13 05:40:32.031 68153 INFO tempest.lib.common.rest_client [req-b59cbb11-f752-4282-a5c6-04a384a60482 req-b59cbb11-f752-4282-a5c6-04a384a60482 ] Request (ServersAdminTestJSON:test_create_server_with_scheduling_hint): 200 GET http://10.180.1.21/compute/v2.1/servers/927f44df-72d2-4985-bfac-161dad9285a6 1.333s
2025-01-13 05:40:32.040 68153 INFO tempest.common.waiters [-] State transition "BUILD/scheduling" ==> "BUILD/None" after 14 second wait
2025-01-13 05:40:32.111 68131 INFO tempest.lib.common.rest_client [req-6dd89855-f5bc-4adc-8b19-30e94a13a8a7 req-6dd89855-f5bc-4adc-8b19-30e94a13a8a7 ] Request (DeleteServersAdminTestJSON:test_admin_delete_servers_of_others): 200 GET http://10.180.1.21/compute/v2.1/servers/72d8c66d-8cc8-4c6e-a5ff-157fa192849c 1.321s
2025-01-13 05:40:32.157 68149 INFO tempest.lib.common.rest_client [req-c5536563-2b2d-47b4-a79d-a33e496e7556 req-c5536563-2b2d-47b4-a79d-a33e496e7556 ] Request (VolumesAssistedSnapshotsTest:test_volume_assisted_snapshot_create_delete): 200 GET http://10.180.1.21/compute/v2.1/servers/0fc31c87-417f-4447-943e-00f125f27bbb 1.542s
2025-01-13 05:40:32.170 68149 INFO tempest.common.waiters [-] State transition "BUILD/spawning" ==> "ACTIVE/None" after 28 second wait
2025-01-13 05:40:32.174 68155 INFO tempest.lib.common.rest_client [req-05e5417f-189b-4451-a9e6-d85fa359444b req-05e5417f-189b-4451-a9e6-d85fa359444b ] Request (FloatingIPsAssociationTestJSON:test_associate_already_associated_floating_ip): 200 GET http://10.180.1.21/compute/v2.1/servers/2ea11da2-39bb-4c31-85c0-dd4f48bb793c 1.265s
2025-01-13 05:40:32.199 68151 INFO tempest.lib.common.rest_client [req-d5388696-9c90-4cec-aa16-56ddb7e93c77 req-d5388696-9c90-4cec-aa16-56ddb7e93c77 ] Request (ServersTestMultiNic:test_verify_duplicate_network_nics): 200 GET http://10.180.1.21/compute/v2.1/servers/0c820897-b639-4402-801c-ccdadccc56db/ips 1.205s
2025-01-13 05:40:32.228 68133 INFO tempest.lib.common.rest_client [req-7d1c21fd-b360-44d1-bcc8-ae24a1d4acc8 req-7d1c21fd-b360-44d1-bcc8-ae24a1d4acc8 ] Request (AttachInterfacesUnderV243Test:test_add_remove_fixed_ip): 200 GET http://10.180.1.21/compute/v2.1/servers/269daec6-64d9-4885-be21-784f7a4be7a7 1.273s
2025-01-13 05:40:32.251 68187 INFO tempest.lib.common.rest_client [req-58bde451-8faa-4394-87f6-07b0d52a0770 req-58bde451-8faa-4394-87f6-07b0d52a0770 ] Request (ImagesOneServerNegativeTestJSON:setUpClass): 200 GET http://10.180.1.21/compute/v2.1/servers/51cd82ee-351e-43ce-bc26-3992e1e7d476 1.247s
2025-01-13 05:40:32.311 68141 INFO tempest.lib.common.rest_client [req-577f4522-a364-4b49-81de-c224f3ac168b req-577f4522-a364-4b49-81de-c224f3ac168b ] Request (ServerDiagnosticsNegativeTest:tearDownClass): 200 GET http://10.180.1.21/compute/v2.1/servers/757fdf47-4cd0-4d2e-8bc6-6acad00d15b5 1.200s
2025-01-13 05:40:32.372 68139 INFO tempest.lib.common.rest_client [req-bf28c1a2-ad47-41f6-b6f8-86cb2a059ef7 req-bf28c1a2-ad47-41f6-b6f8-86cb2a059ef7 ] Request (AttachInterfacesTestJSON:test_create_list_show_delete_interfaces_by_fixed_ip): 200 GET http://10.180.1.21/compute/v2.1/servers/4f79ab71-ba4d-42ca-af1d-43b45d4cf970 1.202s
2025-01-13 05:40:32.425 68163 INFO tempest.lib.common.rest_client [req-dbb0acb9-d85c-4c62-99de-18e7b423ce39 req-dbb0acb9-d85c-4c62-99de-18e7b423ce39 ] Request (AttachVolumeShelveTestJSON:test_attach_volume_shelved_or_offload_server): 200 GET http://10.180.1.21/compute/v2.1/servers/4abecfe8-97a8-4f54-87ec-bb51cc85f25c 1.415s
2025-01-13 05:40:32.429 68129 INFO tempest.lib.common.rest_client [req-8b804e51-4b4e-4305-960c-327805505cd2 req-8b804e51-4b4e-4305-960c-327805505cd2 ] Request (SecurityGroupRulesNegativeTestJSON:setUpClass): 201 POST http://10.180.1.21:9696/networking/v2.0/routers 2.123s
2025-01-13 05:40:32.466 68167 INFO tempest.lib.common.rest_client [req-f0dc919a-66e1-41fd-8cc0-0d340af5c43e req-f0dc919a-66e1-41fd-8cc0-0d340af5c43e ] Request (ImagesOneServerTestJSON:test_create_delete_image): 200 GET http://10.180.1.21/compute/v2.1/images/55bf13f8-40ed-426a-8a8b-b22a4e12436b 1.164s
2025-01-13 05:40:32.493 68137 INFO tempest.lib.common.rest_client [req-6fabceae-edf0-4bf2-91b8-d32867b80b27 req-6fabceae-edf0-4bf2-91b8-d32867b80b27 ] Request (ServicesAdminNegativeTestJSON:test_get_service_by_invalid_service_and_valid_host): 200 GET http://10.180.1.21/compute/v2.1/os-services?host=devstack&binary=xxx 1.176s
2025-01-13 05:40:32.539 68183 INFO tempest.lib.common.rest_client [req-3384f09f-91fd-4b2d-9bc1-7353bcadf00b req-3384f09f-91fd-4b2d-9bc1-7353bcadf00b ] Request (AggregatesAdminNegativeTestJSON:_run_cleanups): 200 POST http://10.180.1.21/compute/v2.1/os-aggregates/7/action 1.242s
2025-01-13 05:40:32.554 68143 INFO tempest.lib.common.rest_client [req-aa992efd-e645-40a4-91f1-063e4c1d9b48 req-aa992efd-e645-40a4-91f1-063e4c1d9b48 ] Request (FlavorsAdminTestJSON:test_is_public_string_variations): 200 GET http://10.180.1.21/compute/v2.1/flavors/detail?is_public=t 0.998s
2025-01-13 05:40:32.563 68181 INFO tempest.lib.common.rest_client [req-0aabc57e-74e4-453f-a83a-0a5f0195fd9f req-0aabc57e-74e4-453f-a83a-0a5f0195fd9f ] Request (KeyPairsV210TestJSON:test_admin_manage_keypairs_for_other_users): 200 GET http://10.180.1.21/compute/v2.1/os-keypairs/tempest-keypair-1576857753?user_id=00b83895f41344d1a040e3a313a1e020 0.744s
2025-01-13 05:40:32.608 68135 INFO tempest.lib.common.rest_client [req-0a706837-71e4-4e55-a110-f9abea9e6cb7 req-0a706837-71e4-4e55-a110-f9abea9e6cb7 ] Request (ListImagesTestJSON:test_list_images_with_detail): 200 GET http://10.180.1.21/compute/v2.1/images/detail 1.016s
2025-01-13 05:40:32.680 68175 INFO tempest.lib.common.rest_client [req-41ebb5fc-b163-4a52-9be5-7f90d553cbdd req-41ebb5fc-b163-4a52-9be5-7f90d553cbdd ] Request (FloatingIPsTestJSON:setUpClass): 200 PUT http://10.180.1.21:9696/networking/v2.0/routers/19b3a3e9-f2df-4638-8fd1-414b158c40df/add_router_interface 1.201s
2025-01-13 05:40:32.681 68175 INFO tempest.lib.common.dynamic_creds [-] Created isolated network resources for: credentials: Credentials: {'domain_id': 'default', 'domain_name': 'Default', 'username': 'tempest-FloatingIPsTestJSON-19115931-project-member', 'project_domain_id': 'default', 'project_domain_name': 'Default', 'project_id': '9e8f223c099d4538bbfdf06e33553e36', 'project_name': 'tempest-FloatingIPsTestJSON-19115931', 'tenant_id': '9e8f223c099d4538bbfdf06e33553e36', 'tenant_name': 'tempest-FloatingIPsTestJSON-19115931', 'user_domain_id': 'default', 'user_domain_name': 'Default', 'user_id': 'c5ca31c04e8a4eecbe7e6d096123808b', 'system': None}, Network: {'id': '0a01907f-6ab2-426f-8630-749169de0610', 'name': 'tempest-FloatingIPsTestJSON-1393555907-network', 'tenant_id': '9e8f223c099d4538bbfdf06e33553e36', 'admin_state_up': True, 'mtu': 8950, 'status': 'ACTIVE', 'subnets': [], 'shared': False, 'project_id': '9e8f223c099d4538bbfdf06e33553e36', 'port_security_enabled': True, 'router:external': False, 'provider:network_type': 'vlan', 'provider:physical_network': 'default', 'provider:segmentation_id': 999, 'availability_zone_hints': [], 'availability_zones': [], 'ipv4_address_scope': None, 'ipv6_address_scope': None, 'description': '', 'tags': [], 'created_at': '2025-01-13T05:40:28Z', 'updated_at': '2025-01-13T05:40:28Z', 'revision_number': 1}, Subnet: {'id': '23d84284-6f9f-465e-9780-95c6ca785d3a', 'name': 'tempest-FloatingIPsTestJSON-1393555907-subnet', 'tenant_id': '9e8f223c099d4538bbfdf06e33553e36', 'network_id': '0a01907f-6ab2-426f-8630-749169de0610', 'ip_version': 4, 'subnetpool_id': None, 'enable_dhcp': True, 'ipv6_ra_mode': None, 'ipv6_address_mode': None, 'gateway_ip': '192.168.128.1', 'cidr': '192.168.128.0/28', 'allocation_pools': [{'start': '192.168.128.2', 'end': '192.168.128.14'}], 'host_routes': [], 'dns_nameservers': [], 'description': '', 'router:external': False, 'service_types': [], 'tags': [], 'created_at': '2025-01-13T05:40:29Z', 'updated_at': '2025-01-13T05:40:29Z', 'revision_number': 0, 'project_id': '9e8f223c099d4538bbfdf06e33553e36'}, Router: {'id': '19b3a3e9-f2df-4638-8fd1-414b158c40df', 'name': 'tempest-FloatingIPsTestJSON-1393555907-router', 'tenant_id': '9e8f223c099d4538bbfdf06e33553e36', 'admin_state_up': True, 'status': 'ACTIVE', 'external_gateway_info': {'network_id': '93cd44ef-d8e6-433b-9757-9905c800683a', 'external_fixed_ips': [{'subnet_id': '6b110329-f128-4bde-a38a-a840c1483747', 'ip_address': '10.180.180.175'}], 'enable_snat': True}, 'description': '', 'availability_zones': [], 'distributed': False, 'ha': False, 'availability_zone_hints': [], 'routes': [], 'flavor_id': None, 'tags': [], 'created_at': '2025-01-13T05:40:29Z', 'updated_at': '2025-01-13T05:40:30Z', 'revision_number': 2, 'project_id': '9e8f223c099d4538bbfdf06e33553e36'}
2025-01-13 05:40:32.744 68177 INFO tempest.lib.common.rest_client [req-f322a5f0-aa4c-4c59-803e-f3cbb7abe88b req-f322a5f0-aa4c-4c59-803e-f3cbb7abe88b ] Request (ImagesNegativeTestJSON:test_create_image_from_deleted_server): 200 GET http://10.180.1.21/compute/v2.1/servers/cea98a60-727b-4a91-82ab-601a6b018620 0.646s
2025-01-13 05:40:32.781 68179 INFO tempest.lib.common.rest_client [req-36100f3f-096b-454a-8330-038bc8c2e0bf req-36100f3f-096b-454a-8330-038bc8c2e0bf ] Request (QuotasAdminTestV236:test_get_updated_quotas): 200 PUT http://10.180.1.21/compute/v2.1/os-quota-sets/1cb7847734e14381b5a6c493e2aaaa84?user_id=b7ce6c4ee1194a338536d20bf5d91605 0.923s
2025-01-13 05:40:32.816 68135 INFO tempest.lib.common.rest_client [req-f1047c88-ae68-49af-aa0c-4b58d1a6927b req-f1047c88-ae68-49af-aa0c-4b58d1a6927b ] Request (ListImagesTestJSON:tearDownClass): 204 DELETE http://10.180.1.21/identity/v3/users/e5586b66a0004cdfbce8c3309605c75b 0.202s
2025-01-13 05:40:32.816 68135 INFO tempest.lib.common.dynamic_creds [-] Deleting project and security group for project: e1cefb8c7c3a4f229e43f8cc06b17e91
2025-01-13 05:40:32.820 68175 INFO tempest.lib.common.rest_client [req-918f3723-32c2-4999-b420-f1c89842fdc9 req-918f3723-32c2-4999-b420-f1c89842fdc9 ] Request (FloatingIPsTestJSON:setUpClass): 201 POST http://10.180.1.21/identity/v3/auth/tokens 0.134s
2025-01-13 05:40:32.851 68149 INFO tempest.lib.common.rest_client [req-ec9ebabc-8e5d-4377-8816-963fde41386d req-ec9ebabc-8e5d-4377-8816-963fde41386d ] Request (VolumesAssistedSnapshotsTest:test_volume_assisted_snapshot_create_delete): 200 GET http://10.180.1.21/compute/v2.1/servers/0fc31c87-417f-4447-943e-00f125f27bbb/os-interface 0.681s
2025-01-13 05:40:32.868 68171 INFO tempest.lib.common.rest_client [req-96caa88f-fc41-47e9-affb-3c85b9083fda req-96caa88f-fc41-47e9-affb-3c85b9083fda ] Request (TenantUsagesTestJSON:tearDownClass): 200 GET http://10.180.1.21/compute/v2.1/servers/64e3511f-bfdb-4664-a94a-a2c4121d98ff 0.743s
2025-01-13 05:40:32.890 68135 INFO tempest.lib.common.rest_client [req-eebe5ee4-2f19-4da5-a6be-9ee04fbb718b req-eebe5ee4-2f19-4da5-a6be-9ee04fbb718b ] Request (ListImagesTestJSON:tearDownClass): 201 POST http://10.180.1.21/identity/v3/auth/tokens 0.073s
2025-01-13 05:40:32.966 68151 INFO tempest.lib.common.rest_client [req-0e3eb96d-655c-45ac-b1f4-abfae4334116 req-0e3eb96d-655c-45ac-b1f4-abfae4334116 ] Request (ServersTestMultiNic:_run_cleanups): 204 DELETE http://10.180.1.21/compute/v2.1/servers/0c820897-b639-4402-801c-ccdadccc56db 0.763s
2025-01-13 05:40:33.038 68173 INFO tempest.lib.common.rest_client [req-c17fcd63-59d6-45b0-8f65-04a81d8b9e90 req-c17fcd63-59d6-45b0-8f65-04a81d8b9e90 ] Request (ServerDiskConfigTestJSON:test_rebuild_server_with_auto_disk_config): 200 GET http://10.180.1.21/compute/v2.1/servers/3df0186d-bf68-4764-aaf3-5f0289d89809 0.743s
2025-01-13 05:40:33.123 68127 INFO tempest.lib.common.rest_client [req-b625ce82-59fd-49ce-9b64-0a37c61d0326 req-b625ce82-59fd-49ce-9b64-0a37c61d0326 ] Request (ServersWithSpecificFlavorTestJSON:test_verify_created_server_ephemeral_disk): 200 GET http://10.180.1.21/compute/v2.1/servers/efb3cd31-c298-4063-9418-fc39e60a0c17 0.741s
2025-01-13 05:40:33.347 68185 INFO tempest.lib.common.rest_client [req-a3f2105d-3d09-4db6-ad9f-5fd79dc600f5 req-a3f2105d-3d09-4db6-ad9f-5fd79dc600f5 ] Request (MigrationsAdminTest:test_list_migrations_in_flavor_resize_situation): 200 GET http://10.180.1.21/compute/v2.1/servers/6f5d3e70-e4fe-43a6-9de4-daa23c9d3ee6 1.108s
2025-01-13 05:40:33.370 68137 INFO tempest.lib.common.rest_client [req-6d3dad28-db65-4a7e-aeef-a85ea418bc3a req-6d3dad28-db65-4a7e-aeef-a85ea418bc3a ] Request (ServicesAdminNegativeTestJSON:test_get_service_with_valid_service_and_invalid_host): 200 GET http://10.180.1.21/compute/v2.1/os-services 0.872s
2025-01-13 05:40:33.391 68165 INFO tempest.lib.common.rest_client [req-49e7d2dd-9d72-4e13-a843-3c7007e81d14 req-49e7d2dd-9d72-4e13-a843-3c7007e81d14 ] Request (ServersTestFqdnHostnames:test_create_server_with_fqdn_name): 200 GET http://10.180.1.21/compute/v2.1/servers/f2c7f8cb-3da0-45b3-ba7d-67307196e534 0.944s
2025-01-13 05:40:33.398 68165 INFO tempest.common.waiters [-] State transition "BUILD/block_device_mapping" ==> "BUILD/spawning" after 27 second wait
2025-01-13 05:40:33.422 68135 INFO tempest.lib.common.rest_client [req-74dc4786-5fb5-4508-8e2f-8b79673c93ce req-74dc4786-5fb5-4508-8e2f-8b79673c93ce ] Request (ListImagesTestJSON:tearDownClass): 200 GET http://10.180.1.21:9696/networking/v2.0/security-groups?tenant_id=e1cefb8c7c3a4f229e43f8cc06b17e91&name=default 0.531s
2025-01-13 05:40:33.423 68183 INFO tempest.lib.common.rest_client [req-74a55f36-4e39-44ca-a0d7-bc98dfbe1ec4 req-74a55f36-4e39-44ca-a0d7-bc98dfbe1ec4 ] Request (AggregatesAdminNegativeTestJSON:_run_cleanups): 200 DELETE http://10.180.1.21/compute/v2.1/os-aggregates/7 0.877s
2025-01-13 05:40:33.442 68157 INFO tempest.lib.common.rest_client [req-9c4fd915-8ff0-4e50-a47d-4fffd37c6070 req-9c4fd915-8ff0-4e50-a47d-4fffd37c6070 ] Request (ListServersNegativeTestJSON:setUpClass): 200 GET http://10.180.1.21/compute/v2.1/servers/5911ad6b-f534-426e-aac5-20629a9dd1e1 0.938s
2025-01-13 05:40:33.502 68143 INFO tempest.lib.common.rest_client [req-d4395851-4301-43fe-ad97-fada2ad40d83 req-d4395851-4301-43fe-ad97-fada2ad40d83 ] Request (FlavorsAdminTestJSON:test_is_public_string_variations): 200 GET http://10.180.1.21/compute/v2.1/flavors/detail?is_public=true 0.941s
2025-01-13 05:40:33.596 68181 INFO tempest.lib.common.rest_client [req-58a8af33-fa62-4b08-a076-1bd6e98c9ef8 req-58a8af33-fa62-4b08-a076-1bd6e98c9ef8 ] Request (KeyPairsV210TestJSON:test_admin_manage_keypairs_for_other_users): 201 POST http://10.180.1.21/compute/v2.1/os-keypairs 1.030s
2025-01-13 05:40:33.694 68145 INFO tempest.lib.common.rest_client [req-f8a7225a-010b-40fb-b9c0-6c756eced6e6 req-f8a7225a-010b-40fb-b9c0-6c756eced6e6 ] Request (ServerDiagnosticsTest:tearDownClass): 200 GET http://10.180.1.21/compute/v2.1/servers/2517cede-ec2b-4121-8f26-d1666d5ad1f2 0.940s
2025-01-13 05:40:33.804 68159 INFO tempest.lib.common.rest_client [req-250f425c-43f8-4804-ade5-74a08de04a6c req-250f425c-43f8-4804-ade5-74a08de04a6c ] Request (ServerExternalEventsTest:test_create_server_external_events): 200 GET http://10.180.1.21/compute/v2.1/servers/75a2bcb3-feef-43ae-aa9d-bbf97faae66b 1.029s
2025-01-13 05:40:33.875 68135 INFO tempest.lib.common.rest_client [req-446089f2-b479-4716-94db-67cc55fe602f req-446089f2-b479-4716-94db-67cc55fe602f ] Request (ListImagesTestJSON:tearDownClass): 204 DELETE http://10.180.1.21:9696/networking/v2.0/security-groups/7dcdec55-fefa-4c33-9b22-fc78fb7e8de6 0.452s
2025-01-13 05:40:33.880 68169 INFO tempest.lib.common.rest_client [req-8648af33-5552-4d8c-a9f2-46d866177a5f req-8648af33-5552-4d8c-a9f2-46d866177a5f ] Request (ImagesTestJSON:test_create_image_from_stopped_server): 200 GET http://10.180.1.21/compute/v2.1/servers/fd3a0f54-bce7-4da0-bd0c-2b3fb2a4b20f 1.330s
