2025-01-13 05:41:08.478 68169 INFO tempest.lib.common.rest_client [req-0163ef57-fad4-49de-8e1c-7f186fd37016 req-0163ef57-fad4-49de-8e1c-7f186fd37016 ] Request (ImagesTestJSON:test_create_image_from_suspended_server): 202 POST http://10.180.1.21/compute/v2.1/servers 1.407s
2025-01-13 05:41:08.520 68145 INFO tempest.lib.common.rest_client [req-6fcd81a2-57fb-4092-8ae2-0d0e4ecf2a4d req-6fcd81a2-57fb-4092-8ae2-0d0e4ecf2a4d ] Request (ServerGroupTestJSON:test_create_delete_multiple_server_groups_with_same_name_policy): 204 DELETE http://10.180.1.21/compute/v2.1/os-server-groups/e6300764-0e95-4b87-ab83-fae3a1978400 1.279s
2025-01-13 05:41:08.597 68173 INFO tempest.lib.common.rest_client [req-2aa076cc-3a27-4e8b-bcff-7c6fc3b6cdb9 req-2aa076cc-3a27-4e8b-bcff-7c6fc3b6cdb9 ] Request (ServerDiskConfigTestJSON:test_rebuild_server_with_auto_disk_config): 200 GET http://10.180.1.21/compute/v2.1/servers/3df0186d-bf68-4764-aaf3-5f0289d89809 1.344s
2025-01-13 05:41:08.632 68163 WARNING tempest.lib.common.ssh [-] Failed to establish authenticated ssh connection to cirros@10.180.180.198 ([Errno None] Unable to connect to port 22 on 10.180.180.198). Number attempts: 5. Retry after 6 seconds.: paramiko.ssh_exception.NoValidConnectionsError: [Errno None] Unable to connect to port 22 on 10.180.180.198
2025-01-13 05:41:08.653 68181 INFO tempest.lib.common.rest_client [req-cf4a4437-2136-46a1-9ffa-a8119b984e16 req-cf4a4437-2136-46a1-9ffa-a8119b984e16 ] Request (ServerRescueNegativeTestJSON:setUpClass): 200 GET http://10.180.1.21/compute/v2.1/servers/d2d72bbb-85d1-4e43-8598-d91023f82176 1.309s
2025-01-13 05:41:08.698 68183 INFO tempest.lib.common.rest_client [req-9aa9ed93-0b25-49cb-8f78-876c45ac7dd4 req-9aa9ed93-0b25-49cb-8f78-876c45ac7dd4 ] Request (ServerMetadataTestJSON:setUpClass): 200 GET http://10.180.1.21/compute/v2.1/servers/ea73c22f-d49b-4d10-b15d-86423e345b27 1.292s
2025-01-13 05:41:08.748 68157 INFO tempest.lib.common.rest_client [req-39abc7e1-0b68-4d4b-9eef-5ddcbd7d095b req-39abc7e1-0b68-4d4b-9eef-5ddcbd7d095b ] Request (ListServersNegativeTestJSON:setUpClass): 200 GET http://10.180.1.21/compute/v2.1/servers/5911ad6b-f534-426e-aac5-20629a9dd1e1 1.285s
2025-01-13 05:41:08.885 68185 INFO tempest.lib.common.rest_client [req-48938076-f133-433b-b431-306d4e2a9f14 req-48938076-f133-433b-b431-306d4e2a9f14 ] Request (MigrationsAdminTest:test_list_migrations_in_flavor_resize_situation): 200 GET http://10.180.1.21/compute/v2.1/servers/6f5d3e70-e4fe-43a6-9de4-daa23c9d3ee6 1.324s
2025-01-13 05:41:09.068 68147 INFO tempest.lib.common.rest_client [req-72b173bb-261d-4569-8002-613a0cc0b7f9 req-72b173bb-261d-4569-8002-613a0cc0b7f9 ] Request (ServersTestBootFromVolume:setUpClass): 200 GET http://10.180.1.21/compute/v2.1/servers/a043c00b-fda1-425b-ad30-52cbf4143164 1.414s
2025-01-13 05:41:09.077 68147 INFO tempest.common.waiters [-] State transition "BUILD/None" ==> "BUILD/block_device_mapping" after 48 second wait
2025-01-13 05:41:09.095 68151 INFO tempest.lib.common.rest_client [req-50d07300-a94d-470d-86ce-f787cd016757 req-50d07300-a94d-470d-86ce-f787cd016757 ] Request (ServersTestMultiNic:_run_cleanups): 404 GET http://10.180.1.21/compute/v2.1/servers/0c820897-b639-4402-801c-ccdadccc56db 1.352s
2025-01-13 05:41:09.164 68189 INFO tempest.lib.common.rest_client [req-802fee21-8701-4af7-a657-af044aaaa122 req-802fee21-8701-4af7-a657-af044aaaa122 ] Request (VolumesAdminNegativeTest:test_update_attached_volume_with_nonexistent_volume_in_body): 200 GET http://10.180.1.21/compute/v2.1/servers/8a7f3c99-5084-4688-9ed5-1854c2c8733d 1.369s
2025-01-13 05:41:09.230 68135 INFO tempest.lib.common.rest_client [req-6cf67706-6e46-4998-9022-e67187725bda req-6cf67706-6e46-4998-9022-e67187725bda ] Request (SecurityGroupsTestJSON:test_list_security_groups_by_server): 200 GET http://10.180.1.21/compute/v2.1/servers/fefcb0f7-ed25-42e8-9bd1-12d888320d99 1.409s
2025-01-13 05:41:09.235 68155 INFO tempest.lib.common.rest_client [req-e152834c-e8f6-4ace-813f-1d9985b580b5 req-e152834c-e8f6-4ace-813f-1d9985b580b5 ] Request (FloatingIPsAssociationTestJSON:test_associate_disassociate_floating_ip): 202 POST http://10.180.1.21/compute/v2.1/servers/f53dbc3e-445d-4d0a-85a1-70003bd67502/action 2.085s
2025-01-13 05:41:09.296 68137 INFO tempest.lib.common.rest_client [req-3c89c129-b40f-401b-8a42-c983773adee1 req-3c89c129-b40f-401b-8a42-c983773adee1 ] Request (ServersNegativeTestJSON:setUpClass): 200 GET http://10.180.1.21/compute/v2.1/servers/8846de16-a817-4daa-81fc-9567a8dd032e 1.425s
2025-01-13 05:41:09.310 68131 INFO tempest.lib.common.rest_client [req-2bb3863c-0170-403f-8d23-4e009d161589 req-2bb3863c-0170-403f-8d23-4e009d161589 ] Request (DeleteServersAdminTestJSON:test_delete_server_while_in_error_state): 200 GET http://10.180.1.21/compute/v2.1/servers/11099321-fb21-4294-ba8b-45211ba556c6 1.387s
2025-01-13 05:41:09.318 68131 INFO tempest.common.waiters [-] State transition "BUILD/scheduling" ==> "BUILD/None" after 27 second wait
2025-01-13 05:41:09.329 68151 INFO tempest.lib.common.rest_client [req-f90c06fb-c83d-4d68-a0cc-47d29097e4bb req-f90c06fb-c83d-4d68-a0cc-47d29097e4bb ] Request (ServersTestMultiNic:_run_cleanups): 204 DELETE http://10.180.1.21:9696/networking/v2.0/subnets/97f4f15f-9e48-4f51-b73c-0356cf1def13 0.234s
2025-01-13 05:41:09.340 68165 WARNING tempest.lib.common.ssh [-] Failed to establish authenticated ssh connection to cirros@10.180.180.195 ([Errno None] Unable to connect to port 22 on 10.180.180.195). Number attempts: 4. Retry after 5 seconds.: paramiko.ssh_exception.NoValidConnectionsError: [Errno None] Unable to connect to port 22 on 10.180.180.195
2025-01-13 05:41:09.369 68143 INFO tempest.lib.common.rest_client [req-fedbca0e-c809-4b86-89f1-45cd522b9185 req-fedbca0e-c809-4b86-89f1-45cd522b9185 ] Request (ServersTestJSON:setUpClass): 200 GET http://10.180.1.21/compute/v2.1/servers/91bd7be3-04e4-4d69-bcd1-f8d09614c74c 1.424s
2025-01-13 05:41:09.389 68177 INFO tempest.lib.common.rest_client [req-554fd3f6-9664-4400-971e-0605601e8e41 req-554fd3f6-9664-4400-971e-0605601e8e41 ] Request (ImagesNegativeTestJSON:tearDownClass): 404 DELETE http://10.180.1.21/compute/v2.1/servers/cea98a60-727b-4a91-82ab-601a6b018620 1.435s
2025-01-13 05:41:09.432 68167 INFO tempest.lib.common.rest_client [req-81ed4784-d4e1-40a0-814f-659c548147f7 req-81ed4784-d4e1-40a0-814f-659c548147f7 ] Request (ImagesOneServerTestJSON:test_create_image_specify_multibyte_character_image_name): 200 GET http://10.180.1.21/compute/v2.1/images/17c76313-098f-4704-9aa6-e451ace35280 1.458s
2025-01-13 05:41:09.455 68153 INFO tempest.lib.common.rest_client [req-e2eb11ce-834a-4fb5-a7ef-3b36e43d85ee req-e2eb11ce-834a-4fb5-a7ef-3b36e43d85ee ] Request (ServersAdminTestJSON:test_create_server_with_scheduling_hint): 200 GET http://10.180.1.21/compute/v2.1/servers/927f44df-72d2-4985-bfac-161dad9285a6 1.513s
2025-01-13 05:41:09.486 68141 INFO tempest.lib.common.rest_client [req-6f74202d-33f3-4079-b293-425e6f8360db req-6f74202d-33f3-4079-b293-425e6f8360db ] Request (ServersTestManualDisk:setUpClass): 200 GET http://10.180.1.21/compute/v2.1/servers/f3bd2773-91d8-4750-bb3d-f5d1fca44a0d 1.418s
2025-01-13 05:41:09.524 68187 INFO tempest.lib.common.rest_client [req-cc9cf70f-3a19-4e5e-9b1b-e92cf11ba29d req-cc9cf70f-3a19-4e5e-9b1b-e92cf11ba29d ] Request (ImagesOneServerNegativeTestJSON:setUpClass): 200 GET http://10.180.1.21/compute/v2.1/servers/51cd82ee-351e-43ce-bc26-3992e1e7d476 1.450s
2025-01-13 05:41:09.586 68169 INFO tempest.lib.common.rest_client [req-57a74484-61e1-45d2-97fc-0416b32023e0 req-57a74484-61e1-45d2-97fc-0416b32023e0 ] Request (ImagesTestJSON:test_create_image_from_suspended_server): 200 GET http://10.180.1.21/compute/v2.1/servers/9da187eb-e1c5-4b73-aba8-ff21f572cc79 1.106s
2025-01-13 05:41:09.597 68145 INFO tempest.lib.common.rest_client [req-96005a14-d66f-4feb-a542-332568ff9610 req-96005a14-d66f-4feb-a542-332568ff9610 ] Request (ServerGroupTestJSON:test_create_delete_multiple_server_groups_with_same_name_policy): 200 GET http://10.180.1.21/compute/v2.1/os-server-groups 1.076s
2025-01-13 05:41:09.614 68133 INFO tempest.lib.common.rest_client [req-5c858d76-2d42-4e2a-a692-cea83dbeab99 req-5c858d76-2d42-4e2a-a692-cea83dbeab99 ] Request (AttachInterfacesUnderV243Test:test_add_remove_fixed_ip): 200 GET http://10.180.1.21/compute/v2.1/servers/269daec6-64d9-4885-be21-784f7a4be7a7 1.217s
2025-01-13 05:41:09.681 68151 INFO tempest.lib.common.rest_client [req-1b27eda6-c5c8-49e6-8056-4adc91c2548b req-1b27eda6-c5c8-49e6-8056-4adc91c2548b ] Request (ServersTestMultiNic:_run_cleanups): 204 DELETE http://10.180.1.21:9696/networking/v2.0/networks/5ed32c6d-8b4d-4f01-8736-5b985cd72a8a 0.351s
2025-01-13 05:41:09.710 68159 INFO tempest.lib.common.rest_client [req-97f86190-cc9e-4ce8-b03e-177456bd10ec req-97f86190-cc9e-4ce8-b03e-177456bd10ec ] Request (ServerExternalEventsTest:tearDownClass): 200 GET http://10.180.1.21/compute/v2.1/servers/75a2bcb3-feef-43ae-aa9d-bbf97faae66b 0.654s
2025-01-13 05:41:09.731 68177 INFO tempest.lib.common.rest_client [req-20bed317-3843-425a-a0b7-972198e02e74 req-20bed317-3843-425a-a0b7-972198e02e74 ] Request (ImagesNegativeTestJSON:tearDownClass): 404 GET http://10.180.1.21/compute/v2.1/servers/cea98a60-727b-4a91-82ab-601a6b018620 0.342s
2025-01-13 05:41:09.775 68167 INFO tempest.lib.common.rest_client [req-d3aeb032-4d0c-4950-9536-4b29eba4ae6f req-d3aeb032-4d0c-4950-9536-4b29eba4ae6f ] Request (ImagesOneServerTestJSON:test_create_image_specify_multibyte_character_image_name): 200 GET http://10.180.1.21/compute/v2.1/images/17c76313-098f-4704-9aa6-e451ace35280 0.339s
2025-01-13 05:41:09.795 68145 INFO tempest.lib.common.rest_client [req-eb60db6f-dce1-4ca8-a4d6-aa10177e9f84 req-eb60db6f-dce1-4ca8-a4d6-aa10177e9f84 ] Request (ServerGroupTestJSON:test_create_delete_multiple_server_groups_with_same_name_policy): 204 DELETE http://10.180.1.21/compute/v2.1/os-server-groups/a82559b9-af37-476b-954c-e980c182531f 0.196s
2025-01-13 05:41:09.813 68155 INFO tempest.lib.common.rest_client [req-be90b607-4443-4b53-a7a3-c67183d1413e req-be90b607-4443-4b53-a7a3-c67183d1413e ] Request (FloatingIPsAssociationTestJSON:test_associate_disassociate_floating_ip): 200 GET http://10.180.1.21/compute/v2.1/os-floating-ips/dd5755a7-554e-4289-86a8-cc66f98960f2 0.577s
2025-01-13 05:41:09.848 68173 INFO tempest.lib.common.rest_client [req-2de924a9-c76d-4e22-858f-4e8a6ca3b50c req-2de924a9-c76d-4e22-858f-4e8a6ca3b50c ] Request (ServerDiskConfigTestJSON:test_rebuild_server_with_auto_disk_config): 200 GET http://10.180.1.21/compute/v2.1/servers/3df0186d-bf68-4764-aaf3-5f0289d89809 0.243s
2025-01-13 05:41:09.880 68181 INFO tempest.lib.common.rest_client [req-a63cdc85-7de5-47c2-9877-b6663ee74ca1 req-a63cdc85-7de5-47c2-9877-b6663ee74ca1 ] Request (ServerRescueNegativeTestJSON:setUpClass): 200 GET http://10.180.1.21/compute/v2.1/servers/d2d72bbb-85d1-4e43-8598-d91023f82176 0.219s
2025-01-13 05:41:09.907 68183 INFO tempest.lib.common.rest_client [req-b9e36e00-c289-4930-9b41-a701959b8209 req-b9e36e00-c289-4930-9b41-a701959b8209 ] Request (ServerMetadataTestJSON:setUpClass): 200 GET http://10.180.1.21/compute/v2.1/servers/ea73c22f-d49b-4d10-b15d-86423e345b27 0.199s
2025-01-13 05:41:09.912 68151 INFO tempest.lib.common.rest_client [req-d1672267-a1f7-4c2a-a955-3ece07dedca8 req-d1672267-a1f7-4c2a-a955-3ece07dedca8 ] Request (ServersTestMultiNic:_run_cleanups): 204 DELETE http://10.180.1.21:9696/networking/v2.0/subnets/9f61c071-831b-402c-907f-533df9757ff5 0.231s
2025-01-13 05:41:09.953 68157 INFO tempest.lib.common.rest_client [req-a03731cf-32dd-49aa-951c-e5562e86a799 req-a03731cf-32dd-49aa-951c-e5562e86a799 ] Request (ListServersNegativeTestJSON:setUpClass): 200 GET http://10.180.1.21/compute/v2.1/servers/5911ad6b-f534-426e-aac5-20629a9dd1e1 0.194s
2025-01-13 05:41:09.968 68145 INFO tempest.lib.common.rest_client [req-439c00d4-af26-48fb-afdc-b2ca18745d32 req-439c00d4-af26-48fb-afdc-b2ca18745d32 ] Request (ServerGroupTestJSON:test_create_delete_multiple_server_groups_with_same_name_policy): 200 GET http://10.180.1.21/compute/v2.1/os-server-groups 0.173s
2025-01-13 05:41:10.181 68167 INFO tempest.lib.common.rest_client [req-7baeedbd-4bbb-4aca-9093-efcddb31f9c5 req-7baeedbd-4bbb-4aca-9093-efcddb31f9c5 ] Request (ImagesOneServerTestJSON:test_create_image_specify_multibyte_character_image_name): 200 GET http://10.180.1.21/compute/v2.1/servers/296569e8-7780-40f1-9edd-a7515f33c44b 0.401s
2025-01-13 05:41:10.387 68185 INFO tempest.lib.common.rest_client [req-8b77cd90-2db7-4884-9144-795beb15ca7d req-8b77cd90-2db7-4884-9144-795beb15ca7d ] Request (MigrationsAdminTest:test_list_migrations_in_flavor_resize_situation): 200 GET http://10.180.1.21/compute/v2.1/servers/6f5d3e70-e4fe-43a6-9de4-daa23c9d3ee6 0.491s
2025-01-13 05:41:10.450 68145 INFO tempest.lib.common.rest_client [req-8f5d334b-77f6-42cc-a038-416256bccbe8 req-8f5d334b-77f6-42cc-a038-416256bccbe8 ] Request (ServerGroupTestJSON:test_create_delete_server_group_with_affinity_policy): 200 POST http://10.180.1.21/compute/v2.1/os-server-groups 0.478s
2025-01-13 05:41:10.555 68151 INFO tempest.lib.common.rest_client [req-326fe089-f197-45c8-aeea-d38cee6948cd req-326fe089-f197-45c8-aeea-d38cee6948cd ] Request (ServersTestMultiNic:_run_cleanups): 204 DELETE http://10.180.1.21:9696/networking/v2.0/networks/da11feed-3d42-4ebb-8118-37c8defb40d2 0.642s
2025-01-13 05:41:10.618 68147 INFO tempest.lib.common.rest_client [req-4f16daaa-6840-497c-9e44-c6b102735cbb req-4f16daaa-6840-497c-9e44-c6b102735cbb ] Request (ServersTestBootFromVolume:setUpClass): 200 GET http://10.180.1.21/compute/v2.1/servers/a043c00b-fda1-425b-ad30-52cbf4143164 0.539s
2025-01-13 05:41:10.630 68147 INFO tempest.common.waiters [-] State transition "BUILD/block_device_mapping" ==> "BUILD/spawning" after 49 second wait
2025-01-13 05:41:10.685 68189 INFO tempest.lib.common.rest_client [req-8a0caff8-941e-43d7-99f8-3c565e023e09 req-8a0caff8-941e-43d7-99f8-3c565e023e09 ] Request (VolumesAdminNegativeTest:test_update_attached_volume_with_nonexistent_volume_in_body): 200 GET http://10.180.1.21/compute/v2.1/servers/8a7f3c99-5084-4688-9ed5-1854c2c8733d 0.512s
2025-01-13 05:41:10.737 68135 INFO tempest.lib.common.rest_client [req-39fc0d3e-ae7c-4383-a480-6aa90b930359 req-39fc0d3e-ae7c-4383-a480-6aa90b930359 ] Request (SecurityGroupsTestJSON:test_list_security_groups_by_server): 200 GET http://10.180.1.21/compute/v2.1/servers/fefcb0f7-ed25-42e8-9bd1-12d888320d99 0.497s
2025-01-13 05:41:10.785 68137 INFO tempest.lib.common.rest_client [req-f8a38255-616b-4665-a241-d4455775ed05 req-f8a38255-616b-4665-a241-d4455775ed05 ] Request (ServersNegativeTestJSON:setUpClass): 200 GET http://10.180.1.21/compute/v2.1/servers/8846de16-a817-4daa-81fc-9567a8dd032e 0.474s
2025-01-13 05:41:10.840 68131 INFO tempest.lib.common.rest_client [req-bdbc8d2c-327b-4777-bab0-ae6a4f7ebaf4 req-bdbc8d2c-327b-4777-bab0-ae6a4f7ebaf4 ] Request (DeleteServersAdminTestJSON:test_delete_server_while_in_error_state): 200 GET http://10.180.1.21/compute/v2.1/servers/11099321-fb21-4294-ba8b-45211ba556c6 0.518s
2025-01-13 05:41:10.908 68143 INFO tempest.lib.common.rest_client [req-45f017ce-56ee-4ebc-9452-9e73bea38403 req-45f017ce-56ee-4ebc-9452-9e73bea38403 ] Request (ServersTestJSON:setUpClass): 200 GET http://10.180.1.21/compute/v2.1/servers/91bd7be3-04e4-4d69-bcd1-f8d09614c74c 0.527s
2025-01-13 05:41:10.909 68151 INFO tempest.lib.common.rest_client [req-591b6796-b37f-4399-8d61-4b8da150df5f req-591b6796-b37f-4399-8d61-4b8da150df5f ] Request (ServersTestMultiNic:test_verify_multiple_nics_order): 201 POST http://10.180.1.21:9696/networking/v2.0/networks 0.349s
2025-01-13 05:41:10.931 68145 INFO tempest.lib.common.rest_client [req-7cb6c416-8535-4378-b1e9-6953f6530785 req-7cb6c416-8535-4378-b1e9-6953f6530785 ] Request (ServerGroupTestJSON:test_create_delete_server_group_with_affinity_policy): 204 DELETE http://10.180.1.21/compute/v2.1/os-server-groups/3b954328-7192-4fb5-afd9-e3a5a91b3643 0.479s
2025-01-13 05:41:11.062 68153 INFO tempest.lib.common.rest_client [req-ba16a41d-4925-4111-b0a6-c2fd065e6228 req-ba16a41d-4925-4111-b0a6-c2fd065e6228 ] Request (ServersAdminTestJSON:test_create_server_with_scheduling_hint): 200 GET http://10.180.1.21/compute/v2.1/servers/927f44df-72d2-4985-bfac-161dad9285a6 0.598s
2025-01-13 05:41:11.138 68141 INFO tempest.lib.common.rest_client [req-a0676cda-d0be-4c0f-8e62-ef6cae396bd4 req-a0676cda-d0be-4c0f-8e62-ef6cae396bd4 ] Request (ServersTestManualDisk:setUpClass): 200 GET http://10.180.1.21/compute/v2.1/servers/f3bd2773-91d8-4750-bb3d-f5d1fca44a0d 0.644s
2025-01-13 05:41:11.198 68187 INFO tempest.lib.common.rest_client [req-fad860f2-f5d9-4473-beba-d5463344a786 req-fad860f2-f5d9-4473-beba-d5463344a786 ] Request (ImagesOneServerNegativeTestJSON:setUpClass): 200 GET http://10.180.1.21/compute/v2.1/servers/51cd82ee-351e-43ce-bc26-3992e1e7d476 0.664s
2025-01-13 05:41:11.253 68169 INFO tempest.lib.common.rest_client [req-b9feff31-f7fc-4124-a3fa-0fe8224cf94f req-b9feff31-f7fc-4124-a3fa-0fe8224cf94f ] Request (ImagesTestJSON:test_create_image_from_suspended_server): 200 GET http://10.180.1.21/compute/v2.1/servers/9da187eb-e1c5-4b73-aba8-ff21f572cc79 0.656s
2025-01-13 05:41:11.268 68151 INFO tempest.lib.common.rest_client [req-9cc8922d-136b-4749-a195-19c7526562ee req-9cc8922d-136b-4749-a195-19c7526562ee ] Request (ServersTestMultiNic:test_verify_multiple_nics_order): 201 POST http://10.180.1.21:9696/networking/v2.0/subnets 0.359s
2025-01-13 05:41:11.328 68127 WARNING tempest.lib.common.ssh [-] Failed to establish authenticated ssh connection to cirros@10.180.180.156 ([Errno None] Unable to connect to port 22 on 10.180.180.156). Number attempts: 1. Retry after 2 seconds.: paramiko.ssh_exception.NoValidConnectionsError: [Errno None] Unable to connect to port 22 on 10.180.180.156
2025-01-13 05:41:11.373 68177 INFO tempest.lib.common.rest_client [req-5e15d0ba-86b6-406c-abaf-915d160be971 req-5e15d0ba-86b6-406c-abaf-915d160be971 ] Request (ImagesNegativeTestJSON:tearDownClass): 200 PUT http://10.180.1.21:9696/networking/v2.0/routers/b2ac754f-f44f-4a91-affc-11e79389a66a/remove_router_interface 1.641s
2025-01-13 05:41:11.445 68133 INFO tempest.lib.common.rest_client [req-9a51ef4f-88a6-49a7-9e12-22e712dd8216 req-9a51ef4f-88a6-49a7-9e12-22e712dd8216 ] Request (AttachInterfacesUnderV243Test:test_add_remove_fixed_ip): 200 GET http://10.180.1.21/compute/v2.1/servers/269daec6-64d9-4885-be21-784f7a4be7a7 0.819s
2025-01-13 05:41:11.449 68151 INFO tempest.lib.common.rest_client [req-941aa9c0-c30a-41af-8ee9-011342ece241 req-941aa9c0-c30a-41af-8ee9-011342ece241 ] Request (ServersTestMultiNic:test_verify_multiple_nics_order): 201 POST http://10.180.1.21:9696/networking/v2.0/networks 0.180s
2025-01-13 05:41:11.522 68159 INFO tempest.lib.common.rest_client [req-7cd243b9-a1cb-44ca-8bd1-d04040aff67a req-7cd243b9-a1cb-44ca-8bd1-d04040aff67a ] Request (ServerExternalEventsTest:tearDownClass): 200 GET http://10.180.1.21/compute/v2.1/servers/75a2bcb3-feef-43ae-aa9d-bbf97faae66b 0.803s
2025-01-13 05:41:11.598 68173 INFO tempest.lib.common.rest_client [req-af061c0e-51c9-4bcc-80d1-92ec309f1aec req-af061c0e-51c9-4bcc-80d1-92ec309f1aec ] Request (ServerDiskConfigTestJSON:test_rebuild_server_with_auto_disk_config): 200 GET http://10.180.1.21/compute/v2.1/servers/3df0186d-bf68-4764-aaf3-5f0289d89809 0.739s
2025-01-13 05:41:11.599 68155 INFO tempest.lib.common.rest_client [req-f88059c5-0e1b-4adb-bcf1-d63efc1626af req-f88059c5-0e1b-4adb-bcf1-d63efc1626af ] Request (FloatingIPsAssociationTestJSON:test_associate_disassociate_floating_ip): 202 POST http://10.180.1.21/compute/v2.1/servers/f53dbc3e-445d-4d0a-85a1-70003bd67502/action 1.784s
2025-01-13 05:41:11.670 68183 INFO tempest.lib.common.rest_client [req-955d7a1c-7e2d-4cfe-82ad-16c5cfc2a761 req-955d7a1c-7e2d-4cfe-82ad-16c5cfc2a761 ] Request (ServerMetadataTestJSON:setUpClass): 200 GET http://10.180.1.21/compute/v2.1/servers/ea73c22f-d49b-4d10-b15d-86423e345b27 0.754s
2025-01-13 05:41:11.677 68181 INFO tempest.lib.common.rest_client [req-2c7060ed-c488-453b-a6e9-a96d14b297e3 req-2c7060ed-c488-453b-a6e9-a96d14b297e3 ] Request (ServerRescueNegativeTestJSON:setUpClass): 200 GET http://10.180.1.21/compute/v2.1/servers/d2d72bbb-85d1-4e43-8598-d91023f82176 0.788s
2025-01-13 05:41:11.686 68145 INFO tempest.lib.common.rest_client [req-09dab55a-29ed-4533-b314-b5b86a5758e7 req-09dab55a-29ed-4533-b314-b5b86a5758e7 ] Request (ServerGroupTestJSON:test_create_delete_server_group_with_affinity_policy): 200 GET http://10.180.1.21/compute/v2.1/os-server-groups 0.754s
2025-01-13 05:41:11.714 68151 INFO tempest.lib.common.rest_client [req-43e07253-662c-46db-843a-622af4c14bfe req-43e07253-662c-46db-843a-622af4c14bfe ] Request (ServersTestMultiNic:test_verify_multiple_nics_order): 201 POST http://10.180.1.21:9696/networking/v2.0/subnets 0.264s
2025-01-13 05:41:11.760 68157 INFO tempest.lib.common.rest_client [req-b5126f0e-1425-44ed-9001-50c5c04b45e7 req-b5126f0e-1425-44ed-9001-50c5c04b45e7 ] Request (ListServersNegativeTestJSON:setUpClass): 200 GET http://10.180.1.21/compute/v2.1/servers/5911ad6b-f534-426e-aac5-20629a9dd1e1 0.799s
2025-01-13 05:41:11.825 68167 INFO tempest.lib.common.rest_client [req-dd021afb-f252-41a2-b4f5-0c5226ab8d11 req-dd021afb-f252-41a2-b4f5-0c5226ab8d11 ] Request (ImagesOneServerTestJSON:test_create_image_specify_multibyte_character_image_name): 200 GET http://10.180.1.21/compute/v2.1/servers/296569e8-7780-40f1-9edd-a7515f33c44b 0.633s
2025-01-13 05:41:11.827 68151 INFO tempest.lib.common.rest_client [req-2b1c16e5-8bf5-4172-958a-a8d229b903b7 req-2b1c16e5-8bf5-4172-958a-a8d229b903b7 ] Request (ServersTestMultiNic:test_verify_multiple_nics_order): 201 POST http://10.180.1.21/identity/v3/auth/tokens 0.110s
2025-01-13 05:41:11.828 68151 INFO tempest.lib.common.fixed_network [-] (ServersTestMultiNic:test_verify_multiple_nics_order) Found network {'id': '3767d131-082f-4602-ada9-e759a0ae0c04', 'name': 'tempest-ServersTestMultiNic-2010031308-network', 'tenant_id': 'dd78bb2f8eb44c0185f1f444309ede11', 'admin_state_up': True, 'mtu': 8950, 'status': 'ACTIVE', 'subnets': [], 'shared': False, 'project_id': 'dd78bb2f8eb44c0185f1f444309ede11', 'port_security_enabled': True, 'router:external': False, 'provider:network_type': 'vlan', 'provider:physical_network': 'default', 'provider:segmentation_id': 528, 'availability_zone_hints': [], 'availability_zones': [], 'ipv4_address_scope': None, 'ipv6_address_scope': None, 'description': '', 'tags': [], 'created_at': '2025-01-13T05:39:40Z', 'updated_at': '2025-01-13T05:39:40Z', 'revision_number': 1} available for tenant
2025-01-13 05:41:11.833 68167 INFO tempest.common.waiters [-] State transition "ACTIVE/image_uploading" ==> "ACTIVE/None" after 1 second wait
2025-01-13 05:41:11.913 68155 INFO tempest.lib.common.rest_client [req-ea1b0e1d-dfb2-4616-96c6-78719cd0b4ad req-ea1b0e1d-dfb2-4616-96c6-78719cd0b4ad ] Request (FloatingIPsAssociationTestJSON:tearDownClass): 204 DELETE http://10.180.1.21/compute/v2.1/servers/2ea11da2-39bb-4c31-85c0-dd4f48bb793c 0.312s
2025-01-13 05:41:11.976 68185 INFO tempest.lib.common.rest_client [req-3bc11147-c242-4b51-a74b-631f8b15c7fd req-3bc11147-c242-4b51-a74b-631f8b15c7fd ] Request (MigrationsAdminTest:test_list_migrations_in_flavor_resize_situation): 200 GET http://10.180.1.21/compute/v2.1/servers/6f5d3e70-e4fe-43a6-9de4-daa23c9d3ee6 0.576s
2025-01-13 05:41:11.983 68177 INFO tempest.lib.common.rest_client [req-1f535fda-c69f-4158-9968-169b718bc539 req-1f535fda-c69f-4158-9968-169b718bc539 ] Request (ImagesNegativeTestJSON:tearDownClass): 204 DELETE http://10.180.1.21:9696/networking/v2.0/routers/b2ac754f-f44f-4a91-affc-11e79389a66a 0.609s
2025-01-13 05:41:12.039 68147 INFO tempest.lib.common.rest_client [req-ce2f7bb9-d75f-40ec-a45e-2365f1533a40 req-ce2f7bb9-d75f-40ec-a45e-2365f1533a40 ] Request (ServersTestBootFromVolume:setUpClass): 200 GET http://10.180.1.21/compute/v2.1/servers/a043c00b-fda1-425b-ad30-52cbf4143164 0.408s
2025-01-13 05:41:12.094 68145 INFO tempest.lib.common.rest_client [req-9247b0a7-d335-4c2d-9e3e-4542bf0a8117 req-9247b0a7-d335-4c2d-9e3e-4542bf0a8117 ] Request (ServerGroupTestJSON:test_create_delete_server_group_with_anti_affinity_policy): 200 POST http://10.180.1.21/compute/v2.1/os-server-groups 0.402s
2025-01-13 05:41:12.103 68177 INFO tempest.lib.common.rest_client [req-bf697d91-591d-4548-afaf-d53b5c70d741 req-bf697d91-591d-4548-afaf-d53b5c70d741 ] Request (ImagesNegativeTestJSON:tearDownClass): 204 DELETE http://10.180.1.21:9696/networking/v2.0/subnets/e7ee9b0e-a1ca-45c5-95e6-76e5aca3bf28 0.120s
2025-01-13 05:41:12.105 68189 INFO tempest.lib.common.rest_client [req-99a54e27-8637-4420-a872-f72307cc8ed5 req-99a54e27-8637-4420-a872-f72307cc8ed5 ] Request (VolumesAdminNegativeTest:test_update_attached_volume_with_nonexistent_volume_in_body): 200 GET http://10.180.1.21/compute/v2.1/servers/8a7f3c99-5084-4688-9ed5-1854c2c8733d 0.411s
2025-01-13 05:41:12.146 68135 INFO tempest.lib.common.rest_client [req-b809b1d5-b2dc-42b2-8a7e-495b0b31aa2e req-b809b1d5-b2dc-42b2-8a7e-495b0b31aa2e ] Request (SecurityGroupsTestJSON:test_list_security_groups_by_server): 200 GET http://10.180.1.21/compute/v2.1/servers/fefcb0f7-ed25-42e8-9bd1-12d888320d99 0.394s
2025-01-13 05:41:12.189 68137 INFO tempest.lib.common.rest_client [req-c4fec044-ba47-409d-bc6f-8ec5480978d5 req-c4fec044-ba47-409d-bc6f-8ec5480978d5 ] Request (ServersNegativeTestJSON:setUpClass): 200 GET http://10.180.1.21/compute/v2.1/servers/8846de16-a817-4daa-81fc-9567a8dd032e 0.388s
2025-01-13 05:41:12.293 68167 INFO tempest.lib.common.rest_client [req-84acb135-7920-41cd-9b9e-3c76607531b8 req-84acb135-7920-41cd-9b9e-3c76607531b8 ] Request (ImagesOneServerTestJSON:tearDownClass): 204 DELETE http://10.180.1.21/compute/v2.1/images/17c76313-098f-4704-9aa6-e451ace35280 0.459s
2025-01-13 05:41:12.342 68131 INFO tempest.lib.common.rest_client [req-3869a56e-157a-4e57-84dc-5b946c8af9fe req-3869a56e-157a-4e57-84dc-5b946c8af9fe ] Request (DeleteServersAdminTestJSON:test_delete_server_while_in_error_state): 200 GET http://10.180.1.21/compute/v2.1/servers/11099321-fb21-4294-ba8b-45211ba556c6 0.491s
2025-01-13 05:41:12.403 68155 INFO tempest.lib.common.rest_client [req-070643f7-4787-4373-bf47-1b72794a2537 req-070643f7-4787-4373-bf47-1b72794a2537 ] Request (FloatingIPsAssociationTestJSON:tearDownClass): 200 GET http://10.180.1.21/compute/v2.1/servers/2ea11da2-39bb-4c31-85c0-dd4f48bb793c 0.489s
2025-01-13 05:41:12.455 68143 INFO tempest.lib.common.rest_client [req-dacd6ee5-e092-4a61-aae0-20724051a3cc req-dacd6ee5-e092-4a61-aae0-20724051a3cc ] Request (ServersTestJSON:setUpClass): 200 GET http://10.180.1.21/compute/v2.1/servers/91bd7be3-04e4-4d69-bcd1-f8d09614c74c 0.537s
2025-01-13 05:41:12.621 68177 INFO tempest.lib.common.rest_client [req-e1f44571-5c46-407d-a1c0-dbf147daa51b req-e1f44571-5c46-407d-a1c0-dbf147daa51b ] Request (ImagesNegativeTestJSON:tearDownClass): 204 DELETE http://10.180.1.21:9696/networking/v2.0/networks/f2b94631-5ae4-4f8b-9d63-5c072886ecc3 0.518s
2025-01-13 05:41:12.727 68139 WARNING tempest.lib.common.ssh [-] Failed to establish authenticated ssh connection to cirros@10.180.180.167 ([Errno None] Unable to connect to port 22 on 10.180.180.167). Number attempts: 4. Retry after 5 seconds.: paramiko.ssh_exception.NoValidConnectionsError: [Errno None] Unable to connect to port 22 on 10.180.180.167
2025-01-13 05:41:12.750 68177 INFO tempest.lib.common.rest_client [req-a5c35494-f021-420e-aac8-256014084863 req-a5c35494-f021-420e-aac8-256014084863 ] Request (ImagesNegativeTestJSON:tearDownClass): 204 DELETE http://10.180.1.21/identity/v3/users/0046d227a7a74e0989eeea0d32982008 0.128s
2025-01-13 05:41:12.750 68177 INFO tempest.lib.common.dynamic_creds [-] Deleting project and security group for project: b9965fe938774da592ae66f73772dcbd
2025-01-13 05:41:12.807 68177 INFO tempest.lib.common.rest_client [req-8b49b6b6-9ecb-4f44-8c63-6474cc8694dc req-8b49b6b6-9ecb-4f44-8c63-6474cc8694dc ] Request (ImagesNegativeTestJSON:tearDownClass): 200 GET http://10.180.1.21:9696/networking/v2.0/security-groups?tenant_id=b9965fe938774da592ae66f73772dcbd&name=default 0.056s
2025-01-13 05:41:12.820 68153 INFO tempest.lib.common.rest_client [req-73af0913-6f5f-4376-ac89-44c34d2892dd req-73af0913-6f5f-4376-ac89-44c34d2892dd ] Request (ServersAdminTestJSON:test_create_server_with_scheduling_hint): 200 GET http://10.180.1.21/compute/v2.1/servers/927f44df-72d2-4985-bfac-161dad9285a6 0.746s
2025-01-13 05:41:12.844 68145 INFO tempest.lib.common.rest_client [req-c9421ac3-99f3-43cc-b3e1-e360e259525e req-c9421ac3-99f3-43cc-b3e1-e360e259525e ] Request (ServerGroupTestJSON:test_create_delete_server_group_with_anti_affinity_policy): 204 DELETE http://10.180.1.21/compute/v2.1/os-server-groups/34f3cc9d-44ce-4ddb-ae0b-ecefe216ff28 0.749s
2025-01-13 05:41:12.896 68151 INFO tempest.lib.common.rest_client [req-1f1ca546-67a8-48fc-9aae-8253283a6f65 req-1f1ca546-67a8-48fc-9aae-8253283a6f65 ] Request (ServersTestMultiNic:test_verify_multiple_nics_order): 202 POST http://10.180.1.21/compute/v2.1/servers 1.067s
2025-01-13 05:41:12.909 68141 INFO tempest.lib.common.rest_client [req-c2e8e6dd-7074-4ad3-ae36-80839983fc72 req-c2e8e6dd-7074-4ad3-ae36-80839983fc72 ] Request (ServersTestManualDisk:setUpClass): 200 GET http://10.180.1.21/compute/v2.1/servers/f3bd2773-91d8-4750-bb3d-f5d1fca44a0d 0.760s
2025-01-13 05:41:12.966 68177 INFO tempest.lib.common.rest_client [req-07dbeb24-e3ba-4e98-b9a1-013cb3d30a00 req-07dbeb24-e3ba-4e98-b9a1-013cb3d30a00 ] Request (ImagesNegativeTestJSON:tearDownClass): 204 DELETE http://10.180.1.21:9696/networking/v2.0/security-groups/7c819e11-e15d-4ee3-bf4f-b7ce40692935 0.159s
2025-01-13 05:41:12.967 68169 INFO tempest.lib.common.rest_client [req-5999c094-573f-42fd-8c40-18f1ad457f25 req-5999c094-573f-42fd-8c40-18f1ad457f25 ] Request (ImagesTestJSON:test_create_image_from_suspended_server): 200 GET http://10.180.1.21/compute/v2.1/servers/9da187eb-e1c5-4b73-aba8-ff21f572cc79 0.704s
2025-01-13 05:41:12.967 68187 INFO tempest.lib.common.rest_client [req-4eceb9cc-188c-4296-867d-36c56b98a6a9 req-4eceb9cc-188c-4296-867d-36c56b98a6a9 ] Request (ImagesOneServerNegativeTestJSON:setUpClass): 200 GET http://10.180.1.21/compute/v2.1/servers/51cd82ee-351e-43ce-bc26-3992e1e7d476 0.760s
2025-01-13 05:41:12.990 68167 INFO tempest.lib.common.rest_client [req-bc3ae323-28c1-4219-8608-ff53de9d25a2 req-bc3ae323-28c1-4219-8608-ff53de9d25a2 ] Request (ImagesOneServerTestJSON:tearDownClass): 404 DELETE http://10.180.1.21/compute/v2.1/images/55bf13f8-40ed-426a-8a8b-b22a4e12436b 0.696s
2025-01-13 05:41:13.063 68159 INFO tempest.lib.common.rest_client [req-5785b027-f07b-4a0f-9639-ed5bd5da6a52 req-5785b027-f07b-4a0f-9639-ed5bd5da6a52 ] Request (ServerExternalEventsTest:tearDownClass): 200 GET http://10.180.1.21/compute/v2.1/servers/75a2bcb3-feef-43ae-aa9d-bbf97faae66b 0.530s
2025-01-13 05:41:13.092 68177 INFO tempest.lib.common.rest_client [req-7f1d0f96-f272-4b23-a75c-d08ccbad8096 req-7f1d0f96-f272-4b23-a75c-d08ccbad8096 ] Request (ImagesNegativeTestJSON:tearDownClass): 204 DELETE http://10.180.1.21/identity/v3/projects/b9965fe938774da592ae66f73772dcbd 0.126s
2025-01-13 05:41:13.110 68133 INFO tempest.lib.common.rest_client [req-d7442f1c-9a4e-4615-a5ba-7b73827f0ca4 req-d7442f1c-9a4e-4615-a5ba-7b73827f0ca4 ] Request (AttachInterfacesUnderV243Test:test_add_remove_fixed_ip): 200 GET http://10.180.1.21/compute/v2.1/servers/269daec6-64d9-4885-be21-784f7a4be7a7 0.650s
2025-01-13 05:41:13.133 68173 INFO tempest.lib.common.rest_client [req-600d4843-d545-4522-99bf-881e7953d9f5 req-600d4843-d545-4522-99bf-881e7953d9f5 ] Request (ServerDiskConfigTestJSON:test_rebuild_server_with_auto_disk_config): 200 GET http://10.180.1.21/compute/v2.1/servers/3df0186d-bf68-4764-aaf3-5f0289d89809 0.528s
2025-01-13 05:41:13.160 68183 INFO tempest.lib.common.rest_client [req-7efea615-0267-42dc-84c7-1c318dee2adb req-7efea615-0267-42dc-84c7-1c318dee2adb ] Request (ServerMetadataTestJSON:setUpClass): 200 GET http://10.180.1.21/compute/v2.1/servers/ea73c22f-d49b-4d10-b15d-86423e345b27 0.475s
2025-01-13 05:41:13.170 68177 INFO tempest.lib.common.rest_client [req-46d4e836-36ed-4966-bf39-edb121e23985 req-46d4e836-36ed-4966-bf39-edb121e23985 ] Request (InstanceActionsNegativeTestJSON:setUpClass): 201 POST http://10.180.1.21/identity/v3/auth/tokens 0.075s
2025-01-13 05:41:13.194 68181 INFO tempest.lib.common.rest_client [req-03e65009-6a65-4f98-9420-75c151242fcd req-03e65009-6a65-4f98-9420-75c151242fcd ] Request (ServerRescueNegativeTestJSON:setUpClass): 200 GET http://10.180.1.21/compute/v2.1/servers/d2d72bbb-85d1-4e43-8598-d91023f82176 0.504s
2025-01-13 05:41:13.205 68145 INFO tempest.lib.common.rest_client [req-7c1079bf-7b63-4e6a-807d-efb46b6e3c43 req-7c1079bf-7b63-4e6a-807d-efb46b6e3c43 ] Request (ServerGroupTestJSON:test_create_delete_server_group_with_anti_affinity_policy): 200 GET http://10.180.1.21/compute/v2.1/os-server-groups 0.360s
2025-01-13 05:41:13.207 68177 INFO tempest.lib.common.rest_client [req-43aaf0b8-b60b-4244-8a0b-4f0ee3617bed req-43aaf0b8-b60b-4244-8a0b-4f0ee3617bed ] Request (InstanceActionsNegativeTestJSON:setUpClass): 201 POST http://10.180.1.21/identity/v3/auth/tokens 0.035s
2025-01-13 05:41:13.232 68157 INFO tempest.lib.common.rest_client [req-b64dc981-951b-4ebd-a806-9c3a3c61dbff req-b64dc981-951b-4ebd-a806-9c3a3c61dbff ] Request (ListServersNegativeTestJSON:setUpClass): 200 GET http://10.180.1.21/compute/v2.1/servers/5911ad6b-f534-426e-aac5-20629a9dd1e1 0.462s
2025-01-13 05:41:13.252 68177 INFO tempest.lib.common.rest_client [req-6ffce85d-db27-4d15-8412-fb6250a48d43 req-6ffce85d-db27-4d15-8412-fb6250a48d43 ] Request (InstanceActionsNegativeTestJSON:setUpClass): 200 GET http://10.180.1.21/identity/v3/domains?name=Default 0.044s
2025-01-13 05:41:13.261 68151 INFO tempest.lib.common.rest_client [req-1d80216a-e6ef-44af-86ea-50263727fced req-1d80216a-e6ef-44af-86ea-50263727fced ] Request (ServersTestMultiNic:test_verify_multiple_nics_order): 200 GET http://10.180.1.21/compute/v2.1/servers/c7b97998-bbde-4262-8000-e6dd261e9005 0.364s
2025-01-13 05:41:13.277 68145 INFO tempest.lib.common.rest_client [req-77e63279-47f0-4a0d-aba0-dd5742a62de2 req-77e63279-47f0-4a0d-aba0-dd5742a62de2 ] Request (ServerGroupTestJSON:test_create_server_with_scheduler_hint_group): 201 POST http://10.180.1.21/identity/v3/auth/tokens 0.063s
2025-01-13 05:41:13.277 68145 INFO tempest.lib.common.fixed_network [-] (ServerGroupTestJSON:test_create_server_with_scheduler_hint_group) Found network {'id': '03cac9b7-1d96-43fd-b832-1bc13d486773', 'name': 'tempest-ServerGroupTestJSON-1887486720-network', 'tenant_id': 'e5892ccf4b5a4615873256b0ead8bc3e', 'admin_state_up': True, 'mtu': 8950, 'status': 'ACTIVE', 'subnets': [], 'shared': False, 'project_id': 'e5892ccf4b5a4615873256b0ead8bc3e', 'port_security_enabled': True, 'router:external': False, 'provider:network_type': 'vlan', 'provider:physical_network': 'default', 'provider:segmentation_id': 53, 'availability_zone_hints': [], 'availability_zones': [], 'ipv4_address_scope': None, 'ipv6_address_scope': None, 'description': '', 'tags': [], 'created_at': '2025-01-13T05:41:01Z', 'updated_at': '2025-01-13T05:41:01Z', 'revision_number': 1} available for tenant
2025-01-13 05:41:13.300 68177 INFO tempest.lib.common.rest_client [req-b1baf45a-7f5e-4a3e-9499-cc6f186e8462 req-b1baf45a-7f5e-4a3e-9499-cc6f186e8462 ] Request (InstanceActionsNegativeTestJSON:setUpClass): 201 POST http://10.180.1.21/identity/v3/projects 0.045s
2025-01-13 05:41:13.341 68167 INFO tempest.lib.common.rest_client [req-08990d93-385c-426e-8104-20e4d880c58b req-08990d93-385c-426e-8104-20e4d880c58b ] Request (ImagesOneServerTestJSON:tearDownClass): 204 DELETE http://10.180.1.21/compute/v2.1/servers/296569e8-7780-40f1-9edd-a7515f33c44b 0.350s
2025-01-13 05:41:13.346 68185 INFO tempest.lib.common.rest_client [req-a693186f-05ff-4def-9648-44ff63a36a4f req-a693186f-05ff-4def-9648-44ff63a36a4f ] Request (MigrationsAdminTest:test_list_migrations_in_flavor_resize_situation): 200 GET http://10.180.1.21/compute/v2.1/servers/6f5d3e70-e4fe-43a6-9de4-daa23c9d3ee6 0.361s
2025-01-13 05:41:13.371 68177 INFO tempest.lib.common.rest_client [req-a317b89c-99ab-4e57-877b-16497f95345b req-a317b89c-99ab-4e57-877b-16497f95345b ] Request (InstanceActionsNegativeTestJSON:setUpClass): 201 POST http://10.180.1.21/identity/v3/users 0.070s
2025-01-13 05:41:13.401 68177 INFO tempest.lib.common.rest_client [req-e25abf17-4141-4edf-bfbf-6472044ec6a9 req-e25abf17-4141-4edf-bfbf-6472044ec6a9 ] Request (InstanceActionsNegativeTestJSON:setUpClass): 200 GET http://10.180.1.21/identity/v3/roles 0.030s
2025-01-13 05:41:13.415 68189 INFO tempest.lib.common.rest_client [req-1154538f-fead-4acd-b7a8-ef3673d00e30 req-1154538f-fead-4acd-b7a8-ef3673d00e30 ] Request (VolumesAdminNegativeTest:test_update_attached_volume_with_nonexistent_volume_in_body): 200 GET http://10.180.1.21/compute/v2.1/servers/8a7f3c99-5084-4688-9ed5-1854c2c8733d 0.299s
2025-01-13 05:41:13.431 68177 INFO tempest.lib.common.rest_client [req-4c0ab281-4f7f-4027-906d-05b27b831b92 req-4c0ab281-4f7f-4027-906d-05b27b831b92 ] Request (InstanceActionsNegativeTestJSON:setUpClass): 204 PUT http://10.180.1.21/identity/v3/projects/8959b0cc682b4e89a6420708414c261f/users/e0d33f32ae3e4bae987378a937c4658a/roles/519ecb4dafc44affacd4905693b0f979 0.030s
2025-01-13 05:41:13.431 68177 INFO tempest.lib.common.dynamic_creds [-] Dynamic test user e0d33f32ae3e4bae987378a937c4658a is created with scope project and roles: ['member']
2025-01-13 05:41:13.432 68177 INFO tempest.lib.common.dynamic_creds [-] Acquired dynamic creds: credentials: Credentials: {'domain_id': 'default', 'domain_name': 'Default', 'username': 'tempest-InstanceActionsNegativeTestJSON-1191138953-project-member', 'project_domain_id': 'default', 'project_domain_name': 'Default', 'project_id': '8959b0cc682b4e89a6420708414c261f', 'project_name': 'tempest-InstanceActionsNegativeTestJSON-1191138953', 'tenant_id': '8959b0cc682b4e89a6420708414c261f', 'tenant_name': 'tempest-InstanceActionsNegativeTestJSON-1191138953', 'user_domain_id': 'default', 'user_domain_name': 'Default', 'user_id': 'e0d33f32ae3e4bae987378a937c4658a', 'system': None}, Network: None, Subnet: None, Router: None
2025-01-13 05:41:13.471 68135 INFO tempest.lib.common.rest_client [req-da43188a-c92d-4985-94b1-5f3f0c5ee54e req-da43188a-c92d-4985-94b1-5f3f0c5ee54e ] Request (SecurityGroupsTestJSON:test_list_security_groups_by_server): 200 GET http://10.180.1.21/compute/v2.1/servers/fefcb0f7-ed25-42e8-9bd1-12d888320d99 0.317s
2025-01-13 05:41:13.478 68147 INFO tempest.lib.common.rest_client [req-efdd87d2-3809-432c-a390-bc57dfad96d7 req-efdd87d2-3809-432c-a390-bc57dfad96d7 ] Request (ServersTestBootFromVolume:setUpClass): 200 GET http://10.180.1.21/compute/v2.1/servers/a043c00b-fda1-425b-ad30-52cbf4143164 0.429s
2025-01-13 05:41:13.496 68177 INFO tempest.lib.common.rest_client [req-b773e10c-fb0b-4720-b792-87eaa14c9288 req-b773e10c-fb0b-4720-b792-87eaa14c9288 ] Request (InstanceActionsNegativeTestJSON:setUpClass): 201 POST http://10.180.1.21/identity/v3/auth/tokens 0.064s
2025-01-13 05:41:13.529 68137 INFO tempest.lib.common.rest_client [req-8aeb98d9-af4a-4396-a9cf-f790907ac0dc req-8aeb98d9-af4a-4396-a9cf-f790907ac0dc ] Request (ServersNegativeTestJSON:setUpClass): 200 GET http://10.180.1.21/compute/v2.1/servers/8846de16-a817-4daa-81fc-9567a8dd032e 0.328s
2025-01-13 05:41:13.666 68167 INFO tempest.lib.common.rest_client [req-e604e640-42cd-4b17-9fbd-35f1f6acc0b8 req-e604e640-42cd-4b17-9fbd-35f1f6acc0b8 ] Request (ImagesOneServerTestJSON:tearDownClass): 200 GET http://10.180.1.21/compute/v2.1/servers/296569e8-7780-40f1-9edd-a7515f33c44b 0.324s
2025-01-13 05:41:13.722 68131 INFO tempest.lib.common.rest_client [req-5b5fe69e-4802-43a9-a06d-91b4d451787d req-5b5fe69e-4802-43a9-a06d-91b4d451787d ] Request (DeleteServersAdminTestJSON:test_delete_server_while_in_error_state): 200 GET http://10.180.1.21/compute/v2.1/servers/11099321-fb21-4294-ba8b-45211ba556c6 0.373s
2025-01-13 05:41:13.796 68155 INFO tempest.lib.common.rest_client [req-0eef45a3-f300-4855-aff1-8aa0ff64e923 req-0eef45a3-f300-4855-aff1-8aa0ff64e923 ] Request (FloatingIPsAssociationTestJSON:tearDownClass): 200 GET http://10.180.1.21/compute/v2.1/servers/2ea11da2-39bb-4c31-85c0-dd4f48bb793c 0.385s
2025-01-13 05:41:13.848 68143 INFO tempest.lib.common.rest_client [req-554c7e44-0d76-49b2-93fd-998b30ccc10c req-554c7e44-0d76-49b2-93fd-998b30ccc10c ] Request (ServersTestJSON:setUpClass): 200 GET http://10.180.1.21/compute/v2.1/servers/91bd7be3-04e4-4d69-bcd1-f8d09614c74c 0.385s
2025-01-13 05:41:13.852 68177 INFO tempest.lib.common.rest_client [req-cc03fcd8-4f25-4b89-9cec-101220647804 req-cc03fcd8-4f25-4b89-9cec-101220647804 ] Request (InstanceActionsNegativeTestJSON:setUpClass): 201 POST http://10.180.1.21:9696/networking/v2.0/networks 0.356s
2025-01-13 05:41:13.978 68145 INFO tempest.lib.common.rest_client [req-1c972d8f-c0cc-4560-a92c-3568e771b6c3 req-1c972d8f-c0cc-4560-a92c-3568e771b6c3 ] Request (ServerGroupTestJSON:test_create_server_with_scheduler_hint_group): 202 POST http://10.180.1.21/compute/v2.1/servers 0.700s
2025-01-13 05:41:14.007 68153 INFO tempest.lib.common.rest_client [req-7d66cc75-e111-4f29-a55c-94c70c490859 req-7d66cc75-e111-4f29-a55c-94c70c490859 ] Request (ServersAdminTestJSON:test_create_server_with_scheduling_hint): 200 GET http://10.180.1.21/compute/v2.1/servers/927f44df-72d2-4985-bfac-161dad9285a6 0.179s
2025-01-13 05:41:14.014 68153 INFO tempest.common.waiters [-] State transition "BUILD/spawning" ==> "ACTIVE/None" after 56 second wait
2025-01-13 05:41:14.032 68141 INFO tempest.lib.common.rest_client [req-b34bb7cb-e2cd-477b-be3f-4d7e8748576b req-b34bb7cb-e2cd-477b-be3f-4d7e8748576b ] Request (ServersTestManualDisk:setUpClass): 200 GET http://10.180.1.21/compute/v2.1/servers/f3bd2773-91d8-4750-bb3d-f5d1fca44a0d 0.114s
2025-01-13 05:41:14.070 68177 INFO tempest.lib.common.rest_client [req-f36a6f71-f17e-4fa6-9101-5b7237bd77ba req-f36a6f71-f17e-4fa6-9101-5b7237bd77ba ] Request (InstanceActionsNegativeTestJSON:setUpClass): 201 POST http://10.180.1.21:9696/networking/v2.0/subnets 0.217s
2025-01-13 05:41:14.073 68187 INFO tempest.lib.common.rest_client [req-05484019-0d4f-4c83-9fc8-c4c4103bbb3f req-05484019-0d4f-4c83-9fc8-c4c4103bbb3f ] Request (ImagesOneServerNegativeTestJSON:setUpClass): 200 GET http://10.180.1.21/compute/v2.1/servers/51cd82ee-351e-43ce-bc26-3992e1e7d476 0.094s
2025-01-13 05:41:14.085 68169 INFO tempest.lib.common.rest_client [req-ccb14600-5203-418a-b636-2d43230f3e1d req-ccb14600-5203-418a-b636-2d43230f3e1d ] Request (ImagesTestJSON:test_create_image_from_suspended_server): 200 GET http://10.180.1.21/compute/v2.1/servers/9da187eb-e1c5-4b73-aba8-ff21f572cc79 0.105s
2025-01-13 05:41:14.117 68145 INFO tempest.lib.common.rest_client [req-0ab1c70a-61ef-4f5f-9d86-4109d2078dec req-0ab1c70a-61ef-4f5f-9d86-4109d2078dec ] Request (ServerGroupTestJSON:test_create_server_with_scheduler_hint_group): 200 GET http://10.180.1.21/compute/v2.1/servers/4575f569-95e5-428f-8e0b-79ae8cc4af65 0.136s
2025-01-13 05:41:14.126 68153 INFO tempest.lib.common.rest_client [req-044bcfbd-db03-4edc-ac60-a8517192c81c req-044bcfbd-db03-4edc-ac60-a8517192c81c ] Request (ServersAdminTestJSON:test_inject_network_info): 201 POST http://10.180.1.21/identity/v3/auth/tokens 0.104s
2025-01-13 05:41:14.127 68153 INFO tempest.lib.common.fixed_network [-] (ServersAdminTestJSON:test_inject_network_info) Found network {'id': 'a30470e6-3e96-4bb4-a667-237e0c19914f', 'name': 'tempest-ServersAdminTestJSON-1300611531-network', 'tenant_id': '3c7f2988e1ab43c087f043329642b0ac', 'admin_state_up': True, 'mtu': 8950, 'status': 'ACTIVE', 'subnets': [], 'shared': False, 'project_id': '3c7f2988e1ab43c087f043329642b0ac', 'port_security_enabled': True, 'router:external': False, 'provider:network_type': 'vlan', 'provider:physical_network': 'default', 'provider:segmentation_id': 741, 'availability_zone_hints': [], 'availability_zones': [], 'ipv4_address_scope': None, 'ipv6_address_scope': None, 'description': '', 'tags': [], 'created_at': '2025-01-13T05:39:32Z', 'updated_at': '2025-01-13T05:39:32Z', 'revision_number': 1} available for tenant
2025-01-13 05:41:14.146 68159 INFO tempest.lib.common.rest_client [req-e6af6c1e-3f42-4714-a087-6b84f4a9737e req-e6af6c1e-3f42-4714-a087-6b84f4a9737e ] Request (ServerExternalEventsTest:tearDownClass): 200 GET http://10.180.1.21/compute/v2.1/servers/75a2bcb3-feef-43ae-aa9d-bbf97faae66b 0.071s
2025-01-13 05:41:14.266 68133 INFO tempest.lib.common.rest_client [req-deb4b2d4-efe7-465f-89d1-b59d8074cfe5 req-deb4b2d4-efe7-465f-89d1-b59d8074cfe5 ] Request (AttachInterfacesUnderV243Test:test_add_remove_fixed_ip): 200 GET http://10.180.1.21/compute/v2.1/servers/269daec6-64d9-4885-be21-784f7a4be7a7 0.148s
2025-01-13 05:41:14.316 68173 INFO tempest.lib.common.rest_client [req-d386ce3d-a79e-4415-8200-52c4be2ff929 req-d386ce3d-a79e-4415-8200-52c4be2ff929 ] Request (ServerDiskConfigTestJSON:test_rebuild_server_with_auto_disk_config): 200 GET http://10.180.1.21/compute/v2.1/servers/3df0186d-bf68-4764-aaf3-5f0289d89809 0.170s
2025-01-13 05:41:14.369 68183 INFO tempest.lib.common.rest_client [req-4bb737ec-cc6c-48b2-bacf-6506dfc0e6af req-4bb737ec-cc6c-48b2-bacf-6506dfc0e6af ] Request (ServerMetadataTestJSON:setUpClass): 200 GET http://10.180.1.21/compute/v2.1/servers/ea73c22f-d49b-4d10-b15d-86423e345b27 0.199s
2025-01-13 05:41:14.421 68181 INFO tempest.lib.common.rest_client [req-37294f4a-b5c9-464c-97e7-9a94fc84a77d req-37294f4a-b5c9-464c-97e7-9a94fc84a77d ] Request (ServerRescueNegativeTestJSON:setUpClass): 200 GET http://10.180.1.21/compute/v2.1/servers/d2d72bbb-85d1-4e43-8598-d91023f82176 0.214s
2025-01-13 05:41:14.474 68157 INFO tempest.lib.common.rest_client [req-042ac8be-041b-480d-b624-7494285a9aee req-042ac8be-041b-480d-b624-7494285a9aee ] Request (ListServersNegativeTestJSON:setUpClass): 200 GET http://10.180.1.21/compute/v2.1/servers/5911ad6b-f534-426e-aac5-20629a9dd1e1 0.233s
2025-01-13 05:41:14.520 68149 WARNING tempest.lib.common.ssh [-] Failed to establish authenticated ssh connection to cirros@10.180.180.177 ([Errno None] Unable to connect to port 22 on 10.180.180.177). Number attempts: 6. Retry after 7 seconds.: paramiko.ssh_exception.NoValidConnectionsError: [Errno None] Unable to connect to port 22 on 10.180.180.177
2025-01-13 05:41:14.526 68151 INFO tempest.lib.common.rest_client [req-fb5eb389-95d3-4204-8087-2258f3d44bbb req-fb5eb389-95d3-4204-8087-2258f3d44bbb ] Request (ServersTestMultiNic:test_verify_multiple_nics_order): 200 GET http://10.180.1.21/compute/v2.1/servers/c7b97998-bbde-4262-8000-e6dd261e9005 0.255s
2025-01-13 05:41:14.532 68153 INFO tempest.lib.common.rest_client [req-a2b745b0-e0f0-434a-92fa-91205ffba6b8 req-a2b745b0-e0f0-434a-92fa-91205ffba6b8 ] Request (ServersAdminTestJSON:test_inject_network_info): 202 POST http://10.180.1.21/compute/v2.1/servers 0.404s
2025-01-13 05:41:14.599 68189 INFO tempest.lib.common.rest_client [req-8133d9ef-854b-4941-9144-171b5910052e req-8133d9ef-854b-4941-9144-171b5910052e ] Request (VolumesAdminNegativeTest:test_update_attached_volume_with_nonexistent_volume_in_body): 200 GET http://10.180.1.21/compute/v2.1/servers/8a7f3c99-5084-4688-9ed5-1854c2c8733d 0.175s
2025-01-13 05:41:14.661 68135 INFO tempest.lib.common.rest_client [req-e6b4d236-e428-4647-b739-6c72709b9487 req-e6b4d236-e428-4647-b739-6c72709b9487 ] Request (SecurityGroupsTestJSON:test_list_security_groups_by_server): 200 GET http://10.180.1.21/compute/v2.1/servers/fefcb0f7-ed25-42e8-9bd1-12d888320d99 0.180s
2025-01-13 05:41:14.671 68135 INFO tempest.common.waiters [-] State transition "BUILD/scheduling" ==> "BUILD/None" after 28 second wait
2025-01-13 05:41:14.751 68185 INFO tempest.lib.common.rest_client [req-d666d6b7-f5d3-4d1c-90a4-32c398d419a3 req-d666d6b7-f5d3-4d1c-90a4-32c398d419a3 ] Request (MigrationsAdminTest:test_list_migrations_in_flavor_resize_situation): 200 GET http://10.180.1.21/compute/v2.1/servers/6f5d3e70-e4fe-43a6-9de4-daa23c9d3ee6 0.394s
2025-01-13 05:41:14.766 68147 INFO tempest.lib.common.rest_client [req-26e0ed35-465b-4277-9f6f-9bf45da51faf req-26e0ed35-465b-4277-9f6f-9bf45da51faf ] Request (ServersTestBootFromVolume:setUpClass): 200 GET http://10.180.1.21/compute/v2.1/servers/a043c00b-fda1-425b-ad30-52cbf4143164 0.276s
2025-01-13 05:41:14.804 68153 INFO tempest.lib.common.rest_client [req-856753f8-13a7-431b-bcfe-4437308cabc6 req-856753f8-13a7-431b-bcfe-4437308cabc6 ] Request (ServersAdminTestJSON:test_inject_network_info): 200 GET http://10.180.1.21/compute/v2.1/servers/b9f6ddfd-092a-4a5b-9410-8774e7c50e46 0.270s
2025-01-13 05:41:14.826 68137 INFO tempest.lib.common.rest_client [req-318ac5ec-b590-4c8e-b79d-fe420a616456 req-318ac5ec-b590-4c8e-b79d-fe420a616456 ] Request (ServersNegativeTestJSON:setUpClass): 200 GET http://10.180.1.21/compute/v2.1/servers/8846de16-a817-4daa-81fc-9567a8dd032e 0.287s
2025-01-13 05:41:14.872 68131 INFO tempest.lib.common.rest_client [req-d45685eb-4bc4-4253-8109-2222dd238a8e req-d45685eb-4bc4-4253-8109-2222dd238a8e ] Request (DeleteServersAdminTestJSON:test_delete_server_while_in_error_state): 200 GET http://10.180.1.21/compute/v2.1/servers/11099321-fb21-4294-ba8b-45211ba556c6 0.141s
2025-01-13 05:41:14.920 68177 INFO tempest.lib.common.rest_client [req-fd606396-3705-4fb6-8875-fe18a3db2a8a req-fd606396-3705-4fb6-8875-fe18a3db2a8a ] Request (InstanceActionsNegativeTestJSON:setUpClass): 201 POST http://10.180.1.21:9696/networking/v2.0/routers 0.847s
2025-01-13 05:41:14.924 68155 INFO tempest.lib.common.rest_client [req-4288232e-3b66-4fad-a925-a65ba01f600e req-4288232e-3b66-4fad-a925-a65ba01f600e ] Request (FloatingIPsAssociationTestJSON:tearDownClass): 200 GET http://10.180.1.21/compute/v2.1/servers/2ea11da2-39bb-4c31-85c0-dd4f48bb793c 0.118s
2025-01-13 05:41:14.928 68167 INFO tempest.lib.common.rest_client [req-b2d94bef-806a-4497-ae00-f08c4dbf5de2 req-b2d94bef-806a-4497-ae00-f08c4dbf5de2 ] Request (ImagesOneServerTestJSON:tearDownClass): 200 GET http://10.180.1.21/compute/v2.1/servers/296569e8-7780-40f1-9edd-a7515f33c44b 0.252s
