2025-01-13 05:40:08.656 68127 INFO tempest.lib.common.rest_client [req-e8883cea-e508-4084-9f5c-74b1dc3dab98 req-e8883cea-e508-4084-9f5c-74b1dc3dab98 ] Request (ValidationResourcesFixture:setUp): 200 POST http://10.180.1.21/compute/v2.1/os-keypairs 1.442s
2025-01-13 05:40:08.660 68137 INFO tempest.lib.common.rest_client [req-c5c4888d-2967-4e15-afa6-102ddac1886e req-c5c4888d-2967-4e15-afa6-102ddac1886e ] Request (FlavorsAccessNegativeTestJSON:test_flavor_non_admin_remove): 200 POST http://10.180.1.21/compute/v2.1/flavors 1.435s
2025-01-13 05:40:08.678 68133 INFO tempest.lib.common.rest_client [req-e6210751-a17f-4d18-afe1-b5b75e28a426 req-e6210751-a17f-4d18-afe1-b5b75e28a426 ] Request (AttachInterfacesUnderV243Test:setUpClass): 201 POST http://10.180.1.21/identity/v3/users 0.068s
2025-01-13 05:40:08.690 68129 INFO tempest.lib.common.rest_client [req-14dd7f15-4e9b-4604-9eb4-d56fc3f8f3f3 req-14dd7f15-4e9b-4604-9eb4-d56fc3f8f3f3 ] Request (KeyPairsV2TestJSON:test_keypairs_create_list_delete): 200 GET http://10.180.1.21/compute/v2.1/os-keypairs 1.296s
2025-01-13 05:40:08.696 68183 INFO tempest.lib.common.rest_client [req-5b746cf7-6d1b-4796-b04d-b7dbc7abc4a5 req-5b746cf7-6d1b-4796-b04d-b7dbc7abc4a5 ] Request (AggregatesAdminNegativeTestJSON:test_aggregate_create_aggregate_name_length_less_than_1): 400 POST http://10.180.1.21/compute/v2.1/os-aggregates 1.296s
2025-01-13 05:40:08.712 68133 INFO tempest.lib.common.rest_client [req-318653a5-5e94-4b84-81d5-dafc8edcac68 req-318653a5-5e94-4b84-81d5-dafc8edcac68 ] Request (AttachInterfacesUnderV243Test:setUpClass): 200 GET http://10.180.1.21/identity/v3/roles 0.034s
2025-01-13 05:40:08.764 68165 INFO tempest.lib.common.rest_client [req-70f818fe-3b20-4099-b713-a945f689c0c5 req-70f818fe-3b20-4099-b713-a945f689c0c5 ] Request (ServersTestFqdnHostnames:test_create_server_with_fqdn_name): 200 GET http://10.180.1.21/compute/v2.1/servers/f2c7f8cb-3da0-45b3-ba7d-67307196e534 0.940s
2025-01-13 05:40:08.770 68133 INFO tempest.lib.common.rest_client [req-348dc38e-e0da-4367-a41d-473f08f9f0cd req-348dc38e-e0da-4367-a41d-473f08f9f0cd ] Request (AttachInterfacesUnderV243Test:setUpClass): 204 PUT http://10.180.1.21/identity/v3/projects/aa869e25b95d407fb79d732fa4808c11/users/c17dac47e55d464e9c7078fec978e6ff/roles/519ecb4dafc44affacd4905693b0f979 0.057s
2025-01-13 05:40:08.770 68133 INFO tempest.lib.common.dynamic_creds [-] Dynamic test user c17dac47e55d464e9c7078fec978e6ff is created with scope project and roles: ['member']
2025-01-13 05:40:08.770 68189 INFO tempest.lib.common.rest_client [req-eeb86f82-caeb-436a-8dc3-947a0e4a658e req-eeb86f82-caeb-436a-8dc3-947a0e4a658e ] Request (QuotasAdminNegativeTest:test_update_quota_normal_user): 403 PUT http://10.180.1.21/compute/v2.1/os-quota-sets/cb31ed9739b946bfbf64746e9d3038f9 0.787s
2025-01-13 05:40:08.770 68133 INFO tempest.lib.common.dynamic_creds [-] Acquired dynamic creds: credentials: Credentials: {'domain_id': 'default', 'domain_name': 'Default', 'username': 'tempest-AttachInterfacesUnderV243Test-684399-project-member', 'project_domain_id': 'default', 'project_domain_name': 'Default', 'project_id': 'aa869e25b95d407fb79d732fa4808c11', 'project_name': 'tempest-AttachInterfacesUnderV243Test-684399', 'tenant_id': 'aa869e25b95d407fb79d732fa4808c11', 'tenant_name': 'tempest-AttachInterfacesUnderV243Test-684399', 'user_domain_id': 'default', 'user_domain_name': 'Default', 'user_id': 'c17dac47e55d464e9c7078fec978e6ff', 'system': None}, Network: None, Subnet: None, Router: None
2025-01-13 05:40:08.829 68133 INFO tempest.lib.common.rest_client [req-c9e80770-40c7-4210-ab8b-f6eaf30999db req-c9e80770-40c7-4210-ab8b-f6eaf30999db ] Request (AttachInterfacesUnderV243Test:setUpClass): 201 POST http://10.180.1.21/identity/v3/auth/tokens 0.058s
2025-01-13 05:40:08.855 68161 INFO tempest.lib.common.rest_client [req-40d8b613-06f9-4d29-a070-7ab87d73ac4c req-40d8b613-06f9-4d29-a070-7ab87d73ac4c ] Request (QuotasAdminTestJSON:tearDownClass): 200 GET http://10.180.1.21:9696/networking/v2.0/security-groups?tenant_id=2b77449e60d8401da0be5750f45ec67f&name=default 0.299s
2025-01-13 05:40:08.870 68189 INFO tempest.lib.common.rest_client [req-c478b1dd-80d5-437d-b846-6837a3ebf1a1 req-c478b1dd-80d5-437d-b846-6837a3ebf1a1 ] Request (QuotasAdminNegativeTest:tearDownClass): 204 DELETE http://10.180.1.21/identity/v3/users/e3e0547e87344a7497a3205fe830487c 0.099s
2025-01-13 05:40:08.911 68127 INFO tempest.lib.common.rest_client [req-0fe0bfd9-2912-469e-b0a2-1b45b31c255f req-0fe0bfd9-2912-469e-b0a2-1b45b31c255f ] Request (ValidationResourcesFixture:setUp): 201 POST http://10.180.1.21:9696/networking/v2.0/security-groups 0.253s
2025-01-13 05:40:08.938 68145 INFO tempest.lib.common.rest_client [req-8113ec84-b243-4f5b-a804-88f94f60c07b req-8113ec84-b243-4f5b-a804-88f94f60c07b ] Request (ServerDiagnosticsTest:test_get_server_diagnostics): 200 GET http://10.180.1.21/compute/v2.1/servers/2517cede-ec2b-4121-8f26-d1666d5ad1f2 1.635s
2025-01-13 05:40:08.977 68131 INFO tempest.lib.common.rest_client [req-b5d383be-0643-44d8-8c45-447c7a7e1aff req-b5d383be-0643-44d8-8c45-447c7a7e1aff ] Request (DeleteServersAdminTestJSON:test_admin_delete_servers_of_others): 200 GET http://10.180.1.21/compute/v2.1/servers/72d8c66d-8cc8-4c6e-a5ff-157fa192849c 0.964s
2025-01-13 05:40:08.990 68131 INFO tempest.common.waiters [-] State transition "BUILD/spawning" ==> "ACTIVE/None" after 26 second wait
2025-01-13 05:40:08.993 68189 INFO tempest.lib.common.rest_client [req-a663d4ab-8c97-428a-946c-1170a353ab0e req-a663d4ab-8c97-428a-946c-1170a353ab0e ] Request (QuotasAdminNegativeTest:tearDownClass): 204 DELETE http://10.180.1.21/identity/v3/users/71235816a7de4897a3098bfa7f27d2ab 0.122s
2025-01-13 05:40:08.993 68189 INFO tempest.lib.common.dynamic_creds [-] Deleting project and security group for project: 5a407b7bf8a843f4aabd8f047160716b
2025-01-13 05:40:09.026 68161 INFO tempest.lib.common.rest_client [req-a9e174df-39ec-4e46-ac30-71789026bd23 req-a9e174df-39ec-4e46-ac30-71789026bd23 ] Request (QuotasAdminTestJSON:tearDownClass): 204 DELETE http://10.180.1.21:9696/networking/v2.0/security-groups/be9224c4-2113-4e0d-bafa-ccfa03202f2b 0.170s
2025-01-13 05:40:09.041 68127 INFO tempest.lib.common.rest_client [req-d83715de-9817-4ef3-9158-2f7dd0ffd093 req-d83715de-9817-4ef3-9158-2f7dd0ffd093 ] Request (ValidationResourcesFixture:setUp): 201 POST http://10.180.1.21:9696/networking/v2.0/security-group-rules 0.129s
2025-01-13 05:40:09.059 68149 INFO tempest.lib.common.rest_client [req-fcde5bc4-cf8b-471a-a05e-00c497db348f req-fcde5bc4-cf8b-471a-a05e-00c497db348f ] Request (VolumesAssistedSnapshotsTest:test_volume_assisted_snapshot_create_delete): 200 GET http://10.180.1.21/compute/v2.1/servers/0fc31c87-417f-4447-943e-00f125f27bbb 0.761s
2025-01-13 05:40:09.061 68189 INFO tempest.lib.common.rest_client [req-9341f46b-afbc-42b6-88f2-8caef8cfa504 req-9341f46b-afbc-42b6-88f2-8caef8cfa504 ] Request (QuotasAdminNegativeTest:tearDownClass): 201 POST http://10.180.1.21/identity/v3/auth/tokens 0.067s
2025-01-13 05:40:09.069 68149 INFO tempest.common.waiters [-] State transition "BUILD/scheduling" ==> "BUILD/None" after 5 second wait
2025-01-13 05:40:09.143 68161 INFO tempest.lib.common.rest_client [req-b9072a05-5064-4053-99fb-a47c66f1346d req-b9072a05-5064-4053-99fb-a47c66f1346d ] Request (QuotasAdminTestJSON:tearDownClass): 204 DELETE http://10.180.1.21/identity/v3/projects/2b77449e60d8401da0be5750f45ec67f 0.116s
2025-01-13 05:40:09.143 68161 INFO tempest.lib.common.dynamic_creds [-] Deleting project and security group for project: c70e99dae3ac428a9b8e9d2f9d9c1ba9
2025-01-13 05:40:09.145 68127 INFO tempest.lib.common.rest_client [req-6ae625d4-7269-416c-82f7-6acbe2ef6c19 req-6ae625d4-7269-416c-82f7-6acbe2ef6c19 ] Request (ValidationResourcesFixture:setUp): 201 POST http://10.180.1.21:9696/networking/v2.0/security-group-rules 0.104s
2025-01-13 05:40:09.146 68181 INFO tempest.lib.common.rest_client [req-6e320e45-3651-4ff9-8678-bcc4eb8afadd req-6e320e45-3651-4ff9-8678-bcc4eb8afadd ] Request (FlavorsExtraSpecsNegativeTestJSON:setUpClass): 200 POST http://10.180.1.21/compute/v2.1/flavors 1.011s
2025-01-13 05:40:09.180 68147 INFO tempest.lib.common.rest_client [req-628e36d5-7993-4345-b1d0-b01695ff020c req-628e36d5-7993-4345-b1d0-b01695ff020c ] Request (ServersTestBootFromVolume:setUpClass): 200 GET http://10.180.1.21/volume/v3/volumes/97bff836-3c9c-4e15-864d-cf772765590e 0.042s
2025-01-13 05:40:09.234 68159 INFO tempest.lib.common.rest_client [req-8c8a9c80-53de-4116-b3cc-c71b8baef898 req-8c8a9c80-53de-4116-b3cc-c71b8baef898 ] Request (ServerExternalEventsTest:test_create_server_external_events): 200 GET http://10.180.1.21/compute/v2.1/servers/75a2bcb3-feef-43ae-aa9d-bbf97faae66b 0.862s
2025-01-13 05:40:09.310 68171 INFO tempest.lib.common.rest_client [req-9c4e88d9-9185-485a-aa6c-f73f1e1f99ea req-9c4e88d9-9185-485a-aa6c-f73f1e1f99ea ] Request (TenantUsagesTestJSON:setUpClass): 200 GET http://10.180.1.21/compute/v2.1/servers/64e3511f-bfdb-4664-a94a-a2c4121d98ff 0.954s
2025-01-13 05:40:09.466 68161 INFO tempest.lib.common.rest_client [req-91e3c955-261b-44e2-a2f0-b2876f398e45 req-91e3c955-261b-44e2-a2f0-b2876f398e45 ] Request (QuotasAdminTestJSON:tearDownClass): 200 GET http://10.180.1.21:9696/networking/v2.0/security-groups?tenant_id=c70e99dae3ac428a9b8e9d2f9d9c1ba9&name=default 0.322s
2025-01-13 05:40:09.474 68133 INFO tempest.lib.common.rest_client [req-208775ef-3266-427d-8d9c-0fa1f25c400c req-208775ef-3266-427d-8d9c-0fa1f25c400c ] Request (AttachInterfacesUnderV243Test:setUpClass): 201 POST http://10.180.1.21:9696/networking/v2.0/networks 0.645s
2025-01-13 05:40:09.476 68153 INFO tempest.lib.common.rest_client [req-e8a377b9-8f15-44dd-8bbd-e1a5acf8f7c7 req-e8a377b9-8f15-44dd-8bbd-e1a5acf8f7c7 ] Request (ServersAdminTestJSON:setUpClass): 200 GET http://10.180.1.21/compute/v2.1/servers/76037297-9052-41aa-9a6c-2fbcb0cb0797 1.019s
2025-01-13 05:40:09.525 68141 INFO tempest.lib.common.rest_client [req-0b2549c8-078c-4533-9b8a-665690268f95 req-0b2549c8-078c-4533-9b8a-665690268f95 ] Request (ServerDiagnosticsNegativeTest:test_get_server_diagnostics_by_non_admin): 403 GET http://10.180.1.21/compute/v2.1/servers/757fdf47-4cd0-4d2e-8bc6-6acad00d15b5/diagnostics 1.012s
2025-01-13 05:40:09.580 68189 INFO tempest.lib.common.rest_client [req-ab2741e1-bb5e-493c-b0c3-044b45ab785b req-ab2741e1-bb5e-493c-b0c3-044b45ab785b ] Request (QuotasAdminNegativeTest:tearDownClass): 200 GET http://10.180.1.21:9696/networking/v2.0/security-groups?tenant_id=5a407b7bf8a843f4aabd8f047160716b&name=default 0.519s
2025-01-13 05:40:09.671 68151 INFO tempest.lib.common.rest_client [req-ed296d95-6f4e-4a53-8b39-55d01a8fcd08 req-ed296d95-6f4e-4a53-8b39-55d01a8fcd08 ] Request (ServersTestMultiNic:test_verify_duplicate_network_nics): 200 GET http://10.180.1.21/compute/v2.1/servers/0c820897-b639-4402-801c-ccdadccc56db 1.168s
2025-01-13 05:40:09.683 68151 INFO tempest.common.waiters [-] State transition "BUILD/None" ==> "BUILD/block_device_mapping" after 8 second wait
2025-01-13 05:40:09.722 68161 INFO tempest.lib.common.rest_client [req-711ea222-1a53-404f-a53b-92e802eff551 req-711ea222-1a53-404f-a53b-92e802eff551 ] Request (QuotasAdminTestJSON:tearDownClass): 204 DELETE http://10.180.1.21:9696/networking/v2.0/security-groups/fe34be66-f84a-4bb5-b0e1-952dfee11e26 0.255s
2025-01-13 05:40:09.745 68157 INFO tempest.lib.common.rest_client [req-7ab27833-4727-484c-9832-d02bb053f2c4 req-7ab27833-4727-484c-9832-d02bb053f2c4 ] Request (QuotasAdminTestV257:test_get_updated_quotas): 200 PUT http://10.180.1.21/compute/v2.1/os-quota-sets/0b754993a6734146a91a2fe4afbaaddb 1.206s
2025-01-13 05:40:09.754 68189 INFO tempest.lib.common.rest_client [req-c3a0c651-c9ac-41a3-b14a-05d154ab9468 req-c3a0c651-c9ac-41a3-b14a-05d154ab9468 ] Request (QuotasAdminNegativeTest:tearDownClass): 204 DELETE http://10.180.1.21:9696/networking/v2.0/security-groups/879df2c6-b410-4856-8bf3-ff21933eb0ab 0.173s
2025-01-13 05:40:09.761 68163 INFO tempest.lib.common.rest_client [req-7716dae0-7529-4e7b-ada2-86806a931e64 req-7716dae0-7529-4e7b-ada2-86806a931e64 ] Request (AttachVolumeShelveTestJSON:test_attach_volume_shelved_or_offload_server): 200 GET http://10.180.1.21/compute/v2.1/servers/4abecfe8-97a8-4f54-87ec-bb51cc85f25c 1.188s
2025-01-13 05:40:09.777 68163 INFO tempest.common.waiters [-] State transition "BUILD/scheduling" ==> "BUILD/None" after 5 second wait
2025-01-13 05:40:09.821 68161 INFO tempest.lib.common.rest_client [req-825b4e1b-1e93-4ef0-a366-605e4abd142e req-825b4e1b-1e93-4ef0-a366-605e4abd142e ] Request (QuotasAdminTestJSON:tearDownClass): 204 DELETE http://10.180.1.21/identity/v3/projects/c70e99dae3ac428a9b8e9d2f9d9c1ba9 0.098s
2025-01-13 05:40:09.828 68155 INFO tempest.lib.common.rest_client [req-0752e2f8-7141-4824-882e-066bbbde2079 req-0752e2f8-7141-4824-882e-066bbbde2079 ] Request (FloatingIPsAssociationTestJSON:test_associate_already_associated_floating_ip): 200 GET http://10.180.1.21/compute/v2.1/servers/2ea11da2-39bb-4c31-85c0-dd4f48bb793c 1.211s
2025-01-13 05:40:09.843 68133 INFO tempest.lib.common.rest_client [req-b4c2e194-f2ac-43e1-bcd2-a32e90f0eea4 req-b4c2e194-f2ac-43e1-bcd2-a32e90f0eea4 ] Request (AttachInterfacesUnderV243Test:setUpClass): 201 POST http://10.180.1.21:9696/networking/v2.0/subnets 0.368s
2025-01-13 05:40:09.844 68135 INFO tempest.lib.common.rest_client [req-13cd0084-3265-4c3d-958c-f3b215c35ff8 req-13cd0084-3265-4c3d-958c-f3b215c35ff8 ] Request (HostsAdminNegativeTestJSON:test_update_nonexistent_host): 404 PUT http://10.180.1.21/compute/v2.1/os-hosts/nonexistent_hostname 1.222s
2025-01-13 05:40:09.847 68189 INFO tempest.lib.common.rest_client [req-78f5cca4-619f-46ed-92cb-d39b607752af req-78f5cca4-619f-46ed-92cb-d39b607752af ] Request (QuotasAdminNegativeTest:tearDownClass): 204 DELETE http://10.180.1.21/identity/v3/projects/5a407b7bf8a843f4aabd8f047160716b 0.092s
2025-01-13 05:40:09.847 68189 INFO tempest.lib.common.dynamic_creds [-] Deleting project and security group for project: cb31ed9739b946bfbf64746e9d3038f9
2025-01-13 05:40:09.864 68143 INFO tempest.lib.common.rest_client [req-ac3e2b8c-3d86-4550-8a53-ac1dfa38c7ed req-ac3e2b8c-3d86-4550-8a53-ac1dfa38c7ed ] Request (FlavorsAdminTestJSON:_run_cleanups): 202 DELETE http://10.180.1.21/compute/v2.1/flavors/341766b3-57f7-42cf-bba4-8c51cf19155e 1.220s
2025-01-13 05:40:09.891 68161 INFO tempest.lib.common.rest_client [req-7016b6b9-80a5-4f9f-9ddb-09c5ecd74ee3 req-7016b6b9-80a5-4f9f-9ddb-09c5ecd74ee3 ] Request (ServerDiagnosticsV248Test:setUpClass): 201 POST http://10.180.1.21/identity/v3/auth/tokens 0.069s
2025-01-13 05:40:09.921 68161 INFO tempest.lib.common.rest_client [req-a66d9ffd-0e94-4783-bdcd-4cecfff74e8f req-a66d9ffd-0e94-4783-bdcd-4cecfff74e8f ] Request (ServerDiagnosticsV248Test:setUpClass): 201 POST http://10.180.1.21/identity/v3/auth/tokens 0.027s
2025-01-13 05:40:09.947 68161 INFO tempest.lib.common.rest_client [req-f20fa083-4b52-46e2-961f-24b412ebf9be req-f20fa083-4b52-46e2-961f-24b412ebf9be ] Request (ServerDiagnosticsV248Test:setUpClass): 200 GET http://10.180.1.21/identity/v3/domains?name=Default 0.026s
2025-01-13 05:40:09.967 68135 INFO tempest.lib.common.rest_client [req-133a9a03-edff-4cd2-a4bc-54cafb3d8f7e req-133a9a03-edff-4cd2-a4bc-54cafb3d8f7e ] Request (HostsAdminNegativeTestJSON:tearDownClass): 204 DELETE http://10.180.1.21/identity/v3/users/8d5e213d76b840708ed0b2636b464581 0.122s
2025-01-13 05:40:10.015 68161 INFO tempest.lib.common.rest_client [req-4d646118-fec3-4d0c-9fe8-9dbec373e3fd req-4d646118-fec3-4d0c-9fe8-9dbec373e3fd ] Request (ServerDiagnosticsV248Test:setUpClass): 201 POST http://10.180.1.21/identity/v3/projects 0.067s
2025-01-13 05:40:10.059 68135 INFO tempest.lib.common.rest_client [req-613636b9-0173-40f8-949a-3818d512c8ac req-613636b9-0173-40f8-949a-3818d512c8ac ] Request (HostsAdminNegativeTestJSON:tearDownClass): 204 DELETE http://10.180.1.21/identity/v3/users/1b6c949b0d584532a2a4dbf295c779f0 0.092s
2025-01-13 05:40:10.059 68135 INFO tempest.lib.common.dynamic_creds [-] Deleting project and security group for project: 0ef529f76ceb4fabb5939c12d9b246c2
2025-01-13 05:40:10.111 68161 INFO tempest.lib.common.rest_client [req-7f8e9e98-f4b3-4985-815e-bfeab91edf15 req-7f8e9e98-f4b3-4985-815e-bfeab91edf15 ] Request (ServerDiagnosticsV248Test:setUpClass): 201 POST http://10.180.1.21/identity/v3/users 0.096s
2025-01-13 05:40:10.120 68135 INFO tempest.lib.common.rest_client [req-2dbf11b0-99a4-400e-a270-7ec74d581ae9 req-2dbf11b0-99a4-400e-a270-7ec74d581ae9 ] Request (HostsAdminNegativeTestJSON:tearDownClass): 201 POST http://10.180.1.21/identity/v3/auth/tokens 0.061s
2025-01-13 05:40:10.137 68161 INFO tempest.lib.common.rest_client [req-0c4aecbe-c488-4e65-9b57-30364675d39d req-0c4aecbe-c488-4e65-9b57-30364675d39d ] Request (ServerDiagnosticsV248Test:setUpClass): 200 GET http://10.180.1.21/identity/v3/roles 0.025s
2025-01-13 05:40:10.169 68161 INFO tempest.lib.common.rest_client [req-06242761-26c8-46fd-aa32-b58b21c0c69d req-06242761-26c8-46fd-aa32-b58b21c0c69d ] Request (ServerDiagnosticsV248Test:setUpClass): 204 PUT http://10.180.1.21/identity/v3/projects/9f71b69295aa415b9fd751dc870639cf/users/b91fed6fc50742cfade9ca15ee5e5884/roles/519ecb4dafc44affacd4905693b0f979 0.031s
2025-01-13 05:40:10.169 68161 INFO tempest.lib.common.dynamic_creds [-] Dynamic test user b91fed6fc50742cfade9ca15ee5e5884 is created with scope project and roles: ['member']
2025-01-13 05:40:10.169 68161 INFO tempest.lib.common.dynamic_creds [-] Acquired dynamic creds: credentials: Credentials: {'domain_id': 'default', 'domain_name': 'Default', 'username': 'tempest-ServerDiagnosticsV248Test-135375594-project-member', 'project_domain_id': 'default', 'project_domain_name': 'Default', 'project_id': '9f71b69295aa415b9fd751dc870639cf', 'project_name': 'tempest-ServerDiagnosticsV248Test-135375594', 'tenant_id': '9f71b69295aa415b9fd751dc870639cf', 'tenant_name': 'tempest-ServerDiagnosticsV248Test-135375594', 'user_domain_id': 'default', 'user_domain_name': 'Default', 'user_id': 'b91fed6fc50742cfade9ca15ee5e5884', 'system': None}, Network: None, Subnet: None, Router: None
2025-01-13 05:40:10.169 68161 INFO tempest.lib.common.dynamic_creds [-] Created isolated network resources for: credentials: Credentials: {'domain_id': 'default', 'domain_name': 'Default', 'username': 'tempest-ServerDiagnosticsV248Test-135375594-project-member', 'project_domain_id': 'default', 'project_domain_name': 'Default', 'project_id': '9f71b69295aa415b9fd751dc870639cf', 'project_name': 'tempest-ServerDiagnosticsV248Test-135375594', 'tenant_id': '9f71b69295aa415b9fd751dc870639cf', 'tenant_name': 'tempest-ServerDiagnosticsV248Test-135375594', 'user_domain_id': 'default', 'user_domain_name': 'Default', 'user_id': 'b91fed6fc50742cfade9ca15ee5e5884', 'system': None}, Network: None, Subnet: None, Router: None
2025-01-13 05:40:10.185 68189 INFO tempest.lib.common.rest_client [req-b155e7f6-841c-45bb-8f40-a83979529209 req-b155e7f6-841c-45bb-8f40-a83979529209 ] Request (QuotasAdminNegativeTest:tearDownClass): 200 GET http://10.180.1.21:9696/networking/v2.0/security-groups?tenant_id=cb31ed9739b946bfbf64746e9d3038f9&name=default 0.338s
2025-01-13 05:40:10.207 68177 INFO tempest.lib.common.rest_client [req-db328f74-a81e-4593-8395-06c749869446 req-db328f74-a81e-4593-8395-06c749869446 ] Request (ImagesNegativeTestJSON:test_create_image_from_deleted_server): 200 GET http://10.180.1.21/compute/v2.1/servers/cea98a60-727b-4a91-82ab-601a6b018620 1.557s
2025-01-13 05:40:10.221 68147 INFO tempest.lib.common.rest_client [req-0351bfc6-497f-4a2d-a6aa-7fb9640f1088 req-0351bfc6-497f-4a2d-a6aa-7fb9640f1088 ] Request (ServersTestBootFromVolume:setUpClass): 200 GET http://10.180.1.21/volume/v3/volumes/97bff836-3c9c-4e15-864d-cf772765590e 0.032s
2025-01-13 05:40:10.231 68127 INFO tempest.lib.common.rest_client [req-0baef2a2-d7b2-435d-ac61-e3cb18ce0fa7 req-0baef2a2-d7b2-435d-ac61-e3cb18ce0fa7 ] Request (ValidationResourcesFixture:setUp): 201 POST http://10.180.1.21:9696/networking/v2.0/floatingips 1.085s
2025-01-13 05:40:10.249 68161 INFO tempest.lib.common.rest_client [req-75273481-fd61-4d78-bc36-6bb143f0b3bf req-75273481-fd61-4d78-bc36-6bb143f0b3bf ] Request (ServerDiagnosticsV248Test:setUpClass): 201 POST http://10.180.1.21/identity/v3/auth/tokens 0.076s
2025-01-13 05:40:10.296 68161 INFO tempest.lib.common.rest_client [req-d60ea3ba-d942-44f8-a1b3-ac85f205eb30 req-d60ea3ba-d942-44f8-a1b3-ac85f205eb30 ] Request (ServerDiagnosticsV248Test:setUpClass): 201 POST http://10.180.1.21/identity/v3/projects 0.046s
2025-01-13 05:40:10.357 68127 INFO tempest.lib.common.rest_client [req-99f07ade-61ca-42b6-bef2-cbf44d668595 req-99f07ade-61ca-42b6-bef2-cbf44d668595 ] Request (ServersWithSpecificFlavorTestJSON:test_verify_created_server_ephemeral_disk): 201 POST http://10.180.1.21/identity/v3/auth/tokens 0.068s
2025-01-13 05:40:10.358 68127 INFO tempest.lib.common.fixed_network [-] (ServersWithSpecificFlavorTestJSON:test_verify_created_server_ephemeral_disk) Found network {'id': 'd7375109-0dec-4fa9-87b8-b973f1ebf71e', 'name': 'tempest-ServersWithSpecificFlavorTestJSON-749560522-network', 'tenant_id': 'b2d75d14c4f749f7819291270f031ba9', 'admin_state_up': True, 'mtu': 8950, 'status': 'ACTIVE', 'subnets': [], 'shared': False, 'project_id': 'b2d75d14c4f749f7819291270f031ba9', 'port_security_enabled': True, 'router:external': False, 'provider:network_type': 'vlan', 'provider:physical_network': 'default', 'provider:segmentation_id': 883, 'availability_zone_hints': [], 'availability_zones': [], 'ipv4_address_scope': None, 'ipv6_address_scope': None, 'description': '', 'tags': [], 'created_at': '2025-01-13T05:39:33Z', 'updated_at': '2025-01-13T05:39:33Z', 'revision_number': 1} available for tenant
2025-01-13 05:40:10.416 68161 INFO tempest.lib.common.rest_client [req-376ac2d8-dd4b-420c-8dc5-2fff587b0850 req-376ac2d8-dd4b-420c-8dc5-2fff587b0850 ] Request (ServerDiagnosticsV248Test:setUpClass): 201 POST http://10.180.1.21/identity/v3/users 0.119s
2025-01-13 05:40:10.442 68161 INFO tempest.lib.common.rest_client [req-058f33f7-4408-4cf3-995e-2c389e69b752 req-058f33f7-4408-4cf3-995e-2c389e69b752 ] Request (ServerDiagnosticsV248Test:setUpClass): 200 GET http://10.180.1.21/identity/v3/roles 0.025s
2025-01-13 05:40:10.450 68189 INFO tempest.lib.common.rest_client [req-2471b2ef-988a-4765-adc1-0f029980d583 req-2471b2ef-988a-4765-adc1-0f029980d583 ] Request (QuotasAdminNegativeTest:tearDownClass): 204 DELETE http://10.180.1.21:9696/networking/v2.0/security-groups/6c12dbc2-14de-4724-a5de-28a50fc54180 0.264s
2025-01-13 05:40:10.470 68137 INFO tempest.lib.common.rest_client [req-5a1cc4f4-ffc1-4295-903e-d86e33ca2d93 req-5a1cc4f4-ffc1-4295-903e-d86e33ca2d93 ] Request (FlavorsAccessNegativeTestJSON:test_flavor_non_admin_remove): 200 POST http://10.180.1.21/compute/v2.1/flavors/1643252589/action 1.807s
2025-01-13 05:40:10.478 68161 INFO tempest.lib.common.rest_client [req-4f0d7314-cc2d-4ecb-a921-c06850b8ddfb req-4f0d7314-cc2d-4ecb-a921-c06850b8ddfb ] Request (ServerDiagnosticsV248Test:setUpClass): 204 PUT http://10.180.1.21/identity/v3/projects/f96c7eaf72e3495a8379012aad69121e/users/25a26b4d15e74b3fb70ac79506071b14/roles/1d0c28e9410a4c9090cade362142849a 0.035s
2025-01-13 05:40:10.489 68129 INFO tempest.lib.common.rest_client [req-d3ef30e5-9c9a-4555-984e-71a8d5807e0b req-d3ef30e5-9c9a-4555-984e-71a8d5807e0b ] Request (KeyPairsV2TestJSON:_run_cleanups): 202 DELETE http://10.180.1.21/compute/v2.1/os-keypairs/tempest-KeyPairsV2TestJSON-keypair-934590300 1.797s
2025-01-13 05:40:10.520 68189 INFO tempest.lib.common.rest_client [req-79bc0c1c-b9bc-4867-82c7-3027cbc4aa26 req-79bc0c1c-b9bc-4867-82c7-3027cbc4aa26 ] Request (QuotasAdminNegativeTest:tearDownClass): 204 DELETE http://10.180.1.21/identity/v3/projects/cb31ed9739b946bfbf64746e9d3038f9 0.069s
2025-01-13 05:40:10.580 68189 INFO tempest.lib.common.rest_client [req-bbc670f4-eefc-4c62-8575-a1e359bb60ce req-bbc670f4-eefc-4c62-8575-a1e359bb60ce ] Request (VolumesAdminNegativeTest:setUpClass): 201 POST http://10.180.1.21/identity/v3/auth/tokens 0.058s
2025-01-13 05:40:10.590 68161 INFO tempest.lib.common.rest_client [req-486e725a-bc4b-435f-89b7-366469e823ae req-486e725a-bc4b-435f-89b7-366469e823ae ] Request (ServerDiagnosticsV248Test:setUpClass): 200 GET http://10.180.1.21/identity/v3/roles 0.111s
2025-01-13 05:40:10.610 68189 INFO tempest.lib.common.rest_client [req-f0bc2755-3765-45d2-9c09-baec81f438c2 req-f0bc2755-3765-45d2-9c09-baec81f438c2 ] Request (VolumesAdminNegativeTest:setUpClass): 201 POST http://10.180.1.21/identity/v3/auth/tokens 0.028s
2025-01-13 05:40:10.620 68161 INFO tempest.lib.common.rest_client [req-8f33dc7d-5d28-42f1-8df7-f8de2020df3b req-8f33dc7d-5d28-42f1-8df7-f8de2020df3b ] Request (ServerDiagnosticsV248Test:setUpClass): 204 PUT http://10.180.1.21/identity/v3/projects/f96c7eaf72e3495a8379012aad69121e/users/25a26b4d15e74b3fb70ac79506071b14/roles/1d0c28e9410a4c9090cade362142849a 0.030s
2025-01-13 05:40:10.621 68161 INFO tempest.lib.common.dynamic_creds [-] Dynamic test user 25a26b4d15e74b3fb70ac79506071b14 is created with scope project and roles: ['admin']
2025-01-13 05:40:10.621 68161 INFO tempest.lib.common.dynamic_creds [-] Acquired dynamic creds: credentials: Credentials: {'domain_id': 'default', 'domain_name': 'Default', 'username': 'tempest-ServerDiagnosticsV248Test-776713483-project-admin', 'project_domain_id': 'default', 'project_domain_name': 'Default', 'project_id': 'f96c7eaf72e3495a8379012aad69121e', 'project_name': 'tempest-ServerDiagnosticsV248Test-776713483', 'tenant_id': 'f96c7eaf72e3495a8379012aad69121e', 'tenant_name': 'tempest-ServerDiagnosticsV248Test-776713483', 'user_domain_id': 'default', 'user_domain_name': 'Default', 'user_id': '25a26b4d15e74b3fb70ac79506071b14', 'system': None}, Network: None, Subnet: None, Router: None
2025-01-13 05:40:10.621 68161 INFO tempest.lib.common.dynamic_creds [-] Created isolated network resources for: credentials: Credentials: {'domain_id': 'default', 'domain_name': 'Default', 'username': 'tempest-ServerDiagnosticsV248Test-776713483-project-admin', 'project_domain_id': 'default', 'project_domain_name': 'Default', 'project_id': 'f96c7eaf72e3495a8379012aad69121e', 'project_name': 'tempest-ServerDiagnosticsV248Test-776713483', 'tenant_id': 'f96c7eaf72e3495a8379012aad69121e', 'tenant_name': 'tempest-ServerDiagnosticsV248Test-776713483', 'user_domain_id': 'default', 'user_domain_name': 'Default', 'user_id': '25a26b4d15e74b3fb70ac79506071b14', 'system': None}, Network: None, Subnet: None, Router: None
2025-01-13 05:40:10.672 68189 INFO tempest.lib.common.rest_client [req-14725331-838b-4dc4-bfb8-042fbdd94780 req-14725331-838b-4dc4-bfb8-042fbdd94780 ] Request (VolumesAdminNegativeTest:setUpClass): 200 GET http://10.180.1.21/identity/v3/domains?name=Default 0.062s
2025-01-13 05:40:10.689 68135 INFO tempest.lib.common.rest_client [req-2334351b-68f1-47fb-a08c-4ab35eca576f req-2334351b-68f1-47fb-a08c-4ab35eca576f ] Request (HostsAdminNegativeTestJSON:tearDownClass): 200 GET http://10.180.1.21:9696/networking/v2.0/security-groups?tenant_id=0ef529f76ceb4fabb5939c12d9b246c2&name=default 0.568s
2025-01-13 05:40:10.702 68189 INFO tempest.lib.common.rest_client [req-76469467-2806-43bc-aa71-0730eea6b92f req-76469467-2806-43bc-aa71-0730eea6b92f ] Request (VolumesAdminNegativeTest:setUpClass): 201 POST http://10.180.1.21/identity/v3/projects 0.029s
2025-01-13 05:40:10.714 68161 INFO tempest.lib.common.rest_client [req-c7a6de8c-95e8-4b81-858c-6f8a5f640d64 req-c7a6de8c-95e8-4b81-858c-6f8a5f640d64 ] Request (ServerDiagnosticsV248Test:setUpClass): 201 POST http://10.180.1.21/identity/v3/auth/tokens 0.087s
2025-01-13 05:40:10.776 68189 INFO tempest.lib.common.rest_client [req-dd464322-47d6-4413-af4c-96bb28b10cb2 req-dd464322-47d6-4413-af4c-96bb28b10cb2 ] Request (VolumesAdminNegativeTest:setUpClass): 201 POST http://10.180.1.21/identity/v3/users 0.074s
2025-01-13 05:40:10.794 68161 INFO tempest.lib.common.rest_client [req-e1335c29-4b8d-4b1e-a810-5740a80381f6 req-e1335c29-4b8d-4b1e-a810-5740a80381f6 ] Request (ServerDiagnosticsV248Test:test_get_server_diagnostics): 201 POST http://10.180.1.21/identity/v3/auth/tokens 0.075s
2025-01-13 05:40:10.798 68161 INFO tempest.lib.common.fixed_network [-] (ServerDiagnosticsV248Test:test_get_server_diagnostics) Found network None available for tenant
2025-01-13 05:40:10.813 68189 INFO tempest.lib.common.rest_client [req-d489991e-a9fc-4d15-b4a6-50bf9314ec7f req-d489991e-a9fc-4d15-b4a6-50bf9314ec7f ] Request (VolumesAdminNegativeTest:setUpClass): 200 GET http://10.180.1.21/identity/v3/roles 0.036s
2025-01-13 05:40:10.836 68185 INFO tempest.lib.common.rest_client [req-9d05a6c7-c57b-4d1b-bafc-4ea5ab9abc62 req-9d05a6c7-c57b-4d1b-bafc-4ea5ab9abc62 ] Request (MigrationsAdminTest:test_list_migrations_in_flavor_resize_situation): 200 GET http://10.180.1.21/compute/v2.1/servers/6f5d3e70-e4fe-43a6-9de4-daa23c9d3ee6 2.139s
2025-01-13 05:40:10.844 68183 INFO tempest.lib.common.rest_client [req-b3a1c50b-9fd1-4f7c-9a5b-5207c67767d1 req-b3a1c50b-9fd1-4f7c-9a5b-5207c67767d1 ] Request (AggregatesAdminNegativeTestJSON:test_aggregate_create_as_user): 403 POST http://10.180.1.21/compute/v2.1/os-aggregates 2.146s
2025-01-13 05:40:10.855 68189 INFO tempest.lib.common.rest_client [req-917f1e02-4ba4-4415-b5da-4050912c13c9 req-917f1e02-4ba4-4415-b5da-4050912c13c9 ] Request (VolumesAdminNegativeTest:setUpClass): 204 PUT http://10.180.1.21/identity/v3/projects/bf64293ceb7a41889059e4034359020e/users/aa6a938305b444fab56532ad534a1cf8/roles/519ecb4dafc44affacd4905693b0f979 0.041s
2025-01-13 05:40:10.855 68189 INFO tempest.lib.common.dynamic_creds [-] Dynamic test user aa6a938305b444fab56532ad534a1cf8 is created with scope project and roles: ['member']
2025-01-13 05:40:10.855 68189 INFO tempest.lib.common.dynamic_creds [-] Acquired dynamic creds: credentials: Credentials: {'domain_id': 'default', 'domain_name': 'Default', 'username': 'tempest-VolumesAdminNegativeTest-364123947-project-member', 'project_domain_id': 'default', 'project_domain_name': 'Default', 'project_id': 'bf64293ceb7a41889059e4034359020e', 'project_name': 'tempest-VolumesAdminNegativeTest-364123947', 'tenant_id': 'bf64293ceb7a41889059e4034359020e', 'tenant_name': 'tempest-VolumesAdminNegativeTest-364123947', 'user_domain_id': 'default', 'user_domain_name': 'Default', 'user_id': 'aa6a938305b444fab56532ad534a1cf8', 'system': None}, Network: None, Subnet: None, Router: None
2025-01-13 05:40:10.860 68173 INFO tempest.lib.common.rest_client [req-33e95260-3916-4152-bec9-cdf424164807 req-33e95260-3916-4152-bec9-cdf424164807 ] Request (FloatingIPDetailsTestJSON:tearDownClass): 202 DELETE http://10.180.1.21/compute/v2.1/os-floating-ips/15ff29e1-4fe1-483a-b635-c8db90593167 2.241s
2025-01-13 05:40:10.883 68135 INFO tempest.lib.common.rest_client [req-bf084b07-c658-4673-aee3-c3101c1c3af7 req-bf084b07-c658-4673-aee3-c3101c1c3af7 ] Request (HostsAdminNegativeTestJSON:tearDownClass): 204 DELETE http://10.180.1.21:9696/networking/v2.0/security-groups/e51f7abb-bf17-43d4-8bc0-fc9773e7ef4b 0.193s
2025-01-13 05:40:10.909 68139 INFO tempest.lib.common.rest_client [req-88766e9c-05e4-4258-a750-544ce5b5934b req-88766e9c-05e4-4258-a750-544ce5b5934b ] Request (AttachInterfacesTestJSON:test_create_list_show_delete_interfaces_by_fixed_ip): 200 GET http://10.180.1.21/compute/v2.1/servers/4f79ab71-ba4d-42ca-af1d-43b45d4cf970 2.178s
2025-01-13 05:40:10.921 68189 INFO tempest.lib.common.rest_client [req-f87ff9da-7814-4762-a5e7-c5d899d1bc63 req-f87ff9da-7814-4762-a5e7-c5d899d1bc63 ] Request (VolumesAdminNegativeTest:setUpClass): 201 POST http://10.180.1.21/identity/v3/auth/tokens 0.065s
2025-01-13 05:40:10.929 68167 INFO tempest.lib.common.rest_client [req-7493f85e-74ee-4a03-9990-e026646eb7c8 req-7493f85e-74ee-4a03-9990-e026646eb7c8 ] Request (ImagesOneServerTestJSON:setUpClass): 200 GET http://10.180.1.21/compute/v2.1/servers/296569e8-7780-40f1-9edd-a7515f33c44b 2.109s
2025-01-13 05:40:10.942 68167 INFO tempest.common.waiters [-] State transition "BUILD/None" ==> "BUILD/networking" after 7 second wait
2025-01-13 05:40:10.988 68169 INFO tempest.lib.common.rest_client [req-0c8ff2c5-7f4b-410f-bc9a-b3c4c78a3e03 req-0c8ff2c5-7f4b-410f-bc9a-b3c4c78a3e03 ] Request (ImagesTestJSON:test_create_image_from_stopped_server): 200 GET http://10.180.1.21/compute/v2.1/servers/fd3a0f54-bce7-4da0-bd0c-2b3fb2a4b20f 1.937s
2025-01-13 05:40:10.993 68135 INFO tempest.lib.common.rest_client [req-85efa2c8-46d5-47ef-b4c7-60475d6b3366 req-85efa2c8-46d5-47ef-b4c7-60475d6b3366 ] Request (HostsAdminNegativeTestJSON:tearDownClass): 204 DELETE http://10.180.1.21/identity/v3/projects/0ef529f76ceb4fabb5939c12d9b246c2 0.110s
2025-01-13 05:40:10.993 68135 INFO tempest.lib.common.dynamic_creds [-] Deleting project and security group for project: d25856d02386496db163bce59cad7240
2025-01-13 05:40:10.998 68169 INFO tempest.common.waiters [-] State transition "BUILD/scheduling" ==> "BUILD/None" after 5 second wait
2025-01-13 05:40:11.125 68181 INFO tempest.lib.common.rest_client [req-5ab2b68c-1530-4f28-a3f9-60e238826f0d req-5ab2b68c-1530-4f28-a3f9-60e238826f0d ] Request (FlavorsExtraSpecsNegativeTestJSON:test_flavor_get_nonexistent_key): 404 GET http://10.180.1.21/compute/v2.1/flavors/208277727/os-extra_specs/hw:cpu_thread_policy 1.974s
2025-01-13 05:40:11.149 68133 INFO tempest.lib.common.rest_client [req-8540e6af-36fb-4160-8b6f-02cd59caf85a req-8540e6af-36fb-4160-8b6f-02cd59caf85a ] Request (AttachInterfacesUnderV243Test:setUpClass): 201 POST http://10.180.1.21:9696/networking/v2.0/routers 1.306s
2025-01-13 05:40:11.164 68131 INFO tempest.lib.common.rest_client [req-154c20fe-eed4-4390-8136-fd2050a1a770 req-154c20fe-eed4-4390-8136-fd2050a1a770 ] Request (DeleteServersAdminTestJSON:test_admin_delete_servers_of_others): 204 DELETE http://10.180.1.21/compute/v2.1/servers/72d8c66d-8cc8-4c6e-a5ff-157fa192849c 2.173s
2025-01-13 05:40:11.203 68135 INFO tempest.lib.common.rest_client [req-ec3c83e9-503c-4fb6-9812-fea438e4d6b7 req-ec3c83e9-503c-4fb6-9812-fea438e4d6b7 ] Request (HostsAdminNegativeTestJSON:tearDownClass): 200 GET http://10.180.1.21:9696/networking/v2.0/security-groups?tenant_id=d25856d02386496db163bce59cad7240&name=default 0.210s
2025-01-13 05:40:11.268 68141 INFO tempest.lib.common.rest_client [req-6d0739c0-99dd-4bf7-90a6-ccbd4433e5c8 req-6d0739c0-99dd-4bf7-90a6-ccbd4433e5c8 ] Request (ServerDiagnosticsNegativeTest:tearDownClass): 204 DELETE http://10.180.1.21/compute/v2.1/servers/757fdf47-4cd0-4d2e-8bc6-6acad00d15b5 1.742s
2025-01-13 05:40:11.280 68147 INFO tempest.lib.common.rest_client [req-f8668b53-d19f-4085-8c6a-97bc3552c55a req-f8668b53-d19f-4085-8c6a-97bc3552c55a ] Request (ServersTestBootFromVolume:setUpClass): 200 GET http://10.180.1.21/volume/v3/volumes/97bff836-3c9c-4e15-864d-cf772765590e 0.050s
2025-01-13 05:40:11.355 68157 INFO tempest.lib.common.rest_client [req-7ea9fa3e-7d14-4b91-bb1c-98b7fc7f7fab req-7ea9fa3e-7d14-4b91-bb1c-98b7fc7f7fab ] Request (QuotasAdminTestV257:test_get_updated_quotas): 200 GET http://10.180.1.21/compute/v2.1/os-quota-sets/0b754993a6734146a91a2fe4afbaaddb/detail 1.609s
2025-01-13 05:40:11.380 68135 INFO tempest.lib.common.rest_client [req-cbef293a-cc1e-4e79-8a96-2114a45b848e req-cbef293a-cc1e-4e79-8a96-2114a45b848e ] Request (HostsAdminNegativeTestJSON:tearDownClass): 204 DELETE http://10.180.1.21:9696/networking/v2.0/security-groups/b995805b-d849-40ed-8e41-d8db4643b180 0.176s
2025-01-13 05:40:11.389 68165 INFO tempest.lib.common.rest_client [req-820a5f9c-c875-405b-8e45-4a5876059b96 req-820a5f9c-c875-405b-8e45-4a5876059b96 ] Request (ServersTestFqdnHostnames:test_create_server_with_fqdn_name): 200 GET http://10.180.1.21/compute/v2.1/servers/f2c7f8cb-3da0-45b3-ba7d-67307196e534 1.613s
2025-01-13 05:40:11.402 68165 INFO tempest.common.waiters [-] State transition "BUILD/scheduling" ==> "BUILD/None" after 5 second wait
2025-01-13 05:40:11.409 68157 INFO tempest.lib.common.rest_client [req-ebd077f1-6aaa-4899-94e2-aacc3c3aeaa3 req-ebd077f1-6aaa-4899-94e2-aacc3c3aeaa3 ] Request (QuotasAdminTestV257:test_get_updated_quotas): 200 GET http://10.180.1.21/identity/v3/domains?name=Default 0.048s
2025-01-13 05:40:11.418 68143 INFO tempest.lib.common.rest_client [req-e3b6e843-2897-48e0-9425-2d4a987eb710 req-e3b6e843-2897-48e0-9425-2d4a987eb710 ] Request (FlavorsAdminTestJSON:_run_cleanups): 200 GET http://10.180.1.21/compute/v2.1/flavors/detail 1.553s
2025-01-13 05:40:11.432 68189 INFO tempest.lib.common.rest_client [req-eef93b78-8609-48e6-b7e4-294814f49a7e req-eef93b78-8609-48e6-b7e4-294814f49a7e ] Request (VolumesAdminNegativeTest:setUpClass): 201 POST http://10.180.1.21:9696/networking/v2.0/networks 0.511s
2025-01-13 05:40:11.457 68157 INFO tempest.lib.common.rest_client [req-c130b7bd-3adb-4b08-bbbe-f6770d61ef38 req-c130b7bd-3adb-4b08-bbbe-f6770d61ef38 ] Request (QuotasAdminTestV257:test_get_updated_quotas): 201 POST http://10.180.1.21/identity/v3/users 0.047s
2025-01-13 05:40:11.478 68149 INFO tempest.lib.common.rest_client [req-f3ff1457-521e-49db-b1fc-d1f563492ede req-f3ff1457-521e-49db-b1fc-d1f563492ede ] Request (VolumesAssistedSnapshotsTest:test_volume_assisted_snapshot_create_delete): 200 GET http://10.180.1.21/compute/v2.1/servers/0fc31c87-417f-4447-943e-00f125f27bbb 1.408s
2025-01-13 05:40:11.495 68135 INFO tempest.lib.common.rest_client [req-70ea9470-414f-4a4c-9025-d2cd3f542f5e req-70ea9470-414f-4a4c-9025-d2cd3f542f5e ] Request (HostsAdminNegativeTestJSON:tearDownClass): 204 DELETE http://10.180.1.21/identity/v3/projects/d25856d02386496db163bce59cad7240 0.113s
2025-01-13 05:40:11.525 68157 INFO tempest.lib.common.rest_client [req-00ebe5a4-d3f4-4942-b4de-06b34856aabb req-00ebe5a4-d3f4-4942-b4de-06b34856aabb ] Request (QuotasAdminTestV257:test_get_updated_quotas): 200 GET http://10.180.1.21/identity/v3/domains?name=Default 0.067s
2025-01-13 05:40:11.538 68159 INFO tempest.lib.common.rest_client [req-1008b9d7-9f69-45c5-9455-2a781e831fe0 req-1008b9d7-9f69-45c5-9455-2a781e831fe0 ] Request (ServerExternalEventsTest:test_create_server_external_events): 200 GET http://10.180.1.21/compute/v2.1/servers/75a2bcb3-feef-43ae-aa9d-bbf97faae66b 1.287s
2025-01-13 05:40:11.581 68135 INFO tempest.lib.common.rest_client [req-254377de-291e-4feb-856b-d8495ace99d7 req-254377de-291e-4feb-856b-d8495ace99d7 ] Request (HypervisorAdminNegativeTestJSON:setUpClass): 201 POST http://10.180.1.21/identity/v3/auth/tokens 0.084s
2025-01-13 05:40:11.616 68135 INFO tempest.lib.common.rest_client [req-57d1cfea-dc57-4e05-84c5-bd7849616aff req-57d1cfea-dc57-4e05-84c5-bd7849616aff ] Request (HypervisorAdminNegativeTestJSON:setUpClass): 201 POST http://10.180.1.21/identity/v3/auth/tokens 0.033s
2025-01-13 05:40:11.643 68135 INFO tempest.lib.common.rest_client [req-842b0875-fe5d-44fc-b4fd-fece9330f888 req-842b0875-fe5d-44fc-b4fd-fece9330f888 ] Request (HypervisorAdminNegativeTestJSON:setUpClass): 200 GET http://10.180.1.21/identity/v3/domains?name=Default 0.026s
2025-01-13 05:40:11.649 68171 INFO tempest.lib.common.rest_client [req-8256cb4c-abcf-4252-a43e-697e1d8b6c96 req-8256cb4c-abcf-4252-a43e-697e1d8b6c96 ] Request (TenantUsagesTestJSON:setUpClass): 200 GET http://10.180.1.21/compute/v2.1/servers/64e3511f-bfdb-4664-a94a-a2c4121d98ff 1.329s
2025-01-13 05:40:11.683 68135 INFO tempest.lib.common.rest_client [req-48cd3b24-f72f-44cf-bd26-d9aa29d25098 req-48cd3b24-f72f-44cf-bd26-d9aa29d25098 ] Request (HypervisorAdminNegativeTestJSON:setUpClass): 201 POST http://10.180.1.21/identity/v3/projects 0.039s
2025-01-13 05:40:11.747 68135 INFO tempest.lib.common.rest_client [req-810b1a73-6fda-4b0c-bdc5-7e38180e6b1c req-810b1a73-6fda-4b0c-bdc5-7e38180e6b1c ] Request (HypervisorAdminNegativeTestJSON:setUpClass): 201 POST http://10.180.1.21/identity/v3/users 0.064s
2025-01-13 05:40:11.772 68145 INFO tempest.lib.common.rest_client [req-e8a10e3d-51c3-40f7-8550-2d8d94567138 req-e8a10e3d-51c3-40f7-8550-2d8d94567138 ] Request (ServerDiagnosticsTest:test_get_server_diagnostics): 200 GET http://10.180.1.21/compute/v2.1/servers/2517cede-ec2b-4121-8f26-d1666d5ad1f2 1.823s
2025-01-13 05:40:11.781 68137 INFO tempest.lib.common.rest_client [req-8b39446e-c7a7-4010-abe1-55e451af67b7 req-8b39446e-c7a7-4010-abe1-55e451af67b7 ] Request (FlavorsAccessNegativeTestJSON:test_flavor_non_admin_remove): 403 POST http://10.180.1.21/compute/v2.1/flavors/1643252589/action 1.310s
2025-01-13 05:40:11.784 68145 INFO tempest.common.waiters [-] State transition "BUILD/spawning" ==> "ACTIVE/None" after 15 second wait
2025-01-13 05:40:11.786 68135 INFO tempest.lib.common.rest_client [req-e7c63fc8-3166-4a87-a6a6-a81a0b6d0e82 req-e7c63fc8-3166-4a87-a6a6-a81a0b6d0e82 ] Request (HypervisorAdminNegativeTestJSON:setUpClass): 200 GET http://10.180.1.21/identity/v3/roles 0.038s
2025-01-13 05:40:11.822 68135 INFO tempest.lib.common.rest_client [req-93e03ba2-9862-4d73-83ab-7f4a6b974a07 req-93e03ba2-9862-4d73-83ab-7f4a6b974a07 ] Request (HypervisorAdminNegativeTestJSON:setUpClass): 204 PUT http://10.180.1.21/identity/v3/projects/823e8e36e69c4eb19ebf0ffc97628957/users/f2ecb626d2c649ca8fbc8e42d72bec01/roles/519ecb4dafc44affacd4905693b0f979 0.034s
2025-01-13 05:40:11.822 68135 INFO tempest.lib.common.dynamic_creds [-] Dynamic test user f2ecb626d2c649ca8fbc8e42d72bec01 is created with scope project and roles: ['member']
2025-01-13 05:40:11.823 68135 INFO tempest.lib.common.dynamic_creds [-] Acquired dynamic creds: credentials: Credentials: {'domain_id': 'default', 'domain_name': 'Default', 'username': 'tempest-HypervisorAdminNegativeTestJSON-1117169070-project-member', 'project_domain_id': 'default', 'project_domain_name': 'Default', 'project_id': '823e8e36e69c4eb19ebf0ffc97628957', 'project_name': 'tempest-HypervisorAdminNegativeTestJSON-1117169070', 'tenant_id': '823e8e36e69c4eb19ebf0ffc97628957', 'tenant_name': 'tempest-HypervisorAdminNegativeTestJSON-1117169070', 'user_domain_id': 'default', 'user_domain_name': 'Default', 'user_id': 'f2ecb626d2c649ca8fbc8e42d72bec01', 'system': None}, Network: None, Subnet: None, Router: None
2025-01-13 05:40:11.823 68135 INFO tempest.lib.common.dynamic_creds [-] Created isolated network resources for: credentials: Credentials: {'domain_id': 'default', 'domain_name': 'Default', 'username': 'tempest-HypervisorAdminNegativeTestJSON-1117169070-project-member', 'project_domain_id': 'default', 'project_domain_name': 'Default', 'project_id': '823e8e36e69c4eb19ebf0ffc97628957', 'project_name': 'tempest-HypervisorAdminNegativeTestJSON-1117169070', 'tenant_id': '823e8e36e69c4eb19ebf0ffc97628957', 'tenant_name': 'tempest-HypervisorAdminNegativeTestJSON-1117169070', 'user_domain_id': 'default', 'user_domain_name': 'Default', 'user_id': 'f2ecb626d2c649ca8fbc8e42d72bec01', 'system': None}, Network: None, Subnet: None, Router: None
2025-01-13 05:40:11.912 68135 INFO tempest.lib.common.rest_client [req-c418fb54-2845-4c55-8d8b-954f4c2d8a0e req-c418fb54-2845-4c55-8d8b-954f4c2d8a0e ] Request (HypervisorAdminNegativeTestJSON:setUpClass): 201 POST http://10.180.1.21/identity/v3/auth/tokens 0.087s
2025-01-13 05:40:11.996 68135 INFO tempest.lib.common.rest_client [req-2f334b6e-4260-4e8d-9ff5-6ee29cdd4969 req-2f334b6e-4260-4e8d-9ff5-6ee29cdd4969 ] Request (HypervisorAdminNegativeTestJSON:setUpClass): 201 POST http://10.180.1.21/identity/v3/projects 0.083s
2025-01-13 05:40:12.030 68127 INFO tempest.lib.common.rest_client [req-a93bc64d-70ef-4ec0-8588-58f2ad0ed5ac req-a93bc64d-70ef-4ec0-8588-58f2ad0ed5ac ] Request (ServersWithSpecificFlavorTestJSON:test_verify_created_server_ephemeral_disk): 202 POST http://10.180.1.21/compute/v2.1/servers 1.672s
2025-01-13 05:40:12.043 68129 INFO tempest.lib.common.rest_client [req-1064e882-be64-441a-a1ac-f467c201d368 req-1064e882-be64-441a-a1ac-f467c201d368 ] Request (KeyPairsV2TestJSON:_run_cleanups): 202 DELETE http://10.180.1.21/compute/v2.1/os-keypairs/tempest-KeyPairsV2TestJSON-keypair-515371879 1.553s
2025-01-13 05:40:12.061 68135 INFO tempest.lib.common.rest_client [req-f524c9d5-d8f8-4896-8e2d-53d50dba991a req-f524c9d5-d8f8-4896-8e2d-53d50dba991a ] Request (HypervisorAdminNegativeTestJSON:setUpClass): 201 POST http://10.180.1.21/identity/v3/users 0.064s
2025-01-13 05:40:12.080 68135 INFO tempest.lib.common.rest_client [req-8c10cd1e-f7b6-4915-8745-70feaf26af23 req-8c10cd1e-f7b6-4915-8745-70feaf26af23 ] Request (HypervisorAdminNegativeTestJSON:setUpClass): 200 GET http://10.180.1.21/identity/v3/roles 0.019s
2025-01-13 05:40:12.119 68135 INFO tempest.lib.common.rest_client [req-aa4f51e5-9f64-4684-8235-c8d7de5c01f9 req-aa4f51e5-9f64-4684-8235-c8d7de5c01f9 ] Request (HypervisorAdminNegativeTestJSON:setUpClass): 204 PUT http://10.180.1.21/identity/v3/projects/596d0572b30b4876bb9c5884f567d58e/users/2969a6aa7adb4ddfaa2feed50b762499/roles/1d0c28e9410a4c9090cade362142849a 0.038s
2025-01-13 05:40:12.175 68135 INFO tempest.lib.common.rest_client [req-ac809c2d-ea6a-407a-81b5-7c887ee6c7a8 req-ac809c2d-ea6a-407a-81b5-7c887ee6c7a8 ] Request (HypervisorAdminNegativeTestJSON:setUpClass): 200 GET http://10.180.1.21/identity/v3/roles 0.056s
2025-01-13 05:40:12.205 68135 INFO tempest.lib.common.rest_client [req-086f33d3-3159-40a5-865d-3d3fe90c5671 req-086f33d3-3159-40a5-865d-3d3fe90c5671 ] Request (HypervisorAdminNegativeTestJSON:setUpClass): 204 PUT http://10.180.1.21/identity/v3/projects/596d0572b30b4876bb9c5884f567d58e/users/2969a6aa7adb4ddfaa2feed50b762499/roles/1d0c28e9410a4c9090cade362142849a 0.029s
2025-01-13 05:40:12.205 68135 INFO tempest.lib.common.dynamic_creds [-] Dynamic test user 2969a6aa7adb4ddfaa2feed50b762499 is created with scope project and roles: ['admin']
2025-01-13 05:40:12.205 68135 INFO tempest.lib.common.dynamic_creds [-] Acquired dynamic creds: credentials: Credentials: {'domain_id': 'default', 'domain_name': 'Default', 'username': 'tempest-HypervisorAdminNegativeTestJSON-104448429-project-admin', 'project_domain_id': 'default', 'project_domain_name': 'Default', 'project_id': '596d0572b30b4876bb9c5884f567d58e', 'project_name': 'tempest-HypervisorAdminNegativeTestJSON-104448429', 'tenant_id': '596d0572b30b4876bb9c5884f567d58e', 'tenant_name': 'tempest-HypervisorAdminNegativeTestJSON-104448429', 'user_domain_id': 'default', 'user_domain_name': 'Default', 'user_id': '2969a6aa7adb4ddfaa2feed50b762499', 'system': None}, Network: None, Subnet: None, Router: None
2025-01-13 05:40:12.205 68135 INFO tempest.lib.common.dynamic_creds [-] Created isolated network resources for: credentials: Credentials: {'domain_id': 'default', 'domain_name': 'Default', 'username': 'tempest-HypervisorAdminNegativeTestJSON-104448429-project-admin', 'project_domain_id': 'default', 'project_domain_name': 'Default', 'project_id': '596d0572b30b4876bb9c5884f567d58e', 'project_name': 'tempest-HypervisorAdminNegativeTestJSON-104448429', 'tenant_id': '596d0572b30b4876bb9c5884f567d58e', 'tenant_name': 'tempest-HypervisorAdminNegativeTestJSON-104448429', 'user_domain_id': 'default', 'user_domain_name': 'Default', 'user_id': '2969a6aa7adb4ddfaa2feed50b762499', 'system': None}, Network: None, Subnet: None, Router: None
2025-01-13 05:40:12.228 68151 INFO tempest.lib.common.rest_client [req-236106f8-1e2d-4811-abe9-2239e9446f35 req-236106f8-1e2d-4811-abe9-2239e9446f35 ] Request (ServersTestMultiNic:test_verify_duplicate_network_nics): 200 GET http://10.180.1.21/compute/v2.1/servers/0c820897-b639-4402-801c-ccdadccc56db 1.544s
2025-01-13 05:40:12.241 68151 INFO tempest.common.waiters [-] State transition "BUILD/block_device_mapping" ==> "BUILD/spawning" after 11 second wait
2025-01-13 05:40:12.261 68153 INFO tempest.lib.common.rest_client [req-8fe188bf-4a2d-49fa-ba42-0cb3440fab61 req-8fe188bf-4a2d-49fa-ba42-0cb3440fab61 ] Request (ServersAdminTestJSON:setUpClass): 200 GET http://10.180.1.21/compute/v2.1/servers/76037297-9052-41aa-9a6c-2fbcb0cb0797 1.775s
2025-01-13 05:40:12.321 68163 INFO tempest.lib.common.rest_client [req-71395b77-fc8c-47e5-87b8-0f3e20de9478 req-71395b77-fc8c-47e5-87b8-0f3e20de9478 ] Request (AttachVolumeShelveTestJSON:test_attach_volume_shelved_or_offload_server): 200 GET http://10.180.1.21/compute/v2.1/servers/4abecfe8-97a8-4f54-87ec-bb51cc85f25c 1.543s
2025-01-13 05:40:12.324 68189 INFO tempest.lib.common.rest_client [req-22c0409e-4b92-4fbc-b6d9-9c9eb7134b5d req-22c0409e-4b92-4fbc-b6d9-9c9eb7134b5d ] Request (VolumesAdminNegativeTest:setUpClass): 201 POST http://10.180.1.21:9696/networking/v2.0/subnets 0.891s
2025-01-13 05:40:12.334 68147 INFO tempest.lib.common.rest_client [req-b5687079-2287-4284-adfa-d697001219fa req-b5687079-2287-4284-adfa-d697001219fa ] Request (ServersTestBootFromVolume:setUpClass): 200 GET http://10.180.1.21/volume/v3/volumes/97bff836-3c9c-4e15-864d-cf772765590e 0.045s
2025-01-13 05:40:12.365 68135 INFO tempest.lib.common.rest_client [req-cfaaff12-37f0-44b2-8219-bc01ff713fc3 req-cfaaff12-37f0-44b2-8219-bc01ff713fc3 ] Request (HypervisorAdminNegativeTestJSON:setUpClass): 201 POST http://10.180.1.21/identity/v3/auth/tokens 0.151s
2025-01-13 05:40:12.384 68155 INFO tempest.lib.common.rest_client [req-3111f395-02f5-4d33-88a8-e406fb71b8a3 req-3111f395-02f5-4d33-88a8-e406fb71b8a3 ] Request (FloatingIPsAssociationTestJSON:test_associate_already_associated_floating_ip): 200 GET http://10.180.1.21/compute/v2.1/servers/2ea11da2-39bb-4c31-85c0-dd4f48bb793c 1.542s
2025-01-13 05:40:12.424 68183 INFO tempest.lib.common.rest_client [req-8325febc-a379-408c-a106-98fbf4fc9ec1 req-8325febc-a379-408c-a106-98fbf4fc9ec1 ] Request (AggregatesAdminNegativeTestJSON:test_aggregate_create_with_existent_aggregate_name): 200 POST http://10.180.1.21/compute/v2.1/os-aggregates 1.577s
2025-01-13 05:40:12.546 68161 INFO tempest.lib.common.rest_client [req-6ee61520-ea66-43a2-92aa-0aafe633d6d9 req-6ee61520-ea66-43a2-92aa-0aafe633d6d9 ] Request (ServerDiagnosticsV248Test:test_get_server_diagnostics): 202 POST http://10.180.1.21/compute/v2.1/servers 1.745s
