2025-01-13 05:39:59.338 68149 INFO tempest.lib.common.rest_client [req-8e34bf3f-9100-4a4a-9ed9-3db33669d035 req-8e34bf3f-9100-4a4a-9ed9-3db33669d035 ] Request (VolumesAssistedSnapshotsTest:test_volume_assisted_snapshot_create_delete): 201 POST http://10.180.1.21:9696/networking/v2.0/floatingips 1.272s
2025-01-13 05:39:59.378 68159 INFO tempest.lib.common.rest_client [req-6b1f73c1-8798-4d1c-9db1-96ce2b1db8dd req-6b1f73c1-8798-4d1c-9db1-96ce2b1db8dd ] Request (NetworksTest:test_get_network): 200 GET http://10.180.1.21/compute/v2.1/os-networks 2.824s
2025-01-13 05:39:59.386 68163 INFO tempest.lib.common.rest_client [req-727d3a9c-7ded-462a-915c-297ee176b375 req-727d3a9c-7ded-462a-915c-297ee176b375 ] Request (ValidationResourcesFixture:setUp): 201 POST http://10.180.1.21:9696/networking/v2.0/security-groups 0.536s
2025-01-13 05:39:59.390 68149 INFO tempest.lib.common.rest_client [req-513d602e-a3bb-4d8f-bf13-129fe47da618 req-513d602e-a3bb-4d8f-bf13-129fe47da618 ] Request (VolumesAssistedSnapshotsTest:test_volume_assisted_snapshot_create_delete): 201 POST http://10.180.1.21/identity/v3/auth/tokens 0.044s
2025-01-13 05:39:59.391 68149 INFO tempest.lib.common.fixed_network [-] (VolumesAssistedSnapshotsTest:test_volume_assisted_snapshot_create_delete) Found network {'id': '91613268-3691-4767-9ccc-be223962082e', 'name': 'tempest-VolumesAssistedSnapshotsTest-1352039776-network', 'tenant_id': '683f1453f0e942948f11af2a02a784a0', 'admin_state_up': True, 'mtu': 8950, 'status': 'ACTIVE', 'subnets': [], 'shared': False, 'project_id': '683f1453f0e942948f11af2a02a784a0', 'port_security_enabled': True, 'router:external': False, 'provider:network_type': 'vlan', 'provider:physical_network': 'default', 'provider:segmentation_id': 165, 'availability_zone_hints': [], 'availability_zones': [], 'ipv4_address_scope': None, 'ipv6_address_scope': None, 'description': '', 'tags': [], 'created_at': '2025-01-13T05:39:27Z', 'updated_at': '2025-01-13T05:39:27Z', 'revision_number': 1} available for tenant
2025-01-13 05:39:59.399 68143 INFO tempest.lib.common.rest_client [req-35359dfa-05c2-4cf7-903f-a18e25068d61 req-35359dfa-05c2-4cf7-903f-a18e25068d61 ] Request (FlavorsAdminTestJSON:_run_cleanups): 202 DELETE http://10.180.1.21/compute/v2.1/flavors/594343820 2.765s
2025-01-13 05:39:59.415 68127 INFO tempest.lib.common.rest_client [req-f330f1a7-d536-411f-8be8-f8337d324ed8 req-f330f1a7-d536-411f-8be8-f8337d324ed8 ] Request (ServersWithSpecificFlavorTestJSON:test_verify_created_server_ephemeral_disk): 200 GET http://10.180.1.21/compute/v2.1/flavors/42/os-extra_specs 2.629s
2025-01-13 05:39:59.428 68175 INFO tempest.lib.common.rest_client [req-7f65be86-7d72-40e3-947a-4d73ab2bb7be req-7f65be86-7d72-40e3-947a-4d73ab2bb7be ] Request (FlavorsAccessTestJSON:test_flavor_access_list_with_private_flavor): 200 GET http://10.180.1.21/compute/v2.1/flavors/1731657180/os-flavor-access 2.391s
2025-01-13 05:39:59.465 68169 INFO tempest.lib.common.rest_client [req-f17a7efb-fc01-47b2-8c6a-848cbbbbc108 req-f17a7efb-fc01-47b2-8c6a-848cbbbbc108 ] Request (ImagesTestJSON:setUpClass): 201 POST http://10.180.1.21:9696/networking/v2.0/routers 2.176s
2025-01-13 05:39:59.511 68165 INFO tempest.lib.common.rest_client [req-902871d9-ce3c-4882-b58a-5b60e318d317 req-902871d9-ce3c-4882-b58a-5b60e318d317 ] Request (ServersTestFqdnHostnames:setUpClass): 200 PUT http://10.180.1.21:9696/networking/v2.0/routers/2b189d68-2c26-40cf-a16d-67f6f45184a5/add_router_interface 2.768s
2025-01-13 05:39:59.512 68165 INFO tempest.lib.common.dynamic_creds [-] Created isolated network resources for: credentials: Credentials: {'domain_id': 'default', 'domain_name': 'Default', 'username': 'tempest-ServersTestFqdnHostnames-223813801-project-member', 'project_domain_id': 'default', 'project_domain_name': 'Default', 'project_id': '26ddfc09efcf4c5694753f07b383b42b', 'project_name': 'tempest-ServersTestFqdnHostnames-223813801', 'tenant_id': '26ddfc09efcf4c5694753f07b383b42b', 'tenant_name': 'tempest-ServersTestFqdnHostnames-223813801', 'user_domain_id': 'default', 'user_domain_name': 'Default', 'user_id': 'abaa81ae74f14b92988157313657a93e', 'system': None}, Network: {'id': '4c7bbdb6-2ab1-4e82-ad38-509e55cb00cd', 'name': 'tempest-ServersTestFqdnHostnames-685334683-network', 'tenant_id': '26ddfc09efcf4c5694753f07b383b42b', 'admin_state_up': True, 'mtu': 8950, 'status': 'ACTIVE', 'subnets': [], 'shared': False, 'project_id': '26ddfc09efcf4c5694753f07b383b42b', 'port_security_enabled': True, 'router:external': False, 'provider:network_type': 'vlan', 'provider:physical_network': 'default', 'provider:segmentation_id': 704, 'availability_zone_hints': [], 'availability_zones': [], 'ipv4_address_scope': None, 'ipv6_address_scope': None, 'description': '', 'tags': [], 'created_at': '2025-01-13T05:39:51Z', 'updated_at': '2025-01-13T05:39:51Z', 'revision_number': 1}, Subnet: {'id': '32d36ecd-90c7-40a8-99c9-588ec59c1db1', 'name': 'tempest-ServersTestFqdnHostnames-685334683-subnet', 'tenant_id': '26ddfc09efcf4c5694753f07b383b42b', 'network_id': '4c7bbdb6-2ab1-4e82-ad38-509e55cb00cd', 'ip_version': 4, 'subnetpool_id': None, 'enable_dhcp': True, 'ipv6_ra_mode': None, 'ipv6_address_mode': None, 'gateway_ip': '192.168.128.1', 'cidr': '192.168.128.0/28', 'allocation_pools': [{'start': '192.168.128.2', 'end': '192.168.128.14'}], 'host_routes': [], 'dns_nameservers': [], 'description': '', 'router:external': False, 'service_types': [], 'tags': [], 'created_at': '2025-01-13T05:39:52Z', 'updated_at': '2025-01-13T05:39:52Z', 'revision_number': 0, 'project_id': '26ddfc09efcf4c5694753f07b383b42b'}, Router: {'id': '2b189d68-2c26-40cf-a16d-67f6f45184a5', 'name': 'tempest-ServersTestFqdnHostnames-685334683-router', 'tenant_id': '26ddfc09efcf4c5694753f07b383b42b', 'admin_state_up': True, 'status': 'ACTIVE', 'external_gateway_info': {'network_id': '93cd44ef-d8e6-433b-9757-9905c800683a', 'external_fixed_ips': [{'subnet_id': '6b110329-f128-4bde-a38a-a840c1483747', 'ip_address': '10.180.180.130'}], 'enable_snat': True}, 'description': '', 'availability_zones': [], 'distributed': False, 'ha': False, 'availability_zone_hints': [], 'routes': [], 'flavor_id': None, 'tags': [], 'created_at': '2025-01-13T05:39:53Z', 'updated_at': '2025-01-13T05:39:55Z', 'revision_number': 2, 'project_id': '26ddfc09efcf4c5694753f07b383b42b'}
2025-01-13 05:39:59.605 68163 INFO tempest.lib.common.rest_client [req-e8511349-fd23-4846-adda-352866f44bd6 req-e8511349-fd23-4846-adda-352866f44bd6 ] Request (ValidationResourcesFixture:setUp): 201 POST http://10.180.1.21:9696/networking/v2.0/security-group-rules 0.218s
2025-01-13 05:39:59.643 68165 INFO tempest.lib.common.rest_client [req-fbd53f3b-98c7-4173-9197-d446380e05b0 req-fbd53f3b-98c7-4173-9197-d446380e05b0 ] Request (ServersTestFqdnHostnames:setUpClass): 201 POST http://10.180.1.21/identity/v3/auth/tokens 0.086s
2025-01-13 05:39:59.690 68155 INFO tempest.lib.common.rest_client [req-416622c0-1659-4048-899c-58bbd8fc4052 req-416622c0-1659-4048-899c-58bbd8fc4052 ] Request (FloatingIPsAssociationTestJSON:setUpClass): 200 GET http://10.180.1.21/compute/v2.1/servers/f53dbc3e-445d-4d0a-85a1-70003bd67502 2.438s
2025-01-13 05:39:59.697 68135 INFO tempest.lib.common.rest_client [req-ce5daa39-b265-464c-9667-31a2b8c63a9f req-ce5daa39-b265-464c-9667-31a2b8c63a9f ] Request (HostsAdminNegativeTestJSON:test_startup_host_with_non_admin_user): 403 GET http://10.180.1.21/compute/v2.1/os-hosts/devstack/startup 2.414s
2025-01-13 05:39:59.721 68137 INFO tempest.lib.common.rest_client [req-1d939c85-d4ee-42e7-b11a-52cbb256e1c7 req-1d939c85-d4ee-42e7-b11a-52cbb256e1c7 ] Request (FlavorsAccessNegativeTestJSON:_run_cleanups): 200 GET http://10.180.1.21/compute/v2.1/flavors/detail 2.417s
2025-01-13 05:39:59.746 68181 INFO tempest.lib.common.rest_client [req-ef2e79f9-2462-4200-9da9-b962870f3f89 req-ef2e79f9-2462-4200-9da9-b962870f3f89 ] Request (FlavorsExtraSpecsTestJSON:test_flavor_set_get_update_show_unset_keys): 200 DELETE http://10.180.1.21/compute/v2.1/flavors/63608059/os-extra_specs/hw:cpu_policy 2.417s
2025-01-13 05:39:59.762 68147 INFO tempest.lib.common.rest_client [req-250deea2-ee3c-4902-a146-f8706556071e req-250deea2-ee3c-4902-a146-f8706556071e ] Request (ServersTestBootFromVolume:setUpClass): 200 GET http://10.180.1.21/volume/v3/volumes/97bff836-3c9c-4e15-864d-cf772765590e 0.038s
2025-01-13 05:39:59.774 68129 INFO tempest.lib.common.rest_client [req-76f2f1fc-c25a-4ed2-9132-059bb2c55f54 req-76f2f1fc-c25a-4ed2-9132-059bb2c55f54 ] Request (KeyPairsV2TestJSON:test_keypair_create_with_pub_key): 200 POST http://10.180.1.21/compute/v2.1/os-keypairs 2.425s
2025-01-13 05:39:59.886 68189 INFO tempest.lib.common.rest_client [req-763923dc-6131-4cf2-921d-3f52208e9c43 req-763923dc-6131-4cf2-921d-3f52208e9c43 ] Request (QuotasAdminNegativeTest:_run_cleanups): 200 PUT http://10.180.1.21/compute/v2.1/os-quota-sets/cb31ed9739b946bfbf64746e9d3038f9 2.464s
2025-01-13 05:39:59.904 68183 INFO tempest.lib.common.rest_client [req-e3aeb5b9-009a-4f20-9dd1-c482961f6ee3 req-e3aeb5b9-009a-4f20-9dd1-c482961f6ee3 ] Request (AggregatesAdminNegativeTestJSON:_run_cleanups): 200 DELETE http://10.180.1.21/compute/v2.1/os-aggregates/2 2.461s
2025-01-13 05:39:59.956 68163 INFO tempest.lib.common.rest_client [req-eaced5c1-5b41-46aa-ab2e-43182124a825 req-eaced5c1-5b41-46aa-ab2e-43182124a825 ] Request (ValidationResourcesFixture:setUp): 201 POST http://10.180.1.21:9696/networking/v2.0/security-group-rules 0.351s
2025-01-13 05:40:00.104 68141 INFO tempest.lib.common.rest_client [req-b97e6f88-074a-4c4d-84d9-cc30c63428bf req-b97e6f88-074a-4c4d-84d9-cc30c63428bf ] Request (ServerDiagnosticsNegativeTest:test_get_server_diagnostics_by_non_admin): 200 GET http://10.180.1.21/compute/v2.1/servers/757fdf47-4cd0-4d2e-8bc6-6acad00d15b5 2.559s
2025-01-13 05:40:00.291 68145 INFO tempest.lib.common.rest_client [req-7e0f66be-4499-4744-b6d4-edc7d2e63df2 req-7e0f66be-4499-4744-b6d4-edc7d2e63df2 ] Request (ServerDiagnosticsTest:test_get_server_diagnostics): 200 GET http://10.180.1.21/compute/v2.1/servers/2517cede-ec2b-4121-8f26-d1666d5ad1f2 2.671s
2025-01-13 05:40:00.302 68145 INFO tempest.common.waiters [-] State transition "BUILD/networking" ==> "BUILD/spawning" after 4 second wait
2025-01-13 05:40:00.399 68161 INFO tempest.lib.common.rest_client [req-7b56ab2d-fb38-4718-b749-b2c321096faa req-7b56ab2d-fb38-4718-b749-b2c321096faa ] Request (QuotasAdminTestJSON:test_get_updated_quotas): 200 PUT http://10.180.1.21/compute/v2.1/os-quota-sets/37713e9a982046e6b34366a43d6e500b?user_id=1464040e94a64afea936271c9d8addb1 2.745s
2025-01-13 05:40:00.552 68139 INFO tempest.lib.common.rest_client [req-876540d0-2959-41df-837a-6ffce3218f32 req-876540d0-2959-41df-837a-6ffce3218f32 ] Request (AttachInterfacesTestJSON:setUpClass): 200 PUT http://10.180.1.21:9696/networking/v2.0/routers/4d6c2d9b-7893-4064-966b-45772b202964/add_router_interface 3.087s
2025-01-13 05:40:00.552 68139 INFO tempest.lib.common.dynamic_creds [-] Created isolated network resources for: credentials: Credentials: {'domain_id': 'default', 'domain_name': 'Default', 'username': 'tempest-AttachInterfacesTestJSON-49339909-project-member', 'project_domain_id': 'default', 'project_domain_name': 'Default', 'project_id': 'fcee66b8d20c42cfbc4051203f242c09', 'project_name': 'tempest-AttachInterfacesTestJSON-49339909', 'tenant_id': 'fcee66b8d20c42cfbc4051203f242c09', 'tenant_name': 'tempest-AttachInterfacesTestJSON-49339909', 'user_domain_id': 'default', 'user_domain_name': 'Default', 'user_id': 'a2c46b1c1028412baadbc08c78f9c875', 'system': None}, Network: {'id': '76a3e0ef-6952-4907-be05-ada13a57e025', 'name': 'tempest-AttachInterfacesTestJSON-135859810-network', 'tenant_id': 'fcee66b8d20c42cfbc4051203f242c09', 'admin_state_up': True, 'mtu': 8950, 'status': 'ACTIVE', 'subnets': [], 'shared': False, 'project_id': 'fcee66b8d20c42cfbc4051203f242c09', 'port_security_enabled': True, 'router:external': False, 'provider:network_type': 'vlan', 'provider:physical_network': 'default', 'provider:segmentation_id': 120, 'availability_zone_hints': [], 'availability_zones': [], 'ipv4_address_scope': None, 'ipv6_address_scope': None, 'description': '', 'tags': [], 'created_at': '2025-01-13T05:39:54Z', 'updated_at': '2025-01-13T05:39:55Z', 'revision_number': 1}, Subnet: {'id': 'fde3adfa-72f5-430d-ab57-2c0b0cd6c345', 'name': 'tempest-AttachInterfacesTestJSON-135859810-subnet', 'tenant_id': 'fcee66b8d20c42cfbc4051203f242c09', 'network_id': '76a3e0ef-6952-4907-be05-ada13a57e025', 'ip_version': 4, 'subnetpool_id': None, 'enable_dhcp': True, 'ipv6_ra_mode': None, 'ipv6_address_mode': None, 'gateway_ip': '192.168.128.1', 'cidr': '192.168.128.0/28', 'allocation_pools': [{'start': '192.168.128.2', 'end': '192.168.128.14'}], 'host_routes': [], 'dns_nameservers': [], 'description': '', 'router:external': False, 'service_types': [], 'tags': [], 'created_at': '2025-01-13T05:39:55Z', 'updated_at': '2025-01-13T05:39:55Z', 'revision_number': 0, 'project_id': 'fcee66b8d20c42cfbc4051203f242c09'}, Router: {'id': '4d6c2d9b-7893-4064-966b-45772b202964', 'name': 'tempest-AttachInterfacesTestJSON-135859810-router', 'tenant_id': 'fcee66b8d20c42cfbc4051203f242c09', 'admin_state_up': True, 'status': 'ACTIVE', 'external_gateway_info': {'network_id': '93cd44ef-d8e6-433b-9757-9905c800683a', 'external_fixed_ips': [{'subnet_id': '6b110329-f128-4bde-a38a-a840c1483747', 'ip_address': '10.180.180.216'}], 'enable_snat': True}, 'description': '', 'availability_zones': [], 'distributed': False, 'ha': False, 'availability_zone_hints': [], 'routes': [], 'flavor_id': None, 'tags': [], 'created_at': '2025-01-13T05:39:56Z', 'updated_at': '2025-01-13T05:39:56Z', 'revision_number': 2, 'project_id': 'fcee66b8d20c42cfbc4051203f242c09'}
2025-01-13 05:40:00.699 68139 INFO tempest.lib.common.rest_client [req-9300c29c-72f4-45c3-9844-8ca8001dda8b req-9300c29c-72f4-45c3-9844-8ca8001dda8b ] Request (AttachInterfacesTestJSON:setUpClass): 201 POST http://10.180.1.21/identity/v3/auth/tokens 0.089s
2025-01-13 05:40:00.729 68173 INFO tempest.lib.common.rest_client [req-b3e5043a-484c-42e9-8853-e41c917e75a5 req-b3e5043a-484c-42e9-8853-e41c917e75a5 ] Request (FloatingIPDetailsTestJSON:setUpClass): 200 POST http://10.180.1.21/compute/v2.1/os-floating-ips 4.104s
2025-01-13 05:40:00.811 68147 INFO tempest.lib.common.rest_client [req-e2c58a83-b476-4e8e-8ec1-48890852bcd1 req-e2c58a83-b476-4e8e-8ec1-48890852bcd1 ] Request (ServersTestBootFromVolume:setUpClass): 200 GET http://10.180.1.21/volume/v3/volumes/97bff836-3c9c-4e15-864d-cf772765590e 0.039s
2025-01-13 05:40:00.813 68163 INFO tempest.lib.common.rest_client [req-d2c0d8ac-e678-48ce-82ce-68eb23e672a9 req-d2c0d8ac-e678-48ce-82ce-68eb23e672a9 ] Request (ValidationResourcesFixture:setUp): 201 POST http://10.180.1.21:9696/networking/v2.0/floatingips 0.856s
2025-01-13 05:40:00.859 68163 INFO tempest.lib.common.rest_client [req-e6b67b38-3805-44a3-a904-6ee1b60b5be7 req-e6b67b38-3805-44a3-a904-6ee1b60b5be7 ] Request (AttachVolumeShelveTestJSON:test_attach_volume_shelved_or_offload_server): 201 POST http://10.180.1.21/identity/v3/auth/tokens 0.041s
2025-01-13 05:40:00.860 68163 INFO tempest.lib.common.fixed_network [-] (AttachVolumeShelveTestJSON:test_attach_volume_shelved_or_offload_server) Found network {'id': 'eb2d6333-6feb-42e5-9717-6876dff542d9', 'name': 'tempest-AttachVolumeShelveTestJSON-1329087226-network', 'tenant_id': '4f69900108444e6d8f18f3b351fe1a01', 'admin_state_up': True, 'mtu': 8950, 'status': 'ACTIVE', 'subnets': [], 'shared': False, 'project_id': '4f69900108444e6d8f18f3b351fe1a01', 'port_security_enabled': True, 'router:external': False, 'provider:network_type': 'vlan', 'provider:physical_network': 'default', 'provider:segmentation_id': 193, 'availability_zone_hints': [], 'availability_zones': [], 'ipv4_address_scope': None, 'ipv6_address_scope': None, 'description': '', 'tags': [], 'created_at': '2025-01-13T05:39:46Z', 'updated_at': '2025-01-13T05:39:46Z', 'revision_number': 1} available for tenant
2025-01-13 05:40:00.874 68131 INFO tempest.lib.common.rest_client [req-c88795da-09fd-4a69-9551-7fd10183d714 req-c88795da-09fd-4a69-9551-7fd10183d714 ] Request (DeleteServersAdminTestJSON:test_admin_delete_servers_of_others): 200 GET http://10.180.1.21/compute/v2.1/servers/72d8c66d-8cc8-4c6e-a5ff-157fa192849c 2.852s
2025-01-13 05:40:01.011 68167 INFO tempest.lib.common.rest_client [req-7b18a9f3-109b-4116-9996-b0e4745fec7d req-7b18a9f3-109b-4116-9996-b0e4745fec7d ] Request (ImagesOneServerTestJSON:setUpClass): 202 POST http://10.180.1.21/compute/v2.1/servers 3.176s
2025-01-13 05:40:01.078 68171 INFO tempest.lib.common.rest_client [req-e670f268-8784-4a2b-84c7-7f8defd13529 req-e670f268-8784-4a2b-84c7-7f8defd13529 ] Request (TenantUsagesTestJSON:setUpClass): 200 GET http://10.180.1.21/compute/v2.1/servers/64e3511f-bfdb-4664-a94a-a2c4121d98ff 2.804s
2025-01-13 05:40:01.084 68171 INFO tempest.common.waiters [-] State transition "BUILD/None" ==> "BUILD/networking" after 4 second wait
2025-01-13 05:40:01.099 68153 INFO tempest.lib.common.rest_client [req-54e3c2e0-a5ab-43b1-8a4a-fe1156c9aa36 req-54e3c2e0-a5ab-43b1-8a4a-fe1156c9aa36 ] Request (ServersAdminTestJSON:setUpClass): 200 GET http://10.180.1.21/compute/v2.1/servers/76037297-9052-41aa-9a6c-2fbcb0cb0797 2.985s
2025-01-13 05:40:01.107 68153 INFO tempest.common.waiters [-] State transition "BUILD/None" ==> "BUILD/spawning" after 4 second wait
2025-01-13 05:40:01.142 68177 INFO tempest.lib.common.rest_client [req-a6f48a64-a21b-49a0-81bd-53c5d779d58e req-a6f48a64-a21b-49a0-81bd-53c5d779d58e ] Request (ImagesNegativeTestJSON:test_create_image_from_deleted_server): 200 GET http://10.180.1.21/compute/v2.1/servers/cea98a60-727b-4a91-82ab-601a6b018620 2.644s
2025-01-13 05:40:01.159 68169 INFO tempest.lib.common.rest_client [req-5a76b6a5-8f49-4ab3-88a0-3349c8165fc9 req-5a76b6a5-8f49-4ab3-88a0-3349c8165fc9 ] Request (ImagesTestJSON:setUpClass): 200 PUT http://10.180.1.21:9696/networking/v2.0/routers/f5051ce8-582e-4762-8d84-b6ac7a7210bd/add_router_interface 1.693s
2025-01-13 05:40:01.159 68169 INFO tempest.lib.common.dynamic_creds [-] Created isolated network resources for: credentials: Credentials: {'domain_id': 'default', 'domain_name': 'Default', 'username': 'tempest-ImagesTestJSON-287490172-project-member', 'project_domain_id': 'default', 'project_domain_name': 'Default', 'project_id': '72e089154b3743e9a2b08dba8f337db5', 'project_name': 'tempest-ImagesTestJSON-287490172', 'tenant_id': '72e089154b3743e9a2b08dba8f337db5', 'tenant_name': 'tempest-ImagesTestJSON-287490172', 'user_domain_id': 'default', 'user_domain_name': 'Default', 'user_id': '16c7150a3410427a95c8c223c43f889f', 'system': None}, Network: {'id': '31ec1070-1857-491e-ad99-50c1651ca2a9', 'name': 'tempest-ImagesTestJSON-169888601-network', 'tenant_id': '72e089154b3743e9a2b08dba8f337db5', 'admin_state_up': True, 'mtu': 8950, 'status': 'ACTIVE', 'subnets': [], 'shared': False, 'project_id': '72e089154b3743e9a2b08dba8f337db5', 'port_security_enabled': True, 'router:external': False, 'provider:network_type': 'vlan', 'provider:physical_network': 'default', 'provider:segmentation_id': 373, 'availability_zone_hints': [], 'availability_zones': [], 'ipv4_address_scope': None, 'ipv6_address_scope': None, 'description': '', 'tags': [], 'created_at': '2025-01-13T05:39:56Z', 'updated_at': '2025-01-13T05:39:56Z', 'revision_number': 1}, Subnet: {'id': '9ac19445-04ce-4a97-a2aa-469246fec2ba', 'name': 'tempest-ImagesTestJSON-169888601-subnet', 'tenant_id': '72e089154b3743e9a2b08dba8f337db5', 'network_id': '31ec1070-1857-491e-ad99-50c1651ca2a9', 'ip_version': 4, 'subnetpool_id': None, 'enable_dhcp': True, 'ipv6_ra_mode': None, 'ipv6_address_mode': None, 'gateway_ip': '192.168.128.1', 'cidr': '192.168.128.0/28', 'allocation_pools': [{'start': '192.168.128.2', 'end': '192.168.128.14'}], 'host_routes': [], 'dns_nameservers': [], 'description': '', 'router:external': False, 'service_types': [], 'tags': [], 'created_at': '2025-01-13T05:39:56Z', 'updated_at': '2025-01-13T05:39:56Z', 'revision_number': 0, 'project_id': '72e089154b3743e9a2b08dba8f337db5'}, Router: {'id': 'f5051ce8-582e-4762-8d84-b6ac7a7210bd', 'name': 'tempest-ImagesTestJSON-169888601-router', 'tenant_id': '72e089154b3743e9a2b08dba8f337db5', 'admin_state_up': True, 'status': 'ACTIVE', 'external_gateway_info': {'network_id': '93cd44ef-d8e6-433b-9757-9905c800683a', 'external_fixed_ips': [{'subnet_id': '6b110329-f128-4bde-a38a-a840c1483747', 'ip_address': '10.180.180.180'}], 'enable_snat': True}, 'description': '', 'availability_zones': [], 'distributed': False, 'ha': False, 'availability_zone_hints': [], 'routes': [], 'flavor_id': None, 'tags': [], 'created_at': '2025-01-13T05:39:57Z', 'updated_at': '2025-01-13T05:39:58Z', 'revision_number': 2, 'project_id': '72e089154b3743e9a2b08dba8f337db5'}
2025-01-13 05:40:01.271 68151 INFO tempest.lib.common.rest_client [req-1d5db5a5-7327-42fd-abe3-95958b6fe669 req-1d5db5a5-7327-42fd-abe3-95958b6fe669 ] Request (ServersTestMultiNic:test_verify_duplicate_network_nics): 200 GET http://10.180.1.21/compute/v2.1/servers/0c820897-b639-4402-801c-ccdadccc56db 2.124s
2025-01-13 05:40:01.273 68169 INFO tempest.lib.common.rest_client [req-3e86c9cb-eceb-4d71-926c-abac00f3a2c0 req-3e86c9cb-eceb-4d71-926c-abac00f3a2c0 ] Request (ImagesTestJSON:setUpClass): 201 POST http://10.180.1.21/identity/v3/auth/tokens 0.110s
2025-01-13 05:40:01.337 68169 INFO tempest.lib.common.rest_client [req-2512578b-78a7-4c4e-8146-81d4edb48003 req-2512578b-78a7-4c4e-8146-81d4edb48003 ] Request (ImagesTestJSON:test_create_image_from_stopped_server): 201 POST http://10.180.1.21/identity/v3/auth/tokens 0.053s
2025-01-13 05:40:01.337 68169 INFO tempest.lib.common.fixed_network [-] (ImagesTestJSON:test_create_image_from_stopped_server) Found network {'id': '31ec1070-1857-491e-ad99-50c1651ca2a9', 'name': 'tempest-ImagesTestJSON-169888601-network', 'tenant_id': '72e089154b3743e9a2b08dba8f337db5', 'admin_state_up': True, 'mtu': 8950, 'status': 'ACTIVE', 'subnets': [], 'shared': False, 'project_id': '72e089154b3743e9a2b08dba8f337db5', 'port_security_enabled': True, 'router:external': False, 'provider:network_type': 'vlan', 'provider:physical_network': 'default', 'provider:segmentation_id': 373, 'availability_zone_hints': [], 'availability_zones': [], 'ipv4_address_scope': None, 'ipv6_address_scope': None, 'description': '', 'tags': [], 'created_at': '2025-01-13T05:39:56Z', 'updated_at': '2025-01-13T05:39:56Z', 'revision_number': 1} available for tenant
2025-01-13 05:40:01.342 68133 INFO tempest.lib.common.rest_client [req-0eeca055-d20d-4047-9c26-fc5da59a6e7c req-0eeca055-d20d-4047-9c26-fc5da59a6e7c ] Request (SecurityGroupsTestAdminJSON:_run_cleanups): 202 DELETE http://10.180.1.21/compute/v2.1/os-security-groups/ad5dd05f-abbf-40f6-9048-08d042607bb5 2.596s
2025-01-13 05:40:01.381 68159 INFO tempest.lib.common.rest_client [req-27f025e7-bffd-46d5-9328-5be80a9fba53 req-27f025e7-bffd-46d5-9328-5be80a9fba53 ] Request (NetworksTest:test_get_network): 200 GET http://10.180.1.21/compute/v2.1/os-networks/93cd44ef-d8e6-433b-9757-9905c800683a 2.002s
2025-01-13 05:40:01.413 68143 INFO tempest.lib.common.rest_client [req-c8cb0d58-6e1e-404a-80cf-1a080e1e60d7 req-c8cb0d58-6e1e-404a-80cf-1a080e1e60d7 ] Request (FlavorsAdminTestJSON:_run_cleanups): 200 GET http://10.180.1.21/compute/v2.1/flavors/detail 2.014s
2025-01-13 05:40:01.445 68127 INFO tempest.lib.common.rest_client [req-e60e1386-73fa-4d68-879e-f19a5484c1b3 req-e60e1386-73fa-4d68-879e-f19a5484c1b3 ] Request (ServersWithSpecificFlavorTestJSON:test_verify_created_server_ephemeral_disk): 200 POST http://10.180.1.21/compute/v2.1/flavors/1257949135/os-extra_specs 2.029s
2025-01-13 05:40:01.465 68175 INFO tempest.lib.common.rest_client [req-4b644463-d166-4366-b2ee-e112ab5eb2ff req-4b644463-d166-4366-b2ee-e112ab5eb2ff ] Request (FlavorsAccessTestJSON:_run_cleanups): 202 DELETE http://10.180.1.21/compute/v2.1/flavors/1731657180 2.035s
2025-01-13 05:40:01.565 68165 INFO tempest.lib.common.rest_client [req-f5417105-6c58-4fdf-b459-1c117400f935 req-f5417105-6c58-4fdf-b459-1c117400f935 ] Request (ServersTestFqdnHostnames:test_create_server_with_fqdn_name): 200 POST http://10.180.1.21/compute/v2.1/os-keypairs 1.920s
2025-01-13 05:40:01.602 68135 INFO tempest.lib.common.rest_client [req-0284c633-b605-4165-bfaa-da687a8da03f req-0284c633-b605-4165-bfaa-da687a8da03f ] Request (HostsAdminNegativeTestJSON:test_startup_nonexistent_host): 404 GET http://10.180.1.21/compute/v2.1/os-hosts/nonexistent_hostname/startup 1.904s
2025-01-13 05:40:01.618 68137 INFO tempest.lib.common.rest_client [req-ffaba02a-6dc3-481d-afa1-7a0b05e9b7f4 req-ffaba02a-6dc3-481d-afa1-7a0b05e9b7f4 ] Request (FlavorsAccessNegativeTestJSON:test_flavor_non_admin_add): 200 POST http://10.180.1.21/compute/v2.1/flavors 1.890s
2025-01-13 05:40:01.637 68181 INFO tempest.lib.common.rest_client [req-183cd2f9-9eee-437e-a910-a4dfcf90ee67 req-183cd2f9-9eee-437e-a910-a4dfcf90ee67 ] Request (FlavorsExtraSpecsTestJSON:test_flavor_set_get_update_show_unset_keys): 200 GET http://10.180.1.21/compute/v2.1/flavors/63608059/os-extra_specs 1.890s
2025-01-13 05:40:01.668 68129 INFO tempest.lib.common.rest_client [req-d78cd2db-ca90-4c06-b50c-1d83589fe07d req-d78cd2db-ca90-4c06-b50c-1d83589fe07d ] Request (KeyPairsV2TestJSON:_run_cleanups): 202 DELETE http://10.180.1.21/compute/v2.1/os-keypairs/tempest-keypair-994154369 1.893s
2025-01-13 05:40:01.711 68189 INFO tempest.lib.common.rest_client [req-eb2aad10-0963-4415-a6f0-5b031667a449 req-eb2aad10-0963-4415-a6f0-5b031667a449 ] Request (QuotasAdminNegativeTest:test_create_server_when_memory_quota_is_full): 200 GET http://10.180.1.21/compute/v2.1/os-quota-sets/cb31ed9739b946bfbf64746e9d3038f9 1.821s
2025-01-13 05:40:01.736 68183 INFO tempest.lib.common.rest_client [req-be6a2990-cc13-486b-acf8-728b09a20c2e req-be6a2990-cc13-486b-acf8-728b09a20c2e ] Request (AggregatesAdminNegativeTestJSON:test_aggregate_add_non_exist_host): 200 POST http://10.180.1.21/compute/v2.1/os-aggregates 1.831s
2025-01-13 05:40:01.821 68185 INFO tempest.lib.common.rest_client [req-36d7156e-c30a-4a20-8d70-60b155a4c90b req-36d7156e-c30a-4a20-8d70-60b155a4c90b ] Request (MigrationsAdminTest:test_list_migrations_in_flavor_resize_situation): 200 GET http://10.180.1.21/compute/v2.1/servers/6f5d3e70-e4fe-43a6-9de4-daa23c9d3ee6 1.881s
2025-01-13 05:40:01.826 68165 INFO tempest.lib.common.rest_client [req-c1b30969-bfb5-4489-92bf-1e7fba44a082 req-c1b30969-bfb5-4489-92bf-1e7fba44a082 ] Request (ServersTestFqdnHostnames:test_create_server_with_fqdn_name): 201 POST http://10.180.1.21:9696/networking/v2.0/security-groups 0.259s
2025-01-13 05:40:01.859 68147 INFO tempest.lib.common.rest_client [req-d1ea2661-5f47-445c-aab4-9be41ed26757 req-d1ea2661-5f47-445c-aab4-9be41ed26757 ] Request (ServersTestBootFromVolume:setUpClass): 200 GET http://10.180.1.21/volume/v3/volumes/97bff836-3c9c-4e15-864d-cf772765590e 0.036s
2025-01-13 05:40:01.867 68161 INFO tempest.lib.common.rest_client [req-49cfcfba-57a7-498d-8d5b-39a291211ea4 req-49cfcfba-57a7-498d-8d5b-39a291211ea4 ] Request (QuotasAdminTestJSON:test_get_updated_quotas): 200 GET http://10.180.1.21/compute/v2.1/os-quota-sets/37713e9a982046e6b34366a43d6e500b?user_id=1464040e94a64afea936271c9d8addb1 1.465s
2025-01-13 05:40:01.973 68161 INFO tempest.lib.common.rest_client [req-3862d757-03c7-4bfc-847b-74a9acde5b5d req-3862d757-03c7-4bfc-847b-74a9acde5b5d ] Request (QuotasAdminTestJSON:_run_cleanups): 204 DELETE http://10.180.1.21/identity/v3/users/1464040e94a64afea936271c9d8addb1 0.103s
2025-01-13 05:40:02.098 68165 INFO tempest.lib.common.rest_client [req-d60ba49e-76ef-4e30-9f4f-d6051dc2124e req-d60ba49e-76ef-4e30-9f4f-d6051dc2124e ] Request (ServersTestFqdnHostnames:test_create_server_with_fqdn_name): 201 POST http://10.180.1.21:9696/networking/v2.0/security-group-rules 0.271s
2025-01-13 05:40:02.102 68149 INFO tempest.lib.common.rest_client [req-b225df4a-5b80-4155-a821-6d6e955a013b req-b225df4a-5b80-4155-a821-6d6e955a013b ] Request (VolumesAssistedSnapshotsTest:test_volume_assisted_snapshot_create_delete): 202 POST http://10.180.1.21/compute/v2.1/servers 2.711s
2025-01-13 05:40:02.132 68161 INFO tempest.lib.common.rest_client [req-5343a461-1661-41ea-9b2b-3956ccfc1cef req-5343a461-1661-41ea-9b2b-3956ccfc1cef ] Request (QuotasAdminTestJSON:_run_cleanups): 204 DELETE http://10.180.1.21/identity/v3/projects/37713e9a982046e6b34366a43d6e500b 0.159s
2025-01-13 05:40:02.286 68155 INFO tempest.lib.common.rest_client [req-48ef498a-5346-4287-ba4f-7599d7bc0117 req-48ef498a-5346-4287-ba4f-7599d7bc0117 ] Request (FloatingIPsAssociationTestJSON:setUpClass): 200 GET http://10.180.1.21/compute/v2.1/servers/f53dbc3e-445d-4d0a-85a1-70003bd67502 1.588s
2025-01-13 05:40:02.333 68139 INFO tempest.lib.common.rest_client [req-09f4cc59-a7c0-4d0a-9deb-092aa201c69e req-09f4cc59-a7c0-4d0a-9deb-092aa201c69e ] Request (ValidationResourcesFixture:setUp): 200 POST http://10.180.1.21/compute/v2.1/os-keypairs 1.632s
2025-01-13 05:40:02.407 68165 INFO tempest.lib.common.rest_client [req-1901460b-d911-4a80-987d-06e41590297a req-1901460b-d911-4a80-987d-06e41590297a ] Request (ServersTestFqdnHostnames:test_create_server_with_fqdn_name): 201 POST http://10.180.1.21:9696/networking/v2.0/security-group-rules 0.308s
2025-01-13 05:40:02.720 68139 INFO tempest.lib.common.rest_client [req-c766408e-e063-4eae-9f10-605aff1dc066 req-c766408e-e063-4eae-9f10-605aff1dc066 ] Request (ValidationResourcesFixture:setUp): 201 POST http://10.180.1.21:9696/networking/v2.0/security-groups 0.385s
2025-01-13 05:40:02.911 68147 INFO tempest.lib.common.rest_client [req-a840e8b7-2514-47d9-bad1-dda05780a922 req-a840e8b7-2514-47d9-bad1-dda05780a922 ] Request (ServersTestBootFromVolume:setUpClass): 200 GET http://10.180.1.21/volume/v3/volumes/97bff836-3c9c-4e15-864d-cf772765590e 0.044s
2025-01-13 05:40:03.017 68139 INFO tempest.lib.common.rest_client [req-85ef353f-bace-4979-9096-c51a16b3424a req-85ef353f-bace-4979-9096-c51a16b3424a ] Request (ValidationResourcesFixture:setUp): 201 POST http://10.180.1.21:9696/networking/v2.0/security-group-rules 0.256s
2025-01-13 05:40:03.155 68139 INFO tempest.lib.common.rest_client [req-52897dca-fe10-4917-8bc4-db4ccd73ecb8 req-52897dca-fe10-4917-8bc4-db4ccd73ecb8 ] Request (ValidationResourcesFixture:setUp): 201 POST http://10.180.1.21:9696/networking/v2.0/security-group-rules 0.138s
2025-01-13 05:40:03.161 68163 INFO tempest.lib.common.rest_client [req-aff5ef11-5d64-4efa-8616-217f102b3d9a req-aff5ef11-5d64-4efa-8616-217f102b3d9a ] Request (AttachVolumeShelveTestJSON:test_attach_volume_shelved_or_offload_server): 202 POST http://10.180.1.21/compute/v2.1/servers 2.300s
2025-01-13 05:40:03.218 68165 INFO tempest.lib.common.rest_client [req-f3b73a67-de99-446c-ab69-9478ec947b73 req-f3b73a67-de99-446c-ab69-9478ec947b73 ] Request (ServersTestFqdnHostnames:test_create_server_with_fqdn_name): 201 POST http://10.180.1.21:9696/networking/v2.0/floatingips 0.810s
2025-01-13 05:40:03.247 68167 INFO tempest.lib.common.rest_client [req-ba9b357e-f776-4c8d-a4f1-35e16720a944 req-ba9b357e-f776-4c8d-a4f1-35e16720a944 ] Request (ImagesOneServerTestJSON:setUpClass): 200 GET http://10.180.1.21/compute/v2.1/servers/296569e8-7780-40f1-9edd-a7515f33c44b 2.234s
2025-01-13 05:40:03.318 68165 INFO tempest.lib.common.rest_client [req-f0825f76-4a3d-47a4-b72f-8ce554ad6cd5 req-f0825f76-4a3d-47a4-b72f-8ce554ad6cd5 ] Request (ServersTestFqdnHostnames:test_create_server_with_fqdn_name): 201 POST http://10.180.1.21/identity/v3/auth/tokens 0.098s
2025-01-13 05:40:03.318 68165 INFO tempest.lib.common.fixed_network [-] (ServersTestFqdnHostnames:test_create_server_with_fqdn_name) Found network {'id': '4c7bbdb6-2ab1-4e82-ad38-509e55cb00cd', 'name': 'tempest-ServersTestFqdnHostnames-685334683-network', 'tenant_id': '26ddfc09efcf4c5694753f07b383b42b', 'admin_state_up': True, 'mtu': 8950, 'status': 'ACTIVE', 'subnets': [], 'shared': False, 'project_id': '26ddfc09efcf4c5694753f07b383b42b', 'port_security_enabled': True, 'router:external': False, 'provider:network_type': 'vlan', 'provider:physical_network': 'default', 'provider:segmentation_id': 704, 'availability_zone_hints': [], 'availability_zones': [], 'ipv4_address_scope': None, 'ipv6_address_scope': None, 'description': '', 'tags': [], 'created_at': '2025-01-13T05:39:51Z', 'updated_at': '2025-01-13T05:39:51Z', 'revision_number': 1} available for tenant
2025-01-13 05:40:03.333 68173 INFO tempest.lib.common.rest_client [req-75fffc74-98ff-404a-a8e6-8bb0289ac22a req-75fffc74-98ff-404a-a8e6-8bb0289ac22a ] Request (FloatingIPDetailsTestJSON:test_get_floating_ip_details): 200 POST http://10.180.1.21/compute/v2.1/os-floating-ips 2.601s
2025-01-13 05:40:03.515 68141 INFO tempest.lib.common.rest_client [req-3e151a81-aa29-4448-88c5-fc004f18b635 req-3e151a81-aa29-4448-88c5-fc004f18b635 ] Request (ServerDiagnosticsNegativeTest:test_get_server_diagnostics_by_non_admin): 200 GET http://10.180.1.21/compute/v2.1/servers/757fdf47-4cd0-4d2e-8bc6-6acad00d15b5 2.398s
2025-01-13 05:40:03.542 68145 INFO tempest.lib.common.rest_client [req-a3103e3d-52bd-479d-b31d-f14d2621df35 req-a3103e3d-52bd-479d-b31d-f14d2621df35 ] Request (ServerDiagnosticsTest:test_get_server_diagnostics): 200 GET http://10.180.1.21/compute/v2.1/servers/2517cede-ec2b-4121-8f26-d1666d5ad1f2 2.239s
2025-01-13 05:40:03.808 68133 INFO tempest.lib.common.rest_client [req-2450b68e-5589-44e7-b17d-a35f87683ec1 req-2450b68e-5589-44e7-b17d-a35f87683ec1 ] Request (SecurityGroupsTestAdminJSON:_run_cleanups): 202 DELETE http://10.180.1.21/compute/v2.1/os-security-groups/e590f11c-e441-40b1-bad2-03a048c2265a 2.465s
2025-01-13 05:40:03.924 68139 INFO tempest.lib.common.rest_client [req-107c70e2-88ee-4b84-9e09-732ef0696345 req-107c70e2-88ee-4b84-9e09-732ef0696345 ] Request (ValidationResourcesFixture:setUp): 201 POST http://10.180.1.21:9696/networking/v2.0/floatingips 0.768s
2025-01-13 05:40:03.959 68147 INFO tempest.lib.common.rest_client [req-313ec6ff-af53-44e5-8dbb-56d542d7b673 req-313ec6ff-af53-44e5-8dbb-56d542d7b673 ] Request (ServersTestBootFromVolume:setUpClass): 200 GET http://10.180.1.21/volume/v3/volumes/97bff836-3c9c-4e15-864d-cf772765590e 0.040s
2025-01-13 05:40:03.969 68139 INFO tempest.lib.common.rest_client [req-177b6a86-0e4a-472a-b5eb-61bc60e489c9 req-177b6a86-0e4a-472a-b5eb-61bc60e489c9 ] Request (AttachInterfacesTestJSON:test_create_list_show_delete_interfaces_by_fixed_ip): 201 POST http://10.180.1.21/identity/v3/auth/tokens 0.042s
2025-01-13 05:40:03.970 68139 INFO tempest.lib.common.fixed_network [-] (AttachInterfacesTestJSON:test_create_list_show_delete_interfaces_by_fixed_ip) Found network {'id': '76a3e0ef-6952-4907-be05-ada13a57e025', 'name': 'tempest-AttachInterfacesTestJSON-135859810-network', 'tenant_id': 'fcee66b8d20c42cfbc4051203f242c09', 'admin_state_up': True, 'mtu': 8950, 'status': 'ACTIVE', 'subnets': [], 'shared': False, 'project_id': 'fcee66b8d20c42cfbc4051203f242c09', 'port_security_enabled': True, 'router:external': False, 'provider:network_type': 'vlan', 'provider:physical_network': 'default', 'provider:segmentation_id': 120, 'availability_zone_hints': [], 'availability_zones': [], 'ipv4_address_scope': None, 'ipv6_address_scope': None, 'description': '', 'tags': [], 'created_at': '2025-01-13T05:39:54Z', 'updated_at': '2025-01-13T05:39:55Z', 'revision_number': 1} available for tenant
2025-01-13 05:40:04.016 68159 INFO tempest.lib.common.rest_client [req-2880e4cc-8647-436e-a427-1cc4b3d59201 req-2880e4cc-8647-436e-a427-1cc4b3d59201 ] Request (NetworksTest:test_list_all_networks): 200 GET http://10.180.1.21/compute/v2.1/os-networks 2.633s
2025-01-13 05:40:04.039 68143 INFO tempest.lib.common.rest_client [req-9dba254a-b6f2-4362-800e-85304735c674 req-9dba254a-b6f2-4362-800e-85304735c674 ] Request (FlavorsAdminTestJSON:test_create_flavor_with_none_id): 200 POST http://10.180.1.21/compute/v2.1/flavors 2.617s
2025-01-13 05:40:04.064 68127 INFO tempest.lib.common.rest_client [req-b0948657-4ed6-4149-8d77-da91c9c7f8aa req-b0948657-4ed6-4149-8d77-da91c9c7f8aa ] Request (ServersWithSpecificFlavorTestJSON:test_verify_created_server_ephemeral_disk): 200 POST http://10.180.1.21/compute/v2.1/flavors 2.618s
2025-01-13 05:40:04.093 68175 INFO tempest.lib.common.rest_client [req-6f3bad12-f497-48b0-8bdf-3d92d5003b54 req-6f3bad12-f497-48b0-8bdf-3d92d5003b54 ] Request (FlavorsAccessTestJSON:_run_cleanups): 200 GET http://10.180.1.21/compute/v2.1/flavors/detail 2.627s
2025-01-13 05:40:04.097 68135 INFO tempest.lib.common.rest_client [req-71aed802-c16c-469f-b2f1-20b32b47bf53 req-71aed802-c16c-469f-b2f1-20b32b47bf53 ] Request (HostsAdminNegativeTestJSON:test_update_host_with_invalid_maintenance_mode): 400 PUT http://10.180.1.21/compute/v2.1/os-hosts/devstack 2.492s
2025-01-13 05:40:04.146 68159 INFO tempest.lib.common.rest_client [req-b7cbf651-2329-4c2e-8c49-fa5cd89a27e4 req-b7cbf651-2329-4c2e-8c49-fa5cd89a27e4 ] Request (NetworksTest:tearDownClass): 204 DELETE http://10.180.1.21/identity/v3/users/b130e22aa09d420fae4c4d790362751b 0.129s
2025-01-13 05:40:04.214 68137 INFO tempest.lib.common.rest_client [req-9dff2a17-f095-4a86-a9cf-2a06a8eed37c req-9dff2a17-f095-4a86-a9cf-2a06a8eed37c ] Request (FlavorsAccessNegativeTestJSON:test_flavor_non_admin_add): 403 POST http://10.180.1.21/compute/v2.1/flavors/1459435929/action 2.594s
2025-01-13 05:40:04.242 68181 INFO tempest.lib.common.rest_client [req-98e4e130-1bd9-4f0b-8803-06f315434ac3 req-98e4e130-1bd9-4f0b-8803-06f315434ac3 ] Request (FlavorsExtraSpecsTestJSON:tearDownClass): 202 DELETE http://10.180.1.21/compute/v2.1/flavors/63608059 2.604s
2025-01-13 05:40:04.259 68175 INFO tempest.lib.common.rest_client [req-db98f31a-25bc-4110-a7e9-412f1081450c req-db98f31a-25bc-4110-a7e9-412f1081450c ] Request (FlavorsAccessTestJSON:tearDownClass): 204 DELETE http://10.180.1.21/identity/v3/users/f9550991028c4846bef4101abfe1c0d1 0.153s
2025-01-13 05:40:04.268 68169 INFO tempest.lib.common.rest_client [req-f0056d63-75ba-4a1b-a5c8-009278797d30 req-f0056d63-75ba-4a1b-a5c8-009278797d30 ] Request (ImagesTestJSON:test_create_image_from_stopped_server): 202 POST http://10.180.1.21/compute/v2.1/servers 2.930s
2025-01-13 05:40:04.292 68129 INFO tempest.lib.common.rest_client [req-ad17cc38-7e6f-46b6-a8ac-28bfbb2f8f2a req-ad17cc38-7e6f-46b6-a8ac-28bfbb2f8f2a ] Request (KeyPairsV2TestJSON:test_keypairs_create_list_delete): 200 POST http://10.180.1.21/compute/v2.1/os-keypairs 2.621s
2025-01-13 05:40:04.321 68183 INFO tempest.lib.common.rest_client [req-035d782b-0e5c-412d-9afb-81d594eb476a req-035d782b-0e5c-412d-9afb-81d594eb476a ] Request (AggregatesAdminNegativeTestJSON:test_aggregate_add_non_exist_host): 404 POST http://10.180.1.21/compute/v2.1/os-aggregates/3/action 2.583s
2025-01-13 05:40:04.380 68159 INFO tempest.lib.common.rest_client [req-edc02ec6-b465-4a64-b620-870bf14a4564 req-edc02ec6-b465-4a64-b620-870bf14a4564 ] Request (NetworksTest:tearDownClass): 204 DELETE http://10.180.1.21/identity/v3/users/9422a2df1fb64c3cb193e376e5f02c54 0.233s
2025-01-13 05:40:04.380 68159 INFO tempest.lib.common.dynamic_creds [-] Deleting project and security group for project: f6f7c78bb73541388c591ab9a6dc3151
2025-01-13 05:40:04.406 68175 INFO tempest.lib.common.rest_client [req-e6c78c76-cb03-4709-b886-92ff6b818ba1 req-e6c78c76-cb03-4709-b886-92ff6b818ba1 ] Request (FlavorsAccessTestJSON:tearDownClass): 204 DELETE http://10.180.1.21/identity/v3/users/830809788f5f4d57bb0f7ff666154bc2 0.146s
2025-01-13 05:40:04.406 68175 INFO tempest.lib.common.dynamic_creds [-] Deleting project and security group for project: 08a9d5144f2e42d79d358b6513573e41
2025-01-13 05:40:04.463 68159 INFO tempest.lib.common.rest_client [req-1e1f4310-29ee-428a-93cc-d78463760b11 req-1e1f4310-29ee-428a-93cc-d78463760b11 ] Request (NetworksTest:tearDownClass): 201 POST http://10.180.1.21/identity/v3/auth/tokens 0.082s
2025-01-13 05:40:04.489 68175 INFO tempest.lib.common.rest_client [req-f37f095a-5d4d-4439-bfd7-1daf3e3b29f7 req-f37f095a-5d4d-4439-bfd7-1daf3e3b29f7 ] Request (FlavorsAccessTestJSON:tearDownClass): 201 POST http://10.180.1.21/identity/v3/auth/tokens 0.082s
2025-01-13 05:40:04.505 68131 INFO tempest.lib.common.rest_client [req-197ab99e-2b69-4805-bcff-723b43afb0cb req-197ab99e-2b69-4805-bcff-723b43afb0cb ] Request (DeleteServersAdminTestJSON:test_admin_delete_servers_of_others): 200 GET http://10.180.1.21/compute/v2.1/servers/72d8c66d-8cc8-4c6e-a5ff-157fa192849c 2.621s
2025-01-13 05:40:04.570 68189 INFO tempest.lib.common.rest_client [req-0d6ab8be-9bee-45e5-be33-820c17c324bd req-0d6ab8be-9bee-45e5-be33-820c17c324bd ] Request (QuotasAdminNegativeTest:test_create_server_when_memory_quota_is_full): 200 PUT http://10.180.1.21/compute/v2.1/os-quota-sets/cb31ed9739b946bfbf64746e9d3038f9 2.856s
2025-01-13 05:40:04.626 68189 INFO tempest.lib.common.rest_client [req-b336636f-17ca-4145-9dc3-277f5778fec0 req-b336636f-17ca-4145-9dc3-277f5778fec0 ] Request (QuotasAdminNegativeTest:test_create_server_when_memory_quota_is_full): 201 POST http://10.180.1.21/identity/v3/auth/tokens 0.051s
2025-01-13 05:40:04.627 68189 INFO tempest.lib.common.fixed_network [-] (QuotasAdminNegativeTest:test_create_server_when_memory_quota_is_full) Found network None available for tenant
2025-01-13 05:40:04.631 68149 INFO tempest.lib.common.rest_client [req-9bd75f66-78a4-4c0d-a351-85fe6336b9b7 req-9bd75f66-78a4-4c0d-a351-85fe6336b9b7 ] Request (VolumesAssistedSnapshotsTest:test_volume_assisted_snapshot_create_delete): 200 GET http://10.180.1.21/compute/v2.1/servers/0fc31c87-417f-4447-943e-00f125f27bbb 2.527s
2025-01-13 05:40:04.669 68171 INFO tempest.lib.common.rest_client [req-0167ab28-3e7b-4bc7-9d05-f280b0598390 req-0167ab28-3e7b-4bc7-9d05-f280b0598390 ] Request (TenantUsagesTestJSON:setUpClass): 200 GET http://10.180.1.21/compute/v2.1/servers/64e3511f-bfdb-4664-a94a-a2c4121d98ff 2.584s
2025-01-13 05:40:04.676 68171 INFO tempest.common.waiters [-] State transition "BUILD/networking" ==> "BUILD/spawning" after 7 second wait
2025-01-13 05:40:04.712 68175 INFO tempest.lib.common.rest_client [req-503d99f4-8922-4f47-9cdd-c07865c7d310 req-503d99f4-8922-4f47-9cdd-c07865c7d310 ] Request (FlavorsAccessTestJSON:tearDownClass): 200 GET http://10.180.1.21:9696/networking/v2.0/security-groups?tenant_id=08a9d5144f2e42d79d358b6513573e41&name=default 0.223s
2025-01-13 05:40:04.719 68159 INFO tempest.lib.common.rest_client [req-a9f6d186-c71b-44a3-87ee-3ed86f5eb13b req-a9f6d186-c71b-44a3-87ee-3ed86f5eb13b ] Request (NetworksTest:tearDownClass): 200 GET http://10.180.1.21:9696/networking/v2.0/security-groups?tenant_id=f6f7c78bb73541388c591ab9a6dc3151&name=default 0.256s
2025-01-13 05:40:04.758 68161 INFO tempest.lib.common.rest_client [req-9c94985d-b259-49ad-8750-3d988cef231c req-9c94985d-b259-49ad-8750-3d988cef231c ] Request (QuotasAdminTestJSON:test_update_all_quota_resources_for_tenant): 200 GET http://10.180.1.21/compute/v2.1/os-quota-sets/c70e99dae3ac428a9b8e9d2f9d9c1ba9/defaults 2.624s
2025-01-13 05:40:04.769 68153 INFO tempest.lib.common.rest_client [req-00d926be-59b6-4f7e-9187-b5cdf0baca8d req-00d926be-59b6-4f7e-9187-b5cdf0baca8d ] Request (ServersAdminTestJSON:setUpClass): 200 GET http://10.180.1.21/compute/v2.1/servers/76037297-9052-41aa-9a6c-2fbcb0cb0797 2.660s
2025-01-13 05:40:04.817 68177 INFO tempest.lib.common.rest_client [req-a68e4d7b-5ab1-4a43-ab4e-b28e9c4a4988 req-a68e4d7b-5ab1-4a43-ab4e-b28e9c4a4988 ] Request (ImagesNegativeTestJSON:test_create_image_from_deleted_server): 200 GET http://10.180.1.21/compute/v2.1/servers/cea98a60-727b-4a91-82ab-601a6b018620 2.664s
2025-01-13 05:40:04.827 68151 INFO tempest.lib.common.rest_client [req-4cc86a8e-9548-4654-9998-2ba9b36df249 req-4cc86a8e-9548-4654-9998-2ba9b36df249 ] Request (ServersTestMultiNic:test_verify_duplicate_network_nics): 200 GET http://10.180.1.21/compute/v2.1/servers/0c820897-b639-4402-801c-ccdadccc56db 2.542s
2025-01-13 05:40:04.840 68175 INFO tempest.lib.common.rest_client [req-e7dc2636-bcda-4159-97b5-36d200804419 req-e7dc2636-bcda-4159-97b5-36d200804419 ] Request (FlavorsAccessTestJSON:tearDownClass): 204 DELETE http://10.180.1.21:9696/networking/v2.0/security-groups/e6c0e21b-94ff-4ece-9dc7-76caaea57b7f 0.127s
2025-01-13 05:40:04.847 68159 INFO tempest.lib.common.rest_client [req-bb70c44d-698c-42d5-b96e-beb1c99459d2 req-bb70c44d-698c-42d5-b96e-beb1c99459d2 ] Request (NetworksTest:tearDownClass): 204 DELETE http://10.180.1.21:9696/networking/v2.0/security-groups/e53b322d-2d8b-44f3-8a12-2c5ab593c7c7 0.128s
2025-01-13 05:40:04.879 68163 INFO tempest.lib.common.rest_client [req-a356684b-14ba-49cd-9be2-209f3c8f9338 req-a356684b-14ba-49cd-9be2-209f3c8f9338 ] Request (AttachVolumeShelveTestJSON:test_attach_volume_shelved_or_offload_server): 200 GET http://10.180.1.21/compute/v2.1/servers/4abecfe8-97a8-4f54-87ec-bb51cc85f25c 1.716s
2025-01-13 05:40:04.920 68159 INFO tempest.lib.common.rest_client [req-b33cae95-3d20-444d-ae16-00f3a80a7d08 req-b33cae95-3d20-444d-ae16-00f3a80a7d08 ] Request (NetworksTest:tearDownClass): 204 DELETE http://10.180.1.21/identity/v3/projects/f6f7c78bb73541388c591ab9a6dc3151 0.072s
2025-01-13 05:40:04.920 68159 INFO tempest.lib.common.dynamic_creds [-] Deleting project and security group for project: 61113a5eaa8949038340f1c88e0e475d
2025-01-13 05:40:04.924 68175 INFO tempest.lib.common.rest_client [req-9ef3a6d4-149c-48ea-aeb4-e982085f40ba req-9ef3a6d4-149c-48ea-aeb4-e982085f40ba ] Request (FlavorsAccessTestJSON:tearDownClass): 204 DELETE http://10.180.1.21/identity/v3/projects/08a9d5144f2e42d79d358b6513573e41 0.083s
2025-01-13 05:40:04.924 68175 INFO tempest.lib.common.dynamic_creds [-] Deleting project and security group for project: 337ccb43125c473789cb90e9bd8a077b
2025-01-13 05:40:04.935 68185 INFO tempest.lib.common.rest_client [req-d58bc63d-a9e3-476e-a86f-a40bf8cef9e0 req-d58bc63d-a9e3-476e-a86f-a40bf8cef9e0 ] Request (MigrationsAdminTest:test_list_migrations_in_flavor_resize_situation): 200 GET http://10.180.1.21/compute/v2.1/servers/6f5d3e70-e4fe-43a6-9de4-daa23c9d3ee6 2.100s
2025-01-13 05:40:04.944 68185 INFO tempest.common.waiters [-] State transition "BUILD/None" ==> "BUILD/spawning" after 6 second wait
2025-01-13 05:40:04.999 68147 INFO tempest.lib.common.rest_client [req-913f7298-9e7d-4981-af52-2893ee937064 req-913f7298-9e7d-4981-af52-2893ee937064 ] Request (ServersTestBootFromVolume:setUpClass): 200 GET http://10.180.1.21/volume/v3/volumes/97bff836-3c9c-4e15-864d-cf772765590e 0.030s
2025-01-13 05:40:05.041 68159 INFO tempest.lib.common.rest_client [req-f292936a-4918-4293-90eb-5dd24fe6f0e8 req-f292936a-4918-4293-90eb-5dd24fe6f0e8 ] Request (NetworksTest:tearDownClass): 200 GET http://10.180.1.21:9696/networking/v2.0/security-groups?tenant_id=61113a5eaa8949038340f1c88e0e475d&name=default 0.121s
2025-01-13 05:40:05.180 68159 INFO tempest.lib.common.rest_client [req-dbe9790f-358e-4c68-bd1c-e7b144ff5611 req-dbe9790f-358e-4c68-bd1c-e7b144ff5611 ] Request (NetworksTest:tearDownClass): 204 DELETE http://10.180.1.21:9696/networking/v2.0/security-groups/af31fd9c-8d8c-4521-b93a-9cbce9689ee9 0.138s
2025-01-13 05:40:05.250 68155 INFO tempest.lib.common.rest_client [req-3e2b48dc-f514-41a1-b460-159cf887802f req-3e2b48dc-f514-41a1-b460-159cf887802f ] Request (FloatingIPsAssociationTestJSON:setUpClass): 200 GET http://10.180.1.21/compute/v2.1/servers/f53dbc3e-445d-4d0a-85a1-70003bd67502 1.956s
2025-01-13 05:40:05.251 68175 INFO tempest.lib.common.rest_client [req-4719386d-a5e0-4221-a25c-df2870e2fb67 req-4719386d-a5e0-4221-a25c-df2870e2fb67 ] Request (FlavorsAccessTestJSON:tearDownClass): 200 GET http://10.180.1.21:9696/networking/v2.0/security-groups?tenant_id=337ccb43125c473789cb90e9bd8a077b&name=default 0.326s
2025-01-13 05:40:05.264 68155 INFO tempest.common.waiters [-] State transition "BUILD/spawning" ==> "ACTIVE/None" after 24 second wait
2025-01-13 05:40:05.315 68159 INFO tempest.lib.common.rest_client [req-401af24f-10c1-4f56-b445-b975b5a82283 req-401af24f-10c1-4f56-b445-b975b5a82283 ] Request (NetworksTest:tearDownClass): 204 DELETE http://10.180.1.21/identity/v3/projects/61113a5eaa8949038340f1c88e0e475d 0.134s
2025-01-13 05:40:05.387 68165 INFO tempest.lib.common.rest_client [req-c755dab8-9cea-46a1-9393-ce248e89fe62 req-c755dab8-9cea-46a1-9393-ce248e89fe62 ] Request (ServersTestFqdnHostnames:test_create_server_with_fqdn_name): 202 POST http://10.180.1.21/compute/v2.1/servers 2.067s
2025-01-13 05:40:05.406 68159 INFO tempest.lib.common.rest_client [req-4eb15d37-f89f-445f-9de2-93709231dae2 req-4eb15d37-f89f-445f-9de2-93709231dae2 ] Request (ServerExternalEventsTest:setUpClass): 201 POST http://10.180.1.21/identity/v3/auth/tokens 0.089s
2025-01-13 05:40:05.415 68175 INFO tempest.lib.common.rest_client [req-5e003a95-6ff3-4875-a9c8-98768252a9d4 req-5e003a95-6ff3-4875-a9c8-98768252a9d4 ] Request (FlavorsAccessTestJSON:tearDownClass): 204 DELETE http://10.180.1.21:9696/networking/v2.0/security-groups/cdff682c-c72a-4891-9e79-bb72b0647c6c 0.163s
2025-01-13 05:40:05.455 68159 INFO tempest.lib.common.rest_client [req-10da586f-e19f-4b8c-8545-da2299ffb164 req-10da586f-e19f-4b8c-8545-da2299ffb164 ] Request (ServerExternalEventsTest:setUpClass): 201 POST http://10.180.1.21/identity/v3/auth/tokens 0.047s
2025-01-13 05:40:05.461 68173 INFO tempest.lib.common.rest_client [req-c84d4b3d-b633-4edf-8346-fd21a2d2d589 req-c84d4b3d-b633-4edf-8346-fd21a2d2d589 ] Request (FloatingIPDetailsTestJSON:test_get_floating_ip_details): 200 GET http://10.180.1.21/compute/v2.1/os-floating-ips/2ea3df23-5c35-4d05-bd10-000ee4b44473 2.125s
2025-01-13 05:40:05.493 68159 INFO tempest.lib.common.rest_client [req-9d4499fb-6232-4d60-8ad8-90f691bb6150 req-9d4499fb-6232-4d60-8ad8-90f691bb6150 ] Request (ServerExternalEventsTest:setUpClass): 200 GET http://10.180.1.21/identity/v3/domains?name=Default 0.038s
2025-01-13 05:40:05.523 68175 INFO tempest.lib.common.rest_client [req-8becc6c8-c80d-4f28-aee6-918b668f156d req-8becc6c8-c80d-4f28-aee6-918b668f156d ] Request (FlavorsAccessTestJSON:tearDownClass): 204 DELETE http://10.180.1.21/identity/v3/projects/337ccb43125c473789cb90e9bd8a077b 0.107s
