2025-01-13 05:42:31.153 68135 INFO tempest.lib.common.rest_client [req-2842efd1-44eb-4cd9-a82a-24f160cb7040 req-2842efd1-44eb-4cd9-a82a-24f160cb7040 ] Request (SecurityGroupsTestJSON:test_server_security_groups): 200 GET http://10.180.1.21/compute/v2.1/servers/9c447288-5ff8-48bd-8bb3-5f78becea748 0.069s
2025-01-13 05:42:31.179 68151 INFO tempest.lib.common.rest_client [req-037bfffb-202b-4875-a741-4ca9cf528577 req-037bfffb-202b-4875-a741-4ca9cf528577 ] Request (ServersTestMultiNic:test_verify_multiple_nics_order): 200 GET http://10.180.1.21/compute/v2.1/servers/c7b97998-bbde-4262-8000-e6dd261e9005/ips 0.075s
2025-01-13 05:42:31.234 68157 INFO tempest.lib.common.rest_client [req-78925ce8-c2fa-455a-8f2d-e32397d37f33 req-78925ce8-c2fa-455a-8f2d-e32397d37f33 ] Request (ListServersNegativeTestJSON:tearDownClass): 200 GET http://10.180.1.21/compute/v2.1/servers/ff7b9162-534d-43d0-b1d3-cf65e8c26d2c 0.090s
2025-01-13 05:42:31.259 68159 INFO tempest.lib.common.rest_client [req-fb3444f1-4114-44c4-9ad8-c0528025bcd4 req-fb3444f1-4114-44c4-9ad8-c0528025bcd4 ] Request (ServerRescueTestJSONUnderV235:setUpClass): 200 GET http://10.180.1.21/compute/v2.1/servers/ca17f52a-6739-482b-ac60-67fe0c46dda2 0.221s
2025-01-13 05:42:31.266 68159 INFO tempest.common.waiters [-] State transition "BUILD/None" ==> "BUILD/networking" after 63 second wait
2025-01-13 05:42:31.301 68151 INFO tempest.lib.common.rest_client [req-572e8e9a-9752-4d15-aa22-50de49c705a9 req-572e8e9a-9752-4d15-aa22-50de49c705a9 ] Request (ServersTestMultiNic:_run_cleanups): 204 DELETE http://10.180.1.21/compute/v2.1/servers/c7b97998-bbde-4262-8000-e6dd261e9005 0.120s
2025-01-13 05:42:31.338 68167 INFO tempest.lib.common.rest_client [req-329a2d5e-5777-4db1-b132-0574f3d8b070 req-329a2d5e-5777-4db1-b132-0574f3d8b070 ] Request (ServerMetadataNegativeTestJSON:setUpClass): 200 GET http://10.180.1.21/compute/v2.1/servers/93715b06-81bb-415f-b69a-61af61badce0 0.093s
2025-01-13 05:42:31.404 68177 INFO tempest.lib.common.rest_client [req-4a206002-11b8-47d6-9452-98c555e2e897 req-4a206002-11b8-47d6-9452-98c555e2e897 ] Request (InstanceActionsNegativeTestJSON:setUpClass): 200 GET http://10.180.1.21/compute/v2.1/servers/77963072-fae4-4155-8d71-6891a21db18e 0.150s
2025-01-13 05:42:31.405 68181 INFO tempest.lib.common.rest_client [req-3b231e25-5af8-410c-8441-af3070c0a832 req-3b231e25-5af8-410c-8441-af3070c0a832 ] Request (ServerRescueNegativeTestJSON:test_rescued_vm_detach_volume): 200 GET http://10.180.1.21/compute/v2.1/servers/88fc1ea6-46ae-470e-b003-77a8d073a457 0.128s
2025-01-13 05:42:31.441 68127 WARNING tempest.lib.common.ssh [-] Failed to establish authenticated ssh connection to cirros@10.180.180.156 ([Errno None] Unable to connect to port 22 on 10.180.180.156). Number attempts: 10. Retry after 11 seconds.: paramiko.ssh_exception.NoValidConnectionsError: [Errno None] Unable to connect to port 22 on 10.180.180.156
2025-01-13 05:42:31.447 68143 WARNING tempest.lib.common.ssh [-] Failed to establish authenticated ssh connection to cirros@10.180.180.172 ([Errno None] Unable to connect to port 22 on 10.180.180.172). Number attempts: 2. Retry after 3 seconds.: paramiko.ssh_exception.NoValidConnectionsError: [Errno None] Unable to connect to port 22 on 10.180.180.172
2025-01-13 05:42:31.541 68153 INFO tempest.lib.common.rest_client [req-f4242b75-0350-4dd5-a434-a875c7405b3f req-f4242b75-0350-4dd5-a434-a875c7405b3f ] Request (ServersAdminTestJSON:test_inject_network_info): 200 GET http://10.180.1.21/compute/v2.1/servers/b9f6ddfd-092a-4a5b-9410-8774e7c50e46 0.152s
2025-01-13 05:42:31.593 68173 INFO tempest.lib.common.rest_client [req-3f26094a-6af1-474a-9144-b55b92938088 req-3f26094a-6af1-474a-9144-b55b92938088 ] Request (ServerDiskConfigTestJSON:test_rebuild_server_with_manual_disk_config): 200 GET http://10.180.1.21/compute/v2.1/servers/5983e55c-136a-4fbe-b008-e116cbd7f6b4 0.190s
2025-01-13 05:42:31.657 68151 INFO tempest.lib.common.rest_client [req-9338fdc7-34e5-42ba-a0a4-0aec6cfad48a req-9338fdc7-34e5-42ba-a0a4-0aec6cfad48a ] Request (ServersTestMultiNic:_run_cleanups): 200 GET http://10.180.1.21/compute/v2.1/servers/c7b97998-bbde-4262-8000-e6dd261e9005 0.355s
2025-01-13 05:42:31.666 68155 INFO tempest.lib.common.rest_client [req-c1d5cf57-694b-4482-b3e7-be0f59d29a6b req-c1d5cf57-694b-4482-b3e7-be0f59d29a6b ] Request (DeleteServersTestJSON:test_delete_active_server): 200 GET http://10.180.1.21/compute/v2.1/servers/8a710bc4-36df-4768-b926-399c4dcccc71 0.210s
2025-01-13 05:42:31.768 68185 INFO tempest.lib.common.rest_client [req-d8d05dd9-2aa3-4d97-a6e0-923e1271be80 req-d8d05dd9-2aa3-4d97-a6e0-923e1271be80 ] Request (MigrationsAdminTest:test_resize_server_revert_deleted_flavor): 200 GET http://10.180.1.21/compute/v2.1/servers/7a6307d1-b846-431e-bd20-e7755fc0f9fc 0.075s
2025-01-13 05:42:31.797 68145 INFO tempest.lib.common.rest_client [req-012e908f-f68f-4bab-9fd3-56a9a45d6a83 req-012e908f-f68f-4bab-9fd3-56a9a45d6a83 ] Request (ServerGroupTestJSON:test_create_server_with_scheduler_hint_group): 200 GET http://10.180.1.21/compute/v2.1/servers/4575f569-95e5-428f-8e0b-79ae8cc4af65 0.116s
2025-01-13 05:42:31.803 68169 INFO tempest.lib.common.rest_client [req-16f1e164-34fd-400f-8cc2-a44101dd82a1 req-16f1e164-34fd-400f-8cc2-a44101dd82a1 ] Request (ImagesTestJSON:test_create_image_from_suspended_server): 200 GET http://10.180.1.21/compute/v2.1/images/42772275-3bca-43d5-9900-82d2ccfa87bd 0.074s
2025-01-13 05:42:31.857 68161 INFO tempest.lib.common.rest_client [req-b7943416-370b-4c6b-bcd5-3e5135c71833 req-b7943416-370b-4c6b-bcd5-3e5135c71833 ] Request (ServerActionsTestOtherB:setUpClass): 200 GET http://10.180.1.21/compute/v2.1/servers/c5434c30-b136-40c0-aef3-86cc964a67ae 0.067s
2025-01-13 05:42:31.862 68183 INFO tempest.lib.common.rest_client [req-989a9dda-6c6d-443b-87c7-6b76b215c44d req-989a9dda-6c6d-443b-87c7-6b76b215c44d ] Request (ServerMetadataTestJSON:tearDownClass): 200 GET http://10.180.1.21/compute/v2.1/servers/ea73c22f-d49b-4d10-b15d-86423e345b27 0.118s
2025-01-13 05:42:31.906 68187 INFO tempest.lib.common.rest_client [req-ec3dddf3-c931-40e0-bbac-b40df4363ae2 req-ec3dddf3-c931-40e0-bbac-b40df4363ae2 ] Request (ImagesOneServerNegativeTestJSON:_run_cleanups): 200 GET http://10.180.1.21/compute/v2.1/servers/c2d26e57-23c3-4420-9337-f5ac25df9790 0.112s
2025-01-13 05:42:31.915 68131 INFO tempest.lib.common.rest_client [req-fddf45f2-a746-46c1-b4c3-ff88b0bae086 req-fddf45f2-a746-46c1-b4c3-ff88b0bae086 ] Request (ServersAdmin275Test:test_rebuild_update_server_275): 200 GET http://10.180.1.21/compute/v2.1/servers/5739e674-a7c3-4d99-b568-bc361cbfbeb1 0.067s
2025-01-13 05:42:31.949 68137 INFO tempest.lib.common.rest_client [req-ce2d4f54-581f-41a9-b831-1e8c86b407a5 req-ce2d4f54-581f-41a9-b831-1e8c86b407a5 ] Request (ServersNegativeTestJSON:setUpClass): 200 GET http://10.180.1.21/compute/v2.1/servers/55a48923-5829-43d1-8e04-04b7fdd0ffbc 0.059s
2025-01-13 05:42:32.219 68135 INFO tempest.lib.common.rest_client [req-4e255d85-27f5-4584-a103-63f3e227a78f req-4e255d85-27f5-4584-a103-63f3e227a78f ] Request (SecurityGroupsTestJSON:test_server_security_groups): 200 GET http://10.180.1.21/compute/v2.1/servers/9c447288-5ff8-48bd-8bb3-5f78becea748 0.058s
2025-01-13 05:42:32.303 68157 INFO tempest.lib.common.rest_client [req-3d0fbed2-215d-475f-a373-869a1e1fc776 req-3d0fbed2-215d-475f-a373-869a1e1fc776 ] Request (ListServersNegativeTestJSON:tearDownClass): 200 GET http://10.180.1.21/compute/v2.1/servers/ff7b9162-534d-43d0-b1d3-cf65e8c26d2c 0.062s
2025-01-13 05:42:32.385 68159 INFO tempest.lib.common.rest_client [req-26083a57-330b-496c-bd38-137b133862af req-26083a57-330b-496c-bd38-137b133862af ] Request (ServerRescueTestJSONUnderV235:setUpClass): 200 GET http://10.180.1.21/compute/v2.1/servers/ca17f52a-6739-482b-ac60-67fe0c46dda2 0.117s
2025-01-13 05:42:32.396 68159 INFO tempest.common.waiters [-] State transition "BUILD/networking" ==> "BUILD/spawning" after 64 second wait
2025-01-13 05:42:32.404 68167 INFO tempest.lib.common.rest_client [req-cddaf259-5a96-43a6-872d-25f16b136f0f req-cddaf259-5a96-43a6-872d-25f16b136f0f ] Request (ServerMetadataNegativeTestJSON:setUpClass): 200 GET http://10.180.1.21/compute/v2.1/servers/93715b06-81bb-415f-b69a-61af61badce0 0.053s
2025-01-13 05:42:32.468 68181 INFO tempest.lib.common.rest_client [req-1a9c647f-5526-48a7-8fbd-ffff0f5e942c req-1a9c647f-5526-48a7-8fbd-ffff0f5e942c ] Request (ServerRescueNegativeTestJSON:test_rescued_vm_detach_volume): 200 GET http://10.180.1.21/compute/v2.1/servers/88fc1ea6-46ae-470e-b003-77a8d073a457 0.049s
2025-01-13 05:42:32.545 68177 INFO tempest.lib.common.rest_client [req-7838e4ab-d993-4dc9-855e-c7c1090ce963 req-7838e4ab-d993-4dc9-855e-c7c1090ce963 ] Request (InstanceActionsNegativeTestJSON:setUpClass): 200 GET http://10.180.1.21/compute/v2.1/servers/77963072-fae4-4155-8d71-6891a21db18e 0.133s
2025-01-13 05:42:32.649 68153 INFO tempest.lib.common.rest_client [req-065c7628-d532-4bef-89ae-af4f0b2dadce req-065c7628-d532-4bef-89ae-af4f0b2dadce ] Request (ServersAdminTestJSON:test_inject_network_info): 200 GET http://10.180.1.21/compute/v2.1/servers/b9f6ddfd-092a-4a5b-9410-8774e7c50e46 0.099s
2025-01-13 05:42:32.656 68173 INFO tempest.lib.common.rest_client [req-b06c9e4c-2ee2-46db-9a84-c2dac92535d2 req-b06c9e4c-2ee2-46db-9a84-c2dac92535d2 ] Request (ServerDiskConfigTestJSON:test_rebuild_server_with_manual_disk_config): 200 GET http://10.180.1.21/compute/v2.1/servers/5983e55c-136a-4fbe-b008-e116cbd7f6b4 0.052s
2025-01-13 05:42:32.656 68153 INFO tempest.common.waiters [-] State transition "BUILD/spawning" ==> "ACTIVE/None" after 78 second wait
2025-01-13 05:42:32.801 68153 INFO tempest.lib.common.rest_client [req-d64f0513-6ae4-46a0-b567-6da183798028 req-d64f0513-6ae4-46a0-b567-6da183798028 ] Request (ServersAdminTestJSON:test_inject_network_info): 202 POST http://10.180.1.21/compute/v2.1/servers/b9f6ddfd-092a-4a5b-9410-8774e7c50e46/action 0.144s
2025-01-13 05:42:32.830 68151 INFO tempest.lib.common.rest_client [req-c04124bd-1c48-44fd-b88b-0f21d53a5a10 req-c04124bd-1c48-44fd-b88b-0f21d53a5a10 ] Request (ServersTestMultiNic:_run_cleanups): 200 GET http://10.180.1.21/compute/v2.1/servers/c7b97998-bbde-4262-8000-e6dd261e9005 0.165s
2025-01-13 05:42:32.857 68155 INFO tempest.lib.common.rest_client [req-9c2f46f4-36fb-4923-891b-cfa367a50b5a req-9c2f46f4-36fb-4923-891b-cfa367a50b5a ] Request (DeleteServersTestJSON:test_delete_active_server): 200 GET http://10.180.1.21/compute/v2.1/servers/8a710bc4-36df-4768-b926-399c4dcccc71 0.178s
2025-01-13 05:42:32.889 68185 INFO tempest.lib.common.rest_client [req-a4439bf1-9933-4e31-99f4-3fdfb8d130ff req-a4439bf1-9933-4e31-99f4-3fdfb8d130ff ] Request (MigrationsAdminTest:test_resize_server_revert_deleted_flavor): 200 GET http://10.180.1.21/compute/v2.1/servers/7a6307d1-b846-431e-bd20-e7755fc0f9fc 0.113s
2025-01-13 05:42:32.932 68153 INFO tempest.lib.common.rest_client [req-0e541ac5-83a3-4df6-a145-059b35b331e3 req-0e541ac5-83a3-4df6-a145-059b35b331e3 ] Request (ServersAdminTestJSON:test_list_servers_by_admin): 200 GET http://10.180.1.21/compute/v2.1/servers/detail 0.130s
2025-01-13 05:42:32.969 68169 INFO tempest.lib.common.rest_client [req-573e417c-cdfa-4bd3-9536-a928c56d7987 req-573e417c-cdfa-4bd3-9536-a928c56d7987 ] Request (ImagesTestJSON:test_create_image_from_suspended_server): 200 GET http://10.180.1.21/compute/v2.1/images/42772275-3bca-43d5-9900-82d2ccfa87bd 0.160s
2025-01-13 05:42:33.026 68161 INFO tempest.lib.common.rest_client [req-a0172f81-82c7-419d-9fba-8219ab0edd76 req-a0172f81-82c7-419d-9fba-8219ab0edd76 ] Request (ServerActionsTestOtherB:setUpClass): 200 GET http://10.180.1.21/compute/v2.1/servers/c5434c30-b136-40c0-aef3-86cc964a67ae 0.162s
2025-01-13 05:42:33.047 68149 WARNING tempest.lib.common.ssh [-] Failed to establish authenticated ssh connection to cirros@10.180.180.177 ([Errno None] Unable to connect to port 22 on 10.180.180.177). Number attempts: 12. Retry after 13 seconds.: paramiko.ssh_exception.NoValidConnectionsError: [Errno None] Unable to connect to port 22 on 10.180.180.177
2025-01-13 05:42:33.092 68183 INFO tempest.lib.common.rest_client [req-47a040d4-1395-43ef-877a-22082e80fa63 req-47a040d4-1395-43ef-877a-22082e80fa63 ] Request (ServerMetadataTestJSON:tearDownClass): 200 GET http://10.180.1.21/compute/v2.1/servers/ea73c22f-d49b-4d10-b15d-86423e345b27 0.220s
2025-01-13 05:42:33.151 68187 INFO tempest.lib.common.rest_client [req-f774642f-6091-4137-8bfd-6d16bc76debb req-f774642f-6091-4137-8bfd-6d16bc76debb ] Request (ImagesOneServerNegativeTestJSON:_run_cleanups): 200 GET http://10.180.1.21/compute/v2.1/servers/c2d26e57-23c3-4420-9337-f5ac25df9790 0.237s
2025-01-13 05:42:33.152 68145 INFO tempest.lib.common.rest_client [req-f88d6607-bb97-4e83-9e22-56f8421b8d3b req-f88d6607-bb97-4e83-9e22-56f8421b8d3b ] Request (ServerGroupTestJSON:test_create_server_with_scheduler_hint_group): 200 GET http://10.180.1.21/compute/v2.1/servers/4575f569-95e5-428f-8e0b-79ae8cc4af65 0.344s
2025-01-13 05:42:33.215 68131 INFO tempest.lib.common.rest_client [req-a3f4319f-7cef-43d6-8378-793ceea7f54d req-a3f4319f-7cef-43d6-8378-793ceea7f54d ] Request (ServersAdmin275Test:test_rebuild_update_server_275): 200 GET http://10.180.1.21/compute/v2.1/servers/5739e674-a7c3-4d99-b568-bc361cbfbeb1 0.288s
2025-01-13 05:42:33.268 68137 INFO tempest.lib.common.rest_client [req-066d6395-5213-4189-9d19-04bc76445054 req-066d6395-5213-4189-9d19-04bc76445054 ] Request (ServersNegativeTestJSON:setUpClass): 200 GET http://10.180.1.21/compute/v2.1/servers/55a48923-5829-43d1-8e04-04b7fdd0ffbc 0.311s
2025-01-13 05:42:33.275 68137 INFO tempest.common.waiters [-] State transition "BUILD/scheduling" ==> "BUILD/None" after 18 second wait
2025-01-13 05:42:33.332 68135 INFO tempest.lib.common.rest_client [req-1ab9030e-d556-4e49-bb77-8d1b7b1182e6 req-1ab9030e-d556-4e49-bb77-8d1b7b1182e6 ] Request (SecurityGroupsTestJSON:test_server_security_groups): 200 GET http://10.180.1.21/compute/v2.1/servers/9c447288-5ff8-48bd-8bb3-5f78becea748 0.101s
2025-01-13 05:42:33.388 68157 INFO tempest.lib.common.rest_client [req-b1e41623-9851-418a-b257-1e1255e6c2a5 req-b1e41623-9851-418a-b257-1e1255e6c2a5 ] Request (ListServersNegativeTestJSON:tearDownClass): 200 GET http://10.180.1.21/compute/v2.1/servers/ff7b9162-534d-43d0-b1d3-cf65e8c26d2c 0.075s
2025-01-13 05:42:33.524 68159 INFO tempest.lib.common.rest_client [req-fd26a511-7c4d-47c6-b54d-4779205e5c11 req-fd26a511-7c4d-47c6-b54d-4779205e5c11 ] Request (ServerRescueTestJSONUnderV235:setUpClass): 200 GET http://10.180.1.21/compute/v2.1/servers/ca17f52a-6739-482b-ac60-67fe0c46dda2 0.126s
2025-01-13 05:42:33.577 68167 INFO tempest.lib.common.rest_client [req-6c7e71aa-d48d-4594-aed3-4458d79100f7 req-6c7e71aa-d48d-4594-aed3-4458d79100f7 ] Request (ServerMetadataNegativeTestJSON:setUpClass): 200 GET http://10.180.1.21/compute/v2.1/servers/93715b06-81bb-415f-b69a-61af61badce0 0.164s
2025-01-13 05:42:33.605 68153 INFO tempest.lib.common.rest_client [req-2a75152a-c626-4dc2-bf85-2b415d2e1380 req-2a75152a-c626-4dc2-bf85-2b415d2e1380 ] Request (ServersAdminTestJSON:test_list_servers_by_admin_with_all_tenants): 200 GET http://10.180.1.21/compute/v2.1/servers/detail?all_tenants= 0.657s
2025-01-13 05:42:33.639 68181 INFO tempest.lib.common.rest_client [req-0b44b65d-7bd2-4aca-87aa-c9d0d1434685 req-0b44b65d-7bd2-4aca-87aa-c9d0d1434685 ] Request (ServerRescueNegativeTestJSON:test_rescued_vm_detach_volume): 200 GET http://10.180.1.21/compute/v2.1/servers/88fc1ea6-46ae-470e-b003-77a8d073a457 0.160s
2025-01-13 05:42:33.656 68153 WARNING tempest.lib.common.rest_client [-] Deprecated: "tenant_id" property is deprecated for removal, use "project_id" instead
2025-01-13 05:42:33.705 68153 INFO tempest.lib.common.rest_client [req-78946394-127a-47e5-9e02-3808f469adfe req-78946394-127a-47e5-9e02-3808f469adfe ] Request (ServersAdminTestJSON:test_list_servers_by_admin_with_specified_tenant): 200 GET http://10.180.1.21/compute/v2.1/servers/detail?tenant_id=3c7f2988e1ab43c087f043329642b0ac 0.048s
2025-01-13 05:42:33.773 68173 INFO tempest.lib.common.rest_client [req-9cc9e7c2-7560-439b-a124-269dbb0a2608 req-9cc9e7c2-7560-439b-a124-269dbb0a2608 ] Request (ServerDiskConfigTestJSON:test_rebuild_server_with_manual_disk_config): 200 GET http://10.180.1.21/compute/v2.1/servers/5983e55c-136a-4fbe-b008-e116cbd7f6b4 0.107s
2025-01-13 05:42:33.792 68177 INFO tempest.lib.common.rest_client [req-045aa059-0d92-4b07-b1d8-630598c5b6f1 req-045aa059-0d92-4b07-b1d8-630598c5b6f1 ] Request (InstanceActionsNegativeTestJSON:setUpClass): 200 GET http://10.180.1.21/compute/v2.1/servers/77963072-fae4-4155-8d71-6891a21db18e 0.238s
2025-01-13 05:42:33.816 68139 WARNING tempest.lib.common.ssh [-] Failed to establish authenticated ssh connection to cirros@10.180.180.167 ([Errno None] Unable to connect to port 22 on 10.180.180.167). Number attempts: 11. Retry after 12 seconds.: paramiko.ssh_exception.NoValidConnectionsError: [Errno None] Unable to connect to port 22 on 10.180.180.167
2025-01-13 05:42:33.933 68153 INFO tempest.lib.common.rest_client [req-5d102d7f-482b-4c19-9166-0669505fc907 req-5d102d7f-482b-4c19-9166-0669505fc907 ] Request (ServersAdminTestJSON:test_list_servers_by_admin_with_specified_tenant): 200 GET http://10.180.1.21/compute/v2.1/servers/detail?all_tenants=&tenant_id=3c7f2988e1ab43c087f043329642b0ac 0.214s
2025-01-13 05:42:33.969 68151 INFO tempest.lib.common.rest_client [req-ecd339c9-4afd-43f5-bc5c-49abd72e6fa0 req-ecd339c9-4afd-43f5-bc5c-49abd72e6fa0 ] Request (ServersTestMultiNic:_run_cleanups): 200 GET http://10.180.1.21/compute/v2.1/servers/c7b97998-bbde-4262-8000-e6dd261e9005 0.131s
2025-01-13 05:42:33.989 68155 INFO tempest.lib.common.rest_client [req-b9f53ebf-eb5a-4c84-b641-1a5e3b518464 req-b9f53ebf-eb5a-4c84-b641-1a5e3b518464 ] Request (DeleteServersTestJSON:test_delete_active_server): 200 GET http://10.180.1.21/compute/v2.1/servers/8a710bc4-36df-4768-b926-399c4dcccc71 0.119s
2025-01-13 05:42:34.021 68153 INFO tempest.lib.common.rest_client [req-3730cc5c-894e-44c7-9cac-56e55e88812f req-3730cc5c-894e-44c7-9cac-56e55e88812f ] Request (ServersAdminTestJSON:test_list_servers_by_admin_with_specified_tenant): 200 GET http://10.180.1.21/compute/v2.1/servers/detail?all_tenants=&tenant_id=d517114556f44bbd96385c76f435e45a 0.076s
2025-01-13 05:42:34.086 68169 INFO tempest.lib.common.rest_client [req-99ac0894-7085-4a36-89a8-6a81df199c38 req-99ac0894-7085-4a36-89a8-6a81df199c38 ] Request (ImagesTestJSON:test_create_image_from_suspended_server): 200 GET http://10.180.1.21/compute/v2.1/images/42772275-3bca-43d5-9900-82d2ccfa87bd 0.112s
2025-01-13 05:42:34.094 68153 INFO tempest.lib.common.rest_client [req-21e533d0-c142-4e61-a803-c8f90f955a55 req-21e533d0-c142-4e61-a803-c8f90f955a55 ] Request (ServersAdminTestJSON:test_list_servers_detailed_filter_by_invalid_status): 200 GET http://10.180.1.21/compute/v2.1/servers/detail?status=invalid_status 0.064s
2025-01-13 05:42:34.149 68161 INFO tempest.lib.common.rest_client [req-f3d4199c-ec37-4495-8d0d-2eef7bdda34b req-f3d4199c-ec37-4495-8d0d-2eef7bdda34b ] Request (ServerActionsTestOtherB:setUpClass): 200 GET http://10.180.1.21/compute/v2.1/servers/c5434c30-b136-40c0-aef3-86cc964a67ae 0.114s
2025-01-13 05:42:34.190 68185 INFO tempest.lib.common.rest_client [req-89801beb-8a9e-4c25-886d-7dce619ed67f req-89801beb-8a9e-4c25-886d-7dce619ed67f ] Request (MigrationsAdminTest:test_resize_server_revert_deleted_flavor): 200 GET http://10.180.1.21/compute/v2.1/servers/7a6307d1-b846-431e-bd20-e7755fc0f9fc 0.293s
2025-01-13 05:42:34.198 68185 INFO tempest.common.waiters [-] State transition "BUILD/None" ==> "BUILD/networking" after 58 second wait
2025-01-13 05:42:34.212 68183 INFO tempest.lib.common.rest_client [req-6f1744a4-4885-4649-8505-ff784c70c3c5 req-6f1744a4-4885-4649-8505-ff784c70c3c5 ] Request (ServerMetadataTestJSON:tearDownClass): 200 GET http://10.180.1.21/compute/v2.1/servers/ea73c22f-d49b-4d10-b15d-86423e345b27 0.110s
2025-01-13 05:42:34.257 68153 INFO tempest.lib.common.rest_client [req-ed1ec43f-289f-41d0-b120-0235d225cee4 req-ed1ec43f-289f-41d0-b120-0235d225cee4 ] Request (ServersAdminTestJSON:test_list_servers_filter_by_error_status): 202 POST http://10.180.1.21/compute/v2.1/servers/01fe8b6f-770f-46c3-9d08-c14dcf9d5279/action 0.153s
2025-01-13 05:42:34.317 68187 INFO tempest.lib.common.rest_client [req-cf155e0f-2905-4fdf-8aad-f9bf9d9475f8 req-cf155e0f-2905-4fdf-8aad-f9bf9d9475f8 ] Request (ImagesOneServerNegativeTestJSON:_run_cleanups): 200 GET http://10.180.1.21/compute/v2.1/servers/c2d26e57-23c3-4420-9337-f5ac25df9790 0.155s
2025-01-13 05:42:34.348 68145 INFO tempest.lib.common.rest_client [req-f1d3dbfc-9ca0-493f-b70a-9b9810138584 req-f1d3dbfc-9ca0-493f-b70a-9b9810138584 ] Request (ServerGroupTestJSON:test_create_server_with_scheduler_hint_group): 200 GET http://10.180.1.21/compute/v2.1/servers/4575f569-95e5-428f-8e0b-79ae8cc4af65 0.187s
2025-01-13 05:42:34.356 68145 INFO tempest.common.waiters [-] State transition "BUILD/spawning" ==> "ACTIVE/None" after 80 second wait
2025-01-13 05:42:34.420 68131 INFO tempest.lib.common.rest_client [req-92910b59-485c-4ac3-9b93-6344c5b13157 req-92910b59-485c-4ac3-9b93-6344c5b13157 ] Request (ServersAdmin275Test:test_rebuild_update_server_275): 200 GET http://10.180.1.21/compute/v2.1/servers/5739e674-a7c3-4d99-b568-bc361cbfbeb1 0.192s
2025-01-13 05:42:34.430 68131 INFO tempest.common.waiters [-] State transition "BUILD/scheduling" ==> "BUILD/None" after 12 second wait
2025-01-13 05:42:34.439 68153 INFO tempest.lib.common.rest_client [req-e8ac0018-6bb2-4fcf-830b-72d9c94cdecf req-e8ac0018-6bb2-4fcf-830b-72d9c94cdecf ] Request (ServersAdminTestJSON:test_list_servers_filter_by_error_status): 200 GET http://10.180.1.21/compute/v2.1/servers?status=error 0.181s
2025-01-13 05:42:34.478 68137 INFO tempest.lib.common.rest_client [req-6b426a28-d590-438f-882b-0521f32bee76 req-6b426a28-d590-438f-882b-0521f32bee76 ] Request (ServersNegativeTestJSON:setUpClass): 200 GET http://10.180.1.21/compute/v2.1/servers/55a48923-5829-43d1-8e04-04b7fdd0ffbc 0.202s
2025-01-13 05:42:34.509 68135 INFO tempest.lib.common.rest_client [req-186ab17b-6bdd-4274-84ba-b9b87b27d3d8 req-186ab17b-6bdd-4274-84ba-b9b87b27d3d8 ] Request (SecurityGroupsTestJSON:test_server_security_groups): 200 GET http://10.180.1.21/compute/v2.1/servers/9c447288-5ff8-48bd-8bb3-5f78becea748 0.169s
2025-01-13 05:42:34.520 68145 INFO tempest.lib.common.rest_client [req-d12cabf1-4c26-4619-a195-ff30966a8227 req-d12cabf1-4c26-4619-a195-ff30966a8227 ] Request (ServerGroupTestJSON:test_create_server_with_scheduler_hint_group): 200 GET http://10.180.1.21/compute/v2.1/os-server-groups/ab2e10c0-f3b7-4cc9-85e1-17cfc77cac50 0.163s
2025-01-13 05:42:34.573 68157 INFO tempest.lib.common.rest_client [req-ae66c81a-a39e-4efe-853c-91068f616cc9 req-ae66c81a-a39e-4efe-853c-91068f616cc9 ] Request (ListServersNegativeTestJSON:tearDownClass): 200 GET http://10.180.1.21/compute/v2.1/servers/ff7b9162-534d-43d0-b1d3-cf65e8c26d2c 0.176s
2025-01-13 05:42:34.582 68153 INFO tempest.lib.common.rest_client [req-d53c5509-b9bd-453a-b46c-b0a7dce6ab12 req-d53c5509-b9bd-453a-b46c-b0a7dce6ab12 ] Request (ServersAdminTestJSON:test_list_servers_filter_by_error_status): 202 POST http://10.180.1.21/compute/v2.1/servers/01fe8b6f-770f-46c3-9d08-c14dcf9d5279/action 0.141s
2025-01-13 05:42:34.583 68189 WARNING tempest.lib.common.ssh [-] Failed to establish authenticated ssh connection to cirros@10.180.180.138 ([Errno None] Unable to connect to port 22 on 10.180.180.138). Number attempts: 8. Retry after 9 seconds.: paramiko.ssh_exception.NoValidConnectionsError: [Errno None] Unable to connect to port 22 on 10.180.180.138
2025-01-13 05:42:34.654 68145 INFO tempest.lib.common.rest_client [req-b53db09c-0374-49d1-9bec-d9e31d0b53b4 req-b53db09c-0374-49d1-9bec-d9e31d0b53b4 ] Request (ServerGroupTestJSON:_run_cleanups): 204 DELETE http://10.180.1.21/compute/v2.1/servers/4575f569-95e5-428f-8e0b-79ae8cc4af65 0.132s
2025-01-13 05:42:34.696 68159 INFO tempest.lib.common.rest_client [req-87240f4f-e05e-4152-b0cc-9ffc8cb5f3bc req-87240f4f-e05e-4152-b0cc-9ffc8cb5f3bc ] Request (ServerRescueTestJSONUnderV235:setUpClass): 200 GET http://10.180.1.21/compute/v2.1/servers/ca17f52a-6739-482b-ac60-67fe0c46dda2 0.164s
2025-01-13 05:42:34.745 68167 INFO tempest.lib.common.rest_client [req-cc0f8cf6-7b8d-46fd-b17a-f0d54353eaed req-cc0f8cf6-7b8d-46fd-b17a-f0d54353eaed ] Request (ServerMetadataNegativeTestJSON:setUpClass): 200 GET http://10.180.1.21/compute/v2.1/servers/93715b06-81bb-415f-b69a-61af61badce0 0.160s
2025-01-13 05:42:34.792 68153 INFO tempest.lib.common.rest_client [req-a853e822-933e-4047-ab09-c635a2f9f9f1 req-a853e822-933e-4047-ab09-c635a2f9f9f1 ] Request (ServersAdminTestJSON:test_list_servers_filter_by_error_status): 200 GET http://10.180.1.21/compute/v2.1/servers/01fe8b6f-770f-46c3-9d08-c14dcf9d5279 0.209s
2025-01-13 05:42:34.809 68181 INFO tempest.lib.common.rest_client [req-3b280f70-5978-46fc-8d99-6821b57150a1 req-3b280f70-5978-46fc-8d99-6821b57150a1 ] Request (ServerRescueNegativeTestJSON:test_rescued_vm_detach_volume): 200 GET http://10.180.1.21/compute/v2.1/servers/88fc1ea6-46ae-470e-b003-77a8d073a457 0.156s
2025-01-13 05:42:34.862 68173 INFO tempest.lib.common.rest_client [req-f9238897-2477-47e3-af90-ecd3e01e391a req-f9238897-2477-47e3-af90-ecd3e01e391a ] Request (ServerDiskConfigTestJSON:test_rebuild_server_with_manual_disk_config): 200 GET http://10.180.1.21/compute/v2.1/servers/5983e55c-136a-4fbe-b008-e116cbd7f6b4 0.079s
2025-01-13 05:42:34.892 68145 INFO tempest.lib.common.rest_client [req-e4b14d32-adb2-4647-b9a1-c3980814ef39 req-e4b14d32-adb2-4647-b9a1-c3980814ef39 ] Request (ServerGroupTestJSON:_run_cleanups): 200 GET http://10.180.1.21/compute/v2.1/servers/4575f569-95e5-428f-8e0b-79ae8cc4af65 0.238s
2025-01-13 05:42:34.967 68153 INFO tempest.lib.common.rest_client [req-38d3d7cb-f380-4e2e-82ab-882859468b69 req-38d3d7cb-f380-4e2e-82ab-882859468b69 ] Request (ServersAdminTestJSON:test_list_servers_filter_by_exist_host): 200 GET http://10.180.1.21/compute/v2.1/servers/01fe8b6f-770f-46c3-9d08-c14dcf9d5279 0.166s
2025-01-13 05:42:35.004 68177 INFO tempest.lib.common.rest_client [req-84a1943e-ac08-4c39-a5d0-2af37f7ec27f req-84a1943e-ac08-4c39-a5d0-2af37f7ec27f ] Request (InstanceActionsNegativeTestJSON:setUpClass): 200 GET http://10.180.1.21/compute/v2.1/servers/77963072-fae4-4155-8d71-6891a21db18e 0.200s
2025-01-13 05:42:35.051 68151 INFO tempest.lib.common.rest_client [req-120a96cc-43f5-488e-a0d1-445ac095d7c1 req-120a96cc-43f5-488e-a0d1-445ac095d7c1 ] Request (ServersTestMultiNic:_run_cleanups): 200 GET http://10.180.1.21/compute/v2.1/servers/c7b97998-bbde-4262-8000-e6dd261e9005 0.068s
2025-01-13 05:42:35.088 68153 INFO tempest.lib.common.rest_client [req-28c6522b-832b-4252-a4da-a0f053d9c029 req-28c6522b-832b-4252-a4da-a0f053d9c029 ] Request (ServersAdminTestJSON:test_list_servers_filter_by_exist_host): 200 GET http://10.180.1.21/compute/v2.1/servers?host=cpu-1&all_tenants=1 0.111s
2025-01-13 05:42:35.105 68155 INFO tempest.lib.common.rest_client [req-0ea1202f-bd2f-4a21-9551-e771e0fc8032 req-0ea1202f-bd2f-4a21-9551-e771e0fc8032 ] Request (DeleteServersTestJSON:test_delete_active_server): 200 GET http://10.180.1.21/compute/v2.1/servers/8a710bc4-36df-4768-b926-399c4dcccc71 0.106s
2025-01-13 05:42:35.123 68169 INFO tempest.lib.common.rest_client [req-cbec04f0-2200-4e5d-98cf-b47751e41215 req-cbec04f0-2200-4e5d-98cf-b47751e41215 ] Request (ImagesTestJSON:test_create_image_from_suspended_server): 200 GET http://10.180.1.21/compute/v2.1/images/42772275-3bca-43d5-9900-82d2ccfa87bd 0.033s
2025-01-13 05:42:35.156 68153 INFO tempest.lib.common.rest_client [req-e2b60c8d-9d33-4b03-a17d-12c547fb3ff6 req-e2b60c8d-9d33-4b03-a17d-12c547fb3ff6 ] Request (ServersAdminTestJSON:test_list_servers_filter_by_exist_host): 200 GET http://10.180.1.21/compute/v2.1/servers?host=nonexistent_host&all_tenants=1 0.063s
2025-01-13 05:42:35.161 68141 WARNING tempest.lib.common.ssh [-] Failed to establish authenticated ssh connection to cirros@10.180.180.245 ([Errno None] Unable to connect to port 22 on 10.180.180.245). Number attempts: 5. Retry after 6 seconds.: paramiko.ssh_exception.NoValidConnectionsError: [Errno None] Unable to connect to port 22 on 10.180.180.245
2025-01-13 05:42:35.237 68153 INFO tempest.lib.common.rest_client [req-e26f06b6-afab-445e-8d90-bce9f360a9ab req-e26f06b6-afab-445e-8d90-bce9f360a9ab ] Request (ServersAdminTestJSON:test_rebuild_server_in_error_state): 202 POST http://10.180.1.21/compute/v2.1/servers/01fe8b6f-770f-46c3-9d08-c14dcf9d5279/action 0.077s
2025-01-13 05:42:35.343 68185 INFO tempest.lib.common.rest_client [req-995e796c-3919-4f80-a891-8a8eac410776 req-995e796c-3919-4f80-a891-8a8eac410776 ] Request (MigrationsAdminTest:test_resize_server_revert_deleted_flavor): 200 GET http://10.180.1.21/compute/v2.1/servers/7a6307d1-b846-431e-bd20-e7755fc0f9fc 0.141s
2025-01-13 05:42:35.354 68185 INFO tempest.common.waiters [-] State transition "BUILD/networking" ==> "BUILD/spawning" after 59 second wait
2025-01-13 05:42:35.393 68183 INFO tempest.lib.common.rest_client [req-984f26ea-abef-4679-ab8d-0bc72b5094a7 req-984f26ea-abef-4679-ab8d-0bc72b5094a7 ] Request (ServerMetadataTestJSON:tearDownClass): 200 GET http://10.180.1.21/compute/v2.1/servers/ea73c22f-d49b-4d10-b15d-86423e345b27 0.172s
2025-01-13 05:42:35.432 68161 INFO tempest.lib.common.rest_client [req-ba0d9c0d-a3c1-40b3-853d-e3bd9dbadeb7 req-ba0d9c0d-a3c1-40b3-853d-e3bd9dbadeb7 ] Request (ServerActionsTestOtherB:setUpClass): 200 GET http://10.180.1.21/compute/v2.1/servers/c5434c30-b136-40c0-aef3-86cc964a67ae 0.269s
2025-01-13 05:42:35.488 68187 INFO tempest.lib.common.rest_client [req-7c70a550-8dad-44fa-ac32-ea8350bf8c6b req-7c70a550-8dad-44fa-ac32-ea8350bf8c6b ] Request (ImagesOneServerNegativeTestJSON:_run_cleanups): 200 GET http://10.180.1.21/compute/v2.1/servers/c2d26e57-23c3-4420-9337-f5ac25df9790 0.162s
2025-01-13 05:42:35.498 68187 INFO tempest.common.waiters [-] State transition "BUILD/scheduling" ==> "BUILD/None" after 13 second wait
2025-01-13 05:42:35.553 68153 INFO tempest.lib.common.rest_client [req-1dbd0cbc-0798-434f-a9f7-3eed5d9e0865 req-1dbd0cbc-0798-434f-a9f7-3eed5d9e0865 ] Request (ServersAdminTestJSON:test_rebuild_server_in_error_state): 202 POST http://10.180.1.21/compute/v2.1/servers/01fe8b6f-770f-46c3-9d08-c14dcf9d5279/action 0.316s
2025-01-13 05:42:35.556 68131 INFO tempest.lib.common.rest_client [req-f0251ef2-2cd7-454e-827c-03689df6398c req-f0251ef2-2cd7-454e-827c-03689df6398c ] Request (ServersAdmin275Test:test_rebuild_update_server_275): 200 GET http://10.180.1.21/compute/v2.1/servers/5739e674-a7c3-4d99-b568-bc361cbfbeb1 0.121s
2025-01-13 05:42:35.603 68137 INFO tempest.lib.common.rest_client [req-591bd296-b034-49a0-98ac-6678adcc6897 req-591bd296-b034-49a0-98ac-6678adcc6897 ] Request (ServersNegativeTestJSON:setUpClass): 200 GET http://10.180.1.21/compute/v2.1/servers/55a48923-5829-43d1-8e04-04b7fdd0ffbc 0.114s
2025-01-13 05:42:35.616 68135 INFO tempest.lib.common.rest_client [req-b7ca1e83-2a08-4cf3-9530-f707c4b07b50 req-b7ca1e83-2a08-4cf3-9530-f707c4b07b50 ] Request (SecurityGroupsTestJSON:test_server_security_groups): 200 GET http://10.180.1.21/compute/v2.1/servers/9c447288-5ff8-48bd-8bb3-5f78becea748 0.096s
2025-01-13 05:42:35.684 68157 INFO tempest.lib.common.rest_client [req-06e48304-0f85-4292-98ba-8339b654471b req-06e48304-0f85-4292-98ba-8339b654471b ] Request (ListServersNegativeTestJSON:tearDownClass): 200 GET http://10.180.1.21/compute/v2.1/servers/ff7b9162-534d-43d0-b1d3-cf65e8c26d2c 0.099s
2025-01-13 05:42:35.807 68153 INFO tempest.lib.common.rest_client [req-66f9db01-2d60-41b4-ac58-bbc48f16c6fa req-66f9db01-2d60-41b4-ac58-bbc48f16c6fa ] Request (ServersAdminTestJSON:test_rebuild_server_in_error_state): 200 GET http://10.180.1.21/compute/v2.1/servers/01fe8b6f-770f-46c3-9d08-c14dcf9d5279 0.245s
2025-01-13 05:42:35.824 68159 INFO tempest.lib.common.rest_client [req-77a4dcfb-42ab-464a-9964-cd681754177a req-77a4dcfb-42ab-464a-9964-cd681754177a ] Request (ServerRescueTestJSONUnderV235:setUpClass): 200 GET http://10.180.1.21/compute/v2.1/servers/ca17f52a-6739-482b-ac60-67fe0c46dda2 0.119s
2025-01-13 05:42:35.874 68167 INFO tempest.lib.common.rest_client [req-aaf228a2-759e-405c-ac21-2a9a4b437072 req-aaf228a2-759e-405c-ac21-2a9a4b437072 ] Request (ServerMetadataNegativeTestJSON:setUpClass): 200 GET http://10.180.1.21/compute/v2.1/servers/93715b06-81bb-415f-b69a-61af61badce0 0.119s
2025-01-13 05:42:35.882 68181 INFO tempest.lib.common.rest_client [req-14a4f4c3-747e-4802-a6b8-f00e8cc94d1c req-14a4f4c3-747e-4802-a6b8-f00e8cc94d1c ] Request (ServerRescueNegativeTestJSON:test_rescued_vm_detach_volume): 200 GET http://10.180.1.21/compute/v2.1/servers/88fc1ea6-46ae-470e-b003-77a8d073a457 0.060s
2025-01-13 05:42:35.927 68173 INFO tempest.lib.common.rest_client [req-fa929e13-67f2-413e-b655-f431ef79e0cb req-fa929e13-67f2-413e-b655-f431ef79e0cb ] Request (ServerDiskConfigTestJSON:test_rebuild_server_with_manual_disk_config): 200 GET http://10.180.1.21/compute/v2.1/servers/5983e55c-136a-4fbe-b008-e116cbd7f6b4 0.057s
2025-01-13 05:42:36.052 68145 INFO tempest.lib.common.rest_client [req-a6b09ae8-2db3-43bc-b90c-5771cc41d017 req-a6b09ae8-2db3-43bc-b90c-5771cc41d017 ] Request (ServerGroupTestJSON:_run_cleanups): 200 GET http://10.180.1.21/compute/v2.1/servers/4575f569-95e5-428f-8e0b-79ae8cc4af65 0.150s
2025-01-13 05:42:36.133 68151 INFO tempest.lib.common.rest_client [req-3b3959ce-679d-4fea-aef8-d9321b37f978 req-3b3959ce-679d-4fea-aef8-d9321b37f978 ] Request (ServersTestMultiNic:_run_cleanups): 200 GET http://10.180.1.21/compute/v2.1/servers/c7b97998-bbde-4262-8000-e6dd261e9005 0.074s
2025-01-13 05:42:36.141 68177 INFO tempest.lib.common.rest_client [req-d4db14f8-4bef-4429-a237-c5c84c5ac272 req-d4db14f8-4bef-4429-a237-c5c84c5ac272 ] Request (InstanceActionsNegativeTestJSON:setUpClass): 200 GET http://10.180.1.21/compute/v2.1/servers/77963072-fae4-4155-8d71-6891a21db18e 0.128s
2025-01-13 05:42:36.141 68151 INFO tempest.common.waiters [-] State transition "ACTIVE/deleting" ==> "DELETED/None" after 5 second wait
2025-01-13 05:42:36.173 68169 INFO tempest.lib.common.rest_client [req-7e413eb1-74c1-4cda-90df-b62a9fc774da req-7e413eb1-74c1-4cda-90df-b62a9fc774da ] Request (ImagesTestJSON:test_create_image_from_suspended_server): 200 GET http://10.180.1.21/compute/v2.1/images/42772275-3bca-43d5-9900-82d2ccfa87bd 0.046s
2025-01-13 05:42:36.188 68155 INFO tempest.lib.common.rest_client [req-febeb791-39a1-4a79-8874-dac0ec1a7220 req-febeb791-39a1-4a79-8874-dac0ec1a7220 ] Request (DeleteServersTestJSON:test_delete_active_server): 200 GET http://10.180.1.21/compute/v2.1/servers/8a710bc4-36df-4768-b926-399c4dcccc71 0.071s
2025-01-13 05:42:36.464 68183 INFO tempest.lib.common.rest_client [req-60e9e7e6-d50a-4108-a77a-ef66147aaa24 req-60e9e7e6-d50a-4108-a77a-ef66147aaa24 ] Request (ServerMetadataTestJSON:tearDownClass): 200 GET http://10.180.1.21/compute/v2.1/servers/ea73c22f-d49b-4d10-b15d-86423e345b27 0.064s
2025-01-13 05:42:36.503 68185 INFO tempest.lib.common.rest_client [req-a5d6546e-b740-4ceb-83d5-61c9a76599fb req-a5d6546e-b740-4ceb-83d5-61c9a76599fb ] Request (MigrationsAdminTest:test_resize_server_revert_deleted_flavor): 200 GET http://10.180.1.21/compute/v2.1/servers/7a6307d1-b846-431e-bd20-e7755fc0f9fc 0.148s
2025-01-13 05:42:36.520 68161 INFO tempest.lib.common.rest_client [req-440429a7-8c4e-4f5e-ab9a-77b5ba4125de req-440429a7-8c4e-4f5e-ab9a-77b5ba4125de ] Request (ServerActionsTestOtherB:setUpClass): 200 GET http://10.180.1.21/compute/v2.1/servers/c5434c30-b136-40c0-aef3-86cc964a67ae 0.077s
2025-01-13 05:42:36.573 68187 INFO tempest.lib.common.rest_client [req-e4281f3b-fe22-4546-8bd0-f7b622799545 req-e4281f3b-fe22-4546-8bd0-f7b622799545 ] Request (ImagesOneServerNegativeTestJSON:_run_cleanups): 200 GET http://10.180.1.21/compute/v2.1/servers/c2d26e57-23c3-4420-9337-f5ac25df9790 0.074s
2025-01-13 05:42:36.637 68131 INFO tempest.lib.common.rest_client [req-e7132cb1-fb0b-4d51-a798-9963494a6c49 req-e7132cb1-fb0b-4d51-a798-9963494a6c49 ] Request (ServersAdmin275Test:test_rebuild_update_server_275): 200 GET http://10.180.1.21/compute/v2.1/servers/5739e674-a7c3-4d99-b568-bc361cbfbeb1 0.061s
2025-01-13 05:42:36.665 68137 INFO tempest.lib.common.rest_client [req-a60e9c41-3bb1-4a01-a49b-171c142b294c req-a60e9c41-3bb1-4a01-a49b-171c142b294c ] Request (ServersNegativeTestJSON:setUpClass): 200 GET http://10.180.1.21/compute/v2.1/servers/55a48923-5829-43d1-8e04-04b7fdd0ffbc 0.054s
2025-01-13 05:42:36.687 68135 INFO tempest.lib.common.rest_client [req-d2544963-9f04-4831-920a-403cd34ec527 req-d2544963-9f04-4831-920a-403cd34ec527 ] Request (SecurityGroupsTestJSON:test_server_security_groups): 200 GET http://10.180.1.21/compute/v2.1/servers/9c447288-5ff8-48bd-8bb3-5f78becea748 0.062s
2025-01-13 05:42:36.753 68157 INFO tempest.lib.common.rest_client [req-cc0daa24-b21a-403a-b5fe-bf1ff2ebb2d9 req-cc0daa24-b21a-403a-b5fe-bf1ff2ebb2d9 ] Request (ListServersNegativeTestJSON:tearDownClass): 200 GET http://10.180.1.21/compute/v2.1/servers/ff7b9162-534d-43d0-b1d3-cf65e8c26d2c 0.060s
2025-01-13 05:42:36.760 68163 WARNING tempest.lib.common.ssh [-] Failed to establish authenticated ssh connection to cirros@10.180.180.198 ([Errno None] Unable to connect to port 22 on 10.180.180.198). Number attempts: 12. Retry after 13 seconds.: paramiko.ssh_exception.NoValidConnectionsError: [Errno None] Unable to connect to port 22 on 10.180.180.198
2025-01-13 05:42:36.972 68153 INFO tempest.lib.common.rest_client [req-d9c1e645-1449-434e-b67b-30bf07c33779 req-d9c1e645-1449-434e-b67b-30bf07c33779 ] Request (ServersAdminTestJSON:test_rebuild_server_in_error_state): 200 GET http://10.180.1.21/compute/v2.1/servers/01fe8b6f-770f-46c3-9d08-c14dcf9d5279 0.154s
2025-01-13 05:42:37.031 68167 INFO tempest.lib.common.rest_client [req-9c7cf5ae-29fb-46e2-9ba4-4f71351891ac req-9c7cf5ae-29fb-46e2-9ba4-4f71351891ac ] Request (ServerMetadataNegativeTestJSON:setUpClass): 200 GET http://10.180.1.21/compute/v2.1/servers/93715b06-81bb-415f-b69a-61af61badce0 0.148s
2025-01-13 05:42:37.097 68181 INFO tempest.lib.common.rest_client [req-c29e1a66-8923-4906-ba38-a9ba9c638b37 req-c29e1a66-8923-4906-ba38-a9ba9c638b37 ] Request (ServerRescueNegativeTestJSON:test_rescued_vm_detach_volume): 200 GET http://10.180.1.21/compute/v2.1/servers/88fc1ea6-46ae-470e-b003-77a8d073a457 0.205s
2025-01-13 05:42:37.148 68173 INFO tempest.lib.common.rest_client [req-a36a68bd-2abf-48e0-afb5-f1f1d695f3a0 req-a36a68bd-2abf-48e0-afb5-f1f1d695f3a0 ] Request (ServerDiskConfigTestJSON:test_rebuild_server_with_manual_disk_config): 200 GET http://10.180.1.21/compute/v2.1/servers/5983e55c-136a-4fbe-b008-e116cbd7f6b4 0.208s
2025-01-13 05:42:37.184 68159 INFO tempest.lib.common.rest_client [req-390a8649-e43a-44d0-993e-55b65b2f8891 req-390a8649-e43a-44d0-993e-55b65b2f8891 ] Request (ServerRescueTestJSONUnderV235:setUpClass): 200 GET http://10.180.1.21/compute/v2.1/servers/ca17f52a-6739-482b-ac60-67fe0c46dda2 0.345s
2025-01-13 05:42:37.254 68151 INFO tempest.lib.common.rest_client [req-fe103917-7eaa-439f-bd3e-da82b2822eb5 req-fe103917-7eaa-439f-bd3e-da82b2822eb5 ] Request (ServersTestMultiNic:_run_cleanups): 200 GET http://10.180.1.21/compute/v2.1/servers/c7b97998-bbde-4262-8000-e6dd261e9005 0.112s
2025-01-13 05:42:37.257 68145 INFO tempest.lib.common.rest_client [req-c5f886ec-6703-4b5b-a50f-537c47daa5a8 req-c5f886ec-6703-4b5b-a50f-537c47daa5a8 ] Request (ServerGroupTestJSON:_run_cleanups): 200 GET http://10.180.1.21/compute/v2.1/servers/4575f569-95e5-428f-8e0b-79ae8cc4af65 0.192s
2025-01-13 05:42:37.299 68169 INFO tempest.lib.common.rest_client [req-28230910-15e4-4eb8-94e5-0c0d3ec34b03 req-28230910-15e4-4eb8-94e5-0c0d3ec34b03 ] Request (ImagesTestJSON:test_create_image_from_suspended_server): 200 GET http://10.180.1.21/compute/v2.1/images/42772275-3bca-43d5-9900-82d2ccfa87bd 0.119s
2025-01-13 05:42:37.359 68155 INFO tempest.lib.common.rest_client [req-c1b1dca5-afdf-48fd-b258-90a51931db0e req-c1b1dca5-afdf-48fd-b258-90a51931db0e ] Request (DeleteServersTestJSON:test_delete_active_server): 200 GET http://10.180.1.21/compute/v2.1/servers/8a710bc4-36df-4768-b926-399c4dcccc71 0.163s
2025-01-13 05:42:37.388 68177 INFO tempest.lib.common.rest_client [req-3a263044-5ec2-43b8-9888-066dd322d7d0 req-3a263044-5ec2-43b8-9888-066dd322d7d0 ] Request (InstanceActionsNegativeTestJSON:setUpClass): 200 GET http://10.180.1.21/compute/v2.1/servers/77963072-fae4-4155-8d71-6891a21db18e 0.231s
2025-01-13 05:42:37.536 68183 INFO tempest.lib.common.rest_client [req-3002ba3b-83d9-4720-ad3c-346982521778 req-3002ba3b-83d9-4720-ad3c-346982521778 ] Request (ServerMetadataTestJSON:tearDownClass): 200 GET http://10.180.1.21/compute/v2.1/servers/ea73c22f-d49b-4d10-b15d-86423e345b27 0.062s
2025-01-13 05:42:37.582 68161 INFO tempest.lib.common.rest_client [req-d31a2c1f-5ae4-4f13-96f2-0c077ee5fd16 req-d31a2c1f-5ae4-4f13-96f2-0c077ee5fd16 ] Request (ServerActionsTestOtherB:setUpClass): 200 GET http://10.180.1.21/compute/v2.1/servers/c5434c30-b136-40c0-aef3-86cc964a67ae 0.053s
2025-01-13 05:42:37.636 68185 INFO tempest.lib.common.rest_client [req-0422eb7c-3f71-4693-aa91-c8aacfb4034f req-0422eb7c-3f71-4693-aa91-c8aacfb4034f ] Request (MigrationsAdminTest:test_resize_server_revert_deleted_flavor): 200 GET http://10.180.1.21/compute/v2.1/servers/7a6307d1-b846-431e-bd20-e7755fc0f9fc 0.120s
2025-01-13 05:42:37.645 68187 INFO tempest.lib.common.rest_client [req-c4a49104-5b6a-4ba3-b21f-8487538e3501 req-c4a49104-5b6a-4ba3-b21f-8487538e3501 ] Request (ImagesOneServerNegativeTestJSON:_run_cleanups): 200 GET http://10.180.1.21/compute/v2.1/servers/c2d26e57-23c3-4420-9337-f5ac25df9790 0.062s
2025-01-13 05:42:37.722 68131 INFO tempest.lib.common.rest_client [req-becf803b-1607-4ef7-b9bb-465905d2c7bc req-becf803b-1607-4ef7-b9bb-465905d2c7bc ] Request (ServersAdmin275Test:test_rebuild_update_server_275): 200 GET http://10.180.1.21/compute/v2.1/servers/5739e674-a7c3-4d99-b568-bc361cbfbeb1 0.072s
2025-01-13 05:42:37.726 68137 INFO tempest.lib.common.rest_client [req-f3b1129a-25a0-420e-9a49-1b0623781b7c req-f3b1129a-25a0-420e-9a49-1b0623781b7c ] Request (ServersNegativeTestJSON:setUpClass): 200 GET http://10.180.1.21/compute/v2.1/servers/55a48923-5829-43d1-8e04-04b7fdd0ffbc 0.052s
2025-01-13 05:42:37.784 68157 INFO tempest.lib.common.rest_client [req-1de6e597-fc7a-4c20-a6a4-387b68a89c3f req-1de6e597-fc7a-4c20-a6a4-387b68a89c3f ] Request (ListServersNegativeTestJSON:tearDownClass): 404 GET http://10.180.1.21/compute/v2.1/servers/ff7b9162-534d-43d0-b1d3-cf65e8c26d2c 0.023s
2025-01-13 05:42:37.795 68135 INFO tempest.lib.common.rest_client [req-47fb5549-faa8-4d5d-b6e7-63a2df1e4786 req-47fb5549-faa8-4d5d-b6e7-63a2df1e4786 ] Request (SecurityGroupsTestJSON:test_server_security_groups): 200 GET http://10.180.1.21/compute/v2.1/servers/9c447288-5ff8-48bd-8bb3-5f78becea748 0.100s
2025-01-13 05:42:37.810 68157 INFO tempest.lib.common.rest_client [req-306c7926-d0d6-4309-85f6-366c72e133dc req-306c7926-d0d6-4309-85f6-366c72e133dc ] Request (ListServersNegativeTestJSON:tearDownClass): 404 GET http://10.180.1.21/compute/v2.1/servers/5911ad6b-f534-426e-aac5-20629a9dd1e1 0.025s
2025-01-13 05:42:38.040 68143 WARNING tempest.lib.common.ssh [-] Failed to establish authenticated ssh connection to cirros@10.180.180.172 ([Errno None] Unable to connect to port 22 on 10.180.180.172). Number attempts: 3. Retry after 4 seconds.: paramiko.ssh_exception.NoValidConnectionsError: [Errno None] Unable to connect to port 22 on 10.180.180.172
2025-01-13 05:42:38.098 68167 INFO tempest.lib.common.rest_client [req-b1a3da41-a1c4-48e6-850f-3e0c66bc314a req-b1a3da41-a1c4-48e6-850f-3e0c66bc314a ] Request (ServerMetadataNegativeTestJSON:setUpClass): 200 GET http://10.180.1.21/compute/v2.1/servers/93715b06-81bb-415f-b69a-61af61badce0 0.059s
2025-01-13 05:42:38.108 68153 INFO tempest.lib.common.rest_client [req-9b25c341-63d5-4c55-93a9-f38ff96e13fe req-9b25c341-63d5-4c55-93a9-f38ff96e13fe ] Request (ServersAdminTestJSON:test_rebuild_server_in_error_state): 200 GET http://10.180.1.21/compute/v2.1/servers/01fe8b6f-770f-46c3-9d08-c14dcf9d5279 0.122s
2025-01-13 05:42:38.167 68181 INFO tempest.lib.common.rest_client [req-8aa11295-c903-4faf-904d-67fa1faf2c5f req-8aa11295-c903-4faf-904d-67fa1faf2c5f ] Request (ServerRescueNegativeTestJSON:test_rescued_vm_detach_volume): 200 GET http://10.180.1.21/compute/v2.1/servers/88fc1ea6-46ae-470e-b003-77a8d073a457 0.062s
2025-01-13 05:42:38.215 68173 INFO tempest.lib.common.rest_client [req-44b2bb03-8552-417c-9c0e-a4f44b68c50b req-44b2bb03-8552-417c-9c0e-a4f44b68c50b ] Request (ServerDiskConfigTestJSON:test_rebuild_server_with_manual_disk_config): 200 GET http://10.180.1.21/compute/v2.1/servers/5983e55c-136a-4fbe-b008-e116cbd7f6b4 0.055s
2025-01-13 05:42:38.303 68159 INFO tempest.lib.common.rest_client [req-66d02435-3aa6-49e5-b6dd-3b5cf29deada req-66d02435-3aa6-49e5-b6dd-3b5cf29deada ] Request (ServerRescueTestJSONUnderV235:setUpClass): 200 GET http://10.180.1.21/compute/v2.1/servers/ca17f52a-6739-482b-ac60-67fe0c46dda2 0.110s
2025-01-13 05:42:38.327 68151 INFO tempest.lib.common.rest_client [req-929c3548-204f-4294-8b71-29e513c4fff3 req-929c3548-204f-4294-8b71-29e513c4fff3 ] Request (ServersTestMultiNic:_run_cleanups): 200 GET http://10.180.1.21/compute/v2.1/servers/c7b97998-bbde-4262-8000-e6dd261e9005 0.062s
2025-01-13 05:42:38.352 68145 INFO tempest.lib.common.rest_client [req-74990e3a-b481-45e6-ab75-1cfa1211e1e5 req-74990e3a-b481-45e6-ab75-1cfa1211e1e5 ] Request (ServerGroupTestJSON:_run_cleanups): 200 GET http://10.180.1.21/compute/v2.1/servers/4575f569-95e5-428f-8e0b-79ae8cc4af65 0.086s
2025-01-13 05:42:38.360 68169 INFO tempest.lib.common.rest_client [req-85410460-1b2d-44e1-b9f2-e2655bfb77fc req-85410460-1b2d-44e1-b9f2-e2655bfb77fc ] Request (ImagesTestJSON:test_create_image_from_suspended_server): 200 GET http://10.180.1.21/compute/v2.1/images/42772275-3bca-43d5-9900-82d2ccfa87bd 0.056s
2025-01-13 05:42:38.429 68155 INFO tempest.lib.common.rest_client [req-b6168382-a7b9-4e51-8923-dbc078c5b1cf req-b6168382-a7b9-4e51-8923-dbc078c5b1cf ] Request (DeleteServersTestJSON:test_delete_active_server): 200 GET http://10.180.1.21/compute/v2.1/servers/8a710bc4-36df-4768-b926-399c4dcccc71 0.059s
2025-01-13 05:42:38.529 68177 INFO tempest.lib.common.rest_client [req-6a3e7156-aec2-4f1f-8352-20ee479d2496 req-6a3e7156-aec2-4f1f-8352-20ee479d2496 ] Request (InstanceActionsNegativeTestJSON:setUpClass): 200 GET http://10.180.1.21/compute/v2.1/servers/77963072-fae4-4155-8d71-6891a21db18e 0.133s
2025-01-13 05:42:38.537 68177 INFO tempest.common.waiters [-] State transition "BUILD/spawning" ==> "ACTIVE/None" after 81 second wait
2025-01-13 05:42:38.556 68157 INFO tempest.lib.common.rest_client [req-4d6fe0de-d588-4263-8453-8b16e2077a39 req-4d6fe0de-d588-4263-8453-8b16e2077a39 ] Request (ListServersNegativeTestJSON:tearDownClass): 200 PUT http://10.180.1.21:9696/networking/v2.0/routers/bc7ccebd-2ad8-4eec-a4a8-d636882c9bd8/remove_router_interface 0.746s
2025-01-13 05:42:38.576 68177 INFO tempest.lib.common.rest_client [req-83952fac-9e2c-4b48-9e31-4358b4d1f952 req-83952fac-9e2c-4b48-9e31-4358b4d1f952 ] Request (InstanceActionsNegativeTestJSON:test_get_instance_action_invalid_request): 404 GET http://10.180.1.21/compute/v2.1/servers/77963072-fae4-4155-8d71-6891a21db18e/os-instance-actions/999 0.038s
2025-01-13 05:42:38.592 68177 INFO tempest.lib.common.rest_client [req-34255bcc-75c1-47d2-ad27-31e66357648c req-34255bcc-75c1-47d2-ad27-31e66357648c ] Request (InstanceActionsNegativeTestJSON:test_list_instance_actions_non_existent_server): 404 GET http://10.180.1.21/compute/v2.1/servers/0e3a9bb7-f24b-4bb0-87fd-de931e94d4a6/os-instance-actions 0.013s
2025-01-13 05:42:38.619 68183 INFO tempest.lib.common.rest_client [req-ef119080-1071-460c-a00f-aead9f29730d req-ef119080-1071-460c-a00f-aead9f29730d ] Request (ServerMetadataTestJSON:tearDownClass): 200 GET http://10.180.1.21/compute/v2.1/servers/ea73c22f-d49b-4d10-b15d-86423e345b27 0.075s
2025-01-13 05:42:38.669 68161 INFO tempest.lib.common.rest_client [req-0fdf3818-ade6-492d-96dc-666159b0ed3f req-0fdf3818-ade6-492d-96dc-666159b0ed3f ] Request (ServerActionsTestOtherB:setUpClass): 200 GET http://10.180.1.21/compute/v2.1/servers/c5434c30-b136-40c0-aef3-86cc964a67ae 0.078s
2025-01-13 05:42:38.710 68177 INFO tempest.lib.common.rest_client [req-d86a3f4b-d33e-4d68-946c-804431cd42b1 req-d86a3f4b-d33e-4d68-946c-804431cd42b1 ] Request (InstanceActionsNegativeTestJSON:tearDownClass): 204 DELETE http://10.180.1.21/compute/v2.1/servers/77963072-fae4-4155-8d71-6891a21db18e 0.112s
2025-01-13 05:42:38.777 68187 INFO tempest.lib.common.rest_client [req-d9c51715-8533-403d-8a68-11561504df1b req-d9c51715-8533-403d-8a68-11561504df1b ] Request (ImagesOneServerNegativeTestJSON:_run_cleanups): 200 GET http://10.180.1.21/compute/v2.1/servers/c2d26e57-23c3-4420-9337-f5ac25df9790 0.124s
2025-01-13 05:42:38.884 68185 INFO tempest.lib.common.rest_client [req-424f8f26-c933-4afa-8d4c-82bfc69e99d5 req-424f8f26-c933-4afa-8d4c-82bfc69e99d5 ] Request (MigrationsAdminTest:test_resize_server_revert_deleted_flavor): 200 GET http://10.180.1.21/compute/v2.1/servers/7a6307d1-b846-431e-bd20-e7755fc0f9fc 0.238s
2025-01-13 05:42:38.890 68177 INFO tempest.lib.common.rest_client [req-d9a865f3-9736-4cff-9876-bfc63db76810 req-d9a865f3-9736-4cff-9876-bfc63db76810 ] Request (InstanceActionsNegativeTestJSON:tearDownClass): 200 GET http://10.180.1.21/compute/v2.1/servers/77963072-fae4-4155-8d71-6891a21db18e 0.179s
2025-01-13 05:42:38.947 68137 INFO tempest.lib.common.rest_client [req-5c35b511-09bd-491f-b666-a000eeebc594 req-5c35b511-09bd-491f-b666-a000eeebc594 ] Request (ServersNegativeTestJSON:setUpClass): 200 GET http://10.180.1.21/compute/v2.1/servers/55a48923-5829-43d1-8e04-04b7fdd0ffbc 0.212s
