2025-01-13 08:45:09.832 67833 INFO tempest.lib.common.dynamic_creds [-] Acquired dynamic creds: credentials: Credentials: {'domain_id': 'default', 'domain_name': 'Default', 'username': 'tempest-QuotaClassesAdminTestJSON-1201659664-project-admin', 'project_domain_id': 'default', 'project_domain_name': 'Default', 'project_id': '02586473120443078d49e8a543502715', 'project_name': 'tempest-QuotaClassesAdminTestJSON-1201659664', 'tenant_id': '02586473120443078d49e8a543502715', 'tenant_name': 'tempest-QuotaClassesAdminTestJSON-1201659664', 'user_domain_id': 'default', 'user_domain_name': 'Default', 'user_id': '1be1de34172f400893ee8692cc6861ab', 'system': None}, Network: None, Subnet: None, Router: None
2025-01-13 08:45:09.832 67833 INFO tempest.lib.common.dynamic_creds [-] Created isolated network resources for: credentials: Credentials: {'domain_id': 'default', 'domain_name': 'Default', 'username': 'tempest-QuotaClassesAdminTestJSON-1201659664-project-admin', 'project_domain_id': 'default', 'project_domain_name': 'Default', 'project_id': '02586473120443078d49e8a543502715', 'project_name': 'tempest-QuotaClassesAdminTestJSON-1201659664', 'tenant_id': '02586473120443078d49e8a543502715', 'tenant_name': 'tempest-QuotaClassesAdminTestJSON-1201659664', 'user_domain_id': 'default', 'user_domain_name': 'Default', 'user_id': '1be1de34172f400893ee8692cc6861ab', 'system': None}, Network: None, Subnet: None, Router: None
2025-01-13 08:45:09.846 67891 INFO tempest.lib.common.rest_client [req-a3a50baa-1830-4858-976b-42c47173004f req-a3a50baa-1830-4858-976b-42c47173004f ] Request (ServerRescueNegativeTestJSON:setUpClass): 200 GET http://10.180.1.21/compute/v2.1/servers/ffa5cd0b-0f69-4f28-a5ee-e48a8bad7fdc 0.101s
2025-01-13 08:45:09.876 67871 INFO tempest.lib.common.rest_client [req-cc6fdb77-e777-44ea-802c-73d3c694177f req-cc6fdb77-e777-44ea-802c-73d3c694177f ] Request (SecurityGroupsTestJSON:test_server_security_groups): 200 GET http://10.180.1.21/compute/v2.1/servers/83fd43cd-76d3-411c-a6ac-f7b974c2a7b9 0.177s
2025-01-13 08:45:09.902 67833 INFO tempest.lib.common.rest_client [req-50978046-557a-4c92-97f1-963eb2b88b87 req-50978046-557a-4c92-97f1-963eb2b88b87 ] Request (QuotaClassesAdminTestJSON:setUpClass): 201 POST http://10.180.1.21/identity/v3/auth/tokens 0.066s
2025-01-13 08:45:09.912 67845 INFO tempest.lib.common.rest_client [req-c18c586a-08ac-4f80-9d98-88eb84d222b1 req-c18c586a-08ac-4f80-9d98-88eb84d222b1 ] Request (FloatingIPsAssociationTestJSON:test_associate_already_associated_floating_ip): 200 GET http://10.180.1.21/compute/v2.1/servers/91637ee1-38a6-458b-9ac5-e37be456026b 0.107s
2025-01-13 08:45:09.959 67841 INFO tempest.lib.common.rest_client [req-50165cc6-a78f-416e-9bd1-8376b7132c47 req-50165cc6-a78f-416e-9bd1-8376b7132c47 ] Request (ServersTestMultiNic:test_verify_multiple_nics_order): 200 GET http://10.180.1.21/compute/v2.1/servers/f1c187a9-b3d8-46d5-9718-a515abae05c3 0.047s
2025-01-13 08:45:09.978 67833 INFO tempest.lib.common.rest_client [req-4f50910c-db79-46ef-95e4-aa9849b7b0d9 req-4f50910c-db79-46ef-95e4-aa9849b7b0d9 ] Request (QuotaClassesAdminTestJSON:test_update_default_quotas): 200 GET http://10.180.1.21/compute/v2.1/os-quota-class-sets/default 0.074s
2025-01-13 08:45:10.005 67847 INFO tempest.lib.common.rest_client [req-c138353c-1bef-4745-9a66-eef729a43507 req-c138353c-1bef-4745-9a66-eef729a43507 ] Request (AttachInterfacesV270Test:test_create_get_list_interfaces): 200 GET http://10.180.1.21/compute/v2.1/servers/71e74f84-7340-42e9-9d64-99d8e4706406 0.088s
2025-01-13 08:45:10.024 67867 INFO tempest.lib.common.rest_client [req-89aeca8c-514d-40a5-bee1-410ab1e4c07b req-89aeca8c-514d-40a5-bee1-410ab1e4c07b ] Request (MigrationsAdminTest:test_resize_server_revert_deleted_flavor): 200 GET http://10.180.1.21/compute/v2.1/servers/ba79aeda-8018-47ca-97f0-88f4385c6150 0.065s
2025-01-13 08:45:10.097 67859 INFO tempest.lib.common.rest_client [req-111bb9f9-e28f-4cc2-a1d1-38a30fbe2968 req-111bb9f9-e28f-4cc2-a1d1-38a30fbe2968 ] Request (ServersV294TestFqdnHostnames:setUpClass): 200 GET http://10.180.1.21/compute/v2.1/servers/b40628ac-3a0b-4171-9458-a8be9e91a6d1 0.054s
2025-01-13 08:45:10.101 67833 INFO tempest.lib.common.rest_client [req-c73e6ae9-8fe3-478c-92e9-bb281b9ba580 req-c73e6ae9-8fe3-478c-92e9-bb281b9ba580 ] Request (QuotaClassesAdminTestJSON:test_update_default_quotas): 200 PUT http://10.180.1.21/compute/v2.1/os-quota-class-sets/default 0.120s
2025-01-13 08:45:10.116 67833 INFO tempest.lib.common.rest_client [req-aceabac7-35d3-4fe3-a2f5-0d5c6528d460 req-aceabac7-35d3-4fe3-a2f5-0d5c6528d460 ] Request (QuotaClassesAdminTestJSON:test_update_default_quotas): 200 GET http://10.180.1.21/compute/v2.1/os-quota-class-sets/default 0.013s
2025-01-13 08:45:10.146 67863 INFO tempest.lib.common.rest_client [req-cfd1c04e-f880-4a74-acfc-bd8b89bd98b1 req-cfd1c04e-f880-4a74-acfc-bd8b89bd98b1 ] Request (ServersNegativeTestJSON:setUpClass): 200 GET http://10.180.1.21/compute/v2.1/servers/230434b9-8c7e-4b51-9717-96a00258ef83 0.055s
2025-01-13 08:45:10.162 67833 INFO tempest.lib.common.rest_client [req-89c33160-26b8-4083-8bd1-08a7ea8158bb req-89c33160-26b8-4083-8bd1-08a7ea8158bb ] Request (QuotaClassesAdminTestJSON:_run_cleanups): 200 PUT http://10.180.1.21/compute/v2.1/os-quota-class-sets/default 0.044s
2025-01-13 08:45:10.225 67857 INFO tempest.lib.common.rest_client [req-ca4a0c3e-8156-4745-85bb-998871d71e05 req-ca4a0c3e-8156-4745-85bb-998871d71e05 ] Request (ServersAaction247Test:test_create_backup): 200 GET http://10.180.1.21/compute/v2.1/servers/19bc94fa-d863-4b60-ace0-90e01d02b2e1 0.055s
2025-01-13 08:45:10.255 67833 INFO tempest.lib.common.rest_client [req-0b0a2afd-4d3e-4100-9ca0-e1aa3c729947 req-0b0a2afd-4d3e-4100-9ca0-e1aa3c729947 ] Request (QuotaClassesAdminTestJSON:tearDownClass): 204 DELETE http://10.180.1.21/identity/v3/users/6cf30c4c28e44601b0a0f099d1fcb070 0.091s
2025-01-13 08:45:10.330 67833 INFO tempest.lib.common.rest_client [req-9e5d7f31-e600-4eb2-b184-1eaafca49fc5 req-9e5d7f31-e600-4eb2-b184-1eaafca49fc5 ] Request (QuotaClassesAdminTestJSON:tearDownClass): 204 DELETE http://10.180.1.21/identity/v3/users/1be1de34172f400893ee8692cc6861ab 0.074s
2025-01-13 08:45:10.330 67833 INFO tempest.lib.common.dynamic_creds [-] Deleting project and security group for project: d4e210c525b24a57bedd02ea9e8c76aa
2025-01-13 08:45:10.384 67833 INFO tempest.lib.common.rest_client [req-68111a5e-7de2-45bd-b4e1-0fb438935932 req-68111a5e-7de2-45bd-b4e1-0fb438935932 ] Request (QuotaClassesAdminTestJSON:tearDownClass): 201 POST http://10.180.1.21/identity/v3/auth/tokens 0.054s
2025-01-13 08:45:10.428 67839 INFO tempest.lib.common.rest_client [req-a6feec74-1587-41fe-b730-7fbf72e14120 req-a6feec74-1587-41fe-b730-7fbf72e14120 ] Request (ListImageFiltersTestJSON:tearDownClass): 200 GET http://10.180.1.21/compute/v2.1/servers/edc97b06-91c0-4bd4-b2bd-626697e0ac62 0.066s
2025-01-13 08:45:10.482 67865 INFO tempest.lib.common.rest_client [req-8c9c4bd2-2218-4be3-9fad-995a57655a6a req-8c9c4bd2-2218-4be3-9fad-995a57655a6a ] Request (ImagesOneServerTestJSON:setUpClass): 200 GET http://10.180.1.21/compute/v2.1/servers/63be7cd3-af71-44df-bc9f-b392b2e68f78 0.068s
2025-01-13 08:45:10.485 67837 INFO tempest.lib.common.rest_client [req-ac959d02-b7db-4dc3-b011-66535bae7aca req-ac959d02-b7db-4dc3-b011-66535bae7aca ] Request (ServerTagsTestJSON:setUpClass): 200 GET http://10.180.1.21/compute/v2.1/servers/349df407-b1f0-4844-8ad7-db5839ee2c78 0.180s
2025-01-13 08:45:10.547 67883 INFO tempest.lib.common.rest_client [req-b37984b4-413e-462b-9233-274beac56367 req-b37984b4-413e-462b-9233-274beac56367 ] Request (ServerAddressesTestJSON:tearDownClass): 200 GET http://10.180.1.21/compute/v2.1/servers/83ca6a4e-6044-4872-a6a8-91e04523fa81 0.073s
2025-01-13 08:45:10.568 67833 INFO tempest.lib.common.rest_client [req-60795310-91ce-4548-8b9e-858089da08b8 req-60795310-91ce-4548-8b9e-858089da08b8 ] Request (QuotaClassesAdminTestJSON:tearDownClass): 200 GET http://10.180.1.21:9696/networking/v2.0/security-groups?tenant_id=d4e210c525b24a57bedd02ea9e8c76aa&name=default 0.183s
2025-01-13 08:45:10.589 67881 INFO tempest.lib.common.rest_client [req-711085e1-07c1-4a86-a9e8-95619d4f61c7 req-711085e1-07c1-4a86-a9e8-95619d4f61c7 ] Request (ServerAddressesNegativeTestJSON:setUpClass): 200 GET http://10.180.1.21/compute/v2.1/servers/fd0b7987-635e-483c-8189-683cc5c2ed9e 0.069s
2025-01-13 08:45:10.612 67853 INFO tempest.lib.common.rest_client [req-e1db8ed5-0853-469d-ada2-2b3576377691 req-e1db8ed5-0853-469d-ada2-2b3576377691 ] Request (MultipleCreateTestJSON:test_multiple_create): 200 GET http://10.180.1.21/compute/v2.1/servers/5f32fb5d-5502-40a0-b9d0-886e4f301466 0.069s
2025-01-13 08:45:10.625 67853 INFO tempest.common.waiters [-] State transition "BUILD/None" ==> "BUILD/networking" after 69 second wait
2025-01-13 08:45:10.675 67889 INFO tempest.lib.common.rest_client [req-ce66891f-6d25-4d3d-872f-ce5a386ce46c req-ce66891f-6d25-4d3d-872f-ce5a386ce46c ] Request (InstanceActionsNegativeTestJSON:tearDownClass): 200 GET http://10.180.1.21/compute/v2.1/servers/3b7f53c5-a334-41e9-ad16-d8b5bb467222 0.104s
2025-01-13 08:45:10.686 67849 INFO tempest.lib.common.rest_client [req-9c39d365-9021-4064-b5fe-51c858a5e170 req-9c39d365-9021-4064-b5fe-51c858a5e170 ] Request (ServersAdminNegativeTestJSON:tearDownClass): 200 GET http://10.180.1.21/compute/v2.1/servers/ab26cb52-33fe-42e7-906f-7cc2381c6119 0.090s
2025-01-13 08:45:10.688 67833 INFO tempest.lib.common.rest_client [req-4c5f1108-f768-421c-86f7-1f6e69e96c8a req-4c5f1108-f768-421c-86f7-1f6e69e96c8a ] Request (QuotaClassesAdminTestJSON:tearDownClass): 204 DELETE http://10.180.1.21:9696/networking/v2.0/security-groups/ff430142-6b39-435d-b4d8-645bcb7c3352 0.120s
2025-01-13 08:45:10.746 67835 INFO tempest.lib.common.rest_client [req-71065bdc-db06-433c-b566-235db3da0c6b req-71065bdc-db06-433c-b566-235db3da0c6b ] Request (InstanceActionsV221TestJSON:test_get_list_deleted_instance_actions): 200 GET http://10.180.1.21/compute/v2.1/servers/b30be790-a9ba-4ce8-8310-74be04f93752 0.115s
2025-01-13 08:45:10.750 67843 INFO tempest.lib.common.rest_client [req-8ceb15a7-c4ea-420e-9718-3bf989bbd037 req-8ceb15a7-c4ea-420e-9718-3bf989bbd037 ] Request (ListServersNegativeTestJSON:setUpClass): 200 GET http://10.180.1.21/compute/v2.1/servers/b04e0c4e-90ad-450f-ad34-0e91b9462e27 0.066s
2025-01-13 08:45:10.772 67833 INFO tempest.lib.common.rest_client [req-2a01761c-3b96-42ae-b509-81704e9f94ec req-2a01761c-3b96-42ae-b509-81704e9f94ec ] Request (QuotaClassesAdminTestJSON:tearDownClass): 204 DELETE http://10.180.1.21/identity/v3/projects/d4e210c525b24a57bedd02ea9e8c76aa 0.082s
2025-01-13 08:45:10.772 67833 INFO tempest.lib.common.dynamic_creds [-] Deleting project and security group for project: 02586473120443078d49e8a543502715
2025-01-13 08:45:10.796 67831 INFO tempest.lib.common.rest_client [req-d41e9a4a-3209-417b-941d-1176bdec7853 req-d41e9a4a-3209-417b-941d-1176bdec7853 ] Request (ServerDiskConfigTestJSON:test_rebuild_server_with_manual_disk_config): 200 GET http://10.180.1.21/compute/v2.1/servers/d2fc7e37-5866-4c59-a20a-f311ecceddb9 0.061s
2025-01-13 08:45:10.864 67861 INFO tempest.lib.common.rest_client [req-353cc810-15f1-4531-88b1-10de9226b54b req-353cc810-15f1-4531-88b1-10de9226b54b ] Request (ServerShowV247Test:test_update_rebuild_list_server): 200 GET http://10.180.1.21/compute/v2.1/servers/713e6fc8-7d9a-42f1-824c-ee51b5bc6bf5 0.076s
2025-01-13 08:45:10.912 67833 INFO tempest.lib.common.rest_client [req-4a333347-7917-45e0-b39a-655fa88c68b8 req-4a333347-7917-45e0-b39a-655fa88c68b8 ] Request (QuotaClassesAdminTestJSON:tearDownClass): 200 GET http://10.180.1.21:9696/networking/v2.0/security-groups?tenant_id=02586473120443078d49e8a543502715&name=default 0.140s
2025-01-13 08:45:10.917 67891 INFO tempest.lib.common.rest_client [req-22219934-c355-4ab1-bec1-14c181d2121d req-22219934-c355-4ab1-bec1-14c181d2121d ] Request (ServerRescueNegativeTestJSON:setUpClass): 200 GET http://10.180.1.21/compute/v2.1/servers/ffa5cd0b-0f69-4f28-a5ee-e48a8bad7fdc 0.063s
2025-01-13 08:45:10.925 67891 INFO tempest.common.waiters [-] State transition "BUILD/scheduling" ==> "BUILD/None" after 61 second wait
2025-01-13 08:45:10.991 67879 INFO tempest.lib.common.rest_client [req-6013259b-0d89-4cac-a5ea-80ea9a9ad0a7 req-6013259b-0d89-4cac-a5ea-80ea9a9ad0a7 ] Request (VolumesAdminNegativeTest:test_update_attached_volume_with_nonexistent_volume_in_body): 200 GET http://10.180.1.21/compute/v2.1/servers/ac73bd12-161a-4720-8069-8b648645038b 0.176s
2025-01-13 08:45:10.998 67879 INFO tempest.common.waiters [-] State transition "BUILD/spawning" ==> "ACTIVE/None" after 79 second wait
2025-01-13 08:45:11.025 67833 INFO tempest.lib.common.rest_client [req-d8746c76-2142-4a19-be3b-8bdc1573448f req-d8746c76-2142-4a19-be3b-8bdc1573448f ] Request (QuotaClassesAdminTestJSON:tearDownClass): 204 DELETE http://10.180.1.21:9696/networking/v2.0/security-groups/2cf26e83-a79f-49cd-afd0-26b4b7915d4b 0.112s
2025-01-13 08:45:11.040 67871 INFO tempest.lib.common.rest_client [req-d81b86bf-a767-4d8e-aa48-a0cd186d5753 req-d81b86bf-a767-4d8e-aa48-a0cd186d5753 ] Request (SecurityGroupsTestJSON:test_server_security_groups): 200 GET http://10.180.1.21/compute/v2.1/servers/83fd43cd-76d3-411c-a6ac-f7b974c2a7b9 0.156s
2025-01-13 08:45:11.047 67845 INFO tempest.lib.common.rest_client [req-283dc101-edae-4160-922d-c0673d96087f req-283dc101-edae-4160-922d-c0673d96087f ] Request (FloatingIPsAssociationTestJSON:test_associate_already_associated_floating_ip): 200 GET http://10.180.1.21/compute/v2.1/servers/91637ee1-38a6-458b-9ac5-e37be456026b 0.127s
2025-01-13 08:45:11.090 67841 INFO tempest.lib.common.rest_client [req-e14d9a16-4bd1-4d7f-8bb8-1b714b79c61e req-e14d9a16-4bd1-4d7f-8bb8-1b714b79c61e ] Request (ServersTestMultiNic:test_verify_multiple_nics_order): 200 GET http://10.180.1.21/compute/v2.1/servers/f1c187a9-b3d8-46d5-9718-a515abae05c3 0.123s
2025-01-13 08:45:11.124 67833 INFO tempest.lib.common.rest_client [req-08b2dd83-bed7-4480-a2e7-bacf65464353 req-08b2dd83-bed7-4480-a2e7-bacf65464353 ] Request (QuotaClassesAdminTestJSON:tearDownClass): 204 DELETE http://10.180.1.21/identity/v3/projects/02586473120443078d49e8a543502715 0.098s
2025-01-13 08:45:11.130 67879 INFO tempest.lib.common.rest_client [req-808dfe01-2cf0-4841-8467-11ca9fa81dcf req-808dfe01-2cf0-4841-8467-11ca9fa81dcf ] Request (VolumesAdminNegativeTest:test_update_attached_volume_with_nonexistent_volume_in_body): 200 GET http://10.180.1.21/compute/v2.1/servers/ac73bd12-161a-4720-8069-8b648645038b/os-interface 0.130s
2025-01-13 08:45:11.147 67847 INFO tempest.lib.common.rest_client [req-76393243-6966-499c-9d3a-25d1d0ef4f7b req-76393243-6966-499c-9d3a-25d1d0ef4f7b ] Request (AttachInterfacesV270Test:test_create_get_list_interfaces): 200 GET http://10.180.1.21/compute/v2.1/servers/71e74f84-7340-42e9-9d64-99d8e4706406 0.132s
2025-01-13 08:45:11.202 67833 INFO tempest.lib.common.rest_client [req-75f97b86-22b8-4cc0-aebe-22c316adb8ee req-75f97b86-22b8-4cc0-aebe-22c316adb8ee ] Request (QuotasAdminTestV257:setUpClass): 201 POST http://10.180.1.21/identity/v3/auth/tokens 0.074s
2025-01-13 08:45:11.207 67867 INFO tempest.lib.common.rest_client [req-a729622b-1408-4bb6-8da7-f03a3e41fb2b req-a729622b-1408-4bb6-8da7-f03a3e41fb2b ] Request (MigrationsAdminTest:test_resize_server_revert_deleted_flavor): 200 GET http://10.180.1.21/compute/v2.1/servers/ba79aeda-8018-47ca-97f0-88f4385c6150 0.175s
2025-01-13 08:45:11.211 67859 INFO tempest.lib.common.rest_client [req-93f7b05b-0791-430f-9b5c-5f2091d19c99 req-93f7b05b-0791-430f-9b5c-5f2091d19c99 ] Request (ServersV294TestFqdnHostnames:setUpClass): 200 GET http://10.180.1.21/compute/v2.1/servers/b40628ac-3a0b-4171-9458-a8be9e91a6d1 0.096s
2025-01-13 08:45:11.238 67833 INFO tempest.lib.common.rest_client [req-6dca9a63-1969-443c-95be-2df0dd36c0e0 req-6dca9a63-1969-443c-95be-2df0dd36c0e0 ] Request (QuotasAdminTestV257:setUpClass): 201 POST http://10.180.1.21/identity/v3/auth/tokens 0.033s
2025-01-13 08:45:11.266 67863 INFO tempest.lib.common.rest_client [req-246f42fb-08d6-4c46-9cdc-a9147a209266 req-246f42fb-08d6-4c46-9cdc-a9147a209266 ] Request (ServersNegativeTestJSON:setUpClass): 200 GET http://10.180.1.21/compute/v2.1/servers/230434b9-8c7e-4b51-9717-96a00258ef83 0.112s
2025-01-13 08:45:11.266 67833 INFO tempest.lib.common.rest_client [req-fc9134ba-7b79-44ab-90b3-1e7a55889679 req-fc9134ba-7b79-44ab-90b3-1e7a55889679 ] Request (QuotasAdminTestV257:setUpClass): 200 GET http://10.180.1.21/identity/v3/domains?name=Default 0.027s
2025-01-13 08:45:11.291 67857 INFO tempest.lib.common.rest_client [req-397f3f16-44c5-4c6b-a1d1-554a62184dfb req-397f3f16-44c5-4c6b-a1d1-554a62184dfb ] Request (ServersAaction247Test:test_create_backup): 200 GET http://10.180.1.21/compute/v2.1/servers/19bc94fa-d863-4b60-ace0-90e01d02b2e1 0.056s
2025-01-13 08:45:11.299 67833 INFO tempest.lib.common.rest_client [req-5021a57f-7eea-4eb7-9307-1498eadee33a req-5021a57f-7eea-4eb7-9307-1498eadee33a ] Request (QuotasAdminTestV257:setUpClass): 201 POST http://10.180.1.21/identity/v3/projects 0.032s
2025-01-13 08:45:11.359 67833 INFO tempest.lib.common.rest_client [req-62f5ed30-dc0f-4c30-b677-e4bdba38d012 req-62f5ed30-dc0f-4c30-b677-e4bdba38d012 ] Request (QuotasAdminTestV257:setUpClass): 201 POST http://10.180.1.21/identity/v3/users 0.059s
2025-01-13 08:45:11.380 67833 INFO tempest.lib.common.rest_client [req-bb650a6a-b679-432e-8e9e-dd85e750959d req-bb650a6a-b679-432e-8e9e-dd85e750959d ] Request (QuotasAdminTestV257:setUpClass): 200 GET http://10.180.1.21/identity/v3/roles 0.020s
2025-01-13 08:45:11.407 67833 INFO tempest.lib.common.rest_client [req-50a08aa9-4d6c-44cf-b280-ebe6eb0aacdf req-50a08aa9-4d6c-44cf-b280-ebe6eb0aacdf ] Request (QuotasAdminTestV257:setUpClass): 204 PUT http://10.180.1.21/identity/v3/projects/e1cd44a4522b4792bd9c26a5d565aee2/users/72901d7611d741ce90b916a58ce68b91/roles/939a4914bf5b4625af7e18401f38b18d 0.027s
2025-01-13 08:45:11.407 67833 INFO tempest.lib.common.dynamic_creds [-] Dynamic test user 72901d7611d741ce90b916a58ce68b91 is created with scope project and roles: ['member']
2025-01-13 08:45:11.407 67833 INFO tempest.lib.common.dynamic_creds [-] Acquired dynamic creds: credentials: Credentials: {'domain_id': 'default', 'domain_name': 'Default', 'username': 'tempest-QuotasAdminTestV257-980606762-project-member', 'project_domain_id': 'default', 'project_domain_name': 'Default', 'project_id': 'e1cd44a4522b4792bd9c26a5d565aee2', 'project_name': 'tempest-QuotasAdminTestV257-980606762', 'tenant_id': 'e1cd44a4522b4792bd9c26a5d565aee2', 'tenant_name': 'tempest-QuotasAdminTestV257-980606762', 'user_domain_id': 'default', 'user_domain_name': 'Default', 'user_id': '72901d7611d741ce90b916a58ce68b91', 'system': None}, Network: None, Subnet: None, Router: None
2025-01-13 08:45:11.408 67833 INFO tempest.lib.common.dynamic_creds [-] Created isolated network resources for: credentials: Credentials: {'domain_id': 'default', 'domain_name': 'Default', 'username': 'tempest-QuotasAdminTestV257-980606762-project-member', 'project_domain_id': 'default', 'project_domain_name': 'Default', 'project_id': 'e1cd44a4522b4792bd9c26a5d565aee2', 'project_name': 'tempest-QuotasAdminTestV257-980606762', 'tenant_id': 'e1cd44a4522b4792bd9c26a5d565aee2', 'tenant_name': 'tempest-QuotasAdminTestV257-980606762', 'user_domain_id': 'default', 'user_domain_name': 'Default', 'user_id': '72901d7611d741ce90b916a58ce68b91', 'system': None}, Network: None, Subnet: None, Router: None
2025-01-13 08:45:11.492 67833 INFO tempest.lib.common.rest_client [req-c9ad19a6-8f79-4ad1-9d54-c8d51aabe887 req-c9ad19a6-8f79-4ad1-9d54-c8d51aabe887 ] Request (QuotasAdminTestV257:setUpClass): 201 POST http://10.180.1.21/identity/v3/auth/tokens 0.081s
2025-01-13 08:45:11.506 67839 INFO tempest.lib.common.rest_client [req-5bcaf885-4447-458b-a803-de5ff2c234b5 req-5bcaf885-4447-458b-a803-de5ff2c234b5 ] Request (ListImageFiltersTestJSON:tearDownClass): 200 GET http://10.180.1.21/compute/v2.1/servers/edc97b06-91c0-4bd4-b2bd-626697e0ac62 0.066s
2025-01-13 08:45:11.556 67833 INFO tempest.lib.common.rest_client [req-ca0c179f-5dd8-4056-a8ac-7e5511e8fa0a req-ca0c179f-5dd8-4056-a8ac-7e5511e8fa0a ] Request (QuotasAdminTestV257:setUpClass): 201 POST http://10.180.1.21/identity/v3/projects 0.064s
2025-01-13 08:45:11.624 67833 INFO tempest.lib.common.rest_client [req-9b469a71-8021-451a-8b40-9c408ca50c29 req-9b469a71-8021-451a-8b40-9c408ca50c29 ] Request (QuotasAdminTestV257:setUpClass): 201 POST http://10.180.1.21/identity/v3/users 0.067s
2025-01-13 08:45:11.631 67837 INFO tempest.lib.common.rest_client [req-375350d8-4be9-4669-956b-798c9c00685a req-375350d8-4be9-4669-956b-798c9c00685a ] Request (ServerTagsTestJSON:setUpClass): 200 GET http://10.180.1.21/compute/v2.1/servers/349df407-b1f0-4844-8ad7-db5839ee2c78 0.137s
2025-01-13 08:45:11.649 67833 INFO tempest.lib.common.rest_client [req-dd2056d2-5c3f-43cd-9a0e-161af87333ab req-dd2056d2-5c3f-43cd-9a0e-161af87333ab ] Request (QuotasAdminTestV257:setUpClass): 200 GET http://10.180.1.21/identity/v3/roles 0.025s
2025-01-13 08:45:11.665 67865 INFO tempest.lib.common.rest_client [req-d7f121e3-850a-48a9-8a1f-0b69f2418016 req-d7f121e3-850a-48a9-8a1f-0b69f2418016 ] Request (ImagesOneServerTestJSON:setUpClass): 200 GET http://10.180.1.21/compute/v2.1/servers/63be7cd3-af71-44df-bc9f-b392b2e68f78 0.176s
2025-01-13 08:45:11.686 67833 INFO tempest.lib.common.rest_client [req-6cabaed6-536a-4bba-893e-a7c201c6332d req-6cabaed6-536a-4bba-893e-a7c201c6332d ] Request (QuotasAdminTestV257:setUpClass): 204 PUT http://10.180.1.21/identity/v3/projects/70832cd379224223bb268b83f2e9346e/users/bbb39c030bb042dfa8a3ef71c51868b7/roles/69870be3d1fa4b01b460aa5bb173d64f 0.036s
2025-01-13 08:45:11.699 67883 INFO tempest.lib.common.rest_client [req-0cf1ac8e-22fd-4f0d-a92f-11934cdba1bf req-0cf1ac8e-22fd-4f0d-a92f-11934cdba1bf ] Request (ServerAddressesTestJSON:tearDownClass): 200 GET http://10.180.1.21/compute/v2.1/servers/83ca6a4e-6044-4872-a6a8-91e04523fa81 0.142s
2025-01-13 08:45:11.722 67881 INFO tempest.lib.common.rest_client [req-caf31edd-d7b7-441d-87ff-9232c78acfb8 req-caf31edd-d7b7-441d-87ff-9232c78acfb8 ] Request (ServerAddressesNegativeTestJSON:setUpClass): 200 GET http://10.180.1.21/compute/v2.1/servers/fd0b7987-635e-483c-8189-683cc5c2ed9e 0.119s
2025-01-13 08:45:11.749 67833 INFO tempest.lib.common.rest_client [req-86b996d1-14b0-4fb0-b550-25bd8da27e3c req-86b996d1-14b0-4fb0-b550-25bd8da27e3c ] Request (QuotasAdminTestV257:setUpClass): 200 GET http://10.180.1.21/identity/v3/roles 0.063s
2025-01-13 08:45:11.773 67833 INFO tempest.lib.common.rest_client [req-9026278c-e59c-499c-836b-82cefd1771d1 req-9026278c-e59c-499c-836b-82cefd1771d1 ] Request (QuotasAdminTestV257:setUpClass): 204 PUT http://10.180.1.21/identity/v3/projects/70832cd379224223bb268b83f2e9346e/users/bbb39c030bb042dfa8a3ef71c51868b7/roles/69870be3d1fa4b01b460aa5bb173d64f 0.023s
2025-01-13 08:45:11.773 67833 INFO tempest.lib.common.dynamic_creds [-] Dynamic test user bbb39c030bb042dfa8a3ef71c51868b7 is created with scope project and roles: ['admin']
2025-01-13 08:45:11.773 67833 INFO tempest.lib.common.dynamic_creds [-] Acquired dynamic creds: credentials: Credentials: {'domain_id': 'default', 'domain_name': 'Default', 'username': 'tempest-QuotasAdminTestV257-2066088710-project-admin', 'project_domain_id': 'default', 'project_domain_name': 'Default', 'project_id': '70832cd379224223bb268b83f2e9346e', 'project_name': 'tempest-QuotasAdminTestV257-2066088710', 'tenant_id': '70832cd379224223bb268b83f2e9346e', 'tenant_name': 'tempest-QuotasAdminTestV257-2066088710', 'user_domain_id': 'default', 'user_domain_name': 'Default', 'user_id': 'bbb39c030bb042dfa8a3ef71c51868b7', 'system': None}, Network: None, Subnet: None, Router: None
2025-01-13 08:45:11.773 67833 INFO tempest.lib.common.dynamic_creds [-] Created isolated network resources for: credentials: Credentials: {'domain_id': 'default', 'domain_name': 'Default', 'username': 'tempest-QuotasAdminTestV257-2066088710-project-admin', 'project_domain_id': 'default', 'project_domain_name': 'Default', 'project_id': '70832cd379224223bb268b83f2e9346e', 'project_name': 'tempest-QuotasAdminTestV257-2066088710', 'tenant_id': '70832cd379224223bb268b83f2e9346e', 'tenant_name': 'tempest-QuotasAdminTestV257-2066088710', 'user_domain_id': 'default', 'user_domain_name': 'Default', 'user_id': 'bbb39c030bb042dfa8a3ef71c51868b7', 'system': None}, Network: None, Subnet: None, Router: None
2025-01-13 08:45:11.788 67889 INFO tempest.lib.common.rest_client [req-4caed796-db40-4fb2-a9cf-988381962d29 req-4caed796-db40-4fb2-a9cf-988381962d29 ] Request (InstanceActionsNegativeTestJSON:tearDownClass): 200 GET http://10.180.1.21/compute/v2.1/servers/3b7f53c5-a334-41e9-ad16-d8b5bb467222 0.101s
2025-01-13 08:45:11.853 67853 INFO tempest.lib.common.rest_client [req-ded09da6-d5d1-4386-875d-70336fa81fcb req-ded09da6-d5d1-4386-875d-70336fa81fcb ] Request (MultipleCreateTestJSON:test_multiple_create): 200 GET http://10.180.1.21/compute/v2.1/servers/5f32fb5d-5502-40a0-b9d0-886e4f301466 0.226s
2025-01-13 08:45:11.859 67833 INFO tempest.lib.common.rest_client [req-cccf2850-9e18-4be0-8c1e-318166400ce1 req-cccf2850-9e18-4be0-8c1e-318166400ce1 ] Request (QuotasAdminTestV257:setUpClass): 201 POST http://10.180.1.21/identity/v3/auth/tokens 0.082s
2025-01-13 08:45:11.860 67853 INFO tempest.common.waiters [-] State transition "BUILD/networking" ==> "BUILD/block_device_mapping" after 70 second wait
2025-01-13 08:45:11.860 67833 WARNING tempest.lib.common.rest_client [-] Deprecated: "tenant_id" property is deprecated for removal, use "project_id" instead
2025-01-13 08:45:11.864 67849 INFO tempest.lib.common.rest_client [req-922249a6-350e-4eb1-9d72-ab4b3aa5d721 req-922249a6-350e-4eb1-9d72-ab4b3aa5d721 ] Request (ServersAdminNegativeTestJSON:tearDownClass): 200 GET http://10.180.1.21/compute/v2.1/servers/ab26cb52-33fe-42e7-906f-7cc2381c6119 0.169s
2025-01-13 08:45:11.894 67833 INFO tempest.lib.common.rest_client [req-89f01c8a-4f84-40f1-87fc-0da1834b9269 req-89f01c8a-4f84-40f1-87fc-0da1834b9269 ] Request (QuotasAdminTestV257:test_get_updated_quotas): 200 GET http://10.180.1.21/identity/v3/domains?name=Default 0.030s
2025-01-13 08:45:11.919 67835 INFO tempest.lib.common.rest_client [req-b9dcf8e4-e7d3-4fbd-bde9-2f7d2ec0aaab req-b9dcf8e4-e7d3-4fbd-bde9-2f7d2ec0aaab ] Request (InstanceActionsV221TestJSON:test_get_list_deleted_instance_actions): 200 GET http://10.180.1.21/compute/v2.1/servers/b30be790-a9ba-4ce8-8310-74be04f93752 0.162s
2025-01-13 08:45:11.927 67833 INFO tempest.lib.common.rest_client [req-3b248f5b-bb4a-4dd6-9308-1797165b4368 req-3b248f5b-bb4a-4dd6-9308-1797165b4368 ] Request (QuotasAdminTestV257:test_get_updated_quotas): 201 POST http://10.180.1.21/identity/v3/projects 0.033s
2025-01-13 08:45:11.950 67843 INFO tempest.lib.common.rest_client [req-b612a4d7-d197-4165-8d57-e546763c2218 req-b612a4d7-d197-4165-8d57-e546763c2218 ] Request (ListServersNegativeTestJSON:setUpClass): 200 GET http://10.180.1.21/compute/v2.1/servers/b04e0c4e-90ad-450f-ad34-0e91b9462e27 0.190s
2025-01-13 08:45:11.976 67831 INFO tempest.lib.common.rest_client [req-cef04e1a-5512-456a-bf55-e4211a08f7cd req-cef04e1a-5512-456a-bf55-e4211a08f7cd ] Request (ServerDiskConfigTestJSON:test_rebuild_server_with_manual_disk_config): 200 GET http://10.180.1.21/compute/v2.1/servers/d2fc7e37-5866-4c59-a20a-f311ecceddb9 0.172s
2025-01-13 08:45:11.982 67833 INFO tempest.lib.common.rest_client [req-c2f04fd2-fe0e-49d4-baef-c7a37fbad0ba req-c2f04fd2-fe0e-49d4-baef-c7a37fbad0ba ] Request (QuotasAdminTestV257:test_get_updated_quotas): 200 GET http://10.180.1.21/identity/v3/domains?name=Default 0.054s
2025-01-13 08:45:12.015 67861 INFO tempest.lib.common.rest_client [req-f7d68cbc-39d9-40cc-8434-d06860d8c1c2 req-f7d68cbc-39d9-40cc-8434-d06860d8c1c2 ] Request (ServerShowV247Test:test_update_rebuild_list_server): 200 GET http://10.180.1.21/compute/v2.1/servers/713e6fc8-7d9a-42f1-824c-ee51b5bc6bf5 0.142s
2025-01-13 08:45:12.025 67861 INFO tempest.common.waiters [-] State transition "BUILD/scheduling" ==> "BUILD/None" after 61 second wait
2025-01-13 08:45:12.034 67891 INFO tempest.lib.common.rest_client [req-2c36ec42-6817-41ac-ad37-d9e11e6da8e3 req-2c36ec42-6817-41ac-ad37-d9e11e6da8e3 ] Request (ServerRescueNegativeTestJSON:setUpClass): 200 GET http://10.180.1.21/compute/v2.1/servers/ffa5cd0b-0f69-4f28-a5ee-e48a8bad7fdc 0.108s
2025-01-13 08:45:12.048 67879 INFO tempest.lib.common.rest_client [req-96130dd8-8470-417d-bb04-546cd7ea414b req-96130dd8-8470-417d-bb04-546cd7ea414b ] Request (VolumesAdminNegativeTest:test_update_attached_volume_with_nonexistent_volume_in_body): 200 PUT http://10.180.1.21:9696/networking/v2.0/floatingips/afd18d71-890e-490f-bd99-3e36a091dc11 0.914s
2025-01-13 08:45:12.049 67879 INFO tempest.lib.common.ssh [-] Creating ssh connection to '10.180.180.152:22' as 'cirros' with public key authentication
2025-01-13 08:45:12.131 67833 INFO tempest.lib.common.rest_client [req-39854930-826b-4073-af85-b6a5d0dacad8 req-39854930-826b-4073-af85-b6a5d0dacad8 ] Request (QuotasAdminTestV257:test_get_updated_quotas): 200 PUT http://10.180.1.21/compute/v2.1/os-quota-sets/03d74ffc5daf4fdc8f3de775800dd416 0.149s
2025-01-13 08:45:12.180 67871 INFO tempest.lib.common.rest_client [req-afa6d0c1-fb0d-473e-b339-65dc3d16bef5 req-afa6d0c1-fb0d-473e-b339-65dc3d16bef5 ] Request (SecurityGroupsTestJSON:test_server_security_groups): 200 GET http://10.180.1.21/compute/v2.1/servers/83fd43cd-76d3-411c-a6ac-f7b974c2a7b9 0.131s
2025-01-13 08:45:12.197 67845 INFO tempest.lib.common.rest_client [req-df75d11d-0758-45e3-964d-a03cb94a3d9f req-df75d11d-0758-45e3-964d-a03cb94a3d9f ] Request (FloatingIPsAssociationTestJSON:test_associate_already_associated_floating_ip): 200 GET http://10.180.1.21/compute/v2.1/servers/91637ee1-38a6-458b-9ac5-e37be456026b 0.133s
2025-01-13 08:45:12.240 67841 INFO tempest.lib.common.rest_client [req-3e4328a0-187f-4d7e-b353-1a8e6a87c7a2 req-3e4328a0-187f-4d7e-b353-1a8e6a87c7a2 ] Request (ServersTestMultiNic:test_verify_multiple_nics_order): 200 GET http://10.180.1.21/compute/v2.1/servers/f1c187a9-b3d8-46d5-9718-a515abae05c3 0.143s
2025-01-13 08:45:12.253 67833 INFO tempest.lib.common.rest_client [req-1483d2d0-5437-4cee-99de-ef103f986918 req-1483d2d0-5437-4cee-99de-ef103f986918 ] Request (QuotasAdminTestV257:test_get_updated_quotas): 200 GET http://10.180.1.21/compute/v2.1/os-quota-sets/03d74ffc5daf4fdc8f3de775800dd416/detail 0.120s
2025-01-13 08:45:12.287 67833 INFO tempest.lib.common.rest_client [req-62a10c17-2c1f-410e-9c63-207f6f7c09f4 req-62a10c17-2c1f-410e-9c63-207f6f7c09f4 ] Request (QuotasAdminTestV257:test_get_updated_quotas): 200 GET http://10.180.1.21/identity/v3/domains?name=Default 0.030s
2025-01-13 08:45:12.295 67847 INFO tempest.lib.common.rest_client [req-6f104c6c-e587-45b2-abe7-14bd699831a8 req-6f104c6c-e587-45b2-abe7-14bd699831a8 ] Request (AttachInterfacesV270Test:test_create_get_list_interfaces): 200 GET http://10.180.1.21/compute/v2.1/servers/71e74f84-7340-42e9-9d64-99d8e4706406 0.135s
2025-01-13 08:45:12.297 67867 INFO tempest.lib.common.rest_client [req-19ed58b0-97e2-401f-997c-d3dea175972a req-19ed58b0-97e2-401f-997c-d3dea175972a ] Request (MigrationsAdminTest:test_resize_server_revert_deleted_flavor): 200 GET http://10.180.1.21/compute/v2.1/servers/ba79aeda-8018-47ca-97f0-88f4385c6150 0.082s
2025-01-13 08:45:12.319 67833 INFO tempest.lib.common.rest_client [req-20441b52-6934-4fee-ab37-9b30e1134d5e req-20441b52-6934-4fee-ab37-9b30e1134d5e ] Request (QuotasAdminTestV257:test_get_updated_quotas): 201 POST http://10.180.1.21/identity/v3/users 0.032s
2025-01-13 08:45:12.340 67833 INFO tempest.lib.common.rest_client [req-a2ee8848-21d1-4801-8990-5ca03e6e53ac req-a2ee8848-21d1-4801-8990-5ca03e6e53ac ] Request (QuotasAdminTestV257:test_get_updated_quotas): 200 GET http://10.180.1.21/identity/v3/domains?name=Default 0.020s
2025-01-13 08:45:12.352 67859 INFO tempest.lib.common.rest_client [req-7d82daca-9b31-43e0-b2e5-6ef6cf8aa060 req-7d82daca-9b31-43e0-b2e5-6ef6cf8aa060 ] Request (ServersV294TestFqdnHostnames:setUpClass): 200 GET http://10.180.1.21/compute/v2.1/servers/b40628ac-3a0b-4171-9458-a8be9e91a6d1 0.131s
2025-01-13 08:45:12.356 67863 INFO tempest.lib.common.rest_client [req-e69597fe-372e-451e-a77d-024c778374c9 req-e69597fe-372e-451e-a77d-024c778374c9 ] Request (ServersNegativeTestJSON:setUpClass): 200 GET http://10.180.1.21/compute/v2.1/servers/230434b9-8c7e-4b51-9717-96a00258ef83 0.081s
2025-01-13 08:45:12.406 67857 INFO tempest.lib.common.rest_client [req-3efdcf4f-9117-4b78-9170-6da0453b893b req-3efdcf4f-9117-4b78-9170-6da0453b893b ] Request (ServersAaction247Test:test_create_backup): 200 GET http://10.180.1.21/compute/v2.1/servers/19bc94fa-d863-4b60-ace0-90e01d02b2e1 0.106s
2025-01-13 08:45:12.435 67833 INFO tempest.lib.common.rest_client [req-7b56fba6-b6d4-4a2e-aadd-0528a23a640c req-7b56fba6-b6d4-4a2e-aadd-0528a23a640c ] Request (QuotasAdminTestV257:test_get_updated_quotas): 200 PUT http://10.180.1.21/compute/v2.1/os-quota-sets/03d74ffc5daf4fdc8f3de775800dd416?user_id=4621b42253484c56a0b90ca916e642d0 0.095s
2025-01-13 08:45:12.483 67833 INFO tempest.lib.common.rest_client [req-46b20e02-7d24-41ec-ba4d-3be6a751bcda req-46b20e02-7d24-41ec-ba4d-3be6a751bcda ] Request (QuotasAdminTestV257:test_get_updated_quotas): 200 GET http://10.180.1.21/compute/v2.1/os-quota-sets/03d74ffc5daf4fdc8f3de775800dd416?user_id=4621b42253484c56a0b90ca916e642d0 0.046s
2025-01-13 08:45:12.544 67833 INFO tempest.lib.common.rest_client [req-f997d1ae-cc7a-4609-9455-fecaf5a0a7fa req-f997d1ae-cc7a-4609-9455-fecaf5a0a7fa ] Request (QuotasAdminTestV257:_run_cleanups): 204 DELETE http://10.180.1.21/identity/v3/users/4621b42253484c56a0b90ca916e642d0 0.059s
2025-01-13 08:45:12.572 67839 INFO tempest.lib.common.rest_client [req-1919cadd-035f-43cf-96a2-a3708ab612fe req-1919cadd-035f-43cf-96a2-a3708ab612fe ] Request (ListImageFiltersTestJSON:tearDownClass): 200 GET http://10.180.1.21/compute/v2.1/servers/edc97b06-91c0-4bd4-b2bd-626697e0ac62 0.054s
2025-01-13 08:45:12.626 67833 INFO tempest.lib.common.rest_client [req-1f280644-92d0-4ab0-8847-9809e393830e req-1f280644-92d0-4ab0-8847-9809e393830e ] Request (QuotasAdminTestV257:_run_cleanups): 204 DELETE http://10.180.1.21/identity/v3/projects/03d74ffc5daf4fdc8f3de775800dd416 0.081s
2025-01-13 08:45:12.726 67865 INFO tempest.lib.common.rest_client [req-5fd9054c-92c7-4d82-8fd6-182751716f3f req-5fd9054c-92c7-4d82-8fd6-182751716f3f ] Request (ImagesOneServerTestJSON:setUpClass): 200 GET http://10.180.1.21/compute/v2.1/servers/63be7cd3-af71-44df-bc9f-b392b2e68f78 0.052s
2025-01-13 08:45:12.760 67833 INFO tempest.lib.common.rest_client [req-128072ab-aa19-4d9a-b834-95d626f602cf req-128072ab-aa19-4d9a-b834-95d626f602cf ] Request (QuotasAdminTestV257:tearDownClass): 204 DELETE http://10.180.1.21/identity/v3/users/72901d7611d741ce90b916a58ce68b91 0.133s
2025-01-13 08:45:12.793 67837 INFO tempest.lib.common.rest_client [req-61c03baf-89aa-4ef3-8c37-5e8e0b521ce1 req-61c03baf-89aa-4ef3-8c37-5e8e0b521ce1 ] Request (ServerTagsTestJSON:setUpClass): 200 GET http://10.180.1.21/compute/v2.1/servers/349df407-b1f0-4844-8ad7-db5839ee2c78 0.151s
2025-01-13 08:45:12.805 67883 INFO tempest.lib.common.rest_client [req-013055f8-f44b-482d-8031-7735e3496eb3 req-013055f8-f44b-482d-8031-7735e3496eb3 ] Request (ServerAddressesTestJSON:tearDownClass): 200 GET http://10.180.1.21/compute/v2.1/servers/83ca6a4e-6044-4872-a6a8-91e04523fa81 0.098s
2025-01-13 08:45:12.864 67881 INFO tempest.lib.common.rest_client [req-a1402927-372c-4a06-9f3b-424311053c3a req-a1402927-372c-4a06-9f3b-424311053c3a ] Request (ServerAddressesNegativeTestJSON:setUpClass): 200 GET http://10.180.1.21/compute/v2.1/servers/fd0b7987-635e-483c-8189-683cc5c2ed9e 0.130s
2025-01-13 08:45:12.874 67833 INFO tempest.lib.common.rest_client [req-6733f806-6309-4951-99f6-a5cc9c5eec53 req-6733f806-6309-4951-99f6-a5cc9c5eec53 ] Request (QuotasAdminTestV257:tearDownClass): 204 DELETE http://10.180.1.21/identity/v3/users/bbb39c030bb042dfa8a3ef71c51868b7 0.113s
2025-01-13 08:45:12.874 67833 INFO tempest.lib.common.dynamic_creds [-] Deleting project and security group for project: 70832cd379224223bb268b83f2e9346e
2025-01-13 08:45:12.880 67889 INFO tempest.lib.common.rest_client [req-63cdb0db-ae33-4ff1-bcda-31f67bca9476 req-63cdb0db-ae33-4ff1-bcda-31f67bca9476 ] Request (InstanceActionsNegativeTestJSON:tearDownClass): 200 GET http://10.180.1.21/compute/v2.1/servers/3b7f53c5-a334-41e9-ad16-d8b5bb467222 0.082s
2025-01-13 08:45:12.932 67833 INFO tempest.lib.common.rest_client [req-bb24477c-8a19-4e4e-8275-a00cc496a7b1 req-bb24477c-8a19-4e4e-8275-a00cc496a7b1 ] Request (QuotasAdminTestV257:tearDownClass): 201 POST http://10.180.1.21/identity/v3/auth/tokens 0.058s
2025-01-13 08:45:12.959 67849 INFO tempest.lib.common.rest_client [req-702520c9-eeba-41e8-b886-23479352fcf8 req-702520c9-eeba-41e8-b886-23479352fcf8 ] Request (ServersAdminNegativeTestJSON:tearDownClass): 200 GET http://10.180.1.21/compute/v2.1/servers/ab26cb52-33fe-42e7-906f-7cc2381c6119 0.081s
2025-01-13 08:45:13.006 67835 INFO tempest.lib.common.rest_client [req-268617b0-1a8a-4e1f-b372-a0f58c3d5435 req-268617b0-1a8a-4e1f-b372-a0f58c3d5435 ] Request (InstanceActionsV221TestJSON:test_get_list_deleted_instance_actions): 404 GET http://10.180.1.21/compute/v2.1/servers/b30be790-a9ba-4ce8-8310-74be04f93752 0.073s
2025-01-13 08:45:13.067 67843 INFO tempest.lib.common.rest_client [req-73d9ba61-bbc6-4931-8957-e03b4103c09e req-73d9ba61-bbc6-4931-8957-e03b4103c09e ] Request (ListServersNegativeTestJSON:setUpClass): 200 GET http://10.180.1.21/compute/v2.1/servers/b04e0c4e-90ad-450f-ad34-0e91b9462e27 0.105s
2025-01-13 08:45:13.128 67831 INFO tempest.lib.common.rest_client [req-b4d419e4-d69f-4b71-bef9-e3f8d7b261b6 req-b4d419e4-d69f-4b71-bef9-e3f8d7b261b6 ] Request (ServerDiskConfigTestJSON:test_rebuild_server_with_manual_disk_config): 200 GET http://10.180.1.21/compute/v2.1/servers/d2fc7e37-5866-4c59-a20a-f311ecceddb9 0.142s
2025-01-13 08:45:13.147 67833 INFO tempest.lib.common.rest_client [req-f7063ea2-12fb-429c-bc30-ae75e380edc3 req-f7063ea2-12fb-429c-bc30-ae75e380edc3 ] Request (QuotasAdminTestV257:tearDownClass): 200 GET http://10.180.1.21:9696/networking/v2.0/security-groups?tenant_id=70832cd379224223bb268b83f2e9346e&name=default 0.214s
2025-01-13 08:45:13.192 67835 INFO tempest.lib.common.rest_client [req-073abcb3-b6be-45be-9048-affcc3fc8e14 req-073abcb3-b6be-45be-9048-affcc3fc8e14 ] Request (InstanceActionsV221TestJSON:test_get_list_deleted_instance_actions): 200 GET http://10.180.1.21/compute/v2.1/servers/b30be790-a9ba-4ce8-8310-74be04f93752/os-instance-actions 0.186s
2025-01-13 08:45:13.243 67861 INFO tempest.lib.common.rest_client [req-96cee7d8-bbd3-4ef7-a2c8-dcb2f55b3e97 req-96cee7d8-bbd3-4ef7-a2c8-dcb2f55b3e97 ] Request (ServerShowV247Test:test_update_rebuild_list_server): 200 GET http://10.180.1.21/compute/v2.1/servers/713e6fc8-7d9a-42f1-824c-ee51b5bc6bf5 0.217s
2025-01-13 08:45:13.261 67853 INFO tempest.lib.common.rest_client [req-c0f931bf-73e9-4baa-9ad0-5bb2c4b83ab8 req-c0f931bf-73e9-4baa-9ad0-5bb2c4b83ab8 ] Request (MultipleCreateTestJSON:test_multiple_create): 200 GET http://10.180.1.21/compute/v2.1/servers/5f32fb5d-5502-40a0-b9d0-886e4f301466 0.399s
2025-01-13 08:45:13.268 67853 INFO tempest.common.waiters [-] State transition "BUILD/block_device_mapping" ==> "BUILD/spawning" after 72 second wait
2025-01-13 08:45:13.278 67833 INFO tempest.lib.common.rest_client [req-c024bd75-b0ae-4bf2-882e-df802cee9369 req-c024bd75-b0ae-4bf2-882e-df802cee9369 ] Request (QuotasAdminTestV257:tearDownClass): 204 DELETE http://10.180.1.21:9696/networking/v2.0/security-groups/2f34dd70-babb-42ba-97dd-7ad6c38b98e9 0.130s
2025-01-13 08:45:13.295 67891 INFO tempest.lib.common.rest_client [req-f0575118-28e6-4f3e-9f21-828eaf710c82 req-f0575118-28e6-4f3e-9f21-828eaf710c82 ] Request (ServerRescueNegativeTestJSON:setUpClass): 200 GET http://10.180.1.21/compute/v2.1/servers/ffa5cd0b-0f69-4f28-a5ee-e48a8bad7fdc 0.253s
2025-01-13 08:45:13.315 67835 INFO tempest.lib.common.rest_client [req-2f081efa-f587-4c67-a0ae-b56a9e632172 req-2f081efa-f587-4c67-a0ae-b56a9e632172 ] Request (InstanceActionsV221TestJSON:tearDownClass): 404 DELETE http://10.180.1.21/compute/v2.1/servers/b30be790-a9ba-4ce8-8310-74be04f93752 0.116s
2025-01-13 08:45:13.359 67833 INFO tempest.lib.common.rest_client [req-bd29bc52-3221-4f37-b471-1652a7d906ef req-bd29bc52-3221-4f37-b471-1652a7d906ef ] Request (QuotasAdminTestV257:tearDownClass): 204 DELETE http://10.180.1.21/identity/v3/projects/70832cd379224223bb268b83f2e9346e 0.081s
2025-01-13 08:45:13.359 67833 INFO tempest.lib.common.dynamic_creds [-] Deleting project and security group for project: e1cd44a4522b4792bd9c26a5d565aee2
2025-01-13 08:45:13.367 67845 INFO tempest.lib.common.rest_client [req-c59b4346-9338-4f30-874b-06dd567a5483 req-c59b4346-9338-4f30-874b-06dd567a5483 ] Request (FloatingIPsAssociationTestJSON:test_associate_already_associated_floating_ip): 200 GET http://10.180.1.21/compute/v2.1/servers/91637ee1-38a6-458b-9ac5-e37be456026b 0.161s
2025-01-13 08:45:13.369 67871 INFO tempest.lib.common.rest_client [req-2df1b2d9-436d-4167-8e59-3c9c962ffaa7 req-2df1b2d9-436d-4167-8e59-3c9c962ffaa7 ] Request (SecurityGroupsTestJSON:test_server_security_groups): 200 GET http://10.180.1.21/compute/v2.1/servers/83fd43cd-76d3-411c-a6ac-f7b974c2a7b9 0.178s
2025-01-13 08:45:13.376 67871 INFO tempest.common.waiters [-] State transition "HARD_REBOOT/rebooting_hard" ==> "HARD_REBOOT/reboot_pending_hard" after 4 second wait
2025-01-13 08:45:13.413 67841 INFO tempest.lib.common.rest_client [req-dadeae95-7e78-4deb-bac7-396b2dd10ab4 req-dadeae95-7e78-4deb-bac7-396b2dd10ab4 ] Request (ServersTestMultiNic:test_verify_multiple_nics_order): 200 GET http://10.180.1.21/compute/v2.1/servers/f1c187a9-b3d8-46d5-9718-a515abae05c3 0.165s
2025-01-13 08:45:13.421 67867 INFO tempest.lib.common.rest_client [req-3c71f570-e461-4718-8f0b-56d04957ac59 req-3c71f570-e461-4718-8f0b-56d04957ac59 ] Request (MigrationsAdminTest:test_resize_server_revert_deleted_flavor): 200 GET http://10.180.1.21/compute/v2.1/servers/ba79aeda-8018-47ca-97f0-88f4385c6150 0.116s
2025-01-13 08:45:13.439 67835 INFO tempest.lib.common.rest_client [req-bd6af567-49d5-460d-b8d2-b9697211b6db req-bd6af567-49d5-460d-b8d2-b9697211b6db ] Request (InstanceActionsV221TestJSON:tearDownClass): 404 GET http://10.180.1.21/compute/v2.1/servers/b30be790-a9ba-4ce8-8310-74be04f93752 0.124s
2025-01-13 08:45:13.460 67833 INFO tempest.lib.common.rest_client [req-49304a06-5681-4b4f-b5c1-2a877dba7959 req-49304a06-5681-4b4f-b5c1-2a877dba7959 ] Request (QuotasAdminTestV257:tearDownClass): 200 GET http://10.180.1.21:9696/networking/v2.0/security-groups?tenant_id=e1cd44a4522b4792bd9c26a5d565aee2&name=default 0.100s
2025-01-13 08:45:13.475 67847 INFO tempest.lib.common.rest_client [req-3b1a1345-d179-4385-9ce5-f378da79242c req-3b1a1345-d179-4385-9ce5-f378da79242c ] Request (AttachInterfacesV270Test:test_create_get_list_interfaces): 200 GET http://10.180.1.21/compute/v2.1/servers/71e74f84-7340-42e9-9d64-99d8e4706406 0.167s
2025-01-13 08:45:13.498 67859 INFO tempest.lib.common.rest_client [req-b08ead55-1930-4561-af9f-c75d549a3e6b req-b08ead55-1930-4561-af9f-c75d549a3e6b ] Request (ServersV294TestFqdnHostnames:setUpClass): 200 GET http://10.180.1.21/compute/v2.1/servers/b40628ac-3a0b-4171-9458-a8be9e91a6d1 0.132s
2025-01-13 08:45:13.538 67863 INFO tempest.lib.common.rest_client [req-e43b0ef3-3289-4e47-b099-d017402e5ae6 req-e43b0ef3-3289-4e47-b099-d017402e5ae6 ] Request (ServersNegativeTestJSON:setUpClass): 200 GET http://10.180.1.21/compute/v2.1/servers/230434b9-8c7e-4b51-9717-96a00258ef83 0.171s
2025-01-13 08:45:13.549 67857 INFO tempest.lib.common.rest_client [req-1fc5eb73-12b2-4382-a691-e208c431eddf req-1fc5eb73-12b2-4382-a691-e208c431eddf ] Request (ServersAaction247Test:test_create_backup): 200 GET http://10.180.1.21/compute/v2.1/servers/19bc94fa-d863-4b60-ace0-90e01d02b2e1 0.133s
2025-01-13 08:45:13.554 67833 INFO tempest.lib.common.rest_client [req-5e195a58-c4ae-4537-9542-d40d72ce0fb2 req-5e195a58-c4ae-4537-9542-d40d72ce0fb2 ] Request (QuotasAdminTestV257:tearDownClass): 204 DELETE http://10.180.1.21:9696/networking/v2.0/security-groups/e120bebd-d065-47e0-942a-c62e9ec80aaf 0.094s
2025-01-13 08:45:13.631 67833 INFO tempest.lib.common.rest_client [req-3189c2dc-b31f-4272-8802-9315b53952b7 req-3189c2dc-b31f-4272-8802-9315b53952b7 ] Request (QuotasAdminTestV257:tearDownClass): 204 DELETE http://10.180.1.21/identity/v3/projects/e1cd44a4522b4792bd9c26a5d565aee2 0.077s
2025-01-13 08:45:13.646 67839 INFO tempest.lib.common.rest_client [req-d1f4f2a3-0061-4839-a99c-8ceed6414ca0 req-d1f4f2a3-0061-4839-a99c-8ceed6414ca0 ] Request (ListImageFiltersTestJSON:tearDownClass): 200 GET http://10.180.1.21/compute/v2.1/servers/edc97b06-91c0-4bd4-b2bd-626697e0ac62 0.066s
2025-01-13 08:45:13.696 67833 INFO tempest.lib.common.rest_client [req-504345e6-8773-42dd-9881-74876bf45e52 req-504345e6-8773-42dd-9881-74876bf45e52 ] Request (ServersTestBootFromVolume:setUpClass): 201 POST http://10.180.1.21/identity/v3/auth/tokens 0.063s
2025-01-13 08:45:13.732 67833 INFO tempest.lib.common.rest_client [req-7feac806-90b0-484f-a027-1d6ad330b128 req-7feac806-90b0-484f-a027-1d6ad330b128 ] Request (ServersTestBootFromVolume:setUpClass): 201 POST http://10.180.1.21/identity/v3/auth/tokens 0.034s
2025-01-13 08:45:13.764 67833 INFO tempest.lib.common.rest_client [req-05809f18-ba0a-4a41-aad7-d8bae30646ef req-05809f18-ba0a-4a41-aad7-d8bae30646ef ] Request (ServersTestBootFromVolume:setUpClass): 200 GET http://10.180.1.21/identity/v3/domains?name=Default 0.031s
2025-01-13 08:45:13.790 67833 INFO tempest.lib.common.rest_client [req-1c999e2c-6909-4735-b44f-737de4ed542b req-1c999e2c-6909-4735-b44f-737de4ed542b ] Request (ServersTestBootFromVolume:setUpClass): 201 POST http://10.180.1.21/identity/v3/projects 0.025s
2025-01-13 08:45:13.796 67865 INFO tempest.lib.common.rest_client [req-724cee49-42d7-4d95-b572-34208b655616 req-724cee49-42d7-4d95-b572-34208b655616 ] Request (ImagesOneServerTestJSON:setUpClass): 200 GET http://10.180.1.21/compute/v2.1/servers/63be7cd3-af71-44df-bc9f-b392b2e68f78 0.063s
2025-01-13 08:45:13.849 67833 INFO tempest.lib.common.rest_client [req-8d974cd2-4e32-4565-a6be-647846704aa5 req-8d974cd2-4e32-4565-a6be-647846704aa5 ] Request (ServersTestBootFromVolume:setUpClass): 201 POST http://10.180.1.21/identity/v3/users 0.058s
2025-01-13 08:45:13.873 67833 INFO tempest.lib.common.rest_client [req-d1ef7601-d9d3-4b2d-9793-04f704daa37e req-d1ef7601-d9d3-4b2d-9793-04f704daa37e ] Request (ServersTestBootFromVolume:setUpClass): 200 GET http://10.180.1.21/identity/v3/roles 0.023s
2025-01-13 08:45:13.883 67883 INFO tempest.lib.common.rest_client [req-10682c22-eb55-42cb-9ca1-8d19395acd0c req-10682c22-eb55-42cb-9ca1-8d19395acd0c ] Request (ServerAddressesTestJSON:tearDownClass): 200 GET http://10.180.1.21/compute/v2.1/servers/83ca6a4e-6044-4872-a6a8-91e04523fa81 0.063s
2025-01-13 08:45:13.902 67833 INFO tempest.lib.common.rest_client [req-17765e42-e56c-46ce-ac1e-28a8360f5530 req-17765e42-e56c-46ce-ac1e-28a8360f5530 ] Request (ServersTestBootFromVolume:setUpClass): 204 PUT http://10.180.1.21/identity/v3/projects/718e24c67aeb42e7ac2827967c933837/users/6750686d429544f5b44981cc43874781/roles/939a4914bf5b4625af7e18401f38b18d 0.029s
2025-01-13 08:45:13.902 67833 INFO tempest.lib.common.dynamic_creds [-] Dynamic test user 6750686d429544f5b44981cc43874781 is created with scope project and roles: ['member']
2025-01-13 08:45:13.902 67833 INFO tempest.lib.common.dynamic_creds [-] Acquired dynamic creds: credentials: Credentials: {'domain_id': 'default', 'domain_name': 'Default', 'username': 'tempest-ServersTestBootFromVolume-1030087364-project-member', 'project_domain_id': 'default', 'project_domain_name': 'Default', 'project_id': '718e24c67aeb42e7ac2827967c933837', 'project_name': 'tempest-ServersTestBootFromVolume-1030087364', 'tenant_id': '718e24c67aeb42e7ac2827967c933837', 'tenant_name': 'tempest-ServersTestBootFromVolume-1030087364', 'user_domain_id': 'default', 'user_domain_name': 'Default', 'user_id': '6750686d429544f5b44981cc43874781', 'system': None}, Network: None, Subnet: None, Router: None
2025-01-13 08:45:13.936 67881 INFO tempest.lib.common.rest_client [req-9d1ceffe-6bd6-4e42-ac63-a762361be54f req-9d1ceffe-6bd6-4e42-ac63-a762361be54f ] Request (ServerAddressesNegativeTestJSON:setUpClass): 200 GET http://10.180.1.21/compute/v2.1/servers/fd0b7987-635e-483c-8189-683cc5c2ed9e 0.063s
2025-01-13 08:45:13.944 67837 INFO tempest.lib.common.rest_client [req-1d913527-6bc3-49e3-87b9-13ad3f7d5c4e req-1d913527-6bc3-49e3-87b9-13ad3f7d5c4e ] Request (ServerTagsTestJSON:setUpClass): 200 GET http://10.180.1.21/compute/v2.1/servers/349df407-b1f0-4844-8ad7-db5839ee2c78 0.136s
2025-01-13 08:45:13.967 67833 INFO tempest.lib.common.rest_client [req-02ae1fe2-d073-484c-aaf0-19add2f33510 req-02ae1fe2-d073-484c-aaf0-19add2f33510 ] Request (ServersTestBootFromVolume:setUpClass): 201 POST http://10.180.1.21/identity/v3/auth/tokens 0.065s
2025-01-13 08:45:13.990 67889 INFO tempest.lib.common.rest_client [req-cf946454-c07a-4c36-8344-73886bee16f5 req-cf946454-c07a-4c36-8344-73886bee16f5 ] Request (InstanceActionsNegativeTestJSON:tearDownClass): 200 GET http://10.180.1.21/compute/v2.1/servers/3b7f53c5-a334-41e9-ad16-d8b5bb467222 0.097s
2025-01-13 08:45:14.040 67849 INFO tempest.lib.common.rest_client [req-4386490f-7d4f-41e3-aa60-90fc8e5b3db0 req-4386490f-7d4f-41e3-aa60-90fc8e5b3db0 ] Request (ServersAdminNegativeTestJSON:tearDownClass): 200 GET http://10.180.1.21/compute/v2.1/servers/ab26cb52-33fe-42e7-906f-7cc2381c6119 0.071s
2025-01-13 08:45:14.144 67843 INFO tempest.lib.common.rest_client [req-9369dbae-4fc9-46d9-a848-bbc9a1fc1812 req-9369dbae-4fc9-46d9-a848-bbc9a1fc1812 ] Request (ListServersNegativeTestJSON:setUpClass): 200 GET http://10.180.1.21/compute/v2.1/servers/b04e0c4e-90ad-450f-ad34-0e91b9462e27 0.066s
