2025-01-13 08:44:08.477 67859 INFO tempest.lib.common.rest_client [req-981fac1c-a17d-408e-9b78-83bac70dbfa7 req-981fac1c-a17d-408e-9b78-83bac70dbfa7 ] Request (FloatingIPDetailsTestJSON:tearDownClass): 204 DELETE http://10.180.1.21:9696/networking/v2.0/networks/1aeda48c-d161-45be-ba29-fd6ab2cdff78 0.209s
2025-01-13 08:44:08.555 67847 INFO tempest.lib.common.rest_client [req-efffe618-8960-4fce-9b37-04f2b9f635eb req-efffe618-8960-4fce-9b37-04f2b9f635eb ] Request (ServersAdmin275Test:tearDownClass): 200 GET http://10.180.1.21/compute/v2.1/servers/5331f16d-60ad-4016-8d77-44de2c9e2e53 0.547s
2025-01-13 08:44:08.637 67859 INFO tempest.lib.common.rest_client [req-e98ee741-c379-4dc0-a501-915c04399e5c req-e98ee741-c379-4dc0-a501-915c04399e5c ] Request (FloatingIPDetailsTestJSON:tearDownClass): 204 DELETE http://10.180.1.21/identity/v3/users/192a62bf012046108840868a929f1a92 0.159s
2025-01-13 08:44:08.637 67859 INFO tempest.lib.common.dynamic_creds [-] Deleting project and security group for project: f9f56a11c28048d685b7168cdfcee497
2025-01-13 08:44:08.704 67859 INFO tempest.lib.common.rest_client [req-84b5e17e-7beb-4400-bd51-207c472a99ce req-84b5e17e-7beb-4400-bd51-207c472a99ce ] Request (FloatingIPDetailsTestJSON:tearDownClass): 200 GET http://10.180.1.21:9696/networking/v2.0/security-groups?tenant_id=f9f56a11c28048d685b7168cdfcee497&name=default 0.067s
2025-01-13 08:44:08.847 67859 INFO tempest.lib.common.rest_client [req-44ffadb2-522d-40ea-b8f6-c51b0c8d68b3 req-44ffadb2-522d-40ea-b8f6-c51b0c8d68b3 ] Request (FloatingIPDetailsTestJSON:tearDownClass): 204 DELETE http://10.180.1.21:9696/networking/v2.0/security-groups/edb66f00-b3e6-45b6-acfc-b66addbb6dcd 0.143s
2025-01-13 08:44:08.892 67861 INFO tempest.lib.common.rest_client [req-c783be60-c0d8-4283-af0d-19f86296cc29 req-c783be60-c0d8-4283-af0d-19f86296cc29 ] Request (ServerShowV247Test:test_show_server): 202 POST http://10.180.1.21/compute/v2.1/servers 0.801s
2025-01-13 08:44:08.900 67891 INFO tempest.lib.common.rest_client [req-ecdb2912-2952-4eb8-89dd-46e1f573cf18 req-ecdb2912-2952-4eb8-89dd-46e1f573cf18 ] Request (ServerRescueNegativeTestJSON:setUpClass): 202 POST http://10.180.1.21/compute/v2.1/servers 0.966s
2025-01-13 08:44:08.987 67889 INFO tempest.lib.common.rest_client [req-b778d033-b890-4afd-bcab-307da9c09883 req-b778d033-b890-4afd-bcab-307da9c09883 ] Request (InstanceActionsNegativeTestJSON:setUpClass): 200 GET http://10.180.1.21/compute/v2.1/servers/3b7f53c5-a334-41e9-ad16-d8b5bb467222 0.697s
2025-01-13 08:44:09.017 67863 INFO tempest.lib.common.rest_client [req-12ea54d3-0cfc-4059-b7c2-fdc20ba4c3a1 req-12ea54d3-0cfc-4059-b7c2-fdc20ba4c3a1 ] Request (SecurityGroupRulesNegativeTestJSON:tearDownClass): 202 DELETE http://10.180.1.21/compute/v2.1/os-security-groups/05050d0f-effa-4a94-8027-59ecf9accad3 0.732s
2025-01-13 08:44:09.023 67859 INFO tempest.lib.common.rest_client [req-79f9aaa4-5b7d-42af-a3a9-d38ca57c1b2d req-79f9aaa4-5b7d-42af-a3a9-d38ca57c1b2d ] Request (FloatingIPDetailsTestJSON:tearDownClass): 204 DELETE http://10.180.1.21/identity/v3/projects/f9f56a11c28048d685b7168cdfcee497 0.175s
2025-01-13 08:44:09.076 67835 INFO tempest.lib.common.rest_client [req-66ed9f2b-2513-44bc-9837-78240c90a50a req-66ed9f2b-2513-44bc-9837-78240c90a50a ] Request (InstanceActionsV221TestJSON:test_get_list_deleted_instance_actions): 200 GET http://10.180.1.21/compute/v2.1/servers/b30be790-a9ba-4ce8-8310-74be04f93752 0.756s
2025-01-13 08:44:09.098 67843 INFO tempest.lib.common.rest_client [req-2008ddc2-bc00-4458-a9f1-61c7705d3418 req-2008ddc2-bc00-4458-a9f1-61c7705d3418 ] Request (ListServersNegativeTestJSON:setUpClass): 200 GET http://10.180.1.21/compute/v2.1/servers/2be13e6c-d7cd-4bc8-8081-d33beef1869e 0.733s
2025-01-13 08:44:09.137 67859 INFO tempest.lib.common.rest_client [req-20908e96-f4ed-4881-b5ae-8b69bd975a79 req-20908e96-f4ed-4881-b5ae-8b69bd975a79 ] Request (AbsoluteLimitsNegativeTestJSON:setUpClass): 201 POST http://10.180.1.21/identity/v3/auth/tokens 0.113s
2025-01-13 08:44:09.139 67869 INFO tempest.lib.common.rest_client [req-e683bf33-90b1-4d99-bdd0-6df83e7b3553 req-e683bf33-90b1-4d99-bdd0-6df83e7b3553 ] Request (ServersTestFqdnHostnames:test_create_server_with_fqdn_name): 200 GET http://10.180.1.21/compute/v2.1/servers/537cd010-2546-4755-a560-a77f6f22a163 0.744s
2025-01-13 08:44:09.175 67881 INFO tempest.lib.common.rest_client [req-db31f7ac-e1a4-43bd-87b6-aa6fcf2f6272 req-db31f7ac-e1a4-43bd-87b6-aa6fcf2f6272 ] Request (ServerAddressesNegativeTestJSON:setUpClass): 200 GET http://10.180.1.21/compute/v2.1/servers/fd0b7987-635e-483c-8189-683cc5c2ed9e 0.758s
2025-01-13 08:44:09.177 67859 INFO tempest.lib.common.rest_client [req-dc00c32d-1ad2-4731-bda4-0a06362bef2e req-dc00c32d-1ad2-4731-bda4-0a06362bef2e ] Request (AbsoluteLimitsNegativeTestJSON:setUpClass): 201 POST http://10.180.1.21/identity/v3/auth/tokens 0.035s
2025-01-13 08:44:09.196 67879 INFO tempest.lib.common.rest_client [req-415d4bac-a3b8-4adf-81d4-a499664a42ff req-415d4bac-a3b8-4adf-81d4-a499664a42ff ] Request (VolumesAdminNegativeTest:test_update_attached_volume_with_nonexistent_volume_in_body): 200 GET http://10.180.1.21/compute/v2.1/servers/ac73bd12-161a-4720-8069-8b648645038b 0.766s
2025-01-13 08:44:09.204 67859 INFO tempest.lib.common.rest_client [req-6205a23c-5cb8-4e52-a097-78cde0919105 req-6205a23c-5cb8-4e52-a097-78cde0919105 ] Request (AbsoluteLimitsNegativeTestJSON:setUpClass): 200 GET http://10.180.1.21/identity/v3/domains?name=Default 0.026s
2025-01-13 08:44:09.238 67883 INFO tempest.lib.common.rest_client [req-211a2bca-1148-4661-be0e-e22291940051 req-211a2bca-1148-4661-be0e-e22291940051 ] Request (ServerAddressesTestJSON:setUpClass): 200 GET http://10.180.1.21/compute/v2.1/servers/83ca6a4e-6044-4872-a6a8-91e04523fa81 0.741s
2025-01-13 08:44:09.245 67859 INFO tempest.lib.common.rest_client [req-3c278842-6c4f-4b36-93c1-f45ea3879f74 req-3c278842-6c4f-4b36-93c1-f45ea3879f74 ] Request (AbsoluteLimitsNegativeTestJSON:setUpClass): 201 POST http://10.180.1.21/identity/v3/projects 0.041s
2025-01-13 08:44:09.259 67875 INFO tempest.lib.common.rest_client [req-189b02d6-473c-4fb6-8350-096fb4f17f23 req-189b02d6-473c-4fb6-8350-096fb4f17f23 ] Request (FloatingIPsAssociationNegativeTestJSON:setUpClass): 200 GET http://10.180.1.21/compute/v2.1/servers/bc73c76d-3c04-497a-a6b3-6f044ed1f0f1 0.705s
2025-01-13 08:44:09.312 67859 INFO tempest.lib.common.rest_client [req-c72f2354-c95d-4dea-b173-5c5718321f93 req-c72f2354-c95d-4dea-b173-5c5718321f93 ] Request (AbsoluteLimitsNegativeTestJSON:setUpClass): 201 POST http://10.180.1.21/identity/v3/users 0.065s
2025-01-13 08:44:09.320 67865 INFO tempest.lib.common.rest_client [req-4093ddde-64cc-450d-b77f-e863235ea434 req-4093ddde-64cc-450d-b77f-e863235ea434 ] Request (ImagesOneServerTestJSON:setUpClass): 200 GET http://10.180.1.21/compute/v2.1/servers/63be7cd3-af71-44df-bc9f-b392b2e68f78 0.709s
2025-01-13 08:44:09.335 67859 INFO tempest.lib.common.rest_client [req-a58b3667-fd8e-4ce9-81b0-70b4ba98ced2 req-a58b3667-fd8e-4ce9-81b0-70b4ba98ced2 ] Request (AbsoluteLimitsNegativeTestJSON:setUpClass): 200 GET http://10.180.1.21/identity/v3/roles 0.023s
2025-01-13 08:44:09.363 67859 INFO tempest.lib.common.rest_client [req-5803c408-593f-4c24-b3a2-34bfc3dd8bae req-5803c408-593f-4c24-b3a2-34bfc3dd8bae ] Request (AbsoluteLimitsNegativeTestJSON:setUpClass): 204 PUT http://10.180.1.21/identity/v3/projects/69919c2fe574440b998c222bf4688fc7/users/375fda81a09e4513b3aab99284dcbf4c/roles/939a4914bf5b4625af7e18401f38b18d 0.027s
2025-01-13 08:44:09.364 67859 INFO tempest.lib.common.dynamic_creds [-] Dynamic test user 375fda81a09e4513b3aab99284dcbf4c is created with scope project and roles: ['member']
2025-01-13 08:44:09.364 67859 INFO tempest.lib.common.dynamic_creds [-] Acquired dynamic creds: credentials: Credentials: {'domain_id': 'default', 'domain_name': 'Default', 'username': 'tempest-AbsoluteLimitsNegativeTestJSON-801792206-project-member', 'project_domain_id': 'default', 'project_domain_name': 'Default', 'project_id': '69919c2fe574440b998c222bf4688fc7', 'project_name': 'tempest-AbsoluteLimitsNegativeTestJSON-801792206', 'tenant_id': '69919c2fe574440b998c222bf4688fc7', 'tenant_name': 'tempest-AbsoluteLimitsNegativeTestJSON-801792206', 'user_domain_id': 'default', 'user_domain_name': 'Default', 'user_id': '375fda81a09e4513b3aab99284dcbf4c', 'system': None}, Network: None, Subnet: None, Router: None
2025-01-13 08:44:09.364 67859 INFO tempest.lib.common.dynamic_creds [-] Created isolated network resources for: credentials: Credentials: {'domain_id': 'default', 'domain_name': 'Default', 'username': 'tempest-AbsoluteLimitsNegativeTestJSON-801792206-project-member', 'project_domain_id': 'default', 'project_domain_name': 'Default', 'project_id': '69919c2fe574440b998c222bf4688fc7', 'project_name': 'tempest-AbsoluteLimitsNegativeTestJSON-801792206', 'tenant_id': '69919c2fe574440b998c222bf4688fc7', 'tenant_name': 'tempest-AbsoluteLimitsNegativeTestJSON-801792206', 'user_domain_id': 'default', 'user_domain_name': 'Default', 'user_id': '375fda81a09e4513b3aab99284dcbf4c', 'system': None}, Network: None, Subnet: None, Router: None
2025-01-13 08:44:09.377 67833 INFO tempest.lib.common.rest_client [req-05d32790-9ae4-439a-8ee5-168f508c4bff req-05d32790-9ae4-439a-8ee5-168f508c4bff ] Request (DeleteServersAdminTestJSON:test_delete_server_while_in_error_state): 200 GET http://10.180.1.21/compute/v2.1/servers/1d290661-08d5-41bc-9939-74eb30a0c1e4 0.752s
2025-01-13 08:44:09.381 67845 INFO tempest.lib.common.rest_client [req-64153781-0722-4bb9-b918-b5654c00e01f req-64153781-0722-4bb9-b918-b5654c00e01f ] Request (FloatingIPsAssociationTestJSON:setUpClass): 200 GET http://10.180.1.21/compute/v2.1/servers/fdc93b88-c907-4b45-8a44-905de045d21b 0.824s
2025-01-13 08:44:09.389 67845 INFO tempest.common.waiters [-] State transition "BUILD/spawning" ==> "ACTIVE/None" after 47 second wait
2025-01-13 08:44:09.439 67853 INFO tempest.lib.common.rest_client [req-c880b1b4-89cc-413e-8431-98ab63485ad3 req-c880b1b4-89cc-413e-8431-98ab63485ad3 ] Request (MultipleCreateTestJSON:test_multiple_create): 200 GET http://10.180.1.21/compute/v2.1/servers/5f32fb5d-5502-40a0-b9d0-886e4f301466 0.770s
2025-01-13 08:44:09.452 67859 INFO tempest.lib.common.rest_client [req-51cba6a1-dc54-4744-954a-50de71ff9a36 req-51cba6a1-dc54-4744-954a-50de71ff9a36 ] Request (AbsoluteLimitsNegativeTestJSON:setUpClass): 201 POST http://10.180.1.21/identity/v3/auth/tokens 0.081s
2025-01-13 08:44:09.461 67871 INFO tempest.lib.common.rest_client [req-e246c612-907c-4996-9026-96e60ecec265 req-e246c612-907c-4996-9026-96e60ecec265 ] Request (SecurityGroupsTestJSON:test_server_security_groups): 200 GET http://10.180.1.21/compute/v2.1/servers/83fd43cd-76d3-411c-a6ac-f7b974c2a7b9 0.779s
2025-01-13 08:44:09.489 67893 WARNING tempest.lib.common.ssh [-] Failed to establish authenticated ssh connection to cirros@10.180.180.216 ([Errno None] Unable to connect to port 22 on 10.180.180.216). Number attempts: 5. Retry after 6 seconds.: paramiko.ssh_exception.NoValidConnectionsError: [Errno None] Unable to connect to port 22 on 10.180.180.216
2025-01-13 08:44:09.490 67849 INFO tempest.lib.common.rest_client [req-d2e375de-89a0-4013-8452-e74d703158f3 req-d2e375de-89a0-4013-8452-e74d703158f3 ] Request (ServersAdminNegativeTestJSON:test_migrate_server_invalid_state): 200 GET http://10.180.1.21/compute/v2.1/servers/ab26cb52-33fe-42e7-906f-7cc2381c6119 0.754s
2025-01-13 08:44:09.515 67831 INFO tempest.lib.common.rest_client [req-2065336f-aa2a-424f-afcc-fe6b067eced4 req-2065336f-aa2a-424f-afcc-fe6b067eced4 ] Request (ServerDiskConfigTestJSON:test_rebuild_server_with_manual_disk_config): 200 GET http://10.180.1.21/compute/v2.1/servers/d2fc7e37-5866-4c59-a20a-f311ecceddb9 0.766s
2025-01-13 08:44:09.544 67837 INFO tempest.lib.common.rest_client [req-c9569676-92cd-4299-8479-6f7bf1c7dc1a req-c9569676-92cd-4299-8479-6f7bf1c7dc1a ] Request (ServerTagsTestJSON:setUpClass): 200 GET http://10.180.1.21/compute/v2.1/servers/349df407-b1f0-4844-8ad7-db5839ee2c78 0.715s
2025-01-13 08:44:09.574 67887 INFO tempest.lib.common.rest_client [req-20a95cca-b49e-41ce-a438-e325f2130682 req-20a95cca-b49e-41ce-a438-e325f2130682 ] Request (ServerActionsTestOtherB:setUpClass): 200 GET http://10.180.1.21/compute/v2.1/servers/a01141db-9e5a-4709-987c-02d9a8401300 0.683s
2025-01-13 08:44:09.623 67891 INFO tempest.lib.common.rest_client [req-f407670d-ba76-461d-a6da-2e49e0f231c4 req-f407670d-ba76-461d-a6da-2e49e0f231c4 ] Request (ServerRescueNegativeTestJSON:setUpClass): 200 GET http://10.180.1.21/compute/v2.1/servers/ffa5cd0b-0f69-4f28-a5ee-e48a8bad7fdc 0.721s
2025-01-13 08:44:09.700 67861 INFO tempest.lib.common.rest_client [req-f2a13c9e-e9f3-4009-ad1c-d0473f25f409 req-f2a13c9e-e9f3-4009-ad1c-d0473f25f409 ] Request (ServerShowV247Test:test_show_server): 200 GET http://10.180.1.21/compute/v2.1/servers/a86f03e4-58fd-4b01-86ee-aeefd207eb65 0.806s
2025-01-13 08:44:09.736 67863 INFO tempest.lib.common.rest_client [req-89eb4f2a-7390-49c8-a73f-f18fe70b6352 req-89eb4f2a-7390-49c8-a73f-f18fe70b6352 ] Request (SecurityGroupRulesNegativeTestJSON:tearDownClass): 202 DELETE http://10.180.1.21/compute/v2.1/os-security-groups/0f0a9aa8-07fe-42e2-9a2f-721336d800f3 0.719s
2025-01-13 08:44:09.752 67857 INFO tempest.lib.common.rest_client [req-d21a8e2e-cb49-4651-ba4c-343ee803aef7 req-d21a8e2e-cb49-4651-ba4c-343ee803aef7 ] Request (TenantUsagesTestJSON:tearDownClass): 200 GET http://10.180.1.21/compute/v2.1/servers/d3ceed43-21e6-4d7e-b954-81ccaf121649 0.624s
2025-01-13 08:44:09.786 67839 INFO tempest.lib.common.rest_client [req-c0d7062c-ab4f-464b-a939-a1e59dfb4102 req-c0d7062c-ab4f-464b-a939-a1e59dfb4102 ] Request (ListImageFiltersTestJSON:setUpClass): 200 GET http://10.180.1.21/compute/v2.1/images/6ff3699d-381f-4614-9c3b-25d7998d5e52 0.622s
2025-01-13 08:44:09.816 67841 INFO tempest.lib.common.rest_client [req-c715e73b-ee16-4190-81ba-56697c1ea8dc req-c715e73b-ee16-4190-81ba-56697c1ea8dc ] Request (ServersTestMultiNic:_run_cleanups): 200 GET http://10.180.1.21/compute/v2.1/servers/0297be37-9dad-4efb-9deb-a5fe0907ffd9 0.543s
2025-01-13 08:44:09.816 67861 INFO tempest.lib.common.rest_client [req-0d32bba5-9916-44c6-8ed3-ce6d3917938f req-0d32bba5-9916-44c6-8ed3-ce6d3917938f ] Request (ServerShowV247Test:test_update_rebuild_list_server): 201 POST http://10.180.1.21/identity/v3/auth/tokens 0.098s
2025-01-13 08:44:09.817 67861 INFO tempest.lib.common.fixed_network [-] (ServerShowV247Test:test_update_rebuild_list_server) Found network None available for tenant
2025-01-13 08:44:09.862 67859 INFO tempest.lib.common.rest_client [req-3d741e33-cf73-48c3-b3fe-a5635ba886d5 req-3d741e33-cf73-48c3-b3fe-a5635ba886d5 ] Request (AbsoluteLimitsNegativeTestJSON:test_max_metadata_exceed_limit): 200 GET http://10.180.1.21/compute/v2.1/limits 0.408s
2025-01-13 08:44:09.893 67859 INFO tempest.lib.common.rest_client [req-357f8635-f60f-48fb-87fe-5b4b12640f56 req-357f8635-f60f-48fb-87fe-5b4b12640f56 ] Request (AbsoluteLimitsNegativeTestJSON:test_max_metadata_exceed_limit): 201 POST http://10.180.1.21/identity/v3/auth/tokens 0.024s
2025-01-13 08:44:09.893 67859 INFO tempest.lib.common.fixed_network [-] (AbsoluteLimitsNegativeTestJSON:test_max_metadata_exceed_limit) Found network None available for tenant
2025-01-13 08:44:09.969 67867 INFO tempest.lib.common.rest_client [req-bda74852-81f5-4e07-8575-e72706603250 req-bda74852-81f5-4e07-8575-e72706603250 ] Request (MigrationsAdminTest:test_list_migrations_in_flavor_resize_situation): 200 GET http://10.180.1.21/compute/v2.1/servers/f67d19d9-9511-4e6d-a396-2b9111b77675 0.511s
2025-01-13 08:44:10.038 67847 INFO tempest.lib.common.rest_client [req-5fdb7962-e604-4a0b-98b2-79da9d558108 req-5fdb7962-e604-4a0b-98b2-79da9d558108 ] Request (ServersAdmin275Test:tearDownClass): 200 GET http://10.180.1.21/compute/v2.1/servers/5331f16d-60ad-4016-8d77-44de2c9e2e53 0.470s
2025-01-13 08:44:10.151 67863 INFO tempest.lib.common.rest_client [req-8310f4e6-554c-4fef-9b57-9a9bfc0ab8ed req-8310f4e6-554c-4fef-9b57-9a9bfc0ab8ed ] Request (SecurityGroupRulesNegativeTestJSON:tearDownClass): 202 DELETE http://10.180.1.21/compute/v2.1/os-security-groups/6280ced2-07b4-4df4-825f-9e18fc95a883 0.414s
2025-01-13 08:44:10.261 67861 INFO tempest.lib.common.rest_client [req-266c6c9a-4144-4f22-ab00-6204d6792a3c req-266c6c9a-4144-4f22-ab00-6204d6792a3c ] Request (ServerShowV247Test:test_update_rebuild_list_server): 202 POST http://10.180.1.21/compute/v2.1/servers 0.444s
2025-01-13 08:44:10.317 67845 INFO tempest.lib.common.rest_client [req-c60022dc-4023-4415-b4e6-870107d7ab26 req-c60022dc-4023-4415-b4e6-870107d7ab26 ] Request (FloatingIPsAssociationTestJSON:setUpClass): 200 POST http://10.180.1.21/compute/v2.1/os-floating-ips 0.928s
2025-01-13 08:44:10.375 67889 INFO tempest.lib.common.rest_client [req-d47f0f29-21fb-4cb6-b04c-c72d4ed166b4 req-d47f0f29-21fb-4cb6-b04c-c72d4ed166b4 ] Request (InstanceActionsNegativeTestJSON:setUpClass): 200 GET http://10.180.1.21/compute/v2.1/servers/3b7f53c5-a334-41e9-ad16-d8b5bb467222 0.376s
2025-01-13 08:44:10.389 67845 INFO tempest.lib.common.rest_client [req-2f0a01da-8487-4239-84f8-a22b70536a0e req-2f0a01da-8487-4239-84f8-a22b70536a0e ] Request (FloatingIPsAssociationTestJSON:test_associate_already_associated_floating_ip): 201 POST http://10.180.1.21/identity/v3/auth/tokens 0.066s
2025-01-13 08:44:10.389 67845 INFO tempest.lib.common.fixed_network [-] (FloatingIPsAssociationTestJSON:test_associate_already_associated_floating_ip) Found network {'id': '6db1f5b0-1bff-4f91-8d37-700be3b6b720', 'name': 'tempest-FloatingIPsAssociationTestJSON-1160078182-network', 'tenant_id': '91c089cc435543509adce5ae6a5c39e0', 'admin_state_up': True, 'mtu': 8950, 'status': 'ACTIVE', 'subnets': [], 'shared': False, 'project_id': '91c089cc435543509adce5ae6a5c39e0', 'port_security_enabled': True, 'router:external': False, 'provider:network_type': 'vlan', 'provider:physical_network': 'default', 'provider:segmentation_id': 455, 'availability_zone_hints': [], 'availability_zones': [], 'ipv4_address_scope': None, 'ipv6_address_scope': None, 'description': '', 'tags': [], 'created_at': '2025-01-13T08:43:14Z', 'updated_at': '2025-01-13T08:43:14Z', 'revision_number': 1} available for tenant
2025-01-13 08:44:10.401 67859 INFO tempest.lib.common.rest_client [req-d919c31a-11d1-424b-9e37-87ada9ee804e req-d919c31a-11d1-424b-9e37-87ada9ee804e ] Request (AbsoluteLimitsNegativeTestJSON:test_max_metadata_exceed_limit): 403 POST http://10.180.1.21/compute/v2.1/servers 0.507s
2025-01-13 08:44:10.426 67835 INFO tempest.lib.common.rest_client [req-255b809f-153c-4ef9-8f19-7d75f2ee0256 req-255b809f-153c-4ef9-8f19-7d75f2ee0256 ] Request (InstanceActionsV221TestJSON:test_get_list_deleted_instance_actions): 200 GET http://10.180.1.21/compute/v2.1/servers/b30be790-a9ba-4ce8-8310-74be04f93752 0.336s
2025-01-13 08:44:10.452 67843 INFO tempest.lib.common.rest_client [req-6f505299-006f-463b-8bd3-cd2b6fc57790 req-6f505299-006f-463b-8bd3-cd2b6fc57790 ] Request (ListServersNegativeTestJSON:setUpClass): 200 GET http://10.180.1.21/compute/v2.1/servers/2be13e6c-d7cd-4bc8-8081-d33beef1869e 0.341s
2025-01-13 08:44:10.477 67869 INFO tempest.lib.common.rest_client [req-625e3dcc-0d04-464f-b264-f2caafd7125e req-625e3dcc-0d04-464f-b264-f2caafd7125e ] Request (ServersTestFqdnHostnames:test_create_server_with_fqdn_name): 200 GET http://10.180.1.21/compute/v2.1/servers/537cd010-2546-4755-a560-a77f6f22a163 0.326s
2025-01-13 08:44:10.506 67859 INFO tempest.lib.common.rest_client [req-1ce4aa37-483b-4cf7-97bd-34ef8cf8766c req-1ce4aa37-483b-4cf7-97bd-34ef8cf8766c ] Request (AbsoluteLimitsNegativeTestJSON:tearDownClass): 204 DELETE http://10.180.1.21/identity/v3/users/375fda81a09e4513b3aab99284dcbf4c 0.104s
2025-01-13 08:44:10.507 67859 INFO tempest.lib.common.dynamic_creds [-] Deleting project and security group for project: 69919c2fe574440b998c222bf4688fc7
2025-01-13 08:44:10.513 67877 WARNING tempest.lib.common.ssh [-] Failed to establish authenticated ssh connection to cirros@10.180.180.174 ([Errno None] Unable to connect to port 22 on 10.180.180.174). Number attempts: 4. Retry after 5 seconds.: paramiko.ssh_exception.NoValidConnectionsError: [Errno None] Unable to connect to port 22 on 10.180.180.174
2025-01-13 08:44:10.528 67881 INFO tempest.lib.common.rest_client [req-9bd1e81c-edc9-4ba0-9481-69e1900d80f1 req-9bd1e81c-edc9-4ba0-9481-69e1900d80f1 ] Request (ServerAddressesNegativeTestJSON:setUpClass): 200 GET http://10.180.1.21/compute/v2.1/servers/fd0b7987-635e-483c-8189-683cc5c2ed9e 0.342s
2025-01-13 08:44:10.551 67863 INFO tempest.lib.common.rest_client [req-6acb3925-d71e-4752-bc40-693f8feb4dde req-6acb3925-d71e-4752-bc40-693f8feb4dde ] Request (SecurityGroupRulesNegativeTestJSON:tearDownClass): 202 DELETE http://10.180.1.21/compute/v2.1/os-security-groups/76ae13d6-9070-43cf-8581-0f3e118a5597 0.399s
2025-01-13 08:44:10.565 67859 INFO tempest.lib.common.rest_client [req-ac40e1bd-f81e-494b-bfde-da164f7f6c5b req-ac40e1bd-f81e-494b-bfde-da164f7f6c5b ] Request (AbsoluteLimitsNegativeTestJSON:tearDownClass): 201 POST http://10.180.1.21/identity/v3/auth/tokens 0.058s
2025-01-13 08:44:10.586 67879 INFO tempest.lib.common.rest_client [req-ce5c8bb8-3456-45d4-9348-140300c86a74 req-ce5c8bb8-3456-45d4-9348-140300c86a74 ] Request (VolumesAdminNegativeTest:test_update_attached_volume_with_nonexistent_volume_in_body): 200 GET http://10.180.1.21/compute/v2.1/servers/ac73bd12-161a-4720-8069-8b648645038b 0.382s
2025-01-13 08:44:10.604 67883 INFO tempest.lib.common.rest_client [req-ecbc36c1-19b6-49e2-9f8f-238c490abf7e req-ecbc36c1-19b6-49e2-9f8f-238c490abf7e ] Request (ServerAddressesTestJSON:setUpClass): 200 GET http://10.180.1.21/compute/v2.1/servers/83ca6a4e-6044-4872-a6a8-91e04523fa81 0.356s
2025-01-13 08:44:10.614 67861 INFO tempest.lib.common.rest_client [req-af09a622-8706-4a6b-8eb1-a86c2bb80c6a req-af09a622-8706-4a6b-8eb1-a86c2bb80c6a ] Request (ServerShowV247Test:test_update_rebuild_list_server): 200 PUT http://10.180.1.21/compute/v2.1/servers/713e6fc8-7d9a-42f1-824c-ee51b5bc6bf5 0.351s
2025-01-13 08:44:10.655 67875 INFO tempest.lib.common.rest_client [req-c6bcfbed-26fe-461f-bb41-3295bfbc36d5 req-c6bcfbed-26fe-461f-bb41-3295bfbc36d5 ] Request (FloatingIPsAssociationNegativeTestJSON:setUpClass): 200 GET http://10.180.1.21/compute/v2.1/servers/bc73c76d-3c04-497a-a6b3-6f044ed1f0f1 0.387s
2025-01-13 08:44:10.661 67865 INFO tempest.lib.common.rest_client [req-6a619e1e-c1f5-4c35-8477-9d4828ab75ce req-6a619e1e-c1f5-4c35-8477-9d4828ab75ce ] Request (ImagesOneServerTestJSON:setUpClass): 200 GET http://10.180.1.21/compute/v2.1/servers/63be7cd3-af71-44df-bc9f-b392b2e68f78 0.330s
2025-01-13 08:44:10.713 67833 INFO tempest.lib.common.rest_client [req-f23b2715-21da-4754-9fad-bdbc337ff60b req-f23b2715-21da-4754-9fad-bdbc337ff60b ] Request (DeleteServersAdminTestJSON:test_delete_server_while_in_error_state): 200 GET http://10.180.1.21/compute/v2.1/servers/1d290661-08d5-41bc-9939-74eb30a0c1e4 0.322s
2025-01-13 08:44:10.736 67859 INFO tempest.lib.common.rest_client [req-56d1a43b-2979-4a97-a4bd-db00c23ac3a3 req-56d1a43b-2979-4a97-a4bd-db00c23ac3a3 ] Request (AbsoluteLimitsNegativeTestJSON:tearDownClass): 200 GET http://10.180.1.21:9696/networking/v2.0/security-groups?tenant_id=69919c2fe574440b998c222bf4688fc7&name=default 0.171s
2025-01-13 08:44:10.772 67853 INFO tempest.lib.common.rest_client [req-66ef8992-a838-4c9d-a357-45340d9d9c51 req-66ef8992-a838-4c9d-a357-45340d9d9c51 ] Request (MultipleCreateTestJSON:test_multiple_create): 200 GET http://10.180.1.21/compute/v2.1/servers/5f32fb5d-5502-40a0-b9d0-886e4f301466 0.320s
2025-01-13 08:44:10.843 67871 INFO tempest.lib.common.rest_client [req-e64251e1-7383-4d1f-8e6a-beef4f05c24a req-e64251e1-7383-4d1f-8e6a-beef4f05c24a ] Request (SecurityGroupsTestJSON:test_server_security_groups): 200 GET http://10.180.1.21/compute/v2.1/servers/83fd43cd-76d3-411c-a6ac-f7b974c2a7b9 0.369s
2025-01-13 08:44:10.889 67859 INFO tempest.lib.common.rest_client [req-2450f19b-36c2-4fdc-8fd6-b399f85debc7 req-2450f19b-36c2-4fdc-8fd6-b399f85debc7 ] Request (AbsoluteLimitsNegativeTestJSON:tearDownClass): 204 DELETE http://10.180.1.21:9696/networking/v2.0/security-groups/4accd55d-e059-481d-b084-bcac35b5db41 0.153s
2025-01-13 08:44:10.901 67849 INFO tempest.lib.common.rest_client [req-3da3d086-6f4e-4b2b-99c5-c06892626287 req-3da3d086-6f4e-4b2b-99c5-c06892626287 ] Request (ServersAdminNegativeTestJSON:test_migrate_server_invalid_state): 200 GET http://10.180.1.21/compute/v2.1/servers/ab26cb52-33fe-42e7-906f-7cc2381c6119 0.403s
2025-01-13 08:44:10.955 67859 INFO tempest.lib.common.rest_client [req-4cd83ff5-15e2-49dc-9540-87eda150990b req-4cd83ff5-15e2-49dc-9540-87eda150990b ] Request (AbsoluteLimitsNegativeTestJSON:tearDownClass): 204 DELETE http://10.180.1.21/identity/v3/projects/69919c2fe574440b998c222bf4688fc7 0.066s
2025-01-13 08:44:10.958 67831 INFO tempest.lib.common.rest_client [req-29e5c2eb-2796-4d7b-a6c3-fbe88a99f5bf req-29e5c2eb-2796-4d7b-a6c3-fbe88a99f5bf ] Request (ServerDiskConfigTestJSON:test_rebuild_server_with_manual_disk_config): 200 GET http://10.180.1.21/compute/v2.1/servers/d2fc7e37-5866-4c59-a20a-f311ecceddb9 0.435s
2025-01-13 08:44:10.979 67845 INFO tempest.lib.common.rest_client [req-3e523712-f9b8-420c-b1a0-4678e7f4059e req-3e523712-f9b8-420c-b1a0-4678e7f4059e ] Request (FloatingIPsAssociationTestJSON:test_associate_already_associated_floating_ip): 202 POST http://10.180.1.21/compute/v2.1/servers 0.588s
2025-01-13 08:44:11.025 67859 INFO tempest.lib.common.rest_client [req-1c034cb2-4f9b-4a76-aff7-b3b93d0f9293 req-1c034cb2-4f9b-4a76-aff7-b3b93d0f9293 ] Request (ServersV294TestFqdnHostnames:setUpClass): 201 POST http://10.180.1.21/identity/v3/auth/tokens 0.068s
2025-01-13 08:44:11.037 67837 INFO tempest.lib.common.rest_client [req-232d2c9a-442f-4171-8a3d-81fe09d52411 req-232d2c9a-442f-4171-8a3d-81fe09d52411 ] Request (ServerTagsTestJSON:setUpClass): 200 GET http://10.180.1.21/compute/v2.1/servers/349df407-b1f0-4844-8ad7-db5839ee2c78 0.483s
2025-01-13 08:44:11.061 67863 INFO tempest.lib.common.rest_client [req-9d0f7cbe-3400-425a-9299-cd95d2b4b7ab req-9d0f7cbe-3400-425a-9299-cd95d2b4b7ab ] Request (SecurityGroupRulesNegativeTestJSON:tearDownClass): 202 DELETE http://10.180.1.21/compute/v2.1/os-security-groups/8e8e82a0-c1eb-4f51-ab5d-31c1f83eceb5 0.510s
2025-01-13 08:44:11.065 67859 INFO tempest.lib.common.rest_client [req-d8ee0c40-9df2-44a6-bcfb-a2fec858d347 req-d8ee0c40-9df2-44a6-bcfb-a2fec858d347 ] Request (ServersV294TestFqdnHostnames:setUpClass): 201 POST http://10.180.1.21/identity/v3/auth/tokens 0.037s
2025-01-13 08:44:11.095 67887 INFO tempest.lib.common.rest_client [req-413fdcb7-f413-4021-9052-cd00892bed8a req-413fdcb7-f413-4021-9052-cd00892bed8a ] Request (ServerActionsTestOtherB:setUpClass): 200 GET http://10.180.1.21/compute/v2.1/servers/a01141db-9e5a-4709-987c-02d9a8401300 0.513s
2025-01-13 08:44:11.097 67859 INFO tempest.lib.common.rest_client [req-c5dff807-2f5e-4b42-8084-1d16e6d25c3c req-c5dff807-2f5e-4b42-8084-1d16e6d25c3c ] Request (ServersV294TestFqdnHostnames:setUpClass): 200 GET http://10.180.1.21/identity/v3/domains?name=Default 0.031s
2025-01-13 08:44:11.131 67859 INFO tempest.lib.common.rest_client [req-3960ddeb-3535-4850-91c2-15e1d1d80be2 req-3960ddeb-3535-4850-91c2-15e1d1d80be2 ] Request (ServersV294TestFqdnHostnames:setUpClass): 201 POST http://10.180.1.21/identity/v3/projects 0.033s
2025-01-13 08:44:11.139 67861 INFO tempest.lib.common.rest_client [req-58c4e160-c403-49f7-a731-3ff977db54d3 req-58c4e160-c403-49f7-a731-3ff977db54d3 ] Request (ServerShowV247Test:test_update_rebuild_list_server): 200 GET http://10.180.1.21/compute/v2.1/servers/713e6fc8-7d9a-42f1-824c-ee51b5bc6bf5 0.519s
2025-01-13 08:44:11.151 67891 INFO tempest.lib.common.rest_client [req-4715ffb4-fee3-4126-ae72-778cd25527c7 req-4715ffb4-fee3-4126-ae72-778cd25527c7 ] Request (ServerRescueNegativeTestJSON:setUpClass): 200 GET http://10.180.1.21/compute/v2.1/servers/ffa5cd0b-0f69-4f28-a5ee-e48a8bad7fdc 0.520s
2025-01-13 08:44:11.192 67839 INFO tempest.lib.common.rest_client [req-51fd9adc-e616-4ed1-8a8a-b1df6243acc5 req-51fd9adc-e616-4ed1-8a8a-b1df6243acc5 ] Request (ListImageFiltersTestJSON:setUpClass): 200 GET http://10.180.1.21/compute/v2.1/images/6ff3699d-381f-4614-9c3b-25d7998d5e52 0.400s
2025-01-13 08:44:11.210 67859 INFO tempest.lib.common.rest_client [req-2a5db7a9-184c-49a4-bdb9-c7d8ec394d0f req-2a5db7a9-184c-49a4-bdb9-c7d8ec394d0f ] Request (ServersV294TestFqdnHostnames:setUpClass): 201 POST http://10.180.1.21/identity/v3/users 0.079s
2025-01-13 08:44:11.212 67857 INFO tempest.lib.common.rest_client [req-e1192999-e235-449f-b1d3-f8afd3555354 req-e1192999-e235-449f-b1d3-f8afd3555354 ] Request (TenantUsagesTestJSON:tearDownClass): 200 GET http://10.180.1.21/compute/v2.1/servers/d3ceed43-21e6-4d7e-b954-81ccaf121649 0.448s
2025-01-13 08:44:11.225 67857 INFO tempest.common.waiters [-] State transition "ACTIVE/deleting" ==> "DELETED/None" after 5 second wait
2025-01-13 08:44:11.246 67859 INFO tempest.lib.common.rest_client [req-45fedd67-4e7a-4df7-be5c-ce5707c409ad req-45fedd67-4e7a-4df7-be5c-ce5707c409ad ] Request (ServersV294TestFqdnHostnames:setUpClass): 200 GET http://10.180.1.21/identity/v3/roles 0.036s
2025-01-13 08:44:11.257 67841 INFO tempest.lib.common.rest_client [req-6aa3afa4-b95a-4ef7-abbb-8b2e80498a0c req-6aa3afa4-b95a-4ef7-abbb-8b2e80498a0c ] Request (ServersTestMultiNic:_run_cleanups): 200 GET http://10.180.1.21/compute/v2.1/servers/0297be37-9dad-4efb-9deb-a5fe0907ffd9 0.431s
2025-01-13 08:44:11.283 67859 INFO tempest.lib.common.rest_client [req-00202fac-ede6-461d-bdf9-5624e86d0334 req-00202fac-ede6-461d-bdf9-5624e86d0334 ] Request (ServersV294TestFqdnHostnames:setUpClass): 204 PUT http://10.180.1.21/identity/v3/projects/510069c0a41847ab8b61dade7d4f4d9e/users/7b7d5202d4af4231953f1e64878545aa/roles/939a4914bf5b4625af7e18401f38b18d 0.036s
2025-01-13 08:44:11.283 67859 INFO tempest.lib.common.dynamic_creds [-] Dynamic test user 7b7d5202d4af4231953f1e64878545aa is created with scope project and roles: ['member']
2025-01-13 08:44:11.285 67859 INFO tempest.lib.common.dynamic_creds [-] Acquired dynamic creds: credentials: Credentials: {'domain_id': 'default', 'domain_name': 'Default', 'username': 'tempest-ServersV294TestFqdnHostnames-1697528720-project-member', 'project_domain_id': 'default', 'project_domain_name': 'Default', 'project_id': '510069c0a41847ab8b61dade7d4f4d9e', 'project_name': 'tempest-ServersV294TestFqdnHostnames-1697528720', 'tenant_id': '510069c0a41847ab8b61dade7d4f4d9e', 'tenant_name': 'tempest-ServersV294TestFqdnHostnames-1697528720', 'user_domain_id': 'default', 'user_domain_name': 'Default', 'user_id': '7b7d5202d4af4231953f1e64878545aa', 'system': None}, Network: None, Subnet: None, Router: None
2025-01-13 08:44:11.306 67845 INFO tempest.lib.common.rest_client [req-941a89b4-d9f0-40ff-bb56-7774476a8843 req-941a89b4-d9f0-40ff-bb56-7774476a8843 ] Request (FloatingIPsAssociationTestJSON:test_associate_already_associated_floating_ip): 200 GET http://10.180.1.21/compute/v2.1/servers/91637ee1-38a6-458b-9ac5-e37be456026b 0.326s
2025-01-13 08:44:11.346 67859 INFO tempest.lib.common.rest_client [req-0c16488c-4e82-48c3-8c95-b41620a98ec8 req-0c16488c-4e82-48c3-8c95-b41620a98ec8 ] Request (ServersV294TestFqdnHostnames:setUpClass): 201 POST http://10.180.1.21/identity/v3/auth/tokens 0.060s
2025-01-13 08:44:11.382 67847 INFO tempest.lib.common.rest_client [req-68f0ed13-ae63-4273-9dd9-d502277f3dbd req-68f0ed13-ae63-4273-9dd9-d502277f3dbd ] Request (ServersAdmin275Test:tearDownClass): 200 GET http://10.180.1.21/compute/v2.1/servers/5331f16d-60ad-4016-8d77-44de2c9e2e53 0.327s
2025-01-13 08:44:11.435 67867 INFO tempest.lib.common.rest_client [req-9bc48495-7c92-47fe-9ef7-d212c3064082 req-9bc48495-7c92-47fe-9ef7-d212c3064082 ] Request (MigrationsAdminTest:test_list_migrations_in_flavor_resize_situation): 200 GET http://10.180.1.21/compute/v2.1/servers/f67d19d9-9511-4e6d-a396-2b9111b77675 0.458s
2025-01-13 08:44:11.442 67889 INFO tempest.lib.common.rest_client [req-05912031-60f1-4115-9c68-c705811b9a37 req-05912031-60f1-4115-9c68-c705811b9a37 ] Request (InstanceActionsNegativeTestJSON:setUpClass): 200 GET http://10.180.1.21/compute/v2.1/servers/3b7f53c5-a334-41e9-ad16-d8b5bb467222 0.058s
2025-01-13 08:44:11.511 67835 INFO tempest.lib.common.rest_client [req-78f9b08e-b4bc-4917-9d1f-9c7a08604d6b req-78f9b08e-b4bc-4917-9d1f-9c7a08604d6b ] Request (InstanceActionsV221TestJSON:test_get_list_deleted_instance_actions): 200 GET http://10.180.1.21/compute/v2.1/servers/b30be790-a9ba-4ce8-8310-74be04f93752 0.075s
2025-01-13 08:44:11.528 67843 INFO tempest.lib.common.rest_client [req-e947b19a-e8ef-4e91-b54f-0db5767fd28d req-e947b19a-e8ef-4e91-b54f-0db5767fd28d ] Request (ListServersNegativeTestJSON:setUpClass): 200 GET http://10.180.1.21/compute/v2.1/servers/2be13e6c-d7cd-4bc8-8081-d33beef1869e 0.067s
2025-01-13 08:44:11.574 67869 INFO tempest.lib.common.rest_client [req-997d1e33-8ad7-4485-b517-e3989f2a1184 req-997d1e33-8ad7-4485-b517-e3989f2a1184 ] Request (ServersTestFqdnHostnames:test_create_server_with_fqdn_name): 200 GET http://10.180.1.21/compute/v2.1/servers/537cd010-2546-4755-a560-a77f6f22a163 0.088s
2025-01-13 08:44:11.606 67881 INFO tempest.lib.common.rest_client [req-80e37a24-505a-4309-b0e2-2d25080cc81b req-80e37a24-505a-4309-b0e2-2d25080cc81b ] Request (ServerAddressesNegativeTestJSON:setUpClass): 200 GET http://10.180.1.21/compute/v2.1/servers/fd0b7987-635e-483c-8189-683cc5c2ed9e 0.069s
2025-01-13 08:44:11.643 67859 INFO tempest.lib.common.rest_client [req-43ec469c-321c-41cd-a6a4-49f4c7de0431 req-43ec469c-321c-41cd-a6a4-49f4c7de0431 ] Request (ServersV294TestFqdnHostnames:setUpClass): 201 POST http://10.180.1.21:9696/networking/v2.0/networks 0.297s
2025-01-13 08:44:11.648 67879 INFO tempest.lib.common.rest_client [req-e0175c16-789a-46c4-a7d3-4a21a97eaff1 req-e0175c16-789a-46c4-a7d3-4a21a97eaff1 ] Request (VolumesAdminNegativeTest:test_update_attached_volume_with_nonexistent_volume_in_body): 200 GET http://10.180.1.21/compute/v2.1/servers/ac73bd12-161a-4720-8069-8b648645038b 0.053s
2025-01-13 08:44:11.667 67883 INFO tempest.lib.common.rest_client [req-b083c793-edeb-4d27-b9da-91b03c033941 req-b083c793-edeb-4d27-b9da-91b03c033941 ] Request (ServerAddressesTestJSON:setUpClass): 200 GET http://10.180.1.21/compute/v2.1/servers/83ca6a4e-6044-4872-a6a8-91e04523fa81 0.055s
2025-01-13 08:44:11.739 67875 INFO tempest.lib.common.rest_client [req-97a7a69f-6d1e-418b-8bb1-2aef8c6807c0 req-97a7a69f-6d1e-418b-8bb1-2aef8c6807c0 ] Request (FloatingIPsAssociationNegativeTestJSON:setUpClass): 200 GET http://10.180.1.21/compute/v2.1/servers/bc73c76d-3c04-497a-a6b3-6f044ed1f0f1 0.076s
2025-01-13 08:44:11.739 67865 INFO tempest.lib.common.rest_client [req-95a628cb-c49b-48f3-963e-7448e8944181 req-95a628cb-c49b-48f3-963e-7448e8944181 ] Request (ImagesOneServerTestJSON:setUpClass): 200 GET http://10.180.1.21/compute/v2.1/servers/63be7cd3-af71-44df-bc9f-b392b2e68f78 0.067s
2025-01-13 08:44:11.811 67833 INFO tempest.lib.common.rest_client [req-fab8029f-34bd-4725-b873-ce604cceba55 req-fab8029f-34bd-4725-b873-ce604cceba55 ] Request (DeleteServersAdminTestJSON:test_delete_server_while_in_error_state): 200 GET http://10.180.1.21/compute/v2.1/servers/1d290661-08d5-41bc-9939-74eb30a0c1e4 0.089s
2025-01-13 08:44:11.837 67853 INFO tempest.lib.common.rest_client [req-e3994848-d168-48f6-939b-fbdda95547bc req-e3994848-d168-48f6-939b-fbdda95547bc ] Request (MultipleCreateTestJSON:test_multiple_create): 200 GET http://10.180.1.21/compute/v2.1/servers/5f32fb5d-5502-40a0-b9d0-886e4f301466 0.055s
2025-01-13 08:44:11.910 67871 INFO tempest.lib.common.rest_client [req-18c8c56a-f8f6-45fe-90b3-d6a848b0d62e req-18c8c56a-f8f6-45fe-90b3-d6a848b0d62e ] Request (SecurityGroupsTestJSON:test_server_security_groups): 200 GET http://10.180.1.21/compute/v2.1/servers/83fd43cd-76d3-411c-a6ac-f7b974c2a7b9 0.058s
2025-01-13 08:44:11.966 67859 INFO tempest.lib.common.rest_client [req-2bec3fe3-d030-48ba-8e02-ca20d1e6ca38 req-2bec3fe3-d030-48ba-8e02-ca20d1e6ca38 ] Request (ServersV294TestFqdnHostnames:setUpClass): 201 POST http://10.180.1.21:9696/networking/v2.0/subnets 0.322s
2025-01-13 08:44:11.968 67849 INFO tempest.lib.common.rest_client [req-e593183e-07c0-4b33-9c06-77cbfc78ec69 req-e593183e-07c0-4b33-9c06-77cbfc78ec69 ] Request (ServersAdminNegativeTestJSON:test_migrate_server_invalid_state): 200 GET http://10.180.1.21/compute/v2.1/servers/ab26cb52-33fe-42e7-906f-7cc2381c6119 0.055s
2025-01-13 08:44:12.033 67831 INFO tempest.lib.common.rest_client [req-20804fcf-4f11-480d-9930-9b9965bda380 req-20804fcf-4f11-480d-9930-9b9965bda380 ] Request (ServerDiskConfigTestJSON:test_rebuild_server_with_manual_disk_config): 200 GET http://10.180.1.21/compute/v2.1/servers/d2fc7e37-5866-4c59-a20a-f311ecceddb9 0.066s
2025-01-13 08:44:12.079 67863 INFO tempest.lib.common.rest_client [req-b40267ba-7a2b-473f-a4dc-f948ef550b16 req-b40267ba-7a2b-473f-a4dc-f948ef550b16 ] Request (SecurityGroupRulesNegativeTestJSON:tearDownClass): 200 PUT http://10.180.1.21:9696/networking/v2.0/routers/7227b42f-ca18-4713-bbe5-b8170c3e0e91/remove_router_interface 1.017s
2025-01-13 08:44:12.123 67837 INFO tempest.lib.common.rest_client [req-3fc8eb7f-db88-411a-b739-864c42fcaa06 req-3fc8eb7f-db88-411a-b739-864c42fcaa06 ] Request (ServerTagsTestJSON:setUpClass): 200 GET http://10.180.1.21/compute/v2.1/servers/349df407-b1f0-4844-8ad7-db5839ee2c78 0.070s
2025-01-13 08:44:12.171 67887 INFO tempest.lib.common.rest_client [req-3a5ec709-8720-4b96-9f16-c65cbd5850b7 req-3a5ec709-8720-4b96-9f16-c65cbd5850b7 ] Request (ServerActionsTestOtherB:setUpClass): 200 GET http://10.180.1.21/compute/v2.1/servers/a01141db-9e5a-4709-987c-02d9a8401300 0.065s
2025-01-13 08:44:12.222 67861 INFO tempest.lib.common.rest_client [req-4b72dc52-12d3-4756-a9a2-4499ef8c8c67 req-4b72dc52-12d3-4756-a9a2-4499ef8c8c67 ] Request (ServerShowV247Test:test_update_rebuild_list_server): 200 GET http://10.180.1.21/compute/v2.1/servers/713e6fc8-7d9a-42f1-824c-ee51b5bc6bf5 0.068s
2025-01-13 08:44:12.224 67891 INFO tempest.lib.common.rest_client [req-eff23810-2f9a-47af-b8a4-d5be1e5433b4 req-eff23810-2f9a-47af-b8a4-d5be1e5433b4 ] Request (ServerRescueNegativeTestJSON:setUpClass): 200 GET http://10.180.1.21/compute/v2.1/servers/ffa5cd0b-0f69-4f28-a5ee-e48a8bad7fdc 0.064s
2025-01-13 08:44:12.263 67839 INFO tempest.lib.common.rest_client [req-9793a8ed-e091-476f-8bae-9ed3d22a4f69 req-9793a8ed-e091-476f-8bae-9ed3d22a4f69 ] Request (ListImageFiltersTestJSON:setUpClass): 200 GET http://10.180.1.21/compute/v2.1/images/6ff3699d-381f-4614-9c3b-25d7998d5e52 0.065s
2025-01-13 08:44:12.301 67857 INFO tempest.lib.common.rest_client [req-e1ae3e5d-4551-4358-872a-ee67204f8c1c req-e1ae3e5d-4551-4358-872a-ee67204f8c1c ] Request (TenantUsagesTestJSON:tearDownClass): 200 GET http://10.180.1.21/compute/v2.1/servers/d3ceed43-21e6-4d7e-b954-81ccaf121649 0.075s
2025-01-13 08:44:12.347 67841 INFO tempest.lib.common.rest_client [req-166c814f-9137-4bf0-b1ce-d957ddc3ecaf req-166c814f-9137-4bf0-b1ce-d957ddc3ecaf ] Request (ServersTestMultiNic:_run_cleanups): 200 GET http://10.180.1.21/compute/v2.1/servers/0297be37-9dad-4efb-9deb-a5fe0907ffd9 0.079s
2025-01-13 08:44:12.389 67845 INFO tempest.lib.common.rest_client [req-8b539d91-f0c5-4b88-ae2d-40a2a08cf196 req-8b539d91-f0c5-4b88-ae2d-40a2a08cf196 ] Request (FloatingIPsAssociationTestJSON:test_associate_already_associated_floating_ip): 200 GET http://10.180.1.21/compute/v2.1/servers/91637ee1-38a6-458b-9ac5-e37be456026b 0.073s
2025-01-13 08:44:12.484 67847 INFO tempest.lib.common.rest_client [req-2508d443-f194-4922-9aa2-d58da268bd8a req-2508d443-f194-4922-9aa2-d58da268bd8a ] Request (ServersAdmin275Test:tearDownClass): 200 GET http://10.180.1.21/compute/v2.1/servers/5331f16d-60ad-4016-8d77-44de2c9e2e53 0.088s
2025-01-13 08:44:12.518 67863 INFO tempest.lib.common.rest_client [req-e9c8a9a6-c42f-4be1-aaa7-9e65f08e7f76 req-e9c8a9a6-c42f-4be1-aaa7-9e65f08e7f76 ] Request (SecurityGroupRulesNegativeTestJSON:tearDownClass): 204 DELETE http://10.180.1.21:9696/networking/v2.0/routers/7227b42f-ca18-4713-bbe5-b8170c3e0e91 0.438s
2025-01-13 08:44:12.545 67889 INFO tempest.lib.common.rest_client [req-f5cdaffa-65c3-4e0b-a6f3-c3745e5b3345 req-f5cdaffa-65c3-4e0b-a6f3-c3745e5b3345 ] Request (InstanceActionsNegativeTestJSON:setUpClass): 200 GET http://10.180.1.21/compute/v2.1/servers/3b7f53c5-a334-41e9-ad16-d8b5bb467222 0.094s
2025-01-13 08:44:12.577 67867 INFO tempest.lib.common.rest_client [req-fb754e78-e9e4-483e-a443-beea86350db9 req-fb754e78-e9e4-483e-a443-beea86350db9 ] Request (MigrationsAdminTest:test_list_migrations_in_flavor_resize_situation): 200 GET http://10.180.1.21/compute/v2.1/servers/f67d19d9-9511-4e6d-a396-2b9111b77675 0.132s
2025-01-13 08:44:12.607 67835 INFO tempest.lib.common.rest_client [req-383ce9c4-c953-44e3-9f39-6e328f5b2045 req-383ce9c4-c953-44e3-9f39-6e328f5b2045 ] Request (InstanceActionsV221TestJSON:test_get_list_deleted_instance_actions): 200 GET http://10.180.1.21/compute/v2.1/servers/b30be790-a9ba-4ce8-8310-74be04f93752 0.084s
2025-01-13 08:44:12.629 67843 INFO tempest.lib.common.rest_client [req-21d43a15-9693-4c36-a3e3-745da3d84a86 req-21d43a15-9693-4c36-a3e3-745da3d84a86 ] Request (ListServersNegativeTestJSON:setUpClass): 200 GET http://10.180.1.21/compute/v2.1/servers/2be13e6c-d7cd-4bc8-8081-d33beef1869e 0.094s
2025-01-13 08:44:12.678 67869 INFO tempest.lib.common.rest_client [req-4fb47ac3-9493-4f6e-acba-25804a3fc703 req-4fb47ac3-9493-4f6e-acba-25804a3fc703 ] Request (ServersTestFqdnHostnames:test_create_server_with_fqdn_name): 200 GET http://10.180.1.21/compute/v2.1/servers/537cd010-2546-4755-a560-a77f6f22a163 0.094s
2025-01-13 08:44:12.679 67881 INFO tempest.lib.common.rest_client [req-1e6f1e4f-8988-4f00-b626-13d521258613 req-1e6f1e4f-8988-4f00-b626-13d521258613 ] Request (ServerAddressesNegativeTestJSON:setUpClass): 200 GET http://10.180.1.21/compute/v2.1/servers/fd0b7987-635e-483c-8189-683cc5c2ed9e 0.058s
2025-01-13 08:44:12.713 67863 INFO tempest.lib.common.rest_client [req-a8112aaa-d792-4152-be74-4fcd7539d178 req-a8112aaa-d792-4152-be74-4fcd7539d178 ] Request (SecurityGroupRulesNegativeTestJSON:tearDownClass): 204 DELETE http://10.180.1.21:9696/networking/v2.0/subnets/356e44f4-ed89-4913-a1d8-635ac3a14e49 0.195s
2025-01-13 08:44:12.743 67883 INFO tempest.lib.common.rest_client [req-d249dcb1-f1db-4c93-ad5e-b27b95e13ee7 req-d249dcb1-f1db-4c93-ad5e-b27b95e13ee7 ] Request (ServerAddressesTestJSON:setUpClass): 200 GET http://10.180.1.21/compute/v2.1/servers/83ca6a4e-6044-4872-a6a8-91e04523fa81 0.068s
2025-01-13 08:44:12.746 67879 INFO tempest.lib.common.rest_client [req-b05e642f-9eca-406a-b39d-c96d59da7cf3 req-b05e642f-9eca-406a-b39d-c96d59da7cf3 ] Request (VolumesAdminNegativeTest:test_update_attached_volume_with_nonexistent_volume_in_body): 200 GET http://10.180.1.21/compute/v2.1/servers/ac73bd12-161a-4720-8069-8b648645038b 0.090s
2025-01-13 08:44:12.800 67865 INFO tempest.lib.common.rest_client [req-ed9dd6f4-cb8f-4120-8f8b-9d4e40b42d7f req-ed9dd6f4-cb8f-4120-8f8b-9d4e40b42d7f ] Request (ImagesOneServerTestJSON:setUpClass): 200 GET http://10.180.1.21/compute/v2.1/servers/63be7cd3-af71-44df-bc9f-b392b2e68f78 0.053s
2025-01-13 08:44:12.804 67875 INFO tempest.lib.common.rest_client [req-9f849749-2fa0-4b62-b727-5ee58838823f req-9f849749-2fa0-4b62-b727-5ee58838823f ] Request (FloatingIPsAssociationNegativeTestJSON:setUpClass): 200 GET http://10.180.1.21/compute/v2.1/servers/bc73c76d-3c04-497a-a6b3-6f044ed1f0f1 0.056s
2025-01-13 08:44:12.813 67875 INFO tempest.common.waiters [-] State transition "BUILD/None" ==> "BUILD/networking" after 50 second wait
2025-01-13 08:44:12.877 67833 INFO tempest.lib.common.rest_client [req-27e9b7b0-b193-4ecb-b1dc-5f39a23abae3 req-27e9b7b0-b193-4ecb-b1dc-5f39a23abae3 ] Request (DeleteServersAdminTestJSON:test_delete_server_while_in_error_state): 200 GET http://10.180.1.21/compute/v2.1/servers/1d290661-08d5-41bc-9939-74eb30a0c1e4 0.054s
2025-01-13 08:44:12.891 67859 INFO tempest.lib.common.rest_client [req-7dc66539-4765-4480-b046-0b1961865d68 req-7dc66539-4765-4480-b046-0b1961865d68 ] Request (ServersV294TestFqdnHostnames:setUpClass): 201 POST http://10.180.1.21:9696/networking/v2.0/routers 0.924s
2025-01-13 08:44:12.943 67863 INFO tempest.lib.common.rest_client [req-7d31a6a8-42f5-4310-b7eb-d8e375d11f03 req-7d31a6a8-42f5-4310-b7eb-d8e375d11f03 ] Request (SecurityGroupRulesNegativeTestJSON:tearDownClass): 204 DELETE http://10.180.1.21:9696/networking/v2.0/networks/710358ac-bfe2-434a-bf24-3e420b5c3c47 0.229s
2025-01-13 08:44:12.949 67853 INFO tempest.lib.common.rest_client [req-4dc0454e-c2d2-4d33-8952-a472c578aa2b req-4dc0454e-c2d2-4d33-8952-a472c578aa2b ] Request (MultipleCreateTestJSON:test_multiple_create): 200 GET http://10.180.1.21/compute/v2.1/servers/5f32fb5d-5502-40a0-b9d0-886e4f301466 0.101s
2025-01-13 08:44:12.982 67871 INFO tempest.lib.common.rest_client [req-bc1f9861-7ea2-4d29-9746-4df9792878f8 req-bc1f9861-7ea2-4d29-9746-4df9792878f8 ] Request (SecurityGroupsTestJSON:test_server_security_groups): 200 GET http://10.180.1.21/compute/v2.1/servers/83fd43cd-76d3-411c-a6ac-f7b974c2a7b9 0.065s
2025-01-13 08:44:13.027 67863 INFO tempest.lib.common.rest_client [req-5f8cdbbe-349a-424b-b5a7-d9ea1c9e4761 req-5f8cdbbe-349a-424b-b5a7-d9ea1c9e4761 ] Request (SecurityGroupRulesNegativeTestJSON:tearDownClass): 204 DELETE http://10.180.1.21/identity/v3/users/238a5825970e479587808c97c9c549f6 0.083s
2025-01-13 08:44:13.027 67863 INFO tempest.lib.common.dynamic_creds [-] Deleting project and security group for project: ee47fd27660a4929b6c69605b9db3f5a
2025-01-13 08:44:13.041 67849 INFO tempest.lib.common.rest_client [req-ca2922bd-fd8e-4156-9e0a-f203ebd16724 req-ca2922bd-fd8e-4156-9e0a-f203ebd16724 ] Request (ServersAdminNegativeTestJSON:test_migrate_server_invalid_state): 200 GET http://10.180.1.21/compute/v2.1/servers/ab26cb52-33fe-42e7-906f-7cc2381c6119 0.063s
2025-01-13 08:44:13.063 67863 INFO tempest.lib.common.rest_client [req-f98d718d-acf2-4184-a05b-d135db4fe675 req-f98d718d-acf2-4184-a05b-d135db4fe675 ] Request (SecurityGroupRulesNegativeTestJSON:tearDownClass): 200 GET http://10.180.1.21:9696/networking/v2.0/security-groups?tenant_id=ee47fd27660a4929b6c69605b9db3f5a&name=default 0.036s
2025-01-13 08:44:13.104 67831 INFO tempest.lib.common.rest_client [req-e7cd5047-e3ff-454a-8e93-ef8e0404b71e req-e7cd5047-e3ff-454a-8e93-ef8e0404b71e ] Request (ServerDiskConfigTestJSON:test_rebuild_server_with_manual_disk_config): 200 GET http://10.180.1.21/compute/v2.1/servers/d2fc7e37-5866-4c59-a20a-f311ecceddb9 0.061s
2025-01-13 08:44:13.154 67863 INFO tempest.lib.common.rest_client [req-cca9c82b-e4da-4dca-94d6-42a102333f2c req-cca9c82b-e4da-4dca-94d6-42a102333f2c ] Request (SecurityGroupRulesNegativeTestJSON:tearDownClass): 204 DELETE http://10.180.1.21:9696/networking/v2.0/security-groups/2063a822-700b-4a7e-a35b-eba681933f7d 0.091s
2025-01-13 08:44:13.201 67837 INFO tempest.lib.common.rest_client [req-58eafcc9-c1d1-41d6-9684-bb0c36fea3ef req-58eafcc9-c1d1-41d6-9684-bb0c36fea3ef ] Request (ServerTagsTestJSON:setUpClass): 200 GET http://10.180.1.21/compute/v2.1/servers/349df407-b1f0-4844-8ad7-db5839ee2c78 0.068s
2025-01-13 08:44:13.239 67887 INFO tempest.lib.common.rest_client [req-5f0e2ee2-1832-483b-a613-5606adc2a02b req-5f0e2ee2-1832-483b-a613-5606adc2a02b ] Request (ServerActionsTestOtherB:setUpClass): 200 GET http://10.180.1.21/compute/v2.1/servers/a01141db-9e5a-4709-987c-02d9a8401300 0.056s
2025-01-13 08:44:13.250 67863 INFO tempest.lib.common.rest_client [req-1c1834df-0d7e-4aec-98f8-0b7641c89535 req-1c1834df-0d7e-4aec-98f8-0b7641c89535 ] Request (SecurityGroupRulesNegativeTestJSON:tearDownClass): 204 DELETE http://10.180.1.21/identity/v3/projects/ee47fd27660a4929b6c69605b9db3f5a 0.095s
2025-01-13 08:44:13.251 67863 INFO tempest.test [-] raised in NoVNCConsoleTestJSON.setUpClass. Invoking tearDownClass.
2025-01-13 08:44:13.253 67863 INFO tempest.test [-] raised in ServerStableDeviceRescueTestIDE.setUpClass. Invoking tearDownClass.
2025-01-13 08:44:13.265 67855 WARNING tempest.lib.common.ssh [-] Failed to establish authenticated ssh connection to cirros@10.180.180.191 ([Errno None] Unable to connect to port 22 on 10.180.180.191). Number attempts: 6. Retry after 7 seconds.: paramiko.ssh_exception.NoValidConnectionsError: [Errno None] Unable to connect to port 22 on 10.180.180.191
2025-01-13 08:44:13.294 67861 INFO tempest.lib.common.rest_client [req-5625951e-6359-4bcf-b605-cd4a33873b03 req-5625951e-6359-4bcf-b605-cd4a33873b03 ] Request (ServerShowV247Test:test_update_rebuild_list_server): 200 GET http://10.180.1.21/compute/v2.1/servers/713e6fc8-7d9a-42f1-824c-ee51b5bc6bf5 0.059s
2025-01-13 08:44:13.295 67891 INFO tempest.lib.common.rest_client [req-c9455e49-aba2-416f-a2d1-b9541bc139e9 req-c9455e49-aba2-416f-a2d1-b9541bc139e9 ] Request (ServerRescueNegativeTestJSON:setUpClass): 200 GET http://10.180.1.21/compute/v2.1/servers/ffa5cd0b-0f69-4f28-a5ee-e48a8bad7fdc 0.063s
2025-01-13 08:44:13.328 67863 INFO tempest.lib.common.rest_client [req-cbadcbb2-778b-40fb-aaa9-e4b16ced0a94 req-cbadcbb2-778b-40fb-aaa9-e4b16ced0a94 ] Request (ServersNegativeTestJSON:setUpClass): 201 POST http://10.180.1.21/identity/v3/auth/tokens 0.073s
2025-01-13 08:44:13.331 67839 INFO tempest.lib.common.rest_client [req-5a76b980-1991-4604-b477-f19daabbe991 req-5a76b980-1991-4604-b477-f19daabbe991 ] Request (ListImageFiltersTestJSON:setUpClass): 200 GET http://10.180.1.21/compute/v2.1/images/6ff3699d-381f-4614-9c3b-25d7998d5e52 0.063s
2025-01-13 08:44:13.357 67863 INFO tempest.lib.common.rest_client [req-068ecfec-b513-4e2a-9f8e-1eacfd291f2f req-068ecfec-b513-4e2a-9f8e-1eacfd291f2f ] Request (ServersNegativeTestJSON:setUpClass): 201 POST http://10.180.1.21/identity/v3/auth/tokens 0.026s
2025-01-13 08:44:13.383 67863 INFO tempest.lib.common.rest_client [req-ecb4e700-3358-4118-9d05-6a5ef7762df5 req-ecb4e700-3358-4118-9d05-6a5ef7762df5 ] Request (ServersNegativeTestJSON:setUpClass): 200 GET http://10.180.1.21/identity/v3/domains?name=Default 0.025s
