2025-01-13 08:45:40.971 67849 INFO tempest.lib.common.rest_client [req-6107ff83-f394-4a66-8df9-c831a5f4320b req-6107ff83-f394-4a66-8df9-c831a5f4320b ] Request (ServersAdminNegativeTestJSON:tearDownClass): 200 GET http://10.180.1.21/compute/v2.1/servers/a5b06a7a-f594-418f-aa68-ed98b7696308 0.102s
2025-01-13 08:45:40.977 67843 INFO tempest.lib.common.rest_client [req-c687715b-2fd6-4507-bbc0-c077bb9368f2 req-c687715b-2fd6-4507-bbc0-c077bb9368f2 ] Request (ListServersNegativeTestJSON:test_list_servers_by_limits_pass_negative_value): 400 GET http://10.180.1.21/compute/v2.1/servers?limit=-1 0.063s
2025-01-13 08:45:41.003 67861 INFO tempest.lib.common.rest_client [req-0d7bb2da-af29-43fb-936c-34b3a53865d3 req-0d7bb2da-af29-43fb-936c-34b3a53865d3 ] Request (ServerShowV247Test:test_update_rebuild_list_server): 200 GET http://10.180.1.21/compute/v2.1/servers/713e6fc8-7d9a-42f1-824c-ee51b5bc6bf5 0.123s
2025-01-13 08:45:41.046 67891 INFO tempest.lib.common.rest_client [req-0ae3badd-6106-44db-963b-f92fdd181df7 req-0ae3badd-6106-44db-963b-f92fdd181df7 ] Request (ServerRescueNegativeTestJSON:setUpClass): 200 GET http://10.180.1.21/compute/v2.1/servers/ffa5cd0b-0f69-4f28-a5ee-e48a8bad7fdc 0.125s
2025-01-13 08:45:41.093 67867 INFO tempest.lib.common.rest_client [req-1736291a-0e4f-403a-9dde-8fbbd0025c70 req-1736291a-0e4f-403a-9dde-8fbbd0025c70 ] Request (MigrationsAdminTest:test_resize_server_revert_deleted_flavor): 200 GET http://10.180.1.21/compute/v2.1/servers/ba79aeda-8018-47ca-97f0-88f4385c6150 0.117s
2025-01-13 08:45:41.098 67843 INFO tempest.lib.common.rest_client [req-2ce971da-5642-45b4-870a-601033544c7b req-2ce971da-5642-45b4-870a-601033544c7b ] Request (ListServersNegativeTestJSON:test_list_servers_by_limits_pass_string): 400 GET http://10.180.1.21/compute/v2.1/servers?limit=testing 0.120s
2025-01-13 08:45:41.139 67887 WARNING tempest.lib.common.ssh [-] Failed to establish authenticated ssh connection to cirros@10.180.180.224 ([Errno None] Unable to connect to port 22 on 10.180.180.224). Number attempts: 9. Retry after 10 seconds.: paramiko.ssh_exception.NoValidConnectionsError: [Errno None] Unable to connect to port 22 on 10.180.180.224
2025-01-13 08:45:41.207 67879 WARNING tempest.lib.common.ssh [-] Failed to establish authenticated ssh connection to cirros@10.180.180.152 ([Errno None] Unable to connect to port 22 on 10.180.180.152). Number attempts: 6. Retry after 7 seconds.: paramiko.ssh_exception.NoValidConnectionsError: [Errno None] Unable to connect to port 22 on 10.180.180.152
2025-01-13 08:45:41.221 67845 INFO tempest.lib.common.rest_client [req-4dcfdabe-d3fd-4f56-a778-5809805fb53a req-4dcfdabe-d3fd-4f56-a778-5809805fb53a ] Request (FloatingIPsAssociationTestJSON:test_associate_already_associated_floating_ip): 200 GET http://10.180.1.21/compute/v2.1/servers/91637ee1-38a6-458b-9ac5-e37be456026b 0.304s
2025-01-13 08:45:41.237 67865 INFO tempest.lib.common.rest_client [req-94090907-b096-4173-8c3b-22a97f08d5c0 req-94090907-b096-4173-8c3b-22a97f08d5c0 ] Request (ImagesOneServerTestJSON:setUpClass): 200 GET http://10.180.1.21/compute/v2.1/servers/63be7cd3-af71-44df-bc9f-b392b2e68f78 0.215s
2025-01-13 08:45:41.283 67841 INFO tempest.lib.common.rest_client [req-eed744bd-0954-43c7-b681-1dffeb974751 req-eed744bd-0954-43c7-b681-1dffeb974751 ] Request (ServersTestMultiNic:test_verify_multiple_nics_order): 200 GET http://10.180.1.21/compute/v2.1/servers/f1c187a9-b3d8-46d5-9718-a515abae05c3 0.253s
2025-01-13 08:45:41.287 67835 INFO tempest.lib.common.rest_client [req-29cd377e-4c9e-4cf9-a1c5-a6b8a9f3ee66 req-29cd377e-4c9e-4cf9-a1c5-a6b8a9f3ee66 ] Request (AttachVolumeTestJSON:test_attach_detach_volume): 200 GET http://10.180.1.21/compute/v2.1/servers/2c367759-d799-40be-8dc8-5608c38a6616 0.202s
2025-01-13 08:45:41.298 67843 INFO tempest.lib.common.rest_client [req-1bed4b97-8849-4d2e-b59b-8ec28e0ddf96 req-1bed4b97-8849-4d2e-b59b-8ec28e0ddf96 ] Request (ListServersNegativeTestJSON:test_list_servers_by_non_existing_flavor): 200 GET http://10.180.1.21/compute/v2.1/servers?flavor=non_existing_flavor 0.198s
2025-01-13 08:45:41.339 67863 INFO tempest.lib.common.rest_client [req-4a1ea514-6738-48f1-93d4-01db7f3b84f3 req-4a1ea514-6738-48f1-93d4-01db7f3b84f3 ] Request (ServersNegativeTestJSON:setUpClass): 200 GET http://10.180.1.21/compute/v2.1/servers/230434b9-8c7e-4b51-9717-96a00258ef83 0.187s
2025-01-13 08:45:41.339 67853 INFO tempest.lib.common.rest_client [req-85de60ee-e515-4ba4-bbe4-8936021a8160 req-85de60ee-e515-4ba4-bbe4-8936021a8160 ] Request (MultipleCreateTestJSON:_run_cleanups): 200 GET http://10.180.1.21/compute/v2.1/servers/dcb7c1cc-b44b-4a65-996f-7fb0314e7f8d 0.241s
2025-01-13 08:45:41.391 67859 INFO tempest.lib.common.rest_client [req-a8dd3f43-e216-4dce-968f-1c188f1a9934 req-a8dd3f43-e216-4dce-968f-1c188f1a9934 ] Request (ServersV294TestFqdnHostnames:setUpClass): 200 GET http://10.180.1.21/compute/v2.1/servers/b40628ac-3a0b-4171-9458-a8be9e91a6d1 0.134s
2025-01-13 08:45:41.394 67857 INFO tempest.lib.common.rest_client [req-bd296000-7b01-4137-8446-8c0788c829eb req-bd296000-7b01-4137-8446-8c0788c829eb ] Request (ServersAaction247Test:test_create_backup): 200 GET http://10.180.1.21/compute/v2.1/servers/19bc94fa-d863-4b60-ace0-90e01d02b2e1 0.097s
2025-01-13 08:45:41.437 67843 INFO tempest.lib.common.rest_client [req-91e3dd97-2558-49d1-9a69-a23f20788a2b req-91e3dd97-2558-49d1-9a69-a23f20788a2b ] Request (ListServersNegativeTestJSON:test_list_servers_by_non_existing_image): 200 GET http://10.180.1.21/compute/v2.1/servers?image=non_existing_image 0.137s
2025-01-13 08:45:41.446 67847 INFO tempest.lib.common.rest_client [req-03ef4a55-9d07-482c-83c7-10a31d0f1063 req-03ef4a55-9d07-482c-83c7-10a31d0f1063 ] Request (AttachInterfacesV270Test:test_create_get_list_interfaces): 200 GET http://10.180.1.21/compute/v2.1/servers/71e74f84-7340-42e9-9d64-99d8e4706406 0.084s
2025-01-13 08:45:41.494 67843 INFO tempest.lib.common.rest_client [req-f5576565-67f8-4388-a17d-4f335c06c481 req-f5576565-67f8-4388-a17d-4f335c06c481 ] Request (ListServersNegativeTestJSON:test_list_servers_by_non_existing_server_name): 200 GET http://10.180.1.21/compute/v2.1/servers?name=non_existing_server_name 0.054s
2025-01-13 08:45:41.502 67871 INFO tempest.lib.common.rest_client [req-6fb86963-e4e0-49ab-9cd8-1d0b822a9a97 req-6fb86963-e4e0-49ab-9cd8-1d0b822a9a97 ] Request (SecurityGroupsTestJSON:test_server_security_groups): 200 GET http://10.180.1.21/compute/v2.1/servers/83fd43cd-76d3-411c-a6ac-f7b974c2a7b9 0.079s
2025-01-13 08:45:41.558 67837 INFO tempest.lib.common.rest_client [req-af531bc0-971a-4c85-86a8-9df50763af4c req-af531bc0-971a-4c85-86a8-9df50763af4c ] Request (ServerTagsTestJSON:tearDownClass): 200 GET http://10.180.1.21/compute/v2.1/servers/349df407-b1f0-4844-8ad7-db5839ee2c78 0.072s
2025-01-13 08:45:41.634 67831 INFO tempest.lib.common.rest_client [req-7689e09f-a28e-4f89-8af5-4044d2853b88 req-7689e09f-a28e-4f89-8af5-4044d2853b88 ] Request (ServerDiskConfigTestJSON:test_rebuild_server_with_manual_disk_config): 200 GET http://10.180.1.21/compute/v2.1/servers/d2fc7e37-5866-4c59-a20a-f311ecceddb9 0.142s
2025-01-13 08:45:41.641 67831 INFO tempest.common.waiters [-] State transition "REBUILD/rebuild_block_device_mapping" ==> "REBUILD/rebuild_spawning" after 9 second wait
2025-01-13 08:45:41.924 67843 INFO tempest.lib.common.rest_client [req-cdf851ad-863e-496e-ae5b-2f18dce5f132 req-cdf851ad-863e-496e-ae5b-2f18dce5f132 ] Request (ListServersNegativeTestJSON:test_list_servers_detail_server_is_deleted): 200 GET http://10.180.1.21/compute/v2.1/servers/detail 0.424s
2025-01-13 08:45:41.933 67881 INFO tempest.lib.common.rest_client [req-9ca8612e-c06f-47af-b052-3ddd42a0116a req-9ca8612e-c06f-47af-b052-3ddd42a0116a ] Request (ServerAddressesNegativeTestJSON:setUpClass): 200 GET http://10.180.1.21/compute/v2.1/servers/fd0b7987-635e-483c-8189-683cc5c2ed9e 0.120s
2025-01-13 08:45:41.948 67843 INFO tempest.lib.common.rest_client [req-50c5ebd4-1796-4b96-be91-95a528d5b511 req-50c5ebd4-1796-4b96-be91-95a528d5b511 ] Request (ListServersNegativeTestJSON:test_list_servers_status_non_existing): 200 GET http://10.180.1.21/compute/v2.1/servers?status=non_existing_status 0.011s
2025-01-13 08:45:41.976 67833 INFO tempest.lib.common.rest_client [req-cba30546-9e3f-43fa-96f6-e8eb30b9740c req-cba30546-9e3f-43fa-96f6-e8eb30b9740c ] Request (ServersTestBootFromVolume:setUpClass): 200 GET http://10.180.1.21/compute/v2.1/servers/14218117-b536-46d6-9bcb-60772d336c41 0.091s
2025-01-13 08:45:42.005 67843 INFO tempest.lib.common.rest_client [req-458cdc9e-a235-41e6-8a2f-571e10d62f88 req-458cdc9e-a235-41e6-8a2f-571e10d62f88 ] Request (ListServersNegativeTestJSON:test_list_servers_with_a_deleted_server): 200 GET http://10.180.1.21/compute/v2.1/servers 0.053s
2025-01-13 08:45:42.034 67839 INFO tempest.lib.common.rest_client [req-df738875-4371-4741-a8ad-8881c96d6f9b req-df738875-4371-4741-a8ad-8881c96d6f9b ] Request (ListImageFiltersTestJSON:tearDownClass): 200 GET http://10.180.1.21/compute/v2.1/servers/76fcffde-5970-4b24-968c-6e9d2e9281bb 0.069s
2025-01-13 08:45:42.041 67839 INFO tempest.common.waiters [-] State transition "ACTIVE/deleting" ==> "DELETED/None" after 7 second wait
2025-01-13 08:45:42.050 67843 INFO tempest.lib.common.rest_client [req-25d24aa5-4d1e-4ac5-9606-31ad582681be req-25d24aa5-4d1e-4ac5-9606-31ad582681be ] Request (ListServersNegativeTestJSON:tearDownClass): 404 DELETE http://10.180.1.21/compute/v2.1/servers/b04e0c4e-90ad-450f-ad34-0e91b9462e27 0.041s
2025-01-13 08:45:42.099 67861 INFO tempest.lib.common.rest_client [req-bdd9e3f3-1d81-461c-b5a8-03f6164a9435 req-bdd9e3f3-1d81-461c-b5a8-03f6164a9435 ] Request (ServerShowV247Test:test_update_rebuild_list_server): 200 GET http://10.180.1.21/compute/v2.1/servers/713e6fc8-7d9a-42f1-824c-ee51b5bc6bf5 0.085s
2025-01-13 08:45:42.101 67849 INFO tempest.lib.common.rest_client [req-112cb1e2-9912-4f39-ada3-eba7c03fc436 req-112cb1e2-9912-4f39-ada3-eba7c03fc436 ] Request (ServersAdminNegativeTestJSON:tearDownClass): 200 GET http://10.180.1.21/compute/v2.1/servers/a5b06a7a-f594-418f-aa68-ed98b7696308 0.122s
2025-01-13 08:45:42.148 67891 INFO tempest.lib.common.rest_client [req-28a6b881-f62c-4748-9760-95ee48072fa3 req-28a6b881-f62c-4748-9760-95ee48072fa3 ] Request (ServerRescueNegativeTestJSON:setUpClass): 200 GET http://10.180.1.21/compute/v2.1/servers/ffa5cd0b-0f69-4f28-a5ee-e48a8bad7fdc 0.095s
2025-01-13 08:45:42.165 67843 INFO tempest.lib.common.rest_client [req-61c6eca0-e2f9-43d2-8288-42d27021dc16 req-61c6eca0-e2f9-43d2-8288-42d27021dc16 ] Request (ListServersNegativeTestJSON:tearDownClass): 204 DELETE http://10.180.1.21/compute/v2.1/servers/a637e5b7-dbb7-4e52-b938-fb6b467e7f9b 0.114s
2025-01-13 08:45:42.194 67867 INFO tempest.lib.common.rest_client [req-dc6a1a75-b7a1-43da-8f7d-f1138f68f67b req-dc6a1a75-b7a1-43da-8f7d-f1138f68f67b ] Request (MigrationsAdminTest:test_resize_server_revert_deleted_flavor): 200 GET http://10.180.1.21/compute/v2.1/servers/ba79aeda-8018-47ca-97f0-88f4385c6150 0.090s
2025-01-13 08:45:42.233 67843 INFO tempest.lib.common.rest_client [req-29e7da5f-7ced-413c-a070-2b76758cb8f4 req-29e7da5f-7ced-413c-a070-2b76758cb8f4 ] Request (ListServersNegativeTestJSON:tearDownClass): 204 DELETE http://10.180.1.21/compute/v2.1/servers/2be13e6c-d7cd-4bc8-8081-d33beef1869e 0.068s
2025-01-13 08:45:42.279 67843 INFO tempest.lib.common.rest_client [req-b0ade3c2-8a7c-4254-bbb0-c2e3bb0dbaf9 req-b0ade3c2-8a7c-4254-bbb0-c2e3bb0dbaf9 ] Request (ListServersNegativeTestJSON:tearDownClass): 404 GET http://10.180.1.21/compute/v2.1/servers/b04e0c4e-90ad-450f-ad34-0e91b9462e27 0.045s
2025-01-13 08:45:42.290 67845 INFO tempest.lib.common.rest_client [req-0491119b-78d4-45b4-9903-55845eb907bd req-0491119b-78d4-45b4-9903-55845eb907bd ] Request (FloatingIPsAssociationTestJSON:test_associate_already_associated_floating_ip): 200 GET http://10.180.1.21/compute/v2.1/servers/91637ee1-38a6-458b-9ac5-e37be456026b 0.059s
2025-01-13 08:45:42.376 67865 INFO tempest.lib.common.rest_client [req-b4e55c92-a2c3-4df1-8de6-bdfc4bc64767 req-b4e55c92-a2c3-4df1-8de6-bdfc4bc64767 ] Request (ImagesOneServerTestJSON:setUpClass): 200 GET http://10.180.1.21/compute/v2.1/servers/63be7cd3-af71-44df-bc9f-b392b2e68f78 0.126s
2025-01-13 08:45:42.429 67843 INFO tempest.lib.common.rest_client [req-5a9134d7-278d-46c3-ad3c-40d6a1d577b5 req-5a9134d7-278d-46c3-ad3c-40d6a1d577b5 ] Request (ListServersNegativeTestJSON:tearDownClass): 200 GET http://10.180.1.21/compute/v2.1/servers/a637e5b7-dbb7-4e52-b938-fb6b467e7f9b 0.150s
2025-01-13 08:45:42.446 67841 INFO tempest.lib.common.rest_client [req-6ba08ebd-170c-4ff9-8b89-aed19835f29d req-6ba08ebd-170c-4ff9-8b89-aed19835f29d ] Request (ServersTestMultiNic:test_verify_multiple_nics_order): 200 GET http://10.180.1.21/compute/v2.1/servers/f1c187a9-b3d8-46d5-9718-a515abae05c3 0.150s
2025-01-13 08:45:42.485 67835 INFO tempest.lib.common.rest_client [req-2aca0c98-d557-400c-b00f-b3f17180168e req-2aca0c98-d557-400c-b00f-b3f17180168e ] Request (AttachVolumeTestJSON:test_attach_detach_volume): 200 GET http://10.180.1.21/compute/v2.1/servers/2c367759-d799-40be-8dc8-5608c38a6616 0.186s
2025-01-13 08:45:42.505 67853 INFO tempest.lib.common.rest_client [req-6f085eb4-632e-4a26-baaf-c0adf0fb701b req-6f085eb4-632e-4a26-baaf-c0adf0fb701b ] Request (MultipleCreateTestJSON:_run_cleanups): 200 GET http://10.180.1.21/compute/v2.1/servers/dcb7c1cc-b44b-4a65-996f-7fb0314e7f8d 0.158s
2025-01-13 08:45:42.543 67863 INFO tempest.lib.common.rest_client [req-1bd38e53-9197-4b89-bac5-2b0104e8a028 req-1bd38e53-9197-4b89-bac5-2b0104e8a028 ] Request (ServersNegativeTestJSON:setUpClass): 200 GET http://10.180.1.21/compute/v2.1/servers/230434b9-8c7e-4b51-9717-96a00258ef83 0.196s
2025-01-13 08:45:42.563 67859 INFO tempest.lib.common.rest_client [req-cb8ecc94-bc03-4bce-b725-158ac78c928b req-cb8ecc94-bc03-4bce-b725-158ac78c928b ] Request (ServersV294TestFqdnHostnames:setUpClass): 200 GET http://10.180.1.21/compute/v2.1/servers/b40628ac-3a0b-4171-9458-a8be9e91a6d1 0.161s
2025-01-13 08:45:42.610 67857 INFO tempest.lib.common.rest_client [req-91e87f7b-da5a-4bd2-aea1-ff9980ba773a req-91e87f7b-da5a-4bd2-aea1-ff9980ba773a ] Request (ServersAaction247Test:test_create_backup): 200 GET http://10.180.1.21/compute/v2.1/servers/19bc94fa-d863-4b60-ace0-90e01d02b2e1 0.207s
2025-01-13 08:45:42.621 67847 INFO tempest.lib.common.rest_client [req-6654e17d-a5e3-4a3f-90ea-8dc846d57940 req-6654e17d-a5e3-4a3f-90ea-8dc846d57940 ] Request (AttachInterfacesV270Test:test_create_get_list_interfaces): 200 GET http://10.180.1.21/compute/v2.1/servers/71e74f84-7340-42e9-9d64-99d8e4706406 0.165s
2025-01-13 08:45:42.674 67871 INFO tempest.lib.common.rest_client [req-b1302678-ba27-48e8-83d0-dd082166b581 req-b1302678-ba27-48e8-83d0-dd082166b581 ] Request (SecurityGroupsTestJSON:test_server_security_groups): 200 GET http://10.180.1.21/compute/v2.1/servers/83fd43cd-76d3-411c-a6ac-f7b974c2a7b9 0.156s
2025-01-13 08:45:42.693 67837 INFO tempest.lib.common.rest_client [req-fad7e663-4260-47ce-b88c-1f3995ce99f9 req-fad7e663-4260-47ce-b88c-1f3995ce99f9 ] Request (ServerTagsTestJSON:tearDownClass): 200 GET http://10.180.1.21/compute/v2.1/servers/349df407-b1f0-4844-8ad7-db5839ee2c78 0.125s
2025-01-13 08:45:42.818 67831 INFO tempest.lib.common.rest_client [req-00365471-a1e8-4f4b-9922-53c6be6a6784 req-00365471-a1e8-4f4b-9922-53c6be6a6784 ] Request (ServerDiskConfigTestJSON:test_rebuild_server_with_manual_disk_config): 200 GET http://10.180.1.21/compute/v2.1/servers/d2fc7e37-5866-4c59-a20a-f311ecceddb9 0.176s
2025-01-13 08:45:43.063 67833 INFO tempest.lib.common.rest_client [req-a048ea21-9600-45d1-842e-5153c3116611 req-a048ea21-9600-45d1-842e-5153c3116611 ] Request (ServersTestBootFromVolume:setUpClass): 200 GET http://10.180.1.21/compute/v2.1/servers/14218117-b536-46d6-9bcb-60772d336c41 0.079s
2025-01-13 08:45:43.119 67881 INFO tempest.lib.common.rest_client [req-1a839257-cef0-49e6-a8cc-c5541d766c45 req-1a839257-cef0-49e6-a8cc-c5541d766c45 ] Request (ServerAddressesNegativeTestJSON:setUpClass): 200 GET http://10.180.1.21/compute/v2.1/servers/fd0b7987-635e-483c-8189-683cc5c2ed9e 0.177s
2025-01-13 08:45:43.134 67839 INFO tempest.lib.common.rest_client [req-2acdc931-93aa-4785-9557-daf343bfdda0 req-2acdc931-93aa-4785-9557-daf343bfdda0 ] Request (ListImageFiltersTestJSON:tearDownClass): 200 GET http://10.180.1.21/compute/v2.1/servers/76fcffde-5970-4b24-968c-6e9d2e9281bb 0.092s
2025-01-13 08:45:43.174 67861 INFO tempest.lib.common.rest_client [req-2d5381b6-b53d-4f01-8c3b-42e3aa137d78 req-2d5381b6-b53d-4f01-8c3b-42e3aa137d78 ] Request (ServerShowV247Test:test_update_rebuild_list_server): 200 GET http://10.180.1.21/compute/v2.1/servers/713e6fc8-7d9a-42f1-824c-ee51b5bc6bf5 0.066s
2025-01-13 08:45:43.223 67891 INFO tempest.lib.common.rest_client [req-089e8b57-5892-49f0-8285-83c58b3a643f req-089e8b57-5892-49f0-8285-83c58b3a643f ] Request (ServerRescueNegativeTestJSON:setUpClass): 200 GET http://10.180.1.21/compute/v2.1/servers/ffa5cd0b-0f69-4f28-a5ee-e48a8bad7fdc 0.066s
2025-01-13 08:45:43.279 67867 INFO tempest.lib.common.rest_client [req-bb2b7758-0fe3-4e84-bf49-cae86848793d req-bb2b7758-0fe3-4e84-bf49-cae86848793d ] Request (MigrationsAdminTest:test_resize_server_revert_deleted_flavor): 200 GET http://10.180.1.21/compute/v2.1/servers/ba79aeda-8018-47ca-97f0-88f4385c6150 0.077s
2025-01-13 08:45:43.356 67845 INFO tempest.lib.common.rest_client [req-0d86d433-9d5e-4911-9362-2578bc745227 req-0d86d433-9d5e-4911-9362-2578bc745227 ] Request (FloatingIPsAssociationTestJSON:test_associate_already_associated_floating_ip): 200 GET http://10.180.1.21/compute/v2.1/servers/91637ee1-38a6-458b-9ac5-e37be456026b 0.054s
2025-01-13 08:45:43.393 67849 INFO tempest.lib.common.rest_client [req-9a54df93-df99-46a4-8a35-1d4ceacc182a req-9a54df93-df99-46a4-8a35-1d4ceacc182a ] Request (ServersAdminNegativeTestJSON:tearDownClass): 200 GET http://10.180.1.21/compute/v2.1/servers/a5b06a7a-f594-418f-aa68-ed98b7696308 0.283s
2025-01-13 08:45:43.484 67865 INFO tempest.lib.common.rest_client [req-35176507-f5cb-46f8-ab5f-aff8374cdbde req-35176507-f5cb-46f8-ab5f-aff8374cdbde ] Request (ImagesOneServerTestJSON:setUpClass): 200 GET http://10.180.1.21/compute/v2.1/servers/63be7cd3-af71-44df-bc9f-b392b2e68f78 0.101s
2025-01-13 08:45:43.541 67841 INFO tempest.lib.common.rest_client [req-cf985bf4-8781-48f9-9584-c35825cb2dc9 req-cf985bf4-8781-48f9-9584-c35825cb2dc9 ] Request (ServersTestMultiNic:test_verify_multiple_nics_order): 200 GET http://10.180.1.21/compute/v2.1/servers/f1c187a9-b3d8-46d5-9718-a515abae05c3 0.087s
2025-01-13 08:45:43.576 67843 INFO tempest.lib.common.rest_client [req-1f58c0fa-58e0-450f-8575-b56d1123ebf2 req-1f58c0fa-58e0-450f-8575-b56d1123ebf2 ] Request (ListServersNegativeTestJSON:tearDownClass): 200 GET http://10.180.1.21/compute/v2.1/servers/a637e5b7-dbb7-4e52-b938-fb6b467e7f9b 0.137s
2025-01-13 08:45:43.593 67835 INFO tempest.lib.common.rest_client [req-7f434c96-609e-4fba-816f-360eb5bae075 req-7f434c96-609e-4fba-816f-360eb5bae075 ] Request (AttachVolumeTestJSON:test_attach_detach_volume): 200 GET http://10.180.1.21/compute/v2.1/servers/2c367759-d799-40be-8dc8-5608c38a6616 0.097s
2025-01-13 08:45:43.632 67853 INFO tempest.lib.common.rest_client [req-58979d8e-b4e7-4f0d-8a0a-e14bc0483283 req-58979d8e-b4e7-4f0d-8a0a-e14bc0483283 ] Request (MultipleCreateTestJSON:_run_cleanups): 200 GET http://10.180.1.21/compute/v2.1/servers/dcb7c1cc-b44b-4a65-996f-7fb0314e7f8d 0.117s
2025-01-13 08:45:43.653 67863 INFO tempest.lib.common.rest_client [req-3e547318-6d45-46f2-8ffc-fa68fb9a3449 req-3e547318-6d45-46f2-8ffc-fa68fb9a3449 ] Request (ServersNegativeTestJSON:setUpClass): 200 GET http://10.180.1.21/compute/v2.1/servers/230434b9-8c7e-4b51-9717-96a00258ef83 0.096s
2025-01-13 08:45:43.682 67859 INFO tempest.lib.common.rest_client [req-09a5a7bb-e801-44b4-b1a1-ecaf1366074e req-09a5a7bb-e801-44b4-b1a1-ecaf1366074e ] Request (ServersV294TestFqdnHostnames:setUpClass): 200 GET http://10.180.1.21/compute/v2.1/servers/b40628ac-3a0b-4171-9458-a8be9e91a6d1 0.100s
2025-01-13 08:45:43.700 67857 INFO tempest.lib.common.rest_client [req-1d1fe026-3f71-4a7a-bc76-068e9fb4cc54 req-1d1fe026-3f71-4a7a-bc76-068e9fb4cc54 ] Request (ServersAaction247Test:test_create_backup): 200 GET http://10.180.1.21/compute/v2.1/servers/19bc94fa-d863-4b60-ace0-90e01d02b2e1 0.079s
2025-01-13 08:45:43.728 67847 INFO tempest.lib.common.rest_client [req-32fc72bc-b083-495a-8a27-372d2ebff33f req-32fc72bc-b083-495a-8a27-372d2ebff33f ] Request (AttachInterfacesV270Test:test_create_get_list_interfaces): 200 GET http://10.180.1.21/compute/v2.1/servers/71e74f84-7340-42e9-9d64-99d8e4706406 0.092s
2025-01-13 08:45:43.753 67871 INFO tempest.lib.common.rest_client [req-e0c98ba8-8113-40b3-bd7a-ee16695d4ea0 req-e0c98ba8-8113-40b3-bd7a-ee16695d4ea0 ] Request (SecurityGroupsTestJSON:test_server_security_groups): 200 GET http://10.180.1.21/compute/v2.1/servers/83fd43cd-76d3-411c-a6ac-f7b974c2a7b9 0.071s
2025-01-13 08:45:43.782 67837 INFO tempest.lib.common.rest_client [req-b7de7174-bf60-45f7-a754-66a1408fc07d req-b7de7174-bf60-45f7-a754-66a1408fc07d ] Request (ServerTagsTestJSON:tearDownClass): 200 GET http://10.180.1.21/compute/v2.1/servers/349df407-b1f0-4844-8ad7-db5839ee2c78 0.076s
2025-01-13 08:45:43.933 67831 INFO tempest.lib.common.rest_client [req-e916499f-71c6-488d-ba8d-caf19477c400 req-e916499f-71c6-488d-ba8d-caf19477c400 ] Request (ServerDiskConfigTestJSON:test_rebuild_server_with_manual_disk_config): 200 GET http://10.180.1.21/compute/v2.1/servers/d2fc7e37-5866-4c59-a20a-f311ecceddb9 0.105s
2025-01-13 08:45:44.125 67833 INFO tempest.lib.common.rest_client [req-3754b04f-45c9-4ea6-87e1-5227329d3a72 req-3754b04f-45c9-4ea6-87e1-5227329d3a72 ] Request (ServersTestBootFromVolume:setUpClass): 200 GET http://10.180.1.21/compute/v2.1/servers/14218117-b536-46d6-9bcb-60772d336c41 0.049s
2025-01-13 08:45:44.211 67839 INFO tempest.lib.common.rest_client [req-829170ff-c025-4b61-ad4f-8d5e338e3fca req-829170ff-c025-4b61-ad4f-8d5e338e3fca ] Request (ListImageFiltersTestJSON:tearDownClass): 200 GET http://10.180.1.21/compute/v2.1/servers/76fcffde-5970-4b24-968c-6e9d2e9281bb 0.069s
2025-01-13 08:45:44.266 67881 INFO tempest.lib.common.rest_client [req-3aad87a6-b002-4d98-80b4-67aa514e4688 req-3aad87a6-b002-4d98-80b4-67aa514e4688 ] Request (ServerAddressesNegativeTestJSON:setUpClass): 200 GET http://10.180.1.21/compute/v2.1/servers/fd0b7987-635e-483c-8189-683cc5c2ed9e 0.138s
2025-01-13 08:45:44.266 67861 INFO tempest.lib.common.rest_client [req-2cd3e13d-2816-4c98-be6c-917863e4dd98 req-2cd3e13d-2816-4c98-be6c-917863e4dd98 ] Request (ServerShowV247Test:test_update_rebuild_list_server): 200 GET http://10.180.1.21/compute/v2.1/servers/713e6fc8-7d9a-42f1-824c-ee51b5bc6bf5 0.082s
2025-01-13 08:45:44.313 67891 INFO tempest.lib.common.rest_client [req-8a53a969-18c4-483c-afcf-6c6af1728462 req-8a53a969-18c4-483c-afcf-6c6af1728462 ] Request (ServerRescueNegativeTestJSON:setUpClass): 200 GET http://10.180.1.21/compute/v2.1/servers/ffa5cd0b-0f69-4f28-a5ee-e48a8bad7fdc 0.079s
2025-01-13 08:45:44.335 67867 INFO tempest.lib.common.rest_client [req-440fb6f1-252a-45d5-8e19-cc77579d061b req-440fb6f1-252a-45d5-8e19-cc77579d061b ] Request (MigrationsAdminTest:test_resize_server_revert_deleted_flavor): 200 GET http://10.180.1.21/compute/v2.1/servers/ba79aeda-8018-47ca-97f0-88f4385c6150 0.047s
2025-01-13 08:45:44.418 67845 INFO tempest.lib.common.rest_client [req-39051970-5310-4ff4-93e2-39f9ab7655bf req-39051970-5310-4ff4-93e2-39f9ab7655bf ] Request (FloatingIPsAssociationTestJSON:test_associate_already_associated_floating_ip): 200 GET http://10.180.1.21/compute/v2.1/servers/91637ee1-38a6-458b-9ac5-e37be456026b 0.051s
2025-01-13 08:45:44.480 67849 INFO tempest.lib.common.rest_client [req-26279bf1-8922-4770-90f2-99805e5e41a3 req-26279bf1-8922-4770-90f2-99805e5e41a3 ] Request (ServersAdminNegativeTestJSON:tearDownClass): 200 GET http://10.180.1.21/compute/v2.1/servers/a5b06a7a-f594-418f-aa68-ed98b7696308 0.075s
2025-01-13 08:45:44.488 67849 INFO tempest.common.waiters [-] State transition "ACTIVE/deleting" ==> "DELETED/None" after 4 second wait
2025-01-13 08:45:44.629 67865 INFO tempest.lib.common.rest_client [req-16c5a824-2511-4079-a62d-9e172b9f7102 req-16c5a824-2511-4079-a62d-9e172b9f7102 ] Request (ImagesOneServerTestJSON:setUpClass): 200 GET http://10.180.1.21/compute/v2.1/servers/63be7cd3-af71-44df-bc9f-b392b2e68f78 0.137s
2025-01-13 08:45:44.635 67841 INFO tempest.lib.common.rest_client [req-e7b6f73e-27cc-444b-ad3d-da38014623e0 req-e7b6f73e-27cc-444b-ad3d-da38014623e0 ] Request (ServersTestMultiNic:test_verify_multiple_nics_order): 200 GET http://10.180.1.21/compute/v2.1/servers/f1c187a9-b3d8-46d5-9718-a515abae05c3 0.084s
2025-01-13 08:45:44.715 67835 INFO tempest.lib.common.rest_client [req-d390e353-a8d0-4128-b7e4-904d500dce17 req-d390e353-a8d0-4128-b7e4-904d500dce17 ] Request (AttachVolumeTestJSON:test_attach_detach_volume): 200 GET http://10.180.1.21/compute/v2.1/servers/2c367759-d799-40be-8dc8-5608c38a6616 0.114s
2025-01-13 08:45:44.760 67843 INFO tempest.lib.common.rest_client [req-355fddd7-bbb3-4915-8b0d-2e4d24f14a2e req-355fddd7-bbb3-4915-8b0d-2e4d24f14a2e ] Request (ListServersNegativeTestJSON:tearDownClass): 200 GET http://10.180.1.21/compute/v2.1/servers/a637e5b7-dbb7-4e52-b938-fb6b467e7f9b 0.173s
2025-01-13 08:45:44.820 67863 INFO tempest.lib.common.rest_client [req-e9797740-27d2-4aef-a7ee-8c5c46ab5608 req-e9797740-27d2-4aef-a7ee-8c5c46ab5608 ] Request (ServersNegativeTestJSON:setUpClass): 200 GET http://10.180.1.21/compute/v2.1/servers/230434b9-8c7e-4b51-9717-96a00258ef83 0.159s
2025-01-13 08:45:44.828 67853 INFO tempest.lib.common.rest_client [req-249aca24-937b-431e-a312-cdbbb78c69c5 req-249aca24-937b-431e-a312-cdbbb78c69c5 ] Request (MultipleCreateTestJSON:_run_cleanups): 200 GET http://10.180.1.21/compute/v2.1/servers/dcb7c1cc-b44b-4a65-996f-7fb0314e7f8d 0.187s
2025-01-13 08:45:44.906 67859 INFO tempest.lib.common.rest_client [req-b5aa78a7-95e8-4871-af49-b7a06295c582 req-b5aa78a7-95e8-4871-af49-b7a06295c582 ] Request (ServersV294TestFqdnHostnames:setUpClass): 200 GET http://10.180.1.21/compute/v2.1/servers/b40628ac-3a0b-4171-9458-a8be9e91a6d1 0.212s
2025-01-13 08:45:44.917 67857 INFO tempest.lib.common.rest_client [req-d2242557-a91c-4d82-8a83-06f47d5257d2 req-d2242557-a91c-4d82-8a83-06f47d5257d2 ] Request (ServersAaction247Test:test_create_backup): 200 GET http://10.180.1.21/compute/v2.1/servers/19bc94fa-d863-4b60-ace0-90e01d02b2e1 0.207s
2025-01-13 08:45:44.969 67847 INFO tempest.lib.common.rest_client [req-7be76417-b6e5-4e2f-9d72-2256031d6286 req-7be76417-b6e5-4e2f-9d72-2256031d6286 ] Request (AttachInterfacesV270Test:test_create_get_list_interfaces): 200 GET http://10.180.1.21/compute/v2.1/servers/71e74f84-7340-42e9-9d64-99d8e4706406 0.231s
2025-01-13 08:45:44.991 67871 INFO tempest.lib.common.rest_client [req-dc107468-d027-4d61-97ca-fe10e55985cb req-dc107468-d027-4d61-97ca-fe10e55985cb ] Request (SecurityGroupsTestJSON:test_server_security_groups): 200 GET http://10.180.1.21/compute/v2.1/servers/83fd43cd-76d3-411c-a6ac-f7b974c2a7b9 0.231s
2025-01-13 08:45:45.038 67837 INFO tempest.lib.common.rest_client [req-a566ed6e-1797-42d6-96eb-07835c00d53d req-a566ed6e-1797-42d6-96eb-07835c00d53d ] Request (ServerTagsTestJSON:tearDownClass): 200 GET http://10.180.1.21/compute/v2.1/servers/349df407-b1f0-4844-8ad7-db5839ee2c78 0.247s
2025-01-13 08:45:45.124 67831 INFO tempest.lib.common.rest_client [req-d63f93bd-6d3a-4638-a7f4-6251e400a6cb req-d63f93bd-6d3a-4638-a7f4-6251e400a6cb ] Request (ServerDiskConfigTestJSON:test_rebuild_server_with_manual_disk_config): 200 GET http://10.180.1.21/compute/v2.1/servers/d2fc7e37-5866-4c59-a20a-f311ecceddb9 0.182s
2025-01-13 08:45:45.198 67833 INFO tempest.lib.common.rest_client [req-8c6d2c40-463e-4b26-af50-61469dcb547a req-8c6d2c40-463e-4b26-af50-61469dcb547a ] Request (ServersTestBootFromVolume:setUpClass): 200 GET http://10.180.1.21/compute/v2.1/servers/14218117-b536-46d6-9bcb-60772d336c41 0.065s
2025-01-13 08:45:45.248 67855 WARNING tempest.lib.common.ssh [-] Failed to establish authenticated ssh connection to cirros@10.180.180.191 ([Errno None] Unable to connect to port 22 on 10.180.180.191). Number attempts: 13. Retry after 14 seconds.: paramiko.ssh_exception.NoValidConnectionsError: [Errno None] Unable to connect to port 22 on 10.180.180.191
2025-01-13 08:45:45.280 67839 INFO tempest.lib.common.rest_client [req-f53086c1-6aee-4aea-918e-8068f777c4b7 req-f53086c1-6aee-4aea-918e-8068f777c4b7 ] Request (ListImageFiltersTestJSON:tearDownClass): 200 GET http://10.180.1.21/compute/v2.1/servers/76fcffde-5970-4b24-968c-6e9d2e9281bb 0.061s
2025-01-13 08:45:45.330 67861 INFO tempest.lib.common.rest_client [req-3f12a047-d47e-4b9a-b762-d1de4afe71f2 req-3f12a047-d47e-4b9a-b762-d1de4afe71f2 ] Request (ServerShowV247Test:test_update_rebuild_list_server): 200 GET http://10.180.1.21/compute/v2.1/servers/713e6fc8-7d9a-42f1-824c-ee51b5bc6bf5 0.054s
2025-01-13 08:45:45.421 67881 INFO tempest.lib.common.rest_client [req-2db9938c-28fb-4a18-b981-e88ede4eb4ae req-2db9938c-28fb-4a18-b981-e88ede4eb4ae ] Request (ServerAddressesNegativeTestJSON:setUpClass): 200 GET http://10.180.1.21/compute/v2.1/servers/fd0b7987-635e-483c-8189-683cc5c2ed9e 0.148s
2025-01-13 08:45:45.487 67891 INFO tempest.lib.common.rest_client [req-bf0d15fc-9e33-4960-8d28-498f9cf72824 req-bf0d15fc-9e33-4960-8d28-498f9cf72824 ] Request (ServerRescueNegativeTestJSON:setUpClass): 200 GET http://10.180.1.21/compute/v2.1/servers/ffa5cd0b-0f69-4f28-a5ee-e48a8bad7fdc 0.167s
2025-01-13 08:45:45.489 67867 INFO tempest.lib.common.rest_client [req-6ada244b-4478-48e3-b928-11a68d0d31b8 req-6ada244b-4478-48e3-b928-11a68d0d31b8 ] Request (MigrationsAdminTest:test_resize_server_revert_deleted_flavor): 200 GET http://10.180.1.21/compute/v2.1/servers/ba79aeda-8018-47ca-97f0-88f4385c6150 0.144s
2025-01-13 08:45:45.495 67891 INFO tempest.common.waiters [-] State transition "BUILD/None" ==> "BUILD/networking" after 96 second wait
2025-01-13 08:45:45.546 67845 INFO tempest.lib.common.rest_client [req-e37b15ac-a4e4-42a0-a01d-a2a3ee668e6c req-e37b15ac-a4e4-42a0-a01d-a2a3ee668e6c ] Request (FloatingIPsAssociationTestJSON:test_associate_already_associated_floating_ip): 200 GET http://10.180.1.21/compute/v2.1/servers/91637ee1-38a6-458b-9ac5-e37be456026b 0.121s
2025-01-13 08:45:45.570 67849 INFO tempest.lib.common.rest_client [req-a431e1ad-84d4-47ec-bbb3-ccca08a92d98 req-a431e1ad-84d4-47ec-bbb3-ccca08a92d98 ] Request (ServersAdminNegativeTestJSON:tearDownClass): 200 GET http://10.180.1.21/compute/v2.1/servers/a5b06a7a-f594-418f-aa68-ed98b7696308 0.080s
2025-01-13 08:45:45.708 67841 INFO tempest.lib.common.rest_client [req-0a82bcd9-6bf9-468d-a460-9f48b5f583d2 req-0a82bcd9-6bf9-468d-a460-9f48b5f583d2 ] Request (ServersTestMultiNic:test_verify_multiple_nics_order): 200 GET http://10.180.1.21/compute/v2.1/servers/f1c187a9-b3d8-46d5-9718-a515abae05c3 0.063s
2025-01-13 08:45:45.787 67835 INFO tempest.lib.common.rest_client [req-a8f76d69-07f9-48aa-bae1-22efef388044 req-a8f76d69-07f9-48aa-bae1-22efef388044 ] Request (AttachVolumeTestJSON:test_attach_detach_volume): 200 GET http://10.180.1.21/compute/v2.1/servers/2c367759-d799-40be-8dc8-5608c38a6616 0.064s
2025-01-13 08:45:45.792 67865 INFO tempest.lib.common.rest_client [req-e49bc92e-b95b-4305-94dc-6fc6a0ed8448 req-e49bc92e-b95b-4305-94dc-6fc6a0ed8448 ] Request (ImagesOneServerTestJSON:setUpClass): 200 GET http://10.180.1.21/compute/v2.1/servers/63be7cd3-af71-44df-bc9f-b392b2e68f78 0.154s
2025-01-13 08:45:45.840 67843 INFO tempest.lib.common.rest_client [req-00654c7a-5abe-437d-94f9-e0160b5880b8 req-00654c7a-5abe-437d-94f9-e0160b5880b8 ] Request (ListServersNegativeTestJSON:tearDownClass): 200 GET http://10.180.1.21/compute/v2.1/servers/a637e5b7-dbb7-4e52-b938-fb6b467e7f9b 0.060s
2025-01-13 08:45:45.879 67863 INFO tempest.lib.common.rest_client [req-643b249e-79d1-4b87-9843-f354da4e3cbd req-643b249e-79d1-4b87-9843-f354da4e3cbd ] Request (ServersNegativeTestJSON:setUpClass): 200 GET http://10.180.1.21/compute/v2.1/servers/230434b9-8c7e-4b51-9717-96a00258ef83 0.050s
2025-01-13 08:45:45.900 67853 INFO tempest.lib.common.rest_client [req-3deeca83-f293-40a1-8944-87eb2b32237d req-3deeca83-f293-40a1-8944-87eb2b32237d ] Request (MultipleCreateTestJSON:_run_cleanups): 200 GET http://10.180.1.21/compute/v2.1/servers/dcb7c1cc-b44b-4a65-996f-7fb0314e7f8d 0.057s
2025-01-13 08:45:45.974 67859 INFO tempest.lib.common.rest_client [req-23c319c9-db29-4380-b94a-d6a73032683e req-23c319c9-db29-4380-b94a-d6a73032683e ] Request (ServersV294TestFqdnHostnames:setUpClass): 200 GET http://10.180.1.21/compute/v2.1/servers/b40628ac-3a0b-4171-9458-a8be9e91a6d1 0.057s
2025-01-13 08:45:45.979 67857 INFO tempest.lib.common.rest_client [req-ec8af06f-908d-4739-a873-e0736128235c req-ec8af06f-908d-4739-a873-e0736128235c ] Request (ServersAaction247Test:test_create_backup): 200 GET http://10.180.1.21/compute/v2.1/servers/19bc94fa-d863-4b60-ace0-90e01d02b2e1 0.052s
2025-01-13 08:45:46.033 67847 INFO tempest.lib.common.rest_client [req-f63cd15c-0a86-435d-86dc-6d5a9b81d528 req-f63cd15c-0a86-435d-86dc-6d5a9b81d528 ] Request (AttachInterfacesV270Test:test_create_get_list_interfaces): 200 GET http://10.180.1.21/compute/v2.1/servers/71e74f84-7340-42e9-9d64-99d8e4706406 0.053s
2025-01-13 08:45:46.059 67871 INFO tempest.lib.common.rest_client [req-ed5ce4b2-d0cb-4123-a45b-a19866976efb req-ed5ce4b2-d0cb-4123-a45b-a19866976efb ] Request (SecurityGroupsTestJSON:test_server_security_groups): 200 GET http://10.180.1.21/compute/v2.1/servers/83fd43cd-76d3-411c-a6ac-f7b974c2a7b9 0.060s
2025-01-13 08:45:46.111 67837 INFO tempest.lib.common.rest_client [req-d04dcbb5-b1a8-4bd3-bc0b-092925835057 req-d04dcbb5-b1a8-4bd3-bc0b-092925835057 ] Request (ServerTagsTestJSON:tearDownClass): 200 GET http://10.180.1.21/compute/v2.1/servers/349df407-b1f0-4844-8ad7-db5839ee2c78 0.062s
2025-01-13 08:45:46.261 67833 INFO tempest.lib.common.rest_client [req-a7a9daf8-5eff-4d3c-9288-6e0b3cf74d92 req-a7a9daf8-5eff-4d3c-9288-6e0b3cf74d92 ] Request (ServersTestBootFromVolume:setUpClass): 200 GET http://10.180.1.21/compute/v2.1/servers/14218117-b536-46d6-9bcb-60772d336c41 0.055s
2025-01-13 08:45:46.288 67831 INFO tempest.lib.common.rest_client [req-6abfb856-21ed-4873-a7e4-9bf13ce9de9e req-6abfb856-21ed-4873-a7e4-9bf13ce9de9e ] Request (ServerDiskConfigTestJSON:test_rebuild_server_with_manual_disk_config): 200 GET http://10.180.1.21/compute/v2.1/servers/d2fc7e37-5866-4c59-a20a-f311ecceddb9 0.156s
2025-01-13 08:45:46.352 67839 INFO tempest.lib.common.rest_client [req-333ce27d-c0dd-406d-a58c-f35cec2d97cd req-333ce27d-c0dd-406d-a58c-f35cec2d97cd ] Request (ListImageFiltersTestJSON:tearDownClass): 200 GET http://10.180.1.21/compute/v2.1/servers/76fcffde-5970-4b24-968c-6e9d2e9281bb 0.061s
2025-01-13 08:45:46.393 67861 INFO tempest.lib.common.rest_client [req-2a44ce6b-2811-4a51-8162-3c5daa11a5d7 req-2a44ce6b-2811-4a51-8162-3c5daa11a5d7 ] Request (ServerShowV247Test:test_update_rebuild_list_server): 200 GET http://10.180.1.21/compute/v2.1/servers/713e6fc8-7d9a-42f1-824c-ee51b5bc6bf5 0.053s
2025-01-13 08:45:46.557 67881 INFO tempest.lib.common.rest_client [req-4bd4ec3c-cef6-4f63-9f70-b8fe4f6bd2db req-4bd4ec3c-cef6-4f63-9f70-b8fe4f6bd2db ] Request (ServerAddressesNegativeTestJSON:setUpClass): 200 GET http://10.180.1.21/compute/v2.1/servers/fd0b7987-635e-483c-8189-683cc5c2ed9e 0.118s
2025-01-13 08:45:46.604 67867 INFO tempest.lib.common.rest_client [req-4710f0e2-ed8c-4771-bf8b-bb08d3be1ead req-4710f0e2-ed8c-4771-bf8b-bb08d3be1ead ] Request (MigrationsAdminTest:test_resize_server_revert_deleted_flavor): 200 GET http://10.180.1.21/compute/v2.1/servers/ba79aeda-8018-47ca-97f0-88f4385c6150 0.106s
2025-01-13 08:45:46.628 67891 INFO tempest.lib.common.rest_client [req-a21b21f8-ac96-44e4-bc40-7849ebcd3592 req-a21b21f8-ac96-44e4-bc40-7849ebcd3592 ] Request (ServerRescueNegativeTestJSON:setUpClass): 200 GET http://10.180.1.21/compute/v2.1/servers/ffa5cd0b-0f69-4f28-a5ee-e48a8bad7fdc 0.132s
2025-01-13 08:45:46.635 67891 INFO tempest.common.waiters [-] State transition "BUILD/networking" ==> "BUILD/spawning" after 97 second wait
2025-01-13 08:45:46.650 67845 INFO tempest.lib.common.rest_client [req-898af9fe-f62b-46ec-8b2e-83933b8888fc req-898af9fe-f62b-46ec-8b2e-83933b8888fc ] Request (FloatingIPsAssociationTestJSON:test_associate_already_associated_floating_ip): 200 GET http://10.180.1.21/compute/v2.1/servers/91637ee1-38a6-458b-9ac5-e37be456026b 0.094s
2025-01-13 08:45:46.692 67849 INFO tempest.lib.common.rest_client [req-491497a5-7e71-488f-b3a5-8297e899b90c req-491497a5-7e71-488f-b3a5-8297e899b90c ] Request (ServersAdminNegativeTestJSON:tearDownClass): 200 GET http://10.180.1.21/compute/v2.1/servers/a5b06a7a-f594-418f-aa68-ed98b7696308 0.113s
2025-01-13 08:45:46.783 67841 INFO tempest.lib.common.rest_client [req-bc2c17c5-04f2-4d3a-82af-ce86e54cd4a0 req-bc2c17c5-04f2-4d3a-82af-ce86e54cd4a0 ] Request (ServersTestMultiNic:test_verify_multiple_nics_order): 200 GET http://10.180.1.21/compute/v2.1/servers/f1c187a9-b3d8-46d5-9718-a515abae05c3 0.067s
2025-01-13 08:45:46.858 67835 INFO tempest.lib.common.rest_client [req-be299cba-7bc7-4814-a00c-b2d309fc9aa4 req-be299cba-7bc7-4814-a00c-b2d309fc9aa4 ] Request (AttachVolumeTestJSON:test_attach_detach_volume): 200 GET http://10.180.1.21/compute/v2.1/servers/2c367759-d799-40be-8dc8-5608c38a6616 0.063s
2025-01-13 08:45:46.917 67865 INFO tempest.lib.common.rest_client [req-aea2af54-30f2-4ec2-9404-6724d435756f req-aea2af54-30f2-4ec2-9404-6724d435756f ] Request (ImagesOneServerTestJSON:setUpClass): 200 GET http://10.180.1.21/compute/v2.1/servers/63be7cd3-af71-44df-bc9f-b392b2e68f78 0.117s
2025-01-13 08:45:46.936 67843 INFO tempest.lib.common.rest_client [req-a001bc09-8cd2-43be-b617-ab9a5c82f49c req-a001bc09-8cd2-43be-b617-ab9a5c82f49c ] Request (ListServersNegativeTestJSON:tearDownClass): 200 GET http://10.180.1.21/compute/v2.1/servers/a637e5b7-dbb7-4e52-b938-fb6b467e7f9b 0.087s
2025-01-13 08:45:46.947 67843 INFO tempest.common.waiters [-] State transition "ACTIVE/deleting" ==> "DELETED/None" after 4 second wait
2025-01-13 08:45:46.995 67863 INFO tempest.lib.common.rest_client [req-04bf1efd-a573-4dfd-b1a4-646d0422e331 req-04bf1efd-a573-4dfd-b1a4-646d0422e331 ] Request (ServersNegativeTestJSON:setUpClass): 200 GET http://10.180.1.21/compute/v2.1/servers/230434b9-8c7e-4b51-9717-96a00258ef83 0.107s
2025-01-13 08:45:47.002 67853 INFO tempest.lib.common.rest_client [req-37b744f0-32b7-42e5-940b-6d84c020ef59 req-37b744f0-32b7-42e5-940b-6d84c020ef59 ] Request (MultipleCreateTestJSON:_run_cleanups): 200 GET http://10.180.1.21/compute/v2.1/servers/dcb7c1cc-b44b-4a65-996f-7fb0314e7f8d 0.093s
2025-01-13 08:45:47.047 67857 INFO tempest.lib.common.rest_client [req-e5c12c7c-9a73-4ae8-b7b6-0c0c6e260822 req-e5c12c7c-9a73-4ae8-b7b6-0c0c6e260822 ] Request (ServersAaction247Test:test_create_backup): 200 GET http://10.180.1.21/compute/v2.1/servers/19bc94fa-d863-4b60-ace0-90e01d02b2e1 0.059s
2025-01-13 08:45:47.057 67859 INFO tempest.lib.common.rest_client [req-51499ac1-e928-4b54-b858-6d7915f5c945 req-51499ac1-e928-4b54-b858-6d7915f5c945 ] Request (ServersV294TestFqdnHostnames:setUpClass): 200 GET http://10.180.1.21/compute/v2.1/servers/b40628ac-3a0b-4171-9458-a8be9e91a6d1 0.066s
2025-01-13 08:45:47.102 67885 WARNING tempest.lib.common.ssh [-] Failed to establish authenticated ssh connection to cirros@10.180.180.221 ([Errno None] Unable to connect to port 22 on 10.180.180.221). Number attempts: 13. Retry after 14 seconds.: paramiko.ssh_exception.NoValidConnectionsError: [Errno None] Unable to connect to port 22 on 10.180.180.221
2025-01-13 08:45:47.111 67847 INFO tempest.lib.common.rest_client [req-4f0825d8-d5f6-4016-abc8-44c6dd874ed1 req-4f0825d8-d5f6-4016-abc8-44c6dd874ed1 ] Request (AttachInterfacesV270Test:test_create_get_list_interfaces): 200 GET http://10.180.1.21/compute/v2.1/servers/71e74f84-7340-42e9-9d64-99d8e4706406 0.069s
2025-01-13 08:45:47.129 67871 INFO tempest.lib.common.rest_client [req-b9719cc2-167d-4ba8-9193-9b52f21bce0f req-b9719cc2-167d-4ba8-9193-9b52f21bce0f ] Request (SecurityGroupsTestJSON:test_server_security_groups): 200 GET http://10.180.1.21/compute/v2.1/servers/83fd43cd-76d3-411c-a6ac-f7b974c2a7b9 0.060s
2025-01-13 08:45:47.178 67837 INFO tempest.lib.common.rest_client [req-671da0a4-e3eb-4e70-bfba-dc3fe3de7340 req-671da0a4-e3eb-4e70-bfba-dc3fe3de7340 ] Request (ServerTagsTestJSON:tearDownClass): 200 GET http://10.180.1.21/compute/v2.1/servers/349df407-b1f0-4844-8ad7-db5839ee2c78 0.058s
2025-01-13 08:45:47.217 67877 WARNING tempest.lib.common.ssh [-] Failed to establish authenticated ssh connection to cirros@10.180.180.174 ([Errno None] Unable to connect to port 22 on 10.180.180.174). Number attempts: 12. Retry after 13 seconds.: paramiko.ssh_exception.NoValidConnectionsError: [Errno None] Unable to connect to port 22 on 10.180.180.174
2025-01-13 08:45:47.324 67833 INFO tempest.lib.common.rest_client [req-46f9ed45-7c24-41e7-928a-353449e9c5b3 req-46f9ed45-7c24-41e7-928a-353449e9c5b3 ] Request (ServersTestBootFromVolume:setUpClass): 200 GET http://10.180.1.21/compute/v2.1/servers/14218117-b536-46d6-9bcb-60772d336c41 0.054s
2025-01-13 08:45:47.397 67831 INFO tempest.lib.common.rest_client [req-ade89c08-d5a9-48e1-95b3-42de8e3717bd req-ade89c08-d5a9-48e1-95b3-42de8e3717bd ] Request (ServerDiskConfigTestJSON:test_rebuild_server_with_manual_disk_config): 200 GET http://10.180.1.21/compute/v2.1/servers/d2fc7e37-5866-4c59-a20a-f311ecceddb9 0.102s
2025-01-13 08:45:47.405 67831 INFO tempest.common.waiters [-] State transition "REBUILD/rebuild_spawning" ==> "ACTIVE/None" after 15 second wait
2025-01-13 08:45:47.421 67839 INFO tempest.lib.common.rest_client [req-d0066b03-7358-4fce-92e5-0db76602efd2 req-d0066b03-7358-4fce-92e5-0db76602efd2 ] Request (ListImageFiltersTestJSON:tearDownClass): 200 GET http://10.180.1.21/compute/v2.1/servers/76fcffde-5970-4b24-968c-6e9d2e9281bb 0.060s
2025-01-13 08:45:47.462 67861 INFO tempest.lib.common.rest_client [req-e385ea34-4c04-4c57-873f-207ef5906722 req-e385ea34-4c04-4c57-873f-207ef5906722 ] Request (ServerShowV247Test:test_update_rebuild_list_server): 200 GET http://10.180.1.21/compute/v2.1/servers/713e6fc8-7d9a-42f1-824c-ee51b5bc6bf5 0.059s
2025-01-13 08:45:47.471 67861 INFO tempest.common.waiters [-] State transition "BUILD/None" ==> "BUILD/networking" after 96 second wait
2025-01-13 08:45:47.516 67831 INFO tempest.lib.common.rest_client [req-3885fb60-7598-4fcc-be1a-065d9ba1dc95 req-3885fb60-7598-4fcc-be1a-065d9ba1dc95 ] Request (ServerDiskConfigTestJSON:test_rebuild_server_with_manual_disk_config): 200 GET http://10.180.1.21/compute/v2.1/servers/d2fc7e37-5866-4c59-a20a-f311ecceddb9 0.111s
2025-01-13 08:45:47.596 67831 INFO tempest.lib.common.rest_client [req-42ca71bf-4f09-4e14-96aa-f68d469fa1bb req-42ca71bf-4f09-4e14-96aa-f68d469fa1bb ] Request (ServerDiskConfigTestJSON:_run_cleanups): 204 DELETE http://10.180.1.21/compute/v2.1/servers/d2fc7e37-5866-4c59-a20a-f311ecceddb9 0.071s
2025-01-13 08:45:47.661 67831 INFO tempest.lib.common.rest_client [req-aba39757-e9fd-4bbf-b91c-cbef315a0081 req-aba39757-e9fd-4bbf-b91c-cbef315a0081 ] Request (ServerDiskConfigTestJSON:test_resize_server_from_auto_to_manual): 201 POST http://10.180.1.21/identity/v3/auth/tokens 0.060s
2025-01-13 08:45:47.661 67831 INFO tempest.lib.common.fixed_network [-] (ServerDiskConfigTestJSON:test_resize_server_from_auto_to_manual) Found network {'id': '741adf93-d479-4d88-97fe-0983dfedc7be', 'name': 'tempest-ServerDiskConfigTestJSON-2066135746-network', 'tenant_id': 'a979107f49b04ba3ac9925acd3dcbcdd', 'admin_state_up': True, 'mtu': 8950, 'status': 'ACTIVE', 'subnets': [], 'shared': False, 'project_id': 'a979107f49b04ba3ac9925acd3dcbcdd', 'port_security_enabled': True, 'router:external': False, 'provider:network_type': 'vlan', 'provider:physical_network': 'default', 'provider:segmentation_id': 365, 'availability_zone_hints': [], 'availability_zones': [], 'ipv4_address_scope': None, 'ipv6_address_scope': None, 'description': '', 'tags': [], 'created_at': '2025-01-13T08:43:02Z', 'updated_at': '2025-01-13T08:43:02Z', 'revision_number': 1} available for tenant
2025-01-13 08:45:47.672 67881 INFO tempest.lib.common.rest_client [req-30fa1ef7-1718-4022-bb2b-eedc5c56f392 req-30fa1ef7-1718-4022-bb2b-eedc5c56f392 ] Request (ServerAddressesNegativeTestJSON:setUpClass): 200 GET http://10.180.1.21/compute/v2.1/servers/fd0b7987-635e-483c-8189-683cc5c2ed9e 0.107s
2025-01-13 08:45:47.674 67867 INFO tempest.lib.common.rest_client [req-076c5a17-df1e-4cf7-8fe1-8db64ce2bb1b req-076c5a17-df1e-4cf7-8fe1-8db64ce2bb1b ] Request (MigrationsAdminTest:test_resize_server_revert_deleted_flavor): 200 GET http://10.180.1.21/compute/v2.1/servers/ba79aeda-8018-47ca-97f0-88f4385c6150 0.062s
2025-01-13 08:45:47.735 67845 INFO tempest.lib.common.rest_client [req-dd7ab540-7f4c-49f5-9965-7609fd92bc2c req-dd7ab540-7f4c-49f5-9965-7609fd92bc2c ] Request (FloatingIPsAssociationTestJSON:test_associate_already_associated_floating_ip): 200 GET http://10.180.1.21/compute/v2.1/servers/91637ee1-38a6-458b-9ac5-e37be456026b 0.074s
2025-01-13 08:45:47.775 67891 INFO tempest.lib.common.rest_client [req-8275dec1-20fd-43cb-97d4-0c1fd1ad94f8 req-8275dec1-20fd-43cb-97d4-0c1fd1ad94f8 ] Request (ServerRescueNegativeTestJSON:setUpClass): 200 GET http://10.180.1.21/compute/v2.1/servers/ffa5cd0b-0f69-4f28-a5ee-e48a8bad7fdc 0.138s
2025-01-13 08:45:47.848 67849 INFO tempest.lib.common.rest_client [req-cdf7d94d-0984-4f29-b5d6-f12e8fbd1a17 req-cdf7d94d-0984-4f29-b5d6-f12e8fbd1a17 ] Request (ServersAdminNegativeTestJSON:tearDownClass): 200 GET http://10.180.1.21/compute/v2.1/servers/a5b06a7a-f594-418f-aa68-ed98b7696308 0.147s
2025-01-13 08:45:47.906 67841 INFO tempest.lib.common.rest_client [req-877e5463-b325-4560-a970-4f156cb9f8f5 req-877e5463-b325-4560-a970-4f156cb9f8f5 ] Request (ServersTestMultiNic:test_verify_multiple_nics_order): 200 GET http://10.180.1.21/compute/v2.1/servers/f1c187a9-b3d8-46d5-9718-a515abae05c3 0.112s
2025-01-13 08:45:47.952 67835 INFO tempest.lib.common.rest_client [req-be9ff72e-c9ae-4c07-8eed-d762cb4131a5 req-be9ff72e-c9ae-4c07-8eed-d762cb4131a5 ] Request (AttachVolumeTestJSON:test_attach_detach_volume): 200 GET http://10.180.1.21/compute/v2.1/servers/2c367759-d799-40be-8dc8-5608c38a6616 0.085s
2025-01-13 08:45:48.044 67831 INFO tempest.lib.common.rest_client [req-068ae9ac-57eb-46d0-ae94-000118ed4aa6 req-068ae9ac-57eb-46d0-ae94-000118ed4aa6 ] Request (ServerDiskConfigTestJSON:test_resize_server_from_auto_to_manual): 202 POST http://10.180.1.21/compute/v2.1/servers 0.381s
2025-01-13 08:45:48.050 67865 INFO tempest.lib.common.rest_client [req-f936dea4-5e07-4a01-82b7-ba107b87ffb8 req-f936dea4-5e07-4a01-82b7-ba107b87ffb8 ] Request (ImagesOneServerTestJSON:setUpClass): 200 GET http://10.180.1.21/compute/v2.1/servers/63be7cd3-af71-44df-bc9f-b392b2e68f78 0.116s
2025-01-13 08:45:48.100 67843 INFO tempest.lib.common.rest_client [req-a0a5c928-79ae-4b75-981f-d9739ccf2c9b req-a0a5c928-79ae-4b75-981f-d9739ccf2c9b ] Request (ListServersNegativeTestJSON:tearDownClass): 200 GET http://10.180.1.21/compute/v2.1/servers/a637e5b7-dbb7-4e52-b938-fb6b467e7f9b 0.152s
2025-01-13 08:45:48.107 67863 INFO tempest.lib.common.rest_client [req-66e33a83-f11a-40c4-be34-b1e973b83d51 req-66e33a83-f11a-40c4-be34-b1e973b83d51 ] Request (ServersNegativeTestJSON:setUpClass): 200 GET http://10.180.1.21/compute/v2.1/servers/230434b9-8c7e-4b51-9717-96a00258ef83 0.104s
2025-01-13 08:45:48.153 67831 INFO tempest.lib.common.rest_client [req-d30dad29-82cc-422f-9178-fb22c246899b req-d30dad29-82cc-422f-9178-fb22c246899b ] Request (ServerDiskConfigTestJSON:test_resize_server_from_auto_to_manual): 200 GET http://10.180.1.21/compute/v2.1/servers/4757876f-c636-4fd1-b22e-8d9f03fa2477 0.107s
2025-01-13 08:45:48.164 67853 INFO tempest.lib.common.rest_client [req-763b7d9d-f80d-46df-b003-9ae07d87f38b req-763b7d9d-f80d-46df-b003-9ae07d87f38b ] Request (MultipleCreateTestJSON:_run_cleanups): 200 GET http://10.180.1.21/compute/v2.1/servers/dcb7c1cc-b44b-4a65-996f-7fb0314e7f8d 0.153s
2025-01-13 08:45:48.205 67857 INFO tempest.lib.common.rest_client [req-d824714c-4078-4037-965d-2d9ec45ecacc req-d824714c-4078-4037-965d-2d9ec45ecacc ] Request (ServersAaction247Test:test_create_backup): 200 GET http://10.180.1.21/compute/v2.1/servers/19bc94fa-d863-4b60-ace0-90e01d02b2e1 0.148s
2025-01-13 08:45:48.220 67859 INFO tempest.lib.common.rest_client [req-38830719-5413-4c24-bf81-dec7657c3a2b req-38830719-5413-4c24-bf81-dec7657c3a2b ] Request (ServersV294TestFqdnHostnames:setUpClass): 200 GET http://10.180.1.21/compute/v2.1/servers/b40628ac-3a0b-4171-9458-a8be9e91a6d1 0.152s
2025-01-13 08:45:48.257 67847 INFO tempest.lib.common.rest_client [req-45b7b563-efab-44a3-954d-a2c4125f619b req-45b7b563-efab-44a3-954d-a2c4125f619b ] Request (AttachInterfacesV270Test:test_create_get_list_interfaces): 200 GET http://10.180.1.21/compute/v2.1/servers/71e74f84-7340-42e9-9d64-99d8e4706406 0.136s
2025-01-13 08:45:48.274 67871 INFO tempest.lib.common.rest_client [req-17bec9c7-a373-4a57-b8a7-84f7c9a9e78f req-17bec9c7-a373-4a57-b8a7-84f7c9a9e78f ] Request (SecurityGroupsTestJSON:test_server_security_groups): 200 GET http://10.180.1.21/compute/v2.1/servers/83fd43cd-76d3-411c-a6ac-f7b974c2a7b9 0.135s
2025-01-13 08:45:48.311 67837 INFO tempest.lib.common.rest_client [req-3caa3b42-8433-4fd2-ac32-a6c63403a8ec req-3caa3b42-8433-4fd2-ac32-a6c63403a8ec ] Request (ServerTagsTestJSON:tearDownClass): 200 GET http://10.180.1.21/compute/v2.1/servers/349df407-b1f0-4844-8ad7-db5839ee2c78 0.124s
2025-01-13 08:45:48.381 67833 INFO tempest.lib.common.rest_client [req-41b7dd44-fe40-4aa7-bdc0-e17607b2bd15 req-41b7dd44-fe40-4aa7-bdc0-e17607b2bd15 ] Request (ServersTestBootFromVolume:setUpClass): 200 GET http://10.180.1.21/compute/v2.1/servers/14218117-b536-46d6-9bcb-60772d336c41 0.050s
