2025-01-13 08:44:25.763 67867 INFO tempest.lib.common.rest_client [req-aef54506-e1e9-4bf9-8472-00c0f7dcfa2e req-aef54506-e1e9-4bf9-8472-00c0f7dcfa2e ] Request (MigrationsAdminTest:test_list_migrations_in_flavor_resize_situation): 200 GET http://10.180.1.21/compute/v2.1/servers/f67d19d9-9511-4e6d-a396-2b9111b77675 0.280s
2025-01-13 08:44:25.889 67875 INFO tempest.lib.common.rest_client [req-42676559-097c-4c28-a162-4a175ff69a0e req-42676559-097c-4c28-a162-4a175ff69a0e ] Request (FloatingIPsAssociationNegativeTestJSON:test_associate_ip_to_server_with_floating_ip): 200 POST http://10.180.1.21/compute/v2.1/os-floating-ips 0.915s
2025-01-13 08:44:25.897 67833 INFO tempest.lib.common.rest_client [req-9775939e-3d0f-45b9-9677-3eca08fc9935 req-9775939e-3d0f-45b9-9677-3eca08fc9935 ] Request (DeleteServersAdminTestJSON:test_delete_server_while_in_error_state): 200 GET http://10.180.1.21/compute/v2.1/servers/1d290661-08d5-41bc-9939-74eb30a0c1e4 0.371s
2025-01-13 08:44:25.949 67871 INFO tempest.lib.common.rest_client [req-0084ddfd-0aa3-4107-8b97-db28ba20d574 req-0084ddfd-0aa3-4107-8b97-db28ba20d574 ] Request (SecurityGroupsTestJSON:test_server_security_groups): 200 GET http://10.180.1.21/compute/v2.1/servers/83fd43cd-76d3-411c-a6ac-f7b974c2a7b9 0.409s
2025-01-13 08:44:25.955 67849 INFO tempest.lib.common.rest_client [req-6dae2f91-fc96-48c3-ab3b-8f7c0f8ab575 req-6dae2f91-fc96-48c3-ab3b-8f7c0f8ab575 ] Request (ServersAdminNegativeTestJSON:test_migrate_server_invalid_state): 200 GET http://10.180.1.21/compute/v2.1/servers/ab26cb52-33fe-42e7-906f-7cc2381c6119 0.379s
2025-01-13 08:44:25.967 67849 INFO tempest.common.waiters [-] State transition "BUILD/scheduling" ==> "BUILD/None" after 35 second wait
2025-01-13 08:44:25.992 67839 INFO tempest.lib.common.rest_client [req-a43f471a-c717-438f-a3de-4c925d634502 req-a43f471a-c717-438f-a3de-4c925d634502 ] Request (ListImageFiltersTestJSON:setUpClass): 200 GET http://10.180.1.21/compute/v2.1/images/ca6f3cf3-e9a1-48a9-bb24-ae848651d985 0.381s
2025-01-13 08:44:26.009 67831 INFO tempest.lib.common.rest_client [req-ac89ab0f-574d-455a-819e-eec35bc7e73f req-ac89ab0f-574d-455a-819e-eec35bc7e73f ] Request (ServerDiskConfigTestJSON:test_rebuild_server_with_manual_disk_config): 200 GET http://10.180.1.21/compute/v2.1/servers/d2fc7e37-5866-4c59-a20a-f311ecceddb9 0.422s
2025-01-13 08:44:26.049 67837 INFO tempest.lib.common.rest_client [req-2e833c48-7b70-4c78-8188-972d4020daa6 req-2e833c48-7b70-4c78-8188-972d4020daa6 ] Request (ServerTagsTestJSON:setUpClass): 200 GET http://10.180.1.21/compute/v2.1/servers/349df407-b1f0-4844-8ad7-db5839ee2c78 0.429s
2025-01-13 08:44:26.065 67861 INFO tempest.lib.common.rest_client [req-a618a21c-9186-425d-a4f1-0755a0045e5c req-a618a21c-9186-425d-a4f1-0755a0045e5c ] Request (ServerShowV247Test:test_update_rebuild_list_server): 200 GET http://10.180.1.21/compute/v2.1/servers/713e6fc8-7d9a-42f1-824c-ee51b5bc6bf5 0.399s
2025-01-13 08:44:26.106 67859 INFO tempest.lib.common.rest_client [req-5475b91c-d096-4885-91c9-82820922871a req-5475b91c-d096-4885-91c9-82820922871a ] Request (ServersV294TestFqdnHostnames:setUpClass): 200 GET http://10.180.1.21/compute/v2.1/servers/b40628ac-3a0b-4171-9458-a8be9e91a6d1 0.438s
2025-01-13 08:44:26.120 67891 INFO tempest.lib.common.rest_client [req-68161d0a-7eb1-4e68-a641-a1eb728a1526 req-68161d0a-7eb1-4e68-a641-a1eb728a1526 ] Request (ServerRescueNegativeTestJSON:setUpClass): 200 GET http://10.180.1.21/compute/v2.1/servers/ffa5cd0b-0f69-4f28-a5ee-e48a8bad7fdc 0.405s
2025-01-13 08:44:26.166 67857 INFO tempest.lib.common.rest_client [req-76303ab7-9d61-422c-8489-97057e8b2dd7 req-76303ab7-9d61-422c-8489-97057e8b2dd7 ] Request (TenantUsagesTestJSON:tearDownClass): 200 GET http://10.180.1.21/compute/v2.1/servers/d3ceed43-21e6-4d7e-b954-81ccaf121649 0.408s
2025-01-13 08:44:26.177 67841 INFO tempest.lib.common.rest_client [req-16f6876c-32dd-4314-a5d9-b1823076e7b3 req-16f6876c-32dd-4314-a5d9-b1823076e7b3 ] Request (ServersTestMultiNic:_run_cleanups): 200 GET http://10.180.1.21/compute/v2.1/servers/0297be37-9dad-4efb-9deb-a5fe0907ffd9 0.354s
2025-01-13 08:44:26.220 67889 INFO tempest.lib.common.rest_client [req-d1ff2641-527e-41c4-9d6e-655ca62f8b44 req-d1ff2641-527e-41c4-9d6e-655ca62f8b44 ] Request (InstanceActionsNegativeTestJSON:setUpClass): 200 GET http://10.180.1.21/compute/v2.1/servers/3b7f53c5-a334-41e9-ad16-d8b5bb467222 0.333s
2025-01-13 08:44:26.267 67845 INFO tempest.lib.common.rest_client [req-316e6f65-c968-4a52-96c1-aeb326618ff7 req-316e6f65-c968-4a52-96c1-aeb326618ff7 ] Request (FloatingIPsAssociationTestJSON:test_associate_already_associated_floating_ip): 200 GET http://10.180.1.21/compute/v2.1/servers/91637ee1-38a6-458b-9ac5-e37be456026b 0.327s
2025-01-13 08:44:26.395 67835 INFO tempest.lib.common.rest_client [req-6d1bf94e-6a7b-400b-95a0-d21c7ed88d29 req-6d1bf94e-6a7b-400b-95a0-d21c7ed88d29 ] Request (InstanceActionsV221TestJSON:test_get_list_deleted_instance_actions): 200 GET http://10.180.1.21/compute/v2.1/servers/b30be790-a9ba-4ce8-8310-74be04f93752 0.399s
2025-01-13 08:44:26.404 67835 INFO tempest.common.waiters [-] State transition "BUILD/networking" ==> "BUILD/spawning" after 45 second wait
2025-01-13 08:44:26.450 67869 INFO tempest.lib.common.rest_client [req-a89026f2-1c3e-4ef2-9449-2f291ca38bb4 req-a89026f2-1c3e-4ef2-9449-2f291ca38bb4 ] Request (ServersTestFqdnHostnames:test_create_server_with_fqdn_name): 200 GET http://10.180.1.21/compute/v2.1/servers/537cd010-2546-4755-a560-a77f6f22a163 0.423s
2025-01-13 08:44:26.525 67847 INFO tempest.lib.common.rest_client [req-4c731603-5217-4982-8825-8e8254b6002f req-4c731603-5217-4982-8825-8e8254b6002f ] Request (ServersAdmin275Test:tearDownClass): 200 GET http://10.180.1.21/compute/v2.1/servers/5331f16d-60ad-4016-8d77-44de2c9e2e53 0.386s
2025-01-13 08:44:26.581 67843 INFO tempest.lib.common.rest_client [req-d0b5b48d-0662-4e89-9f2e-3c846501dc4d req-d0b5b48d-0662-4e89-9f2e-3c846501dc4d ] Request (ListServersNegativeTestJSON:setUpClass): 200 GET http://10.180.1.21/compute/v2.1/servers/2be13e6c-d7cd-4bc8-8081-d33beef1869e 0.382s
2025-01-13 08:44:26.669 67887 INFO tempest.lib.common.rest_client [req-b8aad349-387c-4555-825e-b93f5e74810c req-b8aad349-387c-4555-825e-b93f5e74810c ] Request (ServerActionsTestOtherB:setUpClass): 200 GET http://10.180.1.21/compute/v2.1/servers/a01141db-9e5a-4709-987c-02d9a8401300 0.369s
2025-01-13 08:44:26.676 67887 INFO tempest.common.waiters [-] State transition "BUILD/spawning" ==> "ACTIVE/None" after 54 second wait
2025-01-13 08:44:26.721 67863 INFO tempest.lib.common.rest_client [req-2b4d8779-af35-42d5-aef0-37d7af9aca0e req-2b4d8779-af35-42d5-aef0-37d7af9aca0e ] Request (ServersNegativeTestJSON:setUpClass): 200 GET http://10.180.1.21/compute/v2.1/servers/230434b9-8c7e-4b51-9717-96a00258ef83 0.364s
2025-01-13 08:44:26.793 67881 INFO tempest.lib.common.rest_client [req-011b1a20-2c43-4301-b28a-b50526f277ec req-011b1a20-2c43-4301-b28a-b50526f277ec ] Request (ServerAddressesNegativeTestJSON:setUpClass): 200 GET http://10.180.1.21/compute/v2.1/servers/fd0b7987-635e-483c-8189-683cc5c2ed9e 0.370s
2025-01-13 08:44:26.850 67879 INFO tempest.lib.common.rest_client [req-afdb3b2a-0d39-435a-a588-016abac28c28 req-afdb3b2a-0d39-435a-a588-016abac28c28 ] Request (VolumesAdminNegativeTest:test_update_attached_volume_with_nonexistent_volume_in_body): 200 GET http://10.180.1.21/compute/v2.1/servers/ac73bd12-161a-4720-8069-8b648645038b 0.375s
2025-01-13 08:44:26.902 67865 INFO tempest.lib.common.rest_client [req-b4c8bc71-96d7-47f6-a5d9-99b1a6a2d2b7 req-b4c8bc71-96d7-47f6-a5d9-99b1a6a2d2b7 ] Request (ImagesOneServerTestJSON:setUpClass): 200 GET http://10.180.1.21/compute/v2.1/servers/63be7cd3-af71-44df-bc9f-b392b2e68f78 0.380s
2025-01-13 08:44:26.952 67883 INFO tempest.lib.common.rest_client [req-f53d2075-c586-4fc7-ab63-80f30e81ea0f req-f53d2075-c586-4fc7-ab63-80f30e81ea0f ] Request (ServerAddressesTestJSON:setUpClass): 200 GET http://10.180.1.21/compute/v2.1/servers/83ca6a4e-6044-4872-a6a8-91e04523fa81 0.355s
2025-01-13 08:44:27.006 67853 INFO tempest.lib.common.rest_client [req-c43f102d-67e4-490a-bbb9-457de6b0e295 req-c43f102d-67e4-490a-bbb9-457de6b0e295 ] Request (MultipleCreateTestJSON:test_multiple_create): 200 GET http://10.180.1.21/compute/v2.1/servers/5f32fb5d-5502-40a0-b9d0-886e4f301466 0.361s
2025-01-13 08:44:27.085 67887 INFO tempest.lib.common.rest_client [req-05ac03d6-1ac8-4a92-92ed-89674ef28242 req-05ac03d6-1ac8-4a92-92ed-89674ef28242 ] Request (ServerActionsTestOtherB:setUpClass): 200 GET http://10.180.1.21/compute/v2.1/servers/a01141db-9e5a-4709-987c-02d9a8401300/os-interface 0.409s
2025-01-13 08:44:27.147 67875 INFO tempest.lib.common.rest_client [req-ef49ae87-4d3d-4d95-9758-2f8bfdf898e8 req-ef49ae87-4d3d-4d95-9758-2f8bfdf898e8 ] Request (FloatingIPsAssociationNegativeTestJSON:test_associate_ip_to_server_with_floating_ip): 202 POST http://10.180.1.21/compute/v2.1/servers/bc73c76d-3c04-497a-a6b3-6f044ed1f0f1/action 1.256s
2025-01-13 08:44:27.184 67867 INFO tempest.lib.common.rest_client [req-f63ba2a7-8f71-4813-bf44-d3d2e3b90266 req-f63ba2a7-8f71-4813-bf44-d3d2e3b90266 ] Request (MigrationsAdminTest:test_list_migrations_in_flavor_resize_situation): 200 GET http://10.180.1.21/compute/v2.1/servers/f67d19d9-9511-4e6d-a396-2b9111b77675 0.412s
2025-01-13 08:44:27.231 67871 INFO tempest.lib.common.rest_client [req-7c9ea94c-b976-4403-b766-68575b948b70 req-7c9ea94c-b976-4403-b766-68575b948b70 ] Request (SecurityGroupsTestJSON:test_server_security_groups): 200 GET http://10.180.1.21/compute/v2.1/servers/83fd43cd-76d3-411c-a6ac-f7b974c2a7b9 0.271s
2025-01-13 08:44:27.299 67849 INFO tempest.lib.common.rest_client [req-6dbd827b-6730-4e9b-9b9c-53a3d19b9ab6 req-6dbd827b-6730-4e9b-9b9c-53a3d19b9ab6 ] Request (ServersAdminNegativeTestJSON:test_migrate_server_invalid_state): 200 GET http://10.180.1.21/compute/v2.1/servers/ab26cb52-33fe-42e7-906f-7cc2381c6119 0.329s
2025-01-13 08:44:27.321 67833 INFO tempest.lib.common.rest_client [req-3c1b7129-ff51-49c9-8f86-0645fef432fb req-3c1b7129-ff51-49c9-8f86-0645fef432fb ] Request (DeleteServersAdminTestJSON:test_delete_server_while_in_error_state): 200 GET http://10.180.1.21/compute/v2.1/servers/1d290661-08d5-41bc-9939-74eb30a0c1e4 0.415s
2025-01-13 08:44:27.348 67839 INFO tempest.lib.common.rest_client [req-2501b7c3-eee0-4954-9423-4ef0d36639c2 req-2501b7c3-eee0-4954-9423-4ef0d36639c2 ] Request (ListImageFiltersTestJSON:setUpClass): 200 GET http://10.180.1.21/compute/v2.1/images/ca6f3cf3-e9a1-48a9-bb24-ae848651d985 0.352s
2025-01-13 08:44:27.392 67831 INFO tempest.lib.common.rest_client [req-e799a142-17b5-4ffa-9098-93b640b5b048 req-e799a142-17b5-4ffa-9098-93b640b5b048 ] Request (ServerDiskConfigTestJSON:test_rebuild_server_with_manual_disk_config): 200 GET http://10.180.1.21/compute/v2.1/servers/d2fc7e37-5866-4c59-a20a-f311ecceddb9 0.374s
2025-01-13 08:44:27.418 67837 INFO tempest.lib.common.rest_client [req-7aaa7928-954b-4c9b-a488-4361b657d07c req-7aaa7928-954b-4c9b-a488-4361b657d07c ] Request (ServerTagsTestJSON:setUpClass): 200 GET http://10.180.1.21/compute/v2.1/servers/349df407-b1f0-4844-8ad7-db5839ee2c78 0.357s
2025-01-13 08:44:27.459 67861 INFO tempest.lib.common.rest_client [req-dec79b62-9fd9-47ee-b71a-baff5632cd6c req-dec79b62-9fd9-47ee-b71a-baff5632cd6c ] Request (ServerShowV247Test:test_update_rebuild_list_server): 200 GET http://10.180.1.21/compute/v2.1/servers/713e6fc8-7d9a-42f1-824c-ee51b5bc6bf5 0.385s
2025-01-13 08:44:27.488 67859 INFO tempest.lib.common.rest_client [req-2ac02a60-8476-4673-9e06-504f94bcbb12 req-2ac02a60-8476-4673-9e06-504f94bcbb12 ] Request (ServersV294TestFqdnHostnames:setUpClass): 200 GET http://10.180.1.21/compute/v2.1/servers/b40628ac-3a0b-4171-9458-a8be9e91a6d1 0.371s
2025-01-13 08:44:27.527 67891 INFO tempest.lib.common.rest_client [req-685f7cba-07c1-4909-be38-cfb34529005a req-685f7cba-07c1-4909-be38-cfb34529005a ] Request (ServerRescueNegativeTestJSON:setUpClass): 200 GET http://10.180.1.21/compute/v2.1/servers/ffa5cd0b-0f69-4f28-a5ee-e48a8bad7fdc 0.399s
2025-01-13 08:44:27.611 67857 INFO tempest.lib.common.rest_client [req-cc969f0d-9da7-40d3-9076-51961799bb55 req-cc969f0d-9da7-40d3-9076-51961799bb55 ] Request (TenantUsagesTestJSON:tearDownClass): 200 GET http://10.180.1.21/compute/v2.1/servers/d3ceed43-21e6-4d7e-b954-81ccaf121649 0.436s
2025-01-13 08:44:27.684 67841 INFO tempest.lib.common.rest_client [req-b6436191-4c11-4406-9bb4-bbf1e8ac8858 req-b6436191-4c11-4406-9bb4-bbf1e8ac8858 ] Request (ServersTestMultiNic:_run_cleanups): 200 GET http://10.180.1.21/compute/v2.1/servers/0297be37-9dad-4efb-9deb-a5fe0907ffd9 0.499s
2025-01-13 08:44:27.748 67889 INFO tempest.lib.common.rest_client [req-d0f7fbfa-73e7-47e8-b7a0-b85934623fba req-d0f7fbfa-73e7-47e8-b7a0-b85934623fba ] Request (InstanceActionsNegativeTestJSON:setUpClass): 200 GET http://10.180.1.21/compute/v2.1/servers/3b7f53c5-a334-41e9-ad16-d8b5bb467222 0.520s
2025-01-13 08:44:27.758 67889 INFO tempest.common.waiters [-] State transition "BUILD/None" ==> "BUILD/networking" after 43 second wait
2025-01-13 08:44:27.813 67845 INFO tempest.lib.common.rest_client [req-3aa0f8ad-003e-40c6-84f5-fe07f2930896 req-3aa0f8ad-003e-40c6-84f5-fe07f2930896 ] Request (FloatingIPsAssociationTestJSON:test_associate_already_associated_floating_ip): 200 GET http://10.180.1.21/compute/v2.1/servers/91637ee1-38a6-458b-9ac5-e37be456026b 0.537s
2025-01-13 08:44:27.816 67887 INFO tempest.lib.common.rest_client [req-0124ecf5-f77a-42e4-b932-053c23e22f85 req-0124ecf5-f77a-42e4-b932-053c23e22f85 ] Request (ServerActionsTestOtherB:setUpClass): 200 PUT http://10.180.1.21:9696/networking/v2.0/floatingips/57415403-d2e3-4aec-ab93-a40d6692a37e 0.729s
2025-01-13 08:44:27.817 67887 INFO tempest.lib.common.ssh [-] Creating ssh connection to '10.180.180.224:22' as 'cirros' with public key authentication
2025-01-13 08:44:28.007 67835 INFO tempest.lib.common.rest_client [req-fd056be7-5837-47b1-9b0b-650fd5060fa8 req-fd056be7-5837-47b1-9b0b-650fd5060fa8 ] Request (InstanceActionsV221TestJSON:test_get_list_deleted_instance_actions): 200 GET http://10.180.1.21/compute/v2.1/servers/b30be790-a9ba-4ce8-8310-74be04f93752 0.602s
2025-01-13 08:44:28.084 67869 INFO tempest.lib.common.rest_client [req-13d621ab-90f1-4860-a308-2bf0fc038f2d req-13d621ab-90f1-4860-a308-2bf0fc038f2d ] Request (ServersTestFqdnHostnames:test_create_server_with_fqdn_name): 200 GET http://10.180.1.21/compute/v2.1/servers/537cd010-2546-4755-a560-a77f6f22a163 0.626s
2025-01-13 08:44:28.176 67847 INFO tempest.lib.common.rest_client [req-6b4f28ad-3051-4d42-bc4f-95890a7fb8b7 req-6b4f28ad-3051-4d42-bc4f-95890a7fb8b7 ] Request (ServersAdmin275Test:tearDownClass): 200 GET http://10.180.1.21/compute/v2.1/servers/5331f16d-60ad-4016-8d77-44de2c9e2e53 0.640s
2025-01-13 08:44:28.228 67875 INFO tempest.lib.common.rest_client [req-9d13e655-03cd-42ce-a01a-e40592a13f95 req-9d13e655-03cd-42ce-a01a-e40592a13f95 ] Request (FloatingIPsAssociationNegativeTestJSON:test_associate_ip_to_server_with_floating_ip): 200 POST http://10.180.1.21/compute/v2.1/os-floating-ips 1.080s
2025-01-13 08:44:28.240 67843 INFO tempest.lib.common.rest_client [req-1f3c853d-6ba4-4e02-8df2-6f52d44ee9b3 req-1f3c853d-6ba4-4e02-8df2-6f52d44ee9b3 ] Request (ListServersNegativeTestJSON:setUpClass): 200 GET http://10.180.1.21/compute/v2.1/servers/2be13e6c-d7cd-4bc8-8081-d33beef1869e 0.651s
2025-01-13 08:44:28.279 67863 INFO tempest.lib.common.rest_client [req-bb4e7b10-2b22-409c-8bf2-8ce852d51f22 req-bb4e7b10-2b22-409c-8bf2-8ce852d51f22 ] Request (ServersNegativeTestJSON:setUpClass): 200 GET http://10.180.1.21/compute/v2.1/servers/230434b9-8c7e-4b51-9717-96a00258ef83 0.551s
2025-01-13 08:44:28.300 67881 INFO tempest.lib.common.rest_client [req-40028a18-14b5-4565-8c12-cddd7b26e93d req-40028a18-14b5-4565-8c12-cddd7b26e93d ] Request (ServerAddressesNegativeTestJSON:setUpClass): 200 GET http://10.180.1.21/compute/v2.1/servers/fd0b7987-635e-483c-8189-683cc5c2ed9e 0.499s
2025-01-13 08:44:28.336 67879 INFO tempest.lib.common.rest_client [req-5c83ae2a-6ef4-4dce-8416-0abc0ef11c8d req-5c83ae2a-6ef4-4dce-8416-0abc0ef11c8d ] Request (VolumesAdminNegativeTest:test_update_attached_volume_with_nonexistent_volume_in_body): 200 GET http://10.180.1.21/compute/v2.1/servers/ac73bd12-161a-4720-8069-8b648645038b 0.475s
2025-01-13 08:44:28.345 67879 INFO tempest.common.waiters [-] State transition "BUILD/scheduling" ==> "BUILD/None" after 37 second wait
2025-01-13 08:44:28.362 67865 INFO tempest.lib.common.rest_client [req-12f79ced-d7ae-4be5-be81-22e36a929fed req-12f79ced-d7ae-4be5-be81-22e36a929fed ] Request (ImagesOneServerTestJSON:setUpClass): 200 GET http://10.180.1.21/compute/v2.1/servers/63be7cd3-af71-44df-bc9f-b392b2e68f78 0.450s
2025-01-13 08:44:28.387 67883 INFO tempest.lib.common.rest_client [req-72f09eb5-ca77-4718-910f-b6d7c123e78a req-72f09eb5-ca77-4718-910f-b6d7c123e78a ] Request (ServerAddressesTestJSON:setUpClass): 200 GET http://10.180.1.21/compute/v2.1/servers/83ca6a4e-6044-4872-a6a8-91e04523fa81 0.423s
2025-01-13 08:44:28.417 67853 INFO tempest.lib.common.rest_client [req-2d27d917-1522-4741-b01b-8116debc8b6a req-2d27d917-1522-4741-b01b-8116debc8b6a ] Request (MultipleCreateTestJSON:test_multiple_create): 200 GET http://10.180.1.21/compute/v2.1/servers/5f32fb5d-5502-40a0-b9d0-886e4f301466 0.403s
2025-01-13 08:44:28.527 67867 INFO tempest.lib.common.rest_client [req-517447bb-03d9-44b3-8391-460334ad5a65 req-517447bb-03d9-44b3-8391-460334ad5a65 ] Request (MigrationsAdminTest:test_list_migrations_in_flavor_resize_situation): 200 GET http://10.180.1.21/compute/v2.1/servers/f67d19d9-9511-4e6d-a396-2b9111b77675 0.334s
2025-01-13 08:44:28.535 67867 INFO tempest.common.waiters [-] State transition "RESIZE/resize_migrating" ==> "RESIZE/resize_migrated" after 48 second wait
2025-01-13 08:44:28.578 67871 INFO tempest.lib.common.rest_client [req-b21b7990-c355-4013-999a-b6592b1f8034 req-b21b7990-c355-4013-999a-b6592b1f8034 ] Request (SecurityGroupsTestJSON:test_server_security_groups): 200 GET http://10.180.1.21/compute/v2.1/servers/83fd43cd-76d3-411c-a6ac-f7b974c2a7b9 0.333s
2025-01-13 08:44:28.630 67849 INFO tempest.lib.common.rest_client [req-f07f04bf-ae65-44f8-b108-7cb5fd66d897 req-f07f04bf-ae65-44f8-b108-7cb5fd66d897 ] Request (ServersAdminNegativeTestJSON:test_migrate_server_invalid_state): 200 GET http://10.180.1.21/compute/v2.1/servers/ab26cb52-33fe-42e7-906f-7cc2381c6119 0.322s
2025-01-13 08:44:28.688 67875 INFO tempest.lib.common.rest_client [req-2dbeff5f-7bd9-4e7e-97fe-7bd3670d21d5 req-2dbeff5f-7bd9-4e7e-97fe-7bd3670d21d5 ] Request (FloatingIPsAssociationNegativeTestJSON:test_associate_ip_to_server_with_floating_ip): 400 POST http://10.180.1.21/compute/v2.1/servers/bc73c76d-3c04-497a-a6b3-6f044ed1f0f1/action 0.458s
2025-01-13 08:44:28.691 67877 WARNING tempest.lib.common.ssh [-] Failed to establish authenticated ssh connection to cirros@10.180.180.174 ([Errno None] Unable to connect to port 22 on 10.180.180.174). Number attempts: 6. Retry after 7 seconds.: paramiko.ssh_exception.NoValidConnectionsError: [Errno None] Unable to connect to port 22 on 10.180.180.174
2025-01-13 08:44:28.728 67839 INFO tempest.lib.common.rest_client [req-64a160f6-8c05-4fbf-90dc-ab5378b16759 req-64a160f6-8c05-4fbf-90dc-ab5378b16759 ] Request (ListImageFiltersTestJSON:setUpClass): 200 GET http://10.180.1.21/compute/v2.1/images/ca6f3cf3-e9a1-48a9-bb24-ae848651d985 0.376s
2025-01-13 08:44:28.793 67831 INFO tempest.lib.common.rest_client [req-11c1d9d4-aebb-4f00-8424-2cd811f48c7f req-11c1d9d4-aebb-4f00-8424-2cd811f48c7f ] Request (ServerDiskConfigTestJSON:test_rebuild_server_with_manual_disk_config): 200 GET http://10.180.1.21/compute/v2.1/servers/d2fc7e37-5866-4c59-a20a-f311ecceddb9 0.393s
2025-01-13 08:44:28.794 67833 INFO tempest.lib.common.rest_client [req-dde57a3f-4fb9-44be-a5c4-85a38e119261 req-dde57a3f-4fb9-44be-a5c4-85a38e119261 ] Request (DeleteServersAdminTestJSON:test_delete_server_while_in_error_state): 200 GET http://10.180.1.21/compute/v2.1/servers/1d290661-08d5-41bc-9939-74eb30a0c1e4 0.459s
2025-01-13 08:44:28.850 67837 INFO tempest.lib.common.rest_client [req-bf8c2c8b-dfd6-48ce-9b51-8cdf3fe5559d req-bf8c2c8b-dfd6-48ce-9b51-8cdf3fe5559d ] Request (ServerTagsTestJSON:setUpClass): 200 GET http://10.180.1.21/compute/v2.1/servers/349df407-b1f0-4844-8ad7-db5839ee2c78 0.423s
2025-01-13 08:44:28.858 67861 INFO tempest.lib.common.rest_client [req-15f1290b-3153-4cf2-8bfe-334c7cef3ef2 req-15f1290b-3153-4cf2-8bfe-334c7cef3ef2 ] Request (ServerShowV247Test:test_update_rebuild_list_server): 200 GET http://10.180.1.21/compute/v2.1/servers/713e6fc8-7d9a-42f1-824c-ee51b5bc6bf5 0.387s
2025-01-13 08:44:28.913 67891 INFO tempest.lib.common.rest_client [req-da7618e6-dfb9-4564-b3c8-32bab07286b4 req-da7618e6-dfb9-4564-b3c8-32bab07286b4 ] Request (ServerRescueNegativeTestJSON:setUpClass): 200 GET http://10.180.1.21/compute/v2.1/servers/ffa5cd0b-0f69-4f28-a5ee-e48a8bad7fdc 0.376s
2025-01-13 08:44:28.921 67859 INFO tempest.lib.common.rest_client [req-f9d34514-0380-4374-b54f-461e38c34e00 req-f9d34514-0380-4374-b54f-461e38c34e00 ] Request (ServersV294TestFqdnHostnames:setUpClass): 200 GET http://10.180.1.21/compute/v2.1/servers/b40628ac-3a0b-4171-9458-a8be9e91a6d1 0.423s
2025-01-13 08:44:28.975 67857 INFO tempest.lib.common.rest_client [req-01fe0565-c809-4a28-a388-db47426d7cb0 req-01fe0565-c809-4a28-a388-db47426d7cb0 ] Request (TenantUsagesTestJSON:tearDownClass): 200 GET http://10.180.1.21/compute/v2.1/servers/d3ceed43-21e6-4d7e-b954-81ccaf121649 0.354s
2025-01-13 08:44:29.030 67841 INFO tempest.lib.common.rest_client [req-65831033-8fa1-4ba9-bc8a-6024cd7db865 req-65831033-8fa1-4ba9-bc8a-6024cd7db865 ] Request (ServersTestMultiNic:_run_cleanups): 200 GET http://10.180.1.21/compute/v2.1/servers/0297be37-9dad-4efb-9deb-a5fe0907ffd9 0.335s
2025-01-13 08:44:29.216 67889 INFO tempest.lib.common.rest_client [req-acc7fd34-d4b3-4bbf-94ec-3b0d551fbb0c req-acc7fd34-d4b3-4bbf-94ec-3b0d551fbb0c ] Request (InstanceActionsNegativeTestJSON:setUpClass): 200 GET http://10.180.1.21/compute/v2.1/servers/3b7f53c5-a334-41e9-ad16-d8b5bb467222 0.456s
2025-01-13 08:44:29.224 67889 INFO tempest.common.waiters [-] State transition "BUILD/networking" ==> "BUILD/spawning" after 45 second wait
2025-01-13 08:44:29.262 67845 INFO tempest.lib.common.rest_client [req-7392b005-fba3-40a5-914d-35cb7640d507 req-7392b005-fba3-40a5-914d-35cb7640d507 ] Request (FloatingIPsAssociationTestJSON:test_associate_already_associated_floating_ip): 200 GET http://10.180.1.21/compute/v2.1/servers/91637ee1-38a6-458b-9ac5-e37be456026b 0.436s
2025-01-13 08:44:29.364 67835 INFO tempest.lib.common.rest_client [req-9b740e90-07ba-4d68-b10e-dc4634482e31 req-9b740e90-07ba-4d68-b10e-dc4634482e31 ] Request (InstanceActionsV221TestJSON:test_get_list_deleted_instance_actions): 200 GET http://10.180.1.21/compute/v2.1/servers/b30be790-a9ba-4ce8-8310-74be04f93752 0.344s
2025-01-13 08:44:29.413 67869 INFO tempest.lib.common.rest_client [req-d93ba058-f43b-48bc-b8c6-de524006138a req-d93ba058-f43b-48bc-b8c6-de524006138a ] Request (ServersTestFqdnHostnames:test_create_server_with_fqdn_name): 200 GET http://10.180.1.21/compute/v2.1/servers/537cd010-2546-4755-a560-a77f6f22a163 0.319s
2025-01-13 08:44:29.429 67875 INFO tempest.lib.common.rest_client [req-7bc220c8-b266-4034-b23c-d3103040ec88 req-7bc220c8-b266-4034-b23c-d3103040ec88 ] Request (FloatingIPsAssociationNegativeTestJSON:_run_cleanups): 202 DELETE http://10.180.1.21/compute/v2.1/os-floating-ips/519cec35-f116-452c-83b5-ebb625592860 0.739s
2025-01-13 08:44:29.468 67847 INFO tempest.lib.common.rest_client [req-490d62f6-0021-4a71-bae4-cb2648a268b1 req-490d62f6-0021-4a71-bae4-cb2648a268b1 ] Request (ServersAdmin275Test:tearDownClass): 200 GET http://10.180.1.21/compute/v2.1/servers/5331f16d-60ad-4016-8d77-44de2c9e2e53 0.281s
2025-01-13 08:44:29.474 67843 INFO tempest.lib.common.rest_client [req-57193c1c-38f0-4315-bf96-354792d1f10e req-57193c1c-38f0-4315-bf96-354792d1f10e ] Request (ListServersNegativeTestJSON:setUpClass): 200 GET http://10.180.1.21/compute/v2.1/servers/2be13e6c-d7cd-4bc8-8081-d33beef1869e 0.226s
2025-01-13 08:44:29.515 67863 INFO tempest.lib.common.rest_client [req-d68acd37-5039-4b34-b860-d9ac33158b1a req-d68acd37-5039-4b34-b860-d9ac33158b1a ] Request (ServersNegativeTestJSON:setUpClass): 200 GET http://10.180.1.21/compute/v2.1/servers/230434b9-8c7e-4b51-9717-96a00258ef83 0.225s
2025-01-13 08:44:29.519 67881 INFO tempest.lib.common.rest_client [req-db249284-632d-4891-a64a-e200d2de7140 req-db249284-632d-4891-a64a-e200d2de7140 ] Request (ServerAddressesNegativeTestJSON:setUpClass): 200 GET http://10.180.1.21/compute/v2.1/servers/fd0b7987-635e-483c-8189-683cc5c2ed9e 0.206s
2025-01-13 08:44:29.562 67879 INFO tempest.lib.common.rest_client [req-f401f90c-01a9-4593-bd70-15f2b5a8e95b req-f401f90c-01a9-4593-bd70-15f2b5a8e95b ] Request (VolumesAdminNegativeTest:test_update_attached_volume_with_nonexistent_volume_in_body): 200 GET http://10.180.1.21/compute/v2.1/servers/ac73bd12-161a-4720-8069-8b648645038b 0.216s
2025-01-13 08:44:29.565 67865 INFO tempest.lib.common.rest_client [req-1a25e5de-a676-4334-b7be-869519869431 req-1a25e5de-a676-4334-b7be-869519869431 ] Request (ImagesOneServerTestJSON:setUpClass): 200 GET http://10.180.1.21/compute/v2.1/servers/63be7cd3-af71-44df-bc9f-b392b2e68f78 0.192s
2025-01-13 08:44:29.616 67883 INFO tempest.lib.common.rest_client [req-d53f0391-f9d8-4f72-b44d-dff6b96683cf req-d53f0391-f9d8-4f72-b44d-dff6b96683cf ] Request (ServerAddressesTestJSON:setUpClass): 200 GET http://10.180.1.21/compute/v2.1/servers/83ca6a4e-6044-4872-a6a8-91e04523fa81 0.221s
2025-01-13 08:44:29.650 67893 WARNING tempest.lib.common.ssh [-] Failed to establish authenticated ssh connection to cirros@10.180.180.216 ([Errno None] Unable to connect to port 22 on 10.180.180.216). Number attempts: 7. Retry after 8 seconds.: paramiko.ssh_exception.NoValidConnectionsError: [Errno None] Unable to connect to port 22 on 10.180.180.216
2025-01-13 08:44:29.664 67853 INFO tempest.lib.common.rest_client [req-718372a2-3851-4f50-b794-5a0f4de3879a req-718372a2-3851-4f50-b794-5a0f4de3879a ] Request (MultipleCreateTestJSON:test_multiple_create): 200 GET http://10.180.1.21/compute/v2.1/servers/5f32fb5d-5502-40a0-b9d0-886e4f301466 0.233s
2025-01-13 08:44:29.849 67867 INFO tempest.lib.common.rest_client [req-e7b98a2d-ec56-419a-b19e-b3286ba694f3 req-e7b98a2d-ec56-419a-b19e-b3286ba694f3 ] Request (MigrationsAdminTest:test_list_migrations_in_flavor_resize_situation): 200 GET http://10.180.1.21/compute/v2.1/servers/f67d19d9-9511-4e6d-a396-2b9111b77675 0.313s
2025-01-13 08:44:29.925 67871 INFO tempest.lib.common.rest_client [req-aac7d35d-8379-4167-9d13-5734b476527f req-aac7d35d-8379-4167-9d13-5734b476527f ] Request (SecurityGroupsTestJSON:test_server_security_groups): 200 GET http://10.180.1.21/compute/v2.1/servers/83fd43cd-76d3-411c-a6ac-f7b974c2a7b9 0.333s
2025-01-13 08:44:29.993 67849 INFO tempest.lib.common.rest_client [req-d6cb77e6-c529-4173-874d-0ad90899ac3f req-d6cb77e6-c529-4173-874d-0ad90899ac3f ] Request (ServersAdminNegativeTestJSON:test_migrate_server_invalid_state): 200 GET http://10.180.1.21/compute/v2.1/servers/ab26cb52-33fe-42e7-906f-7cc2381c6119 0.352s
2025-01-13 08:44:30.029 67839 INFO tempest.lib.common.rest_client [req-7b803e42-a5c5-49f2-ab6e-1a1e83b90625 req-7b803e42-a5c5-49f2-ab6e-1a1e83b90625 ] Request (ListImageFiltersTestJSON:setUpClass): 200 GET http://10.180.1.21/compute/v2.1/images/ca6f3cf3-e9a1-48a9-bb24-ae848651d985 0.296s
2025-01-13 08:44:30.098 67831 INFO tempest.lib.common.rest_client [req-1df5ad53-7be8-4dfa-898c-410b016ffd3c req-1df5ad53-7be8-4dfa-898c-410b016ffd3c ] Request (ServerDiskConfigTestJSON:test_rebuild_server_with_manual_disk_config): 200 GET http://10.180.1.21/compute/v2.1/servers/d2fc7e37-5866-4c59-a20a-f311ecceddb9 0.298s
2025-01-13 08:44:30.214 67833 INFO tempest.lib.common.rest_client [req-fff479bd-8393-4f03-b3c9-82e25f37b8f6 req-fff479bd-8393-4f03-b3c9-82e25f37b8f6 ] Request (DeleteServersAdminTestJSON:test_delete_server_while_in_error_state): 200 GET http://10.180.1.21/compute/v2.1/servers/1d290661-08d5-41bc-9939-74eb30a0c1e4 0.410s
2025-01-13 08:44:30.271 67837 INFO tempest.lib.common.rest_client [req-cbdfd570-e71d-4d74-bea3-48f7f7c042d1 req-cbdfd570-e71d-4d74-bea3-48f7f7c042d1 ] Request (ServerTagsTestJSON:setUpClass): 200 GET http://10.180.1.21/compute/v2.1/servers/349df407-b1f0-4844-8ad7-db5839ee2c78 0.408s
2025-01-13 08:44:30.327 67861 INFO tempest.lib.common.rest_client [req-c90b8bdf-4859-45a5-8435-9ce650b4af82 req-c90b8bdf-4859-45a5-8435-9ce650b4af82 ] Request (ServerShowV247Test:test_update_rebuild_list_server): 200 GET http://10.180.1.21/compute/v2.1/servers/713e6fc8-7d9a-42f1-824c-ee51b5bc6bf5 0.455s
2025-01-13 08:44:30.378 67891 INFO tempest.lib.common.rest_client [req-84d79c9a-66e5-4f89-a933-9e0a87fe5cc0 req-84d79c9a-66e5-4f89-a933-9e0a87fe5cc0 ] Request (ServerRescueNegativeTestJSON:setUpClass): 200 GET http://10.180.1.21/compute/v2.1/servers/ffa5cd0b-0f69-4f28-a5ee-e48a8bad7fdc 0.457s
2025-01-13 08:44:30.441 67859 INFO tempest.lib.common.rest_client [req-c735c427-aa7b-4bd2-b8ab-200a82b0de04 req-c735c427-aa7b-4bd2-b8ab-200a82b0de04 ] Request (ServersV294TestFqdnHostnames:setUpClass): 200 GET http://10.180.1.21/compute/v2.1/servers/b40628ac-3a0b-4171-9458-a8be9e91a6d1 0.507s
2025-01-13 08:44:30.481 67875 INFO tempest.lib.common.rest_client [req-cefc788a-554f-4a19-a65c-a1b1510fd544 req-cefc788a-554f-4a19-a65c-a1b1510fd544 ] Request (FloatingIPsAssociationNegativeTestJSON:_run_cleanups): 202 POST http://10.180.1.21/compute/v2.1/servers/bc73c76d-3c04-497a-a6b3-6f044ed1f0f1/action 1.051s
2025-01-13 08:44:30.502 67857 INFO tempest.lib.common.rest_client [req-d785158e-52f2-4159-a276-250ee3a73c4a req-d785158e-52f2-4159-a276-250ee3a73c4a ] Request (TenantUsagesTestJSON:tearDownClass): 200 GET http://10.180.1.21/compute/v2.1/servers/d3ceed43-21e6-4d7e-b954-81ccaf121649 0.518s
2025-01-13 08:44:30.503 67841 INFO tempest.lib.common.rest_client [req-4cf6b469-8d92-4030-9af3-c2800dfb5934 req-4cf6b469-8d92-4030-9af3-c2800dfb5934 ] Request (ServersTestMultiNic:_run_cleanups): 404 GET http://10.180.1.21/compute/v2.1/servers/0297be37-9dad-4efb-9deb-a5fe0907ffd9 0.461s
2025-01-13 08:44:30.557 67845 INFO tempest.lib.common.rest_client [req-7ac6ef73-3c1d-4712-aa1a-772efbb07e1e req-7ac6ef73-3c1d-4712-aa1a-772efbb07e1e ] Request (FloatingIPsAssociationTestJSON:test_associate_already_associated_floating_ip): 200 GET http://10.180.1.21/compute/v2.1/servers/91637ee1-38a6-458b-9ac5-e37be456026b 0.284s
2025-01-13 08:44:30.622 67889 INFO tempest.lib.common.rest_client [req-d074e889-6330-4c7b-80c0-1b533bd985ce req-d074e889-6330-4c7b-80c0-1b533bd985ce ] Request (InstanceActionsNegativeTestJSON:setUpClass): 200 GET http://10.180.1.21/compute/v2.1/servers/3b7f53c5-a334-41e9-ad16-d8b5bb467222 0.397s
2025-01-13 08:44:30.691 67869 INFO tempest.lib.common.rest_client [req-4b2537d4-d041-4854-a2f4-63757467b573 req-4b2537d4-d041-4854-a2f4-63757467b573 ] Request (ServersTestFqdnHostnames:test_create_server_with_fqdn_name): 200 GET http://10.180.1.21/compute/v2.1/servers/537cd010-2546-4755-a560-a77f6f22a163 0.271s
2025-01-13 08:44:30.699 67869 INFO tempest.common.waiters [-] State transition "BUILD/None" ==> "BUILD/networking" after 46 second wait
2025-01-13 08:44:30.716 67847 INFO tempest.lib.common.rest_client [req-aa878b42-9a81-4703-8326-cf7f009736f1 req-aa878b42-9a81-4703-8326-cf7f009736f1 ] Request (ServersAdmin275Test:tearDownClass): 404 GET http://10.180.1.21/compute/v2.1/servers/5331f16d-60ad-4016-8d77-44de2c9e2e53 0.238s
2025-01-13 08:44:30.747 67835 INFO tempest.lib.common.rest_client [req-be93637e-9dcf-4edc-b375-b879b1942eaf req-be93637e-9dcf-4edc-b375-b879b1942eaf ] Request (InstanceActionsV221TestJSON:test_get_list_deleted_instance_actions): 200 GET http://10.180.1.21/compute/v2.1/servers/b30be790-a9ba-4ce8-8310-74be04f93752 0.374s
2025-01-13 08:44:30.748 67841 INFO tempest.lib.common.rest_client [req-edd0b1c7-5e60-47d6-8674-6bc349d717fd req-edd0b1c7-5e60-47d6-8674-6bc349d717fd ] Request (ServersTestMultiNic:_run_cleanups): 204 DELETE http://10.180.1.21:9696/networking/v2.0/subnets/dbca1dd5-09bb-43dc-80a8-4a939a39b4cb 0.244s
2025-01-13 08:44:30.779 67843 INFO tempest.lib.common.rest_client [req-d0ee03fc-4ef1-4e2a-ade5-b6f75768a7b1 req-d0ee03fc-4ef1-4e2a-ade5-b6f75768a7b1 ] Request (ListServersNegativeTestJSON:setUpClass): 200 GET http://10.180.1.21/compute/v2.1/servers/2be13e6c-d7cd-4bc8-8081-d33beef1869e 0.297s
2025-01-13 08:44:30.821 67847 INFO tempest.lib.common.rest_client [req-ef44a9d4-644d-4764-822e-9d95e8867b68 req-ef44a9d4-644d-4764-822e-9d95e8867b68 ] Request (ServersAdmin275Test:tearDownClass): 204 DELETE http://10.180.1.21/identity/v3/users/109862085c64429ebb75b032db311828 0.104s
2025-01-13 08:44:30.833 67863 INFO tempest.lib.common.rest_client [req-d3ffd5ef-ac2c-4e11-8f96-d300143ed278 req-d3ffd5ef-ac2c-4e11-8f96-d300143ed278 ] Request (ServersNegativeTestJSON:setUpClass): 200 GET http://10.180.1.21/compute/v2.1/servers/230434b9-8c7e-4b51-9717-96a00258ef83 0.310s
2025-01-13 08:44:30.884 67881 INFO tempest.lib.common.rest_client [req-2645c62a-7cb4-4c60-99e5-6d99b73d999c req-2645c62a-7cb4-4c60-99e5-6d99b73d999c ] Request (ServerAddressesNegativeTestJSON:setUpClass): 200 GET http://10.180.1.21/compute/v2.1/servers/fd0b7987-635e-483c-8189-683cc5c2ed9e 0.357s
2025-01-13 08:44:30.923 67847 INFO tempest.lib.common.rest_client [req-3a434505-e6d6-4c04-9c19-0da4c4e07f31 req-3a434505-e6d6-4c04-9c19-0da4c4e07f31 ] Request (ServersAdmin275Test:tearDownClass): 204 DELETE http://10.180.1.21/identity/v3/users/cca8a479fe7d43599bdca3335422e0ee 0.102s
2025-01-13 08:44:30.924 67847 INFO tempest.lib.common.dynamic_creds [-] Deleting project and security group for project: 7696255d1c5942c99fe6ba9dd5f5697e
2025-01-13 08:44:30.935 67865 INFO tempest.lib.common.rest_client [req-dffa3068-a753-4663-b4c5-32fcbbc2b127 req-dffa3068-a753-4663-b4c5-32fcbbc2b127 ] Request (ImagesOneServerTestJSON:setUpClass): 200 GET http://10.180.1.21/compute/v2.1/servers/63be7cd3-af71-44df-bc9f-b392b2e68f78 0.362s
2025-01-13 08:44:30.988 67879 INFO tempest.lib.common.rest_client [req-8c55ceb1-a0f0-4678-9d7d-50c906658e5f req-8c55ceb1-a0f0-4678-9d7d-50c906658e5f ] Request (VolumesAdminNegativeTest:test_update_attached_volume_with_nonexistent_volume_in_body): 200 GET http://10.180.1.21/compute/v2.1/servers/ac73bd12-161a-4720-8069-8b648645038b 0.415s
2025-01-13 08:44:30.990 67847 INFO tempest.lib.common.rest_client [req-4b50822e-2d22-497c-9bb3-a4aa652af27e req-4b50822e-2d22-497c-9bb3-a4aa652af27e ] Request (ServersAdmin275Test:tearDownClass): 201 POST http://10.180.1.21/identity/v3/auth/tokens 0.066s
2025-01-13 08:44:31.050 67883 INFO tempest.lib.common.rest_client [req-ad965616-bf87-4e28-8838-1342be384d1d req-ad965616-bf87-4e28-8838-1342be384d1d ] Request (ServerAddressesTestJSON:setUpClass): 200 GET http://10.180.1.21/compute/v2.1/servers/83ca6a4e-6044-4872-a6a8-91e04523fa81 0.426s
2025-01-13 08:44:31.121 67853 INFO tempest.lib.common.rest_client [req-da7990db-3f22-430c-bfea-95bad0070c31 req-da7990db-3f22-430c-bfea-95bad0070c31 ] Request (MultipleCreateTestJSON:test_multiple_create): 200 GET http://10.180.1.21/compute/v2.1/servers/5f32fb5d-5502-40a0-b9d0-886e4f301466 0.448s
2025-01-13 08:44:31.379 67867 INFO tempest.lib.common.rest_client [req-c4d4e6a5-a4ee-43d9-b15d-b0274d212d95 req-c4d4e6a5-a4ee-43d9-b15d-b0274d212d95 ] Request (MigrationsAdminTest:test_list_migrations_in_flavor_resize_situation): 200 GET http://10.180.1.21/compute/v2.1/servers/f67d19d9-9511-4e6d-a396-2b9111b77675 0.519s
2025-01-13 08:44:31.389 67867 INFO tempest.common.waiters [-] State transition "RESIZE/resize_migrated" ==> "RESIZE/resize_finish" after 51 second wait
2025-01-13 08:44:31.396 67847 INFO tempest.lib.common.rest_client [req-da8b3424-c852-43ed-ae27-0bf24b4b7bce req-da8b3424-c852-43ed-ae27-0bf24b4b7bce ] Request (ServersAdmin275Test:tearDownClass): 200 GET http://10.180.1.21:9696/networking/v2.0/security-groups?tenant_id=7696255d1c5942c99fe6ba9dd5f5697e&name=default 0.406s
2025-01-13 08:44:31.404 67841 INFO tempest.lib.common.rest_client [req-2b6f8cf4-d7cf-4f04-9cb3-e56e2479e4f7 req-2b6f8cf4-d7cf-4f04-9cb3-e56e2479e4f7 ] Request (ServersTestMultiNic:_run_cleanups): 204 DELETE http://10.180.1.21:9696/networking/v2.0/networks/2092f441-85f0-4657-a0a5-05d4f378d5c4 0.654s
2025-01-13 08:44:31.458 67871 INFO tempest.lib.common.rest_client [req-c666c395-e8c1-4017-a462-07d8fc96ae5b req-c666c395-e8c1-4017-a462-07d8fc96ae5b ] Request (SecurityGroupsTestJSON:test_server_security_groups): 200 GET http://10.180.1.21/compute/v2.1/servers/83fd43cd-76d3-411c-a6ac-f7b974c2a7b9 0.520s
2025-01-13 08:44:31.489 67875 INFO tempest.lib.common.rest_client [req-17eaa3a5-fa10-4ed0-acee-196c259d6eab req-17eaa3a5-fa10-4ed0-acee-196c259d6eab ] Request (FloatingIPsAssociationNegativeTestJSON:_run_cleanups): 202 DELETE http://10.180.1.21/compute/v2.1/os-floating-ips/caaf29b8-aa0d-4b76-8165-2c1865f66c8e 1.008s
2025-01-13 08:44:31.518 67849 INFO tempest.lib.common.rest_client [req-9d6aace5-b340-4099-a49f-2bab16c94468 req-9d6aace5-b340-4099-a49f-2bab16c94468 ] Request (ServersAdminNegativeTestJSON:test_migrate_server_invalid_state): 200 GET http://10.180.1.21/compute/v2.1/servers/ab26cb52-33fe-42e7-906f-7cc2381c6119 0.517s
2025-01-13 08:44:31.532 67839 INFO tempest.lib.common.rest_client [req-d1af8bbc-c3c0-4b9c-a2e3-d1fd9a4020a4 req-d1af8bbc-c3c0-4b9c-a2e3-d1fd9a4020a4 ] Request (ListImageFiltersTestJSON:setUpClass): 200 GET http://10.180.1.21/compute/v2.1/images/ca6f3cf3-e9a1-48a9-bb24-ae848651d985 0.496s
2025-01-13 08:44:31.597 67831 INFO tempest.lib.common.rest_client [req-f0a4939a-7e8e-4f16-966a-d4f548b8171f req-f0a4939a-7e8e-4f16-966a-d4f548b8171f ] Request (ServerDiskConfigTestJSON:test_rebuild_server_with_manual_disk_config): 200 GET http://10.180.1.21/compute/v2.1/servers/d2fc7e37-5866-4c59-a20a-f311ecceddb9 0.484s
2025-01-13 08:44:31.630 67847 INFO tempest.lib.common.rest_client [req-953c3f6a-a105-4ec9-97ba-7a5b87adac21 req-953c3f6a-a105-4ec9-97ba-7a5b87adac21 ] Request (ServersAdmin275Test:tearDownClass): 204 DELETE http://10.180.1.21:9696/networking/v2.0/security-groups/311cc0c0-05e1-4c31-af53-e781e05624eb 0.233s
2025-01-13 08:44:31.673 67841 INFO tempest.lib.common.rest_client [req-a7973c90-6a70-4a4c-9f94-f0084b30ddf1 req-a7973c90-6a70-4a4c-9f94-f0084b30ddf1 ] Request (ServersTestMultiNic:_run_cleanups): 204 DELETE http://10.180.1.21:9696/networking/v2.0/subnets/6abb9ef0-2a78-467b-85ff-e970124301c5 0.268s
2025-01-13 08:44:31.674 67837 INFO tempest.lib.common.rest_client [req-dfda144d-8dbe-4420-8e20-55c97ed7024b req-dfda144d-8dbe-4420-8e20-55c97ed7024b ] Request (ServerTagsTestJSON:setUpClass): 200 GET http://10.180.1.21/compute/v2.1/servers/349df407-b1f0-4844-8ad7-db5839ee2c78 0.392s
2025-01-13 08:44:31.686 67833 INFO tempest.lib.common.rest_client [req-e661bf0b-e229-4473-9e99-09177d2e35a6 req-e661bf0b-e229-4473-9e99-09177d2e35a6 ] Request (DeleteServersAdminTestJSON:test_delete_server_while_in_error_state): 200 GET http://10.180.1.21/compute/v2.1/servers/1d290661-08d5-41bc-9939-74eb30a0c1e4 0.460s
2025-01-13 08:44:31.723 67847 INFO tempest.lib.common.rest_client [req-831bd074-7544-42b8-97bc-c870a9ccb80d req-831bd074-7544-42b8-97bc-c870a9ccb80d ] Request (ServersAdmin275Test:tearDownClass): 204 DELETE http://10.180.1.21/identity/v3/projects/7696255d1c5942c99fe6ba9dd5f5697e 0.092s
2025-01-13 08:44:31.723 67847 INFO tempest.lib.common.dynamic_creds [-] Deleting project and security group for project: 6ba92c29414841d6980665e8d15d1c51
2025-01-13 08:44:31.750 67861 INFO tempest.lib.common.rest_client [req-9fd76396-ae15-4030-b8de-5a98daa92178 req-9fd76396-ae15-4030-b8de-5a98daa92178 ] Request (ServerShowV247Test:test_update_rebuild_list_server): 200 GET http://10.180.1.21/compute/v2.1/servers/713e6fc8-7d9a-42f1-824c-ee51b5bc6bf5 0.413s
2025-01-13 08:44:31.764 67891 INFO tempest.lib.common.rest_client [req-e14dfe76-600d-4b65-86df-74a24e3af506 req-e14dfe76-600d-4b65-86df-74a24e3af506 ] Request (ServerRescueNegativeTestJSON:setUpClass): 200 GET http://10.180.1.21/compute/v2.1/servers/ffa5cd0b-0f69-4f28-a5ee-e48a8bad7fdc 0.372s
2025-01-13 08:44:31.774 67875 INFO tempest.lib.common.rest_client [req-478d2f63-379a-412d-b7fe-06791b1ff7c6 req-478d2f63-379a-412d-b7fe-06791b1ff7c6 ] Request (FloatingIPsAssociationNegativeTestJSON:test_associate_ip_to_server_without_passing_floating_ip): 400 POST http://10.180.1.21/compute/v2.1/servers/bc73c76d-3c04-497a-a6b3-6f044ed1f0f1/action 0.284s
2025-01-13 08:44:31.834 67859 INFO tempest.lib.common.rest_client [req-3e8b8b56-4b75-430c-9cf0-cd08c40612d1 req-3e8b8b56-4b75-430c-9cf0-cd08c40612d1 ] Request (ServersV294TestFqdnHostnames:setUpClass): 200 GET http://10.180.1.21/compute/v2.1/servers/b40628ac-3a0b-4171-9458-a8be9e91a6d1 0.378s
2025-01-13 08:44:31.852 67857 INFO tempest.lib.common.rest_client [req-0e6a1c8a-7b11-4ff5-9d49-31f6ee3e35d9 req-0e6a1c8a-7b11-4ff5-9d49-31f6ee3e35d9 ] Request (TenantUsagesTestJSON:tearDownClass): 200 GET http://10.180.1.21/compute/v2.1/servers/d3ceed43-21e6-4d7e-b954-81ccaf121649 0.342s
2025-01-13 08:44:31.869 67847 INFO tempest.lib.common.rest_client [req-ebd1466d-1089-477b-afbf-b7d42fdb8800 req-ebd1466d-1089-477b-afbf-b7d42fdb8800 ] Request (ServersAdmin275Test:tearDownClass): 200 GET http://10.180.1.21:9696/networking/v2.0/security-groups?tenant_id=6ba92c29414841d6980665e8d15d1c51&name=default 0.146s
2025-01-13 08:44:31.902 67845 INFO tempest.lib.common.rest_client [req-0e6f20da-2848-4bef-961b-24bff8da4022 req-0e6f20da-2848-4bef-961b-24bff8da4022 ] Request (FloatingIPsAssociationTestJSON:test_associate_already_associated_floating_ip): 200 GET http://10.180.1.21/compute/v2.1/servers/91637ee1-38a6-458b-9ac5-e37be456026b 0.336s
2025-01-13 08:44:31.955 67887 WARNING tempest.lib.common.ssh [-] Failed to establish authenticated ssh connection to cirros@10.180.180.224 ([Errno None] Unable to connect to port 22 on 10.180.180.224). Number attempts: 1. Retry after 2 seconds.: paramiko.ssh_exception.NoValidConnectionsError: [Errno None] Unable to connect to port 22 on 10.180.180.224
2025-01-13 08:44:31.985 67889 INFO tempest.lib.common.rest_client [req-057b584c-41c6-45cb-96da-5e7d16a97ccb req-057b584c-41c6-45cb-96da-5e7d16a97ccb ] Request (InstanceActionsNegativeTestJSON:setUpClass): 200 GET http://10.180.1.21/compute/v2.1/servers/3b7f53c5-a334-41e9-ad16-d8b5bb467222 0.351s
2025-01-13 08:44:32.000 67847 INFO tempest.lib.common.rest_client [req-78a94027-d8be-49d9-a334-8f9c1066a067 req-78a94027-d8be-49d9-a334-8f9c1066a067 ] Request (ServersAdmin275Test:tearDownClass): 204 DELETE http://10.180.1.21:9696/networking/v2.0/security-groups/60ceb9e6-e1c3-4c6f-88ec-484a2bb6f881 0.130s
2025-01-13 08:44:32.105 67847 INFO tempest.lib.common.rest_client [req-7d094418-ee54-4a7d-bd4e-9939a74f239d req-7d094418-ee54-4a7d-bd4e-9939a74f239d ] Request (ServersAdmin275Test:tearDownClass): 204 DELETE http://10.180.1.21/identity/v3/projects/6ba92c29414841d6980665e8d15d1c51 0.105s
2025-01-13 08:44:32.106 67847 INFO tempest.test [-] raised in UpdateMultiattachVolumeNegativeTest.setUpClass. Invoking tearDownClass.
2025-01-13 08:44:32.123 67835 INFO tempest.lib.common.rest_client [req-6c9025ce-1c93-4c16-b584-cd83f8c10a8d req-6c9025ce-1c93-4c16-b584-cd83f8c10a8d ] Request (InstanceActionsV221TestJSON:test_get_list_deleted_instance_actions): 200 GET http://10.180.1.21/compute/v2.1/servers/b30be790-a9ba-4ce8-8310-74be04f93752 0.364s
2025-01-13 08:44:32.140 67869 INFO tempest.lib.common.rest_client [req-48305356-585d-4c15-b670-b1ae5f9cb38c req-48305356-585d-4c15-b670-b1ae5f9cb38c ] Request (ServersTestFqdnHostnames:test_create_server_with_fqdn_name): 200 GET http://10.180.1.21/compute/v2.1/servers/537cd010-2546-4755-a560-a77f6f22a163 0.439s
2025-01-13 08:44:32.155 67869 INFO tempest.common.waiters [-] State transition "BUILD/networking" ==> "BUILD/spawning" after 48 second wait
2025-01-13 08:44:32.184 67841 INFO tempest.lib.common.rest_client [req-187ce9a0-bd92-4b5f-92dd-f1b50af881d0 req-187ce9a0-bd92-4b5f-92dd-f1b50af881d0 ] Request (ServersTestMultiNic:_run_cleanups): 204 DELETE http://10.180.1.21:9696/networking/v2.0/networks/b4488976-5d6d-4f08-a1e6-1492756413b5 0.510s
2025-01-13 08:44:32.196 67847 INFO tempest.lib.common.rest_client [req-5a43eb1b-ed0f-4b69-b511-66f03b0c9d6d req-5a43eb1b-ed0f-4b69-b511-66f03b0c9d6d ] Request (AttachInterfacesV270Test:setUpClass): 201 POST http://10.180.1.21/identity/v3/auth/tokens 0.087s
2025-01-13 08:44:32.217 67843 INFO tempest.lib.common.rest_client [req-3ea6c97a-5947-4720-8af9-c5693a16c587 req-3ea6c97a-5947-4720-8af9-c5693a16c587 ] Request (ListServersNegativeTestJSON:setUpClass): 200 GET http://10.180.1.21/compute/v2.1/servers/2be13e6c-d7cd-4bc8-8081-d33beef1869e 0.424s
2025-01-13 08:44:32.236 67847 INFO tempest.lib.common.rest_client [req-f926dfb6-f58a-4a19-b9ce-a5e66ceec0bc req-f926dfb6-f58a-4a19-b9ce-a5e66ceec0bc ] Request (AttachInterfacesV270Test:setUpClass): 201 POST http://10.180.1.21/identity/v3/auth/tokens 0.037s
2025-01-13 08:44:32.269 67847 INFO tempest.lib.common.rest_client [req-836dd06e-b95e-459b-bdc9-26adfa951048 req-836dd06e-b95e-459b-bdc9-26adfa951048 ] Request (AttachInterfacesV270Test:setUpClass): 200 GET http://10.180.1.21/identity/v3/domains?name=Default 0.032s
2025-01-13 08:44:32.283 67863 INFO tempest.lib.common.rest_client [req-884ba225-1cd7-484b-bedd-3f9a2bf1e642 req-884ba225-1cd7-484b-bedd-3f9a2bf1e642 ] Request (ServersNegativeTestJSON:setUpClass): 200 GET http://10.180.1.21/compute/v2.1/servers/230434b9-8c7e-4b51-9717-96a00258ef83 0.441s
2025-01-13 08:44:32.311 67847 INFO tempest.lib.common.rest_client [req-f2f2b1bc-3b8a-4f5b-bff2-0d2dcaf0f2b4 req-f2f2b1bc-3b8a-4f5b-bff2-0d2dcaf0f2b4 ] Request (AttachInterfacesV270Test:setUpClass): 201 POST http://10.180.1.21/identity/v3/projects 0.042s
2025-01-13 08:44:32.347 67881 INFO tempest.lib.common.rest_client [req-07f901c6-218c-4f9e-911f-6aafaea75743 req-07f901c6-218c-4f9e-911f-6aafaea75743 ] Request (ServerAddressesNegativeTestJSON:setUpClass): 200 GET http://10.180.1.21/compute/v2.1/servers/fd0b7987-635e-483c-8189-683cc5c2ed9e 0.453s
2025-01-13 08:44:32.352 67875 INFO tempest.lib.common.rest_client [req-8d7fd437-8791-4a0c-b74d-85486e9c5024 req-8d7fd437-8791-4a0c-b74d-85486e9c5024 ] Request (FloatingIPsAssociationNegativeTestJSON:test_associate_nonexistent_floating_ip): 404 POST http://10.180.1.21/compute/v2.1/servers/bc73c76d-3c04-497a-a6b3-6f044ed1f0f1/action 0.577s
2025-01-13 08:44:32.381 67847 INFO tempest.lib.common.rest_client [req-73abc3da-ef3c-41d0-8ac5-bdfb6c247b01 req-73abc3da-ef3c-41d0-8ac5-bdfb6c247b01 ] Request (AttachInterfacesV270Test:setUpClass): 201 POST http://10.180.1.21/identity/v3/users 0.069s
2025-01-13 08:44:32.405 67847 INFO tempest.lib.common.rest_client [req-8acd7897-2f10-47b6-83cd-c30e5a451e25 req-8acd7897-2f10-47b6-83cd-c30e5a451e25 ] Request (AttachInterfacesV270Test:setUpClass): 200 GET http://10.180.1.21/identity/v3/roles 0.023s
2025-01-13 08:44:32.408 67865 INFO tempest.lib.common.rest_client [req-23d92466-e05f-4b1f-9759-4fcfa1595ad7 req-23d92466-e05f-4b1f-9759-4fcfa1595ad7 ] Request (ImagesOneServerTestJSON:setUpClass): 200 GET http://10.180.1.21/compute/v2.1/servers/63be7cd3-af71-44df-bc9f-b392b2e68f78 0.464s
2025-01-13 08:44:32.410 67879 INFO tempest.lib.common.rest_client [req-247d2d03-dc9f-4e2d-bba3-3f080bf2987e req-247d2d03-dc9f-4e2d-bba3-3f080bf2987e ] Request (VolumesAdminNegativeTest:test_update_attached_volume_with_nonexistent_volume_in_body): 200 GET http://10.180.1.21/compute/v2.1/servers/ac73bd12-161a-4720-8069-8b648645038b 0.411s
2025-01-13 08:44:32.424 67841 INFO tempest.lib.common.rest_client [req-5d5dc806-6b8f-465d-8d35-6151592f92ee req-5d5dc806-6b8f-465d-8d35-6151592f92ee ] Request (ServersTestMultiNic:test_verify_multiple_nics_order): 201 POST http://10.180.1.21:9696/networking/v2.0/networks 0.239s
2025-01-13 08:44:32.449 67847 INFO tempest.lib.common.rest_client [req-dcf476fe-ea4e-43ab-8fc0-7dda81a5b9b7 req-dcf476fe-ea4e-43ab-8fc0-7dda81a5b9b7 ] Request (AttachInterfacesV270Test:setUpClass): 204 PUT http://10.180.1.21/identity/v3/projects/5b0268ff3b0f462b8cd00205fefbbe31/users/dd9335731ba7464f8d2c93d601f2c1df/roles/939a4914bf5b4625af7e18401f38b18d 0.043s
2025-01-13 08:44:32.450 67847 INFO tempest.lib.common.dynamic_creds [-] Dynamic test user dd9335731ba7464f8d2c93d601f2c1df is created with scope project and roles: ['member']
2025-01-13 08:44:32.450 67847 INFO tempest.lib.common.dynamic_creds [-] Acquired dynamic creds: credentials: Credentials: {'domain_id': 'default', 'domain_name': 'Default', 'username': 'tempest-AttachInterfacesV270Test-1774178228-project-member', 'project_domain_id': 'default', 'project_domain_name': 'Default', 'project_id': '5b0268ff3b0f462b8cd00205fefbbe31', 'project_name': 'tempest-AttachInterfacesV270Test-1774178228', 'tenant_id': '5b0268ff3b0f462b8cd00205fefbbe31', 'tenant_name': 'tempest-AttachInterfacesV270Test-1774178228', 'user_domain_id': 'default', 'user_domain_name': 'Default', 'user_id': 'dd9335731ba7464f8d2c93d601f2c1df', 'system': None}, Network: None, Subnet: None, Router: None
2025-01-13 08:44:32.476 67853 INFO tempest.lib.common.rest_client [req-cef72590-3532-42a4-9c44-b89f422db780 req-cef72590-3532-42a4-9c44-b89f422db780 ] Request (MultipleCreateTestJSON:test_multiple_create): 200 GET http://10.180.1.21/compute/v2.1/servers/5f32fb5d-5502-40a0-b9d0-886e4f301466 0.341s
2025-01-13 08:44:32.479 67883 INFO tempest.lib.common.rest_client [req-dae0a01d-c45a-410b-8679-5fcad49baa57 req-dae0a01d-c45a-410b-8679-5fcad49baa57 ] Request (ServerAddressesTestJSON:setUpClass): 200 GET http://10.180.1.21/compute/v2.1/servers/83ca6a4e-6044-4872-a6a8-91e04523fa81 0.417s
2025-01-13 08:44:32.511 67875 INFO tempest.lib.common.rest_client [req-4d8bbe4a-a7b5-4da1-9537-b790559d4f05 req-4d8bbe4a-a7b5-4da1-9537-b790559d4f05 ] Request (FloatingIPsAssociationNegativeTestJSON:test_dissociate_nonexistent_floating_ip): 404 POST http://10.180.1.21/compute/v2.1/servers/bc73c76d-3c04-497a-a6b3-6f044ed1f0f1/action 0.156s
