2025-01-13 20:24:16.843 67722 INFO tempest.lib.common.dynamic_creds [-] Dynamic test user e54a7618dd204c54bbe82d52bd339c13 is created with scope project and roles: ['member']
2025-01-13 20:24:16.843 67722 INFO tempest.lib.common.dynamic_creds [-] Acquired dynamic creds: credentials: Credentials: {'domain_id': 'default', 'domain_name': 'Default', 'username': 'tempest-ListImageFiltersNegativeTestJSON-1300972295-project-member', 'project_domain_id': 'default', 'project_domain_name': 'Default', 'project_id': '51422b61164147338a9f0dcad4968e7a', 'project_name': 'tempest-ListImageFiltersNegativeTestJSON-1300972295', 'tenant_id': '51422b61164147338a9f0dcad4968e7a', 'tenant_name': 'tempest-ListImageFiltersNegativeTestJSON-1300972295', 'user_domain_id': 'default', 'user_domain_name': 'Default', 'user_id': 'e54a7618dd204c54bbe82d52bd339c13', 'system': None}, Network: None, Subnet: None, Router: None
2025-01-13 20:24:16.843 67722 INFO tempest.lib.common.dynamic_creds [-] Created isolated network resources for: credentials: Credentials: {'domain_id': 'default', 'domain_name': 'Default', 'username': 'tempest-ListImageFiltersNegativeTestJSON-1300972295-project-member', 'project_domain_id': 'default', 'project_domain_name': 'Default', 'project_id': '51422b61164147338a9f0dcad4968e7a', 'project_name': 'tempest-ListImageFiltersNegativeTestJSON-1300972295', 'tenant_id': '51422b61164147338a9f0dcad4968e7a', 'tenant_name': 'tempest-ListImageFiltersNegativeTestJSON-1300972295', 'user_domain_id': 'default', 'user_domain_name': 'Default', 'user_id': 'e54a7618dd204c54bbe82d52bd339c13', 'system': None}, Network: None, Subnet: None, Router: None
2025-01-13 20:24:16.857 67730 INFO tempest.lib.common.rest_client [req-662a5f4d-2f15-42ce-8564-4485d5862639 req-662a5f4d-2f15-42ce-8564-4485d5862639 ] Request (SecurityGroupRulesTestJSON:setUpClass): 200 PUT http://10.180.1.21:9696/networking/v2.0/routers/af55dcdc-5404-4dad-a858-39b3dcbe0ff3/add_router_interface 1.558s
2025-01-13 20:24:16.857 67730 INFO tempest.lib.common.dynamic_creds [-] Created isolated network resources for: credentials: Credentials: {'domain_id': 'default', 'domain_name': 'Default', 'username': 'tempest-SecurityGroupRulesTestJSON-1889765025-project-member', 'project_domain_id': 'default', 'project_domain_name': 'Default', 'project_id': '9235e04d4a364ba78016b9023d23e7ef', 'project_name': 'tempest-SecurityGroupRulesTestJSON-1889765025', 'tenant_id': '9235e04d4a364ba78016b9023d23e7ef', 'tenant_name': 'tempest-SecurityGroupRulesTestJSON-1889765025', 'user_domain_id': 'default', 'user_domain_name': 'Default', 'user_id': 'fd13df87f17844cda7c9239cbf9ea415', 'system': None}, Network: {'id': '64fbeaf3-5f67-4d92-9f8c-6f16218ced0f', 'name': 'tempest-SecurityGroupRulesTestJSON-689881910-network', 'tenant_id': '9235e04d4a364ba78016b9023d23e7ef', 'admin_state_up': True, 'mtu': 8950, 'status': 'ACTIVE', 'subnets': [], 'shared': False, 'project_id': '9235e04d4a364ba78016b9023d23e7ef', 'port_security_enabled': True, 'router:external': False, 'provider:network_type': 'vlan', 'provider:physical_network': 'default', 'provider:segmentation_id': 232, 'availability_zone_hints': [], 'availability_zones': [], 'ipv4_address_scope': None, 'ipv6_address_scope': None, 'description': '', 'tags': [], 'created_at': '2025-01-13T20:24:12Z', 'updated_at': '2025-01-13T20:24:12Z', 'revision_number': 1}, Subnet: {'id': '36ad2fa8-0778-4c56-a7ae-9272869176f4', 'name': 'tempest-SecurityGroupRulesTestJSON-689881910-subnet', 'tenant_id': '9235e04d4a364ba78016b9023d23e7ef', 'network_id': '64fbeaf3-5f67-4d92-9f8c-6f16218ced0f', 'ip_version': 4, 'subnetpool_id': None, 'enable_dhcp': True, 'ipv6_ra_mode': None, 'ipv6_address_mode': None, 'gateway_ip': '192.168.128.1', 'cidr': '192.168.128.0/28', 'allocation_pools': [{'start': '192.168.128.2', 'end': '192.168.128.14'}], 'host_routes': [], 'dns_nameservers': [], 'description': '', 'router:external': False, 'service_types': [], 'tags': [], 'created_at': '2025-01-13T20:24:13Z', 'updated_at': '2025-01-13T20:24:13Z', 'revision_number': 0, 'project_id': '9235e04d4a364ba78016b9023d23e7ef'}, Router: {'id': 'af55dcdc-5404-4dad-a858-39b3dcbe0ff3', 'name': 'tempest-SecurityGroupRulesTestJSON-689881910-router', 'tenant_id': '9235e04d4a364ba78016b9023d23e7ef', 'admin_state_up': True, 'status': 'ACTIVE', 'external_gateway_info': {'network_id': '51a73d1b-d331-4c69-aa8c-962a572e92eb', 'external_fixed_ips': [{'subnet_id': 'ebacd113-3470-43fd-9ca8-5a2970cf9ef2', 'ip_address': '10.180.180.225'}], 'enable_snat': True}, 'description': '', 'availability_zones': [], 'distributed': False, 'ha': False, 'availability_zone_hints': [], 'routes': [], 'flavor_id': None, 'tags': [], 'created_at': '2025-01-13T20:24:13Z', 'updated_at': '2025-01-13T20:24:14Z', 'revision_number': 2, 'project_id': '9235e04d4a364ba78016b9023d23e7ef'}
2025-01-13 20:24:16.859 67758 INFO tempest.lib.common.rest_client [req-094cf215-042c-4f82-9948-2bf205633147 req-094cf215-042c-4f82-9948-2bf205633147 ] Request (AttachInterfacesV270Test:test_create_get_list_interfaces): 202 POST http://10.180.1.21/compute/v2.1/servers 3.617s
2025-01-13 20:24:16.947 67722 INFO tempest.lib.common.rest_client [req-8a2ef5c2-68a1-41a5-819e-6f69954f93db req-8a2ef5c2-68a1-41a5-819e-6f69954f93db ] Request (ListImageFiltersNegativeTestJSON:setUpClass): 201 POST http://10.180.1.21/identity/v3/auth/tokens 0.099s
2025-01-13 20:24:16.956 67730 INFO tempest.lib.common.rest_client [req-0464b137-3809-4434-b957-56787cbf39a5 req-0464b137-3809-4434-b957-56787cbf39a5 ] Request (SecurityGroupRulesTestJSON:setUpClass): 201 POST http://10.180.1.21/identity/v3/auth/tokens 0.096s
2025-01-13 20:24:17.036 67778 INFO tempest.lib.common.rest_client [req-dafbccbb-69f7-4b54-8eaa-a408deca542f req-dafbccbb-69f7-4b54-8eaa-a408deca542f ] Request (ServersAdminTestJSON:setUpClass): 200 GET http://10.180.1.21/compute/v2.1/servers/8d8fa858-1ed7-49a0-8c35-6fc828fab7ac 3.022s
2025-01-13 20:24:17.112 67754 INFO tempest.lib.common.rest_client [req-dbbcc56b-82a1-42d6-b145-43d7a72c64e4 req-dbbcc56b-82a1-42d6-b145-43d7a72c64e4 ] Request (ServersTestMultiNic:test_verify_duplicate_network_nics): 200 GET http://10.180.1.21/compute/v2.1/servers/8b358027-b975-4a9d-b660-df3eeb083a8f 2.683s
2025-01-13 20:24:17.229 67752 INFO tempest.lib.common.rest_client [req-b4fa40aa-68f0-4563-9d2b-365d93a9c7e2 req-b4fa40aa-68f0-4563-9d2b-365d93a9c7e2 ] Request (ImagesMetadataNegativeTestJSON:test_delete_nonexistent_image_metadata_item): 404 DELETE http://10.180.1.21/compute/v2.1/images/d4adf92b-1af1-4eb6-a03a-202db18f71c3/metadata/os_distro 2.637s
2025-01-13 20:24:17.337 67770 INFO tempest.lib.common.rest_client [req-b88d9016-3af9-4e14-af38-84091c2ca59e req-b88d9016-3af9-4e14-af38-84091c2ca59e ] Request (VolumesAssistedSnapshotsTest:test_volume_assisted_snapshot_create_delete): 202 POST http://10.180.1.21/compute/v2.1/servers 2.940s
2025-01-13 20:24:17.363 67724 INFO tempest.lib.common.rest_client [req-b31d74ba-2945-4df8-bf5a-3fde9d443bdc req-b31d74ba-2945-4df8-bf5a-3fde9d443bdc ] Request (FlavorsAdminTestJSON:_run_cleanups): 200 GET http://10.180.1.21/compute/v2.1/flavors/detail 2.672s
2025-01-13 20:24:17.464 67720 INFO tempest.lib.common.rest_client [req-ea535fb2-daff-4870-8801-bd2b6cb8c9db req-ea535fb2-daff-4870-8801-bd2b6cb8c9db ] Request (DeleteServersAdminTestJSON:test_admin_delete_servers_of_others): 204 DELETE http://10.180.1.21/compute/v2.1/servers/537cbf67-bf0b-4f58-afa0-dc9b4fa0e3cb 2.784s
2025-01-13 20:24:17.554 67764 INFO tempest.lib.common.rest_client [req-638d8535-62bd-474d-b840-99f0d2a1bc07 req-638d8535-62bd-474d-b840-99f0d2a1bc07 ] Request (InstanceUsageAuditLogTestJSON:test_get_instance_usage_audit_log): 200 GET http://10.180.1.21/compute/v2.1/os-instance_usage_audit_log/2025-01-13%2020%3A24%3A14 2.584s
2025-01-13 20:24:17.597 67750 INFO tempest.lib.common.rest_client [req-981bbd95-9365-4cb0-b25e-c2ba1cff5d8f req-981bbd95-9365-4cb0-b25e-c2ba1cff5d8f ] Request (MigrationsAdminTest:test_list_migrations_in_flavor_resize_situation): 202 POST http://10.180.1.21/compute/v2.1/servers/1f121468-f5a8-4784-bd54-ed67670f4318/action 2.728s
2025-01-13 20:24:17.605 67718 INFO tempest.lib.common.rest_client [req-c2b4545e-c60a-45a8-a818-db3928eba7ff req-c2b4545e-c60a-45a8-a818-db3928eba7ff ] Request (HostsAdminNegativeTestJSON:test_update_host_with_non_admin_user): 403 PUT http://10.180.1.21/compute/v2.1/os-hosts/devstack 2.518s
2025-01-13 20:24:17.641 67776 INFO tempest.lib.common.rest_client [req-964b9ed5-a018-451d-9392-14ac507a29f1 req-964b9ed5-a018-451d-9392-14ac507a29f1 ] Request (FloatingIPsNegativeTestJSON:test_delete_nonexistent_floating_ip): 404 DELETE http://10.180.1.21/compute/v2.1/os-floating-ips/0351d198-bf54-4db8-adb0-45613d24fe3a 2.449s
2025-01-13 20:24:17.897 67734 INFO tempest.lib.common.rest_client [req-ab0108e2-b694-4513-8a3b-457d5c3fd7d2 req-ab0108e2-b694-4513-8a3b-457d5c3fd7d2 ] Request (ListImageFiltersTestJSON:setUpClass): 202 POST http://10.180.1.21/compute/v2.1/servers 2.652s
2025-01-13 20:24:17.980 67744 INFO tempest.lib.common.rest_client [req-050a7237-27b8-4390-81b8-32fbb3f5afc1 req-050a7237-27b8-4390-81b8-32fbb3f5afc1 ] Request (FlavorsAccessNegativeTestJSON:test_flavor_non_admin_add): 403 POST http://10.180.1.21/compute/v2.1/flavors/1049728776/action 2.717s
2025-01-13 20:24:18.011 67766 INFO tempest.lib.common.rest_client [req-fbeb82f6-d615-47e2-918c-1d61bb66436f req-fbeb82f6-d615-47e2-918c-1d61bb66436f ] Request (AggregatesAdminNegativeTestJSON:_run_cleanups): 200 DELETE http://10.180.1.21/compute/v2.1/os-aggregates/3 2.726s
2025-01-13 20:24:18.024 67738 INFO tempest.lib.common.rest_client [req-67314e7d-db1f-4564-85bc-efa4e768c143 req-67314e7d-db1f-4564-85bc-efa4e768c143 ] Request (MultipleCreateNegativeTestJSON:test_min_count_less_than_one): 400 POST http://10.180.1.21/compute/v2.1/servers 2.709s
2025-01-13 20:24:18.191 67734 INFO tempest.lib.common.rest_client [req-d5aa3659-968a-49b1-816d-aafc02d279b6 req-d5aa3659-968a-49b1-816d-aafc02d279b6 ] Request (ListImageFiltersTestJSON:setUpClass): 201 POST http://10.180.1.21/identity/v3/auth/tokens 0.288s
2025-01-13 20:24:18.192 67734 INFO tempest.lib.common.fixed_network [-] (ListImageFiltersTestJSON:setUpClass) Found network None available for tenant
2025-01-13 20:24:18.203 67738 INFO tempest.lib.common.rest_client [req-7b70e64b-b471-4678-9164-b87e5ec35989 req-7b70e64b-b471-4678-9164-b87e5ec35989 ] Request (MultipleCreateNegativeTestJSON:test_min_count_non_integer): 201 POST http://10.180.1.21/identity/v3/auth/tokens 0.173s
2025-01-13 20:24:18.204 67738 INFO tempest.lib.common.fixed_network [-] (MultipleCreateNegativeTestJSON:test_min_count_non_integer) Found network None available for tenant
2025-01-13 20:24:18.623 67736 INFO tempest.lib.common.rest_client [req-72699433-7cdc-4ea7-9687-066c13683f85 req-72699433-7cdc-4ea7-9687-066c13683f85 ] Request (ImagesOneServerTestJSON:setUpClass): 202 POST http://10.180.1.21/compute/v2.1/servers 3.071s
2025-01-13 20:24:18.629 67742 INFO tempest.lib.common.rest_client [req-05f79160-6d66-44f5-8b04-5894f601005d req-05f79160-6d66-44f5-8b04-5894f601005d ] Request (HypervisorAdminNegativeTestJSON:test_get_hypervisor_uptime_with_non_admin_user): 403 GET http://10.180.1.21/compute/v2.1/os-hypervisors/1/uptime 3.072s
2025-01-13 20:24:18.716 67760 INFO tempest.lib.common.rest_client [req-e8490f63-cc11-4342-908d-ba98676ef989 req-e8490f63-cc11-4342-908d-ba98676ef989 ] Request (ServerActionsTestOtherB:setUpClass): 200 GET http://10.180.1.21/compute/v2.1/servers/54bc8105-3911-46d8-a378-3edcd817e1ba/os-interface 2.852s
2025-01-13 20:24:18.731 67757 INFO tempest.lib.common.rest_client [req-134f2680-cfa4-4478-a487-6298a0bf1974 req-134f2680-cfa4-4478-a487-6298a0bf1974 ] Request (FloatingIPDetailsTestJSON:tearDownClass): 202 DELETE http://10.180.1.21/compute/v2.1/os-floating-ips/3cb29793-6b78-468b-9bdb-9fb168825112 3.654s
2025-01-13 20:24:18.761 67762 INFO tempest.lib.common.rest_client [req-f0592c35-ad69-4109-babd-fe8e87f21a10 req-f0592c35-ad69-4109-babd-fe8e87f21a10 ] Request (FlavorsExtraSpecsTestJSON:tearDownClass): 202 DELETE http://10.180.1.21/compute/v2.1/flavors/1731591503 2.769s
2025-01-13 20:24:18.956 67732 INFO tempest.lib.common.rest_client [req-02026179-88a9-4bd8-8a1d-4b49dadec054 req-02026179-88a9-4bd8-8a1d-4b49dadec054 ] Request (SecurityGroupsTestAdminJSON:test_list_security_groups_list_all_tenants_filter): 200 GET http://10.180.1.21/compute/v2.1/os-security-groups?all_tenants=true 2.976s
2025-01-13 20:24:19.027 67772 INFO tempest.lib.common.rest_client [req-03abe69d-be27-4603-bbdc-73cde7f88d64 req-03abe69d-be27-4603-bbdc-73cde7f88d64 ] Request (ImagesMetadataTestJSON:setUp): 200 PUT http://10.180.1.21/compute/v2.1/images/957a3168-5f55-463f-abbf-7a1e6f4eccf6/metadata 2.983s
2025-01-13 20:24:19.049 67746 INFO tempest.lib.common.rest_client [req-1a0f3db7-958a-46f5-a352-da1c29724ead req-1a0f3db7-958a-46f5-a352-da1c29724ead ] Request (ServersWithSpecificFlavorTestJSON:test_verify_created_server_ephemeral_disk): 200 GET http://10.180.1.21/compute/v2.1/flavors/42/os-extra_specs 2.916s
2025-01-13 20:24:19.061 67740 INFO tempest.lib.common.rest_client [req-d25aee38-052a-4606-b140-afe4d1feb9e2 req-d25aee38-052a-4606-b140-afe4d1feb9e2 ] Request (QuotasAdminNegativeTest:test_update_quota_normal_user): 403 PUT http://10.180.1.21/compute/v2.1/os-quota-sets/908971a6416a4eba911245e58c08a8b7 2.728s
2025-01-13 20:24:19.070 67748 INFO tempest.lib.common.rest_client [req-03b1dbd9-f670-4c62-a324-ba98ec59fad8 req-03b1dbd9-f670-4c62-a324-ba98ec59fad8 ] Request (QuotasAdminTestJSON:test_get_default_quotas): 200 GET http://10.180.1.21/compute/v2.1/os-quota-sets/b7e4c8b04ba646f6927de16f69940e6d/defaults 2.977s
2025-01-13 20:24:19.100 67748 INFO tempest.lib.common.rest_client [req-6a0a6a4b-95f6-43d5-ba0c-87c4c6f478c7 req-6a0a6a4b-95f6-43d5-ba0c-87c4c6f478c7 ] Request (QuotasAdminTestJSON:test_get_updated_quotas): 200 GET http://10.180.1.21/identity/v3/domains?name=Default 0.025s
2025-01-13 20:24:19.140 67748 INFO tempest.lib.common.rest_client [req-d7a91c20-f4db-4245-b191-71ce6f47b3d9 req-d7a91c20-f4db-4245-b191-71ce6f47b3d9 ] Request (QuotasAdminTestJSON:test_get_updated_quotas): 201 POST http://10.180.1.21/identity/v3/projects 0.040s
2025-01-13 20:24:19.201 67748 INFO tempest.lib.common.rest_client [req-36fe7bef-2172-48b3-a842-9e8f18be1e38 req-36fe7bef-2172-48b3-a842-9e8f18be1e38 ] Request (QuotasAdminTestJSON:test_get_updated_quotas): 200 GET http://10.180.1.21/identity/v3/domains?name=Default 0.060s
2025-01-13 20:24:19.275 67740 INFO tempest.lib.common.rest_client [req-48d3e09e-7440-4e2b-a13c-af22a2c2fc8e req-48d3e09e-7440-4e2b-a13c-af22a2c2fc8e ] Request (QuotasAdminNegativeTest:tearDownClass): 204 DELETE http://10.180.1.21/identity/v3/users/4801bd96b1804696ab6bb9dcb026b8ff 0.213s
2025-01-13 20:24:19.315 67776 INFO tempest.lib.common.rest_client [req-e8cb60c5-c9de-402c-b9ac-846f8f82897b req-e8cb60c5-c9de-402c-b9ac-846f8f82897b ] Request (FloatingIPsNegativeTestJSON:tearDownClass): 200 PUT http://10.180.1.21:9696/networking/v2.0/routers/855625d2-68c0-41bc-a834-c91728acd097/remove_router_interface 1.672s
2025-01-13 20:24:19.349 67758 INFO tempest.lib.common.rest_client [req-031b2e75-099f-47fd-8844-a2f2d9f86384 req-031b2e75-099f-47fd-8844-a2f2d9f86384 ] Request (AttachInterfacesV270Test:test_create_get_list_interfaces): 200 GET http://10.180.1.21/compute/v2.1/servers/8ac3fac5-a4f3-4d32-a2e7-d1e621b58df2 2.484s
2025-01-13 20:24:19.371 67740 INFO tempest.lib.common.rest_client [req-6f327bc2-3c00-441d-b7bf-b40cf5b6108c req-6f327bc2-3c00-441d-b7bf-b40cf5b6108c ] Request (QuotasAdminNegativeTest:tearDownClass): 204 DELETE http://10.180.1.21/identity/v3/users/8baeb7f80f3b456a988ed51971b42055 0.096s
2025-01-13 20:24:19.372 67740 INFO tempest.lib.common.dynamic_creds [-] Deleting project and security group for project: 80f003cc159848e685ad6c098fab4af8
2025-01-13 20:24:19.427 67740 INFO tempest.lib.common.rest_client [req-2c517d4f-e59e-491d-945d-a68a0342954f req-2c517d4f-e59e-491d-945d-a68a0342954f ] Request (QuotasAdminNegativeTest:tearDownClass): 201 POST http://10.180.1.21/identity/v3/auth/tokens 0.055s
2025-01-13 20:24:19.498 67722 INFO tempest.lib.common.rest_client [req-af9d5f65-7fad-4ebf-8da2-2b00a6624500 req-af9d5f65-7fad-4ebf-8da2-2b00a6624500 ] Request (ListImageFiltersNegativeTestJSON:test_get_nonexistent_image): 404 GET http://10.180.1.21/compute/v2.1/images/a91c0e8f-ba44-4474-aa28-8fe0ca705f5c 2.549s
2025-01-13 20:24:19.567 67722 INFO tempest.lib.common.rest_client [req-69bdf01e-d35a-4432-9a43-34eb5bedf78c req-69bdf01e-d35a-4432-9a43-34eb5bedf78c ] Request (ListImageFiltersNegativeTestJSON:tearDownClass): 204 DELETE http://10.180.1.21/identity/v3/users/e54a7618dd204c54bbe82d52bd339c13 0.063s
2025-01-13 20:24:19.567 67722 INFO tempest.lib.common.dynamic_creds [-] Deleting project and security group for project: 51422b61164147338a9f0dcad4968e7a
2025-01-13 20:24:19.634 67722 INFO tempest.lib.common.rest_client [req-66ea6a1b-25b5-4042-87fb-c05f7684d36d req-66ea6a1b-25b5-4042-87fb-c05f7684d36d ] Request (ListImageFiltersNegativeTestJSON:tearDownClass): 201 POST http://10.180.1.21/identity/v3/auth/tokens 0.066s
2025-01-13 20:24:19.707 67740 INFO tempest.lib.common.rest_client [req-915174aa-c906-47f2-9d3b-916f256f7f02 req-915174aa-c906-47f2-9d3b-916f256f7f02 ] Request (QuotasAdminNegativeTest:tearDownClass): 200 GET http://10.180.1.21:9696/networking/v2.0/security-groups?tenant_id=80f003cc159848e685ad6c098fab4af8&name=default 0.279s
2025-01-13 20:24:19.800 67760 INFO tempest.lib.common.rest_client [req-43cba853-50d5-49bb-8dcf-a68ad531e687 req-43cba853-50d5-49bb-8dcf-a68ad531e687 ] Request (ServerActionsTestOtherB:setUpClass): 200 PUT http://10.180.1.21:9696/networking/v2.0/floatingips/b8411b10-339a-4006-9381-e050efba20e6 1.080s
2025-01-13 20:24:19.801 67760 INFO tempest.lib.common.ssh [-] Creating ssh connection to '10.180.180.183:22' as 'cirros' with public key authentication
2025-01-13 20:24:19.838 67730 INFO tempest.lib.common.rest_client [req-c4157c2c-92e9-4b3b-8261-a76c05de7ca8 req-c4157c2c-92e9-4b3b-8261-a76c05de7ca8 ] Request (SecurityGroupRulesTestJSON:test_security_group_rules_create): 200 POST http://10.180.1.21/compute/v2.1/os-security-groups 2.879s
2025-01-13 20:24:19.899 67740 INFO tempest.lib.common.rest_client [req-ed597988-9502-4ee9-a510-397c71bcf81d req-ed597988-9502-4ee9-a510-397c71bcf81d ] Request (QuotasAdminNegativeTest:tearDownClass): 204 DELETE http://10.180.1.21:9696/networking/v2.0/security-groups/5f86e088-5046-4876-876c-9df4e9a11d9b 0.192s
2025-01-13 20:24:19.977 67740 INFO tempest.lib.common.rest_client [req-5a1552bc-1422-4826-b2a9-8c6cb594ee8d req-5a1552bc-1422-4826-b2a9-8c6cb594ee8d ] Request (QuotasAdminNegativeTest:tearDownClass): 204 DELETE http://10.180.1.21/identity/v3/projects/80f003cc159848e685ad6c098fab4af8 0.077s
2025-01-13 20:24:19.978 67740 INFO tempest.lib.common.dynamic_creds [-] Deleting project and security group for project: 908971a6416a4eba911245e58c08a8b7
2025-01-13 20:24:20.040 67776 INFO tempest.lib.common.rest_client [req-57ba3f77-d959-4fac-9edc-35f71480b97c req-57ba3f77-d959-4fac-9edc-35f71480b97c ] Request (FloatingIPsNegativeTestJSON:tearDownClass): 204 DELETE http://10.180.1.21:9696/networking/v2.0/routers/855625d2-68c0-41bc-a834-c91728acd097 0.724s
2025-01-13 20:24:20.061 67722 INFO tempest.lib.common.rest_client [req-cb70549a-26c5-42ba-a1f2-ec2b6041ac67 req-cb70549a-26c5-42ba-a1f2-ec2b6041ac67 ] Request (ListImageFiltersNegativeTestJSON:tearDownClass): 200 GET http://10.180.1.21:9696/networking/v2.0/security-groups?tenant_id=51422b61164147338a9f0dcad4968e7a&name=default 0.426s
2025-01-13 20:24:20.093 67716 INFO tempest.lib.common.rest_client [req-982bb8bc-912c-48b4-8312-36fc00b07a02 req-982bb8bc-912c-48b4-8312-36fc00b07a02 ] Request (FloatingIPsAssociationTestJSON:setUpClass): 200 GET http://10.180.1.21/compute/v2.1/servers/53b30256-2715-49d3-a6c5-836c29d6769b 2.914s
2025-01-13 20:24:20.117 67752 INFO tempest.lib.common.rest_client [req-1f578658-b0fd-4cd1-b7d3-869cc22c1a37 req-1f578658-b0fd-4cd1-b7d3-869cc22c1a37 ] Request (ImagesMetadataNegativeTestJSON:test_get_nonexistent_image_metadata_item): 404 GET http://10.180.1.21/compute/v2.1/images/f44e3e1a-573f-43be-8916-5c4e84c4bb54/metadata/os_version 2.885s
2025-01-13 20:24:20.148 67768 INFO tempest.lib.common.rest_client [req-b93b9ed4-5087-47ee-878d-1c098d4ef485 req-b93b9ed4-5087-47ee-878d-1c098d4ef485 ] Request (FloatingIPsAssociationNegativeTestJSON:test_associate_ip_to_server_with_floating_ip): 200 POST http://10.180.1.21/compute/v2.1/os-floating-ips 3.471s
2025-01-13 20:24:20.161 67776 INFO tempest.lib.common.rest_client [req-211b74d0-a666-49fc-acf1-9a7a63f236cf req-211b74d0-a666-49fc-acf1-9a7a63f236cf ] Request (FloatingIPsNegativeTestJSON:tearDownClass): 204 DELETE http://10.180.1.21:9696/networking/v2.0/subnets/9849cbd7-493b-41a8-b3e5-15a048e0548d 0.121s
2025-01-13 20:24:20.178 67724 INFO tempest.lib.common.rest_client [req-09a44e1e-24ee-4b16-aada-66528e70ecac req-09a44e1e-24ee-4b16-aada-66528e70ecac ] Request (FlavorsAdminTestJSON:test_create_flavor_with_uuid_id): 200 POST http://10.180.1.21/compute/v2.1/flavors 2.809s
2025-01-13 20:24:20.211 67770 INFO tempest.lib.common.rest_client [req-61fe291f-2054-475e-a782-d319ef54a9ef req-61fe291f-2054-475e-a782-d319ef54a9ef ] Request (VolumesAssistedSnapshotsTest:test_volume_assisted_snapshot_create_delete): 200 GET http://10.180.1.21/compute/v2.1/servers/d44beaef-e5f0-4b0b-84e4-274a0728302a 2.872s
2025-01-13 20:24:20.412 67740 INFO tempest.lib.common.rest_client [req-5a50c695-4cee-44fa-ae71-4c7da25d2c51 req-5a50c695-4cee-44fa-ae71-4c7da25d2c51 ] Request (QuotasAdminNegativeTest:tearDownClass): 200 GET http://10.180.1.21:9696/networking/v2.0/security-groups?tenant_id=908971a6416a4eba911245e58c08a8b7&name=default 0.434s
2025-01-13 20:24:20.437 67722 INFO tempest.lib.common.rest_client [req-a326d1bf-b77b-4cc2-b9e3-efe02a88d229 req-a326d1bf-b77b-4cc2-b9e3-efe02a88d229 ] Request (ListImageFiltersNegativeTestJSON:tearDownClass): 204 DELETE http://10.180.1.21:9696/networking/v2.0/security-groups/52bfcd86-6bdb-49bd-a34b-eb848eb4d761 0.376s
2025-01-13 20:24:20.461 67720 INFO tempest.lib.common.rest_client [req-d4007643-6883-4f10-96a3-60bfe3c43990 req-d4007643-6883-4f10-96a3-60bfe3c43990 ] Request (DeleteServersAdminTestJSON:test_admin_delete_servers_of_others): 200 GET http://10.180.1.21/compute/v2.1/servers/537cbf67-bf0b-4f58-afa0-dc9b4fa0e3cb 2.996s
2025-01-13 20:24:20.480 67764 INFO tempest.lib.common.rest_client [req-8034e24d-b8bd-4a93-aab1-51fd3a6d2e5a req-8034e24d-b8bd-4a93-aab1-51fd3a6d2e5a ] Request (InstanceUsageAuditLogTestJSON:test_list_instance_usage_audit_logs): 200 GET http://10.180.1.21/compute/v2.1/os-instance_usage_audit_log 2.921s
2025-01-13 20:24:20.547 67722 INFO tempest.lib.common.rest_client [req-96a485b6-b9d8-41ce-910c-0b306e37fd9a req-96a485b6-b9d8-41ce-910c-0b306e37fd9a ] Request (ListImageFiltersNegativeTestJSON:tearDownClass): 204 DELETE http://10.180.1.21/identity/v3/projects/51422b61164147338a9f0dcad4968e7a 0.109s
2025-01-13 20:24:20.559 67776 INFO tempest.lib.common.rest_client [req-1d7795b8-bb78-4e17-bc80-70b8b9a5ffeb req-1d7795b8-bb78-4e17-bc80-70b8b9a5ffeb ] Request (FloatingIPsNegativeTestJSON:tearDownClass): 204 DELETE http://10.180.1.21:9696/networking/v2.0/networks/b2e4fafb-6628-436b-a5b0-41aed28044bb 0.397s
2025-01-13 20:24:20.572 67726 INFO tempest.lib.common.rest_client [req-161ea8a6-04c5-4e9e-80c1-e832dacbcf4e req-161ea8a6-04c5-4e9e-80c1-e832dacbcf4e ] Request (ImagesTestJSON:test_create_image_from_stopped_server): 200 GET http://10.180.1.21/compute/v2.1/servers/14d0291d-c7db-4543-aab0-8fcc66fccfc8 3.097s
2025-01-13 20:24:20.578 67718 INFO tempest.lib.common.rest_client [req-26557f2d-ef50-4d7b-aef4-7d84270b2a65 req-26557f2d-ef50-4d7b-aef4-7d84270b2a65 ] Request (HostsAdminNegativeTestJSON:test_update_host_without_param): 400 PUT http://10.180.1.21/compute/v2.1/os-hosts/devstack 2.972s
2025-01-13 20:24:20.660 67740 INFO tempest.lib.common.rest_client [req-07c58773-a48a-443b-8bc1-15e3d6cbdce4 req-07c58773-a48a-443b-8bc1-15e3d6cbdce4 ] Request (QuotasAdminNegativeTest:tearDownClass): 204 DELETE http://10.180.1.21:9696/networking/v2.0/security-groups/cbf67f81-f840-435f-9480-3f9c28c856ca 0.248s
2025-01-13 20:24:20.660 67764 INFO tempest.lib.common.rest_client [req-1948b68b-2d5e-45ea-8912-cde4c85d94e2 req-1948b68b-2d5e-45ea-8912-cde4c85d94e2 ] Request (InstanceUsageAuditLogTestJSON:tearDownClass): 204 DELETE http://10.180.1.21/identity/v3/users/c5f675febe6f4a08850f48b1256d34d9 0.173s
2025-01-13 20:24:20.668 67750 INFO tempest.lib.common.rest_client [req-d76979bb-be85-4fb5-b9f0-2328e92a35aa req-d76979bb-be85-4fb5-b9f0-2328e92a35aa ] Request (MigrationsAdminTest:test_list_migrations_in_flavor_resize_situation): 200 GET http://10.180.1.21/compute/v2.1/servers/1f121468-f5a8-4784-bd54-ed67670f4318 3.070s
2025-01-13 20:24:20.683 67722 INFO tempest.lib.common.rest_client [req-d3384d76-4344-459c-92d2-5127f3cd5ba9 req-d3384d76-4344-459c-92d2-5127f3cd5ba9 ] Request (ListServerFiltersTestJSON:setUpClass): 201 POST http://10.180.1.21/identity/v3/auth/tokens 0.133s
2025-01-13 20:24:20.725 67728 INFO tempest.lib.common.rest_client [req-ec957981-79f1-472d-a1d0-2ac270e5d123 req-ec957981-79f1-472d-a1d0-2ac270e5d123 ] Request (ServersAaction247Test:test_create_backup): 200 GET http://10.180.1.21/compute/v2.1/servers/07724b49-3d2e-4eb0-bd70-def5a44d8125 2.915s
2025-01-13 20:24:20.746 67744 INFO tempest.lib.common.rest_client [req-503b393a-adc9-478e-985d-1b654ead502d req-503b393a-adc9-478e-985d-1b654ead502d ] Request (FlavorsAccessNegativeTestJSON:_run_cleanups): 202 DELETE http://10.180.1.21/compute/v2.1/flavors/1049728776 2.766s
2025-01-13 20:24:20.753 67766 INFO tempest.lib.common.rest_client [req-46c732a2-370d-48e0-88af-a228e45d8105 req-46c732a2-370d-48e0-88af-a228e45d8105 ] Request (AggregatesAdminNegativeTestJSON:test_aggregate_create_aggregate_name_length_exceeds_255): 400 POST http://10.180.1.21/compute/v2.1/os-aggregates 2.741s
2025-01-13 20:24:20.769 67764 INFO tempest.lib.common.rest_client [req-7a8ff38f-542b-4bd9-a57d-9c33774d4a19 req-7a8ff38f-542b-4bd9-a57d-9c33774d4a19 ] Request (InstanceUsageAuditLogTestJSON:tearDownClass): 204 DELETE http://10.180.1.21/identity/v3/users/6d5ad9d5462a4769997e9c3499955c6d 0.108s
2025-01-13 20:24:20.770 67764 INFO tempest.lib.common.dynamic_creds [-] Deleting project and security group for project: f0d74e980dac4b02b41421310f8f1b99
2025-01-13 20:24:20.770 67776 INFO tempest.lib.common.rest_client [req-2ee3529e-baf8-4137-bcae-c06660d3c8b9 req-2ee3529e-baf8-4137-bcae-c06660d3c8b9 ] Request (FloatingIPsNegativeTestJSON:tearDownClass): 204 DELETE http://10.180.1.21/identity/v3/users/216908cfe3dd45408651fed4aaf3eca3 0.210s
2025-01-13 20:24:20.770 67776 INFO tempest.lib.common.dynamic_creds [-] Deleting project and security group for project: f3e3e36e1315455c96ec3d53825ec665
2025-01-13 20:24:20.795 67774 INFO tempest.lib.common.rest_client [req-8367d2e4-49be-4804-9d01-df59cb8037b6 req-8367d2e4-49be-4804-9d01-df59cb8037b6 ] Request (InstanceActionsTestJSON:setUpClass): 200 GET http://10.180.1.21/compute/v2.1/servers/a4377c81-fb5e-4fca-90d7-f58fd40ff382 3.063s
2025-01-13 20:24:20.807 67774 INFO tempest.common.waiters [-] State transition "BUILD/networking" ==> "BUILD/spawning" after 8 second wait
2025-01-13 20:24:20.808 67776 INFO tempest.lib.common.rest_client [req-981125f4-096c-4eff-bfe9-994735777ac2 req-981125f4-096c-4eff-bfe9-994735777ac2 ] Request (FloatingIPsNegativeTestJSON:tearDownClass): 200 GET http://10.180.1.21:9696/networking/v2.0/security-groups?tenant_id=f3e3e36e1315455c96ec3d53825ec665&name=default 0.038s
2025-01-13 20:24:20.838 67722 INFO tempest.lib.common.rest_client [req-625519ac-f702-4179-8c31-022b7521d1e5 req-625519ac-f702-4179-8c31-022b7521d1e5 ] Request (ListServerFiltersTestJSON:setUpClass): 201 POST http://10.180.1.21/identity/v3/auth/tokens 0.153s
2025-01-13 20:24:20.867 67764 INFO tempest.lib.common.rest_client [req-1000f970-132d-47f3-b670-962652d87370 req-1000f970-132d-47f3-b670-962652d87370 ] Request (InstanceUsageAuditLogTestJSON:tearDownClass): 201 POST http://10.180.1.21/identity/v3/auth/tokens 0.097s
2025-01-13 20:24:20.891 67722 INFO tempest.lib.common.rest_client [req-f973f2e2-2992-4250-8783-f6bbae286ddb req-f973f2e2-2992-4250-8783-f6bbae286ddb ] Request (ListServerFiltersTestJSON:setUpClass): 200 GET http://10.180.1.21/identity/v3/domains?name=Default 0.052s
2025-01-13 20:24:20.922 67740 INFO tempest.lib.common.rest_client [req-5ac76231-2cf6-4f81-93a8-0cf7c67d25a5 req-5ac76231-2cf6-4f81-93a8-0cf7c67d25a5 ] Request (QuotasAdminNegativeTest:tearDownClass): 204 DELETE http://10.180.1.21/identity/v3/projects/908971a6416a4eba911245e58c08a8b7 0.262s
2025-01-13 20:24:20.953 67776 INFO tempest.lib.common.rest_client [req-80724480-dd71-4054-9b5a-b938e6c25ae1 req-80724480-dd71-4054-9b5a-b938e6c25ae1 ] Request (FloatingIPsNegativeTestJSON:tearDownClass): 204 DELETE http://10.180.1.21:9696/networking/v2.0/security-groups/3cafc868-f60f-4278-8d31-59db21fda4c5 0.144s
2025-01-13 20:24:20.980 67754 INFO tempest.lib.common.rest_client [req-3069d580-7560-4f8b-b57f-9f19c2216aab req-3069d580-7560-4f8b-b57f-9f19c2216aab ] Request (ServersTestMultiNic:test_verify_duplicate_network_nics): 200 GET http://10.180.1.21/compute/v2.1/servers/8b358027-b975-4a9d-b660-df3eeb083a8f 2.856s
2025-01-13 20:24:20.991 67754 INFO tempest.common.waiters [-] State transition "BUILD/None" ==> "BUILD/spawning" after 3 second wait
2025-01-13 20:24:20.991 67722 INFO tempest.lib.common.rest_client [req-026245a9-8fe4-4bbc-9fe3-2853626ac7aa req-026245a9-8fe4-4bbc-9fe3-2853626ac7aa ] Request (ListServerFiltersTestJSON:setUpClass): 201 POST http://10.180.1.21/identity/v3/projects 0.099s
2025-01-13 20:24:21.036 67778 INFO tempest.lib.common.rest_client [req-584a6d7d-d51a-44ed-9dcc-23c87b3ef0c8 req-584a6d7d-d51a-44ed-9dcc-23c87b3ef0c8 ] Request (ServersAdminTestJSON:setUpClass): 200 GET http://10.180.1.21/compute/v2.1/servers/8d8fa858-1ed7-49a0-8c35-6fc828fab7ac 2.983s
2025-01-13 20:24:21.043 67738 INFO tempest.lib.common.rest_client [req-0fed0127-a57f-4b6e-b0e3-ab202e77a161 req-0fed0127-a57f-4b6e-b0e3-ab202e77a161 ] Request (MultipleCreateNegativeTestJSON:test_min_count_non_integer): 400 POST http://10.180.1.21/compute/v2.1/servers 2.838s
2025-01-13 20:24:21.048 67740 INFO tempest.lib.common.rest_client [req-84f527df-5e3f-4cfc-807d-c124b1d9549a req-84f527df-5e3f-4cfc-807d-c124b1d9549a ] Request (ServersAdmin275Test:setUpClass): 201 POST http://10.180.1.21/identity/v3/auth/tokens 0.124s
2025-01-13 20:24:21.074 67722 INFO tempest.lib.common.rest_client [req-c333753e-48f0-4b06-acd1-52ffd9cc11c8 req-c333753e-48f0-4b06-acd1-52ffd9cc11c8 ] Request (ListServerFiltersTestJSON:setUpClass): 201 POST http://10.180.1.21/identity/v3/users 0.083s
2025-01-13 20:24:21.115 67776 INFO tempest.lib.common.rest_client [req-2120d665-eb38-4034-87c3-20c927ae9eb4 req-2120d665-eb38-4034-87c3-20c927ae9eb4 ] Request (FloatingIPsNegativeTestJSON:tearDownClass): 204 DELETE http://10.180.1.21/identity/v3/projects/f3e3e36e1315455c96ec3d53825ec665 0.161s
2025-01-13 20:24:21.140 67764 INFO tempest.lib.common.rest_client [req-eee85dd1-2b2b-45bb-a012-4e7c9eade07e req-eee85dd1-2b2b-45bb-a012-4e7c9eade07e ] Request (InstanceUsageAuditLogTestJSON:tearDownClass): 200 GET http://10.180.1.21:9696/networking/v2.0/security-groups?tenant_id=f0d74e980dac4b02b41421310f8f1b99&name=default 0.272s
2025-01-13 20:24:21.147 67736 INFO tempest.lib.common.rest_client [req-98846772-326e-4f6d-8e02-36cfcad1a06d req-98846772-326e-4f6d-8e02-36cfcad1a06d ] Request (ImagesOneServerTestJSON:setUpClass): 200 GET http://10.180.1.21/compute/v2.1/servers/14eb14ad-c9a6-4f62-a9a0-65164479e188 2.522s
2025-01-13 20:24:21.156 67742 INFO tempest.lib.common.rest_client [req-abac1dcb-1481-49b7-814f-0124257dbb2f req-abac1dcb-1481-49b7-814f-0124257dbb2f ] Request (HypervisorAdminNegativeTestJSON:test_get_nonexistent_hypervisor_uptime): 404 GET http://10.180.1.21/compute/v2.1/os-hypervisors/5d0b705d-5ba5-41fe-a7b8-b47432c766b6/uptime 2.525s
2025-01-13 20:24:21.166 67738 INFO tempest.lib.common.rest_client [req-da4acbae-92aa-4293-9855-273cec95c551 req-da4acbae-92aa-4293-9855-273cec95c551 ] Request (MultipleCreateNegativeTestJSON:tearDownClass): 204 DELETE http://10.180.1.21/identity/v3/users/7aeed146b835418b984f31e176a3615a 0.121s
2025-01-13 20:24:21.166 67738 INFO tempest.lib.common.dynamic_creds [-] Deleting project and security group for project: 6ab5ec4abd8047808cb1493d6c61a888
2025-01-13 20:24:21.190 67740 INFO tempest.lib.common.rest_client [req-b2940bd0-62d4-4e87-9756-47ce165dd02d req-b2940bd0-62d4-4e87-9756-47ce165dd02d ] Request (ServersAdmin275Test:setUpClass): 201 POST http://10.180.1.21/identity/v3/auth/tokens 0.140s
2025-01-13 20:24:21.216 67776 INFO tempest.lib.common.rest_client [req-d38c37b0-29c2-4a13-b086-01e5d5fc4331 req-d38c37b0-29c2-4a13-b086-01e5d5fc4331 ] Request (SecurityGroupRulesNegativeTestJSON:setUpClass): 201 POST http://10.180.1.21/identity/v3/auth/tokens 0.100s
2025-01-13 20:24:21.223 67722 INFO tempest.lib.common.rest_client [req-311b3445-0063-4137-af91-2cf2d51055d8 req-311b3445-0063-4137-af91-2cf2d51055d8 ] Request (ListServerFiltersTestJSON:setUpClass): 200 GET http://10.180.1.21/identity/v3/roles 0.148s
2025-01-13 20:24:21.244 67738 INFO tempest.lib.common.rest_client [req-cbbf8ea2-9d04-4f05-9e7a-08a083ed1c18 req-cbbf8ea2-9d04-4f05-9e7a-08a083ed1c18 ] Request (MultipleCreateNegativeTestJSON:tearDownClass): 201 POST http://10.180.1.21/identity/v3/auth/tokens 0.078s
2025-01-13 20:24:21.244 67764 INFO tempest.lib.common.rest_client [req-281e5ba8-c12b-4553-beac-0006c442d3d4 req-281e5ba8-c12b-4553-beac-0006c442d3d4 ] Request (InstanceUsageAuditLogTestJSON:tearDownClass): 204 DELETE http://10.180.1.21:9696/networking/v2.0/security-groups/339c829b-8c5f-4856-af65-0b4c10046357 0.104s
2025-01-13 20:24:21.247 67740 INFO tempest.lib.common.rest_client [req-f639b11f-c5e7-4a76-8e8f-1cb374c62f46 req-f639b11f-c5e7-4a76-8e8f-1cb374c62f46 ] Request (ServersAdmin275Test:setUpClass): 200 GET http://10.180.1.21/identity/v3/domains?name=Default 0.057s
2025-01-13 20:24:21.258 67734 INFO tempest.lib.common.rest_client [req-f94591a5-ec74-4e32-b2f2-e11983b7fe8e req-f94591a5-ec74-4e32-b2f2-e11983b7fe8e ] Request (ListImageFiltersTestJSON:setUpClass): 202 POST http://10.180.1.21/compute/v2.1/servers 3.065s
2025-01-13 20:24:21.268 67776 INFO tempest.lib.common.rest_client [req-27a9e7da-6c54-4d78-8553-1e3b2fbdcd9f req-27a9e7da-6c54-4d78-8553-1e3b2fbdcd9f ] Request (SecurityGroupRulesNegativeTestJSON:setUpClass): 201 POST http://10.180.1.21/identity/v3/auth/tokens 0.048s
2025-01-13 20:24:21.272 67722 INFO tempest.lib.common.rest_client [req-83520ad3-9491-4bb5-8397-76b85befcf1d req-83520ad3-9491-4bb5-8397-76b85befcf1d ] Request (ListServerFiltersTestJSON:setUpClass): 204 PUT http://10.180.1.21/identity/v3/projects/f4dfc9136141422db5b1729f5d244c13/users/e4bc8e8f5f444a6cb896ac4856e2b82c/roles/12fc8c197a3243de9b698f74a76b8e2c 0.047s
2025-01-13 20:24:21.272 67722 INFO tempest.lib.common.dynamic_creds [-] Dynamic test user e4bc8e8f5f444a6cb896ac4856e2b82c is created with scope project and roles: ['member']
2025-01-13 20:24:21.272 67722 INFO tempest.lib.common.dynamic_creds [-] Acquired dynamic creds: credentials: Credentials: {'domain_id': 'default', 'domain_name': 'Default', 'username': 'tempest-ListServerFiltersTestJSON-35078486-project-member', 'project_domain_id': 'default', 'project_domain_name': 'Default', 'project_id': 'f4dfc9136141422db5b1729f5d244c13', 'project_name': 'tempest-ListServerFiltersTestJSON-35078486', 'tenant_id': 'f4dfc9136141422db5b1729f5d244c13', 'tenant_name': 'tempest-ListServerFiltersTestJSON-35078486', 'user_domain_id': 'default', 'user_domain_name': 'Default', 'user_id': 'e4bc8e8f5f444a6cb896ac4856e2b82c', 'system': None}, Network: None, Subnet: None, Router: None
2025-01-13 20:24:21.281 67762 INFO tempest.lib.common.rest_client [req-4179a82c-5209-46c2-b140-d292212edf56 req-4179a82c-5209-46c2-b140-d292212edf56 ] Request (FlavorsExtraSpecsTestJSON:tearDownClass): 200 GET http://10.180.1.21/compute/v2.1/flavors/detail 2.519s
2025-01-13 20:24:21.356 67740 INFO tempest.lib.common.rest_client [req-8ada20b9-f5ac-4f77-9e11-d44371112d70 req-8ada20b9-f5ac-4f77-9e11-d44371112d70 ] Request (ServersAdmin275Test:setUpClass): 201 POST http://10.180.1.21/identity/v3/projects 0.108s
2025-01-13 20:24:21.359 67764 INFO tempest.lib.common.rest_client [req-6a3c21e5-3bb3-442a-810b-3f500de99937 req-6a3c21e5-3bb3-442a-810b-3f500de99937 ] Request (InstanceUsageAuditLogTestJSON:tearDownClass): 204 DELETE http://10.180.1.21/identity/v3/projects/f0d74e980dac4b02b41421310f8f1b99 0.114s
2025-01-13 20:24:21.359 67764 INFO tempest.lib.common.dynamic_creds [-] Deleting project and security group for project: 7ee2b40d272c4575a3417075b7939eb1
2025-01-13 20:24:21.411 67776 INFO tempest.lib.common.rest_client [req-d11cb02a-3a90-460e-a5d9-b7ddf4c34aff req-d11cb02a-3a90-460e-a5d9-b7ddf4c34aff ] Request (SecurityGroupRulesNegativeTestJSON:setUpClass): 200 GET http://10.180.1.21/identity/v3/domains?name=Default 0.143s
2025-01-13 20:24:21.422 67722 INFO tempest.lib.common.rest_client [req-60c6044c-4e3e-4a0c-9621-fb0e0edd5646 req-60c6044c-4e3e-4a0c-9621-fb0e0edd5646 ] Request (ListServerFiltersTestJSON:setUpClass): 201 POST http://10.180.1.21/identity/v3/auth/tokens 0.149s
2025-01-13 20:24:21.434 67732 INFO tempest.lib.common.rest_client [req-e18468a9-4dc6-465a-9c37-07ee2e5cf150 req-e18468a9-4dc6-465a-9c37-07ee2e5cf150 ] Request (SecurityGroupsTestAdminJSON:_run_cleanups): 202 DELETE http://10.180.1.21/compute/v2.1/os-security-groups/eaec0870-2b7f-4408-b35b-30a21723bfbd 2.472s
2025-01-13 20:24:21.457 67740 INFO tempest.lib.common.rest_client [req-1fbf1f03-8ab6-410c-ae16-4ce0b3b2319b req-1fbf1f03-8ab6-410c-ae16-4ce0b3b2319b ] Request (ServersAdmin275Test:setUpClass): 201 POST http://10.180.1.21/identity/v3/users 0.101s
2025-01-13 20:24:21.475 67762 INFO tempest.lib.common.rest_client [req-33b23af9-449f-4250-92d7-331a03b8bd6c req-33b23af9-449f-4250-92d7-331a03b8bd6c ] Request (FlavorsExtraSpecsTestJSON:tearDownClass): 204 DELETE http://10.180.1.21/identity/v3/users/6eca632c57a748ae9b83bd965628d31d 0.187s
2025-01-13 20:24:21.503 67738 INFO tempest.lib.common.rest_client [req-fc3b61f2-5bd4-49b7-bfb8-f7ddac34a49a req-fc3b61f2-5bd4-49b7-bfb8-f7ddac34a49a ] Request (MultipleCreateNegativeTestJSON:tearDownClass): 200 GET http://10.180.1.21:9696/networking/v2.0/security-groups?tenant_id=6ab5ec4abd8047808cb1493d6c61a888&name=default 0.258s
2025-01-13 20:24:21.544 67776 INFO tempest.lib.common.rest_client [req-eb26366b-929f-41da-b57b-2f7d8f613afd req-eb26366b-929f-41da-b57b-2f7d8f613afd ] Request (SecurityGroupRulesNegativeTestJSON:setUpClass): 201 POST http://10.180.1.21/identity/v3/projects 0.132s
2025-01-13 20:24:21.555 67764 INFO tempest.lib.common.rest_client [req-81e395f9-6868-484a-b7e6-8e4c08b94ab0 req-81e395f9-6868-484a-b7e6-8e4c08b94ab0 ] Request (InstanceUsageAuditLogTestJSON:tearDownClass): 200 GET http://10.180.1.21:9696/networking/v2.0/security-groups?tenant_id=7ee2b40d272c4575a3417075b7939eb1&name=default 0.195s
2025-01-13 20:24:21.608 67740 INFO tempest.lib.common.rest_client [req-80b16885-b9f3-4e73-8d61-b918a7ae65c5 req-80b16885-b9f3-4e73-8d61-b918a7ae65c5 ] Request (ServersAdmin275Test:setUpClass): 200 GET http://10.180.1.21/identity/v3/roles 0.150s
2025-01-13 20:24:21.643 67776 INFO tempest.lib.common.rest_client [req-ac4a133b-8e0e-4214-b7d8-a6f4ea8caf0b req-ac4a133b-8e0e-4214-b7d8-a6f4ea8caf0b ] Request (SecurityGroupRulesNegativeTestJSON:setUpClass): 201 POST http://10.180.1.21/identity/v3/users 0.098s
2025-01-13 20:24:21.672 67762 INFO tempest.lib.common.rest_client [req-30e30c64-edb8-4119-b150-6d2417e56421 req-30e30c64-edb8-4119-b150-6d2417e56421 ] Request (FlavorsExtraSpecsTestJSON:tearDownClass): 204 DELETE http://10.180.1.21/identity/v3/users/ef095c50246c47f18dca9046736e30b2 0.196s
2025-01-13 20:24:21.672 67762 INFO tempest.lib.common.dynamic_creds [-] Deleting project and security group for project: 387a80ee621f41cdac83dc98632bb799
2025-01-13 20:24:21.702 67772 INFO tempest.lib.common.rest_client [req-0cf3a21a-ce29-4f96-af8d-e51bea309238 req-0cf3a21a-ce29-4f96-af8d-e51bea309238 ] Request (ImagesMetadataTestJSON:test_set_image_metadata_item): 200 PUT http://10.180.1.21/compute/v2.1/images/957a3168-5f55-463f-abbf-7a1e6f4eccf6/metadata/os_version 2.673s
2025-01-13 20:24:21.708 67738 INFO tempest.lib.common.rest_client [req-ce684f30-6797-477b-b4cc-2eb42e6abeb0 req-ce684f30-6797-477b-b4cc-2eb42e6abeb0 ] Request (MultipleCreateNegativeTestJSON:tearDownClass): 204 DELETE http://10.180.1.21:9696/networking/v2.0/security-groups/d2ce2bf5-dda5-45f0-ba88-4aba97b2befe 0.204s
2025-01-13 20:24:21.719 67740 INFO tempest.lib.common.rest_client [req-9c277e44-63f1-40b8-bbc6-d03254a7efa4 req-9c277e44-63f1-40b8-bbc6-d03254a7efa4 ] Request (ServersAdmin275Test:setUpClass): 204 PUT http://10.180.1.21/identity/v3/projects/289880351b9c401fa81d26659437f739/users/f2f0da91b3e047058868841517b4af90/roles/12fc8c197a3243de9b698f74a76b8e2c 0.111s
2025-01-13 20:24:21.719 67740 INFO tempest.lib.common.dynamic_creds [-] Dynamic test user f2f0da91b3e047058868841517b4af90 is created with scope project and roles: ['member']
2025-01-13 20:24:21.719 67740 INFO tempest.lib.common.dynamic_creds [-] Acquired dynamic creds: credentials: Credentials: {'domain_id': 'default', 'domain_name': 'Default', 'username': 'tempest-ServersAdmin275Test-2099717412-project-member', 'project_domain_id': 'default', 'project_domain_name': 'Default', 'project_id': '289880351b9c401fa81d26659437f739', 'project_name': 'tempest-ServersAdmin275Test-2099717412', 'tenant_id': '289880351b9c401fa81d26659437f739', 'tenant_name': 'tempest-ServersAdmin275Test-2099717412', 'user_domain_id': 'default', 'user_domain_name': 'Default', 'user_id': 'f2f0da91b3e047058868841517b4af90', 'system': None}, Network: None, Subnet: None, Router: None
2025-01-13 20:24:21.720 67740 INFO tempest.lib.common.dynamic_creds [-] Created isolated network resources for: credentials: Credentials: {'domain_id': 'default', 'domain_name': 'Default', 'username': 'tempest-ServersAdmin275Test-2099717412-project-member', 'project_domain_id': 'default', 'project_domain_name': 'Default', 'project_id': '289880351b9c401fa81d26659437f739', 'project_name': 'tempest-ServersAdmin275Test-2099717412', 'tenant_id': '289880351b9c401fa81d26659437f739', 'tenant_name': 'tempest-ServersAdmin275Test-2099717412', 'user_domain_id': 'default', 'user_domain_name': 'Default', 'user_id': 'f2f0da91b3e047058868841517b4af90', 'system': None}, Network: None, Subnet: None, Router: None
2025-01-13 20:24:21.732 67746 INFO tempest.lib.common.rest_client [req-398ca3bc-5458-4fa7-b73a-e93a956adef1 req-398ca3bc-5458-4fa7-b73a-e93a956adef1 ] Request (ServersWithSpecificFlavorTestJSON:test_verify_created_server_ephemeral_disk): 200 POST http://10.180.1.21/compute/v2.1/flavors/803719704/os-extra_specs 2.682s
2025-01-13 20:24:21.734 67776 INFO tempest.lib.common.rest_client [req-152e6b0c-ef7c-4938-b811-036175dd9dd3 req-152e6b0c-ef7c-4938-b811-036175dd9dd3 ] Request (SecurityGroupRulesNegativeTestJSON:setUpClass): 200 GET http://10.180.1.21/identity/v3/roles 0.091s
2025-01-13 20:24:21.759 67764 INFO tempest.lib.common.rest_client [req-cdb5027e-6379-435e-a052-b395f48a729a req-cdb5027e-6379-435e-a052-b395f48a729a ] Request (InstanceUsageAuditLogTestJSON:tearDownClass): 204 DELETE http://10.180.1.21:9696/networking/v2.0/security-groups/0ba8d0d8-7254-40fc-a3cd-bceb7ab7e0f6 0.204s
2025-01-13 20:24:21.801 67762 INFO tempest.lib.common.rest_client [req-04e13d1f-f7f8-4ae2-83fd-9faf828e0fe7 req-04e13d1f-f7f8-4ae2-83fd-9faf828e0fe7 ] Request (FlavorsExtraSpecsTestJSON:tearDownClass): 201 POST http://10.180.1.21/identity/v3/auth/tokens 0.128s
2025-01-13 20:24:21.872 67757 INFO tempest.lib.common.rest_client [req-504b2084-7db4-4dac-913f-b13a24afa189 req-504b2084-7db4-4dac-913f-b13a24afa189 ] Request (FloatingIPDetailsTestJSON:tearDownClass): 202 DELETE http://10.180.1.21/compute/v2.1/os-floating-ips/d52fa19e-2a39-4958-824e-2e33b02da0a1 3.140s
2025-01-13 20:24:21.877 67738 INFO tempest.lib.common.rest_client [req-c289cde5-6038-4778-b360-7193e5e1b361 req-c289cde5-6038-4778-b360-7193e5e1b361 ] Request (MultipleCreateNegativeTestJSON:tearDownClass): 204 DELETE http://10.180.1.21/identity/v3/projects/6ab5ec4abd8047808cb1493d6c61a888 0.169s
2025-01-13 20:24:21.878 67738 INFO tempest.test [-] raised in NoVNCConsoleTestJSON.setUpClass. Invoking tearDownClass.
2025-01-13 20:24:21.879 67740 INFO tempest.lib.common.rest_client [req-d501024e-f3b7-468c-adc1-4a83b6a97bab req-d501024e-f3b7-468c-adc1-4a83b6a97bab ] Request (ServersAdmin275Test:setUpClass): 201 POST http://10.180.1.21/identity/v3/auth/tokens 0.153s
2025-01-13 20:24:21.958 67776 INFO tempest.lib.common.rest_client [req-6247e552-423e-4929-9185-6105d07ba752 req-6247e552-423e-4929-9185-6105d07ba752 ] Request (SecurityGroupRulesNegativeTestJSON:setUpClass): 204 PUT http://10.180.1.21/identity/v3/projects/3ae9b04e43a44293a1829c25e6ae5760/users/755b392efa054fdebeb6d36ce70e5ecd/roles/12fc8c197a3243de9b698f74a76b8e2c 0.223s
2025-01-13 20:24:21.958 67776 INFO tempest.lib.common.dynamic_creds [-] Dynamic test user 755b392efa054fdebeb6d36ce70e5ecd is created with scope project and roles: ['member']
2025-01-13 20:24:21.958 67776 INFO tempest.lib.common.dynamic_creds [-] Acquired dynamic creds: credentials: Credentials: {'domain_id': 'default', 'domain_name': 'Default', 'username': 'tempest-SecurityGroupRulesNegativeTestJSON-278301023-project-member', 'project_domain_id': 'default', 'project_domain_name': 'Default', 'project_id': '3ae9b04e43a44293a1829c25e6ae5760', 'project_name': 'tempest-SecurityGroupRulesNegativeTestJSON-278301023', 'tenant_id': '3ae9b04e43a44293a1829c25e6ae5760', 'tenant_name': 'tempest-SecurityGroupRulesNegativeTestJSON-278301023', 'user_domain_id': 'default', 'user_domain_name': 'Default', 'user_id': '755b392efa054fdebeb6d36ce70e5ecd', 'system': None}, Network: None, Subnet: None, Router: None
2025-01-13 20:24:21.994 67764 INFO tempest.lib.common.rest_client [req-ba021a10-ced0-4ced-b93f-55a62fe1744b req-ba021a10-ced0-4ced-b93f-55a62fe1744b ] Request (InstanceUsageAuditLogTestJSON:tearDownClass): 204 DELETE http://10.180.1.21/identity/v3/projects/7ee2b40d272c4575a3417075b7939eb1 0.235s
2025-01-13 20:24:22.056 67740 INFO tempest.lib.common.rest_client [req-a4c91200-99de-4221-81df-1a1bd97fd8f5 req-a4c91200-99de-4221-81df-1a1bd97fd8f5 ] Request (ServersAdmin275Test:setUpClass): 201 POST http://10.180.1.21/identity/v3/projects 0.177s
2025-01-13 20:24:22.116 67738 INFO tempest.lib.common.rest_client [req-79c54b6f-832e-42ae-a013-1f1be2b29fa6 req-79c54b6f-832e-42ae-a013-1f1be2b29fa6 ] Request (ServerShowV257Test:setUpClass): 201 POST http://10.180.1.21/identity/v3/auth/tokens 0.230s
2025-01-13 20:24:22.127 67722 INFO tempest.lib.common.rest_client [req-97f100ae-27ee-4fe1-9e5d-399a6973bc65 req-97f100ae-27ee-4fe1-9e5d-399a6973bc65 ] Request (ListServerFiltersTestJSON:setUpClass): 201 POST http://10.180.1.21:9696/networking/v2.0/networks 0.704s
2025-01-13 20:24:22.143 67776 INFO tempest.lib.common.rest_client [req-a5f6e726-bc8a-49ed-8311-76883328b1e4 req-a5f6e726-bc8a-49ed-8311-76883328b1e4 ] Request (SecurityGroupRulesNegativeTestJSON:setUpClass): 201 POST http://10.180.1.21/identity/v3/auth/tokens 0.185s
2025-01-13 20:24:22.171 67764 INFO tempest.lib.common.rest_client [req-8c21e82c-16ac-42ae-a11d-076e104e7904 req-8c21e82c-16ac-42ae-a11d-076e104e7904 ] Request (KeyPairsV2TestJSON:setUpClass): 201 POST http://10.180.1.21/identity/v3/auth/tokens 0.175s
2025-01-13 20:24:22.186 67740 INFO tempest.lib.common.rest_client [req-3faea53d-bf4f-4146-8a5e-f4d58e33f8e9 req-3faea53d-bf4f-4146-8a5e-f4d58e33f8e9 ] Request (ServersAdmin275Test:setUpClass): 201 POST http://10.180.1.21/identity/v3/users 0.129s
2025-01-13 20:24:22.193 67762 INFO tempest.lib.common.rest_client [req-39ab43aa-d38b-4cbe-bd62-218b801dbe8b req-39ab43aa-d38b-4cbe-bd62-218b801dbe8b ] Request (FlavorsExtraSpecsTestJSON:tearDownClass): 200 GET http://10.180.1.21:9696/networking/v2.0/security-groups?tenant_id=387a80ee621f41cdac83dc98632bb799&name=default 0.391s
2025-01-13 20:24:22.200 67738 INFO tempest.lib.common.rest_client [req-38eabcd8-1dcb-4ce2-81c2-4b741a070d82 req-38eabcd8-1dcb-4ce2-81c2-4b741a070d82 ] Request (ServerShowV257Test:setUpClass): 201 POST http://10.180.1.21/identity/v3/auth/tokens 0.081s
2025-01-13 20:24:22.211 67730 INFO tempest.lib.common.rest_client [req-65660896-6602-4363-90fc-2fcc72408042 req-65660896-6602-4363-90fc-2fcc72408042 ] Request (SecurityGroupRulesTestJSON:test_security_group_rules_create): 200 POST http://10.180.1.21/compute/v2.1/os-security-group-rules 2.370s
2025-01-13 20:24:22.212 67748 INFO tempest.lib.common.rest_client [req-af8f4f64-1a6e-4c35-b8b6-806001f235db req-af8f4f64-1a6e-4c35-b8b6-806001f235db ] Request (QuotasAdminTestJSON:test_get_updated_quotas): 200 PUT http://10.180.1.21/compute/v2.1/os-quota-sets/6e1edb9f97c141f1a40a069ae3ef9a97 3.011s
2025-01-13 20:24:22.231 67764 INFO tempest.lib.common.rest_client [req-f85d8e6c-5938-4a2c-9f7b-c814adb3da99 req-f85d8e6c-5938-4a2c-9f7b-c814adb3da99 ] Request (KeyPairsV2TestJSON:setUpClass): 201 POST http://10.180.1.21/identity/v3/auth/tokens 0.057s
2025-01-13 20:24:22.237 67752 INFO tempest.lib.common.rest_client [req-103a6767-a2e3-4732-bc49-0736f2906390 req-103a6767-a2e3-4732-bc49-0736f2906390 ] Request (ImagesMetadataNegativeTestJSON:test_list_nonexistent_image_metadata): 404 GET http://10.180.1.21/compute/v2.1/images/5811a4a2-df4a-4134-b097-4bc62c7007ee/metadata 2.118s
2025-01-13 20:24:22.255 67740 INFO tempest.lib.common.rest_client [req-3370f3dd-6ead-4e66-a9a7-22cf8707efad req-3370f3dd-6ead-4e66-a9a7-22cf8707efad ] Request (ServersAdmin275Test:setUpClass): 200 GET http://10.180.1.21/identity/v3/roles 0.068s
