2025-01-13 20:24:03.565 67738 INFO tempest.lib.common.rest_client [req-9ab1462e-a931-48e5-a176-48426f4aa6f9 req-9ab1462e-a931-48e5-a176-48426f4aa6f9 ] Request (ServicesAdminNegativeTestJSON:tearDownClass): 201 POST http://10.180.1.21/identity/v3/auth/tokens 0.086s
2025-01-13 20:24:03.831 67758 INFO tempest.lib.common.rest_client [req-a1f85059-9874-4c0d-896c-cd87993e9589 req-a1f85059-9874-4c0d-896c-cd87993e9589 ] Request (AbsoluteLimitsTestJSON:tearDownClass): 204 DELETE http://10.180.1.21:9696/networking/v2.0/security-groups/d79db20f-785b-4b24-ad2f-ad43d04ca83c 0.571s
2025-01-13 20:24:03.861 67740 INFO tempest.lib.common.rest_client [req-03ae23db-323c-48fb-8443-950bf3f490f6 req-03ae23db-323c-48fb-8443-950bf3f490f6 ] Request (QuotasAdminNegativeTest:test_create_server_when_instances_quota_is_full): 403 POST http://10.180.1.21/compute/v2.1/servers 3.724s
2025-01-13 20:24:03.895 67748 INFO tempest.lib.common.rest_client [req-a4e0fbca-c8e8-4cc3-8476-aeb953364f0c req-a4e0fbca-c8e8-4cc3-8476-aeb953364f0c ] Request (QuotaClassesAdminTestJSON:tearDownClass): 200 GET http://10.180.1.21:9696/networking/v2.0/security-groups?tenant_id=d373849e6b734dd4afada1113e0cb84e&name=default 0.565s
2025-01-13 20:24:03.924 67758 INFO tempest.lib.common.rest_client [req-dd7e280f-873c-4c73-ab0b-18d0479bd51e req-dd7e280f-873c-4c73-ab0b-18d0479bd51e ] Request (AbsoluteLimitsTestJSON:tearDownClass): 204 DELETE http://10.180.1.21/identity/v3/projects/752e40d2e4f34f4b8a21c78d26d984b5 0.093s
2025-01-13 20:24:03.977 67722 INFO tempest.lib.common.rest_client [req-115c4abf-4052-4ad4-af26-6fd4747cf3fa req-115c4abf-4052-4ad4-af26-6fd4747cf3fa ] Request (FlavorsV261TestJSON:tearDownClass): 200 GET http://10.180.1.21:9696/networking/v2.0/security-groups?tenant_id=1e59b8534a3a40b1873593af2e71778e&name=default 0.727s
2025-01-13 20:24:03.979 67742 INFO tempest.lib.common.rest_client [req-f41ec369-d264-4b01-a63b-549ea2d22834 req-f41ec369-d264-4b01-a63b-549ea2d22834 ] Request (FlavorsV255TestJSON:tearDownClass): 204 DELETE http://10.180.1.21:9696/networking/v2.0/security-groups/6ed23d10-27a1-4386-87d4-1bf78982d9b8 0.454s
2025-01-13 20:24:04.036 67758 INFO tempest.lib.common.rest_client [req-eadafca2-ad74-456d-bd08-9ebc9aa611e1 req-eadafca2-ad74-456d-bd08-9ebc9aa611e1 ] Request (AttachInterfacesV270Test:setUpClass): 201 POST http://10.180.1.21/identity/v3/auth/tokens 0.110s
2025-01-13 20:24:04.082 67758 INFO tempest.lib.common.rest_client [req-1b7edc95-ffaf-4106-a0eb-01d6bc6377b9 req-1b7edc95-ffaf-4106-a0eb-01d6bc6377b9 ] Request (AttachInterfacesV270Test:setUpClass): 201 POST http://10.180.1.21/identity/v3/auth/tokens 0.033s
2025-01-13 20:24:04.105 67778 INFO tempest.lib.common.rest_client [req-082f5a15-7381-48a9-8b8e-f513c8e0bfbd req-082f5a15-7381-48a9-8b8e-f513c8e0bfbd ] Request (ServersAdminTestJSON:setUpClass): 202 POST http://10.180.1.21/compute/v2.1/servers 4.305s
2025-01-13 20:24:04.111 67738 INFO tempest.lib.common.rest_client [req-23eac10d-00a8-4440-be8d-0bd2cde53a31 req-23eac10d-00a8-4440-be8d-0bd2cde53a31 ] Request (ServicesAdminNegativeTestJSON:tearDownClass): 200 GET http://10.180.1.21:9696/networking/v2.0/security-groups?tenant_id=1b8497de877343f393b0783b2a792c4c&name=default 0.545s
2025-01-13 20:24:04.116 67758 INFO tempest.lib.common.rest_client [req-25b11e08-2c46-40cb-b520-74a2ba6900fd req-25b11e08-2c46-40cb-b520-74a2ba6900fd ] Request (AttachInterfacesV270Test:setUpClass): 200 GET http://10.180.1.21/identity/v3/domains?name=Default 0.034s
2025-01-13 20:24:04.152 67742 INFO tempest.lib.common.rest_client [req-6e2f26a3-d6c2-462c-b86b-a30031259a7e req-6e2f26a3-d6c2-462c-b86b-a30031259a7e ] Request (FlavorsV255TestJSON:tearDownClass): 204 DELETE http://10.180.1.21/identity/v3/projects/845dbb3fdc344cdfab8584b19dc2e120 0.172s
2025-01-13 20:24:04.234 67758 INFO tempest.lib.common.rest_client [req-3d6ee54d-af0b-40ad-afe4-2918bd951f36 req-3d6ee54d-af0b-40ad-afe4-2918bd951f36 ] Request (AttachInterfacesV270Test:setUpClass): 201 POST http://10.180.1.21/identity/v3/projects 0.117s
2025-01-13 20:24:04.310 67750 INFO tempest.lib.common.rest_client [req-bfe1d0af-c3c2-4ce7-ba29-0e51c737b3ec req-bfe1d0af-c3c2-4ce7-ba29-0e51c737b3ec ] Request (MigrationsAdminTest:test_list_migrations_in_flavor_resize_situation): 200 GET http://10.180.1.21/compute/v2.1/servers/1f121468-f5a8-4784-bd54-ed67670f4318 3.850s
2025-01-13 20:24:04.323 67742 INFO tempest.lib.common.rest_client [req-45f2e040-363e-4f1a-a1f2-f4ec6633c230 req-45f2e040-363e-4f1a-a1f2-f4ec6633c230 ] Request (HypervisorAdminNegativeTestJSON:setUpClass): 201 POST http://10.180.1.21/identity/v3/auth/tokens 0.169s
2025-01-13 20:24:04.388 67742 INFO tempest.lib.common.rest_client [req-bb6c97b0-17e4-4ed6-a8b8-3462d09e0bda req-bb6c97b0-17e4-4ed6-a8b8-3462d09e0bda ] Request (HypervisorAdminNegativeTestJSON:setUpClass): 201 POST http://10.180.1.21/identity/v3/auth/tokens 0.062s
2025-01-13 20:24:04.395 67758 INFO tempest.lib.common.rest_client [req-c3ebd2cc-b16e-4bcb-84b1-7042b808a635 req-c3ebd2cc-b16e-4bcb-84b1-7042b808a635 ] Request (AttachInterfacesV270Test:setUpClass): 201 POST http://10.180.1.21/identity/v3/users 0.160s
2025-01-13 20:24:04.425 67758 INFO tempest.lib.common.rest_client [req-ea95c82f-ef78-4451-bc73-dcfe64152403 req-ea95c82f-ef78-4451-bc73-dcfe64152403 ] Request (AttachInterfacesV270Test:setUpClass): 200 GET http://10.180.1.21/identity/v3/roles 0.028s
2025-01-13 20:24:04.432 67728 INFO tempest.lib.common.rest_client [req-9377bdbe-521d-436a-9fef-b55ec1a88795 req-9377bdbe-521d-436a-9fef-b55ec1a88795 ] Request (ServersAaction247Test:test_create_backup): 202 POST http://10.180.1.21/compute/v2.1/servers 3.878s
2025-01-13 20:24:04.434 67742 INFO tempest.lib.common.rest_client [req-8fedd6ea-0fd7-4f52-ad90-52b69f480c48 req-8fedd6ea-0fd7-4f52-ad90-52b69f480c48 ] Request (HypervisorAdminNegativeTestJSON:setUpClass): 200 GET http://10.180.1.21/identity/v3/domains?name=Default 0.046s
2025-01-13 20:24:04.485 67742 INFO tempest.lib.common.rest_client [req-78d9f2be-dbe5-4984-bbe6-d5eab752dc94 req-78d9f2be-dbe5-4984-bbe6-d5eab752dc94 ] Request (HypervisorAdminNegativeTestJSON:setUpClass): 201 POST http://10.180.1.21/identity/v3/projects 0.050s
2025-01-13 20:24:04.504 67758 INFO tempest.lib.common.rest_client [req-63e716b2-443f-40b7-be75-2fd3dd3d18eb req-63e716b2-443f-40b7-be75-2fd3dd3d18eb ] Request (AttachInterfacesV270Test:setUpClass): 204 PUT http://10.180.1.21/identity/v3/projects/1ffa4a1d872740e5a9e03dc392b19159/users/759da20585b24001b3179e52bf1ba8ca/roles/12fc8c197a3243de9b698f74a76b8e2c 0.079s
2025-01-13 20:24:04.506 67758 INFO tempest.lib.common.dynamic_creds [-] Dynamic test user 759da20585b24001b3179e52bf1ba8ca is created with scope project and roles: ['member']
2025-01-13 20:24:04.506 67758 INFO tempest.lib.common.dynamic_creds [-] Acquired dynamic creds: credentials: Credentials: {'domain_id': 'default', 'domain_name': 'Default', 'username': 'tempest-AttachInterfacesV270Test-424903278-project-member', 'project_domain_id': 'default', 'project_domain_name': 'Default', 'project_id': '1ffa4a1d872740e5a9e03dc392b19159', 'project_name': 'tempest-AttachInterfacesV270Test-424903278', 'tenant_id': '1ffa4a1d872740e5a9e03dc392b19159', 'tenant_name': 'tempest-AttachInterfacesV270Test-424903278', 'user_domain_id': 'default', 'user_domain_name': 'Default', 'user_id': '759da20585b24001b3179e52bf1ba8ca', 'system': None}, Network: None, Subnet: None, Router: None
2025-01-13 20:24:04.582 67758 INFO tempest.lib.common.rest_client [req-90021767-0c37-410c-880d-92e2710888d2 req-90021767-0c37-410c-880d-92e2710888d2 ] Request (AttachInterfacesV270Test:setUpClass): 201 POST http://10.180.1.21/identity/v3/auth/tokens 0.075s
2025-01-13 20:24:04.600 67742 INFO tempest.lib.common.rest_client [req-4c2fff20-d1c6-4285-96f0-824dd119b57e req-4c2fff20-d1c6-4285-96f0-824dd119b57e ] Request (HypervisorAdminNegativeTestJSON:setUpClass): 201 POST http://10.180.1.21/identity/v3/users 0.114s
2025-01-13 20:24:04.621 67742 INFO tempest.lib.common.rest_client [req-6e847704-7b29-4c2d-912d-636b5f1b5524 req-6e847704-7b29-4c2d-912d-636b5f1b5524 ] Request (HypervisorAdminNegativeTestJSON:setUpClass): 200 GET http://10.180.1.21/identity/v3/roles 0.021s
2025-01-13 20:24:04.656 67742 INFO tempest.lib.common.rest_client [req-5da78ced-d76c-4784-8046-01a4798e9a77 req-5da78ced-d76c-4784-8046-01a4798e9a77 ] Request (HypervisorAdminNegativeTestJSON:setUpClass): 204 PUT http://10.180.1.21/identity/v3/projects/17c5084c94e4471387eff39661e48326/users/4ea13634e0d943a59c40aa4ab65f3564/roles/12fc8c197a3243de9b698f74a76b8e2c 0.034s
2025-01-13 20:24:04.656 67742 INFO tempest.lib.common.dynamic_creds [-] Dynamic test user 4ea13634e0d943a59c40aa4ab65f3564 is created with scope project and roles: ['member']
2025-01-13 20:24:04.657 67742 INFO tempest.lib.common.dynamic_creds [-] Acquired dynamic creds: credentials: Credentials: {'domain_id': 'default', 'domain_name': 'Default', 'username': 'tempest-HypervisorAdminNegativeTestJSON-1364964285-project-member', 'project_domain_id': 'default', 'project_domain_name': 'Default', 'project_id': '17c5084c94e4471387eff39661e48326', 'project_name': 'tempest-HypervisorAdminNegativeTestJSON-1364964285', 'tenant_id': '17c5084c94e4471387eff39661e48326', 'tenant_name': 'tempest-HypervisorAdminNegativeTestJSON-1364964285', 'user_domain_id': 'default', 'user_domain_name': 'Default', 'user_id': '4ea13634e0d943a59c40aa4ab65f3564', 'system': None}, Network: None, Subnet: None, Router: None
2025-01-13 20:24:04.657 67742 INFO tempest.lib.common.dynamic_creds [-] Created isolated network resources for: credentials: Credentials: {'domain_id': 'default', 'domain_name': 'Default', 'username': 'tempest-HypervisorAdminNegativeTestJSON-1364964285-project-member', 'project_domain_id': 'default', 'project_domain_name': 'Default', 'project_id': '17c5084c94e4471387eff39661e48326', 'project_name': 'tempest-HypervisorAdminNegativeTestJSON-1364964285', 'tenant_id': '17c5084c94e4471387eff39661e48326', 'tenant_name': 'tempest-HypervisorAdminNegativeTestJSON-1364964285', 'user_domain_id': 'default', 'user_domain_name': 'Default', 'user_id': '4ea13634e0d943a59c40aa4ab65f3564', 'system': None}, Network: None, Subnet: None, Router: None
2025-01-13 20:24:04.707 67760 INFO tempest.lib.common.rest_client [req-61ad28e4-9b92-4c3d-86b1-e5358ed073bf req-61ad28e4-9b92-4c3d-86b1-e5358ed073bf ] Request (ServerActionsTestOtherB:setUpClass): 200 GET http://10.180.1.21/compute/v2.1/servers/54bc8105-3911-46d8-a378-3edcd817e1ba 3.598s
2025-01-13 20:24:04.757 67722 INFO tempest.lib.common.rest_client [req-2b00bed3-8572-47c9-ab5d-8b7faf094f27 req-2b00bed3-8572-47c9-ab5d-8b7faf094f27 ] Request (FlavorsV261TestJSON:tearDownClass): 204 DELETE http://10.180.1.21:9696/networking/v2.0/security-groups/93b04581-b0a2-4cbc-a62f-9fd89a62522a 0.780s
2025-01-13 20:24:04.760 67742 INFO tempest.lib.common.rest_client [req-42c8ef15-8fd6-47cd-8c7f-15ab2490111c req-42c8ef15-8fd6-47cd-8c7f-15ab2490111c ] Request (HypervisorAdminNegativeTestJSON:setUpClass): 201 POST http://10.180.1.21/identity/v3/auth/tokens 0.099s
2025-01-13 20:24:04.761 67748 INFO tempest.lib.common.rest_client [req-5aaa5dd3-80cc-4ab5-be6c-56dd7ff83ada req-5aaa5dd3-80cc-4ab5-be6c-56dd7ff83ada ] Request (QuotaClassesAdminTestJSON:tearDownClass): 204 DELETE http://10.180.1.21:9696/networking/v2.0/security-groups/8db039ab-a915-432a-9115-9781c6adfd07 0.865s
2025-01-13 20:24:04.817 67738 INFO tempest.lib.common.rest_client [req-8877a946-a22b-424c-978c-cfeb046c2bb5 req-8877a946-a22b-424c-978c-cfeb046c2bb5 ] Request (ServicesAdminNegativeTestJSON:tearDownClass): 204 DELETE http://10.180.1.21:9696/networking/v2.0/security-groups/4a2271d1-af6c-4a7b-8610-91408033b7fc 0.706s
2025-01-13 20:24:04.836 67716 INFO tempest.lib.common.rest_client [req-fb03fb02-c1a9-4c2c-a88e-8fef452d96bd req-fb03fb02-c1a9-4c2c-a88e-8fef452d96bd ] Request (FloatingIPsAssociationTestJSON:setUpClass): 200 GET http://10.180.1.21/compute/v2.1/servers/53b30256-2715-49d3-a6c5-836c29d6769b 3.420s
2025-01-13 20:24:04.847 67742 INFO tempest.lib.common.rest_client [req-f292a90e-c51b-4b2a-b533-92a9405d215a req-f292a90e-c51b-4b2a-b533-92a9405d215a ] Request (HypervisorAdminNegativeTestJSON:setUpClass): 201 POST http://10.180.1.21/identity/v3/projects 0.087s
2025-01-13 20:24:04.876 67724 INFO tempest.lib.common.rest_client [req-0da3b8ac-78f5-4968-915b-49eb43d9e54c req-0da3b8ac-78f5-4968-915b-49eb43d9e54c ] Request (FlavorsAdminTestJSON:test_create_flavor_with_int_id): 200 POST http://10.180.1.21/compute/v2.1/flavors 3.398s
2025-01-13 20:24:04.891 67718 INFO tempest.lib.common.rest_client [req-dd302fa8-bcf7-42c2-9bb9-d202327c088d req-dd302fa8-bcf7-42c2-9bb9-d202327c088d ] Request (HostsAdminNegativeTestJSON:test_shutdown_nonexistent_host): 404 GET http://10.180.1.21/compute/v2.1/os-hosts/nonexistent_hostname/shutdown 3.407s
2025-01-13 20:24:04.902 67752 INFO tempest.lib.common.rest_client [req-bd0c120d-5032-4db9-b8e3-9a13fb21ab83 req-bd0c120d-5032-4db9-b8e3-9a13fb21ab83 ] Request (FlavorsExtraSpecsNegativeTestJSON:test_flavor_update_mismatch_key): 400 PUT http://10.180.1.21/compute/v2.1/flavors/1037655973/os-extra_specs/hw:numa_nodes 3.348s
2025-01-13 20:24:04.918 67722 INFO tempest.lib.common.rest_client [req-797c44f6-1f81-43ba-94a4-165e230102f1 req-797c44f6-1f81-43ba-94a4-165e230102f1 ] Request (FlavorsV261TestJSON:tearDownClass): 204 DELETE http://10.180.1.21/identity/v3/projects/1e59b8534a3a40b1873593af2e71778e 0.161s
2025-01-13 20:24:04.918 67722 INFO tempest.lib.common.dynamic_creds [-] Deleting project and security group for project: 63ddf6c27a374c269dcab89db497efc9
2025-01-13 20:24:04.940 67734 INFO tempest.lib.common.rest_client [req-4482a7e4-8083-4994-a3fe-74afaa689368 req-4482a7e4-8083-4994-a3fe-74afaa689368 ] Request (ListImageFiltersTestJSON:setUpClass): 200 GET http://10.180.1.21/compute/v2.1/images/35790a61-3af1-44b1-b68d-6ed558ff9035 3.085s
2025-01-13 20:24:05.005 67746 INFO tempest.lib.common.rest_client [req-9bfb678a-3f45-4498-9261-a264ff15d635 req-9bfb678a-3f45-4498-9261-a264ff15d635 ] Request (ServersWithSpecificFlavorTestJSON:setUpClass): 201 POST http://10.180.1.21:9696/networking/v2.0/subnets 1.597s
2025-01-13 20:24:05.043 67738 INFO tempest.lib.common.rest_client [req-a851c9fe-5968-446a-ab7f-8cb97251af38 req-a851c9fe-5968-446a-ab7f-8cb97251af38 ] Request (ServicesAdminNegativeTestJSON:tearDownClass): 204 DELETE http://10.180.1.21/identity/v3/projects/1b8497de877343f393b0783b2a792c4c 0.225s
2025-01-13 20:24:05.043 67738 INFO tempest.lib.common.dynamic_creds [-] Deleting project and security group for project: 6a6e128528a7415caa5f4c5986d83532
2025-01-13 20:24:05.075 67748 INFO tempest.lib.common.rest_client [req-778f9197-f612-4188-8eba-2fc818732438 req-778f9197-f612-4188-8eba-2fc818732438 ] Request (QuotaClassesAdminTestJSON:tearDownClass): 204 DELETE http://10.180.1.21/identity/v3/projects/d373849e6b734dd4afada1113e0cb84e 0.313s
2025-01-13 20:24:05.137 67768 INFO tempest.lib.common.rest_client [req-415fcdff-576d-4b97-bf9a-5a907f0faa72 req-415fcdff-576d-4b97-bf9a-5a907f0faa72 ] Request (FloatingIPsAssociationNegativeTestJSON:setUpClass): 200 GET http://10.180.1.21/compute/v2.1/servers/c3451d02-6b64-4cbd-b873-c2cc641e5afc 3.787s
2025-01-13 20:24:05.145 67768 INFO tempest.common.waiters [-] State transition "BUILD/networking" ==> "BUILD/spawning" after 11 second wait
2025-01-13 20:24:05.166 67766 INFO tempest.lib.common.rest_client [req-30435758-a4c1-4038-8422-fd0160e104f5 req-30435758-a4c1-4038-8422-fd0160e104f5 ] Request (AggregatesAdminNegativeTestJSON:test_aggregate_add_host_as_user): 200 POST http://10.180.1.21/compute/v2.1/os-aggregates 2.919s
2025-01-13 20:24:05.172 67748 INFO tempest.lib.common.rest_client [req-6322f06f-d8e5-4a49-9403-12a45a92f01a req-6322f06f-d8e5-4a49-9403-12a45a92f01a ] Request (QuotasAdminTestJSON:setUpClass): 201 POST http://10.180.1.21/identity/v3/auth/tokens 0.094s
2025-01-13 20:24:05.190 67764 INFO tempest.lib.common.rest_client [req-646918da-7451-4485-9d6f-f6ac27c607f6 req-646918da-7451-4485-9d6f-f6ac27c607f6 ] Request (HostsAdminTestJSON:test_list_hosts_with_zone): 200 GET http://10.180.1.21/compute/v2.1/os-hosts 2.934s
2025-01-13 20:24:05.204 67748 INFO tempest.lib.common.rest_client [req-1da5fe12-b56d-4355-8d89-48bcc2446f04 req-1da5fe12-b56d-4355-8d89-48bcc2446f04 ] Request (QuotasAdminTestJSON:setUpClass): 201 POST http://10.180.1.21/identity/v3/auth/tokens 0.029s
2025-01-13 20:24:05.209 67742 INFO tempest.lib.common.rest_client [req-4c79ca0e-057e-41af-931f-83b8dec15e00 req-4c79ca0e-057e-41af-931f-83b8dec15e00 ] Request (HypervisorAdminNegativeTestJSON:setUpClass): 201 POST http://10.180.1.21/identity/v3/users 0.361s
2025-01-13 20:24:05.216 67744 INFO tempest.lib.common.rest_client [req-fcdbe7c0-ee28-4f46-baca-ff3c3824ae35 req-fcdbe7c0-ee28-4f46-baca-ff3c3824ae35 ] Request (FlavorsAccessNegativeTestJSON:test_flavor_access_list_with_public_flavor): 200 POST http://10.180.1.21/compute/v2.1/flavors 2.782s
2025-01-13 20:24:05.234 67748 INFO tempest.lib.common.rest_client [req-d55ec770-5274-4f30-b082-501e144c57f7 req-d55ec770-5274-4f30-b082-501e144c57f7 ] Request (QuotasAdminTestJSON:setUpClass): 200 GET http://10.180.1.21/identity/v3/domains?name=Default 0.029s
2025-01-13 20:24:05.239 67742 INFO tempest.lib.common.rest_client [req-929d1b2c-dad4-4226-b77e-af68a9ea202f req-929d1b2c-dad4-4226-b77e-af68a9ea202f ] Request (HypervisorAdminNegativeTestJSON:setUpClass): 200 GET http://10.180.1.21/identity/v3/roles 0.030s
2025-01-13 20:24:05.265 67742 INFO tempest.lib.common.rest_client [req-d0614d7a-5c1c-403d-8b0d-bde7c4b8bf71 req-d0614d7a-5c1c-403d-8b0d-bde7c4b8bf71 ] Request (HypervisorAdminNegativeTestJSON:setUpClass): 204 PUT http://10.180.1.21/identity/v3/projects/eeea360ed7e14cbe9687f20d4cb037d1/users/6a5657b47c6c4cc68e292f2126ff15cf/roles/46e76391cc5d4b39b16856cd291182f3 0.025s
2025-01-13 20:24:05.270 67748 INFO tempest.lib.common.rest_client [req-e732abdb-674f-4265-9fe5-2c1819e9e7cb req-e732abdb-674f-4265-9fe5-2c1819e9e7cb ] Request (QuotasAdminTestJSON:setUpClass): 201 POST http://10.180.1.21/identity/v3/projects 0.033s
2025-01-13 20:24:05.316 67722 INFO tempest.lib.common.rest_client [req-d83d3d6f-d5fa-4a1e-b42e-624dd708bb39 req-d83d3d6f-d5fa-4a1e-b42e-624dd708bb39 ] Request (FlavorsV261TestJSON:tearDownClass): 200 GET http://10.180.1.21:9696/networking/v2.0/security-groups?tenant_id=63ddf6c27a374c269dcab89db497efc9&name=default 0.397s
2025-01-13 20:24:05.325 67748 INFO tempest.lib.common.rest_client [req-4492dd11-6fbb-4ecd-9659-f6c98710f4ed req-4492dd11-6fbb-4ecd-9659-f6c98710f4ed ] Request (QuotasAdminTestJSON:setUpClass): 201 POST http://10.180.1.21/identity/v3/users 0.054s
2025-01-13 20:24:05.344 67748 INFO tempest.lib.common.rest_client [req-53be05c2-682d-4df6-8f9b-36d747c6b54e req-53be05c2-682d-4df6-8f9b-36d747c6b54e ] Request (QuotasAdminTestJSON:setUpClass): 200 GET http://10.180.1.21/identity/v3/roles 0.019s
2025-01-13 20:24:05.350 67742 INFO tempest.lib.common.rest_client [req-b9ef9b1a-5d88-41d9-8460-6b02a023d824 req-b9ef9b1a-5d88-41d9-8460-6b02a023d824 ] Request (HypervisorAdminNegativeTestJSON:setUpClass): 200 GET http://10.180.1.21/identity/v3/roles 0.084s
2025-01-13 20:24:05.368 67742 INFO tempest.lib.common.rest_client [req-4e34d4e8-6cdc-46b5-a569-cc0df1b6da34 req-4e34d4e8-6cdc-46b5-a569-cc0df1b6da34 ] Request (HypervisorAdminNegativeTestJSON:setUpClass): 204 PUT http://10.180.1.21/identity/v3/projects/eeea360ed7e14cbe9687f20d4cb037d1/users/6a5657b47c6c4cc68e292f2126ff15cf/roles/46e76391cc5d4b39b16856cd291182f3 0.017s
2025-01-13 20:24:05.368 67742 INFO tempest.lib.common.dynamic_creds [-] Dynamic test user 6a5657b47c6c4cc68e292f2126ff15cf is created with scope project and roles: ['admin']
2025-01-13 20:24:05.369 67742 INFO tempest.lib.common.dynamic_creds [-] Acquired dynamic creds: credentials: Credentials: {'domain_id': 'default', 'domain_name': 'Default', 'username': 'tempest-HypervisorAdminNegativeTestJSON-247014699-project-admin', 'project_domain_id': 'default', 'project_domain_name': 'Default', 'project_id': 'eeea360ed7e14cbe9687f20d4cb037d1', 'project_name': 'tempest-HypervisorAdminNegativeTestJSON-247014699', 'tenant_id': 'eeea360ed7e14cbe9687f20d4cb037d1', 'tenant_name': 'tempest-HypervisorAdminNegativeTestJSON-247014699', 'user_domain_id': 'default', 'user_domain_name': 'Default', 'user_id': '6a5657b47c6c4cc68e292f2126ff15cf', 'system': None}, Network: None, Subnet: None, Router: None
2025-01-13 20:24:05.369 67742 INFO tempest.lib.common.dynamic_creds [-] Created isolated network resources for: credentials: Credentials: {'domain_id': 'default', 'domain_name': 'Default', 'username': 'tempest-HypervisorAdminNegativeTestJSON-247014699-project-admin', 'project_domain_id': 'default', 'project_domain_name': 'Default', 'project_id': 'eeea360ed7e14cbe9687f20d4cb037d1', 'project_name': 'tempest-HypervisorAdminNegativeTestJSON-247014699', 'tenant_id': 'eeea360ed7e14cbe9687f20d4cb037d1', 'tenant_name': 'tempest-HypervisorAdminNegativeTestJSON-247014699', 'user_domain_id': 'default', 'user_domain_name': 'Default', 'user_id': '6a5657b47c6c4cc68e292f2126ff15cf', 'system': None}, Network: None, Subnet: None, Router: None
2025-01-13 20:24:05.369 67748 INFO tempest.lib.common.rest_client [req-d077ea31-a8dc-480b-95b9-1f749123a580 req-d077ea31-a8dc-480b-95b9-1f749123a580 ] Request (QuotasAdminTestJSON:setUpClass): 204 PUT http://10.180.1.21/identity/v3/projects/b7e4c8b04ba646f6927de16f69940e6d/users/9fb9a331e1804f878894a2a07bc2d4bc/roles/12fc8c197a3243de9b698f74a76b8e2c 0.024s
2025-01-13 20:24:05.370 67748 INFO tempest.lib.common.dynamic_creds [-] Dynamic test user 9fb9a331e1804f878894a2a07bc2d4bc is created with scope project and roles: ['member']
2025-01-13 20:24:05.370 67748 INFO tempest.lib.common.dynamic_creds [-] Acquired dynamic creds: credentials: Credentials: {'domain_id': 'default', 'domain_name': 'Default', 'username': 'tempest-QuotasAdminTestJSON-147657821-project-member', 'project_domain_id': 'default', 'project_domain_name': 'Default', 'project_id': 'b7e4c8b04ba646f6927de16f69940e6d', 'project_name': 'tempest-QuotasAdminTestJSON-147657821', 'tenant_id': 'b7e4c8b04ba646f6927de16f69940e6d', 'tenant_name': 'tempest-QuotasAdminTestJSON-147657821', 'user_domain_id': 'default', 'user_domain_name': 'Default', 'user_id': '9fb9a331e1804f878894a2a07bc2d4bc', 'system': None}, Network: None, Subnet: None, Router: None
2025-01-13 20:24:05.370 67748 INFO tempest.lib.common.dynamic_creds [-] Created isolated network resources for: credentials: Credentials: {'domain_id': 'default', 'domain_name': 'Default', 'username': 'tempest-QuotasAdminTestJSON-147657821-project-member', 'project_domain_id': 'default', 'project_domain_name': 'Default', 'project_id': 'b7e4c8b04ba646f6927de16f69940e6d', 'project_name': 'tempest-QuotasAdminTestJSON-147657821', 'tenant_id': 'b7e4c8b04ba646f6927de16f69940e6d', 'tenant_name': 'tempest-QuotasAdminTestJSON-147657821', 'user_domain_id': 'default', 'user_domain_name': 'Default', 'user_id': '9fb9a331e1804f878894a2a07bc2d4bc', 'system': None}, Network: None, Subnet: None, Router: None
2025-01-13 20:24:05.442 67748 INFO tempest.lib.common.rest_client [req-3f97bb55-bbcd-4ac7-9328-1e006cb9d84b req-3f97bb55-bbcd-4ac7-9328-1e006cb9d84b ] Request (QuotasAdminTestJSON:setUpClass): 201 POST http://10.180.1.21/identity/v3/auth/tokens 0.067s
2025-01-13 20:24:05.447 67776 INFO tempest.lib.common.rest_client [req-dcb904ac-3f92-4948-a614-1652cf62bfef req-dcb904ac-3f92-4948-a614-1652cf62bfef ] Request (FloatingIPsNegativeTestJSON:setUpClass): 201 POST http://10.180.1.21:9696/networking/v2.0/routers 3.249s
2025-01-13 20:24:05.448 67742 INFO tempest.lib.common.rest_client [req-75777aa0-a6cd-4fec-a432-93e5d17017ec req-75777aa0-a6cd-4fec-a432-93e5d17017ec ] Request (HypervisorAdminNegativeTestJSON:setUpClass): 201 POST http://10.180.1.21/identity/v3/auth/tokens 0.074s
2025-01-13 20:24:05.509 67748 INFO tempest.lib.common.rest_client [req-1b804cc4-b7bd-4c61-ba1e-297831e80cd4 req-1b804cc4-b7bd-4c61-ba1e-297831e80cd4 ] Request (QuotasAdminTestJSON:setUpClass): 201 POST http://10.180.1.21/identity/v3/projects 0.067s
2025-01-13 20:24:05.562 67748 INFO tempest.lib.common.rest_client [req-376c0495-dfc3-4f49-bd9a-6df35c7940b2 req-376c0495-dfc3-4f49-bd9a-6df35c7940b2 ] Request (QuotasAdminTestJSON:setUpClass): 201 POST http://10.180.1.21/identity/v3/users 0.052s
2025-01-13 20:24:05.585 67748 INFO tempest.lib.common.rest_client [req-07e0e976-c86b-41be-b0d5-fdd46f6c52b0 req-07e0e976-c86b-41be-b0d5-fdd46f6c52b0 ] Request (QuotasAdminTestJSON:setUpClass): 200 GET http://10.180.1.21/identity/v3/roles 0.022s
2025-01-13 20:24:05.615 67748 INFO tempest.lib.common.rest_client [req-145f4f65-2e47-4e76-ad58-8e3cc8ddb6d0 req-145f4f65-2e47-4e76-ad58-8e3cc8ddb6d0 ] Request (QuotasAdminTestJSON:setUpClass): 204 PUT http://10.180.1.21/identity/v3/projects/6ae5e249188b410abdf9337598d96258/users/95efa5e699bc4580812232b210d96e1d/roles/46e76391cc5d4b39b16856cd291182f3 0.029s
2025-01-13 20:24:05.675 67748 INFO tempest.lib.common.rest_client [req-3cdf0b11-080a-484e-919a-6b844ad93fb8 req-3cdf0b11-080a-484e-919a-6b844ad93fb8 ] Request (QuotasAdminTestJSON:setUpClass): 200 GET http://10.180.1.21/identity/v3/roles 0.059s
2025-01-13 20:24:05.706 67748 INFO tempest.lib.common.rest_client [req-9eb252d1-8d00-4e06-943b-e61503ae1ac3 req-9eb252d1-8d00-4e06-943b-e61503ae1ac3 ] Request (QuotasAdminTestJSON:setUpClass): 204 PUT http://10.180.1.21/identity/v3/projects/6ae5e249188b410abdf9337598d96258/users/95efa5e699bc4580812232b210d96e1d/roles/46e76391cc5d4b39b16856cd291182f3 0.030s
2025-01-13 20:24:05.706 67748 INFO tempest.lib.common.dynamic_creds [-] Dynamic test user 95efa5e699bc4580812232b210d96e1d is created with scope project and roles: ['admin']
2025-01-13 20:24:05.706 67748 INFO tempest.lib.common.dynamic_creds [-] Acquired dynamic creds: credentials: Credentials: {'domain_id': 'default', 'domain_name': 'Default', 'username': 'tempest-QuotasAdminTestJSON-577105557-project-admin', 'project_domain_id': 'default', 'project_domain_name': 'Default', 'project_id': '6ae5e249188b410abdf9337598d96258', 'project_name': 'tempest-QuotasAdminTestJSON-577105557', 'tenant_id': '6ae5e249188b410abdf9337598d96258', 'tenant_name': 'tempest-QuotasAdminTestJSON-577105557', 'user_domain_id': 'default', 'user_domain_name': 'Default', 'user_id': '95efa5e699bc4580812232b210d96e1d', 'system': None}, Network: None, Subnet: None, Router: None
2025-01-13 20:24:05.707 67748 INFO tempest.lib.common.dynamic_creds [-] Created isolated network resources for: credentials: Credentials: {'domain_id': 'default', 'domain_name': 'Default', 'username': 'tempest-QuotasAdminTestJSON-577105557-project-admin', 'project_domain_id': 'default', 'project_domain_name': 'Default', 'project_id': '6ae5e249188b410abdf9337598d96258', 'project_name': 'tempest-QuotasAdminTestJSON-577105557', 'tenant_id': '6ae5e249188b410abdf9337598d96258', 'tenant_name': 'tempest-QuotasAdminTestJSON-577105557', 'user_domain_id': 'default', 'user_domain_name': 'Default', 'user_id': '95efa5e699bc4580812232b210d96e1d', 'system': None}, Network: None, Subnet: None, Router: None
2025-01-13 20:24:05.775 67732 INFO tempest.lib.common.rest_client [req-eb17edc8-3796-4674-a0e1-72d598db3ca6 req-eb17edc8-3796-4674-a0e1-72d598db3ca6 ] Request (SecurityGroupsTestAdminJSON:test_list_security_groups_list_all_tenants_filter): 200 POST http://10.180.1.21/compute/v2.1/os-security-groups 2.982s
2025-01-13 20:24:05.791 67738 INFO tempest.lib.common.rest_client [req-1a7fa84a-b4a9-4e99-8c80-7339ddf468b6 req-1a7fa84a-b4a9-4e99-8c80-7339ddf468b6 ] Request (ServicesAdminNegativeTestJSON:tearDownClass): 200 GET http://10.180.1.21:9696/networking/v2.0/security-groups?tenant_id=6a6e128528a7415caa5f4c5986d83532&name=default 0.748s
2025-01-13 20:24:05.799 67748 INFO tempest.lib.common.rest_client [req-ab66749c-6dee-4016-8e4d-178b1d97613c req-ab66749c-6dee-4016-8e4d-178b1d97613c ] Request (QuotasAdminTestJSON:setUpClass): 201 POST http://10.180.1.21/identity/v3/auth/tokens 0.088s
2025-01-13 20:24:05.800 67748 WARNING tempest.lib.common.rest_client [-] Deprecated: "tenant_id" property is deprecated for removal, use "project_id" instead
2025-01-13 20:24:05.839 67748 INFO tempest.lib.common.rest_client [req-c1d189a2-6687-4418-8ca3-43f0d91aa5c5 req-c1d189a2-6687-4418-8ca3-43f0d91aa5c5 ] Request (QuotasAdminTestJSON:test_delete_quota): 200 GET http://10.180.1.21/identity/v3/domains?name=Default 0.038s
2025-01-13 20:24:05.874 67748 INFO tempest.lib.common.rest_client [req-33923b84-d8ea-4c8e-a210-6596fc5cb673 req-33923b84-d8ea-4c8e-a210-6596fc5cb673 ] Request (QuotasAdminTestJSON:test_delete_quota): 201 POST http://10.180.1.21/identity/v3/projects 0.034s
2025-01-13 20:24:05.923 67722 INFO tempest.lib.common.rest_client [req-af3fd699-26ba-4c23-ae9d-7979e3beb5b8 req-af3fd699-26ba-4c23-ae9d-7979e3beb5b8 ] Request (FlavorsV261TestJSON:tearDownClass): 204 DELETE http://10.180.1.21:9696/networking/v2.0/security-groups/8adaa4ec-b1ad-4ee6-bb80-f221f794df68 0.607s
2025-01-13 20:24:05.961 67748 INFO tempest.lib.common.rest_client [req-f340ad87-9e98-4cd5-8fc0-16da0708935d req-f340ad87-9e98-4cd5-8fc0-16da0708935d ] Request (QuotasAdminTestJSON:test_delete_quota): 200 GET http://10.180.1.21/identity/v3/domains?name=Default 0.087s
2025-01-13 20:24:05.987 67772 INFO tempest.lib.common.rest_client [req-e79ac1cb-b1b9-4838-b8f2-6bcb1180a588 req-e79ac1cb-b1b9-4838-b8f2-6bcb1180a588 ] Request (ImagesMetadataTestJSON:setUp): 200 PUT http://10.180.1.21/compute/v2.1/images/957a3168-5f55-463f-abbf-7a1e6f4eccf6/metadata 3.144s
2025-01-13 20:24:06.012 67758 INFO tempest.lib.common.rest_client [req-4c4b26c3-7ebf-40f0-b8d9-907c8fd09a44 req-4c4b26c3-7ebf-40f0-b8d9-907c8fd09a44 ] Request (AttachInterfacesV270Test:setUpClass): 201 POST http://10.180.1.21:9696/networking/v2.0/networks 1.429s
2025-01-13 20:24:06.013 67762 INFO tempest.lib.common.rest_client [req-07f5efa3-e034-4692-95c9-2da7aa43764e req-07f5efa3-e034-4692-95c9-2da7aa43764e ] Request (FlavorsExtraSpecsTestJSON:test_flavor_set_get_update_show_unset_keys): 200 PUT http://10.180.1.21/compute/v2.1/flavors/1731591503/os-extra_specs/hw:numa_nodes 3.155s
2025-01-13 20:24:06.029 67736 INFO tempest.lib.common.rest_client [req-4174ff63-71f7-4f71-a9e8-accdcf44793e req-4174ff63-71f7-4f71-a9e8-accdcf44793e ] Request (KeyPairsV210TestJSON:_run_cleanups): 204 DELETE http://10.180.1.21/compute/v2.1/os-keypairs/tempest-keypair-2053534242?user_id=55389829b88f4b21917ff6d1083759c4 3.117s
2025-01-13 20:24:06.032 67722 INFO tempest.lib.common.rest_client [req-cf44af1b-ec05-4605-ade9-fd931d5ef734 req-cf44af1b-ec05-4605-ade9-fd931d5ef734 ] Request (FlavorsV261TestJSON:tearDownClass): 204 DELETE http://10.180.1.21/identity/v3/projects/63ddf6c27a374c269dcab89db497efc9 0.107s
2025-01-13 20:24:06.039 67730 INFO tempest.lib.common.rest_client [req-ab2601bf-af33-44dc-8a15-5faacb50110b req-ab2601bf-af33-44dc-8a15-5faacb50110b ] Request (KeyPairsNegativeTestJSON:test_create_keypair_with_long_keynames): 400 POST http://10.180.1.21/compute/v2.1/os-keypairs 2.740s
2025-01-13 20:24:06.109 67722 INFO tempest.lib.common.rest_client [req-b8aa0d7d-0f4c-4c85-ba87-408a2b3b2eaa req-b8aa0d7d-0f4c-4c85-ba87-408a2b3b2eaa ] Request (HypervisorAdminV253TestBase:setUpClass): 201 POST http://10.180.1.21/identity/v3/auth/tokens 0.075s
2025-01-13 20:24:06.200 67722 INFO tempest.lib.common.rest_client [req-36cbb86d-9344-4825-aeb2-ff4433dd0d99 req-36cbb86d-9344-4825-aeb2-ff4433dd0d99 ] Request (HypervisorAdminV253TestBase:setUpClass): 201 POST http://10.180.1.21/identity/v3/auth/tokens 0.089s
2025-01-13 20:24:06.204 67736 INFO tempest.lib.common.rest_client [req-5e19fa30-ce1b-4d82-96a6-85153448a3a9 req-5e19fa30-ce1b-4d82-96a6-85153448a3a9 ] Request (KeyPairsV210TestJSON:tearDownClass): 204 DELETE http://10.180.1.21/identity/v3/users/55389829b88f4b21917ff6d1083759c4 0.124s
2025-01-13 20:24:06.222 67740 INFO tempest.lib.common.rest_client [req-7a126fb0-1e0f-439b-9885-a745bb98d266 req-7a126fb0-1e0f-439b-9885-a745bb98d266 ] Request (QuotasAdminNegativeTest:_run_cleanups): 200 PUT http://10.180.1.21/compute/v2.1/os-quota-sets/908971a6416a4eba911245e58c08a8b7 2.360s
2025-01-13 20:24:06.260 67722 INFO tempest.lib.common.rest_client [req-273c2158-d51f-4833-9890-8aeb66dd19c2 req-273c2158-d51f-4833-9890-8aeb66dd19c2 ] Request (HypervisorAdminV253TestBase:setUpClass): 200 GET http://10.180.1.21/identity/v3/domains?name=Default 0.060s
2025-01-13 20:24:06.278 67738 INFO tempest.lib.common.rest_client [req-44465db9-4442-4022-a3a8-38fd950719c5 req-44465db9-4442-4022-a3a8-38fd950719c5 ] Request (ServicesAdminNegativeTestJSON:tearDownClass): 204 DELETE http://10.180.1.21:9696/networking/v2.0/security-groups/a21305ec-2377-477d-82c2-a2a9d1be95bd 0.486s
2025-01-13 20:24:06.295 67722 INFO tempest.lib.common.rest_client [req-cbcdb668-e6cb-40d3-9c6f-19a63265f3c3 req-cbcdb668-e6cb-40d3-9c6f-19a63265f3c3 ] Request (HypervisorAdminV253TestBase:setUpClass): 201 POST http://10.180.1.21/identity/v3/projects 0.034s
2025-01-13 20:24:06.298 67726 INFO tempest.lib.common.rest_client [req-de1ae973-0c7c-4e5d-b973-155b34eecfd2 req-de1ae973-0c7c-4e5d-b973-155b34eecfd2 ] Request (ImagesTestJSON:setUpClass): 200 PUT http://10.180.1.21:9696/networking/v2.0/routers/3b0cb70a-b764-4284-84e3-cba5cdbf79a6/add_router_interface 4.112s
2025-01-13 20:24:06.298 67726 INFO tempest.lib.common.dynamic_creds [-] Created isolated network resources for: credentials: Credentials: {'domain_id': 'default', 'domain_name': 'Default', 'username': 'tempest-ImagesTestJSON-1366622890-project-member', 'project_domain_id': 'default', 'project_domain_name': 'Default', 'project_id': '72e0f2bbd3fb43478c810c117716eb80', 'project_name': 'tempest-ImagesTestJSON-1366622890', 'tenant_id': '72e0f2bbd3fb43478c810c117716eb80', 'tenant_name': 'tempest-ImagesTestJSON-1366622890', 'user_domain_id': 'default', 'user_domain_name': 'Default', 'user_id': '40ec544a9f1b4390bdc9407916c791eb', 'system': None}, Network: {'id': '2a5746bc-9f21-44f4-9037-2bd9fca0d0a3', 'name': 'tempest-ImagesTestJSON-1752934860-network', 'tenant_id': '72e0f2bbd3fb43478c810c117716eb80', 'admin_state_up': True, 'mtu': 8950, 'status': 'ACTIVE', 'subnets': [], 'shared': False, 'project_id': '72e0f2bbd3fb43478c810c117716eb80', 'port_security_enabled': True, 'router:external': False, 'provider:network_type': 'vlan', 'provider:physical_network': 'default', 'provider:segmentation_id': 123, 'availability_zone_hints': [], 'availability_zones': [], 'ipv4_address_scope': None, 'ipv6_address_scope': None, 'description': '', 'tags': [], 'created_at': '2025-01-13T20:23:57Z', 'updated_at': '2025-01-13T20:23:57Z', 'revision_number': 1}, Subnet: {'id': '4fd03f52-58f9-49bd-8ae0-c20239636624', 'name': 'tempest-ImagesTestJSON-1752934860-subnet', 'tenant_id': '72e0f2bbd3fb43478c810c117716eb80', 'network_id': '2a5746bc-9f21-44f4-9037-2bd9fca0d0a3', 'ip_version': 4, 'subnetpool_id': None, 'enable_dhcp': True, 'ipv6_ra_mode': None, 'ipv6_address_mode': None, 'gateway_ip': '192.168.128.1', 'cidr': '192.168.128.0/28', 'allocation_pools': [{'start': '192.168.128.2', 'end': '192.168.128.14'}], 'host_routes': [], 'dns_nameservers': [], 'description': '', 'router:external': False, 'service_types': [], 'tags': [], 'created_at': '2025-01-13T20:23:58Z', 'updated_at': '2025-01-13T20:23:58Z', 'revision_number': 0, 'project_id': '72e0f2bbd3fb43478c810c117716eb80'}, Router: {'id': '3b0cb70a-b764-4284-84e3-cba5cdbf79a6', 'name': 'tempest-ImagesTestJSON-1752934860-router', 'tenant_id': '72e0f2bbd3fb43478c810c117716eb80', 'admin_state_up': True, 'status': 'ACTIVE', 'external_gateway_info': {'network_id': '51a73d1b-d331-4c69-aa8c-962a572e92eb', 'external_fixed_ips': [{'subnet_id': 'ebacd113-3470-43fd-9ca8-5a2970cf9ef2', 'ip_address': '10.180.180.200'}], 'enable_snat': True}, 'description': '', 'availability_zones': [], 'distributed': False, 'ha': False, 'availability_zone_hints': [], 'routes': [], 'flavor_id': None, 'tags': [], 'created_at': '2025-01-13T20:23:59Z', 'updated_at': '2025-01-13T20:24:00Z', 'revision_number': 2, 'project_id': '72e0f2bbd3fb43478c810c117716eb80'}
2025-01-13 20:24:06.339 67736 INFO tempest.lib.common.rest_client [req-cbf4efbf-778d-46dc-a691-762ef919f299 req-cbf4efbf-778d-46dc-a691-762ef919f299 ] Request (KeyPairsV210TestJSON:tearDownClass): 204 DELETE http://10.180.1.21/identity/v3/users/f1638b1270414c2cbfcb8ca9d99b46b4 0.135s
2025-01-13 20:24:06.339 67736 INFO tempest.lib.common.dynamic_creds [-] Deleting project and security group for project: aa2a5bb95ac6476191607117e0c5c82e
2025-01-13 20:24:06.399 67722 INFO tempest.lib.common.rest_client [req-b261fe06-107b-40b3-9fbb-13a7f42ea5c6 req-b261fe06-107b-40b3-9fbb-13a7f42ea5c6 ] Request (HypervisorAdminV253TestBase:setUpClass): 201 POST http://10.180.1.21/identity/v3/users 0.103s
2025-01-13 20:24:06.415 67738 INFO tempest.lib.common.rest_client [req-4290bb78-2d48-4038-9896-08dce4c4dbb2 req-4290bb78-2d48-4038-9896-08dce4c4dbb2 ] Request (ServicesAdminNegativeTestJSON:tearDownClass): 204 DELETE http://10.180.1.21/identity/v3/projects/6a6e128528a7415caa5f4c5986d83532 0.136s
2025-01-13 20:24:06.473 67736 INFO tempest.lib.common.rest_client [req-9b538c47-10a6-4e3f-b1af-0f4bb2183708 req-9b538c47-10a6-4e3f-b1af-0f4bb2183708 ] Request (KeyPairsV210TestJSON:tearDownClass): 201 POST http://10.180.1.21/identity/v3/auth/tokens 0.133s
2025-01-13 20:24:06.479 67726 INFO tempest.lib.common.rest_client [req-5be6390f-56fb-474e-8168-8393a8594669 req-5be6390f-56fb-474e-8168-8393a8594669 ] Request (ImagesTestJSON:setUpClass): 201 POST http://10.180.1.21/identity/v3/auth/tokens 0.176s
2025-01-13 20:24:06.495 67722 INFO tempest.lib.common.rest_client [req-57bb2e27-3182-4d9f-8552-68d4cfe0e7de req-57bb2e27-3182-4d9f-8552-68d4cfe0e7de ] Request (HypervisorAdminV253TestBase:setUpClass): 200 GET http://10.180.1.21/identity/v3/roles 0.096s
2025-01-13 20:24:06.505 67738 INFO tempest.lib.common.rest_client [req-b9be0b6d-4f5c-4888-81d6-3787e13349d0 req-b9be0b6d-4f5c-4888-81d6-3787e13349d0 ] Request (MultipleCreateNegativeTestJSON:setUpClass): 201 POST http://10.180.1.21/identity/v3/auth/tokens 0.089s
2025-01-13 20:24:06.531 67726 INFO tempest.lib.common.rest_client [req-649f6b04-ed87-4872-8295-870f9b482c55 req-649f6b04-ed87-4872-8295-870f9b482c55 ] Request (ImagesTestJSON:test_create_image_from_stopped_server): 201 POST http://10.180.1.21/identity/v3/auth/tokens 0.045s
2025-01-13 20:24:06.531 67726 INFO tempest.lib.common.fixed_network [-] (ImagesTestJSON:test_create_image_from_stopped_server) Found network {'id': '2a5746bc-9f21-44f4-9037-2bd9fca0d0a3', 'name': 'tempest-ImagesTestJSON-1752934860-network', 'tenant_id': '72e0f2bbd3fb43478c810c117716eb80', 'admin_state_up': True, 'mtu': 8950, 'status': 'ACTIVE', 'subnets': [], 'shared': False, 'project_id': '72e0f2bbd3fb43478c810c117716eb80', 'port_security_enabled': True, 'router:external': False, 'provider:network_type': 'vlan', 'provider:physical_network': 'default', 'provider:segmentation_id': 123, 'availability_zone_hints': [], 'availability_zones': [], 'ipv4_address_scope': None, 'ipv6_address_scope': None, 'description': '', 'tags': [], 'created_at': '2025-01-13T20:23:57Z', 'updated_at': '2025-01-13T20:23:57Z', 'revision_number': 1} available for tenant
2025-01-13 20:24:06.556 67722 INFO tempest.lib.common.rest_client [req-4019ee74-dd86-4f59-827e-e7216fc56d5c req-4019ee74-dd86-4f59-827e-e7216fc56d5c ] Request (HypervisorAdminV253TestBase:setUpClass): 204 PUT http://10.180.1.21/identity/v3/projects/56316f694a8041e3a690e55acbc1afa8/users/98642cc5a6164cb5898d91459e4f606e/roles/12fc8c197a3243de9b698f74a76b8e2c 0.061s
2025-01-13 20:24:06.557 67722 INFO tempest.lib.common.dynamic_creds [-] Dynamic test user 98642cc5a6164cb5898d91459e4f606e is created with scope project and roles: ['member']
2025-01-13 20:24:06.557 67722 INFO tempest.lib.common.dynamic_creds [-] Acquired dynamic creds: credentials: Credentials: {'domain_id': 'default', 'domain_name': 'Default', 'username': 'tempest-HypervisorAdminV253TestBase-1274055001-project-member', 'project_domain_id': 'default', 'project_domain_name': 'Default', 'project_id': '56316f694a8041e3a690e55acbc1afa8', 'project_name': 'tempest-HypervisorAdminV253TestBase-1274055001', 'tenant_id': '56316f694a8041e3a690e55acbc1afa8', 'tenant_name': 'tempest-HypervisorAdminV253TestBase-1274055001', 'user_domain_id': 'default', 'user_domain_name': 'Default', 'user_id': '98642cc5a6164cb5898d91459e4f606e', 'system': None}, Network: None, Subnet: None, Router: None
2025-01-13 20:24:06.557 67722 INFO tempest.lib.common.dynamic_creds [-] Created isolated network resources for: credentials: Credentials: {'domain_id': 'default', 'domain_name': 'Default', 'username': 'tempest-HypervisorAdminV253TestBase-1274055001-project-member', 'project_domain_id': 'default', 'project_domain_name': 'Default', 'project_id': '56316f694a8041e3a690e55acbc1afa8', 'project_name': 'tempest-HypervisorAdminV253TestBase-1274055001', 'tenant_id': '56316f694a8041e3a690e55acbc1afa8', 'tenant_name': 'tempest-HypervisorAdminV253TestBase-1274055001', 'user_domain_id': 'default', 'user_domain_name': 'Default', 'user_id': '98642cc5a6164cb5898d91459e4f606e', 'system': None}, Network: None, Subnet: None, Router: None
2025-01-13 20:24:06.600 67738 INFO tempest.lib.common.rest_client [req-58f4152b-e85f-497e-bbe7-2b92c5ab2db1 req-58f4152b-e85f-497e-bbe7-2b92c5ab2db1 ] Request (MultipleCreateNegativeTestJSON:setUpClass): 201 POST http://10.180.1.21/identity/v3/auth/tokens 0.088s
2025-01-13 20:24:06.630 67722 INFO tempest.lib.common.rest_client [req-2000ffae-dd26-4c2a-bc63-d9c7c13d958f req-2000ffae-dd26-4c2a-bc63-d9c7c13d958f ] Request (HypervisorAdminV253TestBase:setUpClass): 201 POST http://10.180.1.21/identity/v3/auth/tokens 0.070s
2025-01-13 20:24:06.637 67738 INFO tempest.lib.common.rest_client [req-3959b333-9a7a-44d7-9cd7-e0379189faeb req-3959b333-9a7a-44d7-9cd7-e0379189faeb ] Request (MultipleCreateNegativeTestJSON:setUpClass): 200 GET http://10.180.1.21/identity/v3/domains?name=Default 0.035s
2025-01-13 20:24:06.664 67722 INFO tempest.lib.common.rest_client [req-040a321f-018f-47f9-bc71-6c48c121a76e req-040a321f-018f-47f9-bc71-6c48c121a76e ] Request (HypervisorAdminV253TestBase:setUpClass): 201 POST http://10.180.1.21/identity/v3/projects 0.033s
2025-01-13 20:24:06.677 67738 INFO tempest.lib.common.rest_client [req-15b050c6-2637-49fb-b77d-a87213aa0a93 req-15b050c6-2637-49fb-b77d-a87213aa0a93 ] Request (MultipleCreateNegativeTestJSON:setUpClass): 201 POST http://10.180.1.21/identity/v3/projects 0.039s
2025-01-13 20:24:06.753 67757 INFO tempest.lib.common.rest_client [req-8feeff61-93dd-49f8-9438-88a9b97ff255 req-8feeff61-93dd-49f8-9438-88a9b97ff255 ] Request (FloatingIPDetailsTestJSON:test_get_floating_ip_details): 200 POST http://10.180.1.21/compute/v2.1/os-floating-ips 4.748s
2025-01-13 20:24:06.765 67738 INFO tempest.lib.common.rest_client [req-b2f690e4-2dd2-433a-a1d7-f5a20e25efb4 req-b2f690e4-2dd2-433a-a1d7-f5a20e25efb4 ] Request (MultipleCreateNegativeTestJSON:setUpClass): 201 POST http://10.180.1.21/identity/v3/users 0.081s
2025-01-13 20:24:06.795 67722 INFO tempest.lib.common.rest_client [req-59471afd-0ba6-4c85-85c9-4e604a7b7307 req-59471afd-0ba6-4c85-85c9-4e604a7b7307 ] Request (HypervisorAdminV253TestBase:setUpClass): 201 POST http://10.180.1.21/identity/v3/users 0.130s
2025-01-13 20:24:06.795 67738 INFO tempest.lib.common.rest_client [req-49254139-2ad0-4db9-95e8-51e2745ab833 req-49254139-2ad0-4db9-95e8-51e2745ab833 ] Request (MultipleCreateNegativeTestJSON:setUpClass): 200 GET http://10.180.1.21/identity/v3/roles 0.029s
2025-01-13 20:24:06.819 67722 INFO tempest.lib.common.rest_client [req-bca75ba1-5f3e-4e9c-885c-851da903e849 req-bca75ba1-5f3e-4e9c-885c-851da903e849 ] Request (HypervisorAdminV253TestBase:setUpClass): 200 GET http://10.180.1.21/identity/v3/roles 0.024s
2025-01-13 20:24:06.830 67738 INFO tempest.lib.common.rest_client [req-8ac3c6db-e71b-4f0f-a5c0-3cca371f3041 req-8ac3c6db-e71b-4f0f-a5c0-3cca371f3041 ] Request (MultipleCreateNegativeTestJSON:setUpClass): 204 PUT http://10.180.1.21/identity/v3/projects/6ab5ec4abd8047808cb1493d6c61a888/users/7aeed146b835418b984f31e176a3615a/roles/12fc8c197a3243de9b698f74a76b8e2c 0.034s
2025-01-13 20:24:06.831 67738 INFO tempest.lib.common.dynamic_creds [-] Dynamic test user 7aeed146b835418b984f31e176a3615a is created with scope project and roles: ['member']
2025-01-13 20:24:06.831 67738 INFO tempest.lib.common.dynamic_creds [-] Acquired dynamic creds: credentials: Credentials: {'domain_id': 'default', 'domain_name': 'Default', 'username': 'tempest-MultipleCreateNegativeTestJSON-343081119-project-member', 'project_domain_id': 'default', 'project_domain_name': 'Default', 'project_id': '6ab5ec4abd8047808cb1493d6c61a888', 'project_name': 'tempest-MultipleCreateNegativeTestJSON-343081119', 'tenant_id': '6ab5ec4abd8047808cb1493d6c61a888', 'tenant_name': 'tempest-MultipleCreateNegativeTestJSON-343081119', 'user_domain_id': 'default', 'user_domain_name': 'Default', 'user_id': '7aeed146b835418b984f31e176a3615a', 'system': None}, Network: None, Subnet: None, Router: None
2025-01-13 20:24:06.831 67738 INFO tempest.lib.common.dynamic_creds [-] Created isolated network resources for: credentials: Credentials: {'domain_id': 'default', 'domain_name': 'Default', 'username': 'tempest-MultipleCreateNegativeTestJSON-343081119-project-member', 'project_domain_id': 'default', 'project_domain_name': 'Default', 'project_id': '6ab5ec4abd8047808cb1493d6c61a888', 'project_name': 'tempest-MultipleCreateNegativeTestJSON-343081119', 'tenant_id': '6ab5ec4abd8047808cb1493d6c61a888', 'tenant_name': 'tempest-MultipleCreateNegativeTestJSON-343081119', 'user_domain_id': 'default', 'user_domain_name': 'Default', 'user_id': '7aeed146b835418b984f31e176a3615a', 'system': None}, Network: None, Subnet: None, Router: None
2025-01-13 20:24:06.837 67778 INFO tempest.lib.common.rest_client [req-424a60f6-8c0d-4dc4-8711-fbf82d7877e0 req-424a60f6-8c0d-4dc4-8711-fbf82d7877e0 ] Request (ServersAdminTestJSON:setUpClass): 200 GET http://10.180.1.21/compute/v2.1/servers/8d8fa858-1ed7-49a0-8c35-6fc828fab7ac 2.729s
2025-01-13 20:24:06.850 67736 INFO tempest.lib.common.rest_client [req-80888208-e478-4f56-bfa5-09ec483d54bc req-80888208-e478-4f56-bfa5-09ec483d54bc ] Request (KeyPairsV210TestJSON:tearDownClass): 200 GET http://10.180.1.21:9696/networking/v2.0/security-groups?tenant_id=aa2a5bb95ac6476191607117e0c5c82e&name=default 0.377s
2025-01-13 20:24:06.899 67722 INFO tempest.lib.common.rest_client [req-26c6a021-9c0e-4d35-8d09-1f4be151c1c5 req-26c6a021-9c0e-4d35-8d09-1f4be151c1c5 ] Request (HypervisorAdminV253TestBase:setUpClass): 204 PUT http://10.180.1.21/identity/v3/projects/6ea35b86b26d4a84b65f69949758c7ba/users/0df112bcf19446388de1261d5c3bf8ac/roles/46e76391cc5d4b39b16856cd291182f3 0.079s
2025-01-13 20:24:06.926 67738 INFO tempest.lib.common.rest_client [req-6e50761a-fef2-4037-84ba-952e0fae7f7b req-6e50761a-fef2-4037-84ba-952e0fae7f7b ] Request (MultipleCreateNegativeTestJSON:setUpClass): 201 POST http://10.180.1.21/identity/v3/auth/tokens 0.091s
2025-01-13 20:24:06.992 67728 INFO tempest.lib.common.rest_client [req-d8be782b-875d-42ef-b1bf-5ff385c66825 req-d8be782b-875d-42ef-b1bf-5ff385c66825 ] Request (ServersAaction247Test:test_create_backup): 200 GET http://10.180.1.21/compute/v2.1/servers/07724b49-3d2e-4eb0-bd70-def5a44d8125 2.557s
2025-01-13 20:24:06.995 67738 INFO tempest.lib.common.rest_client [req-3d1e4848-7aa1-4ec2-a29a-748a15830230 req-3d1e4848-7aa1-4ec2-a29a-748a15830230 ] Request (MultipleCreateNegativeTestJSON:test_max_count_less_than_min_count): 201 POST http://10.180.1.21/identity/v3/auth/tokens 0.064s
2025-01-13 20:24:06.995 67738 INFO tempest.lib.common.fixed_network [-] (MultipleCreateNegativeTestJSON:test_max_count_less_than_min_count) Found network None available for tenant
2025-01-13 20:24:07.010 67722 INFO tempest.lib.common.rest_client [req-cec1acc0-9b71-494f-b466-4a95979cf761 req-cec1acc0-9b71-494f-b466-4a95979cf761 ] Request (HypervisorAdminV253TestBase:setUpClass): 200 GET http://10.180.1.21/identity/v3/roles 0.110s
2025-01-13 20:24:07.039 67722 INFO tempest.lib.common.rest_client [req-dbaa23c1-ab1c-4498-a294-be3caebcc353 req-dbaa23c1-ab1c-4498-a294-be3caebcc353 ] Request (HypervisorAdminV253TestBase:setUpClass): 204 PUT http://10.180.1.21/identity/v3/projects/6ea35b86b26d4a84b65f69949758c7ba/users/0df112bcf19446388de1261d5c3bf8ac/roles/46e76391cc5d4b39b16856cd291182f3 0.028s
2025-01-13 20:24:07.039 67722 INFO tempest.lib.common.dynamic_creds [-] Dynamic test user 0df112bcf19446388de1261d5c3bf8ac is created with scope project and roles: ['admin']
2025-01-13 20:24:07.039 67722 INFO tempest.lib.common.dynamic_creds [-] Acquired dynamic creds: credentials: Credentials: {'domain_id': 'default', 'domain_name': 'Default', 'username': 'tempest-HypervisorAdminV253TestBase-1698596743-project-admin', 'project_domain_id': 'default', 'project_domain_name': 'Default', 'project_id': '6ea35b86b26d4a84b65f69949758c7ba', 'project_name': 'tempest-HypervisorAdminV253TestBase-1698596743', 'tenant_id': '6ea35b86b26d4a84b65f69949758c7ba', 'tenant_name': 'tempest-HypervisorAdminV253TestBase-1698596743', 'user_domain_id': 'default', 'user_domain_name': 'Default', 'user_id': '0df112bcf19446388de1261d5c3bf8ac', 'system': None}, Network: None, Subnet: None, Router: None
