2025-01-13 20:26:22.224 67732 INFO tempest.lib.common.rest_client [req-6217bc00-226b-463b-9d01-284b1c91d127 req-6217bc00-226b-463b-9d01-284b1c91d127 ] Request (VolumesTestJSON:setUpClass): 201 POST http://10.180.1.21/identity/v3/users 0.060s
2025-01-13 20:26:22.244 67778 INFO tempest.lib.common.rest_client [req-8afe80e3-e7bf-48c2-8df0-026a2761f476 req-8afe80e3-e7bf-48c2-8df0-026a2761f476 ] Request (ServersAdminTestJSON:test_inject_network_info): 200 GET http://10.180.1.21/compute/v2.1/servers/0e407159-3b30-4637-9b45-79628385e872 0.158s
2025-01-13 20:26:22.248 67732 INFO tempest.lib.common.rest_client [req-9337668c-8421-4de5-a433-6078d1a66db2 req-9337668c-8421-4de5-a433-6078d1a66db2 ] Request (VolumesTestJSON:setUpClass): 200 GET http://10.180.1.21/identity/v3/roles 0.023s
2025-01-13 20:26:22.250 67736 INFO tempest.lib.common.rest_client [req-bc50aed6-e5af-4806-bd63-d3e2bac1ca91 req-bc50aed6-e5af-4806-bd63-d3e2bac1ca91 ] Request (MultipleCreateTestJSON:setUpClass): 201 POST http://10.180.1.21/identity/v3/projects 0.037s
2025-01-13 20:26:22.281 67734 INFO tempest.lib.common.rest_client [req-aa93a98d-6116-4182-9e1f-1c5740c092a2 req-aa93a98d-6116-4182-9e1f-1c5740c092a2 ] Request (ListImageFiltersTestJSON:tearDownClass): 200 GET http://10.180.1.21/compute/v2.1/servers/c9d7c712-7197-4da5-ba06-1fed547a5560 0.106s
2025-01-13 20:26:22.307 67732 INFO tempest.lib.common.rest_client [req-276c3758-972d-40bc-88e5-16a150ec2028 req-276c3758-972d-40bc-88e5-16a150ec2028 ] Request (VolumesTestJSON:setUpClass): 204 PUT http://10.180.1.21/identity/v3/projects/74744df057e948ee85ee2634e070eb54/users/b0fe5a682bf54c08a7aa4938c1323575/roles/12fc8c197a3243de9b698f74a76b8e2c 0.058s
2025-01-13 20:26:22.307 67732 INFO tempest.lib.common.dynamic_creds [-] Dynamic test user b0fe5a682bf54c08a7aa4938c1323575 is created with scope project and roles: ['member']
2025-01-13 20:26:22.307 67736 INFO tempest.lib.common.rest_client [req-27390a09-187e-47e2-8cd2-1e947108b6a6 req-27390a09-187e-47e2-8cd2-1e947108b6a6 ] Request (MultipleCreateTestJSON:setUpClass): 201 POST http://10.180.1.21/identity/v3/users 0.057s
2025-01-13 20:26:22.307 67732 INFO tempest.lib.common.dynamic_creds [-] Acquired dynamic creds: credentials: Credentials: {'domain_id': 'default', 'domain_name': 'Default', 'username': 'tempest-VolumesTestJSON-1787228809-project-member', 'project_domain_id': 'default', 'project_domain_name': 'Default', 'project_id': '74744df057e948ee85ee2634e070eb54', 'project_name': 'tempest-VolumesTestJSON-1787228809', 'tenant_id': '74744df057e948ee85ee2634e070eb54', 'tenant_name': 'tempest-VolumesTestJSON-1787228809', 'user_domain_id': 'default', 'user_domain_name': 'Default', 'user_id': 'b0fe5a682bf54c08a7aa4938c1323575', 'system': None}, Network: None, Subnet: None, Router: None
2025-01-13 20:26:22.307 67732 INFO tempest.lib.common.dynamic_creds [-] Created isolated network resources for: credentials: Credentials: {'domain_id': 'default', 'domain_name': 'Default', 'username': 'tempest-VolumesTestJSON-1787228809-project-member', 'project_domain_id': 'default', 'project_domain_name': 'Default', 'project_id': '74744df057e948ee85ee2634e070eb54', 'project_name': 'tempest-VolumesTestJSON-1787228809', 'tenant_id': '74744df057e948ee85ee2634e070eb54', 'tenant_name': 'tempest-VolumesTestJSON-1787228809', 'user_domain_id': 'default', 'user_domain_name': 'Default', 'user_id': 'b0fe5a682bf54c08a7aa4938c1323575', 'system': None}, Network: None, Subnet: None, Router: None
2025-01-13 20:26:22.310 67720 INFO tempest.lib.common.rest_client [req-6956c0d8-6772-4d28-a4c3-e61e4a8653e6 req-6956c0d8-6772-4d28-a4c3-e61e4a8653e6 ] Request (DeleteServersAdminTestJSON:test_delete_server_while_in_error_state): 200 GET http://10.180.1.21/compute/v2.1/servers/57428019-183e-4cf1-a0c4-748d3d34307d 0.061s
2025-01-13 20:26:22.338 67770 INFO tempest.lib.common.rest_client [req-f2ba7250-f849-4092-b168-e5451a3abc76 req-f2ba7250-f849-4092-b168-e5451a3abc76 ] Request (VolumesAssistedSnapshotsTest:test_volume_assisted_snapshot_create_delete): 200 GET http://10.180.1.21/volume/v3/volumes/0a50f0bb-f972-4c36-b062-a9fb35c70de0 0.028s
2025-01-13 20:26:22.361 67736 INFO tempest.lib.common.rest_client [req-0c6757fb-9d1e-49db-8588-2d91c48961a7 req-0c6757fb-9d1e-49db-8588-2d91c48961a7 ] Request (MultipleCreateTestJSON:setUpClass): 200 GET http://10.180.1.21/identity/v3/roles 0.053s
2025-01-13 20:26:22.377 67732 INFO tempest.lib.common.rest_client [req-d9000a0a-ab87-4e6e-9748-785fb4d083b7 req-d9000a0a-ab87-4e6e-9748-785fb4d083b7 ] Request (VolumesTestJSON:setUpClass): 201 POST http://10.180.1.21/identity/v3/auth/tokens 0.065s
2025-01-13 20:26:22.386 67736 INFO tempest.lib.common.rest_client [req-562cd3a0-7104-44d0-9001-87adbf8f22ad req-562cd3a0-7104-44d0-9001-87adbf8f22ad ] Request (MultipleCreateTestJSON:setUpClass): 204 PUT http://10.180.1.21/identity/v3/projects/abd386e0051e4feeb3b7303d6074120d/users/7fead8084d954155a6ccaf294d4fc13f/roles/12fc8c197a3243de9b698f74a76b8e2c 0.025s
2025-01-13 20:26:22.387 67736 INFO tempest.lib.common.dynamic_creds [-] Dynamic test user 7fead8084d954155a6ccaf294d4fc13f is created with scope project and roles: ['member']
2025-01-13 20:26:22.387 67736 INFO tempest.lib.common.dynamic_creds [-] Acquired dynamic creds: credentials: Credentials: {'domain_id': 'default', 'domain_name': 'Default', 'username': 'tempest-MultipleCreateTestJSON-401253098-project-member', 'project_domain_id': 'default', 'project_domain_name': 'Default', 'project_id': 'abd386e0051e4feeb3b7303d6074120d', 'project_name': 'tempest-MultipleCreateTestJSON-401253098', 'tenant_id': 'abd386e0051e4feeb3b7303d6074120d', 'tenant_name': 'tempest-MultipleCreateTestJSON-401253098', 'user_domain_id': 'default', 'user_domain_name': 'Default', 'user_id': '7fead8084d954155a6ccaf294d4fc13f', 'system': None}, Network: None, Subnet: None, Router: None
2025-01-13 20:26:22.445 67736 INFO tempest.lib.common.rest_client [req-2bc0d030-27f7-42db-9f3a-4188fd63100e req-2bc0d030-27f7-42db-9f3a-4188fd63100e ] Request (MultipleCreateTestJSON:setUpClass): 201 POST http://10.180.1.21/identity/v3/auth/tokens 0.058s
2025-01-13 20:26:22.509 67750 INFO tempest.lib.common.rest_client [req-a4aae706-faac-44b9-97f8-18dc59118979 req-a4aae706-faac-44b9-97f8-18dc59118979 ] Request (MigrationsAdminTest:test_resize_server_revert_deleted_flavor): 200 GET http://10.180.1.21/compute/v2.1/servers/c6163c18-0074-4336-aeda-272f9da51db0 0.117s
2025-01-13 20:26:22.537 67716 INFO tempest.lib.common.rest_client [req-ae97d3e0-8383-4ba2-b8a5-85ef71f75e86 req-ae97d3e0-8383-4ba2-b8a5-85ef71f75e86 ] Request (FloatingIPsAssociationTestJSON:tearDownClass): 200 GET http://10.180.1.21/compute/v2.1/servers/53b30256-2715-49d3-a6c5-836c29d6769b 0.082s
2025-01-13 20:26:22.542 67726 INFO tempest.lib.common.rest_client [req-3387404d-703a-4f80-9099-717f3b9ed1e5 req-3387404d-703a-4f80-9099-717f3b9ed1e5 ] Request (ImagesTestJSON:test_create_image_from_suspended_server): 200 GET http://10.180.1.21/compute/v2.1/images/8cd0de4c-1aa2-4ecd-a3d9-037ae5d1f3a1 0.039s
2025-01-13 20:26:22.646 67740 INFO tempest.lib.common.rest_client [req-497ad674-644b-4e0f-853e-2822d7f95168 req-497ad674-644b-4e0f-853e-2822d7f95168 ] Request (ServerMetadataNegativeTestJSON:setUpClass): 200 GET http://10.180.1.21/compute/v2.1/servers/87131a33-4ae6-42f3-8484-165948f4898d 0.066s
2025-01-13 20:26:22.700 67732 INFO tempest.lib.common.rest_client [req-dfaf599d-1437-4a5c-968e-bef1da188ffa req-dfaf599d-1437-4a5c-968e-bef1da188ffa ] Request (VolumesTestJSON:setUpClass): 202 POST http://10.180.1.21/volume/v3/volumes 0.322s
2025-01-13 20:26:22.719 67748 INFO tempest.lib.common.rest_client [req-0da566a6-ec79-4068-b726-fae6a59011d9 req-0da566a6-ec79-4068-b726-fae6a59011d9 ] Request (DeleteServersTestJSON:test_delete_active_server): 200 GET http://10.180.1.21/compute/v2.1/servers/0c89a295-fc69-45db-8a49-efa31e3a9cf8 0.067s
2025-01-13 20:26:22.735 67736 INFO tempest.lib.common.rest_client [req-e71f9d4f-7fcc-4e9d-af8d-b1bfb4596100 req-e71f9d4f-7fcc-4e9d-af8d-b1bfb4596100 ] Request (MultipleCreateTestJSON:setUpClass): 201 POST http://10.180.1.21:9696/networking/v2.0/networks 0.289s
2025-01-13 20:26:22.791 67738 INFO tempest.lib.common.rest_client [req-fcb1f182-6619-42e1-8d58-13933d6c44a0 req-fcb1f182-6619-42e1-8d58-13933d6c44a0 ] Request (AttachVolumeShelveTestJSON:test_attach_volume_shelved_or_offload_server): 200 GET http://10.180.1.21/compute/v2.1/servers/dec2ce44-20ed-45af-900f-86aa2c1dab2d 0.069s
2025-01-13 20:26:22.886 67728 INFO tempest.lib.common.rest_client [req-3f3d9476-f894-468f-8338-9067f8e66cd5 req-3f3d9476-f894-468f-8338-9067f8e66cd5 ] Request (ServerRescueTestJSONUnderV235:setUpClass): 200 GET http://10.180.1.21/compute/v2.1/servers/d3d2f2e2-b8f2-4732-afaa-ed51e5df375a 0.112s
2025-01-13 20:26:22.892 67752 INFO tempest.lib.common.rest_client [req-02957cec-cef8-47af-acfe-492127fb3189 req-02957cec-cef8-47af-acfe-492127fb3189 ] Request (ServerShowV254Test:tearDownClass): 200 GET http://10.180.1.21/compute/v2.1/servers/ce97c764-fd8a-460c-a642-646822ddefdb 0.095s
2025-01-13 20:26:22.908 67732 INFO tempest.lib.common.rest_client [req-e1c62db9-4bb1-49ae-af86-10420435997d req-e1c62db9-4bb1-49ae-af86-10420435997d ] Request (VolumesTestJSON:setUpClass): 200 GET http://10.180.1.21/volume/v3/volumes/347ff6ef-7a19-4f14-9896-d39a1e02f5c1 0.197s
2025-01-13 20:26:22.947 67754 INFO tempest.lib.common.rest_client [req-23e3de97-47a1-4e69-af82-5ec3edc195fe req-23e3de97-47a1-4e69-af82-5ec3edc195fe ] Request (ServersTestMultiNic:test_verify_multiple_nics_order): 200 GET http://10.180.1.21/compute/v2.1/servers/5629531e-003a-4ae4-ba3e-aca40f9088f3 0.104s
2025-01-13 20:26:22.950 67768 INFO tempest.lib.common.rest_client [req-ae364bf4-fb02-40c6-ae7c-d4eaa40dcff0 req-ae364bf4-fb02-40c6-ae7c-d4eaa40dcff0 ] Request (SecurityGroupsTestJSON:test_list_security_groups_by_server): 200 GET http://10.180.1.21/compute/v2.1/servers/2cc12d89-f1da-4968-b5be-02443a538439 0.117s
2025-01-13 20:26:22.963 67736 INFO tempest.lib.common.rest_client [req-c376789b-2008-4078-9ba1-12412ab16bcc req-c376789b-2008-4078-9ba1-12412ab16bcc ] Request (MultipleCreateTestJSON:setUpClass): 201 POST http://10.180.1.21:9696/networking/v2.0/subnets 0.227s
2025-01-13 20:26:23.007 67774 INFO tempest.lib.common.rest_client [req-3f4e0f70-5b8e-486d-888f-9cfcbbf3767e req-3f4e0f70-5b8e-486d-888f-9cfcbbf3767e ] Request (ServersNegativeTestMultiTenantJSON:setUpClass): 200 GET http://10.180.1.21/compute/v2.1/servers/eed09add-be12-4037-a619-c27f266e8efc 0.114s
2025-01-13 20:26:23.009 67718 INFO tempest.lib.common.rest_client [req-cef80a0e-c64f-4390-9099-0f629975fa65 req-cef80a0e-c64f-4390-9099-0f629975fa65 ] Request (VolumesAdminNegativeTest:test_update_attached_volume_with_nonexistent_volume_in_body): 200 GET http://10.180.1.21/compute/v2.1/servers/cc68363b-7077-4d89-8771-fa6f3274da29 0.110s
2025-01-13 20:26:23.133 67744 INFO tempest.lib.common.rest_client [req-7c6d9e18-b840-435b-b289-42db4ec7787c req-7c6d9e18-b840-435b-b289-42db4ec7787c ] Request (ServerExternalEventsTest:tearDownClass): 200 GET http://10.180.1.21/compute/v2.1/servers/eec857ae-b3cc-4b5e-a1f0-8914faa151d1 0.071s
2025-01-13 20:26:23.189 67742 INFO tempest.lib.common.rest_client [req-71a4a1ee-0618-47a5-a238-8c05abfd1f2c req-71a4a1ee-0618-47a5-a238-8c05abfd1f2c ] Request (ServerDiskConfigTestJSON:test_rebuild_server_with_manual_disk_config): 200 GET http://10.180.1.21/compute/v2.1/servers/9deab59e-beb6-4c7a-a2c3-6c5b4c44bc35 0.105s
2025-01-13 20:26:23.194 67766 INFO tempest.lib.common.rest_client [req-a1a91c65-daee-4eb0-a22f-86cfe8cedb11 req-a1a91c65-daee-4eb0-a22f-86cfe8cedb11 ] Request (ImagesOneServerNegativeTestJSON:_run_cleanups): 200 GET http://10.180.1.21/compute/v2.1/servers/25720ae4-eecd-43cb-a7c3-3765565e4218 0.159s
2025-01-13 20:26:23.214 67722 INFO tempest.lib.common.rest_client [req-07f0c05f-ccf0-4638-970f-37de9e35a820 req-07f0c05f-ccf0-4638-970f-37de9e35a820 ] Request (ListServerFiltersTestJSON:tearDownClass): 404 GET http://10.180.1.21/compute/v2.1/servers/458f738c-d224-4d91-9aa9-f4b5d49aa243 0.076s
2025-01-13 20:26:23.283 67757 INFO tempest.lib.common.rest_client [req-8c05c9f9-e051-4e8a-bc34-eeade5c123f3 req-8c05c9f9-e051-4e8a-bc34-eeade5c123f3 ] Request (ServerGroupTestJSON:_run_cleanups): 200 GET http://10.180.1.21/compute/v2.1/servers/a7c17bc5-408d-4988-a687-2f6ed51ac088 0.082s
2025-01-13 20:26:23.298 67722 INFO tempest.lib.common.rest_client [req-127bc6d7-ae13-47a5-8f19-75b07d647bce req-127bc6d7-ae13-47a5-8f19-75b07d647bce ] Request (ListServerFiltersTestJSON:tearDownClass): 204 DELETE http://10.180.1.21/compute/v2.1/servers/45270ec5-a7d3-47de-b5cb-9fa320ac2250 0.083s
2025-01-13 20:26:23.351 67778 INFO tempest.lib.common.rest_client [req-9122df4f-94dd-4136-89d4-f781497576b7 req-9122df4f-94dd-4136-89d4-f781497576b7 ] Request (ServersAdminTestJSON:test_inject_network_info): 200 GET http://10.180.1.21/compute/v2.1/servers/0e407159-3b30-4637-9b45-79628385e872 0.097s
2025-01-13 20:26:23.384 67770 INFO tempest.lib.common.rest_client [req-d96e01cc-4925-46b0-b87e-cd476ae4791d req-d96e01cc-4925-46b0-b87e-cd476ae4791d ] Request (VolumesAssistedSnapshotsTest:test_volume_assisted_snapshot_create_delete): 200 GET http://10.180.1.21/volume/v3/volumes/0a50f0bb-f972-4c36-b062-a9fb35c70de0 0.036s
2025-01-13 20:26:23.396 67724 INFO tempest.lib.common.rest_client [req-81289e66-9409-45b0-bff8-7117f3776ee9 req-81289e66-9409-45b0-bff8-7117f3776ee9 ] Request (ServerDiagnosticsTest:tearDownClass): 200 GET http://10.180.1.21/compute/v2.1/servers/445d93af-e9fb-4a04-b4bd-2cc1e7548f88 0.175s
2025-01-13 20:26:23.420 67734 INFO tempest.lib.common.rest_client [req-870cad65-85c8-4530-b602-5688328dcbd3 req-870cad65-85c8-4530-b602-5688328dcbd3 ] Request (ListImageFiltersTestJSON:tearDownClass): 200 GET http://10.180.1.21/compute/v2.1/servers/c9d7c712-7197-4da5-ba06-1fed547a5560 0.131s
2025-01-13 20:26:23.473 67720 INFO tempest.lib.common.rest_client [req-894e1fec-6e30-4ae0-8f54-abf2c726d283 req-894e1fec-6e30-4ae0-8f54-abf2c726d283 ] Request (DeleteServersAdminTestJSON:test_delete_server_while_in_error_state): 200 GET http://10.180.1.21/compute/v2.1/servers/57428019-183e-4cf1-a0c4-748d3d34307d 0.152s
2025-01-13 20:26:23.524 67722 INFO tempest.lib.common.rest_client [req-4aca131c-c92c-4fd1-9ddd-311eb4f1c408 req-4aca131c-c92c-4fd1-9ddd-311eb4f1c408 ] Request (ListServerFiltersTestJSON:tearDownClass): 200 GET http://10.180.1.21/compute/v2.1/servers/45270ec5-a7d3-47de-b5cb-9fa320ac2250 0.226s
2025-01-13 20:26:23.590 67726 INFO tempest.lib.common.rest_client [req-6752c953-4148-4f8a-94c9-f0ce5b8f40d0 req-6752c953-4148-4f8a-94c9-f0ce5b8f40d0 ] Request (ImagesTestJSON:test_create_image_from_suspended_server): 200 GET http://10.180.1.21/compute/v2.1/images/8cd0de4c-1aa2-4ecd-a3d9-037ae5d1f3a1 0.043s
2025-01-13 20:26:23.644 67716 INFO tempest.lib.common.rest_client [req-f8dc9bc5-b662-4f21-aa9c-dd92a49ef2e6 req-f8dc9bc5-b662-4f21-aa9c-dd92a49ef2e6 ] Request (FloatingIPsAssociationTestJSON:tearDownClass): 200 GET http://10.180.1.21/compute/v2.1/servers/53b30256-2715-49d3-a6c5-836c29d6769b 0.094s
2025-01-13 20:26:23.708 67750 INFO tempest.lib.common.rest_client [req-66f0a509-3d38-4215-b418-d9b4570542ca req-66f0a509-3d38-4215-b418-d9b4570542ca ] Request (MigrationsAdminTest:test_resize_server_revert_deleted_flavor): 200 GET http://10.180.1.21/compute/v2.1/servers/c6163c18-0074-4336-aeda-272f9da51db0 0.190s
2025-01-13 20:26:23.711 67740 INFO tempest.lib.common.rest_client [req-f51bb214-3a53-46b4-a571-601873a87777 req-f51bb214-3a53-46b4-a571-601873a87777 ] Request (ServerMetadataNegativeTestJSON:setUpClass): 200 GET http://10.180.1.21/compute/v2.1/servers/87131a33-4ae6-42f3-8484-165948f4898d 0.055s
2025-01-13 20:26:23.789 67748 INFO tempest.lib.common.rest_client [req-ad8c7815-bac5-4d68-996d-d2fc0595185e req-ad8c7815-bac5-4d68-996d-d2fc0595185e ] Request (DeleteServersTestJSON:test_delete_active_server): 200 GET http://10.180.1.21/compute/v2.1/servers/0c89a295-fc69-45db-8a49-efa31e3a9cf8 0.062s
2025-01-13 20:26:23.795 67736 INFO tempest.lib.common.rest_client [req-795c735a-21b7-4528-b7fb-c540eed60f0e req-795c735a-21b7-4528-b7fb-c540eed60f0e ] Request (MultipleCreateTestJSON:setUpClass): 201 POST http://10.180.1.21:9696/networking/v2.0/routers 0.831s
2025-01-13 20:26:23.871 67738 INFO tempest.lib.common.rest_client [req-7e6440f1-ee5f-4a03-ab86-7ff8b7f7c56c req-7e6440f1-ee5f-4a03-ab86-7ff8b7f7c56c ] Request (AttachVolumeShelveTestJSON:test_attach_volume_shelved_or_offload_server): 200 GET http://10.180.1.21/compute/v2.1/servers/dec2ce44-20ed-45af-900f-86aa2c1dab2d 0.069s
2025-01-13 20:26:23.946 67732 INFO tempest.lib.common.rest_client [req-37f57548-be36-440e-b21e-14a8ce672267 req-37f57548-be36-440e-b21e-14a8ce672267 ] Request (VolumesTestJSON:setUpClass): 200 GET http://10.180.1.21/volume/v3/volumes/347ff6ef-7a19-4f14-9896-d39a1e02f5c1 0.030s
2025-01-13 20:26:23.953 67732 INFO tempest.common.waiters [-] volume 347ff6ef-7a19-4f14-9896-d39a1e02f5c1 reached available after waiting for 1.953156 seconds
2025-01-13 20:26:23.987 67752 INFO tempest.lib.common.rest_client [req-a8344e7f-e1c6-4380-bdbd-abcaa62e05bd req-a8344e7f-e1c6-4380-bdbd-abcaa62e05bd ] Request (ServerShowV254Test:tearDownClass): 200 GET http://10.180.1.21/compute/v2.1/servers/ce97c764-fd8a-460c-a642-646822ddefdb 0.083s
2025-01-13 20:26:24.025 67732 INFO tempest.lib.common.rest_client [req-9e460eec-92bd-4f2a-9b72-5c6bf0d3316b req-9e460eec-92bd-4f2a-9b72-5c6bf0d3316b ] Request (VolumesTestJSON:setUpClass): 200 GET http://10.180.1.21/compute/v2.1/os-volumes/347ff6ef-7a19-4f14-9896-d39a1e02f5c1 0.072s
2025-01-13 20:26:24.084 67754 INFO tempest.lib.common.rest_client [req-6580269e-d6e2-4fc5-9daf-d3c19de7ef70 req-6580269e-d6e2-4fc5-9daf-d3c19de7ef70 ] Request (ServersTestMultiNic:test_verify_multiple_nics_order): 200 GET http://10.180.1.21/compute/v2.1/servers/5629531e-003a-4ae4-ba3e-aca40f9088f3 0.126s
2025-01-13 20:26:24.140 67768 INFO tempest.lib.common.rest_client [req-d0dc316a-0735-4b9f-b239-2417c907591b req-d0dc316a-0735-4b9f-b239-2417c907591b ] Request (SecurityGroupsTestJSON:test_list_security_groups_by_server): 200 GET http://10.180.1.21/compute/v2.1/servers/2cc12d89-f1da-4968-b5be-02443a538439 0.179s
2025-01-13 20:26:24.161 67732 INFO tempest.lib.common.rest_client [req-ddcb838f-87a7-4549-84be-088020c41064 req-ddcb838f-87a7-4549-84be-088020c41064 ] Request (VolumesTestJSON:setUpClass): 202 POST http://10.180.1.21/volume/v3/volumes 0.133s
2025-01-13 20:26:24.192 67732 INFO tempest.lib.common.rest_client [req-ae1aaf01-87cc-4cf7-ab99-4ef6bc8cb3a2 req-ae1aaf01-87cc-4cf7-ab99-4ef6bc8cb3a2 ] Request (VolumesTestJSON:setUpClass): 200 GET http://10.180.1.21/volume/v3/volumes/fddd1201-3af7-4211-b7c3-9b7962a222ae 0.025s
2025-01-13 20:26:24.200 67718 INFO tempest.lib.common.rest_client [req-954ff86b-d55b-405a-a872-4eb5c96df67b req-954ff86b-d55b-405a-a872-4eb5c96df67b ] Request (VolumesAdminNegativeTest:test_update_attached_volume_with_nonexistent_volume_in_body): 200 GET http://10.180.1.21/compute/v2.1/servers/cc68363b-7077-4d89-8771-fa6f3274da29 0.182s
2025-01-13 20:26:24.242 67728 INFO tempest.lib.common.rest_client [req-19f5518f-123e-4e84-9252-5fcbc990c327 req-19f5518f-123e-4e84-9252-5fcbc990c327 ] Request (ServerRescueTestJSONUnderV235:setUpClass): 200 GET http://10.180.1.21/compute/v2.1/servers/d3d2f2e2-b8f2-4732-afaa-ed51e5df375a 0.345s
2025-01-13 20:26:24.266 67774 INFO tempest.lib.common.rest_client [req-62429c72-7dfa-4c2e-9106-d6b3e2f74bad req-62429c72-7dfa-4c2e-9106-d6b3e2f74bad ] Request (ServersNegativeTestMultiTenantJSON:setUpClass): 200 GET http://10.180.1.21/compute/v2.1/servers/eed09add-be12-4037-a619-c27f266e8efc 0.244s
2025-01-13 20:26:24.304 67744 INFO tempest.lib.common.rest_client [req-a13208f1-8d56-4519-8e11-70cebc8e4558 req-a13208f1-8d56-4519-8e11-70cebc8e4558 ] Request (ServerExternalEventsTest:tearDownClass): 200 GET http://10.180.1.21/compute/v2.1/servers/eec857ae-b3cc-4b5e-a1f0-8914faa151d1 0.151s
2025-01-13 20:26:24.316 67742 INFO tempest.lib.common.rest_client [req-6fda1362-fbcc-44ed-ab91-86be599d3686 req-6fda1362-fbcc-44ed-ab91-86be599d3686 ] Request (ServerDiskConfigTestJSON:test_rebuild_server_with_manual_disk_config): 200 GET http://10.180.1.21/compute/v2.1/servers/9deab59e-beb6-4c7a-a2c3-6c5b4c44bc35 0.120s
2025-01-13 20:26:24.384 67757 INFO tempest.lib.common.rest_client [req-af55a0b5-9228-460e-bdc3-e6f85e07b538 req-af55a0b5-9228-460e-bdc3-e6f85e07b538 ] Request (ServerGroupTestJSON:_run_cleanups): 200 GET http://10.180.1.21/compute/v2.1/servers/a7c17bc5-408d-4988-a687-2f6ed51ac088 0.093s
2025-01-13 20:26:24.422 67770 INFO tempest.lib.common.rest_client [req-d0478d0b-1f6a-4074-a4a1-f7eb4a3fe806 req-d0478d0b-1f6a-4074-a4a1-f7eb4a3fe806 ] Request (VolumesAssistedSnapshotsTest:test_volume_assisted_snapshot_create_delete): 200 GET http://10.180.1.21/volume/v3/volumes/0a50f0bb-f972-4c36-b062-a9fb35c70de0 0.029s
2025-01-13 20:26:24.423 67766 INFO tempest.lib.common.rest_client [req-2838d4b1-af0c-42e2-8cea-2c821732038b req-2838d4b1-af0c-42e2-8cea-2c821732038b ] Request (ImagesOneServerNegativeTestJSON:_run_cleanups): 200 GET http://10.180.1.21/compute/v2.1/servers/25720ae4-eecd-43cb-a7c3-3765565e4218 0.220s
2025-01-13 20:26:24.430 67770 INFO tempest.common.waiters [-] Attachment b48638c9-aee6-4474-a4f9-017d290060f7 created for volume 0a50f0bb-f972-4c36-b062-a9fb35c70de0 to server d44beaef-e5f0-4b0b-84e4-274a0728302a after waiting for 7.430145 seconds
2025-01-13 20:26:24.442 67778 INFO tempest.lib.common.rest_client [req-161e1da8-1638-4c5a-a039-86dff7b19ec2 req-161e1da8-1638-4c5a-a039-86dff7b19ec2 ] Request (ServersAdminTestJSON:test_inject_network_info): 200 GET http://10.180.1.21/compute/v2.1/servers/0e407159-3b30-4637-9b45-79628385e872 0.084s
2025-01-13 20:26:24.458 67770 INFO tempest.lib.common.rest_client [req-a4c49fb6-d429-4d80-aab8-69d7a601f7e4 req-a4c49fb6-d429-4d80-aab8-69d7a601f7e4 ] Request (VolumesAssistedSnapshotsTest:test_volume_assisted_snapshot_create_delete): 200 GET http://10.180.1.21/volume/v3/volumes/0a50f0bb-f972-4c36-b062-a9fb35c70de0 0.027s
2025-01-13 20:26:24.464 67770 INFO tempest.common.waiters [-] volume 0a50f0bb-f972-4c36-b062-a9fb35c70de0 reached in-use after waiting for 0.464506 seconds
2025-01-13 20:26:24.506 67734 INFO tempest.lib.common.rest_client [req-bc1e0e4b-092e-4b20-a796-003aa38595a6 req-bc1e0e4b-092e-4b20-a796-003aa38595a6 ] Request (ListImageFiltersTestJSON:tearDownClass): 200 GET http://10.180.1.21/compute/v2.1/servers/c9d7c712-7197-4da5-ba06-1fed547a5560 0.079s
2025-01-13 20:26:24.531 67724 INFO tempest.lib.common.rest_client [req-42e34f65-3e5c-45a3-b1c7-e8740ac0cf12 req-42e34f65-3e5c-45a3-b1c7-e8740ac0cf12 ] Request (ServerDiagnosticsTest:tearDownClass): 200 GET http://10.180.1.21/compute/v2.1/servers/445d93af-e9fb-4a04-b4bd-2cc1e7548f88 0.122s
2025-01-13 20:26:24.587 67720 INFO tempest.lib.common.rest_client [req-2edb91a5-bc37-4ea5-b0da-0017f579c591 req-2edb91a5-bc37-4ea5-b0da-0017f579c591 ] Request (DeleteServersAdminTestJSON:test_delete_server_while_in_error_state): 200 GET http://10.180.1.21/compute/v2.1/servers/57428019-183e-4cf1-a0c4-748d3d34307d 0.107s
2025-01-13 20:26:24.666 67770 INFO tempest.lib.common.rest_client [req-cd788c5d-748e-4633-a53c-972ebfdf7988 req-cd788c5d-748e-4633-a53c-972ebfdf7988 ] Request (VolumesAssistedSnapshotsTest:test_volume_assisted_snapshot_create_delete): 200 POST http://10.180.1.21/compute/v2.1/os-assisted-volume-snapshots 0.202s
2025-01-13 20:26:24.674 67736 INFO tempest.lib.common.rest_client [req-fda2984d-eff7-43e9-b496-b9fd041045e4 req-fda2984d-eff7-43e9-b496-b9fd041045e4 ] Request (MultipleCreateTestJSON:setUpClass): 200 PUT http://10.180.1.21:9696/networking/v2.0/routers/55277aa9-70e9-4e31-91ea-dbf43236b218/add_router_interface 0.879s
2025-01-13 20:26:24.674 67736 INFO tempest.lib.common.dynamic_creds [-] Created isolated network resources for: credentials: Credentials: {'domain_id': 'default', 'domain_name': 'Default', 'username': 'tempest-MultipleCreateTestJSON-401253098-project-member', 'project_domain_id': 'default', 'project_domain_name': 'Default', 'project_id': 'abd386e0051e4feeb3b7303d6074120d', 'project_name': 'tempest-MultipleCreateTestJSON-401253098', 'tenant_id': 'abd386e0051e4feeb3b7303d6074120d', 'tenant_name': 'tempest-MultipleCreateTestJSON-401253098', 'user_domain_id': 'default', 'user_domain_name': 'Default', 'user_id': '7fead8084d954155a6ccaf294d4fc13f', 'system': None}, Network: {'id': '4c11c593-43f9-4dee-8757-2fa1bd53c80b', 'name': 'tempest-MultipleCreateTestJSON-1147877339-network', 'tenant_id': 'abd386e0051e4feeb3b7303d6074120d', 'admin_state_up': True, 'mtu': 8950, 'status': 'ACTIVE', 'subnets': [], 'shared': False, 'project_id': 'abd386e0051e4feeb3b7303d6074120d', 'port_security_enabled': True, 'router:external': False, 'provider:network_type': 'vlan', 'provider:physical_network': 'default', 'provider:segmentation_id': 20, 'availability_zone_hints': [], 'availability_zones': [], 'ipv4_address_scope': None, 'ipv6_address_scope': None, 'description': '', 'tags': [], 'created_at': '2025-01-13T20:26:22Z', 'updated_at': '2025-01-13T20:26:22Z', 'revision_number': 1}, Subnet: {'id': 'd78a15bd-f7e9-4312-a859-b5884e3361d0', 'name': 'tempest-MultipleCreateTestJSON-1147877339-subnet', 'tenant_id': 'abd386e0051e4feeb3b7303d6074120d', 'network_id': '4c11c593-43f9-4dee-8757-2fa1bd53c80b', 'ip_version': 4, 'subnetpool_id': None, 'enable_dhcp': True, 'ipv6_ra_mode': None, 'ipv6_address_mode': None, 'gateway_ip': '192.168.128.1', 'cidr': '192.168.128.0/28', 'allocation_pools': [{'start': '192.168.128.2', 'end': '192.168.128.14'}], 'host_routes': [], 'dns_nameservers': [], 'description': '', 'router:external': False, 'service_types': [], 'tags': [], 'created_at': '2025-01-13T20:26:22Z', 'updated_at': '2025-01-13T20:26:22Z', 'revision_number': 0, 'project_id': 'abd386e0051e4feeb3b7303d6074120d'}, Router: {'id': '55277aa9-70e9-4e31-91ea-dbf43236b218', 'name': 'tempest-MultipleCreateTestJSON-1147877339-router', 'tenant_id': 'abd386e0051e4feeb3b7303d6074120d', 'admin_state_up': True, 'status': 'ACTIVE', 'external_gateway_info': {'network_id': '51a73d1b-d331-4c69-aa8c-962a572e92eb', 'external_fixed_ips': [{'subnet_id': 'ebacd113-3470-43fd-9ca8-5a2970cf9ef2', 'ip_address': '10.180.180.164'}], 'enable_snat': True}, 'description': '', 'availability_zones': [], 'distributed': False, 'ha': False, 'availability_zone_hints': [], 'routes': [], 'flavor_id': None, 'tags': [], 'created_at': '2025-01-13T20:26:23Z', 'updated_at': '2025-01-13T20:26:23Z', 'revision_number': 2, 'project_id': 'abd386e0051e4feeb3b7303d6074120d'}
2025-01-13 20:26:24.702 67726 INFO tempest.lib.common.rest_client [req-eadb1d7e-492b-458f-8418-fad7e0918e20 req-eadb1d7e-492b-458f-8418-fad7e0918e20 ] Request (ImagesTestJSON:test_create_image_from_suspended_server): 200 GET http://10.180.1.21/compute/v2.1/images/8cd0de4c-1aa2-4ecd-a3d9-037ae5d1f3a1 0.107s
2025-01-13 20:26:24.723 67722 INFO tempest.lib.common.rest_client [req-fd7fba01-1085-4385-90be-45481d357841 req-fd7fba01-1085-4385-90be-45481d357841 ] Request (ListServerFiltersTestJSON:tearDownClass): 200 GET http://10.180.1.21/compute/v2.1/servers/45270ec5-a7d3-47de-b5cb-9fa320ac2250 0.191s
2025-01-13 20:26:24.762 67716 INFO tempest.lib.common.rest_client [req-d8ff3872-c38d-44df-bd45-a6561db9da22 req-d8ff3872-c38d-44df-bd45-a6561db9da22 ] Request (FloatingIPsAssociationTestJSON:tearDownClass): 200 GET http://10.180.1.21/compute/v2.1/servers/53b30256-2715-49d3-a6c5-836c29d6769b 0.108s
2025-01-13 20:26:24.767 67736 INFO tempest.lib.common.rest_client [req-a7b17a13-f2fe-478a-a07c-c55d5a7facee req-a7b17a13-f2fe-478a-a07c-c55d5a7facee ] Request (MultipleCreateTestJSON:setUpClass): 201 POST http://10.180.1.21/identity/v3/auth/tokens 0.090s
2025-01-13 20:26:24.771 67770 INFO tempest.lib.common.rest_client [req-4bc6724b-425f-41f8-9bda-961d01a11757 req-4bc6724b-425f-41f8-9bda-961d01a11757 ] Request (VolumesAssistedSnapshotsTest:test_volume_assisted_snapshot_create_delete): 204 DELETE http://10.180.1.21/compute/v2.1/os-assisted-volume-snapshots/None?delete_info=%7B%22volume_id%22%3A+%220a50f0bb-f972-4c36-b062-a9fb35c70de0%22%7D 0.104s
2025-01-13 20:26:24.806 67770 INFO tempest.lib.common.rest_client [req-5f60b440-4302-4753-a159-0c8fa60612d2 req-5f60b440-4302-4753-a159-0c8fa60612d2 ] Request (VolumesAssistedSnapshotsTest:_run_cleanups): 200 GET http://10.180.1.21/volume/v3/volumes/0a50f0bb-f972-4c36-b062-a9fb35c70de0 0.035s
2025-01-13 20:26:24.808 67736 INFO tempest.lib.common.rest_client [req-7b039095-a61f-425b-ba25-44eeac0d0953 req-7b039095-a61f-425b-ba25-44eeac0d0953 ] Request (MultipleCreateTestJSON:test_multiple_create): 201 POST http://10.180.1.21/identity/v3/auth/tokens 0.034s
2025-01-13 20:26:24.808 67736 INFO tempest.lib.common.fixed_network [-] (MultipleCreateTestJSON:test_multiple_create) Found network {'id': '4c11c593-43f9-4dee-8757-2fa1bd53c80b', 'name': 'tempest-MultipleCreateTestJSON-1147877339-network', 'tenant_id': 'abd386e0051e4feeb3b7303d6074120d', 'admin_state_up': True, 'mtu': 8950, 'status': 'ACTIVE', 'subnets': [], 'shared': False, 'project_id': 'abd386e0051e4feeb3b7303d6074120d', 'port_security_enabled': True, 'router:external': False, 'provider:network_type': 'vlan', 'provider:physical_network': 'default', 'provider:segmentation_id': 20, 'availability_zone_hints': [], 'availability_zones': [], 'ipv4_address_scope': None, 'ipv6_address_scope': None, 'description': '', 'tags': [], 'created_at': '2025-01-13T20:26:22Z', 'updated_at': '2025-01-13T20:26:22Z', 'revision_number': 1} available for tenant
2025-01-13 20:26:24.825 67740 INFO tempest.lib.common.rest_client [req-3ffd968d-f915-4839-b244-6f435298848e req-3ffd968d-f915-4839-b244-6f435298848e ] Request (ServerMetadataNegativeTestJSON:setUpClass): 200 GET http://10.180.1.21/compute/v2.1/servers/87131a33-4ae6-42f3-8484-165948f4898d 0.104s
2025-01-13 20:26:24.871 67750 INFO tempest.lib.common.rest_client [req-30989a34-f971-4fc9-b704-f34bd32e931f req-30989a34-f971-4fc9-b704-f34bd32e931f ] Request (MigrationsAdminTest:test_resize_server_revert_deleted_flavor): 200 GET http://10.180.1.21/compute/v2.1/servers/c6163c18-0074-4336-aeda-272f9da51db0 0.153s
2025-01-13 20:26:24.880 67748 INFO tempest.lib.common.rest_client [req-2dc8e57c-0000-4c7a-afc2-8c23bf4cb56f req-2dc8e57c-0000-4c7a-afc2-8c23bf4cb56f ] Request (DeleteServersTestJSON:test_delete_active_server): 200 GET http://10.180.1.21/compute/v2.1/servers/0c89a295-fc69-45db-8a49-efa31e3a9cf8 0.081s
2025-01-13 20:26:25.018 67770 INFO tempest.lib.common.rest_client [req-91e670c6-c1c5-4d77-a483-60e53d707581 req-91e670c6-c1c5-4d77-a483-60e53d707581 ] Request (VolumesAssistedSnapshotsTest:_run_cleanups): 202 DELETE http://10.180.1.21/compute/v2.1/servers/d44beaef-e5f0-4b0b-84e4-274a0728302a/os-volume_attachments/0a50f0bb-f972-4c36-b062-a9fb35c70de0 0.205s
2025-01-13 20:26:25.065 67738 INFO tempest.lib.common.rest_client [req-2dec19d1-7498-4230-b16b-c00da312fd91 req-2dec19d1-7498-4230-b16b-c00da312fd91 ] Request (AttachVolumeShelveTestJSON:test_attach_volume_shelved_or_offload_server): 200 GET http://10.180.1.21/compute/v2.1/servers/dec2ce44-20ed-45af-900f-86aa2c1dab2d 0.184s
2025-01-13 20:26:25.116 67752 INFO tempest.lib.common.rest_client [req-fef231ff-ae86-49e9-81b4-38ed2401124b req-fef231ff-ae86-49e9-81b4-38ed2401124b ] Request (ServerShowV254Test:tearDownClass): 200 GET http://10.180.1.21/compute/v2.1/servers/ce97c764-fd8a-460c-a642-646822ddefdb 0.120s
2025-01-13 20:26:25.142 67770 INFO tempest.lib.common.rest_client [req-85eb6c56-419f-4e25-956f-570e8e551310 req-85eb6c56-419f-4e25-956f-570e8e551310 ] Request (VolumesAssistedSnapshotsTest:_run_cleanups): 200 GET http://10.180.1.21/compute/v2.1/servers/d44beaef-e5f0-4b0b-84e4-274a0728302a/os-volume_attachments 0.124s
2025-01-13 20:26:25.197 67754 INFO tempest.lib.common.rest_client [req-8229652b-5286-4231-8822-2768d7b26876 req-8229652b-5286-4231-8822-2768d7b26876 ] Request (ServersTestMultiNic:test_verify_multiple_nics_order): 200 GET http://10.180.1.21/compute/v2.1/servers/5629531e-003a-4ae4-ba3e-aca40f9088f3 0.106s
2025-01-13 20:26:25.214 67736 INFO tempest.lib.common.rest_client [req-644813e6-a779-4387-bb0e-5308984e52dd req-644813e6-a779-4387-bb0e-5308984e52dd ] Request (MultipleCreateTestJSON:test_multiple_create): 202 POST http://10.180.1.21/compute/v2.1/servers 0.405s
2025-01-13 20:26:25.231 67732 INFO tempest.lib.common.rest_client [req-42d6a560-04cd-4bfe-9700-f4e717fdef39 req-42d6a560-04cd-4bfe-9700-f4e717fdef39 ] Request (VolumesTestJSON:setUpClass): 200 GET http://10.180.1.21/volume/v3/volumes/fddd1201-3af7-4211-b7c3-9b7962a222ae 0.030s
2025-01-13 20:26:25.242 67732 INFO tempest.common.waiters [-] volume fddd1201-3af7-4211-b7c3-9b7962a222ae reached available after waiting for 1.242478 seconds
2025-01-13 20:26:25.257 67768 INFO tempest.lib.common.rest_client [req-dec84145-667a-42a1-9cf7-16a9d48660e5 req-dec84145-667a-42a1-9cf7-16a9d48660e5 ] Request (SecurityGroupsTestJSON:test_list_security_groups_by_server): 200 GET http://10.180.1.21/compute/v2.1/servers/2cc12d89-f1da-4968-b5be-02443a538439 0.107s
2025-01-13 20:26:25.267 67718 INFO tempest.lib.common.rest_client [req-a213fb6b-87fb-4db1-9c35-17c1d4539d81 req-a213fb6b-87fb-4db1-9c35-17c1d4539d81 ] Request (VolumesAdminNegativeTest:test_update_attached_volume_with_nonexistent_volume_in_body): 200 GET http://10.180.1.21/compute/v2.1/servers/cc68363b-7077-4d89-8771-fa6f3274da29 0.058s
2025-01-13 20:26:25.295 67736 INFO tempest.lib.common.rest_client [req-d133b83b-56fb-49a2-bb21-81afad290a5b req-d133b83b-56fb-49a2-bb21-81afad290a5b ] Request (MultipleCreateTestJSON:test_multiple_create): 200 GET http://10.180.1.21/compute/v2.1/servers 0.080s
2025-01-13 20:26:25.302 67732 INFO tempest.lib.common.rest_client [req-a87a35a6-3772-4c99-824c-24b36f8a9a84 req-a87a35a6-3772-4c99-824c-24b36f8a9a84 ] Request (VolumesTestJSON:setUpClass): 200 GET http://10.180.1.21/compute/v2.1/os-volumes/fddd1201-3af7-4211-b7c3-9b7962a222ae 0.059s
2025-01-13 20:26:25.362 67774 INFO tempest.lib.common.rest_client [req-9b83422d-01f9-44b4-8113-960ca2c05784 req-9b83422d-01f9-44b4-8113-960ca2c05784 ] Request (ServersNegativeTestMultiTenantJSON:setUpClass): 200 GET http://10.180.1.21/compute/v2.1/servers/eed09add-be12-4037-a619-c27f266e8efc 0.086s
2025-01-13 20:26:25.420 67736 INFO tempest.lib.common.rest_client [req-4afeb26f-0ca9-429f-a6d5-9ee147d2599d req-4afeb26f-0ca9-429f-a6d5-9ee147d2599d ] Request (MultipleCreateTestJSON:test_multiple_create): 200 GET http://10.180.1.21/compute/v2.1/servers/8cac834c-ae19-44a3-8d82-1c1e0b1bcb0c 0.122s
2025-01-13 20:26:25.439 67728 INFO tempest.lib.common.rest_client [req-4f736c37-6640-46b9-af40-2d7a991ab223 req-4f736c37-6640-46b9-af40-2d7a991ab223 ] Request (ServerRescueTestJSONUnderV235:setUpClass): 200 GET http://10.180.1.21/compute/v2.1/servers/d3d2f2e2-b8f2-4732-afaa-ed51e5df375a 0.188s
2025-01-13 20:26:25.489 67744 INFO tempest.lib.common.rest_client [req-327c5b0c-6631-463a-bfbd-e04dba4bf0fb req-327c5b0c-6631-463a-bfbd-e04dba4bf0fb ] Request (ServerExternalEventsTest:tearDownClass): 200 GET http://10.180.1.21/compute/v2.1/servers/eec857ae-b3cc-4b5e-a1f0-8914faa151d1 0.173s
2025-01-13 20:26:25.506 67742 INFO tempest.lib.common.rest_client [req-00c4f17e-0362-47cf-a9d9-3158bf8164d3 req-00c4f17e-0362-47cf-a9d9-3158bf8164d3 ] Request (ServerDiskConfigTestJSON:test_rebuild_server_with_manual_disk_config): 200 GET http://10.180.1.21/compute/v2.1/servers/9deab59e-beb6-4c7a-a2c3-6c5b4c44bc35 0.173s
2025-01-13 20:26:25.560 67732 INFO tempest.lib.common.rest_client [req-fa8e608b-e933-4361-b632-25fbe61e5436 req-fa8e608b-e933-4361-b632-25fbe61e5436 ] Request (VolumesTestJSON:setUpClass): 202 POST http://10.180.1.21/volume/v3/volumes 0.254s
2025-01-13 20:26:25.563 67757 INFO tempest.lib.common.rest_client [req-13893f1f-e675-40a2-aaa8-bc5078e38d98 req-13893f1f-e675-40a2-aaa8-bc5078e38d98 ] Request (ServerGroupTestJSON:_run_cleanups): 200 GET http://10.180.1.21/compute/v2.1/servers/a7c17bc5-408d-4988-a687-2f6ed51ac088 0.170s
2025-01-13 20:26:25.604 67732 INFO tempest.lib.common.rest_client [req-56d06c85-ecd1-438e-9e1f-368b73c3d83a req-56d06c85-ecd1-438e-9e1f-368b73c3d83a ] Request (VolumesTestJSON:setUpClass): 200 GET http://10.180.1.21/volume/v3/volumes/fe11a254-6c17-4cc4-958e-9c657c2cdd0e 0.035s
2025-01-13 20:26:25.612 67778 INFO tempest.lib.common.rest_client [req-ec50baf5-b368-4ef0-9b6a-2042297e2e32 req-ec50baf5-b368-4ef0-9b6a-2042297e2e32 ] Request (ServersAdminTestJSON:test_inject_network_info): 200 GET http://10.180.1.21/compute/v2.1/servers/0e407159-3b30-4637-9b45-79628385e872 0.159s
2025-01-13 20:26:25.613 67766 INFO tempest.lib.common.rest_client [req-5e3b635b-97fa-4f63-a79a-c7060f21b138 req-5e3b635b-97fa-4f63-a79a-c7060f21b138 ] Request (ImagesOneServerNegativeTestJSON:_run_cleanups): 200 GET http://10.180.1.21/compute/v2.1/servers/25720ae4-eecd-43cb-a7c3-3765565e4218 0.181s
2025-01-13 20:26:25.680 67734 INFO tempest.lib.common.rest_client [req-3df4d981-72d0-4802-9e32-f9b3bf764a6a req-3df4d981-72d0-4802-9e32-f9b3bf764a6a ] Request (ListImageFiltersTestJSON:tearDownClass): 200 GET http://10.180.1.21/compute/v2.1/servers/c9d7c712-7197-4da5-ba06-1fed547a5560 0.166s
2025-01-13 20:26:25.699 67720 INFO tempest.lib.common.rest_client [req-1afbb4bf-1ce3-4e13-a35e-7d4c632afec8 req-1afbb4bf-1ce3-4e13-a35e-7d4c632afec8 ] Request (DeleteServersAdminTestJSON:test_delete_server_while_in_error_state): 404 GET http://10.180.1.21/compute/v2.1/servers/57428019-183e-4cf1-a0c4-748d3d34307d 0.103s
2025-01-13 20:26:25.711 67724 INFO tempest.lib.common.rest_client [req-662b21f8-f94b-4312-b4e2-b8bd90dbf801 req-662b21f8-f94b-4312-b4e2-b8bd90dbf801 ] Request (ServerDiagnosticsTest:tearDownClass): 200 GET http://10.180.1.21/compute/v2.1/servers/445d93af-e9fb-4a04-b4bd-2cc1e7548f88 0.171s
2025-01-13 20:26:25.724 67720 INFO tempest.lib.common.rest_client [req-368cfa31-2ad4-469c-84e3-0d1bb6d9928a req-368cfa31-2ad4-469c-84e3-0d1bb6d9928a ] Request (DeleteServersAdminTestJSON:tearDownClass): 404 DELETE http://10.180.1.21/compute/v2.1/servers/57428019-183e-4cf1-a0c4-748d3d34307d 0.023s
2025-01-13 20:26:25.746 67726 INFO tempest.lib.common.rest_client [req-c3645e5d-657f-4767-a87e-e144655e1333 req-c3645e5d-657f-4767-a87e-e144655e1333 ] Request (ImagesTestJSON:test_create_image_from_suspended_server): 200 GET http://10.180.1.21/compute/v2.1/images/8cd0de4c-1aa2-4ecd-a3d9-037ae5d1f3a1 0.039s
2025-01-13 20:26:25.750 67720 INFO tempest.lib.common.rest_client [req-371413dc-dc4d-4b78-ac2c-a2f82d557e8f req-371413dc-dc4d-4b78-ac2c-a2f82d557e8f ] Request (DeleteServersAdminTestJSON:tearDownClass): 404 GET http://10.180.1.21/compute/v2.1/servers/57428019-183e-4cf1-a0c4-748d3d34307d 0.025s
2025-01-13 20:26:25.770 67720 INFO tempest.lib.common.rest_client [req-e91e929f-7c2c-4bfa-8bd9-6b912c6e6b89 req-e91e929f-7c2c-4bfa-8bd9-6b912c6e6b89 ] Request (DeleteServersAdminTestJSON:tearDownClass): 404 DELETE http://10.180.1.21/compute/v2.1/servers/537cbf67-bf0b-4f58-afa0-dc9b4fa0e3cb 0.020s
2025-01-13 20:26:25.797 67720 INFO tempest.lib.common.rest_client [req-d9add9cd-db13-4519-96af-a3d23f6a97d4 req-d9add9cd-db13-4519-96af-a3d23f6a97d4 ] Request (DeleteServersAdminTestJSON:tearDownClass): 404 GET http://10.180.1.21/compute/v2.1/servers/537cbf67-bf0b-4f58-afa0-dc9b4fa0e3cb 0.027s
2025-01-13 20:26:25.848 67722 INFO tempest.lib.common.rest_client [req-ecd3703e-86ac-4ae3-92eb-bb4c33f9886c req-ecd3703e-86ac-4ae3-92eb-bb4c33f9886c ] Request (ListServerFiltersTestJSON:tearDownClass): 200 GET http://10.180.1.21/compute/v2.1/servers/45270ec5-a7d3-47de-b5cb-9fa320ac2250 0.112s
2025-01-13 20:26:25.859 67716 INFO tempest.lib.common.rest_client [req-c80e9e1b-e498-4dc7-8b5b-84e354776113 req-c80e9e1b-e498-4dc7-8b5b-84e354776113 ] Request (FloatingIPsAssociationTestJSON:tearDownClass): 200 GET http://10.180.1.21/compute/v2.1/servers/53b30256-2715-49d3-a6c5-836c29d6769b 0.083s
2025-01-13 20:26:25.903 67740 INFO tempest.lib.common.rest_client [req-bd1a68a8-2061-4e65-b298-14bdb004089d req-bd1a68a8-2061-4e65-b298-14bdb004089d ] Request (ServerMetadataNegativeTestJSON:setUpClass): 200 GET http://10.180.1.21/compute/v2.1/servers/87131a33-4ae6-42f3-8484-165948f4898d 0.070s
2025-01-13 20:26:25.906 67720 INFO tempest.lib.common.rest_client [req-6032f795-eeb8-4fb3-81c2-70f249b54190 req-6032f795-eeb8-4fb3-81c2-70f249b54190 ] Request (DeleteServersAdminTestJSON:tearDownClass): 204 DELETE http://10.180.1.21/identity/v3/users/c87cc01648ad4eaea756e9978561d935 0.109s
2025-01-13 20:26:25.972 67748 INFO tempest.lib.common.rest_client [req-a48ac9aa-e780-4235-a5e8-6b2ed77dcc65 req-a48ac9aa-e780-4235-a5e8-6b2ed77dcc65 ] Request (DeleteServersTestJSON:test_delete_active_server): 200 GET http://10.180.1.21/compute/v2.1/servers/0c89a295-fc69-45db-8a49-efa31e3a9cf8 0.079s
2025-01-13 20:26:26.003 67750 INFO tempest.lib.common.rest_client [req-edaca196-2716-4de3-9229-5fa961c215dd req-edaca196-2716-4de3-9229-5fa961c215dd ] Request (MigrationsAdminTest:test_resize_server_revert_deleted_flavor): 200 GET http://10.180.1.21/compute/v2.1/servers/c6163c18-0074-4336-aeda-272f9da51db0 0.123s
2025-01-13 20:26:26.016 67720 INFO tempest.lib.common.rest_client [req-c2a609fc-9de4-419b-a19f-b4f0cf19d484 req-c2a609fc-9de4-419b-a19f-b4f0cf19d484 ] Request (DeleteServersAdminTestJSON:tearDownClass): 204 DELETE http://10.180.1.21/identity/v3/users/91c0fbc2e617489ea46a4ab50f1eabf7 0.109s
2025-01-13 20:26:26.016 67720 INFO tempest.lib.common.dynamic_creds [-] Deleting project and security group for project: 55e3f1dd01c7470e9a90008c1218363c
2025-01-13 20:26:26.070 67720 INFO tempest.lib.common.rest_client [req-b2ff4a2a-44fb-4ca9-95f8-583a54f3cad8 req-b2ff4a2a-44fb-4ca9-95f8-583a54f3cad8 ] Request (DeleteServersAdminTestJSON:tearDownClass): 201 POST http://10.180.1.21/identity/v3/auth/tokens 0.054s
2025-01-13 20:26:26.123 67738 INFO tempest.lib.common.rest_client [req-b0a6342e-32ed-4656-9229-3149aaf741b6 req-b0a6342e-32ed-4656-9229-3149aaf741b6 ] Request (AttachVolumeShelveTestJSON:test_attach_volume_shelved_or_offload_server): 200 GET http://10.180.1.21/compute/v2.1/servers/dec2ce44-20ed-45af-900f-86aa2c1dab2d 0.050s
2025-01-13 20:26:26.186 67770 INFO tempest.lib.common.rest_client [req-9eec1265-0d14-42eb-b825-de65d48f60f0 req-9eec1265-0d14-42eb-b825-de65d48f60f0 ] Request (VolumesAssistedSnapshotsTest:_run_cleanups): 200 GET http://10.180.1.21/compute/v2.1/servers/d44beaef-e5f0-4b0b-84e4-274a0728302a/os-volume_attachments 0.041s
2025-01-13 20:26:26.202 67752 INFO tempest.lib.common.rest_client [req-e6f4375f-1dba-4afa-a888-61794dcedb54 req-e6f4375f-1dba-4afa-a888-61794dcedb54 ] Request (ServerShowV254Test:tearDownClass): 200 GET http://10.180.1.21/compute/v2.1/servers/ce97c764-fd8a-460c-a642-646822ddefdb 0.075s
2025-01-13 20:26:26.234 67720 INFO tempest.lib.common.rest_client [req-2376b130-e544-4376-aef1-3911342892dc req-2376b130-e544-4376-aef1-3911342892dc ] Request (DeleteServersAdminTestJSON:tearDownClass): 200 GET http://10.180.1.21:9696/networking/v2.0/security-groups?tenant_id=55e3f1dd01c7470e9a90008c1218363c&name=default 0.163s
2025-01-13 20:26:26.277 67754 INFO tempest.lib.common.rest_client [req-030ad46a-9c23-43b2-b426-e3c4db02b2d2 req-030ad46a-9c23-43b2-b426-e3c4db02b2d2 ] Request (ServersTestMultiNic:test_verify_multiple_nics_order): 200 GET http://10.180.1.21/compute/v2.1/servers/5629531e-003a-4ae4-ba3e-aca40f9088f3 0.070s
2025-01-13 20:26:26.327 67768 INFO tempest.lib.common.rest_client [req-ea91f6f2-8618-4c15-8e0f-9c9c0652bbdb req-ea91f6f2-8618-4c15-8e0f-9c9c0652bbdb ] Request (SecurityGroupsTestJSON:test_list_security_groups_by_server): 200 GET http://10.180.1.21/compute/v2.1/servers/2cc12d89-f1da-4968-b5be-02443a538439 0.062s
2025-01-13 20:26:26.329 67720 INFO tempest.lib.common.rest_client [req-271f75f3-5491-4a85-bbb6-6c741634752f req-271f75f3-5491-4a85-bbb6-6c741634752f ] Request (DeleteServersAdminTestJSON:tearDownClass): 204 DELETE http://10.180.1.21:9696/networking/v2.0/security-groups/b66681df-8a22-46ce-8a0d-31b62f10f924 0.095s
2025-01-13 20:26:26.338 67718 INFO tempest.lib.common.rest_client [req-514c6c38-15aa-436a-bb69-36d9cbc12090 req-514c6c38-15aa-436a-bb69-36d9cbc12090 ] Request (VolumesAdminNegativeTest:test_update_attached_volume_with_nonexistent_volume_in_body): 200 GET http://10.180.1.21/compute/v2.1/servers/cc68363b-7077-4d89-8771-fa6f3274da29 0.059s
2025-01-13 20:26:26.398 67720 INFO tempest.lib.common.rest_client [req-ce7c1368-d0f7-40f7-b13e-2e931b7060d8 req-ce7c1368-d0f7-40f7-b13e-2e931b7060d8 ] Request (DeleteServersAdminTestJSON:tearDownClass): 204 DELETE http://10.180.1.21/identity/v3/projects/55e3f1dd01c7470e9a90008c1218363c 0.069s
2025-01-13 20:26:26.398 67720 INFO tempest.lib.common.dynamic_creds [-] Deleting project and security group for project: fba34a1df1d64000937b7c8dca046ece
2025-01-13 20:26:26.427 67774 INFO tempest.lib.common.rest_client [req-fc426bb4-81a0-4147-a782-d3c359606f62 req-fc426bb4-81a0-4147-a782-d3c359606f62 ] Request (ServersNegativeTestMultiTenantJSON:setUpClass): 200 GET http://10.180.1.21/compute/v2.1/servers/eed09add-be12-4037-a619-c27f266e8efc 0.057s
2025-01-13 20:26:26.430 67720 INFO tempest.lib.common.rest_client [req-d0fd2833-311c-47b5-8bdc-ca032aa18add req-d0fd2833-311c-47b5-8bdc-ca032aa18add ] Request (DeleteServersAdminTestJSON:tearDownClass): 200 GET http://10.180.1.21:9696/networking/v2.0/security-groups?tenant_id=fba34a1df1d64000937b7c8dca046ece&name=default 0.031s
2025-01-13 20:26:26.489 67736 INFO tempest.lib.common.rest_client [req-53f8d344-b162-460c-8f17-5430f1f5e95f req-53f8d344-b162-460c-8f17-5430f1f5e95f ] Request (MultipleCreateTestJSON:test_multiple_create): 200 GET http://10.180.1.21/compute/v2.1/servers/8cac834c-ae19-44a3-8d82-1c1e0b1bcb0c 0.059s
2025-01-13 20:26:26.514 67720 INFO tempest.lib.common.rest_client [req-52930d56-5212-4761-9639-d52795b6d2e6 req-52930d56-5212-4761-9639-d52795b6d2e6 ] Request (DeleteServersAdminTestJSON:tearDownClass): 204 DELETE http://10.180.1.21:9696/networking/v2.0/security-groups/5faea131-5ec7-4f9f-b232-999502841c94 0.084s
2025-01-13 20:26:26.551 67744 INFO tempest.lib.common.rest_client [req-02957126-fd8f-4102-8c05-b2bb76cdd29f req-02957126-fd8f-4102-8c05-b2bb76cdd29f ] Request (ServerExternalEventsTest:tearDownClass): 200 GET http://10.180.1.21/compute/v2.1/servers/eec857ae-b3cc-4b5e-a1f0-8914faa151d1 0.053s
2025-01-13 20:26:26.556 67728 INFO tempest.lib.common.rest_client [req-8a0d801c-65b1-44b4-b526-c716fe3fb974 req-8a0d801c-65b1-44b4-b526-c716fe3fb974 ] Request (ServerRescueTestJSONUnderV235:setUpClass): 200 GET http://10.180.1.21/compute/v2.1/servers/d3d2f2e2-b8f2-4732-afaa-ed51e5df375a 0.106s
2025-01-13 20:26:26.590 67720 INFO tempest.lib.common.rest_client [req-c1f9207d-db65-4630-9895-f5a5677cfcbb req-c1f9207d-db65-4630-9895-f5a5677cfcbb ] Request (DeleteServersAdminTestJSON:tearDownClass): 204 DELETE http://10.180.1.21/identity/v3/projects/fba34a1df1d64000937b7c8dca046ece 0.075s
2025-01-13 20:26:26.601 67742 INFO tempest.lib.common.rest_client [req-b936f5df-0571-46e0-b80c-d45362ed3e31 req-b936f5df-0571-46e0-b80c-d45362ed3e31 ] Request (ServerDiskConfigTestJSON:test_rebuild_server_with_manual_disk_config): 200 GET http://10.180.1.21/compute/v2.1/servers/9deab59e-beb6-4c7a-a2c3-6c5b4c44bc35 0.086s
2025-01-13 20:26:26.629 67757 INFO tempest.lib.common.rest_client [req-59ebe386-fd9f-41bf-945c-814375c57222 req-59ebe386-fd9f-41bf-945c-814375c57222 ] Request (ServerGroupTestJSON:_run_cleanups): 200 GET http://10.180.1.21/compute/v2.1/servers/a7c17bc5-408d-4988-a687-2f6ed51ac088 0.055s
2025-01-13 20:26:26.637 67732 INFO tempest.lib.common.rest_client [req-b808b496-328a-4914-96a2-00c291678f00 req-b808b496-328a-4914-96a2-00c291678f00 ] Request (VolumesTestJSON:setUpClass): 200 GET http://10.180.1.21/volume/v3/volumes/fe11a254-6c17-4cc4-958e-9c657c2cdd0e 0.026s
2025-01-13 20:26:26.646 67732 INFO tempest.common.waiters [-] volume fe11a254-6c17-4cc4-958e-9c657c2cdd0e reached available after waiting for 1.646314 seconds
2025-01-13 20:26:26.651 67720 INFO tempest.lib.common.rest_client [req-151e9f64-3a9b-43b7-bde6-abe3c32bd2a9 req-151e9f64-3a9b-43b7-bde6-abe3c32bd2a9 ] Request (FlavorsAccessTestJSON:setUpClass): 201 POST http://10.180.1.21/identity/v3/auth/tokens 0.059s
2025-01-13 20:26:26.681 67720 INFO tempest.lib.common.rest_client [req-fd881b82-06f7-4d34-b84a-4a89c88d1ef0 req-fd881b82-06f7-4d34-b84a-4a89c88d1ef0 ] Request (FlavorsAccessTestJSON:setUpClass): 201 POST http://10.180.1.21/identity/v3/auth/tokens 0.028s
2025-01-13 20:26:26.682 67778 INFO tempest.lib.common.rest_client [req-89747789-b897-4afc-98dc-2ecd6d34ced3 req-89747789-b897-4afc-98dc-2ecd6d34ced3 ] Request (ServersAdminTestJSON:test_inject_network_info): 200 GET http://10.180.1.21/compute/v2.1/servers/0e407159-3b30-4637-9b45-79628385e872 0.063s
2025-01-13 20:26:26.715 67720 INFO tempest.lib.common.rest_client [req-56fe2cce-adf2-4331-b879-9bfaa2f573e3 req-56fe2cce-adf2-4331-b879-9bfaa2f573e3 ] Request (FlavorsAccessTestJSON:setUpClass): 200 GET http://10.180.1.21/identity/v3/domains?name=Default 0.034s
2025-01-13 20:26:26.718 67732 INFO tempest.lib.common.rest_client [req-42d5dc0e-5663-4f20-9d22-08e82eca568b req-42d5dc0e-5663-4f20-9d22-08e82eca568b ] Request (VolumesTestJSON:setUpClass): 200 GET http://10.180.1.21/compute/v2.1/os-volumes/fe11a254-6c17-4cc4-958e-9c657c2cdd0e 0.071s
2025-01-13 20:26:26.732 67766 INFO tempest.lib.common.rest_client [req-1a503b96-9b94-4d12-87a2-fb3c1cad7dcb req-1a503b96-9b94-4d12-87a2-fb3c1cad7dcb ] Request (ImagesOneServerNegativeTestJSON:_run_cleanups): 200 GET http://10.180.1.21/compute/v2.1/servers/25720ae4-eecd-43cb-a7c3-3765565e4218 0.109s
2025-01-13 20:26:26.767 67720 INFO tempest.lib.common.rest_client [req-5c4d04ee-36f8-459c-91da-16d1a5706546 req-5c4d04ee-36f8-459c-91da-16d1a5706546 ] Request (FlavorsAccessTestJSON:setUpClass): 201 POST http://10.180.1.21/identity/v3/projects 0.051s
