2025-01-13 20:25:46.020 67722 INFO tempest.lib.common.rest_client [req-b9b211af-a074-4788-9b4d-d1e2653e83d2 req-b9b211af-a074-4788-9b4d-d1e2653e83d2 ] Request (ListServerFiltersTestJSON:tearDownClass): 200 GET http://10.180.1.21/compute/v2.1/servers/458f738c-d224-4d91-9aa9-f4b5d49aa243 0.078s
2025-01-13 20:25:46.027 67722 INFO tempest.common.waiters [-] State transition "ACTIVE/deleting" ==> "DELETED/None" after 4 second wait
2025-01-13 20:25:46.063 67766 INFO tempest.lib.common.rest_client [req-252c83df-0f92-4940-a5bd-892226b88366 req-252c83df-0f92-4940-a5bd-892226b88366 ] Request (ImagesOneServerNegativeTestJSON:setUpClass): 200 GET http://10.180.1.21/compute/v2.1/servers/25720ae4-eecd-43cb-a7c3-3765565e4218 0.071s
2025-01-13 20:25:46.137 67736 INFO tempest.lib.common.rest_client [req-35587619-c06f-497e-9fdc-e04772023af1 req-35587619-c06f-497e-9fdc-e04772023af1 ] Request (ImagesOneServerTestJSON:tearDownClass): 200 GET http://10.180.1.21/compute/v2.1/servers/14eb14ad-c9a6-4f62-a9a0-65164479e188 0.062s
2025-01-13 20:25:46.206 67728 INFO tempest.lib.common.rest_client [req-0bff7382-caeb-42ee-adf4-f6ac39aa3e01 req-0bff7382-caeb-42ee-adf4-f6ac39aa3e01 ] Request (ServerRescueTestJSONUnderV235:setUpClass): 200 GET http://10.180.1.21/compute/v2.1/servers/d3d2f2e2-b8f2-4732-afaa-ed51e5df375a 0.062s
2025-01-13 20:25:46.262 67752 INFO tempest.lib.common.rest_client [req-8dbde3aa-4bc0-4a69-a770-986bca5a0621 req-8dbde3aa-4bc0-4a69-a770-986bca5a0621 ] Request (ServerShowV254Test:tearDownClass): 200 GET http://10.180.1.21/compute/v2.1/servers/ce97c764-fd8a-460c-a642-646822ddefdb 0.065s
2025-01-13 20:25:46.297 67740 INFO tempest.lib.common.rest_client [req-0fdf2bb8-8e05-49b4-8718-827bee9665f1 req-0fdf2bb8-8e05-49b4-8718-827bee9665f1 ] Request (ServersAdmin275Test:tearDownClass): 200 GET http://10.180.1.21/compute/v2.1/servers/fca5ff75-8391-43dd-92a1-53c52bb797c4 0.086s
2025-01-13 20:25:46.311 67757 INFO tempest.lib.common.rest_client [req-7e00de85-5379-42bf-8a12-1c2b55616a0b req-7e00de85-5379-42bf-8a12-1c2b55616a0b ] Request (ServerGroupTestJSON:test_create_server_with_scheduler_hint_group): 200 GET http://10.180.1.21/compute/v2.1/servers/a7c17bc5-408d-4988-a687-2f6ed51ac088 0.054s
2025-01-13 20:25:46.331 67718 INFO tempest.lib.common.rest_client [req-0650c511-3d1b-40c5-aff1-c746b4fb0842 req-0650c511-3d1b-40c5-aff1-c746b4fb0842 ] Request (VolumesAdminNegativeTest:setUpClass): 201 POST http://10.180.1.21:9696/networking/v2.0/networks 0.392s
2025-01-13 20:25:46.405 67726 INFO tempest.lib.common.rest_client [req-f99c91f6-720f-476c-9976-6569cf697246 req-f99c91f6-720f-476c-9976-6569cf697246 ] Request (ImagesTestJSON:test_create_image_from_suspended_server): 200 GET http://10.180.1.21/compute/v2.1/servers/de05e8bf-6af1-41bb-bd0b-43a77c259c98 0.058s
2025-01-13 20:25:46.460 67738 INFO tempest.lib.common.rest_client [req-9fcfa179-842e-4339-a61d-26b9eaea3baf req-9fcfa179-842e-4339-a61d-26b9eaea3baf ] Request (ValidationResourcesFixture:setUp): 201 POST http://10.180.1.21:9696/networking/v2.0/floatingips 0.554s
2025-01-13 20:25:46.487 67718 INFO tempest.lib.common.rest_client [req-2eb3210c-5103-4426-8fdc-27b3383a21ee req-2eb3210c-5103-4426-8fdc-27b3383a21ee ] Request (VolumesAdminNegativeTest:setUpClass): 201 POST http://10.180.1.21:9696/networking/v2.0/subnets 0.155s
2025-01-13 20:25:46.520 67738 INFO tempest.lib.common.rest_client [req-340e99b9-bc97-4e7c-8bea-349880dc2faf req-340e99b9-bc97-4e7c-8bea-349880dc2faf ] Request (AttachVolumeShelveTestJSON:test_attach_volume_shelved_or_offload_server): 201 POST http://10.180.1.21/identity/v3/auth/tokens 0.057s
2025-01-13 20:25:46.520 67738 INFO tempest.lib.common.fixed_network [-] (AttachVolumeShelveTestJSON:test_attach_volume_shelved_or_offload_server) Found network {'id': '29c585af-9b29-4025-8649-f74e1ef4b601', 'name': 'tempest-AttachVolumeShelveTestJSON-243669627-network', 'tenant_id': 'be1c404976e649a9a56f6fb1cdefb487', 'admin_state_up': True, 'mtu': 8950, 'status': 'ACTIVE', 'subnets': [], 'shared': False, 'project_id': 'be1c404976e649a9a56f6fb1cdefb487', 'port_security_enabled': True, 'router:external': False, 'provider:network_type': 'vlan', 'provider:physical_network': 'default', 'provider:segmentation_id': 522, 'availability_zone_hints': [], 'availability_zones': [], 'ipv4_address_scope': None, 'ipv6_address_scope': None, 'description': '', 'tags': [], 'created_at': '2025-01-13T20:25:42Z', 'updated_at': '2025-01-13T20:25:42Z', 'revision_number': 1} available for tenant
2025-01-13 20:25:46.523 67716 INFO tempest.lib.common.rest_client [req-4b76f6b3-30d2-4e31-aa17-2005c2817496 req-4b76f6b3-30d2-4e31-aa17-2005c2817496 ] Request (FloatingIPsAssociationTestJSON:tearDownClass): 200 GET http://10.180.1.21/compute/v2.1/servers/7c037c97-6be9-4a20-90fe-621334a13535 0.077s
2025-01-13 20:25:46.568 67742 INFO tempest.lib.common.rest_client [req-6be5239c-ad78-4edf-b40f-353ae39de017 req-6be5239c-ad78-4edf-b40f-353ae39de017 ] Request (ServerDiskConfigTestJSON:test_rebuild_server_with_auto_disk_config): 200 GET http://10.180.1.21/compute/v2.1/servers/d4b63ceb-c8ec-47bf-9853-1c522e1da467 0.060s
2025-01-13 20:25:46.632 67744 INFO tempest.lib.common.rest_client [req-48d298dc-34ac-4c31-ae89-a77cad9bf324 req-48d298dc-34ac-4c31-ae89-a77cad9bf324 ] Request (ServerExternalEventsTest:test_create_server_external_events): 200 GET http://10.180.1.21/compute/v2.1/servers/eec857ae-b3cc-4b5e-a1f0-8914faa151d1 0.081s
2025-01-13 20:25:46.643 67744 INFO tempest.common.waiters [-] State transition "BUILD/None" ==> "BUILD/networking" after 59 second wait
2025-01-13 20:25:46.675 67734 INFO tempest.lib.common.rest_client [req-c59d1517-6d78-411e-ac43-8f788535cf69 req-c59d1517-6d78-411e-ac43-8f788535cf69 ] Request (ListImageFiltersTestJSON:setUpClass): 200 GET http://10.180.1.21/compute/v2.1/images/04ad0e35-4e92-4bec-9886-14121088a52c 0.104s
2025-01-13 20:25:46.731 67754 INFO tempest.lib.common.rest_client [req-3dae36c4-ded1-4039-84ba-b4d0907b4e7d req-3dae36c4-ded1-4039-84ba-b4d0907b4e7d ] Request (ServersTestMultiNic:test_verify_multiple_nics_order): 200 GET http://10.180.1.21/compute/v2.1/servers/5629531e-003a-4ae4-ba3e-aca40f9088f3 0.071s
2025-01-13 20:25:46.836 67748 INFO tempest.lib.common.rest_client [req-09e97e14-12e3-418f-9941-afade40b9eef req-09e97e14-12e3-418f-9941-afade40b9eef ] Request (DeleteServersTestJSON:test_delete_active_server): 200 GET http://10.180.1.21/compute/v2.1/servers/0c89a295-fc69-45db-8a49-efa31e3a9cf8 0.141s
2025-01-13 20:25:46.902 67724 INFO tempest.lib.common.rest_client [req-01354a68-450e-4809-b7f8-eaef5798110e req-01354a68-450e-4809-b7f8-eaef5798110e ] Request (ServerDiagnosticsTest:test_get_server_diagnostics): 200 GET http://10.180.1.21/compute/v2.1/servers/445d93af-e9fb-4a04-b4bd-2cc1e7548f88 0.180s
2025-01-13 20:25:46.967 67768 INFO tempest.lib.common.rest_client [req-0a6d1d5c-d9fe-43b7-ac0f-6de66607f671 req-0a6d1d5c-d9fe-43b7-ac0f-6de66607f671 ] Request (SecurityGroupsTestJSON:test_list_security_groups_by_server): 200 GET http://10.180.1.21/compute/v2.1/servers/2cc12d89-f1da-4968-b5be-02443a538439 0.203s
2025-01-13 20:25:47.021 67730 INFO tempest.lib.common.rest_client [req-d6240728-0236-4579-b268-f6cd5cb572de req-d6240728-0236-4579-b268-f6cd5cb572de ] Request (ServersTestFqdnHostnames:test_create_server_with_fqdn_name): 200 GET http://10.180.1.21/compute/v2.1/servers/ecdbb9ab-859b-4989-b6c3-e8f2e26301de 0.227s
2025-01-13 20:25:47.074 67774 INFO tempest.lib.common.rest_client [req-4451c904-e27a-4d56-88c6-eaa7aedc06b7 req-4451c904-e27a-4d56-88c6-eaa7aedc06b7 ] Request (ServersNegativeTestMultiTenantJSON:setUpClass): 200 GET http://10.180.1.21/compute/v2.1/servers/eed09add-be12-4037-a619-c27f266e8efc 0.247s
2025-01-13 20:25:47.135 67750 INFO tempest.lib.common.rest_client [req-541e6a3c-8021-4b35-a3f9-d41a1d2f3eed req-541e6a3c-8021-4b35-a3f9-d41a1d2f3eed ] Request (MigrationsAdminTest:test_resize_server_revert_deleted_flavor): 200 GET http://10.180.1.21/compute/v2.1/servers/c6163c18-0074-4336-aeda-272f9da51db0 0.284s
2025-01-13 20:25:47.204 67778 INFO tempest.lib.common.rest_client [req-3b9cee35-becb-4d95-835b-726b3c5a9fc5 req-3b9cee35-becb-4d95-835b-726b3c5a9fc5 ] Request (ServersAdminTestJSON:test_inject_network_info): 200 GET http://10.180.1.21/compute/v2.1/servers/0e407159-3b30-4637-9b45-79628385e872 0.314s
2025-01-13 20:25:47.211 67738 INFO tempest.lib.common.rest_client [req-909895fd-3b40-417e-a3d1-4ceab1b32cc0 req-909895fd-3b40-417e-a3d1-4ceab1b32cc0 ] Request (AttachVolumeShelveTestJSON:test_attach_volume_shelved_or_offload_server): 202 POST http://10.180.1.21/compute/v2.1/servers 0.690s
2025-01-13 20:25:47.304 67720 INFO tempest.lib.common.rest_client [req-8d307f00-3a76-40be-b342-aaa599d410ec req-8d307f00-3a76-40be-b342-aaa599d410ec ] Request (DeleteServersAdminTestJSON:test_delete_server_while_in_error_state): 200 GET http://10.180.1.21/compute/v2.1/servers/57428019-183e-4cf1-a0c4-748d3d34307d 0.300s
2025-01-13 20:25:47.311 67732 INFO tempest.lib.common.rest_client [req-70172a8e-66b0-4ae3-91bd-ba007cfdfaae req-70172a8e-66b0-4ae3-91bd-ba007cfdfaae ] Request (ServerDiagnosticsV248Test:tearDownClass): 200 GET http://10.180.1.21/compute/v2.1/servers/d26669e1-9612-490c-b4a6-ba83d2ced264 0.342s
2025-01-13 20:25:47.314 67720 INFO tempest.common.waiters [-] State transition "ERROR/deleting" ==> "DELETED/None" after 4 second wait
2025-01-13 20:25:47.369 67766 INFO tempest.lib.common.rest_client [req-e6c955d9-7cd6-4443-a951-af94690ad7ad req-e6c955d9-7cd6-4443-a951-af94690ad7ad ] Request (ImagesOneServerNegativeTestJSON:setUpClass): 200 GET http://10.180.1.21/compute/v2.1/servers/25720ae4-eecd-43cb-a7c3-3765565e4218 0.297s
2025-01-13 20:25:47.399 67722 INFO tempest.lib.common.rest_client [req-693262ee-e391-41b5-94fc-ccbb79a21aaf req-693262ee-e391-41b5-94fc-ccbb79a21aaf ] Request (ListServerFiltersTestJSON:tearDownClass): 200 GET http://10.180.1.21/compute/v2.1/servers/458f738c-d224-4d91-9aa9-f4b5d49aa243 0.371s
2025-01-13 20:25:47.428 67736 INFO tempest.lib.common.rest_client [req-2211b5f5-8924-40cc-a4d0-e4082951cbae req-2211b5f5-8924-40cc-a4d0-e4082951cbae ] Request (ImagesOneServerTestJSON:tearDownClass): 200 GET http://10.180.1.21/compute/v2.1/servers/14eb14ad-c9a6-4f62-a9a0-65164479e188 0.283s
2025-01-13 20:25:47.452 67728 INFO tempest.lib.common.rest_client [req-09326960-0451-4e99-9418-a302c48ae624 req-09326960-0451-4e99-9418-a302c48ae624 ] Request (ServerRescueTestJSONUnderV235:setUpClass): 200 GET http://10.180.1.21/compute/v2.1/servers/d3d2f2e2-b8f2-4732-afaa-ed51e5df375a 0.237s
2025-01-13 20:25:47.468 67738 INFO tempest.lib.common.rest_client [req-9e3d6f87-6343-4b2a-aeac-d8a23c1716c3 req-9e3d6f87-6343-4b2a-aeac-d8a23c1716c3 ] Request (AttachVolumeShelveTestJSON:test_attach_volume_shelved_or_offload_server): 200 GET http://10.180.1.21/compute/v2.1/servers/dec2ce44-20ed-45af-900f-86aa2c1dab2d 0.250s
2025-01-13 20:25:47.517 67752 INFO tempest.lib.common.rest_client [req-b377915b-1044-4ee4-9b81-22d7d91759ae req-b377915b-1044-4ee4-9b81-22d7d91759ae ] Request (ServerShowV254Test:tearDownClass): 200 GET http://10.180.1.21/compute/v2.1/servers/ce97c764-fd8a-460c-a642-646822ddefdb 0.242s
2025-01-13 20:25:47.534 67740 INFO tempest.lib.common.rest_client [req-4081243d-ded7-4c67-8d79-a5a842e09709 req-4081243d-ded7-4c67-8d79-a5a842e09709 ] Request (ServersAdmin275Test:tearDownClass): 200 GET http://10.180.1.21/compute/v2.1/servers/fca5ff75-8391-43dd-92a1-53c52bb797c4 0.221s
2025-01-13 20:25:47.577 67757 INFO tempest.lib.common.rest_client [req-c2b1cff4-f93f-468d-98e0-db7011092e6e req-c2b1cff4-f93f-468d-98e0-db7011092e6e ] Request (ServerGroupTestJSON:test_create_server_with_scheduler_hint_group): 200 GET http://10.180.1.21/compute/v2.1/servers/a7c17bc5-408d-4988-a687-2f6ed51ac088 0.254s
2025-01-13 20:25:47.591 67726 INFO tempest.lib.common.rest_client [req-7d087931-d40d-4bb3-bb0a-39d8c8fe8b7a req-7d087931-d40d-4bb3-bb0a-39d8c8fe8b7a ] Request (ImagesTestJSON:test_create_image_from_suspended_server): 200 GET http://10.180.1.21/compute/v2.1/servers/de05e8bf-6af1-41bb-bd0b-43a77c259c98 0.176s
2025-01-13 20:25:47.651 67716 INFO tempest.lib.common.rest_client [req-5a1fd868-fda9-4075-9488-93912b2ebafc req-5a1fd868-fda9-4075-9488-93912b2ebafc ] Request (FloatingIPsAssociationTestJSON:tearDownClass): 200 GET http://10.180.1.21/compute/v2.1/servers/7c037c97-6be9-4a20-90fe-621334a13535 0.120s
2025-01-13 20:25:47.666 67742 INFO tempest.lib.common.rest_client [req-575562b3-14ce-432a-b7d2-ca4ee4bdbb7b req-575562b3-14ce-432a-b7d2-ca4ee4bdbb7b ] Request (ServerDiskConfigTestJSON:test_rebuild_server_with_auto_disk_config): 200 GET http://10.180.1.21/compute/v2.1/servers/d4b63ceb-c8ec-47bf-9853-1c522e1da467 0.090s
2025-01-13 20:25:47.708 67760 WARNING tempest.lib.common.ssh [-] Failed to establish authenticated ssh connection to cirros@10.180.180.183 ([Errno None] Unable to connect to port 22 on 10.180.180.183). Number attempts: 10. Retry after 11 seconds.: paramiko.ssh_exception.NoValidConnectionsError: [Errno None] Unable to connect to port 22 on 10.180.180.183
2025-01-13 20:25:47.718 67734 INFO tempest.lib.common.rest_client [req-f02168a1-8f28-4a84-9c4a-a4fc231328f7 req-f02168a1-8f28-4a84-9c4a-a4fc231328f7 ] Request (ListImageFiltersTestJSON:setUpClass): 200 GET http://10.180.1.21/compute/v2.1/images/04ad0e35-4e92-4bec-9886-14121088a52c 0.039s
2025-01-13 20:25:47.810 67754 INFO tempest.lib.common.rest_client [req-16d871da-47c2-443b-8671-2c8d2e105486 req-16d871da-47c2-443b-8671-2c8d2e105486 ] Request (ServersTestMultiNic:test_verify_multiple_nics_order): 200 GET http://10.180.1.21/compute/v2.1/servers/5629531e-003a-4ae4-ba3e-aca40f9088f3 0.069s
2025-01-13 20:25:47.818 67744 INFO tempest.lib.common.rest_client [req-6eee2242-f8b0-4f2b-8d6c-d53db69749df req-6eee2242-f8b0-4f2b-8d6c-d53db69749df ] Request (ServerExternalEventsTest:test_create_server_external_events): 200 GET http://10.180.1.21/compute/v2.1/servers/eec857ae-b3cc-4b5e-a1f0-8914faa151d1 0.174s
2025-01-13 20:25:47.827 67744 INFO tempest.common.waiters [-] State transition "BUILD/networking" ==> "BUILD/spawning" after 60 second wait
2025-01-13 20:25:47.880 67718 INFO tempest.lib.common.rest_client [req-13553f23-b854-4ed9-83e4-13475d2a854a req-13553f23-b854-4ed9-83e4-13475d2a854a ] Request (VolumesAdminNegativeTest:setUpClass): 201 POST http://10.180.1.21:9696/networking/v2.0/routers 1.393s
2025-01-13 20:25:47.980 67724 INFO tempest.lib.common.rest_client [req-c48c56d7-3d92-459f-bbe3-b789debd2d0b req-c48c56d7-3d92-459f-bbe3-b789debd2d0b ] Request (ServerDiagnosticsTest:test_get_server_diagnostics): 200 GET http://10.180.1.21/compute/v2.1/servers/445d93af-e9fb-4a04-b4bd-2cc1e7548f88 0.070s
2025-01-13 20:25:48.036 67768 INFO tempest.lib.common.rest_client [req-8ec2325e-421a-4b19-ae74-447398f2a160 req-8ec2325e-421a-4b19-ae74-447398f2a160 ] Request (SecurityGroupsTestJSON:test_list_security_groups_by_server): 200 GET http://10.180.1.21/compute/v2.1/servers/2cc12d89-f1da-4968-b5be-02443a538439 0.061s
2025-01-13 20:25:48.041 67748 INFO tempest.lib.common.rest_client [req-e6f3bfea-5cd0-4ebc-836e-478bc57b00a5 req-e6f3bfea-5cd0-4ebc-836e-478bc57b00a5 ] Request (DeleteServersTestJSON:test_delete_active_server): 200 GET http://10.180.1.21/compute/v2.1/servers/0c89a295-fc69-45db-8a49-efa31e3a9cf8 0.196s
2025-01-13 20:25:48.090 67730 INFO tempest.lib.common.rest_client [req-b0a20847-dfa5-4d2c-9f81-5cd4b4ce7558 req-b0a20847-dfa5-4d2c-9f81-5cd4b4ce7558 ] Request (ServersTestFqdnHostnames:test_create_server_with_fqdn_name): 200 GET http://10.180.1.21/compute/v2.1/servers/ecdbb9ab-859b-4989-b6c3-e8f2e26301de 0.058s
2025-01-13 20:25:48.164 67774 INFO tempest.lib.common.rest_client [req-c84054fe-33fe-4c8f-b392-ef902c9a28e9 req-c84054fe-33fe-4c8f-b392-ef902c9a28e9 ] Request (ServersNegativeTestMultiTenantJSON:setUpClass): 200 GET http://10.180.1.21/compute/v2.1/servers/eed09add-be12-4037-a619-c27f266e8efc 0.082s
2025-01-13 20:25:48.195 67750 INFO tempest.lib.common.rest_client [req-bb37afa8-fb49-4bcd-ab1e-70ee4266cf7c req-bb37afa8-fb49-4bcd-ab1e-70ee4266cf7c ] Request (MigrationsAdminTest:test_resize_server_revert_deleted_flavor): 200 GET http://10.180.1.21/compute/v2.1/servers/c6163c18-0074-4336-aeda-272f9da51db0 0.049s
2025-01-13 20:25:48.271 67778 INFO tempest.lib.common.rest_client [req-b7be52ab-b27e-48d8-b4cb-1ee20e310d4f req-b7be52ab-b27e-48d8-b4cb-1ee20e310d4f ] Request (ServersAdminTestJSON:test_inject_network_info): 200 GET http://10.180.1.21/compute/v2.1/servers/0e407159-3b30-4637-9b45-79628385e872 0.056s
2025-01-13 20:25:48.283 67746 WARNING tempest.lib.common.ssh [-] Failed to establish authenticated ssh connection to cirros@10.180.180.148 ([Errno None] Unable to connect to port 22 on 10.180.180.148). Number attempts: 2. Retry after 3 seconds.: paramiko.ssh_exception.NoValidConnectionsError: [Errno None] Unable to connect to port 22 on 10.180.180.148
2025-01-13 20:25:48.374 67720 INFO tempest.lib.common.rest_client [req-dbe13e07-0a0d-43a7-b274-8babc7095ac3 req-dbe13e07-0a0d-43a7-b274-8babc7095ac3 ] Request (DeleteServersAdminTestJSON:test_delete_server_while_in_error_state): 200 GET http://10.180.1.21/compute/v2.1/servers/57428019-183e-4cf1-a0c4-748d3d34307d 0.057s
2025-01-13 20:25:48.385 67732 INFO tempest.lib.common.rest_client [req-3a147be6-bd6f-4dd2-b9a7-80bf6feb676b req-3a147be6-bd6f-4dd2-b9a7-80bf6feb676b ] Request (ServerDiagnosticsV248Test:tearDownClass): 200 GET http://10.180.1.21/compute/v2.1/servers/d26669e1-9612-490c-b4a6-ba83d2ced264 0.063s
2025-01-13 20:25:48.439 67766 INFO tempest.lib.common.rest_client [req-6a2b9a10-8d2d-45b0-9b06-43c3bcb95706 req-6a2b9a10-8d2d-45b0-9b06-43c3bcb95706 ] Request (ImagesOneServerNegativeTestJSON:setUpClass): 200 GET http://10.180.1.21/compute/v2.1/servers/25720ae4-eecd-43cb-a7c3-3765565e4218 0.051s
2025-01-13 20:25:48.483 67722 INFO tempest.lib.common.rest_client [req-52048f7b-cb03-4a27-b377-82c888f9a831 req-52048f7b-cb03-4a27-b377-82c888f9a831 ] Request (ListServerFiltersTestJSON:tearDownClass): 200 GET http://10.180.1.21/compute/v2.1/servers/458f738c-d224-4d91-9aa9-f4b5d49aa243 0.071s
2025-01-13 20:25:48.501 67736 INFO tempest.lib.common.rest_client [req-fe176fd7-d03f-4d9f-87d3-2a3515949669 req-fe176fd7-d03f-4d9f-87d3-2a3515949669 ] Request (ImagesOneServerTestJSON:tearDownClass): 200 GET http://10.180.1.21/compute/v2.1/servers/14eb14ad-c9a6-4f62-a9a0-65164479e188 0.064s
2025-01-13 20:25:48.542 67728 INFO tempest.lib.common.rest_client [req-daa1c235-ae4a-4cb4-b175-b1e6e106afda req-daa1c235-ae4a-4cb4-b175-b1e6e106afda ] Request (ServerRescueTestJSONUnderV235:setUpClass): 200 GET http://10.180.1.21/compute/v2.1/servers/d3d2f2e2-b8f2-4732-afaa-ed51e5df375a 0.081s
2025-01-13 20:25:48.548 67738 INFO tempest.lib.common.rest_client [req-ec5ac275-b41a-4c7c-9242-9a83cd4e9edb req-ec5ac275-b41a-4c7c-9242-9a83cd4e9edb ] Request (AttachVolumeShelveTestJSON:test_attach_volume_shelved_or_offload_server): 200 GET http://10.180.1.21/compute/v2.1/servers/dec2ce44-20ed-45af-900f-86aa2c1dab2d 0.069s
2025-01-13 20:25:48.603 67752 INFO tempest.lib.common.rest_client [req-44e5b60a-092b-4659-8519-35b1c3994f46 req-44e5b60a-092b-4659-8519-35b1c3994f46 ] Request (ServerShowV254Test:tearDownClass): 200 GET http://10.180.1.21/compute/v2.1/servers/ce97c764-fd8a-460c-a642-646822ddefdb 0.074s
2025-01-13 20:25:48.607 67740 INFO tempest.lib.common.rest_client [req-926d546e-46c5-4291-a301-44743ae07092 req-926d546e-46c5-4291-a301-44743ae07092 ] Request (ServersAdmin275Test:tearDownClass): 200 GET http://10.180.1.21/compute/v2.1/servers/fca5ff75-8391-43dd-92a1-53c52bb797c4 0.063s
2025-01-13 20:25:48.652 67726 INFO tempest.lib.common.rest_client [req-8898ae99-0eb5-4cc4-89bd-f404077b1973 req-8898ae99-0eb5-4cc4-89bd-f404077b1973 ] Request (ImagesTestJSON:test_create_image_from_suspended_server): 200 GET http://10.180.1.21/compute/v2.1/servers/de05e8bf-6af1-41bb-bd0b-43a77c259c98 0.049s
2025-01-13 20:25:48.655 67757 INFO tempest.lib.common.rest_client [req-c08aa966-d5c0-4911-9ac9-97f5eef13cae req-c08aa966-d5c0-4911-9ac9-97f5eef13cae ] Request (ServerGroupTestJSON:test_create_server_with_scheduler_hint_group): 200 GET http://10.180.1.21/compute/v2.1/servers/a7c17bc5-408d-4988-a687-2f6ed51ac088 0.070s
2025-01-13 20:25:48.723 67716 INFO tempest.lib.common.rest_client [req-4df82f96-d781-450a-bf76-a21dceaeb9ef req-4df82f96-d781-450a-bf76-a21dceaeb9ef ] Request (FloatingIPsAssociationTestJSON:tearDownClass): 200 GET http://10.180.1.21/compute/v2.1/servers/7c037c97-6be9-4a20-90fe-621334a13535 0.060s
2025-01-13 20:25:48.730 67742 INFO tempest.lib.common.rest_client [req-3cbaca6b-60bc-4cab-aea8-49416ed83239 req-3cbaca6b-60bc-4cab-aea8-49416ed83239 ] Request (ServerDiskConfigTestJSON:test_rebuild_server_with_auto_disk_config): 200 GET http://10.180.1.21/compute/v2.1/servers/d4b63ceb-c8ec-47bf-9853-1c522e1da467 0.057s
2025-01-13 20:25:48.768 67734 INFO tempest.lib.common.rest_client [req-2faf6e48-9362-4950-abe0-a296f02528e8 req-2faf6e48-9362-4950-abe0-a296f02528e8 ] Request (ListImageFiltersTestJSON:setUpClass): 200 GET http://10.180.1.21/compute/v2.1/images/04ad0e35-4e92-4bec-9886-14121088a52c 0.046s
2025-01-13 20:25:48.860 67772 WARNING tempest.lib.common.ssh [-] Failed to establish authenticated ssh connection to cirros@10.180.180.216 ([Errno None] Unable to connect to port 22 on 10.180.180.216). Number attempts: 2. Retry after 3 seconds.: paramiko.ssh_exception.NoValidConnectionsError: [Errno None] Unable to connect to port 22 on 10.180.180.216
2025-01-13 20:25:48.878 67754 INFO tempest.lib.common.rest_client [req-68c2ad3c-b743-474e-80f0-482edad1b0c9 req-68c2ad3c-b743-474e-80f0-482edad1b0c9 ] Request (ServersTestMultiNic:test_verify_multiple_nics_order): 200 GET http://10.180.1.21/compute/v2.1/servers/5629531e-003a-4ae4-ba3e-aca40f9088f3 0.061s
2025-01-13 20:25:48.934 67718 INFO tempest.lib.common.rest_client [req-2fc37e13-58d5-4e58-b352-c79054eb39d1 req-2fc37e13-58d5-4e58-b352-c79054eb39d1 ] Request (VolumesAdminNegativeTest:setUpClass): 200 PUT http://10.180.1.21:9696/networking/v2.0/routers/f361bda8-0b15-419f-98a9-234660942595/add_router_interface 1.053s
2025-01-13 20:25:48.934 67718 INFO tempest.lib.common.dynamic_creds [-] Created isolated network resources for: credentials: Credentials: {'domain_id': 'default', 'domain_name': 'Default', 'username': 'tempest-VolumesAdminNegativeTest-2019829447-project-member', 'project_domain_id': 'default', 'project_domain_name': 'Default', 'project_id': 'cd5f2aa1840b4e63831051efb24e43da', 'project_name': 'tempest-VolumesAdminNegativeTest-2019829447', 'tenant_id': 'cd5f2aa1840b4e63831051efb24e43da', 'tenant_name': 'tempest-VolumesAdminNegativeTest-2019829447', 'user_domain_id': 'default', 'user_domain_name': 'Default', 'user_id': 'f278a33a9af24ca980bfa3c573f0fc1c', 'system': None}, Network: {'id': 'ec5b18b2-ec8d-47d9-b92d-73d3eea4b799', 'name': 'tempest-VolumesAdminNegativeTest-428945545-network', 'tenant_id': 'cd5f2aa1840b4e63831051efb24e43da', 'admin_state_up': True, 'mtu': 8950, 'status': 'ACTIVE', 'subnets': [], 'shared': False, 'project_id': 'cd5f2aa1840b4e63831051efb24e43da', 'port_security_enabled': True, 'router:external': False, 'provider:network_type': 'vlan', 'provider:physical_network': 'default', 'provider:segmentation_id': 563, 'availability_zone_hints': [], 'availability_zones': [], 'ipv4_address_scope': None, 'ipv6_address_scope': None, 'description': '', 'tags': [], 'created_at': '2025-01-13T20:25:46Z', 'updated_at': '2025-01-13T20:25:46Z', 'revision_number': 1}, Subnet: {'id': 'c0f39bf6-9415-4f20-b75b-06fda24b2025', 'name': 'tempest-VolumesAdminNegativeTest-428945545-subnet', 'tenant_id': 'cd5f2aa1840b4e63831051efb24e43da', 'network_id': 'ec5b18b2-ec8d-47d9-b92d-73d3eea4b799', 'ip_version': 4, 'subnetpool_id': None, 'enable_dhcp': True, 'ipv6_ra_mode': None, 'ipv6_address_mode': None, 'gateway_ip': '192.168.128.1', 'cidr': '192.168.128.0/28', 'allocation_pools': [{'start': '192.168.128.2', 'end': '192.168.128.14'}], 'host_routes': [], 'dns_nameservers': [], 'description': '', 'router:external': False, 'service_types': [], 'tags': [], 'created_at': '2025-01-13T20:25:46Z', 'updated_at': '2025-01-13T20:25:46Z', 'revision_number': 0, 'project_id': 'cd5f2aa1840b4e63831051efb24e43da'}, Router: {'id': 'f361bda8-0b15-419f-98a9-234660942595', 'name': 'tempest-VolumesAdminNegativeTest-428945545-router', 'tenant_id': 'cd5f2aa1840b4e63831051efb24e43da', 'admin_state_up': True, 'status': 'ACTIVE', 'external_gateway_info': {'network_id': '51a73d1b-d331-4c69-aa8c-962a572e92eb', 'external_fixed_ips': [{'subnet_id': 'ebacd113-3470-43fd-9ca8-5a2970cf9ef2', 'ip_address': '10.180.180.246'}], 'enable_snat': True}, 'description': '', 'availability_zones': [], 'distributed': False, 'ha': False, 'availability_zone_hints': [], 'routes': [], 'flavor_id': None, 'tags': [], 'created_at': '2025-01-13T20:25:46Z', 'updated_at': '2025-01-13T20:25:47Z', 'revision_number': 2, 'project_id': 'cd5f2aa1840b4e63831051efb24e43da'}
2025-01-13 20:25:48.988 67744 INFO tempest.lib.common.rest_client [req-c6787d4d-7532-470e-b863-892b32710e0f req-c6787d4d-7532-470e-b863-892b32710e0f ] Request (ServerExternalEventsTest:test_create_server_external_events): 200 GET http://10.180.1.21/compute/v2.1/servers/eec857ae-b3cc-4b5e-a1f0-8914faa151d1 0.160s
2025-01-13 20:25:49.025 67718 INFO tempest.lib.common.rest_client [req-a0278d2d-b58a-4595-bc11-1b604f778495 req-a0278d2d-b58a-4595-bc11-1b604f778495 ] Request (VolumesAdminNegativeTest:setUpClass): 201 POST http://10.180.1.21/identity/v3/auth/tokens 0.087s
2025-01-13 20:25:49.048 67724 INFO tempest.lib.common.rest_client [req-4e6a453c-4b91-4f8d-89a4-8ce13313bcce req-4e6a453c-4b91-4f8d-89a4-8ce13313bcce ] Request (ServerDiagnosticsTest:test_get_server_diagnostics): 200 GET http://10.180.1.21/compute/v2.1/servers/445d93af-e9fb-4a04-b4bd-2cc1e7548f88 0.060s
2025-01-13 20:25:49.066 67718 INFO tempest.lib.common.rest_client [req-8cc5e160-ec52-4745-ba4b-b0b3a7eed164 req-8cc5e160-ec52-4745-ba4b-b0b3a7eed164 ] Request (VolumesAdminNegativeTest:setUpClass): 201 POST http://10.180.1.21/identity/v3/projects 0.040s
2025-01-13 20:25:49.114 67768 INFO tempest.lib.common.rest_client [req-8f058006-8994-4fc6-a2c4-1265378ab7ce req-8f058006-8994-4fc6-a2c4-1265378ab7ce ] Request (SecurityGroupsTestJSON:test_list_security_groups_by_server): 200 GET http://10.180.1.21/compute/v2.1/servers/2cc12d89-f1da-4968-b5be-02443a538439 0.068s
2025-01-13 20:25:49.138 67718 INFO tempest.lib.common.rest_client [req-1d4660fc-1d9c-494e-88c1-8451d6df1a3a req-1d4660fc-1d9c-494e-88c1-8451d6df1a3a ] Request (VolumesAdminNegativeTest:setUpClass): 201 POST http://10.180.1.21/identity/v3/users 0.072s
2025-01-13 20:25:49.158 67718 INFO tempest.lib.common.rest_client [req-439d9ccb-0c04-4fb1-8f5a-b8320e7ec1b6 req-439d9ccb-0c04-4fb1-8f5a-b8320e7ec1b6 ] Request (VolumesAdminNegativeTest:setUpClass): 200 GET http://10.180.1.21/identity/v3/roles 0.019s
2025-01-13 20:25:49.171 67748 INFO tempest.lib.common.rest_client [req-22638937-e370-4d83-a0e0-d839cc20763a req-22638937-e370-4d83-a0e0-d839cc20763a ] Request (DeleteServersTestJSON:test_delete_active_server): 200 GET http://10.180.1.21/compute/v2.1/servers/0c89a295-fc69-45db-8a49-efa31e3a9cf8 0.120s
2025-01-13 20:25:49.172 67730 INFO tempest.lib.common.rest_client [req-3900962e-bce6-4593-beda-b8d46f5085cf req-3900962e-bce6-4593-beda-b8d46f5085cf ] Request (ServersTestFqdnHostnames:test_create_server_with_fqdn_name): 200 GET http://10.180.1.21/compute/v2.1/servers/ecdbb9ab-859b-4989-b6c3-e8f2e26301de 0.068s
2025-01-13 20:25:49.181 67748 INFO tempest.common.waiters [-] State transition "BUILD/spawning" ==> "ACTIVE/None" after 67 second wait
2025-01-13 20:25:49.203 67718 INFO tempest.lib.common.rest_client [req-2c279d91-55e1-4727-b3b0-7d44be04e8ca req-2c279d91-55e1-4727-b3b0-7d44be04e8ca ] Request (VolumesAdminNegativeTest:setUpClass): 204 PUT http://10.180.1.21/identity/v3/projects/bd9e79e14b33413aaf352913ac1478e8/users/7dcedc75b4e442f0adbfdd3bc18bca61/roles/46e76391cc5d4b39b16856cd291182f3 0.044s
2025-01-13 20:25:49.239 67774 INFO tempest.lib.common.rest_client [req-2302546c-78a0-40b2-b86f-767f10a4ab5d req-2302546c-78a0-40b2-b86f-767f10a4ab5d ] Request (ServersNegativeTestMultiTenantJSON:setUpClass): 200 GET http://10.180.1.21/compute/v2.1/servers/eed09add-be12-4037-a619-c27f266e8efc 0.062s
2025-01-13 20:25:49.264 67718 INFO tempest.lib.common.rest_client [req-034d748f-03a9-44a4-82bd-113bac8e4622 req-034d748f-03a9-44a4-82bd-113bac8e4622 ] Request (VolumesAdminNegativeTest:setUpClass): 200 GET http://10.180.1.21/identity/v3/roles 0.061s
2025-01-13 20:25:49.271 67748 INFO tempest.lib.common.rest_client [req-c417f6e0-577a-4097-8c64-f432afd0ae51 req-c417f6e0-577a-4097-8c64-f432afd0ae51 ] Request (DeleteServersTestJSON:test_delete_active_server): 204 DELETE http://10.180.1.21/compute/v2.1/servers/0c89a295-fc69-45db-8a49-efa31e3a9cf8 0.089s
2025-01-13 20:25:49.286 67718 INFO tempest.lib.common.rest_client [req-b466a5dc-cf04-455d-bca1-f7b9009d7b59 req-b466a5dc-cf04-455d-bca1-f7b9009d7b59 ] Request (VolumesAdminNegativeTest:setUpClass): 204 PUT http://10.180.1.21/identity/v3/projects/bd9e79e14b33413aaf352913ac1478e8/users/7dcedc75b4e442f0adbfdd3bc18bca61/roles/46e76391cc5d4b39b16856cd291182f3 0.021s
2025-01-13 20:25:49.286 67718 INFO tempest.lib.common.dynamic_creds [-] Dynamic test user 7dcedc75b4e442f0adbfdd3bc18bca61 is created with scope project and roles: ['admin']
2025-01-13 20:25:49.287 67718 INFO tempest.lib.common.dynamic_creds [-] Acquired dynamic creds: credentials: Credentials: {'domain_id': 'default', 'domain_name': 'Default', 'username': 'tempest-VolumesAdminNegativeTest-284287685-project-admin', 'project_domain_id': 'default', 'project_domain_name': 'Default', 'project_id': 'bd9e79e14b33413aaf352913ac1478e8', 'project_name': 'tempest-VolumesAdminNegativeTest-284287685', 'tenant_id': 'bd9e79e14b33413aaf352913ac1478e8', 'tenant_name': 'tempest-VolumesAdminNegativeTest-284287685', 'user_domain_id': 'default', 'user_domain_name': 'Default', 'user_id': '7dcedc75b4e442f0adbfdd3bc18bca61', 'system': None}, Network: None, Subnet: None, Router: None
2025-01-13 20:25:49.299 67750 INFO tempest.lib.common.rest_client [req-014c2dcc-6850-4b5b-a0c7-c10b39fb1cb4 req-014c2dcc-6850-4b5b-a0c7-c10b39fb1cb4 ] Request (MigrationsAdminTest:test_resize_server_revert_deleted_flavor): 200 GET http://10.180.1.21/compute/v2.1/servers/c6163c18-0074-4336-aeda-272f9da51db0 0.096s
2025-01-13 20:25:49.356 67778 INFO tempest.lib.common.rest_client [req-0bc2e4a0-a193-45a2-a4b6-8e81d76d315b req-0bc2e4a0-a193-45a2-a4b6-8e81d76d315b ] Request (ServersAdminTestJSON:test_inject_network_info): 200 GET http://10.180.1.21/compute/v2.1/servers/0e407159-3b30-4637-9b45-79628385e872 0.075s
2025-01-13 20:25:49.455 67720 INFO tempest.lib.common.rest_client [req-13baa8e2-f811-47a9-a8f2-054ad01d1206 req-13baa8e2-f811-47a9-a8f2-054ad01d1206 ] Request (DeleteServersAdminTestJSON:test_delete_server_while_in_error_state): 200 GET http://10.180.1.21/compute/v2.1/servers/57428019-183e-4cf1-a0c4-748d3d34307d 0.070s
2025-01-13 20:25:49.507 67748 INFO tempest.lib.common.rest_client [req-eafc9ff6-3edd-4853-9cd8-ad6def287fbd req-eafc9ff6-3edd-4853-9cd8-ad6def287fbd ] Request (DeleteServersTestJSON:test_delete_active_server): 200 GET http://10.180.1.21/compute/v2.1/servers/0c89a295-fc69-45db-8a49-efa31e3a9cf8 0.235s
2025-01-13 20:25:49.520 67732 INFO tempest.lib.common.rest_client [req-faecf8f6-7692-46d4-bef0-103c67153c73 req-faecf8f6-7692-46d4-bef0-103c67153c73 ] Request (ServerDiagnosticsV248Test:tearDownClass): 200 GET http://10.180.1.21/compute/v2.1/servers/d26669e1-9612-490c-b4a6-ba83d2ced264 0.125s
2025-01-13 20:25:49.567 67766 INFO tempest.lib.common.rest_client [req-06fb0046-0ee4-4403-aa66-33e0c89ff071 req-06fb0046-0ee4-4403-aa66-33e0c89ff071 ] Request (ImagesOneServerNegativeTestJSON:setUpClass): 200 GET http://10.180.1.21/compute/v2.1/servers/25720ae4-eecd-43cb-a7c3-3765565e4218 0.121s
2025-01-13 20:25:49.580 67722 INFO tempest.lib.common.rest_client [req-a05ed68d-d750-4328-8a72-827440babbf4 req-a05ed68d-d750-4328-8a72-827440babbf4 ] Request (ListServerFiltersTestJSON:tearDownClass): 200 GET http://10.180.1.21/compute/v2.1/servers/458f738c-d224-4d91-9aa9-f4b5d49aa243 0.088s
2025-01-13 20:25:49.599 67718 INFO tempest.lib.common.rest_client [req-71500145-e950-4095-9cc9-ad7c88204c73 req-71500145-e950-4095-9cc9-ad7c88204c73 ] Request (VolumesAdminNegativeTest:setUpClass): 201 POST http://10.180.1.21:9696/networking/v2.0/networks 0.312s
2025-01-13 20:25:49.631 67736 INFO tempest.lib.common.rest_client [req-88cb6bc8-b665-4390-8c4b-77c57b8ce640 req-88cb6bc8-b665-4390-8c4b-77c57b8ce640 ] Request (ImagesOneServerTestJSON:tearDownClass): 200 GET http://10.180.1.21/compute/v2.1/servers/14eb14ad-c9a6-4f62-a9a0-65164479e188 0.122s
2025-01-13 20:25:49.645 67728 INFO tempest.lib.common.rest_client [req-9a0a2524-ca7f-4208-9a09-16284c225323 req-9a0a2524-ca7f-4208-9a09-16284c225323 ] Request (ServerRescueTestJSONUnderV235:setUpClass): 200 GET http://10.180.1.21/compute/v2.1/servers/d3d2f2e2-b8f2-4732-afaa-ed51e5df375a 0.094s
2025-01-13 20:25:49.688 67738 INFO tempest.lib.common.rest_client [req-3e54921f-43d0-4e1b-a339-9d72f65f6b4a req-3e54921f-43d0-4e1b-a339-9d72f65f6b4a ] Request (AttachVolumeShelveTestJSON:test_attach_volume_shelved_or_offload_server): 200 GET http://10.180.1.21/compute/v2.1/servers/dec2ce44-20ed-45af-900f-86aa2c1dab2d 0.126s
2025-01-13 20:25:49.707 67752 INFO tempest.lib.common.rest_client [req-3c7febc8-87c9-4604-affd-20e51b1e94b9 req-3c7febc8-87c9-4604-affd-20e51b1e94b9 ] Request (ServerShowV254Test:tearDownClass): 200 GET http://10.180.1.21/compute/v2.1/servers/ce97c764-fd8a-460c-a642-646822ddefdb 0.094s
2025-01-13 20:25:49.715 67752 INFO tempest.common.waiters [-] State transition "ACTIVE/deleting" ==> "DELETED/None" after 4 second wait
2025-01-13 20:25:49.757 67740 INFO tempest.lib.common.rest_client [req-0f8a4133-8fb5-4e6e-a04d-f93236908c20 req-0f8a4133-8fb5-4e6e-a04d-f93236908c20 ] Request (ServersAdmin275Test:tearDownClass): 200 GET http://10.180.1.21/compute/v2.1/servers/fca5ff75-8391-43dd-92a1-53c52bb797c4 0.139s
2025-01-13 20:25:49.791 67726 INFO tempest.lib.common.rest_client [req-7a7bb3b0-9fab-4bd0-b38b-dcbe225690e8 req-7a7bb3b0-9fab-4bd0-b38b-dcbe225690e8 ] Request (ImagesTestJSON:test_create_image_from_suspended_server): 200 GET http://10.180.1.21/compute/v2.1/servers/de05e8bf-6af1-41bb-bd0b-43a77c259c98 0.132s
2025-01-13 20:25:49.797 67718 INFO tempest.lib.common.rest_client [req-e9a3d502-d50f-4a9a-b790-582ff5ef55f9 req-e9a3d502-d50f-4a9a-b790-582ff5ef55f9 ] Request (VolumesAdminNegativeTest:setUpClass): 201 POST http://10.180.1.21:9696/networking/v2.0/subnets 0.197s
2025-01-13 20:25:49.809 67757 INFO tempest.lib.common.rest_client [req-ffd11f61-6d75-4711-ab38-d21ad698e5cb req-ffd11f61-6d75-4711-ab38-d21ad698e5cb ] Request (ServerGroupTestJSON:test_create_server_with_scheduler_hint_group): 200 GET http://10.180.1.21/compute/v2.1/servers/a7c17bc5-408d-4988-a687-2f6ed51ac088 0.146s
2025-01-13 20:25:49.865 67742 INFO tempest.lib.common.rest_client [req-c338e8d7-21f2-418e-a4fd-2899882b9edf req-c338e8d7-21f2-418e-a4fd-2899882b9edf ] Request (ServerDiskConfigTestJSON:test_rebuild_server_with_auto_disk_config): 200 GET http://10.180.1.21/compute/v2.1/servers/d4b63ceb-c8ec-47bf-9853-1c522e1da467 0.121s
2025-01-13 20:25:49.869 67716 INFO tempest.lib.common.rest_client [req-6f8719df-03ae-4c60-acff-9142776a3c6c req-6f8719df-03ae-4c60-acff-9142776a3c6c ] Request (FloatingIPsAssociationTestJSON:tearDownClass): 200 GET http://10.180.1.21/compute/v2.1/servers/7c037c97-6be9-4a20-90fe-621334a13535 0.137s
2025-01-13 20:25:49.900 67734 INFO tempest.lib.common.rest_client [req-b8bfbfec-8e2c-4e65-a38d-2c2f0162cfa0 req-b8bfbfec-8e2c-4e65-a38d-2c2f0162cfa0 ] Request (ListImageFiltersTestJSON:setUpClass): 200 GET http://10.180.1.21/compute/v2.1/images/04ad0e35-4e92-4bec-9886-14121088a52c 0.127s
2025-01-13 20:25:50.158 67744 INFO tempest.lib.common.rest_client [req-749496e0-99ac-4783-ac51-4814385425e7 req-749496e0-99ac-4783-ac51-4814385425e7 ] Request (ServerExternalEventsTest:test_create_server_external_events): 200 GET http://10.180.1.21/compute/v2.1/servers/eec857ae-b3cc-4b5e-a1f0-8914faa151d1 0.160s
2025-01-13 20:25:50.177 67754 INFO tempest.lib.common.rest_client [req-2c06d109-c26b-450e-8d3d-da20600d6e63 req-2c06d109-c26b-450e-8d3d-da20600d6e63 ] Request (ServersTestMultiNic:test_verify_multiple_nics_order): 200 GET http://10.180.1.21/compute/v2.1/servers/5629531e-003a-4ae4-ba3e-aca40f9088f3 0.285s
2025-01-13 20:25:50.189 67754 INFO tempest.common.waiters [-] State transition "BUILD/scheduling" ==> "BUILD/None" after 30 second wait
2025-01-13 20:25:50.219 67724 INFO tempest.lib.common.rest_client [req-050712ce-189e-4213-9f51-8af4a832a563 req-050712ce-189e-4213-9f51-8af4a832a563 ] Request (ServerDiagnosticsTest:test_get_server_diagnostics): 200 GET http://10.180.1.21/compute/v2.1/servers/445d93af-e9fb-4a04-b4bd-2cc1e7548f88 0.159s
2025-01-13 20:25:50.230 67768 INFO tempest.lib.common.rest_client [req-019e2016-8d81-4455-a5a7-b9216834ee74 req-019e2016-8d81-4455-a5a7-b9216834ee74 ] Request (SecurityGroupsTestJSON:test_list_security_groups_by_server): 200 GET http://10.180.1.21/compute/v2.1/servers/2cc12d89-f1da-4968-b5be-02443a538439 0.104s
2025-01-13 20:25:50.282 67730 INFO tempest.lib.common.rest_client [req-6dbb140d-874a-4a13-a45b-7a227bed54f0 req-6dbb140d-874a-4a13-a45b-7a227bed54f0 ] Request (ServersTestFqdnHostnames:test_create_server_with_fqdn_name): 200 GET http://10.180.1.21/compute/v2.1/servers/ecdbb9ab-859b-4989-b6c3-e8f2e26301de 0.099s
2025-01-13 20:25:50.325 67774 INFO tempest.lib.common.rest_client [req-d57d5c4f-17c0-4aea-bd0d-2e393aa4857d req-d57d5c4f-17c0-4aea-bd0d-2e393aa4857d ] Request (ServersNegativeTestMultiTenantJSON:setUpClass): 200 GET http://10.180.1.21/compute/v2.1/servers/eed09add-be12-4037-a619-c27f266e8efc 0.079s
2025-01-13 20:25:50.369 67750 INFO tempest.lib.common.rest_client [req-9313b791-65ac-4e0a-b3a6-474885ff4d35 req-9313b791-65ac-4e0a-b3a6-474885ff4d35 ] Request (MigrationsAdminTest:test_resize_server_revert_deleted_flavor): 200 GET http://10.180.1.21/compute/v2.1/servers/c6163c18-0074-4336-aeda-272f9da51db0 0.060s
2025-01-13 20:25:50.441 67778 INFO tempest.lib.common.rest_client [req-6190e31c-fe96-45eb-b001-de6197a3ddbe req-6190e31c-fe96-45eb-b001-de6197a3ddbe ] Request (ServersAdminTestJSON:test_inject_network_info): 200 GET http://10.180.1.21/compute/v2.1/servers/0e407159-3b30-4637-9b45-79628385e872 0.074s
2025-01-13 20:25:50.531 67720 INFO tempest.lib.common.rest_client [req-40b3fa78-858b-44b6-9547-120119573647 req-40b3fa78-858b-44b6-9547-120119573647 ] Request (DeleteServersAdminTestJSON:test_delete_server_while_in_error_state): 200 GET http://10.180.1.21/compute/v2.1/servers/57428019-183e-4cf1-a0c4-748d3d34307d 0.067s
2025-01-13 20:25:50.586 67732 INFO tempest.lib.common.rest_client [req-aca173ab-ae56-4992-8c86-26cf5e9d07f6 req-aca173ab-ae56-4992-8c86-26cf5e9d07f6 ] Request (ServerDiagnosticsV248Test:tearDownClass): 200 GET http://10.180.1.21/compute/v2.1/servers/d26669e1-9612-490c-b4a6-ba83d2ced264 0.057s
2025-01-13 20:25:50.638 67766 INFO tempest.lib.common.rest_client [req-8b463f00-f8bc-4c00-9177-891057f9b4c5 req-8b463f00-f8bc-4c00-9177-891057f9b4c5 ] Request (ImagesOneServerNegativeTestJSON:setUpClass): 200 GET http://10.180.1.21/compute/v2.1/servers/25720ae4-eecd-43cb-a7c3-3765565e4218 0.063s
2025-01-13 20:25:50.685 67722 INFO tempest.lib.common.rest_client [req-d076e235-b235-455a-b6c5-32efc2c04ac6 req-d076e235-b235-455a-b6c5-32efc2c04ac6 ] Request (ListServerFiltersTestJSON:tearDownClass): 200 GET http://10.180.1.21/compute/v2.1/servers/458f738c-d224-4d91-9aa9-f4b5d49aa243 0.092s
2025-01-13 20:25:50.741 67736 INFO tempest.lib.common.rest_client [req-c358be8b-22b4-4e19-8756-03f2c149439c req-c358be8b-22b4-4e19-8756-03f2c149439c ] Request (ImagesOneServerTestJSON:tearDownClass): 200 GET http://10.180.1.21/compute/v2.1/servers/14eb14ad-c9a6-4f62-a9a0-65164479e188 0.102s
2025-01-13 20:25:50.784 67748 INFO tempest.lib.common.rest_client [req-6a31f050-ae4f-4593-9703-83649fdda05f req-6a31f050-ae4f-4593-9703-83649fdda05f ] Request (DeleteServersTestJSON:test_delete_active_server): 200 GET http://10.180.1.21/compute/v2.1/servers/0c89a295-fc69-45db-8a49-efa31e3a9cf8 0.268s
2025-01-13 20:25:50.810 67728 INFO tempest.lib.common.rest_client [req-ed6343e6-4c07-44be-9303-aa8e0f0484a1 req-ed6343e6-4c07-44be-9303-aa8e0f0484a1 ] Request (ServerRescueTestJSONUnderV235:setUpClass): 200 GET http://10.180.1.21/compute/v2.1/servers/d3d2f2e2-b8f2-4732-afaa-ed51e5df375a 0.158s
2025-01-13 20:25:50.859 67738 INFO tempest.lib.common.rest_client [req-62cac8bc-474b-4306-9b62-534ff947f348 req-62cac8bc-474b-4306-9b62-534ff947f348 ] Request (AttachVolumeShelveTestJSON:test_attach_volume_shelved_or_offload_server): 200 GET http://10.180.1.21/compute/v2.1/servers/dec2ce44-20ed-45af-900f-86aa2c1dab2d 0.153s
2025-01-13 20:25:50.884 67752 INFO tempest.lib.common.rest_client [req-9ff20e9c-68a7-4de2-9480-a2ea4844feb8 req-9ff20e9c-68a7-4de2-9480-a2ea4844feb8 ] Request (ServerShowV254Test:tearDownClass): 200 GET http://10.180.1.21/compute/v2.1/servers/ce97c764-fd8a-460c-a642-646822ddefdb 0.168s
2025-01-13 20:25:50.936 67740 INFO tempest.lib.common.rest_client [req-daa3faee-01a2-4fa1-859d-6ff06006cd95 req-daa3faee-01a2-4fa1-859d-6ff06006cd95 ] Request (ServersAdmin275Test:tearDownClass): 200 GET http://10.180.1.21/compute/v2.1/servers/fca5ff75-8391-43dd-92a1-53c52bb797c4 0.168s
2025-01-13 20:25:50.937 67726 INFO tempest.lib.common.rest_client [req-6c8d57f1-cb50-4f6b-b0b6-d5d8accb2cef req-6c8d57f1-cb50-4f6b-b0b6-d5d8accb2cef ] Request (ImagesTestJSON:test_create_image_from_suspended_server): 200 GET http://10.180.1.21/compute/v2.1/servers/de05e8bf-6af1-41bb-bd0b-43a77c259c98 0.130s
2025-01-13 20:25:50.995 67742 INFO tempest.lib.common.rest_client [req-c5cf648c-b9a8-4fd5-b6ff-f0d7a41c899f req-c5cf648c-b9a8-4fd5-b6ff-f0d7a41c899f ] Request (ServerDiskConfigTestJSON:test_rebuild_server_with_auto_disk_config): 200 GET http://10.180.1.21/compute/v2.1/servers/d4b63ceb-c8ec-47bf-9853-1c522e1da467 0.123s
2025-01-13 20:25:51.064 67716 INFO tempest.lib.common.rest_client [req-96bf864b-c215-4b8d-9d34-facc8bd53e2f req-96bf864b-c215-4b8d-9d34-facc8bd53e2f ] Request (FloatingIPsAssociationTestJSON:tearDownClass): 200 GET http://10.180.1.21/compute/v2.1/servers/7c037c97-6be9-4a20-90fe-621334a13535 0.187s
2025-01-13 20:25:51.103 67734 INFO tempest.lib.common.rest_client [req-d577ac26-d5ec-4e27-a71b-ab81ba476656 req-d577ac26-d5ec-4e27-a71b-ab81ba476656 ] Request (ListImageFiltersTestJSON:setUpClass): 200 GET http://10.180.1.21/compute/v2.1/images/04ad0e35-4e92-4bec-9886-14121088a52c 0.198s
2025-01-13 20:25:51.189 67757 INFO tempest.lib.common.rest_client [req-35eec1eb-d407-4c7d-9815-b42d66446190 req-35eec1eb-d407-4c7d-9815-b42d66446190 ] Request (ServerGroupTestJSON:test_create_server_with_scheduler_hint_group): 200 GET http://10.180.1.21/compute/v2.1/servers/a7c17bc5-408d-4988-a687-2f6ed51ac088 0.372s
2025-01-13 20:25:51.197 67757 INFO tempest.common.waiters [-] State transition "BUILD/None" ==> "BUILD/block_device_mapping" after 61 second wait
2025-01-13 20:25:51.230 67718 INFO tempest.lib.common.rest_client [req-3fabfc38-c8dc-491b-9cef-f1db9d2c59f1 req-3fabfc38-c8dc-491b-9cef-f1db9d2c59f1 ] Request (VolumesAdminNegativeTest:setUpClass): 201 POST http://10.180.1.21:9696/networking/v2.0/routers 1.432s
2025-01-13 20:25:51.259 67754 INFO tempest.lib.common.rest_client [req-59bbcb47-b5f8-483e-a8bc-3ae2cd202251 req-59bbcb47-b5f8-483e-a8bc-3ae2cd202251 ] Request (ServersTestMultiNic:test_verify_multiple_nics_order): 200 GET http://10.180.1.21/compute/v2.1/servers/5629531e-003a-4ae4-ba3e-aca40f9088f3 0.068s
2025-01-13 20:25:51.331 67724 INFO tempest.lib.common.rest_client [req-6bf40f93-34da-416b-bbaf-d82bbfb04e6d req-6bf40f93-34da-416b-bbaf-d82bbfb04e6d ] Request (ServerDiagnosticsTest:test_get_server_diagnostics): 200 GET http://10.180.1.21/compute/v2.1/servers/445d93af-e9fb-4a04-b4bd-2cc1e7548f88 0.101s
2025-01-13 20:25:51.391 67768 INFO tempest.lib.common.rest_client [req-4ee08e92-eee2-4315-a5ef-ff91e51dedda req-4ee08e92-eee2-4315-a5ef-ff91e51dedda ] Request (SecurityGroupsTestJSON:test_list_security_groups_by_server): 200 GET http://10.180.1.21/compute/v2.1/servers/2cc12d89-f1da-4968-b5be-02443a538439 0.149s
2025-01-13 20:25:51.450 67730 INFO tempest.lib.common.rest_client [req-b02c3ce7-7e11-4edb-b781-a8963fa72d90 req-b02c3ce7-7e11-4edb-b781-a8963fa72d90 ] Request (ServersTestFqdnHostnames:test_create_server_with_fqdn_name): 200 GET http://10.180.1.21/compute/v2.1/servers/ecdbb9ab-859b-4989-b6c3-e8f2e26301de 0.160s
2025-01-13 20:25:51.503 67774 INFO tempest.lib.common.rest_client [req-dd13ab37-efd0-4d83-b51a-b705f8216dc5 req-dd13ab37-efd0-4d83-b51a-b705f8216dc5 ] Request (ServersNegativeTestMultiTenantJSON:setUpClass): 200 GET http://10.180.1.21/compute/v2.1/servers/eed09add-be12-4037-a619-c27f266e8efc 0.167s
2025-01-13 20:25:51.555 67750 INFO tempest.lib.common.rest_client [req-e2ec6139-1867-431f-a1c6-c46dd84c298c req-e2ec6139-1867-431f-a1c6-c46dd84c298c ] Request (MigrationsAdminTest:test_resize_server_revert_deleted_flavor): 200 GET http://10.180.1.21/compute/v2.1/servers/c6163c18-0074-4336-aeda-272f9da51db0 0.179s
2025-01-13 20:25:51.598 67744 INFO tempest.lib.common.rest_client [req-0ead0434-e04b-48ae-afde-718baff985b7 req-0ead0434-e04b-48ae-afde-718baff985b7 ] Request (ServerExternalEventsTest:test_create_server_external_events): 200 GET http://10.180.1.21/compute/v2.1/servers/eec857ae-b3cc-4b5e-a1f0-8914faa151d1 0.430s
2025-01-13 20:25:51.608 67778 INFO tempest.lib.common.rest_client [req-5af158e7-6572-42b7-a05f-d337d2af18ed req-5af158e7-6572-42b7-a05f-d337d2af18ed ] Request (ServersAdminTestJSON:test_inject_network_info): 200 GET http://10.180.1.21/compute/v2.1/servers/0e407159-3b30-4637-9b45-79628385e872 0.149s
2025-01-13 20:25:51.662 67732 INFO tempest.lib.common.rest_client [req-a099b0cf-b763-44b0-8d4a-4b5df66c7faa req-a099b0cf-b763-44b0-8d4a-4b5df66c7faa ] Request (ServerDiagnosticsV248Test:tearDownClass): 200 GET http://10.180.1.21/compute/v2.1/servers/d26669e1-9612-490c-b4a6-ba83d2ced264 0.060s
2025-01-13 20:25:51.678 67720 INFO tempest.lib.common.rest_client [req-775b2480-450b-481d-8839-1bfd13bf3193 req-775b2480-450b-481d-8839-1bfd13bf3193 ] Request (DeleteServersAdminTestJSON:test_delete_server_while_in_error_state): 200 GET http://10.180.1.21/compute/v2.1/servers/57428019-183e-4cf1-a0c4-748d3d34307d 0.140s
2025-01-13 20:25:51.712 67766 INFO tempest.lib.common.rest_client [req-dced8c49-fb46-4b57-b7f5-724094ccde9e req-dced8c49-fb46-4b57-b7f5-724094ccde9e ] Request (ImagesOneServerNegativeTestJSON:setUpClass): 200 GET http://10.180.1.21/compute/v2.1/servers/25720ae4-eecd-43cb-a7c3-3765565e4218 0.058s
2025-01-13 20:25:51.792 67722 INFO tempest.lib.common.rest_client [req-4fe66c0d-20e3-4015-80b8-a6371da5bb96 req-4fe66c0d-20e3-4015-80b8-a6371da5bb96 ] Request (ListServerFiltersTestJSON:tearDownClass): 200 GET http://10.180.1.21/compute/v2.1/servers/458f738c-d224-4d91-9aa9-f4b5d49aa243 0.099s
2025-01-13 20:25:51.831 67736 INFO tempest.lib.common.rest_client [req-64e69dde-9894-44c9-9eb4-4a2005eeb11e req-64e69dde-9894-44c9-9eb4-4a2005eeb11e ] Request (ImagesOneServerTestJSON:tearDownClass): 200 GET http://10.180.1.21/compute/v2.1/servers/14eb14ad-c9a6-4f62-a9a0-65164479e188 0.082s
2025-01-13 20:25:51.898 67728 INFO tempest.lib.common.rest_client [req-c76fd9c1-3d51-47bf-8b1f-ed8c46984b96 req-c76fd9c1-3d51-47bf-8b1f-ed8c46984b96 ] Request (ServerRescueTestJSONUnderV235:setUpClass): 200 GET http://10.180.1.21/compute/v2.1/servers/d3d2f2e2-b8f2-4732-afaa-ed51e5df375a 0.079s
2025-01-13 20:25:51.957 67738 INFO tempest.lib.common.rest_client [req-ce53d317-28d9-46b7-ae13-8b151b02d335 req-ce53d317-28d9-46b7-ae13-8b151b02d335 ] Request (AttachVolumeShelveTestJSON:test_attach_volume_shelved_or_offload_server): 200 GET http://10.180.1.21/compute/v2.1/servers/dec2ce44-20ed-45af-900f-86aa2c1dab2d 0.087s
2025-01-13 20:25:52.020 67748 INFO tempest.lib.common.rest_client [req-f5eda991-391a-478e-98d8-b60dfaec75cd req-f5eda991-391a-478e-98d8-b60dfaec75cd ] Request (DeleteServersTestJSON:test_delete_active_server): 200 GET http://10.180.1.21/compute/v2.1/servers/0c89a295-fc69-45db-8a49-efa31e3a9cf8 0.225s
2025-01-13 20:25:52.026 67752 INFO tempest.lib.common.rest_client [req-f047a604-69f3-4f6c-96d3-d205ea66aac4 req-f047a604-69f3-4f6c-96d3-d205ea66aac4 ] Request (ServerShowV254Test:tearDownClass): 200 GET http://10.180.1.21/compute/v2.1/servers/ce97c764-fd8a-460c-a642-646822ddefdb 0.132s
2025-01-13 20:25:52.086 67726 INFO tempest.lib.common.rest_client [req-a6df9428-7a55-4326-b930-27afb69345c9 req-a6df9428-7a55-4326-b930-27afb69345c9 ] Request (ImagesTestJSON:test_create_image_from_suspended_server): 200 GET http://10.180.1.21/compute/v2.1/servers/de05e8bf-6af1-41bb-bd0b-43a77c259c98 0.138s
2025-01-13 20:25:52.107 67740 INFO tempest.lib.common.rest_client [req-3f4af62c-d37a-4a6b-a6d2-4564c356f785 req-3f4af62c-d37a-4a6b-a6d2-4564c356f785 ] Request (ServersAdmin275Test:tearDownClass): 200 GET http://10.180.1.21/compute/v2.1/servers/fca5ff75-8391-43dd-92a1-53c52bb797c4 0.159s
2025-01-13 20:25:52.144 67742 INFO tempest.lib.common.rest_client [req-adc20472-6d33-4cc7-ae5f-ef6dbff257bc req-adc20472-6d33-4cc7-ae5f-ef6dbff257bc ] Request (ServerDiskConfigTestJSON:test_rebuild_server_with_auto_disk_config): 200 GET http://10.180.1.21/compute/v2.1/servers/d4b63ceb-c8ec-47bf-9853-1c522e1da467 0.139s
2025-01-13 20:25:52.186 67734 INFO tempest.lib.common.rest_client [req-0b8349fa-b5a4-47c0-9e5c-701d83fe1c16 req-0b8349fa-b5a4-47c0-9e5c-701d83fe1c16 ] Request (ListImageFiltersTestJSON:setUpClass): 200 GET http://10.180.1.21/compute/v2.1/images/04ad0e35-4e92-4bec-9886-14121088a52c 0.080s
