2025-01-13 20:25:17.819 67750 INFO tempest.lib.common.rest_client [req-afa9f194-da42-463f-9d9c-7f24a60ff8c3 req-afa9f194-da42-463f-9d9c-7f24a60ff8c3 ] Request (MigrationsAdminTest:test_resize_server_revert_deleted_flavor): 200 GET http://10.180.1.21/compute/v2.1/flavors/42/os-extra_specs 0.014s
2025-01-13 20:25:17.846 67750 INFO tempest.lib.common.rest_client [req-a2ced9e9-8aaa-431b-a29d-1a9114bb0c67 req-a2ced9e9-8aaa-431b-a29d-1a9114bb0c67 ] Request (MigrationsAdminTest:test_resize_server_revert_deleted_flavor): 200 POST http://10.180.1.21/compute/v2.1/flavors/1003dc7d-243f-416e-be91-2b2b264ef1c4/os-extra_specs 0.025s
2025-01-13 20:25:17.852 67724 INFO tempest.lib.common.rest_client [req-b0862dac-3b04-4ec7-86e6-d4301dc2538c req-b0862dac-3b04-4ec7-86e6-d4301dc2538c ] Request (ServerDiagnosticsTest:test_get_server_diagnostics): 200 GET http://10.180.1.21/compute/v2.1/servers/445d93af-e9fb-4a04-b4bd-2cc1e7548f88 0.098s
2025-01-13 20:25:17.894 67768 INFO tempest.lib.common.rest_client [req-e3db2650-449e-484c-a686-c3400de1e609 req-e3db2650-449e-484c-a686-c3400de1e609 ] Request (SecurityGroupsTestJSON:setUpClass): 201 POST http://10.180.1.21/identity/v3/users 0.099s
2025-01-13 20:25:17.926 67768 INFO tempest.lib.common.rest_client [req-0ed9929e-ecc7-4ab0-9d48-051edaa74bba req-0ed9929e-ecc7-4ab0-9d48-051edaa74bba ] Request (SecurityGroupsTestJSON:setUpClass): 200 GET http://10.180.1.21/identity/v3/roles 0.032s
2025-01-13 20:25:17.928 67774 INFO tempest.lib.common.rest_client [req-1585f345-2147-4308-ac49-f442861f4db0 req-1585f345-2147-4308-ac49-f442861f4db0 ] Request (InstanceActionsTestJSON:tearDownClass): 204 DELETE http://10.180.1.21:9696/networking/v2.0/subnets/118d2ab9-ef8c-4f59-8f1b-ea1752c44b95 0.268s
2025-01-13 20:25:17.936 67750 INFO tempest.lib.common.rest_client [req-20d49b18-69eb-4fd0-94c7-17420d37da42 req-20d49b18-69eb-4fd0-94c7-17420d37da42 ] Request (MigrationsAdminTest:test_resize_server_revert_deleted_flavor): 201 POST http://10.180.1.21/identity/v3/auth/tokens 0.085s
2025-01-13 20:25:17.936 67750 INFO tempest.lib.common.fixed_network [-] (MigrationsAdminTest:test_resize_server_revert_deleted_flavor) Found network None available for tenant
2025-01-13 20:25:17.967 67768 INFO tempest.lib.common.rest_client [req-3e919b33-18d5-4b78-b831-14d30f0232c7 req-3e919b33-18d5-4b78-b831-14d30f0232c7 ] Request (SecurityGroupsTestJSON:setUpClass): 204 PUT http://10.180.1.21/identity/v3/projects/35c6ad13d4704d9697178185f45ca890/users/78cf51febeeb46c887e334f45c19b331/roles/12fc8c197a3243de9b698f74a76b8e2c 0.040s
2025-01-13 20:25:17.967 67768 INFO tempest.lib.common.dynamic_creds [-] Dynamic test user 78cf51febeeb46c887e334f45c19b331 is created with scope project and roles: ['member']
2025-01-13 20:25:17.967 67768 INFO tempest.lib.common.dynamic_creds [-] Acquired dynamic creds: credentials: Credentials: {'domain_id': 'default', 'domain_name': 'Default', 'username': 'tempest-SecurityGroupsTestJSON-1515161421-project-member', 'project_domain_id': 'default', 'project_domain_name': 'Default', 'project_id': '35c6ad13d4704d9697178185f45ca890', 'project_name': 'tempest-SecurityGroupsTestJSON-1515161421', 'tenant_id': '35c6ad13d4704d9697178185f45ca890', 'tenant_name': 'tempest-SecurityGroupsTestJSON-1515161421', 'user_domain_id': 'default', 'user_domain_name': 'Default', 'user_id': '78cf51febeeb46c887e334f45c19b331', 'system': None}, Network: None, Subnet: None, Router: None
2025-01-13 20:25:18.037 67768 INFO tempest.lib.common.rest_client [req-126d6b18-087e-41da-b974-06cec793f873 req-126d6b18-087e-41da-b974-06cec793f873 ] Request (SecurityGroupsTestJSON:setUpClass): 201 POST http://10.180.1.21/identity/v3/auth/tokens 0.069s
2025-01-13 20:25:18.199 67750 INFO tempest.lib.common.rest_client [req-b3f1a8bd-716f-4d27-b0a0-74fdc581ee72 req-b3f1a8bd-716f-4d27-b0a0-74fdc581ee72 ] Request (MigrationsAdminTest:test_resize_server_revert_deleted_flavor): 202 POST http://10.180.1.21/compute/v2.1/servers 0.262s
2025-01-13 20:25:18.209 67716 INFO tempest.lib.common.rest_client [req-08e068d1-9ea5-4ef1-97c4-f84dcd9d6796 req-08e068d1-9ea5-4ef1-97c4-f84dcd9d6796 ] Request (FloatingIPsAssociationTestJSON:test_associate_already_associated_floating_ip): 200 GET http://10.180.1.21/compute/v2.1/servers/7c037c97-6be9-4a20-90fe-621334a13535 0.304s
2025-01-13 20:25:18.228 67754 INFO tempest.lib.common.rest_client [req-846a2bf1-9af1-4417-ac54-ebf50eaf2d53 req-846a2bf1-9af1-4417-ac54-ebf50eaf2d53 ] Request (ServersTestMultiNic:_run_cleanups): 204 DELETE http://10.180.1.21:9696/networking/v2.0/networks/1cbbdd04-76a8-4ca7-afba-54560fabd325 0.542s
2025-01-13 20:25:18.268 67730 INFO tempest.lib.common.rest_client [req-571299f3-8c1a-4d90-802e-fdf0361ef8dc req-571299f3-8c1a-4d90-802e-fdf0361ef8dc ] Request (ServersTestFqdnHostnames:test_create_server_with_fqdn_name): 200 GET http://10.180.1.21/compute/v2.1/servers/ecdbb9ab-859b-4989-b6c3-e8f2e26301de 0.236s
2025-01-13 20:25:18.273 67772 INFO tempest.lib.common.rest_client [req-93e01882-ec10-46c3-9f2c-f195c743f5ea req-93e01882-ec10-46c3-9f2c-f195c743f5ea ] Request (AttachInterfacesTestJSON:test_create_list_show_delete_interfaces_by_fixed_ip): 200 GET http://10.180.1.21/compute/v2.1/servers/3b730f3f-9462-4279-9ffa-d6e5052d8bb4 0.107s
2025-01-13 20:25:18.314 67750 INFO tempest.lib.common.rest_client [req-ab808c39-77ec-446c-8dc5-0de51d7edb2e req-ab808c39-77ec-446c-8dc5-0de51d7edb2e ] Request (MigrationsAdminTest:test_resize_server_revert_deleted_flavor): 200 GET http://10.180.1.21/compute/v2.1/servers/c6163c18-0074-4336-aeda-272f9da51db0 0.113s
2025-01-13 20:25:18.361 67768 INFO tempest.lib.common.rest_client [req-6a55e584-ff9d-4af6-9873-b1ed56b333fa req-6a55e584-ff9d-4af6-9873-b1ed56b333fa ] Request (SecurityGroupsTestJSON:setUpClass): 201 POST http://10.180.1.21:9696/networking/v2.0/networks 0.324s
2025-01-13 20:25:18.388 67738 INFO tempest.lib.common.rest_client [req-4c3cc26f-12b4-476e-907d-a04d3f2e2c92 req-4c3cc26f-12b4-476e-907d-a04d3f2e2c92 ] Request (ServerShowV257Test:tearDownClass): 200 GET http://10.180.1.21/compute/v2.1/servers/c6b3de20-554d-4867-96f6-92c05697049b 0.116s
2025-01-13 20:25:18.447 67720 INFO tempest.lib.common.rest_client [req-0e32a829-43e1-4ad7-a2eb-aab444c969ce req-0e32a829-43e1-4ad7-a2eb-aab444c969ce ] Request (DeleteServersAdminTestJSON:test_delete_server_while_in_error_state): 200 GET http://10.180.1.21/compute/v2.1/servers/57428019-183e-4cf1-a0c4-748d3d34307d 0.157s
2025-01-13 20:25:18.468 67754 INFO tempest.lib.common.rest_client [req-91d0ca00-df95-475d-93cc-caa2d9cc14e8 req-91d0ca00-df95-475d-93cc-caa2d9cc14e8 ] Request (ServersTestMultiNic:test_verify_multiple_nics_order): 201 POST http://10.180.1.21:9696/networking/v2.0/networks 0.237s
2025-01-13 20:25:18.501 67774 INFO tempest.lib.common.rest_client [req-ae1356e5-35a5-4602-8e3e-4bc2ac596af6 req-ae1356e5-35a5-4602-8e3e-4bc2ac596af6 ] Request (InstanceActionsTestJSON:tearDownClass): 204 DELETE http://10.180.1.21:9696/networking/v2.0/networks/25cead2f-4b44-467e-92cd-cbdc80d1cc87 0.572s
2025-01-13 20:25:18.505 67722 INFO tempest.lib.common.rest_client [req-b6d80190-9e39-408f-93ef-e2d5cd1514a1 req-b6d80190-9e39-408f-93ef-e2d5cd1514a1 ] Request (ListServerFiltersTestJSON:setUpClass): 200 GET http://10.180.1.21/compute/v2.1/servers/458f738c-d224-4d91-9aa9-f4b5d49aa243 0.280s
2025-01-13 20:25:18.511 67748 INFO tempest.lib.common.rest_client [req-ac55491d-e7f1-4e1a-9657-08006853effe req-ac55491d-e7f1-4e1a-9657-08006853effe ] Request (DeleteServersTestJSON:test_delete_active_server): 200 GET http://10.180.1.21/compute/v2.1/servers/0c89a295-fc69-45db-8a49-efa31e3a9cf8 0.163s
2025-01-13 20:25:18.514 67722 INFO tempest.common.waiters [-] State transition "BUILD/spawning" ==> "ACTIVE/None" after 45 second wait
2025-01-13 20:25:18.555 67736 INFO tempest.lib.common.rest_client [req-121bb7a4-8471-41cd-ade9-aebb4f3a698e req-121bb7a4-8471-41cd-ade9-aebb4f3a698e ] Request (ImagesOneServerTestJSON:test_create_image_specify_multibyte_character_image_name): 200 GET http://10.180.1.21/compute/v2.1/images/e3c3926a-bae8-4482-a164-09ff8188ec6f 0.164s
2025-01-13 20:25:18.570 67766 INFO tempest.lib.common.rest_client [req-d3abcad4-8538-4fac-9352-8bb4c8530389 req-d3abcad4-8538-4fac-9352-8bb4c8530389 ] Request (ImagesOneServerNegativeTestJSON:setUpClass): 200 GET http://10.180.1.21/compute/v2.1/servers/25720ae4-eecd-43cb-a7c3-3765565e4218 0.211s
2025-01-13 20:25:18.586 67774 INFO tempest.lib.common.rest_client [req-860fa230-cd15-4c49-8621-321adcd41e7e req-860fa230-cd15-4c49-8621-321adcd41e7e ] Request (InstanceActionsTestJSON:tearDownClass): 204 DELETE http://10.180.1.21/identity/v3/users/d37a67fda3dd45df908021a097beca2d 0.085s
2025-01-13 20:25:18.586 67774 INFO tempest.lib.common.dynamic_creds [-] Deleting project and security group for project: 53285621ae5f43d48918095317d9fe17
2025-01-13 20:25:18.623 67746 INFO tempest.lib.common.rest_client [req-7f0785da-4e2f-4ff3-8f6f-5d205782b8ff req-7f0785da-4e2f-4ff3-8f6f-5d205782b8ff ] Request (ServersWithSpecificFlavorTestJSON:test_verify_created_server_ephemeral_disk): 200 GET http://10.180.1.21/compute/v2.1/servers/564b2923-b7c8-4d52-afe5-5ecef15edd1f 0.168s
2025-01-13 20:25:18.645 67752 INFO tempest.lib.common.rest_client [req-c5e9c9d1-758c-4f7a-8a20-8c774a6d76a9 req-c5e9c9d1-758c-4f7a-8a20-8c774a6d76a9 ] Request (ServerShowV254Test:test_rebuild_server): 200 GET http://10.180.1.21/compute/v2.1/servers/ce97c764-fd8a-460c-a642-646822ddefdb 0.213s
2025-01-13 20:25:18.656 67774 INFO tempest.lib.common.rest_client [req-59a333b8-4331-4645-b231-96690940121a req-59a333b8-4331-4645-b231-96690940121a ] Request (InstanceActionsTestJSON:tearDownClass): 200 GET http://10.180.1.21:9696/networking/v2.0/security-groups?tenant_id=53285621ae5f43d48918095317d9fe17&name=default 0.070s
2025-01-13 20:25:18.659 67734 INFO tempest.lib.common.rest_client [req-3db9d088-3d1b-4b32-85a7-6fba34d300c8 req-3db9d088-3d1b-4b32-85a7-6fba34d300c8 ] Request (ListImageFiltersTestJSON:setUpClass): 200 GET http://10.180.1.21/compute/v2.1/images/4b441742-3057-4378-8642-67e0ac066931 0.178s
2025-01-13 20:25:18.660 67768 INFO tempest.lib.common.rest_client [req-d2ffe3b5-c6ca-4ae5-9371-1586b117de02 req-d2ffe3b5-c6ca-4ae5-9371-1586b117de02 ] Request (SecurityGroupsTestJSON:setUpClass): 201 POST http://10.180.1.21:9696/networking/v2.0/subnets 0.298s
2025-01-13 20:25:18.709 67732 INFO tempest.lib.common.rest_client [req-054d6188-9460-43ef-9d0d-a364b1bcd896 req-054d6188-9460-43ef-9d0d-a364b1bcd896 ] Request (ServerDiagnosticsV248Test:test_get_server_diagnostics): 200 GET http://10.180.1.21/compute/v2.1/servers/d26669e1-9612-490c-b4a6-ba83d2ced264 0.201s
2025-01-13 20:25:18.781 67778 INFO tempest.lib.common.rest_client [req-1d73824e-9cd5-4a1c-be6b-4a2b874efbad req-1d73824e-9cd5-4a1c-be6b-4a2b874efbad ] Request (ServersAdminTestJSON:test_create_server_with_scheduling_hint): 200 GET http://10.180.1.21/compute/v2.1/servers/e61f6f45-c55e-464e-81bc-e9fa13c8f041 0.225s
2025-01-13 20:25:18.795 67774 INFO tempest.lib.common.rest_client [req-e4006dc3-0b7b-4fa2-b2b2-3e208047a098 req-e4006dc3-0b7b-4fa2-b2b2-3e208047a098 ] Request (InstanceActionsTestJSON:tearDownClass): 204 DELETE http://10.180.1.21:9696/networking/v2.0/security-groups/06d33eef-4fa8-4e7b-9d4c-983cac797689 0.138s
2025-01-13 20:25:18.803 67722 INFO tempest.lib.common.rest_client [req-ba2b1e32-5bf3-4a7b-8404-ea2339501894 req-ba2b1e32-5bf3-4a7b-8404-ea2339501894 ] Request (ListServerFiltersTestJSON:setUpClass): 200 GET http://10.180.1.21/compute/v2.1/servers/f7ba5882-e1c8-48ae-ba83-f893e1eade3d 0.288s
2025-01-13 20:25:18.857 67728 INFO tempest.lib.common.rest_client [req-83720960-dbbd-4cd5-bc07-8e0d50de29a8 req-83720960-dbbd-4cd5-bc07-8e0d50de29a8 ] Request (ServerRescueTestJSONUnderV235:setUpClass): 200 GET http://10.180.1.21/compute/v2.1/servers/d3d2f2e2-b8f2-4732-afaa-ed51e5df375a 0.286s
2025-01-13 20:25:18.867 67757 INFO tempest.lib.common.rest_client [req-e789c885-fc1c-4b06-8447-45ec700a9f6e req-e789c885-fc1c-4b06-8447-45ec700a9f6e ] Request (ServerGroupTestJSON:test_create_server_with_scheduler_hint_group): 200 GET http://10.180.1.21/compute/v2.1/servers/a7c17bc5-408d-4988-a687-2f6ed51ac088 0.238s
2025-01-13 20:25:18.879 67757 INFO tempest.common.waiters [-] State transition "BUILD/scheduling" ==> "BUILD/None" after 28 second wait
2025-01-13 20:25:18.930 67740 INFO tempest.lib.common.rest_client [req-6e250042-50b6-463f-b093-07ad9630d2b6 req-6e250042-50b6-463f-b093-07ad9630d2b6 ] Request (ServersAdmin275Test:_run_cleanups): 200 GET http://10.180.1.21/compute/v2.1/servers/fca5ff75-8391-43dd-92a1-53c52bb797c4 0.276s
2025-01-13 20:25:18.930 67726 INFO tempest.lib.common.rest_client [req-7df0f63a-f5d8-4456-bab7-a611a29159b2 req-7df0f63a-f5d8-4456-bab7-a611a29159b2 ] Request (ImagesTestJSON:test_create_image_from_suspended_server): 200 GET http://10.180.1.21/compute/v2.1/servers/de05e8bf-6af1-41bb-bd0b-43a77c259c98 0.222s
2025-01-13 20:25:18.946 67774 INFO tempest.lib.common.rest_client [req-0c1b4530-79a5-45bf-9af9-ac0b8a1c17c3 req-0c1b4530-79a5-45bf-9af9-ac0b8a1c17c3 ] Request (InstanceActionsTestJSON:tearDownClass): 204 DELETE http://10.180.1.21/identity/v3/projects/53285621ae5f43d48918095317d9fe17 0.151s
2025-01-13 20:25:18.956 67754 INFO tempest.lib.common.rest_client [req-61362329-ee5f-4e60-8946-611feaf76610 req-61362329-ee5f-4e60-8946-611feaf76610 ] Request (ServersTestMultiNic:test_verify_multiple_nics_order): 201 POST http://10.180.1.21:9696/networking/v2.0/subnets 0.487s
2025-01-13 20:25:18.995 67742 INFO tempest.lib.common.rest_client [req-aeabec5a-b91d-4ab5-aef9-15b0f6b36bbb req-aeabec5a-b91d-4ab5-aef9-15b0f6b36bbb ] Request (ServerDiskConfigTestJSON:test_rebuild_server_with_auto_disk_config): 200 GET http://10.180.1.21/compute/v2.1/servers/d4b63ceb-c8ec-47bf-9853-1c522e1da467 0.211s
2025-01-13 20:25:19.006 67718 INFO tempest.lib.common.rest_client [req-e3f34243-36d0-480a-b82c-ad78e7eb66e5 req-e3f34243-36d0-480a-b82c-ad78e7eb66e5 ] Request (TenantUsagesTestJSON:tearDownClass): 200 GET http://10.180.1.21/compute/v2.1/servers/c1116fcf-1515-4b16-80f1-8f5be6f7b13d 0.282s
2025-01-13 20:25:19.041 67774 INFO tempest.lib.common.rest_client [req-8d8b011a-73f0-440f-b87f-508532852e37 req-8d8b011a-73f0-440f-b87f-508532852e37 ] Request (ServersNegativeTestMultiTenantJSON:setUpClass): 201 POST http://10.180.1.21/identity/v3/auth/tokens 0.092s
2025-01-13 20:25:19.082 67744 INFO tempest.lib.common.rest_client [req-e28abd6c-8050-490b-8847-cb991eab3eb4 req-e28abd6c-8050-490b-8847-cb991eab3eb4 ] Request (ServerExternalEventsTest:test_create_server_external_events): 200 GET http://10.180.1.21/compute/v2.1/servers/eec857ae-b3cc-4b5e-a1f0-8914faa151d1 0.275s
2025-01-13 20:25:19.085 67774 INFO tempest.lib.common.rest_client [req-ab41a26d-594f-4366-a25b-b37a290f6a39 req-ab41a26d-594f-4366-a25b-b37a290f6a39 ] Request (ServersNegativeTestMultiTenantJSON:setUpClass): 201 POST http://10.180.1.21/identity/v3/auth/tokens 0.042s
2025-01-13 20:25:19.110 67754 INFO tempest.lib.common.rest_client [req-619ff91b-c8f4-4b80-91fa-a31dfe337ee2 req-619ff91b-c8f4-4b80-91fa-a31dfe337ee2 ] Request (ServersTestMultiNic:test_verify_multiple_nics_order): 201 POST http://10.180.1.21:9696/networking/v2.0/networks 0.154s
2025-01-13 20:25:19.122 67774 INFO tempest.lib.common.rest_client [req-5a00ce7f-cfc4-4859-a4c6-2fbc4c32455b req-5a00ce7f-cfc4-4859-a4c6-2fbc4c32455b ] Request (ServersNegativeTestMultiTenantJSON:setUpClass): 200 GET http://10.180.1.21/identity/v3/domains?name=Default 0.037s
2025-01-13 20:25:19.157 67774 INFO tempest.lib.common.rest_client [req-42f6ff92-2d7e-4ae2-9496-c480b592bec0 req-42f6ff92-2d7e-4ae2-9496-c480b592bec0 ] Request (ServersNegativeTestMultiTenantJSON:setUpClass): 201 POST http://10.180.1.21/identity/v3/projects 0.034s
2025-01-13 20:25:19.157 67722 INFO tempest.lib.common.rest_client [req-d5a7b179-7120-488e-a90c-17ccfda7f41b req-d5a7b179-7120-488e-a90c-17ccfda7f41b ] Request (ListServerFiltersTestJSON:setUpClass): 200 GET http://10.180.1.21/compute/v2.1/servers/45270ec5-a7d3-47de-b5cb-9fa320ac2250 0.344s
2025-01-13 20:25:19.160 67724 INFO tempest.lib.common.rest_client [req-19fc450e-8c8a-46ff-86d6-4821cfe67e5e req-19fc450e-8c8a-46ff-86d6-4821cfe67e5e ] Request (ServerDiagnosticsTest:test_get_server_diagnostics): 200 GET http://10.180.1.21/compute/v2.1/servers/445d93af-e9fb-4a04-b4bd-2cc1e7548f88 0.298s
2025-01-13 20:25:19.241 67774 INFO tempest.lib.common.rest_client [req-3f86a155-08cf-46b4-a8a4-f0b0d2099066 req-3f86a155-08cf-46b4-a8a4-f0b0d2099066 ] Request (ServersNegativeTestMultiTenantJSON:setUpClass): 201 POST http://10.180.1.21/identity/v3/users 0.084s
2025-01-13 20:25:19.276 67774 INFO tempest.lib.common.rest_client [req-0ca79590-8505-4d61-b963-9f8d4a197ac1 req-0ca79590-8505-4d61-b963-9f8d4a197ac1 ] Request (ServersNegativeTestMultiTenantJSON:setUpClass): 200 GET http://10.180.1.21/identity/v3/roles 0.034s
2025-01-13 20:25:19.364 67774 INFO tempest.lib.common.rest_client [req-84e1b0a9-9f49-4327-b89d-a02dae36d068 req-84e1b0a9-9f49-4327-b89d-a02dae36d068 ] Request (ServersNegativeTestMultiTenantJSON:setUpClass): 204 PUT http://10.180.1.21/identity/v3/projects/af273710025840b6b6b9ece5c00ee13e/users/8c21da2057454bc7804f0675acd3fdd9/roles/12fc8c197a3243de9b698f74a76b8e2c 0.087s
2025-01-13 20:25:19.364 67774 INFO tempest.lib.common.dynamic_creds [-] Dynamic test user 8c21da2057454bc7804f0675acd3fdd9 is created with scope project and roles: ['member']
2025-01-13 20:25:19.365 67774 INFO tempest.lib.common.dynamic_creds [-] Acquired dynamic creds: credentials: Credentials: {'domain_id': 'default', 'domain_name': 'Default', 'username': 'tempest-ServersNegativeTestMultiTenantJSON-956550586-project-member', 'project_domain_id': 'default', 'project_domain_name': 'Default', 'project_id': 'af273710025840b6b6b9ece5c00ee13e', 'project_name': 'tempest-ServersNegativeTestMultiTenantJSON-956550586', 'tenant_id': 'af273710025840b6b6b9ece5c00ee13e', 'tenant_name': 'tempest-ServersNegativeTestMultiTenantJSON-956550586', 'user_domain_id': 'default', 'user_domain_name': 'Default', 'user_id': '8c21da2057454bc7804f0675acd3fdd9', 'system': None}, Network: None, Subnet: None, Router: None
2025-01-13 20:25:19.379 67716 INFO tempest.lib.common.rest_client [req-0b8420e5-dbea-4d79-99dc-a332c129111e req-0b8420e5-dbea-4d79-99dc-a332c129111e ] Request (FloatingIPsAssociationTestJSON:test_associate_already_associated_floating_ip): 200 GET http://10.180.1.21/compute/v2.1/servers/7c037c97-6be9-4a20-90fe-621334a13535 0.157s
2025-01-13 20:25:19.406 67754 INFO tempest.lib.common.rest_client [req-3488ce8f-56f1-4991-b078-ad814e088aa0 req-3488ce8f-56f1-4991-b078-ad814e088aa0 ] Request (ServersTestMultiNic:test_verify_multiple_nics_order): 201 POST http://10.180.1.21:9696/networking/v2.0/subnets 0.295s
2025-01-13 20:25:19.440 67730 INFO tempest.lib.common.rest_client [req-34ae3b69-7dd9-40d8-a529-2012ef922e99 req-34ae3b69-7dd9-40d8-a529-2012ef922e99 ] Request (ServersTestFqdnHostnames:test_create_server_with_fqdn_name): 200 GET http://10.180.1.21/compute/v2.1/servers/ecdbb9ab-859b-4989-b6c3-e8f2e26301de 0.160s
2025-01-13 20:25:19.445 67774 INFO tempest.lib.common.rest_client [req-5ad0af39-d3e1-4a1b-932e-d4b5c38bbbdc req-5ad0af39-d3e1-4a1b-932e-d4b5c38bbbdc ] Request (ServersNegativeTestMultiTenantJSON:setUpClass): 201 POST http://10.180.1.21/identity/v3/auth/tokens 0.079s
2025-01-13 20:25:19.474 67722 INFO tempest.lib.common.rest_client [req-71bf3a89-cdb0-4d26-a55c-562a53b33e0f req-71bf3a89-cdb0-4d26-a55c-562a53b33e0f ] Request (ListServerFiltersTestJSON:test_list_servers_detailed_filter_by_flavor): 200 GET http://10.180.1.21/compute/v2.1/servers/detail?flavor=84 0.309s
2025-01-13 20:25:19.477 67754 INFO tempest.lib.common.rest_client [req-905aa0c9-149b-4501-9c24-1aa4240aa7a0 req-905aa0c9-149b-4501-9c24-1aa4240aa7a0 ] Request (ServersTestMultiNic:test_verify_multiple_nics_order): 201 POST http://10.180.1.21/identity/v3/auth/tokens 0.066s
2025-01-13 20:25:19.478 67754 INFO tempest.lib.common.fixed_network [-] (ServersTestMultiNic:test_verify_multiple_nics_order) Found network {'id': '2b284df9-e4ce-4940-8dd8-8901bef81c1b', 'name': 'tempest-ServersTestMultiNic-309718528-network', 'tenant_id': '5fc5fab26fa54a42b792819ec79714af', 'admin_state_up': True, 'mtu': 8950, 'status': 'ACTIVE', 'subnets': [], 'shared': False, 'project_id': '5fc5fab26fa54a42b792819ec79714af', 'port_security_enabled': True, 'router:external': False, 'provider:network_type': 'vlan', 'provider:physical_network': 'default', 'provider:segmentation_id': 850, 'availability_zone_hints': [], 'availability_zones': [], 'ipv4_address_scope': None, 'ipv6_address_scope': None, 'description': '', 'tags': [], 'created_at': '2025-01-13T20:23:57Z', 'updated_at': '2025-01-13T20:23:57Z', 'revision_number': 1} available for tenant
2025-01-13 20:25:19.498 67772 INFO tempest.lib.common.rest_client [req-2ae6fd05-8a1d-4bad-86e4-941db9246deb req-2ae6fd05-8a1d-4bad-86e4-941db9246deb ] Request (AttachInterfacesTestJSON:test_create_list_show_delete_interfaces_by_fixed_ip): 200 GET http://10.180.1.21/compute/v2.1/servers/3b730f3f-9462-4279-9ffa-d6e5052d8bb4 0.217s
2025-01-13 20:25:19.542 67750 INFO tempest.lib.common.rest_client [req-502ac260-efd9-45be-b227-d8441abc9a5d req-502ac260-efd9-45be-b227-d8441abc9a5d ] Request (MigrationsAdminTest:test_resize_server_revert_deleted_flavor): 200 GET http://10.180.1.21/compute/v2.1/servers/c6163c18-0074-4336-aeda-272f9da51db0 0.211s
2025-01-13 20:25:19.573 67738 INFO tempest.lib.common.rest_client [req-69fa907c-e21d-4349-8a74-a60eac161ca3 req-69fa907c-e21d-4349-8a74-a60eac161ca3 ] Request (ServerShowV257Test:tearDownClass): 200 GET http://10.180.1.21/compute/v2.1/servers/c6b3de20-554d-4867-96f6-92c05697049b 0.175s
2025-01-13 20:25:19.599 67720 INFO tempest.lib.common.rest_client [req-d7b4b3e2-6f43-4080-b091-65854fea1d47 req-d7b4b3e2-6f43-4080-b091-65854fea1d47 ] Request (DeleteServersAdminTestJSON:test_delete_server_while_in_error_state): 200 GET http://10.180.1.21/compute/v2.1/servers/57428019-183e-4cf1-a0c4-748d3d34307d 0.144s
2025-01-13 20:25:19.719 67768 INFO tempest.lib.common.rest_client [req-0233f905-2220-4810-9936-9847e7b45aca req-0233f905-2220-4810-9936-9847e7b45aca ] Request (SecurityGroupsTestJSON:setUpClass): 201 POST http://10.180.1.21:9696/networking/v2.0/routers 1.059s
2025-01-13 20:25:19.770 67774 INFO tempest.lib.common.rest_client [req-43e33d78-0ff4-4b5e-b826-d1c09ebc9090 req-43e33d78-0ff4-4b5e-b826-d1c09ebc9090 ] Request (ServersNegativeTestMultiTenantJSON:setUpClass): 201 POST http://10.180.1.21:9696/networking/v2.0/networks 0.324s
2025-01-13 20:25:19.950 67722 INFO tempest.lib.common.rest_client [req-2baab5d7-04fd-45d0-9c73-aa48fcbd5ecc req-2baab5d7-04fd-45d0-9c73-aa48fcbd5ecc ] Request (ListServerFiltersTestJSON:test_list_servers_detailed_filter_by_server_name): 200 GET http://10.180.1.21/compute/v2.1/servers/detail?name=tempest-ListServerFiltersTestJSON-instance-1151778550 0.462s
2025-01-13 20:25:20.036 67748 INFO tempest.lib.common.rest_client [req-92d1ce97-95fd-46d0-9e84-2315dc1faed7 req-92d1ce97-95fd-46d0-9e84-2315dc1faed7 ] Request (DeleteServersTestJSON:test_delete_active_server): 200 GET http://10.180.1.21/compute/v2.1/servers/0c89a295-fc69-45db-8a49-efa31e3a9cf8 0.513s
2025-01-13 20:25:20.044 67754 INFO tempest.lib.common.rest_client [req-162b4e08-239c-4fd5-80bc-dce741b43a11 req-162b4e08-239c-4fd5-80bc-dce741b43a11 ] Request (ServersTestMultiNic:test_verify_multiple_nics_order): 202 POST http://10.180.1.21/compute/v2.1/servers 0.565s
2025-01-13 20:25:20.080 67736 INFO tempest.lib.common.rest_client [req-317093aa-b9b7-4366-85eb-0126c40fb0d8 req-317093aa-b9b7-4366-85eb-0126c40fb0d8 ] Request (ImagesOneServerTestJSON:test_create_image_specify_multibyte_character_image_name): 200 GET http://10.180.1.21/compute/v2.1/images/e3c3926a-bae8-4482-a164-09ff8188ec6f 0.519s
2025-01-13 20:25:20.105 67766 INFO tempest.lib.common.rest_client [req-5ae1a8af-8d7d-435a-91c1-c1120773e47c req-5ae1a8af-8d7d-435a-91c1-c1120773e47c ] Request (ImagesOneServerNegativeTestJSON:setUpClass): 200 GET http://10.180.1.21/compute/v2.1/servers/25720ae4-eecd-43cb-a7c3-3765565e4218 0.523s
2025-01-13 20:25:20.147 67774 INFO tempest.lib.common.rest_client [req-71946aef-1247-481e-a1cb-106d7d690d34 req-71946aef-1247-481e-a1cb-106d7d690d34 ] Request (ServersNegativeTestMultiTenantJSON:setUpClass): 201 POST http://10.180.1.21:9696/networking/v2.0/subnets 0.376s
2025-01-13 20:25:20.148 67746 INFO tempest.lib.common.rest_client [req-136aafaa-43cd-4182-a5a8-8f5d7da5f000 req-136aafaa-43cd-4182-a5a8-8f5d7da5f000 ] Request (ServersWithSpecificFlavorTestJSON:test_verify_created_server_ephemeral_disk): 200 GET http://10.180.1.21/compute/v2.1/servers/564b2923-b7c8-4d52-afe5-5ecef15edd1f 0.513s
2025-01-13 20:25:20.183 67734 INFO tempest.lib.common.rest_client [req-8f43c477-cc21-4f79-9a61-acde70c8fc31 req-8f43c477-cc21-4f79-9a61-acde70c8fc31 ] Request (ListImageFiltersTestJSON:setUpClass): 200 GET http://10.180.1.21/compute/v2.1/images/4b441742-3057-4378-8642-67e0ac066931 0.520s
2025-01-13 20:25:20.188 67752 INFO tempest.lib.common.rest_client [req-feead87d-ff6e-498b-9c00-89fb598ba49a req-feead87d-ff6e-498b-9c00-89fb598ba49a ] Request (ServerShowV254Test:test_rebuild_server): 200 GET http://10.180.1.21/compute/v2.1/servers/ce97c764-fd8a-460c-a642-646822ddefdb 0.531s
2025-01-13 20:25:20.198 67752 INFO tempest.common.waiters [-] State transition "BUILD/None" ==> "BUILD/networking" after 45 second wait
2025-01-13 20:25:20.251 67732 INFO tempest.lib.common.rest_client [req-371191e5-c778-4642-9185-9fb62ea9965b req-371191e5-c778-4642-9185-9fb62ea9965b ] Request (ServerDiagnosticsV248Test:test_get_server_diagnostics): 200 GET http://10.180.1.21/compute/v2.1/servers/d26669e1-9612-490c-b4a6-ba83d2ced264 0.529s
2025-01-13 20:25:20.257 67778 INFO tempest.lib.common.rest_client [req-34bd9602-e484-4b6c-b982-916fbbec352a req-34bd9602-e484-4b6c-b982-916fbbec352a ] Request (ServersAdminTestJSON:test_create_server_with_scheduling_hint): 200 GET http://10.180.1.21/compute/v2.1/servers/e61f6f45-c55e-464e-81bc-e9fa13c8f041 0.466s
2025-01-13 20:25:20.304 67728 INFO tempest.lib.common.rest_client [req-6249e585-e007-425a-a5ef-6efba13876e4 req-6249e585-e007-425a-a5ef-6efba13876e4 ] Request (ServerRescueTestJSONUnderV235:setUpClass): 200 GET http://10.180.1.21/compute/v2.1/servers/d3d2f2e2-b8f2-4732-afaa-ed51e5df375a 0.438s
2025-01-13 20:25:20.317 67757 INFO tempest.lib.common.rest_client [req-d9dfab4b-72ab-4fc0-920c-a3546b6a0b27 req-d9dfab4b-72ab-4fc0-920c-a3546b6a0b27 ] Request (ServerGroupTestJSON:test_create_server_with_scheduler_hint_group): 200 GET http://10.180.1.21/compute/v2.1/servers/a7c17bc5-408d-4988-a687-2f6ed51ac088 0.437s
2025-01-13 20:25:20.382 67740 INFO tempest.lib.common.rest_client [req-4896b85a-228b-42e3-ba3c-6b9ad74762fe req-4896b85a-228b-42e3-ba3c-6b9ad74762fe ] Request (ServersAdmin275Test:_run_cleanups): 200 GET http://10.180.1.21/compute/v2.1/servers/fca5ff75-8391-43dd-92a1-53c52bb797c4 0.441s
2025-01-13 20:25:20.397 67740 INFO tempest.common.waiters [-] State transition "REBUILD/rebuild_spawning" ==> "ACTIVE/None" after 12 second wait
2025-01-13 20:25:20.406 67726 INFO tempest.lib.common.rest_client [req-9ec1ae59-05e4-445a-bac8-abbffd297468 req-9ec1ae59-05e4-445a-bac8-abbffd297468 ] Request (ImagesTestJSON:test_create_image_from_suspended_server): 200 GET http://10.180.1.21/compute/v2.1/servers/de05e8bf-6af1-41bb-bd0b-43a77c259c98 0.464s
2025-01-13 20:25:20.500 67742 INFO tempest.lib.common.rest_client [req-12b018f1-9fef-4c2a-ba28-fdf2b2bf8b3c req-12b018f1-9fef-4c2a-ba28-fdf2b2bf8b3c ] Request (ServerDiskConfigTestJSON:test_rebuild_server_with_auto_disk_config): 200 GET http://10.180.1.21/compute/v2.1/servers/d4b63ceb-c8ec-47bf-9853-1c522e1da467 0.495s
2025-01-13 20:25:20.567 67718 INFO tempest.lib.common.rest_client [req-b3c48fd5-b8d5-4572-a015-7efe97095bbf req-b3c48fd5-b8d5-4572-a015-7efe97095bbf ] Request (TenantUsagesTestJSON:tearDownClass): 200 GET http://10.180.1.21/compute/v2.1/servers/c1116fcf-1515-4b16-80f1-8f5be6f7b13d 0.548s
2025-01-13 20:25:20.621 67754 INFO tempest.lib.common.rest_client [req-8ce20ec7-6948-4d57-bb67-f225d7450eff req-8ce20ec7-6948-4d57-bb67-f225d7450eff ] Request (ServersTestMultiNic:test_verify_multiple_nics_order): 200 GET http://10.180.1.21/compute/v2.1/servers/5629531e-003a-4ae4-ba3e-aca40f9088f3 0.575s
2025-01-13 20:25:20.679 67744 INFO tempest.lib.common.rest_client [req-77745ff2-5923-47b4-8b69-7a9528b2acc0 req-77745ff2-5923-47b4-8b69-7a9528b2acc0 ] Request (ServerExternalEventsTest:test_create_server_external_events): 200 GET http://10.180.1.21/compute/v2.1/servers/eec857ae-b3cc-4b5e-a1f0-8914faa151d1 0.586s
2025-01-13 20:25:20.741 67724 INFO tempest.lib.common.rest_client [req-5ed7aa9c-e307-46dd-8191-d623892529a0 req-5ed7aa9c-e307-46dd-8191-d623892529a0 ] Request (ServerDiagnosticsTest:test_get_server_diagnostics): 200 GET http://10.180.1.21/compute/v2.1/servers/445d93af-e9fb-4a04-b4bd-2cc1e7548f88 0.572s
2025-01-13 20:25:20.773 67734 INFO tempest.lib.common.rest_client [req-f1289ffa-e3de-4593-aee9-a4fe82c922e1 req-f1289ffa-e3de-4593-aee9-a4fe82c922e1 ] Request (ListImageFiltersTestJSON:setUpClass): 200 GET http://10.180.1.21/compute/v2.1/images/4b441742-3057-4378-8642-67e0ac066931 0.583s
2025-01-13 20:25:20.814 67722 INFO tempest.lib.common.rest_client [req-ccd14b03-6acc-4724-8301-912fb6b0cf0f req-ccd14b03-6acc-4724-8301-912fb6b0cf0f ] Request (ListServerFiltersTestJSON:test_list_servers_detailed_filter_by_server_status): 200 GET http://10.180.1.21/compute/v2.1/servers/detail?status=active 0.854s
2025-01-13 20:25:20.935 67740 INFO tempest.lib.common.rest_client [req-474d67b1-5445-44d2-aab7-f46751fbfefa req-474d67b1-5445-44d2-aab7-f46751fbfefa ] Request (ServersAdmin275Test:tearDownClass): 204 DELETE http://10.180.1.21/compute/v2.1/servers/fca5ff75-8391-43dd-92a1-53c52bb797c4 0.534s
2025-01-13 20:25:20.993 67730 INFO tempest.lib.common.rest_client [req-25d39199-aba1-4b65-95d9-87da18647cf9 req-25d39199-aba1-4b65-95d9-87da18647cf9 ] Request (ServersTestFqdnHostnames:test_create_server_with_fqdn_name): 200 GET http://10.180.1.21/compute/v2.1/servers/ecdbb9ab-859b-4989-b6c3-e8f2e26301de 0.546s
2025-01-13 20:25:21.045 67772 INFO tempest.lib.common.rest_client [req-9f74058a-9632-494f-8617-fff453f53c8c req-9f74058a-9632-494f-8617-fff453f53c8c ] Request (AttachInterfacesTestJSON:test_create_list_show_delete_interfaces_by_fixed_ip): 200 GET http://10.180.1.21/compute/v2.1/servers/3b730f3f-9462-4279-9ffa-d6e5052d8bb4 0.535s
2025-01-13 20:25:21.100 67750 INFO tempest.lib.common.rest_client [req-90a14652-65ab-4fc5-b9a8-bd02b19ddd94 req-90a14652-65ab-4fc5-b9a8-bd02b19ddd94 ] Request (MigrationsAdminTest:test_resize_server_revert_deleted_flavor): 200 GET http://10.180.1.21/compute/v2.1/servers/c6163c18-0074-4336-aeda-272f9da51db0 0.547s
2025-01-13 20:25:21.151 67716 INFO tempest.lib.common.rest_client [req-995a2c59-d369-4d29-b8b5-e6500641dff4 req-995a2c59-d369-4d29-b8b5-e6500641dff4 ] Request (FloatingIPsAssociationTestJSON:test_associate_already_associated_floating_ip): 200 GET http://10.180.1.21/compute/v2.1/servers/7c037c97-6be9-4a20-90fe-621334a13535 0.757s
2025-01-13 20:25:21.161 67738 INFO tempest.lib.common.rest_client [req-8771d106-2438-4d77-9524-bd833d40f1b4 req-8771d106-2438-4d77-9524-bd833d40f1b4 ] Request (ServerShowV257Test:tearDownClass): 200 GET http://10.180.1.21/compute/v2.1/servers/c6b3de20-554d-4867-96f6-92c05697049b 0.572s
2025-01-13 20:25:21.230 67720 INFO tempest.lib.common.rest_client [req-e7aa26f4-1543-4bd3-aeab-a45db9fc9413 req-e7aa26f4-1543-4bd3-aeab-a45db9fc9413 ] Request (DeleteServersAdminTestJSON:test_delete_server_while_in_error_state): 200 GET http://10.180.1.21/compute/v2.1/servers/57428019-183e-4cf1-a0c4-748d3d34307d 0.621s
2025-01-13 20:25:21.273 67774 INFO tempest.lib.common.rest_client [req-aeb8652f-5d07-4fb7-8082-1e065789ed23 req-aeb8652f-5d07-4fb7-8082-1e065789ed23 ] Request (ServersNegativeTestMultiTenantJSON:setUpClass): 201 POST http://10.180.1.21:9696/networking/v2.0/routers 1.125s
2025-01-13 20:25:21.286 67768 INFO tempest.lib.common.rest_client [req-77c9f223-626e-4f4e-9bce-a652c6d987c2 req-77c9f223-626e-4f4e-9bce-a652c6d987c2 ] Request (SecurityGroupsTestJSON:setUpClass): 200 PUT http://10.180.1.21:9696/networking/v2.0/routers/119f0810-8e5d-43c2-9c38-c75a723716cb/add_router_interface 1.566s
2025-01-13 20:25:21.287 67768 INFO tempest.lib.common.dynamic_creds [-] Created isolated network resources for: credentials: Credentials: {'domain_id': 'default', 'domain_name': 'Default', 'username': 'tempest-SecurityGroupsTestJSON-1515161421-project-member', 'project_domain_id': 'default', 'project_domain_name': 'Default', 'project_id': '35c6ad13d4704d9697178185f45ca890', 'project_name': 'tempest-SecurityGroupsTestJSON-1515161421', 'tenant_id': '35c6ad13d4704d9697178185f45ca890', 'tenant_name': 'tempest-SecurityGroupsTestJSON-1515161421', 'user_domain_id': 'default', 'user_domain_name': 'Default', 'user_id': '78cf51febeeb46c887e334f45c19b331', 'system': None}, Network: {'id': '868c60cc-fc06-43f0-b92a-0a7c03bd0601', 'name': 'tempest-SecurityGroupsTestJSON-634441825-network', 'tenant_id': '35c6ad13d4704d9697178185f45ca890', 'admin_state_up': True, 'mtu': 8950, 'status': 'ACTIVE', 'subnets': [], 'shared': False, 'project_id': '35c6ad13d4704d9697178185f45ca890', 'port_security_enabled': True, 'router:external': False, 'provider:network_type': 'vlan', 'provider:physical_network': 'default', 'provider:segmentation_id': 479, 'availability_zone_hints': [], 'availability_zones': [], 'ipv4_address_scope': None, 'ipv6_address_scope': None, 'description': '', 'tags': [], 'created_at': '2025-01-13T20:25:18Z', 'updated_at': '2025-01-13T20:25:18Z', 'revision_number': 1}, Subnet: {'id': '8071a8e6-30e8-49d9-83c8-4d2da3968e7e', 'name': 'tempest-SecurityGroupsTestJSON-634441825-subnet', 'tenant_id': '35c6ad13d4704d9697178185f45ca890', 'network_id': '868c60cc-fc06-43f0-b92a-0a7c03bd0601', 'ip_version': 4, 'subnetpool_id': None, 'enable_dhcp': True, 'ipv6_ra_mode': None, 'ipv6_address_mode': None, 'gateway_ip': '192.168.128.1', 'cidr': '192.168.128.0/28', 'allocation_pools': [{'start': '192.168.128.2', 'end': '192.168.128.14'}], 'host_routes': [], 'dns_nameservers': [], 'description': '', 'router:external': False, 'service_types': [], 'tags': [], 'created_at': '2025-01-13T20:25:18Z', 'updated_at': '2025-01-13T20:25:18Z', 'revision_number': 0, 'project_id': '35c6ad13d4704d9697178185f45ca890'}, Router: {'id': '119f0810-8e5d-43c2-9c38-c75a723716cb', 'name': 'tempest-SecurityGroupsTestJSON-634441825-router', 'tenant_id': '35c6ad13d4704d9697178185f45ca890', 'admin_state_up': True, 'status': 'ACTIVE', 'external_gateway_info': {'network_id': '51a73d1b-d331-4c69-aa8c-962a572e92eb', 'external_fixed_ips': [{'subnet_id': 'ebacd113-3470-43fd-9ca8-5a2970cf9ef2', 'ip_address': '10.180.180.140'}], 'enable_snat': True}, 'description': '', 'availability_zones': [], 'distributed': False, 'ha': False, 'availability_zone_hints': [], 'routes': [], 'flavor_id': None, 'tags': [], 'created_at': '2025-01-13T20:25:18Z', 'updated_at': '2025-01-13T20:25:19Z', 'revision_number': 2, 'project_id': '35c6ad13d4704d9697178185f45ca890'}
2025-01-13 20:25:21.329 67734 INFO tempest.lib.common.rest_client [req-afadd8c9-b62d-41b1-9d24-8a65804d68ec req-afadd8c9-b62d-41b1-9d24-8a65804d68ec ] Request (ListImageFiltersTestJSON:setUpClass): 200 GET http://10.180.1.21/compute/v2.1/servers/7fb2a096-9da6-4501-9682-bcce594b4c9f 0.552s
2025-01-13 20:25:21.391 67768 INFO tempest.lib.common.rest_client [req-048c83d6-cfed-4efd-b5f0-e56216175371 req-048c83d6-cfed-4efd-b5f0-e56216175371 ] Request (SecurityGroupsTestJSON:setUpClass): 201 POST http://10.180.1.21/identity/v3/auth/tokens 0.100s
2025-01-13 20:25:21.405 67770 WARNING tempest.lib.common.ssh [-] Failed to establish authenticated ssh connection to cirros@10.180.180.236 ([Errno None] Unable to connect to port 22 on 10.180.180.236). Number attempts: 6. Retry after 7 seconds.: paramiko.ssh_exception.NoValidConnectionsError: [Errno None] Unable to connect to port 22 on 10.180.180.236
2025-01-13 20:25:21.405 67740 INFO tempest.lib.common.rest_client [req-f53451e5-2766-445d-a65e-f7003bbe584e req-f53451e5-2766-445d-a65e-f7003bbe584e ] Request (ServersAdmin275Test:tearDownClass): 200 GET http://10.180.1.21/compute/v2.1/servers/fca5ff75-8391-43dd-92a1-53c52bb797c4 0.469s
2025-01-13 20:25:21.466 67748 INFO tempest.lib.common.rest_client [req-572966f4-23b0-499f-979e-2b1b5f14fc6c req-572966f4-23b0-499f-979e-2b1b5f14fc6c ] Request (DeleteServersTestJSON:test_delete_active_server): 200 GET http://10.180.1.21/compute/v2.1/servers/0c89a295-fc69-45db-8a49-efa31e3a9cf8 0.414s
2025-01-13 20:25:21.485 67722 INFO tempest.lib.common.rest_client [req-15f143bb-5127-4349-bde4-72a8042c5704 req-15f143bb-5127-4349-bde4-72a8042c5704 ] Request (ListServerFiltersTestJSON:test_list_servers_detailed_limit_results): 200 GET http://10.180.1.21/compute/v2.1/servers/detail?limit=1 0.645s
2025-01-13 20:25:21.501 67736 INFO tempest.lib.common.rest_client [req-d55361c6-d371-43cf-a268-fc928ed1c207 req-d55361c6-d371-43cf-a268-fc928ed1c207 ] Request (ImagesOneServerTestJSON:test_create_image_specify_multibyte_character_image_name): 200 GET http://10.180.1.21/compute/v2.1/images/e3c3926a-bae8-4482-a164-09ff8188ec6f 0.415s
2025-01-13 20:25:21.532 67760 WARNING tempest.lib.common.ssh [-] Failed to establish authenticated ssh connection to cirros@10.180.180.183 ([Errno None] Unable to connect to port 22 on 10.180.180.183). Number attempts: 8. Retry after 9 seconds.: paramiko.ssh_exception.NoValidConnectionsError: [Errno None] Unable to connect to port 22 on 10.180.180.183
2025-01-13 20:25:21.547 67766 INFO tempest.lib.common.rest_client [req-f696e93d-1566-4677-afb9-4cbe49488b52 req-f696e93d-1566-4677-afb9-4cbe49488b52 ] Request (ImagesOneServerNegativeTestJSON:setUpClass): 200 GET http://10.180.1.21/compute/v2.1/servers/25720ae4-eecd-43cb-a7c3-3765565e4218 0.432s
2025-01-13 20:25:21.568 67746 INFO tempest.lib.common.rest_client [req-a68d744c-46d1-4793-8e97-629c8900ad1c req-a68d744c-46d1-4793-8e97-629c8900ad1c ] Request (ServersWithSpecificFlavorTestJSON:test_verify_created_server_ephemeral_disk): 200 GET http://10.180.1.21/compute/v2.1/servers/564b2923-b7c8-4d52-afe5-5ecef15edd1f 0.412s
2025-01-13 20:25:21.622 67752 INFO tempest.lib.common.rest_client [req-9b2fc9c2-3e15-406e-9d49-bbfa531fe1ee req-9b2fc9c2-3e15-406e-9d49-bbfa531fe1ee ] Request (ServerShowV254Test:test_rebuild_server): 200 GET http://10.180.1.21/compute/v2.1/servers/ce97c764-fd8a-460c-a642-646822ddefdb 0.423s
2025-01-13 20:25:21.633 67752 INFO tempest.common.waiters [-] State transition "BUILD/networking" ==> "BUILD/spawning" after 46 second wait
2025-01-13 20:25:21.638 67732 INFO tempest.lib.common.rest_client [req-b571df53-1e13-4522-a6ec-eb4d1442399e req-b571df53-1e13-4522-a6ec-eb4d1442399e ] Request (ServerDiagnosticsV248Test:test_get_server_diagnostics): 200 GET http://10.180.1.21/compute/v2.1/servers/d26669e1-9612-490c-b4a6-ba83d2ced264 0.371s
2025-01-13 20:25:21.650 67732 INFO tempest.common.waiters [-] State transition "BUILD/spawning" ==> "ACTIVE/None" after 46 second wait
2025-01-13 20:25:21.681 67778 INFO tempest.lib.common.rest_client [req-cb18ae94-6887-45e2-be71-8f914645c968 req-cb18ae94-6887-45e2-be71-8f914645c968 ] Request (ServersAdminTestJSON:test_create_server_with_scheduling_hint): 200 GET http://10.180.1.21/compute/v2.1/servers/e61f6f45-c55e-464e-81bc-e9fa13c8f041 0.413s
2025-01-13 20:25:21.686 67728 INFO tempest.lib.common.rest_client [req-25f3f6c6-2c76-4c1f-9bbc-3d114ca8ad6f req-25f3f6c6-2c76-4c1f-9bbc-3d114ca8ad6f ] Request (ServerRescueTestJSONUnderV235:setUpClass): 200 GET http://10.180.1.21/compute/v2.1/servers/d3d2f2e2-b8f2-4732-afaa-ed51e5df375a 0.372s
2025-01-13 20:25:21.739 67757 INFO tempest.lib.common.rest_client [req-3431d0c9-94e9-49f4-9c03-195b54c9fe89 req-3431d0c9-94e9-49f4-9c03-195b54c9fe89 ] Request (ServerGroupTestJSON:test_create_server_with_scheduler_hint_group): 200 GET http://10.180.1.21/compute/v2.1/servers/a7c17bc5-408d-4988-a687-2f6ed51ac088 0.412s
2025-01-13 20:25:21.804 67726 INFO tempest.lib.common.rest_client [req-db0b54b9-4d32-45ff-ac00-2dab8a972de4 req-db0b54b9-4d32-45ff-ac00-2dab8a972de4 ] Request (ImagesTestJSON:test_create_image_from_suspended_server): 200 GET http://10.180.1.21/compute/v2.1/servers/de05e8bf-6af1-41bb-bd0b-43a77c259c98 0.388s
2025-01-13 20:25:21.942 67768 INFO tempest.lib.common.rest_client [req-54757cc7-0297-4211-bfd5-fd6eb2f08188 req-54757cc7-0297-4211-bfd5-fd6eb2f08188 ] Request (SecurityGroupsTestJSON:test_list_security_groups_by_server): 200 POST http://10.180.1.21/compute/v2.1/os-security-groups 0.549s
2025-01-13 20:25:21.942 67722 INFO tempest.lib.common.rest_client [req-8fa13c5e-efdd-4817-a222-4af83ef8431e req-8fa13c5e-efdd-4817-a222-4af83ef8431e ] Request (ListServerFiltersTestJSON:test_list_servers_filter_by_active_status): 200 GET http://10.180.1.21/compute/v2.1/servers?status=active 0.443s
2025-01-13 20:25:22.014 67742 INFO tempest.lib.common.rest_client [req-3ec6f6ac-2cfe-4edc-bec3-174b391b341f req-3ec6f6ac-2cfe-4edc-bec3-174b391b341f ] Request (ServerDiskConfigTestJSON:test_rebuild_server_with_auto_disk_config): 200 GET http://10.180.1.21/compute/v2.1/servers/d4b63ceb-c8ec-47bf-9853-1c522e1da467 0.503s
2025-01-13 20:25:22.015 67718 INFO tempest.lib.common.rest_client [req-fa7d5b1a-f918-4152-9099-5c200463c9c3 req-fa7d5b1a-f918-4152-9099-5c200463c9c3 ] Request (TenantUsagesTestJSON:tearDownClass): 200 GET http://10.180.1.21/compute/v2.1/servers/c1116fcf-1515-4b16-80f1-8f5be6f7b13d 0.435s
2025-01-13 20:25:22.088 67754 INFO tempest.lib.common.rest_client [req-d897ed67-1cfd-4eb6-b53e-63ccfa56c715 req-d897ed67-1cfd-4eb6-b53e-63ccfa56c715 ] Request (ServersTestMultiNic:test_verify_multiple_nics_order): 200 GET http://10.180.1.21/compute/v2.1/servers/5629531e-003a-4ae4-ba3e-aca40f9088f3 0.453s
2025-01-13 20:25:22.143 67744 INFO tempest.lib.common.rest_client [req-b4b8e819-7ec7-48d0-b489-68e3ba185f6b req-b4b8e819-7ec7-48d0-b489-68e3ba185f6b ] Request (ServerExternalEventsTest:test_create_server_external_events): 200 GET http://10.180.1.21/compute/v2.1/servers/eec857ae-b3cc-4b5e-a1f0-8914faa151d1 0.455s
2025-01-13 20:25:22.209 67724 INFO tempest.lib.common.rest_client [req-4d2c7a37-4191-40a5-b5c0-969f62358512 req-4d2c7a37-4191-40a5-b5c0-969f62358512 ] Request (ServerDiagnosticsTest:test_get_server_diagnostics): 200 GET http://10.180.1.21/compute/v2.1/servers/445d93af-e9fb-4a04-b4bd-2cc1e7548f88 0.458s
2025-01-13 20:25:22.301 67722 INFO tempest.lib.common.rest_client [req-d9fa6bc8-ebb8-4275-b0ff-5b39867e1b19 req-d9fa6bc8-ebb8-4275-b0ff-5b39867e1b19 ] Request (ListServerFiltersTestJSON:test_list_servers_filter_by_exceed_limit): 200 GET http://10.180.1.21/compute/v2.1/servers?limit=100000 0.355s
2025-01-13 20:25:22.305 67774 INFO tempest.lib.common.rest_client [req-e4349084-83dc-4da5-8b3a-9987b2ad44ce req-e4349084-83dc-4da5-8b3a-9987b2ad44ce ] Request (ServersNegativeTestMultiTenantJSON:setUpClass): 200 PUT http://10.180.1.21:9696/networking/v2.0/routers/1bd06a69-43bf-4c1b-99a7-afef6e19c93e/add_router_interface 1.032s
2025-01-13 20:25:22.305 67774 INFO tempest.lib.common.dynamic_creds [-] Created isolated network resources for: credentials: Credentials: {'domain_id': 'default', 'domain_name': 'Default', 'username': 'tempest-ServersNegativeTestMultiTenantJSON-956550586-project-member', 'project_domain_id': 'default', 'project_domain_name': 'Default', 'project_id': 'af273710025840b6b6b9ece5c00ee13e', 'project_name': 'tempest-ServersNegativeTestMultiTenantJSON-956550586', 'tenant_id': 'af273710025840b6b6b9ece5c00ee13e', 'tenant_name': 'tempest-ServersNegativeTestMultiTenantJSON-956550586', 'user_domain_id': 'default', 'user_domain_name': 'Default', 'user_id': '8c21da2057454bc7804f0675acd3fdd9', 'system': None}, Network: {'id': '989e2141-fde9-4f9a-bb97-ccfee98614a1', 'name': 'tempest-ServersNegativeTestMultiTenantJSON-143294252-network', 'tenant_id': 'af273710025840b6b6b9ece5c00ee13e', 'admin_state_up': True, 'mtu': 8950, 'status': 'ACTIVE', 'subnets': [], 'shared': False, 'project_id': 'af273710025840b6b6b9ece5c00ee13e', 'port_security_enabled': True, 'router:external': False, 'provider:network_type': 'vlan', 'provider:physical_network': 'default', 'provider:segmentation_id': 150, 'availability_zone_hints': [], 'availability_zones': [], 'ipv4_address_scope': None, 'ipv6_address_scope': None, 'description': '', 'tags': [], 'created_at': '2025-01-13T20:25:19Z', 'updated_at': '2025-01-13T20:25:19Z', 'revision_number': 1}, Subnet: {'id': 'e9c4cbd3-582a-41bd-97ca-cd0fc30877b7', 'name': 'tempest-ServersNegativeTestMultiTenantJSON-143294252-subnet', 'tenant_id': 'af273710025840b6b6b9ece5c00ee13e', 'network_id': '989e2141-fde9-4f9a-bb97-ccfee98614a1', 'ip_version': 4, 'subnetpool_id': None, 'enable_dhcp': True, 'ipv6_ra_mode': None, 'ipv6_address_mode': None, 'gateway_ip': '192.168.128.1', 'cidr': '192.168.128.0/28', 'allocation_pools': [{'start': '192.168.128.2', 'end': '192.168.128.14'}], 'host_routes': [], 'dns_nameservers': [], 'description': '', 'router:external': False, 'service_types': [], 'tags': [], 'created_at': '2025-01-13T20:25:19Z', 'updated_at': '2025-01-13T20:25:19Z', 'revision_number': 0, 'project_id': 'af273710025840b6b6b9ece5c00ee13e'}, Router: {'id': '1bd06a69-43bf-4c1b-99a7-afef6e19c93e', 'name': 'tempest-ServersNegativeTestMultiTenantJSON-143294252-router', 'tenant_id': 'af273710025840b6b6b9ece5c00ee13e', 'admin_state_up': True, 'status': 'ACTIVE', 'external_gateway_info': {'network_id': '51a73d1b-d331-4c69-aa8c-962a572e92eb', 'external_fixed_ips': [{'subnet_id': 'ebacd113-3470-43fd-9ca8-5a2970cf9ef2', 'ip_address': '10.180.180.187'}], 'enable_snat': True}, 'description': '', 'availability_zones': [], 'distributed': False, 'ha': False, 'availability_zone_hints': [], 'routes': [], 'flavor_id': None, 'tags': [], 'created_at': '2025-01-13T20:25:20Z', 'updated_at': '2025-01-13T20:25:20Z', 'revision_number': 2, 'project_id': 'af273710025840b6b6b9ece5c00ee13e'}
2025-01-13 20:25:22.379 67774 INFO tempest.lib.common.rest_client [req-b05064c8-4d11-4968-a1a4-b92cf36f7fd6 req-b05064c8-4d11-4968-a1a4-b92cf36f7fd6 ] Request (ServersNegativeTestMultiTenantJSON:setUpClass): 201 POST http://10.180.1.21/identity/v3/auth/tokens 0.071s
2025-01-13 20:25:22.421 67774 INFO tempest.lib.common.rest_client [req-5e505f66-3607-46c1-9f29-f83265ef99e2 req-5e505f66-3607-46c1-9f29-f83265ef99e2 ] Request (ServersNegativeTestMultiTenantJSON:setUpClass): 201 POST http://10.180.1.21/identity/v3/projects 0.041s
2025-01-13 20:25:22.428 67768 INFO tempest.lib.common.rest_client [req-0c9030ef-efcc-455d-bae3-69514a12225c req-0c9030ef-efcc-455d-bae3-69514a12225c ] Request (SecurityGroupsTestJSON:test_list_security_groups_by_server): 200 POST http://10.180.1.21/compute/v2.1/os-security-groups 0.483s
2025-01-13 20:25:22.483 67730 INFO tempest.lib.common.rest_client [req-cce58484-540f-4b4e-9fc9-bab7801821d0 req-cce58484-540f-4b4e-9fc9-bab7801821d0 ] Request (ServersTestFqdnHostnames:test_create_server_with_fqdn_name): 200 GET http://10.180.1.21/compute/v2.1/servers/ecdbb9ab-859b-4989-b6c3-e8f2e26301de 0.479s
2025-01-13 20:25:22.507 67768 INFO tempest.lib.common.rest_client [req-a5d9f873-a3e5-4d5f-b202-9f56f37c0710 req-a5d9f873-a3e5-4d5f-b202-9f56f37c0710 ] Request (SecurityGroupsTestJSON:test_list_security_groups_by_server): 201 POST http://10.180.1.21/identity/v3/auth/tokens 0.069s
2025-01-13 20:25:22.508 67768 INFO tempest.lib.common.fixed_network [-] (SecurityGroupsTestJSON:test_list_security_groups_by_server) Found network {'id': '868c60cc-fc06-43f0-b92a-0a7c03bd0601', 'name': 'tempest-SecurityGroupsTestJSON-634441825-network', 'tenant_id': '35c6ad13d4704d9697178185f45ca890', 'admin_state_up': True, 'mtu': 8950, 'status': 'ACTIVE', 'subnets': [], 'shared': False, 'project_id': '35c6ad13d4704d9697178185f45ca890', 'port_security_enabled': True, 'router:external': False, 'provider:network_type': 'vlan', 'provider:physical_network': 'default', 'provider:segmentation_id': 479, 'availability_zone_hints': [], 'availability_zones': [], 'ipv4_address_scope': None, 'ipv6_address_scope': None, 'description': '', 'tags': [], 'created_at': '2025-01-13T20:25:18Z', 'updated_at': '2025-01-13T20:25:18Z', 'revision_number': 1} available for tenant
2025-01-13 20:25:22.509 67774 INFO tempest.lib.common.rest_client [req-289e93df-56fb-4904-81b0-e440e7c1f201 req-289e93df-56fb-4904-81b0-e440e7c1f201 ] Request (ServersNegativeTestMultiTenantJSON:setUpClass): 201 POST http://10.180.1.21/identity/v3/users 0.087s
2025-01-13 20:25:22.532 67774 INFO tempest.lib.common.rest_client [req-fffefa56-b22e-418e-92d1-bd70a87162aa req-fffefa56-b22e-418e-92d1-bd70a87162aa ] Request (ServersNegativeTestMultiTenantJSON:setUpClass): 200 GET http://10.180.1.21/identity/v3/roles 0.022s
2025-01-13 20:25:22.537 67772 INFO tempest.lib.common.rest_client [req-c93e67e3-026b-404d-8f86-4339fa46ff38 req-c93e67e3-026b-404d-8f86-4339fa46ff38 ] Request (AttachInterfacesTestJSON:test_create_list_show_delete_interfaces_by_fixed_ip): 200 GET http://10.180.1.21/compute/v2.1/servers/3b730f3f-9462-4279-9ffa-d6e5052d8bb4 0.480s
2025-01-13 20:25:22.573 67774 INFO tempest.lib.common.rest_client [req-ce426586-00d2-4557-bec7-703502b3380f req-ce426586-00d2-4557-bec7-703502b3380f ] Request (ServersNegativeTestMultiTenantJSON:setUpClass): 204 PUT http://10.180.1.21/identity/v3/projects/900d7d88319e4eaeb35ba0e708ab71ac/users/ce7c76b197ce48768ebfcdda619d3224/roles/12fc8c197a3243de9b698f74a76b8e2c 0.041s
2025-01-13 20:25:22.574 67774 INFO tempest.lib.common.dynamic_creds [-] Dynamic test user ce7c76b197ce48768ebfcdda619d3224 is created with scope project and roles: ['member']
