2025-01-13 20:23:55.280 67770 INFO tempest.lib.common.dynamic_creds [-] Created isolated network resources for: credentials: Credentials: {'domain_id': 'default', 'domain_name': 'Default', 'username': 'tempest-VolumesAssistedSnapshotsTest-1693572446-project-admin', 'project_domain_id': 'default', 'project_domain_name': 'Default', 'project_id': 'd66d25afffb745f2b447aac2c8b0059a', 'project_name': 'tempest-VolumesAssistedSnapshotsTest-1693572446', 'tenant_id': 'd66d25afffb745f2b447aac2c8b0059a', 'tenant_name': 'tempest-VolumesAssistedSnapshotsTest-1693572446', 'user_domain_id': 'default', 'user_domain_name': 'Default', 'user_id': '018798b806fa4c2281fc9f80ef6a18f7', 'system': None}, Network: {'id': '3f3a96c2-7399-4da4-b426-1b8b5bc034f3', 'name': 'tempest-VolumesAssistedSnapshotsTest-157662692-network', 'tenant_id': 'd66d25afffb745f2b447aac2c8b0059a', 'admin_state_up': True, 'mtu': 8950, 'status': 'ACTIVE', 'subnets': [], 'shared': False, 'project_id': 'd66d25afffb745f2b447aac2c8b0059a', 'port_security_enabled': True, 'router:external': False, 'provider:network_type': 'vlan', 'provider:physical_network': 'default', 'provider:segmentation_id': 297, 'availability_zone_hints': [], 'availability_zones': [], 'ipv4_address_scope': None, 'ipv6_address_scope': None, 'description': '', 'tags': [], 'created_at': '2025-01-13T20:23:50Z', 'updated_at': '2025-01-13T20:23:50Z', 'revision_number': 1}, Subnet: {'id': '565bc081-ebe2-43e7-aaa9-da2a120a5cd3', 'name': 'tempest-VolumesAssistedSnapshotsTest-157662692-subnet', 'tenant_id': 'd66d25afffb745f2b447aac2c8b0059a', 'network_id': '3f3a96c2-7399-4da4-b426-1b8b5bc034f3', 'ip_version': 4, 'subnetpool_id': None, 'enable_dhcp': True, 'ipv6_ra_mode': None, 'ipv6_address_mode': None, 'gateway_ip': '192.168.128.1', 'cidr': '192.168.128.0/28', 'allocation_pools': [{'start': '192.168.128.2', 'end': '192.168.128.14'}], 'host_routes': [], 'dns_nameservers': [], 'description': '', 'router:external': False, 'service_types': [], 'tags': [], 'created_at': '2025-01-13T20:23:51Z', 'updated_at': '2025-01-13T20:23:51Z', 'revision_number': 0, 'project_id': 'd66d25afffb745f2b447aac2c8b0059a'}, Router: {'id': '5fc594da-86d0-4965-a129-d6c0ed9502a8', 'name': 'tempest-VolumesAssistedSnapshotsTest-157662692-router', 'tenant_id': 'd66d25afffb745f2b447aac2c8b0059a', 'admin_state_up': True, 'status': 'ACTIVE', 'external_gateway_info': {'network_id': '51a73d1b-d331-4c69-aa8c-962a572e92eb', 'external_fixed_ips': [{'subnet_id': 'ebacd113-3470-43fd-9ca8-5a2970cf9ef2', 'ip_address': '10.180.180.234'}], 'enable_snat': True}, 'description': '', 'availability_zones': [], 'distributed': False, 'ha': False, 'availability_zone_hints': [], 'routes': [], 'flavor_id': None, 'tags': [], 'created_at': '2025-01-13T20:23:51Z', 'updated_at': '2025-01-13T20:23:52Z', 'revision_number': 2, 'project_id': 'd66d25afffb745f2b447aac2c8b0059a'}
2025-01-13 20:23:55.287 67716 INFO tempest.lib.common.rest_client [req-56e25705-be58-41e9-bbb5-40fd73c62b47 req-56e25705-be58-41e9-bbb5-40fd73c62b47 ] Request (FloatingIPsAssociationTestJSON:setUpClass): 201 POST http://10.180.1.21:9696/networking/v2.0/routers 0.976s
2025-01-13 20:23:55.306 67742 INFO tempest.lib.common.rest_client [req-dc0be3cb-2989-4d5e-9551-a11e1e0e971c req-dc0be3cb-2989-4d5e-9551-a11e1e0e971c ] Request (FlavorsV255TestJSON:test_crud_flavor): 200 GET http://10.180.1.21/compute/v2.1/flavors/detail 1.765s
2025-01-13 20:23:55.322 67724 INFO tempest.lib.common.rest_client [req-25d90d73-2df5-4439-9d6d-fcf0a7a531c2 req-25d90d73-2df5-4439-9d6d-fcf0a7a531c2 ] Request (FlavorsAdminTestJSON:test_create_flavor_verify_entry_in_list_details): 200 POST http://10.180.1.21/compute/v2.1/flavors 1.511s
2025-01-13 20:23:55.400 67726 INFO tempest.lib.common.rest_client [req-116f4dd5-4ce4-4c0a-930b-199d5773325e req-116f4dd5-4ce4-4c0a-930b-199d5773325e ] Request (QuotasAdminTestV236:tearDownClass): 204 DELETE http://10.180.1.21/identity/v3/projects/92231905e2c045879ac06ac5eb6689ef 0.157s
2025-01-13 20:23:55.400 67726 INFO tempest.lib.common.dynamic_creds [-] Deleting project and security group for project: e6c5a0d0b8f54954a897cc13c91b23ba
2025-01-13 20:23:55.410 67766 INFO tempest.lib.common.rest_client [req-df2dec22-eb9f-4d67-879d-357184e9ad86 req-df2dec22-eb9f-4d67-879d-357184e9ad86 ] Request (AggregatesAdminNegativeTestJSON:test_aggregate_add_existent_host): 200 POST http://10.180.1.21/compute/v2.1/os-aggregates/1/action 2.074s
2025-01-13 20:23:55.421 67754 INFO tempest.lib.common.rest_client [req-78913d16-e4b7-4b71-8981-33d507290c46 req-78913d16-e4b7-4b71-8981-33d507290c46 ] Request (ServersTestMultiNic:setUpClass): 201 POST http://10.180.1.21/identity/v3/auth/tokens 0.167s
2025-01-13 20:23:55.424 67718 INFO tempest.lib.common.rest_client [req-adb65e45-3037-4839-8196-49ab651ed3f9 req-adb65e45-3037-4839-8196-49ab651ed3f9 ] Request (HostsAdminNegativeTestJSON:test_reboot_nonexistent_host): 404 GET http://10.180.1.21/compute/v2.1/os-hosts/nonexistent_hostname/reboot 1.425s
2025-01-13 20:23:55.479 67758 INFO tempest.lib.common.rest_client [req-5fb77614-aa3a-43ed-8ba8-14eb5877d4a6 req-5fb77614-aa3a-43ed-8ba8-14eb5877d4a6 ] Request (HypervisorAdminUnderV252Test:tearDownClass): 204 DELETE http://10.180.1.21/identity/v3/users/2aef3799edba4d65a97f3013ab592196 0.235s
2025-01-13 20:23:55.551 67746 INFO tempest.lib.common.rest_client [req-42ba85b0-39b8-4279-952d-e597e973944f req-42ba85b0-39b8-4279-952d-e597e973944f ] Request (ServersWithSpecificFlavorTestJSON:setUpClass): 201 POST http://10.180.1.21:9696/networking/v2.0/subnets 0.616s
2025-01-13 20:23:55.579 67770 INFO tempest.lib.common.rest_client [req-0bc69423-c7a4-436e-bb7c-f5571bf3e90c req-0bc69423-c7a4-436e-bb7c-f5571bf3e90c ] Request (VolumesAssistedSnapshotsTest:setUpClass): 201 POST http://10.180.1.21/identity/v3/auth/tokens 0.296s
2025-01-13 20:23:55.591 67726 INFO tempest.lib.common.rest_client [req-be4a80a9-8d2a-49f0-9820-fe142a3a9740 req-be4a80a9-8d2a-49f0-9820-fe142a3a9740 ] Request (QuotasAdminTestV236:tearDownClass): 200 GET http://10.180.1.21:9696/networking/v2.0/security-groups?tenant_id=e6c5a0d0b8f54954a897cc13c91b23ba&name=default 0.190s
2025-01-13 20:23:55.661 67732 INFO tempest.lib.common.rest_client [req-087e8422-0fe0-4110-827a-e02271543e3a req-087e8422-0fe0-4110-827a-e02271543e3a ] Request (NetworksTest:tearDownClass): 200 GET http://10.180.1.21:9696/networking/v2.0/security-groups?tenant_id=4e8d597e6f1742af8d55d99d81677d3d&name=default 0.443s
2025-01-13 20:23:55.755 67754 INFO tempest.lib.common.rest_client [req-46ef2bb1-bd12-474e-9316-9f22e4927f15 req-46ef2bb1-bd12-474e-9316-9f22e4927f15 ] Request (ServersTestMultiNic:setUpClass): 200 GET http://10.180.1.21/identity/v3/domains?name=Default 0.333s
2025-01-13 20:23:55.816 67748 INFO tempest.lib.common.rest_client [req-3c36554d-c586-4aa0-bd1e-ea51870f5104 req-3c36554d-c586-4aa0-bd1e-ea51870f5104 ] Request (QuotaClassesAdminTestJSON:test_update_default_quotas): 200 GET http://10.180.1.21/compute/v2.1/os-quota-class-sets/default 1.755s
2025-01-13 20:23:55.822 67752 INFO tempest.lib.common.rest_client [req-5bb8de01-1ed3-487a-bf2d-5c009129ce61 req-5bb8de01-1ed3-487a-bf2d-5c009129ce61 ] Request (FlavorsExtraSpecsNegativeTestJSON:test_flavor_non_admin_unset_keys): 403 DELETE http://10.180.1.21/compute/v2.1/flavors/1037655973/os-extra_specs/hw:numa_nodes 1.718s
2025-01-13 20:23:55.854 67770 INFO tempest.lib.common.rest_client [req-5409f848-77c4-4bce-8e18-1923dfa001b6 req-5409f848-77c4-4bce-8e18-1923dfa001b6 ] Request (VolumesAssistedSnapshotsTest:setUpClass): 201 POST http://10.180.1.21/identity/v3/projects 0.275s
2025-01-13 20:23:55.891 67758 INFO tempest.lib.common.rest_client [req-f69f07a2-ca64-4b0f-a7d7-b1e3bf47ade3 req-f69f07a2-ca64-4b0f-a7d7-b1e3bf47ade3 ] Request (HypervisorAdminUnderV252Test:tearDownClass): 204 DELETE http://10.180.1.21/identity/v3/users/a5da134e09aa4c35b855fbbe52dcc258 0.411s
2025-01-13 20:23:55.892 67758 INFO tempest.lib.common.dynamic_creds [-] Deleting project and security group for project: bb190b6078134031b4c4012ef62a10d2
2025-01-13 20:23:55.928 67774 INFO tempest.lib.common.rest_client [req-7610ec69-f67d-4611-9f6e-968c6a3ad52b req-7610ec69-f67d-4611-9f6e-968c6a3ad52b ] Request (InstanceUsageAuditLogNegativeTestJSON:tearDownClass): 200 GET http://10.180.1.21:9696/networking/v2.0/security-groups?tenant_id=97329b17b2404124a1e885f8b0fd3739&name=default 0.656s
2025-01-13 20:23:55.935 67726 INFO tempest.lib.common.rest_client [req-6dc3f954-05f4-42fd-b834-45a596637562 req-6dc3f954-05f4-42fd-b834-45a596637562 ] Request (QuotasAdminTestV236:tearDownClass): 204 DELETE http://10.180.1.21:9696/networking/v2.0/security-groups/9989e863-1553-42cc-b7de-515fe78349d1 0.344s
2025-01-13 20:23:56.023 67734 INFO tempest.lib.common.rest_client [req-235ebf94-698d-4f49-99d3-a0a05b7d6f74 req-235ebf94-698d-4f49-99d3-a0a05b7d6f74 ] Request (ListImageFiltersTestJSON:setUpClass): 204 PUT http://10.180.1.21/image/v2/images/c0109e38-bb4b-4672-896f-99436026af0c/file 1.446s
2025-01-13 20:23:56.056 67744 INFO tempest.lib.common.rest_client [req-ffe7d316-4f71-444a-86c3-e240692d82e1 req-ffe7d316-4f71-444a-86c3-e240692d82e1 ] Request (FlavorsAccessNegativeTestJSON:test_add_flavor_access_duplicate): 409 POST http://10.180.1.21/compute/v2.1/flavors/522584346/action 2.067s
2025-01-13 20:23:56.068 67732 INFO tempest.lib.common.rest_client [req-44ea13a3-06fd-4e54-baab-d05e6a0c0cca req-44ea13a3-06fd-4e54-baab-d05e6a0c0cca ] Request (NetworksTest:tearDownClass): 204 DELETE http://10.180.1.21:9696/networking/v2.0/security-groups/6def0f57-b5b9-4f84-941c-8463ca3c3a6e 0.406s
2025-01-13 20:23:56.069 67754 INFO tempest.lib.common.rest_client [req-44ae18b8-944f-42e8-a854-2024d5e48fef req-44ae18b8-944f-42e8-a854-2024d5e48fef ] Request (ServersTestMultiNic:setUpClass): 201 POST http://10.180.1.21/identity/v3/projects 0.310s
2025-01-13 20:23:56.070 67770 INFO tempest.lib.common.rest_client [req-f390b202-556e-4a32-ae04-f8d373c2cd82 req-f390b202-556e-4a32-ae04-f8d373c2cd82 ] Request (VolumesAssistedSnapshotsTest:setUpClass): 201 POST http://10.180.1.21/identity/v3/users 0.215s
2025-01-13 20:23:56.077 67720 INFO tempest.lib.common.rest_client [req-f8410089-f664-4ccd-a23e-fcb1c3ecc006 req-f8410089-f664-4ccd-a23e-fcb1c3ecc006 ] Request (DeleteServersAdminTestJSON:test_admin_delete_servers_of_others): 200 GET http://10.180.1.21/compute/v2.1/servers/537cbf67-bf0b-4f58-afa0-dc9b4fa0e3cb 1.761s
2025-01-13 20:23:56.091 67720 INFO tempest.common.waiters [-] State transition "BUILD/None" ==> "BUILD/block_device_mapping" after 3 second wait
2025-01-13 20:23:56.149 67758 INFO tempest.lib.common.rest_client [req-4860168e-0213-4cad-842d-4b51aa81d473 req-4860168e-0213-4cad-842d-4b51aa81d473 ] Request (HypervisorAdminUnderV252Test:tearDownClass): 201 POST http://10.180.1.21/identity/v3/auth/tokens 0.257s
2025-01-13 20:23:56.164 67726 INFO tempest.lib.common.rest_client [req-769c1ef6-0ba9-425b-9b3e-e164a8634c56 req-769c1ef6-0ba9-425b-9b3e-e164a8634c56 ] Request (QuotasAdminTestV236:tearDownClass): 204 DELETE http://10.180.1.21/identity/v3/projects/e6c5a0d0b8f54954a897cc13c91b23ba 0.229s
2025-01-13 20:23:56.204 67774 INFO tempest.lib.common.rest_client [req-0ca65320-b7ca-43d4-a22a-006c5702556d req-0ca65320-b7ca-43d4-a22a-006c5702556d ] Request (InstanceUsageAuditLogNegativeTestJSON:tearDownClass): 204 DELETE http://10.180.1.21:9696/networking/v2.0/security-groups/f96b326b-debc-40a5-82bc-43ad6217cddb 0.275s
2025-01-13 20:23:56.227 67770 INFO tempest.lib.common.rest_client [req-9320b772-b5aa-421c-a52d-8d898fc52f26 req-9320b772-b5aa-421c-a52d-8d898fc52f26 ] Request (VolumesAssistedSnapshotsTest:setUpClass): 200 GET http://10.180.1.21/identity/v3/roles 0.156s
2025-01-13 20:23:56.255 67754 INFO tempest.lib.common.rest_client [req-a5c01270-8e64-4b12-a16a-269de18f2808 req-a5c01270-8e64-4b12-a16a-269de18f2808 ] Request (ServersTestMultiNic:setUpClass): 201 POST http://10.180.1.21/identity/v3/users 0.185s
2025-01-13 20:23:56.287 67772 INFO tempest.lib.common.rest_client [req-fe4bf0c0-169a-45be-a28d-35eb25a873b3 req-fe4bf0c0-169a-45be-a28d-35eb25a873b3 ] Request (ImagesMetadataTestJSON:test_delete_image_metadata_item): 204 DELETE http://10.180.1.21/compute/v2.1/images/957a3168-5f55-463f-abbf-7a1e6f4eccf6/metadata/os_version 1.831s
2025-01-13 20:23:56.303 67732 INFO tempest.lib.common.rest_client [req-ef0d6259-76a3-4d36-bfa3-070f39880198 req-ef0d6259-76a3-4d36-bfa3-070f39880198 ] Request (NetworksTest:tearDownClass): 204 DELETE http://10.180.1.21/identity/v3/projects/4e8d597e6f1742af8d55d99d81677d3d 0.234s
2025-01-13 20:23:56.303 67732 INFO tempest.lib.common.dynamic_creds [-] Deleting project and security group for project: 50d7bf23568a424b8572de64a03da95e
2025-01-13 20:23:56.323 67728 INFO tempest.lib.common.rest_client [req-bbacdec4-d571-4089-b282-59e0f1e12356 req-bbacdec4-d571-4089-b282-59e0f1e12356 ] Request (HypervisorAdminTestJSON:test_get_hypervisor_show_details): 200 GET http://10.180.1.21/compute/v2.1/os-hypervisors/1 1.845s
2025-01-13 20:23:56.376 67726 INFO tempest.lib.common.rest_client [req-3400c6b3-acfe-4f77-beb9-f6677caa9ff6 req-3400c6b3-acfe-4f77-beb9-f6677caa9ff6 ] Request (ImagesTestJSON:setUpClass): 201 POST http://10.180.1.21/identity/v3/auth/tokens 0.205s
2025-01-13 20:23:56.412 67770 INFO tempest.lib.common.rest_client [req-b507925e-c877-4ddf-a5b6-42f2d5942e8e req-b507925e-c877-4ddf-a5b6-42f2d5942e8e ] Request (VolumesAssistedSnapshotsTest:setUpClass): 204 PUT http://10.180.1.21/identity/v3/projects/12494c8852e445308c4af5eec12c35a5/users/d1e3fec5839d4722b6485a74f2ff9c09/roles/1d2d09d5ed3d4b5fbd7d2e797cd8ff92 0.184s
2025-01-13 20:23:56.431 67774 INFO tempest.lib.common.rest_client [req-efa8bff4-8e93-4289-b313-115246a93900 req-efa8bff4-8e93-4289-b313-115246a93900 ] Request (InstanceUsageAuditLogNegativeTestJSON:tearDownClass): 204 DELETE http://10.180.1.21/identity/v3/projects/97329b17b2404124a1e885f8b0fd3739 0.227s
2025-01-13 20:23:56.431 67774 INFO tempest.lib.common.dynamic_creds [-] Deleting project and security group for project: 84a3f34b08e54828ac695c5d03eb96ea
2025-01-13 20:23:56.480 67754 INFO tempest.lib.common.rest_client [req-a7a50022-f140-4a7d-8169-67b349955ab1 req-a7a50022-f140-4a7d-8169-67b349955ab1 ] Request (ServersTestMultiNic:setUpClass): 200 GET http://10.180.1.21/identity/v3/roles 0.224s
2025-01-13 20:23:56.494 67726 INFO tempest.lib.common.rest_client [req-472045ac-b9cf-494e-be1b-fc4be8a9ca66 req-472045ac-b9cf-494e-be1b-fc4be8a9ca66 ] Request (ImagesTestJSON:setUpClass): 201 POST http://10.180.1.21/identity/v3/auth/tokens 0.114s
2025-01-13 20:23:56.511 67770 INFO tempest.lib.common.rest_client [req-29fee93f-a5de-4ddd-83cb-e82c797bcb43 req-29fee93f-a5de-4ddd-83cb-e82c797bcb43 ] Request (VolumesAssistedSnapshotsTest:setUpClass): 200 GET http://10.180.1.21/identity/v3/roles 0.099s
2025-01-13 20:23:56.521 67754 INFO tempest.lib.common.rest_client [req-8212b78d-592d-43fa-ab3a-bf592c2f0fa7 req-8212b78d-592d-43fa-ab3a-bf592c2f0fa7 ] Request (ServersTestMultiNic:setUpClass): 204 PUT http://10.180.1.21/identity/v3/projects/5fc5fab26fa54a42b792819ec79714af/users/39050af14e064ba9a205c548c14575c5/roles/12fc8c197a3243de9b698f74a76b8e2c 0.041s
2025-01-13 20:23:56.521 67754 INFO tempest.lib.common.dynamic_creds [-] Dynamic test user 39050af14e064ba9a205c548c14575c5 is created with scope project and roles: ['member']
2025-01-13 20:23:56.522 67754 INFO tempest.lib.common.dynamic_creds [-] Acquired dynamic creds: credentials: Credentials: {'domain_id': 'default', 'domain_name': 'Default', 'username': 'tempest-ServersTestMultiNic-1844870951-project-member', 'project_domain_id': 'default', 'project_domain_name': 'Default', 'project_id': '5fc5fab26fa54a42b792819ec79714af', 'project_name': 'tempest-ServersTestMultiNic-1844870951', 'tenant_id': '5fc5fab26fa54a42b792819ec79714af', 'tenant_name': 'tempest-ServersTestMultiNic-1844870951', 'user_domain_id': 'default', 'user_domain_name': 'Default', 'user_id': '39050af14e064ba9a205c548c14575c5', 'system': None}, Network: None, Subnet: None, Router: None
2025-01-13 20:23:56.525 67750 INFO tempest.lib.common.rest_client [req-72b193e4-65a8-4c9e-9841-2049399aca52 req-72b193e4-65a8-4c9e-9841-2049399aca52 ] Request (MigrationsAdminTest:test_list_migrations_in_flavor_resize_situation): 200 GET http://10.180.1.21/compute/v2.1/servers/1f121468-f5a8-4784-bd54-ed67670f4318 2.060s
2025-01-13 20:23:56.540 67750 INFO tempest.common.waiters [-] State transition "BUILD/networking" ==> "BUILD/spawning" after 7 second wait
2025-01-13 20:23:56.557 67762 INFO tempest.lib.common.rest_client [req-ce923202-1ff7-4bb7-b6f0-7b031b8c3b44 req-ce923202-1ff7-4bb7-b6f0-7b031b8c3b44 ] Request (FlavorsExtraSpecsTestJSON:test_flavor_non_admin_get_specific_key): 200 POST http://10.180.1.21/compute/v2.1/flavors/1731591503/os-extra_specs 1.930s
2025-01-13 20:23:56.568 67770 INFO tempest.lib.common.rest_client [req-4e4281ad-1192-4aea-b377-8dcb2f932190 req-4e4281ad-1192-4aea-b377-8dcb2f932190 ] Request (VolumesAssistedSnapshotsTest:setUpClass): 204 PUT http://10.180.1.21/identity/v3/projects/12494c8852e445308c4af5eec12c35a5/users/d1e3fec5839d4722b6485a74f2ff9c09/roles/46e76391cc5d4b39b16856cd291182f3 0.056s
2025-01-13 20:23:56.571 67770 INFO tempest.lib.common.dynamic_creds [-] Dynamic test user d1e3fec5839d4722b6485a74f2ff9c09 is created with scope project and roles: ['service', 'admin']
2025-01-13 20:23:56.571 67770 INFO tempest.lib.common.dynamic_creds [-] Acquired dynamic creds: credentials: Credentials: {'domain_id': 'default', 'domain_name': 'Default', 'username': 'tempest-VolumesAssistedSnapshotsTest-632442853-project', 'project_domain_id': 'default', 'project_domain_name': 'Default', 'project_id': '12494c8852e445308c4af5eec12c35a5', 'project_name': 'tempest-VolumesAssistedSnapshotsTest-632442853', 'tenant_id': '12494c8852e445308c4af5eec12c35a5', 'tenant_name': 'tempest-VolumesAssistedSnapshotsTest-632442853', 'user_domain_id': 'default', 'user_domain_name': 'Default', 'user_id': 'd1e3fec5839d4722b6485a74f2ff9c09', 'system': None}, Network: None, Subnet: None, Router: None
2025-01-13 20:23:56.586 67726 INFO tempest.lib.common.rest_client [req-663a7df9-e153-4e1e-8294-efd0b8aec022 req-663a7df9-e153-4e1e-8294-efd0b8aec022 ] Request (ImagesTestJSON:setUpClass): 200 GET http://10.180.1.21/identity/v3/domains?name=Default 0.091s
2025-01-13 20:23:56.603 67722 INFO tempest.lib.common.rest_client [req-ccd7a9e2-0314-4053-8a98-655dcb1b0f27 req-ccd7a9e2-0314-4053-8a98-655dcb1b0f27 ] Request (FlavorsV261TestJSON:test_crud_flavor): 200 GET http://10.180.1.21/compute/v2.1/flavors/detail 1.864s
2025-01-13 20:23:56.619 67754 INFO tempest.lib.common.rest_client [req-dbe4af6a-3959-4cf6-803d-842abdbbb5f1 req-dbe4af6a-3959-4cf6-803d-842abdbbb5f1 ] Request (ServersTestMultiNic:setUpClass): 201 POST http://10.180.1.21/identity/v3/auth/tokens 0.097s
2025-01-13 20:23:56.653 67736 INFO tempest.lib.common.rest_client [req-9fcbb779-394d-4a72-ba79-122179d56f8f req-9fcbb779-394d-4a72-ba79-122179d56f8f ] Request (KeyPairsV210TestJSON:test_admin_manage_keypairs_for_other_users): 201 POST http://10.180.1.21/compute/v2.1/os-keypairs 1.904s
2025-01-13 20:23:56.673 67738 INFO tempest.lib.common.rest_client [req-994f81f4-443d-4fe9-bad5-b13f055d858b req-994f81f4-443d-4fe9-bad5-b13f055d858b ] Request (ServicesAdminNegativeTestJSON:test_get_service_by_invalid_service_and_valid_host): 200 GET http://10.180.1.21/compute/v2.1/os-services?host=devstack&binary=xxx 1.894s
2025-01-13 20:23:56.676 67726 INFO tempest.lib.common.rest_client [req-d059813c-f9b4-47d6-9884-68b3b82772a4 req-d059813c-f9b4-47d6-9884-68b3b82772a4 ] Request (ImagesTestJSON:setUpClass): 201 POST http://10.180.1.21/identity/v3/projects 0.087s
2025-01-13 20:23:56.752 67726 INFO tempest.lib.common.rest_client [req-a0b6810e-1544-4944-b661-312c74c0e6d1 req-a0b6810e-1544-4944-b661-312c74c0e6d1 ] Request (ImagesTestJSON:setUpClass): 201 POST http://10.180.1.21/identity/v3/users 0.076s
2025-01-13 20:23:56.758 67760 INFO tempest.lib.common.rest_client [req-938f5c35-cb50-48af-ad88-5c29129791df req-938f5c35-cb50-48af-ad88-5c29129791df ] Request (ServerActionsTestOtherB:setUpClass): 200 GET http://10.180.1.21/compute/v2.1/servers/54bc8105-3911-46d8-a378-3edcd817e1ba 1.672s
2025-01-13 20:23:56.778 67726 INFO tempest.lib.common.rest_client [req-8d6e5e94-86da-4a51-991e-1f93d1f9447c req-8d6e5e94-86da-4a51-991e-1f93d1f9447c ] Request (ImagesTestJSON:setUpClass): 200 GET http://10.180.1.21/identity/v3/roles 0.025s
2025-01-13 20:23:56.791 67732 INFO tempest.lib.common.rest_client [req-ded0b59f-3f75-4e4a-b3e4-a6e7bc754319 req-ded0b59f-3f75-4e4a-b3e4-a6e7bc754319 ] Request (NetworksTest:tearDownClass): 200 GET http://10.180.1.21:9696/networking/v2.0/security-groups?tenant_id=50d7bf23568a424b8572de64a03da95e&name=default 0.488s
2025-01-13 20:23:56.812 67726 INFO tempest.lib.common.rest_client [req-9eec0fed-383d-42d3-986d-31c292b91163 req-9eec0fed-383d-42d3-986d-31c292b91163 ] Request (ImagesTestJSON:setUpClass): 204 PUT http://10.180.1.21/identity/v3/projects/72e0f2bbd3fb43478c810c117716eb80/users/40ec544a9f1b4390bdc9407916c791eb/roles/12fc8c197a3243de9b698f74a76b8e2c 0.034s
2025-01-13 20:23:56.812 67726 INFO tempest.lib.common.dynamic_creds [-] Dynamic test user 40ec544a9f1b4390bdc9407916c791eb is created with scope project and roles: ['member']
2025-01-13 20:23:56.813 67726 INFO tempest.lib.common.dynamic_creds [-] Acquired dynamic creds: credentials: Credentials: {'domain_id': 'default', 'domain_name': 'Default', 'username': 'tempest-ImagesTestJSON-1366622890-project-member', 'project_domain_id': 'default', 'project_domain_name': 'Default', 'project_id': '72e0f2bbd3fb43478c810c117716eb80', 'project_name': 'tempest-ImagesTestJSON-1366622890', 'tenant_id': '72e0f2bbd3fb43478c810c117716eb80', 'tenant_name': 'tempest-ImagesTestJSON-1366622890', 'user_domain_id': 'default', 'user_domain_name': 'Default', 'user_id': '40ec544a9f1b4390bdc9407916c791eb', 'system': None}, Network: None, Subnet: None, Router: None
2025-01-13 20:23:56.875 67774 INFO tempest.lib.common.rest_client [req-17745128-f458-430a-ac24-8e62c520b5f4 req-17745128-f458-430a-ac24-8e62c520b5f4 ] Request (InstanceUsageAuditLogNegativeTestJSON:tearDownClass): 200 GET http://10.180.1.21:9696/networking/v2.0/security-groups?tenant_id=84a3f34b08e54828ac695c5d03eb96ea&name=default 0.444s
2025-01-13 20:23:56.881 67726 INFO tempest.lib.common.rest_client [req-aefa6233-fc8b-43b2-a53d-fa59feef5bc9 req-aefa6233-fc8b-43b2-a53d-fa59feef5bc9 ] Request (ImagesTestJSON:setUpClass): 201 POST http://10.180.1.21/identity/v3/auth/tokens 0.068s
2025-01-13 20:23:56.890 67758 INFO tempest.lib.common.rest_client [req-44e608a4-a4e8-4dca-b2a6-65cfc1361fdf req-44e608a4-a4e8-4dca-b2a6-65cfc1361fdf ] Request (HypervisorAdminUnderV252Test:tearDownClass): 200 GET http://10.180.1.21:9696/networking/v2.0/security-groups?tenant_id=bb190b6078134031b4c4012ef62a10d2&name=default 0.740s
2025-01-13 20:23:57.009 67740 INFO tempest.lib.common.rest_client [req-64b4ac9b-f138-4161-a5fa-bd0fe4323ed5 req-64b4ac9b-f138-4161-a5fa-bd0fe4323ed5 ] Request (QuotasAdminNegativeTest:_run_cleanups): 200 PUT http://10.180.1.21/compute/v2.1/os-quota-sets/908971a6416a4eba911245e58c08a8b7 1.821s
2025-01-13 20:23:57.030 67776 INFO tempest.lib.common.rest_client [req-1257da4d-9131-4179-98c0-c35998cea3cf req-1257da4d-9131-4179-98c0-c35998cea3cf ] Request (ServicesAdminTestJSON:test_list_services): 200 GET http://10.180.1.21/compute/v2.1/os-services 1.810s
2025-01-13 20:23:57.070 67730 INFO tempest.lib.common.rest_client [req-76854c5c-1c1f-4787-b269-a826346c05ca req-76854c5c-1c1f-4787-b269-a826346c05ca ] Request (KeyPairsNegativeTestJSON:test_create_keypair_with_duplicate_name): 409 POST http://10.180.1.21/compute/v2.1/os-keypairs 1.796s
2025-01-13 20:23:57.095 67742 INFO tempest.lib.common.rest_client [req-82287399-dc21-4429-bef3-6dfa06b3c005 req-82287399-dc21-4429-bef3-6dfa06b3c005 ] Request (FlavorsV255TestJSON:test_crud_flavor): 200 GET http://10.180.1.21/compute/v2.1/flavors 1.780s
2025-01-13 20:23:57.120 67724 INFO tempest.lib.common.rest_client [req-79747a86-814d-49dd-b43d-08135b309d58 req-79747a86-814d-49dd-b43d-08135b309d58 ] Request (FlavorsAdminTestJSON:test_create_flavor_verify_entry_in_list_details): 200 GET http://10.180.1.21/compute/v2.1/flavors/detail 1.792s
2025-01-13 20:23:57.128 67732 INFO tempest.lib.common.rest_client [req-8b1dd135-fe8b-497a-bc2f-1fb11b7c802d req-8b1dd135-fe8b-497a-bc2f-1fb11b7c802d ] Request (NetworksTest:tearDownClass): 204 DELETE http://10.180.1.21:9696/networking/v2.0/security-groups/c54509b3-1dbe-466d-b4f6-f11173c9a84e 0.336s
2025-01-13 20:23:57.147 67776 INFO tempest.lib.common.rest_client [req-317a6b97-4654-4739-aa9d-09614d94b84d req-317a6b97-4654-4739-aa9d-09614d94b84d ] Request (ServicesAdminTestJSON:tearDownClass): 204 DELETE http://10.180.1.21/identity/v3/users/63885abf136a449dbf7107b7e82a140e 0.110s
2025-01-13 20:23:57.164 67758 INFO tempest.lib.common.rest_client [req-b8046894-b879-45a9-a9fc-b96b5ae162fe req-b8046894-b879-45a9-a9fc-b96b5ae162fe ] Request (HypervisorAdminUnderV252Test:tearDownClass): 204 DELETE http://10.180.1.21:9696/networking/v2.0/security-groups/b79042f4-f74f-42a4-a793-6f5dfb88c5d3 0.274s
2025-01-13 20:23:57.166 67766 INFO tempest.lib.common.rest_client [req-cabfddce-576b-45ca-932e-42fba955a1f0 req-cabfddce-576b-45ca-932e-42fba955a1f0 ] Request (AggregatesAdminNegativeTestJSON:test_aggregate_add_existent_host): 409 POST http://10.180.1.21/compute/v2.1/os-aggregates/1/action 1.751s
2025-01-13 20:23:57.174 67718 INFO tempest.lib.common.rest_client [req-69579d70-2c2c-4660-8f11-30458ff78889 req-69579d70-2c2c-4660-8f11-30458ff78889 ] Request (HostsAdminNegativeTestJSON:test_show_host_detail_with_non_admin_user): 403 GET http://10.180.1.21/compute/v2.1/os-hosts/devstack 1.749s
2025-01-13 20:23:57.217 67778 INFO tempest.lib.common.rest_client [req-18cf2f19-487d-475a-8309-2da09aaf3caf req-18cf2f19-487d-475a-8309-2da09aaf3caf ] Request (ServersAdminTestJSON:setUpClass): 200 PUT http://10.180.1.21:9696/networking/v2.0/routers/933c04e9-ac7f-45f4-bfba-6326af20b972/add_router_interface 3.832s
2025-01-13 20:23:57.217 67778 INFO tempest.lib.common.dynamic_creds [-] Created isolated network resources for: credentials: Credentials: {'domain_id': 'default', 'domain_name': 'Default', 'username': 'tempest-ServersAdminTestJSON-1024433743-project-admin', 'project_domain_id': 'default', 'project_domain_name': 'Default', 'project_id': '85b1a325b59c460ab7fac8295e12c227', 'project_name': 'tempest-ServersAdminTestJSON-1024433743', 'tenant_id': '85b1a325b59c460ab7fac8295e12c227', 'tenant_name': 'tempest-ServersAdminTestJSON-1024433743', 'user_domain_id': 'default', 'user_domain_name': 'Default', 'user_id': 'bf1f5ce4ecef4e1ba1b64057ac7b2dc3', 'system': None}, Network: {'id': '4751b8dd-6db9-485a-9933-a91e248f4862', 'name': 'tempest-ServersAdminTestJSON-962175523-network', 'tenant_id': '85b1a325b59c460ab7fac8295e12c227', 'admin_state_up': True, 'mtu': 8950, 'status': 'ACTIVE', 'subnets': [], 'shared': False, 'project_id': '85b1a325b59c460ab7fac8295e12c227', 'port_security_enabled': True, 'router:external': False, 'provider:network_type': 'vlan', 'provider:physical_network': 'default', 'provider:segmentation_id': 921, 'availability_zone_hints': [], 'availability_zones': [], 'ipv4_address_scope': None, 'ipv6_address_scope': None, 'description': '', 'tags': [], 'created_at': '2025-01-13T20:23:50Z', 'updated_at': '2025-01-13T20:23:50Z', 'revision_number': 1}, Subnet: {'id': '2c67da04-3a1a-426e-870a-ee5f1e6b03e6', 'name': 'tempest-ServersAdminTestJSON-962175523-subnet', 'tenant_id': '85b1a325b59c460ab7fac8295e12c227', 'network_id': '4751b8dd-6db9-485a-9933-a91e248f4862', 'ip_version': 4, 'subnetpool_id': None, 'enable_dhcp': True, 'ipv6_ra_mode': None, 'ipv6_address_mode': None, 'gateway_ip': '192.168.128.1', 'cidr': '192.168.128.0/28', 'allocation_pools': [{'start': '192.168.128.2', 'end': '192.168.128.14'}], 'host_routes': [], 'dns_nameservers': [], 'description': '', 'router:external': False, 'service_types': [], 'tags': [], 'created_at': '2025-01-13T20:23:51Z', 'updated_at': '2025-01-13T20:23:51Z', 'revision_number': 0, 'project_id': '85b1a325b59c460ab7fac8295e12c227'}, Router: {'id': '933c04e9-ac7f-45f4-bfba-6326af20b972', 'name': 'tempest-ServersAdminTestJSON-962175523-router', 'tenant_id': '85b1a325b59c460ab7fac8295e12c227', 'admin_state_up': True, 'status': 'ACTIVE', 'external_gateway_info': {'network_id': '51a73d1b-d331-4c69-aa8c-962a572e92eb', 'external_fixed_ips': [{'subnet_id': 'ebacd113-3470-43fd-9ca8-5a2970cf9ef2', 'ip_address': '10.180.180.151'}], 'enable_snat': True}, 'description': '', 'availability_zones': [], 'distributed': False, 'ha': False, 'availability_zone_hints': [], 'routes': [], 'flavor_id': None, 'tags': [], 'created_at': '2025-01-13T20:23:51Z', 'updated_at': '2025-01-13T20:23:52Z', 'revision_number': 2, 'project_id': '85b1a325b59c460ab7fac8295e12c227'}
2025-01-13 20:23:57.244 67732 INFO tempest.lib.common.rest_client [req-1e1bf63e-f0a3-41b2-8b94-61a1d67f4f8c req-1e1bf63e-f0a3-41b2-8b94-61a1d67f4f8c ] Request (NetworksTest:tearDownClass): 204 DELETE http://10.180.1.21/identity/v3/projects/50d7bf23568a424b8572de64a03da95e 0.115s
2025-01-13 20:23:57.255 67776 INFO tempest.lib.common.rest_client [req-ddcd34e1-4bd3-4112-9757-b25f0363604f req-ddcd34e1-4bd3-4112-9757-b25f0363604f ] Request (ServicesAdminTestJSON:tearDownClass): 204 DELETE http://10.180.1.21/identity/v3/users/16f3777090634a3e9c679598241f0aa4 0.107s
2025-01-13 20:23:57.255 67776 INFO tempest.lib.common.dynamic_creds [-] Deleting project and security group for project: fe32da9109564ea187a733de356277e8
2025-01-13 20:23:57.289 67768 INFO tempest.lib.common.rest_client [req-0ed64cd0-3c0c-4452-a7f4-da59d7b7e0b5 req-0ed64cd0-3c0c-4452-a7f4-da59d7b7e0b5 ] Request (FloatingIPsAssociationNegativeTestJSON:setUpClass): 200 GET http://10.180.1.21/compute/v2.1/servers/c3451d02-6b64-4cbd-b873-c2cc641e5afc 1.523s
2025-01-13 20:23:57.338 67778 INFO tempest.lib.common.rest_client [req-4705aa7c-ca14-46fd-af97-0dc89f2fc7c4 req-4705aa7c-ca14-46fd-af97-0dc89f2fc7c4 ] Request (ServersAdminTestJSON:setUpClass): 201 POST http://10.180.1.21/identity/v3/auth/tokens 0.118s
2025-01-13 20:23:57.370 67732 INFO tempest.lib.common.rest_client [req-7ee024d9-9033-4eea-8c22-5af55c86d2e8 req-7ee024d9-9033-4eea-8c22-5af55c86d2e8 ] Request (SecurityGroupsTestAdminJSON:setUpClass): 201 POST http://10.180.1.21/identity/v3/auth/tokens 0.121s
2025-01-13 20:23:57.397 67758 INFO tempest.lib.common.rest_client [req-3c8a1d19-a098-4901-9bf9-5697da3285e5 req-3c8a1d19-a098-4901-9bf9-5697da3285e5 ] Request (HypervisorAdminUnderV252Test:tearDownClass): 204 DELETE http://10.180.1.21/identity/v3/projects/bb190b6078134031b4c4012ef62a10d2 0.233s
2025-01-13 20:23:57.398 67758 INFO tempest.lib.common.dynamic_creds [-] Deleting project and security group for project: 07a78a6e23304fd4a7e391e37d0f32e3
2025-01-13 20:23:57.440 67776 INFO tempest.lib.common.rest_client [req-ca7ba02c-a2a7-4da1-89f9-885837f02c78 req-ca7ba02c-a2a7-4da1-89f9-885837f02c78 ] Request (ServicesAdminTestJSON:tearDownClass): 201 POST http://10.180.1.21/identity/v3/auth/tokens 0.184s
2025-01-13 20:23:57.476 67748 INFO tempest.lib.common.rest_client [req-4e6641b6-8eac-4a02-83ae-a03695a333dc req-4e6641b6-8eac-4a02-83ae-a03695a333dc ] Request (QuotaClassesAdminTestJSON:test_update_default_quotas): 200 PUT http://10.180.1.21/compute/v2.1/os-quota-class-sets/default 1.653s
2025-01-13 20:23:57.479 67732 INFO tempest.lib.common.rest_client [req-4433b9cc-f1a4-4702-b89e-5e1c4c7df785 req-4433b9cc-f1a4-4702-b89e-5e1c4c7df785 ] Request (SecurityGroupsTestAdminJSON:setUpClass): 201 POST http://10.180.1.21/identity/v3/auth/tokens 0.106s
2025-01-13 20:23:57.494 67752 INFO tempest.lib.common.rest_client [req-a9e19e0a-3bd1-47b3-8866-a87fd5519ca6 req-a9e19e0a-3bd1-47b3-8866-a87fd5519ca6 ] Request (FlavorsExtraSpecsNegativeTestJSON:test_flavor_non_admin_update_specific_key): 200 POST http://10.180.1.21/compute/v2.1/flavors/1037655973/os-extra_specs 1.670s
2025-01-13 20:23:57.518 67778 INFO tempest.lib.common.rest_client [req-2967d08a-a1a8-4ec5-a747-25c16d465dfa req-2967d08a-a1a8-4ec5-a747-25c16d465dfa ] Request (ServersAdminTestJSON:setUpClass): 201 POST http://10.180.1.21/identity/v3/auth/tokens 0.120s
2025-01-13 20:23:57.518 67778 INFO tempest.lib.common.fixed_network [-] (ServersAdminTestJSON:setUpClass) Found network {'id': '881a3fbd-90e4-43b2-a7bf-5953f41b83db', 'name': 'tempest-ServersAdminTestJSON-2056559680-network', 'tenant_id': '3255fe2abe9e46abb3f1ac5f3e9162c0', 'admin_state_up': True, 'mtu': 8950, 'status': 'ACTIVE', 'subnets': [], 'shared': False, 'project_id': '3255fe2abe9e46abb3f1ac5f3e9162c0', 'port_security_enabled': True, 'router:external': False, 'provider:network_type': 'vlan', 'provider:physical_network': 'default', 'provider:segmentation_id': 558, 'availability_zone_hints': [], 'availability_zones': [], 'ipv4_address_scope': None, 'ipv6_address_scope': None, 'description': '', 'tags': [], 'created_at': '2025-01-13T20:23:45Z', 'updated_at': '2025-01-13T20:23:45Z', 'revision_number': 1} available for tenant
2025-01-13 20:23:57.540 67732 INFO tempest.lib.common.rest_client [req-0efe86da-67c5-4a51-a807-943f0a098261 req-0efe86da-67c5-4a51-a807-943f0a098261 ] Request (SecurityGroupsTestAdminJSON:setUpClass): 200 GET http://10.180.1.21/identity/v3/domains?name=Default 0.061s
2025-01-13 20:23:57.544 67734 INFO tempest.lib.common.rest_client [req-fa47daad-c493-4830-9982-d259c81f58a5 req-fa47daad-c493-4830-9982-d259c81f58a5 ] Request (ListImageFiltersTestJSON:setUpClass): 200 GET http://10.180.1.21/compute/v2.1/images/c0109e38-bb4b-4672-896f-99436026af0c 1.520s
2025-01-13 20:23:57.573 67732 INFO tempest.lib.common.rest_client [req-b40f129e-f1a9-479f-9dd3-375a981fd755 req-b40f129e-f1a9-479f-9dd3-375a981fd755 ] Request (SecurityGroupsTestAdminJSON:setUpClass): 201 POST http://10.180.1.21/identity/v3/projects 0.032s
2025-01-13 20:23:57.613 67774 INFO tempest.lib.common.rest_client [req-1c920d66-4dc6-4c3c-8e6a-51e19c535859 req-1c920d66-4dc6-4c3c-8e6a-51e19c535859 ] Request (InstanceUsageAuditLogNegativeTestJSON:tearDownClass): 204 DELETE http://10.180.1.21:9696/networking/v2.0/security-groups/95f82fd7-4ffc-46fd-a484-7b3fb4eaf920 0.737s
2025-01-13 20:23:57.654 67732 INFO tempest.lib.common.rest_client [req-1a385f53-e123-409f-9c15-74abe50b2143 req-1a385f53-e123-409f-9c15-74abe50b2143 ] Request (SecurityGroupsTestAdminJSON:setUpClass): 201 POST http://10.180.1.21/identity/v3/users 0.080s
2025-01-13 20:23:57.714 67774 INFO tempest.lib.common.rest_client [req-079c50f4-13d1-4dff-990e-0f3ec020e500 req-079c50f4-13d1-4dff-990e-0f3ec020e500 ] Request (InstanceUsageAuditLogNegativeTestJSON:tearDownClass): 204 DELETE http://10.180.1.21/identity/v3/projects/84a3f34b08e54828ac695c5d03eb96ea 0.100s
2025-01-13 20:23:57.733 67744 INFO tempest.lib.common.rest_client [req-e54a6f6b-9922-4a17-a692-d0bb2e5d80cd req-e54a6f6b-9922-4a17-a692-d0bb2e5d80cd ] Request (FlavorsAccessNegativeTestJSON:_run_cleanups): 200 POST http://10.180.1.21/compute/v2.1/flavors/522584346/action 1.676s
2025-01-13 20:23:57.767 67772 INFO tempest.lib.common.rest_client [req-78622afd-f176-4564-b6d2-c66925bea32d req-78622afd-f176-4564-b6d2-c66925bea32d ] Request (ImagesMetadataTestJSON:test_delete_image_metadata_item): 200 GET http://10.180.1.21/compute/v2.1/images/957a3168-5f55-463f-abbf-7a1e6f4eccf6/metadata 1.479s
2025-01-13 20:23:57.767 67732 INFO tempest.lib.common.rest_client [req-1a923010-794a-423b-a65f-3cdd04a9a955 req-1a923010-794a-423b-a65f-3cdd04a9a955 ] Request (SecurityGroupsTestAdminJSON:setUpClass): 200 GET http://10.180.1.21/identity/v3/roles 0.112s
2025-01-13 20:23:57.786 67728 INFO tempest.lib.common.rest_client [req-744d6d65-6134-4d9b-8d27-e31931a11f59 req-744d6d65-6134-4d9b-8d27-e31931a11f59 ] Request (HypervisorAdminTestJSON:test_get_hypervisor_stats): 200 GET http://10.180.1.21/compute/v2.1/os-hypervisors/statistics 1.457s
2025-01-13 20:23:57.791 67774 INFO tempest.lib.common.rest_client [req-2e9d450b-f264-4751-97be-d84898713a9b req-2e9d450b-f264-4751-97be-d84898713a9b ] Request (InstanceActionsTestJSON:setUpClass): 201 POST http://10.180.1.21/identity/v3/auth/tokens 0.075s
2025-01-13 20:23:57.794 67770 INFO tempest.lib.common.rest_client [req-7aa9a554-64ee-4925-ac79-42ed4d0e54ac req-7aa9a554-64ee-4925-ac79-42ed4d0e54ac ] Request (VolumesAssistedSnapshotsTest:setUpClass): 201 POST http://10.180.1.21:9696/networking/v2.0/networks 1.222s
2025-01-13 20:23:57.803 67762 INFO tempest.lib.common.rest_client [req-c868f2c5-87a1-46db-84d1-122bb2798166 req-c868f2c5-87a1-46db-84d1-122bb2798166 ] Request (FlavorsExtraSpecsTestJSON:test_flavor_non_admin_get_specific_key): 200 GET http://10.180.1.21/compute/v2.1/flavors/1731591503/os-extra_specs/hw:numa_nodes 1.246s
2025-01-13 20:23:57.818 67732 INFO tempest.lib.common.rest_client [req-5ec0e3ae-5a2b-4981-80b1-8e20535f3ba1 req-5ec0e3ae-5a2b-4981-80b1-8e20535f3ba1 ] Request (SecurityGroupsTestAdminJSON:setUpClass): 204 PUT http://10.180.1.21/identity/v3/projects/ce9b1d72ca8a4e8a90c8a8f32e3681b8/users/47d4b9c4c0584728b609910d08b291ad/roles/12fc8c197a3243de9b698f74a76b8e2c 0.051s
2025-01-13 20:23:57.818 67732 INFO tempest.lib.common.dynamic_creds [-] Dynamic test user 47d4b9c4c0584728b609910d08b291ad is created with scope project and roles: ['member']
2025-01-13 20:23:57.818 67732 INFO tempest.lib.common.dynamic_creds [-] Acquired dynamic creds: credentials: Credentials: {'domain_id': 'default', 'domain_name': 'Default', 'username': 'tempest-SecurityGroupsTestAdminJSON-551195624-project-member', 'project_domain_id': 'default', 'project_domain_name': 'Default', 'project_id': 'ce9b1d72ca8a4e8a90c8a8f32e3681b8', 'project_name': 'tempest-SecurityGroupsTestAdminJSON-551195624', 'tenant_id': 'ce9b1d72ca8a4e8a90c8a8f32e3681b8', 'tenant_name': 'tempest-SecurityGroupsTestAdminJSON-551195624', 'user_domain_id': 'default', 'user_domain_name': 'Default', 'user_id': '47d4b9c4c0584728b609910d08b291ad', 'system': None}, Network: None, Subnet: None, Router: None
2025-01-13 20:23:57.819 67732 INFO tempest.lib.common.dynamic_creds [-] Created isolated network resources for: credentials: Credentials: {'domain_id': 'default', 'domain_name': 'Default', 'username': 'tempest-SecurityGroupsTestAdminJSON-551195624-project-member', 'project_domain_id': 'default', 'project_domain_name': 'Default', 'project_id': 'ce9b1d72ca8a4e8a90c8a8f32e3681b8', 'project_name': 'tempest-SecurityGroupsTestAdminJSON-551195624', 'tenant_id': 'ce9b1d72ca8a4e8a90c8a8f32e3681b8', 'tenant_name': 'tempest-SecurityGroupsTestAdminJSON-551195624', 'user_domain_id': 'default', 'user_domain_name': 'Default', 'user_id': '47d4b9c4c0584728b609910d08b291ad', 'system': None}, Network: None, Subnet: None, Router: None
2025-01-13 20:23:57.827 67722 INFO tempest.lib.common.rest_client [req-540f6d79-fdfd-46c0-b70d-5f682a2c286c req-540f6d79-fdfd-46c0-b70d-5f682a2c286c ] Request (FlavorsV261TestJSON:test_crud_flavor): 200 GET http://10.180.1.21/compute/v2.1/flavors 1.213s
2025-01-13 20:23:57.836 67736 INFO tempest.lib.common.rest_client [req-05373b70-a019-493b-a184-786f887b5c6f req-05373b70-a019-493b-a184-786f887b5c6f ] Request (KeyPairsV210TestJSON:test_admin_manage_keypairs_for_other_users): 200 GET http://10.180.1.21/compute/v2.1/os-keypairs?user_id=55389829b88f4b21917ff6d1083759c4 1.181s
2025-01-13 20:23:57.858 67738 INFO tempest.lib.common.rest_client [req-af67a5ac-6efe-4b59-9a7e-e8e7cf200b79 req-af67a5ac-6efe-4b59-9a7e-e8e7cf200b79 ] Request (ServicesAdminNegativeTestJSON:test_get_service_with_valid_service_and_invalid_host): 200 GET http://10.180.1.21/compute/v2.1/os-services 1.182s
2025-01-13 20:23:57.879 67774 INFO tempest.lib.common.rest_client [req-84006227-ddcb-4e6c-88a1-c338fd28d1a7 req-84006227-ddcb-4e6c-88a1-c338fd28d1a7 ] Request (InstanceActionsTestJSON:setUpClass): 201 POST http://10.180.1.21/identity/v3/auth/tokens 0.085s
2025-01-13 20:23:57.928 67716 INFO tempest.lib.common.rest_client [req-4e82203f-03c7-405c-84a6-3293795b9ed2 req-4e82203f-03c7-405c-84a6-3293795b9ed2 ] Request (FloatingIPsAssociationTestJSON:setUpClass): 200 PUT http://10.180.1.21:9696/networking/v2.0/routers/1a4793c8-dfec-4d95-b470-3aa54fc72f63/add_router_interface 2.640s
2025-01-13 20:23:57.928 67716 INFO tempest.lib.common.dynamic_creds [-] Created isolated network resources for: credentials: Credentials: {'domain_id': 'default', 'domain_name': 'Default', 'username': 'tempest-FloatingIPsAssociationTestJSON-198101722-project-member', 'project_domain_id': 'default', 'project_domain_name': 'Default', 'project_id': '330b8c9af6904befb8ad133b40f2d313', 'project_name': 'tempest-FloatingIPsAssociationTestJSON-198101722', 'tenant_id': '330b8c9af6904befb8ad133b40f2d313', 'tenant_name': 'tempest-FloatingIPsAssociationTestJSON-198101722', 'user_domain_id': 'default', 'user_domain_name': 'Default', 'user_id': '0d9479c4b7334efba48ead866881cdb0', 'system': None}, Network: {'id': '86687a4c-4146-48f8-8632-5acadb424fab', 'name': 'tempest-FloatingIPsAssociationTestJSON-1930689167-network', 'tenant_id': '330b8c9af6904befb8ad133b40f2d313', 'admin_state_up': True, 'mtu': 8950, 'status': 'ACTIVE', 'subnets': [], 'shared': False, 'project_id': '330b8c9af6904befb8ad133b40f2d313', 'port_security_enabled': True, 'router:external': False, 'provider:network_type': 'vlan', 'provider:physical_network': 'default', 'provider:segmentation_id': 89, 'availability_zone_hints': [], 'availability_zones': [], 'ipv4_address_scope': None, 'ipv6_address_scope': None, 'description': '', 'tags': [], 'created_at': '2025-01-13T20:23:53Z', 'updated_at': '2025-01-13T20:23:53Z', 'revision_number': 1}, Subnet: {'id': '3dde794a-dc27-4120-b713-45b210337b6f', 'name': 'tempest-FloatingIPsAssociationTestJSON-1930689167-subnet', 'tenant_id': '330b8c9af6904befb8ad133b40f2d313', 'network_id': '86687a4c-4146-48f8-8632-5acadb424fab', 'ip_version': 4, 'subnetpool_id': None, 'enable_dhcp': True, 'ipv6_ra_mode': None, 'ipv6_address_mode': None, 'gateway_ip': '192.168.128.1', 'cidr': '192.168.128.0/28', 'allocation_pools': [{'start': '192.168.128.2', 'end': '192.168.128.14'}], 'host_routes': [], 'dns_nameservers': [], 'description': '', 'router:external': False, 'service_types': [], 'tags': [], 'created_at': '2025-01-13T20:23:54Z', 'updated_at': '2025-01-13T20:23:54Z', 'revision_number': 0, 'project_id': '330b8c9af6904befb8ad133b40f2d313'}, Router: {'id': '1a4793c8-dfec-4d95-b470-3aa54fc72f63', 'name': 'tempest-FloatingIPsAssociationTestJSON-1930689167-router', 'tenant_id': '330b8c9af6904befb8ad133b40f2d313', 'admin_state_up': True, 'status': 'ACTIVE', 'external_gateway_info': {'network_id': '51a73d1b-d331-4c69-aa8c-962a572e92eb', 'external_fixed_ips': [{'subnet_id': 'ebacd113-3470-43fd-9ca8-5a2970cf9ef2', 'ip_address': '10.180.180.203'}], 'enable_snat': True}, 'description': '', 'availability_zones': [], 'distributed': False, 'ha': False, 'availability_zone_hints': [], 'routes': [], 'flavor_id': None, 'tags': [], 'created_at': '2025-01-13T20:23:54Z', 'updated_at': '2025-01-13T20:23:54Z', 'revision_number': 2, 'project_id': '330b8c9af6904befb8ad133b40f2d313'}
2025-01-13 20:23:57.952 67728 INFO tempest.lib.common.rest_client [req-d94aadd2-a849-40a8-b785-8880b4586748 req-d94aadd2-a849-40a8-b785-8880b4586748 ] Request (HypervisorAdminTestJSON:tearDownClass): 204 DELETE http://10.180.1.21/identity/v3/users/bacc41cbdf5643489a08f3dc4bc75ea4 0.160s
2025-01-13 20:23:57.953 67732 INFO tempest.lib.common.rest_client [req-35570d98-2279-43f7-ba9a-0e55ce33d45c req-35570d98-2279-43f7-ba9a-0e55ce33d45c ] Request (SecurityGroupsTestAdminJSON:setUpClass): 201 POST http://10.180.1.21/identity/v3/auth/tokens 0.131s
2025-01-13 20:23:57.995 67754 INFO tempest.lib.common.rest_client [req-39847a04-80d5-4c6a-80f1-4a398ec6ad1d req-39847a04-80d5-4c6a-80f1-4a398ec6ad1d ] Request (ServersTestMultiNic:setUpClass): 201 POST http://10.180.1.21:9696/networking/v2.0/networks 1.375s
2025-01-13 20:23:58.005 67776 INFO tempest.lib.common.rest_client [req-66696459-eebf-44ba-a6c0-95c1428ec31a req-66696459-eebf-44ba-a6c0-95c1428ec31a ] Request (ServicesAdminTestJSON:tearDownClass): 200 GET http://10.180.1.21:9696/networking/v2.0/security-groups?tenant_id=fe32da9109564ea187a733de356277e8&name=default 0.565s
2025-01-13 20:23:58.027 67716 INFO tempest.lib.common.rest_client [req-06fa8529-6685-4f32-b1ce-22745ad59d2b req-06fa8529-6685-4f32-b1ce-22745ad59d2b ] Request (FloatingIPsAssociationTestJSON:setUpClass): 201 POST http://10.180.1.21/identity/v3/auth/tokens 0.094s
2025-01-13 20:23:58.037 67758 INFO tempest.lib.common.rest_client [req-9ee9921b-d207-4c5c-9f68-fd4551580c5f req-9ee9921b-d207-4c5c-9f68-fd4551580c5f ] Request (HypervisorAdminUnderV252Test:tearDownClass): 200 GET http://10.180.1.21:9696/networking/v2.0/security-groups?tenant_id=07a78a6e23304fd4a7e391e37d0f32e3&name=default 0.639s
2025-01-13 20:23:58.055 67774 INFO tempest.lib.common.rest_client [req-b9f63688-193e-491a-b7b1-0b5ac6569e80 req-b9f63688-193e-491a-b7b1-0b5ac6569e80 ] Request (InstanceActionsTestJSON:setUpClass): 200 GET http://10.180.1.21/identity/v3/domains?name=Default 0.175s
2025-01-13 20:23:58.113 67728 INFO tempest.lib.common.rest_client [req-2a029cc3-2d7f-4aed-8b98-266d25c26253 req-2a029cc3-2d7f-4aed-8b98-266d25c26253 ] Request (HypervisorAdminTestJSON:tearDownClass): 204 DELETE http://10.180.1.21/identity/v3/users/42ae9f38bbd145b39f950a796eeab82a 0.160s
2025-01-13 20:23:58.113 67728 INFO tempest.lib.common.dynamic_creds [-] Deleting project and security group for project: 3176560a952a407e8f53e2ab08c7755d
2025-01-13 20:23:58.171 67740 INFO tempest.lib.common.rest_client [req-4e41ab3d-fd25-4c29-ac40-2872fa752fed req-4e41ab3d-fd25-4c29-ac40-2872fa752fed ] Request (QuotasAdminNegativeTest:test_create_server_when_instances_quota_is_full): 200 GET http://10.180.1.21/compute/v2.1/os-quota-sets/908971a6416a4eba911245e58c08a8b7 1.156s
2025-01-13 20:23:58.178 67732 INFO tempest.lib.common.rest_client [req-5eda3718-915c-4b80-9072-2c27d43ff29d req-5eda3718-915c-4b80-9072-2c27d43ff29d ] Request (SecurityGroupsTestAdminJSON:setUpClass): 201 POST http://10.180.1.21/identity/v3/projects 0.223s
2025-01-13 20:23:58.192 67730 INFO tempest.lib.common.rest_client [req-8be010a0-b5a2-42f6-8c0d-553a31429130 req-8be010a0-b5a2-42f6-8c0d-553a31429130 ] Request (KeyPairsNegativeTestJSON:test_create_keypair_with_duplicate_name): 202 DELETE http://10.180.1.21/compute/v2.1/os-keypairs/tempest-keypair-92336292 1.121s
2025-01-13 20:23:58.207 67716 INFO tempest.lib.common.rest_client [req-c20fcc2a-7bd9-4ee7-9319-02c8a0665511 req-c20fcc2a-7bd9-4ee7-9319-02c8a0665511 ] Request (FloatingIPsAssociationTestJSON:setUpClass): 201 POST http://10.180.1.21/identity/v3/auth/tokens 0.173s
2025-01-13 20:23:58.207 67716 INFO tempest.lib.common.fixed_network [-] (FloatingIPsAssociationTestJSON:setUpClass) Found network {'id': '86687a4c-4146-48f8-8632-5acadb424fab', 'name': 'tempest-FloatingIPsAssociationTestJSON-1930689167-network', 'tenant_id': '330b8c9af6904befb8ad133b40f2d313', 'admin_state_up': True, 'mtu': 8950, 'status': 'ACTIVE', 'subnets': [], 'shared': False, 'project_id': '330b8c9af6904befb8ad133b40f2d313', 'port_security_enabled': True, 'router:external': False, 'provider:network_type': 'vlan', 'provider:physical_network': 'default', 'provider:segmentation_id': 89, 'availability_zone_hints': [], 'availability_zones': [], 'ipv4_address_scope': None, 'ipv6_address_scope': None, 'description': '', 'tags': [], 'created_at': '2025-01-13T20:23:53Z', 'updated_at': '2025-01-13T20:23:53Z', 'revision_number': 1} available for tenant
2025-01-13 20:23:58.231 67728 INFO tempest.lib.common.rest_client [req-8a0efa57-080b-4c63-9449-fff9b1a2d278 req-8a0efa57-080b-4c63-9449-fff9b1a2d278 ] Request (HypervisorAdminTestJSON:tearDownClass): 201 POST http://10.180.1.21/identity/v3/auth/tokens 0.117s
2025-01-13 20:23:58.241 67774 INFO tempest.lib.common.rest_client [req-96df18a2-7da7-4ea6-8150-d8ea6d3ca444 req-96df18a2-7da7-4ea6-8150-d8ea6d3ca444 ] Request (InstanceActionsTestJSON:setUpClass): 201 POST http://10.180.1.21/identity/v3/projects 0.186s
2025-01-13 20:23:58.251 67732 INFO tempest.lib.common.rest_client [req-a54bb09e-2866-4a2f-afcf-687b52c1eb14 req-a54bb09e-2866-4a2f-afcf-687b52c1eb14 ] Request (SecurityGroupsTestAdminJSON:setUpClass): 201 POST http://10.180.1.21/identity/v3/users 0.072s
2025-01-13 20:23:58.276 67726 INFO tempest.lib.common.rest_client [req-0a9386de-1547-4003-b968-cf0532cc8f60 req-0a9386de-1547-4003-b968-cf0532cc8f60 ] Request (ImagesTestJSON:setUpClass): 201 POST http://10.180.1.21:9696/networking/v2.0/networks 1.395s
2025-01-13 20:23:58.291 67774 INFO tempest.lib.common.rest_client [req-e0a386ff-d6b9-40f3-a3ed-cdd8a74ba9f2 req-e0a386ff-d6b9-40f3-a3ed-cdd8a74ba9f2 ] Request (InstanceActionsTestJSON:setUpClass): 201 POST http://10.180.1.21/identity/v3/users 0.049s
2025-01-13 20:23:58.311 67732 INFO tempest.lib.common.rest_client [req-8e46c5b1-4cc2-4101-a3b1-ccd86395d1e4 req-8e46c5b1-4cc2-4101-a3b1-ccd86395d1e4 ] Request (SecurityGroupsTestAdminJSON:setUpClass): 200 GET http://10.180.1.21/identity/v3/roles 0.060s
2025-01-13 20:23:58.327 67774 INFO tempest.lib.common.rest_client [req-194af4f5-a727-485b-b176-822e46711d35 req-194af4f5-a727-485b-b176-822e46711d35 ] Request (InstanceActionsTestJSON:setUpClass): 200 GET http://10.180.1.21/identity/v3/roles 0.036s
2025-01-13 20:23:58.357 67732 INFO tempest.lib.common.rest_client [req-71a73498-d504-48fa-bc59-57bb3300a726 req-71a73498-d504-48fa-bc59-57bb3300a726 ] Request (SecurityGroupsTestAdminJSON:setUpClass): 204 PUT http://10.180.1.21/identity/v3/projects/75617137a2e9457aa78c60cdba096ceb/users/77b43693019a4113b778e08914d45549/roles/46e76391cc5d4b39b16856cd291182f3 0.045s
