2025-01-13 20:25:52.197 67716 INFO tempest.lib.common.rest_client [req-3f37d2c1-93cf-49c5-9272-ba30587e09ff req-3f37d2c1-93cf-49c5-9272-ba30587e09ff ] Request (FloatingIPsAssociationTestJSON:tearDownClass): 200 GET http://10.180.1.21/compute/v2.1/servers/7c037c97-6be9-4a20-90fe-621334a13535 0.119s
2025-01-13 20:25:52.345 67754 INFO tempest.lib.common.rest_client [req-3bd050e2-616a-46a3-9d18-c8f200411a78 req-3bd050e2-616a-46a3-9d18-c8f200411a78 ] Request (ServersTestMultiNic:test_verify_multiple_nics_order): 200 GET http://10.180.1.21/compute/v2.1/servers/5629531e-003a-4ae4-ba3e-aca40f9088f3 0.075s
2025-01-13 20:25:52.397 67757 INFO tempest.lib.common.rest_client [req-852723f2-d9dd-461b-a105-7d88c49e864a req-852723f2-d9dd-461b-a105-7d88c49e864a ] Request (ServerGroupTestJSON:test_create_server_with_scheduler_hint_group): 200 GET http://10.180.1.21/compute/v2.1/servers/a7c17bc5-408d-4988-a687-2f6ed51ac088 0.199s
2025-01-13 20:25:52.403 67724 INFO tempest.lib.common.rest_client [req-c0fddc6d-ffbc-456c-b941-a40623036b1d req-c0fddc6d-ffbc-456c-b941-a40623036b1d ] Request (ServerDiagnosticsTest:test_get_server_diagnostics): 200 GET http://10.180.1.21/compute/v2.1/servers/445d93af-e9fb-4a04-b4bd-2cc1e7548f88 0.054s
2025-01-13 20:25:52.404 67757 INFO tempest.common.waiters [-] State transition "BUILD/block_device_mapping" ==> "BUILD/spawning" after 62 second wait
2025-01-13 20:25:52.464 67768 INFO tempest.lib.common.rest_client [req-25e553bc-8423-4734-822f-68fdbf7be168 req-25e553bc-8423-4734-822f-68fdbf7be168 ] Request (SecurityGroupsTestJSON:test_list_security_groups_by_server): 200 GET http://10.180.1.21/compute/v2.1/servers/2cc12d89-f1da-4968-b5be-02443a538439 0.061s
2025-01-13 20:25:52.522 67730 INFO tempest.lib.common.rest_client [req-29a7c93a-58e6-482e-a3e0-319c51413350 req-29a7c93a-58e6-482e-a3e0-319c51413350 ] Request (ServersTestFqdnHostnames:test_create_server_with_fqdn_name): 200 GET http://10.180.1.21/compute/v2.1/servers/ecdbb9ab-859b-4989-b6c3-e8f2e26301de 0.059s
2025-01-13 20:25:52.590 67774 INFO tempest.lib.common.rest_client [req-ed4ee22d-d1e8-4ed9-84de-83b329ef4f10 req-ed4ee22d-d1e8-4ed9-84de-83b329ef4f10 ] Request (ServersNegativeTestMultiTenantJSON:setUpClass): 200 GET http://10.180.1.21/compute/v2.1/servers/eed09add-be12-4037-a619-c27f266e8efc 0.079s
2025-01-13 20:25:52.633 67750 INFO tempest.lib.common.rest_client [req-839dfd2c-7192-4021-823c-40df67d3cf17 req-839dfd2c-7192-4021-823c-40df67d3cf17 ] Request (MigrationsAdminTest:test_resize_server_revert_deleted_flavor): 200 GET http://10.180.1.21/compute/v2.1/servers/c6163c18-0074-4336-aeda-272f9da51db0 0.067s
2025-01-13 20:25:52.684 67778 INFO tempest.lib.common.rest_client [req-f815d79c-cff6-4c20-820b-29052f6f8dbb req-f815d79c-cff6-4c20-820b-29052f6f8dbb ] Request (ServersAdminTestJSON:test_inject_network_info): 200 GET http://10.180.1.21/compute/v2.1/servers/0e407159-3b30-4637-9b45-79628385e872 0.066s
2025-01-13 20:25:52.764 67744 INFO tempest.lib.common.rest_client [req-95b2a6a2-b2f0-4ae6-9bb0-580d00146396 req-95b2a6a2-b2f0-4ae6-9bb0-580d00146396 ] Request (ServerExternalEventsTest:test_create_server_external_events): 200 GET http://10.180.1.21/compute/v2.1/servers/eec857ae-b3cc-4b5e-a1f0-8914faa151d1 0.156s
2025-01-13 20:25:52.778 67732 INFO tempest.lib.common.rest_client [req-4d976e1e-ac5a-4ca3-a87a-795d965b2b31 req-4d976e1e-ac5a-4ca3-a87a-795d965b2b31 ] Request (ServerDiagnosticsV248Test:tearDownClass): 200 GET http://10.180.1.21/compute/v2.1/servers/d26669e1-9612-490c-b4a6-ba83d2ced264 0.106s
2025-01-13 20:25:52.833 67766 INFO tempest.lib.common.rest_client [req-e18bbfbe-afdb-43b1-bb7e-93ac36dc854c req-e18bbfbe-afdb-43b1-bb7e-93ac36dc854c ] Request (ImagesOneServerNegativeTestJSON:setUpClass): 200 GET http://10.180.1.21/compute/v2.1/servers/25720ae4-eecd-43cb-a7c3-3765565e4218 0.101s
2025-01-13 20:25:52.870 67720 INFO tempest.lib.common.rest_client [req-b83444dd-8131-4af4-bfde-0495c19fb9af req-b83444dd-8131-4af4-bfde-0495c19fb9af ] Request (DeleteServersAdminTestJSON:test_delete_server_while_in_error_state): 200 GET http://10.180.1.21/compute/v2.1/servers/57428019-183e-4cf1-a0c4-748d3d34307d 0.182s
2025-01-13 20:25:52.906 67722 INFO tempest.lib.common.rest_client [req-aec6669f-1a72-48b9-8d1c-70d0c3973083 req-aec6669f-1a72-48b9-8d1c-70d0c3973083 ] Request (ListServerFiltersTestJSON:tearDownClass): 200 GET http://10.180.1.21/compute/v2.1/servers/458f738c-d224-4d91-9aa9-f4b5d49aa243 0.104s
2025-01-13 20:25:52.909 67718 INFO tempest.lib.common.rest_client [req-4a6dfcd8-05e2-4b7f-a8ba-90d688abdd26 req-4a6dfcd8-05e2-4b7f-a8ba-90d688abdd26 ] Request (VolumesAdminNegativeTest:setUpClass): 200 PUT http://10.180.1.21:9696/networking/v2.0/routers/a36dc991-6132-4ddf-92b1-91b85bd3bc43/add_router_interface 1.678s
2025-01-13 20:25:52.909 67718 INFO tempest.lib.common.dynamic_creds [-] Created isolated network resources for: credentials: Credentials: {'domain_id': 'default', 'domain_name': 'Default', 'username': 'tempest-VolumesAdminNegativeTest-284287685-project-admin', 'project_domain_id': 'default', 'project_domain_name': 'Default', 'project_id': 'bd9e79e14b33413aaf352913ac1478e8', 'project_name': 'tempest-VolumesAdminNegativeTest-284287685', 'tenant_id': 'bd9e79e14b33413aaf352913ac1478e8', 'tenant_name': 'tempest-VolumesAdminNegativeTest-284287685', 'user_domain_id': 'default', 'user_domain_name': 'Default', 'user_id': '7dcedc75b4e442f0adbfdd3bc18bca61', 'system': None}, Network: {'id': 'e26b2d6a-a81d-44dc-8a53-0d8cf0b96e45', 'name': 'tempest-VolumesAdminNegativeTest-1811760508-network', 'tenant_id': 'bd9e79e14b33413aaf352913ac1478e8', 'admin_state_up': True, 'mtu': 8950, 'status': 'ACTIVE', 'subnets': [], 'shared': False, 'project_id': 'bd9e79e14b33413aaf352913ac1478e8', 'port_security_enabled': True, 'router:external': False, 'provider:network_type': 'vlan', 'provider:physical_network': 'default', 'provider:segmentation_id': 599, 'availability_zone_hints': [], 'availability_zones': [], 'ipv4_address_scope': None, 'ipv6_address_scope': None, 'description': '', 'tags': [], 'created_at': '2025-01-13T20:25:49Z', 'updated_at': '2025-01-13T20:25:49Z', 'revision_number': 1}, Subnet: {'id': '20674b82-a0ed-40a1-85d6-be040d5d11b2', 'name': 'tempest-VolumesAdminNegativeTest-1811760508-subnet', 'tenant_id': 'bd9e79e14b33413aaf352913ac1478e8', 'network_id': 'e26b2d6a-a81d-44dc-8a53-0d8cf0b96e45', 'ip_version': 4, 'subnetpool_id': None, 'enable_dhcp': True, 'ipv6_ra_mode': None, 'ipv6_address_mode': None, 'gateway_ip': '192.168.128.1', 'cidr': '192.168.128.0/28', 'allocation_pools': [{'start': '192.168.128.2', 'end': '192.168.128.14'}], 'host_routes': [], 'dns_nameservers': [], 'description': '', 'router:external': False, 'service_types': [], 'tags': [], 'created_at': '2025-01-13T20:25:49Z', 'updated_at': '2025-01-13T20:25:49Z', 'revision_number': 0, 'project_id': 'bd9e79e14b33413aaf352913ac1478e8'}, Router: {'id': 'a36dc991-6132-4ddf-92b1-91b85bd3bc43', 'name': 'tempest-VolumesAdminNegativeTest-1811760508-router', 'tenant_id': 'bd9e79e14b33413aaf352913ac1478e8', 'admin_state_up': True, 'status': 'ACTIVE', 'external_gateway_info': {'network_id': '51a73d1b-d331-4c69-aa8c-962a572e92eb', 'external_fixed_ips': [{'subnet_id': 'ebacd113-3470-43fd-9ca8-5a2970cf9ef2', 'ip_address': '10.180.180.202'}], 'enable_snat': True}, 'description': '', 'availability_zones': [], 'distributed': False, 'ha': False, 'availability_zone_hints': [], 'routes': [], 'flavor_id': None, 'tags': [], 'created_at': '2025-01-13T20:25:49Z', 'updated_at': '2025-01-13T20:25:50Z', 'revision_number': 2, 'project_id': 'bd9e79e14b33413aaf352913ac1478e8'}
2025-01-13 20:25:52.943 67736 INFO tempest.lib.common.rest_client [req-08619efa-22e8-4f31-820c-a237377d374d req-08619efa-22e8-4f31-820c-a237377d374d ] Request (ImagesOneServerTestJSON:tearDownClass): 200 GET http://10.180.1.21/compute/v2.1/servers/14eb14ad-c9a6-4f62-a9a0-65164479e188 0.094s
2025-01-13 20:25:52.968 67728 INFO tempest.lib.common.rest_client [req-a446a5c6-c2be-4783-8c9c-05793cafb29e req-a446a5c6-c2be-4783-8c9c-05793cafb29e ] Request (ServerRescueTestJSONUnderV235:setUpClass): 200 GET http://10.180.1.21/compute/v2.1/servers/d3d2f2e2-b8f2-4732-afaa-ed51e5df375a 0.059s
2025-01-13 20:25:53.004 67718 INFO tempest.lib.common.rest_client [req-c5b91486-bb70-4046-9cab-ac3d98c3acc9 req-c5b91486-bb70-4046-9cab-ac3d98c3acc9 ] Request (VolumesAdminNegativeTest:setUpClass): 201 POST http://10.180.1.21/identity/v3/auth/tokens 0.092s
2025-01-13 20:25:53.023 67738 INFO tempest.lib.common.rest_client [req-067e6817-c5d5-4bda-a33d-93e3ade50778 req-067e6817-c5d5-4bda-a33d-93e3ade50778 ] Request (AttachVolumeShelveTestJSON:test_attach_volume_shelved_or_offload_server): 200 GET http://10.180.1.21/compute/v2.1/servers/dec2ce44-20ed-45af-900f-86aa2c1dab2d 0.057s
2025-01-13 20:25:53.064 67770 WARNING tempest.lib.common.ssh [-] Failed to establish authenticated ssh connection to cirros@10.180.180.236 ([Errno None] Unable to connect to port 22 on 10.180.180.236). Number attempts: 9. Retry after 10 seconds.: paramiko.ssh_exception.NoValidConnectionsError: [Errno None] Unable to connect to port 22 on 10.180.180.236
2025-01-13 20:25:53.090 67748 INFO tempest.lib.common.rest_client [req-1e8ef8a8-a5fa-435a-b825-3336848f9024 req-1e8ef8a8-a5fa-435a-b825-3336848f9024 ] Request (DeleteServersTestJSON:test_delete_active_server): 200 GET http://10.180.1.21/compute/v2.1/servers/0c89a295-fc69-45db-8a49-efa31e3a9cf8 0.061s
2025-01-13 20:25:53.152 67752 INFO tempest.lib.common.rest_client [req-69880029-3e58-46d7-8cd7-38b1f9e79f1a req-69880029-3e58-46d7-8cd7-38b1f9e79f1a ] Request (ServerShowV254Test:tearDownClass): 200 GET http://10.180.1.21/compute/v2.1/servers/ce97c764-fd8a-460c-a642-646822ddefdb 0.112s
2025-01-13 20:25:53.157 67718 INFO tempest.lib.common.rest_client [req-f3f425de-5a0b-45e9-90b5-d750ac17ec22 req-f3f425de-5a0b-45e9-90b5-d750ac17ec22 ] Request (VolumesAdminNegativeTest:test_update_attached_volume_with_nonexistent_volume_in_body): 200 POST http://10.180.1.21/compute/v2.1/os-keypairs 0.151s
2025-01-13 20:25:53.207 67726 INFO tempest.lib.common.rest_client [req-fb72aa25-cd83-4fda-ba54-34b7aefa1105 req-fb72aa25-cd83-4fda-ba54-34b7aefa1105 ] Request (ImagesTestJSON:test_create_image_from_suspended_server): 200 GET http://10.180.1.21/compute/v2.1/servers/de05e8bf-6af1-41bb-bd0b-43a77c259c98 0.112s
2025-01-13 20:25:53.234 67740 INFO tempest.lib.common.rest_client [req-d560e608-c572-4c3f-b0f7-8e668cc3c32f req-d560e608-c572-4c3f-b0f7-8e668cc3c32f ] Request (ServersAdmin275Test:tearDownClass): 200 GET http://10.180.1.21/compute/v2.1/servers/fca5ff75-8391-43dd-92a1-53c52bb797c4 0.108s
2025-01-13 20:25:53.261 67742 INFO tempest.lib.common.rest_client [req-b36b3598-0321-49ac-89d8-1133da796fc7 req-b36b3598-0321-49ac-89d8-1133da796fc7 ] Request (ServerDiskConfigTestJSON:test_rebuild_server_with_auto_disk_config): 200 GET http://10.180.1.21/compute/v2.1/servers/d4b63ceb-c8ec-47bf-9853-1c522e1da467 0.103s
2025-01-13 20:25:53.269 67742 INFO tempest.common.waiters [-] State transition "BUILD/None" ==> "BUILD/networking" after 61 second wait
2025-01-13 20:25:53.273 67734 INFO tempest.lib.common.rest_client [req-8469c6b4-6413-4a7b-aae3-7cb335a4b437 req-8469c6b4-6413-4a7b-aae3-7cb335a4b437 ] Request (ListImageFiltersTestJSON:setUpClass): 200 GET http://10.180.1.21/compute/v2.1/images/04ad0e35-4e92-4bec-9886-14121088a52c 0.080s
2025-01-13 20:25:53.332 67716 INFO tempest.lib.common.rest_client [req-d72654e9-5d60-448e-8e33-1c2214734ee6 req-d72654e9-5d60-448e-8e33-1c2214734ee6 ] Request (FloatingIPsAssociationTestJSON:tearDownClass): 200 GET http://10.180.1.21/compute/v2.1/servers/7c037c97-6be9-4a20-90fe-621334a13535 0.120s
2025-01-13 20:25:53.358 67718 INFO tempest.lib.common.rest_client [req-060dd4c5-95e2-41f1-8bc9-42a9cab154f4 req-060dd4c5-95e2-41f1-8bc9-42a9cab154f4 ] Request (VolumesAdminNegativeTest:test_update_attached_volume_with_nonexistent_volume_in_body): 201 POST http://10.180.1.21:9696/networking/v2.0/security-groups 0.197s
2025-01-13 20:25:53.427 67754 INFO tempest.lib.common.rest_client [req-82583a12-7b92-4cc9-92af-e19a5890b748 req-82583a12-7b92-4cc9-92af-e19a5890b748 ] Request (ServersTestMultiNic:test_verify_multiple_nics_order): 200 GET http://10.180.1.21/compute/v2.1/servers/5629531e-003a-4ae4-ba3e-aca40f9088f3 0.069s
2025-01-13 20:25:53.486 67724 INFO tempest.lib.common.rest_client [req-0433f414-d6a6-4649-ab40-aeb9e8be7ac3 req-0433f414-d6a6-4649-ab40-aeb9e8be7ac3 ] Request (ServerDiagnosticsTest:test_get_server_diagnostics): 200 GET http://10.180.1.21/compute/v2.1/servers/445d93af-e9fb-4a04-b4bd-2cc1e7548f88 0.068s
2025-01-13 20:25:53.515 67757 INFO tempest.lib.common.rest_client [req-71947610-e2f4-4bd5-8590-0e6fd0e8258f req-71947610-e2f4-4bd5-8590-0e6fd0e8258f ] Request (ServerGroupTestJSON:test_create_server_with_scheduler_hint_group): 200 GET http://10.180.1.21/compute/v2.1/servers/a7c17bc5-408d-4988-a687-2f6ed51ac088 0.109s
2025-01-13 20:25:53.521 67718 INFO tempest.lib.common.rest_client [req-1995d272-a02c-4589-bef5-a191fde45e23 req-1995d272-a02c-4589-bef5-a191fde45e23 ] Request (VolumesAdminNegativeTest:test_update_attached_volume_with_nonexistent_volume_in_body): 201 POST http://10.180.1.21:9696/networking/v2.0/security-group-rules 0.163s
2025-01-13 20:25:53.544 67768 INFO tempest.lib.common.rest_client [req-2ea140e7-5be7-4315-a186-f8f44f097c8b req-2ea140e7-5be7-4315-a186-f8f44f097c8b ] Request (SecurityGroupsTestJSON:test_list_security_groups_by_server): 200 GET http://10.180.1.21/compute/v2.1/servers/2cc12d89-f1da-4968-b5be-02443a538439 0.069s
2025-01-13 20:25:53.601 67730 INFO tempest.lib.common.rest_client [req-b20024a5-24f8-4de7-8dab-af02c4512be2 req-b20024a5-24f8-4de7-8dab-af02c4512be2 ] Request (ServersTestFqdnHostnames:test_create_server_with_fqdn_name): 200 GET http://10.180.1.21/compute/v2.1/servers/ecdbb9ab-859b-4989-b6c3-e8f2e26301de 0.062s
2025-01-13 20:25:53.628 67718 INFO tempest.lib.common.rest_client [req-b35be33b-dc15-4a5e-b6bb-69b34e26a329 req-b35be33b-dc15-4a5e-b6bb-69b34e26a329 ] Request (VolumesAdminNegativeTest:test_update_attached_volume_with_nonexistent_volume_in_body): 201 POST http://10.180.1.21:9696/networking/v2.0/security-group-rules 0.106s
2025-01-13 20:25:53.668 67774 INFO tempest.lib.common.rest_client [req-31794264-4d9a-4df9-bfbe-59212b881b8e req-31794264-4d9a-4df9-bfbe-59212b881b8e ] Request (ServersNegativeTestMultiTenantJSON:setUpClass): 200 GET http://10.180.1.21/compute/v2.1/servers/eed09add-be12-4037-a619-c27f266e8efc 0.063s
2025-01-13 20:25:53.712 67750 INFO tempest.lib.common.rest_client [req-caa0b5fe-fced-4528-a82c-174ea6fa2176 req-caa0b5fe-fced-4528-a82c-174ea6fa2176 ] Request (MigrationsAdminTest:test_resize_server_revert_deleted_flavor): 200 GET http://10.180.1.21/compute/v2.1/servers/c6163c18-0074-4336-aeda-272f9da51db0 0.068s
2025-01-13 20:25:53.751 67778 INFO tempest.lib.common.rest_client [req-f57ed532-8352-4330-974d-bcd2999670f1 req-f57ed532-8352-4330-974d-bcd2999670f1 ] Request (ServersAdminTestJSON:test_inject_network_info): 200 GET http://10.180.1.21/compute/v2.1/servers/0e407159-3b30-4637-9b45-79628385e872 0.058s
2025-01-13 20:25:53.873 67732 INFO tempest.lib.common.rest_client [req-337506ee-67b0-4518-9033-10c0d5a082c8 req-337506ee-67b0-4518-9033-10c0d5a082c8 ] Request (ServerDiagnosticsV248Test:tearDownClass): 200 GET http://10.180.1.21/compute/v2.1/servers/d26669e1-9612-490c-b4a6-ba83d2ced264 0.085s
2025-01-13 20:25:53.948 67766 INFO tempest.lib.common.rest_client [req-1425b19b-bcd9-4aa4-8dcc-9d8001bafabb req-1425b19b-bcd9-4aa4-8dcc-9d8001bafabb ] Request (ImagesOneServerNegativeTestJSON:setUpClass): 200 GET http://10.180.1.21/compute/v2.1/servers/25720ae4-eecd-43cb-a7c3-3765565e4218 0.102s
2025-01-13 20:25:53.964 67744 INFO tempest.lib.common.rest_client [req-65eecb66-7c5c-40b9-bf36-6e3624daf16d req-65eecb66-7c5c-40b9-bf36-6e3624daf16d ] Request (ServerExternalEventsTest:test_create_server_external_events): 200 GET http://10.180.1.21/compute/v2.1/servers/eec857ae-b3cc-4b5e-a1f0-8914faa151d1 0.186s
2025-01-13 20:25:54.014 67720 INFO tempest.lib.common.rest_client [req-2190075e-fab9-4f25-8212-deefd1285d89 req-2190075e-fab9-4f25-8212-deefd1285d89 ] Request (DeleteServersAdminTestJSON:test_delete_server_while_in_error_state): 200 GET http://10.180.1.21/compute/v2.1/servers/57428019-183e-4cf1-a0c4-748d3d34307d 0.133s
2025-01-13 20:25:54.042 67722 INFO tempest.lib.common.rest_client [req-b9c723dc-56b5-4e0c-aa77-41fbb598d138 req-b9c723dc-56b5-4e0c-aa77-41fbb598d138 ] Request (ListServerFiltersTestJSON:tearDownClass): 200 GET http://10.180.1.21/compute/v2.1/servers/458f738c-d224-4d91-9aa9-f4b5d49aa243 0.122s
2025-01-13 20:25:54.081 67736 INFO tempest.lib.common.rest_client [req-a976eaf4-99d9-452d-8c7f-b5cafbb8fa16 req-a976eaf4-99d9-452d-8c7f-b5cafbb8fa16 ] Request (ImagesOneServerTestJSON:tearDownClass): 200 GET http://10.180.1.21/compute/v2.1/servers/14eb14ad-c9a6-4f62-a9a0-65164479e188 0.130s
2025-01-13 20:25:54.110 67728 INFO tempest.lib.common.rest_client [req-44f1364c-110e-4ed0-81fe-a6ae5f67451b req-44f1364c-110e-4ed0-81fe-a6ae5f67451b ] Request (ServerRescueTestJSONUnderV235:setUpClass): 200 GET http://10.180.1.21/compute/v2.1/servers/d3d2f2e2-b8f2-4732-afaa-ed51e5df375a 0.134s
2025-01-13 20:25:54.146 67738 INFO tempest.lib.common.rest_client [req-1b6f5a6a-49f2-49e0-9230-6fecb038a60a req-1b6f5a6a-49f2-49e0-9230-6fecb038a60a ] Request (AttachVolumeShelveTestJSON:test_attach_volume_shelved_or_offload_server): 200 GET http://10.180.1.21/compute/v2.1/servers/dec2ce44-20ed-45af-900f-86aa2c1dab2d 0.112s
2025-01-13 20:25:54.186 67748 INFO tempest.lib.common.rest_client [req-63863147-d359-4aa5-9617-e1e8600f62cd req-63863147-d359-4aa5-9617-e1e8600f62cd ] Request (DeleteServersTestJSON:test_delete_active_server): 200 GET http://10.180.1.21/compute/v2.1/servers/0c89a295-fc69-45db-8a49-efa31e3a9cf8 0.084s
2025-01-13 20:25:54.192 67748 INFO tempest.common.waiters [-] State transition "ACTIVE/deleting" ==> "DELETED/None" after 5 second wait
2025-01-13 20:25:54.224 67752 INFO tempest.lib.common.rest_client [req-05fab287-8f22-4d44-9c74-493c9abebefa req-05fab287-8f22-4d44-9c74-493c9abebefa ] Request (ServerShowV254Test:tearDownClass): 200 GET http://10.180.1.21/compute/v2.1/servers/ce97c764-fd8a-460c-a642-646822ddefdb 0.060s
2025-01-13 20:25:54.243 67718 INFO tempest.lib.common.rest_client [req-12c51d2a-72b3-4a93-abef-0335b8238074 req-12c51d2a-72b3-4a93-abef-0335b8238074 ] Request (VolumesAdminNegativeTest:test_update_attached_volume_with_nonexistent_volume_in_body): 201 POST http://10.180.1.21:9696/networking/v2.0/floatingips 0.614s
2025-01-13 20:25:54.275 67726 INFO tempest.lib.common.rest_client [req-2923a6ce-5cf9-4d27-8844-1fb9c7f91eba req-2923a6ce-5cf9-4d27-8844-1fb9c7f91eba ] Request (ImagesTestJSON:test_create_image_from_suspended_server): 200 GET http://10.180.1.21/compute/v2.1/servers/de05e8bf-6af1-41bb-bd0b-43a77c259c98 0.054s
2025-01-13 20:25:54.282 67718 INFO tempest.lib.common.rest_client [req-a4209dbb-1ccf-41d5-91a1-b65e8022620f req-a4209dbb-1ccf-41d5-91a1-b65e8022620f ] Request (VolumesAdminNegativeTest:test_update_attached_volume_with_nonexistent_volume_in_body): 201 POST http://10.180.1.21/identity/v3/auth/tokens 0.034s
2025-01-13 20:25:54.283 67718 INFO tempest.lib.common.fixed_network [-] (VolumesAdminNegativeTest:test_update_attached_volume_with_nonexistent_volume_in_body) Found network {'id': 'ec5b18b2-ec8d-47d9-b92d-73d3eea4b799', 'name': 'tempest-VolumesAdminNegativeTest-428945545-network', 'tenant_id': 'cd5f2aa1840b4e63831051efb24e43da', 'admin_state_up': True, 'mtu': 8950, 'status': 'ACTIVE', 'subnets': [], 'shared': False, 'project_id': 'cd5f2aa1840b4e63831051efb24e43da', 'port_security_enabled': True, 'router:external': False, 'provider:network_type': 'vlan', 'provider:physical_network': 'default', 'provider:segmentation_id': 563, 'availability_zone_hints': [], 'availability_zones': [], 'ipv4_address_scope': None, 'ipv6_address_scope': None, 'description': '', 'tags': [], 'created_at': '2025-01-13T20:25:46Z', 'updated_at': '2025-01-13T20:25:46Z', 'revision_number': 1} available for tenant
2025-01-13 20:25:54.315 67740 INFO tempest.lib.common.rest_client [req-c82a48af-b05c-4448-be8c-c1d11256a5f9 req-c82a48af-b05c-4448-be8c-c1d11256a5f9 ] Request (ServersAdmin275Test:tearDownClass): 200 GET http://10.180.1.21/compute/v2.1/servers/fca5ff75-8391-43dd-92a1-53c52bb797c4 0.069s
2025-01-13 20:25:54.352 67734 INFO tempest.lib.common.rest_client [req-ad211cf5-e8da-4b32-8bfe-e796ad9867b7 req-ad211cf5-e8da-4b32-8bfe-e796ad9867b7 ] Request (ListImageFiltersTestJSON:setUpClass): 200 GET http://10.180.1.21/compute/v2.1/images/04ad0e35-4e92-4bec-9886-14121088a52c 0.074s
2025-01-13 20:25:54.412 67742 INFO tempest.lib.common.rest_client [req-b1d78ba9-d3b1-4f52-8434-85c815c9c16d req-b1d78ba9-d3b1-4f52-8434-85c815c9c16d ] Request (ServerDiskConfigTestJSON:test_rebuild_server_with_auto_disk_config): 200 GET http://10.180.1.21/compute/v2.1/servers/d4b63ceb-c8ec-47bf-9853-1c522e1da467 0.142s
2025-01-13 20:25:54.420 67742 INFO tempest.common.waiters [-] State transition "BUILD/networking" ==> "BUILD/spawning" after 62 second wait
2025-01-13 20:25:54.470 67716 INFO tempest.lib.common.rest_client [req-cddb1902-372b-4c7c-b73a-ca019d384ab5 req-cddb1902-372b-4c7c-b73a-ca019d384ab5 ] Request (FloatingIPsAssociationTestJSON:tearDownClass): 200 GET http://10.180.1.21/compute/v2.1/servers/7c037c97-6be9-4a20-90fe-621334a13535 0.130s
2025-01-13 20:25:54.521 67754 INFO tempest.lib.common.rest_client [req-5edd9456-0be6-48f2-8f80-295da60734d7 req-5edd9456-0be6-48f2-8f80-295da60734d7 ] Request (ServersTestMultiNic:test_verify_multiple_nics_order): 200 GET http://10.180.1.21/compute/v2.1/servers/5629531e-003a-4ae4-ba3e-aca40f9088f3 0.084s
2025-01-13 20:25:54.574 67724 INFO tempest.lib.common.rest_client [req-c819e181-1e7f-4e57-bff7-5491447d5db5 req-c819e181-1e7f-4e57-bff7-5491447d5db5 ] Request (ServerDiagnosticsTest:test_get_server_diagnostics): 200 GET http://10.180.1.21/compute/v2.1/servers/445d93af-e9fb-4a04-b4bd-2cc1e7548f88 0.081s
2025-01-13 20:25:54.691 67757 INFO tempest.lib.common.rest_client [req-cd28ac28-aac3-43c6-9382-fa9a24895be9 req-cd28ac28-aac3-43c6-9382-fa9a24895be9 ] Request (ServerGroupTestJSON:test_create_server_with_scheduler_hint_group): 200 GET http://10.180.1.21/compute/v2.1/servers/a7c17bc5-408d-4988-a687-2f6ed51ac088 0.166s
2025-01-13 20:25:54.728 67718 INFO tempest.lib.common.rest_client [req-734f9ad1-5d6f-4b02-b9cb-6efd2a6e6076 req-734f9ad1-5d6f-4b02-b9cb-6efd2a6e6076 ] Request (VolumesAdminNegativeTest:test_update_attached_volume_with_nonexistent_volume_in_body): 202 POST http://10.180.1.21/compute/v2.1/servers 0.444s
2025-01-13 20:25:54.750 67768 INFO tempest.lib.common.rest_client [req-7311cb7a-eda8-466e-9cd8-f3ec9429264e req-7311cb7a-eda8-466e-9cd8-f3ec9429264e ] Request (SecurityGroupsTestJSON:test_list_security_groups_by_server): 200 GET http://10.180.1.21/compute/v2.1/servers/2cc12d89-f1da-4968-b5be-02443a538439 0.197s
2025-01-13 20:25:54.781 67730 INFO tempest.lib.common.rest_client [req-046c304e-90f0-41fb-a077-b02a94bf3b9b req-046c304e-90f0-41fb-a077-b02a94bf3b9b ] Request (ServersTestFqdnHostnames:test_create_server_with_fqdn_name): 200 GET http://10.180.1.21/compute/v2.1/servers/ecdbb9ab-859b-4989-b6c3-e8f2e26301de 0.169s
2025-01-13 20:25:54.805 67774 INFO tempest.lib.common.rest_client [req-c8d75b53-3005-47b0-88f9-d2ea53320f4c req-c8d75b53-3005-47b0-88f9-d2ea53320f4c ] Request (ServersNegativeTestMultiTenantJSON:setUpClass): 200 GET http://10.180.1.21/compute/v2.1/servers/eed09add-be12-4037-a619-c27f266e8efc 0.128s
2025-01-13 20:25:54.844 67718 INFO tempest.lib.common.rest_client [req-62fc3209-608a-45a2-85ef-7ceaed57bc96 req-62fc3209-608a-45a2-85ef-7ceaed57bc96 ] Request (VolumesAdminNegativeTest:test_update_attached_volume_with_nonexistent_volume_in_body): 200 GET http://10.180.1.21/compute/v2.1/servers/cc68363b-7077-4d89-8771-fa6f3274da29 0.114s
2025-01-13 20:25:54.854 67750 INFO tempest.lib.common.rest_client [req-93b8936d-b0e2-4265-877a-f1bbfc21c8d3 req-93b8936d-b0e2-4265-877a-f1bbfc21c8d3 ] Request (MigrationsAdminTest:test_resize_server_revert_deleted_flavor): 200 GET http://10.180.1.21/compute/v2.1/servers/c6163c18-0074-4336-aeda-272f9da51db0 0.133s
2025-01-13 20:25:54.876 67746 WARNING tempest.lib.common.ssh [-] Failed to establish authenticated ssh connection to cirros@10.180.180.148 ([Errno None] Unable to connect to port 22 on 10.180.180.148). Number attempts: 3. Retry after 4 seconds.: paramiko.ssh_exception.NoValidConnectionsError: [Errno None] Unable to connect to port 22 on 10.180.180.148
2025-01-13 20:25:54.920 67778 INFO tempest.lib.common.rest_client [req-21c7ae2f-781f-46d4-ba8b-12f334f1ddd6 req-21c7ae2f-781f-46d4-ba8b-12f334f1ddd6 ] Request (ServersAdminTestJSON:test_inject_network_info): 200 GET http://10.180.1.21/compute/v2.1/servers/0e407159-3b30-4637-9b45-79628385e872 0.160s
2025-01-13 20:25:54.963 67732 INFO tempest.lib.common.rest_client [req-5efe2130-43f7-4a35-904c-0dbe70fe1339 req-5efe2130-43f7-4a35-904c-0dbe70fe1339 ] Request (ServerDiagnosticsV248Test:tearDownClass): 200 GET http://10.180.1.21/compute/v2.1/servers/d26669e1-9612-490c-b4a6-ba83d2ced264 0.074s
2025-01-13 20:25:55.019 67766 INFO tempest.lib.common.rest_client [req-0f871720-97bc-430b-addb-28fb27661299 req-0f871720-97bc-430b-addb-28fb27661299 ] Request (ImagesOneServerNegativeTestJSON:setUpClass): 200 GET http://10.180.1.21/compute/v2.1/servers/25720ae4-eecd-43cb-a7c3-3765565e4218 0.059s
2025-01-13 20:25:55.084 67720 INFO tempest.lib.common.rest_client [req-2f5d26f7-908f-4d88-b250-1e2c9c9d1a76 req-2f5d26f7-908f-4d88-b250-1e2c9c9d1a76 ] Request (DeleteServersAdminTestJSON:test_delete_server_while_in_error_state): 200 GET http://10.180.1.21/compute/v2.1/servers/57428019-183e-4cf1-a0c4-748d3d34307d 0.058s
2025-01-13 20:25:55.147 67722 INFO tempest.lib.common.rest_client [req-6271e563-1279-4ef6-a78e-0251d099ae70 req-6271e563-1279-4ef6-a78e-0251d099ae70 ] Request (ListServerFiltersTestJSON:tearDownClass): 200 GET http://10.180.1.21/compute/v2.1/servers/458f738c-d224-4d91-9aa9-f4b5d49aa243 0.092s
2025-01-13 20:25:55.172 67744 INFO tempest.lib.common.rest_client [req-fae60771-a1fa-4370-82fd-890a47263be0 req-fae60771-a1fa-4370-82fd-890a47263be0 ] Request (ServerExternalEventsTest:test_create_server_external_events): 200 GET http://10.180.1.21/compute/v2.1/servers/eec857ae-b3cc-4b5e-a1f0-8914faa151d1 0.195s
2025-01-13 20:25:55.210 67736 INFO tempest.lib.common.rest_client [req-2fbaa5a8-1f6e-408d-a34a-cdf4448cb642 req-2fbaa5a8-1f6e-408d-a34a-cdf4448cb642 ] Request (ImagesOneServerTestJSON:tearDownClass): 200 GET http://10.180.1.21/compute/v2.1/servers/14eb14ad-c9a6-4f62-a9a0-65164479e188 0.118s
2025-01-13 20:25:55.237 67728 INFO tempest.lib.common.rest_client [req-534e0efa-1ede-4710-86ef-a8de271d9224 req-534e0efa-1ede-4710-86ef-a8de271d9224 ] Request (ServerRescueTestJSONUnderV235:setUpClass): 200 GET http://10.180.1.21/compute/v2.1/servers/d3d2f2e2-b8f2-4732-afaa-ed51e5df375a 0.117s
2025-01-13 20:25:55.263 67738 INFO tempest.lib.common.rest_client [req-7a13c83b-ebfb-4bbc-b2f2-727025499775 req-7a13c83b-ebfb-4bbc-b2f2-727025499775 ] Request (AttachVolumeShelveTestJSON:test_attach_volume_shelved_or_offload_server): 200 GET http://10.180.1.21/compute/v2.1/servers/dec2ce44-20ed-45af-900f-86aa2c1dab2d 0.105s
2025-01-13 20:25:55.299 67748 INFO tempest.lib.common.rest_client [req-9fb49248-0338-4fd3-a9b0-bf43e0287f30 req-9fb49248-0338-4fd3-a9b0-bf43e0287f30 ] Request (DeleteServersTestJSON:test_delete_active_server): 200 GET http://10.180.1.21/compute/v2.1/servers/0c89a295-fc69-45db-8a49-efa31e3a9cf8 0.105s
2025-01-13 20:25:55.325 67752 INFO tempest.lib.common.rest_client [req-86308212-0b36-4b20-8ca8-d1b66a5cd7b9 req-86308212-0b36-4b20-8ca8-d1b66a5cd7b9 ] Request (ServerShowV254Test:tearDownClass): 200 GET http://10.180.1.21/compute/v2.1/servers/ce97c764-fd8a-460c-a642-646822ddefdb 0.092s
2025-01-13 20:25:55.361 67726 INFO tempest.lib.common.rest_client [req-e6a17f12-1744-4267-afb1-71301a67dd76 req-e6a17f12-1744-4267-afb1-71301a67dd76 ] Request (ImagesTestJSON:test_create_image_from_suspended_server): 200 GET http://10.180.1.21/compute/v2.1/servers/de05e8bf-6af1-41bb-bd0b-43a77c259c98 0.077s
2025-01-13 20:25:55.395 67734 INFO tempest.lib.common.rest_client [req-de01327b-bd31-4297-8e58-9cdc7784d555 req-de01327b-bd31-4297-8e58-9cdc7784d555 ] Request (ListImageFiltersTestJSON:setUpClass): 200 GET http://10.180.1.21/compute/v2.1/images/04ad0e35-4e92-4bec-9886-14121088a52c 0.038s
2025-01-13 20:25:55.402 67740 INFO tempest.lib.common.rest_client [req-daefd82e-19b5-429d-b601-570ed6d2b17e req-daefd82e-19b5-429d-b601-570ed6d2b17e ] Request (ServersAdmin275Test:tearDownClass): 200 GET http://10.180.1.21/compute/v2.1/servers/fca5ff75-8391-43dd-92a1-53c52bb797c4 0.078s
2025-01-13 20:25:55.453 67772 WARNING tempest.lib.common.ssh [-] Failed to establish authenticated ssh connection to cirros@10.180.180.216 ([Errno None] Unable to connect to port 22 on 10.180.180.216). Number attempts: 3. Retry after 4 seconds.: paramiko.ssh_exception.NoValidConnectionsError: [Errno None] Unable to connect to port 22 on 10.180.180.216
2025-01-13 20:25:55.544 67742 INFO tempest.lib.common.rest_client [req-0af40064-2c36-450c-a883-10a3e7c5cb39 req-0af40064-2c36-450c-a883-10a3e7c5cb39 ] Request (ServerDiskConfigTestJSON:test_rebuild_server_with_auto_disk_config): 200 GET http://10.180.1.21/compute/v2.1/servers/d4b63ceb-c8ec-47bf-9853-1c522e1da467 0.122s
2025-01-13 20:25:55.555 67716 INFO tempest.lib.common.rest_client [req-548ab596-0fb9-423b-b394-ea3082cc97a8 req-548ab596-0fb9-423b-b394-ea3082cc97a8 ] Request (FloatingIPsAssociationTestJSON:tearDownClass): 200 GET http://10.180.1.21/compute/v2.1/servers/7c037c97-6be9-4a20-90fe-621334a13535 0.076s
2025-01-13 20:25:55.593 67754 INFO tempest.lib.common.rest_client [req-4c7eed36-d735-4913-94ed-f864e15c661c req-4c7eed36-d735-4913-94ed-f864e15c661c ] Request (ServersTestMultiNic:test_verify_multiple_nics_order): 200 GET http://10.180.1.21/compute/v2.1/servers/5629531e-003a-4ae4-ba3e-aca40f9088f3 0.063s
2025-01-13 20:25:55.637 67724 INFO tempest.lib.common.rest_client [req-ea0b5f09-658c-4716-a147-e1c087327473 req-ea0b5f09-658c-4716-a147-e1c087327473 ] Request (ServerDiagnosticsTest:test_get_server_diagnostics): 200 GET http://10.180.1.21/compute/v2.1/servers/445d93af-e9fb-4a04-b4bd-2cc1e7548f88 0.054s
2025-01-13 20:25:55.803 67757 INFO tempest.lib.common.rest_client [req-e8341630-c361-47ca-97af-115bcbae57e5 req-e8341630-c361-47ca-97af-115bcbae57e5 ] Request (ServerGroupTestJSON:test_create_server_with_scheduler_hint_group): 200 GET http://10.180.1.21/compute/v2.1/servers/a7c17bc5-408d-4988-a687-2f6ed51ac088 0.100s
2025-01-13 20:25:55.832 67768 INFO tempest.lib.common.rest_client [req-d4196917-d890-44fd-bf2b-df8f1bbac7e2 req-d4196917-d890-44fd-bf2b-df8f1bbac7e2 ] Request (SecurityGroupsTestJSON:test_list_security_groups_by_server): 200 GET http://10.180.1.21/compute/v2.1/servers/2cc12d89-f1da-4968-b5be-02443a538439 0.074s
2025-01-13 20:25:55.862 67730 INFO tempest.lib.common.rest_client [req-708e25ae-7f0d-4d81-9fe2-8b7167578afc req-708e25ae-7f0d-4d81-9fe2-8b7167578afc ] Request (ServersTestFqdnHostnames:test_create_server_with_fqdn_name): 200 GET http://10.180.1.21/compute/v2.1/servers/ecdbb9ab-859b-4989-b6c3-e8f2e26301de 0.073s
2025-01-13 20:25:55.905 67774 INFO tempest.lib.common.rest_client [req-d9263259-1ef3-4bd8-be26-6523c568903d req-d9263259-1ef3-4bd8-be26-6523c568903d ] Request (ServersNegativeTestMultiTenantJSON:setUpClass): 200 GET http://10.180.1.21/compute/v2.1/servers/eed09add-be12-4037-a619-c27f266e8efc 0.090s
2025-01-13 20:25:55.933 67718 INFO tempest.lib.common.rest_client [req-a48b1e37-52b1-49a0-85ea-ff8a13edd593 req-a48b1e37-52b1-49a0-85ea-ff8a13edd593 ] Request (VolumesAdminNegativeTest:test_update_attached_volume_with_nonexistent_volume_in_body): 200 GET http://10.180.1.21/compute/v2.1/servers/cc68363b-7077-4d89-8771-fa6f3274da29 0.078s
2025-01-13 20:25:55.991 67750 INFO tempest.lib.common.rest_client [req-065e91b7-607b-4a04-bb23-0be4dbd59caa req-065e91b7-607b-4a04-bb23-0be4dbd59caa ] Request (MigrationsAdminTest:test_resize_server_revert_deleted_flavor): 200 GET http://10.180.1.21/compute/v2.1/servers/c6163c18-0074-4336-aeda-272f9da51db0 0.128s
2025-01-13 20:25:55.994 67778 INFO tempest.lib.common.rest_client [req-6b500d52-80c0-47c5-801c-ddf44025ac83 req-6b500d52-80c0-47c5-801c-ddf44025ac83 ] Request (ServersAdminTestJSON:test_inject_network_info): 200 GET http://10.180.1.21/compute/v2.1/servers/0e407159-3b30-4637-9b45-79628385e872 0.064s
2025-01-13 20:25:56.079 67732 INFO tempest.lib.common.rest_client [req-8bb43ae3-d030-4fe5-92fd-7354161035af req-8bb43ae3-d030-4fe5-92fd-7354161035af ] Request (ServerDiagnosticsV248Test:tearDownClass): 200 GET http://10.180.1.21/compute/v2.1/servers/d26669e1-9612-490c-b4a6-ba83d2ced264 0.107s
2025-01-13 20:25:56.084 67766 INFO tempest.lib.common.rest_client [req-e9f3495f-569a-4984-a9d9-f75a8d7ce3ef req-e9f3495f-569a-4984-a9d9-f75a8d7ce3ef ] Request (ImagesOneServerNegativeTestJSON:setUpClass): 200 GET http://10.180.1.21/compute/v2.1/servers/25720ae4-eecd-43cb-a7c3-3765565e4218 0.056s
2025-01-13 20:25:56.091 67766 INFO tempest.common.waiters [-] State transition "BUILD/None" ==> "BUILD/networking" after 60 second wait
2025-01-13 20:25:56.154 67720 INFO tempest.lib.common.rest_client [req-a5cdc501-7f7b-434b-9ef5-2a164321232b req-a5cdc501-7f7b-434b-9ef5-2a164321232b ] Request (DeleteServersAdminTestJSON:test_delete_server_while_in_error_state): 200 GET http://10.180.1.21/compute/v2.1/servers/57428019-183e-4cf1-a0c4-748d3d34307d 0.062s
2025-01-13 20:25:56.222 67722 INFO tempest.lib.common.rest_client [req-85c99d14-6cc7-4d2d-8aa5-2e9d88969bf5 req-85c99d14-6cc7-4d2d-8aa5-2e9d88969bf5 ] Request (ListServerFiltersTestJSON:tearDownClass): 200 GET http://10.180.1.21/compute/v2.1/servers/458f738c-d224-4d91-9aa9-f4b5d49aa243 0.067s
2025-01-13 20:25:56.283 67736 INFO tempest.lib.common.rest_client [req-bbdbce0d-a403-41bb-95df-d881b7ada065 req-bbdbce0d-a403-41bb-95df-d881b7ada065 ] Request (ImagesOneServerTestJSON:tearDownClass): 200 GET http://10.180.1.21/compute/v2.1/servers/14eb14ad-c9a6-4f62-a9a0-65164479e188 0.064s
2025-01-13 20:25:56.368 67744 INFO tempest.lib.common.rest_client [req-003aedd8-5711-4b7a-a5fc-c326dbe06217 req-003aedd8-5711-4b7a-a5fc-c326dbe06217 ] Request (ServerExternalEventsTest:test_create_server_external_events): 200 GET http://10.180.1.21/compute/v2.1/servers/eec857ae-b3cc-4b5e-a1f0-8914faa151d1 0.184s
2025-01-13 20:25:56.374 67728 INFO tempest.lib.common.rest_client [req-17ba4aee-f34b-47f3-b09f-c75c507ac723 req-17ba4aee-f34b-47f3-b09f-c75c507ac723 ] Request (ServerRescueTestJSONUnderV235:setUpClass): 200 GET http://10.180.1.21/compute/v2.1/servers/d3d2f2e2-b8f2-4732-afaa-ed51e5df375a 0.130s
2025-01-13 20:25:56.434 67738 INFO tempest.lib.common.rest_client [req-d74ae5f3-fb80-4895-8142-867a4f719d1b req-d74ae5f3-fb80-4895-8142-867a4f719d1b ] Request (AttachVolumeShelveTestJSON:test_attach_volume_shelved_or_offload_server): 200 GET http://10.180.1.21/compute/v2.1/servers/dec2ce44-20ed-45af-900f-86aa2c1dab2d 0.162s
2025-01-13 20:25:56.441 67748 INFO tempest.lib.common.rest_client [req-a8ca2c8a-6b7d-48eb-9654-518eab16fa38 req-a8ca2c8a-6b7d-48eb-9654-518eab16fa38 ] Request (DeleteServersTestJSON:test_delete_active_server): 200 GET http://10.180.1.21/compute/v2.1/servers/0c89a295-fc69-45db-8a49-efa31e3a9cf8 0.134s
2025-01-13 20:25:56.501 67726 INFO tempest.lib.common.rest_client [req-b7df72c7-0a3a-4258-8215-b2385948b52a req-b7df72c7-0a3a-4258-8215-b2385948b52a ] Request (ImagesTestJSON:test_create_image_from_suspended_server): 200 GET http://10.180.1.21/compute/v2.1/servers/de05e8bf-6af1-41bb-bd0b-43a77c259c98 0.132s
2025-01-13 20:25:56.522 67752 INFO tempest.lib.common.rest_client [req-4039cbf6-b359-495c-8219-f5038e421ba7 req-4039cbf6-b359-495c-8219-f5038e421ba7 ] Request (ServerShowV254Test:tearDownClass): 200 GET http://10.180.1.21/compute/v2.1/servers/ce97c764-fd8a-460c-a642-646822ddefdb 0.186s
2025-01-13 20:25:56.540 67734 INFO tempest.lib.common.rest_client [req-0c838665-e2d4-47e5-a2ce-af9c4d548fa4 req-0c838665-e2d4-47e5-a2ce-af9c4d548fa4 ] Request (ListImageFiltersTestJSON:setUpClass): 200 GET http://10.180.1.21/compute/v2.1/images/04ad0e35-4e92-4bec-9886-14121088a52c 0.140s
2025-01-13 20:25:56.591 67740 INFO tempest.lib.common.rest_client [req-e5b32dad-2748-459d-9d88-b935dc00a801 req-e5b32dad-2748-459d-9d88-b935dc00a801 ] Request (ServersAdmin275Test:tearDownClass): 200 GET http://10.180.1.21/compute/v2.1/servers/fca5ff75-8391-43dd-92a1-53c52bb797c4 0.177s
2025-01-13 20:25:56.650 67716 INFO tempest.lib.common.rest_client [req-8c6ee97a-25e3-44b4-8139-129774b58cc5 req-8c6ee97a-25e3-44b4-8139-129774b58cc5 ] Request (FloatingIPsAssociationTestJSON:tearDownClass): 200 GET http://10.180.1.21/compute/v2.1/servers/7c037c97-6be9-4a20-90fe-621334a13535 0.088s
2025-01-13 20:25:56.676 67742 INFO tempest.lib.common.rest_client [req-170c3852-6ff6-4931-bace-e8c6e71c67fc req-170c3852-6ff6-4931-bace-e8c6e71c67fc ] Request (ServerDiskConfigTestJSON:test_rebuild_server_with_auto_disk_config): 200 GET http://10.180.1.21/compute/v2.1/servers/d4b63ceb-c8ec-47bf-9853-1c522e1da467 0.121s
2025-01-13 20:25:56.700 67754 INFO tempest.lib.common.rest_client [req-1f70e870-b230-4640-ae02-284be7f38a9f req-1f70e870-b230-4640-ae02-284be7f38a9f ] Request (ServersTestMultiNic:test_verify_multiple_nics_order): 200 GET http://10.180.1.21/compute/v2.1/servers/5629531e-003a-4ae4-ba3e-aca40f9088f3 0.099s
2025-01-13 20:25:56.725 67724 INFO tempest.lib.common.rest_client [req-45be59ba-a55c-4b4a-ad3e-91cc66cb5285 req-45be59ba-a55c-4b4a-ad3e-91cc66cb5285 ] Request (ServerDiagnosticsTest:test_get_server_diagnostics): 200 GET http://10.180.1.21/compute/v2.1/servers/445d93af-e9fb-4a04-b4bd-2cc1e7548f88 0.077s
2025-01-13 20:25:56.910 67768 INFO tempest.lib.common.rest_client [req-cfeca695-a44a-4c9e-b8a3-5869bcc02b6b req-cfeca695-a44a-4c9e-b8a3-5869bcc02b6b ] Request (SecurityGroupsTestJSON:test_list_security_groups_by_server): 200 GET http://10.180.1.21/compute/v2.1/servers/2cc12d89-f1da-4968-b5be-02443a538439 0.067s
2025-01-13 20:25:56.963 67757 INFO tempest.lib.common.rest_client [req-9bdbf22f-3b05-4d76-a9b3-5ebe0c6c6a39 req-9bdbf22f-3b05-4d76-a9b3-5ebe0c6c6a39 ] Request (ServerGroupTestJSON:test_create_server_with_scheduler_hint_group): 200 GET http://10.180.1.21/compute/v2.1/servers/a7c17bc5-408d-4988-a687-2f6ed51ac088 0.152s
2025-01-13 20:25:56.976 67730 INFO tempest.lib.common.rest_client [req-78985477-f9ad-4b26-a883-7e6984e38801 req-78985477-f9ad-4b26-a883-7e6984e38801 ] Request (ServersTestFqdnHostnames:test_create_server_with_fqdn_name): 200 GET http://10.180.1.21/compute/v2.1/servers/ecdbb9ab-859b-4989-b6c3-e8f2e26301de 0.104s
2025-01-13 20:25:57.022 67774 INFO tempest.lib.common.rest_client [req-d9c610cc-1641-4e2c-87d9-36d545eabecb req-d9c610cc-1641-4e2c-87d9-36d545eabecb ] Request (ServersNegativeTestMultiTenantJSON:setUpClass): 200 GET http://10.180.1.21/compute/v2.1/servers/eed09add-be12-4037-a619-c27f266e8efc 0.108s
2025-01-13 20:25:57.038 67718 INFO tempest.lib.common.rest_client [req-3a503a75-9242-4a62-bf65-f109f9aa5171 req-3a503a75-9242-4a62-bf65-f109f9aa5171 ] Request (VolumesAdminNegativeTest:test_update_attached_volume_with_nonexistent_volume_in_body): 200 GET http://10.180.1.21/compute/v2.1/servers/cc68363b-7077-4d89-8771-fa6f3274da29 0.092s
2025-01-13 20:25:57.074 67778 INFO tempest.lib.common.rest_client [req-760d153d-d98c-49e2-b854-c00cd4765e66 req-760d153d-d98c-49e2-b854-c00cd4765e66 ] Request (ServersAdminTestJSON:test_inject_network_info): 200 GET http://10.180.1.21/compute/v2.1/servers/0e407159-3b30-4637-9b45-79628385e872 0.071s
2025-01-13 20:25:57.093 67750 INFO tempest.lib.common.rest_client [req-1b5fea43-1d51-4cea-b3cb-3c902260eb16 req-1b5fea43-1d51-4cea-b3cb-3c902260eb16 ] Request (MigrationsAdminTest:test_resize_server_revert_deleted_flavor): 200 GET http://10.180.1.21/compute/v2.1/servers/c6163c18-0074-4336-aeda-272f9da51db0 0.086s
2025-01-13 20:25:57.153 67732 INFO tempest.lib.common.rest_client [req-8220dad0-df4c-45ba-8a61-911a2a3a7f2b req-8220dad0-df4c-45ba-8a61-911a2a3a7f2b ] Request (ServerDiagnosticsV248Test:tearDownClass): 200 GET http://10.180.1.21/compute/v2.1/servers/d26669e1-9612-490c-b4a6-ba83d2ced264 0.061s
2025-01-13 20:25:57.226 67720 INFO tempest.lib.common.rest_client [req-8cc33ee0-5025-4145-aff8-825b26af0aad req-8cc33ee0-5025-4145-aff8-825b26af0aad ] Request (DeleteServersAdminTestJSON:test_delete_server_while_in_error_state): 200 GET http://10.180.1.21/compute/v2.1/servers/57428019-183e-4cf1-a0c4-748d3d34307d 0.061s
2025-01-13 20:25:57.231 67766 INFO tempest.lib.common.rest_client [req-1fdd6f73-553e-491b-9ee3-5faa1f082240 req-1fdd6f73-553e-491b-9ee3-5faa1f082240 ] Request (ImagesOneServerNegativeTestJSON:setUpClass): 200 GET http://10.180.1.21/compute/v2.1/servers/25720ae4-eecd-43cb-a7c3-3765565e4218 0.138s
2025-01-13 20:25:57.238 67766 INFO tempest.common.waiters [-] State transition "BUILD/networking" ==> "BUILD/spawning" after 61 second wait
2025-01-13 20:25:57.292 67722 INFO tempest.lib.common.rest_client [req-8fab3d89-3484-4a58-b8e7-bb44cc828099 req-8fab3d89-3484-4a58-b8e7-bb44cc828099 ] Request (ListServerFiltersTestJSON:tearDownClass): 200 GET http://10.180.1.21/compute/v2.1/servers/458f738c-d224-4d91-9aa9-f4b5d49aa243 0.061s
2025-01-13 20:25:57.354 67736 INFO tempest.lib.common.rest_client [req-2eeee3b9-40e6-40cf-a580-6e4099c7c4ae req-2eeee3b9-40e6-40cf-a580-6e4099c7c4ae ] Request (ImagesOneServerTestJSON:tearDownClass): 200 GET http://10.180.1.21/compute/v2.1/servers/14eb14ad-c9a6-4f62-a9a0-65164479e188 0.062s
2025-01-13 20:25:57.453 67728 INFO tempest.lib.common.rest_client [req-a8dc63ea-ae63-450e-848d-1c6d5dec114e req-a8dc63ea-ae63-450e-848d-1c6d5dec114e ] Request (ServerRescueTestJSONUnderV235:setUpClass): 200 GET http://10.180.1.21/compute/v2.1/servers/d3d2f2e2-b8f2-4732-afaa-ed51e5df375a 0.063s
2025-01-13 20:25:57.525 67744 INFO tempest.lib.common.rest_client [req-0c5cf475-8f9e-4c0a-9a51-cda3902c0a9a req-0c5cf475-8f9e-4c0a-9a51-cda3902c0a9a ] Request (ServerExternalEventsTest:test_create_server_external_events): 200 GET http://10.180.1.21/compute/v2.1/servers/eec857ae-b3cc-4b5e-a1f0-8914faa151d1 0.141s
2025-01-13 20:25:57.533 67748 INFO tempest.lib.common.rest_client [req-15dc3201-982e-4886-89c6-ed7c17e48d3f req-15dc3201-982e-4886-89c6-ed7c17e48d3f ] Request (DeleteServersTestJSON:test_delete_active_server): 200 GET http://10.180.1.21/compute/v2.1/servers/0c89a295-fc69-45db-8a49-efa31e3a9cf8 0.082s
2025-01-13 20:25:57.580 67738 INFO tempest.lib.common.rest_client [req-623b1799-9514-45e1-a32c-2f35c7f5616e req-623b1799-9514-45e1-a32c-2f35c7f5616e ] Request (AttachVolumeShelveTestJSON:test_attach_volume_shelved_or_offload_server): 200 GET http://10.180.1.21/compute/v2.1/servers/dec2ce44-20ed-45af-900f-86aa2c1dab2d 0.122s
2025-01-13 20:25:57.582 67726 INFO tempest.lib.common.rest_client [req-fc45c0ac-f955-4faa-95d2-6c5e4cb02988 req-fc45c0ac-f955-4faa-95d2-6c5e4cb02988 ] Request (ImagesTestJSON:test_create_image_from_suspended_server): 200 GET http://10.180.1.21/compute/v2.1/servers/de05e8bf-6af1-41bb-bd0b-43a77c259c98 0.068s
2025-01-13 20:25:57.612 67734 INFO tempest.lib.common.rest_client [req-c8671ba3-716e-4ad9-9867-a183bbdb7564 req-c8671ba3-716e-4ad9-9867-a183bbdb7564 ] Request (ListImageFiltersTestJSON:setUpClass): 200 GET http://10.180.1.21/compute/v2.1/images/04ad0e35-4e92-4bec-9886-14121088a52c 0.067s
2025-01-13 20:25:57.636 67740 INFO tempest.lib.common.rest_client [req-9606bbcf-bdf1-4cb6-b46c-ff4372f79a9f req-9606bbcf-bdf1-4cb6-b46c-ff4372f79a9f ] Request (ServersAdmin275Test:tearDownClass): 404 GET http://10.180.1.21/compute/v2.1/servers/fca5ff75-8391-43dd-92a1-53c52bb797c4 0.032s
2025-01-13 20:25:57.663 67752 INFO tempest.lib.common.rest_client [req-3cf35dca-8c5c-40fd-8b5f-38a08547e311 req-3cf35dca-8c5c-40fd-8b5f-38a08547e311 ] Request (ServerShowV254Test:tearDownClass): 200 GET http://10.180.1.21/compute/v2.1/servers/ce97c764-fd8a-460c-a642-646822ddefdb 0.125s
2025-01-13 20:25:57.733 67716 INFO tempest.lib.common.rest_client [req-d816025b-ec91-40bd-9688-06d9144ee654 req-d816025b-ec91-40bd-9688-06d9144ee654 ] Request (FloatingIPsAssociationTestJSON:tearDownClass): 200 GET http://10.180.1.21/compute/v2.1/servers/7c037c97-6be9-4a20-90fe-621334a13535 0.074s
2025-01-13 20:25:57.767 67740 INFO tempest.lib.common.rest_client [req-6bcbaa2b-70fb-4c6b-9154-ff773ecf30df req-6bcbaa2b-70fb-4c6b-9154-ff773ecf30df ] Request (ServersAdmin275Test:tearDownClass): 204 DELETE http://10.180.1.21/identity/v3/users/f2f0da91b3e047058868841517b4af90 0.131s
2025-01-13 20:25:57.790 67742 INFO tempest.lib.common.rest_client [req-f920b691-07e1-463c-a73f-e806628933ed req-f920b691-07e1-463c-a73f-e806628933ed ] Request (ServerDiskConfigTestJSON:test_rebuild_server_with_auto_disk_config): 200 GET http://10.180.1.21/compute/v2.1/servers/d4b63ceb-c8ec-47bf-9853-1c522e1da467 0.105s
2025-01-13 20:25:57.790 67754 INFO tempest.lib.common.rest_client [req-6924d6d9-c8c0-47ed-a2c2-ca16c1c455fa req-6924d6d9-c8c0-47ed-a2c2-ca16c1c455fa ] Request (ServersTestMultiNic:test_verify_multiple_nics_order): 200 GET http://10.180.1.21/compute/v2.1/servers/5629531e-003a-4ae4-ba3e-aca40f9088f3 0.080s
2025-01-13 20:25:57.849 67724 INFO tempest.lib.common.rest_client [req-4c2cb90b-0dcc-4596-8cf4-9fc4a94eba4f req-4c2cb90b-0dcc-4596-8cf4-9fc4a94eba4f ] Request (ServerDiagnosticsTest:test_get_server_diagnostics): 200 GET http://10.180.1.21/compute/v2.1/servers/445d93af-e9fb-4a04-b4bd-2cc1e7548f88 0.114s
2025-01-13 20:25:57.891 67740 INFO tempest.lib.common.rest_client [req-d681ef1b-28f1-462b-ad70-540722118d2b req-d681ef1b-28f1-462b-ad70-540722118d2b ] Request (ServersAdmin275Test:tearDownClass): 204 DELETE http://10.180.1.21/identity/v3/users/90a054f971634c61b5be96917a52b6cb 0.123s
2025-01-13 20:25:57.892 67740 INFO tempest.lib.common.dynamic_creds [-] Deleting project and security group for project: 289880351b9c401fa81d26659437f739
2025-01-13 20:25:57.949 67740 INFO tempest.lib.common.rest_client [req-a789ebfb-d1d4-4936-a60c-199a9d39a3bf req-a789ebfb-d1d4-4936-a60c-199a9d39a3bf ] Request (ServersAdmin275Test:tearDownClass): 201 POST http://10.180.1.21/identity/v3/auth/tokens 0.057s
2025-01-13 20:25:57.982 67768 INFO tempest.lib.common.rest_client [req-3ebe4092-ef2d-458d-b1b9-dd2165023b7f req-3ebe4092-ef2d-458d-b1b9-dd2165023b7f ] Request (SecurityGroupsTestJSON:test_list_security_groups_by_server): 200 GET http://10.180.1.21/compute/v2.1/servers/2cc12d89-f1da-4968-b5be-02443a538439 0.061s
2025-01-13 20:25:58.039 67730 INFO tempest.lib.common.rest_client [req-7d103ee3-1409-494b-b2fc-abf59430f92a req-7d103ee3-1409-494b-b2fc-abf59430f92a ] Request (ServersTestFqdnHostnames:test_create_server_with_fqdn_name): 200 GET http://10.180.1.21/compute/v2.1/servers/ecdbb9ab-859b-4989-b6c3-e8f2e26301de 0.052s
2025-01-13 20:25:58.084 67774 INFO tempest.lib.common.rest_client [req-0de71d6d-58fc-4cf3-aafe-8bebfb234a22 req-0de71d6d-58fc-4cf3-aafe-8bebfb234a22 ] Request (ServersNegativeTestMultiTenantJSON:setUpClass): 200 GET http://10.180.1.21/compute/v2.1/servers/eed09add-be12-4037-a619-c27f266e8efc 0.051s
2025-01-13 20:25:58.136 67718 INFO tempest.lib.common.rest_client [req-0f076b4b-e1a2-4f74-8137-57c6ec7b9dc4 req-0f076b4b-e1a2-4f74-8137-57c6ec7b9dc4 ] Request (VolumesAdminNegativeTest:test_update_attached_volume_with_nonexistent_volume_in_body): 200 GET http://10.180.1.21/compute/v2.1/servers/cc68363b-7077-4d89-8771-fa6f3274da29 0.090s
2025-01-13 20:25:58.158 67757 INFO tempest.lib.common.rest_client [req-bf25e9fd-3737-48f8-b5c0-a2564c1932ee req-bf25e9fd-3737-48f8-b5c0-a2564c1932ee ] Request (ServerGroupTestJSON:test_create_server_with_scheduler_hint_group): 200 GET http://10.180.1.21/compute/v2.1/servers/a7c17bc5-408d-4988-a687-2f6ed51ac088 0.184s
2025-01-13 20:25:58.177 67740 INFO tempest.lib.common.rest_client [req-b43e4321-d503-48eb-a3c4-6696d95e6f2e req-b43e4321-d503-48eb-a3c4-6696d95e6f2e ] Request (ServersAdmin275Test:tearDownClass): 200 GET http://10.180.1.21:9696/networking/v2.0/security-groups?tenant_id=289880351b9c401fa81d26659437f739&name=default 0.228s
2025-01-13 20:25:58.186 67778 INFO tempest.lib.common.rest_client [req-a59683f6-74b7-416f-a686-d20010dff2c2 req-a59683f6-74b7-416f-a686-d20010dff2c2 ] Request (ServersAdminTestJSON:test_inject_network_info): 200 GET http://10.180.1.21/compute/v2.1/servers/0e407159-3b30-4637-9b45-79628385e872 0.101s
2025-01-13 20:25:58.215 67750 INFO tempest.lib.common.rest_client [req-be8a38e2-0ddb-4398-a84a-fea3601f2399 req-be8a38e2-0ddb-4398-a84a-fea3601f2399 ] Request (MigrationsAdminTest:test_resize_server_revert_deleted_flavor): 200 GET http://10.180.1.21/compute/v2.1/servers/c6163c18-0074-4336-aeda-272f9da51db0 0.111s
2025-01-13 20:25:58.251 67732 INFO tempest.lib.common.rest_client [req-f36c3f25-815d-4532-8fc3-aaf49530a213 req-f36c3f25-815d-4532-8fc3-aaf49530a213 ] Request (ServerDiagnosticsV248Test:tearDownClass): 200 GET http://10.180.1.21/compute/v2.1/servers/d26669e1-9612-490c-b4a6-ba83d2ced264 0.087s
2025-01-13 20:25:58.273 67740 INFO tempest.lib.common.rest_client [req-d008bd93-2592-4907-9617-aeb7c8548e20 req-d008bd93-2592-4907-9617-aeb7c8548e20 ] Request (ServersAdmin275Test:tearDownClass): 204 DELETE http://10.180.1.21:9696/networking/v2.0/security-groups/5d526553-e922-42b8-81cc-e43043940be1 0.095s
2025-01-13 20:25:58.295 67720 INFO tempest.lib.common.rest_client [req-fefaf7b4-93f5-4344-bb32-ed33c30923ad req-fefaf7b4-93f5-4344-bb32-ed33c30923ad ] Request (DeleteServersAdminTestJSON:test_delete_server_while_in_error_state): 200 GET http://10.180.1.21/compute/v2.1/servers/57428019-183e-4cf1-a0c4-748d3d34307d 0.060s
