2025-01-13 20:26:30.366 67734 INFO tempest.lib.common.rest_client [req-4c021bb1-6e68-40bd-a68f-eb1b277c9b2e req-4c021bb1-6e68-40bd-a68f-eb1b277c9b2e ] Request (ListImageFiltersTestJSON:tearDownClass): 200 GET http://10.180.1.21/compute/v2.1/servers/c9d7c712-7197-4da5-ba06-1fed547a5560 0.146s
2025-01-13 20:26:30.382 67720 INFO tempest.lib.common.rest_client [req-fa3c5185-6ebc-491a-a1a6-1064c3c61040 req-fa3c5185-6ebc-491a-a1a6-1064c3c61040 ] Request (ServersAdminNegativeTestJSON:setUpClass): 204 PUT http://10.180.1.21/identity/v3/projects/6f1d34f075244a9a8f365569edcb105c/users/af5d91f3584a41948bf546ce8d5188aa/roles/46e76391cc5d4b39b16856cd291182f3 0.063s
2025-01-13 20:26:30.402 67726 INFO tempest.lib.common.rest_client [req-54b8116d-684a-41fd-a97b-c10a4316f1ca req-54b8116d-684a-41fd-a97b-c10a4316f1ca ] Request (ImagesTestJSON:test_create_image_from_suspended_server): 200 GET http://10.180.1.21/compute/v2.1/images/8cd0de4c-1aa2-4ecd-a3d9-037ae5d1f3a1 0.175s
2025-01-13 20:26:30.403 67732 INFO tempest.lib.common.rest_client [req-886a5f8a-034c-4feb-b1e8-11981a8e677f req-886a5f8a-034c-4feb-b1e8-11981a8e677f ] Request (VolumesTestJSON:tearDownClass): 404 GET http://10.180.1.21/volume/v3/volumes/fddd1201-3af7-4211-b7c3-9b7962a222ae 0.014s
2025-01-13 20:26:30.427 67752 INFO tempest.lib.common.rest_client [req-bd5f46cc-54f1-40ca-b3d4-0ea722d63e69 req-bd5f46cc-54f1-40ca-b3d4-0ea722d63e69 ] Request (VolumesGetTestJSON:tearDownClass): 201 POST http://10.180.1.21/identity/v3/auth/tokens 0.078s
2025-01-13 20:26:30.444 67716 INFO tempest.lib.common.rest_client [req-f60445ea-7308-4543-88bb-5e28aad7bb4d req-f60445ea-7308-4543-88bb-5e28aad7bb4d ] Request (FloatingIPsAssociationTestJSON:tearDownClass): 200 GET http://10.180.1.21/compute/v2.1/servers/53b30256-2715-49d3-a6c5-836c29d6769b 0.169s
2025-01-13 20:26:30.449 67732 INFO tempest.lib.common.rest_client [req-c0fc7e74-d09c-496d-9264-b7140cd9eeda req-c0fc7e74-d09c-496d-9264-b7140cd9eeda ] Request (VolumesTestJSON:tearDownClass): 202 DELETE http://10.180.1.21/volume/v3/volumes/347ff6ef-7a19-4f14-9896-d39a1e02f5c1 0.045s
2025-01-13 20:26:30.453 67720 INFO tempest.lib.common.rest_client [req-9084c366-2ab5-4685-896f-648b83da4959 req-9084c366-2ab5-4685-896f-648b83da4959 ] Request (ServersAdminNegativeTestJSON:setUpClass): 200 GET http://10.180.1.21/identity/v3/roles 0.070s
2025-01-13 20:26:30.473 67720 INFO tempest.lib.common.rest_client [req-6db127a3-13df-462d-b91d-b693c15cb0cb req-6db127a3-13df-462d-b91d-b693c15cb0cb ] Request (ServersAdminNegativeTestJSON:setUpClass): 204 PUT http://10.180.1.21/identity/v3/projects/6f1d34f075244a9a8f365569edcb105c/users/af5d91f3584a41948bf546ce8d5188aa/roles/46e76391cc5d4b39b16856cd291182f3 0.019s
2025-01-13 20:26:30.473 67720 INFO tempest.lib.common.dynamic_creds [-] Dynamic test user af5d91f3584a41948bf546ce8d5188aa is created with scope project and roles: ['admin']
2025-01-13 20:26:30.473 67720 INFO tempest.lib.common.dynamic_creds [-] Acquired dynamic creds: credentials: Credentials: {'domain_id': 'default', 'domain_name': 'Default', 'username': 'tempest-ServersAdminNegativeTestJSON-450593352-project-admin', 'project_domain_id': 'default', 'project_domain_name': 'Default', 'project_id': '6f1d34f075244a9a8f365569edcb105c', 'project_name': 'tempest-ServersAdminNegativeTestJSON-450593352', 'tenant_id': '6f1d34f075244a9a8f365569edcb105c', 'tenant_name': 'tempest-ServersAdminNegativeTestJSON-450593352', 'user_domain_id': 'default', 'user_domain_name': 'Default', 'user_id': 'af5d91f3584a41948bf546ce8d5188aa', 'system': None}, Network: None, Subnet: None, Router: None
2025-01-13 20:26:30.473 67720 INFO tempest.lib.common.dynamic_creds [-] Created isolated network resources for: credentials: Credentials: {'domain_id': 'default', 'domain_name': 'Default', 'username': 'tempest-ServersAdminNegativeTestJSON-450593352-project-admin', 'project_domain_id': 'default', 'project_domain_name': 'Default', 'project_id': '6f1d34f075244a9a8f365569edcb105c', 'project_name': 'tempest-ServersAdminNegativeTestJSON-450593352', 'tenant_id': '6f1d34f075244a9a8f365569edcb105c', 'tenant_name': 'tempest-ServersAdminNegativeTestJSON-450593352', 'user_domain_id': 'default', 'user_domain_name': 'Default', 'user_id': 'af5d91f3584a41948bf546ce8d5188aa', 'system': None}, Network: None, Subnet: None, Router: None
2025-01-13 20:26:30.477 67722 INFO tempest.lib.common.rest_client [req-4fe2174e-b7d3-408d-86b2-d9da47b6f073 req-4fe2174e-b7d3-408d-86b2-d9da47b6f073 ] Request (ListServerFiltersTestJSON:tearDownClass): 200 GET http://10.180.1.21/compute/v2.1/servers/45270ec5-a7d3-47de-b5cb-9fa320ac2250 0.184s
2025-01-13 20:26:30.490 67732 INFO tempest.lib.common.rest_client [req-e80a815c-6cc8-4101-8af5-7a744529c311 req-e80a815c-6cc8-4101-8af5-7a744529c311 ] Request (VolumesTestJSON:tearDownClass): 200 GET http://10.180.1.21/volume/v3/volumes/347ff6ef-7a19-4f14-9896-d39a1e02f5c1 0.041s
2025-01-13 20:26:30.502 67740 INFO tempest.lib.common.rest_client [req-aeed3e75-5226-4b65-8ead-9c9a5ea665c9 req-aeed3e75-5226-4b65-8ead-9c9a5ea665c9 ] Request (ServerMetadataNegativeTestJSON:setUpClass): 200 GET http://10.180.1.21/compute/v2.1/servers/87131a33-4ae6-42f3-8484-165948f4898d 0.173s
2025-01-13 20:26:30.529 67746 INFO paramiko.transport [-] Connected (version 2.0, client dropbear_2020.81)
2025-01-13 20:26:30.531 67748 INFO tempest.lib.common.rest_client [req-59f7b5ec-38e3-4a1c-92b9-3c582b94dbd9 req-59f7b5ec-38e3-4a1c-92b9-3c582b94dbd9 ] Request (DeleteServersTestJSON:test_delete_active_server): 200 GET http://10.180.1.21/compute/v2.1/servers/0c89a295-fc69-45db-8a49-efa31e3a9cf8 0.128s
2025-01-13 20:26:30.561 67720 INFO tempest.lib.common.rest_client [req-da35f083-0122-4327-adbc-5238ef5b5fb4 req-da35f083-0122-4327-adbc-5238ef5b5fb4 ] Request (ServersAdminNegativeTestJSON:setUpClass): 201 POST http://10.180.1.21/identity/v3/auth/tokens 0.081s
2025-01-13 20:26:30.621 67720 INFO tempest.lib.common.rest_client [req-55c37263-8795-4fab-9bdd-68a3c01f4971 req-55c37263-8795-4fab-9bdd-68a3c01f4971 ] Request (ServersAdminNegativeTestJSON:setUpClass): 201 POST http://10.180.1.21/identity/v3/auth/tokens 0.056s
2025-01-13 20:26:30.622 67720 INFO tempest.lib.common.fixed_network [-] (ServersAdminNegativeTestJSON:setUpClass) Found network None available for tenant
2025-01-13 20:26:30.630 67746 INFO paramiko.transport [-] Authentication (publickey) successful!
2025-01-13 20:26:30.631 67746 INFO tempest.lib.common.ssh [-] ssh connection to cirros@10.180.180.148 successfully created
2025-01-13 20:26:30.639 67770 INFO tempest.lib.common.rest_client [req-2e379919-863f-4b69-919f-df3b9c81bd63 req-2e379919-863f-4b69-919f-df3b9c81bd63 ] Request (VolumesAssistedSnapshotsTest:_run_cleanups): 404 GET http://10.180.1.21/volume/v3/volumes/0a50f0bb-f972-4c36-b062-a9fb35c70de0 0.017s
2025-01-13 20:26:30.646 67754 INFO tempest.lib.common.rest_client [req-6c0e7bd6-dfd3-4183-92ef-7d5e03b6be21 req-6c0e7bd6-dfd3-4183-92ef-7d5e03b6be21 ] Request (ServersTestMultiNic:test_verify_multiple_nics_order): 200 GET http://10.180.1.21/compute/v2.1/servers/5629531e-003a-4ae4-ba3e-aca40f9088f3 0.060s
2025-01-13 20:26:30.714 67752 INFO tempest.lib.common.rest_client [req-1d731f2f-8047-4486-8ed8-7ea9c81f5ea2 req-1d731f2f-8047-4486-8ed8-7ea9c81f5ea2 ] Request (VolumesGetTestJSON:tearDownClass): 200 GET http://10.180.1.21:9696/networking/v2.0/security-groups?tenant_id=dfb18b6b3590473785f9601a135b7408&name=default 0.286s
2025-01-13 20:26:30.735 67750 INFO tempest.lib.common.rest_client [req-d6935b98-b22a-4703-a227-15521b87c205 req-d6935b98-b22a-4703-a227-15521b87c205 ] Request (MigrationsAdminTest:test_resize_server_revert_deleted_flavor): 200 GET http://10.180.1.21/compute/v2.1/servers/c6163c18-0074-4336-aeda-272f9da51db0 0.138s
2025-01-13 20:26:30.812 67746 INFO tempest.lib.common.rest_client [req-24eb9fb2-c81f-4e67-8d9a-d2dfb94319df req-24eb9fb2-c81f-4e67-8d9a-d2dfb94319df ] Request (ServersWithSpecificFlavorTestJSON:test_verify_created_server_ephemeral_disk): 204 DELETE http://10.180.1.21/compute/v2.1/servers/564b2923-b7c8-4d52-afe5-5ecef15edd1f 0.175s
2025-01-13 20:26:30.845 67752 INFO tempest.lib.common.rest_client [req-c6b4c078-b6a2-439b-b72f-0c541bffe320 req-c6b4c078-b6a2-439b-b72f-0c541bffe320 ] Request (VolumesGetTestJSON:tearDownClass): 204 DELETE http://10.180.1.21:9696/networking/v2.0/security-groups/3267edc6-4219-425b-9830-7915ecbbde1c 0.131s
2025-01-13 20:26:30.883 67746 INFO tempest.lib.common.rest_client [req-1cab692b-07b6-4fe1-bca9-70e59b71a227 req-1cab692b-07b6-4fe1-bca9-70e59b71a227 ] Request (ServersWithSpecificFlavorTestJSON:test_verify_created_server_ephemeral_disk): 201 POST http://10.180.1.21/identity/v3/auth/tokens 0.066s
2025-01-13 20:26:30.883 67746 INFO tempest.lib.common.fixed_network [-] (ServersWithSpecificFlavorTestJSON:test_verify_created_server_ephemeral_disk) Found network {'id': '32f99667-7d3f-47c3-80b2-9237883f26af', 'name': 'tempest-ServersWithSpecificFlavorTestJSON-310703137-network', 'tenant_id': '59539326799d4d3e94e1f3c6b9470406', 'admin_state_up': True, 'mtu': 8950, 'status': 'ACTIVE', 'subnets': [], 'shared': False, 'project_id': '59539326799d4d3e94e1f3c6b9470406', 'port_security_enabled': True, 'router:external': False, 'provider:network_type': 'vlan', 'provider:physical_network': 'default', 'provider:segmentation_id': 42, 'availability_zone_hints': [], 'availability_zones': [], 'ipv4_address_scope': None, 'ipv6_address_scope': None, 'description': '', 'tags': [], 'created_at': '2025-01-13T20:23:54Z', 'updated_at': '2025-01-13T20:23:54Z', 'revision_number': 1} available for tenant
2025-01-13 20:26:30.889 67770 INFO tempest.lib.common.rest_client [req-90a6fa91-0fdc-4ed4-898c-91395fb641a4 req-90a6fa91-0fdc-4ed4-898c-91395fb641a4 ] Request (VolumesAssistedSnapshotsTest:tearDownClass): 204 DELETE http://10.180.1.21/compute/v2.1/servers/d44beaef-e5f0-4b0b-84e4-274a0728302a 0.245s
2025-01-13 20:26:30.920 67752 INFO tempest.lib.common.rest_client [req-e11923b0-8cc1-4b8d-8bc8-5552922d559e req-e11923b0-8cc1-4b8d-8bc8-5552922d559e ] Request (VolumesGetTestJSON:tearDownClass): 204 DELETE http://10.180.1.21/identity/v3/projects/dfb18b6b3590473785f9601a135b7408 0.075s
2025-01-13 20:26:30.943 67720 INFO tempest.lib.common.rest_client [req-7722e604-5259-4def-83e4-26dbf6362f9b req-7722e604-5259-4def-83e4-26dbf6362f9b ] Request (ServersAdminNegativeTestJSON:setUpClass): 202 POST http://10.180.1.21/compute/v2.1/servers 0.320s
2025-01-13 20:26:30.959 67768 INFO tempest.lib.common.rest_client [req-44c31af8-55fe-49f9-9094-e9815ccd46da req-44c31af8-55fe-49f9-9094-e9815ccd46da ] Request (SecurityGroupsTestJSON:test_list_security_groups_by_server): 200 GET http://10.180.1.21/compute/v2.1/servers/2cc12d89-f1da-4968-b5be-02443a538439 0.314s
2025-01-13 20:26:30.999 67738 INFO tempest.lib.common.rest_client [req-1124aceb-ae05-4a69-9166-8b013476a0c4 req-1124aceb-ae05-4a69-9166-8b013476a0c4 ] Request (AttachVolumeShelveTestJSON:test_attach_volume_shelved_or_offload_server): 200 GET http://10.180.1.21/compute/v2.1/servers/dec2ce44-20ed-45af-900f-86aa2c1dab2d 0.318s
2025-01-13 20:26:31.008 67718 INFO tempest.lib.common.rest_client [req-df6051d2-fc0e-4288-bd84-1b2b2c06ba15 req-df6051d2-fc0e-4288-bd84-1b2b2c06ba15 ] Request (VolumesAdminNegativeTest:test_update_attached_volume_with_nonexistent_volume_in_body): 200 GET http://10.180.1.21/compute/v2.1/servers/cc68363b-7077-4d89-8771-fa6f3274da29 0.282s
2025-01-13 20:26:31.057 67774 INFO tempest.lib.common.rest_client [req-3349767a-47e2-4706-bc42-dce9bc77d229 req-3349767a-47e2-4706-bc42-dce9bc77d229 ] Request (ServersNegativeTestMultiTenantJSON:setUpClass): 200 GET http://10.180.1.21/compute/v2.1/servers/eed09add-be12-4037-a619-c27f266e8efc 0.246s
2025-01-13 20:26:31.110 67736 INFO tempest.lib.common.rest_client [req-6af550c7-8320-4d8e-bed0-d979fa3f86bf req-6af550c7-8320-4d8e-bed0-d979fa3f86bf ] Request (MultipleCreateTestJSON:test_multiple_create): 200 GET http://10.180.1.21/compute/v2.1/servers/8cac834c-ae19-44a3-8d82-1c1e0b1bcb0c 0.223s
2025-01-13 20:26:31.243 67770 INFO tempest.lib.common.rest_client [req-55df2a36-6b1c-431a-af81-c6655248cd2a req-55df2a36-6b1c-431a-af81-c6655248cd2a ] Request (VolumesAssistedSnapshotsTest:tearDownClass): 200 GET http://10.180.1.21/compute/v2.1/servers/d44beaef-e5f0-4b0b-84e4-274a0728302a 0.354s
2025-01-13 20:26:31.280 67720 INFO tempest.lib.common.rest_client [req-f256a027-081f-44a5-9799-189c60625d14 req-f256a027-081f-44a5-9799-189c60625d14 ] Request (ServersAdminNegativeTestJSON:setUpClass): 200 GET http://10.180.1.21/compute/v2.1/servers/fa85be30-cbda-421c-bed2-89587fb77802 0.335s
2025-01-13 20:26:31.340 67744 INFO tempest.lib.common.rest_client [req-8bef886f-1ddc-4ffe-a176-d6aec7a76487 req-8bef886f-1ddc-4ffe-a176-d6aec7a76487 ] Request (ServerExternalEventsTest:tearDownClass): 200 GET http://10.180.1.21/compute/v2.1/servers/eec857ae-b3cc-4b5e-a1f0-8914faa151d1 0.334s
2025-01-13 20:26:31.390 67742 INFO tempest.lib.common.rest_client [req-66f4e93f-1d6c-4373-8f91-1dd921afd8f9 req-66f4e93f-1d6c-4373-8f91-1dd921afd8f9 ] Request (ServerDiskConfigTestJSON:test_rebuild_server_with_manual_disk_config): 200 GET http://10.180.1.21/compute/v2.1/servers/9deab59e-beb6-4c7a-a2c3-6c5b4c44bc35 0.341s
2025-01-13 20:26:31.412 67746 INFO tempest.lib.common.rest_client [req-bee2f1bd-0c09-46b8-bc7b-10b035b6804f req-bee2f1bd-0c09-46b8-bc7b-10b035b6804f ] Request (ServersWithSpecificFlavorTestJSON:test_verify_created_server_ephemeral_disk): 202 POST http://10.180.1.21/compute/v2.1/servers 0.527s
2025-01-13 20:26:31.446 67757 INFO tempest.lib.common.rest_client [req-168564d8-c485-412c-85eb-75296964c209 req-168564d8-c485-412c-85eb-75296964c209 ] Request (ServerGroupTestJSON:_run_cleanups): 200 GET http://10.180.1.21/compute/v2.1/servers/a7c17bc5-408d-4988-a687-2f6ed51ac088 0.285s
2025-01-13 20:26:31.466 67778 INFO tempest.lib.common.rest_client [req-f90e76f9-1c9d-405e-a95e-263b9761402a req-f90e76f9-1c9d-405e-a95e-263b9761402a ] Request (ServersAdminTestJSON:test_inject_network_info): 200 GET http://10.180.1.21/compute/v2.1/servers/0e407159-3b30-4637-9b45-79628385e872 0.251s
2025-01-13 20:26:31.513 67732 INFO tempest.lib.common.rest_client [req-d3f8a9ea-c129-446b-96e9-825bdadffa4d req-d3f8a9ea-c129-446b-96e9-825bdadffa4d ] Request (VolumesTestJSON:tearDownClass): 404 GET http://10.180.1.21/volume/v3/volumes/347ff6ef-7a19-4f14-9896-d39a1e02f5c1 0.014s
2025-01-13 20:26:31.535 67766 INFO tempest.lib.common.rest_client [req-7c1cfaa3-da34-4473-a155-b5d7eac0f15c req-7c1cfaa3-da34-4473-a155-b5d7eac0f15c ] Request (ImagesOneServerNegativeTestJSON:_run_cleanups): 200 GET http://10.180.1.21/compute/v2.1/servers/25720ae4-eecd-43cb-a7c3-3765565e4218 0.225s
2025-01-13 20:26:31.590 67728 INFO tempest.lib.common.rest_client [req-0a12fb63-6881-4db9-a274-3e3e48f2e35b req-0a12fb63-6881-4db9-a274-3e3e48f2e35b ] Request (ServerRescueTestJSONUnderV235:setUpClass): 200 GET http://10.180.1.21/compute/v2.1/servers/d3d2f2e2-b8f2-4732-afaa-ed51e5df375a 0.284s
2025-01-13 20:26:31.598 67724 INFO tempest.lib.common.rest_client [req-c0ea33c2-dc13-4d24-a065-8e829ba864df req-c0ea33c2-dc13-4d24-a065-8e829ba864df ] Request (ServerDiagnosticsTest:tearDownClass): 200 GET http://10.180.1.21/compute/v2.1/servers/445d93af-e9fb-4a04-b4bd-2cc1e7548f88 0.230s
2025-01-13 20:26:31.638 67726 INFO tempest.lib.common.rest_client [req-81a6a3e8-ac4e-4170-8c76-a9051cf2cd4a req-81a6a3e8-ac4e-4170-8c76-a9051cf2cd4a ] Request (ImagesTestJSON:test_create_image_from_suspended_server): 200 GET http://10.180.1.21/compute/v2.1/images/8cd0de4c-1aa2-4ecd-a3d9-037ae5d1f3a1 0.230s
2025-01-13 20:26:31.647 67732 INFO tempest.lib.common.rest_client [req-47600598-6664-4ef1-8a86-9028f82335b0 req-47600598-6664-4ef1-8a86-9028f82335b0 ] Request (VolumesTestJSON:tearDownClass): 204 DELETE http://10.180.1.21/identity/v3/users/b0fe5a682bf54c08a7aa4938c1323575 0.134s
2025-01-13 20:26:31.647 67732 INFO tempest.lib.common.dynamic_creds [-] Deleting project and security group for project: 74744df057e948ee85ee2634e070eb54
2025-01-13 20:26:31.662 67734 INFO tempest.lib.common.rest_client [req-c480a919-9170-466f-9856-90ccb9dafb53 req-c480a919-9170-466f-9856-90ccb9dafb53 ] Request (ListImageFiltersTestJSON:tearDownClass): 200 GET http://10.180.1.21/compute/v2.1/servers/c9d7c712-7197-4da5-ba06-1fed547a5560 0.285s
2025-01-13 20:26:31.681 67746 INFO tempest.lib.common.rest_client [req-8de50d2a-2a6b-4686-8734-28eb950ed855 req-8de50d2a-2a6b-4686-8734-28eb950ed855 ] Request (ServersWithSpecificFlavorTestJSON:test_verify_created_server_ephemeral_disk): 200 GET http://10.180.1.21/compute/v2.1/servers/36a01101-24a1-4d38-a9f4-ef6f48fb4077 0.268s
2025-01-13 20:26:31.702 67732 INFO tempest.lib.common.rest_client [req-ee5ba76f-a402-414d-87c8-15787450baf4 req-ee5ba76f-a402-414d-87c8-15787450baf4 ] Request (VolumesTestJSON:tearDownClass): 201 POST http://10.180.1.21/identity/v3/auth/tokens 0.055s
2025-01-13 20:26:31.723 67716 INFO tempest.lib.common.rest_client [req-4676f63a-0bca-4acd-bad9-85bb7cd833f2 req-4676f63a-0bca-4acd-bad9-85bb7cd833f2 ] Request (FloatingIPsAssociationTestJSON:tearDownClass): 200 GET http://10.180.1.21/compute/v2.1/servers/53b30256-2715-49d3-a6c5-836c29d6769b 0.267s
2025-01-13 20:26:31.753 67722 INFO tempest.lib.common.rest_client [req-00eca44c-aea0-4084-9970-26a83b65900e req-00eca44c-aea0-4084-9970-26a83b65900e ] Request (ListServerFiltersTestJSON:tearDownClass): 200 GET http://10.180.1.21/compute/v2.1/servers/45270ec5-a7d3-47de-b5cb-9fa320ac2250 0.261s
2025-01-13 20:26:31.783 67740 INFO tempest.lib.common.rest_client [req-4fc26eb2-91dd-47a8-9c04-0a0d1346213a req-4fc26eb2-91dd-47a8-9c04-0a0d1346213a ] Request (ServerMetadataNegativeTestJSON:setUpClass): 200 GET http://10.180.1.21/compute/v2.1/servers/87131a33-4ae6-42f3-8484-165948f4898d 0.272s
2025-01-13 20:26:31.805 67772 WARNING tempest.lib.common.ssh [-] Failed to establish authenticated ssh connection to cirros@10.180.180.216 ([Errno None] Unable to connect to port 22 on 10.180.180.216). Number attempts: 7. Retry after 8 seconds.: paramiko.ssh_exception.NoValidConnectionsError: [Errno None] Unable to connect to port 22 on 10.180.180.216
2025-01-13 20:26:31.820 67748 INFO tempest.lib.common.rest_client [req-cd3ae119-c061-4cf8-bba4-4bae0eccd386 req-cd3ae119-c061-4cf8-bba4-4bae0eccd386 ] Request (DeleteServersTestJSON:test_delete_active_server): 200 GET http://10.180.1.21/compute/v2.1/servers/0c89a295-fc69-45db-8a49-efa31e3a9cf8 0.281s
2025-01-13 20:26:31.973 67750 INFO tempest.lib.common.rest_client [req-04072c59-96b2-4ee0-9141-f80e7fa0d29f req-04072c59-96b2-4ee0-9141-f80e7fa0d29f ] Request (MigrationsAdminTest:test_resize_server_revert_deleted_flavor): 200 GET http://10.180.1.21/compute/v2.1/servers/c6163c18-0074-4336-aeda-272f9da51db0 0.228s
2025-01-13 20:26:31.983 67732 INFO tempest.lib.common.rest_client [req-4ddc063c-531f-4688-aa4b-6b486c2eb44c req-4ddc063c-531f-4688-aa4b-6b486c2eb44c ] Request (VolumesTestJSON:tearDownClass): 200 GET http://10.180.1.21:9696/networking/v2.0/security-groups?tenant_id=74744df057e948ee85ee2634e070eb54&name=default 0.280s
2025-01-13 20:26:32.002 67754 INFO tempest.lib.common.rest_client [req-1f9411a0-f421-4f28-b28a-b6491d0c8a91 req-1f9411a0-f421-4f28-b28a-b6491d0c8a91 ] Request (ServersTestMultiNic:test_verify_multiple_nics_order): 200 GET http://10.180.1.21/compute/v2.1/servers/5629531e-003a-4ae4-ba3e-aca40f9088f3 0.348s
2025-01-13 20:26:32.010 67754 INFO tempest.common.waiters [-] State transition "BUILD/None" ==> "BUILD/block_device_mapping" after 72 second wait
2025-01-13 20:26:32.040 67768 INFO tempest.lib.common.rest_client [req-5dbca7af-90c4-4dfe-b536-b8339274a099 req-5dbca7af-90c4-4dfe-b536-b8339274a099 ] Request (SecurityGroupsTestJSON:test_list_security_groups_by_server): 200 GET http://10.180.1.21/compute/v2.1/servers/2cc12d89-f1da-4968-b5be-02443a538439 0.071s
2025-01-13 20:26:32.082 67738 INFO tempest.lib.common.rest_client [req-f615557f-e45c-47c5-95d8-7957ea562320 req-f615557f-e45c-47c5-95d8-7957ea562320 ] Request (AttachVolumeShelveTestJSON:test_attach_volume_shelved_or_offload_server): 200 GET http://10.180.1.21/compute/v2.1/servers/dec2ce44-20ed-45af-900f-86aa2c1dab2d 0.069s
2025-01-13 20:26:32.091 67732 INFO tempest.lib.common.rest_client [req-7bad7ed8-5017-4f17-85b5-fbb348cbcc94 req-7bad7ed8-5017-4f17-85b5-fbb348cbcc94 ] Request (VolumesTestJSON:tearDownClass): 204 DELETE http://10.180.1.21:9696/networking/v2.0/security-groups/87794f67-04be-441e-acb5-1a56e993896d 0.108s
2025-01-13 20:26:32.099 67718 INFO tempest.lib.common.rest_client [req-83c8e97d-eeb8-4a2a-baec-6eb61ae4bd34 req-83c8e97d-eeb8-4a2a-baec-6eb61ae4bd34 ] Request (VolumesAdminNegativeTest:test_update_attached_volume_with_nonexistent_volume_in_body): 200 GET http://10.180.1.21/compute/v2.1/servers/cc68363b-7077-4d89-8771-fa6f3274da29 0.081s
2025-01-13 20:26:32.138 67774 INFO tempest.lib.common.rest_client [req-ecbf4a5b-6d88-4ab2-90e9-0e7434331a99 req-ecbf4a5b-6d88-4ab2-90e9-0e7434331a99 ] Request (ServersNegativeTestMultiTenantJSON:setUpClass): 200 GET http://10.180.1.21/compute/v2.1/servers/eed09add-be12-4037-a619-c27f266e8efc 0.071s
2025-01-13 20:26:32.164 67732 INFO tempest.lib.common.rest_client [req-224403c4-c507-458c-84d9-5d54e01a3ca7 req-224403c4-c507-458c-84d9-5d54e01a3ca7 ] Request (VolumesTestJSON:tearDownClass): 204 DELETE http://10.180.1.21/identity/v3/projects/74744df057e948ee85ee2634e070eb54 0.072s
2025-01-13 20:26:32.173 67736 INFO tempest.lib.common.rest_client [req-97f07220-1e4e-4fe7-b192-1a876ea48d40 req-97f07220-1e4e-4fe7-b192-1a876ea48d40 ] Request (MultipleCreateTestJSON:test_multiple_create): 200 GET http://10.180.1.21/compute/v2.1/servers/8cac834c-ae19-44a3-8d82-1c1e0b1bcb0c 0.055s
2025-01-13 20:26:32.356 67720 INFO tempest.lib.common.rest_client [req-680bba1f-4b8f-4012-a66a-99f6558a6865 req-680bba1f-4b8f-4012-a66a-99f6558a6865 ] Request (ServersAdminNegativeTestJSON:setUpClass): 200 GET http://10.180.1.21/compute/v2.1/servers/fa85be30-cbda-421c-bed2-89587fb77802 0.069s
2025-01-13 20:26:32.377 67770 INFO tempest.lib.common.rest_client [req-e5b48917-2c03-433b-bcd7-3ddc34cb5c0a req-e5b48917-2c03-433b-bcd7-3ddc34cb5c0a ] Request (VolumesAssistedSnapshotsTest:tearDownClass): 200 GET http://10.180.1.21/compute/v2.1/servers/d44beaef-e5f0-4b0b-84e4-274a0728302a 0.124s
2025-01-13 20:26:32.424 67744 INFO tempest.lib.common.rest_client [req-d284ce2c-130c-4b89-8ee3-43eebb9c4298 req-d284ce2c-130c-4b89-8ee3-43eebb9c4298 ] Request (ServerExternalEventsTest:tearDownClass): 200 GET http://10.180.1.21/compute/v2.1/servers/eec857ae-b3cc-4b5e-a1f0-8914faa151d1 0.077s
2025-01-13 20:26:32.456 67742 INFO tempest.lib.common.rest_client [req-1bc45b58-8d74-4c96-9550-3d14afd19779 req-1bc45b58-8d74-4c96-9550-3d14afd19779 ] Request (ServerDiskConfigTestJSON:test_rebuild_server_with_manual_disk_config): 200 GET http://10.180.1.21/compute/v2.1/servers/9deab59e-beb6-4c7a-a2c3-6c5b4c44bc35 0.058s
2025-01-13 20:26:32.522 67757 INFO tempest.lib.common.rest_client [req-66514ad5-cf37-4371-9d3e-11af5e7704c0 req-66514ad5-cf37-4371-9d3e-11af5e7704c0 ] Request (ServerGroupTestJSON:_run_cleanups): 200 GET http://10.180.1.21/compute/v2.1/servers/a7c17bc5-408d-4988-a687-2f6ed51ac088 0.064s
2025-01-13 20:26:32.525 67778 INFO tempest.lib.common.rest_client [req-f3d6040e-da9b-43ee-8360-afaefcc89a16 req-f3d6040e-da9b-43ee-8360-afaefcc89a16 ] Request (ServersAdminTestJSON:test_inject_network_info): 200 GET http://10.180.1.21/compute/v2.1/servers/0e407159-3b30-4637-9b45-79628385e872 0.052s
2025-01-13 20:26:32.598 67766 INFO tempest.lib.common.rest_client [req-bbed7f37-ec12-432f-af02-e067c285786f req-bbed7f37-ec12-432f-af02-e067c285786f ] Request (ImagesOneServerNegativeTestJSON:_run_cleanups): 200 GET http://10.180.1.21/compute/v2.1/servers/25720ae4-eecd-43cb-a7c3-3765565e4218 0.056s
2025-01-13 20:26:32.660 67724 INFO tempest.lib.common.rest_client [req-1b3e1e1a-67c5-4f01-ac58-f0297fb602b8 req-1b3e1e1a-67c5-4f01-ac58-f0297fb602b8 ] Request (ServerDiagnosticsTest:tearDownClass): 200 GET http://10.180.1.21/compute/v2.1/servers/445d93af-e9fb-4a04-b4bd-2cc1e7548f88 0.054s
2025-01-13 20:26:32.691 67726 INFO tempest.lib.common.rest_client [req-46596609-003a-4743-ab38-0fbe34167a97 req-46596609-003a-4743-ab38-0fbe34167a97 ] Request (ImagesTestJSON:test_create_image_from_suspended_server): 200 GET http://10.180.1.21/compute/v2.1/images/8cd0de4c-1aa2-4ecd-a3d9-037ae5d1f3a1 0.047s
2025-01-13 20:26:32.700 67728 INFO tempest.lib.common.rest_client [req-5871164e-52e6-46fe-a09d-45089d6d99dc req-5871164e-52e6-46fe-a09d-45089d6d99dc ] Request (ServerRescueTestJSONUnderV235:setUpClass): 200 GET http://10.180.1.21/compute/v2.1/servers/d3d2f2e2-b8f2-4732-afaa-ed51e5df375a 0.101s
2025-01-13 20:26:32.708 67728 INFO tempest.common.waiters [-] State transition "BUILD/spawning" ==> "ACTIVE/None" after 85 second wait
2025-01-13 20:26:32.744 67734 INFO tempest.lib.common.rest_client [req-9607049f-d5f1-4f93-ba9f-955a4f2f49b0 req-9607049f-d5f1-4f93-ba9f-955a4f2f49b0 ] Request (ListImageFiltersTestJSON:tearDownClass): 200 GET http://10.180.1.21/compute/v2.1/servers/c9d7c712-7197-4da5-ba06-1fed547a5560 0.074s
2025-01-13 20:26:32.746 67746 INFO tempest.lib.common.rest_client [req-59a4f520-4822-42e5-a992-12254e2373ff req-59a4f520-4822-42e5-a992-12254e2373ff ] Request (ServersWithSpecificFlavorTestJSON:test_verify_created_server_ephemeral_disk): 200 GET http://10.180.1.21/compute/v2.1/servers/36a01101-24a1-4d38-a9f4-ef6f48fb4077 0.056s
2025-01-13 20:26:32.800 67716 INFO tempest.lib.common.rest_client [req-bf983298-36c8-45c2-af70-3741e602aa80 req-bf983298-36c8-45c2-af70-3741e602aa80 ] Request (FloatingIPsAssociationTestJSON:tearDownClass): 200 GET http://10.180.1.21/compute/v2.1/servers/53b30256-2715-49d3-a6c5-836c29d6769b 0.068s
2025-01-13 20:26:32.825 67728 INFO tempest.lib.common.rest_client [req-359c28f0-9f3f-4662-943c-f782b694133b req-359c28f0-9f3f-4662-943c-f782b694133b ] Request (ServerRescueTestJSONUnderV235:setUpClass): 200 POST http://10.180.1.21/compute/v2.1/servers/d3d2f2e2-b8f2-4732-afaa-ed51e5df375a/action 0.116s
2025-01-13 20:26:32.855 67722 INFO tempest.lib.common.rest_client [req-fa82b5d0-ae2a-425c-bfe0-91fa2cbb195c req-fa82b5d0-ae2a-425c-bfe0-91fa2cbb195c ] Request (ListServerFiltersTestJSON:tearDownClass): 200 GET http://10.180.1.21/compute/v2.1/servers/45270ec5-a7d3-47de-b5cb-9fa320ac2250 0.093s
2025-01-13 20:26:32.875 67740 INFO tempest.lib.common.rest_client [req-11a3bd7a-86a2-4ee6-9af7-f1e35c90cefe req-11a3bd7a-86a2-4ee6-9af7-f1e35c90cefe ] Request (ServerMetadataNegativeTestJSON:setUpClass): 200 GET http://10.180.1.21/compute/v2.1/servers/87131a33-4ae6-42f3-8484-165948f4898d 0.082s
2025-01-13 20:26:32.935 67748 INFO tempest.lib.common.rest_client [req-53684f55-f537-436d-b68e-217eef54c614 req-53684f55-f537-436d-b68e-217eef54c614 ] Request (DeleteServersTestJSON:test_delete_active_server): 200 GET http://10.180.1.21/compute/v2.1/servers/0c89a295-fc69-45db-8a49-efa31e3a9cf8 0.101s
2025-01-13 20:26:32.963 67728 INFO tempest.lib.common.rest_client [req-e34e0f26-c163-4716-b8bd-2cf7ea41603f req-e34e0f26-c163-4716-b8bd-2cf7ea41603f ] Request (ServerRescueTestJSONUnderV235:setUpClass): 200 GET http://10.180.1.21/compute/v2.1/servers/d3d2f2e2-b8f2-4732-afaa-ed51e5df375a 0.137s
2025-01-13 20:26:33.138 67750 INFO tempest.lib.common.rest_client [req-4f2d9306-0c81-4abd-9983-4e4a438216a0 req-4f2d9306-0c81-4abd-9983-4e4a438216a0 ] Request (MigrationsAdminTest:test_resize_server_revert_deleted_flavor): 200 GET http://10.180.1.21/compute/v2.1/servers/c6163c18-0074-4336-aeda-272f9da51db0 0.153s
2025-01-13 20:26:33.151 67754 INFO tempest.lib.common.rest_client [req-4c09b1f4-d507-4ab1-b507-2f90a9b8abeb req-4c09b1f4-d507-4ab1-b507-2f90a9b8abeb ] Request (ServersTestMultiNic:test_verify_multiple_nics_order): 200 GET http://10.180.1.21/compute/v2.1/servers/5629531e-003a-4ae4-ba3e-aca40f9088f3 0.139s
2025-01-13 20:26:33.158 67754 INFO tempest.common.waiters [-] State transition "BUILD/block_device_mapping" ==> "BUILD/spawning" after 73 second wait
2025-01-13 20:26:33.199 67738 INFO tempest.lib.common.rest_client [req-4ff3f46d-1646-4ada-a089-8aeff5c4bf91 req-4ff3f46d-1646-4ada-a089-8aeff5c4bf91 ] Request (AttachVolumeShelveTestJSON:test_attach_volume_shelved_or_offload_server): 200 GET http://10.180.1.21/compute/v2.1/servers/dec2ce44-20ed-45af-900f-86aa2c1dab2d 0.103s
2025-01-13 20:26:33.202 67768 INFO tempest.lib.common.rest_client [req-4db2169b-37a3-4a9f-81c3-0c3ff579fd8a req-4db2169b-37a3-4a9f-81c3-0c3ff579fd8a ] Request (SecurityGroupsTestJSON:test_list_security_groups_by_server): 200 GET http://10.180.1.21/compute/v2.1/servers/2cc12d89-f1da-4968-b5be-02443a538439 0.152s
2025-01-13 20:26:33.249 67718 INFO tempest.lib.common.rest_client [req-5f274189-1af9-4636-b75c-44af07727a02 req-5f274189-1af9-4636-b75c-44af07727a02 ] Request (VolumesAdminNegativeTest:test_update_attached_volume_with_nonexistent_volume_in_body): 200 GET http://10.180.1.21/compute/v2.1/servers/cc68363b-7077-4d89-8771-fa6f3274da29 0.140s
2025-01-13 20:26:33.294 67774 INFO tempest.lib.common.rest_client [req-b8332b5a-37ac-4af9-b779-894ebba7b382 req-b8332b5a-37ac-4af9-b779-894ebba7b382 ] Request (ServersNegativeTestMultiTenantJSON:setUpClass): 200 GET http://10.180.1.21/compute/v2.1/servers/eed09add-be12-4037-a619-c27f266e8efc 0.148s
2025-01-13 20:26:33.304 67736 INFO tempest.lib.common.rest_client [req-a3ac9cc5-55b2-433c-bb5a-ea708964f228 req-a3ac9cc5-55b2-433c-bb5a-ea708964f228 ] Request (MultipleCreateTestJSON:test_multiple_create): 200 GET http://10.180.1.21/compute/v2.1/servers/8cac834c-ae19-44a3-8d82-1c1e0b1bcb0c 0.122s
2025-01-13 20:26:33.445 67720 INFO tempest.lib.common.rest_client [req-7128d36f-c363-446c-880b-4f131a899c3b req-7128d36f-c363-446c-880b-4f131a899c3b ] Request (ServersAdminNegativeTestJSON:setUpClass): 200 GET http://10.180.1.21/compute/v2.1/servers/fa85be30-cbda-421c-bed2-89587fb77802 0.081s
2025-01-13 20:26:33.496 67770 INFO tempest.lib.common.rest_client [req-124cbec3-7d28-4eea-9702-a16f35d84b59 req-124cbec3-7d28-4eea-9702-a16f35d84b59 ] Request (VolumesAssistedSnapshotsTest:tearDownClass): 200 GET http://10.180.1.21/compute/v2.1/servers/d44beaef-e5f0-4b0b-84e4-274a0728302a 0.107s
2025-01-13 20:26:33.529 67744 INFO tempest.lib.common.rest_client [req-e8aa4fa4-f0f2-4a66-ac3c-53120d742708 req-e8aa4fa4-f0f2-4a66-ac3c-53120d742708 ] Request (ServerExternalEventsTest:tearDownClass): 200 GET http://10.180.1.21/compute/v2.1/servers/eec857ae-b3cc-4b5e-a1f0-8914faa151d1 0.096s
2025-01-13 20:26:33.543 67742 INFO tempest.lib.common.rest_client [req-4a000684-4674-42ff-bb97-29ee1f8f9130 req-4a000684-4674-42ff-bb97-29ee1f8f9130 ] Request (ServerDiskConfigTestJSON:test_rebuild_server_with_manual_disk_config): 200 GET http://10.180.1.21/compute/v2.1/servers/9deab59e-beb6-4c7a-a2c3-6c5b4c44bc35 0.077s
2025-01-13 20:26:33.592 67778 INFO tempest.lib.common.rest_client [req-4cc7cda0-fa48-4691-afa0-d173dd1ae3e4 req-4cc7cda0-fa48-4691-afa0-d173dd1ae3e4 ] Request (ServersAdminTestJSON:test_inject_network_info): 200 GET http://10.180.1.21/compute/v2.1/servers/0e407159-3b30-4637-9b45-79628385e872 0.058s
2025-01-13 20:26:33.628 67757 INFO tempest.lib.common.rest_client [req-b6a9ecd2-68d1-4d31-96f6-8325c812448f req-b6a9ecd2-68d1-4d31-96f6-8325c812448f ] Request (ServerGroupTestJSON:_run_cleanups): 200 GET http://10.180.1.21/compute/v2.1/servers/a7c17bc5-408d-4988-a687-2f6ed51ac088 0.096s
2025-01-13 20:26:33.673 67766 INFO tempest.lib.common.rest_client [req-e7519155-adb9-49e6-8e4c-9c330bc0b4c6 req-e7519155-adb9-49e6-8e4c-9c330bc0b4c6 ] Request (ImagesOneServerNegativeTestJSON:_run_cleanups): 200 GET http://10.180.1.21/compute/v2.1/servers/25720ae4-eecd-43cb-a7c3-3765565e4218 0.065s
2025-01-13 20:26:33.732 67726 INFO tempest.lib.common.rest_client [req-bde5c3fc-a800-4be0-bc31-a367038aaf34 req-bde5c3fc-a800-4be0-bc31-a367038aaf34 ] Request (ImagesTestJSON:test_create_image_from_suspended_server): 200 GET http://10.180.1.21/compute/v2.1/images/8cd0de4c-1aa2-4ecd-a3d9-037ae5d1f3a1 0.037s
2025-01-13 20:26:33.744 67724 INFO tempest.lib.common.rest_client [req-6bcc8bb6-1c36-4312-a031-8b548d1780c5 req-6bcc8bb6-1c36-4312-a031-8b548d1780c5 ] Request (ServerDiagnosticsTest:tearDownClass): 200 GET http://10.180.1.21/compute/v2.1/servers/445d93af-e9fb-4a04-b4bd-2cc1e7548f88 0.077s
2025-01-13 20:26:33.817 67734 INFO tempest.lib.common.rest_client [req-06b30976-68dd-4f29-990e-b019d5456f54 req-06b30976-68dd-4f29-990e-b019d5456f54 ] Request (ListImageFiltersTestJSON:tearDownClass): 200 GET http://10.180.1.21/compute/v2.1/servers/c9d7c712-7197-4da5-ba06-1fed547a5560 0.066s
2025-01-13 20:26:33.826 67746 INFO tempest.lib.common.rest_client [req-2a36c9cd-071b-4ef7-b951-db659e0271cc req-2a36c9cd-071b-4ef7-b951-db659e0271cc ] Request (ServersWithSpecificFlavorTestJSON:test_verify_created_server_ephemeral_disk): 200 GET http://10.180.1.21/compute/v2.1/servers/36a01101-24a1-4d38-a9f4-ef6f48fb4077 0.072s
2025-01-13 20:26:33.894 67716 INFO tempest.lib.common.rest_client [req-aa7a5d8e-54e0-4ee4-8dd9-f358e07a9db6 req-aa7a5d8e-54e0-4ee4-8dd9-f358e07a9db6 ] Request (FloatingIPsAssociationTestJSON:tearDownClass): 200 GET http://10.180.1.21/compute/v2.1/servers/53b30256-2715-49d3-a6c5-836c29d6769b 0.086s
2025-01-13 20:26:33.975 67740 INFO tempest.lib.common.rest_client [req-862d2358-94bb-41c1-bb61-0e227fed18d5 req-862d2358-94bb-41c1-bb61-0e227fed18d5 ] Request (ServerMetadataNegativeTestJSON:setUpClass): 200 GET http://10.180.1.21/compute/v2.1/servers/87131a33-4ae6-42f3-8484-165948f4898d 0.091s
2025-01-13 20:26:34.033 67748 INFO tempest.lib.common.rest_client [req-d20d50f4-440d-49e8-91da-28c912d732d2 req-d20d50f4-440d-49e8-91da-28c912d732d2 ] Request (DeleteServersTestJSON:test_delete_active_server): 200 GET http://10.180.1.21/compute/v2.1/servers/0c89a295-fc69-45db-8a49-efa31e3a9cf8 0.090s
2025-01-13 20:26:34.174 67728 INFO tempest.lib.common.rest_client [req-6f14a3d5-6ea3-4644-bf70-11244bde6310 req-6f14a3d5-6ea3-4644-bf70-11244bde6310 ] Request (ServerRescueTestJSONUnderV235:setUpClass): 200 GET http://10.180.1.21/compute/v2.1/servers/d3d2f2e2-b8f2-4732-afaa-ed51e5df375a 0.201s
2025-01-13 20:26:34.179 67722 INFO tempest.lib.common.rest_client [req-9d209ca9-f542-4663-a470-5806083f84cf req-9d209ca9-f542-4663-a470-5806083f84cf ] Request (ListServerFiltersTestJSON:tearDownClass): 200 GET http://10.180.1.21/compute/v2.1/servers/45270ec5-a7d3-47de-b5cb-9fa320ac2250 0.315s
2025-01-13 20:26:34.297 67750 INFO tempest.lib.common.rest_client [req-730ad356-b47b-4427-b9af-cea68111299d req-730ad356-b47b-4427-b9af-cea68111299d ] Request (MigrationsAdminTest:test_resize_server_revert_deleted_flavor): 200 GET http://10.180.1.21/compute/v2.1/servers/c6163c18-0074-4336-aeda-272f9da51db0 0.150s
2025-01-13 20:26:34.353 67738 INFO tempest.lib.common.rest_client [req-e2a79fb5-45cb-4f53-9017-bbf46c6ab32f req-e2a79fb5-45cb-4f53-9017-bbf46c6ab32f ] Request (AttachVolumeShelveTestJSON:test_attach_volume_shelved_or_offload_server): 200 GET http://10.180.1.21/compute/v2.1/servers/dec2ce44-20ed-45af-900f-86aa2c1dab2d 0.143s
2025-01-13 20:26:34.414 67768 INFO tempest.lib.common.rest_client [req-2ca7060b-38f7-4b1e-9fca-7c25bcba9a58 req-2ca7060b-38f7-4b1e-9fca-7c25bcba9a58 ] Request (SecurityGroupsTestJSON:test_list_security_groups_by_server): 200 GET http://10.180.1.21/compute/v2.1/servers/2cc12d89-f1da-4968-b5be-02443a538439 0.201s
2025-01-13 20:26:34.471 67718 INFO tempest.lib.common.rest_client [req-561c5bf4-5950-4e3d-a8ee-0b82793b3751 req-561c5bf4-5950-4e3d-a8ee-0b82793b3751 ] Request (VolumesAdminNegativeTest:test_update_attached_volume_with_nonexistent_volume_in_body): 200 GET http://10.180.1.21/compute/v2.1/servers/cc68363b-7077-4d89-8771-fa6f3274da29 0.213s
2025-01-13 20:26:34.492 67760 WARNING tempest.lib.common.ssh [-] Failed to establish authenticated ssh connection to cirros@10.180.180.183 ([Errno None] Unable to connect to port 22 on 10.180.180.183). Number attempts: 13. Retry after 14 seconds.: paramiko.ssh_exception.NoValidConnectionsError: [Errno None] Unable to connect to port 22 on 10.180.180.183
2025-01-13 20:26:34.524 67774 INFO tempest.lib.common.rest_client [req-b52634ec-fc98-4c45-b7b2-bf508b844dcf req-b52634ec-fc98-4c45-b7b2-bf508b844dcf ] Request (ServersNegativeTestMultiTenantJSON:setUpClass): 200 GET http://10.180.1.21/compute/v2.1/servers/eed09add-be12-4037-a619-c27f266e8efc 0.219s
2025-01-13 20:26:34.583 67736 INFO tempest.lib.common.rest_client [req-f5431c06-6b1b-4ed1-8bc4-c3bb631d7302 req-f5431c06-6b1b-4ed1-8bc4-c3bb631d7302 ] Request (MultipleCreateTestJSON:test_multiple_create): 200 GET http://10.180.1.21/compute/v2.1/servers/8cac834c-ae19-44a3-8d82-1c1e0b1bcb0c 0.271s
2025-01-13 20:26:34.631 67754 INFO tempest.lib.common.rest_client [req-d91104b6-a48f-43f6-ad90-f69942ebe671 req-d91104b6-a48f-43f6-ad90-f69942ebe671 ] Request (ServersTestMultiNic:test_verify_multiple_nics_order): 200 GET http://10.180.1.21/compute/v2.1/servers/5629531e-003a-4ae4-ba3e-aca40f9088f3 0.473s
2025-01-13 20:26:34.666 67720 INFO tempest.lib.common.rest_client [req-ad7cea3a-822e-47b3-9b58-1b5a9ee2fc71 req-ad7cea3a-822e-47b3-9b58-1b5a9ee2fc71 ] Request (ServersAdminNegativeTestJSON:setUpClass): 200 GET http://10.180.1.21/compute/v2.1/servers/fa85be30-cbda-421c-bed2-89587fb77802 0.214s
2025-01-13 20:26:34.695 67770 INFO tempest.lib.common.rest_client [req-339ff26e-04cb-42e2-9b98-36f6a03e9242 req-339ff26e-04cb-42e2-9b98-36f6a03e9242 ] Request (VolumesAssistedSnapshotsTest:tearDownClass): 200 GET http://10.180.1.21/compute/v2.1/servers/d44beaef-e5f0-4b0b-84e4-274a0728302a 0.189s
2025-01-13 20:26:34.728 67744 INFO tempest.lib.common.rest_client [req-7c233800-c491-402e-84ab-9d006a8f70c6 req-7c233800-c491-402e-84ab-9d006a8f70c6 ] Request (ServerExternalEventsTest:tearDownClass): 200 GET http://10.180.1.21/compute/v2.1/servers/eec857ae-b3cc-4b5e-a1f0-8914faa151d1 0.192s
2025-01-13 20:26:34.752 67742 INFO tempest.lib.common.rest_client [req-38fd2f13-3b93-4a79-a5da-b4b9631a7ba6 req-38fd2f13-3b93-4a79-a5da-b4b9631a7ba6 ] Request (ServerDiskConfigTestJSON:test_rebuild_server_with_manual_disk_config): 200 GET http://10.180.1.21/compute/v2.1/servers/9deab59e-beb6-4c7a-a2c3-6c5b4c44bc35 0.198s
2025-01-13 20:26:34.782 67778 INFO tempest.lib.common.rest_client [req-7f23f37e-8d3b-4304-8714-158e8b833e5d req-7f23f37e-8d3b-4304-8714-158e8b833e5d ] Request (ServersAdminTestJSON:test_inject_network_info): 200 GET http://10.180.1.21/compute/v2.1/servers/0e407159-3b30-4637-9b45-79628385e872 0.182s
2025-01-13 20:26:34.807 67757 INFO tempest.lib.common.rest_client [req-ba90a9ab-55fd-41c3-9874-7fa9530d9378 req-ba90a9ab-55fd-41c3-9874-7fa9530d9378 ] Request (ServerGroupTestJSON:_run_cleanups): 200 GET http://10.180.1.21/compute/v2.1/servers/a7c17bc5-408d-4988-a687-2f6ed51ac088 0.170s
2025-01-13 20:26:34.851 67726 INFO tempest.lib.common.rest_client [req-ec9c3989-c721-4828-8df9-6453911af0c3 req-ec9c3989-c721-4828-8df9-6453911af0c3 ] Request (ImagesTestJSON:test_create_image_from_suspended_server): 200 GET http://10.180.1.21/compute/v2.1/images/8cd0de4c-1aa2-4ecd-a3d9-037ae5d1f3a1 0.112s
2025-01-13 20:26:34.857 67766 INFO tempest.lib.common.rest_client [req-788c93ec-cec3-4540-92f1-3cc554bcff0f req-788c93ec-cec3-4540-92f1-3cc554bcff0f ] Request (ImagesOneServerNegativeTestJSON:_run_cleanups): 200 GET http://10.180.1.21/compute/v2.1/servers/25720ae4-eecd-43cb-a7c3-3765565e4218 0.172s
2025-01-13 20:26:34.913 67724 INFO tempest.lib.common.rest_client [req-d112e81b-1162-4c8e-9400-87137774a9dd req-d112e81b-1162-4c8e-9400-87137774a9dd ] Request (ServerDiagnosticsTest:tearDownClass): 200 GET http://10.180.1.21/compute/v2.1/servers/445d93af-e9fb-4a04-b4bd-2cc1e7548f88 0.161s
2025-01-13 20:26:34.923 67734 INFO tempest.lib.common.rest_client [req-65e5be24-fbde-4262-91d8-f4121e435d6f req-65e5be24-fbde-4262-91d8-f4121e435d6f ] Request (ListImageFiltersTestJSON:tearDownClass): 200 GET http://10.180.1.21/compute/v2.1/servers/c9d7c712-7197-4da5-ba06-1fed547a5560 0.097s
2025-01-13 20:26:34.968 67746 INFO tempest.lib.common.rest_client [req-8b3da18f-460c-47ec-97eb-6527fd0f0b5f req-8b3da18f-460c-47ec-97eb-6527fd0f0b5f ] Request (ServersWithSpecificFlavorTestJSON:test_verify_created_server_ephemeral_disk): 200 GET http://10.180.1.21/compute/v2.1/servers/36a01101-24a1-4d38-a9f4-ef6f48fb4077 0.132s
2025-01-13 20:26:34.978 67716 INFO tempest.lib.common.rest_client [req-176a7d7d-c8ea-42d1-89da-96c8f34741d8 req-176a7d7d-c8ea-42d1-89da-96c8f34741d8 ] Request (FloatingIPsAssociationTestJSON:tearDownClass): 200 GET http://10.180.1.21/compute/v2.1/servers/53b30256-2715-49d3-a6c5-836c29d6769b 0.076s
2025-01-13 20:26:35.035 67740 INFO tempest.lib.common.rest_client [req-910589ba-853e-4758-bdbe-55a387109853 req-910589ba-853e-4758-bdbe-55a387109853 ] Request (ServerMetadataNegativeTestJSON:setUpClass): 200 GET http://10.180.1.21/compute/v2.1/servers/87131a33-4ae6-42f3-8484-165948f4898d 0.049s
2025-01-13 20:26:35.118 67748 INFO tempest.lib.common.rest_client [req-3aa68493-509c-43ed-8494-12cc1351ff51 req-3aa68493-509c-43ed-8494-12cc1351ff51 ] Request (DeleteServersTestJSON:test_delete_active_server): 200 GET http://10.180.1.21/compute/v2.1/servers/0c89a295-fc69-45db-8a49-efa31e3a9cf8 0.076s
2025-01-13 20:26:35.253 67722 INFO tempest.lib.common.rest_client [req-2aab8bf7-c1e6-45a3-90b6-c272f27e3f2b req-2aab8bf7-c1e6-45a3-90b6-c272f27e3f2b ] Request (ListServerFiltersTestJSON:tearDownClass): 200 GET http://10.180.1.21/compute/v2.1/servers/45270ec5-a7d3-47de-b5cb-9fa320ac2250 0.063s
2025-01-13 20:26:35.365 67728 INFO tempest.lib.common.rest_client [req-50eedd25-3ca4-432c-88f6-9ade6fe73c7a req-50eedd25-3ca4-432c-88f6-9ade6fe73c7a ] Request (ServerRescueTestJSONUnderV235:setUpClass): 200 GET http://10.180.1.21/compute/v2.1/servers/d3d2f2e2-b8f2-4732-afaa-ed51e5df375a 0.183s
2025-01-13 20:26:35.414 67750 INFO tempest.lib.common.rest_client [req-e27194c1-50c9-4648-b0e2-d728a0818fa0 req-e27194c1-50c9-4648-b0e2-d728a0818fa0 ] Request (MigrationsAdminTest:test_resize_server_revert_deleted_flavor): 200 GET http://10.180.1.21/compute/v2.1/servers/c6163c18-0074-4336-aeda-272f9da51db0 0.104s
2025-01-13 20:26:35.418 67738 INFO tempest.lib.common.rest_client [req-a7ea977d-967c-4190-b39e-9f197c6061ed req-a7ea977d-967c-4190-b39e-9f197c6061ed ] Request (AttachVolumeShelveTestJSON:test_attach_volume_shelved_or_offload_server): 200 GET http://10.180.1.21/compute/v2.1/servers/dec2ce44-20ed-45af-900f-86aa2c1dab2d 0.055s
2025-01-13 20:26:35.483 67768 INFO tempest.lib.common.rest_client [req-0f974b82-83ef-45b1-8150-e5d1dd1e35a5 req-0f974b82-83ef-45b1-8150-e5d1dd1e35a5 ] Request (SecurityGroupsTestJSON:test_list_security_groups_by_server): 200 GET http://10.180.1.21/compute/v2.1/servers/2cc12d89-f1da-4968-b5be-02443a538439 0.059s
2025-01-13 20:26:35.531 67718 INFO tempest.lib.common.rest_client [req-ab0c605a-27db-4cf2-b9c0-97c3ddbfb559 req-ab0c605a-27db-4cf2-b9c0-97c3ddbfb559 ] Request (VolumesAdminNegativeTest:test_update_attached_volume_with_nonexistent_volume_in_body): 200 GET http://10.180.1.21/compute/v2.1/servers/cc68363b-7077-4d89-8771-fa6f3274da29 0.049s
2025-01-13 20:26:35.581 67774 INFO tempest.lib.common.rest_client [req-fd856e51-04f2-4f6a-8c72-1425de6a5531 req-fd856e51-04f2-4f6a-8c72-1425de6a5531 ] Request (ServersNegativeTestMultiTenantJSON:setUpClass): 200 GET http://10.180.1.21/compute/v2.1/servers/eed09add-be12-4037-a619-c27f266e8efc 0.050s
2025-01-13 20:26:35.644 67736 INFO tempest.lib.common.rest_client [req-755986d6-8517-4abe-8d82-f5eea6aa23be req-755986d6-8517-4abe-8d82-f5eea6aa23be ] Request (MultipleCreateTestJSON:test_multiple_create): 200 GET http://10.180.1.21/compute/v2.1/servers/8cac834c-ae19-44a3-8d82-1c1e0b1bcb0c 0.051s
2025-01-13 20:26:35.726 67720 INFO tempest.lib.common.rest_client [req-c20040cb-56f7-46d1-834d-de6d74f30688 req-c20040cb-56f7-46d1-834d-de6d74f30688 ] Request (ServersAdminNegativeTestJSON:setUpClass): 200 GET http://10.180.1.21/compute/v2.1/servers/fa85be30-cbda-421c-bed2-89587fb77802 0.051s
2025-01-13 20:26:35.739 67754 INFO tempest.lib.common.rest_client [req-9ea12af6-8a6e-4556-b1e0-f44c79fe474c req-9ea12af6-8a6e-4556-b1e0-f44c79fe474c ] Request (ServersTestMultiNic:test_verify_multiple_nics_order): 200 GET http://10.180.1.21/compute/v2.1/servers/5629531e-003a-4ae4-ba3e-aca40f9088f3 0.098s
2025-01-13 20:26:35.780 67770 INFO tempest.lib.common.rest_client [req-17778874-f928-4586-8e65-3eaf749b1a87 req-17778874-f928-4586-8e65-3eaf749b1a87 ] Request (VolumesAssistedSnapshotsTest:tearDownClass): 200 GET http://10.180.1.21/compute/v2.1/servers/d44beaef-e5f0-4b0b-84e4-274a0728302a 0.073s
2025-01-13 20:26:35.786 67770 INFO tempest.common.waiters [-] State transition "ACTIVE/deleting" ==> "DELETED/None" after 4 second wait
2025-01-13 20:26:35.791 67744 INFO tempest.lib.common.rest_client [req-ad70e2bc-3c6a-4d65-83db-c81d6da5a652 req-ad70e2bc-3c6a-4d65-83db-c81d6da5a652 ] Request (ServerExternalEventsTest:tearDownClass): 200 GET http://10.180.1.21/compute/v2.1/servers/eec857ae-b3cc-4b5e-a1f0-8914faa151d1 0.054s
2025-01-13 20:26:35.827 67742 INFO tempest.lib.common.rest_client [req-baa93c9d-9045-45e8-a7d0-4d48ed8d32a5 req-baa93c9d-9045-45e8-a7d0-4d48ed8d32a5 ] Request (ServerDiskConfigTestJSON:test_rebuild_server_with_manual_disk_config): 200 GET http://10.180.1.21/compute/v2.1/servers/9deab59e-beb6-4c7a-a2c3-6c5b4c44bc35 0.068s
2025-01-13 20:26:35.841 67778 INFO tempest.lib.common.rest_client [req-8537f80f-8c2a-4161-8a3e-789bf1bdc9b6 req-8537f80f-8c2a-4161-8a3e-789bf1bdc9b6 ] Request (ServersAdminTestJSON:test_inject_network_info): 200 GET http://10.180.1.21/compute/v2.1/servers/0e407159-3b30-4637-9b45-79628385e872 0.051s
2025-01-13 20:26:35.883 67757 INFO tempest.lib.common.rest_client [req-00b1fda0-3f19-4536-8368-9604ca0c20b3 req-00b1fda0-3f19-4536-8368-9604ca0c20b3 ] Request (ServerGroupTestJSON:_run_cleanups): 200 GET http://10.180.1.21/compute/v2.1/servers/a7c17bc5-408d-4988-a687-2f6ed51ac088 0.063s
2025-01-13 20:26:35.887 67726 INFO tempest.lib.common.rest_client [req-0fbf9f6c-a6fb-4504-aa98-d017da20bb96 req-0fbf9f6c-a6fb-4504-aa98-d017da20bb96 ] Request (ImagesTestJSON:test_create_image_from_suspended_server): 200 GET http://10.180.1.21/compute/v2.1/images/8cd0de4c-1aa2-4ecd-a3d9-037ae5d1f3a1 0.032s
2025-01-13 20:26:35.926 67726 INFO tempest.lib.common.rest_client [req-b991e10d-7fae-400b-9f95-31c9ba1bac59 req-b991e10d-7fae-400b-9f95-31c9ba1bac59 ] Request (ImagesTestJSON:test_create_image_from_suspended_server): 200 GET http://10.180.1.21/compute/v2.1/images/8cd0de4c-1aa2-4ecd-a3d9-037ae5d1f3a1 0.035s
2025-01-13 20:26:35.942 67766 INFO tempest.lib.common.rest_client [req-923470f0-bd56-41e0-a5d9-faba6d9730c0 req-923470f0-bd56-41e0-a5d9-faba6d9730c0 ] Request (ImagesOneServerNegativeTestJSON:_run_cleanups): 200 GET http://10.180.1.21/compute/v2.1/servers/25720ae4-eecd-43cb-a7c3-3765565e4218 0.076s
2025-01-13 20:26:35.953 67726 INFO tempest.lib.common.rest_client [req-6c48b3ae-dcb6-4aae-b2e7-8b33c683ae85 req-6c48b3ae-dcb6-4aae-b2e7-8b33c683ae85 ] Request (ImagesTestJSON:test_create_image_from_suspended_server): 200 GET http://10.180.1.21/image/v2/images/8cd0de4c-1aa2-4ecd-a3d9-037ae5d1f3a1/tasks 0.024s
2025-01-13 20:26:35.980 67724 INFO tempest.lib.common.rest_client [req-fb4e1b34-72d0-42a1-a319-5d74b0622243 req-fb4e1b34-72d0-42a1-a319-5d74b0622243 ] Request (ServerDiagnosticsTest:tearDownClass): 200 GET http://10.180.1.21/compute/v2.1/servers/445d93af-e9fb-4a04-b4bd-2cc1e7548f88 0.059s
2025-01-13 20:26:36.020 67734 INFO tempest.lib.common.rest_client [req-96b5cde7-a23e-486b-8fa3-b2a4b4896c0a req-96b5cde7-a23e-486b-8fa3-b2a4b4896c0a ] Request (ListImageFiltersTestJSON:tearDownClass): 200 GET http://10.180.1.21/compute/v2.1/servers/c9d7c712-7197-4da5-ba06-1fed547a5560 0.089s
2025-01-13 20:26:36.064 67746 INFO tempest.lib.common.rest_client [req-c7ac33e0-8a53-4004-bb28-b895044ac5bf req-c7ac33e0-8a53-4004-bb28-b895044ac5bf ] Request (ServersWithSpecificFlavorTestJSON:test_verify_created_server_ephemeral_disk): 200 GET http://10.180.1.21/compute/v2.1/servers/36a01101-24a1-4d38-a9f4-ef6f48fb4077 0.088s
2025-01-13 20:26:36.069 67726 INFO tempest.lib.common.rest_client [req-97d6195e-a0c2-4467-9a88-0767cab1d47a req-97d6195e-a0c2-4467-9a88-0767cab1d47a ] Request (ImagesTestJSON:_run_cleanups): 204 DELETE http://10.180.1.21/compute/v2.1/images/8cd0de4c-1aa2-4ecd-a3d9-037ae5d1f3a1 0.116s
2025-01-13 20:26:36.114 67740 INFO tempest.lib.common.rest_client [req-899de6c0-8717-41f6-a542-641791276dab req-899de6c0-8717-41f6-a542-641791276dab ] Request (ServerMetadataNegativeTestJSON:setUpClass): 200 GET http://10.180.1.21/compute/v2.1/servers/87131a33-4ae6-42f3-8484-165948f4898d 0.070s
2025-01-13 20:26:36.116 67716 INFO tempest.lib.common.rest_client [req-dff57dcc-66d4-4288-87dd-500cb82b7e03 req-dff57dcc-66d4-4288-87dd-500cb82b7e03 ] Request (FloatingIPsAssociationTestJSON:tearDownClass): 200 GET http://10.180.1.21/compute/v2.1/servers/53b30256-2715-49d3-a6c5-836c29d6769b 0.130s
2025-01-13 20:26:36.176 67726 INFO tempest.lib.common.rest_client [req-8b3e43c1-d567-4d94-bbcb-46e951090c5e req-8b3e43c1-d567-4d94-bbcb-46e951090c5e ] Request (ImagesTestJSON:_run_cleanups): 204 DELETE http://10.180.1.21/compute/v2.1/servers/de05e8bf-6af1-41bb-bd0b-43a77c259c98 0.106s
2025-01-13 20:26:36.180 67748 INFO tempest.lib.common.rest_client [req-5bf15d27-64ab-46df-a46e-c256c7c3cd2c req-5bf15d27-64ab-46df-a46e-c256c7c3cd2c ] Request (DeleteServersTestJSON:test_delete_active_server): 200 GET http://10.180.1.21/compute/v2.1/servers/0c89a295-fc69-45db-8a49-efa31e3a9cf8 0.053s
2025-01-13 20:26:36.237 67726 INFO tempest.lib.common.rest_client [req-d0be2994-1f87-4de3-93e2-96d7275134c1 req-d0be2994-1f87-4de3-93e2-96d7275134c1 ] Request (ImagesTestJSON:test_create_server_from_snapshot): 201 POST http://10.180.1.21/identity/v3/auth/tokens 0.056s
